::1 - - [24/Aug/2026:09:50:04 +0800] "GET / HTTP/1.1" 302 411 "-" "curl/8.5.0"
::1 - - [24/Aug/2026:09:50:04 +0800] "GET / HTTP/1.1" 302 4393 "-" "curl/8.5.0"
::1 - - [24/Aug/2026:09:50:04 +0800] "HEAD / HTTP/1.1" 302 4375 "-" "curl/8.5.0"
195.3.220.6 - - [24/Aug/2026:09:50:12 +0800] "GET /wp-admin/profile.php HTTP/1.1" 302 607 "http://www.eltd2.fju.edu.tw/wp-login.php" "Mozilla/5.0 (X11; Linux x86_64) AppleWebKit/537.36 (KHTML, like Gecko) Chrome/121.0.0.0 Safari/537.36"
195.3.220.6 - - [24/Aug/2026:09:50:30 +0800] "GET /wp-admin/edit.php HTTP/1.1" 302 604 "http://www.eltd2.fju.edu.tw/wp-login.php" "Mozilla/5.0 (X11; Linux x86_64) AppleWebKit/537.36 (KHTML, like Gecko) Chrome/121.0.0.0 Safari/537.36"
195.3.220.6 - - [24/Aug/2026:09:50:36 +0800] "POST /wp-login.php HTTP/1.1" 302 506 "http://www.eltd2.fju.edu.tw/wp-login.php" "Mozilla/5.0 (Macintosh; Intel Mac OS X 13_6_1; rv:120.0) Gecko/20100101 Firefox/120.0"
195.3.220.6 - - [24/Aug/2026:09:50:39 +0800] "GET /wp-admin/plugins.php HTTP/1.1" 302 607 "http://www.eltd2.fju.edu.tw/wp-login.php" "Mozilla/5.0 (X11; Linux x86_64) AppleWebKit/537.36 (KHTML, like Gecko) Chrome/121.0.0.0 Safari/537.36"
140.136.202.239 - - [24/Aug/2026:09:50:42 +0800] "GET / HTTP/1.1" 302 411 "-" "Mozilla/5.0 (compatible; PRTG Network Monitor (www.paessler.com); Windows)"
140.136.202.239 - - [24/Aug/2026:09:50:42 +0800] "GET / HTTP/1.1" 200 109423 "-" "Mozilla/5.0 (compatible; PRTG Network Monitor (www.paessler.com); Windows)"
140.136.202.239 - - [24/Aug/2026:09:50:47 +0800] "GET / HTTP/1.1" 302 4173 "-" "Mozilla/5.0 (compatible; PRTG Network Monitor (www.paessler.com); Windows)"
140.136.202.239 - - [24/Aug/2026:09:50:47 +0800] "GET / HTTP/1.1" 200 113616 "-" "Mozilla/5.0 (compatible; PRTG Network Monitor (www.paessler.com); Windows)"
195.3.220.6 - - [24/Aug/2026:09:51:01 +0800] "GET /wp-admin/profile.php HTTP/1.1" 302 607 "http://www.eltd2.fju.edu.tw/wp-login.php" "Mozilla/5.0 (X11; Ubuntu; Linux x86_64) AppleWebKit/537.36 (KHTML, like Gecko) Chrome/121.0.0.0 Safari/537.36"
195.3.220.6 - - [24/Aug/2026:09:51:16 +0800] "GET /wp-admin/edit.php HTTP/1.1" 302 604 "http://www.eltd2.fju.edu.tw/wp-login.php" "Mozilla/5.0 (X11; Ubuntu; Linux x86_64) AppleWebKit/537.36 (KHTML, like Gecko) Chrome/121.0.0.0 Safari/537.36"
195.3.220.6 - - [24/Aug/2026:09:51:21 +0800] "POST /wp-login.php HTTP/1.1" 302 506 "http://www.eltd2.fju.edu.tw/wp-login.php" "Mozilla/5.0 (Windows NT 10.0; Win64; x64; rv:121.0) Gecko/20100101 Firefox/121.0"
195.3.220.6 - - [24/Aug/2026:09:51:25 +0800] "GET /wp-admin/plugins.php HTTP/1.1" 302 607 "http://www.eltd2.fju.edu.tw/wp-login.php" "Mozilla/5.0 (X11; Ubuntu; Linux x86_64) AppleWebKit/537.36 (KHTML, like Gecko) Chrome/121.0.0.0 Safari/537.36"
140.136.202.239 - - [24/Aug/2026:09:51:42 +0800] "GET / HTTP/1.1" 302 411 "-" "Mozilla/5.0 (compatible; PRTG Network Monitor (www.paessler.com); Windows)"
140.136.202.239 - - [24/Aug/2026:09:51:42 +0800] "GET / HTTP/1.1" 200 109423 "-" "Mozilla/5.0 (compatible; PRTG Network Monitor (www.paessler.com); Windows)"
195.3.220.6 - - [24/Aug/2026:09:51:45 +0800] "GET /wp-admin/profile.php HTTP/1.1" 302 607 "http://www.eltd2.fju.edu.tw/wp-login.php" "Mozilla/5.0 (Windows NT 11.0; Win64; x64) AppleWebKit/537.36 (KHTML, like Gecko) Chrome/119.0.0.0 Safari/537.36"
140.136.202.239 - - [24/Aug/2026:09:51:47 +0800] "GET / HTTP/1.1" 302 4171 "-" "Mozilla/5.0 (compatible; PRTG Network Monitor (www.paessler.com); Windows)"
140.136.202.239 - - [24/Aug/2026:09:51:47 +0800] "GET / HTTP/1.1" 200 113616 "-" "Mozilla/5.0 (compatible; PRTG Network Monitor (www.paessler.com); Windows)"
195.3.220.6 - - [24/Aug/2026:09:51:57 +0800] "GET /wp-admin/edit.php HTTP/1.1" 302 604 "http://www.eltd2.fju.edu.tw/wp-login.php" "Mozilla/5.0 (Windows NT 11.0; Win64; x64) AppleWebKit/537.36 (KHTML, like Gecko) Chrome/119.0.0.0 Safari/537.36"
195.3.220.6 - - [24/Aug/2026:09:52:07 +0800] "POST /wp-login.php HTTP/1.1" 302 506 "http://www.eltd2.fju.edu.tw/wp-login.php" "Mozilla/5.0 (X11; Ubuntu; Linux x86_64) AppleWebKit/537.36 (KHTML, like Gecko) Chrome/118.0.0.0 Safari/537.36"
195.3.220.6 - - [24/Aug/2026:09:52:07 +0800] "GET /wp-admin/index.php HTTP/1.1" 302 604 "http://www.eltd2.fju.edu.tw/wp-login.php" "Mozilla/5.0 (Macintosh; Intel Mac OS X 13_6_1; rv:119.0) Gecko/20100101 Firefox/119.0"
195.3.220.6 - - [24/Aug/2026:09:52:10 +0800] "GET /wp-admin/index.php HTTP/1.1" 302 4663 "http://www.eltd2.fju.edu.tw/wp-login.php" "Mozilla/5.0 (Macintosh; Intel Mac OS X 13_6_1; rv:119.0) Gecko/20100101 Firefox/119.0"
140.136.202.42 - - [24/Aug/2026:09:52:10 +0800] "POST /wp-cron.php?doing_wp_cron=1787536330.9514789581298828125000 HTTP/1.1" 200 480 "-" "WordPress/6.4.10; https://www.eltd2.fju.edu.tw"
195.3.220.6 - - [24/Aug/2026:09:52:10 +0800] "GET /wp-admin/plugins.php HTTP/1.1" 302 607 "http://www.eltd2.fju.edu.tw/wp-login.php" "Mozilla/5.0 (Windows NT 11.0; Win64; x64) AppleWebKit/537.36 (KHTML, like Gecko) Chrome/119.0.0.0 Safari/537.36"
195.3.220.6 - - [24/Aug/2026:09:52:11 +0800] "GET /wp-login.php?redirect_to=https%3A%2F%2Fwww.eltd2.fju.edu.tw%2Fwp-admin%2Findex.php&reauth=1 HTTP/1.1" 200 5913 "http://www.eltd2.fju.edu.tw/wp-login.php" "Mozilla/5.0 (Macintosh; Intel Mac OS X 13_6_1; rv:119.0) Gecko/20100101 Firefox/119.0"
195.3.220.6 - - [24/Aug/2026:09:52:11 +0800] "POST /wp-login.php HTTP/1.1" 302 505 "http://www.eltd2.fju.edu.tw/wp-login.php" "Mozilla/5.0 (X11; Ubuntu; Linux x86_64) AppleWebKit/537.36 (KHTML, like Gecko) Chrome/120.0.0.0 Safari/537.36"
195.3.220.6 - - [24/Aug/2026:09:52:11 +0800] "GET /wp-admin/index.php HTTP/1.1" 302 604 "http://www.eltd2.fju.edu.tw/wp-login.php" "Mozilla/5.0 (Macintosh; Intel Mac OS X 13_6_1; rv:120.0) Gecko/20100101 Firefox/120.0"
195.3.220.6 - - [24/Aug/2026:09:52:11 +0800] "GET /wp-admin/index.php HTTP/1.1" 302 699 "http://www.eltd2.fju.edu.tw/wp-login.php" "Mozilla/5.0 (Macintosh; Intel Mac OS X 13_6_1; rv:120.0) Gecko/20100101 Firefox/120.0"
195.3.220.6 - - [24/Aug/2026:09:52:12 +0800] "GET /wp-login.php?redirect_to=https%3A%2F%2Fwww.eltd2.fju.edu.tw%2Fwp-admin%2Findex.php&reauth=1 HTTP/1.1" 200 5913 "http://www.eltd2.fju.edu.tw/wp-login.php" "Mozilla/5.0 (Macintosh; Intel Mac OS X 13_6_1; rv:120.0) Gecko/20100101 Firefox/120.0"
195.3.220.6 - - [24/Aug/2026:09:52:12 +0800] "POST /wp-login.php HTTP/1.1" 302 505 "http://www.eltd2.fju.edu.tw/wp-login.php" "Mozilla/5.0 (Macintosh; Intel Mac OS X 10_15_7) AppleWebKit/537.36 (KHTML, like Gecko) Chrome/121.0.0.0 Safari/537.36"
195.3.220.6 - - [24/Aug/2026:09:52:12 +0800] "GET /wp-admin/index.php HTTP/1.1" 302 604 "http://www.eltd2.fju.edu.tw/wp-login.php" "Mozilla/5.0 (Macintosh; Intel Mac OS X 13_6_1; rv:118.0) Gecko/20100101 Firefox/118.0"
195.3.220.6 - - [24/Aug/2026:09:52:12 +0800] "GET /wp-admin/index.php HTTP/1.1" 302 699 "http://www.eltd2.fju.edu.tw/wp-login.php" "Mozilla/5.0 (Macintosh; Intel Mac OS X 13_6_1; rv:118.0) Gecko/20100101 Firefox/118.0"
195.3.220.6 - - [24/Aug/2026:09:52:12 +0800] "GET /wp-login.php?redirect_to=https%3A%2F%2Fwww.eltd2.fju.edu.tw%2Fwp-admin%2Findex.php&reauth=1 HTTP/1.1" 200 5913 "http://www.eltd2.fju.edu.tw/wp-login.php" "Mozilla/5.0 (Macintosh; Intel Mac OS X 13_6_1; rv:118.0) Gecko/20100101 Firefox/118.0"
195.3.220.6 - - [24/Aug/2026:09:52:13 +0800] "POST /wp-login.php HTTP/1.1" 302 505 "http://www.eltd2.fju.edu.tw/wp-login.php" "Mozilla/5.0 (Macintosh; Intel Mac OS X 13_6_1) AppleWebKit/605.1.15 (KHTML, like Gecko) Version/17.2 Safari/605.1.15"
195.3.220.6 - - [24/Aug/2026:09:52:37 +0800] "GET /wp-admin/profile.php HTTP/1.1" 302 607 "http://www.eltd2.fju.edu.tw/wp-login.php" "Mozilla/5.0 (X11; Ubuntu; Linux x86_64) AppleWebKit/537.36 (KHTML, like Gecko) Chrome/121.0.0.0 Safari/537.36"
140.136.202.239 - - [24/Aug/2026:09:52:42 +0800] "GET / HTTP/1.1" 302 411 "-" "Mozilla/5.0 (compatible; PRTG Network Monitor (www.paessler.com); Windows)"
140.136.202.239 - - [24/Aug/2026:09:52:42 +0800] "GET / HTTP/1.1" 200 109423 "-" "Mozilla/5.0 (compatible; PRTG Network Monitor (www.paessler.com); Windows)"
140.136.202.239 - - [24/Aug/2026:09:52:47 +0800] "GET / HTTP/1.1" 302 4172 "-" "Mozilla/5.0 (compatible; PRTG Network Monitor (www.paessler.com); Windows)"
140.136.202.239 - - [24/Aug/2026:09:52:47 +0800] "GET / HTTP/1.1" 200 113617 "-" "Mozilla/5.0 (compatible; PRTG Network Monitor (www.paessler.com); Windows)"
195.3.220.6 - - [24/Aug/2026:09:52:51 +0800] "GET /wp-admin/edit.php HTTP/1.1" 302 604 "http://www.eltd2.fju.edu.tw/wp-login.php" "Mozilla/5.0 (X11; Ubuntu; Linux x86_64) AppleWebKit/537.36 (KHTML, like Gecko) Chrome/121.0.0.0 Safari/537.36"
195.3.220.6 - - [24/Aug/2026:09:52:58 +0800] "POST /wp-login.php HTTP/1.1" 302 506 "http://www.eltd2.fju.edu.tw/wp-login.php" "Mozilla/5.0 (Windows NT 10.0; Win64; x64) AppleWebKit/537.36 (KHTML, like Gecko) Chrome/120.0.0.0 Safari/537.36"
195.3.220.6 - - [24/Aug/2026:09:52:58 +0800] "GET /wp-admin/index.php HTTP/1.1" 302 604 "http://www.eltd2.fju.edu.tw/wp-login.php" "Mozilla/5.0 (Macintosh; Intel Mac OS X 13_6_1; rv:120.0) Gecko/20100101 Firefox/120.0"
195.3.220.6 - - [24/Aug/2026:09:53:01 +0800] "GET /wp-admin/plugins.php HTTP/1.1" 302 607 "http://www.eltd2.fju.edu.tw/wp-login.php" "Mozilla/5.0 (X11; Ubuntu; Linux x86_64) AppleWebKit/537.36 (KHTML, like Gecko) Chrome/121.0.0.0 Safari/537.36"
195.3.220.6 - - [24/Aug/2026:09:53:01 +0800] "GET /wp-admin/index.php HTTP/1.1" 302 4664 "http://www.eltd2.fju.edu.tw/wp-login.php" "Mozilla/5.0 (Macintosh; Intel Mac OS X 13_6_1; rv:120.0) Gecko/20100101 Firefox/120.0"
195.3.220.6 - - [24/Aug/2026:09:53:01 +0800] "GET /wp-login.php?redirect_to=https%3A%2F%2Fwww.eltd2.fju.edu.tw%2Fwp-admin%2Findex.php&reauth=1 HTTP/1.1" 200 5913 "http://www.eltd2.fju.edu.tw/wp-login.php" "Mozilla/5.0 (Macintosh; Intel Mac OS X 13_6_1; rv:120.0) Gecko/20100101 Firefox/120.0"
195.3.220.6 - - [24/Aug/2026:09:53:01 +0800] "POST /wp-login.php HTTP/1.1" 302 505 "http://www.eltd2.fju.edu.tw/wp-login.php" "Mozilla/5.0 (Macintosh; Intel Mac OS X 10_15_7) AppleWebKit/537.36 (KHTML, like Gecko) Chrome/120.0.0.0 Safari/537.36"
195.3.220.6 - - [24/Aug/2026:09:53:02 +0800] "GET /wp-admin/index.php HTTP/1.1" 302 604 "http://www.eltd2.fju.edu.tw/wp-login.php" "Mozilla/5.0 (Macintosh; Intel Mac OS X 13_6_1) AppleWebKit/605.1.15 (KHTML, like Gecko) Version/17.1 Safari/605.1.15"
195.3.220.6 - - [24/Aug/2026:09:53:02 +0800] "GET /wp-admin/index.php HTTP/1.1" 302 699 "http://www.eltd2.fju.edu.tw/wp-login.php" "Mozilla/5.0 (Macintosh; Intel Mac OS X 13_6_1) AppleWebKit/605.1.15 (KHTML, like Gecko) Version/17.1 Safari/605.1.15"
195.3.220.6 - - [24/Aug/2026:09:53:02 +0800] "GET /wp-login.php?redirect_to=https%3A%2F%2Fwww.eltd2.fju.edu.tw%2Fwp-admin%2Findex.php&reauth=1 HTTP/1.1" 200 5913 "http://www.eltd2.fju.edu.tw/wp-login.php" "Mozilla/5.0 (Macintosh; Intel Mac OS X 13_6_1) AppleWebKit/605.1.15 (KHTML, like Gecko) Version/17.1 Safari/605.1.15"
195.3.220.6 - - [24/Aug/2026:09:53:02 +0800] "POST /wp-login.php HTTP/1.1" 302 505 "http://www.eltd2.fju.edu.tw/wp-login.php" "Mozilla/5.0 (X11; Linux x86_64) AppleWebKit/537.36 (KHTML, like Gecko) Chrome/118.0.0.0 Safari/537.36"
195.3.220.6 - - [24/Aug/2026:09:53:26 +0800] "GET /wp-admin/profile.php HTTP/1.1" 302 607 "http://www.eltd2.fju.edu.tw/wp-login.php" "Mozilla/5.0 (Macintosh; Intel Mac OS X 13_6_1) AppleWebKit/537.36 (KHTML, like Gecko) Chrome/121.0.0.0 Safari/537.36"
195.3.220.6 - - [24/Aug/2026:09:53:38 +0800] "GET /wp-admin/edit.php HTTP/1.1" 302 604 "http://www.eltd2.fju.edu.tw/wp-login.php" "Mozilla/5.0 (Macintosh; Intel Mac OS X 13_6_1) AppleWebKit/537.36 (KHTML, like Gecko) Chrome/121.0.0.0 Safari/537.36"
140.136.202.239 - - [24/Aug/2026:09:53:42 +0800] "GET / HTTP/1.1" 302 411 "-" "Mozilla/5.0 (compatible; PRTG Network Monitor (www.paessler.com); Windows)"
140.136.202.239 - - [24/Aug/2026:09:53:42 +0800] "GET / HTTP/1.1" 200 109423 "-" "Mozilla/5.0 (compatible; PRTG Network Monitor (www.paessler.com); Windows)"
140.136.202.239 - - [24/Aug/2026:09:53:47 +0800] "GET / HTTP/1.1" 302 4172 "-" "Mozilla/5.0 (compatible; PRTG Network Monitor (www.paessler.com); Windows)"
140.136.202.239 - - [24/Aug/2026:09:53:47 +0800] "GET / HTTP/1.1" 200 113616 "-" "Mozilla/5.0 (compatible; PRTG Network Monitor (www.paessler.com); Windows)"
195.3.220.6 - - [24/Aug/2026:09:53:48 +0800] "POST /wp-login.php HTTP/1.1" 302 506 "http://www.eltd2.fju.edu.tw/wp-login.php" "Mozilla/5.0 (Windows NT 10.0; Win64; x64) AppleWebKit/537.36 (KHTML, like Gecko) Chrome/118.0.0.0 Safari/537.36"
195.3.220.6 - - [24/Aug/2026:09:53:53 +0800] "GET /wp-admin/plugins.php HTTP/1.1" 302 607 "http://www.eltd2.fju.edu.tw/wp-login.php" "Mozilla/5.0 (Macintosh; Intel Mac OS X 13_6_1) AppleWebKit/537.36 (KHTML, like Gecko) Chrome/121.0.0.0 Safari/537.36"
195.3.220.6 - - [24/Aug/2026:09:54:11 +0800] "GET /wp-admin/profile.php HTTP/1.1" 302 607 "http://www.eltd2.fju.edu.tw/wp-login.php" "Mozilla/5.0 (Macintosh; Intel Mac OS X 10_15_7) AppleWebKit/537.36 (KHTML, like Gecko) Chrome/120.0.0.0 Safari/537.36"
195.3.220.6 - - [24/Aug/2026:09:54:25 +0800] "GET /wp-admin/edit.php HTTP/1.1" 302 604 "http://www.eltd2.fju.edu.tw/wp-login.php" "Mozilla/5.0 (Macintosh; Intel Mac OS X 10_15_7) AppleWebKit/537.36 (KHTML, like Gecko) Chrome/120.0.0.0 Safari/537.36"
195.3.220.6 - - [24/Aug/2026:09:54:32 +0800] "POST /wp-login.php HTTP/1.1" 302 506 "http://www.eltd2.fju.edu.tw/wp-login.php" "Mozilla/5.0 (Macintosh; Intel Mac OS X 10_15_7) AppleWebKit/605.1.15 (KHTML, like Gecko) Version/17.1 Safari/605.1.15"
195.3.220.6 - - [24/Aug/2026:09:54:33 +0800] "GET /wp-admin/index.php HTTP/1.1" 302 604 "http://www.eltd2.fju.edu.tw/wp-login.php" "Mozilla/5.0 (Windows NT 11.0; Win64; x64; rv:118.0) Gecko/20100101 Firefox/118.0"
195.3.220.6 - - [24/Aug/2026:09:54:35 +0800] "GET /wp-admin/plugins.php HTTP/1.1" 302 607 "http://www.eltd2.fju.edu.tw/wp-login.php" "Mozilla/5.0 (Macintosh; Intel Mac OS X 10_15_7) AppleWebKit/537.36 (KHTML, like Gecko) Chrome/120.0.0.0 Safari/537.36"
195.3.220.6 - - [24/Aug/2026:09:54:35 +0800] "GET /wp-admin/index.php HTTP/1.1" 302 4662 "http://www.eltd2.fju.edu.tw/wp-login.php" "Mozilla/5.0 (Windows NT 11.0; Win64; x64; rv:118.0) Gecko/20100101 Firefox/118.0"
195.3.220.6 - - [24/Aug/2026:09:54:36 +0800] "GET /wp-login.php?redirect_to=https%3A%2F%2Fwww.eltd2.fju.edu.tw%2Fwp-admin%2Findex.php&reauth=1 HTTP/1.1" 200 5913 "http://www.eltd2.fju.edu.tw/wp-login.php" "Mozilla/5.0 (Windows NT 11.0; Win64; x64; rv:118.0) Gecko/20100101 Firefox/118.0"
195.3.220.6 - - [24/Aug/2026:09:54:36 +0800] "POST /wp-login.php HTTP/1.1" 302 505 "http://www.eltd2.fju.edu.tw/wp-login.php" "Mozilla/5.0 (Windows NT 11.0; Win64; x64) AppleWebKit/537.36 (KHTML, like Gecko) Chrome/121.0.0.0 Safari/537.36"
140.136.202.239 - - [24/Aug/2026:09:54:42 +0800] "GET / HTTP/1.1" 302 411 "-" "Mozilla/5.0 (compatible; PRTG Network Monitor (www.paessler.com); Windows)"
140.136.202.239 - - [24/Aug/2026:09:54:42 +0800] "GET / HTTP/1.1" 200 109423 "-" "Mozilla/5.0 (compatible; PRTG Network Monitor (www.paessler.com); Windows)"
140.136.202.239 - - [24/Aug/2026:09:54:47 +0800] "GET / HTTP/1.1" 302 4172 "-" "Mozilla/5.0 (compatible; PRTG Network Monitor (www.paessler.com); Windows)"
140.136.202.239 - - [24/Aug/2026:09:54:47 +0800] "GET / HTTP/1.1" 200 113616 "-" "Mozilla/5.0 (compatible; PRTG Network Monitor (www.paessler.com); Windows)"
195.3.220.6 - - [24/Aug/2026:09:54:59 +0800] "GET /wp-admin/profile.php HTTP/1.1" 302 607 "http://www.eltd2.fju.edu.tw/wp-login.php" "Mozilla/5.0 (Macintosh; Intel Mac OS X 13_6_1) AppleWebKit/537.36 (KHTML, like Gecko) Chrome/120.0.0.0 Safari/537.36"
140.136.202.42 - - [24/Aug/2026:09:55:02 +0800] "GET / HTTP/1.1" 200 113751 "-" "curl/8.5.0"
::1 - - [24/Aug/2026:09:55:05 +0800] "GET / HTTP/1.1" 302 411 "-" "curl/8.5.0"
::1 - - [24/Aug/2026:09:55:05 +0800] "GET / HTTP/1.1" 302 4394 "-" "curl/8.5.0"
::1 - - [24/Aug/2026:09:55:05 +0800] "HEAD / HTTP/1.1" 302 4374 "-" "curl/8.5.0"
195.3.220.6 - - [24/Aug/2026:09:55:10 +0800] "GET /wp-admin/edit.php HTTP/1.1" 302 604 "http://www.eltd2.fju.edu.tw/wp-login.php" "Mozilla/5.0 (Macintosh; Intel Mac OS X 13_6_1) AppleWebKit/537.36 (KHTML, like Gecko) Chrome/120.0.0.0 Safari/537.36"
195.3.220.6 - - [24/Aug/2026:09:55:19 +0800] "POST /wp-login.php HTTP/1.1" 302 506 "http://www.eltd2.fju.edu.tw/wp-login.php" "Mozilla/5.0 (Windows NT 10.0; Win64; x64; rv:119.0) Gecko/20100101 Firefox/119.0"
195.3.220.6 - - [24/Aug/2026:09:55:23 +0800] "GET /wp-admin/plugins.php HTTP/1.1" 302 607 "http://www.eltd2.fju.edu.tw/wp-login.php" "Mozilla/5.0 (Macintosh; Intel Mac OS X 13_6_1) AppleWebKit/537.36 (KHTML, like Gecko) Chrome/120.0.0.0 Safari/537.36"
140.136.202.239 - - [24/Aug/2026:09:55:42 +0800] "GET / HTTP/1.1" 302 411 "-" "Mozilla/5.0 (compatible; PRTG Network Monitor (www.paessler.com); Windows)"
140.136.202.239 - - [24/Aug/2026:09:55:42 +0800] "GET / HTTP/1.1" 200 109423 "-" "Mozilla/5.0 (compatible; PRTG Network Monitor (www.paessler.com); Windows)"
195.3.220.6 - - [24/Aug/2026:09:55:43 +0800] "GET /wp-admin/profile.php HTTP/1.1" 302 607 "http://www.eltd2.fju.edu.tw/wp-login.php" "Mozilla/5.0 (Macintosh; Intel Mac OS X 13_6_1) AppleWebKit/537.36 (KHTML, like Gecko) Chrome/120.0.0.0 Safari/537.36"
140.136.202.239 - - [24/Aug/2026:09:55:47 +0800] "GET / HTTP/1.1" 302 4172 "-" "Mozilla/5.0 (compatible; PRTG Network Monitor (www.paessler.com); Windows)"
140.136.202.239 - - [24/Aug/2026:09:55:47 +0800] "GET / HTTP/1.1" 200 113617 "-" "Mozilla/5.0 (compatible; PRTG Network Monitor (www.paessler.com); Windows)"
60.248.142.179 - steps [24/Aug/2026:09:55:51 +0800] "HEAD / HTTP/1.1" 200 4619 "-" "Mozilla/5.0 (compatible; HostMonitor/1.0)"
60.248.142.179 - steps [24/Aug/2026:09:55:55 +0800] "HEAD / HTTP/1.1" 200 4621 "-" "Mozilla/5.0 (compatible; HostMonitor/1.0)"
195.3.220.6 - - [24/Aug/2026:09:55:56 +0800] "GET /wp-admin/edit.php HTTP/1.1" 302 604 "http://www.eltd2.fju.edu.tw/wp-login.php" "Mozilla/5.0 (Macintosh; Intel Mac OS X 13_6_1) AppleWebKit/537.36 (KHTML, like Gecko) Chrome/120.0.0.0 Safari/537.36"
195.3.220.6 - - [24/Aug/2026:09:56:04 +0800] "POST /wp-login.php HTTP/1.1" 302 506 "http://www.eltd2.fju.edu.tw/wp-login.php" "Mozilla/5.0 (Windows NT 11.0; Win64; x64; rv:121.0) Gecko/20100101 Firefox/121.0"
195.3.220.6 - - [24/Aug/2026:09:56:09 +0800] "GET /wp-admin/plugins.php HTTP/1.1" 302 607 "http://www.eltd2.fju.edu.tw/wp-login.php" "Mozilla/5.0 (Macintosh; Intel Mac OS X 13_6_1) AppleWebKit/537.36 (KHTML, like Gecko) Chrome/120.0.0.0 Safari/537.36"
195.3.220.6 - - [24/Aug/2026:09:56:27 +0800] "GET /wp-admin/profile.php HTTP/1.1" 302 607 "http://www.eltd2.fju.edu.tw/wp-login.php" "Mozilla/5.0 (X11; Linux x86_64) AppleWebKit/537.36 (KHTML, like Gecko) Chrome/119.0.0.0 Safari/537.36"
195.3.220.6 - - [24/Aug/2026:09:56:40 +0800] "GET /wp-admin/edit.php HTTP/1.1" 302 604 "http://www.eltd2.fju.edu.tw/wp-login.php" "Mozilla/5.0 (X11; Linux x86_64) AppleWebKit/537.36 (KHTML, like Gecko) Chrome/119.0.0.0 Safari/537.36"
140.136.202.239 - - [24/Aug/2026:09:56:42 +0800] "GET / HTTP/1.1" 302 411 "-" "Mozilla/5.0 (compatible; PRTG Network Monitor (www.paessler.com); Windows)"
140.136.202.239 - - [24/Aug/2026:09:56:42 +0800] "GET / HTTP/1.1" 200 109423 "-" "Mozilla/5.0 (compatible; PRTG Network Monitor (www.paessler.com); Windows)"
140.136.202.239 - - [24/Aug/2026:09:56:47 +0800] "GET / HTTP/1.1" 302 4171 "-" "Mozilla/5.0 (compatible; PRTG Network Monitor (www.paessler.com); Windows)"
140.136.202.239 - - [24/Aug/2026:09:56:47 +0800] "GET / HTTP/1.1" 200 113616 "-" "Mozilla/5.0 (compatible; PRTG Network Monitor (www.paessler.com); Windows)"
195.3.220.6 - - [24/Aug/2026:09:56:49 +0800] "POST /wp-login.php HTTP/1.1" 302 506 "http://www.eltd2.fju.edu.tw/wp-login.php" "Mozilla/5.0 (Macintosh; Intel Mac OS X 13_6_1; rv:120.0) Gecko/20100101 Firefox/120.0"
195.3.220.6 - - [24/Aug/2026:09:56:49 +0800] "GET /wp-admin/index.php HTTP/1.1" 302 604 "http://www.eltd2.fju.edu.tw/wp-login.php" "Mozilla/5.0 (Windows NT 11.0; Win64; x64; rv:119.0) Gecko/20100101 Firefox/119.0"
195.3.220.6 - - [24/Aug/2026:09:56:51 +0800] "GET /wp-admin/plugins.php HTTP/1.1" 302 607 "http://www.eltd2.fju.edu.tw/wp-login.php" "Mozilla/5.0 (X11; Linux x86_64) AppleWebKit/537.36 (KHTML, like Gecko) Chrome/119.0.0.0 Safari/537.36"
195.3.220.6 - - [24/Aug/2026:09:56:52 +0800] "GET /wp-admin/index.php HTTP/1.1" 302 4664 "http://www.eltd2.fju.edu.tw/wp-login.php" "Mozilla/5.0 (Windows NT 11.0; Win64; x64; rv:119.0) Gecko/20100101 Firefox/119.0"
195.3.220.6 - - [24/Aug/2026:09:56:52 +0800] "GET /wp-login.php?redirect_to=https%3A%2F%2Fwww.eltd2.fju.edu.tw%2Fwp-admin%2Findex.php&reauth=1 HTTP/1.1" 200 5913 "http://www.eltd2.fju.edu.tw/wp-login.php" "Mozilla/5.0 (Windows NT 11.0; Win64; x64; rv:119.0) Gecko/20100101 Firefox/119.0"
195.3.220.6 - - [24/Aug/2026:09:56:52 +0800] "POST /wp-login.php HTTP/1.1" 302 505 "http://www.eltd2.fju.edu.tw/wp-login.php" "Mozilla/5.0 (X11; Linux x86_64) AppleWebKit/537.36 (KHTML, like Gecko) Chrome/118.0.0.0 Safari/537.36"
195.3.220.6 - - [24/Aug/2026:09:57:15 +0800] "GET /wp-admin/profile.php HTTP/1.1" 302 607 "http://www.eltd2.fju.edu.tw/wp-login.php" "Mozilla/5.0 (Macintosh; Intel Mac OS X 10_15_7) AppleWebKit/537.36 (KHTML, like Gecko) Chrome/119.0.0.0 Safari/537.36"
195.3.220.6 - - [24/Aug/2026:09:57:27 +0800] "GET /wp-admin/edit.php HTTP/1.1" 302 604 "http://www.eltd2.fju.edu.tw/wp-login.php" "Mozilla/5.0 (Macintosh; Intel Mac OS X 10_15_7) AppleWebKit/537.36 (KHTML, like Gecko) Chrome/119.0.0.0 Safari/537.36"
195.3.220.6 - - [24/Aug/2026:09:57:37 +0800] "POST /wp-login.php HTTP/1.1" 302 506 "http://www.eltd2.fju.edu.tw/wp-login.php" "Mozilla/5.0 (Windows NT 10.0; Win64; x64; rv:120.0) Gecko/20100101 Firefox/120.0"
195.3.220.6 - - [24/Aug/2026:09:57:37 +0800] "GET /wp-admin/index.php HTTP/1.1" 302 604 "http://www.eltd2.fju.edu.tw/wp-login.php" "Mozilla/5.0 (Windows NT 11.0; Win64; x64; rv:118.0) Gecko/20100101 Firefox/118.0"
195.3.220.6 - - [24/Aug/2026:09:57:39 +0800] "GET /wp-admin/index.php HTTP/1.1" 302 4664 "http://www.eltd2.fju.edu.tw/wp-login.php" "Mozilla/5.0 (Windows NT 11.0; Win64; x64; rv:118.0) Gecko/20100101 Firefox/118.0"
195.3.220.6 - - [24/Aug/2026:09:57:40 +0800] "GET /wp-login.php?redirect_to=https%3A%2F%2Fwww.eltd2.fju.edu.tw%2Fwp-admin%2Findex.php&reauth=1 HTTP/1.1" 200 5913 "http://www.eltd2.fju.edu.tw/wp-login.php" "Mozilla/5.0 (Windows NT 11.0; Win64; x64; rv:118.0) Gecko/20100101 Firefox/118.0"
195.3.220.6 - - [24/Aug/2026:09:57:40 +0800] "POST /wp-login.php HTTP/1.1" 302 505 "http://www.eltd2.fju.edu.tw/wp-login.php" "Mozilla/5.0 (Macintosh; Intel Mac OS X 10_15_7; rv:119.0) Gecko/20100101 Firefox/119.0"
195.3.220.6 - - [24/Aug/2026:09:57:40 +0800] "GET /wp-admin/plugins.php HTTP/1.1" 302 607 "http://www.eltd2.fju.edu.tw/wp-login.php" "Mozilla/5.0 (Macintosh; Intel Mac OS X 10_15_7) AppleWebKit/537.36 (KHTML, like Gecko) Chrome/119.0.0.0 Safari/537.36"
140.136.202.239 - - [24/Aug/2026:09:57:42 +0800] "GET / HTTP/1.1" 302 411 "-" "Mozilla/5.0 (compatible; PRTG Network Monitor (www.paessler.com); Windows)"
140.136.202.239 - - [24/Aug/2026:09:57:42 +0800] "GET / HTTP/1.1" 200 109423 "-" "Mozilla/5.0 (compatible; PRTG Network Monitor (www.paessler.com); Windows)"
140.136.202.239 - - [24/Aug/2026:09:57:47 +0800] "GET / HTTP/1.1" 302 4172 "-" "Mozilla/5.0 (compatible; PRTG Network Monitor (www.paessler.com); Windows)"
140.136.202.239 - - [24/Aug/2026:09:57:47 +0800] "GET / HTTP/1.1" 200 113615 "-" "Mozilla/5.0 (compatible; PRTG Network Monitor (www.paessler.com); Windows)"
195.3.220.6 - - [24/Aug/2026:09:58:06 +0800] "GET /wp-admin/profile.php HTTP/1.1" 302 607 "http://www.eltd2.fju.edu.tw/wp-login.php" "Mozilla/5.0 (X11; Linux x86_64) AppleWebKit/537.36 (KHTML, like Gecko) Chrome/121.0.0.0 Safari/537.36"
195.3.220.6 - - [24/Aug/2026:09:58:15 +0800] "GET /wp-admin/edit.php HTTP/1.1" 302 604 "http://www.eltd2.fju.edu.tw/wp-login.php" "Mozilla/5.0 (X11; Linux x86_64) AppleWebKit/537.36 (KHTML, like Gecko) Chrome/121.0.0.0 Safari/537.36"
195.3.220.6 - - [24/Aug/2026:09:58:25 +0800] "POST /wp-login.php HTTP/1.1" 302 506 "http://www.eltd2.fju.edu.tw/wp-login.php" "Mozilla/5.0 (Macintosh; Intel Mac OS X 10_15_7) AppleWebKit/537.36 (KHTML, like Gecko) Chrome/119.0.0.0 Safari/537.36"
195.3.220.6 - - [24/Aug/2026:09:58:28 +0800] "GET /wp-admin/plugins.php HTTP/1.1" 302 607 "http://www.eltd2.fju.edu.tw/wp-login.php" "Mozilla/5.0 (X11; Linux x86_64) AppleWebKit/537.36 (KHTML, like Gecko) Chrome/121.0.0.0 Safari/537.36"
140.136.202.239 - - [24/Aug/2026:09:58:42 +0800] "GET / HTTP/1.1" 302 411 "-" "Mozilla/5.0 (compatible; PRTG Network Monitor (www.paessler.com); Windows)"
140.136.202.239 - - [24/Aug/2026:09:58:42 +0800] "GET / HTTP/1.1" 200 109423 "-" "Mozilla/5.0 (compatible; PRTG Network Monitor (www.paessler.com); Windows)"
140.136.202.239 - - [24/Aug/2026:09:58:47 +0800] "GET / HTTP/1.1" 302 4171 "-" "Mozilla/5.0 (compatible; PRTG Network Monitor (www.paessler.com); Windows)"
140.136.202.239 - - [24/Aug/2026:09:58:47 +0800] "GET / HTTP/1.1" 200 113617 "-" "Mozilla/5.0 (compatible; PRTG Network Monitor (www.paessler.com); Windows)"
195.3.220.6 - - [24/Aug/2026:09:58:49 +0800] "GET /wp-admin/profile.php HTTP/1.1" 302 607 "http://www.eltd2.fju.edu.tw/wp-login.php" "Mozilla/5.0 (X11; Ubuntu; Linux x86_64) AppleWebKit/537.36 (KHTML, like Gecko) Chrome/119.0.0.0 Safari/537.36"
195.3.220.6 - - [24/Aug/2026:09:59:01 +0800] "GET /wp-admin/edit.php HTTP/1.1" 302 604 "http://www.eltd2.fju.edu.tw/wp-login.php" "Mozilla/5.0 (X11; Ubuntu; Linux x86_64) AppleWebKit/537.36 (KHTML, like Gecko) Chrome/119.0.0.0 Safari/537.36"
195.3.220.6 - - [24/Aug/2026:09:59:10 +0800] "POST /wp-login.php HTTP/1.1" 302 506 "http://www.eltd2.fju.edu.tw/wp-login.php" "Mozilla/5.0 (Windows NT 11.0; Win64; x64) AppleWebKit/537.36 (KHTML, like Gecko) Chrome/118.0.0.0 Safari/537.36"
195.3.220.6 - - [24/Aug/2026:09:59:15 +0800] "GET /wp-admin/plugins.php HTTP/1.1" 302 607 "http://www.eltd2.fju.edu.tw/wp-login.php" "Mozilla/5.0 (X11; Ubuntu; Linux x86_64) AppleWebKit/537.36 (KHTML, like Gecko) Chrome/119.0.0.0 Safari/537.36"
195.3.220.6 - - [24/Aug/2026:09:59:34 +0800] "GET /wp-admin/profile.php HTTP/1.1" 302 607 "http://www.eltd2.fju.edu.tw/wp-login.php" "Mozilla/5.0 (Macintosh; Intel Mac OS X 13_6_1) AppleWebKit/537.36 (KHTML, like Gecko) Chrome/120.0.0.0 Safari/537.36"
140.136.202.239 - - [24/Aug/2026:09:59:42 +0800] "GET / HTTP/1.1" 302 411 "-" "Mozilla/5.0 (compatible; PRTG Network Monitor (www.paessler.com); Windows)"
140.136.202.239 - - [24/Aug/2026:09:59:42 +0800] "GET / HTTP/1.1" 200 109423 "-" "Mozilla/5.0 (compatible; PRTG Network Monitor (www.paessler.com); Windows)"
195.3.220.6 - - [24/Aug/2026:09:59:46 +0800] "GET /wp-admin/edit.php HTTP/1.1" 302 604 "http://www.eltd2.fju.edu.tw/wp-login.php" "Mozilla/5.0 (Macintosh; Intel Mac OS X 13_6_1) AppleWebKit/537.36 (KHTML, like Gecko) Chrome/120.0.0.0 Safari/537.36"
140.136.202.239 - - [24/Aug/2026:09:59:47 +0800] "GET / HTTP/1.1" 302 4172 "-" "Mozilla/5.0 (compatible; PRTG Network Monitor (www.paessler.com); Windows)"
140.136.202.239 - - [24/Aug/2026:09:59:47 +0800] "GET / HTTP/1.1" 200 113617 "-" "Mozilla/5.0 (compatible; PRTG Network Monitor (www.paessler.com); Windows)"
195.3.220.6 - - [24/Aug/2026:09:59:55 +0800] "POST /wp-login.php HTTP/1.1" 302 506 "http://www.eltd2.fju.edu.tw/wp-login.php" "Mozilla/5.0 (Macintosh; Intel Mac OS X 10_15_7) AppleWebKit/537.36 (KHTML, like Gecko) Chrome/121.0.0.0 Safari/537.36"
195.3.220.6 - - [24/Aug/2026:09:59:55 +0800] "GET /wp-admin/index.php HTTP/1.1" 302 604 "http://www.eltd2.fju.edu.tw/wp-login.php" "Mozilla/5.0 (Macintosh; Intel Mac OS X 13_6_1) AppleWebKit/605.1.15 (KHTML, like Gecko) Version/17.0 Safari/605.1.15"
195.3.220.6 - - [24/Aug/2026:09:59:58 +0800] "GET /wp-admin/plugins.php HTTP/1.1" 302 607 "http://www.eltd2.fju.edu.tw/wp-login.php" "Mozilla/5.0 (Macintosh; Intel Mac OS X 13_6_1) AppleWebKit/537.36 (KHTML, like Gecko) Chrome/120.0.0.0 Safari/537.36"
195.3.220.6 - - [24/Aug/2026:09:59:58 +0800] "GET /wp-admin/index.php HTTP/1.1" 302 4664 "http://www.eltd2.fju.edu.tw/wp-login.php" "Mozilla/5.0 (Macintosh; Intel Mac OS X 13_6_1) AppleWebKit/605.1.15 (KHTML, like Gecko) Version/17.0 Safari/605.1.15"
195.3.220.6 - - [24/Aug/2026:09:59:58 +0800] "GET /wp-login.php?redirect_to=https%3A%2F%2Fwww.eltd2.fju.edu.tw%2Fwp-admin%2Findex.php&reauth=1 HTTP/1.1" 200 5913 "http://www.eltd2.fju.edu.tw/wp-login.php" "Mozilla/5.0 (Macintosh; Intel Mac OS X 13_6_1) AppleWebKit/605.1.15 (KHTML, like Gecko) Version/17.0 Safari/605.1.15"
195.3.220.6 - - [24/Aug/2026:09:59:58 +0800] "POST /wp-login.php HTTP/1.1" 302 505 "http://www.eltd2.fju.edu.tw/wp-login.php" "Mozilla/5.0 (Macintosh; Intel Mac OS X 13_6_1) AppleWebKit/537.36 (KHTML, like Gecko) Chrome/120.0.0.0 Safari/537.36"
195.3.220.6 - - [24/Aug/2026:09:59:58 +0800] "GET /wp-admin/index.php HTTP/1.1" 302 604 "http://www.eltd2.fju.edu.tw/wp-login.php" "Mozilla/5.0 (Macintosh; Intel Mac OS X 10_15_7) AppleWebKit/605.1.15 (KHTML, like Gecko) Version/17.0 Safari/605.1.15"
195.3.220.6 - - [24/Aug/2026:09:59:59 +0800] "GET /wp-admin/index.php HTTP/1.1" 302 699 "http://www.eltd2.fju.edu.tw/wp-login.php" "Mozilla/5.0 (Macintosh; Intel Mac OS X 10_15_7) AppleWebKit/605.1.15 (KHTML, like Gecko) Version/17.0 Safari/605.1.15"
195.3.220.6 - - [24/Aug/2026:09:59:59 +0800] "GET /wp-login.php?redirect_to=https%3A%2F%2Fwww.eltd2.fju.edu.tw%2Fwp-admin%2Findex.php&reauth=1 HTTP/1.1" 200 5913 "http://www.eltd2.fju.edu.tw/wp-login.php" "Mozilla/5.0 (Macintosh; Intel Mac OS X 10_15_7) AppleWebKit/605.1.15 (KHTML, like Gecko) Version/17.0 Safari/605.1.15"
140.136.202.42 - - [24/Aug/2026:10:00:01 +0800] "GET / HTTP/1.1" 200 113750 "-" "curl/8.5.0"