::1 - - [24/Aug/2026:09:40:04 +0800] "GET / HTTP/1.1" 302 411 "-" "curl/8.5.0"
::1 - - [24/Aug/2026:09:40:04 +0800] "GET / HTTP/1.1" 302 4392 "-" "curl/8.5.0"
::1 - - [24/Aug/2026:09:40:04 +0800] "HEAD / HTTP/1.1" 302 4375 "-" "curl/8.5.0"
195.3.220.6 - - [24/Aug/2026:09:40:06 +0800] "GET /?author=1 HTTP/1.1" 200 16806 "" "Mozilla/5.0 (Macintosh; Intel Mac OS X 10_15_7) AppleWebKit/605.1.15 (KHTML, like Gecko) Version/16.6 Safari/605.1.15"
195.3.220.6 - - [24/Aug/2026:09:40:14 +0800] "GET /wp-json/wp/v2/users HTTP/1.1" 404 674 "-" "Mozilla/5.0 (Windows NT 11.0; Win64; x64; rv:119.0) Gecko/20100101 Firefox/119.0"
195.3.220.6 - - [24/Aug/2026:09:40:14 +0800] "POST /wp-login.php HTTP/1.1" 302 505 "http://www.eltd2.fju.edu.tw/wp-login.php" "Mozilla/5.0 (X11; Linux x86_64) AppleWebKit/537.36 (KHTML, like Gecko) Chrome/120.0.0.0 Safari/537.36"
195.3.220.6 - - [24/Aug/2026:09:40:15 +0800] "GET /wp-admin/index.php HTTP/1.1" 302 604 "http://www.eltd2.fju.edu.tw/wp-login.php" "Mozilla/5.0 (Macintosh; Intel Mac OS X 13_6_1; rv:120.0) Gecko/20100101 Firefox/120.0"
195.3.220.6 - - [24/Aug/2026:09:40:17 +0800] "GET /wp-admin/index.php HTTP/1.1" 302 4662 "http://www.eltd2.fju.edu.tw/wp-login.php" "Mozilla/5.0 (Macintosh; Intel Mac OS X 13_6_1; rv:120.0) Gecko/20100101 Firefox/120.0"
195.3.220.6 - - [24/Aug/2026:09:40:17 +0800] "GET /wp-login.php?redirect_to=https%3A%2F%2Fwww.eltd2.fju.edu.tw%2Fwp-admin%2Findex.php&reauth=1 HTTP/1.1" 200 5913 "http://www.eltd2.fju.edu.tw/wp-login.php" "Mozilla/5.0 (Macintosh; Intel Mac OS X 13_6_1; rv:120.0) Gecko/20100101 Firefox/120.0"
195.3.220.6 - - [24/Aug/2026:09:40:17 +0800] "POST /wp-login.php HTTP/1.1" 302 505 "http://www.eltd2.fju.edu.tw/wp-login.php" "Mozilla/5.0 (Macintosh; Intel Mac OS X 13_6_1) AppleWebKit/537.36 (KHTML, like Gecko) Chrome/121.0.0.0 Safari/537.36"
195.3.220.6 - - [24/Aug/2026:09:40:17 +0800] "GET /wp-admin/index.php HTTP/1.1" 302 604 "http://www.eltd2.fju.edu.tw/wp-login.php" "Mozilla/5.0 (Macintosh; Intel Mac OS X 10_15_7) AppleWebKit/605.1.15 (KHTML, like Gecko) Version/17.1 Safari/605.1.15"
195.3.220.6 - - [24/Aug/2026:09:40:18 +0800] "GET /wp-admin/index.php HTTP/1.1" 302 699 "http://www.eltd2.fju.edu.tw/wp-login.php" "Mozilla/5.0 (Macintosh; Intel Mac OS X 10_15_7) AppleWebKit/605.1.15 (KHTML, like Gecko) Version/17.1 Safari/605.1.15"
195.3.220.6 - - [24/Aug/2026:09:40:18 +0800] "GET /wp-login.php?redirect_to=https%3A%2F%2Fwww.eltd2.fju.edu.tw%2Fwp-admin%2Findex.php&reauth=1 HTTP/1.1" 200 5913 "http://www.eltd2.fju.edu.tw/wp-login.php" "Mozilla/5.0 (Macintosh; Intel Mac OS X 10_15_7) AppleWebKit/605.1.15 (KHTML, like Gecko) Version/17.1 Safari/605.1.15"
195.3.220.6 - - [24/Aug/2026:09:40:18 +0800] "POST /wp-login.php HTTP/1.1" 302 505 "http://www.eltd2.fju.edu.tw/wp-login.php" "Mozilla/5.0 (Windows NT 10.0; Win64; x64) AppleWebKit/537.36 (KHTML, like Gecko) Chrome/121.0.0.0 Safari/537.36"
195.3.220.6 - - [24/Aug/2026:09:40:18 +0800] "GET /wp-admin/index.php HTTP/1.1" 302 604 "http://www.eltd2.fju.edu.tw/wp-login.php" "Mozilla/5.0 (Windows NT 11.0; Win64; x64; rv:118.0) Gecko/20100101 Firefox/118.0"
195.3.220.6 - - [24/Aug/2026:09:40:19 +0800] "GET /wp-admin/index.php HTTP/1.1" 302 699 "http://www.eltd2.fju.edu.tw/wp-login.php" "Mozilla/5.0 (Windows NT 11.0; Win64; x64; rv:118.0) Gecko/20100101 Firefox/118.0"
195.3.220.6 - - [24/Aug/2026:09:40:19 +0800] "GET /wp-login.php?redirect_to=https%3A%2F%2Fwww.eltd2.fju.edu.tw%2Fwp-admin%2Findex.php&reauth=1 HTTP/1.1" 200 5913 "http://www.eltd2.fju.edu.tw/wp-login.php" "Mozilla/5.0 (Windows NT 11.0; Win64; x64; rv:118.0) Gecko/20100101 Firefox/118.0"
195.3.220.6 - - [24/Aug/2026:09:40:19 +0800] "POST /wp-login.php HTTP/1.1" 302 505 "http://www.eltd2.fju.edu.tw/wp-login.php" "Mozilla/5.0 (Windows NT 11.0; Win64; x64) AppleWebKit/537.36 (KHTML, like Gecko) Chrome/118.0.0.0 Safari/537.36"
195.3.220.6 - - [24/Aug/2026:09:40:19 +0800] "GET /wp-admin/index.php HTTP/1.1" 302 604 "http://www.eltd2.fju.edu.tw/wp-login.php" "Mozilla/5.0 (Macintosh; Intel Mac OS X 13_6_1) AppleWebKit/605.1.15 (KHTML, like Gecko) Version/17.0 Safari/605.1.15"
195.3.220.6 - - [24/Aug/2026:09:40:20 +0800] "GET /wp-admin/index.php HTTP/1.1" 302 699 "http://www.eltd2.fju.edu.tw/wp-login.php" "Mozilla/5.0 (Macintosh; Intel Mac OS X 13_6_1) AppleWebKit/605.1.15 (KHTML, like Gecko) Version/17.0 Safari/605.1.15"
195.3.220.6 - - [24/Aug/2026:09:40:20 +0800] "GET /wp-login.php?redirect_to=https%3A%2F%2Fwww.eltd2.fju.edu.tw%2Fwp-admin%2Findex.php&reauth=1 HTTP/1.1" 200 5913 "http://www.eltd2.fju.edu.tw/wp-login.php" "Mozilla/5.0 (Macintosh; Intel Mac OS X 13_6_1) AppleWebKit/605.1.15 (KHTML, like Gecko) Version/17.0 Safari/605.1.15"
195.3.220.6 - - [24/Aug/2026:09:40:20 +0800] "POST /wp-login.php HTTP/1.1" 302 505 "http://www.eltd2.fju.edu.tw/wp-login.php" "Mozilla/5.0 (Windows NT 10.0; Win64; x64; rv:120.0) Gecko/20100101 Firefox/120.0"
195.3.220.6 - - [24/Aug/2026:09:40:20 +0800] "GET /wp-admin/index.php HTTP/1.1" 302 604 "http://www.eltd2.fju.edu.tw/wp-login.php" "Mozilla/5.0 (Macintosh; Intel Mac OS X 10_15_7) AppleWebKit/605.1.15 (KHTML, like Gecko) Version/17.0 Safari/605.1.15"
195.3.220.6 - - [24/Aug/2026:09:40:21 +0800] "GET /wp-admin/index.php HTTP/1.1" 302 699 "http://www.eltd2.fju.edu.tw/wp-login.php" "Mozilla/5.0 (Macintosh; Intel Mac OS X 10_15_7) AppleWebKit/605.1.15 (KHTML, like Gecko) Version/17.0 Safari/605.1.15"
195.3.220.6 - - [24/Aug/2026:09:40:21 +0800] "GET /wp-login.php?redirect_to=https%3A%2F%2Fwww.eltd2.fju.edu.tw%2Fwp-admin%2Findex.php&reauth=1 HTTP/1.1" 200 5913 "http://www.eltd2.fju.edu.tw/wp-login.php" "Mozilla/5.0 (Macintosh; Intel Mac OS X 10_15_7) AppleWebKit/605.1.15 (KHTML, like Gecko) Version/17.0 Safari/605.1.15"
195.3.220.6 - - [24/Aug/2026:09:40:21 +0800] "POST /wp-login.php HTTP/1.1" 302 505 "http://www.eltd2.fju.edu.tw/wp-login.php" "Mozilla/5.0 (Macintosh; Intel Mac OS X 10_15_7) AppleWebKit/605.1.15 (KHTML, like Gecko) Version/17.1 Safari/605.1.15"
140.136.202.239 - - [24/Aug/2026:09:40:42 +0800] "GET / HTTP/1.1" 302 411 "-" "Mozilla/5.0 (compatible; PRTG Network Monitor (www.paessler.com); Windows)"
140.136.202.239 - - [24/Aug/2026:09:40:42 +0800] "GET / HTTP/1.1" 200 109423 "-" "Mozilla/5.0 (compatible; PRTG Network Monitor (www.paessler.com); Windows)"
140.136.202.239 - - [24/Aug/2026:09:40:47 +0800] "GET / HTTP/1.1" 302 4172 "-" "Mozilla/5.0 (compatible; PRTG Network Monitor (www.paessler.com); Windows)"
140.136.202.239 - - [24/Aug/2026:09:40:47 +0800] "GET / HTTP/1.1" 200 113617 "-" "Mozilla/5.0 (compatible; PRTG Network Monitor (www.paessler.com); Windows)"
195.3.220.6 - - [24/Aug/2026:09:40:47 +0800] "GET /wp-admin/profile.php HTTP/1.1" 302 607 "http://www.eltd2.fju.edu.tw/wp-login.php" "Mozilla/5.0 (Windows NT 11.0; Win64; x64) AppleWebKit/537.36 (KHTML, like Gecko) Chrome/120.0.0.0 Safari/537.36"
195.3.220.6 - - [24/Aug/2026:09:40:53 +0800] "GET /wp-admin/edit.php HTTP/1.1" 302 604 "http://www.eltd2.fju.edu.tw/wp-login.php" "Mozilla/5.0 (Windows NT 11.0; Win64; x64) AppleWebKit/537.36 (KHTML, like Gecko) Chrome/120.0.0.0 Safari/537.36"
195.3.220.6 - - [24/Aug/2026:09:41:07 +0800] "POST /wp-login.php HTTP/1.1" 302 506 "http://www.eltd2.fju.edu.tw/wp-login.php" "Mozilla/5.0 (Windows NT 11.0; Win64; x64) AppleWebKit/537.36 (KHTML, like Gecko) Chrome/119.0.0.0 Safari/537.36"
195.3.220.6 - - [24/Aug/2026:09:41:07 +0800] "GET /wp-admin/index.php HTTP/1.1" 302 604 "http://www.eltd2.fju.edu.tw/wp-login.php" "Mozilla/5.0 (Macintosh; Intel Mac OS X 10_15_7; rv:121.0) Gecko/20100101 Firefox/121.0"
195.3.220.6 - - [24/Aug/2026:09:41:09 +0800] "GET /wp-admin/index.php HTTP/1.1" 302 4663 "http://www.eltd2.fju.edu.tw/wp-login.php" "Mozilla/5.0 (Macintosh; Intel Mac OS X 10_15_7; rv:121.0) Gecko/20100101 Firefox/121.0"
195.3.220.6 - - [24/Aug/2026:09:41:10 +0800] "GET /wp-login.php?redirect_to=https%3A%2F%2Fwww.eltd2.fju.edu.tw%2Fwp-admin%2Findex.php&reauth=1 HTTP/1.1" 200 5913 "http://www.eltd2.fju.edu.tw/wp-login.php" "Mozilla/5.0 (Macintosh; Intel Mac OS X 10_15_7; rv:121.0) Gecko/20100101 Firefox/121.0"
195.3.220.6 - - [24/Aug/2026:09:41:10 +0800] "POST /wp-login.php HTTP/1.1" 302 505 "http://www.eltd2.fju.edu.tw/wp-login.php" "Mozilla/5.0 (Macintosh; Intel Mac OS X 13_6_1) AppleWebKit/605.1.15 (KHTML, like Gecko) Version/17.0 Safari/605.1.15"
195.3.220.6 - - [24/Aug/2026:09:41:10 +0800] "GET /wp-admin/index.php HTTP/1.1" 302 604 "http://www.eltd2.fju.edu.tw/wp-login.php" "Mozilla/5.0 (Windows NT 11.0; Win64; x64; rv:118.0) Gecko/20100101 Firefox/118.0"
195.3.220.6 - - [24/Aug/2026:09:41:10 +0800] "GET /wp-admin/index.php HTTP/1.1" 302 699 "http://www.eltd2.fju.edu.tw/wp-login.php" "Mozilla/5.0 (Windows NT 11.0; Win64; x64; rv:118.0) Gecko/20100101 Firefox/118.0"
195.3.220.6 - - [24/Aug/2026:09:41:11 +0800] "GET /wp-login.php?redirect_to=https%3A%2F%2Fwww.eltd2.fju.edu.tw%2Fwp-admin%2Findex.php&reauth=1 HTTP/1.1" 200 5913 "http://www.eltd2.fju.edu.tw/wp-login.php" "Mozilla/5.0 (Windows NT 11.0; Win64; x64; rv:118.0) Gecko/20100101 Firefox/118.0"
195.3.220.6 - - [24/Aug/2026:09:41:11 +0800] "POST /wp-login.php HTTP/1.1" 302 505 "http://www.eltd2.fju.edu.tw/wp-login.php" "Mozilla/5.0 (Macintosh; Intel Mac OS X 10_15_7) AppleWebKit/537.36 (KHTML, like Gecko) Chrome/120.0.0.0 Safari/537.36"
195.3.220.6 - - [24/Aug/2026:09:41:12 +0800] "GET /wp-admin/plugins.php HTTP/1.1" 302 607 "http://www.eltd2.fju.edu.tw/wp-login.php" "Mozilla/5.0 (Windows NT 11.0; Win64; x64) AppleWebKit/537.36 (KHTML, like Gecko) Chrome/120.0.0.0 Safari/537.36"
195.3.220.6 - - [24/Aug/2026:09:41:36 +0800] "GET /wp-admin/profile.php HTTP/1.1" 302 607 "http://www.eltd2.fju.edu.tw/wp-login.php" "Mozilla/5.0 (Macintosh; Intel Mac OS X 10_15_7) AppleWebKit/537.36 (KHTML, like Gecko) Chrome/120.0.0.0 Safari/537.36"
140.136.202.239 - - [24/Aug/2026:09:41:42 +0800] "GET / HTTP/1.1" 302 411 "-" "Mozilla/5.0 (compatible; PRTG Network Monitor (www.paessler.com); Windows)"
140.136.202.239 - - [24/Aug/2026:09:41:42 +0800] "GET / HTTP/1.1" 200 109423 "-" "Mozilla/5.0 (compatible; PRTG Network Monitor (www.paessler.com); Windows)"
140.136.202.239 - - [24/Aug/2026:09:41:47 +0800] "GET / HTTP/1.1" 302 4172 "-" "Mozilla/5.0 (compatible; PRTG Network Monitor (www.paessler.com); Windows)"
140.136.202.239 - - [24/Aug/2026:09:41:47 +0800] "GET / HTTP/1.1" 200 113616 "-" "Mozilla/5.0 (compatible; PRTG Network Monitor (www.paessler.com); Windows)"
195.3.220.6 - - [24/Aug/2026:09:41:49 +0800] "GET /wp-admin/edit.php HTTP/1.1" 302 604 "http://www.eltd2.fju.edu.tw/wp-login.php" "Mozilla/5.0 (Macintosh; Intel Mac OS X 10_15_7) AppleWebKit/537.36 (KHTML, like Gecko) Chrome/120.0.0.0 Safari/537.36"
195.3.220.6 - - [24/Aug/2026:09:41:58 +0800] "POST /wp-login.php HTTP/1.1" 302 506 "http://www.eltd2.fju.edu.tw/wp-login.php" "Mozilla/5.0 (X11; Ubuntu; Linux x86_64) AppleWebKit/537.36 (KHTML, like Gecko) Chrome/121.0.0.0 Safari/537.36"
195.3.220.6 - - [24/Aug/2026:09:42:01 +0800] "GET /wp-admin/plugins.php HTTP/1.1" 302 607 "http://www.eltd2.fju.edu.tw/wp-login.php" "Mozilla/5.0 (Macintosh; Intel Mac OS X 10_15_7) AppleWebKit/537.36 (KHTML, like Gecko) Chrome/120.0.0.0 Safari/537.36"
195.3.220.6 - - [24/Aug/2026:09:42:21 +0800] "GET /wp-admin/profile.php HTTP/1.1" 302 607 "http://www.eltd2.fju.edu.tw/wp-login.php" "Mozilla/5.0 (X11; Linux x86_64) AppleWebKit/537.36 (KHTML, like Gecko) Chrome/120.0.0.0 Safari/537.36"
195.3.220.6 - - [24/Aug/2026:09:42:36 +0800] "GET /wp-admin/edit.php HTTP/1.1" 302 604 "http://www.eltd2.fju.edu.tw/wp-login.php" "Mozilla/5.0 (X11; Linux x86_64) AppleWebKit/537.36 (KHTML, like Gecko) Chrome/120.0.0.0 Safari/537.36"
140.136.202.239 - - [24/Aug/2026:09:42:42 +0800] "GET / HTTP/1.1" 302 411 "-" "Mozilla/5.0 (compatible; PRTG Network Monitor (www.paessler.com); Windows)"
140.136.202.239 - - [24/Aug/2026:09:42:42 +0800] "GET / HTTP/1.1" 200 109423 "-" "Mozilla/5.0 (compatible; PRTG Network Monitor (www.paessler.com); Windows)"
195.3.220.6 - - [24/Aug/2026:09:42:44 +0800] "POST /wp-login.php HTTP/1.1" 302 506 "http://www.eltd2.fju.edu.tw/wp-login.php" "Mozilla/5.0 (Windows NT 11.0; Win64; x64) AppleWebKit/537.36 (KHTML, like Gecko) Chrome/119.0.0.0 Safari/537.36"
140.136.202.239 - - [24/Aug/2026:09:42:47 +0800] "GET / HTTP/1.1" 302 4172 "-" "Mozilla/5.0 (compatible; PRTG Network Monitor (www.paessler.com); Windows)"
140.136.202.239 - - [24/Aug/2026:09:42:47 +0800] "GET / HTTP/1.1" 200 113616 "-" "Mozilla/5.0 (compatible; PRTG Network Monitor (www.paessler.com); Windows)"
195.3.220.6 - - [24/Aug/2026:09:42:49 +0800] "GET /wp-admin/plugins.php HTTP/1.1" 302 607 "http://www.eltd2.fju.edu.tw/wp-login.php" "Mozilla/5.0 (X11; Linux x86_64) AppleWebKit/537.36 (KHTML, like Gecko) Chrome/120.0.0.0 Safari/537.36"
195.3.220.6 - - [24/Aug/2026:09:43:07 +0800] "GET /wp-admin/profile.php HTTP/1.1" 302 607 "http://www.eltd2.fju.edu.tw/wp-login.php" "Mozilla/5.0 (X11; Ubuntu; Linux x86_64) AppleWebKit/537.36 (KHTML, like Gecko) Chrome/118.0.0.0 Safari/537.36"
195.3.220.6 - - [24/Aug/2026:09:43:19 +0800] "GET /wp-admin/edit.php HTTP/1.1" 302 604 "http://www.eltd2.fju.edu.tw/wp-login.php" "Mozilla/5.0 (X11; Ubuntu; Linux x86_64) AppleWebKit/537.36 (KHTML, like Gecko) Chrome/118.0.0.0 Safari/537.36"
195.3.220.6 - - [24/Aug/2026:09:43:29 +0800] "POST /wp-login.php HTTP/1.1" 302 506 "http://www.eltd2.fju.edu.tw/wp-login.php" "Mozilla/5.0 (Macintosh; Intel Mac OS X 13_6_1; rv:118.0) Gecko/20100101 Firefox/118.0"
195.3.220.6 - - [24/Aug/2026:09:43:29 +0800] "GET /wp-admin/index.php HTTP/1.1" 302 604 "http://www.eltd2.fju.edu.tw/wp-login.php" "Mozilla/5.0 (Macintosh; Intel Mac OS X 13_6_1; rv:119.0) Gecko/20100101 Firefox/119.0"
195.3.220.6 - - [24/Aug/2026:09:43:32 +0800] "GET /wp-admin/index.php HTTP/1.1" 302 4662 "http://www.eltd2.fju.edu.tw/wp-login.php" "Mozilla/5.0 (Macintosh; Intel Mac OS X 13_6_1; rv:119.0) Gecko/20100101 Firefox/119.0"
195.3.220.6 - - [24/Aug/2026:09:43:32 +0800] "GET /wp-login.php?redirect_to=https%3A%2F%2Fwww.eltd2.fju.edu.tw%2Fwp-admin%2Findex.php&reauth=1 HTTP/1.1" 200 5913 "http://www.eltd2.fju.edu.tw/wp-login.php" "Mozilla/5.0 (Macintosh; Intel Mac OS X 13_6_1; rv:119.0) Gecko/20100101 Firefox/119.0"
195.3.220.6 - - [24/Aug/2026:09:43:32 +0800] "POST /wp-login.php HTTP/1.1" 302 505 "http://www.eltd2.fju.edu.tw/wp-login.php" "Mozilla/5.0 (Windows NT 10.0; Win64; x64) AppleWebKit/537.36 (KHTML, like Gecko) Chrome/120.0.0.0 Safari/537.36"
195.3.220.6 - - [24/Aug/2026:09:43:32 +0800] "GET /wp-admin/index.php HTTP/1.1" 302 604 "http://www.eltd2.fju.edu.tw/wp-login.php" "Mozilla/5.0 (Windows NT 10.0; Win64; x64; rv:118.0) Gecko/20100101 Firefox/118.0"
195.3.220.6 - - [24/Aug/2026:09:43:32 +0800] "GET /wp-admin/index.php HTTP/1.1" 302 699 "http://www.eltd2.fju.edu.tw/wp-login.php" "Mozilla/5.0 (Windows NT 10.0; Win64; x64; rv:118.0) Gecko/20100101 Firefox/118.0"
195.3.220.6 - - [24/Aug/2026:09:43:33 +0800] "GET /wp-login.php?redirect_to=https%3A%2F%2Fwww.eltd2.fju.edu.tw%2Fwp-admin%2Findex.php&reauth=1 HTTP/1.1" 200 5913 "http://www.eltd2.fju.edu.tw/wp-login.php" "Mozilla/5.0 (Windows NT 10.0; Win64; x64; rv:118.0) Gecko/20100101 Firefox/118.0"
195.3.220.6 - - [24/Aug/2026:09:43:33 +0800] "POST /wp-login.php HTTP/1.1" 302 505 "http://www.eltd2.fju.edu.tw/wp-login.php" "Mozilla/5.0 (X11; Ubuntu; Linux x86_64) AppleWebKit/537.36 (KHTML, like Gecko) Chrome/120.0.0.0 Safari/537.36"
195.3.220.6 - - [24/Aug/2026:09:43:33 +0800] "GET /wp-admin/plugins.php HTTP/1.1" 302 607 "http://www.eltd2.fju.edu.tw/wp-login.php" "Mozilla/5.0 (X11; Ubuntu; Linux x86_64) AppleWebKit/537.36 (KHTML, like Gecko) Chrome/118.0.0.0 Safari/537.36"
140.136.202.239 - - [24/Aug/2026:09:43:42 +0800] "GET / HTTP/1.1" 302 411 "-" "Mozilla/5.0 (compatible; PRTG Network Monitor (www.paessler.com); Windows)"
140.136.202.239 - - [24/Aug/2026:09:43:42 +0800] "GET / HTTP/1.1" 200 109423 "-" "Mozilla/5.0 (compatible; PRTG Network Monitor (www.paessler.com); Windows)"
140.136.202.239 - - [24/Aug/2026:09:43:47 +0800] "GET / HTTP/1.1" 302 4172 "-" "Mozilla/5.0 (compatible; PRTG Network Monitor (www.paessler.com); Windows)"
140.136.202.239 - - [24/Aug/2026:09:43:47 +0800] "GET / HTTP/1.1" 200 113617 "-" "Mozilla/5.0 (compatible; PRTG Network Monitor (www.paessler.com); Windows)"
195.3.220.6 - - [24/Aug/2026:09:43:56 +0800] "GET /wp-admin/profile.php HTTP/1.1" 302 607 "http://www.eltd2.fju.edu.tw/wp-login.php" "Mozilla/5.0 (X11; Ubuntu; Linux x86_64) AppleWebKit/537.36 (KHTML, like Gecko) Chrome/120.0.0.0 Safari/537.36"
195.3.220.6 - - [24/Aug/2026:09:44:08 +0800] "GET /wp-admin/edit.php HTTP/1.1" 302 604 "http://www.eltd2.fju.edu.tw/wp-login.php" "Mozilla/5.0 (X11; Ubuntu; Linux x86_64) AppleWebKit/537.36 (KHTML, like Gecko) Chrome/120.0.0.0 Safari/537.36"
195.3.220.6 - - [24/Aug/2026:09:44:16 +0800] "POST /wp-login.php HTTP/1.1" 302 506 "http://www.eltd2.fju.edu.tw/wp-login.php" "Mozilla/5.0 (X11; Linux x86_64) AppleWebKit/537.36 (KHTML, like Gecko) Chrome/121.0.0.0 Safari/537.36"
195.3.220.6 - - [24/Aug/2026:09:44:20 +0800] "GET /wp-admin/plugins.php HTTP/1.1" 302 607 "http://www.eltd2.fju.edu.tw/wp-login.php" "Mozilla/5.0 (X11; Ubuntu; Linux x86_64) AppleWebKit/537.36 (KHTML, like Gecko) Chrome/120.0.0.0 Safari/537.36"
140.136.202.239 - - [24/Aug/2026:09:44:42 +0800] "GET / HTTP/1.1" 302 411 "-" "Mozilla/5.0 (compatible; PRTG Network Monitor (www.paessler.com); Windows)"
140.136.202.239 - - [24/Aug/2026:09:44:42 +0800] "GET / HTTP/1.1" 200 109423 "-" "Mozilla/5.0 (compatible; PRTG Network Monitor (www.paessler.com); Windows)"
195.3.220.6 - - [24/Aug/2026:09:44:43 +0800] "GET /wp-admin/profile.php HTTP/1.1" 302 607 "http://www.eltd2.fju.edu.tw/wp-login.php" "Mozilla/5.0 (Windows NT 10.0; Win64; x64) AppleWebKit/537.36 (KHTML, like Gecko) Chrome/119.0.0.0 Safari/537.36"
140.136.202.239 - - [24/Aug/2026:09:44:47 +0800] "GET / HTTP/1.1" 302 4173 "-" "Mozilla/5.0 (compatible; PRTG Network Monitor (www.paessler.com); Windows)"
140.136.202.239 - - [24/Aug/2026:09:44:47 +0800] "GET / HTTP/1.1" 200 113615 "-" "Mozilla/5.0 (compatible; PRTG Network Monitor (www.paessler.com); Windows)"
195.3.220.6 - - [24/Aug/2026:09:44:54 +0800] "GET /wp-admin/edit.php HTTP/1.1" 302 604 "http://www.eltd2.fju.edu.tw/wp-login.php" "Mozilla/5.0 (Windows NT 10.0; Win64; x64) AppleWebKit/537.36 (KHTML, like Gecko) Chrome/119.0.0.0 Safari/537.36"
195.3.220.6 - - [24/Aug/2026:09:45:01 +0800] "POST /wp-login.php HTTP/1.1" 302 506 "http://www.eltd2.fju.edu.tw/wp-login.php" "Mozilla/5.0 (X11; Ubuntu; Linux x86_64) AppleWebKit/537.36 (KHTML, like Gecko) Chrome/120.0.0.0 Safari/537.36"
195.3.220.6 - - [24/Aug/2026:09:45:01 +0800] "GET /wp-admin/index.php HTTP/1.1" 302 604 "http://www.eltd2.fju.edu.tw/wp-login.php" "Mozilla/5.0 (Macintosh; Intel Mac OS X 10_15_7) AppleWebKit/605.1.15 (KHTML, like Gecko) Version/17.1 Safari/605.1.15"
140.136.202.42 - - [24/Aug/2026:09:45:02 +0800] "GET / HTTP/1.1" 200 113750 "-" "curl/8.5.0"
195.3.220.6 - - [24/Aug/2026:09:45:04 +0800] "GET /wp-admin/index.php HTTP/1.1" 302 4663 "http://www.eltd2.fju.edu.tw/wp-login.php" "Mozilla/5.0 (Macintosh; Intel Mac OS X 10_15_7) AppleWebKit/605.1.15 (KHTML, like Gecko) Version/17.1 Safari/605.1.15"
195.3.220.6 - - [24/Aug/2026:09:45:04 +0800] "GET /wp-login.php?redirect_to=https%3A%2F%2Fwww.eltd2.fju.edu.tw%2Fwp-admin%2Findex.php&reauth=1 HTTP/1.1" 200 5913 "http://www.eltd2.fju.edu.tw/wp-login.php" "Mozilla/5.0 (Macintosh; Intel Mac OS X 10_15_7) AppleWebKit/605.1.15 (KHTML, like Gecko) Version/17.1 Safari/605.1.15"
195.3.220.6 - - [24/Aug/2026:09:45:04 +0800] "POST /wp-login.php HTTP/1.1" 302 505 "http://www.eltd2.fju.edu.tw/wp-login.php" "Mozilla/5.0 (Macintosh; Intel Mac OS X 13_6_1; rv:118.0) Gecko/20100101 Firefox/118.0"
::1 - - [24/Aug/2026:09:45:05 +0800] "GET / HTTP/1.1" 302 411 "-" "curl/8.5.0"
::1 - - [24/Aug/2026:09:45:05 +0800] "GET / HTTP/1.1" 302 4392 "-" "curl/8.5.0"
::1 - - [24/Aug/2026:09:45:05 +0800] "HEAD / HTTP/1.1" 302 4375 "-" "curl/8.5.0"
195.3.220.6 - - [24/Aug/2026:09:45:05 +0800] "GET /wp-admin/plugins.php HTTP/1.1" 302 607 "http://www.eltd2.fju.edu.tw/wp-login.php" "Mozilla/5.0 (Windows NT 10.0; Win64; x64) AppleWebKit/537.36 (KHTML, like Gecko) Chrome/119.0.0.0 Safari/537.36"
195.3.220.6 - - [24/Aug/2026:09:45:27 +0800] "GET /wp-admin/profile.php HTTP/1.1" 302 607 "http://www.eltd2.fju.edu.tw/wp-login.php" "Mozilla/5.0 (Windows NT 11.0; Win64; x64) AppleWebKit/537.36 (KHTML, like Gecko) Chrome/118.0.0.0 Safari/537.36"
195.3.220.6 - - [24/Aug/2026:09:45:39 +0800] "GET /wp-admin/edit.php HTTP/1.1" 302 604 "http://www.eltd2.fju.edu.tw/wp-login.php" "Mozilla/5.0 (Windows NT 11.0; Win64; x64) AppleWebKit/537.36 (KHTML, like Gecko) Chrome/118.0.0.0 Safari/537.36"
140.136.202.239 - - [24/Aug/2026:09:45:42 +0800] "GET / HTTP/1.1" 302 411 "-" "Mozilla/5.0 (compatible; PRTG Network Monitor (www.paessler.com); Windows)"
140.136.202.239 - - [24/Aug/2026:09:45:42 +0800] "GET / HTTP/1.1" 200 109423 "-" "Mozilla/5.0 (compatible; PRTG Network Monitor (www.paessler.com); Windows)"
140.136.202.239 - - [24/Aug/2026:09:45:47 +0800] "GET / HTTP/1.1" 302 4173 "-" "Mozilla/5.0 (compatible; PRTG Network Monitor (www.paessler.com); Windows)"
140.136.202.239 - - [24/Aug/2026:09:45:47 +0800] "GET / HTTP/1.1" 200 113617 "-" "Mozilla/5.0 (compatible; PRTG Network Monitor (www.paessler.com); Windows)"
195.3.220.6 - - [24/Aug/2026:09:45:48 +0800] "POST /wp-login.php HTTP/1.1" 302 506 "http://www.eltd2.fju.edu.tw/wp-login.php" "Mozilla/5.0 (X11; Ubuntu; Linux x86_64) AppleWebKit/537.36 (KHTML, like Gecko) Chrome/120.0.0.0 Safari/537.36"
195.3.220.6 - - [24/Aug/2026:09:45:48 +0800] "GET /wp-admin/index.php HTTP/1.1" 302 604 "http://www.eltd2.fju.edu.tw/wp-login.php" "Mozilla/5.0 (Macintosh; Intel Mac OS X 10_15_7) AppleWebKit/605.1.15 (KHTML, like Gecko) Version/17.2 Safari/605.1.15"
195.3.220.6 - - [24/Aug/2026:09:45:51 +0800] "GET /wp-admin/index.php HTTP/1.1" 302 4664 "http://www.eltd2.fju.edu.tw/wp-login.php" "Mozilla/5.0 (Macintosh; Intel Mac OS X 10_15_7) AppleWebKit/605.1.15 (KHTML, like Gecko) Version/17.2 Safari/605.1.15"
195.3.220.6 - - [24/Aug/2026:09:45:52 +0800] "GET /wp-login.php?redirect_to=https%3A%2F%2Fwww.eltd2.fju.edu.tw%2Fwp-admin%2Findex.php&reauth=1 HTTP/1.1" 200 5913 "http://www.eltd2.fju.edu.tw/wp-login.php" "Mozilla/5.0 (Macintosh; Intel Mac OS X 10_15_7) AppleWebKit/605.1.15 (KHTML, like Gecko) Version/17.2 Safari/605.1.15"
195.3.220.6 - - [24/Aug/2026:09:45:52 +0800] "GET /wp-admin/plugins.php HTTP/1.1" 302 607 "http://www.eltd2.fju.edu.tw/wp-login.php" "Mozilla/5.0 (Windows NT 11.0; Win64; x64) AppleWebKit/537.36 (KHTML, like Gecko) Chrome/118.0.0.0 Safari/537.36"
195.3.220.6 - - [24/Aug/2026:09:45:52 +0800] "POST /wp-login.php HTTP/1.1" 302 505 "http://www.eltd2.fju.edu.tw/wp-login.php" "Mozilla/5.0 (X11; Ubuntu; Linux x86_64) AppleWebKit/537.36 (KHTML, like Gecko) Chrome/120.0.0.0 Safari/537.36"
195.3.220.6 - - [24/Aug/2026:09:45:52 +0800] "GET /wp-admin/index.php HTTP/1.1" 302 604 "http://www.eltd2.fju.edu.tw/wp-login.php" "Mozilla/5.0 (Macintosh; Intel Mac OS X 13_6_1) AppleWebKit/605.1.15 (KHTML, like Gecko) Version/17.0 Safari/605.1.15"
195.3.220.6 - - [24/Aug/2026:09:45:52 +0800] "GET /wp-admin/index.php HTTP/1.1" 302 699 "http://www.eltd2.fju.edu.tw/wp-login.php" "Mozilla/5.0 (Macintosh; Intel Mac OS X 13_6_1) AppleWebKit/605.1.15 (KHTML, like Gecko) Version/17.0 Safari/605.1.15"
195.3.220.6 - - [24/Aug/2026:09:45:53 +0800] "GET /wp-login.php?redirect_to=https%3A%2F%2Fwww.eltd2.fju.edu.tw%2Fwp-admin%2Findex.php&reauth=1 HTTP/1.1" 200 5913 "http://www.eltd2.fju.edu.tw/wp-login.php" "Mozilla/5.0 (Macintosh; Intel Mac OS X 13_6_1) AppleWebKit/605.1.15 (KHTML, like Gecko) Version/17.0 Safari/605.1.15"
195.3.220.6 - - [24/Aug/2026:09:45:53 +0800] "POST /wp-login.php HTTP/1.1" 302 505 "http://www.eltd2.fju.edu.tw/wp-login.php" "Mozilla/5.0 (Windows NT 11.0; Win64; x64) AppleWebKit/537.36 (KHTML, like Gecko) Chrome/120.0.0.0 Safari/537.36"
60.248.142.179 - steps [24/Aug/2026:09:45:53 +0800] "HEAD / HTTP/1.1" 200 4620 "-" "Mozilla/5.0 (compatible; HostMonitor/1.0)"
60.248.142.179 - steps [24/Aug/2026:09:45:56 +0800] "HEAD / HTTP/1.1" 200 4621 "-" "Mozilla/5.0 (compatible; HostMonitor/1.0)"
195.3.220.6 - - [24/Aug/2026:09:46:18 +0800] "GET /wp-admin/profile.php HTTP/1.1" 302 607 "http://www.eltd2.fju.edu.tw/wp-login.php" "Mozilla/5.0 (X11; Linux x86_64) AppleWebKit/537.36 (KHTML, like Gecko) Chrome/120.0.0.0 Safari/537.36"
195.3.220.6 - - [24/Aug/2026:09:46:30 +0800] "GET /wp-admin/edit.php HTTP/1.1" 302 604 "http://www.eltd2.fju.edu.tw/wp-login.php" "Mozilla/5.0 (X11; Linux x86_64) AppleWebKit/537.36 (KHTML, like Gecko) Chrome/120.0.0.0 Safari/537.36"
195.3.220.6 - - [24/Aug/2026:09:46:37 +0800] "POST /wp-login.php HTTP/1.1" 302 506 "http://www.eltd2.fju.edu.tw/wp-login.php" "Mozilla/5.0 (Windows NT 11.0; Win64; x64) AppleWebKit/537.36 (KHTML, like Gecko) Chrome/119.0.0.0 Safari/537.36"
195.3.220.6 - - [24/Aug/2026:09:46:37 +0800] "GET /wp-admin/index.php HTTP/1.1" 302 604 "http://www.eltd2.fju.edu.tw/wp-login.php" "Mozilla/5.0 (Macintosh; Intel Mac OS X 10_15_7; rv:120.0) Gecko/20100101 Firefox/120.0"
195.3.220.6 - - [24/Aug/2026:09:46:40 +0800] "GET /wp-admin/index.php HTTP/1.1" 302 4663 "http://www.eltd2.fju.edu.tw/wp-login.php" "Mozilla/5.0 (Macintosh; Intel Mac OS X 10_15_7; rv:120.0) Gecko/20100101 Firefox/120.0"
195.3.220.6 - - [24/Aug/2026:09:46:40 +0800] "GET /wp-login.php?redirect_to=https%3A%2F%2Fwww.eltd2.fju.edu.tw%2Fwp-admin%2Findex.php&reauth=1 HTTP/1.1" 200 5913 "http://www.eltd2.fju.edu.tw/wp-login.php" "Mozilla/5.0 (Macintosh; Intel Mac OS X 10_15_7; rv:120.0) Gecko/20100101 Firefox/120.0"
195.3.220.6 - - [24/Aug/2026:09:46:40 +0800] "POST /wp-login.php HTTP/1.1" 302 505 "http://www.eltd2.fju.edu.tw/wp-login.php" "Mozilla/5.0 (Macintosh; Intel Mac OS X 10_15_7) AppleWebKit/605.1.15 (KHTML, like Gecko) Version/16.6 Safari/605.1.15"
195.3.220.6 - - [24/Aug/2026:09:46:41 +0800] "GET /wp-admin/plugins.php HTTP/1.1" 302 607 "http://www.eltd2.fju.edu.tw/wp-login.php" "Mozilla/5.0 (X11; Linux x86_64) AppleWebKit/537.36 (KHTML, like Gecko) Chrome/120.0.0.0 Safari/537.36"
140.136.202.239 - - [24/Aug/2026:09:46:42 +0800] "GET / HTTP/1.1" 302 411 "-" "Mozilla/5.0 (compatible; PRTG Network Monitor (www.paessler.com); Windows)"
140.136.202.239 - - [24/Aug/2026:09:46:42 +0800] "GET / HTTP/1.1" 200 109423 "-" "Mozilla/5.0 (compatible; PRTG Network Monitor (www.paessler.com); Windows)"
140.136.202.239 - - [24/Aug/2026:09:46:47 +0800] "GET / HTTP/1.1" 302 4173 "-" "Mozilla/5.0 (compatible; PRTG Network Monitor (www.paessler.com); Windows)"
140.136.202.239 - - [24/Aug/2026:09:46:47 +0800] "GET / HTTP/1.1" 200 113615 "-" "Mozilla/5.0 (compatible; PRTG Network Monitor (www.paessler.com); Windows)"
195.3.220.6 - - [24/Aug/2026:09:47:03 +0800] "GET /wp-admin/profile.php HTTP/1.1" 302 607 "http://www.eltd2.fju.edu.tw/wp-login.php" "Mozilla/5.0 (Windows NT 10.0; Win64; x64) AppleWebKit/537.36 (KHTML, like Gecko) Chrome/118.0.0.0 Safari/537.36"
195.3.220.6 - - [24/Aug/2026:09:47:17 +0800] "GET /wp-admin/edit.php HTTP/1.1" 302 604 "http://www.eltd2.fju.edu.tw/wp-login.php" "Mozilla/5.0 (Windows NT 10.0; Win64; x64) AppleWebKit/537.36 (KHTML, like Gecko) Chrome/118.0.0.0 Safari/537.36"
195.3.220.6 - - [24/Aug/2026:09:47:24 +0800] "POST /wp-login.php HTTP/1.1" 302 506 "http://www.eltd2.fju.edu.tw/wp-login.php" "Mozilla/5.0 (X11; Ubuntu; Linux x86_64) AppleWebKit/537.36 (KHTML, like Gecko) Chrome/118.0.0.0 Safari/537.36"
195.3.220.6 - - [24/Aug/2026:09:47:24 +0800] "GET /wp-admin/index.php HTTP/1.1" 302 604 "http://www.eltd2.fju.edu.tw/wp-login.php" "Mozilla/5.0 (Macintosh; Intel Mac OS X 10_15_7) AppleWebKit/605.1.15 (KHTML, like Gecko) Version/17.0 Safari/605.1.15"
195.3.220.6 - - [24/Aug/2026:09:47:27 +0800] "GET /wp-admin/index.php HTTP/1.1" 302 4663 "http://www.eltd2.fju.edu.tw/wp-login.php" "Mozilla/5.0 (Macintosh; Intel Mac OS X 10_15_7) AppleWebKit/605.1.15 (KHTML, like Gecko) Version/17.0 Safari/605.1.15"
195.3.220.6 - - [24/Aug/2026:09:47:27 +0800] "GET /wp-login.php?redirect_to=https%3A%2F%2Fwww.eltd2.fju.edu.tw%2Fwp-admin%2Findex.php&reauth=1 HTTP/1.1" 200 5913 "http://www.eltd2.fju.edu.tw/wp-login.php" "Mozilla/5.0 (Macintosh; Intel Mac OS X 10_15_7) AppleWebKit/605.1.15 (KHTML, like Gecko) Version/17.0 Safari/605.1.15"
195.3.220.6 - - [24/Aug/2026:09:47:28 +0800] "POST /wp-login.php HTTP/1.1" 302 505 "http://www.eltd2.fju.edu.tw/wp-login.php" "Mozilla/5.0 (Macintosh; Intel Mac OS X 10_15_7; rv:120.0) Gecko/20100101 Firefox/120.0"
195.3.220.6 - - [24/Aug/2026:09:47:28 +0800] "GET /wp-admin/plugins.php HTTP/1.1" 302 607 "http://www.eltd2.fju.edu.tw/wp-login.php" "Mozilla/5.0 (Windows NT 10.0; Win64; x64) AppleWebKit/537.36 (KHTML, like Gecko) Chrome/118.0.0.0 Safari/537.36"
195.3.220.6 - - [24/Aug/2026:09:47:28 +0800] "GET /wp-admin/index.php HTTP/1.1" 302 604 "http://www.eltd2.fju.edu.tw/wp-login.php" "Mozilla/5.0 (Macintosh; Intel Mac OS X 13_6_1) AppleWebKit/605.1.15 (KHTML, like Gecko) Version/17.2 Safari/605.1.15"
195.3.220.6 - - [24/Aug/2026:09:47:28 +0800] "GET /wp-admin/index.php HTTP/1.1" 302 699 "http://www.eltd2.fju.edu.tw/wp-login.php" "Mozilla/5.0 (Macintosh; Intel Mac OS X 13_6_1) AppleWebKit/605.1.15 (KHTML, like Gecko) Version/17.2 Safari/605.1.15"
195.3.220.6 - - [24/Aug/2026:09:47:28 +0800] "GET /wp-login.php?redirect_to=https%3A%2F%2Fwww.eltd2.fju.edu.tw%2Fwp-admin%2Findex.php&reauth=1 HTTP/1.1" 200 5913 "http://www.eltd2.fju.edu.tw/wp-login.php" "Mozilla/5.0 (Macintosh; Intel Mac OS X 13_6_1) AppleWebKit/605.1.15 (KHTML, like Gecko) Version/17.2 Safari/605.1.15"
195.3.220.6 - - [24/Aug/2026:09:47:29 +0800] "POST /wp-login.php HTTP/1.1" 302 505 "http://www.eltd2.fju.edu.tw/wp-login.php" "Mozilla/5.0 (Macintosh; Intel Mac OS X 13_6_1; rv:121.0) Gecko/20100101 Firefox/121.0"
140.136.202.239 - - [24/Aug/2026:09:47:42 +0800] "GET / HTTP/1.1" 302 411 "-" "Mozilla/5.0 (compatible; PRTG Network Monitor (www.paessler.com); Windows)"
140.136.202.239 - - [24/Aug/2026:09:47:42 +0800] "GET / HTTP/1.1" 200 109423 "-" "Mozilla/5.0 (compatible; PRTG Network Monitor (www.paessler.com); Windows)"
140.136.202.239 - - [24/Aug/2026:09:47:47 +0800] "GET / HTTP/1.1" 302 4172 "-" "Mozilla/5.0 (compatible; PRTG Network Monitor (www.paessler.com); Windows)"
140.136.202.239 - - [24/Aug/2026:09:47:47 +0800] "GET / HTTP/1.1" 200 113616 "-" "Mozilla/5.0 (compatible; PRTG Network Monitor (www.paessler.com); Windows)"
195.3.220.6 - - [24/Aug/2026:09:47:53 +0800] "GET /wp-admin/profile.php HTTP/1.1" 302 607 "http://www.eltd2.fju.edu.tw/wp-login.php" "Mozilla/5.0 (X11; Linux x86_64) AppleWebKit/537.36 (KHTML, like Gecko) Chrome/121.0.0.0 Safari/537.36"
195.3.220.6 - - [24/Aug/2026:09:48:04 +0800] "GET /wp-admin/edit.php HTTP/1.1" 302 604 "http://www.eltd2.fju.edu.tw/wp-login.php" "Mozilla/5.0 (X11; Linux x86_64) AppleWebKit/537.36 (KHTML, like Gecko) Chrome/121.0.0.0 Safari/537.36"
195.3.220.6 - - [24/Aug/2026:09:48:15 +0800] "POST /wp-login.php HTTP/1.1" 302 506 "http://www.eltd2.fju.edu.tw/wp-login.php" "Mozilla/5.0 (X11; Linux x86_64) AppleWebKit/537.36 (KHTML, like Gecko) Chrome/121.0.0.0 Safari/537.36"
195.3.220.6 - - [24/Aug/2026:09:48:19 +0800] "GET /wp-admin/plugins.php HTTP/1.1" 302 607 "http://www.eltd2.fju.edu.tw/wp-login.php" "Mozilla/5.0 (X11; Linux x86_64) AppleWebKit/537.36 (KHTML, like Gecko) Chrome/121.0.0.0 Safari/537.36"
195.3.220.6 - - [24/Aug/2026:09:48:38 +0800] "GET /wp-admin/profile.php HTTP/1.1" 302 607 "http://www.eltd2.fju.edu.tw/wp-login.php" "Mozilla/5.0 (Macintosh; Intel Mac OS X 10_15_7) AppleWebKit/537.36 (KHTML, like Gecko) Chrome/118.0.0.0 Safari/537.36"
140.136.202.239 - - [24/Aug/2026:09:48:42 +0800] "GET / HTTP/1.1" 302 411 "-" "Mozilla/5.0 (compatible; PRTG Network Monitor (www.paessler.com); Windows)"
140.136.202.239 - - [24/Aug/2026:09:48:42 +0800] "GET / HTTP/1.1" 200 109423 "-" "Mozilla/5.0 (compatible; PRTG Network Monitor (www.paessler.com); Windows)"
140.136.202.239 - - [24/Aug/2026:09:48:47 +0800] "GET / HTTP/1.1" 302 4171 "-" "Mozilla/5.0 (compatible; PRTG Network Monitor (www.paessler.com); Windows)"
140.136.202.239 - - [24/Aug/2026:09:48:47 +0800] "GET / HTTP/1.1" 200 113615 "-" "Mozilla/5.0 (compatible; PRTG Network Monitor (www.paessler.com); Windows)"
195.3.220.6 - - [24/Aug/2026:09:48:50 +0800] "GET /wp-admin/edit.php HTTP/1.1" 302 604 "http://www.eltd2.fju.edu.tw/wp-login.php" "Mozilla/5.0 (Macintosh; Intel Mac OS X 10_15_7) AppleWebKit/537.36 (KHTML, like Gecko) Chrome/118.0.0.0 Safari/537.36"
195.3.220.6 - - [24/Aug/2026:09:49:00 +0800] "POST /wp-login.php HTTP/1.1" 302 506 "http://www.eltd2.fju.edu.tw/wp-login.php" "Mozilla/5.0 (X11; Ubuntu; Linux x86_64) AppleWebKit/537.36 (KHTML, like Gecko) Chrome/121.0.0.0 Safari/537.36"
195.3.220.6 - - [24/Aug/2026:09:49:04 +0800] "GET /wp-admin/plugins.php HTTP/1.1" 302 607 "http://www.eltd2.fju.edu.tw/wp-login.php" "Mozilla/5.0 (Macintosh; Intel Mac OS X 10_15_7) AppleWebKit/537.36 (KHTML, like Gecko) Chrome/118.0.0.0 Safari/537.36"
195.3.220.6 - - [24/Aug/2026:09:49:23 +0800] "GET /wp-admin/profile.php HTTP/1.1" 302 607 "http://www.eltd2.fju.edu.tw/wp-login.php" "Mozilla/5.0 (X11; Ubuntu; Linux x86_64) AppleWebKit/537.36 (KHTML, like Gecko) Chrome/119.0.0.0 Safari/537.36"
195.3.220.6 - - [24/Aug/2026:09:49:36 +0800] "GET /wp-admin/edit.php HTTP/1.1" 302 604 "http://www.eltd2.fju.edu.tw/wp-login.php" "Mozilla/5.0 (X11; Ubuntu; Linux x86_64) AppleWebKit/537.36 (KHTML, like Gecko) Chrome/119.0.0.0 Safari/537.36"
140.136.202.239 - - [24/Aug/2026:09:49:42 +0800] "GET / HTTP/1.1" 302 411 "-" "Mozilla/5.0 (compatible; PRTG Network Monitor (www.paessler.com); Windows)"
140.136.202.239 - - [24/Aug/2026:09:49:42 +0800] "GET / HTTP/1.1" 200 109423 "-" "Mozilla/5.0 (compatible; PRTG Network Monitor (www.paessler.com); Windows)"
195.3.220.6 - - [24/Aug/2026:09:49:44 +0800] "POST /wp-login.php HTTP/1.1" 302 506 "http://www.eltd2.fju.edu.tw/wp-login.php" "Mozilla/5.0 (Macintosh; Intel Mac OS X 10_15_7; rv:121.0) Gecko/20100101 Firefox/121.0"
195.3.220.6 - - [24/Aug/2026:09:49:45 +0800] "GET /wp-admin/index.php HTTP/1.1" 302 604 "http://www.eltd2.fju.edu.tw/wp-login.php" "Mozilla/5.0 (Macintosh; Intel Mac OS X 13_6_1) AppleWebKit/605.1.15 (KHTML, like Gecko) Version/17.2 Safari/605.1.15"
140.136.202.239 - - [24/Aug/2026:09:49:47 +0800] "GET / HTTP/1.1" 302 4171 "-" "Mozilla/5.0 (compatible; PRTG Network Monitor (www.paessler.com); Windows)"
140.136.202.239 - - [24/Aug/2026:09:49:47 +0800] "GET / HTTP/1.1" 200 113615 "-" "Mozilla/5.0 (compatible; PRTG Network Monitor (www.paessler.com); Windows)"
195.3.220.6 - - [24/Aug/2026:09:49:47 +0800] "GET /wp-admin/plugins.php HTTP/1.1" 302 607 "http://www.eltd2.fju.edu.tw/wp-login.php" "Mozilla/5.0 (X11; Ubuntu; Linux x86_64) AppleWebKit/537.36 (KHTML, like Gecko) Chrome/119.0.0.0 Safari/537.36"
195.3.220.6 - - [24/Aug/2026:09:49:48 +0800] "GET /wp-admin/index.php HTTP/1.1" 302 4664 "http://www.eltd2.fju.edu.tw/wp-login.php" "Mozilla/5.0 (Macintosh; Intel Mac OS X 13_6_1) AppleWebKit/605.1.15 (KHTML, like Gecko) Version/17.2 Safari/605.1.15"
195.3.220.6 - - [24/Aug/2026:09:49:48 +0800] "GET /wp-login.php?redirect_to=https%3A%2F%2Fwww.eltd2.fju.edu.tw%2Fwp-admin%2Findex.php&reauth=1 HTTP/1.1" 200 5913 "http://www.eltd2.fju.edu.tw/wp-login.php" "Mozilla/5.0 (Macintosh; Intel Mac OS X 13_6_1) AppleWebKit/605.1.15 (KHTML, like Gecko) Version/17.2 Safari/605.1.15"
195.3.220.6 - - [24/Aug/2026:09:49:49 +0800] "POST /wp-login.php HTTP/1.1" 302 505 "http://www.eltd2.fju.edu.tw/wp-login.php" "Mozilla/5.0 (X11; Ubuntu; Linux x86_64) AppleWebKit/537.36 (KHTML, like Gecko) Chrome/121.0.0.0 Safari/537.36"
140.136.202.42 - - [24/Aug/2026:09:50:01 +0800] "GET / HTTP/1.1" 200 113749 "-" "curl/8.5.0"