::1 - - [27/Aug/2026:06:40:05 +0800] "OPTIONS * HTTP/1.0" 200 110 "-" "Apache/2.4.68 (Ubuntu) OpenSSL/3.0.19 (internal dummy connection)"
34.10.180.98 - - [27/Aug/2026:06:40:05 +0800] "GET /6415/2011/page/2/ HTTP/1.1" 200 15351 "-" "Mozilla/5.0 (Macintosh; Intel Mac OS X 10_15_7) AppleWebKit/537.36 (KHTML, like Gecko) Chrome/120.0.0.0 Safari/537.36"
2001:288:a201::66:125 - - [27/Aug/2026:06:40:05 +0800] "GET /blog/active.php HTTP/1.1" 301 1026 "-" "-"
2001:288:a201::66:125 - - [27/Aug/2026:06:40:05 +0800] "GET /blog/active.php HTTP/1.1" 404 1084 "-" "-"
216.73.217.64 - - [27/Aug/2026:06:40:06 +0800] "GET /9536/wp-json/wp/v2/posts/55551 HTTP/1.1" 200 11068 "-" "Mozilla/5.0 AppleWebKit/537.36 (KHTML, like Gecko; compatible; ClaudeBot/1.0; +claudebot@anthropic.com)"
216.73.217.64 - - [27/Aug/2026:06:40:06 +0800] "GET /9536/wp-json/wp/v2/posts/55755 HTTP/1.1" 200 6882 "-" "Mozilla/5.0 AppleWebKit/537.36 (KHTML, like Gecko; compatible; ClaudeBot/1.0; +claudebot@anthropic.com)"
34.56.124.53 - - [27/Aug/2026:06:40:06 +0800] "GET /wp-json/wp/v2/posts/17853 HTTP/1.1" 200 14503 "-" "Mozilla/5.0 (Macintosh; Intel Mac OS X 10_15_7) AppleWebKit/537.36 (KHTML, like Gecko) Chrome/120.0.0.0 Safari/537.36"
185.191.171.9 - - [27/Aug/2026:06:40:07 +0800] "GET /blog/blog/21965/post/60144/320655 HTTP/1.1" 404 25426 "-" "Mozilla/5.0 (compatible; SemrushBot/7~bl; +http://www.semrush.com/bot.html)"
140.111.67.10 - - [27/Aug/2026:06:40:07 +0800] "GET /" 301 273 "-" "-"
2408:8726:2000:a::1317 - - [27/Aug/2026:06:40:07 +0800] "GET /blog/gallery/7581/7581-4074125.pdf HTTP/1.1" 301 1101 "-" "Mozilla/5.0 (Windows NT 10.0; Win64; x64) AppleWebKit/537.36 (KHTML, like Gecko) Chrome/144.0.0.0 Safari/537.36"
34.10.180.98 - - [27/Aug/2026:06:40:07 +0800] "GET /32745/wp-json/wp/v2/posts/20699 HTTP/1.1" 200 26353 "-" "Mozilla/5.0 (Macintosh; Intel Mac OS X 10_15_7) AppleWebKit/537.36 (KHTML, like Gecko) Chrome/120.0.0.0 Safari/537.36"
::1 - - [27/Aug/2026:06:40:09 +0800] "OPTIONS * HTTP/1.0" 200 110 "-" "Apache/2.4.68 (Ubuntu) OpenSSL/3.0.19 (internal dummy connection)"
34.10.180.98 - - [27/Aug/2026:06:40:10 +0800] "GET /32745/wp-json/oembed/1.0/embed?format=xml&url=https://2blog.ilc.edu.tw/32745/2021/08/13/%25e5%25be%258c%25e5%25b1%25b1%25e4%25b9%258b%25e6%2588%2580/ HTTP/1.1" 200 7233 "-" "Mozilla/5.0 (Macintosh; Intel Mac OS X 10_15_7) AppleWebKit/537.36 (KHTML, like Gecko) Chrome/120.0.0.0 Safari/537.36"
2001:288:a201::66:125 - - [27/Aug/2026:06:40:10 +0800] "GET /blog/active.php HTTP/1.1" 301 1026 "-" "-"
2001:288:a201::66:125 - - [27/Aug/2026:06:40:10 +0800] "GET /blog/active.php HTTP/1.1" 404 5511 "-" "-"
185.191.171.16 - - [27/Aug/2026:06:40:10 +0800] "GET /kses1113a/2022/09/12/%E4%B8%89%E5%B9%B4%E7%B4%9A%E9%96%B1%E8%AE%80%E6%B8%AC%E9%A9%972/ HTTP/1.1" 200 17241 "-" "Mozilla/5.0 (compatible; SemrushBot/7~bl; +http://www.semrush.com/bot.html)"
34.10.180.98 - - [27/Aug/2026:06:40:11 +0800] "GET /ltjhinformation/wp-login.php HTTP/1.1" 200 10814 "-" "Mozilla/5.0 (Macintosh; Intel Mac OS X 10_15_7) AppleWebKit/537.36 (KHTML, like Gecko) Chrome/120.0.0.0 Safari/537.36"
140.111.67.10 - - [27/Aug/2026:06:40:12 +0800] "GET /" 301 273 "-" "-"
34.30.223.149 - - [27/Aug/2026:06:40:12 +0800] "GET /33938/wp-json/wp/v2/posts/30 HTTP/1.1" 200 8242 "-" "Mozilla/5.0 (Macintosh; Intel Mac OS X 10_15_7) AppleWebKit/537.36 (KHTML, like Gecko) Chrome/120.0.0.0 Safari/537.36"
::1 - - [27/Aug/2026:06:40:13 +0800] "OPTIONS * HTTP/1.0" 200 110 "-" "Apache/2.4.68 (Ubuntu) OpenSSL/3.0.19 (internal dummy connection)"
34.10.180.98 - - [27/Aug/2026:06:40:13 +0800] "GET /6486/2013/11/29/102%E5%B9%B4%E5%BA%A6%E8%83%BD%E6%BA%90%E7%A7%91%E6%8A%80%E6%95%99%E8%82%B2%E7%A8%AE%E5%AD%90%E6%95%99%E5%B8%AB%E7%A0%94%E7%BF%92/ HTTP/1.1" 200 15231 "-" "Mozilla/5.0 (Macintosh; Intel Mac OS X 10_15_7) AppleWebKit/537.36 (KHTML, like Gecko) Chrome/120.0.0.0 Safari/537.36"
2402:7500:46a:f73c::adb1:a9dd - - [27/Aug/2026:06:40:14 +0800] "-" 408 4801 "-" "-"
2001:288:a201::66:125 - - [27/Aug/2026:06:40:15 +0800] "GET /blog/active.php HTTP/1.1" 301 1026 "-" "-"
2001:288:a201::66:125 - - [27/Aug/2026:06:40:15 +0800] "GET /blog/active.php HTTP/1.1" 404 1084 "-" "-"
34.42.229.145 - - [27/Aug/2026:06:40:15 +0800] "GET /26362/2021/12/22/%E8%B6%8A%E5%8D%97%E6%98%A5%E6%8D%B2diy/ HTTP/1.1" 200 22143 "-" "Mozilla/5.0 (Macintosh; Intel Mac OS X 10_15_7) AppleWebKit/537.36 (KHTML, like Gecko) Chrome/120.0.0.0 Safari/537.36"
66.80.122.71 - - [27/Aug/2026:06:39:15 +0800] "GET /41336/wp-content/uploads/sites/2863/2026/05/ChatGPT-Image-2026%E5%B9%B45%E6%9C%8810%E6%97%A5-%E4%B8%8B%E5%8D%8811_23_10-6-768x432.png HTTP/1.1" 200 134979 "https://2blog.ilc.edu.tw/41336/20260512%E9%82%80%E7%B4%84%E5%88%86%E4%BA%AB%E5%A4%A7%E5%85%89%E5%9C%8B%E5%B0%8F%E6%A2%81%E7%BF%B0%E5%BC%98%E8%80%81%E5%B8%AB%E5%8F%97%E9%82%80%E5%9C%8B%E7%AB%8B%E8%87%BA%E5%8D%97%E5%A4%A7%E5%AD%B8/" "Mozilla/5.0 (Linux; Android 15; Pixel 9) AppleWebKit/537.36 (KHTML, like Gecko) Chrome/151.0.0.0 Mobile Safari/537.36"
138.219.123.210 - - [27/Aug/2026:06:40:16 +0800] "GET /wp-login.php?action=ilc_logout&_wpnonce=020ea612b9&redirect_to=https://telegra.ph/Comedy-Courses-in-London-06-17 HTTP/1.1" 302 8254 "https://www.davidstraussphotography.com/urban-engagement-pictures-in-charleston/" "Mozilla/5.0 (Windows NT 6.3; Win64; x64) AppleWebKit/537.36 (KHTML, like Gecko) Chrome/103.0.0.0 Safari/537.36"
34.10.180.98 - - [27/Aug/2026:06:40:16 +0800] "GET /17160/2021/03/29/%E3%80%90g56%E3%80%91%E5%AA%92%E8%AD%98%E5%B0%88%E9%A1%8C-%E7%9F%AD%E7%89%87%E8%A9%A6%E6%8B%8D%E8%88%87%E7%A0%94%E8%A8%8E/ HTTP/1.1" 200 19871 "-" "Mozilla/5.0 (Macintosh; Intel Mac OS X 10_15_7) AppleWebKit/537.36 (KHTML, like Gecko) Chrome/120.0.0.0 Safari/537.36"
140.111.67.10 - - [27/Aug/2026:06:40:17 +0800] "GET /" 301 273 "-" "-"
::1 - - [27/Aug/2026:06:40:17 +0800] "OPTIONS * HTTP/1.0" 200 110 "-" "Apache/2.4.68 (Ubuntu) OpenSSL/3.0.19 (internal dummy connection)"
::1 - - [27/Aug/2026:06:40:18 +0800] "OPTIONS * HTTP/1.0" 200 110 "-" "Apache/2.4.68 (Ubuntu) OpenSSL/3.0.19 (internal dummy connection)"
::1 - - [27/Aug/2026:06:40:19 +0800] "OPTIONS * HTTP/1.0" 200 110 "-" "Apache/2.4.68 (Ubuntu) OpenSSL/3.0.19 (internal dummy connection)"
34.171.68.95 - - [27/Aug/2026:06:40:20 +0800] "GET /6525/2013/11/15/2-1-%E6%88%B6%E5%A4%96%E7%92%B0%E5%A2%83%E6%95%99%E5%AD%B8-%E6%BA%AA%E6%B5%81%E6%8E%A2%E9%9A%AA%E9%9A%8A/ HTTP/1.1" 200 14510 "-" "Mozilla/5.0 (Macintosh; Intel Mac OS X 10_15_7) AppleWebKit/537.36 (KHTML, like Gecko) Chrome/120.0.0.0 Safari/537.36"
2001:288:a201::66:125 - - [27/Aug/2026:06:40:20 +0800] "GET /blog/active.php HTTP/1.1" 301 1026 "-" "-"
2001:288:a201::66:125 - - [27/Aug/2026:06:40:20 +0800] "GET /blog/active.php HTTP/1.1" 404 1084 "-" "-"
34.10.180.98 - - [27/Aug/2026:06:40:21 +0800] "GET /32745/wp-json/wp/v2/posts/36232 HTTP/1.1" 200 17596 "-" "Mozilla/5.0 (Macintosh; Intel Mac OS X 10_15_7) AppleWebKit/537.36 (KHTML, like Gecko) Chrome/120.0.0.0 Safari/537.36"
140.111.67.10 - - [27/Aug/2026:06:40:22 +0800] "GET /" 301 273 "-" "-"
::1 - - [27/Aug/2026:06:40:22 +0800] "OPTIONS * HTTP/1.0" 200 110 "-" "Apache/2.4.68 (Ubuntu) OpenSSL/3.0.19 (internal dummy connection)"
2409:8728:32f2:32:0:1:0:6 - - [27/Aug/2026:06:40:22 +0800] "GET /favicon.ico HTTP/1.1" 302 5695 "https://2blog.ilc.edu.tw/blog/gallery/7581/7581-3895320.pdf" "Mozilla/5.0 (Windows NT 10.0; Win64; x64) AppleWebKit/537.36 (KHTML, like Gecko) Chrome/144.0.0.0 Safari/537.36"
185.191.171.7 - - [27/Aug/2026:06:40:23 +0800] "GET /5315/2020/10/19/everything-regarding-ukrainian-marital-life-and-divorce/?paged=9 HTTP/1.1" 200 16495 "-" "Mozilla/5.0 (compatible; SemrushBot/7~bl; +http://www.semrush.com/bot.html)"
2409:8728:32f2:32:0:1:0:6 - - [27/Aug/2026:06:40:23 +0800] "GET /wp-includes/images/w-logo-blue-white-bg.png HTTP/1.1" 200 4946 "https://2blog.ilc.edu.tw/blog/gallery/7581/7581-3895320.pdf" "Mozilla/5.0 (Windows NT 10.0; Win64; x64) AppleWebKit/537.36 (KHTML, like Gecko) Chrome/144.0.0.0 Safari/537.36"
::1 - - [27/Aug/2026:06:40:24 +0800] "OPTIONS * HTTP/1.0" 200 110 "-" "Apache/2.4.68 (Ubuntu) OpenSSL/3.0.19 (internal dummy connection)"
2001:288:a201::66:125 - - [27/Aug/2026:06:40:25 +0800] "GET /blog/active.php HTTP/1.1" 301 1026 "-" "-"
2001:288:a201::66:125 - - [27/Aug/2026:06:40:25 +0800] "GET /blog/active.php HTTP/1.1" 404 1084 "-" "-"
34.30.223.149 - - [27/Aug/2026:06:40:25 +0800] "GET /6542/2019/11/06/2-1-1081105%E6%A0%A1%E5%9C%92%E7%A9%BA%E6%B0%A3%E5%93%81%E8%B3%AA%E6%95%99%E8%82%B2%E6%B4%BB%E5%8B%95-%E5%8F%8D%E8%8F%B8%E6%B4%BB%E5%8B%95%E5%AE%A3%E5%B0%8E/ HTTP/1.1" 200 15054 "-" "Mozilla/5.0 (Macintosh; Intel Mac OS X 10_15_7) AppleWebKit/537.36 (KHTML, like Gecko) Chrome/120.0.0.0 Safari/537.36"
34.30.223.149 - - [27/Aug/2026:06:40:26 +0800] "GET /32745/?p=36340 HTTP/1.1" 301 5751 "-" "Mozilla/5.0 (Macintosh; Intel Mac OS X 10_15_7) AppleWebKit/537.36 (KHTML, like Gecko) Chrome/120.0.0.0 Safari/537.36"
66.249.79.138 - - [27/Aug/2026:06:40:25 +0800] "GET /wp-login.php?action=ilc_logout&_wpnonce=43754d0aad&redirect_to=//completiscatho.ml/113wwwjwesilcedutwImL651 HTTP/1.1" 302 8258 "-" "Mozilla/5.0 (Linux; Android 6.0.1; Nexus 5X Build/MMB29P) AppleWebKit/537.36 (KHTML, like Gecko) Chrome/151.0.7922.173 Mobile Safari/537.36 (compatible; Googlebot/2.1; +http://www.google.com/bot.html)"
140.111.67.10 - - [27/Aug/2026:06:40:27 +0800] "GET /" 301 273 "-" "-"
::1 - - [27/Aug/2026:06:40:27 +0800] "OPTIONS * HTTP/1.0" 200 110 "-" "Apache/2.4.68 (Ubuntu) OpenSSL/3.0.19 (internal dummy connection)"
34.123.149.87 - - [27/Aug/2026:06:40:28 +0800] "GET /32745/wp-json/wp/v2/posts/25121 HTTP/1.1" 200 17722 "-" "Mozilla/5.0 (Macintosh; Intel Mac OS X 10_15_7) AppleWebKit/537.36 (KHTML, like Gecko) Chrome/120.0.0.0 Safari/537.36"
34.10.180.98 - - [27/Aug/2026:06:40:28 +0800] "GET /57/2014/12/26/1031215%EF%BC%BB%E4%B9%9D%E8%B2%AB%E8%A8%AA%E8%A6%96%EF%BC%BD%E4%B8%89%E6%98%9F%E5%9C%8B%E4%B8%AD/ HTTP/1.1" 200 14842 "-" "Mozilla/5.0 (Macintosh; Intel Mac OS X 10_15_7) AppleWebKit/537.36 (KHTML, like Gecko) Chrome/120.0.0.0 Safari/537.36"
34.57.162.91 - - [27/Aug/2026:06:40:29 +0800] "GET /32745/2020/05/31/%E6%9D%8E%E6%84%9B%E7%B6%BAvs%E8%95%AD%E9%96%8E%E4%BB%81/ HTTP/1.1" 200 90745 "-" "Mozilla/5.0 (Macintosh; Intel Mac OS X 10_15_7) AppleWebKit/537.36 (KHTML, like Gecko) Chrome/120.0.0.0 Safari/537.36"
2001:288:a201::66:125 - - [27/Aug/2026:06:40:30 +0800] "GET /blog/active.php HTTP/1.1" 404 1084 "-" "-"
2001:288:a201::66:125 - - [27/Aug/2026:06:40:30 +0800] "GET /blog/active.php HTTP/1.1" 301 1026 "-" "-"
136.119.35.120 - - [27/Aug/2026:06:40:30 +0800] "GET /amy6998/?p=1107 HTTP/1.1" 301 5839 "-" "Mozilla/5.0 (Macintosh; Intel Mac OS X 10_15_7) AppleWebKit/537.36 (KHTML, like Gecko) Chrome/120.0.0.0 Safari/537.36"
34.171.68.95 - - [27/Aug/2026:06:40:31 +0800] "GET /32745/wp-json/oembed/1.0/embed?format=xml&url=https://2blog.ilc.edu.tw/32745/2020/07/11/%25e6%25ae%25b7%25e6%25ad%25a3%25e6%25b4%258b/ HTTP/1.1" 200 7087 "-" "Mozilla/5.0 (Macintosh; Intel Mac OS X 10_15_7) AppleWebKit/537.36 (KHTML, like Gecko) Chrome/120.0.0.0 Safari/537.36"
34.123.149.87 - - [27/Aug/2026:06:40:31 +0800] "GET /32745/?p=47227 HTTP/1.1" 301 5731 "-" "Mozilla/5.0 (Macintosh; Intel Mac OS X 10_15_7) AppleWebKit/537.36 (KHTML, like Gecko) Chrome/120.0.0.0 Safari/537.36"
140.111.67.10 - - [27/Aug/2026:06:40:32 +0800] "GET /" 301 273 "-" "-"
66.249.79.138 - - [27/Aug/2026:06:40:31 +0800] "GET /wp-login.php?action=ilc_logout&_wpnonce=43754d0aad&redirect_to=//penavtworlsimpterheart.ml/113wwwjwesilcedutwAts651 HTTP/1.1" 302 3481 "-" "Mozilla/5.0 (Linux; Android 6.0.1; Nexus 5X Build/MMB29P) AppleWebKit/537.36 (KHTML, like Gecko) Chrome/151.0.7922.173 Mobile Safari/537.36 (compatible; Googlebot/2.1; +http://www.google.com/bot.html)"
34.42.229.145 - - [27/Aug/2026:06:40:33 +0800] "GET /3226/?p=4268 HTTP/1.1" 301 5618 "-" "Mozilla/5.0 (Macintosh; Intel Mac OS X 10_15_7) AppleWebKit/537.36 (KHTML, like Gecko) Chrome/120.0.0.0 Safari/537.36"
34.10.180.98 - - [27/Aug/2026:06:40:33 +0800] "GET /6450/wp-json/wp/v2/posts/13071 HTTP/1.1" 200 21402 "-" "Mozilla/5.0 (Macintosh; Intel Mac OS X 10_15_7) AppleWebKit/537.36 (KHTML, like Gecko) Chrome/120.0.0.0 Safari/537.36"
34.56.124.53 - - [27/Aug/2026:06:40:34 +0800] "GET /10889/2012/03/13/%E6%95%99%E8%82%B2%E9%83%A8%E8%87%BA%E7%81%A3%E5%AD%B8%E7%AB%A5%E5%81%A5%E5%BA%B7%E7%B4%A0%E9%A4%8A%E8%AA%BF%E6%9F%A5%E5%95%8F%E5%8D%B7%E5%A1%AB%E7%AD%94/ HTTP/1.1" 200 13864 "-" "Mozilla/5.0 (Macintosh; Intel Mac OS X 10_15_7) AppleWebKit/537.36 (KHTML, like Gecko) Chrome/120.0.0.0 Safari/537.36"
34.30.223.149 - - [27/Aug/2026:06:40:35 +0800] "GET /32745/2024/04/04/%E5%BF%83%E4%BA%8B%E4%BD%A0%E5%98%9B%E7%9F%A5/ HTTP/1.1" 200 91677 "-" "Mozilla/5.0 (Macintosh; Intel Mac OS X 10_15_7) AppleWebKit/537.36 (KHTML, like Gecko) Chrome/120.0.0.0 Safari/537.36"
2001:288:a201::66:125 - - [27/Aug/2026:06:40:35 +0800] "GET /blog/active.php HTTP/1.1" 404 1084 "-" "-"
2001:288:a201::66:125 - - [27/Aug/2026:06:40:35 +0800] "GET /blog/active.php HTTP/1.1" 301 1026 "-" "-"
185.191.171.5 - - [27/Aug/2026:06:40:35 +0800] "GET /blog/blog/26150/resource/122647/4188898 HTTP/1.1" 404 25426 "-" "Mozilla/5.0 (compatible; SemrushBot/7~bl; +http://www.semrush.com/bot.html)"
66.249.71.7 - - [27/Aug/2026:06:40:34 +0800] "GET /wp-login.php?action=ilc_logout&_wpnonce=43754d0aad&redirect_to=//esbitegnemeli.ga/113wwwjwesilcedutwFNe651 HTTP/1.1" 302 8257 "-" "Mozilla/5.0 (Linux; Android 6.0.1; Nexus 5X Build/MMB29P) AppleWebKit/537.36 (KHTML, like Gecko) Chrome/151.0.7922.173 Mobile Safari/537.36 (compatible; Googlebot/2.1; +http://www.google.com/bot.html)"
140.111.67.10 - - [27/Aug/2026:06:40:37 +0800] "GET /" 301 273 "-" "-"
34.56.53.225 - - [27/Aug/2026:06:40:37 +0800] "GET /32745/wp-json/oembed/1.0/embed?url=https://2blog.ilc.edu.tw/32745/2022/10/16/%25e6%259d%258e%25e9%259c%2587%25e5%25b8%25a5/ HTTP/1.1" 200 8275 "-" "Mozilla/5.0 (Macintosh; Intel Mac OS X 10_15_7) AppleWebKit/537.36 (KHTML, like Gecko) Chrome/120.0.0.0 Safari/537.36"
34.42.229.145 - - [27/Aug/2026:06:40:38 +0800] "GET /6486/2014/11/22/103-%E6%A0%A1%E5%9C%92%E7%94%A8%E6%B0%B4%E9%9B%BB%E6%9C%89%E8%B2%A0%E6%88%90%E9%95%B7%EF%BC%8C%E5%B1%95%E7%8F%BE%E5%85%B7%E9%AB%94%E6%88%90%E6%95%88/ HTTP/1.1" 200 14883 "-" "Mozilla/5.0 (Macintosh; Intel Mac OS X 10_15_7) AppleWebKit/537.36 (KHTML, like Gecko) Chrome/120.0.0.0 Safari/537.36"
34.57.162.91 - - [27/Aug/2026:06:40:40 +0800] "GET /6448/?p=390 HTTP/1.1" 301 5872 "-" "Mozilla/5.0 (Macintosh; Intel Mac OS X 10_15_7) AppleWebKit/537.36 (KHTML, like Gecko) Chrome/120.0.0.0 Safari/537.36"
2001:288:a201::66:125 - - [27/Aug/2026:06:40:40 +0800] "GET /blog/active.php HTTP/1.1" 404 1084 "-" "-"
2001:288:a201::66:125 - - [27/Aug/2026:06:40:40 +0800] "GET /blog/active.php HTTP/1.1" 301 1026 "-" "-"
66.249.79.138 - - [27/Aug/2026:06:40:38 +0800] "GET /wp-login.php?action=ilc_logout&_wpnonce=43754d0aad&redirect_to=http://vbsmirnov.ru/creator/57469/ HTTP/1.1" 302 8248 "-" "Mozilla/5.0 (Linux; Android 6.0.1; Nexus 5X Build/MMB29P) AppleWebKit/537.36 (KHTML, like Gecko) Chrome/151.0.7922.173 Mobile Safari/537.36 (compatible; GoogleOther)"
::1 - - [27/Aug/2026:06:40:41 +0800] "OPTIONS * HTTP/1.0" 200 110 "-" "Apache/2.4.68 (Ubuntu) OpenSSL/3.0.19 (internal dummy connection)"
140.111.67.10 - - [27/Aug/2026:06:40:42 +0800] "GET /" 301 273 "-" "-"
185.191.171.11 - - [27/Aug/2026:06:40:42 +0800] "GET /blog/blog/3860/post/14722/62613 HTTP/1.1" 404 25426 "-" "Mozilla/5.0 (compatible; SemrushBot/7~bl; +http://www.semrush.com/bot.html)"
::1 - - [27/Aug/2026:06:40:43 +0800] "OPTIONS * HTTP/1.0" 200 110 "-" "Apache/2.4.68 (Ubuntu) OpenSSL/3.0.19 (internal dummy connection)"
::1 - - [27/Aug/2026:06:40:44 +0800] "OPTIONS * HTTP/1.0" 200 110 "-" "Apache/2.4.68 (Ubuntu) OpenSSL/3.0.19 (internal dummy connection)"
::1 - - [27/Aug/2026:06:40:45 +0800] "OPTIONS * HTTP/1.0" 200 110 "-" "Apache/2.4.68 (Ubuntu) OpenSSL/3.0.19 (internal dummy connection)"
2001:288:a201::66:125 - - [27/Aug/2026:06:40:45 +0800] "GET /blog/active.php HTTP/1.1" 301 1026 "-" "-"
2001:288:a201::66:125 - - [27/Aug/2026:06:40:45 +0800] "GET /blog/active.php HTTP/1.1" 404 1084 "-" "-"
1.162.30.247 - - [27/Aug/2026:06:40:45 +0800] "GET /54/page/15/ HTTP/1.1" 200 44186 "-" "Mozilla/5.0 (Windows NT 10.0; Win64; x64) AppleWebKit/537.36 (KHTML, like Gecko) Chrome/150.0.0.0 Safari/537.36 Edg/150.0.0.0"
85.208.96.209 - - [27/Aug/2026:06:40:46 +0800] "GET /amy6998/2022/08/15/111%E5%B9%B47%E6%9C%8819%E6%97%A5%E6%93%B4%E5%A4%A7%E8%A1%8C%E6%94%BF%E6%9C%83%E8%AD%B0/ HTTP/1.1" 200 18082 "-" "Mozilla/5.0 (compatible; SemrushBot/7~bl; +http://www.semrush.com/bot.html)"
34.123.149.87 - - [27/Aug/2026:06:40:46 +0800] "GET /32745/wp-json/wp/v2/posts/62500 HTTP/1.1" 200 16032 "-" "Mozilla/5.0 (Macintosh; Intel Mac OS X 10_15_7) AppleWebKit/537.36 (KHTML, like Gecko) Chrome/120.0.0.0 Safari/537.36"
140.111.67.10 - - [27/Aug/2026:06:40:47 +0800] "GET /" 301 273 "-" "-"
128.241.102.24 - - [27/Aug/2026:06:40:47 +0800] "GET /images/categorypage/blk.gif HTTP/1.1" 404 35523 "https://2blog.ilc.edu.tw/54/page/15/" "Mozilla/5.0 (Windows NT 10.0; Win64; x64) AppleWebKit/537.36 (KHTML, like Gecko) Chrome/149.0.0.0 Safari/537.36"
85.208.96.198 - - [27/Aug/2026:06:40:48 +0800] "GET /blog/blog/16833/post/40838/563993 HTTP/1.1" 404 25426 "-" "Mozilla/5.0 (compatible; SemrushBot/7~bl; +http://www.semrush.com/bot.html)"
34.123.149.87 - - [27/Aug/2026:06:40:48 +0800] "GET /nalangedu/2019/09/05/ HTTP/1.1" 200 13347 "-" "Mozilla/5.0 (Macintosh; Intel Mac OS X 10_15_7) AppleWebKit/537.36 (KHTML, like Gecko) Chrome/120.0.0.0 Safari/537.36"
34.56.124.53 - - [27/Aug/2026:06:40:48 +0800] "GET /32745/?p=17894 HTTP/1.1" 301 5731 "-" "Mozilla/5.0 (Macintosh; Intel Mac OS X 10_15_7) AppleWebKit/537.36 (KHTML, like Gecko) Chrome/120.0.0.0 Safari/537.36"
2001:288:a201::66:125 - - [27/Aug/2026:06:40:50 +0800] "GET /blog/active.php HTTP/1.1" 404 1084 "-" "-"
2001:288:a201::66:125 - - [27/Aug/2026:06:40:50 +0800] "GET /blog/active.php HTTP/1.1" 301 1026 "-" "-"
34.171.68.95 - - [27/Aug/2026:06:40:51 +0800] "GET /6509/author/sake/page/7/ HTTP/1.1" 200 16259 "-" "Mozilla/5.0 (Macintosh; Intel Mac OS X 10_15_7) AppleWebKit/537.36 (KHTML, like Gecko) Chrome/120.0.0.0 Safari/537.36"
140.111.67.10 - - [27/Aug/2026:06:40:52 +0800] "GET /" 301 273 "-" "-"
66.249.79.138 - - [27/Aug/2026:06:40:50 +0800] "GET /wp-login.php?action=ilc_logout&_wpnonce=43754d0aad&redirect_to=http://1vaz.ru/creator/67392/ HTTP/1.1" 302 8243 "-" "Mozilla/5.0 (Linux; Android 6.0.1; Nexus 5X Build/MMB29P) AppleWebKit/537.36 (KHTML, like Gecko) Chrome/151.0.7922.173 Mobile Safari/537.36 (compatible; GoogleOther)"
52.167.144.139 - - [27/Aug/2026:06:40:52 +0800] "GET /2017/02/07/ HTTP/1.1" 200 19234 "-" "Mozilla/5.0 AppleWebKit/537.36 (KHTML, like Gecko; compatible; bingbot/2.0; +http://www.bing.com/bingbot.htm) Chrome/116.0.1938.76 Safari/537.36"
198.64.93.82 - - [27/Aug/2026:06:40:51 +0800] "GET /wp-content/uploads/sites/2483/9536/9536-741107.jpg HTTP/1.1" 200 18171 "https://2blog.ilc.edu.tw/9536/2011/04/21/%E5%8D%97%E6%96%B9%E6%BE%B3-%E5%8D%97%E9%A2%A8%E6%BE%B3%E2%94%80%E5%8D%97%E9%A2%A8-%E5%8D%97%E6%96%B9-%E8%98%87%E6%BE%B3%E7%81%A3/" "Mozilla/5.0 (iPhone; CPU iPhone OS 18_5 like Mac OS X) AppleWebKit/605.1.15 (KHTML, like Gecko) CriOS/147.0.0.0 Mobile/15E148 Safari/604.1"
2402:7500:46a:f73c::adb1:a9dd - - [27/Aug/2026:06:40:52 +0800] "GET /wp-content/uploads/sites/1155/2024/11/001-1.png HTTP/1.1" 200 186488 "https://www.lmes.ilc.edu.tw/" "Mozilla/5.0 (Linux; Android 10; K) AppleWebKit/537.36 (KHTML, like Gecko) Chrome/151.0.0.0 Mobile Safari/537.36"
34.171.68.95 - - [27/Aug/2026:06:40:53 +0800] "GET /wp-content/uploads/sites/2924/5882/5882-1734721.pdf HTTP/1.1" 200 1147338 "-" "Mozilla/5.0 (Macintosh; Intel Mac OS X 10_15_7) AppleWebKit/537.36 (KHTML, like Gecko) Chrome/120.0.0.0 Safari/537.36"
34.123.149.87 - - [27/Aug/2026:06:40:54 +0800] "GET /25138/wp-json/wp/v2/posts/1296 HTTP/1.1" 200 10584 "-" "Mozilla/5.0 (Macintosh; Intel Mac OS X 10_15_7) AppleWebKit/537.36 (KHTML, like Gecko) Chrome/120.0.0.0 Safari/537.36"
66.249.79.138 - - [27/Aug/2026:06:40:52 +0800] "GET /wp-login.php?action=ilc_logout&_wpnonce=43754d0aad&redirect_to=//diabrildiff.tk/113wwwjwesilcedutwOoG651 HTTP/1.1" 302 3470 "-" "Mozilla/5.0 (Linux; Android 6.0.1; Nexus 5X Build/MMB29P) AppleWebKit/537.36 (KHTML, like Gecko) Chrome/151.0.7922.173 Mobile Safari/537.36 (compatible; Googlebot/2.1; +http://www.google.com/bot.html)"
2a03:2880:f802:2:: - - [27/Aug/2026:06:40:52 +0800] "GET /wp-login.php?key=kaoic379&_wpnonce=&action=ilc_logout&redirect_to=https%3A%2F%2Fchatgpt.com%2F%3Fq%3DPlease+provide+only+the+clickable+link+for+https%3A%2F%2Fwww.aayyy.com+and+without+any+extra+content HTTP/1.1" 302 8370 "-" "Mozilla/5.0 (Macintosh; Intel Mac OS X 10_15_7) AppleWebKit/537.36 (KHTML, like Gecko) Chrome/145.0.0.0 Safari/537.36 (compatible; meta-webindexer/1.1 (+https://developers.facebook.com/docs/sharing/webmasters/crawler))"
34.10.180.98 - - [27/Aug/2026:06:40:54 +0800] "GET /32745/wp-json/wp/v2/posts/87456 HTTP/1.1" 200 17800 "-" "Mozilla/5.0 (Macintosh; Intel Mac OS X 10_15_7) AppleWebKit/537.36 (KHTML, like Gecko) Chrome/120.0.0.0 Safari/537.36"
34.171.68.95 - - [27/Aug/2026:06:40:55 +0800] "GET /amy6998/2024/02/20/113%E5%B9%B41%E6%9C%8816%E6%97%A5%E7%94%9F%E5%91%BD%E6%95%99%E8%82%B2-%E9%A6%99%E8%8D%89%E8%AA%B2%E7%A8%8B/ HTTP/1.1" 200 18021 "-" "Mozilla/5.0 (Macintosh; Intel Mac OS X 10_15_7) AppleWebKit/537.36 (KHTML, like Gecko) Chrome/120.0.0.0 Safari/537.36"
2001:288:a201::66:125 - - [27/Aug/2026:06:40:55 +0800] "GET /blog/active.php HTTP/1.1" 404 1084 "-" "-"
2001:288:a201::66:125 - - [27/Aug/2026:06:40:55 +0800] "GET /blog/active.php HTTP/1.1" 301 1026 "-" "-"
2408:8719:3000:19:37:: - - [27/Aug/2026:06:40:55 +0800] "GET /25138/tag/%e9%96%a9%e5%8d%97%e8%aa%9e%e5%b0%8f%e8%80%81%e5%b8%ab/page/2 HTTP/1.1" 301 5796 "-" "Mozilla/5.0 (Windows NT 10.0; Win64; x64) AppleWebKit/537.36 (KHTML, like Gecko) Chrome/144.0.0.0 Safari/537.36"
185.191.171.15 - - [27/Aug/2026:06:40:53 +0800] "GET /26150/2020/05/12/%E5%87%BD%E8%BD%89%E8%A1%8C%E6%94%BF%E9%99%A2%E8%BE%A6%E7%90%86%E7%B6%B2%E8%B7%AF%E6%80%A7%E5%B9%B3%E5%B0%8F%E5%AD%B8%E5%A0%82%E6%9C%89%E7%8D%8E%E5%BE%B5%E7%AD%94%E6%B4%BB%E5%8B%95%EF%BC%8C%E6%AD%A1/ HTTP/1.1" 200 24691 "-" "Mozilla/5.0 (compatible; SemrushBot/7~bl; +http://www.semrush.com/bot.html)"
34.123.149.87 - - [27/Aug/2026:06:40:56 +0800] "GET /5026/page/55/ HTTP/1.1" 200 14697 "-" "Mozilla/5.0 (Macintosh; Intel Mac OS X 10_15_7) AppleWebKit/537.36 (KHTML, like Gecko) Chrome/120.0.0.0 Safari/537.36"
2408:8738:5000:5:1::6 - - [27/Aug/2026:06:40:55 +0800] "GET /3860/category/c-840/c-11089 HTTP/1.1" 301 5752 "-" "Mozilla/5.0 (Windows NT 10.0; Win64; x64) AppleWebKit/537.36 (KHTML, like Gecko) Chrome/144.0.0.0 Safari/537.36"
2408:8719:3000:19:37:: - - [27/Aug/2026:06:40:56 +0800] "GET /25138/tag/%e9%96%a9%e5%8d%97%e8%aa%9e%e5%b0%8f%e8%80%81%e5%b8%ab/page/2/ HTTP/1.1" 200 13028 "-" "Mozilla/5.0 (Windows NT 10.0; Win64; x64) AppleWebKit/537.36 (KHTML, like Gecko) Chrome/144.0.0.0 Safari/537.36"
207.180.11.252 - - [27/Aug/2026:06:40:55 +0800] "GET /musicjoy/musicer/IMAGES/vivaldi.JPG HTTP/1.1" 404 112905 "-" "-"
34.10.180.98 - - [27/Aug/2026:06:40:56 +0800] "GET /6093/wp-json/wp/v2/categories/19 HTTP/1.1" 200 6832 "-" "Mozilla/5.0 (Macintosh; Intel Mac OS X 10_15_7) AppleWebKit/537.36 (KHTML, like Gecko) Chrome/120.0.0.0 Safari/537.36"
2408:8738:5000:5:1::6 - - [27/Aug/2026:06:40:56 +0800] "GET /3860/category/c-840/c-11089/ HTTP/1.1" 200 11252 "-" "Mozilla/5.0 (Windows NT 10.0; Win64; x64) AppleWebKit/537.36 (KHTML, like Gecko) Chrome/144.0.0.0 Safari/537.36"
2408:8719:3000:19:37:: - - [27/Aug/2026:06:40:56 +0800] "GET /25138/wp-content/cache/2blog.ilc.edu.tw/wpfc-minified/7bmh92rp/8ebh1.css HTTP/1.1" 200 40888 "https://2blog.ilc.edu.tw/25138/tag/%e9%96%a9%e5%8d%97%e8%aa%9e%e5%b0%8f%e8%80%81%e5%b8%ab/page/2/" "Mozilla/5.0 (Windows NT 10.0; Win64; x64) AppleWebKit/537.36 (KHTML, like Gecko) Chrome/144.0.0.0 Safari/537.36"
2a03:2880:f802:16:: - - [27/Aug/2026:06:40:54 +0800] "GET /wp-login.php?key=sgk7l386&_wpnonce=&action=ilc_logout&redirect_to=https%3A%2F%2Fchatgpt.com%2F%3Fq%3DPlease+provide+only+the+clickable+link+for+https%3A%2F%2Fwww.aayyy.com+and+without+any+extra+content HTTP/1.1" 302 8370 "-" "Mozilla/5.0 (Macintosh; Intel Mac OS X 10_15_7) AppleWebKit/537.36 (KHTML, like Gecko) Chrome/145.0.0.0 Safari/537.36 (compatible; meta-webindexer/1.1 (+https://developers.facebook.com/docs/sharing/webmasters/crawler))"
34.57.162.91 - - [27/Aug/2026:06:40:57 +0800] "GET /6545/2017/11/15/106-4-4%E6%8E%A1%E8%A1%8C%E7%B6%A0%E5%BB%BA%E7%AF%89%E8%A7%80%E5%BF%B5/ HTTP/1.1" 200 15675 "-" "Mozilla/5.0 (Macintosh; Intel Mac OS X 10_15_7) AppleWebKit/537.36 (KHTML, like Gecko) Chrome/120.0.0.0 Safari/537.36"
2408:8738:5000:5:1::6 - - [27/Aug/2026:06:40:57 +0800] "GET /3860/wp-content/cache/2blog.ilc.edu.tw/wpfc-minified/dsvp51ho/5woba.css HTTP/1.1" 200 40886 "https://2blog.ilc.edu.tw/3860/category/c-840/c-11089/" "Mozilla/5.0 (Windows NT 10.0; Win64; x64) AppleWebKit/537.36 (KHTML, like Gecko) Chrome/144.0.0.0 Safari/537.36"
140.111.67.10 - - [27/Aug/2026:06:40:57 +0800] "GET /" 301 273 "-" "-"
2408:8719:3000:19:37:: - - [27/Aug/2026:06:40:57 +0800] "GET /25138/wp-content/cache/2blog.ilc.edu.tw/wpfc-minified/21oq81le/8ebh1.css HTTP/1.1" 200 15980 "https://2blog.ilc.edu.tw/25138/tag/%e9%96%a9%e5%8d%97%e8%aa%9e%e5%b0%8f%e8%80%81%e5%b8%ab/page/2/" "Mozilla/5.0 (Windows NT 10.0; Win64; x64) AppleWebKit/537.36 (KHTML, like Gecko) Chrome/144.0.0.0 Safari/537.36"
34.42.229.145 - - [27/Aug/2026:06:40:57 +0800] "GET /6461/2013/11/07/102-%E5%85%92%E7%AB%A5%E9%81%8A%E6%88%B2%E5%A0%B4%E6%AA%A2%E6%A0%B8%E8%A1%A8/ HTTP/1.1" 200 14997 "-" "Mozilla/5.0 (Macintosh; Intel Mac OS X 10_15_7) AppleWebKit/537.36 (KHTML, like Gecko) Chrome/120.0.0.0 Safari/537.36"
2408:8719:3000:19:37:: - - [27/Aug/2026:06:40:57 +0800] "GET /25138/wp-content/cache/2blog.ilc.edu.tw/wpfc-minified/7lm5mhl1/8ebh1.css HTTP/1.1" 200 19350 "https://2blog.ilc.edu.tw/25138/tag/%e9%96%a9%e5%8d%97%e8%aa%9e%e5%b0%8f%e8%80%81%e5%b8%ab/page/2/" "Mozilla/5.0 (Windows NT 10.0; Win64; x64) AppleWebKit/537.36 (KHTML, like Gecko) Chrome/144.0.0.0 Safari/537.36"
2408:8719:3000:19:37:: - - [27/Aug/2026:06:40:57 +0800] "GET /25138/wp-content/cache/2blog.ilc.edu.tw/wpfc-minified/nj0w2r1/8ebh1.css HTTP/1.1" 200 14211 "https://2blog.ilc.edu.tw/25138/tag/%e9%96%a9%e5%8d%97%e8%aa%9e%e5%b0%8f%e8%80%81%e5%b8%ab/page/2/" "Mozilla/5.0 (Windows NT 10.0; Win64; x64) AppleWebKit/537.36 (KHTML, like Gecko) Chrome/144.0.0.0 Safari/537.36"
2408:8719:3000:19:37:: - - [27/Aug/2026:06:40:57 +0800] "GET /25138/wp-content/themes/hueman/assets/front/webfonts/fa-brands-400.woff2?v=5.15.2 HTTP/1.1" 200 84293 "https://2blog.ilc.edu.tw/25138/tag/%e9%96%a9%e5%8d%97%e8%aa%9e%e5%b0%8f%e8%80%81%e5%b8%ab/page/2/" "Mozilla/5.0 (Windows NT 10.0; Win64; x64) AppleWebKit/537.36 (KHTML, like Gecko) Chrome/144.0.0.0 Safari/537.36"
2408:8719:3000:19:37:: - - [27/Aug/2026:06:40:57 +0800] "GET /25138/wp-content/cache/2blog.ilc.edu.tw/wpfc-minified/qh94las7/8ebh1.js HTTP/1.1" 200 40358 "https://2blog.ilc.edu.tw/25138/tag/%e9%96%a9%e5%8d%97%e8%aa%9e%e5%b0%8f%e8%80%81%e5%b8%ab/page/2/" "Mozilla/5.0 (Windows NT 10.0; Win64; x64) AppleWebKit/537.36 (KHTML, like Gecko) Chrome/144.0.0.0 Safari/537.36"
2408:8719:3000:19:37:: - - [27/Aug/2026:06:40:57 +0800] "GET /25138/wp-content/themes/hueman/assets/front/webfonts/fa-regular-400.woff2?v=5.15.2 HTTP/1.1" 200 19233 "https://2blog.ilc.edu.tw/25138/tag/%e9%96%a9%e5%8d%97%e8%aa%9e%e5%b0%8f%e8%80%81%e5%b8%ab/page/2/" "Mozilla/5.0 (Windows NT 10.0; Win64; x64) AppleWebKit/537.36 (KHTML, like Gecko) Chrome/144.0.0.0 Safari/537.36"
2408:8719:3000:19:37:: - - [27/Aug/2026:06:40:57 +0800] "GET /25138/wp-content/themes/hueman/assets/front/webfonts/fa-solid-900.woff2?v=5.15.2 HTTP/1.1" 200 81301 "https://2blog.ilc.edu.tw/25138/tag/%e9%96%a9%e5%8d%97%e8%aa%9e%e5%b0%8f%e8%80%81%e5%b8%ab/page/2/" "Mozilla/5.0 (Windows NT 10.0; Win64; x64) AppleWebKit/537.36 (KHTML, like Gecko) Chrome/144.0.0.0 Safari/537.36"
2408:8738:5000:5:1::6 - - [27/Aug/2026:06:40:57 +0800] "GET /3860/wp-content/cache/2blog.ilc.edu.tw/wpfc-minified/6o39im4d/5woba.css HTTP/1.1" 200 15980 "https://2blog.ilc.edu.tw/3860/category/c-840/c-11089/" "Mozilla/5.0 (Windows NT 10.0; Win64; x64) AppleWebKit/537.36 (KHTML, like Gecko) Chrome/144.0.0.0 Safari/537.36"
2408:8738:5000:5:1::6 - - [27/Aug/2026:06:40:57 +0800] "GET /3860/wp-content/cache/2blog.ilc.edu.tw/wpfc-minified/dew18x1z/5wolc.js HTTP/1.1" 200 60581 "https://2blog.ilc.edu.tw/3860/category/c-840/c-11089/" "Mozilla/5.0 (Windows NT 10.0; Win64; x64) AppleWebKit/537.36 (KHTML, like Gecko) Chrome/144.0.0.0 Safari/537.36"
2408:8738:5000:5:1::6 - - [27/Aug/2026:06:40:57 +0800] "GET /3860/wp-includes/js/hoverintent-js.min.js HTTP/1.1" 200 6391 "https://2blog.ilc.edu.tw/3860/category/c-840/c-11089/" "Mozilla/5.0 (Windows NT 10.0; Win64; x64) AppleWebKit/537.36 (KHTML, like Gecko) Chrome/144.0.0.0 Safari/537.36"
2408:8738:5000:5:1::6 - - [27/Aug/2026:06:40:57 +0800] "GET /3860/wp-includes/js/admin-bar.min.js HTTP/1.1" 200 7031 "https://2blog.ilc.edu.tw/3860/category/c-840/c-11089/" "Mozilla/5.0 (Windows NT 10.0; Win64; x64) AppleWebKit/537.36 (KHTML, like Gecko) Chrome/144.0.0.0 Safari/537.36"
66.249.71.7 - - [27/Aug/2026:06:40:56 +0800] "GET /wp-login.php?action=ilc_logout&_wpnonce=43754d0aad&redirect_to=//talosi.gq/113wwwjwesilcedutwQdz651 HTTP/1.1" 302 8250 "-" "Mozilla/5.0 (Linux; Android 6.0.1; Nexus 5X Build/MMB29P) AppleWebKit/537.36 (KHTML, like Gecko) Chrome/151.0.7922.173 Mobile Safari/537.36 (compatible; Googlebot/2.1; +http://www.google.com/bot.html)"
2408:8719:3000:19:37:: - - [27/Aug/2026:06:40:58 +0800] "GET /25138/wp-content/themes/hueman/assets/front/fonts/titillium-light-webfont.woff HTTP/1.1" 200 25606 "https://2blog.ilc.edu.tw/25138/tag/%e9%96%a9%e5%8d%97%e8%aa%9e%e5%b0%8f%e8%80%81%e5%b8%ab/page/2/" "Mozilla/5.0 (Windows NT 10.0; Win64; x64) AppleWebKit/537.36 (KHTML, like Gecko) Chrome/144.0.0.0 Safari/537.36"
2408:8719:3000:19:37:: - - [27/Aug/2026:06:40:58 +0800] "GET /25138/wp-content/themes/hueman/assets/front/fonts/titillium-lightitalic-webfont.woff HTTP/1.1" 200 27654 "https://2blog.ilc.edu.tw/25138/tag/%e9%96%a9%e5%8d%97%e8%aa%9e%e5%b0%8f%e8%80%81%e5%b8%ab/page/2/" "Mozilla/5.0 (Windows NT 10.0; Win64; x64) AppleWebKit/537.36 (KHTML, like Gecko) Chrome/144.0.0.0 Safari/537.36"
2408:8719:3000:19:37:: - - [27/Aug/2026:06:40:58 +0800] "GET /25138/wp-content/themes/hueman/assets/front/fonts/titillium-regular-webfont.woff HTTP/1.1" 200 25590 "https://2blog.ilc.edu.tw/25138/tag/%e9%96%a9%e5%8d%97%e8%aa%9e%e5%b0%8f%e8%80%81%e5%b8%ab/page/2/" "Mozilla/5.0 (Windows NT 10.0; Win64; x64) AppleWebKit/537.36 (KHTML, like Gecko) Chrome/144.0.0.0 Safari/537.36"
2408:8719:3000:19:37:: - - [27/Aug/2026:06:40:58 +0800] "GET /25138/wp-content/themes/hueman/assets/front/fonts/titillium-regularitalic-webfont.woff HTTP/1.1" 200 27482 "https://2blog.ilc.edu.tw/25138/tag/%e9%96%a9%e5%8d%97%e8%aa%9e%e5%b0%8f%e8%80%81%e5%b8%ab/page/2/" "Mozilla/5.0 (Windows NT 10.0; Win64; x64) AppleWebKit/537.36 (KHTML, like Gecko) Chrome/144.0.0.0 Safari/537.36"
34.10.180.98 - - [27/Aug/2026:06:40:58 +0800] "GET /6516/?p=3282 HTTP/1.1" 301 5679 "-" "Mozilla/5.0 (Macintosh; Intel Mac OS X 10_15_7) AppleWebKit/537.36 (KHTML, like Gecko) Chrome/120.0.0.0 Safari/537.36"
2408:8719:3000:19:37:: - - [27/Aug/2026:06:40:58 +0800] "GET /25138/wp-content/themes/hueman/assets/front/fonts/titillium-semibold-webfont.woff HTTP/1.1" 200 25626 "https://2blog.ilc.edu.tw/25138/tag/%e9%96%a9%e5%8d%97%e8%aa%9e%e5%b0%8f%e8%80%81%e5%b8%ab/page/2/" "Mozilla/5.0 (Windows NT 10.0; Win64; x64) AppleWebKit/537.36 (KHTML, like Gecko) Chrome/144.0.0.0 Safari/537.36"
2408:8719:3000:19:37:: - - [27/Aug/2026:06:40:58 +0800] "GET /25138/wp-includes/js/hoverintent-js.min.js HTTP/1.1" 200 1597 "https://2blog.ilc.edu.tw/25138/tag/%e9%96%a9%e5%8d%97%e8%aa%9e%e5%b0%8f%e8%80%81%e5%b8%ab/page/2/" "Mozilla/5.0 (Windows NT 10.0; Win64; x64) AppleWebKit/537.36 (KHTML, like Gecko) Chrome/144.0.0.0 Safari/537.36"
2408:8719:3000:19:37:: - - [27/Aug/2026:06:40:58 +0800] "GET /25138/wp-includes/js/admin-bar.min.js HTTP/1.1" 200 2237 "https://2blog.ilc.edu.tw/25138/tag/%e9%96%a9%e5%8d%97%e8%aa%9e%e5%b0%8f%e8%80%81%e5%b8%ab/page/2/" "Mozilla/5.0 (Windows NT 10.0; Win64; x64) AppleWebKit/537.36 (KHTML, like Gecko) Chrome/144.0.0.0 Safari/537.36"
2408:8719:3000:19:37:: - - [27/Aug/2026:06:40:58 +0800] "GET /25138/wp-includes/js/underscore.min.js HTTP/1.1" 200 8191 "https://2blog.ilc.edu.tw/25138/tag/%e9%96%a9%e5%8d%97%e8%aa%9e%e5%b0%8f%e8%80%81%e5%b8%ab/page/2/" "Mozilla/5.0 (Windows NT 10.0; Win64; x64) AppleWebKit/537.36 (KHTML, like Gecko) Chrome/144.0.0.0 Safari/537.36"
2408:8719:3000:19:37:: - - [27/Aug/2026:06:40:58 +0800] "GET /25138/wp-content/themes/hueman/assets/front/js/scripts.min.js HTTP/1.1" 200 22643 "https://2blog.ilc.edu.tw/25138/tag/%e9%96%a9%e5%8d%97%e8%aa%9e%e5%b0%8f%e8%80%81%e5%b8%ab/page/2/" "Mozilla/5.0 (Windows NT 10.0; Win64; x64) AppleWebKit/537.36 (KHTML, like Gecko) Chrome/144.0.0.0 Safari/537.36"
85.208.96.209 - - [27/Aug/2026:06:40:58 +0800] "GET /blog/blog/968/post/60833/356918 HTTP/1.1" 404 25426 "-" "Mozilla/5.0 (compatible; SemrushBot/7~bl; +http://www.semrush.com/bot.html)"
66.249.79.171 - - [27/Aug/2026:06:40:58 +0800] "GET /www.betortam1.net/www.betortam1.net/?paged=11 HTTP/1.1" 200 28951 "-" "Mozilla/5.0 (Linux; Android 6.0.1; Nexus 5X Build/MMB29P) AppleWebKit/537.36 (KHTML, like Gecko) Chrome/151.0.7922.173 Mobile Safari/537.36 (compatible; Googlebot/2.1; +http://www.google.com/bot.html)"
2408:8719:3000:19:37:: - - [27/Aug/2026:06:40:58 +0800] "GET /favicon.ico HTTP/1.1" 302 901 "https://2blog.ilc.edu.tw/25138/tag/%e9%96%a9%e5%8d%97%e8%aa%9e%e5%b0%8f%e8%80%81%e5%b8%ab/page/2/" "Mozilla/5.0 (Windows NT 10.0; Win64; x64) AppleWebKit/537.36 (KHTML, like Gecko) Chrome/144.0.0.0 Safari/537.36"
2408:8738:5000:5:1::6 - - [27/Aug/2026:06:40:59 +0800] "GET /3860/wp-content/themes/mynote/assets/webfonts/fa-solid-900.woff2 HTTP/1.1" 200 60555 "https://2blog.ilc.edu.tw/3860/wp-content/cache/2blog.ilc.edu.tw/wpfc-minified/2n9laxoh/5wolc.css" "Mozilla/5.0 (Windows NT 10.0; Win64; x64) AppleWebKit/537.36 (KHTML, like Gecko) Chrome/144.0.0.0 Safari/537.36"
2408:8719:3000:19:37:: - - [27/Aug/2026:06:40:59 +0800] "GET /wp-includes/images/w-logo-blue-white-bg.png HTTP/1.1" 200 4946 "https://2blog.ilc.edu.tw/25138/tag/%e9%96%a9%e5%8d%97%e8%aa%9e%e5%b0%8f%e8%80%81%e5%b8%ab/page/2/" "Mozilla/5.0 (Windows NT 10.0; Win64; x64) AppleWebKit/537.36 (KHTML, like Gecko) Chrome/144.0.0.0 Safari/537.36"
34.171.68.95 - - [27/Aug/2026:06:40:58 +0800] "GET /17160/2015/11/16/page/2/ HTTP/1.1" 200 17641 "-" "Mozilla/5.0 (Macintosh; Intel Mac OS X 10_15_7) AppleWebKit/537.36 (KHTML, like Gecko) Chrome/120.0.0.0 Safari/537.36"
2408:8738:5000:5:1::6 - - [27/Aug/2026:06:40:59 +0800] "GET /3860/wp-content/uploads/sites/1494/2020/11/cropped-2020-11-16-1-32x32.png HTTP/1.1" 200 2260 "https://2blog.ilc.edu.tw/3860/category/c-840/c-11089/" "Mozilla/5.0 (Windows NT 10.0; Win64; x64) AppleWebKit/537.36 (KHTML, like Gecko) Chrome/144.0.0.0 Safari/537.36"
2409:8c28:5460:902::53 - - [27/Aug/2026:06:40:59 +0800] "GET /6460/wp-content/cache/2blog.ilc.edu.tw/wpfc-minified/eirbthmj/9qijh.css HTTP/1.1" 200 20576 "https://2blog.ilc.edu.tw/6460/" "Mozilla/5.0 (Windows NT 10.0; Win64; x64) AppleWebKit/537.36 (KHTML, like Gecko) Chrome/144.0.0.0 Safari/537.36"
2409:8c28:5460:902::53 - - [27/Aug/2026:06:40:59 +0800] "GET /6460/wp-content/cache/2blog.ilc.edu.tw/wpfc-minified/f5sbemse/9qijh.css HTTP/1.1" 200 58430 "https://2blog.ilc.edu.tw/6460/" "Mozilla/5.0 (Windows NT 10.0; Win64; x64) AppleWebKit/537.36 (KHTML, like Gecko) Chrome/144.0.0.0 Safari/537.36"
2409:8c28:5460:902::53 - - [27/Aug/2026:06:40:59 +0800] "GET /6460/wp-content/cache/2blog.ilc.edu.tw/wpfc-minified/6lryfrji/9qijs.js HTTP/1.1" 200 40358 "https://2blog.ilc.edu.tw/6460/" "Mozilla/5.0 (Windows NT 10.0; Win64; x64) AppleWebKit/537.36 (KHTML, like Gecko) Chrome/144.0.0.0 Safari/537.36"
2409:8c28:5460:902::53 - - [27/Aug/2026:06:41:00 +0800] "GET /6460/wp-includes/js/imagesloaded.min.js HTTP/1.1" 200 2683 "https://2blog.ilc.edu.tw/6460/" "Mozilla/5.0 (Windows NT 10.0; Win64; x64) AppleWebKit/537.36 (KHTML, like Gecko) Chrome/144.0.0.0 Safari/537.36"
2001:288:a201::66:125 - - [27/Aug/2026:06:41:00 +0800] "GET /blog/active.php HTTP/1.1" 404 1084 "-" "-"
240e:b8f:700:1d00:ded8:7cff:fe5a:7198 - - [27/Aug/2026:06:41:00 +0800] "GET /5315/wp-content/plugins/google-drive-embedder/css/gdm-blocks.css HTTP/1.1" 200 5954 "https://2blog.ilc.edu.tw/5315/category/c-8840/c-8842/" "Mozilla/5.0 (Windows NT 10.0; Win64; x64) AppleWebKit/537.36 (KHTML, like Gecko) Chrome/144.0.0.0 Safari/537.36"
34.171.68.95 - - [27/Aug/2026:06:41:00 +0800] "GET /32745/wp-json/oembed/1.0/embed?format=xml&url=https://2blog.ilc.edu.tw/32745/2020/08/15/%25e5%258d%2597%25e9%259d%25a2%25e8%25b5%25b7%25e9%25bc%2593/ HTTP/1.1" 200 7234 "-" "Mozilla/5.0 (Macintosh; Intel Mac OS X 10_15_7) AppleWebKit/537.36 (KHTML, like Gecko) Chrome/120.0.0.0 Safari/537.36"
240e:b8f:700:1d00:ded8:7cff:fe5a:7198 - - [27/Aug/2026:06:41:00 +0800] "GET /5315/wp-content/themes/huemanilc/assets/front/css/main.min.css HTTP/1.1" 200 23255 "https://2blog.ilc.edu.tw/5315/category/c-8840/c-8842/" "Mozilla/5.0 (Windows NT 10.0; Win64; x64) AppleWebKit/537.36 (KHTML, like Gecko) Chrome/144.0.0.0 Safari/537.36"
2001:288:a201::66:125 - - [27/Aug/2026:06:41:00 +0800] "GET /blog/active.php HTTP/1.1" 301 1026 "-" "-"
240e:b8f:700:1d00:ded8:7cff:fe5a:7198 - - [27/Aug/2026:06:41:00 +0800] "GET /5315/wp-content/themes/huemanilc/assets/front/css/font-awesome.min.css HTTP/1.1" 200 16999 "https://2blog.ilc.edu.tw/5315/category/c-8840/c-8842/" "Mozilla/5.0 (Windows NT 10.0; Win64; x64) AppleWebKit/537.36 (KHTML, like Gecko) Chrome/144.0.0.0 Safari/537.36"
240e:b8f:700:1d00:ded8:7cff:fe5a:7198 - - [27/Aug/2026:06:41:00 +0800] "GET /5315/wp-includes/js/jquery/jquery.min.js HTTP/1.1" 200 36153 "https://2blog.ilc.edu.tw/5315/category/c-8840/c-8842/" "Mozilla/5.0 (Windows NT 10.0; Win64; x64) AppleWebKit/537.36 (KHTML, like Gecko) Chrome/144.0.0.0 Safari/537.36"
34.171.68.95 - - [27/Aug/2026:06:41:00 +0800] "GET /32745/wp-json/wp/v2/categories/1293 HTTP/1.1" 200 6501 "-" "Mozilla/5.0 (Macintosh; Intel Mac OS X 10_15_7) AppleWebKit/537.36 (KHTML, like Gecko) Chrome/120.0.0.0 Safari/537.36"
2409:8c28:5460:902::53 - - [27/Aug/2026:06:41:00 +0800] "GET /6460/wp-content/themes/oceanwp/assets/js/drop-down-search.min.js HTTP/1.1" 200 2968 "https://2blog.ilc.edu.tw/6460/" "Mozilla/5.0 (Windows NT 10.0; Win64; x64) AppleWebKit/537.36 (KHTML, like Gecko) Chrome/144.0.0.0 Safari/537.36"
240e:b8f:700:1d00:ded8:7cff:fe5a:7198 - - [27/Aug/2026:06:41:00 +0800] "GET /5315/wp-content/themes/huemanilc/assets/front/js/libs/jquery.flexslider.min.js HTTP/1.1" 200 7398 "https://2blog.ilc.edu.tw/5315/category/c-8840/c-8842/" "Mozilla/5.0 (Windows NT 10.0; Win64; x64) AppleWebKit/537.36 (KHTML, like Gecko) Chrome/144.0.0.0 Safari/537.36"
2409:8c28:5460:902::53 - - [27/Aug/2026:06:41:01 +0800] "GET /6460/wp-content/themes/oceanwp/assets/js/ow-lightbox.min.js HTTP/1.1" 200 7115 "https://2blog.ilc.edu.tw/6460/" "Mozilla/5.0 (Windows NT 10.0; Win64; x64) AppleWebKit/537.36 (KHTML, like Gecko) Chrome/144.0.0.0 Safari/537.36"
2409:8c28:5460:902::53 - - [27/Aug/2026:06:41:01 +0800] "GET /6460/wp-content/themes/oceanwp/assets/js/vendors/flickity.pkgd.min.js HTTP/1.1" 200 15048 "https://2blog.ilc.edu.tw/6460/" "Mozilla/5.0 (Windows NT 10.0; Win64; x64) AppleWebKit/537.36 (KHTML, like Gecko) Chrome/144.0.0.0 Safari/537.36"
2409:8c28:5460:902::53 - - [27/Aug/2026:06:41:01 +0800] "GET /6460/wp-content/themes/oceanwp/assets/js/ow-slider.min.js HTTP/1.1" 200 1761 "https://2blog.ilc.edu.tw/6460/" "Mozilla/5.0 (Windows NT 10.0; Win64; x64) AppleWebKit/537.36 (KHTML, like Gecko) Chrome/144.0.0.0 Safari/537.36"
2409:8c28:5460:902::53 - - [27/Aug/2026:06:41:01 +0800] "GET /6460/wp-content/themes/oceanwp/assets/js/select.min.js HTTP/1.1" 200 2408 "https://2blog.ilc.edu.tw/6460/" "Mozilla/5.0 (Windows NT 10.0; Win64; x64) AppleWebKit/537.36 (KHTML, like Gecko) Chrome/144.0.0.0 Safari/537.36"
85.208.96.202 - - [27/Aug/2026:06:41:01 +0800] "GET /robots.txt HTTP/1.1" 200 5551 "-" "Mozilla/5.0 (compatible; SemrushBot/7~bl; +http://www.semrush.com/bot.html)"
66.249.71.7 - - [27/Aug/2026:06:40:59 +0800] "GET /wp-login.php?action=ilc_logout&_wpnonce=43754d0aad&redirect_to=//master-service-chel.ru/join/75180/ HTTP/1.1" 302 8250 "-" "Mozilla/5.0 (Linux; Android 6.0.1; Nexus 5X Build/MMB29P) AppleWebKit/537.36 (KHTML, like Gecko) Chrome/151.0.7922.173 Mobile Safari/537.36 (compatible; Googlebot/2.1; +http://www.google.com/bot.html)"
34.171.68.95 - - [27/Aug/2026:06:41:02 +0800] "GET /6489/?p=2738 HTTP/1.1" 301 5648 "-" "Mozilla/5.0 (Macintosh; Intel Mac OS X 10_15_7) AppleWebKit/537.36 (KHTML, like Gecko) Chrome/120.0.0.0 Safari/537.36"
140.111.67.10 - - [27/Aug/2026:06:41:02 +0800] "GET /" 301 273 "-" "-"
::1 - - [27/Aug/2026:06:41:02 +0800] "OPTIONS * HTTP/1.0" 200 110 "-" "Apache/2.4.68 (Ubuntu) OpenSSL/3.0.19 (internal dummy connection)"
240e:958:1200:402:be06:333a:7cc8:7 - - [27/Aug/2026:06:41:02 +0800] "GET /32745/category/%e8%87%a3%e8%87%a3 HTTP/1.1" 301 5758 "-" "Mozilla/5.0 (Windows NT 10.0; Win64; x64) AppleWebKit/537.36 (KHTML, like Gecko) Chrome/144.0.0.0 Safari/537.36"
34.123.149.87 - - [27/Aug/2026:06:41:03 +0800] "GET /6460/2013/11/26/102_%E5%8D%88%E9%A4%90%E5%BB%9A%E9%A4%98%E7%AE%A1%E7%90%86/ HTTP/1.1" 200 16011 "-" "Mozilla/5.0 (Macintosh; Intel Mac OS X 10_15_7) AppleWebKit/537.36 (KHTML, like Gecko) Chrome/120.0.0.0 Safari/537.36"
::1 - - [27/Aug/2026:06:41:03 +0800] "OPTIONS * HTTP/1.0" 200 110 "-" "Apache/2.4.68 (Ubuntu) OpenSSL/3.0.19 (internal dummy connection)"
185.191.171.15 - - [27/Aug/2026:06:41:03 +0800] "GET /guest/favorites?ref=hdr-fav HTTP/1.1" 404 75798 "-" "Mozilla/5.0 (compatible; SemrushBot/7~bl; +http://www.semrush.com/bot.html)"
34.42.229.145 - - [27/Aug/2026:06:41:04 +0800] "GET /32745/category/%E4%B8%80%E7%B6%BEvs%E9%8C%A2%E6%BE%84/feed/ HTTP/1.1" 200 8690 "-" "Mozilla/5.0 (Macintosh; Intel Mac OS X 10_15_7) AppleWebKit/537.36 (KHTML, like Gecko) Chrome/120.0.0.0 Safari/537.36"
::1 - - [27/Aug/2026:06:41:04 +0800] "OPTIONS * HTTP/1.0" 200 110 "-" "Apache/2.4.68 (Ubuntu) OpenSSL/3.0.19 (internal dummy connection)"
240e:958:1200:402:be06:333a:7cc8:7 - - [27/Aug/2026:06:41:03 +0800] "GET /32745/category/%e8%87%a3%e8%87%a3/ HTTP/1.1" 200 85692 "-" "Mozilla/5.0 (Windows NT 10.0; Win64; x64) AppleWebKit/537.36 (KHTML, like Gecko) Chrome/144.0.0.0 Safari/537.36"
2409:8770:2f0:650::55 - - [27/Aug/2026:06:41:04 +0800] "GET /27431/wp-includes/css/dashicons.min.css HTTP/1.1" 200 41530 "https://2blog.ilc.edu.tw/27431/?cat=35" "Mozilla/5.0 (Windows NT 10.0; Win64; x64) AppleWebKit/537.36 (KHTML, like Gecko) Chrome/144.0.0.0 Safari/537.36"
2409:8770:2f0:650::55 - - [27/Aug/2026:06:41:04 +0800] "GET /27431/wp-includes/css/dist/block-library/style.min.css HTTP/1.1" 200 20574 "https://2blog.ilc.edu.tw/27431/?cat=35" "Mozilla/5.0 (Windows NT 10.0; Win64; x64) AppleWebKit/537.36 (KHTML, like Gecko) Chrome/144.0.0.0 Safari/537.36"
2409:8770:2f0:650::55 - - [27/Aug/2026:06:41:04 +0800] "GET /27431/wp-includes/css/admin-bar.min.css HTTP/1.1" 200 9479 "https://2blog.ilc.edu.tw/27431/?cat=35" "Mozilla/5.0 (Windows NT 10.0; Win64; x64) AppleWebKit/537.36 (KHTML, like Gecko) Chrome/144.0.0.0 Safari/537.36"
2409:8770:2f0:650::55 - - [27/Aug/2026:06:41:04 +0800] "GET /27431/wp-content/plugins/google-drive-embedder/css/gdm-blocks.css HTTP/1.1" 200 5954 "https://2blog.ilc.edu.tw/27431/?cat=35" "Mozilla/5.0 (Windows NT 10.0; Win64; x64) AppleWebKit/537.36 (KHTML, like Gecko) Chrome/144.0.0.0 Safari/537.36"
2409:8770:2f0:650::55 - - [27/Aug/2026:06:41:04 +0800] "GET /27431/wp-content/themes/karuna/style.css HTTP/1.1" 200 13626 "https://2blog.ilc.edu.tw/27431/?cat=35" "Mozilla/5.0 (Windows NT 10.0; Win64; x64) AppleWebKit/537.36 (KHTML, like Gecko) Chrome/144.0.0.0 Safari/537.36"
240e:958:1200:402:be06:333a:7cc8:7 - - [27/Aug/2026:06:41:04 +0800] "GET /32745/wp-content/cache/2blog.ilc.edu.tw/wpfc-minified/f2uhad48/5wowx.css HTTP/1.1" 200 40888 "https://2blog.ilc.edu.tw/32745/category/%e8%87%a3%e8%87%a3/" "Mozilla/5.0 (Windows NT 10.0; Win64; x64) AppleWebKit/537.36 (KHTML, like Gecko) Chrome/144.0.0.0 Safari/537.36"
240e:958:1200:402:be06:333a:7cc8:7 - - [27/Aug/2026:06:41:05 +0800] "GET /32745/wp-content/cache/2blog.ilc.edu.tw/wpfc-minified/g0brenjo/5wowx.css HTTP/1.1" 200 15980 "https://2blog.ilc.edu.tw/32745/category/%e8%87%a3%e8%87%a3/" "Mozilla/5.0 (Windows NT 10.0; Win64; x64) AppleWebKit/537.36 (KHTML, like Gecko) Chrome/144.0.0.0 Safari/537.36"
240e:958:1200:402:be06:333a:7cc8:7 - - [27/Aug/2026:06:41:05 +0800] "GET /32745/wp-content/cache/2blog.ilc.edu.tw/wpfc-minified/qhgmkf5a/5wowx.css HTTP/1.1" 200 18880 "https://2blog.ilc.edu.tw/32745/category/%e8%87%a3%e8%87%a3/" "Mozilla/5.0 (Windows NT 10.0; Win64; x64) AppleWebKit/537.36 (KHTML, like Gecko) Chrome/144.0.0.0 Safari/537.36"
2409:8770:2f0:650::55 - - [27/Aug/2026:06:41:05 +0800] "GET /27431/wp-content/themes/karuna/assets/fonts/genericons/genericons/genericons.css HTTP/1.1" 200 17400 "https://2blog.ilc.edu.tw/27431/wp-content/themes/karuna/assets/fonts/genericons/genericons.css" "Mozilla/5.0 (Windows NT 10.0; Win64; x64) AppleWebKit/537.36 (KHTML, like Gecko) Chrome/144.0.0.0 Safari/537.36"
240e:958:1200:402:be06:333a:7cc8:7 - - [27/Aug/2026:06:41:05 +0800] "GET /32745/wp-content/cache/2blog.ilc.edu.tw/wpfc-minified/eqzk2ee8/5wowx.css HTTP/1.1" 200 14210 "https://2blog.ilc.edu.tw/32745/category/%e8%87%a3%e8%87%a3/" "Mozilla/5.0 (Windows NT 10.0; Win64; x64) AppleWebKit/537.36 (KHTML, like Gecko) Chrome/144.0.0.0 Safari/537.36"
2409:8770:2f0:650::55 - - [27/Aug/2026:06:41:05 +0800] "GET /27431/wp-includes/js/jquery/jquery-migrate.min.js HTTP/1.1" 200 5752 "https://2blog.ilc.edu.tw/27431/?cat=35" "Mozilla/5.0 (Windows NT 10.0; Win64; x64) AppleWebKit/537.36 (KHTML, like Gecko) Chrome/144.0.0.0 Safari/537.36"
34.123.149.87 - - [27/Aug/2026:06:41:05 +0800] "GET /32745/2022/05/14/%E5%8B%87%E6%95%A2%E5%90%91%E5%89%8D%E8%A1%8C-2/ HTTP/1.1" 200 93053 "-" "Mozilla/5.0 (Macintosh; Intel Mac OS X 10_15_7) AppleWebKit/537.36 (KHTML, like Gecko) Chrome/120.0.0.0 Safari/537.36"
240e:958:1200:402:be06:333a:7cc8:7 - - [27/Aug/2026:06:41:05 +0800] "GET /32745/wp-content/cache/2blog.ilc.edu.tw/wpfc-minified/f3ifmbuo/5wowx.js HTTP/1.1" 200 8252 "https://2blog.ilc.edu.tw/32745/category/%e8%87%a3%e8%87%a3/" "Mozilla/5.0 (Windows NT 10.0; Win64; x64) AppleWebKit/537.36 (KHTML, like Gecko) Chrome/144.0.0.0 Safari/537.36"
240e:958:1200:402:be06:333a:7cc8:7 - - [27/Aug/2026:06:41:05 +0800] "GET /32745/wp-content/cache/2blog.ilc.edu.tw/wpfc-minified/eh58b1lb/5wowx.css HTTP/1.1" 200 9118 "https://2blog.ilc.edu.tw/32745/category/%e8%87%a3%e8%87%a3/" "Mozilla/5.0 (Windows NT 10.0; Win64; x64) AppleWebKit/537.36 (KHTML, like Gecko) Chrome/144.0.0.0 Safari/537.36"
240e:958:1200:402:be06:333a:7cc8:7 - - [27/Aug/2026:06:41:05 +0800] "GET /32745/wp-content/cache/2blog.ilc.edu.tw/wpfc-minified/1z935gih/5wowx.js HTTP/1.1" 200 40359 "https://2blog.ilc.edu.tw/32745/category/%e8%87%a3%e8%87%a3/" "Mozilla/5.0 (Windows NT 10.0; Win64; x64) AppleWebKit/537.36 (KHTML, like Gecko) Chrome/144.0.0.0 Safari/537.36"
2409:8770:2f0:650::55 - - [27/Aug/2026:06:41:05 +0800] "GET /27431/wp-includes/js/hoverintent-js.min.js HTTP/1.1" 200 1597 "https://2blog.ilc.edu.tw/27431/?cat=35" "Mozilla/5.0 (Windows NT 10.0; Win64; x64) AppleWebKit/537.36 (KHTML, like Gecko) Chrome/144.0.0.0 Safari/537.36"
::1 - - [27/Aug/2026:06:41:05 +0800] "OPTIONS * HTTP/1.0" 200 110 "-" "Apache/2.4.68 (Ubuntu) OpenSSL/3.0.19 (internal dummy connection)"
240e:958:1200:402:be06:333a:7cc8:7 - - [27/Aug/2026:06:41:05 +0800] "GET /32745/wp-includes/js/hoverintent-js.min.js HTTP/1.1" 200 1597 "https://2blog.ilc.edu.tw/32745/category/%e8%87%a3%e8%87%a3/" "Mozilla/5.0 (Windows NT 10.0; Win64; x64) AppleWebKit/537.36 (KHTML, like Gecko) Chrome/144.0.0.0 Safari/537.36"
2001:288:a201::66:125 - - [27/Aug/2026:06:41:05 +0800] "GET /blog/active.php HTTP/1.1" 404 1084 "-" "-"
2001:288:a201::66:125 - - [27/Aug/2026:06:41:05 +0800] "GET /blog/active.php HTTP/1.1" 301 1026 "-" "-"
2409:8c28:5460:902::53 - - [27/Aug/2026:06:41:05 +0800] "GET /6460/wp-content/themes/oceanwp/assets/fonts/simple-line-icons/Simple-Line-Icons.woff2?v=2.4.0 HTTP/1.1" 200 30959 "https://2blog.ilc.edu.tw/6460/wp-content/cache/2blog.ilc.edu.tw/wpfc-minified/f5sbemse/9qijh.css" "Mozilla/5.0 (Windows NT 10.0; Win64; x64) AppleWebKit/537.36 (KHTML, like Gecko) Chrome/144.0.0.0 Safari/537.36"
240e:958:1200:402:be06:333a:7cc8:7 - - [27/Aug/2026:06:41:05 +0800] "GET /32745/wp-includes/js/admin-bar.min.js HTTP/1.1" 200 2237 "https://2blog.ilc.edu.tw/32745/category/%e8%87%a3%e8%87%a3/" "Mozilla/5.0 (Windows NT 10.0; Win64; x64) AppleWebKit/537.36 (KHTML, like Gecko) Chrome/144.0.0.0 Safari/537.36"
2409:8770:2f0:650::55 - - [27/Aug/2026:06:41:05 +0800] "GET /27431/wp-includes/js/admin-bar.min.js HTTP/1.1" 200 2237 "https://2blog.ilc.edu.tw/27431/?cat=35" "Mozilla/5.0 (Windows NT 10.0; Win64; x64) AppleWebKit/537.36 (KHTML, like Gecko) Chrome/144.0.0.0 Safari/537.36"
240e:958:1200:402:be06:333a:7cc8:7 - - [27/Aug/2026:06:41:06 +0800] "GET /32745/wp-includes/js/mediaelement/mediaelement-and-player.min.js HTTP/1.1" 200 39802 "https://2blog.ilc.edu.tw/32745/category/%e8%87%a3%e8%87%a3/" "Mozilla/5.0 (Windows NT 10.0; Win64; x64) AppleWebKit/537.36 (KHTML, like Gecko) Chrome/144.0.0.0 Safari/537.36"
240e:958:1200:402:be06:333a:7cc8:7 - - [27/Aug/2026:06:41:06 +0800] "GET /32745/wp-includes/js/mediaelement/mediaelement-migrate.min.js HTTP/1.1" 200 1419 "https://2blog.ilc.edu.tw/32745/category/%e8%87%a3%e8%87%a3/" "Mozilla/5.0 (Windows NT 10.0; Win64; x64) AppleWebKit/537.36 (KHTML, like Gecko) Chrome/144.0.0.0 Safari/537.36"
