2409:8754:5630:1f0::1:1f - - [27/Aug/2026:06:49:37 +0800] "GET /wp-content/themes/oceanwp/assets/js/scroll-top.min.js HTTP/1.1" 200 3202 "https://ilta.ilc.edu.tw/page/327/" "Mozilla/5.0 (Windows NT 10.0; Win64; x64) AppleWebKit/537.36 (KHTML, like Gecko) Chrome/144.0.0.0 Safari/537.36"
2409:8754:5630:1f0::1:1f - - [27/Aug/2026:06:49:37 +0800] "GET /wp-content/themes/oceanwp/assets/js/select.min.js HTTP/1.1" 200 2408 "https://ilta.ilc.edu.tw/page/327/" "Mozilla/5.0 (Windows NT 10.0; Win64; x64) AppleWebKit/537.36 (KHTML, like Gecko) Chrome/144.0.0.0 Safari/537.36"
2409:8754:5630:1f0::1:1f - - [27/Aug/2026:06:49:37 +0800] "GET /wp-content/plugins/ocean-extra/includes/widgets/js/flickr.min.js HTTP/1.1" 200 1319 "https://ilta.ilc.edu.tw/page/327/" "Mozilla/5.0 (Windows NT 10.0; Win64; x64) AppleWebKit/537.36 (KHTML, like Gecko) Chrome/144.0.0.0 Safari/537.36"
85.208.96.201 - - [27/Aug/2026:06:49:38 +0800] "GET /blog/blog/9536/post/30324/163359 HTTP/1.1" 404 25426 "-" "Mozilla/5.0 (compatible; SemrushBot/7~bl; +http://www.semrush.com/bot.html)"
66.249.79.138 - - [27/Aug/2026:06:49:36 +0800] "GET /wp-login.php?action=ilc_logout&_wpnonce=43754d0aad&redirect_to=//loningda.tk/113wwwjwesilcedutwCHR651 HTTP/1.1" 302 3467 "-" "Mozilla/5.0 (Linux; Android 6.0.1; Nexus 5X Build/MMB29P) AppleWebKit/537.36 (KHTML, like Gecko) Chrome/151.0.7922.173 Mobile Safari/537.36 (compatible; Googlebot/2.1; +http://www.google.com/bot.html)"
34.123.149.87 - - [27/Aug/2026:06:49:38 +0800] "GET /32745/wp-json/oembed/1.0/embed?url=https://2blog.ilc.edu.tw/32745/2024/02/04/%25e5%25bf%2583%25e6%259c%25aa%25e6%2594%25be/ HTTP/1.1" 200 8262 "-" "Mozilla/5.0 (Macintosh; Intel Mac OS X 10_15_7) AppleWebKit/537.36 (KHTML, like Gecko) Chrome/120.0.0.0 Safari/537.36"
2402:7500:4f6:8091:3186:883b:9e3c:e043 - - [27/Aug/2026:06:49:33 +0800] "GET /wp-content/uploads/sites/1252/2026/04/Gemini_Generated_Image_5sa2wc5sa2wc5sa2.png HTTP/1.1" 200 2138509 "https://www.dsjh.ilc.edu.tw/wp-content/uploads/sites/1252/elementor/css/post-277.css" "Mozilla/5.0 (Macintosh; Intel Mac OS X 10_15_7) AppleWebKit/537.36 (KHTML, like Gecko) Chrome/151.0.0.0 Safari/537.36"
52.167.144.229 - - [27/Aug/2026:06:49:40 +0800] "GET /868/44149/ HTTP/1.1" 200 20958 "-" "Mozilla/5.0 AppleWebKit/537.36 (KHTML, like Gecko; compatible; bingbot/2.0; +http://www.bing.com/bingbot.htm) Chrome/116.0.1938.76 Safari/537.36"
2402:7500:4f6:8091:3186:883b:9e3c:e043 - - [27/Aug/2026:06:49:30 +0800] "GET /wp-content/uploads/sites/1252/2026/07/Gemini_Generated_Image_vm19dpvm19dpvm19.png HTTP/1.1" 200 2360284 "https://www.dsjh.ilc.edu.tw/wp-content/uploads/sites/1252/elementor/css/post-277.css" "Mozilla/5.0 (Macintosh; Intel Mac OS X 10_15_7) AppleWebKit/537.36 (KHTML, like Gecko) Chrome/151.0.0.0 Safari/537.36"
54.235.125.129 - - [27/Aug/2026:06:49:40 +0800] "GET /wp-content/uploads/sites/2980/2024/05/?C=M;O%3DA HTTP/1.1" 200 1113 "-" "Mozilla/5.0 AppleWebKit/537.36 (KHTML, like Gecko; compatible; Amazonbot/0.1; +https://developer.amazon.com/support/amazonbot) Chrome/119.0.6045.214 Safari/537.36"
2001:288:a201::66:125 - - [27/Aug/2026:06:49:40 +0800] "GET /blog/active.php HTTP/1.1" 301 1026 "-" "-"
2001:288:a201::66:125 - - [27/Aug/2026:06:49:40 +0800] "GET /blog/active.php HTTP/1.1" 404 1084 "-" "-"
34.10.180.98 - - [27/Aug/2026:06:49:40 +0800] "GET /9536/2011/04/25/%E6%96%B0%E7%BE%A4%E7%A4%BE%E5%8D%80%EF%BC%8D%E5%AA%BD%E5%AA%BD%E6%95%99%E5%AE%A4%E6%A8%82%E5%8F%83%E8%88%87/ HTTP/1.1" 200 14247 "-" "Mozilla/5.0 (Macintosh; Intel Mac OS X 10_15_7) AppleWebKit/537.36 (KHTML, like Gecko) Chrome/120.0.0.0 Safari/537.36"
85.208.96.212 - - [27/Aug/2026:06:49:40 +0800] "GET /blog/blog/25793/post/83744/514274 HTTP/1.1" 404 25426 "-" "Mozilla/5.0 (compatible; SemrushBot/7~bl; +http://www.semrush.com/bot.html)"
2402:7500:4f6:8091:3186:883b:9e3c:e043 - - [27/Aug/2026:06:49:30 +0800] "GET /wp-content/uploads/sites/1252/2026/05/Gemini_Generated_Image_812m7c812m7c812m.png HTTP/1.1" 200 2173722 "https://www.dsjh.ilc.edu.tw/wp-content/uploads/sites/1252/elementor/css/post-277.css" "Mozilla/5.0 (Macintosh; Intel Mac OS X 10_15_7) AppleWebKit/537.36 (KHTML, like Gecko) Chrome/151.0.0.0 Safari/537.36"
2402:7500:4f6:8091:3186:883b:9e3c:e043 - - [27/Aug/2026:06:49:30 +0800] "GET /wp-content/uploads/sites/1252/2026/05/Gemini_Generated_Image_f2n0x2f2n0x2f2n0.png HTTP/1.1" 200 2012914 "https://www.dsjh.ilc.edu.tw/wp-content/uploads/sites/1252/elementor/css/post-277.css" "Mozilla/5.0 (Macintosh; Intel Mac OS X 10_15_7) AppleWebKit/537.36 (KHTML, like Gecko) Chrome/151.0.0.0 Safari/537.36"
66.249.71.7 - - [27/Aug/2026:06:49:39 +0800] "GET /wp-login.php?action=ilc_logout&_wpnonce=43754d0aad&redirect_to=//ditoraphy.ml/113wwwjwesilcedutwSyH651 HTTP/1.1" 302 8253 "-" "Mozilla/5.0 (Linux; Android 6.0.1; Nexus 5X Build/MMB29P) AppleWebKit/537.36 (KHTML, like Gecko) Chrome/151.0.7922.173 Mobile Safari/537.36 (compatible; Googlebot/2.1; +http://www.google.com/bot.html)"
2402:7500:4f6:8091:3186:883b:9e3c:e043 - - [27/Aug/2026:06:49:30 +0800] "GET /wp-content/uploads/sites/1252/2026/06/Gemini_Generated_Image_7ozube7ozube7ozu.png HTTP/1.1" 200 2009740 "https://www.dsjh.ilc.edu.tw/wp-content/uploads/sites/1252/elementor/css/post-277.css" "Mozilla/5.0 (Macintosh; Intel Mac OS X 10_15_7) AppleWebKit/537.36 (KHTML, like Gecko) Chrome/151.0.0.0 Safari/537.36"
2001:b011:7807:3ccb:ddc:bed:cc2b:fc32 - - [27/Aug/2026:06:49:42 +0800] "GET /2021/08/27/%E5%93%A1%E5%B1%B1%E5%9C%8B%E5%B0%8F%E6%AD%B7%E5%B1%86%E6%A0%A1%E5%8F%8B%E8%8A%B3%E5%90%8D%E9%8C%84/ HTTP/1.1" 200 115726 "https://www.google.com/" "Mozilla/5.0 (Linux; Android 10; K) AppleWebKit/537.36 (KHTML, like Gecko) Chrome/151.0.0.0 Mobile Safari/537.36"
2001:b011:7807:3ccb:ddc:bed:cc2b:fc32 - - [27/Aug/2026:06:49:42 +0800] "GET /wp-content/cache/www.yeses.ilc.edu.tw/wpfc-minified/4qskn9o/bflo8.css HTTP/1.1" 200 45689 "https://www.yeses.ilc.edu.tw/2021/08/27/%E5%93%A1%E5%B1%B1%E5%9C%8B%E5%B0%8F%E6%AD%B7%E5%B1%86%E6%A0%A1%E5%8F%8B%E8%8A%B3%E5%90%8D%E9%8C%84/" "Mozilla/5.0 (Linux; Android 10; K) AppleWebKit/537.36 (KHTML, like Gecko) Chrome/151.0.0.0 Mobile Safari/537.36"
2001:b011:7807:3ccb:ddc:bed:cc2b:fc32 - - [27/Aug/2026:06:49:42 +0800] "GET /wp-content/cache/www.yeses.ilc.edu.tw/wpfc-minified/qtr4ae6o/bfpbu.css HTTP/1.1" 200 15980 "https://www.yeses.ilc.edu.tw/2021/08/27/%E5%93%A1%E5%B1%B1%E5%9C%8B%E5%B0%8F%E6%AD%B7%E5%B1%86%E6%A0%A1%E5%8F%8B%E8%8A%B3%E5%90%8D%E9%8C%84/" "Mozilla/5.0 (Linux; Android 10; K) AppleWebKit/537.36 (KHTML, like Gecko) Chrome/151.0.0.0 Mobile Safari/537.36"
2001:b011:7807:3ccb:ddc:bed:cc2b:fc32 - - [27/Aug/2026:06:49:42 +0800] "GET /wp-content/cache/www.yeses.ilc.edu.tw/wpfc-minified/kentcdjr/bflo8.css HTTP/1.1" 200 18877 "https://www.yeses.ilc.edu.tw/2021/08/27/%E5%93%A1%E5%B1%B1%E5%9C%8B%E5%B0%8F%E6%AD%B7%E5%B1%86%E6%A0%A1%E5%8F%8B%E8%8A%B3%E5%90%8D%E9%8C%84/" "Mozilla/5.0 (Linux; Android 10; K) AppleWebKit/537.36 (KHTML, like Gecko) Chrome/151.0.0.0 Mobile Safari/537.36"
2001:b011:7807:3ccb:ddc:bed:cc2b:fc32 - - [27/Aug/2026:06:49:42 +0800] "GET /wp-content/cache/www.yeses.ilc.edu.tw/wpfc-minified/mo6k5vl0/bflo8.css HTTP/1.1" 200 12254 "https://www.yeses.ilc.edu.tw/2021/08/27/%E5%93%A1%E5%B1%B1%E5%9C%8B%E5%B0%8F%E6%AD%B7%E5%B1%86%E6%A0%A1%E5%8F%8B%E8%8A%B3%E5%90%8D%E9%8C%84/" "Mozilla/5.0 (Linux; Android 10; K) AppleWebKit/537.36 (KHTML, like Gecko) Chrome/151.0.0.0 Mobile Safari/537.36"
2001:b011:7807:3ccb:ddc:bed:cc2b:fc32 - - [27/Aug/2026:06:49:42 +0800] "GET /wp-content/cache/www.yeses.ilc.edu.tw/wpfc-minified/2m6hcubm/bfrgh.js HTTP/1.1" 200 6442 "https://www.yeses.ilc.edu.tw/2021/08/27/%E5%93%A1%E5%B1%B1%E5%9C%8B%E5%B0%8F%E6%AD%B7%E5%B1%86%E6%A0%A1%E5%8F%8B%E8%8A%B3%E5%90%8D%E9%8C%84/" "Mozilla/5.0 (Linux; Android 10; K) AppleWebKit/537.36 (KHTML, like Gecko) Chrome/151.0.0.0 Mobile Safari/537.36"
2001:b011:7807:3ccb:ddc:bed:cc2b:fc32 - - [27/Aug/2026:06:49:42 +0800] "GET /wp-content/cache/www.yeses.ilc.edu.tw/wpfc-minified/mas60gdk/bflo8.js HTTP/1.1" 200 35898 "https://www.yeses.ilc.edu.tw/2021/08/27/%E5%93%A1%E5%B1%B1%E5%9C%8B%E5%B0%8F%E6%AD%B7%E5%B1%86%E6%A0%A1%E5%8F%8B%E8%8A%B3%E5%90%8D%E9%8C%84/" "Mozilla/5.0 (Linux; Android 10; K) AppleWebKit/537.36 (KHTML, like Gecko) Chrome/151.0.0.0 Mobile Safari/537.36"
2001:b011:7807:3ccb:ddc:bed:cc2b:fc32 - - [27/Aug/2026:06:49:42 +0800] "GET /wp-content/uploads/sites/890/2021/09/2903-1.jpg HTTP/1.1" 200 172526 "https://www.yeses.ilc.edu.tw/2021/08/27/%E5%93%A1%E5%B1%B1%E5%9C%8B%E5%B0%8F%E6%AD%B7%E5%B1%86%E6%A0%A1%E5%8F%8B%E8%8A%B3%E5%90%8D%E9%8C%84/" "Mozilla/5.0 (Linux; Android 10; K) AppleWebKit/537.36 (KHTML, like Gecko) Chrome/151.0.0.0 Mobile Safari/537.36"
2001:b011:7807:3ccb:ddc:bed:cc2b:fc32 - - [27/Aug/2026:06:49:42 +0800] "GET /wp-content/uploads/sites/890/2021/08/01_26%E5%B1%86%E7%95%A2%E6%A5%AD%E7%94%9F%E5%90%88%E7%85%A732%E5%B9%B4%E7%95%A2%E6%A5%AD%E4%B9%8B1-1536x999.jpg HTTP/1.1" 200 316212 "https://www.yeses.ilc.edu.tw/2021/08/27/%E5%93%A1%E5%B1%B1%E5%9C%8B%E5%B0%8F%E6%AD%B7%E5%B1%86%E6%A0%A1%E5%8F%8B%E8%8A%B3%E5%90%8D%E9%8C%84/" "Mozilla/5.0 (Linux; Android 10; K) AppleWebKit/537.36 (KHTML, like Gecko) Chrome/151.0.0.0 Mobile Safari/537.36"
2001:b011:7807:3ccb:ddc:bed:cc2b:fc32 - - [27/Aug/2026:06:49:42 +0800] "GET /wp-content/uploads/sites/890/2021/08/01_26%E5%B1%86%E7%95%A2%E6%A5%AD%E7%94%9F%E5%90%88%E7%85%A732%E5%B9%B4%E7%95%A2%E6%A5%AD%E4%B9%8B3-1536x1091.jpg HTTP/1.1" 200 289911 "https://www.yeses.ilc.edu.tw/2021/08/27/%E5%93%A1%E5%B1%B1%E5%9C%8B%E5%B0%8F%E6%AD%B7%E5%B1%86%E6%A0%A1%E5%8F%8B%E8%8A%B3%E5%90%8D%E9%8C%84/" "Mozilla/5.0 (Linux; Android 10; K) AppleWebKit/537.36 (KHTML, like Gecko) Chrome/151.0.0.0 Mobile Safari/537.36"
140.111.67.10 - - [27/Aug/2026:06:49:42 +0800] "GET /" 301 273 "-" "-"
2001:b011:7807:3ccb:ddc:bed:cc2b:fc32 - - [27/Aug/2026:06:49:42 +0800] "GET /wp-content/uploads/sites/890/2021/09/3103-1.jpg HTTP/1.1" 200 189807 "https://www.yeses.ilc.edu.tw/2021/08/27/%E5%93%A1%E5%B1%B1%E5%9C%8B%E5%B0%8F%E6%AD%B7%E5%B1%86%E6%A0%A1%E5%8F%8B%E8%8A%B3%E5%90%8D%E9%8C%84/" "Mozilla/5.0 (Linux; Android 10; K) AppleWebKit/537.36 (KHTML, like Gecko) Chrome/151.0.0.0 Mobile Safari/537.36"
2409:8754:5630:1f0::1:1f - - [27/Aug/2026:06:49:42 +0800] "GET /wp-content/themes/oceanwp/assets/fonts/simple-line-icons/Simple-Line-Icons.woff2?v=2.4.0 HTTP/1.1" 200 30959 "https://ilta.ilc.edu.tw/wp-content/cache/ilta.ilc.edu.tw/wpfc-minified/7vo8n6iy/6wvk.css" "Mozilla/5.0 (Windows NT 10.0; Win64; x64) AppleWebKit/537.36 (KHTML, like Gecko) Chrome/144.0.0.0 Safari/537.36"
2001:b011:7807:3ccb:ddc:bed:cc2b:fc32 - - [27/Aug/2026:06:49:42 +0800] "GET /wp-content/uploads/sites/890/2021/09/36.jpg HTTP/1.1" 200 196375 "https://www.yeses.ilc.edu.tw/2021/08/27/%E5%93%A1%E5%B1%B1%E5%9C%8B%E5%B0%8F%E6%AD%B7%E5%B1%86%E6%A0%A1%E5%8F%8B%E8%8A%B3%E5%90%8D%E9%8C%84/" "Mozilla/5.0 (Linux; Android 10; K) AppleWebKit/537.36 (KHTML, like Gecko) Chrome/151.0.0.0 Mobile Safari/537.36"
2001:b011:7807:3ccb:ddc:bed:cc2b:fc32 - - [27/Aug/2026:06:49:42 +0800] "POST /wp-json/ilc-summary/v1/popular-posts HTTP/1.1" 201 1399 "https://www.yeses.ilc.edu.tw/2021/08/27/%E5%93%A1%E5%B1%B1%E5%9C%8B%E5%B0%8F%E6%AD%B7%E5%B1%86%E6%A0%A1%E5%8F%8B%E8%8A%B3%E5%90%8D%E9%8C%84/" "Mozilla/5.0 (Linux; Android 10; K) AppleWebKit/537.36 (KHTML, like Gecko) Chrome/151.0.0.0 Mobile Safari/537.36"
2001:b011:7807:3ccb:ddc:bed:cc2b:fc32 - - [27/Aug/2026:06:49:42 +0800] "GET /wp-content/uploads/sites/890/2021/08/01_26%E5%B1%86%E7%95%A2%E6%A5%AD%E7%94%9F%E5%90%88%E7%85%A732%E5%B9%B4%E7%95%A2%E6%A5%AD%E4%B9%8B2-1536x1056.jpg HTTP/1.1" 200 262022 "https://www.yeses.ilc.edu.tw/2021/08/27/%E5%93%A1%E5%B1%B1%E5%9C%8B%E5%B0%8F%E6%AD%B7%E5%B1%86%E6%A0%A1%E5%8F%8B%E8%8A%B3%E5%90%8D%E9%8C%84/" "Mozilla/5.0 (Linux; Android 10; K) AppleWebKit/537.36 (KHTML, like Gecko) Chrome/151.0.0.0 Mobile Safari/537.36"
2001:b011:7807:3ccb:ddc:bed:cc2b:fc32 - - [27/Aug/2026:06:49:42 +0800] "GET /wp-content/uploads/sites/890/2021/09/35.jpg HTTP/1.1" 200 249281 "https://www.yeses.ilc.edu.tw/2021/08/27/%E5%93%A1%E5%B1%B1%E5%9C%8B%E5%B0%8F%E6%AD%B7%E5%B1%86%E6%A0%A1%E5%8F%8B%E8%8A%B3%E5%90%8D%E9%8C%84/" "Mozilla/5.0 (Linux; Android 10; K) AppleWebKit/537.36 (KHTML, like Gecko) Chrome/151.0.0.0 Mobile Safari/537.36"
44.215.235.20 - - [27/Aug/2026:06:49:42 +0800] "GET /2020/07/27/20200725%E6%A0%A1%E5%8F%8B%E7%9B%83%E4%B8%89%E5%B0%8D%E4%B8%89%E7%B1%83%E7%90%83%E8%B3%BD/dsc_3364/embed/ HTTP/1.1" 200 12601 "-" "Mozilla/5.0 AppleWebKit/537.36 (KHTML, like Gecko; compatible; Amazonbot/0.1; +https://developer.amazon.com/support/amazonbot) Chrome/119.0.6045.214 Safari/537.36"
2001:b011:7807:3ccb:ddc:bed:cc2b:fc32 - - [27/Aug/2026:06:49:43 +0800] "GET /wp-content/uploads/sites/890/2021/09/43.jpg HTTP/1.1" 200 150962 "https://www.yeses.ilc.edu.tw/2021/08/27/%E5%93%A1%E5%B1%B1%E5%9C%8B%E5%B0%8F%E6%AD%B7%E5%B1%86%E6%A0%A1%E5%8F%8B%E8%8A%B3%E5%90%8D%E9%8C%84/" "Mozilla/5.0 (Linux; Android 10; K) AppleWebKit/537.36 (KHTML, like Gecko) Chrome/151.0.0.0 Mobile Safari/537.36"
2001:b011:7807:3ccb:ddc:bed:cc2b:fc32 - - [27/Aug/2026:06:49:43 +0800] "GET /wp-content/uploads/sites/890/2021/09/44.jpg HTTP/1.1" 200 208151 "https://www.yeses.ilc.edu.tw/2021/08/27/%E5%93%A1%E5%B1%B1%E5%9C%8B%E5%B0%8F%E6%AD%B7%E5%B1%86%E6%A0%A1%E5%8F%8B%E8%8A%B3%E5%90%8D%E9%8C%84/" "Mozilla/5.0 (Linux; Android 10; K) AppleWebKit/537.36 (KHTML, like Gecko) Chrome/151.0.0.0 Mobile Safari/537.36"
2001:b011:7807:3ccb:ddc:bed:cc2b:fc32 - - [27/Aug/2026:06:49:43 +0800] "GET /wp-content/uploads/sites/890/2021/09/48.jpg HTTP/1.1" 200 165236 "https://www.yeses.ilc.edu.tw/2021/08/27/%E5%93%A1%E5%B1%B1%E5%9C%8B%E5%B0%8F%E6%AD%B7%E5%B1%86%E6%A0%A1%E5%8F%8B%E8%8A%B3%E5%90%8D%E9%8C%84/" "Mozilla/5.0 (Linux; Android 10; K) AppleWebKit/537.36 (KHTML, like Gecko) Chrome/151.0.0.0 Mobile Safari/537.36"
34.30.223.149 - - [27/Aug/2026:06:49:43 +0800] "GET /32745/2020/08/08/%E9%9C%A7%E5%A4%9C%E7%9A%84%E7%87%88%E5%A1%94/ HTTP/1.1" 200 92167 "-" "Mozilla/5.0 (Macintosh; Intel Mac OS X 10_15_7) AppleWebKit/537.36 (KHTML, like Gecko) Chrome/120.0.0.0 Safari/537.36"
2001:b011:7807:3ccb:ddc:bed:cc2b:fc32 - - [27/Aug/2026:06:49:43 +0800] "GET /wp-content/uploads/sites/890/2021/09/49.jpg HTTP/1.1" 200 178708 "https://www.yeses.ilc.edu.tw/2021/08/27/%E5%93%A1%E5%B1%B1%E5%9C%8B%E5%B0%8F%E6%AD%B7%E5%B1%86%E6%A0%A1%E5%8F%8B%E8%8A%B3%E5%90%8D%E9%8C%84/" "Mozilla/5.0 (Linux; Android 10; K) AppleWebKit/537.36 (KHTML, like Gecko) Chrome/151.0.0.0 Mobile Safari/537.36"
66.249.79.132 - - [27/Aug/2026:06:49:41 +0800] "GET /wp-login.php?action=ilc_logout&_wpnonce=43754d0aad&redirect_to=http://restmanners.ru/job/71515/ HTTP/1.1" 302 3439 "-" "Mozilla/5.0 (Linux; Android 6.0.1; Nexus 5X Build/MMB29P) AppleWebKit/537.36 (KHTML, like Gecko) Chrome/151.0.7922.173 Mobile Safari/537.36 (compatible; GoogleOther)"
2001:b011:7807:3ccb:ddc:bed:cc2b:fc32 - - [27/Aug/2026:06:49:43 +0800] "GET /wp-content/uploads/sites/890/2021/09/50.jpg HTTP/1.1" 200 162636 "https://www.yeses.ilc.edu.tw/2021/08/27/%E5%93%A1%E5%B1%B1%E5%9C%8B%E5%B0%8F%E6%AD%B7%E5%B1%86%E6%A0%A1%E5%8F%8B%E8%8A%B3%E5%90%8D%E9%8C%84/" "Mozilla/5.0 (Linux; Android 10; K) AppleWebKit/537.36 (KHTML, like Gecko) Chrome/151.0.0.0 Mobile Safari/537.36"
2402:7500:4f6:8091:3186:883b:9e3c:e043 - - [27/Aug/2026:06:49:43 +0800] "GET /wp-content/uploads/sites/1252/2026/04/%E6%9C%AA%E5%91%BD%E5%90%8D%E8%A8%AD%E8%A8%88.png HTTP/1.1" 200 909983 "https://www.dsjh.ilc.edu.tw/wp-content/uploads/sites/1252/elementor/css/post-277.css" "Mozilla/5.0 (Macintosh; Intel Mac OS X 10_15_7) AppleWebKit/537.36 (KHTML, like Gecko) Chrome/151.0.0.0 Safari/537.36"
2001:b011:7807:3ccb:ddc:bed:cc2b:fc32 - - [27/Aug/2026:06:49:44 +0800] "GET /wp-content/uploads/sites/890/2021/09/51.jpg HTTP/1.1" 200 148315 "https://www.yeses.ilc.edu.tw/2021/08/27/%E5%93%A1%E5%B1%B1%E5%9C%8B%E5%B0%8F%E6%AD%B7%E5%B1%86%E6%A0%A1%E5%8F%8B%E8%8A%B3%E5%90%8D%E9%8C%84/" "Mozilla/5.0 (Linux; Android 10; K) AppleWebKit/537.36 (KHTML, like Gecko) Chrome/151.0.0.0 Mobile Safari/537.36"
34.56.124.53 - - [27/Aug/2026:06:49:44 +0800] "GET /9536/wp-json/wp/v2/posts/56094 HTTP/1.1" 200 10892 "-" "Mozilla/5.0 (Macintosh; Intel Mac OS X 10_15_7) AppleWebKit/537.36 (KHTML, like Gecko) Chrome/120.0.0.0 Safari/537.36"
2001:b011:7807:3ccb:ddc:bed:cc2b:fc32 - - [27/Aug/2026:06:49:44 +0800] "GET /wp-content/uploads/sites/890/2021/09/52.jpg HTTP/1.1" 200 216338 "https://www.yeses.ilc.edu.tw/2021/08/27/%E5%93%A1%E5%B1%B1%E5%9C%8B%E5%B0%8F%E6%AD%B7%E5%B1%86%E6%A0%A1%E5%8F%8B%E8%8A%B3%E5%90%8D%E9%8C%84/" "Mozilla/5.0 (Linux; Android 10; K) AppleWebKit/537.36 (KHTML, like Gecko) Chrome/151.0.0.0 Mobile Safari/537.36"
2001:b011:7807:3ccb:ddc:bed:cc2b:fc32 - - [27/Aug/2026:06:49:44 +0800] "GET /wp-content/uploads/sites/890/2021/09/53.jpg HTTP/1.1" 200 230278 "https://www.yeses.ilc.edu.tw/2021/08/27/%E5%93%A1%E5%B1%B1%E5%9C%8B%E5%B0%8F%E6%AD%B7%E5%B1%86%E6%A0%A1%E5%8F%8B%E8%8A%B3%E5%90%8D%E9%8C%84/" "Mozilla/5.0 (Linux; Android 10; K) AppleWebKit/537.36 (KHTML, like Gecko) Chrome/151.0.0.0 Mobile Safari/537.36"
2001:b011:7807:3ccb:ddc:bed:cc2b:fc32 - - [27/Aug/2026:06:49:44 +0800] "GET /wp-content/uploads/sites/890/2021/09/54.jpg HTTP/1.1" 200 180819 "https://www.yeses.ilc.edu.tw/2021/08/27/%E5%93%A1%E5%B1%B1%E5%9C%8B%E5%B0%8F%E6%AD%B7%E5%B1%86%E6%A0%A1%E5%8F%8B%E8%8A%B3%E5%90%8D%E9%8C%84/" "Mozilla/5.0 (Linux; Android 10; K) AppleWebKit/537.36 (KHTML, like Gecko) Chrome/151.0.0.0 Mobile Safari/537.36"
2001:b011:7807:3ccb:ddc:bed:cc2b:fc32 - - [27/Aug/2026:06:49:44 +0800] "GET /wp-content/uploads/sites/890/2021/08/%E5%85%AD%E5%AD%9D%E5%85%A8%E7%8F%AD%E5%90%88%E7%85%A7-1536x837.jpg HTTP/1.1" 200 268181 "https://www.yeses.ilc.edu.tw/2021/08/27/%E5%93%A1%E5%B1%B1%E5%9C%8B%E5%B0%8F%E6%AD%B7%E5%B1%86%E6%A0%A1%E5%8F%8B%E8%8A%B3%E5%90%8D%E9%8C%84/" "Mozilla/5.0 (Linux; Android 10; K) AppleWebKit/537.36 (KHTML, like Gecko) Chrome/151.0.0.0 Mobile Safari/537.36"
2001:b011:7807:3ccb:ddc:bed:cc2b:fc32 - - [27/Aug/2026:06:49:42 +0800] "GET /21744/wp-content/uploads/sites/890/2020/05/cropped-%E5%93%A1%E5%B1%B1%E5%9C%8B%E5%B0%8F%E7%92%B0%E7%B9%9E%E5%85%A8%E6%99%AFbanner_new.png HTTP/1.1" 200 882972 "https://www.yeses.ilc.edu.tw/2021/08/27/%E5%93%A1%E5%B1%B1%E5%9C%8B%E5%B0%8F%E6%AD%B7%E5%B1%86%E6%A0%A1%E5%8F%8B%E8%8A%B3%E5%90%8D%E9%8C%84/" "Mozilla/5.0 (Linux; Android 10; K) AppleWebKit/537.36 (KHTML, like Gecko) Chrome/151.0.0.0 Mobile Safari/537.36"
2001:b011:7807:3ccb:ddc:bed:cc2b:fc32 - - [27/Aug/2026:06:49:45 +0800] "GET /wp-content/uploads/sites/890/2021/08/20250627_108%E5%B1%86%E5%85%AD%E5%BF%A0%E5%AD%B8%E7%94%9F%E5%9C%98%E9%AB%94%E7%85%A7-1536x986.jpg HTTP/1.1" 200 286433 "https://www.yeses.ilc.edu.tw/2021/08/27/%E5%93%A1%E5%B1%B1%E5%9C%8B%E5%B0%8F%E6%AD%B7%E5%B1%86%E6%A0%A1%E5%8F%8B%E8%8A%B3%E5%90%8D%E9%8C%84/" "Mozilla/5.0 (Linux; Android 10; K) AppleWebKit/537.36 (KHTML, like Gecko) Chrome/151.0.0.0 Mobile Safari/537.36"
2001:b011:7807:3ccb:ddc:bed:cc2b:fc32 - - [27/Aug/2026:06:49:45 +0800] "GET /wp-content/uploads/sites/890/2021/08/110%E5%AD%B8%E5%B9%B4%E5%BA%A6%E7%AC%AC105%E5%B1%86.%E7%95%A2%E6%A5%AD%E7%94%9F%E5%90%88%E7%85%A7%E5%85%AD%E5%BF%A0-1536x844.jpg HTTP/1.1" 200 273147 "https://www.yeses.ilc.edu.tw/2021/08/27/%E5%93%A1%E5%B1%B1%E5%9C%8B%E5%B0%8F%E6%AD%B7%E5%B1%86%E6%A0%A1%E5%8F%8B%E8%8A%B3%E5%90%8D%E9%8C%84/" "Mozilla/5.0 (Linux; Android 10; K) AppleWebKit/537.36 (KHTML, like Gecko) Chrome/151.0.0.0 Mobile Safari/537.36"
2402:7500:4f6:8091:3186:883b:9e3c:e043 - - [27/Aug/2026:06:49:30 +0800] "GET /wp-content/uploads/sites/1252/2026/06/Gemini_Generated_Image_gxq90bgxq90bgxq9.png HTTP/1.1" 200 2347761 "https://www.dsjh.ilc.edu.tw/wp-content/uploads/sites/1252/elementor/css/post-277.css" "Mozilla/5.0 (Macintosh; Intel Mac OS X 10_15_7) AppleWebKit/537.36 (KHTML, like Gecko) Chrome/151.0.0.0 Safari/537.36"
2409:8754:5630:1f0::1:1f - - [27/Aug/2026:06:49:42 +0800] "GET /wp-content/themes/oceanwp/assets/fonts/fontawesome/webfonts/fa-solid-900.woff2 HTTP/1.1" 200 151246 "https://ilta.ilc.edu.tw/wp-content/cache/ilta.ilc.edu.tw/wpfc-minified/7vo8n6iy/6wvk.css" "Mozilla/5.0 (Windows NT 10.0; Win64; x64) AppleWebKit/537.36 (KHTML, like Gecko) Chrome/144.0.0.0 Safari/537.36"
2001:288:a201::66:125 - - [27/Aug/2026:06:49:45 +0800] "GET /blog/active.php HTTP/1.1" 301 1026 "-" "-"
2001:b011:7807:3ccb:ddc:bed:cc2b:fc32 - - [27/Aug/2026:06:49:45 +0800] "GET /wp-content/uploads/sites/890/2021/09/55.jpg HTTP/1.1" 200 170182 "https://www.yeses.ilc.edu.tw/2021/08/27/%E5%93%A1%E5%B1%B1%E5%9C%8B%E5%B0%8F%E6%AD%B7%E5%B1%86%E6%A0%A1%E5%8F%8B%E8%8A%B3%E5%90%8D%E9%8C%84/" "Mozilla/5.0 (Linux; Android 10; K) AppleWebKit/537.36 (KHTML, like Gecko) Chrome/151.0.0.0 Mobile Safari/537.36"
2001:288:a201::66:125 - - [27/Aug/2026:06:49:45 +0800] "GET /blog/active.php HTTP/1.1" 404 1084 "-" "-"
40.77.167.241 - - [27/Aug/2026:06:49:45 +0800] "GET /32745/category/%E9%99%B3%E6%B7%91%E8%B2%9Evs%E6%AD%90%E9%9B%B2%E9%BE%8D/ HTTP/1.1" 200 90608 "-" "Mozilla/5.0 AppleWebKit/537.36 (KHTML, like Gecko; compatible; bingbot/2.0; +http://www.bing.com/bingbot.htm) Chrome/116.0.1938.76 Safari/537.36"
2001:b011:7807:3ccb:ddc:bed:cc2b:fc32 - - [27/Aug/2026:06:49:45 +0800] "GET /wp-content/uploads/sites/890/2021/08/110%E5%AD%B8%E5%B9%B4%E5%BA%A6%E7%AC%AC105%E5%B1%86.%E7%95%A2%E6%A5%AD%E7%94%9F%E5%90%88%E7%85%A7%E5%85%AD%E5%AD%9D-1536x797.jpg HTTP/1.1" 200 291786 "https://www.yeses.ilc.edu.tw/2021/08/27/%E5%93%A1%E5%B1%B1%E5%9C%8B%E5%B0%8F%E6%AD%B7%E5%B1%86%E6%A0%A1%E5%8F%8B%E8%8A%B3%E5%90%8D%E9%8C%84/" "Mozilla/5.0 (Linux; Android 10; K) AppleWebKit/537.36 (KHTML, like Gecko) Chrome/151.0.0.0 Mobile Safari/537.36"
2001:b011:7807:3ccb:ddc:bed:cc2b:fc32 - - [27/Aug/2026:06:49:46 +0800] "GET /wp-content/uploads/sites/890/2021/09/56.jpg HTTP/1.1" 200 151250 "https://www.yeses.ilc.edu.tw/2021/08/27/%E5%93%A1%E5%B1%B1%E5%9C%8B%E5%B0%8F%E6%AD%B7%E5%B1%86%E6%A0%A1%E5%8F%8B%E8%8A%B3%E5%90%8D%E9%8C%84/" "Mozilla/5.0 (Linux; Android 10; K) AppleWebKit/537.36 (KHTML, like Gecko) Chrome/151.0.0.0 Mobile Safari/537.36"
2001:b011:7807:3ccb:ddc:bed:cc2b:fc32 - - [27/Aug/2026:06:49:46 +0800] "GET /wp-content/uploads/sites/890/2021/09/57.jpg HTTP/1.1" 200 148647 "https://www.yeses.ilc.edu.tw/2021/08/27/%E5%93%A1%E5%B1%B1%E5%9C%8B%E5%B0%8F%E6%AD%B7%E5%B1%86%E6%A0%A1%E5%8F%8B%E8%8A%B3%E5%90%8D%E9%8C%84/" "Mozilla/5.0 (Linux; Android 10; K) AppleWebKit/537.36 (KHTML, like Gecko) Chrome/151.0.0.0 Mobile Safari/537.36"
2001:b011:7807:3ccb:ddc:bed:cc2b:fc32 - - [27/Aug/2026:06:49:46 +0800] "GET /wp-content/uploads/sites/890/2021/09/58.jpg HTTP/1.1" 200 142463 "https://www.yeses.ilc.edu.tw/2021/08/27/%E5%93%A1%E5%B1%B1%E5%9C%8B%E5%B0%8F%E6%AD%B7%E5%B1%86%E6%A0%A1%E5%8F%8B%E8%8A%B3%E5%90%8D%E9%8C%84/" "Mozilla/5.0 (Linux; Android 10; K) AppleWebKit/537.36 (KHTML, like Gecko) Chrome/151.0.0.0 Mobile Safari/537.36"
66.249.79.138 - - [27/Aug/2026:06:49:44 +0800] "GET /wp-login.php?action=ilc_logout&_wpnonce=43754d0aad&redirect_to=//miscfounkegolnomb.ml/113wwwjwesilcedutwuGU651 HTTP/1.1" 302 8261 "-" "Mozilla/5.0 (Linux; Android 6.0.1; Nexus 5X Build/MMB29P) AppleWebKit/537.36 (KHTML, like Gecko) Chrome/151.0.7922.173 Mobile Safari/537.36 (compatible; Googlebot/2.1; +http://www.google.com/bot.html)"
2001:b011:7807:3ccb:ddc:bed:cc2b:fc32 - - [27/Aug/2026:06:49:46 +0800] "GET /wp-content/uploads/sites/890/2021/09/59.jpg HTTP/1.1" 200 147937 "https://www.yeses.ilc.edu.tw/2021/08/27/%E5%93%A1%E5%B1%B1%E5%9C%8B%E5%B0%8F%E6%AD%B7%E5%B1%86%E6%A0%A1%E5%8F%8B%E8%8A%B3%E5%90%8D%E9%8C%84/" "Mozilla/5.0 (Linux; Android 10; K) AppleWebKit/537.36 (KHTML, like Gecko) Chrome/151.0.0.0 Mobile Safari/537.36"
2001:b011:7807:3ccb:ddc:bed:cc2b:fc32 - - [27/Aug/2026:06:49:42 +0800] "GET /wp-content/uploads/sites/890/2021/08/602%E5%85%AD%E5%AD%9D%E5%B8%AB%E9%95%B7%E5%90%88%E7%85%A7.jpg HTTP/1.1" 200 1194288 "https://www.yeses.ilc.edu.tw/2021/08/27/%E5%93%A1%E5%B1%B1%E5%9C%8B%E5%B0%8F%E6%AD%B7%E5%B1%86%E6%A0%A1%E5%8F%8B%E8%8A%B3%E5%90%8D%E9%8C%84/" "Mozilla/5.0 (Linux; Android 10; K) AppleWebKit/537.36 (KHTML, like Gecko) Chrome/151.0.0.0 Mobile Safari/537.36"
2001:b011:7807:3ccb:ddc:bed:cc2b:fc32 - - [27/Aug/2026:06:49:42 +0800] "GET /wp-content/uploads/sites/890/2021/08/601%E5%85%AD%E5%BF%A0%E5%B8%AB%E9%95%B7%E5%90%88%E7%85%A7.jpg HTTP/1.1" 200 1457398 "https://www.yeses.ilc.edu.tw/2021/08/27/%E5%93%A1%E5%B1%B1%E5%9C%8B%E5%B0%8F%E6%AD%B7%E5%B1%86%E6%A0%A1%E5%8F%8B%E8%8A%B3%E5%90%8D%E9%8C%84/" "Mozilla/5.0 (Linux; Android 10; K) AppleWebKit/537.36 (KHTML, like Gecko) Chrome/151.0.0.0 Mobile Safari/537.36"
185.191.171.18 - - [27/Aug/2026:06:49:44 +0800] "GET /wp-login.php?_wpnonce=43754d0aad&action=ilc_logout&redirect_to=https%3A%2F%2Fhdpornlife.com%2Fxxx%2FvideoxheY2Uu13 HTTP/1.1" 302 8218 "-" "Mozilla/5.0 (compatible; SemrushBot/7~bl; +http://www.semrush.com/bot.html)"
140.111.67.10 - - [27/Aug/2026:06:49:47 +0800] "GET /" 301 273 "-" "-"
185.191.171.6 - - [27/Aug/2026:06:49:44 +0800] "GET /26150/2025/03/17/%E5%B9%B8%E7%A6%8F%E5%AE%B6%E5%BA%AD%E7%A9%BA%E4%B8%AD%E8%AC%9B%E5%A0%821140316%E6%B4%BB%E5%87%BA%E8%89%AF%E5%96%84%E7%9A%84%E6%9C%AC%E6%80%A7%E9%BB%83%E7%A7%8B%E8%8F%8A/ HTTP/1.1" 200 23169 "-" "Mozilla/5.0 (compatible; SemrushBot/7~bl; +http://www.semrush.com/bot.html)"
44.194.139.149 - - [27/Aug/2026:06:49:45 +0800] "GET /332test/4804/ HTTP/1.1" 200 22530 "-" "Mozilla/5.0 AppleWebKit/537.36 (KHTML, like Gecko; compatible; Amazonbot/0.1; +https://developer.amazon.com/support/amazonbot) Chrome/119.0.6045.214 Safari/537.36"
2402:7500:4f6:8091:3186:883b:9e3c:e043 - - [27/Aug/2026:06:49:45 +0800] "GET /wp-content/uploads/sites/1252/2026/04/Gemini_Generated_Image_ykaxs2ykaxs2ykax.png HTTP/1.1" 200 936734 "https://www.dsjh.ilc.edu.tw/wp-content/uploads/sites/1252/elementor/css/post-277.css" "Mozilla/5.0 (Macintosh; Intel Mac OS X 10_15_7) AppleWebKit/537.36 (KHTML, like Gecko) Chrome/151.0.0.0 Safari/537.36"
2402:7500:4f6:8091:3186:883b:9e3c:e043 - - [27/Aug/2026:06:49:42 +0800] "GET /wp-content/uploads/sites/1252/2026/03/Gemini_Generated_Image_buiq3dbuiq3dbuiq.png HTTP/1.1" 200 1805484 "https://www.dsjh.ilc.edu.tw/wp-content/uploads/sites/1252/elementor/css/post-277.css" "Mozilla/5.0 (Macintosh; Intel Mac OS X 10_15_7) AppleWebKit/537.36 (KHTML, like Gecko) Chrome/151.0.0.0 Safari/537.36"
2402:7500:4f6:8091:3186:883b:9e3c:e043 - - [27/Aug/2026:06:49:42 +0800] "GET /wp-content/uploads/sites/1252/2026/04/Gemini_Generated_Image_evh56qevh56qevh5.png HTTP/1.1" 200 1159260 "https://www.dsjh.ilc.edu.tw/wp-content/uploads/sites/1252/elementor/css/post-277.css" "Mozilla/5.0 (Macintosh; Intel Mac OS X 10_15_7) AppleWebKit/537.36 (KHTML, like Gecko) Chrome/151.0.0.0 Safari/537.36"
2402:7500:4f6:8091:3186:883b:9e3c:e043 - - [27/Aug/2026:06:49:42 +0800] "GET /wp-content/uploads/sites/1252/2026/04/Gemini_Generated_Image_m9u2yjm9u2yjm9u2.png HTTP/1.1" 200 1107386 "https://www.dsjh.ilc.edu.tw/wp-content/uploads/sites/1252/elementor/css/post-277.css" "Mozilla/5.0 (Macintosh; Intel Mac OS X 10_15_7) AppleWebKit/537.36 (KHTML, like Gecko) Chrome/151.0.0.0 Safari/537.36"
34.10.180.98 - - [27/Aug/2026:06:49:48 +0800] "GET /6509/2010/10/08/%E7%92%B0%E5%A2%83%E4%BF%9D%E8%AD%B7%E6%8E%A8%E8%A1%8C%E5%B0%8F%E7%B5%84%E6%9C%83%E8%AD%B0%E7%B4%80%E9%8C%8498-09-15/ HTTP/1.1" 200 15720 "-" "Mozilla/5.0 (Macintosh; Intel Mac OS X 10_15_7) AppleWebKit/537.36 (KHTML, like Gecko) Chrome/120.0.0.0 Safari/537.36"
34.56.53.225 - - [27/Aug/2026:06:49:46 +0800] "GET /technology/?p=2738 HTTP/1.1" 301 5722 "-" "Mozilla/5.0 (Macintosh; Intel Mac OS X 10_15_7) AppleWebKit/537.36 (KHTML, like Gecko) Chrome/120.0.0.0 Safari/537.36"
2402:7500:4f6:8091:3186:883b:9e3c:e043 - - [27/Aug/2026:06:49:41 +0800] "GET /wp-content/uploads/sites/1252/2026/04/Gemini_Generated_Image_uwoy6ouwoy6ouwoy.png HTTP/1.1" 200 1388484 "https://www.dsjh.ilc.edu.tw/wp-content/uploads/sites/1252/elementor/css/post-277.css" "Mozilla/5.0 (Macintosh; Intel Mac OS X 10_15_7) AppleWebKit/537.36 (KHTML, like Gecko) Chrome/151.0.0.0 Safari/537.36"
34.123.149.87 - - [27/Aug/2026:06:49:48 +0800] "GET /32745/wp-json/wp/v2/posts/34108 HTTP/1.1" 200 20611 "-" "Mozilla/5.0 (Macintosh; Intel Mac OS X 10_15_7) AppleWebKit/537.36 (KHTML, like Gecko) Chrome/120.0.0.0 Safari/537.36"
2001:288:a201::67:81 - - [27/Aug/2026:06:49:46 +0800] "POST /26150/2025/03/17/%E5%B9%B8%E7%A6%8F%E5%AE%B6%E5%BA%AD%E7%A9%BA%E4%B8%AD%E8%AC%9B%E5%A0%821140316%E6%B4%BB%E5%87%BA%E8%89%AF%E5%96%84%E7%9A%84%E6%9C%AC%E6%80%A7%E9%BB%83%E7%A7%8B%E8%8F%8A/?fsm_edd_37394=e3f37f7b340106c70ec521a158587a51 HTTP/1.1" 200 13008 "-" "WordPress/6.6.7; https://2blog.ilc.edu.tw/26150"
66.249.71.7 - - [27/Aug/2026:06:49:47 +0800] "GET /wp-login.php?action=ilc_logout&_wpnonce=43754d0aad&redirect_to=//tioscaradaricdit.ml/113wwwjwesilcedutwCvg651 HTTP/1.1" 302 8260 "-" "Mozilla/5.0 (Linux; Android 6.0.1; Nexus 5X Build/MMB29P) AppleWebKit/537.36 (KHTML, like Gecko) Chrome/151.0.7922.173 Mobile Safari/537.36 (compatible; Googlebot/2.1; +http://www.google.com/bot.html)"
54.235.191.179 - - [27/Aug/2026:06:49:49 +0800] "GET /32745/wp-json/oembed/1.0/embed?url=https://2blog.ilc.edu.tw/32745/2020/08/21/%25e6%259c%2589%25e5%25bf%2583%25e7%2584%25a1%25e5%25bf%2583/ HTTP/1.1" 200 8500 "-" "Mozilla/5.0 AppleWebKit/537.36 (KHTML, like Gecko; compatible; Amazonbot/0.1; +https://developer.amazon.com/support/amazonbot) Chrome/119.0.6045.214 Safari/537.36"
44.196.118.6 - - [27/Aug/2026:06:49:49 +0800] "GET /wp-content/uploads/sites/1444/2020/07/DSC_3364-1320x500.jpg HTTP/1.1" 200 161726 "-" "Mozilla/5.0 AppleWebKit/537.36 (KHTML, like Gecko; compatible; Amazonbot/0.1; +https://developer.amazon.com/support/amazonbot) Chrome/119.0.6045.214 Safari/537.36"
2402:7500:4f6:8091:3186:883b:9e3c:e043 - - [27/Aug/2026:06:49:50 +0800] "-" 408 4803 "-" "-"
2001:288:a201::66:125 - - [27/Aug/2026:06:49:50 +0800] "GET /blog/active.php HTTP/1.1" 301 1026 "-" "-"
2001:288:a201::66:125 - - [27/Aug/2026:06:49:50 +0800] "GET /blog/active.php HTTP/1.1" 404 1084 "-" "-"
34.56.53.225 - - [27/Aug/2026:06:49:50 +0800] "GET /32745/2021/01/02/%E8%A8%98%E5%BF%B5%E5%93%81/ HTTP/1.1" 200 92069 "-" "Mozilla/5.0 (Macintosh; Intel Mac OS X 10_15_7) AppleWebKit/537.36 (KHTML, like Gecko) Chrome/120.0.0.0 Safari/537.36"
34.10.180.98 - - [27/Aug/2026:06:49:50 +0800] "GET /32745/?p=61221 HTTP/1.1" 301 5602 "-" "Mozilla/5.0 (Macintosh; Intel Mac OS X 10_15_7) AppleWebKit/537.36 (KHTML, like Gecko) Chrome/120.0.0.0 Safari/537.36"
34.171.68.95 - - [27/Aug/2026:06:49:51 +0800] "GET /32745/2022/05/21/%E7%84%A1%E6%84%8F%E7%84%A1%E6%80%9D%E5%95%A6/ HTTP/1.1" 200 91637 "-" "Mozilla/5.0 (Macintosh; Intel Mac OS X 10_15_7) AppleWebKit/537.36 (KHTML, like Gecko) Chrome/120.0.0.0 Safari/537.36"
34.10.180.98 - - [27/Aug/2026:06:49:51 +0800] "GET /32745/?p=54686 HTTP/1.1" 301 5731 "-" "Mozilla/5.0 (Macintosh; Intel Mac OS X 10_15_7) AppleWebKit/537.36 (KHTML, like Gecko) Chrome/120.0.0.0 Safari/537.36"
52.167.144.191 - - [27/Aug/2026:06:49:50 +0800] "GET /Board/Board/ShowData.asp?LID=27799 HTTP/1.1" 404 85748 "-" "Mozilla/5.0 AppleWebKit/537.36 (KHTML, like Gecko; compatible; bingbot/2.0; +http://www.bing.com/bingbot.htm) Chrome/116.0.1938.76 Safari/537.36"
66.249.71.7 - - [27/Aug/2026:06:49:49 +0800] "GET /wp-login.php?action=ilc_logout&_wpnonce=43754d0aad&redirect_to=//ssigtorxolifguerest.tk/113wwwjwesilcedutwVAl651 HTTP/1.1" 302 3478 "-" "Mozilla/5.0 (Linux; Android 6.0.1; Nexus 5X Build/MMB29P) AppleWebKit/537.36 (KHTML, like Gecko) Chrome/151.0.7922.173 Mobile Safari/537.36 (compatible; Googlebot/2.1; +http://www.google.com/bot.html)"
140.111.67.10 - - [27/Aug/2026:06:49:52 +0800] "GET /" 301 273 "-" "-"
::1 - - [27/Aug/2026:06:49:53 +0800] "OPTIONS * HTTP/1.0" 200 110 "-" "Apache/2.4.68 (Ubuntu) OpenSSL/3.0.19 (internal dummy connection)"
34.57.162.91 - - [27/Aug/2026:06:49:53 +0800] "GET /6415/?p=84 HTTP/1.1" 301 5877 "-" "Mozilla/5.0 (Macintosh; Intel Mac OS X 10_15_7) AppleWebKit/537.36 (KHTML, like Gecko) Chrome/120.0.0.0 Safari/537.36"
66.249.79.138 - - [27/Aug/2026:06:49:52 +0800] "GET /wp-login.php?action=ilc_logout&_wpnonce=43754d0aad&redirect_to=//schwerelifting.ru/creator/24057/ HTTP/1.1" 302 8248 "-" "Mozilla/5.0 (compatible; Googlebot/2.1; +http://www.google.com/bot.html)"
::1 - - [27/Aug/2026:06:49:54 +0800] "OPTIONS * HTTP/1.0" 200 110 "-" "Apache/2.4.68 (Ubuntu) OpenSSL/3.0.19 (internal dummy connection)"
52.3.102.51 - - [27/Aug/2026:06:49:54 +0800] "GET /amy6998/wp-json/wp/v2/categories?post=27266 HTTP/1.1" 200 6684 "-" "Mozilla/5.0 AppleWebKit/537.36 (KHTML, like Gecko; compatible; Amazonbot/0.1; +https://developer.amazon.com/support/amazonbot) Chrome/119.0.6045.214 Safari/537.36"
184.73.239.35 - - [27/Aug/2026:06:49:55 +0800] "GET /wp-content/uploads/sites/2518/6572/6572-2083656.jpg HTTP/1.1" 200 31449 "-" "Mozilla/5.0 AppleWebKit/537.36 (KHTML, like Gecko; compatible; Amazonbot/0.1; +https://developer.amazon.com/support/amazonbot) Chrome/119.0.6045.214 Safari/537.36"
::1 - - [27/Aug/2026:06:49:55 +0800] "OPTIONS * HTTP/1.0" 200 110 "-" "Apache/2.4.68 (Ubuntu) OpenSSL/3.0.19 (internal dummy connection)"
2001:288:a201::66:125 - - [27/Aug/2026:06:49:55 +0800] "GET /blog/active.php HTTP/1.1" 301 1026 "-" "-"
2001:288:a201::66:125 - - [27/Aug/2026:06:49:55 +0800] "GET /blog/active.php HTTP/1.1" 404 1084 "-" "-"
34.56.124.53 - - [27/Aug/2026:06:49:54 +0800] "GET /32745/category/%E7%8E%8B%E8%AD%98%E8%B3%A2%E7%A7%80%E8%98%AD%E7%91%AA%E9%9B%85/feed/ HTTP/1.1" 200 8721 "-" "Mozilla/5.0 (Macintosh; Intel Mac OS X 10_15_7) AppleWebKit/537.36 (KHTML, like Gecko) Chrome/120.0.0.0 Safari/537.36"
2a03:2880:f802:18:: - - [27/Aug/2026:06:49:54 +0800] "GET /32745/category/%e6%9d%8e%e6%98%8e%e6%b4%8bvs%e6%b4%aa%e6%b7%91%e5%aa%9a/feed/ HTTP/1.1" 200 8260 "-" "Mozilla/5.0 (Macintosh; Intel Mac OS X 10_15_7) AppleWebKit/537.36 (KHTML, like Gecko) Chrome/145.0.0.0 Safari/537.36 (compatible; meta-webindexer/1.1 (+https://developers.facebook.com/docs/sharing/webmasters/crawler))"
66.249.79.138 - - [27/Aug/2026:06:49:53 +0800] "GET /wp-login.php?action=ilc_logout&_wpnonce=43754d0aad&redirect_to=http://strana-bylin.ru/creator/17035/ HTTP/1.1" 302 3466 "-" "Mozilla/5.0 (compatible; Googlebot/2.1; +http://www.google.com/bot.html)"
::1 - - [27/Aug/2026:06:49:56 +0800] "OPTIONS * HTTP/1.0" 200 110 "-" "Apache/2.4.68 (Ubuntu) OpenSSL/3.0.19 (internal dummy connection)"
54.91.122.193 - - [27/Aug/2026:06:49:56 +0800] "GET /wp-content/uploads/sites/995/2023/08/?C=D;O%3DA HTTP/1.1" 200 1111 "-" "Mozilla/5.0 AppleWebKit/537.36 (KHTML, like Gecko; compatible; Amazonbot/0.1; +https://developer.amazon.com/support/amazonbot) Chrome/119.0.6045.214 Safari/537.36"
34.10.180.98 - - [27/Aug/2026:06:49:56 +0800] "GET /32745/wp-json/wp/v2/categories/730 HTTP/1.1" 200 6552 "-" "Mozilla/5.0 (Macintosh; Intel Mac OS X 10_15_7) AppleWebKit/537.36 (KHTML, like Gecko) Chrome/120.0.0.0 Safari/537.36"
140.111.67.10 - - [27/Aug/2026:06:49:57 +0800] "GET /" 301 273 "-" "-"
::1 - - [27/Aug/2026:06:49:57 +0800] "OPTIONS * HTTP/1.0" 200 110 "-" "Apache/2.4.68 (Ubuntu) OpenSSL/3.0.19 (internal dummy connection)"
66.249.79.132 - - [27/Aug/2026:06:49:56 +0800] "GET /wp-login.php?action=ilc_logout&_wpnonce=43754d0aad&redirect_to=http://tochkaliniya.ru/gallery/73524/ HTTP/1.1" 302 3444 "-" "Mozilla/5.0 (Linux; Android 6.0.1; Nexus 5X Build/MMB29P) AppleWebKit/537.36 (KHTML, like Gecko) Chrome/151.0.7922.173 Mobile Safari/537.36 (compatible; GoogleOther)"
34.30.223.149 - - [27/Aug/2026:06:49:57 +0800] "GET /32745/2026/02/14/%E4%BD%A0%E5%93%AA%E6%9C%83%E9%9B%A2%E9%96%8B/ HTTP/1.1" 200 92191 "-" "Mozilla/5.0 (Macintosh; Intel Mac OS X 10_15_7) AppleWebKit/537.36 (KHTML, like Gecko) Chrome/120.0.0.0 Safari/537.36"
::1 - - [27/Aug/2026:06:49:58 +0800] "OPTIONS * HTTP/1.0" 200 110 "-" "Apache/2.4.68 (Ubuntu) OpenSSL/3.0.19 (internal dummy connection)"