34.10.180.98 - - [27/Aug/2026:06:46:07 +0800] "GET /29314/?p=530 HTTP/1.1" 301 5879 "-" "Mozilla/5.0 (Macintosh; Intel Mac OS X 10_15_7) AppleWebKit/537.36 (KHTML, like Gecko) Chrome/120.0.0.0 Safari/537.36"
136.119.35.120 - - [27/Aug/2026:06:46:07 +0800] "GET /25222/wp-json/wp/v2/posts/1698 HTTP/1.1" 200 28010 "-" "Mozilla/5.0 (Macintosh; Intel Mac OS X 10_15_7) AppleWebKit/537.36 (KHTML, like Gecko) Chrome/120.0.0.0 Safari/537.36"
34.123.149.87 - - [27/Aug/2026:06:46:07 +0800] "GET /6512/?p=8164 HTTP/1.1" 301 5904 "-" "Mozilla/5.0 (Macintosh; Intel Mac OS X 10_15_7) AppleWebKit/537.36 (KHTML, like Gecko) Chrome/120.0.0.0 Safari/537.36"
140.111.67.10 - - [27/Aug/2026:06:46:07 +0800] "GET /" 301 273 "-" "-"
34.10.180.98 - - [27/Aug/2026:06:46:07 +0800] "GET /18660/?p=2520 HTTP/1.1" 301 5755 "-" "Mozilla/5.0 (Macintosh; Intel Mac OS X 10_15_7) AppleWebKit/537.36 (KHTML, like Gecko) Chrome/120.0.0.0 Safari/537.36"
34.30.223.149 - - [27/Aug/2026:06:46:07 +0800] "GET /32745/wp-json/oembed/1.0/embed?url=https://2blog.ilc.edu.tw/32745/2021/07/20/%25e7%25b7%258a%25e4%25b8%25ad%25e5%2586%25b7/ HTTP/1.1" 200 8400 "-" "Mozilla/5.0 (Macintosh; Intel Mac OS X 10_15_7) AppleWebKit/537.36 (KHTML, like Gecko) Chrome/120.0.0.0 Safari/537.36"
54.198.33.233 - - [27/Aug/2026:06:46:08 +0800] "GET /wp-content/uploads/sites/2543/2021/09/?C=S;O%3DD HTTP/1.1" 200 1113 "-" "Mozilla/5.0 AppleWebKit/537.36 (KHTML, like Gecko; compatible; Amazonbot/0.1; +https://developer.amazon.com/support/amazonbot) Chrome/119.0.6045.214 Safari/537.36"
66.249.79.128 - - [27/Aug/2026:06:46:06 +0800] "GET /wp-login.php?action=ilc_logout&_wpnonce=43754d0aad&redirect_to=http://zhaschita-ee.ru/creator/33937/ HTTP/1.1" 302 8251 "-" "Mozilla/5.0 (Linux; Android 6.0.1; Nexus 5X Build/MMB29P) AppleWebKit/537.36 (KHTML, like Gecko) Chrome/151.0.7922.173 Mobile Safari/537.36 (compatible; GoogleOther)"
34.171.68.95 - - [27/Aug/2026:06:46:09 +0800] "GET /32745/2021/06/22/%E5%AF%82%E5%AF%9E%E6%B5%81%E6%B5%AA%E5%85%92/ HTTP/1.1" 200 92201 "-" "Mozilla/5.0 (Macintosh; Intel Mac OS X 10_15_7) AppleWebKit/537.36 (KHTML, like Gecko) Chrome/120.0.0.0 Safari/537.36"
100.24.167.60 - - [27/Aug/2026:06:46:09 +0800] "GET /amy6998/wp-json/wp/v2/posts/7960/revisions HTTP/1.1" 401 6200 "-" "Mozilla/5.0 AppleWebKit/537.36 (KHTML, like Gecko; compatible; Amazonbot/0.1; +https://developer.amazon.com/support/amazonbot) Chrome/119.0.6045.214 Safari/537.36"
34.56.124.53 - - [27/Aug/2026:06:46:09 +0800] "GET /32745/2020/05/30/%E5%AB%81%E4%BA%88%E4%BD%A0%E5%96%B2/ HTTP/1.1" 200 91882 "-" "Mozilla/5.0 (Macintosh; Intel Mac OS X 10_15_7) AppleWebKit/537.36 (KHTML, like Gecko) Chrome/120.0.0.0 Safari/537.36"
2001:288:a201::66:125 - - [27/Aug/2026:06:46:10 +0800] "GET /blog/active.php HTTP/1.1" 404 1084 "-" "-"
2001:288:a201::66:125 - - [27/Aug/2026:06:46:10 +0800] "GET /blog/active.php HTTP/1.1" 301 1026 "-" "-"
66.249.79.128 - - [27/Aug/2026:06:46:08 +0800] "GET /wp-login.php?action=ilc_logout&_wpnonce=43754d0aad&redirect_to=//vodoproekt36.ru/creator/80818/ HTTP/1.1" 302 8246 "-" "Mozilla/5.0 (compatible; Googlebot/2.1; +http://www.google.com/bot.html)"
17.246.15.185 - - [27/Aug/2026:06:46:11 +0800] "GET /868/44346/ HTTP/1.1" 200 23395 "-" "Mozilla/5.0 (Macintosh; Intel Mac OS X 10_15_7) AppleWebKit/605.1.15 (KHTML, like Gecko) Version/17.4 Safari/605.1.15 (Applebot/0.1; +http://www.apple.com/go/applebot)"
140.111.67.10 - - [27/Aug/2026:06:46:12 +0800] "GET /" 301 273 "-" "-"
::1 - - [27/Aug/2026:06:46:13 +0800] "OPTIONS * HTTP/1.0" 200 110 "-" "Apache/2.4.68 (Ubuntu) OpenSSL/3.0.19 (internal dummy connection)"
::1 - - [27/Aug/2026:06:46:14 +0800] "OPTIONS * HTTP/1.0" 200 110 "-" "Apache/2.4.68 (Ubuntu) OpenSSL/3.0.19 (internal dummy connection)"
34.30.223.149 - - [27/Aug/2026:06:46:13 +0800] "GET /32745/wp-json/wp/v2/posts/87842 HTTP/1.1" 200 18898 "-" "Mozilla/5.0 (Macintosh; Intel Mac OS X 10_15_7) AppleWebKit/537.36 (KHTML, like Gecko) Chrome/120.0.0.0 Safari/537.36"
34.171.68.95 - - [27/Aug/2026:06:46:14 +0800] "GET /6511/wp-json/wp/v2/posts/485 HTTP/1.1" 200 8939 "-" "Mozilla/5.0 (Macintosh; Intel Mac OS X 10_15_7) AppleWebKit/537.36 (KHTML, like Gecko) Chrome/120.0.0.0 Safari/537.36"
185.191.171.4 - - [27/Aug/2026:06:46:15 +0800] "GET /blog/blog/868/post/2174/53458 HTTP/1.1" 404 25426 "-" "Mozilla/5.0 (compatible; SemrushBot/7~bl; +http://www.semrush.com/bot.html)"
66.249.79.132 - - [27/Aug/2026:06:46:13 +0800] "GET /wp-login.php?action=ilc_logout&_wpnonce=43754d0aad&redirect_to=http://jeansparadise.ru/gallery/67995/ HTTP/1.1" 302 3445 "-" "Mozilla/5.0 (compatible; Googlebot/2.1; +http://www.google.com/bot.html)"
2001:288:a201::66:125 - - [27/Aug/2026:06:46:15 +0800] "GET /blog/active.php HTTP/1.1" 404 1084 "-" "-"
2001:288:a201::66:125 - - [27/Aug/2026:06:46:15 +0800] "GET /blog/active.php HTTP/1.1" 301 1026 "-" "-"
::1 - - [27/Aug/2026:06:46:16 +0800] "OPTIONS * HTTP/1.0" 200 110 "-" "Apache/2.4.68 (Ubuntu) OpenSSL/3.0.19 (internal dummy connection)"
52.45.77.169 - - [27/Aug/2026:06:46:16 +0800] "GET /wp-content/uploads/sites/2179/2024/01/?C=N;O%3DA HTTP/1.1" 200 1114 "-" "Mozilla/5.0 AppleWebKit/537.36 (KHTML, like Gecko; compatible; Amazonbot/0.1; +https://developer.amazon.com/support/amazonbot) Chrome/119.0.6045.214 Safari/537.36"
34.171.68.95 - - [27/Aug/2026:06:46:16 +0800] "GET /32745/wp-json/oembed/1.0/embed?format=xml&url=https://2blog.ilc.edu.tw/32745/2021/10/17/%25e5%2588%2586%25e6%2589%258b%25e7%259a%2584%25e8%25a9%25b1/ HTTP/1.1" 200 7243 "-" "Mozilla/5.0 (Macintosh; Intel Mac OS X 10_15_7) AppleWebKit/537.36 (KHTML, like Gecko) Chrome/120.0.0.0 Safari/537.36"
102.134.39.102 - - [27/Aug/2026:06:46:16 +0800] "GET / HTTP/1.1" 200 15170 "-" "Mozilla/5.0 (Macintosh; Intel Mac OS X 10_15_7) AppleWebKit/537.36 (KHTML, like Gecko) Chrome/151.0.0.0 Safari/537.36"
2402:7500:49a:4480:707b:7bec:702f:53b4 - - [27/Aug/2026:06:46:16 +0800] "GET /868/44225/ HTTP/1.1" 200 19997 "https://www.google.com/" "Mozilla/5.0 (iPhone; CPU iPhone OS 18_6_1 like Mac OS X) AppleWebKit/605.1.15 (KHTML, like Gecko) Version/18.6 Mobile/15E148 Safari/604.1"
2402:7500:49a:4480:707b:7bec:702f:53b4 - - [27/Aug/2026:06:46:17 +0800] "GET /868/wp-content/cache/2blog.ilc.edu.tw/wpfc-minified/13m1ver4/5wob8.css HTTP/1.1" 200 19009 "https://2blog.ilc.edu.tw/868/44225/" "Mozilla/5.0 (iPhone; CPU iPhone OS 18_6_1 like Mac OS X) AppleWebKit/605.1.15 (KHTML, like Gecko) Version/18.6 Mobile/15E148 Safari/604.1"
2402:7500:49a:4480:707b:7bec:702f:53b4 - - [27/Aug/2026:06:46:17 +0800] "GET /868/wp-content/cache/2blog.ilc.edu.tw/wpfc-minified/8lw6462p/5woku.css HTTP/1.1" 200 45678 "https://2blog.ilc.edu.tw/868/44225/" "Mozilla/5.0 (iPhone; CPU iPhone OS 18_6_1 like Mac OS X) AppleWebKit/605.1.15 (KHTML, like Gecko) Version/18.6 Mobile/15E148 Safari/604.1"
2402:7500:49a:4480:707b:7bec:702f:53b4 - - [27/Aug/2026:06:46:17 +0800] "GET /868/wp-content/cache/2blog.ilc.edu.tw/wpfc-minified/7nvg1c6t/5woku.css HTTP/1.1" 200 20774 "https://2blog.ilc.edu.tw/868/44225/" "Mozilla/5.0 (iPhone; CPU iPhone OS 18_6_1 like Mac OS X) AppleWebKit/605.1.15 (KHTML, like Gecko) Version/18.6 Mobile/15E148 Safari/604.1"
34.123.149.87 - - [27/Aug/2026:06:46:17 +0800] "GET /24659/wp-json/wp/v2/categories/97 HTTP/1.1" 200 6715 "-" "Mozilla/5.0 (Macintosh; Intel Mac OS X 10_15_7) AppleWebKit/537.36 (KHTML, like Gecko) Chrome/120.0.0.0 Safari/537.36"
102.134.39.102 - - [27/Aug/2026:06:46:17 +0800] "GET /3180/ HTTP/1.1" 200 22356 "https://2blog.ilc.edu.tw/" "Mozilla/5.0 (Macintosh; Intel Mac OS X 10_15_7) AppleWebKit/537.36 (KHTML, like Gecko) Chrome/151.0.0.0 Safari/537.36"
140.111.67.10 - - [27/Aug/2026:06:46:17 +0800] "GET /" 301 273 "-" "-"
44.221.105.234 - - [27/Aug/2026:06:46:17 +0800] "GET /32745/2023/09/03/%E4%B8%AD%E7%A7%8B%E6%9C%88%E5%9C%93%E6%83%85/ HTTP/1.1" 200 92452 "-" "Mozilla/5.0 AppleWebKit/537.36 (KHTML, like Gecko; compatible; Amazonbot/0.1; +https://developer.amazon.com/support/amazonbot) Chrome/119.0.6045.214 Safari/537.36"
140.111.67.195 - - [27/Aug/2026:06:46:18 +0800] "GET /wp-admin/admin-post.php?action=steps_ad HTTP/1.1" 200 1973 "-" "node-fetch/1.0 (+https://github.com/bitinn/node-fetch)"
34.123.149.87 - - [27/Aug/2026:06:46:18 +0800] "GET /6492/wp-json/wp/v2/posts/7119 HTTP/1.1" 200 8791 "-" "Mozilla/5.0 (Macintosh; Intel Mac OS X 10_15_7) AppleWebKit/537.36 (KHTML, like Gecko) Chrome/120.0.0.0 Safari/537.36"
66.249.71.7 - - [27/Aug/2026:06:46:16 +0800] "GET /wp-login.php?action=ilc_logout&_wpnonce=43754d0aad&redirect_to=//dlyaokon.ru/creator/44053/ HTTP/1.1" 302 8242 "-" "Mozilla/5.0 (compatible; Googlebot/2.1; +http://www.google.com/bot.html)"
128.241.99.51 - - [27/Aug/2026:06:46:19 +0800] "GET /3180/wp-content/cache/2blog.ilc.edu.tw/wpfc-minified/7azzjvlc/hq80t.css HTTP/1.1" 200 20774 "https://2blog.ilc.edu.tw/3180/" "Mozilla/5.0 (Linux; Android 14; Pixel 8 Pro) AppleWebKit/537.36 (KHTML, like Gecko) Chrome/148.0.0.0 Mobile Safari/537.36"
34.171.68.95 - - [27/Aug/2026:06:46:18 +0800] "GET /32745/?p=18951 HTTP/1.1" 301 5602 "-" "Mozilla/5.0 (Macintosh; Intel Mac OS X 10_15_7) AppleWebKit/537.36 (KHTML, like Gecko) Chrome/120.0.0.0 Safari/537.36"
128.241.99.51 - - [27/Aug/2026:06:46:19 +0800] "GET /3180/wp-content/cache/2blog.ilc.edu.tw/wpfc-minified/esfehd2d/hq80t.css HTTP/1.1" 200 40886 "https://2blog.ilc.edu.tw/3180/" "Mozilla/5.0 (Linux; Android 14; Pixel 8 Pro) AppleWebKit/537.36 (KHTML, like Gecko) Chrome/148.0.0.0 Mobile Safari/537.36"
128.241.99.51 - - [27/Aug/2026:06:46:19 +0800] "GET /3180/wp-content/cache/2blog.ilc.edu.tw/wpfc-minified/d7da5u5f/hq80t.css HTTP/1.1" 200 11551 "https://2blog.ilc.edu.tw/3180/" "Mozilla/5.0 (Linux; Android 14; Pixel 8 Pro) AppleWebKit/537.36 (KHTML, like Gecko) Chrome/148.0.0.0 Mobile Safari/537.36"
34.56.124.53 - - [27/Aug/2026:06:46:19 +0800] "GET /32745/wp-json/wp/v2/posts/33167 HTTP/1.1" 200 15538 "-" "Mozilla/5.0 (Macintosh; Intel Mac OS X 10_15_7) AppleWebKit/537.36 (KHTML, like Gecko) Chrome/120.0.0.0 Safari/537.36"
128.241.99.51 - - [27/Aug/2026:06:46:19 +0800] "GET /3180/wp-content/cache/2blog.ilc.edu.tw/wpfc-minified/1v2gswn/hq80t.css HTTP/1.1" 200 17637 "https://2blog.ilc.edu.tw/3180/" "Mozilla/5.0 (Linux; Android 14; Pixel 8 Pro) AppleWebKit/537.36 (KHTML, like Gecko) Chrome/148.0.0.0 Mobile Safari/537.36"
128.241.99.51 - - [27/Aug/2026:06:46:20 +0800] "GET /3180/wp-content/cache/2blog.ilc.edu.tw/wpfc-minified/2kj1r75/hq80t.js HTTP/1.1" 200 35561 "https://2blog.ilc.edu.tw/3180/" "Mozilla/5.0 (Linux; Android 14; Pixel 8 Pro) AppleWebKit/537.36 (KHTML, like Gecko) Chrome/148.0.0.0 Mobile Safari/537.36"
128.241.99.51 - - [27/Aug/2026:06:46:20 +0800] "GET /3180/wp-content/uploads/sites/1043/2020/07/cropped-1090606-20-scaled-1.jpeg HTTP/1.1" 200 99828 "https://2blog.ilc.edu.tw/3180/" "Mozilla/5.0 (Linux; Android 14; Pixel 8 Pro) AppleWebKit/537.36 (KHTML, like Gecko) Chrome/148.0.0.0 Mobile Safari/537.36"
185.191.171.14 - - [27/Aug/2026:06:46:20 +0800] "GET /blog/blog/4878/post/14708/76439 HTTP/1.1" 404 25426 "-" "Mozilla/5.0 (compatible; SemrushBot/7~bl; +http://www.semrush.com/bot.html)"
66.249.71.7 - - [27/Aug/2026:06:46:18 +0800] "GET /wp-login.php?action=ilc_logout&_wpnonce=43754d0aad&redirect_to=//abetrederlu.ml/113wwwjwesilcedutwqxY651 HTTP/1.1" 302 8255 "-" "Mozilla/5.0 (Linux; Android 6.0.1; Nexus 5X Build/MMB29P) AppleWebKit/537.36 (KHTML, like Gecko) Chrome/151.0.7922.173 Mobile Safari/537.36 (compatible; Googlebot/2.1; +http://www.google.com/bot.html)"
2001:288:a201::66:125 - - [27/Aug/2026:06:46:20 +0800] "GET /blog/active.php HTTP/1.1" 404 1084 "-" "-"
2001:288:a201::66:125 - - [27/Aug/2026:06:46:20 +0800] "GET /blog/active.php HTTP/1.1" 301 1026 "-" "-"
216.73.217.64 - - [27/Aug/2026:06:46:20 +0800] "GET /2226/archives/author/1124ying/page/64 HTTP/1.1" 200 16557 "-" "Mozilla/5.0 AppleWebKit/537.36 (KHTML, like Gecko; compatible; ClaudeBot/1.0; +claudebot@anthropic.com)"
52.201.155.215 - - [27/Aug/2026:06:46:21 +0800] "GET /amy6998/wp-content/uploads/sites/2364/2023/03/gggDSC01726-300x169.jpg HTTP/1.1" 200 22648 "-" "Mozilla/5.0 AppleWebKit/537.36 (KHTML, like Gecko; compatible; Amazonbot/0.1; +https://developer.amazon.com/support/amazonbot) Chrome/119.0.6045.214 Safari/537.36"
140.111.67.10 - - [27/Aug/2026:06:46:22 +0800] "GET /" 301 273 "-" "-"
216.73.217.64 - - [27/Aug/2026:06:46:22 +0800] "GET /9536/?p=55546 HTTP/1.1" 301 5885 "-" "Mozilla/5.0 AppleWebKit/537.36 (KHTML, like Gecko; compatible; ClaudeBot/1.0; +claudebot@anthropic.com)"
34.123.149.87 - - [27/Aug/2026:06:46:22 +0800] "GET /6415/2011/11/page/5/ HTTP/1.1" 200 14411 "-" "Mozilla/5.0 (Macintosh; Intel Mac OS X 10_15_7) AppleWebKit/537.36 (KHTML, like Gecko) Chrome/120.0.0.0 Safari/537.36"
216.73.217.64 - - [27/Aug/2026:06:46:22 +0800] "GET /9536/2009/09/28/%e7%a4%be%e5%8d%80%e6%97%a5%e6%9b%86-%e5%8d%97%e5%bc%b7%e7%a4%be%e5%8d%80-%e6%b0%b8%e4%b8%8d%e6%89%93%e7%83%8a%e7%9a%84%e5%ae%b6%e5%ba%ad%e8%97%a5%e9%8b%aa%e3%80%88%e5%af%84%e8%97%a5%e5%8c%85%e4%bb%94/ HTTP/1.1" 200 10114 "https://2blog.ilc.edu.tw/9536/?p=55546" "Mozilla/5.0 AppleWebKit/537.36 (KHTML, like Gecko; compatible; ClaudeBot/1.0; +claudebot@anthropic.com)"
185.191.171.17 - - [27/Aug/2026:06:46:22 +0800] "GET /6509/2015/11/03/%E6%A0%A1%E5%9C%92%E8%A4%87%E5%90%88%E5%9E%8B%E9%98%B2%E7%81%BD%E9%98%B2%E8%AD%B7%E7%B7%A8%E7%B5%84%E7%A0%94%E7%BF%92/ HTTP/1.1" 200 16934 "-" "Mozilla/5.0 (compatible; SemrushBot/7~bl; +http://www.semrush.com/bot.html)"
2001:4860:7:410::f7 - - [27/Aug/2026:06:46:23 +0800] "GET /26064/2022/05/05/%E6%9C%AC%E7%B8%A3108%E5%AD%B8%E5%B9%B4%E5%BA%A6%E5%9C%8B%E4%B8%AD%E5%B0%8F%E7%8F%AD%E7%B4%9A%E6%95%B8%E5%8F%8A%E5%AD%B8%E7%94%9F%E6%95%B8%E6%A0%B8%E5%AE%9A%E8%A1%A8/ HTTP/1.1" 200 19418 "https://www.google.com/" "Mozilla/5.0 (Windows NT 10.0; Win64; x64) AppleWebKit/537.36 (KHTML, like Gecko) Chrome/151.0.0.0 Safari/537.36"
3.226.34.98 - - [27/Aug/2026:06:46:24 +0800] "GET /wp-content/uploads/sites/391/2019/10/?C=M;O%3DA HTTP/1.1" 200 1112 "-" "Mozilla/5.0 AppleWebKit/537.36 (KHTML, like Gecko; compatible; Amazonbot/0.1; +https://developer.amazon.com/support/amazonbot) Chrome/119.0.6045.214 Safari/537.36"
34.123.149.87 - - [27/Aug/2026:06:46:24 +0800] "GET /32745/?p=56518 HTTP/1.1" 301 5602 "-" "Mozilla/5.0 (Macintosh; Intel Mac OS X 10_15_7) AppleWebKit/537.36 (KHTML, like Gecko) Chrome/120.0.0.0 Safari/537.36"
185.191.171.6 - - [27/Aug/2026:06:46:24 +0800] "GET /blog/5900 HTTP/1.1" 404 25426 "-" "Mozilla/5.0 (compatible; SemrushBot/7~bl; +http://www.semrush.com/bot.html)"
114.34.178.58 - - [27/Aug/2026:06:46:24 +0800] "GET /favicon.ico HTTP/1.1" 302 5895 "-" "NetworkingExtension/8624.4.5.10.5 Network/5812.160.9 iOS/26.6"
34.171.68.95 - - [27/Aug/2026:06:46:25 +0800] "GET /yleerc/wp-json/oembed/1.0/embed?format=xml&url=https://2blog.ilc.edu.tw/yleerc/2022/09/13/cool-english-workshop-in-2022/ HTTP/1.1" 200 7093 "-" "Mozilla/5.0 (Macintosh; Intel Mac OS X 10_15_7) AppleWebKit/537.36 (KHTML, like Gecko) Chrome/120.0.0.0 Safari/537.36"
114.34.178.58 - - [27/Aug/2026:06:46:25 +0800] "GET /wp-content/uploads/sites/1984/2020/09/cropped-%E6%A0%A1%E5%88%8A-32x32.png HTTP/1.1" 200 3051 "-" "NetworkingExtension/8624.4.5.10.5 Network/5812.160.9 iOS/26.6"
114.34.178.58 - - [27/Aug/2026:06:46:24 +0800] "GET /apple-touch-icon-precomposed.png HTTP/1.1" 404 58430 "-" "NetworkingExtension/8624.4.5.10.5 Network/5812.160.9 iOS/26.6"
114.34.178.58 - - [27/Aug/2026:06:46:24 +0800] "GET /apple-touch-icon.png HTTP/1.1" 404 58430 "-" "NetworkingExtension/8624.4.5.10.5 Network/5812.160.9 iOS/26.6"
114.34.178.58 - - [27/Aug/2026:06:46:24 +0800] "GET / HTTP/1.1" 200 29909 "-" "Mozilla/5.0 (Macintosh; Intel Mac OS X 10_11_1) AppleWebKit/601.2.4 (KHTML, like Gecko) Version/9.0.1 Safari/601.2.4 facebookexternalhit/1.1 Facebot Twitterbot/1.0"
2001:288:a201::66:125 - - [27/Aug/2026:06:46:25 +0800] "GET /blog/active.php HTTP/1.1" 404 1084 "-" "-"
114.34.178.58 - - [27/Aug/2026:06:46:25 +0800] "GET /wp-content/uploads/sites/1984/2023/10/290702669_10220568749760569_2141687693252668472_n-1024x683.jpg HTTP/1.1" 200 131587 "-" "NetworkingExtension/8624.4.5.10.5 Network/5812.160.9 iOS/26.6"
2001:288:a201::66:125 - - [27/Aug/2026:06:46:25 +0800] "GET /blog/active.php HTTP/1.1" 301 1026 "-" "-"
114.34.178.58 - - [27/Aug/2026:06:46:25 +0800] "GET /wp-content/uploads/sites/1984/2023/10/IMG_9135-5-1024x683.jpg HTTP/1.1" 200 77443 "-" "NetworkingExtension/8624.4.5.10.5 Network/5812.160.9 iOS/26.6"
114.34.178.58 - - [27/Aug/2026:06:46:25 +0800] "GET /wp-content/uploads/sites/1984/2023/10/image_6483441-7-scaled-e1726149812768-1024x694.jpg HTTP/1.1" 200 149328 "-" "NetworkingExtension/8624.4.5.10.5 Network/5812.160.9 iOS/26.6"
114.34.178.58 - - [27/Aug/2026:06:46:25 +0800] "GET /wp-content/uploads/sites/1984/2020/09/cropped-%E6%A0%A1%E5%88%8A-32x32.png HTTP/1.1" 200 7853 "-" "NetworkingExtension/8624.4.5.10.5 Network/5812.160.9 iOS/26.6"
114.34.178.58 - - [27/Aug/2026:06:46:25 +0800] "GET /wp-content/uploads/sites/1984/2020/09/cropped-%E6%A0%A1%E5%88%8A-192x192.png HTTP/1.1" 200 42797 "-" "NetworkingExtension/8624.4.5.10.5 Network/5812.160.9 iOS/26.6"
114.34.178.58 - - [27/Aug/2026:06:46:25 +0800] "GET /wp-content/uploads/sites/1984/2020/09/cropped-%E6%A0%A1%E5%88%8A-180x180.png HTTP/1.1" 200 39331 "-" "NetworkingExtension/8624.4.5.10.5 Network/5812.160.9 iOS/26.6"
54.235.191.179 - - [27/Aug/2026:06:46:25 +0800] "GET /32745/2020/06/12/%E7%82%BA%E6%84%9B%E7%9B%B8%E9%80%A2/ HTTP/1.1" 200 92091 "-" "Mozilla/5.0 AppleWebKit/537.36 (KHTML, like Gecko; compatible; Amazonbot/0.1; +https://developer.amazon.com/support/amazonbot) Chrome/119.0.6045.214 Safari/537.36"
140.111.67.195 - - [27/Aug/2026:06:46:26 +0800] "GET /wp-admin/admin-post.php?action=steps_ad HTTP/1.1" 200 1973 "-" "node-fetch/1.0 (+https://github.com/bitinn/node-fetch)"
34.56.124.53 - - [27/Aug/2026:06:46:27 +0800] "GET /6460/2013/11/25/102_%E5%90%88%E6%B3%95%E5%BB%A0%E5%95%86%E5%AE%9A%E6%9C%9F%E6%B8%85%E7%90%86%E6%B0%B4%E8%82%A5/ HTTP/1.1" 200 16277 "-" "Mozilla/5.0 (Macintosh; Intel Mac OS X 10_15_7) AppleWebKit/537.36 (KHTML, like Gecko) Chrome/120.0.0.0 Safari/537.36"
140.111.67.10 - - [27/Aug/2026:06:46:27 +0800] "GET /" 301 273 "-" "-"
136.119.35.120 - - [27/Aug/2026:06:46:27 +0800] "GET /23/wp-json/oembed/1.0/embed?url=https://2blog.ilc.edu.tw/23/2013/11/13/1021021%25e5%25a4%259a%25e5%2585%2583%25e8%25a9%2595%25e9%2587%258f%25e7%25a0%2594%25e7%25bf%2592/ HTTP/1.1" 200 8309 "-" "Mozilla/5.0 (Macintosh; Intel Mac OS X 10_15_7) AppleWebKit/537.36 (KHTML, like Gecko) Chrome/120.0.0.0 Safari/537.36"
66.249.71.7 - - [27/Aug/2026:06:46:25 +0800] "GET /wp-login.php?action=ilc_logout&_wpnonce=43754d0aad&redirect_to=//tiaconkalfril.ml/113wwwjwesilcedutwUMD651 HTTP/1.1" 302 8257 "-" "Mozilla/5.0 (Linux; Android 6.0.1; Nexus 5X Build/MMB29P) AppleWebKit/537.36 (KHTML, like Gecko) Chrome/151.0.7922.173 Mobile Safari/537.36 (compatible; Googlebot/2.1; +http://www.google.com/bot.html)"
34.10.180.98 - - [27/Aug/2026:06:46:27 +0800] "GET /32745/2021/10/06/%E7%84%A1%E7%B7%A3%E7%9A%84%E6%83%85%E4%BE%B6%E5%86%8D%E6%9C%83%E5%95%A6/ HTTP/1.1" 200 92254 "-" "Mozilla/5.0 (Macintosh; Intel Mac OS X 10_15_7) AppleWebKit/537.36 (KHTML, like Gecko) Chrome/120.0.0.0 Safari/537.36"
34.193.2.57 - - [27/Aug/2026:06:46:27 +0800] "GET /wp-content/uploads/sites/736/2022/06/?C=M;O%3DA HTTP/1.1" 200 1112 "-" "Mozilla/5.0 AppleWebKit/537.36 (KHTML, like Gecko; compatible; Amazonbot/0.1; +https://developer.amazon.com/support/amazonbot) Chrome/119.0.6045.214 Safari/537.36"
140.111.67.195 - - [27/Aug/2026:06:46:27 +0800] "GET /wp-admin/admin-post.php?action=steps_ad HTTP/1.1" 200 1649 "-" "node-fetch/1.0 (+https://github.com/bitinn/node-fetch)"
42.73.113.252 - - [27/Aug/2026:06:46:28 +0800] "GET /wp-content/uploads/sites/3846/2026/06/%E5%AE%A3%E5%82%B3%E5%9C%96%E7%89%87.png HTTP/1.1" 200 1053112 "https://it.ilc.edu.tw/" "Mozilla/5.0 (iPhone; CPU iPhone OS 18_4_1 like Mac OS X) AppleWebKit/605.1.15 (KHTML, like Gecko) CriOS/149.0.7827.137 Mobile/15E148 Safari/604.1"
34.123.149.87 - - [27/Aug/2026:06:46:28 +0800] "GET /6232/2012/03/30/100%E4%B8%8B%E6%95%99%E5%B8%AB%E5%B0%88%E6%A5%AD%E6%88%90%E9%95%B7-%E6%A1%8C%E9%81%8A/ HTTP/1.1" 200 14250 "-" "Mozilla/5.0 (Macintosh; Intel Mac OS X 10_15_7) AppleWebKit/537.36 (KHTML, like Gecko) Chrome/120.0.0.0 Safari/537.36"
136.119.35.120 - - [27/Aug/2026:06:46:29 +0800] "GET /32745/?p=15377 HTTP/1.1" 301 5602 "-" "Mozilla/5.0 (Macintosh; Intel Mac OS X 10_15_7) AppleWebKit/537.36 (KHTML, like Gecko) Chrome/120.0.0.0 Safari/537.36"
34.56.124.53 - - [27/Aug/2026:06:46:29 +0800] "GET /6443/2015/11/10/104-%E4%B8%89-3-3%E6%B8%85%E6%B4%97%E6%B0%B4%E5%A1%94%E5%8F%8A%E9%A3%B2%E7%94%A8%E6%B0%B4%E6%AA%A2%E6%B8%AC/ HTTP/1.1" 200 18024 "-" "Mozilla/5.0 (Macintosh; Intel Mac OS X 10_15_7) AppleWebKit/537.36 (KHTML, like Gecko) Chrome/120.0.0.0 Safari/537.36"
34.171.68.95 - - [27/Aug/2026:06:46:30 +0800] "GET /57/wp-json/wp/v2/posts/44 HTTP/1.1" 200 10481 "-" "Mozilla/5.0 (Macintosh; Intel Mac OS X 10_15_7) AppleWebKit/537.36 (KHTML, like Gecko) Chrome/120.0.0.0 Safari/537.36"
2001:288:a201::66:125 - - [27/Aug/2026:06:46:30 +0800] "GET /blog/active.php HTTP/1.1" 301 1026 "-" "-"
3.220.148.166 - - [27/Aug/2026:06:46:30 +0800] "GET /39664/2020/11/13/think02/1091114-%E8%A8%AD2-%E7%99%BC%E6%98%8E%E5%B1%95-16/ HTTP/1.1" 200 17040 "-" "Mozilla/5.0 AppleWebKit/537.36 (KHTML, like Gecko; compatible; Amazonbot/0.1; +https://developer.amazon.com/support/amazonbot) Chrome/119.0.6045.214 Safari/537.36"
2001:288:a201::66:125 - - [27/Aug/2026:06:46:30 +0800] "GET /blog/active.php HTTP/1.1" 404 1084 "-" "-"
66.249.71.7 - - [27/Aug/2026:06:46:29 +0800] "GET /wp-login.php?action=ilc_logout&_wpnonce=43754d0aad&redirect_to=//esbennaso.gq/113wwwjwesilcedutwAro651 HTTP/1.1" 302 3468 "-" "Mozilla/5.0 (Linux; Android 6.0.1; Nexus 5X Build/MMB29P) AppleWebKit/537.36 (KHTML, like Gecko) Chrome/151.0.7922.173 Mobile Safari/537.36 (compatible; Googlebot/2.1; +http://www.google.com/bot.html)"
34.171.68.95 - - [27/Aug/2026:06:46:31 +0800] "GET /32745/2020/04/26/%E5%96%9C%E9%85%92%E7%94%9C%E8%8C%B6%E5%A5%BD%E6%97%A5%E5%AD%90/ HTTP/1.1" 200 92604 "-" "Mozilla/5.0 (Macintosh; Intel Mac OS X 10_15_7) AppleWebKit/537.36 (KHTML, like Gecko) Chrome/120.0.0.0 Safari/537.36"
34.10.180.98 - - [27/Aug/2026:06:46:31 +0800] "GET /34699/wp-json/oembed/1.0/embed?format=xml&url=https://2blog.ilc.edu.tw/34699/2017/11/19/%25e6%259b%25b8%25e6%25b3%2595%25e7%25a4%25be%25e5%259c%2598-2/ HTTP/1.1" 200 7097 "-" "Mozilla/5.0 (Macintosh; Intel Mac OS X 10_15_7) AppleWebKit/537.36 (KHTML, like Gecko) Chrome/120.0.0.0 Safari/537.36"
140.111.67.10 - - [27/Aug/2026:06:46:32 +0800] "GET /" 301 273 "-" "-"
34.171.68.95 - - [27/Aug/2026:06:46:30 +0800] "GET /26150/2018/05/page/1/ HTTP/1.1" 301 5579 "-" "Mozilla/5.0 (Macintosh; Intel Mac OS X 10_15_7) AppleWebKit/537.36 (KHTML, like Gecko) Chrome/120.0.0.0 Safari/537.36"
3.213.46.222 - - [27/Aug/2026:06:46:32 +0800] "GET /wp-content/uploads/sites/2313/2025/07/?C=D;O%3DA HTTP/1.1" 200 1114 "-" "Mozilla/5.0 AppleWebKit/537.36 (KHTML, like Gecko; compatible; Amazonbot/0.1; +https://developer.amazon.com/support/amazonbot) Chrome/119.0.6045.214 Safari/537.36"
66.249.79.138 - - [27/Aug/2026:06:46:31 +0800] "GET /wp-login.php?action=ilc_logout&_wpnonce=43754d0aad&redirect_to=http://durianshop.ru/gallery/12403/ HTTP/1.1" 302 8249 "-" "Mozilla/5.0 (Linux; Android 6.0.1; Nexus 5X Build/MMB29P) AppleWebKit/537.36 (KHTML, like Gecko) Chrome/151.0.7922.173 Mobile Safari/537.36 (compatible; GoogleOther)"
34.42.229.145 - - [27/Aug/2026:06:46:33 +0800] "GET /32745/2021/11/06/%E6%83%9C%E5%88%A5%E8%90%BD%E9%9B%A8%E6%9A%9D/ HTTP/1.1" 200 92092 "-" "Mozilla/5.0 (Macintosh; Intel Mac OS X 10_15_7) AppleWebKit/537.36 (KHTML, like Gecko) Chrome/120.0.0.0 Safari/537.36"
34.171.68.95 - - [27/Aug/2026:06:46:34 +0800] "GET /32745/2022/03/29/%F0%A8%91%A8%E8%BF%8C%E5%9B%A1%E4%BB%94/ HTTP/1.1" 200 91977 "-" "Mozilla/5.0 (Macintosh; Intel Mac OS X 10_15_7) AppleWebKit/537.36 (KHTML, like Gecko) Chrome/120.0.0.0 Safari/537.36"
34.42.229.145 - - [27/Aug/2026:06:46:34 +0800] "GET /6580/wp-json/wp/v2/posts/12966 HTTP/1.1" 200 10647 "-" "Mozilla/5.0 (Macintosh; Intel Mac OS X 10_15_7) AppleWebKit/537.36 (KHTML, like Gecko) Chrome/120.0.0.0 Safari/537.36"
2a03:2880:f802:6:: - - [27/Aug/2026:06:46:33 +0800] "GET /wp-login.php?key=j7mmn379&_wpnonce=&action=ilc_logout&redirect_to=https%3A%2F%2Fwww.aayyy.com HTTP/1.1" 302 8250 "-" "Mozilla/5.0 (Macintosh; Intel Mac OS X 10_15_7) AppleWebKit/537.36 (KHTML, like Gecko) Chrome/145.0.0.0 Safari/537.36 (compatible; meta-webindexer/1.1 (+https://developers.facebook.com/docs/sharing/webmasters/crawler))"
34.10.180.98 - - [27/Aug/2026:06:46:34 +0800] "GET /6443/2013/11/15/%E6%8E%A8%E5%BB%A3%E6%AF%8F%E9%80%B1%E4%BA%94%E7%82%BA%E8%94%AC%E9%A3%9F%E6%97%A511%E6%9C%88%E4%BB%BD%E8%8F%9C%E5%96%AE/ HTTP/1.1" 200 19104 "-" "Mozilla/5.0 (Macintosh; Intel Mac OS X 10_15_7) AppleWebKit/537.36 (KHTML, like Gecko) Chrome/120.0.0.0 Safari/537.36"
2001:288:a201::66:125 - - [27/Aug/2026:06:46:35 +0800] "GET /blog/active.php HTTP/1.1" 404 1084 "-" "-"
2001:288:a201::66:125 - - [27/Aug/2026:06:46:35 +0800] "GET /blog/active.php HTTP/1.1" 301 1026 "-" "-"
34.123.149.87 - - [27/Aug/2026:06:46:35 +0800] "GET /32745/wp-json/oembed/1.0/embed?url=https://2blog.ilc.edu.tw/32745/2021/04/09/%25e6%25bd%2598%25e9%25ba%2597%25e9%25ba%2597/ HTTP/1.1" 200 8272 "-" "Mozilla/5.0 (Macintosh; Intel Mac OS X 10_15_7) AppleWebKit/537.36 (KHTML, like Gecko) Chrome/120.0.0.0 Safari/537.36"
140.111.67.195 - - [27/Aug/2026:06:46:36 +0800] "GET /wp-admin/admin-post.php?action=steps_ad HTTP/1.1" 200 1973 "-" "node-fetch/1.0 (+https://github.com/bitinn/node-fetch)"
66.249.79.138 - - [27/Aug/2026:06:46:34 +0800] "GET /wp-login.php?action=ilc_logout&_wpnonce=43754d0aad&redirect_to=//quiwome.ml/113wwwjwesilcedutwLIW651 HTTP/1.1" 302 3466 "-" "Mozilla/5.0 (Linux; Android 6.0.1; Nexus 5X Build/MMB29P) AppleWebKit/537.36 (KHTML, like Gecko) Chrome/151.0.7922.173 Mobile Safari/537.36 (compatible; Googlebot/2.1; +http://www.google.com/bot.html)"
2a03:2880:18ff:4e:: - - [27/Aug/2026:06:46:37 +0800] "GET /blog/gallery/5798/5798-3379413.png HTTP/1.1" 404 25478 "-" "facebookexternalhit/1.1 (+http://www.facebook.com/externalhit_uatext.php)"
140.111.67.10 - - [27/Aug/2026:06:46:37 +0800] "GET /" 301 273 "-" "-"
85.208.96.206 - - [27/Aug/2026:06:46:37 +0800] "GET /cramschool/2022/02/14/%E8%BD%89%E7%9F%A5%E3%80%8C%E5%AE%9C%E8%98%AD%E7%B8%A3%E6%94%BF%E5%BA%9C%E5%B0%8D%E5%8F%97%E5%9A%B4%E9%87%8D%E7%89%B9%E6%AE%8A%E5%82%B3%E6%9F%93%E6%80%A7%E8%82%BA%E7%82%8E%E5%BD%B1%E9%9F%BF%E4%B9%8B/ HTTP/1.1" 404 77903 "-" "Mozilla/5.0 (compatible; SemrushBot/7~bl; +http://www.semrush.com/bot.html)"
2001:288:a201::67:81 - - [27/Aug/2026:06:46:37 +0800] "POST /wp-json/oembed/1.0/embed?url=https%3A%2F%2Fwww.gtes.ilc.edu.tw%2F&fsm_edd_37394=6811ba65de7a0b032744f61671470daa HTTP/1.1" 404 6094 "-" "WordPress/6.6.7; https://www.gtes.ilc.edu.tw"
34.197.28.78 - - [27/Aug/2026:06:46:37 +0800] "GET /wp-json/oembed/1.0/embed?url=https://www.gtes.ilc.edu.tw/ HTTP/1.1" 200 8242 "-" "Mozilla/5.0 AppleWebKit/537.36 (KHTML, like Gecko; compatible; Amazonbot/0.1; +https://developer.amazon.com/support/amazonbot) Chrome/119.0.6045.214 Safari/537.36"
::1 - - [27/Aug/2026:06:46:39 +0800] "OPTIONS * HTTP/1.0" 200 110 "-" "Apache/2.4.68 (Ubuntu) OpenSSL/3.0.19 (internal dummy connection)"
44.197.76.210 - - [27/Aug/2026:06:46:39 +0800] "GET /32340/wp-includes/images/w-logo-blue.png HTTP/1.1" 200 8741 "-" "Mozilla/5.0 AppleWebKit/537.36 (KHTML, like Gecko; compatible; Amazonbot/0.1; +https://developer.amazon.com/support/amazonbot) Chrome/119.0.6045.214 Safari/537.36"
::1 - - [27/Aug/2026:06:46:40 +0800] "OPTIONS * HTTP/1.0" 200 110 "-" "Apache/2.4.68 (Ubuntu) OpenSSL/3.0.19 (internal dummy connection)"
2001:288:a201::66:125 - - [27/Aug/2026:06:46:40 +0800] "GET /blog/active.php HTTP/1.1" 301 1026 "-" "-"
2001:288:a201::66:125 - - [27/Aug/2026:06:46:40 +0800] "GET /blog/active.php HTTP/1.1" 404 1084 "-" "-"
54.204.12.115 - - [27/Aug/2026:06:46:40 +0800] "GET /wp-content/uploads/sites/2634/2025/12/114-1-%E8%B5%AB%E4%BC%AF%E7%89%B9%E5%B9%BC%E5%85%92%E5%9C%92%E5%9C%B0%E9%9C%87%E9%81%BF%E9%9B%A3%E6%8E%A9%E8%AD%B7%E5%AF%A6%E6%96%BD%E8%A8%88%E7%95%AB-4.docx HTTP/1.1" 200 365634 "-" "Mozilla/5.0 AppleWebKit/537.36 (KHTML, like Gecko; compatible; Amazonbot/0.1; +https://developer.amazon.com/support/amazonbot) Chrome/119.0.6045.214 Safari/537.36"
44.206.93.215 - - [27/Aug/2026:06:46:40 +0800] "GET /2024/06/18/%E9%87%91%E5%B2%B3%E5%9C%8B%E5%B0%8F%E5%AD%B8%E7%BF%92%E8%BC%89%E5%85%B7%E7%AE%A1%E7%90%86%E8%A6%8F%E5%AE%9A%E5%8F%8A%E5%90%8C%E6%84%8F%E6%9B%B8/embed/ HTTP/1.1" 200 12681 "-" "Mozilla/5.0 AppleWebKit/537.36 (KHTML, like Gecko; compatible; Amazonbot/0.1; +https://developer.amazon.com/support/amazonbot) Chrome/119.0.6045.214 Safari/537.36"
::1 - - [27/Aug/2026:06:46:41 +0800] "OPTIONS * HTTP/1.0" 200 110 "-" "Apache/2.4.68 (Ubuntu) OpenSSL/3.0.19 (internal dummy connection)"
35.172.125.172 - - [27/Aug/2026:06:46:41 +0800] "GET /32745/2021/04/05/%E4%BA%86%E5%B0%BE%E4%BB%94%E5%9B%9D/embed/ HTTP/1.1" 200 12843 "-" "Mozilla/5.0 AppleWebKit/537.36 (KHTML, like Gecko; compatible; Amazonbot/0.1; +https://developer.amazon.com/support/amazonbot) Chrome/119.0.6045.214 Safari/537.36"
::1 - - [27/Aug/2026:06:46:42 +0800] "OPTIONS * HTTP/1.0" 200 110 "-" "Apache/2.4.68 (Ubuntu) OpenSSL/3.0.19 (internal dummy connection)"
140.111.67.10 - - [27/Aug/2026:06:46:42 +0800] "GET /" 301 273 "-" "-"
::1 - - [27/Aug/2026:06:46:43 +0800] "OPTIONS * HTTP/1.0" 200 110 "-" "Apache/2.4.68 (Ubuntu) OpenSSL/3.0.19 (internal dummy connection)"
240e:f7:e000:1200::26a - - [27/Aug/2026:06:46:43 +0800] "GET /2010/09/28/ HTTP/1.1" 200 16148 "-" "Mozilla/5.0 (Windows NT 10.0; Win64; x64) AppleWebKit/537.36 (KHTML, like Gecko) Chrome/144.0.0.0 Safari/537.36"
100.28.49.152 - - [27/Aug/2026:06:46:42 +0800] "GET /2016/09/14/%E5%85%A8%E7%B7%A3%E8%B2%AB%E7%9C%BE%E8%95%A8/embed/ HTTP/1.1" 200 12537 "-" "Mozilla/5.0 AppleWebKit/537.36 (KHTML, like Gecko; compatible; Amazonbot/0.1; +https://developer.amazon.com/support/amazonbot) Chrome/119.0.6045.214 Safari/537.36"
66.249.79.138 - - [27/Aug/2026:06:46:41 +0800] "GET /wp-login.php?action=ilc_logout&_wpnonce=43754d0aad&redirect_to=http://rosdao.ru/join/41377/ HTTP/1.1" 302 8242 "-" "Mozilla/5.0 (Linux; Android 6.0.1; Nexus 5X Build/MMB29P) AppleWebKit/537.36 (KHTML, like Gecko) Chrome/151.0.7922.173 Mobile Safari/537.36 (compatible; GoogleOther)"
140.111.67.195 - - [27/Aug/2026:06:46:43 +0800] "GET /wp-admin/admin-post.php?action=steps_ad HTTP/1.1" 200 1973 "-" "node-fetch/1.0 (+https://github.com/bitinn/node-fetch)"
240e:f7:e000:1200::26a - - [27/Aug/2026:06:46:43 +0800] "GET /wp-content/cache/ilta.ilc.edu.tw/wpfc-minified/30cml7nx/6wvk.css HTTP/1.1" 200 40877 "https://ilta.ilc.edu.tw/2010/09/28/" "Mozilla/5.0 (Windows NT 10.0; Win64; x64) AppleWebKit/537.36 (KHTML, like Gecko) Chrome/144.0.0.0 Safari/537.36"
2a01:4f9:3a:2c19::2 - - [27/Aug/2026:06:46:43 +0800] "GET / HTTP/1.1" 200 70305 "-" "Mozilla/5.0 (Windows NT 10.0; Win64; x64; rv:148.0) Gecko/20100101 Firefox/148.0"
34.123.149.87 - - [27/Aug/2026:06:46:43 +0800] "GET /6547/?p=168 HTTP/1.1" 301 5775 "-" "Mozilla/5.0 (Macintosh; Intel Mac OS X 10_15_7) AppleWebKit/537.36 (KHTML, like Gecko) Chrome/120.0.0.0 Safari/537.36"
240e:f7:e000:1200::26a - - [27/Aug/2026:06:46:44 +0800] "GET /wp-content/cache/ilta.ilc.edu.tw/wpfc-minified/l07fx5lw/6wvk.css HTTP/1.1" 200 16121 "https://ilta.ilc.edu.tw/2010/09/28/" "Mozilla/5.0 (Windows NT 10.0; Win64; x64) AppleWebKit/537.36 (KHTML, like Gecko) Chrome/144.0.0.0 Safari/537.36"
240e:f7:e000:1200::26a - - [27/Aug/2026:06:46:44 +0800] "GET /wp-content/cache/ilta.ilc.edu.tw/wpfc-minified/qm0ohmet/6wvk.css HTTP/1.1" 200 1496 "https://ilta.ilc.edu.tw/2010/09/28/" "Mozilla/5.0 (Windows NT 10.0; Win64; x64) AppleWebKit/537.36 (KHTML, like Gecko) Chrome/144.0.0.0 Safari/537.36"
240e:f7:e000:1200::26a - - [27/Aug/2026:06:46:44 +0800] "GET /wp-content/cache/ilta.ilc.edu.tw/wpfc-minified/7vo8n6iy/6wvk.css HTTP/1.1" 200 65503 "https://ilta.ilc.edu.tw/2010/09/28/" "Mozilla/5.0 (Windows NT 10.0; Win64; x64) AppleWebKit/537.36 (KHTML, like Gecko) Chrome/144.0.0.0 Safari/537.36"
240e:f7:e000:1200::26a - - [27/Aug/2026:06:46:44 +0800] "GET /wp-content/cache/ilta.ilc.edu.tw/wpfc-minified/1qjpbzp9/6wvk.js HTTP/1.1" 200 40344 "https://ilta.ilc.edu.tw/2010/09/28/" "Mozilla/5.0 (Windows NT 10.0; Win64; x64) AppleWebKit/537.36 (KHTML, like Gecko) Chrome/144.0.0.0 Safari/537.36"
240e:f7:e000:1200::26a - - [27/Aug/2026:06:46:44 +0800] "GET /wp-includes/js/hoverintent-js.min.js HTTP/1.1" 200 6392 "https://ilta.ilc.edu.tw/2010/09/28/" "Mozilla/5.0 (Windows NT 10.0; Win64; x64) AppleWebKit/537.36 (KHTML, like Gecko) Chrome/144.0.0.0 Safari/537.36"
34.192.67.98 - - [27/Aug/2026:06:46:44 +0800] "GET /wp-content/uploads/sites/1915/2022/07/?C=N;O%3DA HTTP/1.1" 200 1114 "-" "Mozilla/5.0 AppleWebKit/537.36 (KHTML, like Gecko; compatible; Amazonbot/0.1; +https://developer.amazon.com/support/amazonbot) Chrome/119.0.6045.214 Safari/537.36"
240e:f7:e000:1200::26a - - [27/Aug/2026:06:46:44 +0800] "GET /wp-includes/js/admin-bar.min.js HTTP/1.1" 200 2237 "https://ilta.ilc.edu.tw/2010/09/28/" "Mozilla/5.0 (Windows NT 10.0; Win64; x64) AppleWebKit/537.36 (KHTML, like Gecko) Chrome/144.0.0.0 Safari/537.36"
240e:f7:e000:1200::26a - - [27/Aug/2026:06:46:44 +0800] "GET /wp-includes/js/imagesloaded.min.js HTTP/1.1" 200 2683 "https://ilta.ilc.edu.tw/2010/09/28/" "Mozilla/5.0 (Windows NT 10.0; Win64; x64) AppleWebKit/537.36 (KHTML, like Gecko) Chrome/144.0.0.0 Safari/537.36"
240e:f7:e000:1200::26a - - [27/Aug/2026:06:46:44 +0800] "GET /wp-content/themes/oceanwp/assets/js/theme.min.js HTTP/1.1" 200 5130 "https://ilta.ilc.edu.tw/2010/09/28/" "Mozilla/5.0 (Windows NT 10.0; Win64; x64) AppleWebKit/537.36 (KHTML, like Gecko) Chrome/144.0.0.0 Safari/537.36"
240e:f7:e000:1200::26a - - [27/Aug/2026:06:46:44 +0800] "GET /wp-content/themes/oceanwp/assets/js/drop-down-mobile-menu.min.js HTTP/1.1" 200 4663 "https://ilta.ilc.edu.tw/2010/09/28/" "Mozilla/5.0 (Windows NT 10.0; Win64; x64) AppleWebKit/537.36 (KHTML, like Gecko) Chrome/144.0.0.0 Safari/537.36"
240e:f7:e000:1200::26a - - [27/Aug/2026:06:46:44 +0800] "GET /wp-content/themes/oceanwp/assets/js/drop-down-search.min.js HTTP/1.1" 200 2968 "https://ilta.ilc.edu.tw/2010/09/28/" "Mozilla/5.0 (Windows NT 10.0; Win64; x64) AppleWebKit/537.36 (KHTML, like Gecko) Chrome/144.0.0.0 Safari/537.36"
240e:f7:e000:1200::26a - - [27/Aug/2026:06:46:44 +0800] "GET /wp-content/themes/oceanwp/assets/js/vendors/magnific-popup.min.js HTTP/1.1" 200 8270 "https://ilta.ilc.edu.tw/2010/09/28/" "Mozilla/5.0 (Windows NT 10.0; Win64; x64) AppleWebKit/537.36 (KHTML, like Gecko) Chrome/144.0.0.0 Safari/537.36"
240e:f7:e000:1200::26a - - [27/Aug/2026:06:46:44 +0800] "GET /wp-content/themes/oceanwp/assets/js/ow-lightbox.min.js HTTP/1.1" 200 2321 "https://ilta.ilc.edu.tw/2010/09/28/" "Mozilla/5.0 (Windows NT 10.0; Win64; x64) AppleWebKit/537.36 (KHTML, like Gecko) Chrome/144.0.0.0 Safari/537.36"
240e:f7:e000:1200::26a - - [27/Aug/2026:06:46:44 +0800] "GET /wp-content/themes/oceanwp/assets/js/vendors/flickity.pkgd.min.js HTTP/1.1" 200 15048 "https://ilta.ilc.edu.tw/2010/09/28/" "Mozilla/5.0 (Windows NT 10.0; Win64; x64) AppleWebKit/537.36 (KHTML, like Gecko) Chrome/144.0.0.0 Safari/537.36"
240e:f7:e000:1200::26a - - [27/Aug/2026:06:46:44 +0800] "GET /wp-content/themes/oceanwp/assets/js/ow-slider.min.js HTTP/1.1" 200 1761 "https://ilta.ilc.edu.tw/2010/09/28/" "Mozilla/5.0 (Windows NT 10.0; Win64; x64) AppleWebKit/537.36 (KHTML, like Gecko) Chrome/144.0.0.0 Safari/537.36"
240e:f7:e000:1200::26a - - [27/Aug/2026:06:46:44 +0800] "GET /wp-content/themes/oceanwp/assets/js/scroll-effect.min.js HTTP/1.1" 200 4127 "https://ilta.ilc.edu.tw/2010/09/28/" "Mozilla/5.0 (Windows NT 10.0; Win64; x64) AppleWebKit/537.36 (KHTML, like Gecko) Chrome/144.0.0.0 Safari/537.36"
240e:f7:e000:1200::26a - - [27/Aug/2026:06:46:45 +0800] "GET /wp-content/themes/oceanwp/assets/js/scroll-top.min.js HTTP/1.1" 200 3202 "https://ilta.ilc.edu.tw/2010/09/28/" "Mozilla/5.0 (Windows NT 10.0; Win64; x64) AppleWebKit/537.36 (KHTML, like Gecko) Chrome/144.0.0.0 Safari/537.36"
240e:f7:e000:1200::26a - - [27/Aug/2026:06:46:45 +0800] "GET /wp-content/themes/oceanwp/assets/js/select.min.js HTTP/1.1" 200 2408 "https://ilta.ilc.edu.tw/2010/09/28/" "Mozilla/5.0 (Windows NT 10.0; Win64; x64) AppleWebKit/537.36 (KHTML, like Gecko) Chrome/144.0.0.0 Safari/537.36"
240e:f7:e000:1200::26a - - [27/Aug/2026:06:46:45 +0800] "GET /wp-content/plugins/ocean-extra/includes/widgets/js/flickr.min.js HTTP/1.1" 200 1319 "https://ilta.ilc.edu.tw/2010/09/28/" "Mozilla/5.0 (Windows NT 10.0; Win64; x64) AppleWebKit/537.36 (KHTML, like Gecko) Chrome/144.0.0.0 Safari/537.36"
240e:f7:e000:1200::26a - - [27/Aug/2026:06:46:45 +0800] "GET /wp-content/themes/oceanwp/assets/fonts/simple-line-icons/Simple-Line-Icons.woff2?v=2.4.0 HTTP/1.1" 200 30959 "https://ilta.ilc.edu.tw/wp-content/cache/ilta.ilc.edu.tw/wpfc-minified/7vo8n6iy/6wvk.css" "Mozilla/5.0 (Windows NT 10.0; Win64; x64) AppleWebKit/537.36 (KHTML, like Gecko) Chrome/144.0.0.0 Safari/537.36"
240e:f7:e000:1200::26a - - [27/Aug/2026:06:46:45 +0800] "GET /wp-content/themes/oceanwp/assets/fonts/fontawesome/webfonts/fa-solid-900.woff2 HTTP/1.1" 200 151246 "https://ilta.ilc.edu.tw/wp-content/cache/ilta.ilc.edu.tw/wpfc-minified/7vo8n6iy/6wvk.css" "Mozilla/5.0 (Windows NT 10.0; Win64; x64) AppleWebKit/537.36 (KHTML, like Gecko) Chrome/144.0.0.0 Safari/537.36"
2001:288:a201::66:125 - - [27/Aug/2026:06:46:45 +0800] "GET /blog/active.php HTTP/1.1" 301 1026 "-" "-"
2001:288:a201::66:125 - - [27/Aug/2026:06:46:45 +0800] "GET /blog/active.php HTTP/1.1" 404 1084 "-" "-"
240e:f7:e000:1200::26a - - [27/Aug/2026:06:46:46 +0800] "GET /favicon.ico HTTP/1.1" 302 1054 "https://ilta.ilc.edu.tw/2010/09/28/" "Mozilla/5.0 (Windows NT 10.0; Win64; x64) AppleWebKit/537.36 (KHTML, like Gecko) Chrome/144.0.0.0 Safari/537.36"
34.10.180.98 - - [27/Aug/2026:06:46:45 +0800] "GET /32745/2021/10/06/%E5%A4%A2-2/ HTTP/1.1" 200 92642 "-" "Mozilla/5.0 (Macintosh; Intel Mac OS X 10_15_7) AppleWebKit/537.36 (KHTML, like Gecko) Chrome/120.0.0.0 Safari/537.36"
240e:f7:e000:1200::26a - - [27/Aug/2026:06:46:46 +0800] "GET /wp-includes/images/w-logo-blue-white-bg.png HTTP/1.1" 200 4946 "https://ilta.ilc.edu.tw/2010/09/28/" "Mozilla/5.0 (Windows NT 10.0; Win64; x64) AppleWebKit/537.36 (KHTML, like Gecko) Chrome/144.0.0.0 Safari/537.36"
140.111.67.10 - - [27/Aug/2026:06:46:47 +0800] "GET /" 301 273 "-" "-"
85.208.96.206 - - [27/Aug/2026:06:46:47 +0800] "GET /blog/blog/19972/post/50484/268517 HTTP/1.1" 404 25426 "-" "Mozilla/5.0 (compatible; SemrushBot/7~bl; +http://www.semrush.com/bot.html)"
3.209.174.110 - - [27/Aug/2026:06:46:48 +0800] "GET /wp-content/uploads/sites/1557/2022/12/?C=M;O%3DA HTTP/1.1" 200 1112 "-" "Mozilla/5.0 AppleWebKit/537.36 (KHTML, like Gecko; compatible; Amazonbot/0.1; +https://developer.amazon.com/support/amazonbot) Chrome/119.0.6045.214 Safari/537.36"
34.30.223.149 - - [27/Aug/2026:06:46:47 +0800] "GET /6433/2018/03/21/106%E5%AD%B8%E5%B9%B4%E5%BA%A6%E7%AC%AC%E4%B8%89%E6%AC%A1%E8%AA%B2%E7%99%BC%E6%9C%83%E6%9C%83%E8%AD%B0/ HTTP/1.1" 200 14449 "-" "Mozilla/5.0 (Macintosh; Intel Mac OS X 10_15_7) AppleWebKit/537.36 (KHTML, like Gecko) Chrome/120.0.0.0 Safari/537.36"
34.171.68.95 - - [27/Aug/2026:06:46:48 +0800] "GET /32745/wp-json/oembed/1.0/embed?format=xml&url=https://2blog.ilc.edu.tw/32745/2020/07/25/%25e6%25b1%259f%25e6%25b9%2596%25e4%25bd%2595%25e5%259c%25a8/ HTTP/1.1" 200 7107 "-" "Mozilla/5.0 (Macintosh; Intel Mac OS X 10_15_7) AppleWebKit/537.36 (KHTML, like Gecko) Chrome/120.0.0.0 Safari/537.36"
::1 - - [27/Aug/2026:06:46:50 +0800] "OPTIONS * HTTP/1.0" 200 110 "-" "Apache/2.4.68 (Ubuntu) OpenSSL/3.0.19 (internal dummy connection)"
2001:288:a201::66:125 - - [27/Aug/2026:06:46:50 +0800] "GET /blog/active.php HTTP/1.1" 301 1026 "-" "-"
2001:288:a201::66:125 - - [27/Aug/2026:06:46:50 +0800] "GET /blog/active.php HTTP/1.1" 404 1084 "-" "-"
34.10.180.98 - - [27/Aug/2026:06:46:50 +0800] "GET /32745/wp-json/oembed/1.0/embed?url=https://2blog.ilc.edu.tw/32745/2023/01/24/%25e5%2588%259d%25e4%25b9%259d%25e6%25bb%25bf%25e5%259c%25b0%25e7%25b4%2585/ HTTP/1.1" 200 8334 "-" "Mozilla/5.0 (Macintosh; Intel Mac OS X 10_15_7) AppleWebKit/537.36 (KHTML, like Gecko) Chrome/120.0.0.0 Safari/537.36"
::1 - - [27/Aug/2026:06:46:51 +0800] "OPTIONS * HTTP/1.0" 200 110 "-" "Apache/2.4.68 (Ubuntu) OpenSSL/3.0.19 (internal dummy connection)"
34.57.162.91 - - [27/Aug/2026:06:46:51 +0800] "GET /16811/2014/11/17/2-2-1%E5%AD%B8%E7%94%9F%E5%AE%B6%E9%95%B7%E4%B9%8B%E5%AE%B6%E5%BA%AD%E6%95%99%E8%82%B2%E8%BC%94%E5%B0%8E-%E4%B8%80%E5%B9%B4%E5%BF%A0%E7%8F%AD%E4%B9%8B%E8%A6%AA%E8%81%B7%E6%95%99%E8%82%B2%E5%BA%A7/ HTTP/1.1" 200 31609 "-" "Mozilla/5.0 (Macintosh; Intel Mac OS X 10_15_7) AppleWebKit/537.36 (KHTML, like Gecko) Chrome/120.0.0.0 Safari/537.36"
34.203.111.15 - - [27/Aug/2026:06:46:51 +0800] "GET /wp-content/uploads/sites/1665/2024/08/?C=D;O%3DA HTTP/1.1" 200 2199 "-" "Mozilla/5.0 AppleWebKit/537.36 (KHTML, like Gecko; compatible; Amazonbot/0.1; +https://developer.amazon.com/support/amazonbot) Chrome/119.0.6045.214 Safari/537.36"
140.111.67.10 - - [27/Aug/2026:06:46:52 +0800] "GET /" 301 273 "-" "-"
34.10.180.98 - - [27/Aug/2026:06:46:50 +0800] "GET /26150/wp-json/wp/v2/posts/3295 HTTP/1.1" 200 12423 "-" "Mozilla/5.0 (Macintosh; Intel Mac OS X 10_15_7) AppleWebKit/537.36 (KHTML, like Gecko) Chrome/120.0.0.0 Safari/537.36"
66.249.79.132 - - [27/Aug/2026:06:46:52 +0800] "GET /wp-login.php?action=ilc_logout&_wpnonce=43754d0aad&redirect_to=http://kostrovspb.ru/gallery/39931/ HTTP/1.1" 302 3442 "-" "Mozilla/5.0 (Linux; Android 6.0.1; Nexus 5X Build/MMB29P) AppleWebKit/537.36 (KHTML, like Gecko) Chrome/151.0.7922.173 Mobile Safari/537.36 (compatible; GoogleOther)"
2001:288:a201::67:81 - - [27/Aug/2026:06:46:52 +0800] "POST /26150/wp-json/wp/v2/posts/3295?fsm_edd_37394=4091d87ecd6acbbde40db785c072754a HTTP/1.1" 401 6013 "-" "WordPress/6.6.7; https://2blog.ilc.edu.tw/26150"
54.225.181.161 - - [27/Aug/2026:06:46:53 +0800] "GET /26151/wp-json/oembed/1.0/embed?url=https://2blog.ilc.edu.tw/26151/2014/09/11/%25e5%25ae%259c%25e8%2598%25ad%25e7%25b8%25a3%25e9%25ab%2598%25e7%25b4%259a%25e4%25b8%25ad%25e7%25ad%2589%25e4%25bb%25a5%25e4%25b8%258b%25e5%25ad%25b8%25e6%25a0%25a1%25e8%25ba%25ab%25e5%25bf%2583%25e9%259a%259c%25e7%25a4%2599%25e5%25ad%25b8%25e7%2594%259f%25e5%25b0%25b1%25e8%25ae%2580%25e6%2599%25ae%25e9%2580%259a%25e7%258f%25ad/ HTTP/1.1" 200 9044 "-" "Mozilla/5.0 AppleWebKit/537.36 (KHTML, like Gecko; compatible; Amazonbot/0.1; +https://developer.amazon.com/support/amazonbot) Chrome/119.0.6045.214 Safari/537.36"
34.171.68.95 - - [27/Aug/2026:06:46:54 +0800] "GET /27417/wp-json/wp/v2/posts/360 HTTP/1.1" 200 10292 "-" "Mozilla/5.0 (Macintosh; Intel Mac OS X 10_15_7) AppleWebKit/537.36 (KHTML, like Gecko) Chrome/120.0.0.0 Safari/537.36"
2001:288:a201::66:125 - - [27/Aug/2026:06:46:55 +0800] "GET /blog/active.php HTTP/1.1" 301 1026 "-" "-"
2001:288:a201::66:125 - - [27/Aug/2026:06:46:55 +0800] "GET /blog/active.php HTTP/1.1" 404 1084 "-" "-"
27.247.106.105 - - [27/Aug/2026:06:46:55 +0800] "GET /blog/blog/24433 HTTP/1.1" 301 1063 "-" "Mozilla/5.0 (Windows NT 10.0; Win64; x64) AppleWebKit/537.36 (KHTML, like Gecko) Chrome/151.0.0.0 Safari/537.36"
34.30.223.149 - - [27/Aug/2026:06:46:55 +0800] "GET /6440/category/c-21563/page/22/ HTTP/1.1" 200 16567 "-" "Mozilla/5.0 (Macintosh; Intel Mac OS X 10_15_7) AppleWebKit/537.36 (KHTML, like Gecko) Chrome/120.0.0.0 Safari/537.36"
136.119.35.120 - - [27/Aug/2026:06:46:55 +0800] "GET /6418/2010/10/page/6/ HTTP/1.1" 200 14521 "-" "Mozilla/5.0 (Macintosh; Intel Mac OS X 10_15_7) AppleWebKit/537.36 (KHTML, like Gecko) Chrome/120.0.0.0 Safari/537.36"
34.42.229.145 - - [27/Aug/2026:06:46:55 +0800] "GET /2761/2025/09/18/114%E5%AD%B8%E5%B9%B4%E8%82%B2%E8%8B%B1%E5%9C%8B%E5%B0%8F%E6%AD%8C%E4%BB%94%E6%88%B2%E7%A4%BE%E5%9C%98%E6%A8%93%E5%8F%B0%E6%9C%83%E6%8A%9B%E8%8D%94%E6%9E%9D/ HTTP/1.1" 200 12475 "-" "Mozilla/5.0 (Macintosh; Intel Mac OS X 10_15_7) AppleWebKit/537.36 (KHTML, like Gecko) Chrome/120.0.0.0 Safari/537.36"
34.123.149.87 - - [27/Aug/2026:06:46:55 +0800] "GET /7706/?p=3711 HTTP/1.1" 301 5719 "-" "Mozilla/5.0 (Macintosh; Intel Mac OS X 10_15_7) AppleWebKit/537.36 (KHTML, like Gecko) Chrome/120.0.0.0 Safari/537.36"
34.42.229.145 - - [27/Aug/2026:06:46:55 +0800] "GET /2226/wp-json/wp/v2/posts/786 HTTP/1.1" 200 13757 "-" "Mozilla/5.0 (Macintosh; Intel Mac OS X 10_15_7) AppleWebKit/537.36 (KHTML, like Gecko) Chrome/120.0.0.0 Safari/537.36"
27.247.106.105 - - [27/Aug/2026:06:46:56 +0800] "GET /blog/blog/24433 HTTP/1.1" 404 25478 "-" "Mozilla/5.0 (Windows NT 10.0; Win64; x64) AppleWebKit/537.36 (KHTML, like Gecko) Chrome/151.0.0.0 Safari/537.36"
27.247.106.105 - - [27/Aug/2026:06:46:56 +0800] "GET /wp-includes/css/dashicons.min.css HTTP/1.1" 200 36736 "https://2blog.ilc.edu.tw/blog/blog/24433" "Mozilla/5.0 (Windows NT 10.0; Win64; x64) AppleWebKit/537.36 (KHTML, like Gecko) Chrome/151.0.0.0 Safari/537.36"
27.247.106.105 - - [27/Aug/2026:06:46:56 +0800] "GET /wp-includes/css/admin-bar.min.css HTTP/1.1" 200 5024 "https://2blog.ilc.edu.tw/blog/blog/24433" "Mozilla/5.0 (Windows NT 10.0; Win64; x64) AppleWebKit/537.36 (KHTML, like Gecko) Chrome/151.0.0.0 Safari/537.36"
27.247.106.105 - - [27/Aug/2026:06:46:56 +0800] "GET /wp-includes/css/dist/block-library/style.min.css HTTP/1.1" 200 16119 "https://2blog.ilc.edu.tw/blog/blog/24433" "Mozilla/5.0 (Windows NT 10.0; Win64; x64) AppleWebKit/537.36 (KHTML, like Gecko) Chrome/151.0.0.0 Safari/537.36"
27.247.106.105 - - [27/Aug/2026:06:46:56 +0800] "GET /wp-content/plugins/google-drive-embedder/css/gdm-blocks.css HTTP/1.1" 200 5954 "https://2blog.ilc.edu.tw/blog/blog/24433" "Mozilla/5.0 (Windows NT 10.0; Win64; x64) AppleWebKit/537.36 (KHTML, like Gecko) Chrome/151.0.0.0 Safari/537.36"
27.247.106.105 - - [27/Aug/2026:06:46:56 +0800] "GET /wp-content/themes/hello-elementor/style.min.css HTTP/1.1" 200 7990 "https://2blog.ilc.edu.tw/blog/blog/24433" "Mozilla/5.0 (Windows NT 10.0; Win64; x64) AppleWebKit/537.36 (KHTML, like Gecko) Chrome/151.0.0.0 Safari/537.36"
27.247.106.105 - - [27/Aug/2026:06:46:56 +0800] "GET /wp-includes/js/jquery/jquery-migrate.min.js HTTP/1.1" 200 5752 "https://2blog.ilc.edu.tw/blog/blog/24433" "Mozilla/5.0 (Windows NT 10.0; Win64; x64) AppleWebKit/537.36 (KHTML, like Gecko) Chrome/151.0.0.0 Safari/537.36"
27.247.106.105 - - [27/Aug/2026:06:46:56 +0800] "GET /wp-content/themes/hello-elementor/theme.min.css HTTP/1.1" 200 3411 "https://2blog.ilc.edu.tw/blog/blog/24433" "Mozilla/5.0 (Windows NT 10.0; Win64; x64) AppleWebKit/537.36 (KHTML, like Gecko) Chrome/151.0.0.0 Safari/537.36"
27.247.106.105 - - [27/Aug/2026:06:46:56 +0800] "GET /wp-includes/js/jquery/jquery.min.js HTTP/1.1" 200 31359 "https://2blog.ilc.edu.tw/blog/blog/24433" "Mozilla/5.0 (Windows NT 10.0; Win64; x64) AppleWebKit/537.36 (KHTML, like Gecko) Chrome/151.0.0.0 Safari/537.36"
27.247.106.105 - - [27/Aug/2026:06:46:56 +0800] "GET /wp-includes/js/hoverintent-js.min.js HTTP/1.1" 200 1597 "https://2blog.ilc.edu.tw/blog/blog/24433" "Mozilla/5.0 (Windows NT 10.0; Win64; x64) AppleWebKit/537.36 (KHTML, like Gecko) Chrome/151.0.0.0 Safari/537.36"
27.247.106.105 - - [27/Aug/2026:06:46:56 +0800] "GET /wp-includes/js/admin-bar.min.js HTTP/1.1" 200 2237 "https://2blog.ilc.edu.tw/blog/blog/24433" "Mozilla/5.0 (Windows NT 10.0; Win64; x64) AppleWebKit/537.36 (KHTML, like Gecko) Chrome/151.0.0.0 Safari/537.36"
27.247.106.105 - - [27/Aug/2026:06:46:56 +0800] "GET /favicon.ico HTTP/1.1" 302 901 "https://2blog.ilc.edu.tw/blog/blog/24433" "Mozilla/5.0 (Windows NT 10.0; Win64; x64) AppleWebKit/537.36 (KHTML, like Gecko) Chrome/151.0.0.0 Safari/537.36"
27.247.106.105 - - [27/Aug/2026:06:46:56 +0800] "GET /wp-includes/images/w-logo-blue-white-bg.png HTTP/1.1" 200 4946 "https://2blog.ilc.edu.tw/blog/blog/24433" "Mozilla/5.0 (Windows NT 10.0; Win64; x64) AppleWebKit/537.36 (KHTML, like Gecko) Chrome/151.0.0.0 Safari/537.36"
140.111.67.10 - - [27/Aug/2026:06:46:57 +0800] "GET /" 301 273 "-" "-"
34.171.68.95 - - [27/Aug/2026:06:46:57 +0800] "GET /33938/wp-json/wp/v2/posts/84 HTTP/1.1" 200 8062 "-" "Mozilla/5.0 (Macintosh; Intel Mac OS X 10_15_7) AppleWebKit/537.36 (KHTML, like Gecko) Chrome/120.0.0.0 Safari/537.36"
3.224.215.150 - - [27/Aug/2026:06:46:57 +0800] "GET /32745/2023/01/26/%E9%98%AE%E7%9A%84%E6%84%9B%E4%BA%BA%E4%BB%94/embed/ HTTP/1.1" 200 12847 "-" "Mozilla/5.0 AppleWebKit/537.36 (KHTML, like Gecko; compatible; Amazonbot/0.1; +https://developer.amazon.com/support/amazonbot) Chrome/119.0.6045.214 Safari/537.36"
34.42.229.145 - - [27/Aug/2026:06:46:57 +0800] "GET /32745/wp-json/wp/v2/posts/105136 HTTP/1.1" 200 19435 "-" "Mozilla/5.0 (Macintosh; Intel Mac OS X 10_15_7) AppleWebKit/537.36 (KHTML, like Gecko) Chrome/120.0.0.0 Safari/537.36"
17.246.19.32 - - [27/Aug/2026:06:46:59 +0800] "GET /868/wp-content/cache/2blog.ilc.edu.tw/wpfc-minified/7nvg1c6t/5woku.css HTTP/1.1" 200 20774 "https://2blog.ilc.edu.tw/868/44346/" "Mozilla/5.0 (Macintosh; Intel Mac OS X 10_15_7) AppleWebKit/605.1.15 (KHTML, like Gecko) Version/17.4 Safari/605.1.15 (Applebot/0.1; +http://www.apple.com/go/applebot)"
34.10.180.98 - - [27/Aug/2026:06:46:59 +0800] "GET /6571/?p=2492 HTTP/1.1" 301 5755 "-" "Mozilla/5.0 (Macintosh; Intel Mac OS X 10_15_7) AppleWebKit/537.36 (KHTML, like Gecko) Chrome/120.0.0.0 Safari/537.36"
34.10.180.98 - - [27/Aug/2026:06:46:59 +0800] "GET /32745/wp-json/wp/v2/posts/81144 HTTP/1.1" 200 8451 "-" "Mozilla/5.0 (Macintosh; Intel Mac OS X 10_15_7) AppleWebKit/537.36 (KHTML, like Gecko) Chrome/120.0.0.0 Safari/537.36"
34.56.124.53 - - [27/Aug/2026:06:46:59 +0800] "GET /32745/?p=84106 HTTP/1.1" 301 5602 "-" "Mozilla/5.0 (Macintosh; Intel Mac OS X 10_15_7) AppleWebKit/537.36 (KHTML, like Gecko) Chrome/120.0.0.0 Safari/537.36"
