1.34.122.4 - - [27/Aug/2026:06:48:42 +0800] "GET /wp-content/themes/oceanwp/assets/js/theme.min.js HTTP/1.1" 200 5130 "https://www.fsjh.ilc.edu.tw/" "Mozilla/5.0 (Windows NT 10.0; Win64; x64) AppleWebKit/537.36 (KHTML, like Gecko) Chrome/152.0.0.0 Safari/537.36"
1.34.122.4 - - [27/Aug/2026:06:48:42 +0800] "GET /wp-content/themes/oceanwp/assets/js/full-screen-mobile-menu.min.js HTTP/1.1" 200 4638 "https://www.fsjh.ilc.edu.tw/" "Mozilla/5.0 (Windows NT 10.0; Win64; x64) AppleWebKit/537.36 (KHTML, like Gecko) Chrome/152.0.0.0 Safari/537.36"
1.34.122.4 - - [27/Aug/2026:06:48:42 +0800] "GET /wp-content/themes/oceanwp/assets/js/drop-down-search.min.js HTTP/1.1" 200 2968 "https://www.fsjh.ilc.edu.tw/" "Mozilla/5.0 (Windows NT 10.0; Win64; x64) AppleWebKit/537.36 (KHTML, like Gecko) Chrome/152.0.0.0 Safari/537.36"
1.34.122.4 - - [27/Aug/2026:06:48:42 +0800] "GET /wp-content/themes/oceanwp/assets/js/vendors/magnific-popup.min.js HTTP/1.1" 200 8270 "https://www.fsjh.ilc.edu.tw/" "Mozilla/5.0 (Windows NT 10.0; Win64; x64) AppleWebKit/537.36 (KHTML, like Gecko) Chrome/152.0.0.0 Safari/537.36"
1.34.122.4 - - [27/Aug/2026:06:48:42 +0800] "GET /wp-content/themes/oceanwp/assets/js/ow-lightbox.min.js HTTP/1.1" 200 2321 "https://www.fsjh.ilc.edu.tw/" "Mozilla/5.0 (Windows NT 10.0; Win64; x64) AppleWebKit/537.36 (KHTML, like Gecko) Chrome/152.0.0.0 Safari/537.36"
1.34.122.4 - - [27/Aug/2026:06:48:42 +0800] "GET /wp-content/themes/oceanwp/assets/js/ow-slider.min.js HTTP/1.1" 200 1761 "https://www.fsjh.ilc.edu.tw/" "Mozilla/5.0 (Windows NT 10.0; Win64; x64) AppleWebKit/537.36 (KHTML, like Gecko) Chrome/152.0.0.0 Safari/537.36"
1.34.122.4 - - [27/Aug/2026:06:48:42 +0800] "GET /wp-content/themes/oceanwp/assets/js/scroll-effect.min.js HTTP/1.1" 200 4127 "https://www.fsjh.ilc.edu.tw/" "Mozilla/5.0 (Windows NT 10.0; Win64; x64) AppleWebKit/537.36 (KHTML, like Gecko) Chrome/152.0.0.0 Safari/537.36"
1.34.122.4 - - [27/Aug/2026:06:48:42 +0800] "GET /wp-content/themes/oceanwp/assets/js/scroll-top.min.js HTTP/1.1" 200 3202 "https://www.fsjh.ilc.edu.tw/" "Mozilla/5.0 (Windows NT 10.0; Win64; x64) AppleWebKit/537.36 (KHTML, like Gecko) Chrome/152.0.0.0 Safari/537.36"
1.34.122.4 - - [27/Aug/2026:06:48:42 +0800] "GET /wp-content/themes/oceanwp/assets/js/vendors/flickity.pkgd.min.js HTTP/1.1" 200 15048 "https://www.fsjh.ilc.edu.tw/" "Mozilla/5.0 (Windows NT 10.0; Win64; x64) AppleWebKit/537.36 (KHTML, like Gecko) Chrome/152.0.0.0 Safari/537.36"
1.34.122.4 - - [27/Aug/2026:06:48:42 +0800] "GET /wp-content/themes/oceanwp/assets/js/select.min.js HTTP/1.1" 200 2408 "https://www.fsjh.ilc.edu.tw/" "Mozilla/5.0 (Windows NT 10.0; Win64; x64) AppleWebKit/537.36 (KHTML, like Gecko) Chrome/152.0.0.0 Safari/537.36"
1.34.122.4 - - [27/Aug/2026:06:48:42 +0800] "GET /wp-content/plugins/ocean-extra/includes/widgets/js/flickr.min.js HTTP/1.1" 200 1319 "https://www.fsjh.ilc.edu.tw/" "Mozilla/5.0 (Windows NT 10.0; Win64; x64) AppleWebKit/537.36 (KHTML, like Gecko) Chrome/152.0.0.0 Safari/537.36"
1.34.122.4 - - [27/Aug/2026:06:48:42 +0800] "GET /wp-content/plugins/elementor-pro/assets/js/webpack-pro.runtime.min.js HTTP/1.1" 200 3562 "https://www.fsjh.ilc.edu.tw/" "Mozilla/5.0 (Windows NT 10.0; Win64; x64) AppleWebKit/537.36 (KHTML, like Gecko) Chrome/152.0.0.0 Safari/537.36"
1.34.122.4 - - [27/Aug/2026:06:48:42 +0800] "GET /wp-content/plugins/elementor/assets/js/webpack.runtime.min.js HTTP/1.1" 200 3095 "https://www.fsjh.ilc.edu.tw/" "Mozilla/5.0 (Windows NT 10.0; Win64; x64) AppleWebKit/537.36 (KHTML, like Gecko) Chrome/152.0.0.0 Safari/537.36"
1.34.122.4 - - [27/Aug/2026:06:48:42 +0800] "GET /wp-content/plugins/elementor/assets/js/frontend-modules.min.js HTTP/1.1" 200 19416 "https://www.fsjh.ilc.edu.tw/" "Mozilla/5.0 (Windows NT 10.0; Win64; x64) AppleWebKit/537.36 (KHTML, like Gecko) Chrome/152.0.0.0 Safari/537.36"
1.34.122.4 - - [27/Aug/2026:06:48:42 +0800] "GET /wp-includes/js/dist/hooks.min.js HTTP/1.1" 200 2421 "https://www.fsjh.ilc.edu.tw/" "Mozilla/5.0 (Windows NT 10.0; Win64; x64) AppleWebKit/537.36 (KHTML, like Gecko) Chrome/152.0.0.0 Safari/537.36"
1.34.122.4 - - [27/Aug/2026:06:48:42 +0800] "GET /wp-includes/js/dist/i18n.min.js HTTP/1.1" 200 4547 "https://www.fsjh.ilc.edu.tw/" "Mozilla/5.0 (Windows NT 10.0; Win64; x64) AppleWebKit/537.36 (KHTML, like Gecko) Chrome/152.0.0.0 Safari/537.36"
1.34.122.4 - - [27/Aug/2026:06:48:42 +0800] "GET /wp-content/plugins/elementor-pro/assets/js/frontend.min.js HTTP/1.1" 200 7574 "https://www.fsjh.ilc.edu.tw/" "Mozilla/5.0 (Windows NT 10.0; Win64; x64) AppleWebKit/537.36 (KHTML, like Gecko) Chrome/152.0.0.0 Safari/537.36"
1.34.122.4 - - [27/Aug/2026:06:48:42 +0800] "GET /wp-content/plugins/elementor/assets/lib/waypoints/waypoints.min.js HTTP/1.1" 200 3873 "https://www.fsjh.ilc.edu.tw/" "Mozilla/5.0 (Windows NT 10.0; Win64; x64) AppleWebKit/537.36 (KHTML, like Gecko) Chrome/152.0.0.0 Safari/537.36"
1.34.122.4 - - [27/Aug/2026:06:48:42 +0800] "GET /wp-includes/js/jquery/ui/core.min.js HTTP/1.1" 200 7986 "https://www.fsjh.ilc.edu.tw/" "Mozilla/5.0 (Windows NT 10.0; Win64; x64) AppleWebKit/537.36 (KHTML, like Gecko) Chrome/152.0.0.0 Safari/537.36"
1.34.122.4 - - [27/Aug/2026:06:48:42 +0800] "GET /wp-content/plugins/elementor/assets/js/frontend.min.js HTTP/1.1" 200 13169 "https://www.fsjh.ilc.edu.tw/" "Mozilla/5.0 (Windows NT 10.0; Win64; x64) AppleWebKit/537.36 (KHTML, like Gecko) Chrome/152.0.0.0 Safari/537.36"
1.34.122.4 - - [27/Aug/2026:06:48:42 +0800] "GET /wp-content/plugins/elementor-pro/assets/js/elements-handlers.min.js HTTP/1.1" 200 10882 "https://www.fsjh.ilc.edu.tw/" "Mozilla/5.0 (Windows NT 10.0; Win64; x64) AppleWebKit/537.36 (KHTML, like Gecko) Chrome/152.0.0.0 Safari/537.36"
1.34.122.4 - - [27/Aug/2026:06:48:42 +0800] "GET /wp-content/plugins/wp-dtree-30/dtree-img/join.gif HTTP/1.1" 200 894 "https://www.fsjh.ilc.edu.tw/" "Mozilla/5.0 (Windows NT 10.0; Win64; x64) AppleWebKit/537.36 (KHTML, like Gecko) Chrome/152.0.0.0 Safari/537.36"
1.34.122.4 - - [27/Aug/2026:06:48:42 +0800] "GET /wp-content/plugins/wp-dtree-30/dtree-img/joinbottom.gif HTTP/1.1" 200 891 "https://www.fsjh.ilc.edu.tw/" "Mozilla/5.0 (Windows NT 10.0; Win64; x64) AppleWebKit/537.36 (KHTML, like Gecko) Chrome/152.0.0.0 Safari/537.36"
1.34.122.4 - - [27/Aug/2026:06:48:42 +0800] "GET /wp-content/uploads/sites/2666/2021/04/bg18.gif HTTP/1.1" 200 4792 "https://www.fsjh.ilc.edu.tw/" "Mozilla/5.0 (Windows NT 10.0; Win64; x64) AppleWebKit/537.36 (KHTML, like Gecko) Chrome/152.0.0.0 Safari/537.36"
1.34.122.4 - - [27/Aug/2026:06:48:42 +0800] "GET /wp-content/uploads/sites/2666/2021/04/BLOG_Banner.jpg HTTP/1.1" 200 103266 "https://www.fsjh.ilc.edu.tw/" "Mozilla/5.0 (Windows NT 10.0; Win64; x64) AppleWebKit/537.36 (KHTML, like Gecko) Chrome/152.0.0.0 Safari/537.36"
1.34.122.4 - - [27/Aug/2026:06:48:42 +0800] "GET /wp-content/themes/oceanwp/assets/fonts/fontawesome/webfonts/fa-regular-400.woff2 HTTP/1.1" 200 25383 "https://www.fsjh.ilc.edu.tw/wp-content/cache/www.fsjh.ilc.edu.tw/wpfc-minified/lm0klrml/6wah.css" "Mozilla/5.0 (Windows NT 10.0; Win64; x64) AppleWebKit/537.36 (KHTML, like Gecko) Chrome/152.0.0.0 Safari/537.36"
40.77.167.126 - - [27/Aug/2026:06:48:43 +0800] "GET /1003/?s=mammary+glands HTTP/1.1" 200 13738 "-" "Mozilla/5.0 AppleWebKit/537.36 (KHTML, like Gecko; compatible; bingbot/2.0; +http://www.bing.com/bingbot.htm) Chrome/116.0.1938.76 Safari/537.36"
2a10:4a01:7410:c3c5:ca9:4c82:30b2:69de - - [27/Aug/2026:06:48:44 +0800] "GET /35/2022/09/06/%E5%B0%8F%E4%B8%80%E5%B0%8E%E5%B8%AB%E7%9A%84%E4%BA%94%E5%9B%9B%E4%B8%89%E5%BF%83%E5%BE%97%E5%88%86%E4%BA%AB/ HTTP/1.1" 200 19552 "-" "Mozilla/5.0 (Windows NT 10.0; Win64; x64) AppleWebKit/537.36 (KHTML, like Gecko) Chrome/100.0.4896.75 Safari/537.36"
34.171.68.95 - - [27/Aug/2026:06:48:45 +0800] "GET /26150/2014/06/13/ HTTP/1.1" 200 21291 "-" "Mozilla/5.0 (Macintosh; Intel Mac OS X 10_15_7) AppleWebKit/537.36 (KHTML, like Gecko) Chrome/120.0.0.0 Safari/537.36"
2001:288:a201::66:125 - - [27/Aug/2026:06:48:45 +0800] "GET /blog/active.php HTTP/1.1" 404 1084 "-" "-"
2001:288:a201::66:125 - - [27/Aug/2026:06:48:45 +0800] "GET /blog/active.php HTTP/1.1" 301 1026 "-" "-"
52.70.209.13 - - [27/Aug/2026:06:48:46 +0800] "GET /wp-content/uploads/sites/2194/6423/6423-2217209.jpg HTTP/1.1" 200 43922 "-" "Mozilla/5.0 AppleWebKit/537.36 (KHTML, like Gecko; compatible; Amazonbot/0.1; +https://developer.amazon.com/support/amazonbot) Chrome/119.0.6045.214 Safari/537.36"
2408:8362:5494:29cd:c09e:7840:18dc:3fe7 - - [27/Aug/2026:06:48:46 +0800] "GET /6567/category/c-22609/feed HTTP/1.1" 301 5875 "-" "Mozilla/5.0 (Windows NT 10.0; Win64; x64) AppleWebKit/537.36 (KHTML, like Gecko) Chrome/144.0.0.0 Safari/537.36"
2408:8362:5494:29cd:c09e:7840:18dc:3fe7 - - [27/Aug/2026:06:48:46 +0800] "GET /6567/category/c-22609/feed/ HTTP/1.1" 200 3122 "-" "Mozilla/5.0 (Windows NT 10.0; Win64; x64) AppleWebKit/537.36 (KHTML, like Gecko) Chrome/144.0.0.0 Safari/537.36"
140.111.67.10 - - [27/Aug/2026:06:48:47 +0800] "GET /" 301 273 "-" "-"
2408:8362:5494:29cd:c09e:7840:18dc:3fe7 - - [27/Aug/2026:06:48:47 +0800] "GET /favicon.ico HTTP/1.1" 302 901 "https://2blog.ilc.edu.tw/6567/category/c-22609/feed/" "Mozilla/5.0 (Windows NT 10.0; Win64; x64) AppleWebKit/537.36 (KHTML, like Gecko) Chrome/144.0.0.0 Safari/537.36"
136.119.35.120 - - [27/Aug/2026:06:48:47 +0800] "GET /32745/wp-json/wp/v2/posts/1789 HTTP/1.1" 200 24036 "-" "Mozilla/5.0 (Macintosh; Intel Mac OS X 10_15_7) AppleWebKit/537.36 (KHTML, like Gecko) Chrome/120.0.0.0 Safari/537.36"
2408:8362:5494:29cd:c09e:7840:18dc:3fe7 - - [27/Aug/2026:06:48:47 +0800] "GET /wp-includes/images/w-logo-blue-white-bg.png HTTP/1.1" 200 4946 "https://2blog.ilc.edu.tw/6567/category/c-22609/feed/" "Mozilla/5.0 (Windows NT 10.0; Win64; x64) AppleWebKit/537.36 (KHTML, like Gecko) Chrome/144.0.0.0 Safari/537.36"
34.171.68.95 - - [27/Aug/2026:06:48:47 +0800] "GET /kses1093a/?p=269 HTTP/1.1" 301 5818 "-" "Mozilla/5.0 (Macintosh; Intel Mac OS X 10_15_7) AppleWebKit/537.36 (KHTML, like Gecko) Chrome/120.0.0.0 Safari/537.36"
34.42.229.145 - - [27/Aug/2026:06:48:47 +0800] "GET /1/2023/04/page/1/ HTTP/1.1" 301 5704 "-" "Mozilla/5.0 (Macintosh; Intel Mac OS X 10_15_7) AppleWebKit/537.36 (KHTML, like Gecko) Chrome/120.0.0.0 Safari/537.36"
::1 - - [27/Aug/2026:06:48:48 +0800] "OPTIONS * HTTP/1.0" 200 110 "-" "Apache/2.4.68 (Ubuntu) OpenSSL/3.0.19 (internal dummy connection)"
34.56.124.53 - - [27/Aug/2026:06:48:48 +0800] "GET /32745/wp-json/oembed/1.0/embed?url=https://2blog.ilc.edu.tw/32745/2023/11/12/%25e6%2583%25b3%25e8%25a2%2582%25e5%2588%25b0/ HTTP/1.1" 200 8262 "-" "Mozilla/5.0 (Macintosh; Intel Mac OS X 10_15_7) AppleWebKit/537.36 (KHTML, like Gecko) Chrome/120.0.0.0 Safari/537.36"
::1 - - [27/Aug/2026:06:48:49 +0800] "OPTIONS * HTTP/1.0" 200 110 "-" "Apache/2.4.68 (Ubuntu) OpenSSL/3.0.19 (internal dummy connection)"
100.29.155.89 - - [27/Aug/2026:06:48:49 +0800] "GET /wp-content/uploads/sites/2531/elementor/?C=N;O%3DA HTTP/1.1" 200 1181 "-" "Mozilla/5.0 AppleWebKit/537.36 (KHTML, like Gecko; compatible; Amazonbot/0.1; +https://developer.amazon.com/support/amazonbot) Chrome/119.0.6045.214 Safari/537.36"
44.195.50.71 - - [27/Aug/2026:06:48:49 +0800] "GET /32745/2024/07/20/%E9%85%92%E5%8F%8B/ HTTP/1.1" 200 91725 "-" "Mozilla/5.0 AppleWebKit/537.36 (KHTML, like Gecko; compatible; Amazonbot/0.1; +https://developer.amazon.com/support/amazonbot) Chrome/119.0.6045.214 Safari/537.36"
34.123.149.87 - - [27/Aug/2026:06:48:49 +0800] "GET /20978/wp-json/wp/v2/posts/6216 HTTP/1.1" 200 9944 "-" "Mozilla/5.0 (Macintosh; Intel Mac OS X 10_15_7) AppleWebKit/537.36 (KHTML, like Gecko) Chrome/120.0.0.0 Safari/537.36"
34.56.124.53 - - [27/Aug/2026:06:48:49 +0800] "GET /32745/wp-json/oembed/1.0/embed?format=xml&url=https://2blog.ilc.edu.tw/32745/2022/03/30/%25e8%2590%25ac%25e5%258f%25a4%25e5%2593%25ad%25e5%259f%258e/ HTTP/1.1" 200 7101 "-" "Mozilla/5.0 (Macintosh; Intel Mac OS X 10_15_7) AppleWebKit/537.36 (KHTML, like Gecko) Chrome/120.0.0.0 Safari/537.36"
2001:288:a201::66:125 - - [27/Aug/2026:06:48:50 +0800] "GET /blog/active.php HTTP/1.1" 301 1026 "-" "-"
2001:288:a201::66:125 - - [27/Aug/2026:06:48:50 +0800] "GET /blog/active.php HTTP/1.1" 404 1084 "-" "-"
34.10.180.98 - - [27/Aug/2026:06:48:50 +0800] "GET /5026/2017/06/29/ HTTP/1.1" 200 14949 "-" "Mozilla/5.0 (Macintosh; Intel Mac OS X 10_15_7) AppleWebKit/537.36 (KHTML, like Gecko) Chrome/120.0.0.0 Safari/537.36"
184.73.239.35 - - [27/Aug/2026:06:48:51 +0800] "GET /wp-content/uploads/sites/1444/2020/07/DSC_3556-1320x500.jpg HTTP/1.1" 200 190025 "-" "Mozilla/5.0 AppleWebKit/537.36 (KHTML, like Gecko; compatible; Amazonbot/0.1; +https://developer.amazon.com/support/amazonbot) Chrome/119.0.6045.214 Safari/537.36"
34.171.68.95 - - [27/Aug/2026:06:48:51 +0800] "GET /43042/wp-json/wp/v2/posts/249 HTTP/1.1" 200 13116 "-" "Mozilla/5.0 (Macintosh; Intel Mac OS X 10_15_7) AppleWebKit/537.36 (KHTML, like Gecko) Chrome/120.0.0.0 Safari/537.36"
140.111.67.10 - - [27/Aug/2026:06:48:52 +0800] "GET /" 301 273 "-" "-"
2001:4860:7:510::f0 - - [27/Aug/2026:06:48:52 +0800] "GET /sample-page/ HTTP/1.1" 200 17843 "https://www.google.com/" "Mozilla/5.0 (Linux; Android 10; K) AppleWebKit/537.36 (KHTML, like Gecko) Chrome/151.0.0.0 Mobile Safari/537.36"
185.191.171.12 - - [27/Aug/2026:06:48:52 +0800] "GET /blog/blog/4950/post/19409/255357 HTTP/1.1" 404 25426 "-" "Mozilla/5.0 (compatible; SemrushBot/7~bl; +http://www.semrush.com/bot.html)"
::1 - - [27/Aug/2026:06:48:53 +0800] "OPTIONS * HTTP/1.0" 200 110 "-" "Apache/2.4.68 (Ubuntu) OpenSSL/3.0.19 (internal dummy connection)"
128.241.110.27 - - [27/Aug/2026:06:48:54 +0800] "GET /19648/wp-content/uploads/sites/1030/2021/03/%E9%96%A9%E5%8D%97%E8%AA%9E%E5%81%9A%E4%B8%B2%E7%8F%A0_200927_1-300x169.jpg HTTP/1.1" 200 14530 "https://2blog.ilc.edu.tw/19648/2021/03/01/%E8%88%87%E4%BA%94%E7%B5%90%E9%84%89%E5%9C%96%E6%9B%B8%E9%A4%A8%E5%90%88%E4%BD%9C/" "Mozilla/5.0 (Macintosh; Intel Mac OS X 10_15_7) AppleWebKit/537.36 (KHTML, like Gecko) Chrome/130.0.0.0 Safari/537.36"
66.249.79.132 - - [27/Aug/2026:06:48:52 +0800] "GET /wp-login.php?action=ilc_logout&_wpnonce=43754d0aad&redirect_to=http://insideform.ru/join/74300/ HTTP/1.1" 302 3439 "-" "Mozilla/5.0 (Linux; Android 6.0.1; Nexus 5X Build/MMB29P) AppleWebKit/537.36 (KHTML, like Gecko) Chrome/151.0.7922.173 Mobile Safari/537.36 (compatible; GoogleOther)"
20.125.101.194 - - [27/Aug/2026:06:48:54 +0800] "GET /wp-content/uploads/sites/1148/2023/10/1120650031-1.pdf HTTP/1.1" 200 709018 "-" "Mozilla/5.0 (compatible; MSR-Financial-PDF-Scorer/1.0)"
34.233.219.155 - - [27/Aug/2026:06:48:55 +0800] "GET /32745/wp-content/uploads/sites/1271/2025/01/1-338-500x245.jpeg HTTP/1.1" 200 25557 "-" "Mozilla/5.0 AppleWebKit/537.36 (KHTML, like Gecko; compatible; Amazonbot/0.1; +https://developer.amazon.com/support/amazonbot) Chrome/119.0.6045.214 Safari/537.36"
2001:288:a201::66:125 - - [27/Aug/2026:06:48:55 +0800] "GET /blog/active.php HTTP/1.1" 404 1084 "-" "-"
2001:288:a201::66:125 - - [27/Aug/2026:06:48:55 +0800] "GET /blog/active.php HTTP/1.1" 301 1026 "-" "-"
34.171.68.95 - - [27/Aug/2026:06:48:55 +0800] "GET /32745/wp-json/oembed/1.0/embed?url=https://2blog.ilc.edu.tw/32745/2025/11/09/%25e9%25bb%2583%25e6%25b5%25b7%25e9%259b%25b2/ HTTP/1.1" 200 8109 "-" "Mozilla/5.0 (Macintosh; Intel Mac OS X 10_15_7) AppleWebKit/537.36 (KHTML, like Gecko) Chrome/120.0.0.0 Safari/537.36"
34.171.68.95 - - [27/Aug/2026:06:48:55 +0800] "GET /6325/?p=17876 HTTP/1.1" 301 5704 "-" "Mozilla/5.0 (Macintosh; Intel Mac OS X 10_15_7) AppleWebKit/537.36 (KHTML, like Gecko) Chrome/120.0.0.0 Safari/537.36"
34.123.149.87 - - [27/Aug/2026:06:48:55 +0800] "GET /2226/wp-json/oembed/1.0/embed?url=https://2blog.ilc.edu.tw/2226/archives/880 HTTP/1.1" 200 8638 "-" "Mozilla/5.0 (Macintosh; Intel Mac OS X 10_15_7) AppleWebKit/537.36 (KHTML, like Gecko) Chrome/120.0.0.0 Safari/537.36"
52.5.232.250 - - [27/Aug/2026:06:48:53 +0800] "GET /linkc/wp-json/wp/v2/posts/3782 HTTP/1.1" 200 11503 "-" "Mozilla/5.0 AppleWebKit/537.36 (KHTML, like Gecko; compatible; Amazonbot/0.1; +https://developer.amazon.com/support/amazonbot) Chrome/119.0.6045.214 Safari/537.36"
::1 - - [27/Aug/2026:06:48:56 +0800] "OPTIONS * HTTP/1.0" 200 110 "-" "Apache/2.4.68 (Ubuntu) OpenSSL/3.0.19 (internal dummy connection)"
::1 - - [27/Aug/2026:06:48:57 +0800] "OPTIONS * HTTP/1.0" 200 110 "-" "Apache/2.4.68 (Ubuntu) OpenSSL/3.0.19 (internal dummy connection)"
140.111.67.10 - - [27/Aug/2026:06:48:57 +0800] "GET /" 301 273 "-" "-"
34.42.229.145 - - [27/Aug/2026:06:48:57 +0800] "GET /32745/wp-json/wp/v2/categories/4265 HTTP/1.1" 200 6531 "-" "Mozilla/5.0 (Macintosh; Intel Mac OS X 10_15_7) AppleWebKit/537.36 (KHTML, like Gecko) Chrome/120.0.0.0 Safari/537.36"
34.10.180.98 - - [27/Aug/2026:06:48:58 +0800] "GET /32745/wp-json/oembed/1.0/embed?url=https://2blog.ilc.edu.tw/32745/2022/06/01/%25e5%258f%25aa%25e8%25a6%2581%25e4%25bd%25a0%25e5%25bf%25ab%25e6%25a8%2582/ HTTP/1.1" 200 8341 "-" "Mozilla/5.0 (Macintosh; Intel Mac OS X 10_15_7) AppleWebKit/537.36 (KHTML, like Gecko) Chrome/120.0.0.0 Safari/537.36"
34.10.180.98 - - [27/Aug/2026:06:48:58 +0800] "GET /32745/wp-json/oembed/1.0/embed?format=xml&url=https://2blog.ilc.edu.tw/32745/2022/11/29/%25e5%2582%25b7%25e5%25bf%2583%25e8%2588%25aa%25e7%25ab%2599/ HTTP/1.1" 200 7111 "-" "Mozilla/5.0 (Macintosh; Intel Mac OS X 10_15_7) AppleWebKit/537.36 (KHTML, like Gecko) Chrome/120.0.0.0 Safari/537.36"
34.171.68.95 - - [27/Aug/2026:06:48:59 +0800] "GET /43789/author/tin007/page/3/ HTTP/1.1" 200 15568 "-" "Mozilla/5.0 (Macintosh; Intel Mac OS X 10_15_7) AppleWebKit/537.36 (KHTML, like Gecko) Chrome/120.0.0.0 Safari/537.36"
34.171.68.95 - - [27/Aug/2026:06:48:59 +0800] "GET /32817/wp-json/wp/v2/posts/52 HTTP/1.1" 200 10438 "-" "Mozilla/5.0 (Macintosh; Intel Mac OS X 10_15_7) AppleWebKit/537.36 (KHTML, like Gecko) Chrome/120.0.0.0 Safari/537.36"
52.45.29.57 - - [27/Aug/2026:06:48:59 +0800] "GET /wp-content/uploads/sites/289/elementor/css/?C=N;O%3DA HTTP/1.1" 200 1115 "-" "Mozilla/5.0 AppleWebKit/537.36 (KHTML, like Gecko; compatible; Amazonbot/0.1; +https://developer.amazon.com/support/amazonbot) Chrome/119.0.6045.214 Safari/537.36"
85.208.96.210 - - [27/Aug/2026:06:48:59 +0800] "GET /blog/blog/20014/post/50360/264535 HTTP/1.1" 404 25426 "-" "Mozilla/5.0 (compatible; SemrushBot/7~bl; +http://www.semrush.com/bot.html)"
2001:288:a201::66:125 - - [27/Aug/2026:06:49:00 +0800] "GET /blog/active.php HTTP/1.1" 404 1084 "-" "-"
2001:288:a201::66:125 - - [27/Aug/2026:06:49:00 +0800] "GET /blog/active.php HTTP/1.1" 301 1026 "-" "-"
::1 - - [27/Aug/2026:06:49:02 +0800] "OPTIONS * HTTP/1.0" 200 110 "-" "Apache/2.4.68 (Ubuntu) OpenSSL/3.0.19 (internal dummy connection)"
140.111.67.10 - - [27/Aug/2026:06:49:02 +0800] "GET /" 301 273 "-" "-"
216.73.217.64 - - [27/Aug/2026:06:49:02 +0800] "GET /9536/?p=55558 HTTP/1.1" 301 5786 "-" "Mozilla/5.0 AppleWebKit/537.36 (KHTML, like Gecko; compatible; ClaudeBot/1.0; +claudebot@anthropic.com)"
216.73.217.64 - - [27/Aug/2026:06:49:02 +0800] "GET /3288/page/80/ HTTP/1.1" 200 31537 "-" "Mozilla/5.0 AppleWebKit/537.36 (KHTML, like Gecko; compatible; ClaudeBot/1.0; +claudebot@anthropic.com)"
216.73.217.64 - - [27/Aug/2026:06:49:03 +0800] "GET /9536/2009/10/10/%e7%a4%be%e5%8d%80%e6%97%a5%e6%9b%86-%e6%98%ad%e5%ae%89%e7%a4%be%e5%8d%80-%e6%98%ad%e5%ae%89%e5%ae%ae/ HTTP/1.1" 200 10140 "https://2blog.ilc.edu.tw/9536/?p=55558" "Mozilla/5.0 AppleWebKit/537.36 (KHTML, like Gecko; compatible; ClaudeBot/1.0; +claudebot@anthropic.com)"
34.42.229.145 - - [27/Aug/2026:06:49:04 +0800] "GET /3642/?p=2935 HTTP/1.1" 301 5821 "-" "Mozilla/5.0 (Macintosh; Intel Mac OS X 10_15_7) AppleWebKit/537.36 (KHTML, like Gecko) Chrome/120.0.0.0 Safari/537.36"
141.148.175.211 - - [27/Aug/2026:06:49:04 +0800] "GET /2017/08 HTTP/1.1" 301 5698 "-" "Mozilla/5.0 (X11; Linux aarch64) AppleWebKit/537.36 (KHTML, like Gecko) Chrome/139.0.0.0 Safari/537.36"
52.167.144.229 - - [27/Aug/2026:06:49:04 +0800] "GET /linkc/2010/06/21/%E5%AF%AB%E6%99%A8%E9%96%93%E6%97%A5%E8%A8%98%E5%89%B5%E9%80%A0%E5%A5%BD%E6%9C%AA%E4%BE%86/ HTTP/1.1" 200 19416 "-" "Mozilla/5.0 AppleWebKit/537.36 (KHTML, like Gecko; compatible; bingbot/2.0; +http://www.bing.com/bingbot.htm) Chrome/116.0.1938.76 Safari/537.36"
23.251.146.115 - - [27/Aug/2026:06:49:05 +0800] "HEAD /868/46347 HTTP/1.1" 301 5659 "-" "Mozilla/5.0 AppleWebKit/537.36 (KHTML, like Gecko); compatible; ShapBot/0.1.0"
66.249.71.8 - - [27/Aug/2026:06:49:03 +0800] "GET /wp-login.php?action=ilc_logout&_wpnonce=43754d0aad&redirect_to=//tisdema.cf/113wwwjwesilcedutwDRh651 HTTP/1.1" 302 8251 "-" "Mozilla/5.0 (Linux; Android 6.0.1; Nexus 5X Build/MMB29P) AppleWebKit/537.36 (KHTML, like Gecko) Chrome/151.0.7922.173 Mobile Safari/537.36 (compatible; Googlebot/2.1; +http://www.google.com/bot.html)"
141.148.175.211 - - [27/Aug/2026:06:49:05 +0800] "GET /2017/08/ HTTP/1.1" 200 12515 "https://www.tses.ilc.edu.tw/2017/08" "Mozilla/5.0 (X11; Linux aarch64) AppleWebKit/537.36 (KHTML, like Gecko) Chrome/139.0.0.0 Safari/537.36"
23.251.146.115 - - [27/Aug/2026:06:49:05 +0800] "HEAD /868/46347 HTTP/1.1" 301 865 "-" "Mozilla/5.0 AppleWebKit/537.36 (KHTML, like Gecko); compatible; ShapBot/0.1.0"
185.191.171.13 - - [27/Aug/2026:06:49:05 +0800] "GET /3860/category/1-30%E5%AD%97%E8%A9%9E/%E5%8D%81%E5%9B%9B%E5%AD%97%E8%A9%9E/ HTTP/1.1" 200 13403 "-" "Mozilla/5.0 (compatible; SemrushBot/7~bl; +http://www.semrush.com/bot.html)"
2001:288:a201::66:125 - - [27/Aug/2026:06:49:05 +0800] "GET /blog/active.php HTTP/1.1" 404 1084 "-" "-"
2001:288:a201::66:125 - - [27/Aug/2026:06:49:05 +0800] "GET /blog/active.php HTTP/1.1" 301 1026 "-" "-"
23.251.146.115 - - [27/Aug/2026:06:49:05 +0800] "HEAD /868/46347/ HTTP/1.1" 200 1032 "-" "Mozilla/5.0 AppleWebKit/537.36 (KHTML, like Gecko); compatible; ShapBot/0.1.0"
52.204.89.12 - - [27/Aug/2026:06:49:05 +0800] "GET /112/2017/09/22/1060719%E6%95%99%E5%B8%AB%E5%85%B1%E5%90%8C%E5%82%99%E8%AA%B2%E5%AF%A6%E4%BD%9C%E5%A2%9E%E8%83%BD%E7%A0%94%E7%BF%92/embed/ HTTP/1.1" 200 12550 "-" "Mozilla/5.0 AppleWebKit/537.36 (KHTML, like Gecko; compatible; Amazonbot/0.1; +https://developer.amazon.com/support/amazonbot) Chrome/119.0.6045.214 Safari/537.36"
2a01:4f9:3b:faae:ae4d:c17d:ae4d:c17d - - [27/Aug/2026:06:49:05 +0800] "GET / HTTP/1.1" 200 150381 "-" "Mozilla/5.0 (Windows NT 10.0; Win64; x64; rv:148.0) Gecko/20100101 Firefox/148.0"
23.251.146.115 - - [27/Aug/2026:06:49:05 +0800] "GET /868/46347 HTTP/1.1" 301 884 "-" "Mozilla/5.0 AppleWebKit/537.36 (KHTML, like Gecko); compatible; ShapBot/0.1.0"
34.10.180.98 - - [27/Aug/2026:06:49:05 +0800] "GET /6572/wp-json/wp/v2/posts/10871 HTTP/1.1" 200 11759 "-" "Mozilla/5.0 (Macintosh; Intel Mac OS X 10_15_7) AppleWebKit/537.36 (KHTML, like Gecko) Chrome/120.0.0.0 Safari/537.36"
34.10.180.98 - - [27/Aug/2026:06:49:06 +0800] "GET /amy6998/2024/10/14/113%E5%B9%B49%E6%9C%8812%E6%97%A5%E6%84%9F%E6%81%A9%E7%A7%8B%E7%AF%80%E8%87%B4%E6%84%8F/ HTTP/1.1" 200 17214 "-" "Mozilla/5.0 (Macintosh; Intel Mac OS X 10_15_7) AppleWebKit/537.36 (KHTML, like Gecko) Chrome/120.0.0.0 Safari/537.36"
23.251.146.115 - - [27/Aug/2026:06:49:06 +0800] "GET /868/46347/ HTTP/1.1" 200 16709 "-" "Mozilla/5.0 AppleWebKit/537.36 (KHTML, like Gecko); compatible; ShapBot/0.1.0"
140.111.67.10 - - [27/Aug/2026:06:49:07 +0800] "GET /" 301 273 "-" "-"
185.191.171.12 - - [27/Aug/2026:06:49:08 +0800] "GET /blog/blog/4950/post/19409/179063 HTTP/1.1" 404 25426 "-" "Mozilla/5.0 (compatible; SemrushBot/7~bl; +http://www.semrush.com/bot.html)"
34.171.68.95 - - [27/Aug/2026:06:49:09 +0800] "GET /wp-content/uploads/sites/2518/6572/6572-1614053.doc HTTP/1.1" 200 45039 "-" "Mozilla/5.0 (Macintosh; Intel Mac OS X 10_15_7) AppleWebKit/537.36 (KHTML, like Gecko) Chrome/120.0.0.0 Safari/537.36"
100.28.49.152 - - [27/Aug/2026:06:49:09 +0800] "GET /6509/wp-json/oembed/1.0/embed?url=https://2blog.ilc.edu.tw/6509/2014/03/19/%25e6%25a0%25a1%25e5%259c%2592%25e7%25b6%25a0%25e7%25be%258e%25e5%258c%2596%25e3%2580%2581%25e7%25b4%25ae%25e6%25a0%25b9%25e7%25a8%25ae%25e5%25b8%258c%25e6%259c%259b%25e6%25b4%25bb%25e5%258b%2595/ HTTP/1.1" 200 8645 "-" "Mozilla/5.0 AppleWebKit/537.36 (KHTML, like Gecko; compatible; Amazonbot/0.1; +https://developer.amazon.com/support/amazonbot) Chrome/119.0.6045.214 Safari/537.36"
2001:288:a201::66:125 - - [27/Aug/2026:06:49:10 +0800] "GET /blog/active.php HTTP/1.1" 404 1084 "-" "-"
2001:288:a201::66:125 - - [27/Aug/2026:06:49:10 +0800] "GET /blog/active.php HTTP/1.1" 301 1026 "-" "-"
34.30.223.149 - - [27/Aug/2026:06:49:10 +0800] "GET /6426/2017/11/16/title=%22%E6%95%99%E5%AD%B8%E8%88%87%E5%AE%A3%E5%B0%8E%E6%B4%BB%E5%8B%95 HTTP/1.1" 404 33144 "-" "Mozilla/5.0 (Macintosh; Intel Mac OS X 10_15_7) AppleWebKit/537.36 (KHTML, like Gecko) Chrome/120.0.0.0 Safari/537.36"
34.171.68.95 - - [27/Aug/2026:06:49:11 +0800] "GET /6540/?p=2333 HTTP/1.1" 301 5640 "-" "Mozilla/5.0 (Macintosh; Intel Mac OS X 10_15_7) AppleWebKit/537.36 (KHTML, like Gecko) Chrome/120.0.0.0 Safari/537.36"
85.208.96.197 - - [27/Aug/2026:06:49:11 +0800] "GET /blog/blog/26212/post/73148/541106 HTTP/1.1" 404 25426 "-" "Mozilla/5.0 (compatible; SemrushBot/7~bl; +http://www.semrush.com/bot.html)"
35.254.159.230 - - [27/Aug/2026:06:49:11 +0800] "GET /linkc/2016/03/01/20160121_24%E8%8A%B1%E6%9D%B1%E4%B9%8B%E6%97%85/ HTTP/1.1" 200 17712 "-" "Mozilla/5.0 (Macintosh; Intel Mac OS X 10_15_7) AppleWebKit/537.36 (KHTML, like Gecko) Chrome/120.0.0.0 Safari/537.36"
34.171.68.95 - - [27/Aug/2026:06:49:12 +0800] "GET /6325/?p=17887 HTTP/1.1" 301 5642 "-" "Mozilla/5.0 (Macintosh; Intel Mac OS X 10_15_7) AppleWebKit/537.36 (KHTML, like Gecko) Chrome/120.0.0.0 Safari/537.36"
140.111.67.10 - - [27/Aug/2026:06:49:12 +0800] "GET /" 301 273 "-" "-"
136.119.35.120 - - [27/Aug/2026:06:49:12 +0800] "GET /6437/wp-json/wp/v2/posts/311 HTTP/1.1" 200 30262 "-" "Mozilla/5.0 (Macintosh; Intel Mac OS X 10_15_7) AppleWebKit/537.36 (KHTML, like Gecko) Chrome/120.0.0.0 Safari/537.36"
34.56.124.53 - - [27/Aug/2026:06:49:12 +0800] "GET /7706/?p=3818 HTTP/1.1" 301 5720 "-" "Mozilla/5.0 (Macintosh; Intel Mac OS X 10_15_7) AppleWebKit/537.36 (KHTML, like Gecko) Chrome/120.0.0.0 Safari/537.36"
34.56.53.225 - - [27/Aug/2026:06:49:13 +0800] "GET /32745/2023/01/01/%E8%B7%8B%E7%AD%8A%E9%81%8E%E5%B9%B4%E5%BF%83%E9%81%A9%E4%BB%A3/ HTTP/1.1" 200 93345 "-" "Mozilla/5.0 (Macintosh; Intel Mac OS X 10_15_7) AppleWebKit/537.36 (KHTML, like Gecko) Chrome/120.0.0.0 Safari/537.36"
34.171.68.95 - - [27/Aug/2026:06:49:13 +0800] "GET /6461/2015/09/24/ HTTP/1.1" 200 14638 "-" "Mozilla/5.0 (Macintosh; Intel Mac OS X 10_15_7) AppleWebKit/537.36 (KHTML, like Gecko) Chrome/120.0.0.0 Safari/537.36"
54.205.66.13 - - [27/Aug/2026:06:49:14 +0800] "GET /robots.txt HTTP/1.1" 200 5610 "-" "Mozilla/5.0 (Macintosh; Intel Mac OS X 10_10_1) AppleWebKit/600.2.5 (KHTML, like Gecko) Version/8.0.2 Safari/600.2.5 (Gort)"
66.249.71.7 - - [27/Aug/2026:06:49:12 +0800] "GET /wp-login.php?action=ilc_logout&_wpnonce=43754d0aad&redirect_to=http://master-service-chel.ru/creator/50736/ HTTP/1.1" 302 8258 "-" "Mozilla/5.0 (Linux; Android 6.0.1; Nexus 5X Build/MMB29P) AppleWebKit/537.36 (KHTML, like Gecko) Chrome/151.0.7922.173 Mobile Safari/537.36 (compatible; GoogleOther)"
34.10.180.98 - - [27/Aug/2026:06:49:14 +0800] "GET /6444/2012/11/26/5-%E8%A8%AD%E7%BD%AE%E4%BF%9D%E6%BA%AB%E8%90%BD%E8%91%89%E5%A0%86%E8%82%A5%E7%AE%B1-3/ HTTP/1.1" 200 17491 "-" "Mozilla/5.0 (Macintosh; Intel Mac OS X 10_15_7) AppleWebKit/537.36 (KHTML, like Gecko) Chrome/120.0.0.0 Safari/537.36"
34.42.229.145 - - [27/Aug/2026:06:49:14 +0800] "GET /6450/?p=13739 HTTP/1.1" 301 5741 "-" "Mozilla/5.0 (Macintosh; Intel Mac OS X 10_15_7) AppleWebKit/537.36 (KHTML, like Gecko) Chrome/120.0.0.0 Safari/537.36"
34.123.149.87 - - [27/Aug/2026:06:49:15 +0800] "GET /32745/category/%E7%89%BD%E6%B2%BB/feed/ HTTP/1.1" 200 7219 "-" "Mozilla/5.0 (Macintosh; Intel Mac OS X 10_15_7) AppleWebKit/537.36 (KHTML, like Gecko) Chrome/120.0.0.0 Safari/537.36"
85.208.96.205 - - [27/Aug/2026:06:49:15 +0800] "GET /blog/WFduino%20%E5%B0%8F%E6%8A%80%E5%B7%A7%20http:/blog.ilc.edu.tw/blog/blog/868/post/10898/649653 HTTP/1.1" 404 25426 "-" "Mozilla/5.0 (compatible; SemrushBot/7~bl; +http://www.semrush.com/bot.html)"
2001:288:a201::66:125 - - [27/Aug/2026:06:49:15 +0800] "GET /blog/active.php HTTP/1.1" 404 1084 "-" "-"
2001:288:a201::66:125 - - [27/Aug/2026:06:49:15 +0800] "GET /blog/active.php HTTP/1.1" 301 1026 "-" "-"
66.249.79.138 - - [27/Aug/2026:06:49:14 +0800] "GET /wp-login.php?action=ilc_logout&_wpnonce=43754d0aad&redirect_to=//drepimla.ml/113wwwjwesilcedutwHyV651 HTTP/1.1" 302 8252 "-" "Mozilla/5.0 (Linux; Android 6.0.1; Nexus 5X Build/MMB29P) AppleWebKit/537.36 (KHTML, like Gecko) Chrome/151.0.7922.173 Mobile Safari/537.36 (compatible; Googlebot/2.1; +http://www.google.com/bot.html)"
1.34.122.4 - - [27/Aug/2026:06:49:16 +0800] "GET /wp-content/themes/oceanwp/assets/fonts/fontawesome/webfonts/fa-solid-900.woff2 HTTP/1.1" 200 156047 "https://www.fsjh.ilc.edu.tw/wp-content/cache/www.fsjh.ilc.edu.tw/wpfc-minified/lm0klrml/6wah.css" "Mozilla/5.0 (Windows NT 10.0; Win64; x64) AppleWebKit/537.36 (KHTML, like Gecko) Chrome/152.0.0.0 Safari/537.36"
140.111.67.10 - - [27/Aug/2026:06:49:17 +0800] "GET /" 301 273 "-" "-"
44.213.202.136 - - [27/Aug/2026:06:49:17 +0800] "GET /6423/2013/11/29/102_%E9%98%B2%E7%81%BD%E5%B8%AB%E8%B3%87%E5%9F%B9%E8%A8%93%E7%A0%94%E7%BF%92/ HTTP/1.1" 200 15187 "-" "Mozilla/5.0 AppleWebKit/537.36 (KHTML, like Gecko; compatible; Amazonbot/0.1; +https://developer.amazon.com/support/amazonbot) Chrome/119.0.6045.214 Safari/537.36"
::1 - - [27/Aug/2026:06:49:18 +0800] "OPTIONS * HTTP/1.0" 200 110 "-" "Apache/2.4.68 (Ubuntu) OpenSSL/3.0.19 (internal dummy connection)"
::1 - - [27/Aug/2026:06:49:19 +0800] "OPTIONS * HTTP/1.0" 200 110 "-" "Apache/2.4.68 (Ubuntu) OpenSSL/3.0.19 (internal dummy connection)"
66.249.79.138 - - [27/Aug/2026:06:49:17 +0800] "GET /wp-login.php?action=ilc_logout&_wpnonce=43754d0aad&redirect_to=//boaviouphibot.ml/113wwwjwesilcedutwmxy651 HTTP/1.1" 302 3472 "-" "Mozilla/5.0 (Linux; Android 6.0.1; Nexus 5X Build/MMB29P) AppleWebKit/537.36 (KHTML, like Gecko) Chrome/151.0.7922.173 Mobile Safari/537.36 (compatible; Googlebot/2.1; +http://www.google.com/bot.html)"
34.194.14.255 - - [27/Aug/2026:06:49:19 +0800] "GET /wp-content/uploads/sites/3642/2023/06/?C=N;O%3DD HTTP/1.1" 200 1113 "-" "Mozilla/5.0 AppleWebKit/537.36 (KHTML, like Gecko; compatible; Amazonbot/0.1; +https://developer.amazon.com/support/amazonbot) Chrome/119.0.6045.214 Safari/537.36"
85.208.96.201 - - [27/Aug/2026:06:49:19 +0800] "GET /sges1218/2020/12/16/235/ HTTP/1.1" 200 31094 "-" "Mozilla/5.0 (compatible; SemrushBot/7~bl; +http://www.semrush.com/bot.html)"
34.56.124.53 - - [27/Aug/2026:06:49:20 +0800] "GET /6525/wp-json/wp/v2/posts/649 HTTP/1.1" 200 10029 "-" "Mozilla/5.0 (Macintosh; Intel Mac OS X 10_15_7) AppleWebKit/537.36 (KHTML, like Gecko) Chrome/120.0.0.0 Safari/537.36"
2001:288:a201::66:125 - - [27/Aug/2026:06:49:20 +0800] "GET /blog/active.php HTTP/1.1" 301 1026 "-" "-"
2001:288:a201::66:125 - - [27/Aug/2026:06:49:20 +0800] "GET /blog/active.php HTTP/1.1" 404 1084 "-" "-"
::1 - - [27/Aug/2026:06:49:21 +0800] "OPTIONS * HTTP/1.0" 200 110 "-" "Apache/2.4.68 (Ubuntu) OpenSSL/3.0.19 (internal dummy connection)"
66.249.71.7 - - [27/Aug/2026:06:49:19 +0800] "GET /wp-login.php?action=ilc_logout&_wpnonce=43754d0aad&redirect_to=//baiclifas.ml/113wwwjwesilcedutwuGm651 HTTP/1.1" 302 8253 "-" "Mozilla/5.0 (Linux; Android 6.0.1; Nexus 5X Build/MMB29P) AppleWebKit/537.36 (KHTML, like Gecko) Chrome/151.0.7922.173 Mobile Safari/537.36 (compatible; Googlebot/2.1; +http://www.google.com/bot.html)"
54.235.125.129 - - [27/Aug/2026:06:49:21 +0800] "GET /amy6998/2023/06/18/112%E5%B9%B46%E6%9C%886%E6%97%A5%E7%B8%A3%E9%95%B7%E5%8B%89%E5%8B%B5%EF%BC%88%E5%A5%B3%E6%A0%A1%E9%95%B7%EF%BC%89%EF%BC%88%E8%88%87%E6%A0%A1%E9%95%B7%E6%9C%89%E7%B4%84%EF%BC%89/embed/ HTTP/1.1" 200 12711 "-" "Mozilla/5.0 AppleWebKit/537.36 (KHTML, like Gecko; compatible; Amazonbot/0.1; +https://developer.amazon.com/support/amazonbot) Chrome/119.0.6045.214 Safari/537.36"
34.123.149.87 - - [27/Aug/2026:06:49:21 +0800] "GET /6523/wp-json/wp/v2/posts/4912 HTTP/1.1" 200 8821 "-" "Mozilla/5.0 (Macintosh; Intel Mac OS X 10_15_7) AppleWebKit/537.36 (KHTML, like Gecko) Chrome/120.0.0.0 Safari/537.36"
::1 - - [27/Aug/2026:06:49:22 +0800] "OPTIONS * HTTP/1.0" 200 110 "-" "Apache/2.4.68 (Ubuntu) OpenSSL/3.0.19 (internal dummy connection)"
140.111.67.10 - - [27/Aug/2026:06:49:22 +0800] "GET /" 301 273 "-" "-"
85.208.96.201 - - [27/Aug/2026:06:49:22 +0800] "GET /6418/2016/10/05/105_10-05%E6%9C%AC%E6%A0%A1%E6%95%99%E8%81%B7%E5%93%A1%E5%B7%A5%E7%BE%85%E6%9D%B1%E6%9E%97%E5%A0%B4%E7%92%B0%E5%A2%83%E6%95%99%E8%82%B2%E7%A0%94%E7%BF%92%E8%A8%88%E7%95%AB%E8%88%87%E6%88%90%E6%9E%9C/ HTTP/1.1" 200 17269 "-" "Mozilla/5.0 (compatible; SemrushBot/7~bl; +http://www.semrush.com/bot.html)"
66.249.71.7 - - [27/Aug/2026:06:49:21 +0800] "GET /wp-login.php?action=ilc_logout&_wpnonce=43754d0aad&redirect_to=//carpkadesemp.tk/113wwwjwesilcedutwkpX651 HTTP/1.1" 302 3471 "-" "Mozilla/5.0 (Linux; Android 6.0.1; Nexus 5X Build/MMB29P) AppleWebKit/537.36 (KHTML, like Gecko) Chrome/151.0.7922.173 Mobile Safari/537.36 (compatible; Googlebot/2.1; +http://www.google.com/bot.html)"
::1 - - [27/Aug/2026:06:49:23 +0800] "OPTIONS * HTTP/1.0" 200 110 "-" "Apache/2.4.68 (Ubuntu) OpenSSL/3.0.19 (internal dummy connection)"
52.200.54.136 - - [27/Aug/2026:06:49:24 +0800] "GET /wp-content/uploads/sites/1334/2025/?C=D;O%3DD HTTP/1.1" 200 1291 "-" "Mozilla/5.0 AppleWebKit/537.36 (KHTML, like Gecko; compatible; Amazonbot/0.1; +https://developer.amazon.com/support/amazonbot) Chrome/119.0.6045.214 Safari/537.36"
2408:872f:c00:408::165 - - [27/Aug/2026:06:49:23 +0800] "GET /2010/12/23 HTTP/1.1" 301 5761 "-" "Mozilla/5.0 (Windows NT 10.0; Win64; x64) AppleWebKit/537.36 (KHTML, like Gecko) Chrome/144.0.0.0 Safari/537.36"
2408:872f:c00:408::165 - - [27/Aug/2026:06:49:24 +0800] "GET /2010/12/23/ HTTP/1.1" 200 11062 "-" "Mozilla/5.0 (Windows NT 10.0; Win64; x64) AppleWebKit/537.36 (KHTML, like Gecko) Chrome/144.0.0.0 Safari/537.36"
2408:872f:c00:408::165 - - [27/Aug/2026:06:49:24 +0800] "GET /wp-content/cache/ilta.ilc.edu.tw/wpfc-minified/30cml7nx/6wvk.css HTTP/1.1" 200 40877 "https://ilta.ilc.edu.tw/2010/12/23/" "Mozilla/5.0 (Windows NT 10.0; Win64; x64) AppleWebKit/537.36 (KHTML, like Gecko) Chrome/144.0.0.0 Safari/537.36"
66.249.79.138 - - [27/Aug/2026:06:49:23 +0800] "GET /wp-login.php?key=r4anr383&_wpnonce=&action=ilc_logout&redirect_to=https%3A%2F%2Fwww.aayyy.net HTTP/1.1" 302 8235 "-" "Mozilla/5.0 (Linux; Android 6.0.1; Nexus 5X Build/MMB29P) AppleWebKit/537.36 (KHTML, like Gecko) Chrome/151.0.7922.173 Mobile Safari/537.36 (compatible; Googlebot/2.1; +http://www.google.com/bot.html)"
52.167.144.220 - - [27/Aug/2026:06:49:25 +0800] "GET /4558/2012/10/19/just-%E8%AE%80-it-04%E9%96%B1%E8%AE%80%E8%AE%93%E7%8F%AD%E4%B8%8A%E5%86%8D%E6%B7%BB%E4%B8%80%E6%A8%81%E7%94%9C%E7%BE%8E%E7%9A%84%E6%9E%9C%E5%AF%A6%EF%BC%9A%E6%9D%8E%E6%AC%A3%E6%A8%BA%E6%96%87/ HTTP/1.1" 200 16221 "-" "Mozilla/5.0 AppleWebKit/537.36 (KHTML, like Gecko; compatible; bingbot/2.0; +http://www.bing.com/bingbot.htm) Chrome/116.0.1938.76 Safari/537.36"
2408:872f:c00:408::165 - - [27/Aug/2026:06:49:25 +0800] "GET /wp-content/cache/ilta.ilc.edu.tw/wpfc-minified/l07fx5lw/6wvk.css HTTP/1.1" 200 15782 "https://ilta.ilc.edu.tw/2010/12/23/" "Mozilla/5.0 (Windows NT 10.0; Win64; x64) AppleWebKit/537.36 (KHTML, like Gecko) Chrome/144.0.0.0 Safari/537.36"
2001:288:a201::66:125 - - [27/Aug/2026:06:49:25 +0800] "GET /blog/active.php HTTP/1.1" 301 1026 "-" "-"
2001:288:a201::66:125 - - [27/Aug/2026:06:49:25 +0800] "GET /blog/active.php HTTP/1.1" 404 1084 "-" "-"
2408:872f:c00:408::165 - - [27/Aug/2026:06:49:25 +0800] "GET /wp-includes/js/imagesloaded.min.js HTTP/1.1" 200 2683 "https://ilta.ilc.edu.tw/2010/12/23/" "Mozilla/5.0 (Windows NT 10.0; Win64; x64) AppleWebKit/537.36 (KHTML, like Gecko) Chrome/144.0.0.0 Safari/537.36"
2408:872f:c00:408::165 - - [27/Aug/2026:06:49:26 +0800] "GET /wp-content/themes/oceanwp/assets/js/vendors/magnific-popup.min.js HTTP/1.1" 200 8270 "https://ilta.ilc.edu.tw/2010/12/23/" "Mozilla/5.0 (Windows NT 10.0; Win64; x64) AppleWebKit/537.36 (KHTML, like Gecko) Chrome/144.0.0.0 Safari/537.36"
2408:872f:c00:408::165 - - [27/Aug/2026:06:49:26 +0800] "GET /wp-content/themes/oceanwp/assets/js/scroll-top.min.js HTTP/1.1" 200 3202 "https://ilta.ilc.edu.tw/2010/12/23/" "Mozilla/5.0 (Windows NT 10.0; Win64; x64) AppleWebKit/537.36 (KHTML, like Gecko) Chrome/144.0.0.0 Safari/537.36"
211.22.184.58 - - [27/Aug/2026:06:49:26 +0800] "GET /1003/feed/ HTTP/1.1" 200 8796 "-" "Mozilla/5.0 (Windows NT 6.1) AppleWebKit/538.1 (KHTML, like Gecko) QuiteRSS/0.18.12 Safari/538.1"
34.10.180.98 - - [27/Aug/2026:06:49:26 +0800] "GET /kses1113a/wp-json/wp/v2/posts/403 HTTP/1.1" 200 8339 "-" "Mozilla/5.0 (Macintosh; Intel Mac OS X 10_15_7) AppleWebKit/537.36 (KHTML, like Gecko) Chrome/120.0.0.0 Safari/537.36"
140.111.67.10 - - [27/Aug/2026:06:49:27 +0800] "GET /" 301 273 "-" "-"
34.56.124.53 - - [27/Aug/2026:06:49:27 +0800] "GET /2017/01/16/ HTTP/1.1" 200 22044 "-" "Mozilla/5.0 (Macintosh; Intel Mac OS X 10_15_7) AppleWebKit/537.36 (KHTML, like Gecko) Chrome/120.0.0.0 Safari/537.36"
66.249.82.136 - - [27/Aug/2026:06:49:27 +0800] "GET /.well-known/traffic-advice HTTP/1.1" 404 46775 "-" "Chrome Privacy Preserving Prefetch Proxy"
34.56.124.53 - - [27/Aug/2026:06:49:28 +0800] "GET /16891/2016/02/17/105-02-17-104%E5%AD%B8%E5%B9%B4%E5%BA%A6%E7%AC%AC%E4%BA%8C%E5%AD%B8%E6%9C%9F%E8%BA%AB%E9%AB%98%E9%AB%94%E9%87%8D%E8%A6%96%E5%8A%9B%E6%AA%A2%E6%9F%A5/ HTTP/1.1" 200 14462 "-" "Mozilla/5.0 (Macintosh; Intel Mac OS X 10_15_7) AppleWebKit/537.36 (KHTML, like Gecko) Chrome/120.0.0.0 Safari/537.36"
34.171.68.95 - - [27/Aug/2026:06:49:28 +0800] "GET /32745/wp-json/oembed/1.0/embed?url=https://2blog.ilc.edu.tw/32745/2021/10/31/%25e5%25a4%259c%25e6%2588%2580%25e8%258a%25b1/ HTTP/1.1" 200 8274 "-" "Mozilla/5.0 (Macintosh; Intel Mac OS X 10_15_7) AppleWebKit/537.36 (KHTML, like Gecko) Chrome/120.0.0.0 Safari/537.36"
34.42.229.145 - - [27/Aug/2026:06:49:28 +0800] "GET /32745/2025/01/25/%E4%B8%80%E7%94%9F%E7%97%B4%E6%83%85%E7%B6%B4%E4%BD%A0%E8%A1%8C/ HTTP/1.1" 200 92647 "-" "Mozilla/5.0 (Macintosh; Intel Mac OS X 10_15_7) AppleWebKit/537.36 (KHTML, like Gecko) Chrome/120.0.0.0 Safari/537.36"
34.10.180.98 - - [27/Aug/2026:06:49:29 +0800] "GET /6325/wp-json/wp/v2/posts/18549 HTTP/1.1" 200 11193 "-" "Mozilla/5.0 (Macintosh; Intel Mac OS X 10_15_7) AppleWebKit/537.36 (KHTML, like Gecko) Chrome/120.0.0.0 Safari/537.36"
66.249.79.138 - - [27/Aug/2026:06:49:28 +0800] "GET /wp-login.php?action=ilc_logout&_wpnonce=43754d0aad&redirect_to=//martiminondau.tk/113wwwjwesilcedutwFvN651 HTTP/1.1" 302 8257 "-" "Mozilla/5.0 (Linux; Android 6.0.1; Nexus 5X Build/MMB29P) AppleWebKit/537.36 (KHTML, like Gecko) Chrome/151.0.7922.173 Mobile Safari/537.36 (compatible; Googlebot/2.1; +http://www.google.com/bot.html)"
2402:7500:4f6:8091:3186:883b:9e3c:e043 - - [27/Aug/2026:06:49:30 +0800] "GET / HTTP/1.1" 200 23067 "https://www.google.com/" "Mozilla/5.0 (Macintosh; Intel Mac OS X 10_15_7) AppleWebKit/537.36 (KHTML, like Gecko) Chrome/151.0.0.0 Safari/537.36"
2402:7500:4f6:8091:3186:883b:9e3c:e043 - - [27/Aug/2026:06:49:30 +0800] "GET /wp-content/uploads/sites/1252/elementor/css/post-277.css HTTP/1.1" 304 5593 "https://www.dsjh.ilc.edu.tw/" "Mozilla/5.0 (Macintosh; Intel Mac OS X 10_15_7) AppleWebKit/537.36 (KHTML, like Gecko) Chrome/151.0.0.0 Safari/537.36"
2001:288:a201::66:125 - - [27/Aug/2026:06:49:30 +0800] "GET /blog/active.php HTTP/1.1" 301 1026 "-" "-"
2001:288:a201::66:125 - - [27/Aug/2026:06:49:30 +0800] "GET /blog/active.php HTTP/1.1" 404 1084 "-" "-"
136.119.35.120 - - [27/Aug/2026:06:49:30 +0800] "GET /9536/wp-json/wp/v2/posts/58954 HTTP/1.1" 200 8931 "-" "Mozilla/5.0 (Macintosh; Intel Mac OS X 10_15_7) AppleWebKit/537.36 (KHTML, like Gecko) Chrome/120.0.0.0 Safari/537.36"
34.10.180.98 - - [27/Aug/2026:06:49:30 +0800] "GET /25287/wp-json/wp/v2/posts/825 HTTP/1.1" 200 8169 "-" "Mozilla/5.0 (Macintosh; Intel Mac OS X 10_15_7) AppleWebKit/537.36 (KHTML, like Gecko) Chrome/120.0.0.0 Safari/537.36"
136.119.35.120 - - [27/Aug/2026:06:49:31 +0800] "GET /32745/2021/04/03/%E6%84%9F%E6%83%85%E7%9A%84%E5%AD%A4%E5%85%92/ HTTP/1.1" 200 92230 "-" "Mozilla/5.0 (Macintosh; Intel Mac OS X 10_15_7) AppleWebKit/537.36 (KHTML, like Gecko) Chrome/120.0.0.0 Safari/537.36"
34.205.170.13 - - [27/Aug/2026:06:49:31 +0800] "GET /amy6998/2025/01/08/114%E5%B9%B41%E6%9C%887%E6%97%A5%E5%93%A1%E5%B1%B1%E6%9C%89%E5%93%81%EF%BC%88%E5%B0%8A%E9%87%8D%E8%88%87%E6%84%9F%E6%81%A9%EF%BC%89/ HTTP/1.1" 200 18070 "-" "Mozilla/5.0 AppleWebKit/537.36 (KHTML, like Gecko; compatible; Amazonbot/0.1; +https://developer.amazon.com/support/amazonbot) Chrome/119.0.6045.214 Safari/537.36"
185.191.171.15 - - [27/Aug/2026:06:49:31 +0800] "GET /wp-content/uploads/sites/268/868/868-3763930.sb2 HTTP/1.1" 200 71147 "-" "Mozilla/5.0 (compatible; SemrushBot/7~bl; +http://www.semrush.com/bot.html)"
52.4.213.199 - - [27/Aug/2026:06:49:31 +0800] "GET /wp-content/uploads/sites/235/2019/05/?C=D;O%3DA HTTP/1.1" 200 1678 "-" "Mozilla/5.0 AppleWebKit/537.36 (KHTML, like Gecko; compatible; Amazonbot/0.1; +https://developer.amazon.com/support/amazonbot) Chrome/119.0.6045.214 Safari/537.36"
2402:7500:4f6:8091:3186:883b:9e3c:e043 - - [27/Aug/2026:06:49:30 +0800] "GET /wp-content/uploads/sites/1252/2026/06/Gemini_Generated_Image_15lcar15lcar15lc.png HTTP/1.1" 200 1992007 "https://www.dsjh.ilc.edu.tw/wp-content/uploads/sites/1252/elementor/css/post-277.css" "Mozilla/5.0 (Macintosh; Intel Mac OS X 10_15_7) AppleWebKit/537.36 (KHTML, like Gecko) Chrome/151.0.0.0 Safari/537.36"
66.249.79.138 - - [27/Aug/2026:06:49:30 +0800] "GET /wp-login.php?action=ilc_logout&_wpnonce=43754d0aad&redirect_to=http://orengames.ru/gallery/6304/ HTTP/1.1" 302 3462 "-" "Mozilla/5.0 (Linux; Android 6.0.1; Nexus 5X Build/MMB29P) AppleWebKit/537.36 (KHTML, like Gecko) Chrome/151.0.7922.173 Mobile Safari/537.36 (compatible; GoogleOther)"
140.111.67.10 - - [27/Aug/2026:06:49:32 +0800] "GET /" 301 273 "-" "-"
::1 - - [27/Aug/2026:06:49:32 +0800] "OPTIONS * HTTP/1.0" 200 110 "-" "Apache/2.4.68 (Ubuntu) OpenSSL/3.0.19 (internal dummy connection)"
::1 - - [27/Aug/2026:06:49:33 +0800] "OPTIONS * HTTP/1.0" 200 110 "-" "Apache/2.4.68 (Ubuntu) OpenSSL/3.0.19 (internal dummy connection)"
216.73.217.64 - - [27/Aug/2026:06:49:33 +0800] "GET /9536/wp-json/wp/v2/posts/55558 HTTP/1.1" 200 11686 "-" "Mozilla/5.0 AppleWebKit/537.36 (KHTML, like Gecko; compatible; ClaudeBot/1.0; +claudebot@anthropic.com)"
216.73.217.64 - - [27/Aug/2026:06:49:33 +0800] "GET /32745/2021/10/page/42/ HTTP/1.1" 200 91649 "-" "Mozilla/5.0 AppleWebKit/537.36 (KHTML, like Gecko; compatible; ClaudeBot/1.0; +claudebot@anthropic.com)"
34.171.68.95 - - [27/Aug/2026:06:49:34 +0800] "GET /32745/?p=79679 HTTP/1.1" 301 5586 "-" "Mozilla/5.0 (Macintosh; Intel Mac OS X 10_15_7) AppleWebKit/537.36 (KHTML, like Gecko) Chrome/120.0.0.0 Safari/537.36"
2409:8754:5630:1f0::1:1f - - [27/Aug/2026:06:49:35 +0800] "GET /page/327/ HTTP/1.1" 200 17216 "-" "Mozilla/5.0 (Windows NT 10.0; Win64; x64) AppleWebKit/537.36 (KHTML, like Gecko) Chrome/144.0.0.0 Safari/537.36"
::1 - - [27/Aug/2026:06:49:35 +0800] "OPTIONS * HTTP/1.0" 200 110 "-" "Apache/2.4.68 (Ubuntu) OpenSSL/3.0.19 (internal dummy connection)"
66.249.79.138 - - [27/Aug/2026:06:49:33 +0800] "GET /wp-login.php?action=ilc_logout&_wpnonce=43754d0aad&redirect_to=//namplophipentua.ga/113wwwjwesilcedutwQTq651 HTTP/1.1" 302 3474 "-" "Mozilla/5.0 (Linux; Android 6.0.1; Nexus 5X Build/MMB29P) AppleWebKit/537.36 (KHTML, like Gecko) Chrome/151.0.7922.173 Mobile Safari/537.36 (compatible; Googlebot/2.1; +http://www.google.com/bot.html)"
2001:288:a201::66:125 - - [27/Aug/2026:06:49:35 +0800] "GET /blog/active.php HTTP/1.1" 301 1026 "-" "-"
2001:288:a201::66:125 - - [27/Aug/2026:06:49:35 +0800] "GET /blog/active.php HTTP/1.1" 404 1084 "-" "-"
52.1.106.130 - - [27/Aug/2026:06:49:36 +0800] "GET /wp-content/uploads/sites/3344/2021/12/?C=N;O%3DA HTTP/1.1" 200 1112 "-" "Mozilla/5.0 AppleWebKit/537.36 (KHTML, like Gecko; compatible; Amazonbot/0.1; +https://developer.amazon.com/support/amazonbot) Chrome/119.0.6045.214 Safari/537.36"
2409:8754:5630:1f0::1:1f - - [27/Aug/2026:06:49:36 +0800] "GET /wp-content/cache/ilta.ilc.edu.tw/wpfc-minified/30cml7nx/6wvk.css HTTP/1.1" 200 40877 "https://ilta.ilc.edu.tw/page/327/" "Mozilla/5.0 (Windows NT 10.0; Win64; x64) AppleWebKit/537.36 (KHTML, like Gecko) Chrome/144.0.0.0 Safari/537.36"
34.171.68.95 - - [27/Aug/2026:06:49:36 +0800] "GET /6542/2012/12/05/%E7%92%B0%E5%A2%83%E6%95%99%E8%82%B2%E6%9C%AC%E4%BD%8D%E8%AA%B2%E7%A8%8B-%E9%B3%A5%E9%A1%9E%E7%9B%B8%E9%97%9C%E8%AA%B2%E7%A8%8B/ HTTP/1.1" 200 16485 "-" "Mozilla/5.0 (Macintosh; Intel Mac OS X 10_15_7) AppleWebKit/537.36 (KHTML, like Gecko) Chrome/120.0.0.0 Safari/537.36"
34.42.229.145 - - [27/Aug/2026:06:49:36 +0800] "GET /2017/10/16/10-16-17%E5%8D%88%E9%A4%90%E8%8F%9C%E5%96%AE%E6%9B%B4%E6%94%B9%E5%85%AC%E5%91%8A/ HTTP/1.1" 200 29650 "-" "Mozilla/5.0 (Macintosh; Intel Mac OS X 10_15_7) AppleWebKit/537.36 (KHTML, like Gecko) Chrome/120.0.0.0 Safari/537.36"
2409:8754:5630:1f0::1:1f - - [27/Aug/2026:06:49:36 +0800] "GET /wp-content/cache/ilta.ilc.edu.tw/wpfc-minified/l07fx5lw/6wvk.css HTTP/1.1" 200 16121 "https://ilta.ilc.edu.tw/page/327/" "Mozilla/5.0 (Windows NT 10.0; Win64; x64) AppleWebKit/537.36 (KHTML, like Gecko) Chrome/144.0.0.0 Safari/537.36"
2409:8754:5630:1f0::1:1f - - [27/Aug/2026:06:49:36 +0800] "GET /wp-content/cache/ilta.ilc.edu.tw/wpfc-minified/qm0ohmet/6wvk.css HTTP/1.1" 200 1496 "https://ilta.ilc.edu.tw/page/327/" "Mozilla/5.0 (Windows NT 10.0; Win64; x64) AppleWebKit/537.36 (KHTML, like Gecko) Chrome/144.0.0.0 Safari/537.36"
2409:8754:5630:1f0::1:1f - - [27/Aug/2026:06:49:36 +0800] "GET /wp-content/cache/ilta.ilc.edu.tw/wpfc-minified/7vo8n6iy/6wvk.css HTTP/1.1" 200 65503 "https://ilta.ilc.edu.tw/page/327/" "Mozilla/5.0 (Windows NT 10.0; Win64; x64) AppleWebKit/537.36 (KHTML, like Gecko) Chrome/144.0.0.0 Safari/537.36"
2409:8754:5630:1f0::1:1f - - [27/Aug/2026:06:49:36 +0800] "GET /wp-content/cache/ilta.ilc.edu.tw/wpfc-minified/1qjpbzp9/6wvk.js HTTP/1.1" 200 40344 "https://ilta.ilc.edu.tw/page/327/" "Mozilla/5.0 (Windows NT 10.0; Win64; x64) AppleWebKit/537.36 (KHTML, like Gecko) Chrome/144.0.0.0 Safari/537.36"
2409:8754:5630:1f0::1:1f - - [27/Aug/2026:06:49:36 +0800] "GET /wp-includes/js/hoverintent-js.min.js HTTP/1.1" 200 6392 "https://ilta.ilc.edu.tw/page/327/" "Mozilla/5.0 (Windows NT 10.0; Win64; x64) AppleWebKit/537.36 (KHTML, like Gecko) Chrome/144.0.0.0 Safari/537.36"
2409:8754:5630:1f0::1:1f - - [27/Aug/2026:06:49:37 +0800] "GET /wp-includes/js/admin-bar.min.js HTTP/1.1" 200 2237 "https://ilta.ilc.edu.tw/page/327/" "Mozilla/5.0 (Windows NT 10.0; Win64; x64) AppleWebKit/537.36 (KHTML, like Gecko) Chrome/144.0.0.0 Safari/537.36"
2409:8754:5630:1f0::1:1f - - [27/Aug/2026:06:49:37 +0800] "GET /wp-includes/js/imagesloaded.min.js HTTP/1.1" 200 2683 "https://ilta.ilc.edu.tw/page/327/" "Mozilla/5.0 (Windows NT 10.0; Win64; x64) AppleWebKit/537.36 (KHTML, like Gecko) Chrome/144.0.0.0 Safari/537.36"
2409:8754:5630:1f0::1:1f - - [27/Aug/2026:06:49:37 +0800] "GET /wp-content/themes/oceanwp/assets/js/theme.min.js HTTP/1.1" 200 5130 "https://ilta.ilc.edu.tw/page/327/" "Mozilla/5.0 (Windows NT 10.0; Win64; x64) AppleWebKit/537.36 (KHTML, like Gecko) Chrome/144.0.0.0 Safari/537.36"
140.111.67.10 - - [27/Aug/2026:06:49:37 +0800] "GET /" 301 273 "-" "-"
2409:8754:5630:1f0::1:1f - - [27/Aug/2026:06:49:37 +0800] "GET /wp-content/themes/oceanwp/assets/js/drop-down-mobile-menu.min.js HTTP/1.1" 200 4663 "https://ilta.ilc.edu.tw/page/327/" "Mozilla/5.0 (Windows NT 10.0; Win64; x64) AppleWebKit/537.36 (KHTML, like Gecko) Chrome/144.0.0.0 Safari/537.36"
2409:8754:5630:1f0::1:1f - - [27/Aug/2026:06:49:37 +0800] "GET /wp-content/themes/oceanwp/assets/js/drop-down-search.min.js HTTP/1.1" 200 2968 "https://ilta.ilc.edu.tw/page/327/" "Mozilla/5.0 (Windows NT 10.0; Win64; x64) AppleWebKit/537.36 (KHTML, like Gecko) Chrome/144.0.0.0 Safari/537.36"
2409:8754:5630:1f0::1:1f - - [27/Aug/2026:06:49:37 +0800] "GET /wp-content/themes/oceanwp/assets/js/vendors/magnific-popup.min.js HTTP/1.1" 200 8270 "https://ilta.ilc.edu.tw/page/327/" "Mozilla/5.0 (Windows NT 10.0; Win64; x64) AppleWebKit/537.36 (KHTML, like Gecko) Chrome/144.0.0.0 Safari/537.36"
2409:8754:5630:1f0::1:1f - - [27/Aug/2026:06:49:37 +0800] "GET /wp-content/themes/oceanwp/assets/js/ow-lightbox.min.js HTTP/1.1" 200 2321 "https://ilta.ilc.edu.tw/page/327/" "Mozilla/5.0 (Windows NT 10.0; Win64; x64) AppleWebKit/537.36 (KHTML, like Gecko) Chrome/144.0.0.0 Safari/537.36"
2409:8754:5630:1f0::1:1f - - [27/Aug/2026:06:49:37 +0800] "GET /wp-content/themes/oceanwp/assets/js/vendors/flickity.pkgd.min.js HTTP/1.1" 200 15048 "https://ilta.ilc.edu.tw/page/327/" "Mozilla/5.0 (Windows NT 10.0; Win64; x64) AppleWebKit/537.36 (KHTML, like Gecko) Chrome/144.0.0.0 Safari/537.36"
2409:8754:5630:1f0::1:1f - - [27/Aug/2026:06:49:37 +0800] "GET /wp-content/themes/oceanwp/assets/js/ow-slider.min.js HTTP/1.1" 200 1761 "https://ilta.ilc.edu.tw/page/327/" "Mozilla/5.0 (Windows NT 10.0; Win64; x64) AppleWebKit/537.36 (KHTML, like Gecko) Chrome/144.0.0.0 Safari/537.36"
34.42.229.145 - - [27/Aug/2026:06:49:37 +0800] "GET /6572/wp-json/wp/v2/posts/10416 HTTP/1.1" 200 10786 "-" "Mozilla/5.0 (Macintosh; Intel Mac OS X 10_15_7) AppleWebKit/537.36 (KHTML, like Gecko) Chrome/120.0.0.0 Safari/537.36"
2409:8754:5630:1f0::1:1f - - [27/Aug/2026:06:49:37 +0800] "GET /wp-content/themes/oceanwp/assets/js/scroll-effect.min.js HTTP/1.1" 200 4127 "https://ilta.ilc.edu.tw/page/327/" "Mozilla/5.0 (Windows NT 10.0; Win64; x64) AppleWebKit/537.36 (KHTML, like Gecko) Chrome/144.0.0.0 Safari/537.36"
