185.191.171.11 - - [27/Aug/2026:06:45:05 +0800] "GET /blog/blog/4950/post/19409/490501 HTTP/1.1" 404 25426 "-" "Mozilla/5.0 (compatible; SemrushBot/7~bl; +http://www.semrush.com/bot.html)"
66.249.79.138 - - [27/Aug/2026:06:45:02 +0800] "GET /wp-login.php?action=ilc_logout&_wpnonce=43754d0aad&redirect_to=//mabbensleders.ga/113wwwjwesilcedutwGds651 HTTP/1.1" 302 8257 "-" "Mozilla/5.0 (Linux; Android 6.0.1; Nexus 5X Build/MMB29P) AppleWebKit/537.36 (KHTML, like Gecko) Chrome/151.0.7922.173 Mobile Safari/537.36 (compatible; Googlebot/2.1; +http://www.google.com/bot.html)"
2001:288:a201::66:125 - - [27/Aug/2026:06:45:05 +0800] "GET /blog/active.php HTTP/1.1" 404 1084 "-" "-"
2001:288:a201::66:125 - - [27/Aug/2026:06:45:05 +0800] "GET /blog/active.php HTTP/1.1" 301 1026 "-" "-"
18.204.89.56 - - [27/Aug/2026:06:45:05 +0800] "GET /17160/2026/05/06/%E3%80%90g3%E3%80%91%E6%84%9F%E6%81%A9%E4%B9%8B%E6%97%85-%E5%B0%88%E5%AE%B6%E8%AC%9B%E5%BA%A7-dna%E5%AF%A6%E9%A9%97%E5%B0%8F%E8%8A%B8/line_album_%E6%84%9F%E6%81%A9%E4%B9%8B%E6%97%85-%E8%8D%BA%E8%8A%B8%E7%88%B8%E7%88%B8_260519_5/embed/ HTTP/1.1" 200 12650 "-" "Mozilla/5.0 AppleWebKit/537.36 (KHTML, like Gecko; compatible; Amazonbot/0.1; +https://developer.amazon.com/support/amazonbot) Chrome/119.0.6045.214 Safari/537.36"
34.123.149.87 - - [27/Aug/2026:06:45:06 +0800] "GET /7986/2013/12/06/102%E5%AD%B8%E5%B9%B4%E5%BA%A6%E4%B8%8A%E5%AD%B8%E6%9C%9F%E7%8F%AD%E7%B4%9A%E7%B6%93%E7%87%9F%E8%A8%88%E7%95%AB3%E5%BF%A0/ HTTP/1.1" 200 15522 "-" "Mozilla/5.0 (Macintosh; Intel Mac OS X 10_15_7) AppleWebKit/537.36 (KHTML, like Gecko) Chrome/120.0.0.0 Safari/537.36"
140.111.67.10 - - [27/Aug/2026:06:45:07 +0800] "GET /" 301 273 "-" "-"
34.171.68.95 - - [27/Aug/2026:06:45:07 +0800] "GET /15194/2018/11/16/%E9%A3%9F%E4%BA%BA%E4%B8%80%E5%8F%A3%E5%A0%B1%E4%BA%BA%E4%B8%80%E6%96%97/ HTTP/1.1" 200 14558 "-" "Mozilla/5.0 (Macintosh; Intel Mac OS X 10_15_7) AppleWebKit/537.36 (KHTML, like Gecko) Chrome/120.0.0.0 Safari/537.36"
3.93.253.174 - - [27/Aug/2026:06:45:07 +0800] "GET /17160/wp-content/uploads/sites/1249/2026/05/LINE_ALBUM_%E6%84%9F%E6%81%A9%E4%B9%8B%E6%97%85-%E8%8D%BA%E8%8A%B8%E7%88%B8%E7%88%B8_260519_5-300x169.jpg HTTP/1.1" 200 23007 "-" "Mozilla/5.0 AppleWebKit/537.36 (KHTML, like Gecko; compatible; Amazonbot/0.1; +https://developer.amazon.com/support/amazonbot) Chrome/119.0.6045.214 Safari/537.36"
34.57.162.91 - - [27/Aug/2026:06:45:07 +0800] "GET /9536/wp-json/wp/v2/posts/57386 HTTP/1.1" 200 10744 "-" "Mozilla/5.0 (Macintosh; Intel Mac OS X 10_15_7) AppleWebKit/537.36 (KHTML, like Gecko) Chrome/120.0.0.0 Safari/537.36"
34.56.53.225 - - [27/Aug/2026:06:45:08 +0800] "GET /6325/2015/01/28/ HTTP/1.1" 200 15006 "-" "Mozilla/5.0 (Macintosh; Intel Mac OS X 10_15_7) AppleWebKit/537.36 (KHTML, like Gecko) Chrome/120.0.0.0 Safari/537.36"
34.57.162.91 - - [27/Aug/2026:06:45:08 +0800] "GET /6158/2019/11/01/%E4%BA%8C-1-%E3%80%81%E6%B0%B4%E5%9F%9F%E8%AA%B2%E7%A8%8B-%E6%BA%AA%E6%B5%81%E6%8E%A2%E9%9A%AA%E9%9A%8A%E6%88%90%E6%9E%9C/ HTTP/1.1" 200 15767 "-" "Mozilla/5.0 (Macintosh; Intel Mac OS X 10_15_7) AppleWebKit/537.36 (KHTML, like Gecko) Chrome/120.0.0.0 Safari/537.36"
66.249.71.8 - - [27/Aug/2026:06:45:06 +0800] "GET /wp-login.php?action=ilc_logout&_wpnonce=43754d0aad&redirect_to=//downtysaqual.tk/113wwwjwesilcedutwnxV651 HTTP/1.1" 302 8256 "-" "Mozilla/5.0 (Linux; Android 6.0.1; Nexus 5X Build/MMB29P) AppleWebKit/537.36 (KHTML, like Gecko) Chrome/151.0.7922.173 Mobile Safari/537.36 (compatible; Googlebot/2.1; +http://www.google.com/bot.html)"
34.123.149.87 - - [27/Aug/2026:06:45:08 +0800] "GET /4950/?p=226 HTTP/1.1" 301 5757 "-" "Mozilla/5.0 (Macintosh; Intel Mac OS X 10_15_7) AppleWebKit/537.36 (KHTML, like Gecko) Chrome/120.0.0.0 Safari/537.36"
240e:90e:2000:2006::1287 - - [27/Aug/2026:06:45:08 +0800] "GET /3226/category/c-416/page/5 HTTP/1.1" 301 5777 "-" "Mozilla/5.0 (Windows NT 10.0; Win64; x64) AppleWebKit/537.36 (KHTML, like Gecko) Chrome/144.0.0.0 Safari/537.36"
240e:90e:2000:2006::1287 - - [27/Aug/2026:06:45:09 +0800] "GET /3226/category/c-416/page/5/ HTTP/1.1" 200 16936 "-" "Mozilla/5.0 (Windows NT 10.0; Win64; x64) AppleWebKit/537.36 (KHTML, like Gecko) Chrome/144.0.0.0 Safari/537.36"
240e:90e:2000:2006::1287 - - [27/Aug/2026:06:45:10 +0800] "GET /3226/wp-content/cache/2blog.ilc.edu.tw/wpfc-minified/6wark3is/5wsxh.css HTTP/1.1" 200 40886 "https://2blog.ilc.edu.tw/3226/category/c-416/page/5/" "Mozilla/5.0 (Windows NT 10.0; Win64; x64) AppleWebKit/537.36 (KHTML, like Gecko) Chrome/144.0.0.0 Safari/537.36"
34.10.180.98 - - [27/Aug/2026:06:45:09 +0800] "GET /5143/wp-json/wp/v2/posts/1213 HTTP/1.1" 200 18743 "-" "Mozilla/5.0 (Macintosh; Intel Mac OS X 10_15_7) AppleWebKit/537.36 (KHTML, like Gecko) Chrome/120.0.0.0 Safari/537.36"
2001:288:a201::66:125 - - [27/Aug/2026:06:45:10 +0800] "GET /blog/active.php HTTP/1.1" 301 1026 "-" "-"
2001:288:a201::66:125 - - [27/Aug/2026:06:45:10 +0800] "GET /blog/active.php HTTP/1.1" 404 5511 "-" "-"
240e:90e:2000:2006::1287 - - [27/Aug/2026:06:45:10 +0800] "GET /3226/wp-includes/js/hoverintent-js.min.js HTTP/1.1" 200 1597 "https://2blog.ilc.edu.tw/3226/category/c-416/page/5/" "Mozilla/5.0 (Windows NT 10.0; Win64; x64) AppleWebKit/537.36 (KHTML, like Gecko) Chrome/144.0.0.0 Safari/537.36"
34.56.124.53 - - [27/Aug/2026:06:45:10 +0800] "GET /9536/2011/05/10/%E6%BE%B3%E8%8A%B1-%E6%BC%A2%E6%9C%AC%E7%BE%8E%E9%BA%97%E7%9A%84%E6%B2%99%E7%81%98/ HTTP/1.1" 200 14377 "-" "Mozilla/5.0 (Macintosh; Intel Mac OS X 10_15_7) AppleWebKit/537.36 (KHTML, like Gecko) Chrome/120.0.0.0 Safari/537.36"
240e:90e:2000:2006::1287 - - [27/Aug/2026:06:45:11 +0800] "GET /3226/wp-includes/js/imagesloaded.min.js HTTP/1.1" 200 2683 "https://2blog.ilc.edu.tw/3226/category/c-416/page/5/" "Mozilla/5.0 (Windows NT 10.0; Win64; x64) AppleWebKit/537.36 (KHTML, like Gecko) Chrome/144.0.0.0 Safari/537.36"
52.70.138.176 - - [27/Aug/2026:06:45:10 +0800] "GET /klesea/wp-content/uploads/sites/3368/2021/09/%E5%AE%9C%E8%98%AD%E7%B8%A3%E6%9F%AF%E6%9E%97%E5%9C%8B%E6%B0%91%E5%B0%8F%E5%AD%B8%E5%AD%B8%E6%A0%A1%E8%AA%B2%E7%A8%8B%E8%A9%95%E9%91%91%E5%AF%A6%E6%96%BD%E8%A8%88%E7%95%AB.pdf HTTP/1.1" 200 319020 "-" "Mozilla/5.0 AppleWebKit/537.36 (KHTML, like Gecko; compatible; Amazonbot/0.1; +https://developer.amazon.com/support/amazonbot) Chrome/119.0.6045.214 Safari/537.36"
240e:90e:2000:2006::1287 - - [27/Aug/2026:06:45:11 +0800] "GET /3226/wp-content/themes/oceanwp/assets/js/drop-down-mobile-menu.min.js HTTP/1.1" 200 4663 "https://2blog.ilc.edu.tw/3226/category/c-416/page/5/" "Mozilla/5.0 (Windows NT 10.0; Win64; x64) AppleWebKit/537.36 (KHTML, like Gecko) Chrome/144.0.0.0 Safari/537.36"
136.119.35.120 - - [27/Aug/2026:06:45:11 +0800] "GET /2237/wp-json/wp/v2/posts/371 HTTP/1.1" 200 12454 "-" "Mozilla/5.0 (Macintosh; Intel Mac OS X 10_15_7) AppleWebKit/537.36 (KHTML, like Gecko) Chrome/120.0.0.0 Safari/537.36"
34.30.223.149 - - [27/Aug/2026:06:45:11 +0800] "GET /32745/wp-json/wp/v2/posts/96050 HTTP/1.1" 200 30887 "-" "Mozilla/5.0 (Macintosh; Intel Mac OS X 10_15_7) AppleWebKit/537.36 (KHTML, like Gecko) Chrome/120.0.0.0 Safari/537.36"
240e:90e:2000:2006::1287 - - [27/Aug/2026:06:45:11 +0800] "GET /3226/wp-content/themes/oceanwp/assets/js/scroll-effect.min.js HTTP/1.1" 200 4127 "https://2blog.ilc.edu.tw/3226/category/c-416/page/5/" "Mozilla/5.0 (Windows NT 10.0; Win64; x64) AppleWebKit/537.36 (KHTML, like Gecko) Chrome/144.0.0.0 Safari/537.36"
34.171.68.95 - - [27/Aug/2026:06:45:11 +0800] "GET /32745/wp-json/wp/v2/posts/9688 HTTP/1.1" 200 16119 "-" "Mozilla/5.0 (Macintosh; Intel Mac OS X 10_15_7) AppleWebKit/537.36 (KHTML, like Gecko) Chrome/120.0.0.0 Safari/537.36"
140.111.67.10 - - [27/Aug/2026:06:45:12 +0800] "GET /" 301 273 "-" "-"
66.249.79.128 - - [27/Aug/2026:06:45:10 +0800] "GET /wp-login.php?action=ilc_logout&_wpnonce=43754d0aad&redirect_to=//kingbustna.ga/113wwwjwesilcedutwgjq651 HTTP/1.1" 302 8254 "-" "Mozilla/5.0 (Linux; Android 6.0.1; Nexus 5X Build/MMB29P) AppleWebKit/537.36 (KHTML, like Gecko) Chrome/151.0.7922.173 Mobile Safari/537.36 (compatible; Googlebot/2.1; +http://www.google.com/bot.html)"
34.171.68.95 - - [27/Aug/2026:06:45:13 +0800] "GET /6525/2020/06/08/1094-5%E5%AE%A3%E5%B0%8E%E7%AF%80%E8%83%BD%E6%B8%9B%E7%A2%B3%E6%B4%BB%E5%8B%95%E6%9C%89%E7%8D%8E%E5%BE%B5%E7%AD%94/ HTTP/1.1" 200 15728 "-" "Mozilla/5.0 (Macintosh; Intel Mac OS X 10_15_7) AppleWebKit/537.36 (KHTML, like Gecko) Chrome/120.0.0.0 Safari/537.36"
34.123.149.87 - - [27/Aug/2026:06:45:13 +0800] "GET /2373/?p=11995 HTTP/1.1" 301 5820 "-" "Mozilla/5.0 (Macintosh; Intel Mac OS X 10_15_7) AppleWebKit/537.36 (KHTML, like Gecko) Chrome/120.0.0.0 Safari/537.36"
66.249.79.128 - - [27/Aug/2026:06:45:12 +0800] "GET /wp-login.php?action=ilc_logout&_wpnonce=43754d0aad&redirect_to=http://businessshagi.ru/creator/20513/ HTTP/1.1" 302 3467 "-" "Mozilla/5.0 (Linux; Android 6.0.1; Nexus 5X Build/MMB29P) AppleWebKit/537.36 (KHTML, like Gecko) Chrome/151.0.7922.173 Mobile Safari/537.36 (compatible; GoogleOther)"
2001:288:a201::66:125 - - [27/Aug/2026:06:45:15 +0800] "GET /blog/active.php HTTP/1.1" 301 1026 "-" "-"
2001:288:a201::66:125 - - [27/Aug/2026:06:45:15 +0800] "GET /blog/active.php HTTP/1.1" 404 1084 "-" "-"
52.204.71.8 - - [27/Aug/2026:06:45:15 +0800] "GET /wp-content/uploads/sites/1315/2020/06/B05.%E5%A5%91%E7%B4%84%E6%9B%B8-109111091117.odt HTTP/1.1" 200 128998 "-" "Mozilla/5.0 AppleWebKit/537.36 (KHTML, like Gecko; compatible; Amazonbot/0.1; +https://developer.amazon.com/support/amazonbot) Chrome/119.0.6045.214 Safari/537.36"
2401:e180:89c1:1061:1d20:e99a:24c2:f436 - - [27/Aug/2026:06:45:16 +0800] "GET /wp-content/uploads/sites/2531/2026/04/Earthquake-Science-Earth-Science-Education-Presentation-Warm-Icon-Style--1024x576.jpg HTTP/1.1" 200 69045 "https://myactivity.google.com/" "Mozilla/5.0 (iPhone; CPU iPhone OS 18_7 like Mac OS X) AppleWebKit/605.1.15 (KHTML, like Gecko) Mobile/15E148 OcIdWebView ({\"os\":\"iOS\",\"libraryVersion\":\"1.23.10.0\",\"style\":2,\"isDarkTheme\":true,\"osVersion\":\"26.5.2\",\"zoom\":0.95450000000000002,\"isBoldFont\":true,\"isHighContrast\":false,\"app\":\"com.google.GoogleMobile\",\"appVersion\":\"368.0.756386193\"})"
185.191.171.15 - - [27/Aug/2026:06:45:16 +0800] "GET /kses1093a/2021/03/10/%E8%81%AF%E7%B5%A1%E7%B0%BF1100311/ HTTP/1.1" 200 19018 "-" "Mozilla/5.0 (compatible; SemrushBot/7~bl; +http://www.semrush.com/bot.html)"
::1 - - [27/Aug/2026:06:45:16 +0800] "OPTIONS * HTTP/1.0" 200 110 "-" "Apache/2.4.68 (Ubuntu) OpenSSL/3.0.19 (internal dummy connection)"
140.111.67.10 - - [27/Aug/2026:06:45:17 +0800] "GET /" 301 273 "-" "-"
98.82.38.120 - - [27/Aug/2026:06:45:17 +0800] "GET /32745/2024/07/24/%E7%84%A1%E4%BD%A0%E6%88%91%E6%80%8E%E6%9C%83%E5%BF%AB%E6%B4%BB/ HTTP/1.1" 200 91941 "-" "Mozilla/5.0 AppleWebKit/537.36 (KHTML, like Gecko; compatible; Amazonbot/0.1; +https://developer.amazon.com/support/amazonbot) Chrome/119.0.6045.214 Safari/537.36"
::1 - - [27/Aug/2026:06:45:17 +0800] "OPTIONS * HTTP/1.0" 200 110 "-" "Apache/2.4.68 (Ubuntu) OpenSSL/3.0.19 (internal dummy connection)"
85.208.96.204 - - [27/Aug/2026:06:45:18 +0800] "GET /blog/blog/868/resource/11550/download/121337 HTTP/1.1" 404 25426 "-" "Mozilla/5.0 (compatible; SemrushBot/7~bl; +http://www.semrush.com/bot.html)"
34.123.149.87 - - [27/Aug/2026:06:45:18 +0800] "GET /39664/wp-json/oembed/1.0/embed?format=xml&url=https://2blog.ilc.edu.tw/39664/2020/11/13/think02/ HTTP/1.1" 200 7084 "-" "Mozilla/5.0 (Macintosh; Intel Mac OS X 10_15_7) AppleWebKit/537.36 (KHTML, like Gecko) Chrome/120.0.0.0 Safari/537.36"
140.111.67.195 - - [27/Aug/2026:06:45:19 +0800] "GET /wp-admin/admin-post.php?action=steps_ad HTTP/1.1" 200 1973 "-" "node-fetch/1.0 (+https://github.com/bitinn/node-fetch)"
35.170.205.140 - - [27/Aug/2026:06:45:19 +0800] "GET /?attachment_id=1169 HTTP/1.1" 200 19323 "-" "Mozilla/5.0 AppleWebKit/537.36 (KHTML, like Gecko; compatible; Amazonbot/0.1; +https://developer.amazon.com/support/amazonbot) Chrome/119.0.6045.214 Safari/537.36"
66.249.79.138 - - [27/Aug/2026:06:45:17 +0800] "GET /wp-login.php?action=ilc_logout&_wpnonce=43754d0aad&redirect_to=//worlsapername.ml/113wwwjwesilcedutwaNS651 HTTP/1.1" 302 8257 "-" "Mozilla/5.0 (Linux; Android 6.0.1; Nexus 5X Build/MMB29P) AppleWebKit/537.36 (KHTML, like Gecko) Chrome/151.0.7922.173 Mobile Safari/537.36 (compatible; Googlebot/2.1; +http://www.google.com/bot.html)"
34.10.180.98 - - [27/Aug/2026:06:45:20 +0800] "GET /6461/2017/11/13/106_4-5-%E5%AD%B8%E7%94%9F%E8%87%AA%E8%A3%BD%E6%9F%9A%E5%AD%90%E6%B8%85%E6%BD%94%E5%8A%91/ HTTP/1.1" 200 16088 "-" "Mozilla/5.0 (Macintosh; Intel Mac OS X 10_15_7) AppleWebKit/537.36 (KHTML, like Gecko) Chrome/120.0.0.0 Safari/537.36"
2001:288:a201::66:125 - - [27/Aug/2026:06:45:20 +0800] "GET /blog/active.php HTTP/1.1" 301 1026 "-" "-"
2001:288:a201::66:125 - - [27/Aug/2026:06:45:20 +0800] "GET /blog/active.php HTTP/1.1" 404 1084 "-" "-"
::1 - - [27/Aug/2026:06:45:20 +0800] "OPTIONS * HTTP/1.0" 200 110 "-" "Apache/2.4.68 (Ubuntu) OpenSSL/3.0.19 (internal dummy connection)"
::1 - - [27/Aug/2026:06:45:21 +0800] "OPTIONS * HTTP/1.0" 200 110 "-" "Apache/2.4.68 (Ubuntu) OpenSSL/3.0.19 (internal dummy connection)"
35.169.119.108 - - [27/Aug/2026:06:45:21 +0800] "GET /amy6998/2024/10/14/113%E5%B9%B410%E6%9C%888%E6%97%A5%E6%80%A1%E9%9D%9C%E8%80%81%E5%B8%AB%E7%94%9F%E6%97%A5%E5%BF%AB%E6%A8%82/embed/ HTTP/1.1" 200 12674 "-" "Mozilla/5.0 AppleWebKit/537.36 (KHTML, like Gecko; compatible; Amazonbot/0.1; +https://developer.amazon.com/support/amazonbot) Chrome/119.0.6045.214 Safari/537.36"
140.111.67.10 - - [27/Aug/2026:06:45:22 +0800] "GET /" 301 273 "-" "-"
::1 - - [27/Aug/2026:06:45:22 +0800] "OPTIONS * HTTP/1.0" 200 110 "-" "Apache/2.4.68 (Ubuntu) OpenSSL/3.0.19 (internal dummy connection)"
36.229.208.212 - - [27/Aug/2026:06:45:23 +0800] "-" 408 4804 "-" "-"
36.229.208.212 - - [27/Aug/2026:06:45:23 +0800] "-" 408 4804 "-" "-"
35.254.159.230 - - [27/Aug/2026:06:45:23 +0800] "GET /6570/category/uncategorized/page/14/ HTTP/1.1" 200 16472 "-" "Mozilla/5.0 (Macintosh; Intel Mac OS X 10_15_7) AppleWebKit/537.36 (KHTML, like Gecko) Chrome/120.0.0.0 Safari/537.36"
35.254.159.230 - - [27/Aug/2026:06:45:23 +0800] "GET /kses1113a/?p=322 HTTP/1.1" 301 5753 "-" "Mozilla/5.0 (Macintosh; Intel Mac OS X 10_15_7) AppleWebKit/537.36 (KHTML, like Gecko) Chrome/120.0.0.0 Safari/537.36"
66.249.71.172 - - [27/Aug/2026:06:45:24 +0800] "GET /Google/herabetgunceladresi.com/ensina.ai/eastguys.net/?paged=30 HTTP/1.1" 200 28979 "-" "Mozilla/5.0 (Linux; Android 6.0.1; Nexus 5X Build/MMB29P) AppleWebKit/537.36 (KHTML, like Gecko) Chrome/151.0.7922.173 Mobile Safari/537.36 (compatible; Googlebot/2.1; +http://www.google.com/bot.html)"
::1 - - [27/Aug/2026:06:45:24 +0800] "OPTIONS * HTTP/1.0" 200 110 "-" "Apache/2.4.68 (Ubuntu) OpenSSL/3.0.19 (internal dummy connection)"
2001:288:a201::66:125 - - [27/Aug/2026:06:45:25 +0800] "GET /blog/active.php HTTP/1.1" 301 1026 "-" "-"
2001:288:a201::66:125 - - [27/Aug/2026:06:45:25 +0800] "GET /blog/active.php HTTP/1.1" 404 1084 "-" "-"
34.171.68.95 - - [27/Aug/2026:06:45:25 +0800] "GET /6545/2011/12/08/%E9%97%9C%E6%96%BC%E7%92%B0%E6%95%99%E3%80%88100%E3%80%89%EF%BC%9A%E7%92%B0%E5%A2%83%E6%95%99%E8%82%B2%E7%B0%A1%E4%BB%8B/ HTTP/1.1" 200 17275 "-" "Mozilla/5.0 (Macintosh; Intel Mac OS X 10_15_7) AppleWebKit/537.36 (KHTML, like Gecko) Chrome/120.0.0.0 Safari/537.36"
34.10.180.98 - - [27/Aug/2026:06:45:26 +0800] "GET /20978/wp-json/wp/v2/posts/5522 HTTP/1.1" 200 58722 "-" "Mozilla/5.0 (Macintosh; Intel Mac OS X 10_15_7) AppleWebKit/537.36 (KHTML, like Gecko) Chrome/120.0.0.0 Safari/537.36"
34.123.149.87 - - [27/Aug/2026:06:45:27 +0800] "GET /6537/2011/04/04/ HTTP/1.1" 200 14909 "-" "Mozilla/5.0 (Macintosh; Intel Mac OS X 10_15_7) AppleWebKit/537.36 (KHTML, like Gecko) Chrome/120.0.0.0 Safari/537.36"
140.111.67.10 - - [27/Aug/2026:06:45:27 +0800] "GET /" 301 273 "-" "-"
66.249.79.138 - - [27/Aug/2026:06:45:25 +0800] "GET /wp-login.php?action=ilc_logout&_wpnonce=43754d0aad&redirect_to=//insideform.ru/gallery/65955/ HTTP/1.1" 302 8244 "-" "Mozilla/5.0 (Linux; Android 6.0.1; Nexus 5X Build/MMB29P) AppleWebKit/537.36 (KHTML, like Gecko) Chrome/151.0.7922.173 Mobile Safari/537.36 (compatible; GoogleOther)"
184.73.47.24 - - [27/Aug/2026:06:45:28 +0800] "GET /wp-content/uploads/sites/2764/2026/02/?C=M;O%3DA HTTP/1.1" 200 1113 "-" "Mozilla/5.0 AppleWebKit/537.36 (KHTML, like Gecko; compatible; Amazonbot/0.1; +https://developer.amazon.com/support/amazonbot) Chrome/119.0.6045.214 Safari/537.36"
140.111.67.195 - - [27/Aug/2026:06:45:29 +0800] "GET /wp-admin/admin-post.php?action=steps_ad HTTP/1.1" 200 1973 "-" "node-fetch/1.0 (+https://github.com/bitinn/node-fetch)"
2001:288:a201::66:125 - - [27/Aug/2026:06:45:30 +0800] "GET /blog/active.php HTTP/1.1" 301 1026 "-" "-"
2001:288:a201::66:125 - - [27/Aug/2026:06:45:30 +0800] "GET /blog/active.php HTTP/1.1" 404 1084 "-" "-"
216.73.217.64 - - [27/Aug/2026:06:45:31 +0800] "GET /9536/?p=55543 HTTP/1.1" 301 5786 "-" "Mozilla/5.0 AppleWebKit/537.36 (KHTML, like Gecko; compatible; ClaudeBot/1.0; +claudebot@anthropic.com)"
216.73.217.64 - - [27/Aug/2026:06:45:31 +0800] "GET /9536/2009/09/25/%e7%a4%be%e5%8d%80%e6%97%a5%e6%9b%86-%e5%8d%97%e5%bc%b7%e7%a4%be%e5%8d%80-%e5%a4%a7%e9%bc%93%e9%99%a3/ HTTP/1.1" 200 9758 "https://2blog.ilc.edu.tw/9536/?p=55543" "Mozilla/5.0 AppleWebKit/537.36 (KHTML, like Gecko; compatible; ClaudeBot/1.0; +claudebot@anthropic.com)"
35.174.253.85 - - [27/Aug/2026:06:45:32 +0800] "GET /wp-content/uploads/sites/3196/2023/10/?C=N;O%3DA HTTP/1.1" 200 1113 "-" "Mozilla/5.0 AppleWebKit/537.36 (KHTML, like Gecko; compatible; Amazonbot/0.1; +https://developer.amazon.com/support/amazonbot) Chrome/119.0.6045.214 Safari/537.36"
140.111.67.10 - - [27/Aug/2026:06:45:32 +0800] "GET /" 301 273 "-" "-"
::1 - - [27/Aug/2026:06:45:32 +0800] "OPTIONS * HTTP/1.0" 200 110 "-" "Apache/2.4.68 (Ubuntu) OpenSSL/3.0.19 (internal dummy connection)"
67.201.39.14 - - [27/Aug/2026:06:45:33 +0800] "GET /wp-login.php?action=ilc_logout&_wpnonce=020ea612b9&redirect_to=https://plaqueta.blogspot.com/2008/02/ayer-me-pidieron-mi-credencial-de.html HTTP/1.1" 302 8340 "https://www.ilc.edu.tw/" "Mozilla/5.0 (X11; Linux x86_64) AppleWebKit/537.36 (KHTML, like Gecko) Chrome/145.0.0.0 Safari/537.36"
34.171.68.95 - - [27/Aug/2026:06:45:33 +0800] "GET /6422/wp-json/wp/v2/posts/3043 HTTP/1.1" 200 8912 "-" "Mozilla/5.0 (Macintosh; Intel Mac OS X 10_15_7) AppleWebKit/537.36 (KHTML, like Gecko) Chrome/120.0.0.0 Safari/537.36"
34.10.180.98 - - [27/Aug/2026:06:45:34 +0800] "GET /6554/wp-json/wp/v2/posts/16251 HTTP/1.1" 200 9152 "-" "Mozilla/5.0 (Macintosh; Intel Mac OS X 10_15_7) AppleWebKit/537.36 (KHTML, like Gecko) Chrome/120.0.0.0 Safari/537.36"
34.30.223.149 - - [27/Aug/2026:06:45:35 +0800] "GET /32745/2021/04/03/%E5%8D%8A%E6%9A%9D%E9%85%92/ HTTP/1.1" 200 91860 "-" "Mozilla/5.0 (Macintosh; Intel Mac OS X 10_15_7) AppleWebKit/537.36 (KHTML, like Gecko) Chrome/120.0.0.0 Safari/537.36"
2001:288:a201::66:125 - - [27/Aug/2026:06:45:35 +0800] "GET /blog/active.php HTTP/1.1" 404 1084 "-" "-"
2001:288:a201::66:125 - - [27/Aug/2026:06:45:35 +0800] "GET /blog/active.php HTTP/1.1" 301 1026 "-" "-"
185.191.171.4 - - [27/Aug/2026:06:45:36 +0800] "GET /26150/2014/07/07/ HTTP/1.1" 200 21183 "-" "Mozilla/5.0 (compatible; SemrushBot/7~bl; +http://www.semrush.com/bot.html)"
140.111.67.10 - - [27/Aug/2026:06:45:37 +0800] "GET /" 301 273 "-" "-"
34.10.180.98 - - [27/Aug/2026:06:45:37 +0800] "GET /32745/wp-json/oembed/1.0/embed?format=xml&url=https://2blog.ilc.edu.tw/32745/2021/10/11/%25e5%258f%25ab%25e6%2588%2591%25e5%25a5%25b3%25e7%258e%258b/ HTTP/1.1" 200 7236 "-" "Mozilla/5.0 (Macintosh; Intel Mac OS X 10_15_7) AppleWebKit/537.36 (KHTML, like Gecko) Chrome/120.0.0.0 Safari/537.36"
34.171.68.95 - - [27/Aug/2026:06:45:38 +0800] "GET /32745/wp-json/oembed/1.0/embed?url=https://2blog.ilc.edu.tw/32745/2021/10/11/%25e8%2590%25ac%25e9%2587%258c%25e6%25b5%25b7%25e9%2582%258a/ HTTP/1.1" 200 8437 "-" "Mozilla/5.0 (Macintosh; Intel Mac OS X 10_15_7) AppleWebKit/537.36 (KHTML, like Gecko) Chrome/120.0.0.0 Safari/537.36"
85.208.96.203 - - [27/Aug/2026:06:45:38 +0800] "GET /blog/blog/25793/post/73149/508018 HTTP/1.1" 404 25426 "-" "Mozilla/5.0 (compatible; SemrushBot/7~bl; +http://www.semrush.com/bot.html)"
66.249.79.138 - - [27/Aug/2026:06:45:37 +0800] "GET /wp-login.php?action=ilc_logout&_wpnonce=43754d0aad&redirect_to=http://eacsigma.ru/join/80563/ HTTP/1.1" 302 8244 "-" "Mozilla/5.0 (Linux; Android 6.0.1; Nexus 5X Build/MMB29P) AppleWebKit/537.36 (KHTML, like Gecko) Chrome/151.0.7922.173 Mobile Safari/537.36 (compatible; GoogleOther)"
140.111.67.195 - - [27/Aug/2026:06:45:39 +0800] "GET /wp-admin/admin-post.php?action=steps_ad HTTP/1.1" 200 1973 "-" "node-fetch/1.0 (+https://github.com/bitinn/node-fetch)"
34.42.229.145 - - [27/Aug/2026:06:45:40 +0800] "GET /3860/wp-json/wp/v2/posts/13299 HTTP/1.1" 200 83723 "-" "Mozilla/5.0 (Macintosh; Intel Mac OS X 10_15_7) AppleWebKit/537.36 (KHTML, like Gecko) Chrome/120.0.0.0 Safari/537.36"
2001:288:a201::66:125 - - [27/Aug/2026:06:45:40 +0800] "GET /blog/active.php HTTP/1.1" 301 1026 "-" "-"
2001:288:a201::66:125 - - [27/Aug/2026:06:45:40 +0800] "GET /blog/active.php HTTP/1.1" 404 1084 "-" "-"
66.249.79.138 - - [27/Aug/2026:06:45:39 +0800] "GET /wp-login.php?action=ilc_logout&_wpnonce=43754d0aad&redirect_to=//neljandmurring.gq/113wwwjwesilcedutwZQB651 HTTP/1.1" 302 3473 "-" "Mozilla/5.0 (Linux; Android 6.0.1; Nexus 5X Build/MMB29P) AppleWebKit/537.36 (KHTML, like Gecko) Chrome/151.0.7922.173 Mobile Safari/537.36 (compatible; Googlebot/2.1; +http://www.google.com/bot.html)"
49.158.150.43 - - [27/Aug/2026:06:45:40 +0800] "GET /wp-content/uploads/sites/1155/2024/02/Image-003.png HTTP/1.1" 200 15917 "https://www.lmes.ilc.edu.tw/" "Mozilla/5.0 (iPhone; CPU iPhone OS 26_6_0 like Mac OS X) AppleWebKit/605.1.15 (KHTML, like Gecko) GSA/435.4.965413651 Mobile/15E148 Safari/604.1"
49.158.150.43 - - [27/Aug/2026:06:45:40 +0800] "GET /wp-content/uploads/sites/1155/2022/03/13.jpg HTTP/1.1" 200 14818 "https://www.lmes.ilc.edu.tw/" "Mozilla/5.0 (iPhone; CPU iPhone OS 26_6_0 like Mac OS X) AppleWebKit/605.1.15 (KHTML, like Gecko) GSA/435.4.965413651 Mobile/15E148 Safari/604.1"
49.158.150.43 - - [27/Aug/2026:06:45:40 +0800] "GET /wp-content/uploads/sites/1155/2022/03/12.jpg HTTP/1.1" 200 10925 "https://www.lmes.ilc.edu.tw/" "Mozilla/5.0 (iPhone; CPU iPhone OS 26_6_0 like Mac OS X) AppleWebKit/605.1.15 (KHTML, like Gecko) GSA/435.4.965413651 Mobile/15E148 Safari/604.1"
49.158.150.43 - - [27/Aug/2026:06:45:40 +0800] "GET /wp-content/uploads/sites/1155/2022/03/07.jpg HTTP/1.1" 200 20359 "https://www.lmes.ilc.edu.tw/" "Mozilla/5.0 (iPhone; CPU iPhone OS 26_6_0 like Mac OS X) AppleWebKit/605.1.15 (KHTML, like Gecko) GSA/435.4.965413651 Mobile/15E148 Safari/604.1"
49.158.150.43 - - [27/Aug/2026:06:45:40 +0800] "GET /wp-content/uploads/sites/1155/2022/03/37.jpg HTTP/1.1" 200 11425 "https://www.lmes.ilc.edu.tw/" "Mozilla/5.0 (iPhone; CPU iPhone OS 26_6_0 like Mac OS X) AppleWebKit/605.1.15 (KHTML, like Gecko) GSA/435.4.965413651 Mobile/15E148 Safari/604.1"
49.158.150.43 - - [27/Aug/2026:06:45:40 +0800] "GET /wp-content/uploads/sites/1155/2022/03/adnuvtssfjij.gif HTTP/1.1" 200 15536 "https://www.lmes.ilc.edu.tw/" "Mozilla/5.0 (iPhone; CPU iPhone OS 26_6_0 like Mac OS X) AppleWebKit/605.1.15 (KHTML, like Gecko) GSA/435.4.965413651 Mobile/15E148 Safari/604.1"
49.158.150.43 - - [27/Aug/2026:06:45:40 +0800] "GET /wp-content/uploads/sites/1155/2022/03/green.png HTTP/1.1" 200 23152 "https://www.lmes.ilc.edu.tw/" "Mozilla/5.0 (iPhone; CPU iPhone OS 26_6_0 like Mac OS X) AppleWebKit/605.1.15 (KHTML, like Gecko) GSA/435.4.965413651 Mobile/15E148 Safari/604.1"
49.158.150.43 - - [27/Aug/2026:06:45:40 +0800] "GET /wp-content/uploads/sites/1155/2022/03/36.jpg HTTP/1.1" 200 7888 "https://www.lmes.ilc.edu.tw/" "Mozilla/5.0 (iPhone; CPU iPhone OS 26_6_0 like Mac OS X) AppleWebKit/605.1.15 (KHTML, like Gecko) GSA/435.4.965413651 Mobile/15E148 Safari/604.1"
140.111.67.195 - - [27/Aug/2026:06:45:41 +0800] "GET /wp-admin/admin-post.php?action=steps_ad HTTP/1.1" 200 1649 "-" "node-fetch/1.0 (+https://github.com/bitinn/node-fetch)"
52.203.68.145 - - [27/Aug/2026:06:45:41 +0800] "GET /6569/2014/11/24/103_4-7_%E5%B9%B8%E7%A6%8F%E5%AE%9C%E8%98%AD%E7%92%B0%E4%BF%9D%E6%99%BA%E6%85%A7%E7%8E%8B%E6%88%B0%E7%AB%99%E6%93%82%E5%8F%B0%E8%B3%BD/embed/ HTTP/1.1" 200 12599 "-" "Mozilla/5.0 AppleWebKit/537.36 (KHTML, like Gecko; compatible; Amazonbot/0.1; +https://developer.amazon.com/support/amazonbot) Chrome/119.0.6045.214 Safari/537.36"
140.111.67.10 - - [27/Aug/2026:06:45:42 +0800] "GET /" 301 273 "-" "-"
34.171.68.95 - - [27/Aug/2026:06:45:44 +0800] "GET /112/?p=121 HTTP/1.1" 301 5795 "-" "Mozilla/5.0 (Macintosh; Intel Mac OS X 10_15_7) AppleWebKit/537.36 (KHTML, like Gecko) Chrome/120.0.0.0 Safari/537.36"
::1 - - [27/Aug/2026:06:45:44 +0800] "OPTIONS * HTTP/1.0" 200 110 "-" "Apache/2.4.68 (Ubuntu) OpenSSL/3.0.19 (internal dummy connection)"
34.10.180.98 - - [27/Aug/2026:06:45:45 +0800] "GET /26926/wp-json/wp/v2/posts/70 HTTP/1.1" 200 27529 "-" "Mozilla/5.0 (Macintosh; Intel Mac OS X 10_15_7) AppleWebKit/537.36 (KHTML, like Gecko) Chrome/120.0.0.0 Safari/537.36"
185.191.171.5 - - [27/Aug/2026:06:45:43 +0800] "GET /wp-login.php?_wpnonce=43754d0aad&action=ilc_logout&redirect_to=https%3A%2F%2Fdcmobile.vn%2Flaptop-cu.html HTTP/1.1" 302 8211 "-" "Mozilla/5.0 (compatible; SemrushBot/7~bl; +http://www.semrush.com/bot.html)"
2001:288:a201::66:125 - - [27/Aug/2026:06:45:45 +0800] "GET /blog/active.php HTTP/1.1" 404 1084 "-" "-"
2001:288:a201::66:125 - - [27/Aug/2026:06:45:45 +0800] "GET /blog/active.php HTTP/1.1" 301 1026 "-" "-"
::1 - - [27/Aug/2026:06:45:45 +0800] "OPTIONS * HTTP/1.0" 200 110 "-" "Apache/2.4.68 (Ubuntu) OpenSSL/3.0.19 (internal dummy connection)"
2407:4b00:4c04:8339:a113:e564:4f4e:b5be - - [27/Aug/2026:06:45:46 +0800] "GET / HTTP/1.1" 200 20252 "https://www.google.com/" "Mozilla/5.0 (iPhone; CPU iPhone OS 26_6_0 like Mac OS X) AppleWebKit/605.1.15 (KHTML, like Gecko) CriOS/151.0.7922.112 Mobile/15E148 Safari/604.1"
140.111.67.10 - - [27/Aug/2026:06:45:47 +0800] "GET /" 301 273 "-" "-"
34.10.180.98 - - [27/Aug/2026:06:45:47 +0800] "GET /wp-content/uploads/sites/1493/868/868-3421764.sb2 HTTP/1.1" 500 6077 "-" "Mozilla/5.0 (Macintosh; Intel Mac OS X 10_15_7) AppleWebKit/537.36 (KHTML, like Gecko) Chrome/120.0.0.0 Safari/537.36"
35.173.38.202 - - [27/Aug/2026:06:45:48 +0800] "GET /wp-content/uploads/sites/2353/2023/06/?C=D;O%3DD HTTP/1.1" 200 1113 "-" "Mozilla/5.0 AppleWebKit/537.36 (KHTML, like Gecko; compatible; Amazonbot/0.1; +https://developer.amazon.com/support/amazonbot) Chrome/119.0.6045.214 Safari/537.36"
44.221.180.179 - - [27/Aug/2026:06:45:45 +0800] "GET /26150/wp-json/wp/v2/posts/3304/revisions HTTP/1.1" 401 6198 "-" "Mozilla/5.0 AppleWebKit/537.36 (KHTML, like Gecko; compatible; Amazonbot/0.1; +https://developer.amazon.com/support/amazonbot) Chrome/119.0.6045.214 Safari/537.36"
2001:288:a201::67:81 - - [27/Aug/2026:06:45:47 +0800] "POST /26150/wp-json/wp/v2/posts/3304/revisions?fsm_edd_37394=7aabb44607007bab111616b25dae2965 HTTP/1.1" 404 6088 "-" "WordPress/6.6.7; https://2blog.ilc.edu.tw/26150"
66.249.79.138 - - [27/Aug/2026:06:45:48 +0800] "GET /wp-login.php?action=ilc_logout&_wpnonce=43754d0aad&redirect_to=http://npatterns.ru/gallery/36258/ HTTP/1.1" 302 8248 "-" "Mozilla/5.0 (Linux; Android 6.0.1; Nexus 5X Build/MMB29P) AppleWebKit/537.36 (KHTML, like Gecko) Chrome/151.0.7922.173 Mobile Safari/537.36 (compatible; GoogleOther)"
2001:288:a201::66:125 - - [27/Aug/2026:06:45:50 +0800] "GET /blog/active.php HTTP/1.1" 404 1084 "-" "-"
2001:288:a201::66:125 - - [27/Aug/2026:06:45:50 +0800] "GET /blog/active.php HTTP/1.1" 301 1026 "-" "-"
34.57.162.91 - - [27/Aug/2026:06:45:51 +0800] "GET /6426/2017/11/16/106_4-7-1_%E7%92%B0%E4%BF%9D%E6%9B%B8%E7%B1%A4/title=%22%E6%95%99%E5%AD%B8%E8%88%87%E5%AE%A3%E5%B0%8E%E6%B4%BB%E5%8B%95 HTTP/1.1" 404 33144 "-" "Mozilla/5.0 (Macintosh; Intel Mac OS X 10_15_7) AppleWebKit/537.36 (KHTML, like Gecko) Chrome/120.0.0.0 Safari/537.36"
34.171.68.95 - - [27/Aug/2026:06:45:51 +0800] "GET /6440/wp-json/wp/v2/posts/23294 HTTP/1.1" 200 8764 "-" "Mozilla/5.0 (Macintosh; Intel Mac OS X 10_15_7) AppleWebKit/537.36 (KHTML, like Gecko) Chrome/120.0.0.0 Safari/537.36"
98.84.184.80 - - [27/Aug/2026:06:45:51 +0800] "GET /32745/wp-content/uploads/sites/1271/2023/01/1-421-480x245.jpeg HTTP/1.1" 200 17250 "-" "Mozilla/5.0 AppleWebKit/537.36 (KHTML, like Gecko; compatible; Amazonbot/0.1; +https://developer.amazon.com/support/amazonbot) Chrome/119.0.6045.214 Safari/537.36"
34.10.180.98 - - [27/Aug/2026:06:45:51 +0800] "GET /32745/?p=63941 HTTP/1.1" 301 5731 "-" "Mozilla/5.0 (Macintosh; Intel Mac OS X 10_15_7) AppleWebKit/537.36 (KHTML, like Gecko) Chrome/120.0.0.0 Safari/537.36"
52.203.152.231 - - [27/Aug/2026:06:45:52 +0800] "GET /wp-content/uploads/sites/3572/2023/04/?C=S;O%3DA HTTP/1.1" 200 1113 "-" "Mozilla/5.0 AppleWebKit/537.36 (KHTML, like Gecko; compatible; Amazonbot/0.1; +https://developer.amazon.com/support/amazonbot) Chrome/119.0.6045.214 Safari/537.36"
52.167.144.220 - - [27/Aug/2026:06:45:50 +0800] "GET /26150/2016/03/16/105%E5%B9%B4%E5%BA%A6%E7%AC%AC11%E6%AC%A1%E5%B9%B8%E7%A6%8F%E5%AE%B6%E5%BA%AD%E7%A9%BA%E4%B8%AD%E8%AC%9B%E5%A0%82-%E8%AB%87%E5%80%8B%E4%BA%BA%E7%90%86%E8%B2%A1/ HTTP/1.1" 200 22856 "-" "Mozilla/5.0 AppleWebKit/537.36 (KHTML, like Gecko; compatible; bingbot/2.0; +http://www.bing.com/bingbot.htm) Chrome/116.0.1938.76 Safari/537.36"
140.111.67.10 - - [27/Aug/2026:06:45:52 +0800] "GET /" 301 273 "-" "-"
185.191.171.14 - - [27/Aug/2026:06:45:52 +0800] "GET /blog/blog/3860/post/24823/125165 HTTP/1.1" 404 25426 "-" "Mozilla/5.0 (compatible; SemrushBot/7~bl; +http://www.semrush.com/bot.html)"
2408:8245:3f00:175f:fca2:6eff:fec9:65a6 - - [27/Aug/2026:06:45:52 +0800] "GET /wp-content/cache/www.najh.ilc.edu.tw/wpfc-minified/4ybahoo/6wh9.css HTTP/1.1" 200 20584 "https://www.najh.ilc.edu.tw/2019/11/15/%E5%9C%8B%E7%AB%8B%E8%87%BA%E5%8C%97%E6%95%99%E8%82%B2%E5%A4%A7%E5%AD%B8%E6%8E%A8%E5%BB%A3%E6%95%99%E8%82%B2%E4%B8%AD%E5%BF%83%E8%BE%A6%E7%90%86%E3%80%8C2020%E5%86%AC%E4%BB%A4%E7%87%9F%E3%80%8D/" "Mozilla/5.0 (Windows NT 10.0; Win64; x64) AppleWebKit/537.36 (KHTML, like Gecko) Chrome/144.0.0.0 Safari/537.36"
2408:8245:3f00:175f:fca2:6eff:fec9:65a6 - - [27/Aug/2026:06:45:52 +0800] "GET /wp-content/cache/www.najh.ilc.edu.tw/wpfc-minified/kz7ju7r3/6wh9.css HTTP/1.1" 200 5959 "https://www.najh.ilc.edu.tw/2019/11/15/%E5%9C%8B%E7%AB%8B%E8%87%BA%E5%8C%97%E6%95%99%E8%82%B2%E5%A4%A7%E5%AD%B8%E6%8E%A8%E5%BB%A3%E6%95%99%E8%82%B2%E4%B8%AD%E5%BF%83%E8%BE%A6%E7%90%86%E3%80%8C2020%E5%86%AC%E4%BB%A4%E7%87%9F%E3%80%8D/" "Mozilla/5.0 (Windows NT 10.0; Win64; x64) AppleWebKit/537.36 (KHTML, like Gecko) Chrome/144.0.0.0 Safari/537.36"
140.111.67.195 - - [27/Aug/2026:06:45:52 +0800] "GET /wp-admin/admin-post.php?action=steps_ad HTTP/1.1" 200 1973 "-" "node-fetch/1.0 (+https://github.com/bitinn/node-fetch)"
2408:8245:3f00:175f:fca2:6eff:fec9:65a6 - - [27/Aug/2026:06:45:52 +0800] "GET /wp-content/cache/www.najh.ilc.edu.tw/wpfc-minified/k0kc5650/6wh9.js HTTP/1.1" 200 40360 "https://www.najh.ilc.edu.tw/2019/11/15/%E5%9C%8B%E7%AB%8B%E8%87%BA%E5%8C%97%E6%95%99%E8%82%B2%E5%A4%A7%E5%AD%B8%E6%8E%A8%E5%BB%A3%E6%95%99%E8%82%B2%E4%B8%AD%E5%BF%83%E8%BE%A6%E7%90%86%E3%80%8C2020%E5%86%AC%E4%BB%A4%E7%87%9F%E3%80%8D/" "Mozilla/5.0 (Windows NT 10.0; Win64; x64) AppleWebKit/537.36 (KHTML, like Gecko) Chrome/144.0.0.0 Safari/537.36"
2408:8245:3f00:175f:fca2:6eff:fec9:65a6 - - [27/Aug/2026:06:45:52 +0800] "GET /wp-content/cache/www.najh.ilc.edu.tw/wpfc-minified/kcxb236g/6wh9.css HTTP/1.1" 200 66147 "https://www.najh.ilc.edu.tw/2019/11/15/%E5%9C%8B%E7%AB%8B%E8%87%BA%E5%8C%97%E6%95%99%E8%82%B2%E5%A4%A7%E5%AD%B8%E6%8E%A8%E5%BB%A3%E6%95%99%E8%82%B2%E4%B8%AD%E5%BF%83%E8%BE%A6%E7%90%86%E3%80%8C2020%E5%86%AC%E4%BB%A4%E7%87%9F%E3%80%8D/" "Mozilla/5.0 (Windows NT 10.0; Win64; x64) AppleWebKit/537.36 (KHTML, like Gecko) Chrome/144.0.0.0 Safari/537.36"
2408:8245:3f00:175f:fca2:6eff:fec9:65a6 - - [27/Aug/2026:06:45:52 +0800] "GET /wp-content/cache/www.najh.ilc.edu.tw/wpfc-minified/2b17nkg1/6wh9.js HTTP/1.1" 200 6441 "https://www.najh.ilc.edu.tw/2019/11/15/%E5%9C%8B%E7%AB%8B%E8%87%BA%E5%8C%97%E6%95%99%E8%82%B2%E5%A4%A7%E5%AD%B8%E6%8E%A8%E5%BB%A3%E6%95%99%E8%82%B2%E4%B8%AD%E5%BF%83%E8%BE%A6%E7%90%86%E3%80%8C2020%E5%86%AC%E4%BB%A4%E7%87%9F%E3%80%8D/" "Mozilla/5.0 (Windows NT 10.0; Win64; x64) AppleWebKit/537.36 (KHTML, like Gecko) Chrome/144.0.0.0 Safari/537.36"
2408:8245:3f00:175f:fca2:6eff:fec9:65a6 - - [27/Aug/2026:06:45:53 +0800] "GET /wp-includes/js/hoverintent-js.min.js HTTP/1.1" 200 1597 "https://www.najh.ilc.edu.tw/2019/11/15/%E5%9C%8B%E7%AB%8B%E8%87%BA%E5%8C%97%E6%95%99%E8%82%B2%E5%A4%A7%E5%AD%B8%E6%8E%A8%E5%BB%A3%E6%95%99%E8%82%B2%E4%B8%AD%E5%BF%83%E8%BE%A6%E7%90%86%E3%80%8C2020%E5%86%AC%E4%BB%A4%E7%87%9F%E3%80%8D/" "Mozilla/5.0 (Windows NT 10.0; Win64; x64) AppleWebKit/537.36 (KHTML, like Gecko) Chrome/144.0.0.0 Safari/537.36"
66.249.79.132 - - [27/Aug/2026:06:45:51 +0800] "GET /wp-login.php?action=ilc_logout&_wpnonce=43754d0aad&redirect_to=http://fortuna28.ru/creator/17761/ HTTP/1.1" 302 3441 "-" "Mozilla/5.0 (compatible; Googlebot/2.1; +http://www.google.com/bot.html)"
34.171.68.95 - - [27/Aug/2026:06:45:53 +0800] "GET /6472/2010/10/14/page/1/ HTTP/1.1" 301 5581 "-" "Mozilla/5.0 (Macintosh; Intel Mac OS X 10_15_7) AppleWebKit/537.36 (KHTML, like Gecko) Chrome/120.0.0.0 Safari/537.36"
2408:8245:3f00:175f:fca2:6eff:fec9:65a6 - - [27/Aug/2026:06:45:53 +0800] "GET /wp-content/themes/oceanwp/assets/js/theme.min.js HTTP/1.1" 200 5130 "https://www.najh.ilc.edu.tw/2019/11/15/%E5%9C%8B%E7%AB%8B%E8%87%BA%E5%8C%97%E6%95%99%E8%82%B2%E5%A4%A7%E5%AD%B8%E6%8E%A8%E5%BB%A3%E6%95%99%E8%82%B2%E4%B8%AD%E5%BF%83%E8%BE%A6%E7%90%86%E3%80%8C2020%E5%86%AC%E4%BB%A4%E7%87%9F%E3%80%8D/" "Mozilla/5.0 (Windows NT 10.0; Win64; x64) AppleWebKit/537.36 (KHTML, like Gecko) Chrome/144.0.0.0 Safari/537.36"
140.111.67.195 - - [27/Aug/2026:06:45:53 +0800] "GET /wp-admin/admin-post.php?action=steps_ad HTTP/1.1" 200 1649 "-" "node-fetch/1.0 (+https://github.com/bitinn/node-fetch)"
2408:8245:3f00:175f:fca2:6eff:fec9:65a6 - - [27/Aug/2026:06:45:53 +0800] "GET /wp-content/themes/oceanwp/assets/js/drop-down-search.min.js HTTP/1.1" 200 2968 "https://www.najh.ilc.edu.tw/2019/11/15/%E5%9C%8B%E7%AB%8B%E8%87%BA%E5%8C%97%E6%95%99%E8%82%B2%E5%A4%A7%E5%AD%B8%E6%8E%A8%E5%BB%A3%E6%95%99%E8%82%B2%E4%B8%AD%E5%BF%83%E8%BE%A6%E7%90%86%E3%80%8C2020%E5%86%AC%E4%BB%A4%E7%87%9F%E3%80%8D/" "Mozilla/5.0 (Windows NT 10.0; Win64; x64) AppleWebKit/537.36 (KHTML, like Gecko) Chrome/144.0.0.0 Safari/537.36"
2408:8245:3f00:175f:fca2:6eff:fec9:65a6 - - [27/Aug/2026:06:45:53 +0800] "GET /wp-content/themes/oceanwp/assets/js/drop-down-mobile-menu.min.js HTTP/1.1" 200 4663 "https://www.najh.ilc.edu.tw/2019/11/15/%E5%9C%8B%E7%AB%8B%E8%87%BA%E5%8C%97%E6%95%99%E8%82%B2%E5%A4%A7%E5%AD%B8%E6%8E%A8%E5%BB%A3%E6%95%99%E8%82%B2%E4%B8%AD%E5%BF%83%E8%BE%A6%E7%90%86%E3%80%8C2020%E5%86%AC%E4%BB%A4%E7%87%9F%E3%80%8D/" "Mozilla/5.0 (Windows NT 10.0; Win64; x64) AppleWebKit/537.36 (KHTML, like Gecko) Chrome/144.0.0.0 Safari/537.36"
2408:8245:3f00:175f:fca2:6eff:fec9:65a6 - - [27/Aug/2026:06:45:53 +0800] "GET /wp-content/themes/oceanwp/assets/js/vendors/magnific-popup.min.js HTTP/1.1" 200 8270 "https://www.najh.ilc.edu.tw/2019/11/15/%E5%9C%8B%E7%AB%8B%E8%87%BA%E5%8C%97%E6%95%99%E8%82%B2%E5%A4%A7%E5%AD%B8%E6%8E%A8%E5%BB%A3%E6%95%99%E8%82%B2%E4%B8%AD%E5%BF%83%E8%BE%A6%E7%90%86%E3%80%8C2020%E5%86%AC%E4%BB%A4%E7%87%9F%E3%80%8D/" "Mozilla/5.0 (Windows NT 10.0; Win64; x64) AppleWebKit/537.36 (KHTML, like Gecko) Chrome/144.0.0.0 Safari/537.36"
2408:8245:3f00:175f:fca2:6eff:fec9:65a6 - - [27/Aug/2026:06:45:53 +0800] "POST /wp-json/ilc-summary/v1/popular-posts HTTP/1.1" 201 1269 "https://www.najh.ilc.edu.tw/2019/11/15/%E5%9C%8B%E7%AB%8B%E8%87%BA%E5%8C%97%E6%95%99%E8%82%B2%E5%A4%A7%E5%AD%B8%E6%8E%A8%E5%BB%A3%E6%95%99%E8%82%B2%E4%B8%AD%E5%BF%83%E8%BE%A6%E7%90%86%E3%80%8C2020%E5%86%AC%E4%BB%A4%E7%87%9F%E3%80%8D/" "Mozilla/5.0 (Windows NT 10.0; Win64; x64) AppleWebKit/537.36 (KHTML, like Gecko) Chrome/144.0.0.0 Safari/537.36"
3.221.50.71 - - [27/Aug/2026:06:45:53 +0800] "GET /32745/2022/11/14/%E6%9D%91%E9%95%B7%E4%BC%AF/ HTTP/1.1" 200 91865 "-" "Mozilla/5.0 AppleWebKit/537.36 (KHTML, like Gecko; compatible; Amazonbot/0.1; +https://developer.amazon.com/support/amazonbot) Chrome/119.0.6045.214 Safari/537.36"
2408:8245:3f00:175f:fca2:6eff:fec9:65a6 - - [27/Aug/2026:06:45:54 +0800] "GET /wp-content/themes/oceanwp/assets/fonts/simple-line-icons/Simple-Line-Icons.woff2?v=2.4.0 HTTP/1.1" 200 30959 "https://www.najh.ilc.edu.tw/wp-content/cache/www.najh.ilc.edu.tw/wpfc-minified/kcxb236g/6wh9.css" "Mozilla/5.0 (Windows NT 10.0; Win64; x64) AppleWebKit/537.36 (KHTML, like Gecko) Chrome/144.0.0.0 Safari/537.36"
34.42.229.145 - - [27/Aug/2026:06:45:53 +0800] "GET /32745/wp-json/wp/v2/posts/2968 HTTP/1.1" 200 17407 "-" "Mozilla/5.0 (Macintosh; Intel Mac OS X 10_15_7) AppleWebKit/537.36 (KHTML, like Gecko) Chrome/120.0.0.0 Safari/537.36"
2408:8245:3f00:175f:fca2:6eff:fec9:65a6 - - [27/Aug/2026:06:45:54 +0800] "GET /wp-content/themes/oceanwp/assets/fonts/fontawesome/webfonts/fa-regular-400.woff2 HTTP/1.1" 200 25383 "https://www.najh.ilc.edu.tw/wp-content/cache/www.najh.ilc.edu.tw/wpfc-minified/kcxb236g/6wh9.css" "Mozilla/5.0 (Windows NT 10.0; Win64; x64) AppleWebKit/537.36 (KHTML, like Gecko) Chrome/144.0.0.0 Safari/537.36"
2408:8245:3f00:175f:fca2:6eff:fec9:65a6 - - [27/Aug/2026:06:45:54 +0800] "GET /wp-content/themes/oceanwp/assets/js/ow-lightbox.min.js HTTP/1.1" 200 2321 "https://www.najh.ilc.edu.tw/2019/11/15/%E5%9C%8B%E7%AB%8B%E8%87%BA%E5%8C%97%E6%95%99%E8%82%B2%E5%A4%A7%E5%AD%B8%E6%8E%A8%E5%BB%A3%E6%95%99%E8%82%B2%E4%B8%AD%E5%BF%83%E8%BE%A6%E7%90%86%E3%80%8C2020%E5%86%AC%E4%BB%A4%E7%87%9F%E3%80%8D/" "Mozilla/5.0 (Windows NT 10.0; Win64; x64) AppleWebKit/537.36 (KHTML, like Gecko) Chrome/144.0.0.0 Safari/537.36"
2408:8245:3f00:175f:fca2:6eff:fec9:65a6 - - [27/Aug/2026:06:45:54 +0800] "GET /wp-content/themes/oceanwp/assets/js/vendors/flickity.pkgd.min.js HTTP/1.1" 200 15048 "https://www.najh.ilc.edu.tw/2019/11/15/%E5%9C%8B%E7%AB%8B%E8%87%BA%E5%8C%97%E6%95%99%E8%82%B2%E5%A4%A7%E5%AD%B8%E6%8E%A8%E5%BB%A3%E6%95%99%E8%82%B2%E4%B8%AD%E5%BF%83%E8%BE%A6%E7%90%86%E3%80%8C2020%E5%86%AC%E4%BB%A4%E7%87%9F%E3%80%8D/" "Mozilla/5.0 (Windows NT 10.0; Win64; x64) AppleWebKit/537.36 (KHTML, like Gecko) Chrome/144.0.0.0 Safari/537.36"
2408:8245:3f00:175f:fca2:6eff:fec9:65a6 - - [27/Aug/2026:06:45:54 +0800] "GET /wp-content/themes/oceanwp/assets/js/ow-slider.min.js HTTP/1.1" 200 1761 "https://www.najh.ilc.edu.tw/2019/11/15/%E5%9C%8B%E7%AB%8B%E8%87%BA%E5%8C%97%E6%95%99%E8%82%B2%E5%A4%A7%E5%AD%B8%E6%8E%A8%E5%BB%A3%E6%95%99%E8%82%B2%E4%B8%AD%E5%BF%83%E8%BE%A6%E7%90%86%E3%80%8C2020%E5%86%AC%E4%BB%A4%E7%87%9F%E3%80%8D/" "Mozilla/5.0 (Windows NT 10.0; Win64; x64) AppleWebKit/537.36 (KHTML, like Gecko) Chrome/144.0.0.0 Safari/537.36"
2408:8245:3f00:175f:fca2:6eff:fec9:65a6 - - [27/Aug/2026:06:45:54 +0800] "GET /wp-content/themes/oceanwp/assets/js/scroll-effect.min.js HTTP/1.1" 200 4127 "https://www.najh.ilc.edu.tw/2019/11/15/%E5%9C%8B%E7%AB%8B%E8%87%BA%E5%8C%97%E6%95%99%E8%82%B2%E5%A4%A7%E5%AD%B8%E6%8E%A8%E5%BB%A3%E6%95%99%E8%82%B2%E4%B8%AD%E5%BF%83%E8%BE%A6%E7%90%86%E3%80%8C2020%E5%86%AC%E4%BB%A4%E7%87%9F%E3%80%8D/" "Mozilla/5.0 (Windows NT 10.0; Win64; x64) AppleWebKit/537.36 (KHTML, like Gecko) Chrome/144.0.0.0 Safari/537.36"
2408:8245:3f00:175f:fca2:6eff:fec9:65a6 - - [27/Aug/2026:06:45:54 +0800] "GET /wp-content/themes/oceanwp/assets/js/scroll-top.min.js HTTP/1.1" 200 3202 "https://www.najh.ilc.edu.tw/2019/11/15/%E5%9C%8B%E7%AB%8B%E8%87%BA%E5%8C%97%E6%95%99%E8%82%B2%E5%A4%A7%E5%AD%B8%E6%8E%A8%E5%BB%A3%E6%95%99%E8%82%B2%E4%B8%AD%E5%BF%83%E8%BE%A6%E7%90%86%E3%80%8C2020%E5%86%AC%E4%BB%A4%E7%87%9F%E3%80%8D/" "Mozilla/5.0 (Windows NT 10.0; Win64; x64) AppleWebKit/537.36 (KHTML, like Gecko) Chrome/144.0.0.0 Safari/537.36"
2408:8245:3f00:175f:fca2:6eff:fec9:65a6 - - [27/Aug/2026:06:45:54 +0800] "GET /wp-content/themes/oceanwp/assets/js/select.min.js HTTP/1.1" 200 2408 "https://www.najh.ilc.edu.tw/2019/11/15/%E5%9C%8B%E7%AB%8B%E8%87%BA%E5%8C%97%E6%95%99%E8%82%B2%E5%A4%A7%E5%AD%B8%E6%8E%A8%E5%BB%A3%E6%95%99%E8%82%B2%E4%B8%AD%E5%BF%83%E8%BE%A6%E7%90%86%E3%80%8C2020%E5%86%AC%E4%BB%A4%E7%87%9F%E3%80%8D/" "Mozilla/5.0 (Windows NT 10.0; Win64; x64) AppleWebKit/537.36 (KHTML, like Gecko) Chrome/144.0.0.0 Safari/537.36"
2408:8245:3f00:175f:fca2:6eff:fec9:65a6 - - [27/Aug/2026:06:45:54 +0800] "GET /wp-content/plugins/ocean-extra/includes/widgets/js/flickr.min.js HTTP/1.1" 200 1319 "https://www.najh.ilc.edu.tw/2019/11/15/%E5%9C%8B%E7%AB%8B%E8%87%BA%E5%8C%97%E6%95%99%E8%82%B2%E5%A4%A7%E5%AD%B8%E6%8E%A8%E5%BB%A3%E6%95%99%E8%82%B2%E4%B8%AD%E5%BF%83%E8%BE%A6%E7%90%86%E3%80%8C2020%E5%86%AC%E4%BB%A4%E7%87%9F%E3%80%8D/" "Mozilla/5.0 (Windows NT 10.0; Win64; x64) AppleWebKit/537.36 (KHTML, like Gecko) Chrome/144.0.0.0 Safari/537.36"
2408:8245:3f00:175f:fca2:6eff:fec9:65a6 - - [27/Aug/2026:06:45:54 +0800] "GET /wp-includes/js/mediaelement/mediaelement-and-player.min.js HTTP/1.1" 200 39802 "https://www.najh.ilc.edu.tw/2019/11/15/%E5%9C%8B%E7%AB%8B%E8%87%BA%E5%8C%97%E6%95%99%E8%82%B2%E5%A4%A7%E5%AD%B8%E6%8E%A8%E5%BB%A3%E6%95%99%E8%82%B2%E4%B8%AD%E5%BF%83%E8%BE%A6%E7%90%86%E3%80%8C2020%E5%86%AC%E4%BB%A4%E7%87%9F%E3%80%8D/" "Mozilla/5.0 (Windows NT 10.0; Win64; x64) AppleWebKit/537.36 (KHTML, like Gecko) Chrome/144.0.0.0 Safari/537.36"
2408:8245:3f00:175f:fca2:6eff:fec9:65a6 - - [27/Aug/2026:06:45:54 +0800] "GET /wp-includes/js/mediaelement/wp-mediaelement.min.js HTTP/1.1" 200 1417 "https://www.najh.ilc.edu.tw/2019/11/15/%E5%9C%8B%E7%AB%8B%E8%87%BA%E5%8C%97%E6%95%99%E8%82%B2%E5%A4%A7%E5%AD%B8%E6%8E%A8%E5%BB%A3%E6%95%99%E8%82%B2%E4%B8%AD%E5%BF%83%E8%BE%A6%E7%90%86%E3%80%8C2020%E5%86%AC%E4%BB%A4%E7%87%9F%E3%80%8D/" "Mozilla/5.0 (Windows NT 10.0; Win64; x64) AppleWebKit/537.36 (KHTML, like Gecko) Chrome/144.0.0.0 Safari/537.36"
2408:8245:3f00:175f:fca2:6eff:fec9:65a6 - - [27/Aug/2026:06:45:54 +0800] "GET /wp-includes/js/mediaelement/renderers/vimeo.min.js HTTP/1.1" 200 3164 "https://www.najh.ilc.edu.tw/2019/11/15/%E5%9C%8B%E7%AB%8B%E8%87%BA%E5%8C%97%E6%95%99%E8%82%B2%E5%A4%A7%E5%AD%B8%E6%8E%A8%E5%BB%A3%E6%95%99%E8%82%B2%E4%B8%AD%E5%BF%83%E8%BE%A6%E7%90%86%E3%80%8C2020%E5%86%AC%E4%BB%A4%E7%87%9F%E3%80%8D/" "Mozilla/5.0 (Windows NT 10.0; Win64; x64) AppleWebKit/537.36 (KHTML, like Gecko) Chrome/144.0.0.0 Safari/537.36"
2001:288:a201::66:125 - - [27/Aug/2026:06:45:55 +0800] "GET /blog/active.php HTTP/1.1" 404 1084 "-" "-"
2001:288:a201::66:125 - - [27/Aug/2026:06:45:55 +0800] "GET /blog/active.php HTTP/1.1" 301 1026 "-" "-"
34.171.68.95 - - [27/Aug/2026:06:45:55 +0800] "GET /32745/wp-json/oembed/1.0/embed?url=https://2blog.ilc.edu.tw/32745/2023/01/27/%25e7%2599%25bd%25e8%25b2%25bb%25e5%25bf%2583%25e6%25a9%259f/ HTTP/1.1" 200 8428 "-" "Mozilla/5.0 (Macintosh; Intel Mac OS X 10_15_7) AppleWebKit/537.36 (KHTML, like Gecko) Chrome/120.0.0.0 Safari/537.36"
18.232.12.157 - - [27/Aug/2026:06:45:56 +0800] "GET /wp-content/uploads/sites/3211/2021/07/?C=D;O%3DD HTTP/1.1" 200 1114 "-" "Mozilla/5.0 AppleWebKit/537.36 (KHTML, like Gecko; compatible; Amazonbot/0.1; +https://developer.amazon.com/support/amazonbot) Chrome/119.0.6045.214 Safari/537.36"
34.123.149.87 - - [27/Aug/2026:06:45:56 +0800] "GET /6509/2015/10/15/%E6%9C%AC%E6%A0%A1%E6%A6%AE%E7%8D%B2%E7%AC%AC%E5%9B%9B%E5%B1%86%E7%92%B0%E5%A2%83%E6%95%99%E8%82%B2%E5%84%AA%E7%AD%89%E7%8D%8E/ HTTP/1.1" 200 16307 "-" "Mozilla/5.0 (Macintosh; Intel Mac OS X 10_15_7) AppleWebKit/537.36 (KHTML, like Gecko) Chrome/120.0.0.0 Safari/537.36"
40.77.167.1 - - [27/Aug/2026:06:45:56 +0800] "GET /Board/document/IS-%C3%A5%E2%80%A6%C2%AC%C3%A6%E2%80%93%E2%80%A1.pdf HTTP/1.1" 404 85748 "-" "Mozilla/5.0 AppleWebKit/537.36 (KHTML, like Gecko; compatible; bingbot/2.0; +http://www.bing.com/bingbot.htm) Chrome/116.0.1938.76 Safari/537.36"
140.111.67.10 - - [27/Aug/2026:06:45:57 +0800] "GET /" 301 273 "-" "-"
34.171.68.95 - - [27/Aug/2026:06:45:57 +0800] "GET /6441/?p=4441 HTTP/1.1" 301 5762 "-" "Mozilla/5.0 (Macintosh; Intel Mac OS X 10_15_7) AppleWebKit/537.36 (KHTML, like Gecko) Chrome/120.0.0.0 Safari/537.36"
66.249.79.138 - - [27/Aug/2026:06:45:56 +0800] "GET /wp-login.php?action=ilc_logout&_wpnonce=43754d0aad&redirect_to=//dlyaokon.ru/job/75955/ HTTP/1.1" 302 8238 "-" "Mozilla/5.0 (compatible; Googlebot/2.1; +http://www.google.com/bot.html)"
85.208.96.211 - - [27/Aug/2026:06:45:57 +0800] "GET /39664/category/%E9%A0%98%E5%AA%92/md/c-17495/ HTTP/1.1" 200 19147 "-" "Mozilla/5.0 (compatible; SemrushBot/7~bl; +http://www.semrush.com/bot.html)"
44.212.232.231 - - [27/Aug/2026:06:45:58 +0800] "GET /526/wp-json/wp/v2/media/6936 HTTP/1.1" 200 13527 "-" "Mozilla/5.0 AppleWebKit/537.36 (KHTML, like Gecko; compatible; Amazonbot/0.1; +https://developer.amazon.com/support/amazonbot) Chrome/119.0.6045.214 Safari/537.36"
34.123.149.87 - - [27/Aug/2026:06:45:59 +0800] "GET /wp-content/uploads/sites/1364/21502/21502-3899064.pdf HTTP/1.1" 200 89098 "-" "Mozilla/5.0 (Macintosh; Intel Mac OS X 10_15_7) AppleWebKit/537.36 (KHTML, like Gecko) Chrome/120.0.0.0 Safari/537.36"
34.123.149.87 - - [27/Aug/2026:06:45:59 +0800] "GET /6545/2012/11/28/ HTTP/1.1" 200 14704 "-" "Mozilla/5.0 (Macintosh; Intel Mac OS X 10_15_7) AppleWebKit/537.36 (KHTML, like Gecko) Chrome/120.0.0.0 Safari/537.36"
::1 - - [27/Aug/2026:06:46:00 +0800] "OPTIONS * HTTP/1.0" 200 110 "-" "Apache/2.4.68 (Ubuntu) OpenSSL/3.0.19 (internal dummy connection)"
2001:288:a201::66:125 - - [27/Aug/2026:06:46:00 +0800] "GET /blog/active.php HTTP/1.1" 404 1084 "-" "-"
2001:288:a201::66:125 - - [27/Aug/2026:06:46:00 +0800] "GET /blog/active.php HTTP/1.1" 301 1026 "-" "-"
::1 - - [27/Aug/2026:06:46:01 +0800] "OPTIONS * HTTP/1.0" 200 110 "-" "Apache/2.4.68 (Ubuntu) OpenSSL/3.0.19 (internal dummy connection)"
34.57.162.91 - - [27/Aug/2026:06:46:00 +0800] "GET /32745/wp-json/wp/v2/posts/32203 HTTP/1.1" 200 22395 "-" "Mozilla/5.0 (Macintosh; Intel Mac OS X 10_15_7) AppleWebKit/537.36 (KHTML, like Gecko) Chrome/120.0.0.0 Safari/537.36"
::1 - - [27/Aug/2026:06:46:02 +0800] "OPTIONS * HTTP/1.0" 200 110 "-" "Apache/2.4.68 (Ubuntu) OpenSSL/3.0.19 (internal dummy connection)"
2001:288:a201::67:81 - - [27/Aug/2026:06:46:02 +0800] "GET / HTTP/1.1" 200 56291 "-" "curl/7.81.0"
140.111.67.10 - - [27/Aug/2026:06:46:02 +0800] "GET /" 301 273 "-" "-"
34.171.68.95 - - [27/Aug/2026:06:46:02 +0800] "GET /6430/wp-json/wp/v2/posts/195 HTTP/1.1" 200 13459 "-" "Mozilla/5.0 (Macintosh; Intel Mac OS X 10_15_7) AppleWebKit/537.36 (KHTML, like Gecko) Chrome/120.0.0.0 Safari/537.36"
66.249.71.7 - - [27/Aug/2026:06:46:00 +0800] "GET /wp-login.php?action=ilc_logout&_wpnonce=43754d0aad&redirect_to=//miscfounkegolnomb.ml/113wwwjwesilcedutwBHu651 HTTP/1.1" 302 8261 "-" "Mozilla/5.0 (Linux; Android 6.0.1; Nexus 5X Build/MMB29P) AppleWebKit/537.36 (KHTML, like Gecko) Chrome/151.0.7922.173 Mobile Safari/537.36 (compatible; Googlebot/2.1; +http://www.google.com/bot.html)"
::1 - - [27/Aug/2026:06:46:03 +0800] "OPTIONS * HTTP/1.0" 200 110 "-" "Apache/2.4.68 (Ubuntu) OpenSSL/3.0.19 (internal dummy connection)"
::1 - - [27/Aug/2026:06:46:04 +0800] "OPTIONS * HTTP/1.0" 200 110 "-" "Apache/2.4.68 (Ubuntu) OpenSSL/3.0.19 (internal dummy connection)"
98.82.39.241 - - [27/Aug/2026:06:46:04 +0800] "GET /32745/wp-json/wp/v2/tags?post=54524 HTTP/1.1" 200 6011 "-" "Mozilla/5.0 AppleWebKit/537.36 (KHTML, like Gecko; compatible; Amazonbot/0.1; +https://developer.amazon.com/support/amazonbot) Chrome/119.0.6045.214 Safari/537.36"
66.249.79.134 - - [27/Aug/2026:06:46:02 +0800] "GET /wp-login.php?action=ilc_logout&_wpnonce=43754d0aad&redirect_to=http://jeansparadise.ru/creator/58567/ HTTP/1.1" 302 3445 "-" "Mozilla/5.0 (compatible; Googlebot/2.1; +http://www.google.com/bot.html)"
::1 - - [27/Aug/2026:06:46:05 +0800] "OPTIONS * HTTP/1.0" 200 110 "-" "Apache/2.4.68 (Ubuntu) OpenSSL/3.0.19 (internal dummy connection)"
140.111.67.195 - - [27/Aug/2026:06:46:04 +0800] "GET /wp-admin/admin-post.php?action=steps_ad HTTP/1.1" 200 1973 "-" "node-fetch/1.0 (+https://github.com/bitinn/node-fetch)"
2001:288:a201::66:125 - - [27/Aug/2026:06:46:05 +0800] "GET /blog/active.php HTTP/1.1" 404 1084 "-" "-"
2001:288:a201::66:125 - - [27/Aug/2026:06:46:05 +0800] "GET /blog/active.php HTTP/1.1" 301 1026 "-" "-"
34.171.68.95 - - [27/Aug/2026:06:46:05 +0800] "GET /wp-content/uploads/sites/2745/6454/6454-956320.pdf HTTP/1.1" 200 182220 "-" "Mozilla/5.0 (Macintosh; Intel Mac OS X 10_15_7) AppleWebKit/537.36 (KHTML, like Gecko) Chrome/120.0.0.0 Safari/537.36"
54.197.178.107 - - [27/Aug/2026:06:46:05 +0800] "GET /wp-content/uploads/sites/229/2022/03/?C=S;O%3DD HTTP/1.1" 200 1112 "-" "Mozilla/5.0 AppleWebKit/537.36 (KHTML, like Gecko; compatible; Amazonbot/0.1; +https://developer.amazon.com/support/amazonbot) Chrome/119.0.6045.214 Safari/537.36"
3.209.174.110 - - [27/Aug/2026:06:46:05 +0800] "GET /32745/wp-json/wp/v2/posts/1515/revisions HTTP/1.1" 401 6198 "-" "Mozilla/5.0 AppleWebKit/537.36 (KHTML, like Gecko; compatible; Amazonbot/0.1; +https://developer.amazon.com/support/amazonbot) Chrome/119.0.6045.214 Safari/537.36"
34.10.180.98 - - [27/Aug/2026:06:46:06 +0800] "GET /6503/wp-json/oembed/1.0/embed?url=https://2blog.ilc.edu.tw/6503/2010/10/15/99-101%25e4%25b8%2589%25e5%25b9%25b4%25e8%25a8%2588%25e7%2595%25ab/ HTTP/1.1" 200 8255 "-" "Mozilla/5.0 (Macintosh; Intel Mac OS X 10_15_7) AppleWebKit/537.36 (KHTML, like Gecko) Chrome/120.0.0.0 Safari/537.36"
2407:4b00:4c04:8339:a113:e564:4f4e:b5be - - [27/Aug/2026:06:46:06 +0800] "-" 408 4804 "-" "-"
66.249.71.8 - - [27/Aug/2026:06:46:04 +0800] "GET /wp-login.php?action=ilc_logout&_wpnonce=43754d0aad&redirect_to=http://eacsigma.ru/join/83720/ HTTP/1.1" 302 8244 "-" "Mozilla/5.0 (compatible; Googlebot/2.1; +http://www.google.com/bot.html)"
