17.246.19.32 - - [27/Aug/2026:06:46:59 +0800] "GET /868/wp-content/cache/2blog.ilc.edu.tw/wpfc-minified/maqxx0v5/5woku.css HTTP/1.1" 200 13871 "https://2blog.ilc.edu.tw/868/44346/" "Mozilla/5.0 (Macintosh; Intel Mac OS X 10_15_7) AppleWebKit/605.1.15 (KHTML, like Gecko) Version/17.4 Safari/605.1.15 (Applebot/0.1; +http://www.apple.com/go/applebot)"
::1 - - [27/Aug/2026:06:47:00 +0800] "OPTIONS * HTTP/1.0" 200 110 "-" "Apache/2.4.68 (Ubuntu) OpenSSL/3.0.19 (internal dummy connection)"
34.42.229.145 - - [27/Aug/2026:06:47:00 +0800] "GET /6425/2011/11/24/%E5%9B%9E%E6%94%B6%E6%AC%BE%E9%81%8B%E7%94%A8%E8%BE%A6%E6%B3%95/ HTTP/1.1" 200 15307 "-" "Mozilla/5.0 (Macintosh; Intel Mac OS X 10_15_7) AppleWebKit/537.36 (KHTML, like Gecko) Chrome/120.0.0.0 Safari/537.36"
2001:288:a201::66:125 - - [27/Aug/2026:06:47:00 +0800] "GET /blog/active.php HTTP/1.1" 404 1084 "-" "-"
2001:288:a201::66:125 - - [27/Aug/2026:06:47:00 +0800] "GET /blog/active.php HTTP/1.1" 301 1026 "-" "-"
34.42.229.145 - - [27/Aug/2026:06:47:00 +0800] "GET /5026/wp-json/wp/v2/posts/2496 HTTP/1.1" 200 9209 "-" "Mozilla/5.0 (Macintosh; Intel Mac OS X 10_15_7) AppleWebKit/537.36 (KHTML, like Gecko) Chrome/120.0.0.0 Safari/537.36"
::1 - - [27/Aug/2026:06:47:01 +0800] "OPTIONS * HTTP/1.0" 200 110 "-" "Apache/2.4.68 (Ubuntu) OpenSSL/3.0.19 (internal dummy connection)"
17.246.19.32 - - [27/Aug/2026:06:47:01 +0800] "GET /868/wp-content/cache/2blog.ilc.edu.tw/wpfc-minified/dj3aok4x/5woku.js HTTP/1.1" 200 35562 "https://2blog.ilc.edu.tw/868/44346/" "Mozilla/5.0 (Macintosh; Intel Mac OS X 10_15_7) AppleWebKit/605.1.15 (KHTML, like Gecko) Version/17.4 Safari/605.1.15 (Applebot/0.1; +http://www.apple.com/go/applebot)"
34.56.53.225 - - [27/Aug/2026:06:47:01 +0800] "GET /6540/2016/09/26/105-1-5-%E5%AD%B8%E6%A0%A1106109%E5%B9%B4%E4%B8%AD%E7%A8%8B%E7%92%B0%E5%A2%83%E6%95%99%E8%82%B2%E8%A8%88%E7%95%AB/ HTTP/1.1" 200 18203 "-" "Mozilla/5.0 (Macintosh; Intel Mac OS X 10_15_7) AppleWebKit/537.36 (KHTML, like Gecko) Chrome/120.0.0.0 Safari/537.36"
34.171.68.95 - - [27/Aug/2026:06:47:01 +0800] "GET /6173/wp-json/wp/v2/posts/1660 HTTP/1.1" 200 8493 "-" "Mozilla/5.0 (Macintosh; Intel Mac OS X 10_15_7) AppleWebKit/537.36 (KHTML, like Gecko) Chrome/120.0.0.0 Safari/537.36"
::1 - - [27/Aug/2026:06:47:02 +0800] "OPTIONS * HTTP/1.0" 200 110 "-" "Apache/2.4.68 (Ubuntu) OpenSSL/3.0.19 (internal dummy connection)"
140.111.67.10 - - [27/Aug/2026:06:47:02 +0800] "GET /" 301 273 "-" "-"
173.73.61.80 - - [27/Aug/2026:06:47:02 +0800] "GET /blog/gallery/11078/11078-945237.jpg HTTP/1.1" 301 1066 "http://jainan.blogspot.com/" "Mozilla/5.0 (Windows NT 10.0; Win64; x64) AppleWebKit/537.36 (KHTML, like Gecko) Chrome/144.0.0.0 Safari/537.36"
34.56.53.225 - - [27/Aug/2026:06:47:02 +0800] "GET /32745/?p=14173 HTTP/1.1" 301 5713 "-" "Mozilla/5.0 (Macintosh; Intel Mac OS X 10_15_7) AppleWebKit/537.36 (KHTML, like Gecko) Chrome/120.0.0.0 Safari/537.36"
17.246.19.32 - - [27/Aug/2026:06:47:03 +0800] "GET /868/wp-includes/js/hoverintent-js.min.js HTTP/1.1" 200 1597 "https://2blog.ilc.edu.tw/868/44346/" "Mozilla/5.0 (Macintosh; Intel Mac OS X 10_15_7) AppleWebKit/605.1.15 (KHTML, like Gecko) Version/17.4 Safari/605.1.15 (Applebot/0.1; +http://www.apple.com/go/applebot)"
144.31.35.107 - - [27/Aug/2026:06:47:03 +0800] "GET /blog/gallery/7581/7581-3894244.pdf HTTP/1.1" 404 25407 "-" "Mozilla/5.0 (Macintosh; Intel Mac OS X 10_15_7) AppleWebKit/537.36 (KHTML, like Gecko) Chrome/135.0.0.0 Safari/537.36"
::1 - - [27/Aug/2026:06:47:03 +0800] "OPTIONS * HTTP/1.0" 200 110 "-" "Apache/2.4.68 (Ubuntu) OpenSSL/3.0.19 (internal dummy connection)"
34.30.223.149 - - [27/Aug/2026:06:47:02 +0800] "GET /32745/wp-json/oembed/1.0/embed?format=xml&url=https://2blog.ilc.edu.tw/32745/2025/04/20/%25e9%25bb%2583%25e9%2587%2591%25e8%258a%25b1/ HTTP/1.1" 200 7084 "-" "Mozilla/5.0 (Macintosh; Intel Mac OS X 10_15_7) AppleWebKit/537.36 (KHTML, like Gecko) Chrome/120.0.0.0 Safari/537.36"
52.45.29.57 - - [27/Aug/2026:06:47:03 +0800] "GET /2020/08/13/ HTTP/1.1" 200 15343 "-" "Mozilla/5.0 AppleWebKit/537.36 (KHTML, like Gecko; compatible; Amazonbot/0.1; +https://developer.amazon.com/support/amazonbot) Chrome/119.0.6045.214 Safari/537.36"
185.191.171.7 - - [27/Aug/2026:06:47:03 +0800] "GET /5315/2020/05/15/%E5%89%B5%E6%84%8F%E6%8B%BC%E8%B2%BC%E7%95%AB/?paged=12 HTTP/1.1" 200 16317 "-" "Mozilla/5.0 (compatible; SemrushBot/7~bl; +http://www.semrush.com/bot.html)"
34.42.229.145 - - [27/Aug/2026:06:47:03 +0800] "GET /6441/wp-json/oembed/1.0/embed?url=https://2blog.ilc.edu.tw/6441/2020/11/08/109%25e5%25b9%25b43-1-1%25e6%25a0%25a1%25e5%259c%2592%25e7%2592%25b0%25e5%25a2%2583%25e7%25ae%25a1%25e7%2590%2586/ HTTP/1.1" 200 8354 "-" "Mozilla/5.0 (Macintosh; Intel Mac OS X 10_15_7) AppleWebKit/537.36 (KHTML, like Gecko) Chrome/120.0.0.0 Safari/537.36"
34.233.114.237 - - [27/Aug/2026:06:47:04 +0800] "GET /wp-content/uploads/sites/1617/ HTTP/1.1" 200 1200 "-" "Mozilla/5.0 AppleWebKit/537.36 (KHTML, like Gecko; compatible; Amazonbot/0.1; +https://developer.amazon.com/support/amazonbot) Chrome/119.0.6045.214 Safari/537.36"
::1 - - [27/Aug/2026:06:47:04 +0800] "OPTIONS * HTTP/1.0" 200 110 "-" "Apache/2.4.68 (Ubuntu) OpenSSL/3.0.19 (internal dummy connection)"
34.42.229.145 - - [27/Aug/2026:06:47:04 +0800] "GET /7706/2016/11/page/4/ HTTP/1.1" 200 16602 "-" "Mozilla/5.0 (Macintosh; Intel Mac OS X 10_15_7) AppleWebKit/537.36 (KHTML, like Gecko) Chrome/120.0.0.0 Safari/537.36"
17.246.19.32 - - [27/Aug/2026:06:47:04 +0800] "GET /868/wp-includes/js/admin-bar.min.js HTTP/1.1" 200 2237 "https://2blog.ilc.edu.tw/868/44346/" "Mozilla/5.0 (Macintosh; Intel Mac OS X 10_15_7) AppleWebKit/605.1.15 (KHTML, like Gecko) Version/17.4 Safari/605.1.15 (Applebot/0.1; +http://www.apple.com/go/applebot)"
::1 - - [27/Aug/2026:06:47:05 +0800] "OPTIONS * HTTP/1.0" 200 110 "-" "Apache/2.4.68 (Ubuntu) OpenSSL/3.0.19 (internal dummy connection)"
2001:288:a201::66:125 - - [27/Aug/2026:06:47:05 +0800] "GET /blog/active.php HTTP/1.1" 404 1084 "-" "-"
2001:288:a201::66:125 - - [27/Aug/2026:06:47:05 +0800] "GET /blog/active.php HTTP/1.1" 301 1026 "-" "-"
34.171.68.95 - - [27/Aug/2026:06:47:05 +0800] "GET /6569/wp-json/wp/v2/posts/14987 HTTP/1.1" 200 8879 "-" "Mozilla/5.0 (Macintosh; Intel Mac OS X 10_15_7) AppleWebKit/537.36 (KHTML, like Gecko) Chrome/120.0.0.0 Safari/537.36"
17.246.19.32 - - [27/Aug/2026:06:47:06 +0800] "GET /868/wp-includes/js/underscore.min.js HTTP/1.1" 200 8191 "https://2blog.ilc.edu.tw/868/44346/" "Mozilla/5.0 (Macintosh; Intel Mac OS X 10_15_7) AppleWebKit/605.1.15 (KHTML, like Gecko) Version/17.4 Safari/605.1.15 (Applebot/0.1; +http://www.apple.com/go/applebot)"
::1 - - [27/Aug/2026:06:47:06 +0800] "OPTIONS * HTTP/1.0" 200 110 "-" "Apache/2.4.68 (Ubuntu) OpenSSL/3.0.19 (internal dummy connection)"
34.56.124.53 - - [27/Aug/2026:06:47:03 +0800] "GET /technology/2016/08/20/%E8%81%B2%E9%9F%B3%E5%A5%BD%E5%A5%BD%E7%8E%A9/ HTTP/1.1" 200 20723 "-" "Mozilla/5.0 (Macintosh; Intel Mac OS X 10_15_7) AppleWebKit/537.36 (KHTML, like Gecko) Chrome/120.0.0.0 Safari/537.36"
34.171.68.95 - - [27/Aug/2026:06:47:05 +0800] "GET /32745/2020/08/04/%E5%94%B1%E4%BA%88%E5%AE%B6%E5%B7%B1%E8%81%BD/ HTTP/1.1" 200 92411 "-" "Mozilla/5.0 (Macintosh; Intel Mac OS X 10_15_7) AppleWebKit/537.36 (KHTML, like Gecko) Chrome/120.0.0.0 Safari/537.36"
34.42.229.145 - - [27/Aug/2026:06:47:05 +0800] "GET /32745/2021/10/19/%E8%AB%8B%E4%BD%A0%E9%96%A3%E6%9C%9F%E5%BE%85/ HTTP/1.1" 200 92286 "-" "Mozilla/5.0 (Macintosh; Intel Mac OS X 10_15_7) AppleWebKit/537.36 (KHTML, like Gecko) Chrome/120.0.0.0 Safari/537.36"
34.10.180.98 - - [27/Aug/2026:06:47:06 +0800] "GET /32745/2020/06/03/%E7%84%A1%E4%BD%A0%E6%88%91%E6%9C%83%E6%AD%BB/ HTTP/1.1" 200 91936 "-" "Mozilla/5.0 (Macintosh; Intel Mac OS X 10_15_7) AppleWebKit/537.36 (KHTML, like Gecko) Chrome/120.0.0.0 Safari/537.36"
34.61.96.6 - - [27/Aug/2026:06:47:06 +0800] "GET /6542/wp-json/wp/v2/posts/5552 HTTP/1.1" 200 8621 "-" "Mozilla/5.0 (Macintosh; Intel Mac OS X 10_15_7) AppleWebKit/537.36 (KHTML, like Gecko) Chrome/120.0.0.0 Safari/537.36"
140.111.67.10 - - [27/Aug/2026:06:47:07 +0800] "GET /" 301 273 "-" "-"
34.171.68.95 - - [27/Aug/2026:06:47:08 +0800] "GET /6570/category/uncategorized/page/20/ HTTP/1.1" 200 16531 "-" "Mozilla/5.0 (Macintosh; Intel Mac OS X 10_15_7) AppleWebKit/537.36 (KHTML, like Gecko) Chrome/120.0.0.0 Safari/537.36"
17.246.23.250 - - [27/Aug/2026:06:47:08 +0800] "GET /6450/2014/11/20/103%E5%B9%B4%E5%BA%A6-%E6%A0%A1%E5%9C%92%E7%92%B0%E5%A2%83%E7%AE%A1%E7%90%86-%E6%B1%99%E6%B0%B4-%E6%B1%99%E6%9F%93%E7%89%A9%E8%B3%AA%E5%A6%A5%E5%96%84%E8%99%95%E7%90%86/ HTTP/1.1" 200 15609 "-" "Mozilla/5.0 (Macintosh; Intel Mac OS X 10_15_7) AppleWebKit/605.1.15 (KHTML, like Gecko) Version/17.4 Safari/605.1.15 (Applebot/0.1; +http://www.apple.com/go/applebot)"
34.123.149.87 - - [27/Aug/2026:06:47:08 +0800] "GET /34700/wp-json/oembed/1.0/embed?format=xml&url=https://2blog.ilc.edu.tw/34700/2016/04/08/%25e7%25a8%25ae%25e6%25a4%258d%25e6%25a0%25bd/ HTTP/1.1" 200 6958 "-" "Mozilla/5.0 (Macintosh; Intel Mac OS X 10_15_7) AppleWebKit/537.36 (KHTML, like Gecko) Chrome/120.0.0.0 Safari/537.36"
85.208.96.209 - - [27/Aug/2026:06:47:08 +0800] "GET /wp-content/uploads/sites/893/1279/1279-2957790.sb2 HTTP/1.1" 200 178519 "-" "Mozilla/5.0 (compatible; SemrushBot/7~bl; +http://www.semrush.com/bot.html)"
34.56.53.225 - - [27/Aug/2026:06:47:09 +0800] "GET /6541/?p=1743 HTTP/1.1" 301 5682 "-" "Mozilla/5.0 (Macintosh; Intel Mac OS X 10_15_7) AppleWebKit/537.36 (KHTML, like Gecko) Chrome/120.0.0.0 Safari/537.36"
17.246.23.250 - - [27/Aug/2026:06:47:09 +0800] "GET /6450/wp-content/cache/2blog.ilc.edu.tw/wpfc-minified/shwxzi1/83jse.css HTTP/1.1" 200 15782 "https://2blog.ilc.edu.tw/6450/2014/11/20/103%e5%b9%b4%e5%ba%a6-%e6%a0%a1%e5%9c%92%e7%92%b0%e5%a2%83%e7%ae%a1%e7%90%86-%e6%b1%99%e6%b0%b4-%e6%b1%99%e6%9f%93%e7%89%a9%e8%b3%aa%e5%a6%a5%e5%96%84%e8%99%95%e7%90%86/" "Mozilla/5.0 (Macintosh; Intel Mac OS X 10_15_7) AppleWebKit/605.1.15 (KHTML, like Gecko) Version/17.4 Safari/605.1.15 (Applebot/0.1; +http://www.apple.com/go/applebot)"
34.171.68.95 - - [27/Aug/2026:06:47:09 +0800] "GET /32745/?p=104489 HTTP/1.1" 301 5613 "-" "Mozilla/5.0 (Macintosh; Intel Mac OS X 10_15_7) AppleWebKit/537.36 (KHTML, like Gecko) Chrome/120.0.0.0 Safari/537.36"
54.163.136.244 - - [27/Aug/2026:06:47:09 +0800] "GET /32745/2021/10/11/%E8%87%BA%E7%81%A3%E5%9C%8B%E8%AA%9E/ HTTP/1.1" 200 92558 "-" "Mozilla/5.0 AppleWebKit/537.36 (KHTML, like Gecko; compatible; Amazonbot/0.1; +https://developer.amazon.com/support/amazonbot) Chrome/119.0.6045.214 Safari/537.36"
34.42.229.145 - - [27/Aug/2026:06:47:10 +0800] "GET /3589/2019/04/25/107%E5%AD%B8%E5%B9%B4%E5%BA%A6%E7%98%8B%E5%AD%B8%E7%BF%92-%E7%B0%A1%E5%A0%B1%E9%81%94%E4%BA%BA%E6%93%82%E5%8F%B0%E8%B3%BD-%E6%88%90%E7%B8%BE%E5%85%AC%E5%91%8A/ HTTP/1.1" 200 15152 "-" "Mozilla/5.0 (Macintosh; Intel Mac OS X 10_15_7) AppleWebKit/537.36 (KHTML, like Gecko) Chrome/120.0.0.0 Safari/537.36"
2001:288:a201::66:125 - - [27/Aug/2026:06:47:10 +0800] "GET /blog/active.php HTTP/1.1" 404 1084 "-" "-"
2001:288:a201::66:125 - - [27/Aug/2026:06:47:10 +0800] "GET /blog/active.php HTTP/1.1" 301 1026 "-" "-"
17.246.23.250 - - [27/Aug/2026:06:47:10 +0800] "GET /6450/wp-content/cache/2blog.ilc.edu.tw/wpfc-minified/e5xx27l0/83jse.css HTTP/1.1" 200 40885 "https://2blog.ilc.edu.tw/6450/2014/11/20/103%e5%b9%b4%e5%ba%a6-%e6%a0%a1%e5%9c%92%e7%92%b0%e5%a2%83%e7%ae%a1%e7%90%86-%e6%b1%99%e6%b0%b4-%e6%b1%99%e6%9f%93%e7%89%a9%e8%b3%aa%e5%a6%a5%e5%96%84%e8%99%95%e7%90%86/" "Mozilla/5.0 (Macintosh; Intel Mac OS X 10_15_7) AppleWebKit/605.1.15 (KHTML, like Gecko) Version/17.4 Safari/605.1.15 (Applebot/0.1; +http://www.apple.com/go/applebot)"
34.10.180.98 - - [27/Aug/2026:06:47:11 +0800] "GET /6540/?p=2443 HTTP/1.1" 301 5699 "-" "Mozilla/5.0 (Macintosh; Intel Mac OS X 10_15_7) AppleWebKit/537.36 (KHTML, like Gecko) Chrome/120.0.0.0 Safari/537.36"
34.30.223.149 - - [27/Aug/2026:06:47:11 +0800] "GET /32745/2023/01/21/%E6%84%9B%E6%83%85%E9%A9%9A%E9%A9%9A/ HTTP/1.1" 200 91989 "-" "Mozilla/5.0 (Macintosh; Intel Mac OS X 10_15_7) AppleWebKit/537.36 (KHTML, like Gecko) Chrome/120.0.0.0 Safari/537.36"
34.42.229.145 - - [27/Aug/2026:06:47:11 +0800] "GET /32745/?p=58030 HTTP/1.1" 301 5611 "-" "Mozilla/5.0 (Macintosh; Intel Mac OS X 10_15_7) AppleWebKit/537.36 (KHTML, like Gecko) Chrome/120.0.0.0 Safari/537.36"
::1 - - [27/Aug/2026:06:47:12 +0800] "OPTIONS * HTTP/1.0" 200 110 "-" "Apache/2.4.68 (Ubuntu) OpenSSL/3.0.19 (internal dummy connection)"
2408:8719:64:201:18:: - - [27/Aug/2026:06:47:12 +0800] "GET /?p=2405 HTTP/1.1" 301 5965 "-" "Mozilla/5.0 (Windows NT 10.0; Win64; x64) AppleWebKit/537.36 (KHTML, like Gecko) Chrome/144.0.0.0 Safari/537.36"
17.246.23.250 - - [27/Aug/2026:06:47:12 +0800] "GET /6450/wp-content/cache/2blog.ilc.edu.tw/wpfc-minified/lxvg7igf/83jse.css HTTP/1.1" 200 1157 "https://2blog.ilc.edu.tw/6450/2014/11/20/103%e5%b9%b4%e5%ba%a6-%e6%a0%a1%e5%9c%92%e7%92%b0%e5%a2%83%e7%ae%a1%e7%90%86-%e6%b1%99%e6%b0%b4-%e6%b1%99%e6%9f%93%e7%89%a9%e8%b3%aa%e5%a6%a5%e5%96%84%e8%99%95%e7%90%86/" "Mozilla/5.0 (Macintosh; Intel Mac OS X 10_15_7) AppleWebKit/605.1.15 (KHTML, like Gecko) Version/17.4 Safari/605.1.15 (Applebot/0.1; +http://www.apple.com/go/applebot)"
140.111.67.10 - - [27/Aug/2026:06:47:12 +0800] "GET /" 301 273 "-" "-"
54.235.125.129 - - [27/Aug/2026:06:47:12 +0800] "GET /wp-content/uploads/sites/1259/2024/04/ HTTP/1.1" 200 1114 "-" "Mozilla/5.0 AppleWebKit/537.36 (KHTML, like Gecko; compatible; Amazonbot/0.1; +https://developer.amazon.com/support/amazonbot) Chrome/119.0.6045.214 Safari/537.36"
2408:8719:64:201:18:: - - [27/Aug/2026:06:47:12 +0800] "GET /2021/05/07/%e8%bd%89%e7%9f%a5%ef%bc%9a%e5%ae%9c%e8%98%ad%e7%b8%a3%e6%96%87%e5%8c%96%e5%b1%80110%e5%b9%b4%e3%80%8c%e8%98%ad%e9%99%bd%e6%96%87%e5%ad%b8%e5%8f%a2%e6%9b%b8%e4%bd%9c%e5%ae%b6%e4%bd%9c%e5%93%81/ HTTP/1.1" 200 46743 "-" "Mozilla/5.0 (Windows NT 10.0; Win64; x64) AppleWebKit/537.36 (KHTML, like Gecko) Chrome/144.0.0.0 Safari/537.36"
::1 - - [27/Aug/2026:06:47:13 +0800] "OPTIONS * HTTP/1.0" 200 110 "-" "Apache/2.4.68 (Ubuntu) OpenSSL/3.0.19 (internal dummy connection)"
17.246.23.250 - - [27/Aug/2026:06:47:13 +0800] "GET /6450/wp-content/cache/2blog.ilc.edu.tw/wpfc-minified/2z3wsvi3/83jse.css HTTP/1.1" 200 53636 "https://2blog.ilc.edu.tw/6450/2014/11/20/103%e5%b9%b4%e5%ba%a6-%e6%a0%a1%e5%9c%92%e7%92%b0%e5%a2%83%e7%ae%a1%e7%90%86-%e6%b1%99%e6%b0%b4-%e6%b1%99%e6%9f%93%e7%89%a9%e8%b3%aa%e5%a6%a5%e5%96%84%e8%99%95%e7%90%86/" "Mozilla/5.0 (Macintosh; Intel Mac OS X 10_15_7) AppleWebKit/605.1.15 (KHTML, like Gecko) Version/17.4 Safari/605.1.15 (Applebot/0.1; +http://www.apple.com/go/applebot)"
2408:8719:64:201:18:: - - [27/Aug/2026:06:47:13 +0800] "GET /wp-content/cache/www.najh.ilc.edu.tw/wpfc-minified/1f13uvw/6wh9.css HTTP/1.1" 200 40884 "https://www.najh.ilc.edu.tw/2021/05/07/%e8%bd%89%e7%9f%a5%ef%bc%9a%e5%ae%9c%e8%98%ad%e7%b8%a3%e6%96%87%e5%8c%96%e5%b1%80110%e5%b9%b4%e3%80%8c%e8%98%ad%e9%99%bd%e6%96%87%e5%ad%b8%e5%8f%a2%e6%9b%b8%e4%bd%9c%e5%ae%b6%e4%bd%9c%e5%93%81/" "Mozilla/5.0 (Windows NT 10.0; Win64; x64) AppleWebKit/537.36 (KHTML, like Gecko) Chrome/144.0.0.0 Safari/537.36"
::1 - - [27/Aug/2026:06:47:14 +0800] "OPTIONS * HTTP/1.0" 200 110 "-" "Apache/2.4.68 (Ubuntu) OpenSSL/3.0.19 (internal dummy connection)"
2408:8719:64:201:18:: - - [27/Aug/2026:06:47:14 +0800] "GET /wp-content/cache/www.najh.ilc.edu.tw/wpfc-minified/87xhsi2d/6wh9.css HTTP/1.1" 200 4322 "https://www.najh.ilc.edu.tw/2021/05/07/%e8%bd%89%e7%9f%a5%ef%bc%9a%e5%ae%9c%e8%98%ad%e7%b8%a3%e6%96%87%e5%8c%96%e5%b1%80110%e5%b9%b4%e3%80%8c%e8%98%ad%e9%99%bd%e6%96%87%e5%ad%b8%e5%8f%a2%e6%9b%b8%e4%bd%9c%e5%ae%b6%e4%bd%9c%e5%93%81/" "Mozilla/5.0 (Windows NT 10.0; Win64; x64) AppleWebKit/537.36 (KHTML, like Gecko) Chrome/144.0.0.0 Safari/537.36"
140.111.67.195 - - [27/Aug/2026:06:47:14 +0800] "GET /wp-admin/admin-post.php?action=steps_ad HTTP/1.1" 200 1973 "-" "node-fetch/1.0 (+https://github.com/bitinn/node-fetch)"
185.191.171.14 - - [27/Aug/2026:06:47:14 +0800] "GET /blog/blog/527/post/1441/387471 HTTP/1.1" 404 25426 "-" "Mozilla/5.0 (compatible; SemrushBot/7~bl; +http://www.semrush.com/bot.html)"
34.56.124.53 - - [27/Aug/2026:06:47:14 +0800] "GET /6542/2017/11/13/ HTTP/1.1" 200 14837 "-" "Mozilla/5.0 (Macintosh; Intel Mac OS X 10_15_7) AppleWebKit/537.36 (KHTML, like Gecko) Chrome/120.0.0.0 Safari/537.36"
2408:8719:64:201:18:: - - [27/Aug/2026:06:47:14 +0800] "GET /wp-includes/js/imagesloaded.min.js HTTP/1.1" 200 2683 "https://www.najh.ilc.edu.tw/2021/05/07/%e8%bd%89%e7%9f%a5%ef%bc%9a%e5%ae%9c%e8%98%ad%e7%b8%a3%e6%96%87%e5%8c%96%e5%b1%80110%e5%b9%b4%e3%80%8c%e8%98%ad%e9%99%bd%e6%96%87%e5%ad%b8%e5%8f%a2%e6%9b%b8%e4%bd%9c%e5%ae%b6%e4%bd%9c%e5%93%81/" "Mozilla/5.0 (Windows NT 10.0; Win64; x64) AppleWebKit/537.36 (KHTML, like Gecko) Chrome/144.0.0.0 Safari/537.36"
2408:8719:64:201:18:: - - [27/Aug/2026:06:47:15 +0800] "GET /wp-content/themes/oceanwp/assets/js/vendors/flickity.pkgd.min.js HTTP/1.1" 200 15048 "https://www.najh.ilc.edu.tw/2021/05/07/%e8%bd%89%e7%9f%a5%ef%bc%9a%e5%ae%9c%e8%98%ad%e7%b8%a3%e6%96%87%e5%8c%96%e5%b1%80110%e5%b9%b4%e3%80%8c%e8%98%ad%e9%99%bd%e6%96%87%e5%ad%b8%e5%8f%a2%e6%9b%b8%e4%bd%9c%e5%ae%b6%e4%bd%9c%e5%93%81/" "Mozilla/5.0 (Windows NT 10.0; Win64; x64) AppleWebKit/537.36 (KHTML, like Gecko) Chrome/144.0.0.0 Safari/537.36"
17.246.23.250 - - [27/Aug/2026:06:47:15 +0800] "GET /6450/wp-includes/js/hoverintent-js.min.js HTTP/1.1" 200 1597 "https://2blog.ilc.edu.tw/6450/2014/11/20/103%e5%b9%b4%e5%ba%a6-%e6%a0%a1%e5%9c%92%e7%92%b0%e5%a2%83%e7%ae%a1%e7%90%86-%e6%b1%99%e6%b0%b4-%e6%b1%99%e6%9f%93%e7%89%a9%e8%b3%aa%e5%a6%a5%e5%96%84%e8%99%95%e7%90%86/" "Mozilla/5.0 (Macintosh; Intel Mac OS X 10_15_7) AppleWebKit/605.1.15 (KHTML, like Gecko) Version/17.4 Safari/605.1.15 (Applebot/0.1; +http://www.apple.com/go/applebot)"
2408:8719:64:201:18:: - - [27/Aug/2026:06:47:15 +0800] "GET /wp-content/themes/oceanwp/assets/js/select.min.js HTTP/1.1" 200 2408 "https://www.najh.ilc.edu.tw/2021/05/07/%e8%bd%89%e7%9f%a5%ef%bc%9a%e5%ae%9c%e8%98%ad%e7%b8%a3%e6%96%87%e5%8c%96%e5%b1%80110%e5%b9%b4%e3%80%8c%e8%98%ad%e9%99%bd%e6%96%87%e5%ad%b8%e5%8f%a2%e6%9b%b8%e4%bd%9c%e5%ae%b6%e4%bd%9c%e5%93%81/" "Mozilla/5.0 (Windows NT 10.0; Win64; x64) AppleWebKit/537.36 (KHTML, like Gecko) Chrome/144.0.0.0 Safari/537.36"
2001:288:a201::66:125 - - [27/Aug/2026:06:47:15 +0800] "GET /blog/active.php HTTP/1.1" 301 1026 "-" "-"
2001:288:a201::66:125 - - [27/Aug/2026:06:47:15 +0800] "GET /blog/active.php HTTP/1.1" 404 1084 "-" "-"
2408:8719:64:201:18:: - - [27/Aug/2026:06:47:15 +0800] "GET /wp-includes/js/mediaelement/renderers/vimeo.min.js HTTP/1.1" 200 3164 "https://www.najh.ilc.edu.tw/2021/05/07/%e8%bd%89%e7%9f%a5%ef%bc%9a%e5%ae%9c%e8%98%ad%e7%b8%a3%e6%96%87%e5%8c%96%e5%b1%80110%e5%b9%b4%e3%80%8c%e8%98%ad%e9%99%bd%e6%96%87%e5%ad%b8%e5%8f%a2%e6%9b%b8%e4%bd%9c%e5%ae%b6%e4%bd%9c%e5%93%81/" "Mozilla/5.0 (Windows NT 10.0; Win64; x64) AppleWebKit/537.36 (KHTML, like Gecko) Chrome/144.0.0.0 Safari/537.36"
52.2.4.213 - - [27/Aug/2026:06:47:16 +0800] "GET /wp-content/uploads/sites/1394/elementor/css/ HTTP/1.1" 200 1115 "-" "Mozilla/5.0 AppleWebKit/537.36 (KHTML, like Gecko; compatible; Amazonbot/0.1; +https://developer.amazon.com/support/amazonbot) Chrome/119.0.6045.214 Safari/537.36"
::1 - - [27/Aug/2026:06:47:16 +0800] "OPTIONS * HTTP/1.0" 200 110 "-" "Apache/2.4.68 (Ubuntu) OpenSSL/3.0.19 (internal dummy connection)"
66.249.79.134 - - [27/Aug/2026:06:47:14 +0800] "GET /wp-login.php?action=ilc_logout&_wpnonce=43754d0aad&redirect_to=http://dfull.ru/gallery/13671/ HTTP/1.1" 302 3437 "-" "Mozilla/5.0 (Linux; Android 6.0.1; Nexus 5X Build/MMB29P) AppleWebKit/537.36 (KHTML, like Gecko) Chrome/151.0.7922.173 Mobile Safari/537.36 (compatible; GoogleOther)"
34.123.149.87 - - [27/Aug/2026:06:47:16 +0800] "GET /6461/2012/09/28/101_%E5%9E%83%E5%9C%BE%E6%B8%9B%E9%87%8F%E3%80%81%E8%B3%87%E6%BA%90%E5%9B%9E%E6%94%B6%E5%B7%A5%E4%BD%9C%E8%A8%88%E7%95%AB/ HTTP/1.1" 200 19194 "-" "Mozilla/5.0 (Macintosh; Intel Mac OS X 10_15_7) AppleWebKit/537.36 (KHTML, like Gecko) Chrome/120.0.0.0 Safari/537.36"
17.246.23.250 - - [27/Aug/2026:06:47:16 +0800] "GET /6450/wp-content/themes/oceanwp/assets/js/drop-down-search.min.js HTTP/1.1" 200 2968 "https://2blog.ilc.edu.tw/6450/2014/11/20/103%e5%b9%b4%e5%ba%a6-%e6%a0%a1%e5%9c%92%e7%92%b0%e5%a2%83%e7%ae%a1%e7%90%86-%e6%b1%99%e6%b0%b4-%e6%b1%99%e6%9f%93%e7%89%a9%e8%b3%aa%e5%a6%a5%e5%96%84%e8%99%95%e7%90%86/" "Mozilla/5.0 (Macintosh; Intel Mac OS X 10_15_7) AppleWebKit/605.1.15 (KHTML, like Gecko) Version/17.4 Safari/605.1.15 (Applebot/0.1; +http://www.apple.com/go/applebot)"
140.111.67.10 - - [27/Aug/2026:06:47:17 +0800] "GET /" 301 273 "-" "-"
34.42.229.145 - - [27/Aug/2026:06:47:17 +0800] "GET /21002/wp-json/oembed/1.0/embed?format=xml&url=https://2blog.ilc.edu.tw/21002/2015/09/01/4-1-2-%25e5%2590%2584%25e5%25ad%25b8%25e5%25b9%25b4%25e8%25aa%25b2%25e8%25a1%25a8/ HTTP/1.1" 200 7048 "-" "Mozilla/5.0 (Macintosh; Intel Mac OS X 10_15_7) AppleWebKit/537.36 (KHTML, like Gecko) Chrome/120.0.0.0 Safari/537.36"
34.10.180.98 - - [27/Aug/2026:06:47:17 +0800] "GET /32745/wp-json/wp/v2/categories/2019 HTTP/1.1" 200 6453 "-" "Mozilla/5.0 (Macintosh; Intel Mac OS X 10_15_7) AppleWebKit/537.36 (KHTML, like Gecko) Chrome/120.0.0.0 Safari/537.36"
17.246.23.250 - - [27/Aug/2026:06:47:18 +0800] "GET /6450/wp-content/themes/oceanwp/assets/js/ow-lightbox.min.js HTTP/1.1" 200 2321 "https://2blog.ilc.edu.tw/6450/2014/11/20/103%e5%b9%b4%e5%ba%a6-%e6%a0%a1%e5%9c%92%e7%92%b0%e5%a2%83%e7%ae%a1%e7%90%86-%e6%b1%99%e6%b0%b4-%e6%b1%99%e6%9f%93%e7%89%a9%e8%b3%aa%e5%a6%a5%e5%96%84%e8%99%95%e7%90%86/" "Mozilla/5.0 (Macintosh; Intel Mac OS X 10_15_7) AppleWebKit/605.1.15 (KHTML, like Gecko) Version/17.4 Safari/605.1.15 (Applebot/0.1; +http://www.apple.com/go/applebot)"
34.10.180.98 - - [27/Aug/2026:06:47:18 +0800] "GET /6454/2012/02/20/ HTTP/1.1" 200 14146 "-" "Mozilla/5.0 (Macintosh; Intel Mac OS X 10_15_7) AppleWebKit/537.36 (KHTML, like Gecko) Chrome/120.0.0.0 Safari/537.36"
34.56.124.53 - - [27/Aug/2026:06:47:18 +0800] "GET /kkes101/wp-json/wp/v2/posts/219 HTTP/1.1" 200 15604 "-" "Mozilla/5.0 (Macintosh; Intel Mac OS X 10_15_7) AppleWebKit/537.36 (KHTML, like Gecko) Chrome/120.0.0.0 Safari/537.36"
216.73.217.64 - - [27/Aug/2026:06:47:18 +0800] "GET /9536/wp-json/wp/v2/posts/55546 HTTP/1.1" 200 12338 "-" "Mozilla/5.0 AppleWebKit/537.36 (KHTML, like Gecko; compatible; ClaudeBot/1.0; +claudebot@anthropic.com)"
66.249.71.7 - - [27/Aug/2026:06:47:17 +0800] "GET /wp-login.php?action=ilc_logout&_wpnonce=43754d0aad&redirect_to=//adchanmaser.tk/113wwwjwesilcedutwUJH651 HTTP/1.1" 302 8255 "-" "Mozilla/5.0 (Linux; Android 6.0.1; Nexus 5X Build/MMB29P) AppleWebKit/537.36 (KHTML, like Gecko) Chrome/151.0.7922.173 Mobile Safari/537.36 (compatible; Googlebot/2.1; +http://www.google.com/bot.html)"
17.246.23.250 - - [27/Aug/2026:06:47:19 +0800] "GET /6450/wp-content/themes/oceanwp/assets/js/ow-slider.min.js HTTP/1.1" 200 1761 "https://2blog.ilc.edu.tw/6450/2014/11/20/103%e5%b9%b4%e5%ba%a6-%e6%a0%a1%e5%9c%92%e7%92%b0%e5%a2%83%e7%ae%a1%e7%90%86-%e6%b1%99%e6%b0%b4-%e6%b1%99%e6%9f%93%e7%89%a9%e8%b3%aa%e5%a6%a5%e5%96%84%e8%99%95%e7%90%86/" "Mozilla/5.0 (Macintosh; Intel Mac OS X 10_15_7) AppleWebKit/605.1.15 (KHTML, like Gecko) Version/17.4 Safari/605.1.15 (Applebot/0.1; +http://www.apple.com/go/applebot)"
240e:967:e200:a00:0:1:0:7 - - [27/Aug/2026:06:47:19 +0800] "GET /2373/tag/%e8%97%9d%e8%a1%93%e5%ae%b6%e9%a7%90%e6%a0%a1 HTTP/1.1" 301 5779 "-" "Mozilla/5.0 (Windows NT 10.0; Win64; x64) AppleWebKit/537.36 (KHTML, like Gecko) Chrome/144.0.0.0 Safari/537.36"
240e:967:e200:a00:0:1:0:7 - - [27/Aug/2026:06:47:20 +0800] "GET /2373/tag/%e8%97%9d%e8%a1%93%e5%ae%b6%e9%a7%90%e6%a0%a1/ HTTP/1.1" 200 17196 "-" "Mozilla/5.0 (Windows NT 10.0; Win64; x64) AppleWebKit/537.36 (KHTML, like Gecko) Chrome/144.0.0.0 Safari/537.36"
2001:288:a201::66:125 - - [27/Aug/2026:06:47:20 +0800] "GET /blog/active.php HTTP/1.1" 404 1084 "-" "-"
2001:288:a201::66:125 - - [27/Aug/2026:06:47:20 +0800] "GET /blog/active.php HTTP/1.1" 301 1026 "-" "-"
240e:967:e200:a00:0:1:0:7 - - [27/Aug/2026:06:47:21 +0800] "GET /2373/wp-content/cache/2blog.ilc.edu.tw/wpfc-minified/lbel8rr5/5wsy1.css HTTP/1.1" 200 40886 "https://2blog.ilc.edu.tw/2373/tag/%e8%97%9d%e8%a1%93%e5%ae%b6%e9%a7%90%e6%a0%a1/" "Mozilla/5.0 (Windows NT 10.0; Win64; x64) AppleWebKit/537.36 (KHTML, like Gecko) Chrome/144.0.0.0 Safari/537.36"
17.246.23.250 - - [27/Aug/2026:06:47:21 +0800] "GET /6450/wp-content/themes/oceanwp/assets/js/vendors/flickity.pkgd.min.js HTTP/1.1" 200 15048 "https://2blog.ilc.edu.tw/6450/2014/11/20/103%e5%b9%b4%e5%ba%a6-%e6%a0%a1%e5%9c%92%e7%92%b0%e5%a2%83%e7%ae%a1%e7%90%86-%e6%b1%99%e6%b0%b4-%e6%b1%99%e6%9f%93%e7%89%a9%e8%b3%aa%e5%a6%a5%e5%96%84%e8%99%95%e7%90%86/" "Mozilla/5.0 (Macintosh; Intel Mac OS X 10_15_7) AppleWebKit/605.1.15 (KHTML, like Gecko) Version/17.4 Safari/605.1.15 (Applebot/0.1; +http://www.apple.com/go/applebot)"
240e:967:e200:a00:0:1:0:7 - - [27/Aug/2026:06:47:21 +0800] "GET /2373/wp-content/themes/hueman/assets/front/webfonts/fa-regular-400.woff2?v=5.15.2 HTTP/1.1" 200 14439 "https://2blog.ilc.edu.tw/2373/tag/%e8%97%9d%e8%a1%93%e5%ae%b6%e9%a7%90%e6%a0%a1/" "Mozilla/5.0 (Windows NT 10.0; Win64; x64) AppleWebKit/537.36 (KHTML, like Gecko) Chrome/144.0.0.0 Safari/537.36"
240e:967:e200:a00:0:1:0:7 - - [27/Aug/2026:06:47:22 +0800] "GET /2373/wp-content/themes/hueman/assets/front/webfonts/fa-solid-900.woff2?v=5.15.2 HTTP/1.1" 200 81301 "https://2blog.ilc.edu.tw/2373/tag/%e8%97%9d%e8%a1%93%e5%ae%b6%e9%a7%90%e6%a0%a1/" "Mozilla/5.0 (Windows NT 10.0; Win64; x64) AppleWebKit/537.36 (KHTML, like Gecko) Chrome/144.0.0.0 Safari/537.36"
140.111.67.10 - - [27/Aug/2026:06:47:22 +0800] "GET /" 301 273 "-" "-"
66.249.71.8 - - [27/Aug/2026:06:47:20 +0800] "GET /wp-login.php?action=ilc_logout&_wpnonce=43754d0aad&redirect_to=//roalipa.ml/113wwwjwesilcedutwBud651 HTTP/1.1" 302 8251 "-" "Mozilla/5.0 (Linux; Android 6.0.1; Nexus 5X Build/MMB29P) AppleWebKit/537.36 (KHTML, like Gecko) Chrome/151.0.7922.173 Mobile Safari/537.36 (compatible; Googlebot/2.1; +http://www.google.com/bot.html)"
34.42.229.145 - - [27/Aug/2026:06:47:22 +0800] "GET /6325/wp-json/wp/v2/posts/17578 HTTP/1.1" 200 9208 "-" "Mozilla/5.0 (Macintosh; Intel Mac OS X 10_15_7) AppleWebKit/537.36 (KHTML, like Gecko) Chrome/120.0.0.0 Safari/537.36"
240e:967:e200:a00:0:1:0:7 - - [27/Aug/2026:06:47:22 +0800] "GET /favicon.ico HTTP/1.1" 302 901 "https://2blog.ilc.edu.tw/2373/tag/%e8%97%9d%e8%a1%93%e5%ae%b6%e9%a7%90%e6%a0%a1/" "Mozilla/5.0 (Windows NT 10.0; Win64; x64) AppleWebKit/537.36 (KHTML, like Gecko) Chrome/144.0.0.0 Safari/537.36"
185.191.171.3 - - [27/Aug/2026:06:47:22 +0800] "GET /17160/author/jianchen/page/22/ HTTP/1.1" 200 19476 "-" "Mozilla/5.0 (compatible; SemrushBot/7~bl; +http://www.semrush.com/bot.html)"
17.246.23.250 - - [27/Aug/2026:06:47:23 +0800] "GET /6450/wp-content/themes/oceanwp/assets/js/select.min.js HTTP/1.1" 200 2408 "https://2blog.ilc.edu.tw/6450/2014/11/20/103%e5%b9%b4%e5%ba%a6-%e6%a0%a1%e5%9c%92%e7%92%b0%e5%a2%83%e7%ae%a1%e7%90%86-%e6%b1%99%e6%b0%b4-%e6%b1%99%e6%9f%93%e7%89%a9%e8%b3%aa%e5%a6%a5%e5%96%84%e8%99%95%e7%90%86/" "Mozilla/5.0 (Macintosh; Intel Mac OS X 10_15_7) AppleWebKit/605.1.15 (KHTML, like Gecko) Version/17.4 Safari/605.1.15 (Applebot/0.1; +http://www.apple.com/go/applebot)"
240e:967:e200:a00:0:1:0:7 - - [27/Aug/2026:06:47:23 +0800] "GET /wp-includes/images/w-logo-blue-white-bg.png HTTP/1.1" 200 4946 "https://2blog.ilc.edu.tw/2373/tag/%e8%97%9d%e8%a1%93%e5%ae%b6%e9%a7%90%e6%a0%a1/" "Mozilla/5.0 (Windows NT 10.0; Win64; x64) AppleWebKit/537.36 (KHTML, like Gecko) Chrome/144.0.0.0 Safari/537.36"
34.10.180.98 - - [27/Aug/2026:06:47:23 +0800] "GET /6552/2010/10/15/1-8%E7%A4%BE%E5%8D%80%E8%AA%8D%E9%A4%8A%E6%A0%A1%E5%9C%92/ HTTP/1.1" 200 15522 "-" "Mozilla/5.0 (Macintosh; Intel Mac OS X 10_15_7) AppleWebKit/537.36 (KHTML, like Gecko) Chrome/120.0.0.0 Safari/537.36"
216.73.217.64 - - [27/Aug/2026:06:47:23 +0800] "GET /9536/wp-json/wp/v2/posts/55537 HTTP/1.1" 200 11675 "-" "Mozilla/5.0 AppleWebKit/537.36 (KHTML, like Gecko; compatible; ClaudeBot/1.0; +claudebot@anthropic.com)"
34.57.162.91 - - [27/Aug/2026:06:47:23 +0800] "GET /32745/2020/12/26/%E7%B9%BC%E7%BA%8C%E6%8B%8D%E6%8B%9A/ HTTP/1.1" 200 91906 "-" "Mozilla/5.0 (Macintosh; Intel Mac OS X 10_15_7) AppleWebKit/537.36 (KHTML, like Gecko) Chrome/120.0.0.0 Safari/537.36"
34.10.180.98 - - [27/Aug/2026:06:47:24 +0800] "GET /32745/wp-json/oembed/1.0/embed?url=https://2blog.ilc.edu.tw/32745/2024/02/24/%25e8%25b3%2580%25e6%2596%25b0%25e5%25b9%25b4/ HTTP/1.1" 200 8391 "-" "Mozilla/5.0 (Macintosh; Intel Mac OS X 10_15_7) AppleWebKit/537.36 (KHTML, like Gecko) Chrome/120.0.0.0 Safari/537.36"
34.10.180.98 - - [27/Aug/2026:06:47:24 +0800] "GET /32745/category/%E5%91%A8%E8%87%AA%E5%BE%9E%E5%91%A8%E5%BF%97%E7%90%AEvs%E6%9D%8E%E7%AB%BA%E8%8A%AF/ HTTP/1.1" 200 90444 "-" "Mozilla/5.0 (Macintosh; Intel Mac OS X 10_15_7) AppleWebKit/537.36 (KHTML, like Gecko) Chrome/120.0.0.0 Safari/537.36"
136.119.35.120 - - [27/Aug/2026:06:47:24 +0800] "GET /32745/wp-json/oembed/1.0/embed?url=https://2blog.ilc.edu.tw/32745/2022/06/01/%25e5%258d%258a%25e7%2588%25bf%25e6%259c%2588-4/ HTTP/1.1" 200 8273 "-" "Mozilla/5.0 (Macintosh; Intel Mac OS X 10_15_7) AppleWebKit/537.36 (KHTML, like Gecko) Chrome/120.0.0.0 Safari/537.36"
85.208.96.208 - - [27/Aug/2026:06:47:25 +0800] "GET /blog/result_detail.jsp?curpage=1&limit=100000&n_no=8387&pagenum=1&querytarget=1&radiobutton=1&rowcount=24&sample=%E6%8F%92 HTTP/1.1" 404 25426 "-" "Mozilla/5.0 (compatible; SemrushBot/7~bl; +http://www.semrush.com/bot.html)"
2001:288:a201::66:125 - - [27/Aug/2026:06:47:25 +0800] "GET /blog/active.php HTTP/1.1" 404 1084 "-" "-"
2001:288:a201::66:125 - - [27/Aug/2026:06:47:25 +0800] "GET /blog/active.php HTTP/1.1" 301 1026 "-" "-"
23.22.105.143 - - [27/Aug/2026:06:47:25 +0800] "GET /6460/wp-json/oembed/1.0/embed?url=https://2blog.ilc.edu.tw/6460/2015/11/19/104_3-6_%25e8%25ab%258b%25e7%25b8%25bd%25e5%258b%2599%25e8%2599%2595%25e5%25ae%259a%25e6%259c%259f%25e8%25ab%258b%25e4%25ba%25ba%25e6%25b8%2585%25e6%25b4%2597%25e6%25b0%25b4%25e5%25a1%2594%25ef%25bc%258c%25e6%25aa%25a2%25e6%25b8%25ac%25e6%25b0%25b4%25e8%25b3%25aa/ HTTP/1.1" 200 8843 "-" "Mozilla/5.0 AppleWebKit/537.36 (KHTML, like Gecko; compatible; Amazonbot/0.1; +https://developer.amazon.com/support/amazonbot) Chrome/119.0.6045.214 Safari/537.36"
136.119.35.120 - - [27/Aug/2026:06:47:25 +0800] "GET /6461/wp-json/wp/v2/posts/5009 HTTP/1.1" 200 9884 "-" "Mozilla/5.0 (Macintosh; Intel Mac OS X 10_15_7) AppleWebKit/537.36 (KHTML, like Gecko) Chrome/120.0.0.0 Safari/537.36"
34.57.162.91 - - [27/Aug/2026:06:47:25 +0800] "GET /32745/wp-json/oembed/1.0/embed?format=xml&url=https://2blog.ilc.edu.tw/32745/2021/10/07/%25e5%25a4%25b1%25e8%2590%25bd%25e7%259a%2584%25e6%2584%259b/ HTTP/1.1" 200 7231 "-" "Mozilla/5.0 (Macintosh; Intel Mac OS X 10_15_7) AppleWebKit/537.36 (KHTML, like Gecko) Chrome/120.0.0.0 Safari/537.36"
2408:8719:64:201:18:: - - [27/Aug/2026:06:47:27 +0800] "GET /wp-content/uploads/sites/1148/2026/08/cropped-%E6%A0%A1%E5%BE%BD-609x1024-1-32x32.png HTTP/1.1" 200 7023 "https://www.najh.ilc.edu.tw/2021/05/07/%e8%bd%89%e7%9f%a5%ef%bc%9a%e5%ae%9c%e8%98%ad%e7%b8%a3%e6%96%87%e5%8c%96%e5%b1%80110%e5%b9%b4%e3%80%8c%e8%98%ad%e9%99%bd%e6%96%87%e5%ad%b8%e5%8f%a2%e6%9b%b8%e4%bd%9c%e5%ae%b6%e4%bd%9c%e5%93%81/" "Mozilla/5.0 (Windows NT 10.0; Win64; x64) AppleWebKit/537.36 (KHTML, like Gecko) Chrome/144.0.0.0 Safari/537.36"
140.111.67.10 - - [27/Aug/2026:06:47:27 +0800] "GET /" 301 273 "-" "-"
34.171.68.95 - - [27/Aug/2026:06:47:27 +0800] "GET /39519/wp-json/wp/v2/posts/1184 HTTP/1.1" 200 8649 "-" "Mozilla/5.0 (Macintosh; Intel Mac OS X 10_15_7) AppleWebKit/537.36 (KHTML, like Gecko) Chrome/120.0.0.0 Safari/537.36"
34.171.68.95 - - [27/Aug/2026:06:47:27 +0800] "GET /41799/2019/09/10/ HTTP/1.1" 200 16937 "-" "Mozilla/5.0 (Macintosh; Intel Mac OS X 10_15_7) AppleWebKit/537.36 (KHTML, like Gecko) Chrome/120.0.0.0 Safari/537.36"
34.171.68.95 - - [27/Aug/2026:06:47:27 +0800] "GET /6434/wp-json/wp/v2/posts/2981 HTTP/1.1" 200 53206 "-" "Mozilla/5.0 (Macintosh; Intel Mac OS X 10_15_7) AppleWebKit/537.36 (KHTML, like Gecko) Chrome/120.0.0.0 Safari/537.36"
2001:b011:7800:507b:d82e:7eeb:b7ee:6741 - - [27/Aug/2026:06:47:28 +0800] "GET / HTTP/1.1" 200 24669 "-" "Mozilla/5.0 (Windows NT 10.0; Win64; x64) AppleWebKit/537.36 (KHTML, like Gecko) Chrome/151.0.0.0 Safari/537.36"
34.42.229.145 - - [27/Aug/2026:06:47:28 +0800] "GET /10889/wp-json/wp/v2/posts/465 HTTP/1.1" 200 19566 "-" "Mozilla/5.0 (Macintosh; Intel Mac OS X 10_15_7) AppleWebKit/537.36 (KHTML, like Gecko) Chrome/120.0.0.0 Safari/537.36"
2001:b011:7800:507b:d82e:7eeb:b7ee:6741 - - [27/Aug/2026:06:47:30 +0800] "GET /wp-includes/js/admin-bar.min.js HTTP/1.1" 304 790 "https://www.ncges.ilc.edu.tw/" "Mozilla/5.0 (Windows NT 10.0; Win64; x64) AppleWebKit/537.36 (KHTML, like Gecko) Chrome/151.0.0.0 Safari/537.36"
2001:288:a201::66:125 - - [27/Aug/2026:06:47:30 +0800] "GET /blog/active.php HTTP/1.1" 404 1084 "-" "-"
2001:288:a201::66:125 - - [27/Aug/2026:06:47:30 +0800] "GET /blog/active.php HTTP/1.1" 301 1026 "-" "-"
2001:b011:7800:507b:d82e:7eeb:b7ee:6741 - - [27/Aug/2026:06:47:30 +0800] "GET /wp-content/uploads/sites/1408/2025/10/%E5%9C%8B%E4%B8%AD-%E6%96%B0%E7%94%9F%E5%A0%B1%E5%88%B0-1024x575.png HTTP/1.1" 304 790 "https://www.ncges.ilc.edu.tw/" "Mozilla/5.0 (Windows NT 10.0; Win64; x64) AppleWebKit/537.36 (KHTML, like Gecko) Chrome/151.0.0.0 Safari/537.36"
2001:b011:7800:507b:d82e:7eeb:b7ee:6741 - - [27/Aug/2026:06:47:31 +0800] "GET /wp-content/uploads/sites/1408/2026/03/115%E5%AD%B8%E5%B9%B4%E5%BA%A6%E6%96%B0%E7%94%9F%E5%A0%B1%E5%88%B0.jpg HTTP/1.1" 304 790 "https://www.ncges.ilc.edu.tw/" "Mozilla/5.0 (Windows NT 10.0; Win64; x64) AppleWebKit/537.36 (KHTML, like Gecko) Chrome/151.0.0.0 Safari/537.36"
98.83.178.66 - - [27/Aug/2026:06:47:31 +0800] "GET /wp-content/uploads/sites/2827/6513/6513-2188084.jpg HTTP/1.1" 200 8449 "-" "Mozilla/5.0 AppleWebKit/537.36 (KHTML, like Gecko; compatible; Amazonbot/0.1; +https://developer.amazon.com/support/amazonbot) Chrome/119.0.6045.214 Safari/537.36"
34.10.180.98 - - [27/Aug/2026:06:47:31 +0800] "GET /41799/2019/12/10/%E5%AE%B6%E5%BA%AD%E6%95%99%E8%82%B2%E6%83%85%E5%A2%831/ HTTP/1.1" 200 17841 "-" "Mozilla/5.0 (Macintosh; Intel Mac OS X 10_15_7) AppleWebKit/537.36 (KHTML, like Gecko) Chrome/120.0.0.0 Safari/537.36"
2407:4b00:4c0c:840c:c5df:7bef:4df8:e2ae - - [27/Aug/2026:06:47:32 +0800] "GET /3589/ HTTP/1.1" 200 18159 "-" "Mozilla/5.0 (Linux; Android 10; K) AppleWebKit/537.36 (KHTML, like Gecko) Chrome/150.0.0.0 Mobile Safari/537.36"
54.145.82.217 - - [27/Aug/2026:06:47:32 +0800] "GET /wp-content/uploads/sites/1557/2022/08/?C=S;O%3DA HTTP/1.1" 200 1114 "-" "Mozilla/5.0 AppleWebKit/537.36 (KHTML, like Gecko; compatible; Amazonbot/0.1; +https://developer.amazon.com/support/amazonbot) Chrome/119.0.6045.214 Safari/537.36"
140.111.67.10 - - [27/Aug/2026:06:47:32 +0800] "GET /" 301 273 "-" "-"
85.208.96.211 - - [27/Aug/2026:06:47:32 +0800] "GET /blog/blog/3180/post/56086/283046 HTTP/1.1" 404 25426 "-" "Mozilla/5.0 (compatible; SemrushBot/7~bl; +http://www.semrush.com/bot.html)"
::1 - - [27/Aug/2026:06:47:33 +0800] "OPTIONS * HTTP/1.0" 200 110 "-" "Apache/2.4.68 (Ubuntu) OpenSSL/3.0.19 (internal dummy connection)"
::1 - - [27/Aug/2026:06:47:34 +0800] "OPTIONS * HTTP/1.0" 200 110 "-" "Apache/2.4.68 (Ubuntu) OpenSSL/3.0.19 (internal dummy connection)"
44.218.6.93 - - [27/Aug/2026:06:47:34 +0800] "GET /3149/wp-json/wp/v2/media/2100 HTTP/1.1" 200 9615 "-" "Mozilla/5.0 AppleWebKit/537.36 (KHTML, like Gecko; compatible; Amazonbot/0.1; +https://developer.amazon.com/support/amazonbot) Chrome/119.0.6045.214 Safari/537.36"
::1 - - [27/Aug/2026:06:47:35 +0800] "OPTIONS * HTTP/1.0" 200 110 "-" "Apache/2.4.68 (Ubuntu) OpenSSL/3.0.19 (internal dummy connection)"
2001:288:a201::66:125 - - [27/Aug/2026:06:47:35 +0800] "GET /blog/active.php HTTP/1.1" 404 1084 "-" "-"
2001:288:a201::66:125 - - [27/Aug/2026:06:47:35 +0800] "GET /blog/active.php HTTP/1.1" 301 1026 "-" "-"
66.249.71.7 - - [27/Aug/2026:06:47:34 +0800] "GET /wp-login.php?action=ilc_logout&_wpnonce=43754d0aad&redirect_to=http://erez33699.sh-vostrecova.ru HTTP/1.1" 302 8247 "-" "Mozilla/5.0 (Linux; Android 6.0.1; Nexus 5X Build/MMB29P) AppleWebKit/537.36 (KHTML, like Gecko) Chrome/151.0.7922.173 Mobile Safari/537.36 (compatible; GoogleOther)"
34.56.124.53 - - [27/Aug/2026:06:47:35 +0800] "GET /26066/wp-json/wp/v2/posts/2301 HTTP/1.1" 200 30079 "-" "Mozilla/5.0 (Macintosh; Intel Mac OS X 10_15_7) AppleWebKit/537.36 (KHTML, like Gecko) Chrome/120.0.0.0 Safari/537.36"
34.42.229.145 - - [27/Aug/2026:06:47:36 +0800] "GET /6540/2017/09/ HTTP/1.1" 200 15228 "-" "Mozilla/5.0 (Macintosh; Intel Mac OS X 10_15_7) AppleWebKit/537.36 (KHTML, like Gecko) Chrome/120.0.0.0 Safari/537.36"
52.3.127.170 - - [27/Aug/2026:06:47:36 +0800] "GET /wp-content/uploads/sites/1094/2023/08/?C=N;O%3DA HTTP/1.1" 200 1114 "-" "Mozilla/5.0 AppleWebKit/537.36 (KHTML, like Gecko; compatible; Amazonbot/0.1; +https://developer.amazon.com/support/amazonbot) Chrome/119.0.6045.214 Safari/537.36"
2409:8754:9330:0:122:238:118:235 - - [27/Aug/2026:06:47:36 +0800] "GET /read1/wp-json/wp/v2/posts/681 HTTP/1.1" 200 10795 "-" "Mozilla/5.0 (Windows NT 10.0; Win64; x64) AppleWebKit/537.36 (KHTML, like Gecko) Chrome/144.0.0.0 Safari/537.36"
2409:8754:9330:0:122:238:118:235 - - [27/Aug/2026:06:47:36 +0800] "GET /favicon.ico HTTP/1.1" 302 901 "https://2blog.ilc.edu.tw/read1/wp-json/wp/v2/posts/681" "Mozilla/5.0 (Windows NT 10.0; Win64; x64) AppleWebKit/537.36 (KHTML, like Gecko) Chrome/144.0.0.0 Safari/537.36"
2409:8754:9330:0:122:238:118:235 - - [27/Aug/2026:06:47:37 +0800] "GET /wp-includes/images/w-logo-blue-white-bg.png HTTP/1.1" 200 4946 "https://2blog.ilc.edu.tw/read1/wp-json/wp/v2/posts/681" "Mozilla/5.0 (Windows NT 10.0; Win64; x64) AppleWebKit/537.36 (KHTML, like Gecko) Chrome/144.0.0.0 Safari/537.36"
140.111.67.10 - - [27/Aug/2026:06:47:37 +0800] "GET /" 301 273 "-" "-"
34.171.68.95 - - [27/Aug/2026:06:47:37 +0800] "GET /6519/wp-json/oembed/1.0/embed?format=xml&url=https://2blog.ilc.edu.tw/6519/2015/12/04/104-%25e9%25a3%259f%25e8%25be%25b2%25e6%2595%2599%25e8%2582%25b2%25e6%258e%25a8%25e5%25bb%25a3/ HTTP/1.1" 200 7016 "-" "Mozilla/5.0 (Macintosh; Intel Mac OS X 10_15_7) AppleWebKit/537.36 (KHTML, like Gecko) Chrome/120.0.0.0 Safari/537.36"
66.249.71.7 - - [27/Aug/2026:06:47:35 +0800] "GET /wp-login.php?action=ilc_logout&_wpnonce=43754d0aad&redirect_to=//comlinavintlu.ml/113wwwjwesilcedutwOxG651 HTTP/1.1" 302 3472 "-" "Mozilla/5.0 (Linux; Android 6.0.1; Nexus 5X Build/MMB29P) AppleWebKit/537.36 (KHTML, like Gecko) Chrome/151.0.7922.173 Mobile Safari/537.36 (compatible; Googlebot/2.1; +http://www.google.com/bot.html)"
185.191.171.11 - - [27/Aug/2026:06:47:37 +0800] "GET /kkes501/2023/05/12/111%E4%BA%94%E4%B8%8B%E5%9C%8B%E8%AA%9E/ HTTP/1.1" 200 15353 "-" "Mozilla/5.0 (compatible; SemrushBot/7~bl; +http://www.semrush.com/bot.html)"
34.42.229.145 - - [27/Aug/2026:06:47:38 +0800] "GET /32745/wp-json/oembed/1.0/embed?format=xml&url=https://2blog.ilc.edu.tw/32745/2025/03/01/%25e8%25a1%258c%25e8%25a1%258c%25e7%259c%258b%25e7%259c%258b/ HTTP/1.1" 200 7082 "-" "Mozilla/5.0 (Macintosh; Intel Mac OS X 10_15_7) AppleWebKit/537.36 (KHTML, like Gecko) Chrome/120.0.0.0 Safari/537.36"
2408:8726:2000:a::1312 - - [27/Aug/2026:06:47:40 +0800] "GET /category/c-9300/c-63356/page/3/ HTTP/1.1" 200 16280 "-" "Mozilla/5.0 (Windows NT 10.0; Win64; x64) AppleWebKit/537.36 (KHTML, like Gecko) Chrome/144.0.0.0 Safari/537.36"
2001:288:a201::66:125 - - [27/Aug/2026:06:47:40 +0800] "GET /blog/active.php HTTP/1.1" 404 1084 "-" "-"
2001:288:a201::66:125 - - [27/Aug/2026:06:47:40 +0800] "GET /blog/active.php HTTP/1.1" 301 1026 "-" "-"
23.21.148.226 - - [27/Aug/2026:06:47:40 +0800] "GET /wp-content/uploads/sites/1922/2025/04/?C=S;O%3DA HTTP/1.1" 200 1113 "-" "Mozilla/5.0 AppleWebKit/537.36 (KHTML, like Gecko; compatible; Amazonbot/0.1; +https://developer.amazon.com/support/amazonbot) Chrome/119.0.6045.214 Safari/537.36"
2408:8726:2000:a::1312 - - [27/Aug/2026:06:47:40 +0800] "GET /wp-content/cache/www.yles.ilc.edu.tw/wpfc-minified/97qks90l/7990.css HTTP/1.1" 200 40894 "https://www.yles.ilc.edu.tw/category/c-9300/c-63356/page/3/" "Mozilla/5.0 (Windows NT 10.0; Win64; x64) AppleWebKit/537.36 (KHTML, like Gecko) Chrome/144.0.0.0 Safari/537.36"
2408:8726:2000:a::1312 - - [27/Aug/2026:06:47:41 +0800] "GET /wp-content/cache/www.yles.ilc.edu.tw/wpfc-minified/kwo8vnc2/7990.css HTTP/1.1" 200 15786 "https://www.yles.ilc.edu.tw/category/c-9300/c-63356/page/3/" "Mozilla/5.0 (Windows NT 10.0; Win64; x64) AppleWebKit/537.36 (KHTML, like Gecko) Chrome/144.0.0.0 Safari/537.36"
2408:8726:2000:a::1312 - - [27/Aug/2026:06:47:41 +0800] "GET /wp-content/cache/www.yles.ilc.edu.tw/wpfc-minified/kxbv6xkk/7990.css HTTP/1.1" 200 1500 "https://www.yles.ilc.edu.tw/category/c-9300/c-63356/page/3/" "Mozilla/5.0 (Windows NT 10.0; Win64; x64) AppleWebKit/537.36 (KHTML, like Gecko) Chrome/144.0.0.0 Safari/537.36"
2408:8726:2000:a::1312 - - [27/Aug/2026:06:47:41 +0800] "GET /wp-content/cache/www.yles.ilc.edu.tw/wpfc-minified/dsz8nebd/7990.js HTTP/1.1" 200 35896 "https://www.yles.ilc.edu.tw/category/c-9300/c-63356/page/3/" "Mozilla/5.0 (Windows NT 10.0; Win64; x64) AppleWebKit/537.36 (KHTML, like Gecko) Chrome/144.0.0.0 Safari/537.36"
2408:8726:2000:a::1312 - - [27/Aug/2026:06:47:41 +0800] "GET /wp-content/cache/www.yles.ilc.edu.tw/wpfc-minified/efdet0zp/7990.js HTTP/1.1" 200 8246 "https://www.yles.ilc.edu.tw/category/c-9300/c-63356/page/3/" "Mozilla/5.0 (Windows NT 10.0; Win64; x64) AppleWebKit/537.36 (KHTML, like Gecko) Chrome/144.0.0.0 Safari/537.36"
2408:8726:2000:a::1312 - - [27/Aug/2026:06:47:41 +0800] "GET /wp-content/cache/www.yles.ilc.edu.tw/wpfc-minified/qkccxb9d/7990.css HTTP/1.1" 200 67580 "https://www.yles.ilc.edu.tw/category/c-9300/c-63356/page/3/" "Mozilla/5.0 (Windows NT 10.0; Win64; x64) AppleWebKit/537.36 (KHTML, like Gecko) Chrome/144.0.0.0 Safari/537.36"
54.197.178.107 - - [27/Aug/2026:06:47:41 +0800] "GET /englishvillage/2025/06/06/2025-06-06-%E6%AD%A1%E8%BF%8E%E5%AF%92%E6%BA%AA%E5%9C%8B%E5%B0%8F-%E6%AD%A6%E6%B7%B5%E5%9C%8B%E5%B0%8F-%E8%90%AC%E5%AF%8C%E5%9C%8B%E5%B0%8F-%E6%86%B2%E6%98%8E%E5%9C%8B%E5%B0%8F%E9%80%B2%E6%9D%91/img_1348-2/embed/ HTTP/1.1" 200 12902 "-" "Mozilla/5.0 AppleWebKit/537.36 (KHTML, like Gecko; compatible; Amazonbot/0.1; +https://developer.amazon.com/support/amazonbot) Chrome/119.0.6045.214 Safari/537.36"
2408:8726:2000:a::1312 - - [27/Aug/2026:06:47:41 +0800] "GET /wp-includes/js/hoverintent-js.min.js HTTP/1.1" 200 6391 "https://www.yles.ilc.edu.tw/category/c-9300/c-63356/page/3/" "Mozilla/5.0 (Windows NT 10.0; Win64; x64) AppleWebKit/537.36 (KHTML, like Gecko) Chrome/144.0.0.0 Safari/537.36"
2408:8726:2000:a::1312 - - [27/Aug/2026:06:47:42 +0800] "GET /wp-includes/js/admin-bar.min.js HTTP/1.1" 200 2237 "https://www.yles.ilc.edu.tw/category/c-9300/c-63356/page/3/" "Mozilla/5.0 (Windows NT 10.0; Win64; x64) AppleWebKit/537.36 (KHTML, like Gecko) Chrome/144.0.0.0 Safari/537.36"
240e:f7:4f00:2509::3 - - [27/Aug/2026:06:47:42 +0800] "GET /wp-content/cache/www.najh.ilc.edu.tw/wpfc-minified/4ybahoo/6wh9.css HTTP/1.1" 200 20584 "https://www.najh.ilc.edu.tw/2024/09/12/%E8%BC%94%E5%B0%8E%E8%BD%89%E4%BB%8B%E5%96%AE%E6%9A%A8%E5%AE%B6%E8%A8%AA%E7%B4%80%E9%8C%84%E8%A1%A8%E4%BE%9B%E5%8F%83%E8%80%83/" "Mozilla/5.0 (Windows NT 10.0; Win64; x64) AppleWebKit/537.36 (KHTML, like Gecko) Chrome/144.0.0.0 Safari/537.36"
2408:8726:2000:a::1312 - - [27/Aug/2026:06:47:42 +0800] "GET /wp-includes/js/imagesloaded.min.js HTTP/1.1" 200 2683 "https://www.yles.ilc.edu.tw/category/c-9300/c-63356/page/3/" "Mozilla/5.0 (Windows NT 10.0; Win64; x64) AppleWebKit/537.36 (KHTML, like Gecko) Chrome/144.0.0.0 Safari/537.36"
2408:8726:2000:a::1312 - - [27/Aug/2026:06:47:42 +0800] "GET /wp-content/themes/oceanwp/assets/js/theme.min.js HTTP/1.1" 200 5130 "https://www.yles.ilc.edu.tw/category/c-9300/c-63356/page/3/" "Mozilla/5.0 (Windows NT 10.0; Win64; x64) AppleWebKit/537.36 (KHTML, like Gecko) Chrome/144.0.0.0 Safari/537.36"
2408:8726:2000:a::1312 - - [27/Aug/2026:06:47:42 +0800] "GET /wp-content/themes/oceanwp/assets/js/drop-down-mobile-menu.min.js HTTP/1.1" 200 4663 "https://www.yles.ilc.edu.tw/category/c-9300/c-63356/page/3/" "Mozilla/5.0 (Windows NT 10.0; Win64; x64) AppleWebKit/537.36 (KHTML, like Gecko) Chrome/144.0.0.0 Safari/537.36"
140.111.67.10 - - [27/Aug/2026:06:47:42 +0800] "GET /" 301 273 "-" "-"
2408:8726:2000:a::1312 - - [27/Aug/2026:06:47:42 +0800] "GET /wp-content/themes/oceanwp/assets/js/drop-down-search.min.js HTTP/1.1" 200 2968 "https://www.yles.ilc.edu.tw/category/c-9300/c-63356/page/3/" "Mozilla/5.0 (Windows NT 10.0; Win64; x64) AppleWebKit/537.36 (KHTML, like Gecko) Chrome/144.0.0.0 Safari/537.36"
2408:8726:2000:a::1312 - - [27/Aug/2026:06:47:42 +0800] "GET /wp-content/themes/oceanwp/assets/js/vendors/magnific-popup.min.js HTTP/1.1" 200 8270 "https://www.yles.ilc.edu.tw/category/c-9300/c-63356/page/3/" "Mozilla/5.0 (Windows NT 10.0; Win64; x64) AppleWebKit/537.36 (KHTML, like Gecko) Chrome/144.0.0.0 Safari/537.36"
2408:8726:2000:a::1312 - - [27/Aug/2026:06:47:42 +0800] "GET /wp-content/themes/oceanwp/assets/js/ow-lightbox.min.js HTTP/1.1" 200 2321 "https://www.yles.ilc.edu.tw/category/c-9300/c-63356/page/3/" "Mozilla/5.0 (Windows NT 10.0; Win64; x64) AppleWebKit/537.36 (KHTML, like Gecko) Chrome/144.0.0.0 Safari/537.36"
2408:8726:2000:a::1312 - - [27/Aug/2026:06:47:42 +0800] "GET /wp-content/themes/oceanwp/assets/js/vendors/flickity.pkgd.min.js HTTP/1.1" 200 15048 "https://www.yles.ilc.edu.tw/category/c-9300/c-63356/page/3/" "Mozilla/5.0 (Windows NT 10.0; Win64; x64) AppleWebKit/537.36 (KHTML, like Gecko) Chrome/144.0.0.0 Safari/537.36"
2408:8726:2000:a::1312 - - [27/Aug/2026:06:47:42 +0800] "GET /wp-content/themes/oceanwp/assets/js/ow-slider.min.js HTTP/1.1" 200 1761 "https://www.yles.ilc.edu.tw/category/c-9300/c-63356/page/3/" "Mozilla/5.0 (Windows NT 10.0; Win64; x64) AppleWebKit/537.36 (KHTML, like Gecko) Chrome/144.0.0.0 Safari/537.36"
2408:8726:2000:a::1312 - - [27/Aug/2026:06:47:42 +0800] "GET /wp-content/themes/oceanwp/assets/js/scroll-top.min.js HTTP/1.1" 200 3202 "https://www.yles.ilc.edu.tw/category/c-9300/c-63356/page/3/" "Mozilla/5.0 (Windows NT 10.0; Win64; x64) AppleWebKit/537.36 (KHTML, like Gecko) Chrome/144.0.0.0 Safari/537.36"
2408:8726:2000:a::1312 - - [27/Aug/2026:06:47:42 +0800] "GET /wp-content/themes/oceanwp/assets/js/scroll-effect.min.js HTTP/1.1" 200 4127 "https://www.yles.ilc.edu.tw/category/c-9300/c-63356/page/3/" "Mozilla/5.0 (Windows NT 10.0; Win64; x64) AppleWebKit/537.36 (KHTML, like Gecko) Chrome/144.0.0.0 Safari/537.36"
2408:8726:2000:a::1312 - - [27/Aug/2026:06:47:42 +0800] "GET /wp-content/themes/oceanwp/assets/js/select.min.js HTTP/1.1" 200 2408 "https://www.yles.ilc.edu.tw/category/c-9300/c-63356/page/3/" "Mozilla/5.0 (Windows NT 10.0; Win64; x64) AppleWebKit/537.36 (KHTML, like Gecko) Chrome/144.0.0.0 Safari/537.36"
2408:8726:2000:a::1312 - - [27/Aug/2026:06:47:42 +0800] "GET /wp-content/plugins/ocean-extra/includes/widgets/js/flickr.min.js HTTP/1.1" 200 1319 "https://www.yles.ilc.edu.tw/category/c-9300/c-63356/page/3/" "Mozilla/5.0 (Windows NT 10.0; Win64; x64) AppleWebKit/537.36 (KHTML, like Gecko) Chrome/144.0.0.0 Safari/537.36"
34.10.180.98 - - [27/Aug/2026:06:47:42 +0800] "GET /20978/?p=5545 HTTP/1.1" 301 5705 "-" "Mozilla/5.0 (Macintosh; Intel Mac OS X 10_15_7) AppleWebKit/537.36 (KHTML, like Gecko) Chrome/120.0.0.0 Safari/537.36"
2408:8726:2000:a::1312 - - [27/Aug/2026:06:47:43 +0800] "GET /wp-content/themes/oceanwp/assets/fonts/simple-line-icons/Simple-Line-Icons.woff2?v=2.4.0 HTTP/1.1" 200 30959 "https://www.yles.ilc.edu.tw/wp-content/cache/www.yles.ilc.edu.tw/wpfc-minified/qkccxb9d/7990.css" "Mozilla/5.0 (Windows NT 10.0; Win64; x64) AppleWebKit/537.36 (KHTML, like Gecko) Chrome/144.0.0.0 Safari/537.36"
52.204.89.12 - - [27/Aug/2026:06:47:43 +0800] "GET /englishvillage/wp-content/uploads/sites/3106/2025/06/IMG_1348-1-880x312.jpeg HTTP/1.1" 200 54190 "-" "Mozilla/5.0 AppleWebKit/537.36 (KHTML, like Gecko; compatible; Amazonbot/0.1; +https://developer.amazon.com/support/amazonbot) Chrome/119.0.6045.214 Safari/537.36"
2408:8726:2000:a::1312 - - [27/Aug/2026:06:47:42 +0800] "GET /wp-content/themes/oceanwp/assets/fonts/fontawesome/webfonts/fa-solid-900.woff2 HTTP/1.1" 200 151246 "https://www.yles.ilc.edu.tw/wp-content/cache/www.yles.ilc.edu.tw/wpfc-minified/qkccxb9d/7990.css" "Mozilla/5.0 (Windows NT 10.0; Win64; x64) AppleWebKit/537.36 (KHTML, like Gecko) Chrome/144.0.0.0 Safari/537.36"
40.77.167.57 - - [27/Aug/2026:06:47:43 +0800] "GET /blog/summary.php?op=blogPostsList&searchTerm=1&blogCategoryId=2&page=6 HTTP/1.1" 404 895 "-" "Mozilla/5.0 AppleWebKit/537.36 (KHTML, like Gecko; compatible; bingbot/2.0; +http://www.bing.com/bingbot.htm) Chrome/116.0.1938.76 Safari/537.36"
34.56.124.53 - - [27/Aug/2026:06:47:43 +0800] "GET /32745/2023/03/04/%E6%84%9B%E9%81%A0%E8%B5%B0%E9%AB%98%E9%A3%9B/ HTTP/1.1" 200 92346 "-" "Mozilla/5.0 (Macintosh; Intel Mac OS X 10_15_7) AppleWebKit/537.36 (KHTML, like Gecko) Chrome/120.0.0.0 Safari/537.36"
54.87.62.248 - - [27/Aug/2026:06:47:44 +0800] "GET /wp-content/uploads/sites/2177/elementor/css/?C=N;O%3DD HTTP/1.1" 200 1168 "-" "Mozilla/5.0 AppleWebKit/537.36 (KHTML, like Gecko; compatible; Amazonbot/0.1; +https://developer.amazon.com/support/amazonbot) Chrome/119.0.6045.214 Safari/537.36"
34.171.68.95 - - [27/Aug/2026:06:47:44 +0800] "GET /6488/?p=24243 HTTP/1.1" 301 5717 "-" "Mozilla/5.0 (Macintosh; Intel Mac OS X 10_15_7) AppleWebKit/537.36 (KHTML, like Gecko) Chrome/120.0.0.0 Safari/537.36"
