140.111.67.10 - - [27/Aug/2026:06:43:52 +0800] "GET /" 301 273 "-" "-"
34.42.229.145 - - [27/Aug/2026:06:43:52 +0800] "GET /32745/wp-json/oembed/1.0/embed?url=https://2blog.ilc.edu.tw/32745/2021/11/01/%25e7%259c%259f%25e6%2584%259b%25e4%25bc%25b4%25e4%25b8%2580%25e7%2594%259f/ HTTP/1.1" 200 8470 "-" "Mozilla/5.0 (Macintosh; Intel Mac OS X 10_15_7) AppleWebKit/537.36 (KHTML, like Gecko) Chrome/120.0.0.0 Safari/537.36"
66.249.71.8 - - [27/Aug/2026:06:43:51 +0800] "GET /wp-login.php?action=ilc_logout&_wpnonce=43754d0aad&redirect_to=//ipkzashita.ru/creator/67926/ HTTP/1.1" 302 8244 "-" "Mozilla/5.0 (compatible; Googlebot/2.1; +http://www.google.com/bot.html)"
34.10.180.98 - - [27/Aug/2026:06:43:54 +0800] "GET /32745/wp-json/oembed/1.0/embed?url=https://2blog.ilc.edu.tw/32745/2020/05/17/%25e6%2584%259b%25e5%2588%25b0%25e6%2598%258f%25e6%2598%258f%25e5%258e%25bb/ HTTP/1.1" 200 8344 "-" "Mozilla/5.0 (Macintosh; Intel Mac OS X 10_15_7) AppleWebKit/537.36 (KHTML, like Gecko) Chrome/120.0.0.0 Safari/537.36"
2001:288:a201::66:125 - - [27/Aug/2026:06:43:55 +0800] "GET /blog/active.php HTTP/1.1" 301 1026 "-" "-"
2001:288:a201::66:125 - - [27/Aug/2026:06:43:55 +0800] "GET /blog/active.php HTTP/1.1" 404 1084 "-" "-"
111.71.111.141 - - [27/Aug/2026:06:43:55 +0800] "GET / HTTP/1.1" 200 23923 "-" "Mozilla/5.0 (Macintosh; Intel Mac OS X 10_11_1) AppleWebKit/601.2.4 (KHTML, like Gecko) Version/9.0.1 Safari/601.2.4 facebookexternalhit/1.1 Facebot Twitterbot/1.0"
66.249.71.7 - - [27/Aug/2026:06:43:54 +0800] "GET /wp-login.php?action=ilc_logout&_wpnonce=43754d0aad&redirect_to=http://appleinfinity.ru/gallery/22051/ HTTP/1.1" 302 8252 "-" "Mozilla/5.0 (compatible; Googlebot/2.1; +http://www.google.com/bot.html)"
85.208.96.200 - - [27/Aug/2026:06:43:54 +0800] "GET /21/2008/04/23/%E6%98%A5%E4%B9%8B%E8%88%9E%E7%A5%AD/ HTTP/1.1" 200 18166 "-" "Mozilla/5.0 (compatible; SemrushBot/7~bl; +http://www.semrush.com/bot.html)"
140.111.67.10 - - [27/Aug/2026:06:43:57 +0800] "GET /" 301 273 "-" "-"
85.208.96.204 - - [27/Aug/2026:06:43:58 +0800] "GET /blog/blog/18136/post/44819/534431 HTTP/1.1" 404 25426 "-" "Mozilla/5.0 (compatible; SemrushBot/7~bl; +http://www.semrush.com/bot.html)"
34.171.68.95 - - [27/Aug/2026:06:43:58 +0800] "GET /32745/2020/06/16/%E8%87%BA%E5%8C%97%E5%B8%9D%E5%9C%8B/ HTTP/1.1" 200 93464 "-" "Mozilla/5.0 (Macintosh; Intel Mac OS X 10_15_7) AppleWebKit/537.36 (KHTML, like Gecko) Chrome/120.0.0.0 Safari/537.36"
34.171.68.95 - - [27/Aug/2026:06:43:58 +0800] "GET /2711/2021/04/16/ HTTP/1.1" 200 14717 "-" "Mozilla/5.0 (Macintosh; Intel Mac OS X 10_15_7) AppleWebKit/537.36 (KHTML, like Gecko) Chrome/120.0.0.0 Safari/537.36"
66.249.79.132 - - [27/Aug/2026:06:43:57 +0800] "GET /wp-login.php?action=ilc_logout&_wpnonce=43754d0aad&redirect_to=http://cehdubna.ru/gallery/58277/ HTTP/1.1" 302 3440 "-" "Mozilla/5.0 (compatible; Googlebot/2.1; +http://www.google.com/bot.html)"
2001:b011:7801:5706:54e4:e26a:3b12:d066 - - [27/Aug/2026:06:43:59 +0800] "-" 408 4791 "-" "-"
34.171.68.95 - - [27/Aug/2026:06:43:59 +0800] "GET /6540/2017/05/23/ HTTP/1.1" 200 14144 "-" "Mozilla/5.0 (Macintosh; Intel Mac OS X 10_15_7) AppleWebKit/537.36 (KHTML, like Gecko) Chrome/120.0.0.0 Safari/537.36"
54.163.136.244 - - [27/Aug/2026:06:44:00 +0800] "GET /wp-content/uploads/sites/48/2019/06/?C=D;O%3DA HTTP/1.1" 200 1111 "-" "Mozilla/5.0 AppleWebKit/537.36 (KHTML, like Gecko; compatible; Amazonbot/0.1; +https://developer.amazon.com/support/amazonbot) Chrome/119.0.6045.214 Safari/537.36"
85.208.96.196 - - [27/Aug/2026:06:44:00 +0800] "GET /blog/blog/4950/post/19409/244646 HTTP/1.1" 404 25426 "-" "Mozilla/5.0 (compatible; SemrushBot/7~bl; +http://www.semrush.com/bot.html)"
34.61.96.6 - - [27/Aug/2026:06:44:00 +0800] "GET /26926/wp-json/wp/v2/posts/88 HTTP/1.1" 200 17013 "-" "Mozilla/5.0 (Macintosh; Intel Mac OS X 10_15_7) AppleWebKit/537.36 (KHTML, like Gecko) Chrome/120.0.0.0 Safari/537.36"
2001:288:a201::66:125 - - [27/Aug/2026:06:44:00 +0800] "GET /blog/active.php HTTP/1.1" 301 1026 "-" "-"
2001:288:a201::66:125 - - [27/Aug/2026:06:44:00 +0800] "GET /blog/active.php HTTP/1.1" 404 1084 "-" "-"
34.30.223.149 - - [27/Aug/2026:06:44:00 +0800] "GET /17160/2013/05/07/ HTTP/1.1" 200 17868 "-" "Mozilla/5.0 (Macintosh; Intel Mac OS X 10_15_7) AppleWebKit/537.36 (KHTML, like Gecko) Chrome/120.0.0.0 Safari/537.36"
66.249.79.128 - - [27/Aug/2026:06:43:59 +0800] "GET /wp-login.php?action=ilc_logout&_wpnonce=43754d0aad&redirect_to=http://semkrug.ru/creator/66440/ HTTP/1.1" 302 8246 "-" "Mozilla/5.0 (Linux; Android 6.0.1; Nexus 5X Build/MMB29P) AppleWebKit/537.36 (KHTML, like Gecko) Chrome/151.0.7922.173 Mobile Safari/537.36 (compatible; Googlebot/2.1; +http://www.google.com/bot.html)"
2001:288:a201::67:81 - - [27/Aug/2026:06:44:02 +0800] "GET / HTTP/1.1" 200 56291 "-" "curl/7.81.0"
3.212.86.97 - - [27/Aug/2026:06:44:02 +0800] "GET /5156/2011/03/18/97_%E9%96%B1%E8%AE%80%E6%9D%8E%E6%BD%BC/ HTTP/1.1" 404 25485 "-" "Mozilla/5.0 AppleWebKit/537.36 (KHTML, like Gecko; compatible; Amazonbot/0.1; +https://developer.amazon.com/support/amazonbot) Chrome/119.0.6045.214 Safari/537.36"
140.111.67.10 - - [27/Aug/2026:06:44:02 +0800] "GET /" 301 273 "-" "-"
34.10.180.98 - - [27/Aug/2026:06:44:02 +0800] "GET /32745/wp-json/wp/v2/posts/96371 HTTP/1.1" 200 15197 "-" "Mozilla/5.0 (Macintosh; Intel Mac OS X 10_15_7) AppleWebKit/537.36 (KHTML, like Gecko) Chrome/120.0.0.0 Safari/537.36"
66.249.79.128 - - [27/Aug/2026:06:44:02 +0800] "GET /wp-login.php?action=ilc_logout&_wpnonce=43754d0aad&redirect_to=http://kostrovspb.ru/join/12786/ HTTP/1.1" 302 3461 "-" "Mozilla/5.0 (compatible; Googlebot/2.1; +http://www.google.com/bot.html)"
85.208.96.197 - - [27/Aug/2026:06:44:04 +0800] "GET /blog/blog/135/post/439/724074 HTTP/1.1" 404 25426 "-" "Mozilla/5.0 (compatible; SemrushBot/7~bl; +http://www.semrush.com/bot.html)"
2001:288:a201::66:125 - - [27/Aug/2026:06:44:05 +0800] "GET /blog/active.php HTTP/1.1" 301 1026 "-" "-"
2001:288:a201::66:125 - - [27/Aug/2026:06:44:05 +0800] "GET /blog/active.php HTTP/1.1" 404 1084 "-" "-"
40.77.167.1 - - [27/Aug/2026:06:44:02 +0800] "GET /26150/2014/05/30/103%E5%B9%B4%E5%BA%A6%E7%AC%AC21%E6%AC%A1-%E5%B9%B8%E7%A6%8F%E5%AE%B6%E5%BA%AD-%E7%A9%BA%E4%B8%AD%E8%AC%9B%E5%A0%82-%E5%AE%B6%E5%BA%AD%E6%95%99%E8%82%B2%E9%98%B2%E6%B2%BB%E8%88%87%E6%80%A7%E5%88%A5/ HTTP/1.1" 200 22969 "-" "Mozilla/5.0 AppleWebKit/537.36 (KHTML, like Gecko; compatible; bingbot/2.0; +http://www.bing.com/bingbot.htm) Chrome/116.0.1938.76 Safari/537.36"
140.111.67.195 - - [27/Aug/2026:06:44:05 +0800] "GET /wp-admin/admin-post.php?action=steps_ad HTTP/1.1" 200 1973 "-" "node-fetch/1.0 (+https://github.com/bitinn/node-fetch)"
140.111.67.195 - - [27/Aug/2026:06:44:05 +0800] "GET /wp-admin/admin-post.php?action=steps_ad HTTP/1.1" 200 1973 "-" "node-fetch/1.0 (+https://github.com/bitinn/node-fetch)"
34.123.149.87 - - [27/Aug/2026:06:44:05 +0800] "GET /32745/wp-json/wp/v2/posts/104056 HTTP/1.1" 200 22367 "-" "Mozilla/5.0 (Macintosh; Intel Mac OS X 10_15_7) AppleWebKit/537.36 (KHTML, like Gecko) Chrome/120.0.0.0 Safari/537.36"
34.56.53.225 - - [27/Aug/2026:06:44:06 +0800] "GET /16847/?p=11 HTTP/1.1" 301 5761 "-" "Mozilla/5.0 (Macintosh; Intel Mac OS X 10_15_7) AppleWebKit/537.36 (KHTML, like Gecko) Chrome/120.0.0.0 Safari/537.36"
66.249.71.6 - - [27/Aug/2026:06:44:04 +0800] "GET /wp-login.php?action=ilc_logout&_wpnonce=43754d0aad&redirect_to=http://helenfeniks.ru/job/64688/ HTTP/1.1" 302 3439 "-" "Mozilla/5.0 (Linux; Android 6.0.1; Nexus 5X Build/MMB29P) AppleWebKit/537.36 (KHTML, like Gecko) Chrome/151.0.7922.173 Mobile Safari/537.36 (compatible; GoogleOther)"
2001:288:a201::67:81 - - [27/Aug/2026:06:44:04 +0800] "POST /26150/2014/05/30/103%E5%B9%B4%E5%BA%A6%E7%AC%AC21%E6%AC%A1-%E5%B9%B8%E7%A6%8F%E5%AE%B6%E5%BA%AD-%E7%A9%BA%E4%B8%AD%E8%AC%9B%E5%A0%82-%E5%AE%B6%E5%BA%AD%E6%95%99%E8%82%B2%E9%98%B2%E6%B2%BB%E8%88%87%E6%80%A7%E5%88%A5/?fsm_edd_37394=1c96e65348bd68473cb72ab94a69bc64 HTTP/1.1" 200 13008 "-" "WordPress/6.6.7; https://2blog.ilc.edu.tw/26150"
140.111.67.195 - - [27/Aug/2026:06:44:06 +0800] "GET /wp-admin/admin-post.php?action=steps_ad HTTP/1.1" 200 1649 "-" "node-fetch/1.0 (+https://github.com/bitinn/node-fetch)"
34.30.223.149 - - [27/Aug/2026:06:44:06 +0800] "GET /32745/wp-json/oembed/1.0/embed?url=https://2blog.ilc.edu.tw/32745/2022/04/30/%25e8%2588%258a%25e7%259b%25b8%25e7%2589%2587-4/ HTTP/1.1" 200 8405 "-" "Mozilla/5.0 (Macintosh; Intel Mac OS X 10_15_7) AppleWebKit/537.36 (KHTML, like Gecko) Chrome/120.0.0.0 Safari/537.36"
140.111.67.10 - - [27/Aug/2026:06:44:07 +0800] "GET /" 301 273 "-" "-"
54.225.181.161 - - [27/Aug/2026:06:44:08 +0800] "GET /wp-content/uploads/sites/1451/2023/?C=N;O%3DA HTTP/1.1" 200 1305 "-" "Mozilla/5.0 AppleWebKit/537.36 (KHTML, like Gecko; compatible; Amazonbot/0.1; +https://developer.amazon.com/support/amazonbot) Chrome/119.0.6045.214 Safari/537.36"
85.208.96.194 - - [27/Aug/2026:06:44:06 +0800] "GET /26150/2015/09/29/%E5%9B%A0%E6%9D%9C%E9%B5%91%E5%8B%92%E9%A2%B1%E9%A2%A8%E4%BE%86%E8%A5%B2104%E5%B9%B49%E6%9C%8822%E6%97%A5%E4%BA%8C%E6%99%9A%E4%B8%8A7%E9%BB%9E%E6%96%BC%E7%BE%85%E6%9D%B1%E9%AB%98%E4%B8%AD%E8%BE%A6/ HTTP/1.1" 200 23400 "-" "Mozilla/5.0 (compatible; SemrushBot/7~bl; +http://www.semrush.com/bot.html)"
2001:b400:e247:a83d:85be:1c5a:45f5:f836 - - [27/Aug/2026:06:44:06 +0800] "GET /wp-content/uploads/sites/3846/2026/08/%E8%BE%B2%E6%A5%AD%E9%83%A8%E5%BB%A3%E5%91%8A.jpg HTTP/1.1" 200 240914 "https://it.ilc.edu.tw/" "Mozilla/5.0 (Windows NT 10.0; Win64; x64) AppleWebKit/537.36 (KHTML, like Gecko) Chrome/151.0.0.0 Safari/537.36"
40.77.167.1 - - [27/Aug/2026:06:44:08 +0800] "GET /39664/2020/12/01/ HTTP/1.1" 200 12307 "-" "Mozilla/5.0 AppleWebKit/537.36 (KHTML, like Gecko; compatible; bingbot/2.0; +http://www.bing.com/bingbot.htm) Chrome/116.0.1938.76 Safari/537.36"
66.249.79.138 - - [27/Aug/2026:06:44:08 +0800] "GET /wp-login.php?key=caeyi381&_wpnonce=&action=ilc_logout&redirect_to=https%3A%2F%2Fchatgpt.com%2F%3Fq%3DPlease+provide+only+the+clickable+link+for+https%3A%2F%2Fwww.aayyy.com+and+without+any+extra+content HTTP/1.1" 302 8355 "-" "Mozilla/5.0 (Linux; Android 6.0.1; Nexus 5X Build/MMB29P) AppleWebKit/537.36 (KHTML, like Gecko) Chrome/151.0.7922.173 Mobile Safari/537.36 (compatible; Googlebot/2.1; +http://www.google.com/bot.html)"
140.111.67.195 - - [27/Aug/2026:06:44:10 +0800] "GET /wp-admin/admin-post.php?action=steps_ad HTTP/1.1" 200 1649 "-" "node-fetch/1.0 (+https://github.com/bitinn/node-fetch)"
2001:288:a201::66:125 - - [27/Aug/2026:06:44:10 +0800] "GET /blog/active.php HTTP/1.1" 301 1026 "-" "-"
34.123.149.87 - - [27/Aug/2026:06:44:10 +0800] "GET /6514/category/c-22226/page/12/ HTTP/1.1" 200 15483 "-" "Mozilla/5.0 (Macintosh; Intel Mac OS X 10_15_7) AppleWebKit/537.36 (KHTML, like Gecko) Chrome/120.0.0.0 Safari/537.36"
2001:288:a201::66:125 - - [27/Aug/2026:06:44:10 +0800] "GET /blog/active.php HTTP/1.1" 404 1084 "-" "-"
185.191.171.4 - - [27/Aug/2026:06:44:10 +0800] "GET /135/2012/06/05/ HTTP/1.1" 200 13796 "-" "Mozilla/5.0 (compatible; SemrushBot/7~bl; +http://www.semrush.com/bot.html)"
240e:958:1200:402:be06:333a:7cc8:9 - - [27/Aug/2026:06:44:10 +0800] "GET /5315/2020/01/17/%e6%88%91%e7%9a%84%e5%ae%b6%e4%ba%ba HTTP/1.1" 301 5777 "-" "Mozilla/5.0 (Windows NT 10.0; Win64; x64) AppleWebKit/537.36 (KHTML, like Gecko) Chrome/144.0.0.0 Safari/537.36"
240e:958:1200:402:be06:333a:7cc8:9 - - [27/Aug/2026:06:44:11 +0800] "GET /5315/2020/01/17/%e6%88%91%e7%9a%84%e5%ae%b6%e4%ba%ba/ HTTP/1.1" 200 11711 "-" "Mozilla/5.0 (Windows NT 10.0; Win64; x64) AppleWebKit/537.36 (KHTML, like Gecko) Chrome/144.0.0.0 Safari/537.36"
240e:958:1200:402:be06:333a:7cc8:9 - - [27/Aug/2026:06:44:11 +0800] "GET /5315/wp-includes/css/dashicons.min.css HTTP/1.1" 200 36736 "https://2blog.ilc.edu.tw/5315/2020/01/17/%e6%88%91%e7%9a%84%e5%ae%b6%e4%ba%ba/" "Mozilla/5.0 (Windows NT 10.0; Win64; x64) AppleWebKit/537.36 (KHTML, like Gecko) Chrome/144.0.0.0 Safari/537.36"
240e:958:1200:402:be06:333a:7cc8:9 - - [27/Aug/2026:06:44:12 +0800] "GET /5315/wp-includes/css/admin-bar.min.css HTTP/1.1" 200 4685 "https://2blog.ilc.edu.tw/5315/2020/01/17/%e6%88%91%e7%9a%84%e5%ae%b6%e4%ba%ba/" "Mozilla/5.0 (Windows NT 10.0; Win64; x64) AppleWebKit/537.36 (KHTML, like Gecko) Chrome/144.0.0.0 Safari/537.36"
66.249.79.138 - - [27/Aug/2026:06:44:10 +0800] "GET /wp-login.php?action=ilc_logout&_wpnonce=43754d0aad&redirect_to=//vinsolo.cf/113wwwjwesilcedutwvmC651 HTTP/1.1" 302 8251 "-" "Mozilla/5.0 (Linux; Android 6.0.1; Nexus 5X Build/MMB29P) AppleWebKit/537.36 (KHTML, like Gecko) Chrome/151.0.7922.173 Mobile Safari/537.36 (compatible; Googlebot/2.1; +http://www.google.com/bot.html)"
140.111.67.10 - - [27/Aug/2026:06:44:12 +0800] "GET /" 301 273 "-" "-"
240e:958:1200:402:be06:333a:7cc8:9 - - [27/Aug/2026:06:44:12 +0800] "GET /5315/wp-includes/css/dist/block-library/style.min.css HTTP/1.1" 200 15780 "https://2blog.ilc.edu.tw/5315/2020/01/17/%e6%88%91%e7%9a%84%e5%ae%b6%e4%ba%ba/" "Mozilla/5.0 (Windows NT 10.0; Win64; x64) AppleWebKit/537.36 (KHTML, like Gecko) Chrome/144.0.0.0 Safari/537.36"
240e:958:1200:402:be06:333a:7cc8:9 - - [27/Aug/2026:06:44:12 +0800] "GET /5315/wp-content/plugins/google-drive-embedder/css/gdm-blocks.css HTTP/1.1" 200 1499 "https://2blog.ilc.edu.tw/5315/2020/01/17/%e6%88%91%e7%9a%84%e5%ae%b6%e4%ba%ba/" "Mozilla/5.0 (Windows NT 10.0; Win64; x64) AppleWebKit/537.36 (KHTML, like Gecko) Chrome/144.0.0.0 Safari/537.36"
240e:958:1200:402:be06:333a:7cc8:9 - - [27/Aug/2026:06:44:12 +0800] "GET /5315/wp-content/themes/huemanilc/assets/front/css/main.min.css HTTP/1.1" 200 18800 "https://2blog.ilc.edu.tw/5315/2020/01/17/%e6%88%91%e7%9a%84%e5%ae%b6%e4%ba%ba/" "Mozilla/5.0 (Windows NT 10.0; Win64; x64) AppleWebKit/537.36 (KHTML, like Gecko) Chrome/144.0.0.0 Safari/537.36"
240e:958:1200:402:be06:333a:7cc8:9 - - [27/Aug/2026:06:44:12 +0800] "GET /5315/wp-content/themes/huemanilc/assets/front/css/font-awesome.min.css HTTP/1.1" 200 16999 "https://2blog.ilc.edu.tw/5315/2020/01/17/%e6%88%91%e7%9a%84%e5%ae%b6%e4%ba%ba/" "Mozilla/5.0 (Windows NT 10.0; Win64; x64) AppleWebKit/537.36 (KHTML, like Gecko) Chrome/144.0.0.0 Safari/537.36"
240e:958:1200:402:be06:333a:7cc8:9 - - [27/Aug/2026:06:44:12 +0800] "GET /5315/wp-includes/js/jquery/jquery.min.js HTTP/1.1" 200 36153 "https://2blog.ilc.edu.tw/5315/2020/01/17/%e6%88%91%e7%9a%84%e5%ae%b6%e4%ba%ba/" "Mozilla/5.0 (Windows NT 10.0; Win64; x64) AppleWebKit/537.36 (KHTML, like Gecko) Chrome/144.0.0.0 Safari/537.36"
240e:958:1200:402:be06:333a:7cc8:9 - - [27/Aug/2026:06:44:12 +0800] "GET /5315/wp-includes/js/jquery/jquery-migrate.min.js HTTP/1.1" 200 10546 "https://2blog.ilc.edu.tw/5315/2020/01/17/%e6%88%91%e7%9a%84%e5%ae%b6%e4%ba%ba/" "Mozilla/5.0 (Windows NT 10.0; Win64; x64) AppleWebKit/537.36 (KHTML, like Gecko) Chrome/144.0.0.0 Safari/537.36"
140.111.67.195 - - [27/Aug/2026:06:44:12 +0800] "GET /wp-admin/admin-post.php?action=steps_ad HTTP/1.1" 200 1649 "-" "node-fetch/1.0 (+https://github.com/bitinn/node-fetch)"
240e:958:1200:402:be06:333a:7cc8:9 - - [27/Aug/2026:06:44:12 +0800] "GET /5315/wp-includes/js/hoverintent-js.min.js HTTP/1.1" 200 1597 "https://2blog.ilc.edu.tw/5315/2020/01/17/%e6%88%91%e7%9a%84%e5%ae%b6%e4%ba%ba/" "Mozilla/5.0 (Windows NT 10.0; Win64; x64) AppleWebKit/537.36 (KHTML, like Gecko) Chrome/144.0.0.0 Safari/537.36"
240e:958:1200:402:be06:333a:7cc8:9 - - [27/Aug/2026:06:44:12 +0800] "GET /5315/wp-content/themes/huemanilc/assets/front/js/libs/jquery.flexslider.min.js HTTP/1.1" 200 7398 "https://2blog.ilc.edu.tw/5315/2020/01/17/%e6%88%91%e7%9a%84%e5%ae%b6%e4%ba%ba/" "Mozilla/5.0 (Windows NT 10.0; Win64; x64) AppleWebKit/537.36 (KHTML, like Gecko) Chrome/144.0.0.0 Safari/537.36"
240e:958:1200:402:be06:333a:7cc8:9 - - [27/Aug/2026:06:44:12 +0800] "GET /5315/wp-includes/js/admin-bar.min.js HTTP/1.1" 200 2237 "https://2blog.ilc.edu.tw/5315/2020/01/17/%e6%88%91%e7%9a%84%e5%ae%b6%e4%ba%ba/" "Mozilla/5.0 (Windows NT 10.0; Win64; x64) AppleWebKit/537.36 (KHTML, like Gecko) Chrome/144.0.0.0 Safari/537.36"
240e:958:1200:402:be06:333a:7cc8:9 - - [27/Aug/2026:06:44:13 +0800] "GET /5315/wp-includes/js/underscore.min.js HTTP/1.1" 200 8191 "https://2blog.ilc.edu.tw/5315/2020/01/17/%e6%88%91%e7%9a%84%e5%ae%b6%e4%ba%ba/" "Mozilla/5.0 (Windows NT 10.0; Win64; x64) AppleWebKit/537.36 (KHTML, like Gecko) Chrome/144.0.0.0 Safari/537.36"
240e:958:1200:402:be06:333a:7cc8:9 - - [27/Aug/2026:06:44:13 +0800] "GET /5315/wp-content/themes/huemanilc/assets/front/js/scripts.min.js HTTP/1.1" 200 27001 "https://2blog.ilc.edu.tw/5315/2020/01/17/%e6%88%91%e7%9a%84%e5%ae%b6%e4%ba%ba/" "Mozilla/5.0 (Windows NT 10.0; Win64; x64) AppleWebKit/537.36 (KHTML, like Gecko) Chrome/144.0.0.0 Safari/537.36"
240e:958:1200:402:be06:333a:7cc8:9 - - [27/Aug/2026:06:44:13 +0800] "GET /5315/wp-content/themes/huemanilc/assets/front/webfonts/fa-brands-400.woff2?v=5.5.0 HTTP/1.1" 200 70613 "https://2blog.ilc.edu.tw/5315/wp-content/themes/huemanilc/assets/front/css/font-awesome.min.css" "Mozilla/5.0 (Windows NT 10.0; Win64; x64) AppleWebKit/537.36 (KHTML, like Gecko) Chrome/144.0.0.0 Safari/537.36"
240e:958:1200:402:be06:333a:7cc8:9 - - [27/Aug/2026:06:44:13 +0800] "GET /5315/wp-content/themes/huemanilc/assets/front/webfonts/fa-solid-900.woff2?v=5.5.0 HTTP/1.1" 200 74879 "https://2blog.ilc.edu.tw/5315/wp-content/themes/huemanilc/assets/front/css/font-awesome.min.css" "Mozilla/5.0 (Windows NT 10.0; Win64; x64) AppleWebKit/537.36 (KHTML, like Gecko) Chrome/144.0.0.0 Safari/537.36"
136.119.35.120 - - [27/Aug/2026:06:44:13 +0800] "GET /2027/category/c-8575/c-5612/feed/ HTTP/1.1" 200 7234 "-" "Mozilla/5.0 (Macintosh; Intel Mac OS X 10_15_7) AppleWebKit/537.36 (KHTML, like Gecko) Chrome/120.0.0.0 Safari/537.36"
52.1.157.90 - - [27/Aug/2026:06:44:13 +0800] "GET /home110/2022/09/02/%E9%96%8B%E5%AD%B8%E5%85%B8%E5%AD%B8%E5%8F%8A%E5%B1%B1%E9%87%8E%E6%95%99%E8%82%B2/line_album_111%E5%AD%B8%E5%B9%B4%E5%BA%A6%E9%96%8B%E5%AD%B8%E5%85%B8%E7%A6%AE-%E5%8D%97%E6%BE%B3%E5%8F%A4%E9%81%93_220903_0/embed/ HTTP/1.1" 200 12623 "-" "Mozilla/5.0 AppleWebKit/537.36 (KHTML, like Gecko; compatible; Amazonbot/0.1; +https://developer.amazon.com/support/amazonbot) Chrome/119.0.6045.214 Safari/537.36"
2001:b400:e247:a83d:85be:1c5a:45f5:f836 - - [27/Aug/2026:06:44:06 +0800] "GET /wp-content/uploads/sites/3846/2026/02/%E9%81%BF%E5%85%8D%E8%AA%A4%E5%85%A5%E8%A9%90%E9%A8%99%E7%B6%B2%E7%AB%99APP%E5%B0%8F%E5%B8%B8%E8%AD%98.jpg HTTP/1.1" 200 459624 "https://it.ilc.edu.tw/" "Mozilla/5.0 (Windows NT 10.0; Win64; x64) AppleWebKit/537.36 (KHTML, like Gecko) Chrome/151.0.0.0 Safari/537.36"
240e:958:1200:402:be06:333a:7cc8:9 - - [27/Aug/2026:06:44:14 +0800] "GET /5315/wp-content/uploads/sites/878/2024/12/cropped-1735626522773-774ffef3-4be1-4d2e-ba35-9e4a5f955113_-scaled-1-32x32.jpg HTTP/1.1" 200 2037 "https://2blog.ilc.edu.tw/5315/2020/01/17/%e6%88%91%e7%9a%84%e5%ae%b6%e4%ba%ba/" "Mozilla/5.0 (Windows NT 10.0; Win64; x64) AppleWebKit/537.36 (KHTML, like Gecko) Chrome/144.0.0.0 Safari/537.36"
34.10.180.98 - - [27/Aug/2026:06:44:14 +0800] "GET /32745/wp-json/oembed/1.0/embed?url=https://2blog.ilc.edu.tw/32745/2025/02/02/%25e6%25b0%25b8%25e9%2581%25a0%25e6%2584%259b%25e6%2585%2595%25e4%25bd%25a0/ HTTP/1.1" 200 8332 "-" "Mozilla/5.0 (Macintosh; Intel Mac OS X 10_15_7) AppleWebKit/537.36 (KHTML, like Gecko) Chrome/120.0.0.0 Safari/537.36"
34.123.149.87 - - [27/Aug/2026:06:44:15 +0800] "GET /6429/?p=8586 HTTP/1.1" 301 5854 "-" "Mozilla/5.0 (Macintosh; Intel Mac OS X 10_15_7) AppleWebKit/537.36 (KHTML, like Gecko) Chrome/120.0.0.0 Safari/537.36"
2001:288:a201::66:125 - - [27/Aug/2026:06:44:15 +0800] "GET /blog/active.php HTTP/1.1" 301 1026 "-" "-"
2001:288:a201::66:125 - - [27/Aug/2026:06:44:15 +0800] "GET /blog/active.php HTTP/1.1" 404 1084 "-" "-"
85.208.96.200 - - [27/Aug/2026:06:44:15 +0800] "GET /blog/blog/868/post/10898/83153 HTTP/1.1" 404 25426 "-" "Mozilla/5.0 (compatible; SemrushBot/7~bl; +http://www.semrush.com/bot.html)"
54.209.100.30 - - [27/Aug/2026:06:44:15 +0800] "GET /home110/wp-content/uploads/sites/3372/2022/09/LINE_ALBUM_111%E5%AD%B8%E5%B9%B4%E5%BA%A6%E9%96%8B%E5%AD%B8%E5%85%B8%E7%A6%AE-%E5%8D%97%E6%BE%B3%E5%8F%A4%E9%81%93_220903_0-1108x500.jpg HTTP/1.1" 200 116945 "-" "Mozilla/5.0 AppleWebKit/537.36 (KHTML, like Gecko; compatible; Amazonbot/0.1; +https://developer.amazon.com/support/amazonbot) Chrome/119.0.6045.214 Safari/537.36"
34.42.229.145 - - [27/Aug/2026:06:44:16 +0800] "GET /6504/2011/02/11/100%E3%80%82%E6%97%85%E9%81%8A%E5%81%9A%E7%92%B0%E4%BF%9D/ HTTP/1.1" 200 16953 "-" "Mozilla/5.0 (Macintosh; Intel Mac OS X 10_15_7) AppleWebKit/537.36 (KHTML, like Gecko) Chrome/120.0.0.0 Safari/537.36"
34.10.180.98 - - [27/Aug/2026:06:44:16 +0800] "GET /32745/2020/06/27/%E5%94%9A/ HTTP/1.1" 200 91702 "-" "Mozilla/5.0 (Macintosh; Intel Mac OS X 10_15_7) AppleWebKit/537.36 (KHTML, like Gecko) Chrome/120.0.0.0 Safari/537.36"
140.111.67.10 - - [27/Aug/2026:06:44:17 +0800] "GET /" 301 273 "-" "-"
34.171.68.95 - - [27/Aug/2026:06:44:17 +0800] "GET /32745/2023/04/03/%E9%99%B3%E7%BE%8E%E6%9C%88vs%E9%99%B3%E5%9B%9B%E7%9A%86/ HTTP/1.1" 200 90632 "-" "Mozilla/5.0 (Macintosh; Intel Mac OS X 10_15_7) AppleWebKit/537.36 (KHTML, like Gecko) Chrome/120.0.0.0 Safari/537.36"
44.206.65.8 - - [27/Aug/2026:06:44:17 +0800] "GET /32745/2023/05/14/%E7%86%B1%E6%83%85%E5%8D%97%E8%87%BA%E7%81%A3/ HTTP/1.1" 200 92119 "-" "Mozilla/5.0 AppleWebKit/537.36 (KHTML, like Gecko; compatible; Amazonbot/0.1; +https://developer.amazon.com/support/amazonbot) Chrome/119.0.6045.214 Safari/537.36"
140.111.67.195 - - [27/Aug/2026:06:44:17 +0800] "GET /wp-admin/admin-post.php?action=steps_ad HTTP/1.1" 200 1973 "-" "node-fetch/1.0 (+https://github.com/bitinn/node-fetch)"
34.57.162.91 - - [27/Aug/2026:06:44:17 +0800] "GET /32745/wp-json/wp/v2/posts/18449 HTTP/1.1" 200 16603 "-" "Mozilla/5.0 (Macintosh; Intel Mac OS X 10_15_7) AppleWebKit/537.36 (KHTML, like Gecko) Chrome/120.0.0.0 Safari/537.36"
34.123.149.87 - - [27/Aug/2026:06:44:18 +0800] "GET /32745/2020/05/30/%E5%AE%8B%E5%81%A5%E5%BD%B0/ HTTP/1.1" 200 90696 "-" "Mozilla/5.0 (Macintosh; Intel Mac OS X 10_15_7) AppleWebKit/537.36 (KHTML, like Gecko) Chrome/120.0.0.0 Safari/537.36"
34.10.180.98 - - [27/Aug/2026:06:44:18 +0800] "GET /category/uncategorized/page/10/ HTTP/1.1" 200 49033 "-" "Mozilla/5.0 (Macintosh; Intel Mac OS X 10_15_7) AppleWebKit/537.36 (KHTML, like Gecko) Chrome/120.0.0.0 Safari/537.36"
66.249.79.132 - - [27/Aug/2026:06:44:17 +0800] "GET /wp-login.php?action=ilc_logout&_wpnonce=43754d0aad&redirect_to=http://devproger.ru/job/43870/ HTTP/1.1" 302 3437 "-" "Mozilla/5.0 (Linux; Android 6.0.1; Nexus 5X Build/MMB29P) AppleWebKit/537.36 (KHTML, like Gecko) Chrome/151.0.7922.173 Mobile Safari/537.36 (compatible; GoogleOther)"
34.171.68.95 - - [27/Aug/2026:06:44:18 +0800] "GET /32745/wp-json/oembed/1.0/embed?format=xml&url=https://2blog.ilc.edu.tw/32745/2020/08/22/%25e9%2587%258b%25e6%2587%25b7/ HTTP/1.1" 200 7083 "-" "Mozilla/5.0 (Macintosh; Intel Mac OS X 10_15_7) AppleWebKit/537.36 (KHTML, like Gecko) Chrome/120.0.0.0 Safari/537.36"
185.191.171.12 - - [27/Aug/2026:06:44:19 +0800] "GET /6093/category/%E3%80%8A%E5%A4%A7%E9%87%8C%E5%9C%8B%E5%B0%8F%E7%92%B0%E5%A2%83%E6%95%99%E8%82%B2%E6%AD%B7%E5%B9%B4%E8%B3%87%E6%96%99%E3%80%8B/c-22586/page/10/ HTTP/1.1" 200 20446 "-" "Mozilla/5.0 (compatible; SemrushBot/7~bl; +http://www.semrush.com/bot.html)"
34.236.41.241 - - [27/Aug/2026:06:44:19 +0800] "GET /wp-content/uploads/sites/609/2019/07/?C=N;O%3DA HTTP/1.1" 200 1112 "-" "Mozilla/5.0 AppleWebKit/537.36 (KHTML, like Gecko; compatible; Amazonbot/0.1; +https://developer.amazon.com/support/amazonbot) Chrome/119.0.6045.214 Safari/537.36"
2001:288:a201::66:125 - - [27/Aug/2026:06:44:20 +0800] "GET /blog/active.php HTTP/1.1" 301 1026 "-" "-"
2001:288:a201::66:125 - - [27/Aug/2026:06:44:20 +0800] "GET /blog/active.php HTTP/1.1" 404 1084 "-" "-"
2a03:2880:f802:33:: - - [27/Aug/2026:06:44:19 +0800] "GET /wp-login.php?key=a98ew375&_wpnonce=&action=ilc_logout&redirect_to=https%3A%2F%2Fwww.aayyy.com HTTP/1.1" 302 8250 "-" "Mozilla/5.0 (Macintosh; Intel Mac OS X 10_15_7) AppleWebKit/537.36 (KHTML, like Gecko) Chrome/145.0.0.0 Safari/537.36 (compatible; meta-webindexer/1.1 (+https://developers.facebook.com/docs/sharing/webmasters/crawler))"
140.111.67.10 - - [27/Aug/2026:06:44:22 +0800] "GET /" 301 273 "-" "-"
2a03:2880:f802:1c:: - - [27/Aug/2026:06:44:21 +0800] "GET /wp-login.php?key=83zsj375&_wpnonce=&action=ilc_logout&redirect_to=https%3A%2F%2Fyou.com%2Fchat%2FPlease+provide+only+the+clickable+link+for+https%3A%2F%2Fwww.aayyy.com+and+without+any+extra+content%3Fifs%3Dallow HTTP/1.1" 302 8378 "-" "Mozilla/5.0 (Macintosh; Intel Mac OS X 10_15_7) AppleWebKit/537.36 (KHTML, like Gecko) Chrome/145.0.0.0 Safari/537.36 (compatible; meta-webindexer/1.1 (+https://developers.facebook.com/docs/sharing/webmasters/crawler))"
34.171.68.95 - - [27/Aug/2026:06:44:21 +0800] "GET /wp-json/oembed/1.0/embed?url=https://www.cwjh.ilc.edu.tw/2015/12/31/12-31%25e5%25ad%25b8%25e6%25a0%25a1%25e5%258d%2588%25e9%25a4%2590%25e8%258f%259c%25e5%2596%25ae%25e6%259b%25b4%25e6%2594%25b9%25e5%2585%25ac%25e5%2591%258a%25ef%25bc%2581/ HTTP/1.1" 200 8499 "-" "Mozilla/5.0 (Macintosh; Intel Mac OS X 10_15_7) AppleWebKit/537.36 (KHTML, like Gecko) Chrome/120.0.0.0 Safari/537.36"
::1 - - [27/Aug/2026:06:44:23 +0800] "OPTIONS * HTTP/1.0" 200 110 "-" "Apache/2.4.68 (Ubuntu) OpenSSL/3.0.19 (internal dummy connection)"
66.249.79.138 - - [27/Aug/2026:06:44:22 +0800] "GET /wp-login.php?action=ilc_logout&_wpnonce=43754d0aad&redirect_to=//bitorg-oil.ru/gallery/7532/ HTTP/1.1" 302 8243 "-" "Mozilla/5.0 (Linux; Android 6.0.1; Nexus 5X Build/MMB29P) AppleWebKit/537.36 (KHTML, like Gecko) Chrome/151.0.7922.173 Mobile Safari/537.36 (compatible; Googlebot/2.1; +http://www.google.com/bot.html)"
34.10.180.98 - - [27/Aug/2026:06:44:23 +0800] "GET /6556/wp-json/wp/v2/posts/12092 HTTP/1.1" 200 9880 "-" "Mozilla/5.0 (Macintosh; Intel Mac OS X 10_15_7) AppleWebKit/537.36 (KHTML, like Gecko) Chrome/120.0.0.0 Safari/537.36"
::1 - - [27/Aug/2026:06:44:24 +0800] "OPTIONS * HTTP/1.0" 200 110 "-" "Apache/2.4.68 (Ubuntu) OpenSSL/3.0.19 (internal dummy connection)"
211.22.184.58 - - [27/Aug/2026:06:44:25 +0800] "GET /1003/feed/ HTTP/1.1" 200 8796 "-" "Mozilla/5.0 (Windows NT 6.1) AppleWebKit/538.1 (KHTML, like Gecko) QuiteRSS/0.18.12 Safari/538.1"
2001:288:a201::66:125 - - [27/Aug/2026:06:44:25 +0800] "GET /blog/active.php HTTP/1.1" 404 1084 "-" "-"
2001:288:a201::66:125 - - [27/Aug/2026:06:44:25 +0800] "GET /blog/active.php HTTP/1.1" 301 1026 "-" "-"
::1 - - [27/Aug/2026:06:44:25 +0800] "OPTIONS * HTTP/1.0" 200 110 "-" "Apache/2.4.68 (Ubuntu) OpenSSL/3.0.19 (internal dummy connection)"
34.10.180.98 - - [27/Aug/2026:06:44:26 +0800] "GET /32745/wp-json/wp/v2/posts/35868 HTTP/1.1" 200 20480 "-" "Mozilla/5.0 (Macintosh; Intel Mac OS X 10_15_7) AppleWebKit/537.36 (KHTML, like Gecko) Chrome/120.0.0.0 Safari/537.36"
::1 - - [27/Aug/2026:06:44:26 +0800] "OPTIONS * HTTP/1.0" 200 110 "-" "Apache/2.4.68 (Ubuntu) OpenSSL/3.0.19 (internal dummy connection)"
140.111.67.10 - - [27/Aug/2026:06:44:27 +0800] "GET /" 301 273 "-" "-"
66.249.79.138 - - [27/Aug/2026:06:44:25 +0800] "GET /wp-login.php?action=ilc_logout&_wpnonce=43754d0aad&redirect_to=//omgridjotretel.tk/113wwwjwesilcedutwKwf651 HTTP/1.1" 302 8258 "-" "Mozilla/5.0 (Linux; Android 6.0.1; Nexus 5X Build/MMB29P) AppleWebKit/537.36 (KHTML, like Gecko) Chrome/151.0.7922.173 Mobile Safari/537.36 (compatible; Googlebot/2.1; +http://www.google.com/bot.html)"
2001:b400:e247:a83d:85be:1c5a:45f5:f836 - - [27/Aug/2026:06:44:10 +0800] "GET /wp-content/uploads/sites/3846/2026/06/%E5%AE%A3%E5%82%B3%E5%9C%96%E7%89%87.png HTTP/1.1" 200 1048321 "https://it.ilc.edu.tw/" "Mozilla/5.0 (Windows NT 10.0; Win64; x64) AppleWebKit/537.36 (KHTML, like Gecko) Chrome/151.0.0.0 Safari/537.36"
52.2.58.41 - - [27/Aug/2026:06:44:28 +0800] "GET /wp-content/uploads/sites/1081/2021/01/?C=M;O%3DA HTTP/1.1" 200 1113 "-" "Mozilla/5.0 AppleWebKit/537.36 (KHTML, like Gecko; compatible; Amazonbot/0.1; +https://developer.amazon.com/support/amazonbot) Chrome/119.0.6045.214 Safari/537.36"
34.10.180.98 - - [27/Aug/2026:06:44:28 +0800] "GET /41799/wp-json/wp/v2/posts/694 HTTP/1.1" 200 11540 "-" "Mozilla/5.0 (Macintosh; Intel Mac OS X 10_15_7) AppleWebKit/537.36 (KHTML, like Gecko) Chrome/120.0.0.0 Safari/537.36"
::1 - - [27/Aug/2026:06:44:28 +0800] "OPTIONS * HTTP/1.0" 200 110 "-" "Apache/2.4.68 (Ubuntu) OpenSSL/3.0.19 (internal dummy connection)"
34.123.149.87 - - [27/Aug/2026:06:44:29 +0800] "GET /6547/2011/12/page/2/ HTTP/1.1" 200 15480 "-" "Mozilla/5.0 (Macintosh; Intel Mac OS X 10_15_7) AppleWebKit/537.36 (KHTML, like Gecko) Chrome/120.0.0.0 Safari/537.36"
3.221.156.96 - - [27/Aug/2026:06:44:30 +0800] "GET /32745/wp-json/wp/v2/tags?post=70325 HTTP/1.1" 200 6011 "-" "Mozilla/5.0 AppleWebKit/537.36 (KHTML, like Gecko; compatible; Amazonbot/0.1; +https://developer.amazon.com/support/amazonbot) Chrome/119.0.6045.214 Safari/537.36"
2001:288:a201::66:125 - - [27/Aug/2026:06:44:30 +0800] "GET /blog/active.php HTTP/1.1" 301 1026 "-" "-"
34.56.53.225 - - [27/Aug/2026:06:44:30 +0800] "GET /6450/wp-json/wp/v2/posts/13388 HTTP/1.1" 200 19234 "-" "Mozilla/5.0 (Macintosh; Intel Mac OS X 10_15_7) AppleWebKit/537.36 (KHTML, like Gecko) Chrome/120.0.0.0 Safari/537.36"
2001:288:a201::66:125 - - [27/Aug/2026:06:44:30 +0800] "GET /blog/active.php HTTP/1.1" 404 1084 "-" "-"
34.56.53.225 - - [27/Aug/2026:06:44:30 +0800] "GET /6545/?p=6839 HTTP/1.1" 301 5838 "-" "Mozilla/5.0 (Macintosh; Intel Mac OS X 10_15_7) AppleWebKit/537.36 (KHTML, like Gecko) Chrome/120.0.0.0 Safari/537.36"
34.10.180.98 - - [27/Aug/2026:06:44:30 +0800] "GET /32745/wp-json/oembed/1.0/embed?url=https://2blog.ilc.edu.tw/32745/2021/09/18/%25e5%25a4%25a2%25e4%25b8%25ad%25e4%25bc%25b4%25e6%2598%258e%25e6%259c%2588/ HTTP/1.1" 200 8342 "-" "Mozilla/5.0 (Macintosh; Intel Mac OS X 10_15_7) AppleWebKit/537.36 (KHTML, like Gecko) Chrome/120.0.0.0 Safari/537.36"
140.111.67.10 - - [27/Aug/2026:06:44:32 +0800] "GET /" 301 273 "-" "-"
52.44.229.124 - - [27/Aug/2026:06:44:32 +0800] "GET /wp-content/uploads/sites/1990/2026/06/?C=S;O%3DD HTTP/1.1" 200 1113 "-" "Mozilla/5.0 AppleWebKit/537.36 (KHTML, like Gecko; compatible; Amazonbot/0.1; +https://developer.amazon.com/support/amazonbot) Chrome/119.0.6045.214 Safari/537.36"
34.56.53.225 - - [27/Aug/2026:06:44:32 +0800] "GET /6526/wp-json/wp/v2/posts/19141 HTTP/1.1" 200 18754 "-" "Mozilla/5.0 (Macintosh; Intel Mac OS X 10_15_7) AppleWebKit/537.36 (KHTML, like Gecko) Chrome/120.0.0.0 Safari/537.36"
66.249.71.7 - - [27/Aug/2026:06:44:30 +0800] "GET /wp-login.php?action=ilc_logout&_wpnonce=43754d0aad&redirect_to=https://mo-do.ru/modelsw/89245/ HTTP/1.1" 302 8245 "-" "Mozilla/5.0 (Linux; Android 6.0.1; Nexus 5X Build/MMB29P) AppleWebKit/537.36 (KHTML, like Gecko) Chrome/151.0.7922.173 Mobile Safari/537.36 (compatible; Googlebot/2.1; +http://www.google.com/bot.html)"
34.123.149.87 - - [27/Aug/2026:06:44:33 +0800] "GET /32745/wp-json/wp/v2/posts/47080 HTTP/1.1" 200 24038 "-" "Mozilla/5.0 (Macintosh; Intel Mac OS X 10_15_7) AppleWebKit/537.36 (KHTML, like Gecko) Chrome/120.0.0.0 Safari/537.36"
34.171.68.95 - - [27/Aug/2026:06:44:34 +0800] "GET /32745/2020/06/27/%E9%81%8E%E5%8E%BB%E6%94%BE%E8%A2%82%E8%A8%98/ HTTP/1.1" 200 91557 "-" "Mozilla/5.0 (Macintosh; Intel Mac OS X 10_15_7) AppleWebKit/537.36 (KHTML, like Gecko) Chrome/120.0.0.0 Safari/537.36"
122.100.113.0 - - [27/Aug/2026:06:44:34 +0800] "GET /apple-touch-icon-precomposed.png HTTP/1.1" 301 5767 "-" "NetworkingExtension/8624.2.5.10.8 Network/5812.122.1 iOS/26.5.2"
122.100.113.0 - - [27/Aug/2026:06:44:34 +0800] "GET / HTTP/1.1" 200 20835 "-" "Mozilla/5.0 (Macintosh; Intel Mac OS X 10_11_1) AppleWebKit/601.2.4 (KHTML, like Gecko) Version/9.0.1 Safari/601.2.4 facebookexternalhit/1.1 Facebot Twitterbot/1.0"
122.100.113.0 - - [27/Aug/2026:06:44:34 +0800] "GET /apple-touch-icon-precomposed.png HTTP/1.1" 404 75850 "-" "NetworkingExtension/8624.2.5.10.8 Network/5812.122.1 iOS/26.5.2"
122.100.113.0 - - [27/Aug/2026:06:44:34 +0800] "GET / HTTP/1.1" 200 23610 "-" "Mozilla/5.0 (Macintosh; Intel Mac OS X 10_11_1) AppleWebKit/601.2.4 (KHTML, like Gecko) Version/9.0.1 Safari/601.2.4 facebookexternalhit/1.1 Facebot Twitterbot/1.0"
122.100.113.0 - - [27/Aug/2026:06:44:34 +0800] "GET /apple-touch-icon-precomposed.png/ HTTP/1.1" 200 18793 "-" "NetworkingExtension/8624.2.5.10.8 Network/5812.122.1 iOS/26.5.2"
122.100.113.0 - - [27/Aug/2026:06:44:34 +0800] "GET /favicon.ico HTTP/1.1" 302 5885 "-" "NetworkingExtension/8624.2.5.10.8 Network/5812.122.1 iOS/26.5.2"
122.100.113.0 - - [27/Aug/2026:06:44:34 +0800] "GET /apple-touch-icon.png HTTP/1.1" 301 5755 "-" "NetworkingExtension/8624.2.5.10.8 Network/5812.122.1 iOS/26.5.2"
122.100.113.0 - - [27/Aug/2026:06:44:34 +0800] "GET /favicon.ico HTTP/1.1" 301 5746 "-" "NetworkingExtension/8624.2.5.10.8 Network/5812.122.1 iOS/26.5.2"
122.100.113.0 - - [27/Aug/2026:06:44:35 +0800] "GET /wp-content/uploads/sites/449/2019/08/cropped-tceslogo-32x32.jpg HTTP/1.1" 200 1965 "-" "NetworkingExtension/8624.2.5.10.8 Network/5812.122.1 iOS/26.5.2"
122.100.113.0 - - [27/Aug/2026:06:44:34 +0800] "GET /apple-touch-icon.png HTTP/1.1" 404 75850 "-" "NetworkingExtension/8624.2.5.10.8 Network/5812.122.1 iOS/26.5.2"
122.100.113.0 - - [27/Aug/2026:06:44:35 +0800] "GET /wp-content/uploads/sites/449/2019/08/cropped-tceslogo-32x32.jpg HTTP/1.1" 200 1965 "-" "NetworkingExtension/8624.2.5.10.8 Network/5812.122.1 iOS/26.5.2"
122.100.113.0 - - [27/Aug/2026:06:44:35 +0800] "GET /wp-content/uploads/sites/823/2019/07/logo-150x150.gif HTTP/1.1" 200 8970 "-" "NetworkingExtension/8624.2.5.10.8 Network/5812.122.1 iOS/26.5.2"
34.57.162.91 - - [27/Aug/2026:06:44:35 +0800] "GET /32745/2021/09/26/%E6%80%9D%E5%BF%B5%E8%88%8A%E6%83%85/ HTTP/1.1" 200 92375 "-" "Mozilla/5.0 (Macintosh; Intel Mac OS X 10_15_7) AppleWebKit/537.36 (KHTML, like Gecko) Chrome/120.0.0.0 Safari/537.36"
122.100.113.0 - - [27/Aug/2026:06:44:35 +0800] "GET /apple-touch-icon.png/ HTTP/1.1" 200 18793 "-" "NetworkingExtension/8624.2.5.10.8 Network/5812.122.1 iOS/26.5.2"
122.100.113.0 - - [27/Aug/2026:06:44:35 +0800] "GET /favicon.ico/ HTTP/1.1" 200 18793 "-" "NetworkingExtension/8624.2.5.10.8 Network/5812.122.1 iOS/26.5.2"
34.10.180.98 - - [27/Aug/2026:06:44:35 +0800] "GET /20978/category/c-8312/c-56818/page/8/ HTTP/1.1" 200 16094 "-" "Mozilla/5.0 (Macintosh; Intel Mac OS X 10_15_7) AppleWebKit/537.36 (KHTML, like Gecko) Chrome/120.0.0.0 Safari/537.36"
2001:288:a201::66:125 - - [27/Aug/2026:06:44:35 +0800] "GET /blog/active.php HTTP/1.1" 301 1026 "-" "-"
122.100.113.0 - - [27/Aug/2026:06:44:36 +0800] "GET /wp-content/uploads/sites/449/2019/08/cropped-tceslogo-192x192.jpg HTTP/1.1" 200 13760 "-" "NetworkingExtension/8624.2.5.10.8 Network/5812.122.1 iOS/26.5.2"
122.100.113.0 - - [27/Aug/2026:06:44:36 +0800] "GET /wp-content/uploads/sites/449/2019/08/cropped-tceslogo-180x180.jpg HTTP/1.1" 200 13197 "-" "NetworkingExtension/8624.2.5.10.8 Network/5812.122.1 iOS/26.5.2"
122.100.113.0 - - [27/Aug/2026:06:44:36 +0800] "GET /wp-content/uploads/sites/823/2019/07/logo.gif HTTP/1.1" 200 22579 "-" "NetworkingExtension/8624.2.5.10.8 Network/5812.122.1 iOS/26.5.2"
34.171.68.95 - - [27/Aug/2026:06:44:36 +0800] "GET /32745/category/%E8%91%89%E4%BD%B3%E4%BF%AE/feed/ HTTP/1.1" 200 7646 "-" "Mozilla/5.0 (Macintosh; Intel Mac OS X 10_15_7) AppleWebKit/537.36 (KHTML, like Gecko) Chrome/120.0.0.0 Safari/537.36"
34.10.180.98 - - [27/Aug/2026:06:44:36 +0800] "GET /3154/?p=5701 HTTP/1.1" 301 5879 "-" "Mozilla/5.0 (Macintosh; Intel Mac OS X 10_15_7) AppleWebKit/537.36 (KHTML, like Gecko) Chrome/120.0.0.0 Safari/537.36"
2001:288:a201::66:125 - - [27/Aug/2026:06:44:36 +0800] "GET /blog/active.php HTTP/1.1" 404 1084 "-" "-"
122.100.113.0 - - [27/Aug/2026:06:44:36 +0800] "GET /wp-content/uploads/sites/823/2019/07/logo.gif HTTP/1.1" 200 22579 "-" "NetworkingExtension/8624.2.5.10.8 Network/5812.122.1 iOS/26.5.2"
2001:b400:e247:a83d:85be:1c5a:45f5:f836 - - [27/Aug/2026:06:44:06 +0800] "GET /wp-content/uploads/sites/3846/2026/06/2026%E5%AE%9C%E8%98%AD%E7%98%8B%E5%AD%B8%E7%BF%92-%E6%9A%91%E5%81%87_%E6%95%99%E8%82%B2%E8%99%95%E9%A6%96%E9%A0%81-1440-x-1080-%E5%83%8F%E7%B4%A0.png HTTP/1.1" 200 2050723 "https://it.ilc.edu.tw/" "Mozilla/5.0 (Windows NT 10.0; Win64; x64) AppleWebKit/537.36 (KHTML, like Gecko) Chrome/151.0.0.0 Safari/537.36"
216.73.217.64 - - [27/Aug/2026:06:44:36 +0800] "GET /9536/author/barin/page/313/ HTTP/1.1" 200 15916 "-" "Mozilla/5.0 AppleWebKit/537.36 (KHTML, like Gecko; compatible; ClaudeBot/1.0; +claudebot@anthropic.com)"
34.10.180.98 - - [27/Aug/2026:06:44:36 +0800] "GET /26884/?p=34 HTTP/1.1" 301 5671 "-" "Mozilla/5.0 (Macintosh; Intel Mac OS X 10_15_7) AppleWebKit/537.36 (KHTML, like Gecko) Chrome/120.0.0.0 Safari/537.36"
140.111.67.10 - - [27/Aug/2026:06:44:37 +0800] "GET /" 301 273 "-" "-"
::1 - - [27/Aug/2026:06:44:38 +0800] "OPTIONS * HTTP/1.0" 200 110 "-" "Apache/2.4.68 (Ubuntu) OpenSSL/3.0.19 (internal dummy connection)"
40.77.167.1 - - [27/Aug/2026:06:44:39 +0800] "GET /31791/2016/09/05/105%E5%AD%B8%E5%B9%B4%E5%BA%A6%E5%90%84%E8%99%95%E7%B5%84%E5%90%84%E9%A0%85%E5%AF%A6%E6%96%BD%E8%A8%88%E7%95%AB/ HTTP/1.1" 200 14317 "-" "Mozilla/5.0 AppleWebKit/537.36 (KHTML, like Gecko; compatible; bingbot/2.0; +http://www.bing.com/bingbot.htm) Chrome/116.0.1938.76 Safari/537.36"
::1 - - [27/Aug/2026:06:44:39 +0800] "OPTIONS * HTTP/1.0" 200 110 "-" "Apache/2.4.68 (Ubuntu) OpenSSL/3.0.19 (internal dummy connection)"
3.235.215.92 - - [27/Aug/2026:06:44:40 +0800] "GET /wp-content/uploads/sites/695/2022/?C=S;O%3DD HTTP/1.1" 200 1262 "-" "Mozilla/5.0 AppleWebKit/537.36 (KHTML, like Gecko; compatible; Amazonbot/0.1; +https://developer.amazon.com/support/amazonbot) Chrome/119.0.6045.214 Safari/537.36"
34.10.180.98 - - [27/Aug/2026:06:44:40 +0800] "GET /26150/2017/05/ HTTP/1.1" 200 23131 "-" "Mozilla/5.0 (Macintosh; Intel Mac OS X 10_15_7) AppleWebKit/537.36 (KHTML, like Gecko) Chrome/120.0.0.0 Safari/537.36"
2001:288:a201::66:125 - - [27/Aug/2026:06:44:40 +0800] "GET /blog/active.php HTTP/1.1" 404 1084 "-" "-"
2001:288:a201::66:125 - - [27/Aug/2026:06:44:40 +0800] "GET /blog/active.php HTTP/1.1" 301 1026 "-" "-"
34.57.162.91 - - [27/Aug/2026:06:44:40 +0800] "GET /32745/wp-json/oembed/1.0/embed?url=https://2blog.ilc.edu.tw/32745/2026/02/14/%25e5%2590%25b3%25e7%2588%25b5%25e5%25a4%25a9%25e4%25b8%258b/ HTTP/1.1" 200 8426 "-" "Mozilla/5.0 (Macintosh; Intel Mac OS X 10_15_7) AppleWebKit/537.36 (KHTML, like Gecko) Chrome/120.0.0.0 Safari/537.36"
140.111.67.10 - - [27/Aug/2026:06:44:42 +0800] "GET /" 301 273 "-" "-"
::1 - - [27/Aug/2026:06:44:42 +0800] "OPTIONS * HTTP/1.0" 200 110 "-" "Apache/2.4.68 (Ubuntu) OpenSSL/3.0.19 (internal dummy connection)"
140.111.67.195 - - [27/Aug/2026:06:44:43 +0800] "GET /wp-admin/admin-post.php?action=steps_ad HTTP/1.1" 200 1973 "-" "node-fetch/1.0 (+https://github.com/bitinn/node-fetch)"
::1 - - [27/Aug/2026:06:44:43 +0800] "OPTIONS * HTTP/1.0" 200 110 "-" "Apache/2.4.68 (Ubuntu) OpenSSL/3.0.19 (internal dummy connection)"
34.56.124.53 - - [27/Aug/2026:06:44:45 +0800] "GET /32745/2021/11/05/%E4%B8%8D%E8%80%81%E7%9A%84%E6%84%9B/ HTTP/1.1" 200 91855 "-" "Mozilla/5.0 (Macintosh; Intel Mac OS X 10_15_7) AppleWebKit/537.36 (KHTML, like Gecko) Chrome/120.0.0.0 Safari/537.36"
2001:288:a201::66:125 - - [27/Aug/2026:06:44:45 +0800] "GET /blog/active.php HTTP/1.1" 301 1026 "-" "-"
2001:288:a201::66:125 - - [27/Aug/2026:06:44:45 +0800] "GET /blog/active.php HTTP/1.1" 404 1084 "-" "-"
66.249.79.138 - - [27/Aug/2026:06:44:43 +0800] "GET /wp-login.php?action=ilc_logout&_wpnonce=43754d0aad&redirect_to=//subvingvante.tk/113wwwjwesilcedutwOmH651 HTTP/1.1" 302 8256 "-" "Mozilla/5.0 (Linux; Android 6.0.1; Nexus 5X Build/MMB29P) AppleWebKit/537.36 (KHTML, like Gecko) Chrome/151.0.7922.173 Mobile Safari/537.36 (compatible; Googlebot/2.1; +http://www.google.com/bot.html)"
216.73.217.64 - - [27/Aug/2026:06:44:44 +0800] "GET /32745/2021/01/page/44/ HTTP/1.1" 200 91237 "-" "Mozilla/5.0 AppleWebKit/537.36 (KHTML, like Gecko; compatible; ClaudeBot/1.0; +claudebot@anthropic.com)"
54.162.69.192 - - [27/Aug/2026:06:44:44 +0800] "GET /index.php?rest_route=/wp/v2/widgets HTTP/1.1" 401 6231 "-" "Mozilla/5.0 AppleWebKit/537.36 (KHTML, like Gecko; compatible; Amazonbot/0.1; +https://developer.amazon.com/support/amazonbot) Chrome/119.0.6045.214 Safari/537.36"
85.208.96.204 - - [27/Aug/2026:06:44:46 +0800] "GET /blog/result_detail.jsp?curpage=0&limit=1&n_no=7930&pagenum=090&querytarget=0&radiobutton=0&rowcount=c23&sample=0 HTTP/1.1" 404 25426 "-" "Mozilla/5.0 (compatible; SemrushBot/7~bl; +http://www.semrush.com/bot.html)"
140.111.67.10 - - [27/Aug/2026:06:44:47 +0800] "GET /" 301 273 "-" "-"
17.246.23.53 - - [27/Aug/2026:06:44:47 +0800] "GET /6450/2014/11/20/103%e5%b9%b4%e5%ba%a6-%e6%a0%a1%e5%9c%92%e7%92%b0%e5%a2%83%e7%ae%a1%e7%90%86-%e6%b1%99%e6%b0%b4-%e6%b1%99%e6%9f%93%e7%89%a9%e8%b3%aa%e5%a6%a5%e5%96%84%e8%99%95%e7%90%86/ HTTP/1.1" 200 15997 "-" "Mozilla/5.0 (Macintosh; Intel Mac OS X 10_15_7) AppleWebKit/605.1.15 (KHTML, like Gecko) Version/17.4 Safari/605.1.15 (Applebot/0.1; +http://www.apple.com/go/applebot)"
66.249.71.7 - - [27/Aug/2026:06:44:46 +0800] "GET /wp-login.php?action=ilc_logout&_wpnonce=43754d0aad&redirect_to=https://maps-game.ru/research/18488/ HTTP/1.1" 302 8250 "-" "Mozilla/5.0 (Linux; Android 6.0.1; Nexus 5X Build/MMB29P) AppleWebKit/537.36 (KHTML, like Gecko) Chrome/151.0.7922.173 Mobile Safari/537.36 (compatible; GoogleOther)"
34.42.229.145 - - [27/Aug/2026:06:44:48 +0800] "GET /2025/12/08/ HTTP/1.1" 200 15056 "-" "Mozilla/5.0 (Macintosh; Intel Mac OS X 10_15_7) AppleWebKit/537.36 (KHTML, like Gecko) Chrome/120.0.0.0 Safari/537.36"
52.167.144.140 - - [27/Aug/2026:06:44:49 +0800] "GET /kses1113a/category/%E7%8F%AD%E7%B4%9A%E8%A8%8A%E6%81%AF/%E8%81%AF%E7%B5%A1%E7%B0%BF/page/38/ HTTP/1.1" 200 17518 "-" "Mozilla/5.0 AppleWebKit/537.36 (KHTML, like Gecko; compatible; bingbot/2.0; +http://www.bing.com/bingbot.htm) Chrome/116.0.1938.76 Safari/537.36"
34.10.180.98 - - [27/Aug/2026:06:44:49 +0800] "GET /6571/wp-json/wp/v2/posts/1820 HTTP/1.1" 200 9964 "-" "Mozilla/5.0 (Macintosh; Intel Mac OS X 10_15_7) AppleWebKit/537.36 (KHTML, like Gecko) Chrome/120.0.0.0 Safari/537.36"
18.213.240.226 - - [27/Aug/2026:06:44:49 +0800] "GET /6513/2016/page/6/ HTTP/1.1" 200 17647 "-" "Mozilla/5.0 AppleWebKit/537.36 (KHTML, like Gecko; compatible; Amazonbot/0.1; +https://developer.amazon.com/support/amazonbot) Chrome/119.0.6045.214 Safari/537.36"
34.123.149.87 - - [27/Aug/2026:06:44:50 +0800] "GET /32745/2020/08/01/%E6%84%9B%E6%83%85%E7%9C%8B%E9%80%8F%E9%80%8F/ HTTP/1.1" 200 91951 "-" "Mozilla/5.0 (Macintosh; Intel Mac OS X 10_15_7) AppleWebKit/537.36 (KHTML, like Gecko) Chrome/120.0.0.0 Safari/537.36"
185.191.171.16 - - [27/Aug/2026:06:44:50 +0800] "GET /blog/blog/11078/post/58561/302862 HTTP/1.1" 404 25426 "-" "Mozilla/5.0 (compatible; SemrushBot/7~bl; +http://www.semrush.com/bot.html)"
2001:288:a201::66:125 - - [27/Aug/2026:06:44:50 +0800] "GET /blog/active.php HTTP/1.1" 404 1084 "-" "-"
2001:288:a201::66:125 - - [27/Aug/2026:06:44:50 +0800] "GET /blog/active.php HTTP/1.1" 301 1026 "-" "-"
34.10.180.98 - - [27/Aug/2026:06:44:50 +0800] "GET /6488/wp-json/wp/v2/posts/24926 HTTP/1.1" 200 8513 "-" "Mozilla/5.0 (Macintosh; Intel Mac OS X 10_15_7) AppleWebKit/537.36 (KHTML, like Gecko) Chrome/120.0.0.0 Safari/537.36"
34.171.68.95 - - [27/Aug/2026:06:44:51 +0800] "GET /6509/wp-json/wp/v2/posts/12446 HTTP/1.1" 200 22976 "-" "Mozilla/5.0 (Macintosh; Intel Mac OS X 10_15_7) AppleWebKit/537.36 (KHTML, like Gecko) Chrome/120.0.0.0 Safari/537.36"
140.111.67.10 - - [27/Aug/2026:06:44:52 +0800] "GET /" 301 273 "-" "-"
34.56.53.225 - - [27/Aug/2026:06:44:52 +0800] "GET /3288/2014/11/24/%E5%B0%8F%E6%96%87%E6%82%84%E6%82%84%E8%A9%B1-%E5%A4%AA%E9%99%BD%EF%BC%8C%E4%B8%8D%E9%81%A0/ HTTP/1.1" 200 14703 "-" "Mozilla/5.0 (Macintosh; Intel Mac OS X 10_15_7) AppleWebKit/537.36 (KHTML, like Gecko) Chrome/120.0.0.0 Safari/537.36"
85.208.96.195 - - [27/Aug/2026:06:44:52 +0800] "GET /blog/blog/868/post/10898/779196 HTTP/1.1" 404 25426 "-" "Mozilla/5.0 (compatible; SemrushBot/7~bl; +http://www.semrush.com/bot.html)"
34.56.53.225 - - [27/Aug/2026:06:44:53 +0800] "GET /6545/2014/10/page/1/ HTTP/1.1" 301 5578 "-" "Mozilla/5.0 (Macintosh; Intel Mac OS X 10_15_7) AppleWebKit/537.36 (KHTML, like Gecko) Chrome/120.0.0.0 Safari/537.36"
52.2.58.41 - - [27/Aug/2026:06:44:53 +0800] "GET /wp-json/oembed/1.0/embed?url=https://www.najh.ilc.edu.tw/2023/10/19/%25e6%25b5%25b7%25e6%25b4%258b%25e5%25a4%25a7%25e5%25ad%25b8%25e6%25b5%25b7%25e6%25b4%258b%25e6%2596%2587%25e5%258c%2596%25e7%25a0%2594%25e7%25a9%25b6%25e6%2589%2580%25e6%258b%259b%25e7%2594%259f%25e5%2585%25ac%25e5%2591%258a/ HTTP/1.1" 200 8676 "-" "Mozilla/5.0 AppleWebKit/537.36 (KHTML, like Gecko; compatible; Amazonbot/0.1; +https://developer.amazon.com/support/amazonbot) Chrome/119.0.6045.214 Safari/537.36"
66.249.79.138 - - [27/Aug/2026:06:44:52 +0800] "GET /wp-login.php?action=ilc_logout&_wpnonce=43754d0aad&redirect_to=//siaconrentccomarmu.ml/113wwwjwesilcedutwpIU651 HTTP/1.1" 302 8262 "-" "Mozilla/5.0 (Linux; Android 6.0.1; Nexus 5X Build/MMB29P) AppleWebKit/537.36 (KHTML, like Gecko) Chrome/151.0.7922.173 Mobile Safari/537.36 (compatible; Googlebot/2.1; +http://www.google.com/bot.html)"
85.208.96.194 - - [27/Aug/2026:06:44:55 +0800] "GET /blog/blog/1003/post/56544/285572 HTTP/1.1" 404 25426 "-" "Mozilla/5.0 (compatible; SemrushBot/7~bl; +http://www.semrush.com/bot.html)"
2001:288:a201::66:125 - - [27/Aug/2026:06:44:55 +0800] "GET /blog/active.php HTTP/1.1" 404 1084 "-" "-"
2001:288:a201::66:125 - - [27/Aug/2026:06:44:55 +0800] "GET /blog/active.php HTTP/1.1" 301 1026 "-" "-"
140.111.67.195 - - [27/Aug/2026:06:44:55 +0800] "GET /wp-admin/admin-post.php?action=steps_ad HTTP/1.1" 200 1973 "-" "node-fetch/1.0 (+https://github.com/bitinn/node-fetch)"
140.111.67.10 - - [27/Aug/2026:06:44:57 +0800] "GET /" 301 273 "-" "-"
66.249.79.138 - - [27/Aug/2026:06:44:55 +0800] "GET /wp-login.php?action=ilc_logout&_wpnonce=43754d0aad&redirect_to=//rijffilkovasmi.ga/113wwwjwesilcedutwvbP651 HTTP/1.1" 302 3473 "-" "Mozilla/5.0 (Linux; Android 6.0.1; Nexus 5X Build/MMB29P) AppleWebKit/537.36 (KHTML, like Gecko) Chrome/151.0.7922.173 Mobile Safari/537.36 (compatible; Googlebot/2.1; +http://www.google.com/bot.html)"
54.83.56.1 - - [27/Aug/2026:06:44:57 +0800] "GET /amy6998/wp-content/uploads/sites/2364/2025/12/1125-768x576.jpg HTTP/1.1" 200 84938 "-" "Mozilla/5.0 AppleWebKit/537.36 (KHTML, like Gecko; compatible; Amazonbot/0.1; +https://developer.amazon.com/support/amazonbot) Chrome/119.0.6045.214 Safari/537.36"
18.235.158.19 - - [27/Aug/2026:06:44:58 +0800] "GET /2020/07/27/20200725%E6%A0%A1%E5%8F%8B%E7%9B%83%E4%B8%89%E5%B0%8D%E4%B8%89%E7%B1%83%E7%90%83%E8%B3%BD/dsc_3534/embed/ HTTP/1.1" 200 12602 "-" "Mozilla/5.0 AppleWebKit/537.36 (KHTML, like Gecko; compatible; Amazonbot/0.1; +https://developer.amazon.com/support/amazonbot) Chrome/119.0.6045.214 Safari/537.36"
185.191.171.15 - - [27/Aug/2026:06:44:57 +0800] "GET /26150/2020/04/09/109%E5%B9%B4%E5%BA%A6%E5%B9%B8%E7%A6%8F%E5%AE%B6%E5%BA%AD%E7%A9%BA%E4%B8%AD%E8%AC%9B%E5%A0%82%E7%AC%AC9%E9%9B%86_%E5%A6%82%E4%BD%95%E8%88%87%E6%83%85%E7%B7%92%E5%9B%B0%E6%93%BE%E7%9A%84%E4%BA%BA/ HTTP/1.1" 200 22891 "-" "Mozilla/5.0 (compatible; SemrushBot/7~bl; +http://www.semrush.com/bot.html)"
::1 - - [27/Aug/2026:06:44:59 +0800] "OPTIONS * HTTP/1.0" 200 110 "-" "Apache/2.4.68 (Ubuntu) OpenSSL/3.0.19 (internal dummy connection)"
2001:288:a201::66:125 - - [27/Aug/2026:06:45:00 +0800] "GET /blog/active.php HTTP/1.1" 301 1026 "-" "-"
34.56.124.53 - - [27/Aug/2026:06:45:00 +0800] "GET /31687/2015/05/01/%E6%9C%AC%E5%9C%9F%E8%AA%9E%E8%A8%80%E8%AA%BF%E6%9F%A5%E8%A1%A8/ HTTP/1.1" 200 13512 "-" "Mozilla/5.0 (Macintosh; Intel Mac OS X 10_15_7) AppleWebKit/537.36 (KHTML, like Gecko) Chrome/120.0.0.0 Safari/537.36"
2001:288:a201::66:125 - - [27/Aug/2026:06:45:00 +0800] "GET /blog/active.php HTTP/1.1" 404 1084 "-" "-"
34.56.124.53 - - [27/Aug/2026:06:45:01 +0800] "GET /6552/wp-json/wp/v2/posts/18657 HTTP/1.1" 200 11487 "-" "Mozilla/5.0 (Macintosh; Intel Mac OS X 10_15_7) AppleWebKit/537.36 (KHTML, like Gecko) Chrome/120.0.0.0 Safari/537.36"
34.171.68.95 - - [27/Aug/2026:06:45:01 +0800] "GET /6553/?p=296 HTTP/1.1" 301 5801 "-" "Mozilla/5.0 (Macintosh; Intel Mac OS X 10_15_7) AppleWebKit/537.36 (KHTML, like Gecko) Chrome/120.0.0.0 Safari/537.36"
2408:821a:2551:5310:1dee:8f16:a925:84b2 - - [27/Aug/2026:06:45:01 +0800] "GET /32745?p=146303 HTTP/1.1" 301 5716 "-" "Mozilla/5.0 (Windows NT 10.0; Win64; x64) AppleWebKit/537.36 (KHTML, like Gecko) Chrome/103.0.0.0 Safari/537.36"
140.111.67.10 - - [27/Aug/2026:06:45:02 +0800] "GET /" 301 273 "-" "-"
85.208.96.194 - - [27/Aug/2026:06:45:02 +0800] "GET /5315/author/binlin/page/9/?paged=6 HTTP/1.1" 200 16085 "-" "Mozilla/5.0 (compatible; SemrushBot/7~bl; +http://www.semrush.com/bot.html)"
216.73.217.64 - - [27/Aug/2026:06:45:02 +0800] "GET /32745/2020/08/page/117/ HTTP/1.1" 200 91377 "-" "Mozilla/5.0 AppleWebKit/537.36 (KHTML, like Gecko; compatible; ClaudeBot/1.0; +claudebot@anthropic.com)"
216.73.217.64 - - [27/Aug/2026:06:45:03 +0800] "GET /9536/author/barin/page/312/ HTTP/1.1" 200 16104 "-" "Mozilla/5.0 AppleWebKit/537.36 (KHTML, like Gecko; compatible; ClaudeBot/1.0; +claudebot@anthropic.com)"
3.210.114.189 - - [27/Aug/2026:06:45:03 +0800] "GET /wp-content/uploads/sites/525/2022/01/?C=S;O%3DD HTTP/1.1" 200 1111 "-" "Mozilla/5.0 AppleWebKit/537.36 (KHTML, like Gecko; compatible; Amazonbot/0.1; +https://developer.amazon.com/support/amazonbot) Chrome/119.0.6045.214 Safari/537.36"
18.233.24.238 - - [27/Aug/2026:06:45:04 +0800] "GET /wp-content/uploads/sites/1444/2020/07/DSC_3534-1320x500.jpg HTTP/1.1" 200 157106 "-" "Mozilla/5.0 AppleWebKit/537.36 (KHTML, like Gecko; compatible; Amazonbot/0.1; +https://developer.amazon.com/support/amazonbot) Chrome/119.0.6045.214 Safari/537.36"
192.178.14.5 - - [27/Aug/2026:06:45:04 +0800] "GET /.well-known/traffic-advice HTTP/1.1" 404 62983 "-" "Chrome Privacy Preserving Prefetch Proxy"
