240e:f7:4f00:2509::3 - - [27/Aug/2026:06:47:44 +0800] "GET /wp-content/themes/oceanwp/assets/js/drop-down-search.min.js HTTP/1.1" 200 2968 "https://www.najh.ilc.edu.tw/2024/09/12/%E8%BC%94%E5%B0%8E%E8%BD%89%E4%BB%8B%E5%96%AE%E6%9A%A8%E5%AE%B6%E8%A8%AA%E7%B4%80%E9%8C%84%E8%A1%A8%E4%BE%9B%E5%8F%83%E8%80%83/" "Mozilla/5.0 (Windows NT 10.0; Win64; x64) AppleWebKit/537.36 (KHTML, like Gecko) Chrome/144.0.0.0 Safari/537.36"
240e:f7:4f00:2509::3 - - [27/Aug/2026:06:47:44 +0800] "GET /wp-content/themes/oceanwp/assets/js/vendors/flickity.pkgd.min.js HTTP/1.1" 200 15048 "https://www.najh.ilc.edu.tw/2024/09/12/%E8%BC%94%E5%B0%8E%E8%BD%89%E4%BB%8B%E5%96%AE%E6%9A%A8%E5%AE%B6%E8%A8%AA%E7%B4%80%E9%8C%84%E8%A1%A8%E4%BE%9B%E5%8F%83%E8%80%83/" "Mozilla/5.0 (Windows NT 10.0; Win64; x64) AppleWebKit/537.36 (KHTML, like Gecko) Chrome/144.0.0.0 Safari/537.36"
2001:288:a201::66:125 - - [27/Aug/2026:06:47:45 +0800] "GET /blog/active.php HTTP/1.1" 404 1084 "-" "-"
34.57.162.91 - - [27/Aug/2026:06:47:45 +0800] "GET /32745/wp-json/wp/v2/posts/12965 HTTP/1.1" 200 15295 "-" "Mozilla/5.0 (Macintosh; Intel Mac OS X 10_15_7) AppleWebKit/537.36 (KHTML, like Gecko) Chrome/120.0.0.0 Safari/537.36"
2001:288:a201::66:125 - - [27/Aug/2026:06:47:45 +0800] "GET /blog/active.php HTTP/1.1" 301 1026 "-" "-"
34.235.239.240 - - [27/Aug/2026:06:47:45 +0800] "GET /amy6998/2024/06/05/113%E5%B9%B45%E6%9C%8823%E6%97%A5%E5%AE%9C%E8%98%AD%E6%96%87%E5%8C%96%E4%B9%8B%E6%97%85%EF%BC%88%E9%80%9A%E8%8D%89%E7%B4%99%E8%8A%B1%E8%A3%BD%E4%BD%9C2%EF%BC%89/embed/ HTTP/1.1" 200 12744 "-" "Mozilla/5.0 AppleWebKit/537.36 (KHTML, like Gecko; compatible; Amazonbot/0.1; +https://developer.amazon.com/support/amazonbot) Chrome/119.0.6045.214 Safari/537.36"
34.171.68.95 - - [27/Aug/2026:06:47:45 +0800] "GET /kses1093a/wp-json/wp/v2/posts/762 HTTP/1.1" 200 12255 "-" "Mozilla/5.0 (Macintosh; Intel Mac OS X 10_15_7) AppleWebKit/537.36 (KHTML, like Gecko) Chrome/120.0.0.0 Safari/537.36"
140.111.67.10 - - [27/Aug/2026:06:47:47 +0800] "GET /" 301 273 "-" "-"
185.191.171.12 - - [27/Aug/2026:06:47:47 +0800] "GET /3860/2013/02/21/%E8%AA%A0%E5%BF%83%E7%A5%88%E6%B1%82-%E8%BA%AB%E8%8B%A6%E7%97%85%E7%97%9B%E6%9C%89%E7%8B%80%E6%B3%81%EF%BC%8C-%E6%A8%82%E8%A7%80%E9%9D%A2%E5%B0%8D%E7%9C%9F%E6%88%90%E5%8A%9F%EF%BC%8C-%E5%90%91/ HTTP/1.1" 200 29517 "-" "Mozilla/5.0 (compatible; SemrushBot/7~bl; +http://www.semrush.com/bot.html)"
240e:f7:4f00:2509::3 - - [27/Aug/2026:06:47:48 +0800] "GET /wp-includes/js/mediaelement/mediaelement-and-player.min.js HTTP/1.1" 200 39802 "https://www.najh.ilc.edu.tw/2024/09/12/%E8%BC%94%E5%B0%8E%E8%BD%89%E4%BB%8B%E5%96%AE%E6%9A%A8%E5%AE%B6%E8%A8%AA%E7%B4%80%E9%8C%84%E8%A1%A8%E4%BE%9B%E5%8F%83%E8%80%83/" "Mozilla/5.0 (Windows NT 10.0; Win64; x64) AppleWebKit/537.36 (KHTML, like Gecko) Chrome/144.0.0.0 Safari/537.36"
34.10.180.98 - - [27/Aug/2026:06:47:48 +0800] "GET /6551/2015/09/22/%E7%92%B0%E5%A2%83%E8%AA%8D%E8%AD%89%E4%BA%BA%E5%93%A1/ HTTP/1.1" 200 14099 "-" "Mozilla/5.0 (Macintosh; Intel Mac OS X 10_15_7) AppleWebKit/537.36 (KHTML, like Gecko) Chrome/120.0.0.0 Safari/537.36"
34.171.68.95 - - [27/Aug/2026:06:47:48 +0800] "GET /32745/wp-json/wp/v2/posts/2618 HTTP/1.1" 200 15504 "-" "Mozilla/5.0 (Macintosh; Intel Mac OS X 10_15_7) AppleWebKit/537.36 (KHTML, like Gecko) Chrome/120.0.0.0 Safari/537.36"
::1 - - [27/Aug/2026:06:47:50 +0800] "OPTIONS * HTTP/1.0" 200 110 "-" "Apache/2.4.68 (Ubuntu) OpenSSL/3.0.19 (internal dummy connection)"
2001:288:a201::66:125 - - [27/Aug/2026:06:47:50 +0800] "GET /blog/active.php HTTP/1.1" 301 1026 "-" "-"
2001:288:a201::66:125 - - [27/Aug/2026:06:47:50 +0800] "GET /blog/active.php HTTP/1.1" 404 1084 "-" "-"
185.191.171.12 - - [27/Aug/2026:06:47:50 +0800] "GET /5315/2015/04/15/%E5%9C%8B%E6%95%99%E8%BC%94%E5%B0%8E%E5%9C%98103%E5%AD%B8%E5%B9%B4%E5%BA%A6%E5%B7%A1%E8%BF%B4%E6%9C%8D%E5%8B%99%E4%B8%89%E6%98%9F%E9%84%89%EF%BC%8D%E8%97%9D%E6%96%87%E9%A0%98%E5%9F%9F/?paged=15 HTTP/1.1" 200 16970 "-" "Mozilla/5.0 (compatible; SemrushBot/7~bl; +http://www.semrush.com/bot.html)"
::1 - - [27/Aug/2026:06:47:51 +0800] "OPTIONS * HTTP/1.0" 200 110 "-" "Apache/2.4.68 (Ubuntu) OpenSSL/3.0.19 (internal dummy connection)"
34.171.68.95 - - [27/Aug/2026:06:47:52 +0800] "GET /32745/2025/02/22/%E7%9B%B8%E4%BF%A1%E8%87%BA%E7%81%A3/ HTTP/1.1" 200 91916 "-" "Mozilla/5.0 (Macintosh; Intel Mac OS X 10_15_7) AppleWebKit/537.36 (KHTML, like Gecko) Chrome/120.0.0.0 Safari/537.36"
140.111.67.10 - - [27/Aug/2026:06:47:52 +0800] "GET /" 301 273 "-" "-"
20.125.101.194 - - [27/Aug/2026:06:47:51 +0800] "GET /wp-content/uploads/sites/890/2021/05/%E5%AE%9C%E8%98%AD%E7%B8%A3%E5%93%A1%E5%B1%B1%E5%9C%8B%E5%B0%8F109%E5%AD%B8%E5%B9%B4%E5%BA%A6%E7%AC%AC%E4%B8%89%E6%AC%A1%E5%9B%A0%E6%87%89%E6%96%B0%E5%9E%8B%E5%86%A0%E7%8B%80%E7%97%85%E6%AF%92%E6%88%90%E7%AB%8B%E9%98%B2%E7%96%AB%E6%9C%83%E8%AD%B0%E8%A8%98%E9%8C%84%E6%9A%A8%E7%B0%BD%E5%88%B0%E8%A1%A8.pdf HTTP/1.1" 200 399653 "-" "Mozilla/5.0 (compatible; MSR-Financial-PDF-Scorer/1.0)"
::1 - - [27/Aug/2026:06:47:53 +0800] "OPTIONS * HTTP/1.0" 200 110 "-" "Apache/2.4.68 (Ubuntu) OpenSSL/3.0.19 (internal dummy connection)"
66.249.79.138 - - [27/Aug/2026:06:47:51 +0800] "GET /wp-login.php?action=ilc_logout&_wpnonce=43754d0aad&redirect_to=http://dallerkzn.ru/job/10879/ HTTP/1.1" 302 8244 "-" "Mozilla/5.0 (compatible; Googlebot/2.1; +http://www.google.com/bot.html)"
54.157.84.74 - - [27/Aug/2026:06:47:54 +0800] "GET /amy6998/wp-content/uploads/sites/2364/2025/12/IMG_6581ggg.jpg HTTP/1.1" 200 176308 "-" "Mozilla/5.0 AppleWebKit/537.36 (KHTML, like Gecko; compatible; Amazonbot/0.1; +https://developer.amazon.com/support/amazonbot) Chrome/119.0.6045.214 Safari/537.36"
34.171.68.95 - - [27/Aug/2026:06:47:54 +0800] "GET /32745/?p=124313 HTTP/1.1" 301 5613 "-" "Mozilla/5.0 (Macintosh; Intel Mac OS X 10_15_7) AppleWebKit/537.36 (KHTML, like Gecko) Chrome/120.0.0.0 Safari/537.36"
34.123.149.87 - - [27/Aug/2026:06:47:54 +0800] "GET /6492/2020/11/08/109-4-7-%E4%B8%89%E6%B0%91%E5%9C%8B%E5%B0%8F-109%E5%B9%B4%E6%88%B6%E5%A4%96%E6%95%99%E8%82%B2/ HTTP/1.1" 200 15038 "-" "Mozilla/5.0 (Macintosh; Intel Mac OS X 10_15_7) AppleWebKit/537.36 (KHTML, like Gecko) Chrome/120.0.0.0 Safari/537.36"
34.123.149.87 - - [27/Aug/2026:06:47:54 +0800] "GET /31687/wp-json/wp/v2/posts/49 HTTP/1.1" 200 8875 "-" "Mozilla/5.0 (Macintosh; Intel Mac OS X 10_15_7) AppleWebKit/537.36 (KHTML, like Gecko) Chrome/120.0.0.0 Safari/537.36"
2001:288:a201::66:125 - - [27/Aug/2026:06:47:55 +0800] "GET /blog/active.php HTTP/1.1" 404 1084 "-" "-"
2001:288:a201::66:125 - - [27/Aug/2026:06:47:55 +0800] "GET /blog/active.php HTTP/1.1" 301 1026 "-" "-"
66.249.71.7 - - [27/Aug/2026:06:47:54 +0800] "GET /wp-login.php?action=ilc_logout&_wpnonce=43754d0aad&redirect_to=//lowlirerog.ml/113wwwjwesilcedutwnaX651 HTTP/1.1" 302 8254 "-" "Mozilla/5.0 (Linux; Android 6.0.1; Nexus 5X Build/MMB29P) AppleWebKit/537.36 (KHTML, like Gecko) Chrome/151.0.7922.173 Mobile Safari/537.36 (compatible; Googlebot/2.1; +http://www.google.com/bot.html)"
85.208.96.209 - - [27/Aug/2026:06:47:55 +0800] "GET /amy6998/2026/01/10/114%E5%B9%B412%E6%9C%8816%E6%97%A5%E6%88%B6%E5%A4%96%E6%95%99%E5%AD%B8%EF%BC%88%E8%AC%9D%E8%AC%9D%E6%9C%83%E9%95%B7%E9%97%9C%E5%BF%83%EF%BC%89/ HTTP/1.1" 200 17833 "-" "Mozilla/5.0 (compatible; SemrushBot/7~bl; +http://www.semrush.com/bot.html)"
140.111.67.10 - - [27/Aug/2026:06:47:57 +0800] "GET /" 301 273 "-" "-"
66.249.79.138 - - [27/Aug/2026:06:47:55 +0800] "GET /wp-login.php?action=ilc_logout&_wpnonce=43754d0aad&redirect_to=//schwerelifting.ru/join/6243/ HTTP/1.1" 302 3459 "-" "Mozilla/5.0 (compatible; Googlebot/2.1; +http://www.google.com/bot.html)"
34.42.229.145 - - [27/Aug/2026:06:47:57 +0800] "GET /2017/05/19/05-19%E5%AD%B8%E6%A0%A1%E5%8D%88%E9%A4%90%E9%A3%9F%E7%94%A8%E6%9C%89%E6%A9%9F%E8%94%AC%E8%8F%9C%E5%85%AC%E5%91%8A/ HTTP/1.1" 200 29119 "-" "Mozilla/5.0 (Macintosh; Intel Mac OS X 10_15_7) AppleWebKit/537.36 (KHTML, like Gecko) Chrome/120.0.0.0 Safari/537.36"
34.123.149.87 - - [27/Aug/2026:06:47:57 +0800] "GET /32745/?p=91220 HTTP/1.1" 301 5584 "-" "Mozilla/5.0 (Macintosh; Intel Mac OS X 10_15_7) AppleWebKit/537.36 (KHTML, like Gecko) Chrome/120.0.0.0 Safari/537.36"
98.82.38.120 - - [27/Aug/2026:06:47:57 +0800] "GET /6572/wp-json/oembed/1.0/embed?url=https://2blog.ilc.edu.tw/6572/2018/10/08/107%25e5%25b9%25b4%25e5%25ba%25a6%25ef%25bc%259a%25e9%25a0%2585%25e7%259b%25ae%25e4%25b8%2589-1-2-4-%25e6%25a0%25a1%25e5%259c%2592%25e7%2592%25b0%25e5%25a2%2583%25e8%25a1%259b%25e7%2594%259f%25e7%25ae%25a1%25e7%2590%2586%25e5%25bb%259a%25e6%2588%25bf%25e3%2580%2581%25e5%25af%25a6%25e9%25a9%2597%25e5%25ae%25a4%25e3%2580%2581/ HTTP/1.1" 200 9140 "-" "Mozilla/5.0 AppleWebKit/537.36 (KHTML, like Gecko; compatible; Amazonbot/0.1; +https://developer.amazon.com/support/amazonbot) Chrome/119.0.6045.214 Safari/537.36"
34.56.124.53 - - [27/Aug/2026:06:47:58 +0800] "GET /6448/?p=251 HTTP/1.1" 301 5685 "-" "Mozilla/5.0 (Macintosh; Intel Mac OS X 10_15_7) AppleWebKit/537.36 (KHTML, like Gecko) Chrome/120.0.0.0 Safari/537.36"
66.249.79.132 - - [27/Aug/2026:06:47:57 +0800] "GET /wp-login.php?action=ilc_logout&_wpnonce=43754d0aad&redirect_to=http://electricinfo.ru/join/5568/ HTTP/1.1" 302 3440 "-" "Mozilla/5.0 (Linux; Android 6.0.1; Nexus 5X Build/MMB29P) AppleWebKit/537.36 (KHTML, like Gecko) Chrome/151.0.7922.173 Mobile Safari/537.36 (compatible; GoogleOther)"
44.197.76.210 - - [27/Aug/2026:06:47:59 +0800] "GET /2017/02/page/17/ HTTP/1.1" 200 20829 "-" "Mozilla/5.0 AppleWebKit/537.36 (KHTML, like Gecko; compatible; Amazonbot/0.1; +https://developer.amazon.com/support/amazonbot) Chrome/119.0.6045.214 Safari/537.36"
35.254.159.230 - - [27/Aug/2026:06:47:59 +0800] "GET /6537/2013/11/25/%E4%B8%89-4-%E5%85%A8%E9%9D%A2%E4%BD%BF%E7%94%A8%E5%86%8D%E7%94%9F%E7%B4%99%E5%8F%8A%E9%9B%99%E9%9D%A2%E5%BD%B1%E5%8D%B0-2/ HTTP/1.1" 200 16461 "-" "Mozilla/5.0 (Macintosh; Intel Mac OS X 10_15_7) AppleWebKit/537.36 (KHTML, like Gecko) Chrome/120.0.0.0 Safari/537.36"
52.44.229.124 - - [27/Aug/2026:06:48:00 +0800] "GET /wp-content/uploads/sites/3491/2024/05/?C=M;O%3DD HTTP/1.1" 200 1113 "-" "Mozilla/5.0 AppleWebKit/537.36 (KHTML, like Gecko; compatible; Amazonbot/0.1; +https://developer.amazon.com/support/amazonbot) Chrome/119.0.6045.214 Safari/537.36"
2001:288:a201::66:125 - - [27/Aug/2026:06:48:00 +0800] "GET /blog/active.php HTTP/1.1" 301 1026 "-" "-"
2001:288:a201::66:125 - - [27/Aug/2026:06:48:00 +0800] "GET /blog/active.php HTTP/1.1" 404 1084 "-" "-"
185.191.171.8 - - [27/Aug/2026:06:48:00 +0800] "GET /blog/http%EF%BC%9A/www.tdfa.org.tw HTTP/1.1" 404 25426 "-" "Mozilla/5.0 (compatible; SemrushBot/7~bl; +http://www.semrush.com/bot.html)"
34.10.180.98 - - [27/Aug/2026:06:48:00 +0800] "GET /wp-content/uploads/sites/2048/5143/5143-2767716.doc HTTP/1.1" 200 445500 "-" "Mozilla/5.0 (Macintosh; Intel Mac OS X 10_15_7) AppleWebKit/537.36 (KHTML, like Gecko) Chrome/120.0.0.0 Safari/537.36"
34.171.68.95 - - [27/Aug/2026:06:48:00 +0800] "GET /2376/?p=7 HTTP/1.1" 301 5628 "-" "Mozilla/5.0 (Macintosh; Intel Mac OS X 10_15_7) AppleWebKit/537.36 (KHTML, like Gecko) Chrome/120.0.0.0 Safari/537.36"
66.249.79.138 - - [27/Aug/2026:06:47:59 +0800] "GET /wp-login.php?action=ilc_logout&_wpnonce=43754d0aad&redirect_to=http://eacsigma.ru/join/22675/ HTTP/1.1" 302 3459 "-" "Mozilla/5.0 (compatible; Googlebot/2.1; +http://www.google.com/bot.html)"
2001:288:a201::67:85 - - [27/Aug/2026:06:48:01 +0800] "GET / HTTP/1.1" 200 56291 "-" "curl/7.81.0"
2001:288:a201::67:81 - - [27/Aug/2026:06:48:01 +0800] "GET / HTTP/1.1" 200 56291 "-" "curl/7.81.0"
2001:288:a201::67:84 - - [27/Aug/2026:06:48:01 +0800] "GET / HTTP/1.1" 200 56291 "-" "curl/7.81.0"
20.125.101.194 - - [27/Aug/2026:06:47:54 +0800] "GET /wp-content/uploads/sites/1148/2024/01/%E5%BE%B7%E8%82%B2%E5%AD%B8%E6%A0%A1%E8%B2%A1%E5%9C%98%E6%B3%95%E4%BA%BA%E5%BE%B7%E8%82%B2%E8%AD%B7%E7%90%86%E5%81%A5%E5%BA%B7%E5%AD%B8%E9%99%A2113%E5%AD%B8%E5%B9%B4%E5%BA%A6%E4%BA%94%E5%B0%88%E5%AE%8C%E5%85%A8%E5%85%8D%E8%A9%A6%E5%85%A5%E5%AD%B8%E5%96%AE%E7%8D%A8%E6%8B%9B%E7%94%9F%E8%B3%87%E8%A8%8A2.pdf HTTP/1.1" 200 973509 "-" "Mozilla/5.0 (compatible; MSR-Financial-PDF-Scorer/1.0)"
34.196.6.199 - - [27/Aug/2026:06:48:02 +0800] "GET /blog/blog/5301/resource/32150/3402359 HTTP/1.1" 301 1070 "-" "Mozilla/5.0 AppleWebKit/537.36 (KHTML, like Gecko; compatible; Amazonbot/0.1; +https://developer.amazon.com/support/amazonbot) Chrome/119.0.6045.214 Safari/537.36"
140.111.67.86 - - [27/Aug/2026:06:48:02 +0800] "GET / HTTP/1.1" 200 56291 "-" "curl/7.81.0"
2409:8754:9330:0:122:238:118:243 - - [27/Aug/2026:06:48:02 +0800] "GET /blog/gallery/7581/7581-3894244.pdf HTTP/1.1" 404 25478 "-" "Mozilla/5.0 (Windows NT 10.0; Win64; x64) AppleWebKit/537.36 (KHTML, like Gecko) Chrome/144.0.0.0 Safari/537.36"
140.111.67.10 - - [27/Aug/2026:06:48:02 +0800] "GET /" 301 273 "-" "-"
2408:8722:0:1::2c5 - - [27/Aug/2026:06:48:02 +0800] "GET /2014/04/17 HTTP/1.1" 301 5761 "-" "Mozilla/5.0 (Windows NT 10.0; Win64; x64) AppleWebKit/537.36 (KHTML, like Gecko) Chrome/144.0.0.0 Safari/537.36"
44.220.2.97 - - [27/Aug/2026:06:48:01 +0800] "GET /32745/2023/01/20/%E5%8D%8A%E7%88%BF%E6%9C%88-6/ HTTP/1.1" 200 92025 "-" "Mozilla/5.0 AppleWebKit/537.36 (KHTML, like Gecko; compatible; Amazonbot/0.1; +https://developer.amazon.com/support/amazonbot) Chrome/119.0.6045.214 Safari/537.36"
2409:8754:9330:0:122:238:118:243 - - [27/Aug/2026:06:48:02 +0800] "GET /wp-includes/css/dashicons.min.css HTTP/1.1" 200 36736 "https://2blog.ilc.edu.tw/blog/gallery/7581/7581-3894244.pdf" "Mozilla/5.0 (Windows NT 10.0; Win64; x64) AppleWebKit/537.36 (KHTML, like Gecko) Chrome/144.0.0.0 Safari/537.36"
2408:8722:0:1::2c5 - - [27/Aug/2026:06:48:02 +0800] "GET /2014/04/17/ HTTP/1.1" 200 10464 "-" "Mozilla/5.0 (Windows NT 10.0; Win64; x64) AppleWebKit/537.36 (KHTML, like Gecko) Chrome/144.0.0.0 Safari/537.36"
185.191.171.18 - - [27/Aug/2026:06:48:02 +0800] "GET /6509/2017/02/24/%E3%80%8C%E8%A8%8A%E6%81%AF%E8%BD%89%E7%9F%A5%E3%80%8D%EF%BC%9A%E5%AE%9C%E8%98%AD%E5%A4%A7%E5%AD%B8%E8%BE%A6%E7%90%8610601%E6%9C%9F%E7%92%B0%E5%A2%83%E6%95%99%E8%82%B2%E5%B0%88%E6%A5%AD%E7%A7%91/ HTTP/1.1" 200 16569 "-" "Mozilla/5.0 (compatible; SemrushBot/7~bl; +http://www.semrush.com/bot.html)"
50.19.79.213 - - [27/Aug/2026:06:48:02 +0800] "GET /blog/blog/5301/resource/32150/3402359 HTTP/1.1" 404 25485 "-" "Mozilla/5.0 AppleWebKit/537.36 (KHTML, like Gecko; compatible; Amazonbot/0.1; +https://developer.amazon.com/support/amazonbot) Chrome/119.0.6045.214 Safari/537.36"
2407:4b00:4c0c:840c:c5df:7bef:4df8:e2ae - - [27/Aug/2026:06:48:02 +0800] "-" 408 339 "-" "-"
2407:4b00:4c0c:840c:c5df:7bef:4df8:e2ae - - [27/Aug/2026:06:48:02 +0800] "-" 408 339 "-" "-"
2409:8754:9330:0:122:238:118:243 - - [27/Aug/2026:06:48:03 +0800] "GET /wp-includes/css/admin-bar.min.css HTTP/1.1" 200 4685 "https://2blog.ilc.edu.tw/blog/gallery/7581/7581-3894244.pdf" "Mozilla/5.0 (Windows NT 10.0; Win64; x64) AppleWebKit/537.36 (KHTML, like Gecko) Chrome/144.0.0.0 Safari/537.36"
2408:8722:0:1::2c5 - - [27/Aug/2026:06:48:03 +0800] "GET /wp-content/cache/ilta.ilc.edu.tw/wpfc-minified/30cml7nx/6wvk.css HTTP/1.1" 200 40877 "https://ilta.ilc.edu.tw/2014/04/17/" "Mozilla/5.0 (Windows NT 10.0; Win64; x64) AppleWebKit/537.36 (KHTML, like Gecko) Chrome/144.0.0.0 Safari/537.36"
2409:8754:9330:0:122:238:118:243 - - [27/Aug/2026:06:48:03 +0800] "GET /wp-includes/js/jquery/jquery.min.js HTTP/1.1" 200 31359 "https://2blog.ilc.edu.tw/blog/gallery/7581/7581-3894244.pdf" "Mozilla/5.0 (Windows NT 10.0; Win64; x64) AppleWebKit/537.36 (KHTML, like Gecko) Chrome/144.0.0.0 Safari/537.36"
2408:8722:0:1::2c5 - - [27/Aug/2026:06:48:03 +0800] "GET /wp-content/cache/ilta.ilc.edu.tw/wpfc-minified/l07fx5lw/6wvk.css HTTP/1.1" 200 15782 "https://ilta.ilc.edu.tw/2014/04/17/" "Mozilla/5.0 (Windows NT 10.0; Win64; x64) AppleWebKit/537.36 (KHTML, like Gecko) Chrome/144.0.0.0 Safari/537.36"
34.56.124.53 - - [27/Aug/2026:06:48:03 +0800] "GET /32745/wp-json/oembed/1.0/embed?url=https://2blog.ilc.edu.tw/32745/2025/12/07/%25e6%2584%259b%25e6%2583%2585%25e4%25be%2586%25e7%259f%25a3-2/ HTTP/1.1" 200 8301 "-" "Mozilla/5.0 (Macintosh; Intel Mac OS X 10_15_7) AppleWebKit/537.36 (KHTML, like Gecko) Chrome/120.0.0.0 Safari/537.36"
2408:8722:0:1::2c5 - - [27/Aug/2026:06:48:03 +0800] "GET /wp-content/cache/ilta.ilc.edu.tw/wpfc-minified/qm0ohmet/6wvk.css HTTP/1.1" 200 1496 "https://ilta.ilc.edu.tw/2014/04/17/" "Mozilla/5.0 (Windows NT 10.0; Win64; x64) AppleWebKit/537.36 (KHTML, like Gecko) Chrome/144.0.0.0 Safari/537.36"
2408:8722:0:1::2c5 - - [27/Aug/2026:06:48:03 +0800] "GET /wp-content/cache/ilta.ilc.edu.tw/wpfc-minified/7vo8n6iy/6wvk.css HTTP/1.1" 200 61047 "https://ilta.ilc.edu.tw/2014/04/17/" "Mozilla/5.0 (Windows NT 10.0; Win64; x64) AppleWebKit/537.36 (KHTML, like Gecko) Chrome/144.0.0.0 Safari/537.36"
2408:8722:0:1::2c5 - - [27/Aug/2026:06:48:03 +0800] "GET /wp-content/cache/ilta.ilc.edu.tw/wpfc-minified/1qjpbzp9/6wvk.js HTTP/1.1" 200 40344 "https://ilta.ilc.edu.tw/2014/04/17/" "Mozilla/5.0 (Windows NT 10.0; Win64; x64) AppleWebKit/537.36 (KHTML, like Gecko) Chrome/144.0.0.0 Safari/537.36"
2408:8722:0:1::2c5 - - [27/Aug/2026:06:48:03 +0800] "GET /wp-includes/js/hoverintent-js.min.js HTTP/1.1" 200 6392 "https://ilta.ilc.edu.tw/2014/04/17/" "Mozilla/5.0 (Windows NT 10.0; Win64; x64) AppleWebKit/537.36 (KHTML, like Gecko) Chrome/144.0.0.0 Safari/537.36"
2408:8722:0:1::2c5 - - [27/Aug/2026:06:48:03 +0800] "GET /wp-includes/js/admin-bar.min.js HTTP/1.1" 200 7032 "https://ilta.ilc.edu.tw/2014/04/17/" "Mozilla/5.0 (Windows NT 10.0; Win64; x64) AppleWebKit/537.36 (KHTML, like Gecko) Chrome/144.0.0.0 Safari/537.36"
34.239.197.197 - - [27/Aug/2026:06:48:03 +0800] "GET /wp-content/uploads/sites/2480/2021/08/?C=M;O%3DA HTTP/1.1" 200 1113 "-" "Mozilla/5.0 AppleWebKit/537.36 (KHTML, like Gecko; compatible; Amazonbot/0.1; +https://developer.amazon.com/support/amazonbot) Chrome/119.0.6045.214 Safari/537.36"
2408:8722:0:1::2c5 - - [27/Aug/2026:06:48:04 +0800] "GET /wp-includes/js/imagesloaded.min.js HTTP/1.1" 200 2683 "https://ilta.ilc.edu.tw/2014/04/17/" "Mozilla/5.0 (Windows NT 10.0; Win64; x64) AppleWebKit/537.36 (KHTML, like Gecko) Chrome/144.0.0.0 Safari/537.36"
2a03:2880:f802:2a:: - - [27/Aug/2026:06:48:01 +0800] "GET /wp-login.php?key=vyqj7375&_wpnonce=&action=ilc_logout&redirect_to=https%3A%2F%2Fchatgpt.com%2F%3Fq%3DPlease+provide+only+the+clickable+link+for+https%3A%2F%2Fwww.aayyy.com+and+without+any+extra+content HTTP/1.1" 302 8370 "-" "Mozilla/5.0 (Windows NT 10.0; Win64; x64) AppleWebKit/537.36 (KHTML, like Gecko) Chrome/145.0.0.0 Safari/537.36 (compatible; meta-webindexer/1.1 (+https://developers.facebook.com/docs/sharing/webmasters/crawler))"
66.249.71.8 - - [27/Aug/2026:06:48:01 +0800] "GET /wp-login.php?action=ilc_logout&_wpnonce=43754d0aad&redirect_to=http://appleinfinity.ru/job/27289/ HTTP/1.1" 302 3441 "-" "Mozilla/5.0 (compatible; Googlebot/2.1; +http://www.google.com/bot.html)"
2408:8722:0:1::2c5 - - [27/Aug/2026:06:48:04 +0800] "GET /wp-content/themes/oceanwp/assets/js/theme.min.js HTTP/1.1" 200 5130 "https://ilta.ilc.edu.tw/2014/04/17/" "Mozilla/5.0 (Windows NT 10.0; Win64; x64) AppleWebKit/537.36 (KHTML, like Gecko) Chrome/144.0.0.0 Safari/537.36"
2408:8722:0:1::2c5 - - [27/Aug/2026:06:48:04 +0800] "GET /wp-content/themes/oceanwp/assets/js/drop-down-mobile-menu.min.js HTTP/1.1" 200 4663 "https://ilta.ilc.edu.tw/2014/04/17/" "Mozilla/5.0 (Windows NT 10.0; Win64; x64) AppleWebKit/537.36 (KHTML, like Gecko) Chrome/144.0.0.0 Safari/537.36"
2408:8722:0:1::2c5 - - [27/Aug/2026:06:48:04 +0800] "GET /wp-content/themes/oceanwp/assets/js/drop-down-search.min.js HTTP/1.1" 200 2968 "https://ilta.ilc.edu.tw/2014/04/17/" "Mozilla/5.0 (Windows NT 10.0; Win64; x64) AppleWebKit/537.36 (KHTML, like Gecko) Chrome/144.0.0.0 Safari/537.36"
34.56.53.225 - - [27/Aug/2026:06:48:04 +0800] "GET /32745/category/%E9%9B%AA%E8%98%AD/feed/ HTTP/1.1" 200 9877 "-" "Mozilla/5.0 (Macintosh; Intel Mac OS X 10_15_7) AppleWebKit/537.36 (KHTML, like Gecko) Chrome/120.0.0.0 Safari/537.36"
2408:8722:0:1::2c5 - - [27/Aug/2026:06:48:04 +0800] "GET /wp-content/themes/oceanwp/assets/js/vendors/magnific-popup.min.js HTTP/1.1" 200 8270 "https://ilta.ilc.edu.tw/2014/04/17/" "Mozilla/5.0 (Windows NT 10.0; Win64; x64) AppleWebKit/537.36 (KHTML, like Gecko) Chrome/144.0.0.0 Safari/537.36"
2408:8722:0:1::2c5 - - [27/Aug/2026:06:48:04 +0800] "GET /wp-content/themes/oceanwp/assets/js/ow-lightbox.min.js HTTP/1.1" 200 2321 "https://ilta.ilc.edu.tw/2014/04/17/" "Mozilla/5.0 (Windows NT 10.0; Win64; x64) AppleWebKit/537.36 (KHTML, like Gecko) Chrome/144.0.0.0 Safari/537.36"
2408:8722:0:1::2c5 - - [27/Aug/2026:06:48:04 +0800] "GET /wp-content/themes/oceanwp/assets/js/vendors/flickity.pkgd.min.js HTTP/1.1" 200 15048 "https://ilta.ilc.edu.tw/2014/04/17/" "Mozilla/5.0 (Windows NT 10.0; Win64; x64) AppleWebKit/537.36 (KHTML, like Gecko) Chrome/144.0.0.0 Safari/537.36"
2408:8722:0:1::2c5 - - [27/Aug/2026:06:48:04 +0800] "GET /wp-content/themes/oceanwp/assets/js/ow-slider.min.js HTTP/1.1" 200 1761 "https://ilta.ilc.edu.tw/2014/04/17/" "Mozilla/5.0 (Windows NT 10.0; Win64; x64) AppleWebKit/537.36 (KHTML, like Gecko) Chrome/144.0.0.0 Safari/537.36"
2408:8722:0:1::2c5 - - [27/Aug/2026:06:48:04 +0800] "GET /wp-content/themes/oceanwp/assets/js/scroll-effect.min.js HTTP/1.1" 200 4127 "https://ilta.ilc.edu.tw/2014/04/17/" "Mozilla/5.0 (Windows NT 10.0; Win64; x64) AppleWebKit/537.36 (KHTML, like Gecko) Chrome/144.0.0.0 Safari/537.36"
34.171.68.95 - - [27/Aug/2026:06:48:04 +0800] "GET /6552/2015/11/16/104%E5%B9%B4%E5%85%A7%E5%9F%8E%E4%B8%AD%E5%B0%8F%E5%AD%B8%E7%92%B0%E5%A2%83%E6%95%99%E8%82%B2%E8%87%AA%E8%A9%95%E8%A1%A8-%E5%9F%BA%E6%9C%AC%E8%B3%87%E6%96%99/ HTTP/1.1" 200 16628 "-" "Mozilla/5.0 (Macintosh; Intel Mac OS X 10_15_7) AppleWebKit/537.36 (KHTML, like Gecko) Chrome/120.0.0.0 Safari/537.36"
2408:8722:0:1::2c5 - - [27/Aug/2026:06:48:04 +0800] "GET /wp-content/themes/oceanwp/assets/js/scroll-top.min.js HTTP/1.1" 200 3202 "https://ilta.ilc.edu.tw/2014/04/17/" "Mozilla/5.0 (Windows NT 10.0; Win64; x64) AppleWebKit/537.36 (KHTML, like Gecko) Chrome/144.0.0.0 Safari/537.36"
2408:8722:0:1::2c5 - - [27/Aug/2026:06:48:04 +0800] "GET /wp-content/themes/oceanwp/assets/js/select.min.js HTTP/1.1" 200 2408 "https://ilta.ilc.edu.tw/2014/04/17/" "Mozilla/5.0 (Windows NT 10.0; Win64; x64) AppleWebKit/537.36 (KHTML, like Gecko) Chrome/144.0.0.0 Safari/537.36"
2408:8722:0:1::2c5 - - [27/Aug/2026:06:48:04 +0800] "GET /wp-content/plugins/ocean-extra/includes/widgets/js/flickr.min.js HTTP/1.1" 200 1319 "https://ilta.ilc.edu.tw/2014/04/17/" "Mozilla/5.0 (Windows NT 10.0; Win64; x64) AppleWebKit/537.36 (KHTML, like Gecko) Chrome/144.0.0.0 Safari/537.36"
2408:8722:0:1::2c5 - - [27/Aug/2026:06:48:04 +0800] "GET /wp-content/themes/oceanwp/assets/fonts/simple-line-icons/Simple-Line-Icons.woff2?v=2.4.0 HTTP/1.1" 200 30959 "https://ilta.ilc.edu.tw/wp-content/cache/ilta.ilc.edu.tw/wpfc-minified/7vo8n6iy/6wvk.css" "Mozilla/5.0 (Windows NT 10.0; Win64; x64) AppleWebKit/537.36 (KHTML, like Gecko) Chrome/144.0.0.0 Safari/537.36"
34.10.180.98 - - [27/Aug/2026:06:48:05 +0800] "GET /6503/2020/11/06/109-3-1-2%E7%92%B0%E5%A2%83%E8%A1%9B%E7%94%9F%E7%AE%A1%E7%90%86/ HTTP/1.1" 200 13340 "-" "Mozilla/5.0 (Macintosh; Intel Mac OS X 10_15_7) AppleWebKit/537.36 (KHTML, like Gecko) Chrome/120.0.0.0 Safari/537.36"
2001:288:a201::66:125 - - [27/Aug/2026:06:48:05 +0800] "GET /blog/active.php HTTP/1.1" 301 1026 "-" "-"
2408:8722:0:1::2c5 - - [27/Aug/2026:06:48:04 +0800] "GET /wp-content/themes/oceanwp/assets/fonts/fontawesome/webfonts/fa-solid-900.woff2 HTTP/1.1" 200 151246 "https://ilta.ilc.edu.tw/wp-content/cache/ilta.ilc.edu.tw/wpfc-minified/7vo8n6iy/6wvk.css" "Mozilla/5.0 (Windows NT 10.0; Win64; x64) AppleWebKit/537.36 (KHTML, like Gecko) Chrome/144.0.0.0 Safari/537.36"
2001:288:a201::66:125 - - [27/Aug/2026:06:48:05 +0800] "GET /blog/active.php HTTP/1.1" 404 1084 "-" "-"
34.10.180.98 - - [27/Aug/2026:06:48:05 +0800] "GET /4925/?p=4820 HTTP/1.1" 301 5691 "-" "Mozilla/5.0 (Macintosh; Intel Mac OS X 10_15_7) AppleWebKit/537.36 (KHTML, like Gecko) Chrome/120.0.0.0 Safari/537.36"
::1 - - [27/Aug/2026:06:48:06 +0800] "OPTIONS * HTTP/1.0" 200 110 "-" "Apache/2.4.68 (Ubuntu) OpenSSL/3.0.19 (internal dummy connection)"
2408:8722:0:1::2c5 - - [27/Aug/2026:06:48:06 +0800] "GET /favicon.ico HTTP/1.1" 302 925 "https://ilta.ilc.edu.tw/2014/04/17/" "Mozilla/5.0 (Windows NT 10.0; Win64; x64) AppleWebKit/537.36 (KHTML, like Gecko) Chrome/144.0.0.0 Safari/537.36"
2408:8722:0:1::2c5 - - [27/Aug/2026:06:48:06 +0800] "GET /wp-includes/images/w-logo-blue-white-bg.png HTTP/1.1" 200 4946 "https://ilta.ilc.edu.tw/2014/04/17/" "Mozilla/5.0 (Windows NT 10.0; Win64; x64) AppleWebKit/537.36 (KHTML, like Gecko) Chrome/144.0.0.0 Safari/537.36"
100.24.167.60 - - [27/Aug/2026:06:48:06 +0800] "GET /2020/07/27/20200725%E6%A0%A1%E5%8F%8B%E7%9B%83%E4%B8%89%E5%B0%8D%E4%B8%89%E7%B1%83%E7%90%83%E8%B3%BD/dsc_3489/embed/ HTTP/1.1" 200 12601 "-" "Mozilla/5.0 AppleWebKit/537.36 (KHTML, like Gecko; compatible; Amazonbot/0.1; +https://developer.amazon.com/support/amazonbot) Chrome/119.0.6045.214 Safari/537.36"
85.208.96.209 - - [27/Aug/2026:06:48:07 +0800] "GET /blog/index.php?articleId=740817&blogId=33949&op=printView HTTP/1.1" 301 5813 "-" "Mozilla/5.0 (compatible; SemrushBot/7~bl; +http://www.semrush.com/bot.html)"
3.216.13.10 - - [27/Aug/2026:06:48:07 +0800] "GET /32745/wp-content/uploads/sites/1271/2023/01/1-176-480x245.jpeg HTTP/1.1" 200 43695 "-" "Mozilla/5.0 AppleWebKit/537.36 (KHTML, like Gecko; compatible; Amazonbot/0.1; +https://developer.amazon.com/support/amazonbot) Chrome/119.0.6045.214 Safari/537.36"
140.111.67.10 - - [27/Aug/2026:06:48:07 +0800] "GET /" 301 273 "-" "-"
34.10.180.98 - - [27/Aug/2026:06:48:07 +0800] "GET /6580/?p=13088 HTTP/1.1" 301 5620 "-" "Mozilla/5.0 (Macintosh; Intel Mac OS X 10_15_7) AppleWebKit/537.36 (KHTML, like Gecko) Chrome/120.0.0.0 Safari/537.36"
34.123.149.87 - - [27/Aug/2026:06:48:07 +0800] "GET /32745/2021/09/25/%E5%A7%91%E5%A8%98%E7%9C%9F%E7%BE%8E%E9%BA%97/ HTTP/1.1" 200 92200 "-" "Mozilla/5.0 (Macintosh; Intel Mac OS X 10_15_7) AppleWebKit/537.36 (KHTML, like Gecko) Chrome/120.0.0.0 Safari/537.36"
52.6.97.88 - - [27/Aug/2026:06:48:08 +0800] "GET /wp-content/uploads/sites/3290/2022/12/?C=D;O%3DA HTTP/1.1" 200 1114 "-" "Mozilla/5.0 AppleWebKit/537.36 (KHTML, like Gecko; compatible; Amazonbot/0.1; +https://developer.amazon.com/support/amazonbot) Chrome/119.0.6045.214 Safari/537.36"
34.10.180.98 - - [27/Aug/2026:06:48:08 +0800] "GET /41799/wp-json/wp/v2/posts/957 HTTP/1.1" 200 11755 "-" "Mozilla/5.0 (Macintosh; Intel Mac OS X 10_15_7) AppleWebKit/537.36 (KHTML, like Gecko) Chrome/120.0.0.0 Safari/537.36"
::1 - - [27/Aug/2026:06:48:09 +0800] "OPTIONS * HTTP/1.0" 200 110 "-" "Apache/2.4.68 (Ubuntu) OpenSSL/3.0.19 (internal dummy connection)"
35.254.159.230 - - [27/Aug/2026:06:48:09 +0800] "GET /6448/wp-json/wp/v2/posts/390 HTTP/1.1" 200 8657 "-" "Mozilla/5.0 (Macintosh; Intel Mac OS X 10_15_7) AppleWebKit/537.36 (KHTML, like Gecko) Chrome/120.0.0.0 Safari/537.36"
185.191.171.6 - - [27/Aug/2026:06:48:09 +0800] "GET /26150/2022/05/18/ HTTP/1.1" 200 21698 "-" "Mozilla/5.0 (compatible; SemrushBot/7~bl; +http://www.semrush.com/bot.html)"
66.249.79.133 - - [27/Aug/2026:06:48:08 +0800] "GET /wp-login.php?action=ilc_logout&_wpnonce=43754d0aad&redirect_to=http://fortuna28.ru/gallery/60635/ HTTP/1.1" 302 3441 "-" "Mozilla/5.0 (compatible; Googlebot/2.1; +http://www.google.com/bot.html)"
::1 - - [27/Aug/2026:06:48:10 +0800] "OPTIONS * HTTP/1.0" 200 110 "-" "Apache/2.4.68 (Ubuntu) OpenSSL/3.0.19 (internal dummy connection)"
34.30.223.149 - - [27/Aug/2026:06:48:10 +0800] "GET /6451/?p=88 HTTP/1.1" 301 5684 "-" "Mozilla/5.0 (Macintosh; Intel Mac OS X 10_15_7) AppleWebKit/537.36 (KHTML, like Gecko) Chrome/120.0.0.0 Safari/537.36"
2001:288:a201::66:125 - - [27/Aug/2026:06:48:10 +0800] "GET /blog/active.php HTTP/1.1" 301 1026 "-" "-"
2001:288:a201::66:125 - - [27/Aug/2026:06:48:10 +0800] "GET /blog/active.php HTTP/1.1" 404 1084 "-" "-"
34.56.124.53 - - [27/Aug/2026:06:48:10 +0800] "GET /6523/wp-json/wp/v2/posts/4237 HTTP/1.1" 200 9262 "-" "Mozilla/5.0 (Macintosh; Intel Mac OS X 10_15_7) AppleWebKit/537.36 (KHTML, like Gecko) Chrome/120.0.0.0 Safari/537.36"
::1 - - [27/Aug/2026:06:48:11 +0800] "OPTIONS * HTTP/1.0" 200 110 "-" "Apache/2.4.68 (Ubuntu) OpenSSL/3.0.19 (internal dummy connection)"
44.215.235.20 - - [27/Aug/2026:06:48:11 +0800] "GET /wp-content/uploads/sites/1444/2020/07/DSC_3489-1320x500.jpg HTTP/1.1" 200 146571 "-" "Mozilla/5.0 AppleWebKit/537.36 (KHTML, like Gecko; compatible; Amazonbot/0.1; +https://developer.amazon.com/support/amazonbot) Chrome/119.0.6045.214 Safari/537.36"
34.10.180.98 - - [27/Aug/2026:06:48:11 +0800] "GET /6415/2020/10/28/page/2/ HTTP/1.1" 200 14110 "-" "Mozilla/5.0 (Macintosh; Intel Mac OS X 10_15_7) AppleWebKit/537.36 (KHTML, like Gecko) Chrome/120.0.0.0 Safari/537.36"
185.191.171.11 - - [27/Aug/2026:06:48:11 +0800] "GET /kses1093a/2020/10/26/%E8%81%AF%E7%B5%A1%E7%B0%BF1091027/ HTTP/1.1" 200 18567 "-" "Mozilla/5.0 (compatible; SemrushBot/7~bl; +http://www.semrush.com/bot.html)"
107.20.224.184 - - [27/Aug/2026:06:48:12 +0800] "GET /wp-content/uploads/sites/2177/elementor/css/?C=M;O%3DA HTTP/1.1" 200 1168 "-" "Mozilla/5.0 AppleWebKit/537.36 (KHTML, like Gecko; compatible; Amazonbot/0.1; +https://developer.amazon.com/support/amazonbot) Chrome/119.0.6045.214 Safari/537.36"
::1 - - [27/Aug/2026:06:48:12 +0800] "OPTIONS * HTTP/1.0" 200 110 "-" "Apache/2.4.68 (Ubuntu) OpenSSL/3.0.19 (internal dummy connection)"
140.111.67.10 - - [27/Aug/2026:06:48:12 +0800] "GET /" 301 273 "-" "-"
34.171.68.95 - - [27/Aug/2026:06:48:12 +0800] "GET /6564/?p=15913 HTTP/1.1" 301 5672 "-" "Mozilla/5.0 (Macintosh; Intel Mac OS X 10_15_7) AppleWebKit/537.36 (KHTML, like Gecko) Chrome/120.0.0.0 Safari/537.36"
::1 - - [27/Aug/2026:06:48:13 +0800] "OPTIONS * HTTP/1.0" 200 110 "-" "Apache/2.4.68 (Ubuntu) OpenSSL/3.0.19 (internal dummy connection)"
44.212.131.50 - - [27/Aug/2026:06:48:14 +0800] "GET /6030/wp-json/oembed/1.0/embed?format=xml&url=https://2blog.ilc.edu.tw/6030/2013/05/07/1-1-1-%25e5%259b%259b%25e5%25b9%25b4%25e7%25b4%259a%25e6%2595%2599%25e5%25ad%25b8%25e6%2595%2599%25e6%25a1%2588/ HTTP/1.1" 200 7267 "-" "Mozilla/5.0 AppleWebKit/537.36 (KHTML, like Gecko; compatible; Amazonbot/0.1; +https://developer.amazon.com/support/amazonbot) Chrome/119.0.6045.214 Safari/537.36"
::1 - - [27/Aug/2026:06:48:14 +0800] "OPTIONS * HTTP/1.0" 200 110 "-" "Apache/2.4.68 (Ubuntu) OpenSSL/3.0.19 (internal dummy connection)"
185.191.171.18 - - [27/Aug/2026:06:48:14 +0800] "GET /blog/index.php?blogId=3891&op=gameShowVotePage&voteBlogId=439 HTTP/1.1" 301 5817 "-" "Mozilla/5.0 (compatible; SemrushBot/7~bl; +http://www.semrush.com/bot.html)"
52.167.144.229 - - [27/Aug/2026:06:48:14 +0800] "GET /1003/?s=%C2%BFUsted+es+de+Bandera%3F%0D%0A+l%C3%B3gico%0D%0A+il%C3%B3gico HTTP/1.1" 200 13793 "-" "Mozilla/5.0 AppleWebKit/537.36 (KHTML, like Gecko; compatible; bingbot/2.0; +http://www.bing.com/bingbot.htm) Chrome/116.0.1938.76 Safari/537.36"
::1 - - [27/Aug/2026:06:48:15 +0800] "OPTIONS * HTTP/1.0" 200 110 "-" "Apache/2.4.68 (Ubuntu) OpenSSL/3.0.19 (internal dummy connection)"
2001:288:a201::66:125 - - [27/Aug/2026:06:48:15 +0800] "GET /blog/active.php HTTP/1.1" 301 1026 "-" "-"
2001:288:a201::66:125 - - [27/Aug/2026:06:48:15 +0800] "GET /blog/active.php HTTP/1.1" 404 1084 "-" "-"
::1 - - [27/Aug/2026:06:48:16 +0800] "OPTIONS * HTTP/1.0" 200 110 "-" "Apache/2.4.68 (Ubuntu) OpenSSL/3.0.19 (internal dummy connection)"
185.191.171.7 - - [27/Aug/2026:06:48:16 +0800] "GET /blog/?blogId=3891&op=gameShowVotePage&voteBlogId=439 HTTP/1.1" 404 25426 "-" "Mozilla/5.0 (compatible; SemrushBot/7~bl; +http://www.semrush.com/bot.html)"
2409:8754:9330:0:122:238:118:243 - - [27/Aug/2026:06:48:16 +0800] "GET /favicon.ico HTTP/1.1" 302 5695 "https://2blog.ilc.edu.tw/blog/gallery/7581/7581-3894244.pdf" "Mozilla/5.0 (Windows NT 10.0; Win64; x64) AppleWebKit/537.36 (KHTML, like Gecko) Chrome/144.0.0.0 Safari/537.36"
34.123.149.87 - - [27/Aug/2026:06:48:16 +0800] "GET /32745/?p=102786 HTTP/1.1" 301 5724 "-" "Mozilla/5.0 (Macintosh; Intel Mac OS X 10_15_7) AppleWebKit/537.36 (KHTML, like Gecko) Chrome/120.0.0.0 Safari/537.36"
2409:8754:9330:0:122:238:118:243 - - [27/Aug/2026:06:48:17 +0800] "GET /wp-includes/images/w-logo-blue-white-bg.png HTTP/1.1" 200 4946 "https://2blog.ilc.edu.tw/blog/gallery/7581/7581-3894244.pdf" "Mozilla/5.0 (Windows NT 10.0; Win64; x64) AppleWebKit/537.36 (KHTML, like Gecko) Chrome/144.0.0.0 Safari/537.36"
140.111.67.10 - - [27/Aug/2026:06:48:17 +0800] "GET /" 301 273 "-" "-"
52.167.144.160 - - [27/Aug/2026:06:48:17 +0800] "GET /?s=2026 HTTP/1.1" 200 16928 "-" "Mozilla/5.0 AppleWebKit/537.36 (KHTML, like Gecko; compatible; bingbot/2.0; +http://www.bing.com/bingbot.htm) Chrome/116.0.1938.76 Safari/537.36"
66.249.79.138 - - [27/Aug/2026:06:48:16 +0800] "GET /wp-login.php?action=ilc_logout&_wpnonce=43754d0aad&redirect_to=//trusensedipa.ga/113wwwjwesilcedutwUhI651 HTTP/1.1" 302 8256 "-" "Mozilla/5.0 (Linux; Android 6.0.1; Nexus 5X Build/MMB29P) AppleWebKit/537.36 (KHTML, like Gecko) Chrome/151.0.7922.173 Mobile Safari/537.36 (compatible; Googlebot/2.1; +http://www.google.com/bot.html)"
85.208.96.212 - - [27/Aug/2026:06:48:18 +0800] "GET /blog/blog/1/post/86900/582857 HTTP/1.1" 404 25426 "-" "Mozilla/5.0 (compatible; SemrushBot/7~bl; +http://www.semrush.com/bot.html)"
34.123.149.87 - - [27/Aug/2026:06:48:19 +0800] "GET /6445/wp-json/wp/v2/posts/7586 HTTP/1.1" 200 8590 "-" "Mozilla/5.0 (Macintosh; Intel Mac OS X 10_15_7) AppleWebKit/537.36 (KHTML, like Gecko) Chrome/120.0.0.0 Safari/537.36"
34.30.223.149 - - [27/Aug/2026:06:48:19 +0800] "GET /6422/?p=3288 HTTP/1.1" 301 5781 "-" "Mozilla/5.0 (Macintosh; Intel Mac OS X 10_15_7) AppleWebKit/537.36 (KHTML, like Gecko) Chrome/120.0.0.0 Safari/537.36"
66.249.79.138 - - [27/Aug/2026:06:48:18 +0800] "GET /wp-login.php?action=ilc_logout&_wpnonce=43754d0aad&redirect_to=//thoughmorodoris.ml/113wwwjwesilcedutwjiT651 HTTP/1.1" 302 3474 "-" "Mozilla/5.0 (Linux; Android 6.0.1; Nexus 5X Build/MMB29P) AppleWebKit/537.36 (KHTML, like Gecko) Chrome/151.0.7922.173 Mobile Safari/537.36 (compatible; Googlebot/2.1; +http://www.google.com/bot.html)"
2001:288:a201::66:125 - - [27/Aug/2026:06:48:20 +0800] "GET /blog/active.php HTTP/1.1" 301 1026 "-" "-"
2001:288:a201::66:125 - - [27/Aug/2026:06:48:20 +0800] "GET /blog/active.php HTTP/1.1" 404 1084 "-" "-"
85.208.96.201 - - [27/Aug/2026:06:48:20 +0800] "GET /blog/?articleId=740817&blogId=33949&op=printView HTTP/1.1" 404 25426 "-" "Mozilla/5.0 (compatible; SemrushBot/7~bl; +http://www.semrush.com/bot.html)"
34.123.149.87 - - [27/Aug/2026:06:48:21 +0800] "GET /6570/2018/11/16/107%E5%8D%97%E5%AE%89%E5%9C%8B%E4%B8%AD%E8%87%AA%E8%A9%95%E8%A1%A8/ HTTP/1.1" 200 15400 "-" "Mozilla/5.0 (Macintosh; Intel Mac OS X 10_15_7) AppleWebKit/537.36 (KHTML, like Gecko) Chrome/120.0.0.0 Safari/537.36"
18.214.138.148 - - [27/Aug/2026:06:48:21 +0800] "GET /amy6998/2024/11/26/113%E5%B9%B411%E6%9C%8822%E6%97%A5%E5%AD%B8%E7%94%9F%E5%AE%89%E5%85%A8%E7%B6%AD%E8%AD%B7%EF%BC%88%E6%84%9F%E8%AC%9D%E6%89%80%E9%95%B7%E8%AD%A6%E5%93%A1%E6%9C%83%E9%95%B7%E5%8D%94%E5%8A%9B%EF%BC%89/embed/ HTTP/1.1" 200 12766 "-" "Mozilla/5.0 AppleWebKit/537.36 (KHTML, like Gecko; compatible; Amazonbot/0.1; +https://developer.amazon.com/support/amazonbot) Chrome/119.0.6045.214 Safari/537.36"
140.111.67.10 - - [27/Aug/2026:06:48:22 +0800] "GET /" 301 273 "-" "-"
34.42.229.145 - - [27/Aug/2026:06:48:22 +0800] "GET /32745/wp-json/wp/v2/posts/128289 HTTP/1.1" 200 20217 "-" "Mozilla/5.0 (Macintosh; Intel Mac OS X 10_15_7) AppleWebKit/537.36 (KHTML, like Gecko) Chrome/120.0.0.0 Safari/537.36"
185.191.171.12 - - [27/Aug/2026:06:48:23 +0800] "GET /suscratch/wp-login.php HTTP/1.1" 200 10961 "-" "Mozilla/5.0 (compatible; SemrushBot/7~bl; +http://www.semrush.com/bot.html)"
66.249.79.138 - - [27/Aug/2026:06:48:23 +0800] "GET /wp-login.php?action=ilc_logout&_wpnonce=43754d0aad&redirect_to=http://cafepuerto.ru/job/41323/ HTTP/1.1" 302 3460 "-" "Mozilla/5.0 (Linux; Android 6.0.1; Nexus 5X Build/MMB29P) AppleWebKit/537.36 (KHTML, like Gecko) Chrome/151.0.7922.173 Mobile Safari/537.36 (compatible; GoogleOther)"
::1 - - [27/Aug/2026:06:48:25 +0800] "OPTIONS * HTTP/1.0" 200 110 "-" "Apache/2.4.68 (Ubuntu) OpenSSL/3.0.19 (internal dummy connection)"
2001:288:a201::66:125 - - [27/Aug/2026:06:48:25 +0800] "GET /blog/active.php HTTP/1.1" 301 1026 "-" "-"
2001:288:a201::66:125 - - [27/Aug/2026:06:48:25 +0800] "GET /blog/active.php HTTP/1.1" 404 1084 "-" "-"
34.171.68.95 - - [27/Aug/2026:06:48:25 +0800] "GET /6491/wp-json/wp/v2/posts/38719 HTTP/1.1" 200 10863 "-" "Mozilla/5.0 (Macintosh; Intel Mac OS X 10_15_7) AppleWebKit/537.36 (KHTML, like Gecko) Chrome/120.0.0.0 Safari/537.36"
34.123.149.87 - - [27/Aug/2026:06:48:25 +0800] "GET /9536/author/cic917/page/6/ HTTP/1.1" 200 16222 "-" "Mozilla/5.0 (Macintosh; Intel Mac OS X 10_15_7) AppleWebKit/537.36 (KHTML, like Gecko) Chrome/120.0.0.0 Safari/537.36"
34.10.180.98 - - [27/Aug/2026:06:48:25 +0800] "GET /6426/2010/10/11/3-10%E6%A0%A1%E5%9C%92%E7%B6%A0%E7%BE%8E%E5%8C%96%E6%83%85%E5%BD%A2/ HTTP/1.1" 200 16245 "-" "Mozilla/5.0 (Macintosh; Intel Mac OS X 10_15_7) AppleWebKit/537.36 (KHTML, like Gecko) Chrome/120.0.0.0 Safari/537.36"
3.225.9.97 - - [27/Aug/2026:06:48:25 +0800] "GET /amy6998/wp-json/wp/v2/posts/28431/revisions/28434 HTTP/1.1" 401 6200 "-" "Mozilla/5.0 AppleWebKit/537.36 (KHTML, like Gecko; compatible; Amazonbot/0.1; +https://developer.amazon.com/support/amazonbot) Chrome/119.0.6045.214 Safari/537.36"
20.125.101.194 - - [27/Aug/2026:06:48:21 +0800] "GET /yceec/wp-content/uploads/sites/200/2024/01/%E5%AD%B8%E6%A0%A1%E5%9E%8B%E6%85%8B%E5%AF%A6%E9%A9%97%E6%95%99%E8%82%B2%E5%AF%A9%E8%AD%B0%E6%9C%83-%E7%AC%AC4%E5%B1%86%E7%AC%AC2%E6%AC%A1%E6%9C%83%E8%AD%B0%E7%B4%80%E9%8C%841120627.pdf HTTP/1.1" 200 930996 "-" "Mozilla/5.0 (compatible; MSR-Financial-PDF-Scorer/1.0)"
34.123.149.87 - - [27/Aug/2026:06:48:26 +0800] "GET /32745/?p=146007 HTTP/1.1" 301 5577 "-" "Mozilla/5.0 (Macintosh; Intel Mac OS X 10_15_7) AppleWebKit/537.36 (KHTML, like Gecko) Chrome/120.0.0.0 Safari/537.36"
85.208.96.212 - - [27/Aug/2026:06:48:26 +0800] "GET /cges103/2020/11/17/1091117%E7%88%86%E7%B1%B3%E9%A6%99/ HTTP/1.1" 200 14757 "-" "Mozilla/5.0 (compatible; SemrushBot/7~bl; +http://www.semrush.com/bot.html)"
34.171.68.95 - - [27/Aug/2026:06:48:26 +0800] "GET /6440/2020/09/ HTTP/1.1" 200 15575 "-" "Mozilla/5.0 (Macintosh; Intel Mac OS X 10_15_7) AppleWebKit/537.36 (KHTML, like Gecko) Chrome/120.0.0.0 Safari/537.36"
34.171.68.95 - - [27/Aug/2026:06:48:26 +0800] "GET /32745/?p=58967 HTTP/1.1" 301 5593 "-" "Mozilla/5.0 (Macintosh; Intel Mac OS X 10_15_7) AppleWebKit/537.36 (KHTML, like Gecko) Chrome/120.0.0.0 Safari/537.36"
140.111.67.10 - - [27/Aug/2026:06:48:27 +0800] "GET /" 301 273 "-" "-"
66.249.79.138 - - [27/Aug/2026:06:48:26 +0800] "GET /wp-login.php?action=ilc_logout&_wpnonce=43754d0aad&redirect_to=//maisipa.ga/113wwwjwesilcedutwicd651 HTTP/1.1" 302 3466 "-" "Mozilla/5.0 (Linux; Android 6.0.1; Nexus 5X Build/MMB29P) AppleWebKit/537.36 (KHTML, like Gecko) Chrome/151.0.7922.173 Mobile Safari/537.36 (compatible; Googlebot/2.1; +http://www.google.com/bot.html)"
136.119.35.120 - - [27/Aug/2026:06:48:29 +0800] "GET /112dongaopreschool/2026/05/09/%E5%85%AC%E5%91%8A%F0%9F%93%A3115%E5%B9%B4%E5%BA%A6%E5%B9%BC%E5%85%92%E5%9C%92%E6%8B%9B%E7%94%9F%E6%94%BB%E7%95%A5%E6%87%B6%E4%BA%BA%E5%8C%85/ HTTP/1.1" 200 13898 "-" "Mozilla/5.0 (Macintosh; Intel Mac OS X 10_15_7) AppleWebKit/537.36 (KHTML, like Gecko) Chrome/120.0.0.0 Safari/537.36"
2401:e180:8d53:53f9:449d:f261:af4e:c2e8 - - [27/Aug/2026:06:48:30 +0800] "GET /wp-content/uploads/sites/1664/elementor/css/post-2.css HTTP/1.1" 304 5590 "https://www.gjes.ilc.edu.tw/" "Mozilla/5.0 (iPhone; CPU iPhone OS 18_5 like Mac OS X) AppleWebKit/605.1.15 (KHTML, like Gecko) Version/18.5 Mobile/15E148 Safari/604.1"
2001:288:a201::66:125 - - [27/Aug/2026:06:48:30 +0800] "GET /blog/active.php HTTP/1.1" 301 1026 "-" "-"
2001:288:a201::66:125 - - [27/Aug/2026:06:48:30 +0800] "GET /blog/active.php HTTP/1.1" 404 1084 "-" "-"
2401:e180:8d53:53f9:449d:f261:af4e:c2e8 - - [27/Aug/2026:06:48:30 +0800] "POST /wp-json/wp-statistics/v2/hit HTTP/1.1" 200 6012 "https://www.gjes.ilc.edu.tw/" "Mozilla/5.0 (iPhone; CPU iPhone OS 18_5 like Mac OS X) AppleWebKit/605.1.15 (KHTML, like Gecko) Version/18.5 Mobile/15E148 Safari/604.1"
34.56.124.53 - - [27/Aug/2026:06:48:31 +0800] "GET /6519/2011/12/page/7/ HTTP/1.1" 200 15286 "-" "Mozilla/5.0 (Macintosh; Intel Mac OS X 10_15_7) AppleWebKit/537.36 (KHTML, like Gecko) Chrome/120.0.0.0 Safari/537.36"
34.171.68.95 - - [27/Aug/2026:06:48:31 +0800] "GET /32745/2022/04/06/%E7%88%B8%E7%88%B8%E8%AB%8B%E4%BD%A0%E4%BF%9D%E9%87%8D/ HTTP/1.1" 200 92488 "-" "Mozilla/5.0 (Macintosh; Intel Mac OS X 10_15_7) AppleWebKit/537.36 (KHTML, like Gecko) Chrome/120.0.0.0 Safari/537.36"
44.196.118.6 - - [27/Aug/2026:06:48:31 +0800] "GET /wp-content/uploads/sites/884/2025/07/?C=N;O%3DA HTTP/1.1" 200 1111 "-" "Mozilla/5.0 AppleWebKit/537.36 (KHTML, like Gecko; compatible; Amazonbot/0.1; +https://developer.amazon.com/support/amazonbot) Chrome/119.0.6045.214 Safari/537.36"
140.111.67.10 - - [27/Aug/2026:06:48:32 +0800] "GET /" 301 273 "-" "-"
34.57.162.91 - - [27/Aug/2026:06:48:32 +0800] "GET /20978/wp-json/wp/v2/posts/6007 HTTP/1.1" 200 18461 "-" "Mozilla/5.0 (Macintosh; Intel Mac OS X 10_15_7) AppleWebKit/537.36 (KHTML, like Gecko) Chrome/120.0.0.0 Safari/537.36"
34.171.68.95 - - [27/Aug/2026:06:48:29 +0800] "GET /26150/?p=2951 HTTP/1.1" 301 5776 "-" "Mozilla/5.0 (Macintosh; Intel Mac OS X 10_15_7) AppleWebKit/537.36 (KHTML, like Gecko) Chrome/120.0.0.0 Safari/537.36"
2001:b011:7801:5706:54e4:e26a:3b12:d066 - - [27/Aug/2026:06:48:33 +0800] "-" 408 339 "-" "-"
2001:288:a201::67:81 - - [27/Aug/2026:06:48:31 +0800] "POST /26150/?p=2951&fsm_edd_37394=5253c4d9241f9cf6d33c3e8577b585b2 HTTP/1.1" 200 13008 "-" "WordPress/6.6.7; https://2blog.ilc.edu.tw/26150"
::1 - - [27/Aug/2026:06:48:35 +0800] "OPTIONS * HTTP/1.0" 200 110 "-" "Apache/2.4.68 (Ubuntu) OpenSSL/3.0.19 (internal dummy connection)"
2001:288:a201::66:125 - - [27/Aug/2026:06:48:35 +0800] "GET /blog/active.php HTTP/1.1" 301 1026 "-" "-"
2001:288:a201::66:125 - - [27/Aug/2026:06:48:35 +0800] "GET /blog/active.php HTTP/1.1" 404 1084 "-" "-"
66.249.71.6 - - [27/Aug/2026:06:48:33 +0800] "GET /wp-login.php?action=ilc_logout&_wpnonce=43754d0aad&redirect_to=http://vasilisaluck.ru/job/68829/ HTTP/1.1" 302 3440 "-" "Mozilla/5.0 (Linux; Android 6.0.1; Nexus 5X Build/MMB29P) AppleWebKit/537.36 (KHTML, like Gecko) Chrome/151.0.7922.173 Mobile Safari/537.36 (compatible; GoogleOther)"
::1 - - [27/Aug/2026:06:48:37 +0800] "OPTIONS * HTTP/1.0" 200 110 "-" "Apache/2.4.68 (Ubuntu) OpenSSL/3.0.19 (internal dummy connection)"
140.111.67.10 - - [27/Aug/2026:06:48:37 +0800] "GET /" 301 273 "-" "-"
3.94.156.104 - - [27/Aug/2026:06:48:37 +0800] "GET /7986/wp-json/wp/v2/posts/496/revisions HTTP/1.1" 401 6197 "-" "Mozilla/5.0 AppleWebKit/537.36 (KHTML, like Gecko; compatible; Amazonbot/0.1; +https://developer.amazon.com/support/amazonbot) Chrome/119.0.6045.214 Safari/537.36"
::1 - - [27/Aug/2026:06:48:38 +0800] "OPTIONS * HTTP/1.0" 200 110 "-" "Apache/2.4.68 (Ubuntu) OpenSSL/3.0.19 (internal dummy connection)"
66.249.79.138 - - [27/Aug/2026:06:48:36 +0800] "GET /wp-login.php?action=ilc_logout&_wpnonce=43754d0aad&redirect_to=//mulvera.ml/113wwwjwesilcedutwtEn651 HTTP/1.1" 302 8251 "-" "Mozilla/5.0 (Linux; Android 6.0.1; Nexus 5X Build/MMB29P) AppleWebKit/537.36 (KHTML, like Gecko) Chrome/151.0.7922.173 Mobile Safari/537.36 (compatible; Googlebot/2.1; +http://www.google.com/bot.html)"
3.215.59.93 - - [27/Aug/2026:06:48:38 +0800] "GET /2013/04/22/%E5%AD%B8%E6%A0%A1%E6%9C%AC%E4%BD%8D%E8%AA%B2%E7%A8%8B%E6%9E%B6%E6%A7%8B/embed/ HTTP/1.1" 200 12343 "-" "Mozilla/5.0 AppleWebKit/537.36 (KHTML, like Gecko; compatible; Amazonbot/0.1; +https://developer.amazon.com/support/amazonbot) Chrome/119.0.6045.214 Safari/537.36"
34.10.180.98 - - [27/Aug/2026:06:48:39 +0800] "GET /2373/tag/%E7%B0%A1%E4%BD%91%E6%A8%BA/ HTTP/1.1" 200 19744 "-" "Mozilla/5.0 (Macintosh; Intel Mac OS X 10_15_7) AppleWebKit/537.36 (KHTML, like Gecko) Chrome/120.0.0.0 Safari/537.36"
34.42.229.145 - - [27/Aug/2026:06:48:36 +0800] "GET /linkc/2008/11/23/%E5%9C%A8openfos%E5%AE%89%E8%A3%9Dlogitech-quickcam-for-notebooks-deluxe%E5%BF%AB%E7%9C%8B%E9%9A%A8%E8%A1%8C%E7%89%88/ HTTP/1.1" 200 17851 "-" "Mozilla/5.0 (Macintosh; Intel Mac OS X 10_15_7) AppleWebKit/537.36 (KHTML, like Gecko) Chrome/120.0.0.0 Safari/537.36"
34.171.68.95 - - [27/Aug/2026:06:48:39 +0800] "GET /32745/wp-json/oembed/1.0/embed?format=xml&url=https://2blog.ilc.edu.tw/32745/2026/06/14/%25e4%25b8%2580%25e7%259b%25b4%25e6%2584%259b/ HTTP/1.1" 200 7087 "-" "Mozilla/5.0 (Macintosh; Intel Mac OS X 10_15_7) AppleWebKit/537.36 (KHTML, like Gecko) Chrome/120.0.0.0 Safari/537.36"
34.171.68.95 - - [27/Aug/2026:06:48:40 +0800] "GET /6445/2013/07/23/ HTTP/1.1" 200 13996 "-" "Mozilla/5.0 (Macintosh; Intel Mac OS X 10_15_7) AppleWebKit/537.36 (KHTML, like Gecko) Chrome/120.0.0.0 Safari/537.36"
2001:288:a201::67:81 - - [27/Aug/2026:06:48:38 +0800] "POST /linkc/2008/11/23/%E5%9C%A8openfos%E5%AE%89%E8%A3%9Dlogitech-quickcam-for-notebooks-deluxe%E5%BF%AB%E7%9C%8B%E9%9A%A8%E8%A1%8C%E7%89%88/?fsm_edd_37394=a2417b68718a2db8301f17d89b0e6d70 HTTP/1.1" 200 13008 "-" "WordPress/6.6.7; https://2blog.ilc.edu.tw/linkc"
2001:288:a201::66:125 - - [27/Aug/2026:06:48:40 +0800] "GET /blog/active.php HTTP/1.1" 301 1026 "-" "-"
2001:288:a201::66:125 - - [27/Aug/2026:06:48:40 +0800] "GET /blog/active.php HTTP/1.1" 404 1084 "-" "-"
34.10.180.98 - - [27/Aug/2026:06:48:41 +0800] "GET /6556/2014/11/13/ HTTP/1.1" 200 14530 "-" "Mozilla/5.0 (Macintosh; Intel Mac OS X 10_15_7) AppleWebKit/537.36 (KHTML, like Gecko) Chrome/120.0.0.0 Safari/537.36"
140.111.67.10 - - [27/Aug/2026:06:48:42 +0800] "GET /" 301 273 "-" "-"
1.34.122.4 - - [27/Aug/2026:06:48:42 +0800] "GET / HTTP/1.1" 200 29814 "https://web.fsjh.ilc.edu.tw:10443/" "Mozilla/5.0 (Windows NT 10.0; Win64; x64) AppleWebKit/537.36 (KHTML, like Gecko) Chrome/152.0.0.0 Safari/537.36"
1.34.122.4 - - [27/Aug/2026:06:48:42 +0800] "GET /wp-content/cache/www.fsjh.ilc.edu.tw/wpfc-minified/6klmbkv7/6wah.css HTTP/1.1" 200 23654 "https://www.fsjh.ilc.edu.tw/" "Mozilla/5.0 (Windows NT 10.0; Win64; x64) AppleWebKit/537.36 (KHTML, like Gecko) Chrome/152.0.0.0 Safari/537.36"
1.34.122.4 - - [27/Aug/2026:06:48:42 +0800] "GET /wp-content/cache/www.fsjh.ilc.edu.tw/wpfc-minified/k1jimmmj/6wah.css HTTP/1.1" 200 40894 "https://www.fsjh.ilc.edu.tw/" "Mozilla/5.0 (Windows NT 10.0; Win64; x64) AppleWebKit/537.36 (KHTML, like Gecko) Chrome/152.0.0.0 Safari/537.36"
1.34.122.4 - - [27/Aug/2026:06:48:42 +0800] "GET /wp-content/cache/www.fsjh.ilc.edu.tw/wpfc-minified/qkv37ig4/6wah.css HTTP/1.1" 200 1500 "https://www.fsjh.ilc.edu.tw/" "Mozilla/5.0 (Windows NT 10.0; Win64; x64) AppleWebKit/537.36 (KHTML, like Gecko) Chrome/152.0.0.0 Safari/537.36"
1.34.122.4 - - [27/Aug/2026:06:48:42 +0800] "GET /wp-content/uploads/sites/2666/elementor/css/post-81.css HTTP/1.1" 200 6122 "https://www.fsjh.ilc.edu.tw/" "Mozilla/5.0 (Windows NT 10.0; Win64; x64) AppleWebKit/537.36 (KHTML, like Gecko) Chrome/152.0.0.0 Safari/537.36"
1.34.122.4 - - [27/Aug/2026:06:48:42 +0800] "GET /wp-content/uploads/sites/2666/elementor/css/post-103.css HTTP/1.1" 200 1004 "https://www.fsjh.ilc.edu.tw/" "Mozilla/5.0 (Windows NT 10.0; Win64; x64) AppleWebKit/537.36 (KHTML, like Gecko) Chrome/152.0.0.0 Safari/537.36"
1.34.122.4 - - [27/Aug/2026:06:48:42 +0800] "GET /wp-content/cache/www.fsjh.ilc.edu.tw/wpfc-minified/dj5cq5sf/6wah.css HTTP/1.1" 200 7705 "https://www.fsjh.ilc.edu.tw/" "Mozilla/5.0 (Windows NT 10.0; Win64; x64) AppleWebKit/537.36 (KHTML, like Gecko) Chrome/152.0.0.0 Safari/537.36"
1.34.122.4 - - [27/Aug/2026:06:48:42 +0800] "GET /wp-content/cache/www.fsjh.ilc.edu.tw/wpfc-minified/qa4zgiv7/6wah.css HTTP/1.1" 200 1138 "https://www.fsjh.ilc.edu.tw/" "Mozilla/5.0 (Windows NT 10.0; Win64; x64) AppleWebKit/537.36 (KHTML, like Gecko) Chrome/152.0.0.0 Safari/537.36"
1.34.122.4 - - [27/Aug/2026:06:48:42 +0800] "GET /wp-content/cache/www.fsjh.ilc.edu.tw/wpfc-minified/lco27ft0/6wah.js HTTP/1.1" 200 3453 "https://www.fsjh.ilc.edu.tw/" "Mozilla/5.0 (Windows NT 10.0; Win64; x64) AppleWebKit/537.36 (KHTML, like Gecko) Chrome/152.0.0.0 Safari/537.36"
1.34.122.4 - - [27/Aug/2026:06:48:42 +0800] "GET /wp-content/cache/www.fsjh.ilc.edu.tw/wpfc-minified/lm0klrml/6wah.css HTTP/1.1" 200 93589 "https://www.fsjh.ilc.edu.tw/" "Mozilla/5.0 (Windows NT 10.0; Win64; x64) AppleWebKit/537.36 (KHTML, like Gecko) Chrome/152.0.0.0 Safari/537.36"
1.34.122.4 - - [27/Aug/2026:06:48:42 +0800] "GET /wp-content/cache/www.fsjh.ilc.edu.tw/wpfc-minified/6ke5b2m4/6wah.css HTTP/1.1" 200 52104 "https://www.fsjh.ilc.edu.tw/" "Mozilla/5.0 (Windows NT 10.0; Win64; x64) AppleWebKit/537.36 (KHTML, like Gecko) Chrome/152.0.0.0 Safari/537.36"
1.34.122.4 - - [27/Aug/2026:06:48:42 +0800] "GET /wp-content/cache/www.fsjh.ilc.edu.tw/wpfc-minified/7z76wlqj/6wah.js HTTP/1.1" 200 35559 "https://www.fsjh.ilc.edu.tw/" "Mozilla/5.0 (Windows NT 10.0; Win64; x64) AppleWebKit/537.36 (KHTML, like Gecko) Chrome/152.0.0.0 Safari/537.36"
1.34.122.4 - - [27/Aug/2026:06:48:42 +0800] "GET /wp-includes/js/hoverintent-js.min.js HTTP/1.1" 200 1597 "https://www.fsjh.ilc.edu.tw/" "Mozilla/5.0 (Windows NT 10.0; Win64; x64) AppleWebKit/537.36 (KHTML, like Gecko) Chrome/152.0.0.0 Safari/537.36"
1.34.122.4 - - [27/Aug/2026:06:48:42 +0800] "GET /wp-includes/js/admin-bar.min.js HTTP/1.1" 200 2237 "https://www.fsjh.ilc.edu.tw/" "Mozilla/5.0 (Windows NT 10.0; Win64; x64) AppleWebKit/537.36 (KHTML, like Gecko) Chrome/152.0.0.0 Safari/537.36"
1.34.122.4 - - [27/Aug/2026:06:48:42 +0800] "GET /wp-includes/js/imagesloaded.min.js HTTP/1.1" 200 2683 "https://www.fsjh.ilc.edu.tw/" "Mozilla/5.0 (Windows NT 10.0; Win64; x64) AppleWebKit/537.36 (KHTML, like Gecko) Chrome/152.0.0.0 Safari/537.36"
