2402:7500:5d5:b65c:2217:56b:2d81:1505 - - [27/Aug/2026:00:29:28 +0800] "GET /wp-content/uploads/sites/3846/2025/09/%E6%95%99%E8%82%B2%E8%99%95%E6%B4%BB%E5%8B%95%E5%B0%88%E5%8D%80%E5%B0%8F%E5%9C%96-2-3.png HTTP/1.1" 200 9664 "https://www.ilc.edu.tw/" "Mozilla/5.0 (Linux; Android 10; K) AppleWebKit/537.36 (KHTML, like Gecko) Chrome/151.0.0.0 Mobile Safari/537.36"
2402:7500:5d5:b65c:2217:56b:2d81:1505 - - [27/Aug/2026:00:29:28 +0800] "GET /wp-content/uploads/sites/3846/2026/08/%E6%95%99%E8%82%B2%E8%99%95%E6%B4%BB%E5%8B%95%E5%B0%88%E5%8D%80%E5%B0%8F%E5%9C%96-7.png HTTP/1.1" 200 12851 "https://www.ilc.edu.tw/" "Mozilla/5.0 (Linux; Android 10; K) AppleWebKit/537.36 (KHTML, like Gecko) Chrome/151.0.0.0 Mobile Safari/537.36"
2402:7500:5d5:b65c:2217:56b:2d81:1505 - - [27/Aug/2026:00:29:28 +0800] "GET /wp-content/plugins/elementor-pro/assets/js/media-carousel.aca2224ef13e6f999011.bundle.min.js HTTP/1.1" 200 2948 "https://www.ilc.edu.tw/" "Mozilla/5.0 (Linux; Android 10; K) AppleWebKit/537.36 (KHTML, like Gecko) Chrome/151.0.0.0 Mobile Safari/537.36"
2402:7500:5d5:b65c:2217:56b:2d81:1505 - - [27/Aug/2026:00:29:28 +0800] "GET /wp-content/uploads/sites/3846/2025/09/%E6%95%99%E8%82%B2%E8%99%95%E6%B4%BB%E5%8B%95%E5%B0%88%E5%8D%80%E5%B0%8F%E5%9C%96-2-2.png HTTP/1.1" 200 10998 "https://www.ilc.edu.tw/" "Mozilla/5.0 (Linux; Android 10; K) AppleWebKit/537.36 (KHTML, like Gecko) Chrome/151.0.0.0 Mobile Safari/537.36"
34.123.149.87 - - [27/Aug/2026:00:29:28 +0800] "GET /6444/category/uncategorized/page/8/ HTTP/1.1" 200 17717 "-" "Mozilla/5.0 (Macintosh; Intel Mac OS X 10_15_7) AppleWebKit/537.36 (KHTML, like Gecko) Chrome/120.0.0.0 Safari/537.36"
2402:7500:5d5:b65c:2217:56b:2d81:1505 - - [27/Aug/2026:00:29:28 +0800] "GET /wp-content/plugins/elementor/assets/lib/swiper/v8/swiper.min.js?ver=8.4.5 HTTP/1.1" 200 40708 "https://www.ilc.edu.tw/" "Mozilla/5.0 (Linux; Android 10; K) AppleWebKit/537.36 (KHTML, like Gecko) Chrome/151.0.0.0 Mobile Safari/537.36"
66.249.68.199 - - [27/Aug/2026:00:29:28 +0800] "POST /wp-json/ilc-summary/v1/popular-posts HTTP/1.1" 201 6167 "https://ee.ilc.edu.tw/2010/09/13/%E5%BB%BA%E7%AB%8B%E7%92%B0%E6%95%99%E8%80%83%E8%A9%95%E7%B6%B2%E7%AB%99%E6%95%99%E6%9D%902-3-1%E6%96%B0%E5%A2%9E%E9%81%B8%E5%96%AE%E5%8D%80%E5%A1%8A/" "Mozilla/5.0 (Linux; Android 6.0.1; Nexus 5X Build/MMB29P) AppleWebKit/537.36 (KHTML, like Gecko) Chrome/151.0.7922.173 Mobile Safari/537.36 (compatible; Googlebot/2.1; +http://www.google.com/bot.html)"
2001:288:a201::66:125 - - [27/Aug/2026:00:29:30 +0800] "GET /blog/active.php HTTP/1.1" 301 1026 "-" "-"
2001:288:a201::66:125 - - [27/Aug/2026:00:29:30 +0800] "GET /blog/active.php HTTP/1.1" 404 1084 "-" "-"
2402:7500:5d5:b65c:2217:56b:2d81:1505 - - [27/Aug/2026:00:29:30 +0800] "GET /wp-content/uploads/sites/3846/2023/05/cropped-%E6%95%99%E8%82%B2%E8%99%95logo-192x192.jpg HTTP/1.1" 200 7684 "https://www.ilc.edu.tw/" "Mozilla/5.0 (Linux; Android 10; K) AppleWebKit/537.36 (KHTML, like Gecko) Chrome/151.0.0.0 Mobile Safari/537.36"
2402:7500:5d5:b65c:2217:56b:2d81:1505 - - [27/Aug/2026:00:29:30 +0800] "GET /wp-content/uploads/sites/3846/2023/05/cropped-%E6%95%99%E8%82%B2%E8%99%95logo-180x180.jpg HTTP/1.1" 200 7142 "https://www.ilc.edu.tw/" "Mozilla/5.0 (Linux; Android 10; K) AppleWebKit/537.36 (KHTML, like Gecko) Chrome/151.0.0.0 Mobile Safari/537.36"
140.111.67.10 - - [27/Aug/2026:00:29:32 +0800] "GET /" 301 273 "-" "-"
::1 - - [27/Aug/2026:00:29:32 +0800] "OPTIONS * HTTP/1.0" 200 110 "-" "Apache/2.4.68 (Ubuntu) OpenSSL/3.0.19 (internal dummy connection)"
::1 - - [27/Aug/2026:00:29:33 +0800] "OPTIONS * HTTP/1.0" 200 110 "-" "Apache/2.4.68 (Ubuntu) OpenSSL/3.0.19 (internal dummy connection)"
100.29.63.24 - - [27/Aug/2026:00:29:34 +0800] "GET /amy6998/wp-json/wp/v2/posts/28431/revisions HTTP/1.1" 401 6200 "-" "Mozilla/5.0 AppleWebKit/537.36 (KHTML, like Gecko; compatible; Amazonbot/0.1; +https://developer.amazon.com/support/amazonbot) Chrome/119.0.6045.214 Safari/537.36"
40.77.167.1 - - [27/Aug/2026:00:29:34 +0800] "GET /3753/2010/11/10/99%E5%AD%B8%E5%B9%B4%E5%BA%A6%E7%AC%AC%E4%B8%80%E5%AD%B8%E6%9C%9F%E9%96%B1%E8%AE%80%E5%AD%98%E6%91%BA%E7%B5%B1%E8%A8%88%E6%83%85%E5%BD%A2991109/ HTTP/1.1" 200 30549 "-" "Mozilla/5.0 AppleWebKit/537.36 (KHTML, like Gecko; compatible; bingbot/2.0; +http://www.bing.com/bingbot.htm) Chrome/116.0.1938.76 Safari/537.36"
66.249.68.135 - - [27/Aug/2026:00:29:35 +0800] "GET /wp-content/cache/www.iles.ilc.edu.tw/wpfc-minified/pxzb66x/7a23.css HTTP/1.1" 200 5945 "https://www.iles.ilc.edu.tw/" "Mozilla/5.0 (Linux; Android 6.0.1; Nexus 5X Build/MMB29P) AppleWebKit/537.36 (KHTML, like Gecko) Chrome/151.0.7922.173 Mobile Safari/537.36 (compatible; Googlebot/2.1; +http://www.google.com/bot.html)"
2001:288:a201::66:125 - - [27/Aug/2026:00:29:35 +0800] "GET /blog/active.php HTTP/1.1" 404 1084 "-" "-"
34.171.68.95 - - [27/Aug/2026:00:29:35 +0800] "GET /4682/wp-login.php?action=lostpassword HTTP/1.1" 200 8461 "-" "Mozilla/5.0 (Macintosh; Intel Mac OS X 10_15_7) AppleWebKit/537.36 (KHTML, like Gecko) Chrome/120.0.0.0 Safari/537.36"
2001:288:a201::66:125 - - [27/Aug/2026:00:29:35 +0800] "GET /blog/active.php HTTP/1.1" 301 1026 "-" "-"
66.249.71.1 - - [27/Aug/2026:00:29:36 +0800] "GET / HTTP/1.1" 200 21156 "-" "Mozilla/5.0 (compatible; Googlebot/2.1; +http://www.google.com/bot.html)"
::1 - - [27/Aug/2026:00:29:36 +0800] "OPTIONS * HTTP/1.0" 200 110 "-" "Apache/2.4.68 (Ubuntu) OpenSSL/3.0.19 (internal dummy connection)"
66.249.71.1 - - [27/Aug/2026:00:29:37 +0800] "GET /wp-content/plugins/elementor/assets/js/webpack.runtime.min.js HTTP/1.1" 200 7880 "https://www.saps.ilc.edu.tw/" "Mozilla/5.0 AppleWebKit/537.36 (KHTML, like Gecko; compatible; Googlebot/2.1; +http://www.google.com/bot.html) Chrome/151.0.7922.137 Safari/537.36"
140.111.67.10 - - [27/Aug/2026:00:29:37 +0800] "GET /" 301 273 "-" "-"
34.123.149.87 - - [27/Aug/2026:00:29:37 +0800] "GET /6426/wp-json/wp/v2/posts/22 HTTP/1.1" 200 11075 "-" "Mozilla/5.0 (Macintosh; Intel Mac OS X 10_15_7) AppleWebKit/537.36 (KHTML, like Gecko) Chrome/120.0.0.0 Safari/537.36"
2001:b011:7803:1ee8:15ce:5c2e:8678:e65a - - [27/Aug/2026:00:29:37 +0800] "GET /favicon.ico HTTP/1.1" 302 5900 "-" "NetworkingExtension/8624.4.5.10.5 Network/5812.160.9 iOS/26.6"
2001:b011:7803:1ee8:15ce:5c2e:8678:e65a - - [27/Aug/2026:00:29:37 +0800] "GET /apple-touch-icon-precomposed.png HTTP/1.1" 404 53464 "-" "NetworkingExtension/8624.4.5.10.5 Network/5812.160.9 iOS/26.6"
2001:b011:7803:1ee8:15ce:5c2e:8678:e65a - - [27/Aug/2026:00:29:37 +0800] "GET /wp-content/uploads/sites/399/2023/08/%E6%A0%A1%E5%BE%BDAI%E6%AA%94-1-150x150.png HTTP/1.1" 200 17459 "-" "NetworkingExtension/8624.4.5.10.5 Network/5812.160.9 iOS/26.6"
2001:b011:7803:1ee8:15ce:5c2e:8678:e65a - - [27/Aug/2026:00:29:37 +0800] "GET /apple-touch-icon.png HTTP/1.1" 404 53464 "-" "NetworkingExtension/8624.4.5.10.5 Network/5812.160.9 iOS/26.6"
2001:b011:7803:1ee8:15ce:5c2e:8678:e65a - - [27/Aug/2026:00:29:37 +0800] "GET / HTTP/1.1" 200 26027 "-" "Mozilla/5.0 (Macintosh; Intel Mac OS X 10_11_1) AppleWebKit/601.2.4 (KHTML, like Gecko) Version/9.0.1 Safari/601.2.4 facebookexternalhit/1.1 Facebot Twitterbot/1.0"
66.249.71.9 - - [27/Aug/2026:00:29:37 +0800] "GET /wp-content/plugins/elementor-pro/assets/js/slides.fb6b9afd278bb9c5e75b.bundle.min.js HTTP/1.1" 200 7133 "https://www.saps.ilc.edu.tw/" "Mozilla/5.0 AppleWebKit/537.36 (KHTML, like Gecko; compatible; Googlebot/2.1; +http://www.google.com/bot.html) Chrome/151.0.7922.137 Safari/537.36"
2001:b011:7803:1ee8:15ce:5c2e:8678:e65a - - [27/Aug/2026:00:29:37 +0800] "GET /wp-content/uploads/sites/399/2023/08/%E6%A0%A1%E5%BE%BDAI%E6%AA%94-1-150x150.png HTTP/1.1" 200 22260 "-" "NetworkingExtension/8624.4.5.10.5 Network/5812.160.9 iOS/26.6"
2001:b011:7803:1ee8:15ce:5c2e:8678:e65a - - [27/Aug/2026:00:29:37 +0800] "GET /wp-content/uploads/sites/399/2023/08/%E6%A0%A1%E5%BE%BDAI%E6%AA%94-1.png HTTP/1.1" 200 20495 "-" "NetworkingExtension/8624.4.5.10.5 Network/5812.160.9 iOS/26.6"
2001:b011:7803:1ee8:15ce:5c2e:8678:e65a - - [27/Aug/2026:00:29:37 +0800] "GET /wp-content/uploads/sites/399/2023/08/%E6%A0%A1%E5%BE%BDAI%E6%AA%94-1.png HTTP/1.1" 200 25296 "-" "NetworkingExtension/8624.4.5.10.5 Network/5812.160.9 iOS/26.6"
44.212.145.46 - - [27/Aug/2026:00:29:38 +0800] "GET /amy6998/2024/01/12/113%E5%B9%B41%E6%9C%889%E6%97%A5%E8%B7%91%E9%81%93%E7%B4%9A%E9%85%8D%E7%A2%8E%E7%9F%B3%E8%88%96%E8%A8%AD%EF%BC%88%E9%81%8B%E5%8B%95%E5%A0%B4%E5%B7%A5%E7%A8%8B%EF%BC%89/embed/ HTTP/1.1" 200 12759 "-" "Mozilla/5.0 AppleWebKit/537.36 (KHTML, like Gecko; compatible; Amazonbot/0.1; +https://developer.amazon.com/support/amazonbot) Chrome/119.0.6045.214 Safari/537.36"
66.249.68.2 - - [27/Aug/2026:00:29:38 +0800] "GET /wp-content/plugins/elementor/assets/js/text-editor.2c35aafbe5bf0e127950.bundle.min.js HTTP/1.1" 200 6330 "https://www.saps.ilc.edu.tw/" "Mozilla/5.0 AppleWebKit/537.36 (KHTML, like Gecko; compatible; Googlebot/2.1; +http://www.google.com/bot.html) Chrome/151.0.7922.137 Safari/537.36"
66.249.71.1 - - [27/Aug/2026:00:29:39 +0800] "GET /wp-content/plugins/elementor-pro/assets/js/social.2d2e44e8608690943f29.bundle.min.js HTTP/1.1" 200 1433 "https://www.saps.ilc.edu.tw/" "Mozilla/5.0 AppleWebKit/537.36 (KHTML, like Gecko; compatible; Googlebot/2.1; +http://www.google.com/bot.html) Chrome/151.0.7922.137 Safari/537.36"
34.56.124.53 - - [27/Aug/2026:00:29:40 +0800] "GET /6421/2018/11/14/107-1-2-2%E7%B6%B2%E8%B7%AF%E6%8F%90%E5%A0%B1107%E5%B9%B4%E5%BA%A6%E7%92%B0%E5%A2%83%E6%95%99%E8%82%B2%E5%9F%B7%E8%A1%8C%E6%88%90%E6%9E%9C/ HTTP/1.1" 200 15721 "-" "Mozilla/5.0 (Macintosh; Intel Mac OS X 10_15_7) AppleWebKit/537.36 (KHTML, like Gecko) Chrome/120.0.0.0 Safari/537.36"
66.249.68.1 - - [27/Aug/2026:00:29:40 +0800] "GET /wp-content/plugins/elementor/assets/lib/swiper/v8/swiper.min.js?ver=8.4.5 HTTP/1.1" 200 45493 "https://www.saps.ilc.edu.tw/" "Mozilla/5.0 AppleWebKit/537.36 (KHTML, like Gecko; compatible; Googlebot/2.1; +http://www.google.com/bot.html) Chrome/151.0.7922.137 Safari/537.36"
2001:288:a201::66:125 - - [27/Aug/2026:00:29:40 +0800] "GET /blog/active.php HTTP/1.1" 301 1026 "-" "-"
2001:288:a201::66:125 - - [27/Aug/2026:00:29:40 +0800] "GET /blog/active.php HTTP/1.1" 404 1084 "-" "-"
140.111.67.10 - - [27/Aug/2026:00:29:42 +0800] "GET /" 301 273 "-" "-"
34.10.180.98 - - [27/Aug/2026:00:29:42 +0800] "GET /6428/wp-json/wp/v2/posts/5158 HTTP/1.1" 200 13161 "-" "Mozilla/5.0 (Macintosh; Intel Mac OS X 10_15_7) AppleWebKit/537.36 (KHTML, like Gecko) Chrome/120.0.0.0 Safari/537.36"
2402:7500:5d5:b65c:2217:56b:2d81:1505 - - [27/Aug/2026:00:29:43 +0800] "-" 408 4791 "-" "-"
::1 - - [27/Aug/2026:00:29:43 +0800] "OPTIONS * HTTP/1.0" 200 110 "-" "Apache/2.4.68 (Ubuntu) OpenSSL/3.0.19 (internal dummy connection)"
::1 - - [27/Aug/2026:00:29:44 +0800] "OPTIONS * HTTP/1.0" 200 110 "-" "Apache/2.4.68 (Ubuntu) OpenSSL/3.0.19 (internal dummy connection)"
66.249.79.138 - - [27/Aug/2026:00:29:42 +0800] "GET /wp-login.php?key=dxpuh383&_wpnonce=&action=ilc_logout&redirect_to=https%3A%2F%2Fplay.google.com%2Fstore%2Fapps%2Fdetails%3Fid%3Dcom.usttlxcbt.google HTTP/1.1" 302 8280 "-" "Mozilla/5.0 (Linux; Android 6.0.1; Nexus 5X Build/MMB29P) AppleWebKit/537.36 (KHTML, like Gecko) Chrome/151.0.7922.173 Mobile Safari/537.36 (compatible; GoogleOther)"
2001:288:a201::66:125 - - [27/Aug/2026:00:29:45 +0800] "GET /blog/active.php HTTP/1.1" 301 1026 "-" "-"
40.77.167.14 - - [27/Aug/2026:00:29:45 +0800] "GET /1/?s=%E5%9F%BC%E7%8E%89%E3%82%8A%E3%81%9D%E3%81%AA%E3%80%80%E5%A3%B2%E8%B2%B7%E6%89%8B%E6%95%B0%E6%96%99 HTTP/1.1" 200 19137 "-" "Mozilla/5.0 AppleWebKit/537.36 (KHTML, like Gecko; compatible; bingbot/2.0; +http://www.bing.com/bingbot.htm) Chrome/116.0.1938.76 Safari/537.36"
2001:288:a201::66:125 - - [27/Aug/2026:00:29:45 +0800] "GET /blog/active.php HTTP/1.1" 404 1084 "-" "-"
52.45.15.233 - - [27/Aug/2026:00:29:43 +0800] "GET /wp-login.php?_wpnonce=&action=ilc_logout&redirect_to=https://www.digwow.net/post/9384265107/12488/12488-007.pdf HTTP/1.1" 302 8294 "-" "Mozilla/5.0 AppleWebKit/537.36 (KHTML, like Gecko; compatible; Amazonbot/0.1; +https://developer.amazon.com/support/amazonbot) Chrome/119.0.6045.214 Safari/537.36"
::1 - - [27/Aug/2026:00:29:46 +0800] "OPTIONS * HTTP/1.0" 200 110 "-" "Apache/2.4.68 (Ubuntu) OpenSSL/3.0.19 (internal dummy connection)"
66.249.71.7 - - [27/Aug/2026:00:29:44 +0800] "GET /wp-login.php?key=8hhnl382&_wpnonce=&action=ilc_logout&redirect_to=https%3A%2F%2Fwww.aayyy.com%2Fgames HTTP/1.1" 302 8241 "-" "Mozilla/5.0 (Linux; Android 6.0.1; Nexus 5X Build/MMB29P) AppleWebKit/537.36 (KHTML, like Gecko) Chrome/151.0.7922.173 Mobile Safari/537.36 (compatible; Googlebot/2.1; +http://www.google.com/bot.html)"
140.111.67.10 - - [27/Aug/2026:00:29:47 +0800] "GET /" 301 273 "-" "-"
::1 - - [27/Aug/2026:00:29:47 +0800] "OPTIONS * HTTP/1.0" 200 110 "-" "Apache/2.4.68 (Ubuntu) OpenSSL/3.0.19 (internal dummy connection)"
54.83.240.58 - - [27/Aug/2026:00:29:47 +0800] "GET /wp-content/uploads/sites/70/2022/04/?C=M;O%3DA HTTP/1.1" 200 1110 "-" "Mozilla/5.0 AppleWebKit/537.36 (KHTML, like Gecko; compatible; Amazonbot/0.1; +https://developer.amazon.com/support/amazonbot) Chrome/119.0.6045.214 Safari/537.36"
::1 - - [27/Aug/2026:00:29:49 +0800] "OPTIONS * HTTP/1.0" 200 110 "-" "Apache/2.4.68 (Ubuntu) OpenSSL/3.0.19 (internal dummy connection)"
66.249.79.138 - - [27/Aug/2026:00:29:47 +0800] "GET /wp-login.php?action=ilc_logout&_wpnonce=43754d0aad&redirect_to=//mainkink.ru/creator/8021/ HTTP/1.1" 302 8241 "-" "Mozilla/5.0 (Linux; Android 6.0.1; Nexus 5X Build/MMB29P) AppleWebKit/537.36 (KHTML, like Gecko) Chrome/151.0.7922.173 Mobile Safari/537.36 (compatible; Googlebot/2.1; +http://www.google.com/bot.html)"
185.191.171.7 - - [27/Aug/2026:00:29:50 +0800] "GET /blog/432 HTTP/1.1" 404 25426 "-" "Mozilla/5.0 (compatible; SemrushBot/7~bl; +http://www.semrush.com/bot.html)"
240e:971:2000:500b::107 - - [27/Aug/2026:00:29:50 +0800] "GET /wp-content/cache/www.najh.ilc.edu.tw/wpfc-minified/1f13uvw/6wh9.css HTTP/1.1" 200 45686 "https://www.najh.ilc.edu.tw/2021/09/" "Mozilla/5.0 (Windows NT 10.0; Win64; x64) AppleWebKit/537.36 (KHTML, like Gecko) Chrome/144.0.0.0 Safari/537.36"
2001:288:a201::66:125 - - [27/Aug/2026:00:29:50 +0800] "GET /blog/active.php HTTP/1.1" 301 1026 "-" "-"
240e:971:2000:500b::107 - - [27/Aug/2026:00:29:50 +0800] "GET /wp-content/cache/www.najh.ilc.edu.tw/wpfc-minified/4ybahoo/6wh9.css HTTP/1.1" 200 20584 "https://www.najh.ilc.edu.tw/2021/09/" "Mozilla/5.0 (Windows NT 10.0; Win64; x64) AppleWebKit/537.36 (KHTML, like Gecko) Chrome/144.0.0.0 Safari/537.36"
2001:288:a201::66:125 - - [27/Aug/2026:00:29:50 +0800] "GET /blog/active.php HTTP/1.1" 404 1084 "-" "-"
240e:971:2000:500b::107 - - [27/Aug/2026:00:29:50 +0800] "GET /wp-content/cache/www.najh.ilc.edu.tw/wpfc-minified/kz7ju7r3/6wh9.css HTTP/1.1" 200 5959 "https://www.najh.ilc.edu.tw/2021/09/" "Mozilla/5.0 (Windows NT 10.0; Win64; x64) AppleWebKit/537.36 (KHTML, like Gecko) Chrome/144.0.0.0 Safari/537.36"
240e:971:2000:500b::107 - - [27/Aug/2026:00:29:50 +0800] "GET /wp-content/cache/www.najh.ilc.edu.tw/wpfc-minified/kcxb236g/6wh9.css HTTP/1.1" 200 66147 "https://www.najh.ilc.edu.tw/2021/09/" "Mozilla/5.0 (Windows NT 10.0; Win64; x64) AppleWebKit/537.36 (KHTML, like Gecko) Chrome/144.0.0.0 Safari/537.36"
2407:4b00:4c0c:8395:8946:6f23:13e1:cef9 - - [27/Aug/2026:00:29:50 +0800] "GET / HTTP/1.1" 200 16004 "https://www.google.com/" "Mozilla/5.0 (Windows NT 10.0; Win64; x64) AppleWebKit/537.36 (KHTML, like Gecko) Chrome/151.0.0.0 Safari/537.36"
240e:971:2000:500b::107 - - [27/Aug/2026:00:29:50 +0800] "GET /wp-content/cache/www.najh.ilc.edu.tw/wpfc-minified/k0kc5650/6wh9.js HTTP/1.1" 200 40360 "https://www.najh.ilc.edu.tw/2021/09/" "Mozilla/5.0 (Windows NT 10.0; Win64; x64) AppleWebKit/537.36 (KHTML, like Gecko) Chrome/144.0.0.0 Safari/537.36"
3.230.224.6 - - [27/Aug/2026:00:29:50 +0800] "GET /27124/2016/03/17/%E6%AF%8D%E8%AA%9E%E6%97%A5%E4%BF%9A%E8%AA%9E%E5%AE%A3%E5%B0%8E/ HTTP/1.1" 200 13790 "-" "Mozilla/5.0 AppleWebKit/537.36 (KHTML, like Gecko; compatible; Amazonbot/0.1; +https://developer.amazon.com/support/amazonbot) Chrome/119.0.6045.214 Safari/537.36"
2407:4b00:4c0c:8395:8946:6f23:13e1:cef9 - - [27/Aug/2026:00:29:51 +0800] "GET /wp-content/cache/www.ltjh.ilc.edu.tw/wpfc-minified/7ll1qgx3/6vwn.css HTTP/1.1" 200 41223 "https://www.ltjh.ilc.edu.tw/" "Mozilla/5.0 (Windows NT 10.0; Win64; x64) AppleWebKit/537.36 (KHTML, like Gecko) Chrome/151.0.0.0 Safari/537.36"
2407:4b00:4c0c:8395:8946:6f23:13e1:cef9 - - [27/Aug/2026:00:29:51 +0800] "GET /wp-content/cache/www.ltjh.ilc.edu.tw/wpfc-minified/e5uoopy9/6vwn.css HTTP/1.1" 200 1157 "https://www.ltjh.ilc.edu.tw/" "Mozilla/5.0 (Windows NT 10.0; Win64; x64) AppleWebKit/537.36 (KHTML, like Gecko) Chrome/151.0.0.0 Safari/537.36"
2407:4b00:4c0c:8395:8946:6f23:13e1:cef9 - - [27/Aug/2026:00:29:51 +0800] "GET /wp-content/cache/www.ltjh.ilc.edu.tw/wpfc-minified/lojpp9tb/6vwn.css HTTP/1.1" 200 13815 "https://www.ltjh.ilc.edu.tw/" "Mozilla/5.0 (Windows NT 10.0; Win64; x64) AppleWebKit/537.36 (KHTML, like Gecko) Chrome/151.0.0.0 Safari/537.36"
2407:4b00:4c0c:8395:8946:6f23:13e1:cef9 - - [27/Aug/2026:00:29:51 +0800] "GET /wp-content/cache/www.ltjh.ilc.edu.tw/wpfc-minified/7z2n64hl/6vwn.css HTTP/1.1" 200 52415 "https://www.ltjh.ilc.edu.tw/" "Mozilla/5.0 (Windows NT 10.0; Win64; x64) AppleWebKit/537.36 (KHTML, like Gecko) Chrome/151.0.0.0 Safari/537.36"
2407:4b00:4c0c:8395:8946:6f23:13e1:cef9 - - [27/Aug/2026:00:29:51 +0800] "GET /wp-content/cache/www.ltjh.ilc.edu.tw/wpfc-minified/21qwfrah/6vwn.css HTTP/1.1" 200 54568 "https://www.ltjh.ilc.edu.tw/" "Mozilla/5.0 (Windows NT 10.0; Win64; x64) AppleWebKit/537.36 (KHTML, like Gecko) Chrome/151.0.0.0 Safari/537.36"
2407:4b00:4c0c:8395:8946:6f23:13e1:cef9 - - [27/Aug/2026:00:29:51 +0800] "GET /wp-content/uploads/sites/411/elementor/css/post-182.css HTTP/1.1" 200 958 "https://www.ltjh.ilc.edu.tw/" "Mozilla/5.0 (Windows NT 10.0; Win64; x64) AppleWebKit/537.36 (KHTML, like Gecko) Chrome/151.0.0.0 Safari/537.36"
2407:4b00:4c0c:8395:8946:6f23:13e1:cef9 - - [27/Aug/2026:00:29:51 +0800] "GET /wp-content/cache/www.ltjh.ilc.edu.tw/wpfc-minified/ladi6hp7/6vwn.js HTTP/1.1" 200 35558 "https://www.ltjh.ilc.edu.tw/" "Mozilla/5.0 (Windows NT 10.0; Win64; x64) AppleWebKit/537.36 (KHTML, like Gecko) Chrome/151.0.0.0 Safari/537.36"
2407:4b00:4c0c:8395:8946:6f23:13e1:cef9 - - [27/Aug/2026:00:29:51 +0800] "GET /wp-content/uploads/sites/411/2026/06/4-768x528.jpg HTTP/1.1" 200 69768 "https://www.ltjh.ilc.edu.tw/" "Mozilla/5.0 (Windows NT 10.0; Win64; x64) AppleWebKit/537.36 (KHTML, like Gecko) Chrome/151.0.0.0 Safari/537.36"
2407:4b00:4c0c:8395:8946:6f23:13e1:cef9 - - [27/Aug/2026:00:29:51 +0800] "GET /wp-content/uploads/sites/411/2026/08/1150729_science-2-768x432.png HTTP/1.1" 200 653635 "https://www.ltjh.ilc.edu.tw/" "Mozilla/5.0 (Windows NT 10.0; Win64; x64) AppleWebKit/537.36 (KHTML, like Gecko) Chrome/151.0.0.0 Safari/537.36"
2407:4b00:4c0c:8395:8946:6f23:13e1:cef9 - - [27/Aug/2026:00:29:51 +0800] "GET /wp-content/uploads/sites/411/2026/08/1150729_%E6%97%85%E9%81%8A%E8%B6%A3-1-768x432.png HTTP/1.1" 200 672861 "https://www.ltjh.ilc.edu.tw/" "Mozilla/5.0 (Windows NT 10.0; Win64; x64) AppleWebKit/537.36 (KHTML, like Gecko) Chrome/151.0.0.0 Safari/537.36"
49.159.183.136 - - [27/Aug/2026:00:29:51 +0800] "GET /wp-content/cache/www.ytes.ilc.edu.tw/wpfc-minified/79ahoxi0/6w73.css HTTP/1.1" 200 45686 "https://www.ytes.ilc.edu.tw/2017/07/18/%E5%AE%9C%E8%98%AD%E7%B8%A3%E8%B3%87%E6%BA%90%E5%9B%9E%E6%94%B6%E5%88%86%E9%A1%9E%E6%98%8E%E7%B4%B0/" "Mozilla/5.0 (Linux; Android 10; K) AppleWebKit/537.36 (KHTML, like Gecko) Chrome/151.0.0.0 Mobile Safari/537.36"
2407:4b00:4c0c:8395:8946:6f23:13e1:cef9 - - [27/Aug/2026:00:29:51 +0800] "GET /wp-content/uploads/sites/411/2026/06/6-768x528.jpg HTTP/1.1" 200 81602 "https://www.ltjh.ilc.edu.tw/" "Mozilla/5.0 (Windows NT 10.0; Win64; x64) AppleWebKit/537.36 (KHTML, like Gecko) Chrome/151.0.0.0 Safari/537.36"
2407:4b00:4c0c:8395:8946:6f23:13e1:cef9 - - [27/Aug/2026:00:29:51 +0800] "GET /wp-content/uploads/sites/411/2026/06/%E5%AD%B8%E6%A0%A1LED%E7%9C%8B%E6%9D%BF-1.png HTTP/1.1" 200 321996 "https://www.ltjh.ilc.edu.tw/" "Mozilla/5.0 (Windows NT 10.0; Win64; x64) AppleWebKit/537.36 (KHTML, like Gecko) Chrome/151.0.0.0 Safari/537.36"
2407:4b00:4c0c:8395:8946:6f23:13e1:cef9 - - [27/Aug/2026:00:29:51 +0800] "GET /wp-content/uploads/sites/411/2026/06/3-768x528.jpg HTTP/1.1" 200 130385 "https://www.ltjh.ilc.edu.tw/" "Mozilla/5.0 (Windows NT 10.0; Win64; x64) AppleWebKit/537.36 (KHTML, like Gecko) Chrome/151.0.0.0 Safari/537.36"
2407:4b00:4c0c:8395:8946:6f23:13e1:cef9 - - [27/Aug/2026:00:29:51 +0800] "GET /wp-content/uploads/sites/411/2026/08/1150729_%E9%BB%9B%E8%90%8C%E4%B8%8D%E5%91%86-1-768x576.png HTTP/1.1" 200 868452 "https://www.ltjh.ilc.edu.tw/" "Mozilla/5.0 (Windows NT 10.0; Win64; x64) AppleWebKit/537.36 (KHTML, like Gecko) Chrome/151.0.0.0 Safari/537.36"
49.159.183.136 - - [27/Aug/2026:00:29:51 +0800] "GET /wp-content/cache/www.ytes.ilc.edu.tw/wpfc-minified/2abyyyem/6w73.css HTTP/1.1" 200 15777 "https://www.ytes.ilc.edu.tw/2017/07/18/%E5%AE%9C%E8%98%AD%E7%B8%A3%E8%B3%87%E6%BA%90%E5%9B%9E%E6%94%B6%E5%88%86%E9%A1%9E%E6%98%8E%E7%B4%B0/" "Mozilla/5.0 (Linux; Android 10; K) AppleWebKit/537.36 (KHTML, like Gecko) Chrome/151.0.0.0 Mobile Safari/537.36"
49.159.183.136 - - [27/Aug/2026:00:29:51 +0800] "GET /wp-content/cache/www.ytes.ilc.edu.tw/wpfc-minified/2psgi52s/6w73.css HTTP/1.1" 200 1157 "https://www.ytes.ilc.edu.tw/2017/07/18/%E5%AE%9C%E8%98%AD%E7%B8%A3%E8%B3%87%E6%BA%90%E5%9B%9E%E6%94%B6%E5%88%86%E9%A1%9E%E6%98%8E%E7%B4%B0/" "Mozilla/5.0 (Linux; Android 10; K) AppleWebKit/537.36 (KHTML, like Gecko) Chrome/151.0.0.0 Mobile Safari/537.36"
49.159.183.136 - - [27/Aug/2026:00:29:51 +0800] "GET /wp-content/cache/www.ytes.ilc.edu.tw/wpfc-minified/m8xd33fs/6w73.css HTTP/1.1" 200 61304 "https://www.ytes.ilc.edu.tw/2017/07/18/%E5%AE%9C%E8%98%AD%E7%B8%A3%E8%B3%87%E6%BA%90%E5%9B%9E%E6%94%B6%E5%88%86%E9%A1%9E%E6%98%8E%E7%B4%B0/" "Mozilla/5.0 (Linux; Android 10; K) AppleWebKit/537.36 (KHTML, like Gecko) Chrome/151.0.0.0 Mobile Safari/537.36"
34.56.124.53 - - [27/Aug/2026:00:29:51 +0800] "GET /32745/?p=136701 HTTP/1.1" 301 5602 "-" "Mozilla/5.0 (Macintosh; Intel Mac OS X 10_15_7) AppleWebKit/537.36 (KHTML, like Gecko) Chrome/120.0.0.0 Safari/537.36"
240e:971:2000:500b::107 - - [27/Aug/2026:00:29:51 +0800] "GET /wp-content/cache/www.najh.ilc.edu.tw/wpfc-minified/87xhsi2d/6wh9.css HTTP/1.1" 200 4322 "https://www.najh.ilc.edu.tw/2021/09/" "Mozilla/5.0 (Windows NT 10.0; Win64; x64) AppleWebKit/537.36 (KHTML, like Gecko) Chrome/144.0.0.0 Safari/537.36"
49.159.183.136 - - [27/Aug/2026:00:29:51 +0800] "GET /wp-content/cache/www.ytes.ilc.edu.tw/wpfc-minified/12ere4yc/6w73.js HTTP/1.1" 200 35557 "https://www.ytes.ilc.edu.tw/2017/07/18/%E5%AE%9C%E8%98%AD%E7%B8%A3%E8%B3%87%E6%BA%90%E5%9B%9E%E6%94%B6%E5%88%86%E9%A1%9E%E6%98%8E%E7%B4%B0/" "Mozilla/5.0 (Linux; Android 10; K) AppleWebKit/537.36 (KHTML, like Gecko) Chrome/151.0.0.0 Mobile Safari/537.36"
49.159.183.136 - - [27/Aug/2026:00:29:51 +0800] "GET /wp-content/cache/www.ytes.ilc.edu.tw/wpfc-minified/pbhq8yt/h5c4.js HTTP/1.1" 200 1638 "https://www.ytes.ilc.edu.tw/2017/07/18/%E5%AE%9C%E8%98%AD%E7%B8%A3%E8%B3%87%E6%BA%90%E5%9B%9E%E6%94%B6%E5%88%86%E9%A1%9E%E6%98%8E%E7%B4%B0/" "Mozilla/5.0 (Linux; Android 10; K) AppleWebKit/537.36 (KHTML, like Gecko) Chrome/151.0.0.0 Mobile Safari/537.36"
240e:971:2000:500b::107 - - [27/Aug/2026:00:29:51 +0800] "GET /wp-includes/js/hoverintent-js.min.js HTTP/1.1" 200 1597 "https://www.najh.ilc.edu.tw/2021/09/" "Mozilla/5.0 (Windows NT 10.0; Win64; x64) AppleWebKit/537.36 (KHTML, like Gecko) Chrome/144.0.0.0 Safari/537.36"
49.159.183.136 - - [27/Aug/2026:00:29:51 +0800] "GET /wp-content/uploads/sites/1281/2023/05/%E7%8E%89%E7%94%B0%E5%BC%A6%E6%A8%82%E5%AD%B8%E6%A0%A1%E7%B6%B2%E7%AB%99bunner-01.jpg HTTP/1.1" 200 37953 "https://www.ytes.ilc.edu.tw/2017/07/18/%E5%AE%9C%E8%98%AD%E7%B8%A3%E8%B3%87%E6%BA%90%E5%9B%9E%E6%94%B6%E5%88%86%E9%A1%9E%E6%98%8E%E7%B4%B0/" "Mozilla/5.0 (Linux; Android 10; K) AppleWebKit/537.36 (KHTML, like Gecko) Chrome/151.0.0.0 Mobile Safari/537.36"
2407:4b00:4c0c:8395:8946:6f23:13e1:cef9 - - [27/Aug/2026:00:29:51 +0800] "GET /wp-content/plugins/elementor/assets/lib/eicons/fonts/eicons.woff2?5.30.0 HTTP/1.1" 200 98225 "https://www.ltjh.ilc.edu.tw/wp-content/cache/www.ltjh.ilc.edu.tw/wpfc-minified/7z2n64hl/6vwn.css" "Mozilla/5.0 (Windows NT 10.0; Win64; x64) AppleWebKit/537.36 (KHTML, like Gecko) Chrome/151.0.0.0 Safari/537.36"
49.159.183.136 - - [27/Aug/2026:00:29:51 +0800] "GET /wp-content/themes/oceanwp/assets/fonts/simple-line-icons/Simple-Line-Icons.woff2?v=2.4.0 HTTP/1.1" 200 30959 "https://www.ytes.ilc.edu.tw/wp-content/cache/www.ytes.ilc.edu.tw/wpfc-minified/m8xd33fs/6w73.css" "Mozilla/5.0 (Linux; Android 10; K) AppleWebKit/537.36 (KHTML, like Gecko) Chrome/151.0.0.0 Mobile Safari/537.36"
2407:4b00:4c0c:8395:8946:6f23:13e1:cef9 - - [27/Aug/2026:00:29:51 +0800] "GET /wp-content/uploads/sites/411/2026/06/7-768x528.jpg HTTP/1.1" 200 74069 "https://www.ltjh.ilc.edu.tw/" "Mozilla/5.0 (Windows NT 10.0; Win64; x64) AppleWebKit/537.36 (KHTML, like Gecko) Chrome/151.0.0.0 Safari/537.36"
2407:4b00:4c0c:8395:8946:6f23:13e1:cef9 - - [27/Aug/2026:00:29:51 +0800] "GET /wp-content/uploads/sites/411/2026/06/8-768x528.jpg HTTP/1.1" 200 123588 "https://www.ltjh.ilc.edu.tw/" "Mozilla/5.0 (Windows NT 10.0; Win64; x64) AppleWebKit/537.36 (KHTML, like Gecko) Chrome/151.0.0.0 Safari/537.36"
49.159.183.136 - - [27/Aug/2026:00:29:51 +0800] "GET /wp-content/themes/oceanwp/assets/fonts/fontawesome/webfonts/fa-solid-900.woff2 HTTP/1.1" 200 151246 "https://www.ytes.ilc.edu.tw/wp-content/cache/www.ytes.ilc.edu.tw/wpfc-minified/m8xd33fs/6w73.css" "Mozilla/5.0 (Linux; Android 10; K) AppleWebKit/537.36 (KHTML, like Gecko) Chrome/151.0.0.0 Mobile Safari/537.36"
2407:4b00:4c0c:8395:8946:6f23:13e1:cef9 - - [27/Aug/2026:00:29:51 +0800] "GET /wp-content/uploads/sites/411/2026/06/9-768x528.jpg HTTP/1.1" 200 114799 "https://www.ltjh.ilc.edu.tw/" "Mozilla/5.0 (Windows NT 10.0; Win64; x64) AppleWebKit/537.36 (KHTML, like Gecko) Chrome/151.0.0.0 Safari/537.36"
34.123.149.87 - - [27/Aug/2026:00:29:50 +0800] "GET /32745/category/%E9%82%B5%E5%A4%A7%E5%80%ABvs%E5%BC%B5%E9%9B%85%E6%B7%B3/ HTTP/1.1" 200 90353 "-" "Mozilla/5.0 (Macintosh; Intel Mac OS X 10_15_7) AppleWebKit/537.36 (KHTML, like Gecko) Chrome/120.0.0.0 Safari/537.36"
2407:4b00:4c0c:8395:8946:6f23:13e1:cef9 - - [27/Aug/2026:00:29:51 +0800] "GET /wp-content/uploads/sites/411/2026/06/10-768x528.jpg HTTP/1.1" 200 109168 "https://www.ltjh.ilc.edu.tw/" "Mozilla/5.0 (Windows NT 10.0; Win64; x64) AppleWebKit/537.36 (KHTML, like Gecko) Chrome/151.0.0.0 Safari/537.36"
2407:4b00:4c0c:8395:8946:6f23:13e1:cef9 - - [27/Aug/2026:00:29:51 +0800] "GET /wp-content/plugins/elementor/assets/js/image-carousel.4455c6362492d9067512.bundle.min.js HTTP/1.1" 200 1176 "https://www.ltjh.ilc.edu.tw/" "Mozilla/5.0 (Windows NT 10.0; Win64; x64) AppleWebKit/537.36 (KHTML, like Gecko) Chrome/151.0.0.0 Safari/537.36"
49.159.183.136 - - [27/Aug/2026:00:29:51 +0800] "GET /wp-content/uploads/sites/1281/21834/21834-3607497.jpg HTTP/1.1" 200 75701 "https://www.ytes.ilc.edu.tw/2017/07/18/%E5%AE%9C%E8%98%AD%E7%B8%A3%E8%B3%87%E6%BA%90%E5%9B%9E%E6%94%B6%E5%88%86%E9%A1%9E%E6%98%8E%E7%B4%B0/" "Mozilla/5.0 (Linux; Android 10; K) AppleWebKit/537.36 (KHTML, like Gecko) Chrome/151.0.0.0 Mobile Safari/537.36"
2407:4b00:4c0c:8395:8946:6f23:13e1:cef9 - - [27/Aug/2026:00:29:52 +0800] "GET /wp-content/plugins/elementor/assets/lib/swiper/v8/swiper.min.js?ver=8.4.5 HTTP/1.1" 200 40708 "https://www.ltjh.ilc.edu.tw/" "Mozilla/5.0 (Windows NT 10.0; Win64; x64) AppleWebKit/537.36 (KHTML, like Gecko) Chrome/151.0.0.0 Safari/537.36"
49.159.183.136 - - [27/Aug/2026:00:29:52 +0800] "GET /wp-content/uploads/sites/1281/2023/05/%E5%B9%BC%E5%85%92%E5%9C%92%E5%AD%B8%E6%A0%A1%E7%B6%B2%E7%AB%99bunner-01-300x100.jpg HTTP/1.1" 200 33508 "https://www.ytes.ilc.edu.tw/2017/07/18/%E5%AE%9C%E8%98%AD%E7%B8%A3%E8%B3%87%E6%BA%90%E5%9B%9E%E6%94%B6%E5%88%86%E9%A1%9E%E6%98%8E%E7%B4%B0/" "Mozilla/5.0 (Linux; Android 10; K) AppleWebKit/537.36 (KHTML, like Gecko) Chrome/151.0.0.0 Mobile Safari/537.36"
240e:971:2000:500b::107 - - [27/Aug/2026:00:29:52 +0800] "GET /wp-includes/js/admin-bar.min.js HTTP/1.1" 200 2237 "https://www.najh.ilc.edu.tw/2021/09/" "Mozilla/5.0 (Windows NT 10.0; Win64; x64) AppleWebKit/537.36 (KHTML, like Gecko) Chrome/144.0.0.0 Safari/537.36"
49.159.183.136 - - [27/Aug/2026:00:29:52 +0800] "GET /wp-content/uploads/sites/1281/2023/09/%E6%93%B7%E5%8F%96-%E4%BA%A4%E9%80%9A%E5%AE%89%E5%85%A8%E6%9C%88.jpg HTTP/1.1" 200 27454 "https://www.ytes.ilc.edu.tw/2017/07/18/%E5%AE%9C%E8%98%AD%E7%B8%A3%E8%B3%87%E6%BA%90%E5%9B%9E%E6%94%B6%E5%88%86%E9%A1%9E%E6%98%8E%E7%B4%B0/" "Mozilla/5.0 (Linux; Android 10; K) AppleWebKit/537.36 (KHTML, like Gecko) Chrome/151.0.0.0 Mobile Safari/537.36"
49.159.183.136 - - [27/Aug/2026:00:29:52 +0800] "GET /wp-content/uploads/sites/1281/2022/08/1953%E5%AE%A3.jpg HTTP/1.1" 200 8159 "https://www.ytes.ilc.edu.tw/2017/07/18/%E5%AE%9C%E8%98%AD%E7%B8%A3%E8%B3%87%E6%BA%90%E5%9B%9E%E6%94%B6%E5%88%86%E9%A1%9E%E6%98%8E%E7%B4%B0/" "Mozilla/5.0 (Linux; Android 10; K) AppleWebKit/537.36 (KHTML, like Gecko) Chrome/151.0.0.0 Mobile Safari/537.36"
49.159.183.136 - - [27/Aug/2026:00:29:52 +0800] "GET /wp-content/cache/www.ytes.ilc.edu.tw/wpfc-minified/ke29ag0o/6w73.css HTTP/1.1" 200 4322 "https://www.ytes.ilc.edu.tw/2017/07/18/%E5%AE%9C%E8%98%AD%E7%B8%A3%E8%B3%87%E6%BA%90%E5%9B%9E%E6%94%B6%E5%88%86%E9%A1%9E%E6%98%8E%E7%B4%B0/" "Mozilla/5.0 (Linux; Android 10; K) AppleWebKit/537.36 (KHTML, like Gecko) Chrome/151.0.0.0 Mobile Safari/537.36"
49.159.183.136 - - [27/Aug/2026:00:29:52 +0800] "GET /wp-includes/js/hoverintent-js.min.js HTTP/1.1" 200 1597 "https://www.ytes.ilc.edu.tw/2017/07/18/%E5%AE%9C%E8%98%AD%E7%B8%A3%E8%B3%87%E6%BA%90%E5%9B%9E%E6%94%B6%E5%88%86%E9%A1%9E%E6%98%8E%E7%B4%B0/" "Mozilla/5.0 (Linux; Android 10; K) AppleWebKit/537.36 (KHTML, like Gecko) Chrome/151.0.0.0 Mobile Safari/537.36"
49.159.183.136 - - [27/Aug/2026:00:29:52 +0800] "GET /wp-includes/js/admin-bar.min.js HTTP/1.1" 200 2237 "https://www.ytes.ilc.edu.tw/2017/07/18/%E5%AE%9C%E8%98%AD%E7%B8%A3%E8%B3%87%E6%BA%90%E5%9B%9E%E6%94%B6%E5%88%86%E9%A1%9E%E6%98%8E%E7%B4%B0/" "Mozilla/5.0 (Linux; Android 10; K) AppleWebKit/537.36 (KHTML, like Gecko) Chrome/151.0.0.0 Mobile Safari/537.36"
49.159.183.136 - - [27/Aug/2026:00:29:51 +0800] "POST /wp-json/ilc-summary/v1/popular-posts HTTP/1.1" 201 1398 "https://www.ytes.ilc.edu.tw/2017/07/18/%E5%AE%9C%E8%98%AD%E7%B8%A3%E8%B3%87%E6%BA%90%E5%9B%9E%E6%94%B6%E5%88%86%E9%A1%9E%E6%98%8E%E7%B4%B0/" "Mozilla/5.0 (Linux; Android 10; K) AppleWebKit/537.36 (KHTML, like Gecko) Chrome/151.0.0.0 Mobile Safari/537.36"
49.159.183.136 - - [27/Aug/2026:00:29:52 +0800] "GET /wp-includes/js/imagesloaded.min.js HTTP/1.1" 200 2683 "https://www.ytes.ilc.edu.tw/2017/07/18/%E5%AE%9C%E8%98%AD%E7%B8%A3%E8%B3%87%E6%BA%90%E5%9B%9E%E6%94%B6%E5%88%86%E9%A1%9E%E6%98%8E%E7%B4%B0/" "Mozilla/5.0 (Linux; Android 10; K) AppleWebKit/537.36 (KHTML, like Gecko) Chrome/151.0.0.0 Mobile Safari/537.36"
49.159.183.136 - - [27/Aug/2026:00:29:52 +0800] "GET /wp-content/themes/oceanwp/assets/js/drop-down-mobile-menu.min.js HTTP/1.1" 200 4663 "https://www.ytes.ilc.edu.tw/2017/07/18/%E5%AE%9C%E8%98%AD%E7%B8%A3%E8%B3%87%E6%BA%90%E5%9B%9E%E6%94%B6%E5%88%86%E9%A1%9E%E6%98%8E%E7%B4%B0/" "Mozilla/5.0 (Linux; Android 10; K) AppleWebKit/537.36 (KHTML, like Gecko) Chrome/151.0.0.0 Mobile Safari/537.36"
49.159.183.136 - - [27/Aug/2026:00:29:52 +0800] "GET /wp-content/themes/oceanwp/assets/js/theme.min.js HTTP/1.1" 200 5130 "https://www.ytes.ilc.edu.tw/2017/07/18/%E5%AE%9C%E8%98%AD%E7%B8%A3%E8%B3%87%E6%BA%90%E5%9B%9E%E6%94%B6%E5%88%86%E9%A1%9E%E6%98%8E%E7%B4%B0/" "Mozilla/5.0 (Linux; Android 10; K) AppleWebKit/537.36 (KHTML, like Gecko) Chrome/151.0.0.0 Mobile Safari/537.36"
49.159.183.136 - - [27/Aug/2026:00:29:52 +0800] "GET /wp-content/themes/oceanwp/assets/js/drop-down-search.min.js HTTP/1.1" 200 2968 "https://www.ytes.ilc.edu.tw/2017/07/18/%E5%AE%9C%E8%98%AD%E7%B8%A3%E8%B3%87%E6%BA%90%E5%9B%9E%E6%94%B6%E5%88%86%E9%A1%9E%E6%98%8E%E7%B4%B0/" "Mozilla/5.0 (Linux; Android 10; K) AppleWebKit/537.36 (KHTML, like Gecko) Chrome/151.0.0.0 Mobile Safari/537.36"
49.159.183.136 - - [27/Aug/2026:00:29:52 +0800] "GET /wp-content/themes/oceanwp/assets/js/vendors/magnific-popup.min.js HTTP/1.1" 200 8270 "https://www.ytes.ilc.edu.tw/2017/07/18/%E5%AE%9C%E8%98%AD%E7%B8%A3%E8%B3%87%E6%BA%90%E5%9B%9E%E6%94%B6%E5%88%86%E9%A1%9E%E6%98%8E%E7%B4%B0/" "Mozilla/5.0 (Linux; Android 10; K) AppleWebKit/537.36 (KHTML, like Gecko) Chrome/151.0.0.0 Mobile Safari/537.36"
49.159.183.136 - - [27/Aug/2026:00:29:52 +0800] "GET /wp-content/themes/oceanwp/assets/js/ow-lightbox.min.js HTTP/1.1" 200 2321 "https://www.ytes.ilc.edu.tw/2017/07/18/%E5%AE%9C%E8%98%AD%E7%B8%A3%E8%B3%87%E6%BA%90%E5%9B%9E%E6%94%B6%E5%88%86%E9%A1%9E%E6%98%8E%E7%B4%B0/" "Mozilla/5.0 (Linux; Android 10; K) AppleWebKit/537.36 (KHTML, like Gecko) Chrome/151.0.0.0 Mobile Safari/537.36"
49.159.183.136 - - [27/Aug/2026:00:29:52 +0800] "GET /wp-content/themes/oceanwp/assets/js/vendors/flickity.pkgd.min.js HTTP/1.1" 200 15048 "https://www.ytes.ilc.edu.tw/2017/07/18/%E5%AE%9C%E8%98%AD%E7%B8%A3%E8%B3%87%E6%BA%90%E5%9B%9E%E6%94%B6%E5%88%86%E9%A1%9E%E6%98%8E%E7%B4%B0/" "Mozilla/5.0 (Linux; Android 10; K) AppleWebKit/537.36 (KHTML, like Gecko) Chrome/151.0.0.0 Mobile Safari/537.36"
49.159.183.136 - - [27/Aug/2026:00:29:52 +0800] "GET /wp-content/themes/oceanwp/assets/js/ow-slider.min.js HTTP/1.1" 200 1761 "https://www.ytes.ilc.edu.tw/2017/07/18/%E5%AE%9C%E8%98%AD%E7%B8%A3%E8%B3%87%E6%BA%90%E5%9B%9E%E6%94%B6%E5%88%86%E9%A1%9E%E6%98%8E%E7%B4%B0/" "Mozilla/5.0 (Linux; Android 10; K) AppleWebKit/537.36 (KHTML, like Gecko) Chrome/151.0.0.0 Mobile Safari/537.36"
49.159.183.136 - - [27/Aug/2026:00:29:52 +0800] "GET /wp-content/themes/oceanwp/assets/js/scroll-effect.min.js HTTP/1.1" 200 4127 "https://www.ytes.ilc.edu.tw/2017/07/18/%E5%AE%9C%E8%98%AD%E7%B8%A3%E8%B3%87%E6%BA%90%E5%9B%9E%E6%94%B6%E5%88%86%E9%A1%9E%E6%98%8E%E7%B4%B0/" "Mozilla/5.0 (Linux; Android 10; K) AppleWebKit/537.36 (KHTML, like Gecko) Chrome/151.0.0.0 Mobile Safari/537.36"
49.159.183.136 - - [27/Aug/2026:00:29:52 +0800] "GET /wp-content/themes/oceanwp/assets/js/select.min.js HTTP/1.1" 200 2408 "https://www.ytes.ilc.edu.tw/2017/07/18/%E5%AE%9C%E8%98%AD%E7%B8%A3%E8%B3%87%E6%BA%90%E5%9B%9E%E6%94%B6%E5%88%86%E9%A1%9E%E6%98%8E%E7%B4%B0/" "Mozilla/5.0 (Linux; Android 10; K) AppleWebKit/537.36 (KHTML, like Gecko) Chrome/151.0.0.0 Mobile Safari/537.36"
49.159.183.136 - - [27/Aug/2026:00:29:52 +0800] "GET /wp-content/themes/oceanwp/assets/js/scroll-top.min.js HTTP/1.1" 200 3202 "https://www.ytes.ilc.edu.tw/2017/07/18/%E5%AE%9C%E8%98%AD%E7%B8%A3%E8%B3%87%E6%BA%90%E5%9B%9E%E6%94%B6%E5%88%86%E9%A1%9E%E6%98%8E%E7%B4%B0/" "Mozilla/5.0 (Linux; Android 10; K) AppleWebKit/537.36 (KHTML, like Gecko) Chrome/151.0.0.0 Mobile Safari/537.36"
240e:971:2000:500b::107 - - [27/Aug/2026:00:29:52 +0800] "GET /wp-includes/js/imagesloaded.min.js HTTP/1.1" 200 2683 "https://www.najh.ilc.edu.tw/2021/09/" "Mozilla/5.0 (Windows NT 10.0; Win64; x64) AppleWebKit/537.36 (KHTML, like Gecko) Chrome/144.0.0.0 Safari/537.36"
49.159.183.136 - - [27/Aug/2026:00:29:52 +0800] "GET /wp-content/plugins/ocean-extra/includes/widgets/js/flickr.min.js HTTP/1.1" 200 1319 "https://www.ytes.ilc.edu.tw/2017/07/18/%E5%AE%9C%E8%98%AD%E7%B8%A3%E8%B3%87%E6%BA%90%E5%9B%9E%E6%94%B6%E5%88%86%E9%A1%9E%E6%98%8E%E7%B4%B0/" "Mozilla/5.0 (Linux; Android 10; K) AppleWebKit/537.36 (KHTML, like Gecko) Chrome/151.0.0.0 Mobile Safari/537.36"
49.159.183.136 - - [27/Aug/2026:00:29:52 +0800] "GET /wp-includes/js/mediaelement/mediaelement-and-player.min.js HTTP/1.1" 200 39802 "https://www.ytes.ilc.edu.tw/2017/07/18/%E5%AE%9C%E8%98%AD%E7%B8%A3%E8%B3%87%E6%BA%90%E5%9B%9E%E6%94%B6%E5%88%86%E9%A1%9E%E6%98%8E%E7%B4%B0/" "Mozilla/5.0 (Linux; Android 10; K) AppleWebKit/537.36 (KHTML, like Gecko) Chrome/151.0.0.0 Mobile Safari/537.36"
240e:971:2000:500b::107 - - [27/Aug/2026:00:29:52 +0800] "GET /wp-content/themes/oceanwp/assets/js/drop-down-search.min.js HTTP/1.1" 200 2968 "https://www.najh.ilc.edu.tw/2021/09/" "Mozilla/5.0 (Windows NT 10.0; Win64; x64) AppleWebKit/537.36 (KHTML, like Gecko) Chrome/144.0.0.0 Safari/537.36"
240e:971:2000:500b::107 - - [27/Aug/2026:00:29:52 +0800] "GET /wp-content/themes/oceanwp/assets/js/drop-down-mobile-menu.min.js HTTP/1.1" 200 4663 "https://www.najh.ilc.edu.tw/2021/09/" "Mozilla/5.0 (Windows NT 10.0; Win64; x64) AppleWebKit/537.36 (KHTML, like Gecko) Chrome/144.0.0.0 Safari/537.36"
49.159.183.136 - - [27/Aug/2026:00:29:52 +0800] "GET /wp-includes/js/mediaelement/mediaelement-migrate.min.js HTTP/1.1" 200 1419 "https://www.ytes.ilc.edu.tw/2017/07/18/%E5%AE%9C%E8%98%AD%E7%B8%A3%E8%B3%87%E6%BA%90%E5%9B%9E%E6%94%B6%E5%88%86%E9%A1%9E%E6%98%8E%E7%B4%B0/" "Mozilla/5.0 (Linux; Android 10; K) AppleWebKit/537.36 (KHTML, like Gecko) Chrome/151.0.0.0 Mobile Safari/537.36"
240e:971:2000:500b::107 - - [27/Aug/2026:00:29:52 +0800] "GET /wp-content/themes/oceanwp/assets/js/ow-lightbox.min.js HTTP/1.1" 200 2321 "https://www.najh.ilc.edu.tw/2021/09/" "Mozilla/5.0 (Windows NT 10.0; Win64; x64) AppleWebKit/537.36 (KHTML, like Gecko) Chrome/144.0.0.0 Safari/537.36"
240e:971:2000:500b::107 - - [27/Aug/2026:00:29:52 +0800] "GET /wp-content/themes/oceanwp/assets/js/vendors/magnific-popup.min.js HTTP/1.1" 200 8270 "https://www.najh.ilc.edu.tw/2021/09/" "Mozilla/5.0 (Windows NT 10.0; Win64; x64) AppleWebKit/537.36 (KHTML, like Gecko) Chrome/144.0.0.0 Safari/537.36"
49.159.183.136 - - [27/Aug/2026:00:29:52 +0800] "GET /wp-includes/js/mediaelement/wp-mediaelement.min.js HTTP/1.1" 200 1417 "https://www.ytes.ilc.edu.tw/2017/07/18/%E5%AE%9C%E8%98%AD%E7%B8%A3%E8%B3%87%E6%BA%90%E5%9B%9E%E6%94%B6%E5%88%86%E9%A1%9E%E6%98%8E%E7%B4%B0/" "Mozilla/5.0 (Linux; Android 10; K) AppleWebKit/537.36 (KHTML, like Gecko) Chrome/151.0.0.0 Mobile Safari/537.36"
49.159.183.136 - - [27/Aug/2026:00:29:52 +0800] "GET /wp-includes/js/mediaelement/renderers/vimeo.min.js HTTP/1.1" 200 3164 "https://www.ytes.ilc.edu.tw/2017/07/18/%E5%AE%9C%E8%98%AD%E7%B8%A3%E8%B3%87%E6%BA%90%E5%9B%9E%E6%94%B6%E5%88%86%E9%A1%9E%E6%98%8E%E7%B4%B0/" "Mozilla/5.0 (Linux; Android 10; K) AppleWebKit/537.36 (KHTML, like Gecko) Chrome/151.0.0.0 Mobile Safari/537.36"
49.159.183.136 - - [27/Aug/2026:00:29:52 +0800] "GET /wp-includes/js/mediaelement/mejs-controls.svg HTTP/1.1" 200 5429 "https://www.ytes.ilc.edu.tw/wp-content/cache/www.ytes.ilc.edu.tw/wpfc-minified/ke29ag0o/6w73.css" "Mozilla/5.0 (Linux; Android 10; K) AppleWebKit/537.36 (KHTML, like Gecko) Chrome/151.0.0.0 Mobile Safari/537.36"
66.249.79.138 - - [27/Aug/2026:00:29:50 +0800] "GET /wp-login.php?action=ilc_logout&_wpnonce=43754d0aad&redirect_to=http://okzaem.ru/join/73405/ HTTP/1.1" 302 3457 "-" "Mozilla/5.0 (Linux; Android 6.0.1; Nexus 5X Build/MMB29P) AppleWebKit/537.36 (KHTML, like Gecko) Chrome/151.0.7922.173 Mobile Safari/537.36 (compatible; Googlebot/2.1; +http://www.google.com/bot.html)"
240e:971:2000:500b::107 - - [27/Aug/2026:00:29:52 +0800] "GET /wp-content/themes/oceanwp/assets/fonts/simple-line-icons/Simple-Line-Icons.woff2?v=2.4.0 HTTP/1.1" 200 30959 "https://www.najh.ilc.edu.tw/wp-content/cache/www.najh.ilc.edu.tw/wpfc-minified/kcxb236g/6wh9.css" "Mozilla/5.0 (Windows NT 10.0; Win64; x64) AppleWebKit/537.36 (KHTML, like Gecko) Chrome/144.0.0.0 Safari/537.36"
140.111.67.10 - - [27/Aug/2026:00:29:53 +0800] "GET /" 301 273 "-" "-"
240e:971:2000:500b::107 - - [27/Aug/2026:00:29:53 +0800] "GET /wp-content/themes/oceanwp/assets/js/vendors/flickity.pkgd.min.js HTTP/1.1" 200 15048 "https://www.najh.ilc.edu.tw/2021/09/" "Mozilla/5.0 (Windows NT 10.0; Win64; x64) AppleWebKit/537.36 (KHTML, like Gecko) Chrome/144.0.0.0 Safari/537.36"
49.159.183.136 - - [27/Aug/2026:00:29:53 +0800] "GET /wp-content/uploads/sites/1281/2019/10/cropped-Image-001-180x180.png HTTP/1.1" 200 35144 "https://www.ytes.ilc.edu.tw/2017/07/18/%E5%AE%9C%E8%98%AD%E7%B8%A3%E8%B3%87%E6%BA%90%E5%9B%9E%E6%94%B6%E5%88%86%E9%A1%9E%E6%98%8E%E7%B4%B0/" "Mozilla/5.0 (Linux; Android 10; K) AppleWebKit/537.36 (KHTML, like Gecko) Chrome/151.0.0.0 Mobile Safari/537.36"
49.159.183.136 - - [27/Aug/2026:00:29:53 +0800] "GET /wp-content/uploads/sites/1281/2019/10/cropped-Image-001-192x192.png HTTP/1.1" 200 39280 "https://www.ytes.ilc.edu.tw/2017/07/18/%E5%AE%9C%E8%98%AD%E7%B8%A3%E8%B3%87%E6%BA%90%E5%9B%9E%E6%94%B6%E5%88%86%E9%A1%9E%E6%98%8E%E7%B4%B0/" "Mozilla/5.0 (Linux; Android 10; K) AppleWebKit/537.36 (KHTML, like Gecko) Chrome/151.0.0.0 Mobile Safari/537.36"
17.241.75.250 - - [27/Aug/2026:00:29:53 +0800] "GET /5143/wp-content/cache/2blog.ilc.edu.tw/wpfc-minified/6jb5xn1d/6bfsm.js HTTP/1.1" 200 40357 "https://2blog.ilc.edu.tw/5143/2020/10/27/" "Mozilla/5.0 (Macintosh; Intel Mac OS X 10_15_7) AppleWebKit/605.1.15 (KHTML, like Gecko) Version/17.4 Safari/605.1.15 (Applebot/0.1; +http://www.apple.com/go/applebot)"
240e:971:2000:500b::107 - - [27/Aug/2026:00:29:53 +0800] "GET /wp-content/themes/oceanwp/assets/js/scroll-effect.min.js HTTP/1.1" 200 4127 "https://www.najh.ilc.edu.tw/2021/09/" "Mozilla/5.0 (Windows NT 10.0; Win64; x64) AppleWebKit/537.36 (KHTML, like Gecko) Chrome/144.0.0.0 Safari/537.36"
66.249.79.172 - - [27/Aug/2026:00:29:53 +0800] "GET /wp-content/uploads/sites/1321/12/12-194634.ppt HTTP/1.1" 200 1246985 "-" "Mozilla/5.0 (Linux; Android 6.0.1; Nexus 5X Build/MMB29P) AppleWebKit/537.36 (KHTML, like Gecko) Chrome/151.0.7922.173 Mobile Safari/537.36 (compatible; Googlebot/2.1; +http://www.google.com/bot.html)"
240e:971:2000:500b::107 - - [27/Aug/2026:00:29:54 +0800] "GET /wp-content/themes/oceanwp/assets/js/select.min.js HTTP/1.1" 200 2408 "https://www.najh.ilc.edu.tw/2021/09/" "Mozilla/5.0 (Windows NT 10.0; Win64; x64) AppleWebKit/537.36 (KHTML, like Gecko) Chrome/144.0.0.0 Safari/537.36"
240e:971:2000:500b::107 - - [27/Aug/2026:00:29:54 +0800] "GET /wp-includes/js/mediaelement/mediaelement-migrate.min.js HTTP/1.1" 200 1419 "https://www.najh.ilc.edu.tw/2021/09/" "Mozilla/5.0 (Windows NT 10.0; Win64; x64) AppleWebKit/537.36 (KHTML, like Gecko) Chrome/144.0.0.0 Safari/537.36"
240e:971:2000:500b::107 - - [27/Aug/2026:00:29:54 +0800] "GET /wp-content/plugins/ocean-extra/includes/widgets/js/flickr.min.js HTTP/1.1" 200 1319 "https://www.najh.ilc.edu.tw/2021/09/" "Mozilla/5.0 (Windows NT 10.0; Win64; x64) AppleWebKit/537.36 (KHTML, like Gecko) Chrome/144.0.0.0 Safari/537.36"
240e:971:2000:500b::107 - - [27/Aug/2026:00:29:54 +0800] "GET /wp-includes/js/mediaelement/mediaelement-and-player.min.js HTTP/1.1" 200 39802 "https://www.najh.ilc.edu.tw/2021/09/" "Mozilla/5.0 (Windows NT 10.0; Win64; x64) AppleWebKit/537.36 (KHTML, like Gecko) Chrome/144.0.0.0 Safari/537.36"
17.241.75.250 - - [27/Aug/2026:00:29:54 +0800] "GET /5143/wp-content/cache/2blog.ilc.edu.tw/wpfc-minified/1dmtsh41/6bfsm.css HTTP/1.1" 200 15782 "https://2blog.ilc.edu.tw/5143/2020/10/27/" "Mozilla/5.0 (Macintosh; Intel Mac OS X 10_15_7) AppleWebKit/605.1.15 (KHTML, like Gecko) Version/17.4 Safari/605.1.15 (Applebot/0.1; +http://www.apple.com/go/applebot)"
54.204.62.163 - - [27/Aug/2026:00:29:54 +0800] "GET /32745/category/%E5%B0%8F%E7%BE%8A%E8%A9%A9%E6%AD%8C/ HTTP/1.1" 200 91318 "-" "Mozilla/5.0 AppleWebKit/537.36 (KHTML, like Gecko; compatible; Amazonbot/0.1; +https://developer.amazon.com/support/amazonbot) Chrome/119.0.6045.214 Safari/537.36"
2407:4b00:4c0c:8395:8946:6f23:13e1:cef9 - - [27/Aug/2026:00:29:54 +0800] "GET /?page_id=22 HTTP/1.1" 200 10766 "https://www.ltjh.ilc.edu.tw/" "Mozilla/5.0 (Windows NT 10.0; Win64; x64) AppleWebKit/537.36 (KHTML, like Gecko) Chrome/151.0.0.0 Safari/537.36"
240e:971:2000:500b::107 - - [27/Aug/2026:00:29:54 +0800] "GET /wp-includes/js/mediaelement/wp-mediaelement.min.js HTTP/1.1" 200 1417 "https://www.najh.ilc.edu.tw/2021/09/" "Mozilla/5.0 (Windows NT 10.0; Win64; x64) AppleWebKit/537.36 (KHTML, like Gecko) Chrome/144.0.0.0 Safari/537.36"
2407:4b00:4c0c:8395:8946:6f23:13e1:cef9 - - [27/Aug/2026:00:29:54 +0800] "GET /wp-includes/css/dist/block-library/style.min.css HTTP/1.1" 200 15780 "https://www.ltjh.ilc.edu.tw/?page_id=22" "Mozilla/5.0 (Windows NT 10.0; Win64; x64) AppleWebKit/537.36 (KHTML, like Gecko) Chrome/151.0.0.0 Safari/537.36"
240e:971:2000:500b::107 - - [27/Aug/2026:00:29:54 +0800] "GET /wp-includes/js/mediaelement/renderers/vimeo.min.js HTTP/1.1" 200 3164 "https://www.najh.ilc.edu.tw/2021/09/" "Mozilla/5.0 (Windows NT 10.0; Win64; x64) AppleWebKit/537.36 (KHTML, like Gecko) Chrome/144.0.0.0 Safari/537.36"
54.147.182.90 - - [27/Aug/2026:00:29:55 +0800] "GET /wp-content/uploads/sites/479/27124/27124-3455821.jpg HTTP/1.1" 200 71282 "-" "Mozilla/5.0 AppleWebKit/537.36 (KHTML, like Gecko; compatible; Amazonbot/0.1; +https://developer.amazon.com/support/amazonbot) Chrome/119.0.6045.214 Safari/537.36"
::1 - - [27/Aug/2026:00:29:55 +0800] "OPTIONS * HTTP/1.0" 200 110 "-" "Apache/2.4.68 (Ubuntu) OpenSSL/3.0.19 (internal dummy connection)"
2001:288:a201::66:125 - - [27/Aug/2026:00:29:55 +0800] "GET /blog/active.php HTTP/1.1" 301 1026 "-" "-"
2001:288:a201::66:125 - - [27/Aug/2026:00:29:55 +0800] "GET /blog/active.php HTTP/1.1" 404 1084 "-" "-"
40.77.167.14 - - [27/Aug/2026:00:29:55 +0800] "GET /4558/2012/10/19/just-%E8%AE%80-it-04%E9%96%B1%E8%AE%80%E8%AE%93%E7%8F%AD%E4%B8%8A%E5%86%8D%E6%B7%BB%E4%B8%80%E6%A8%81%E7%94%9C%E7%BE%8E%E7%9A%84%E6%9E%9C%E5%AF%A6%EF%BC%9A%E5%90%B3%E4%BD%A9%E5%BA%AD%E6%96%87/ HTTP/1.1" 200 15938 "-" "Mozilla/5.0 AppleWebKit/537.36 (KHTML, like Gecko; compatible; bingbot/2.0; +http://www.bing.com/bingbot.htm) Chrome/116.0.1938.76 Safari/537.36"
17.241.75.250 - - [27/Aug/2026:00:29:55 +0800] "GET /5143/wp-content/cache/2blog.ilc.edu.tw/wpfc-minified/mmj9lws1/6bfsm.css HTTP/1.1" 200 53636 "https://2blog.ilc.edu.tw/5143/2020/10/27/" "Mozilla/5.0 (Macintosh; Intel Mac OS X 10_15_7) AppleWebKit/605.1.15 (KHTML, like Gecko) Version/17.4 Safari/605.1.15 (Applebot/0.1; +http://www.apple.com/go/applebot)"
216.73.217.64 - - [27/Aug/2026:00:29:56 +0800] "GET /3288/category/c-1276/c-14461/page/14/ HTTP/1.1" 200 21562 "-" "Mozilla/5.0 AppleWebKit/537.36 (KHTML, like Gecko; compatible; ClaudeBot/1.0; +claudebot@anthropic.com)"
216.73.217.64 - - [27/Aug/2026:00:29:56 +0800] "GET /20978/category/c-13889/c-56821/page/125/ HTTP/1.1" 200 16366 "-" "Mozilla/5.0 AppleWebKit/537.36 (KHTML, like Gecko; compatible; ClaudeBot/1.0; +claudebot@anthropic.com)"
216.73.217.64 - - [27/Aug/2026:00:29:56 +0800] "GET /20978/category/c-13889/c-56821/page/127/ HTTP/1.1" 200 16713 "-" "Mozilla/5.0 AppleWebKit/537.36 (KHTML, like Gecko; compatible; ClaudeBot/1.0; +claudebot@anthropic.com)"
::1 - - [27/Aug/2026:00:29:56 +0800] "OPTIONS * HTTP/1.0" 200 110 "-" "Apache/2.4.68 (Ubuntu) OpenSSL/3.0.19 (internal dummy connection)"
2409:8c54:1000:26:120:232:94:47 - - [27/Aug/2026:00:29:54 +0800] "GET /2016/05/02 HTTP/1.1" 301 5773 "-" "Mozilla/5.0 (Windows NT 10.0; Win64; x64) AppleWebKit/537.36 (KHTML, like Gecko) Chrome/144.0.0.0 Safari/537.36"
140.111.67.10 - - [27/Aug/2026:00:29:57 +0800] "GET /" 301 273 "-" "-"
17.241.75.250 - - [27/Aug/2026:00:29:57 +0800] "GET /5143/wp-includes/js/admin-bar.min.js HTTP/1.1" 200 2237 "https://2blog.ilc.edu.tw/5143/2020/10/27/" "Mozilla/5.0 (Macintosh; Intel Mac OS X 10_15_7) AppleWebKit/605.1.15 (KHTML, like Gecko) Version/17.4 Safari/605.1.15 (Applebot/0.1; +http://www.apple.com/go/applebot)"
2409:8c54:1000:26:120:232:94:47 - - [27/Aug/2026:00:29:57 +0800] "GET /2016/05/02/ HTTP/1.1" 200 17516 "-" "Mozilla/5.0 (Windows NT 10.0; Win64; x64) AppleWebKit/537.36 (KHTML, like Gecko) Chrome/144.0.0.0 Safari/537.36"
::1 - - [27/Aug/2026:00:29:57 +0800] "OPTIONS * HTTP/1.0" 200 110 "-" "Apache/2.4.68 (Ubuntu) OpenSSL/3.0.19 (internal dummy connection)"
34.56.124.53 - - [27/Aug/2026:00:29:57 +0800] "GET /32745/2025/03/15/%E5%90%B3%E6%9E%97%E6%99%8F/ HTTP/1.1" 200 91276 "-" "Mozilla/5.0 (Macintosh; Intel Mac OS X 10_15_7) AppleWebKit/537.36 (KHTML, like Gecko) Chrome/120.0.0.0 Safari/537.36"
240e:971:2000:500b::107 - - [27/Aug/2026:00:29:52 +0800] "GET /wp-content/themes/oceanwp/assets/fonts/fontawesome/webfonts/fa-solid-900.woff2 HTTP/1.1" 200 151246 "https://www.najh.ilc.edu.tw/wp-content/cache/www.najh.ilc.edu.tw/wpfc-minified/kcxb236g/6wh9.css" "Mozilla/5.0 (Windows NT 10.0; Win64; x64) AppleWebKit/537.36 (KHTML, like Gecko) Chrome/144.0.0.0 Safari/537.36"
2409:8c54:1000:26:120:232:94:47 - - [27/Aug/2026:00:29:58 +0800] "GET /wp-content/cache/www.cwjh.ilc.edu.tw/wpfc-minified/2mrmz3dm/77dd.css HTTP/1.1" 200 40884 "https://www.cwjh.ilc.edu.tw/2016/05/02/" "Mozilla/5.0 (Windows NT 10.0; Win64; x64) AppleWebKit/537.36 (KHTML, like Gecko) Chrome/144.0.0.0 Safari/537.36"
::1 - - [27/Aug/2026:00:29:58 +0800] "OPTIONS * HTTP/1.0" 200 110 "-" "Apache/2.4.68 (Ubuntu) OpenSSL/3.0.19 (internal dummy connection)"
216.73.217.64 - - [27/Aug/2026:00:29:58 +0800] "GET /3288/category/c-1276/c-19997/page/14/ HTTP/1.1" 200 25583 "-" "Mozilla/5.0 AppleWebKit/537.36 (KHTML, like Gecko; compatible; ClaudeBot/1.0; +claudebot@anthropic.com)"
216.73.217.64 - - [27/Aug/2026:00:29:58 +0800] "GET /32745/category/%e9%be%8d%e5%8d%83%e7%8e%89/page/12/ HTTP/1.1" 200 91226 "-" "Mozilla/5.0 AppleWebKit/537.36 (KHTML, like Gecko; compatible; ClaudeBot/1.0; +claudebot@anthropic.com)"
17.241.75.250 - - [27/Aug/2026:00:29:58 +0800] "GET /5143/wp-includes/js/imagesloaded.min.js HTTP/1.1" 200 2683 "https://2blog.ilc.edu.tw/5143/2020/10/27/" "Mozilla/5.0 (Macintosh; Intel Mac OS X 10_15_7) AppleWebKit/605.1.15 (KHTML, like Gecko) Version/17.4 Safari/605.1.15 (Applebot/0.1; +http://www.apple.com/go/applebot)"
34.30.223.149 - - [27/Aug/2026:00:29:58 +0800] "GET /32745/2022/03/09/%E4%B8%80%E6%9E%9D%E8%8D%89%E4%B8%80%E9%BB%9E%E9%9C%B2/ HTTP/1.1" 200 92260 "-" "Mozilla/5.0 (Macintosh; Intel Mac OS X 10_15_7) AppleWebKit/537.36 (KHTML, like Gecko) Chrome/120.0.0.0 Safari/537.36"
