220.132.214.180 - - [27/Aug/2026:00:21:42 +0800] "POST /1003/wp-json/ilc-summary/v1/popular-posts HTTP/1.1" 201 6195 "https://2blog.ilc.edu.tw/1003/2014/11/27/%E5%B0%8F%E4%B8%80%E4%B8%8A%E7%AC%AC11%E9%80%B1%E5%AF%AB%E5%AD%97%E6%95%99%E5%AD%B8%E7%AC%AC%E4%B8%80%E9%80%B1/" "Mozilla/5.0 (Linux; Android 10; K) AppleWebKit/537.36 (KHTML, like Gecko) Chrome/151.0.0.0 Mobile Safari/537.36"
64.227.13.71 - - [27/Aug/2026:00:21:42 +0800] "GET /blog/imgs/thumbs_up.gif HTTP/1.1" 404 25426 "http://blog.ilc.edu.tw/" "Mozilla/5.0 (Windows NT 10.0; Win64; x64) AppleWebKit/537.36 (KHTML, like Gecko) Chrome/116.0.0.0 Safari/537.36"
147.182.171.127 - - [27/Aug/2026:00:21:42 +0800] "GET /blog/gallery/1280/1280-1128081.jpg HTTP/1.1" 404 25426 "http://blog.ilc.edu.tw/" "Mozilla/5.0 (Windows NT 10.0; Win64; x64) AppleWebKit/537.36 (KHTML, like Gecko) Chrome/116.0.0.0 Safari/537.36"
167.71.29.198 - - [27/Aug/2026:00:21:42 +0800] "GET /blog/gallery/1280/1280-1128083.jpg HTTP/1.1" 404 25426 "http://blog.ilc.edu.tw/" "Mozilla/5.0 (Windows NT 10.0; Win64; x64) AppleWebKit/537.36 (KHTML, like Gecko) Chrome/116.0.0.0 Safari/537.36"
142.93.1.214 - - [27/Aug/2026:00:21:43 +0800] "GET /blog/gallery/1280/1280-1128085.jpg HTTP/1.1" 404 25426 "http://blog.ilc.edu.tw/" "Mozilla/5.0 (Windows NT 10.0; Win64; x64) AppleWebKit/537.36 (KHTML, like Gecko) Chrome/116.0.0.0 Safari/537.36"
189.81.195.8 - - [27/Aug/2026:00:21:43 +0800] "GET /sun520/wp-content/uploads/sites/3900/2024/11/IMG_1353-300x200.jpg HTTP/1.1" 200 20635 "-" "Mozilla/5.0 (compatible; crawler)"
::1 - - [27/Aug/2026:00:21:44 +0800] "OPTIONS * HTTP/1.0" 200 110 "-" "Apache/2.4.68 (Ubuntu) OpenSSL/3.0.19 (internal dummy connection)"
2409:8754:34a0:29:0:3:0:2 - - [27/Aug/2026:00:21:39 +0800] "GET /27438/wp-content/themes/oceanwp/assets/fonts/fontawesome/webfonts/fa-solid-900.woff2 HTTP/1.1" 200 132480 "https://2blog.ilc.edu.tw/27438/wp-content/cache/2blog.ilc.edu.tw/wpfc-minified/8aq049sk/5wolc.css" "Mozilla/5.0 (Windows NT 10.0; Win64; x64) AppleWebKit/537.36 (KHTML, like Gecko) Chrome/144.0.0.0 Safari/537.36"
144.31.35.66 - - [27/Aug/2026:00:21:45 +0800] "GET /blog/gallery/25793/previews-med/25793-3754659.png HTTP/1.1" 301 1094 "-" "-"
::1 - - [27/Aug/2026:00:21:45 +0800] "OPTIONS * HTTP/1.0" 200 110 "-" "Apache/2.4.68 (Ubuntu) OpenSSL/3.0.19 (internal dummy connection)"
2001:288:a201::66:125 - - [27/Aug/2026:00:21:45 +0800] "GET /blog/active.php HTTP/1.1" 301 1026 "-" "-"
2001:288:a201::66:125 - - [27/Aug/2026:00:21:45 +0800] "GET /blog/active.php HTTP/1.1" 404 1084 "-" "-"
2001:4860:7:410::f3 - - [27/Aug/2026:00:21:46 +0800] "GET /yceec/ HTTP/1.1" 200 22247 "https://www.google.com/" "Mozilla/5.0 (Linux; Android 10; K) AppleWebKit/537.36 (KHTML, like Gecko) Chrome/151.0.0.0 Mobile Safari/537.36"
::1 - - [27/Aug/2026:00:21:46 +0800] "OPTIONS * HTTP/1.0" 200 110 "-" "Apache/2.4.68 (Ubuntu) OpenSSL/3.0.19 (internal dummy connection)"
66.249.79.131 - - [27/Aug/2026:00:21:46 +0800] "GET /wp-includes/js/admin-bar.min.js HTTP/1.1" 200 7023 "https://www.iedu.ilc.edu.tw/%E6%9C%AC%E5%BA%9C%E8%BE%A6%E7%90%86%E3%80%8C%E5%AE%9C%E8%98%AD%E7%B8%A3113%E5%AD%B8%E5%B9%B4%E5%BA%A6%E5%8E%9F%E4%BD%8F%E6%B0%91%E6%97%8F%E8%AA%9E%E6%96%87%E5%8F%8A%E6%96%87%E5%8C%96%E8%AA%B2/" "Mozilla/5.0 (Linux; Android 6.0.1; Nexus 5X Build/MMB29P) AppleWebKit/537.36 (KHTML, like Gecko) Chrome/151.0.7922.173 Mobile Safari/537.36 (compatible; Googlebot/2.1; +http://www.google.com/bot.html)"
159.223.139.72 - - [27/Aug/2026:00:21:46 +0800] "GET /blog/gallery/25793/previews-med/25793-3754659.png HTTP/1.1" 404 25426 "http://blog.ilc.edu.tw/" "Mozilla/5.0 (Windows NT 10.0; Win64; x64) AppleWebKit/537.36 (KHTML, like Gecko) Chrome/120.0.0.0 Safari/537.36"
147.182.130.192 - - [27/Aug/2026:00:21:46 +0800] "GET /blog/gallery/25793/previews-med/25793-3754667.png HTTP/1.1" 404 25426 "http://blog.ilc.edu.tw/" "Mozilla/5.0 (Windows NT 10.0; Win64; x64) AppleWebKit/537.36 (KHTML, like Gecko) Chrome/120.0.0.0 Safari/537.36"
85.208.96.206 - - [27/Aug/2026:00:21:46 +0800] "GET /blog/blog/3283/post/9147/42556 HTTP/1.1" 404 25426 "-" "Mozilla/5.0 (compatible; SemrushBot/7~bl; +http://www.semrush.com/bot.html)"
140.111.67.10 - - [27/Aug/2026:00:21:47 +0800] "GET /" 301 273 "-" "-"
34.171.68.95 - - [27/Aug/2026:00:21:47 +0800] "GET /6450/category/%E7%92%B0%E5%A2%83%E7%AE%A1%E7%90%86%E5%8F%8A%E9%85%8D%E5%90%88%E6%8E%AA%E6%96%BD/c-21574/page/7/ HTTP/1.1" 200 16266 "-" "Mozilla/5.0 (Macintosh; Intel Mac OS X 10_15_7) AppleWebKit/537.36 (KHTML, like Gecko) Chrome/120.0.0.0 Safari/537.36"
::1 - - [27/Aug/2026:00:21:47 +0800] "OPTIONS * HTTP/1.0" 200 110 "-" "Apache/2.4.68 (Ubuntu) OpenSSL/3.0.19 (internal dummy connection)"
::1 - - [27/Aug/2026:00:21:48 +0800] "OPTIONS * HTTP/1.0" 200 110 "-" "Apache/2.4.68 (Ubuntu) OpenSSL/3.0.19 (internal dummy connection)"
34.56.124.53 - - [27/Aug/2026:00:21:48 +0800] "GET /?p=2 HTTP/1.1" 301 5810 "-" "Mozilla/5.0 (Macintosh; Intel Mac OS X 10_15_7) AppleWebKit/537.36 (KHTML, like Gecko) Chrome/120.0.0.0 Safari/537.36"
::1 - - [27/Aug/2026:00:21:49 +0800] "OPTIONS * HTTP/1.0" 200 110 "-" "Apache/2.4.68 (Ubuntu) OpenSSL/3.0.19 (internal dummy connection)"
::1 - - [27/Aug/2026:00:21:50 +0800] "OPTIONS * HTTP/1.0" 200 110 "-" "Apache/2.4.68 (Ubuntu) OpenSSL/3.0.19 (internal dummy connection)"
2001:288:a201::66:125 - - [27/Aug/2026:00:21:50 +0800] "GET /blog/active.php HTTP/1.1" 301 1026 "-" "-"
2001:288:a201::66:125 - - [27/Aug/2026:00:21:50 +0800] "GET /blog/active.php HTTP/1.1" 404 1084 "-" "-"
2001:b011:15:592f:a5cf:8424:b48f:fe5b - - [27/Aug/2026:00:21:50 +0800] "-" 408 4800 "-" "-"
185.191.171.2 - - [27/Aug/2026:00:21:48 +0800] "GET /26150/2018/01/09/%E5%AE%9C%E8%98%AD%E7%B8%A3%E6%94%BF%E5%BA%9C%E7%8D%8E%E5%8B%B5%E9%9D%92%E5%B9%B4%E7%A9%A9%E5%AE%9A%E5%B0%B1%E6%A5%AD%E4%BD%9C%E6%A5%AD%E8%A6%81%E9%BB%9E%E5%8D%B3%E6%97%A5%E7%94%9F%E6%95%88%EF%BC%8C/ HTTP/1.1" 200 23235 "-" "Mozilla/5.0 (compatible; SemrushBot/7~bl; +http://www.semrush.com/bot.html)"
::1 - - [27/Aug/2026:00:21:51 +0800] "OPTIONS * HTTP/1.0" 200 110 "-" "Apache/2.4.68 (Ubuntu) OpenSSL/3.0.19 (internal dummy connection)"
140.111.67.10 - - [27/Aug/2026:00:21:52 +0800] "GET /" 301 273 "-" "-"
::1 - - [27/Aug/2026:00:21:52 +0800] "OPTIONS * HTTP/1.0" 200 110 "-" "Apache/2.4.68 (Ubuntu) OpenSSL/3.0.19 (internal dummy connection)"
85.208.96.195 - - [27/Aug/2026:00:21:53 +0800] "GET /blog/blog/6093/post/0/601498 HTTP/1.1" 404 25426 "-" "Mozilla/5.0 (compatible; SemrushBot/7~bl; +http://www.semrush.com/bot.html)"
::1 - - [27/Aug/2026:00:21:53 +0800] "OPTIONS * HTTP/1.0" 200 110 "-" "Apache/2.4.68 (Ubuntu) OpenSSL/3.0.19 (internal dummy connection)"
::1 - - [27/Aug/2026:00:21:54 +0800] "OPTIONS * HTTP/1.0" 200 110 "-" "Apache/2.4.68 (Ubuntu) OpenSSL/3.0.19 (internal dummy connection)"
::1 - - [27/Aug/2026:00:21:55 +0800] "OPTIONS * HTTP/1.0" 200 110 "-" "Apache/2.4.68 (Ubuntu) OpenSSL/3.0.19 (internal dummy connection)"
2001:288:a201::66:125 - - [27/Aug/2026:00:21:55 +0800] "GET /blog/active.php HTTP/1.1" 301 1026 "-" "-"
2001:288:a201::66:125 - - [27/Aug/2026:00:21:55 +0800] "GET /blog/active.php HTTP/1.1" 404 1084 "-" "-"
::1 - - [27/Aug/2026:00:21:56 +0800] "OPTIONS * HTTP/1.0" 200 110 "-" "Apache/2.4.68 (Ubuntu) OpenSSL/3.0.19 (internal dummy connection)"
140.111.67.10 - - [27/Aug/2026:00:21:57 +0800] "GET /" 301 273 "-" "-"
2001:b400:e2d2:feb5:8839:8159:4807:33c1 - - [27/Aug/2026:00:21:57 +0800] "-" 408 339 "-" "-"
2001:b400:e2d2:feb5:8839:8159:4807:33c1 - - [27/Aug/2026:00:21:57 +0800] "-" 408 339 "-" "-"
240e:946:6002:230::12e - - [27/Aug/2026:00:21:57 +0800] "GET /wp-content/cache/ilta.ilc.edu.tw/wpfc-minified/l07fx5lw/6wvk.css HTTP/1.1" 200 20577 "https://ilta.ilc.edu.tw/category/c-14355/page/25/" "Mozilla/5.0 (Windows NT 10.0; Win64; x64) AppleWebKit/537.36 (KHTML, like Gecko) Chrome/144.0.0.0 Safari/537.36"
240e:946:6002:230::12e - - [27/Aug/2026:00:21:57 +0800] "GET /wp-content/cache/ilta.ilc.edu.tw/wpfc-minified/qm0ohmet/6wvk.css HTTP/1.1" 200 5952 "https://ilta.ilc.edu.tw/category/c-14355/page/25/" "Mozilla/5.0 (Windows NT 10.0; Win64; x64) AppleWebKit/537.36 (KHTML, like Gecko) Chrome/144.0.0.0 Safari/537.36"
240e:946:6002:230::12e - - [27/Aug/2026:00:21:58 +0800] "GET /wp-content/cache/ilta.ilc.edu.tw/wpfc-minified/7vo8n6iy/6wvk.css HTTP/1.1" 200 65503 "https://ilta.ilc.edu.tw/category/c-14355/page/25/" "Mozilla/5.0 (Windows NT 10.0; Win64; x64) AppleWebKit/537.36 (KHTML, like Gecko) Chrome/144.0.0.0 Safari/537.36"
240e:946:6002:230::12e - - [27/Aug/2026:00:21:58 +0800] "GET /wp-content/cache/ilta.ilc.edu.tw/wpfc-minified/1qjpbzp9/6wvk.js HTTP/1.1" 200 35549 "https://ilta.ilc.edu.tw/category/c-14355/page/25/" "Mozilla/5.0 (Windows NT 10.0; Win64; x64) AppleWebKit/537.36 (KHTML, like Gecko) Chrome/144.0.0.0 Safari/537.36"
240e:946:6002:230::12e - - [27/Aug/2026:00:21:58 +0800] "GET /wp-includes/js/hoverintent-js.min.js HTTP/1.1" 200 1597 "https://ilta.ilc.edu.tw/category/c-14355/page/25/" "Mozilla/5.0 (Windows NT 10.0; Win64; x64) AppleWebKit/537.36 (KHTML, like Gecko) Chrome/144.0.0.0 Safari/537.36"
2409:8a55:2c64:d141:9897:ea19:1266:cc6b - - [27/Aug/2026:00:21:58 +0800] "GET /category/c-16698/ HTTP/1.1" 200 17453 "-" "Mozilla/5.0 (Windows NT 10.0; Win64; x64) AppleWebKit/537.36 (KHTML, like Gecko) Chrome/106.0.5249.119 Safari/537.36"
66.249.79.173 - - [27/Aug/2026:00:21:58 +0800] "GET /wp-content/uploads/sites/268/868/868-3362611.jpg HTTP/1.1" 304 5569 "-" "Googlebot-Image/1.0"
240e:946:6002:230::12e - - [27/Aug/2026:00:21:58 +0800] "GET /wp-includes/js/admin-bar.min.js HTTP/1.1" 200 2237 "https://ilta.ilc.edu.tw/category/c-14355/page/25/" "Mozilla/5.0 (Windows NT 10.0; Win64; x64) AppleWebKit/537.36 (KHTML, like Gecko) Chrome/144.0.0.0 Safari/537.36"
240e:946:6002:230::12e - - [27/Aug/2026:00:21:58 +0800] "GET /wp-includes/js/imagesloaded.min.js HTTP/1.1" 200 3022 "https://ilta.ilc.edu.tw/category/c-14355/page/25/" "Mozilla/5.0 (Windows NT 10.0; Win64; x64) AppleWebKit/537.36 (KHTML, like Gecko) Chrome/144.0.0.0 Safari/537.36"
240e:946:6002:230::12e - - [27/Aug/2026:00:21:58 +0800] "GET /wp-content/themes/oceanwp/assets/js/theme.min.js HTTP/1.1" 200 5130 "https://ilta.ilc.edu.tw/category/c-14355/page/25/" "Mozilla/5.0 (Windows NT 10.0; Win64; x64) AppleWebKit/537.36 (KHTML, like Gecko) Chrome/144.0.0.0 Safari/537.36"
240e:946:6002:230::12e - - [27/Aug/2026:00:21:59 +0800] "GET /wp-content/themes/oceanwp/assets/js/drop-down-mobile-menu.min.js HTTP/1.1" 200 4663 "https://ilta.ilc.edu.tw/category/c-14355/page/25/" "Mozilla/5.0 (Windows NT 10.0; Win64; x64) AppleWebKit/537.36 (KHTML, like Gecko) Chrome/144.0.0.0 Safari/537.36"
240e:946:6002:230::12e - - [27/Aug/2026:00:21:59 +0800] "GET /wp-content/themes/oceanwp/assets/js/drop-down-search.min.js HTTP/1.1" 200 7763 "https://ilta.ilc.edu.tw/category/c-14355/page/25/" "Mozilla/5.0 (Windows NT 10.0; Win64; x64) AppleWebKit/537.36 (KHTML, like Gecko) Chrome/144.0.0.0 Safari/537.36"
240e:946:6002:230::12e - - [27/Aug/2026:00:21:59 +0800] "GET /wp-content/themes/oceanwp/assets/js/vendors/magnific-popup.min.js HTTP/1.1" 200 8270 "https://ilta.ilc.edu.tw/category/c-14355/page/25/" "Mozilla/5.0 (Windows NT 10.0; Win64; x64) AppleWebKit/537.36 (KHTML, like Gecko) Chrome/144.0.0.0 Safari/537.36"
2001:4860:7:410::fc - - [27/Aug/2026:00:21:59 +0800] "GET / HTTP/1.1" 200 29814 "https://www.google.com/" "Mozilla/5.0 (Linux; Android 10; K) AppleWebKit/537.36 (KHTML, like Gecko) Chrome/151.0.0.0 Mobile Safari/537.36"
240e:946:6002:230::12e - - [27/Aug/2026:00:21:59 +0800] "GET /wp-content/themes/oceanwp/assets/js/ow-lightbox.min.js HTTP/1.1" 200 2321 "https://ilta.ilc.edu.tw/category/c-14355/page/25/" "Mozilla/5.0 (Windows NT 10.0; Win64; x64) AppleWebKit/537.36 (KHTML, like Gecko) Chrome/144.0.0.0 Safari/537.36"
240e:946:6002:230::12e - - [27/Aug/2026:00:21:59 +0800] "GET /wp-content/themes/oceanwp/assets/js/vendors/flickity.pkgd.min.js HTTP/1.1" 200 15048 "https://ilta.ilc.edu.tw/category/c-14355/page/25/" "Mozilla/5.0 (Windows NT 10.0; Win64; x64) AppleWebKit/537.36 (KHTML, like Gecko) Chrome/144.0.0.0 Safari/537.36"
240e:946:6002:230::12e - - [27/Aug/2026:00:21:59 +0800] "GET /wp-content/themes/oceanwp/assets/js/ow-slider.min.js HTTP/1.1" 200 1761 "https://ilta.ilc.edu.tw/category/c-14355/page/25/" "Mozilla/5.0 (Windows NT 10.0; Win64; x64) AppleWebKit/537.36 (KHTML, like Gecko) Chrome/144.0.0.0 Safari/537.36"
240e:946:6002:230::12e - - [27/Aug/2026:00:21:59 +0800] "GET /wp-content/themes/oceanwp/assets/js/scroll-effect.min.js HTTP/1.1" 200 4127 "https://ilta.ilc.edu.tw/category/c-14355/page/25/" "Mozilla/5.0 (Windows NT 10.0; Win64; x64) AppleWebKit/537.36 (KHTML, like Gecko) Chrome/144.0.0.0 Safari/537.36"
240e:946:6002:230::12e - - [27/Aug/2026:00:22:00 +0800] "GET /wp-content/themes/oceanwp/assets/js/select.min.js HTTP/1.1" 200 2408 "https://ilta.ilc.edu.tw/category/c-14355/page/25/" "Mozilla/5.0 (Windows NT 10.0; Win64; x64) AppleWebKit/537.36 (KHTML, like Gecko) Chrome/144.0.0.0 Safari/537.36"
240e:946:6002:230::12e - - [27/Aug/2026:00:22:00 +0800] "GET /wp-content/plugins/ocean-extra/includes/widgets/js/flickr.min.js HTTP/1.1" 200 1319 "https://ilta.ilc.edu.tw/category/c-14355/page/25/" "Mozilla/5.0 (Windows NT 10.0; Win64; x64) AppleWebKit/537.36 (KHTML, like Gecko) Chrome/144.0.0.0 Safari/537.36"
34.10.180.98 - - [27/Aug/2026:00:22:00 +0800] "GET /6514/wp-json/wp/v2/posts/19423 HTTP/1.1" 200 17073 "-" "Mozilla/5.0 (Macintosh; Intel Mac OS X 10_15_7) AppleWebKit/537.36 (KHTML, like Gecko) Chrome/120.0.0.0 Safari/537.36"
2001:288:a201::66:125 - - [27/Aug/2026:00:22:00 +0800] "GET /blog/active.php HTTP/1.1" 404 1084 "-" "-"
2001:288:a201::66:125 - - [27/Aug/2026:00:22:00 +0800] "GET /blog/active.php HTTP/1.1" 301 1026 "-" "-"
52.167.144.211 - - [27/Aug/2026:00:22:00 +0800] "GET /6782/ HTTP/1.1" 200 31392 "-" "Mozilla/5.0 AppleWebKit/537.36 (KHTML, like Gecko; compatible; bingbot/2.0; +http://www.bing.com/bingbot.htm) Chrome/116.0.1938.76 Safari/537.36"
2001:288:a201::67:84 - - [27/Aug/2026:00:22:01 +0800] "GET / HTTP/1.1" 200 56291 "-" "curl/7.81.0"
2001:288:a201::67:81 - - [27/Aug/2026:00:22:01 +0800] "GET / HTTP/1.1" 200 56291 "-" "curl/7.81.0"
220.132.214.180 - - [27/Aug/2026:00:22:02 +0800] "-" 408 4794 "-" "-"
140.111.67.10 - - [27/Aug/2026:00:22:02 +0800] "GET /" 301 273 "-" "-"
34.10.180.98 - - [27/Aug/2026:00:22:03 +0800] "GET /32745/wp-json/wp/v2/posts/86594 HTTP/1.1" 200 33416 "-" "Mozilla/5.0 (Macintosh; Intel Mac OS X 10_15_7) AppleWebKit/537.36 (KHTML, like Gecko) Chrome/120.0.0.0 Safari/537.36"
2409:8c54:b000:901::305 - - [27/Aug/2026:00:22:04 +0800] "GET /6418/2010/10/page/3 HTTP/1.1" 301 5770 "-" "Mozilla/5.0 (Windows NT 10.0; Win64; x64) AppleWebKit/537.36 (KHTML, like Gecko) Chrome/144.0.0.0 Safari/537.36"
240e:946:6002:230::12e - - [27/Aug/2026:00:22:05 +0800] "GET /wp-content/themes/oceanwp/assets/fonts/simple-line-icons/Simple-Line-Icons.woff2?v=2.4.0 HTTP/1.1" 200 30959 "https://ilta.ilc.edu.tw/wp-content/cache/ilta.ilc.edu.tw/wpfc-minified/7vo8n6iy/6wvk.css" "Mozilla/5.0 (Windows NT 10.0; Win64; x64) AppleWebKit/537.36 (KHTML, like Gecko) Chrome/144.0.0.0 Safari/537.36"
240e:946:6002:230::12e - - [27/Aug/2026:00:22:04 +0800] "GET /wp-content/themes/oceanwp/assets/fonts/fontawesome/webfonts/fa-solid-900.woff2 HTTP/1.1" 200 151246 "https://ilta.ilc.edu.tw/wp-content/cache/ilta.ilc.edu.tw/wpfc-minified/7vo8n6iy/6wvk.css" "Mozilla/5.0 (Windows NT 10.0; Win64; x64) AppleWebKit/537.36 (KHTML, like Gecko) Chrome/144.0.0.0 Safari/537.36"
2001:288:a201::66:125 - - [27/Aug/2026:00:22:05 +0800] "GET /blog/active.php HTTP/1.1" 301 1026 "-" "-"
2001:288:a201::66:125 - - [27/Aug/2026:00:22:05 +0800] "GET /blog/active.php HTTP/1.1" 404 1084 "-" "-"
2409:8c54:b000:901::305 - - [27/Aug/2026:00:22:05 +0800] "GET /6418/2010/10/page/3/ HTTP/1.1" 200 11603 "-" "Mozilla/5.0 (Windows NT 10.0; Win64; x64) AppleWebKit/537.36 (KHTML, like Gecko) Chrome/144.0.0.0 Safari/537.36"
240e:946:6002:230::12e - - [27/Aug/2026:00:22:06 +0800] "GET /favicon.ico HTTP/1.1" 302 925 "https://ilta.ilc.edu.tw/category/c-14355/page/25/" "Mozilla/5.0 (Windows NT 10.0; Win64; x64) AppleWebKit/537.36 (KHTML, like Gecko) Chrome/144.0.0.0 Safari/537.36"
240e:946:6002:230::12e - - [27/Aug/2026:00:22:07 +0800] "GET /wp-includes/images/w-logo-blue-white-bg.png HTTP/1.1" 200 4946 "https://ilta.ilc.edu.tw/category/c-14355/page/25/" "Mozilla/5.0 (Windows NT 10.0; Win64; x64) AppleWebKit/537.36 (KHTML, like Gecko) Chrome/144.0.0.0 Safari/537.36"
165.227.195.96 - - [27/Aug/2026:00:22:06 +0800] "GET /39168/wp-content/uploads/sites/2465/2024/04/%E5%A2%9E%E8%83%BD%E7%A0%94%E7%BF%92-1-2048x1365.jpg HTTP/1.1" 200 466015 "https://2blog.ilc.edu.tw/" "Mozilla/5.0 (Windows NT 10.0; Win64; x64) AppleWebKit/537.36 (KHTML, like Gecko) Chrome/111.0.0.0 Safari/537.36"
157.245.82.218 - - [27/Aug/2026:00:22:06 +0800] "GET /39168/wp-content/uploads/sites/2465/2024/04/%E5%A4%96%E6%8B%8D-5-2048x1365.jpg HTTP/1.1" 200 622586 "https://2blog.ilc.edu.tw/" "Mozilla/5.0 (Windows NT 10.0; Win64; x64) AppleWebKit/537.36 (KHTML, like Gecko) Chrome/111.0.0.0 Safari/537.36"
161.35.12.134 - - [27/Aug/2026:00:22:06 +0800] "GET /39168/wp-content/uploads/sites/2465/2024/04/%E5%9B%9B%E5%B9%B4%E7%B4%9A-4-scaled.jpg HTTP/1.1" 200 638686 "https://2blog.ilc.edu.tw/" "Mozilla/5.0 (Windows NT 10.0; Win64; x64) AppleWebKit/537.36 (KHTML, like Gecko) Chrome/111.0.0.0 Safari/537.36"
2409:8c54:b000:901::305 - - [27/Aug/2026:00:22:07 +0800] "GET /6418/wp-content/cache/2blog.ilc.edu.tw/wpfc-minified/qu4ju7rk/5wt6s.css HTTP/1.1" 200 40886 "https://2blog.ilc.edu.tw/6418/2010/10/page/3/" "Mozilla/5.0 (Windows NT 10.0; Win64; x64) AppleWebKit/537.36 (KHTML, like Gecko) Chrome/144.0.0.0 Safari/537.36"
140.111.67.10 - - [27/Aug/2026:00:22:07 +0800] "GET /" 301 273 "-" "-"
147.182.215.112 - - [27/Aug/2026:00:22:06 +0800] "GET /39168/wp-content/uploads/sites/2465/2024/04/%E5%A4%96%E6%8B%8D-2-2048x1365.jpg HTTP/1.1" 200 709640 "https://2blog.ilc.edu.tw/" "Mozilla/5.0 (Windows NT 10.0; Win64; x64) AppleWebKit/537.36 (KHTML, like Gecko) Chrome/111.0.0.0 Safari/537.36"
165.227.195.96 - - [27/Aug/2026:00:22:06 +0800] "GET /39168/wp-content/uploads/sites/2465/2024/04/%E5%A2%9E%E8%83%BD%E7%A0%94%E7%BF%92-2-2048x1365.jpg HTTP/1.1" 200 387182 "https://2blog.ilc.edu.tw/" "Mozilla/5.0 (Windows NT 10.0; Win64; x64) AppleWebKit/537.36 (KHTML, like Gecko) Chrome/111.0.0.0 Safari/537.36"
2409:8c54:b000:901::305 - - [27/Aug/2026:00:22:07 +0800] "GET /6418/wp-content/cache/2blog.ilc.edu.tw/wpfc-minified/9lfni0s3/5wt6s.css HTTP/1.1" 200 16121 "https://2blog.ilc.edu.tw/6418/2010/10/page/3/" "Mozilla/5.0 (Windows NT 10.0; Win64; x64) AppleWebKit/537.36 (KHTML, like Gecko) Chrome/144.0.0.0 Safari/537.36"
2409:8c54:b000:901::305 - - [27/Aug/2026:00:22:07 +0800] "GET /6418/wp-content/cache/2blog.ilc.edu.tw/wpfc-minified/2q7b0774/5wt6s.css HTTP/1.1" 200 1496 "https://2blog.ilc.edu.tw/6418/2010/10/page/3/" "Mozilla/5.0 (Windows NT 10.0; Win64; x64) AppleWebKit/537.36 (KHTML, like Gecko) Chrome/144.0.0.0 Safari/537.36"
185.191.171.18 - - [27/Aug/2026:00:22:07 +0800] "GET /blog/blog/1003/post/29888/110191 HTTP/1.1" 404 25426 "-" "Mozilla/5.0 (compatible; SemrushBot/7~bl; +http://www.semrush.com/bot.html)"
2409:8c54:b000:901::305 - - [27/Aug/2026:00:22:07 +0800] "GET /6418/wp-content/cache/2blog.ilc.edu.tw/wpfc-minified/9hrq8ege/5wt6s.css HTTP/1.1" 200 58430 "https://2blog.ilc.edu.tw/6418/2010/10/page/3/" "Mozilla/5.0 (Windows NT 10.0; Win64; x64) AppleWebKit/537.36 (KHTML, like Gecko) Chrome/144.0.0.0 Safari/537.36"
2a02:cb80:4077:3753:c62:e199:e384:cf2c - - [27/Aug/2026:00:22:07 +0800] "GET /26065/ HTTP/1.1" 200 18602 "-" "Mozilla/5.0 (Macintosh; Intel Mac OS X 10.15; rv:135.0) Gecko/20100101 Firefox/135.0"
2409:8c54:b000:901::305 - - [27/Aug/2026:00:22:07 +0800] "GET /6418/wp-content/cache/2blog.ilc.edu.tw/wpfc-minified/kayc8t4v/5wt6s.js HTTP/1.1" 200 35563 "https://2blog.ilc.edu.tw/6418/2010/10/page/3/" "Mozilla/5.0 (Windows NT 10.0; Win64; x64) AppleWebKit/537.36 (KHTML, like Gecko) Chrome/144.0.0.0 Safari/537.36"
2409:8c54:b000:901::305 - - [27/Aug/2026:00:22:08 +0800] "GET /6418/wp-includes/js/hoverintent-js.min.js HTTP/1.1" 200 1597 "https://2blog.ilc.edu.tw/6418/2010/10/page/3/" "Mozilla/5.0 (Windows NT 10.0; Win64; x64) AppleWebKit/537.36 (KHTML, like Gecko) Chrome/144.0.0.0 Safari/537.36"
2409:8c54:b000:901::305 - - [27/Aug/2026:00:22:08 +0800] "GET /6418/wp-includes/js/admin-bar.min.js HTTP/1.1" 200 2237 "https://2blog.ilc.edu.tw/6418/2010/10/page/3/" "Mozilla/5.0 (Windows NT 10.0; Win64; x64) AppleWebKit/537.36 (KHTML, like Gecko) Chrome/144.0.0.0 Safari/537.36"
2409:8c54:b000:901::305 - - [27/Aug/2026:00:22:08 +0800] "GET /6418/wp-includes/js/imagesloaded.min.js HTTP/1.1" 200 3022 "https://2blog.ilc.edu.tw/6418/2010/10/page/3/" "Mozilla/5.0 (Windows NT 10.0; Win64; x64) AppleWebKit/537.36 (KHTML, like Gecko) Chrome/144.0.0.0 Safari/537.36"
2409:8c54:b000:901::305 - - [27/Aug/2026:00:22:08 +0800] "GET /6418/wp-content/themes/oceanwp/assets/js/theme.min.js HTTP/1.1" 200 9924 "https://2blog.ilc.edu.tw/6418/2010/10/page/3/" "Mozilla/5.0 (Windows NT 10.0; Win64; x64) AppleWebKit/537.36 (KHTML, like Gecko) Chrome/144.0.0.0 Safari/537.36"
2409:8c54:b000:901::305 - - [27/Aug/2026:00:22:08 +0800] "GET /6418/wp-content/themes/oceanwp/assets/js/drop-down-mobile-menu.min.js HTTP/1.1" 200 4663 "https://2blog.ilc.edu.tw/6418/2010/10/page/3/" "Mozilla/5.0 (Windows NT 10.0; Win64; x64) AppleWebKit/537.36 (KHTML, like Gecko) Chrome/144.0.0.0 Safari/537.36"
2409:8c54:b000:901::305 - - [27/Aug/2026:00:22:08 +0800] "GET /6418/wp-content/themes/oceanwp/assets/js/drop-down-search.min.js HTTP/1.1" 200 2968 "https://2blog.ilc.edu.tw/6418/2010/10/page/3/" "Mozilla/5.0 (Windows NT 10.0; Win64; x64) AppleWebKit/537.36 (KHTML, like Gecko) Chrome/144.0.0.0 Safari/537.36"
2409:8c54:b000:901::305 - - [27/Aug/2026:00:22:09 +0800] "GET /6418/wp-content/themes/oceanwp/assets/js/vendors/magnific-popup.min.js HTTP/1.1" 200 8270 "https://2blog.ilc.edu.tw/6418/2010/10/page/3/" "Mozilla/5.0 (Windows NT 10.0; Win64; x64) AppleWebKit/537.36 (KHTML, like Gecko) Chrome/144.0.0.0 Safari/537.36"
2409:8c54:b000:901::305 - - [27/Aug/2026:00:22:09 +0800] "GET /6418/wp-content/themes/oceanwp/assets/js/ow-lightbox.min.js HTTP/1.1" 200 2321 "https://2blog.ilc.edu.tw/6418/2010/10/page/3/" "Mozilla/5.0 (Windows NT 10.0; Win64; x64) AppleWebKit/537.36 (KHTML, like Gecko) Chrome/144.0.0.0 Safari/537.36"
2409:8c54:b000:901::305 - - [27/Aug/2026:00:22:09 +0800] "GET /6418/wp-content/themes/oceanwp/assets/js/vendors/flickity.pkgd.min.js HTTP/1.1" 200 15048 "https://2blog.ilc.edu.tw/6418/2010/10/page/3/" "Mozilla/5.0 (Windows NT 10.0; Win64; x64) AppleWebKit/537.36 (KHTML, like Gecko) Chrome/144.0.0.0 Safari/537.36"
2409:8c54:b000:901::305 - - [27/Aug/2026:00:22:09 +0800] "GET /6418/wp-content/themes/oceanwp/assets/js/ow-slider.min.js HTTP/1.1" 200 1761 "https://2blog.ilc.edu.tw/6418/2010/10/page/3/" "Mozilla/5.0 (Windows NT 10.0; Win64; x64) AppleWebKit/537.36 (KHTML, like Gecko) Chrome/144.0.0.0 Safari/537.36"
2409:8c54:b000:901::305 - - [27/Aug/2026:00:22:09 +0800] "GET /6418/wp-content/themes/oceanwp/assets/js/scroll-effect.min.js HTTP/1.1" 200 4127 "https://2blog.ilc.edu.tw/6418/2010/10/page/3/" "Mozilla/5.0 (Windows NT 10.0; Win64; x64) AppleWebKit/537.36 (KHTML, like Gecko) Chrome/144.0.0.0 Safari/537.36"
2409:8c54:b000:901::305 - - [27/Aug/2026:00:22:09 +0800] "GET /6418/wp-content/themes/oceanwp/assets/js/scroll-top.min.js HTTP/1.1" 200 3202 "https://2blog.ilc.edu.tw/6418/2010/10/page/3/" "Mozilla/5.0 (Windows NT 10.0; Win64; x64) AppleWebKit/537.36 (KHTML, like Gecko) Chrome/144.0.0.0 Safari/537.36"
2409:8c54:b000:901::305 - - [27/Aug/2026:00:22:09 +0800] "GET /6418/wp-content/themes/oceanwp/assets/js/select.min.js HTTP/1.1" 200 2408 "https://2blog.ilc.edu.tw/6418/2010/10/page/3/" "Mozilla/5.0 (Windows NT 10.0; Win64; x64) AppleWebKit/537.36 (KHTML, like Gecko) Chrome/144.0.0.0 Safari/537.36"
165.227.195.96 - - [27/Aug/2026:00:22:06 +0800] "GET /39168/wp-content/uploads/sites/2465/2024/04/%E5%9B%9B%E5%B9%B4%E7%B4%9A-1-2048x1365.jpg HTTP/1.1" 200 340051 "https://2blog.ilc.edu.tw/" "Mozilla/5.0 (Windows NT 10.0; Win64; x64) AppleWebKit/537.36 (KHTML, like Gecko) Chrome/111.0.0.0 Safari/537.36"
165.227.86.148 - - [27/Aug/2026:00:22:10 +0800] "GET /39168/wp-content/uploads/sites/2465/2024/04/%E5%A2%9E%E8%83%BD%E7%A0%94%E7%BF%92-6-2048x1365.jpg HTTP/1.1" 200 336291 "https://2blog.ilc.edu.tw/" "Mozilla/5.0 (Windows NT 10.0; Win64; x64) AppleWebKit/537.36 (KHTML, like Gecko) Chrome/111.0.0.0 Safari/537.36"
157.245.95.161 - - [27/Aug/2026:00:22:09 +0800] "GET /39168/wp-content/uploads/sites/2465/2024/04/%E4%BA%94%E5%B9%B4%E7%B4%9A-3-2048x1365.jpg HTTP/1.1" 200 450790 "https://2blog.ilc.edu.tw/" "Mozilla/5.0 (Windows NT 10.0; Win64; x64) AppleWebKit/537.36 (KHTML, like Gecko) Chrome/111.0.0.0 Safari/537.36"
198.199.74.220 - - [27/Aug/2026:00:22:09 +0800] "GET /39168/wp-content/uploads/sites/2465/2024/04/%E5%88%86%E4%BA%AB%E8%A7%A3%E8%AA%AA-2-2048x1365.jpg HTTP/1.1" 200 347496 "https://2blog.ilc.edu.tw/" "Mozilla/5.0 (Windows NT 10.0; Win64; x64) AppleWebKit/537.36 (KHTML, like Gecko) Chrome/111.0.0.0 Safari/537.36"
165.227.86.148 - - [27/Aug/2026:00:22:09 +0800] "GET /39168/wp-content/uploads/sites/2465/2024/04/%E5%A2%9E%E8%83%BD%E7%A0%94%E7%BF%92-4-2048x1365.jpg HTTP/1.1" 200 441329 "https://2blog.ilc.edu.tw/" "Mozilla/5.0 (Windows NT 10.0; Win64; x64) AppleWebKit/537.36 (KHTML, like Gecko) Chrome/111.0.0.0 Safari/537.36"
165.227.86.148 - - [27/Aug/2026:00:22:09 +0800] "GET /39168/wp-content/uploads/sites/2465/2024/04/%E4%B8%89%E5%B9%B4%E7%B4%9A-3-2048x1365.jpg HTTP/1.1" 200 449425 "https://2blog.ilc.edu.tw/" "Mozilla/5.0 (Windows NT 10.0; Win64; x64) AppleWebKit/537.36 (KHTML, like Gecko) Chrome/111.0.0.0 Safari/537.36"
2001:288:a201::66:125 - - [27/Aug/2026:00:22:10 +0800] "GET /blog/active.php HTTP/1.1" 404 1084 "-" "-"
2001:288:a201::66:125 - - [27/Aug/2026:00:22:10 +0800] "GET /blog/active.php HTTP/1.1" 301 1026 "-" "-"
2408:8710:1020:18dc::39 - - [27/Aug/2026:00:22:10 +0800] "GET /category/c-91575 HTTP/1.1" 301 5778 "-" "Mozilla/5.0 (Windows NT 10.0; Win64; x64) AppleWebKit/537.36 (KHTML, like Gecko) Chrome/144.0.0.0 Safari/537.36"
2408:8710:1020:18dc::39 - - [27/Aug/2026:00:22:11 +0800] "GET /category/c-91575/ HTTP/1.1" 200 10946 "-" "Mozilla/5.0 (Windows NT 10.0; Win64; x64) AppleWebKit/537.36 (KHTML, like Gecko) Chrome/144.0.0.0 Safari/537.36"
2408:8710:1020:18dc::39 - - [27/Aug/2026:00:22:11 +0800] "GET /wp-content/cache/www.daes.ilc.edu.tw/wpfc-minified/f3c1mnf7/73ws.css HTTP/1.1" 200 40884 "https://www.daes.ilc.edu.tw/category/c-91575/" "Mozilla/5.0 (Windows NT 10.0; Win64; x64) AppleWebKit/537.36 (KHTML, like Gecko) Chrome/144.0.0.0 Safari/537.36"
2408:8710:1020:18dc::39 - - [27/Aug/2026:00:22:12 +0800] "GET /wp-content/cache/www.daes.ilc.edu.tw/wpfc-minified/eukwje3/73ws.css HTTP/1.1" 200 15777 "https://www.daes.ilc.edu.tw/category/c-91575/" "Mozilla/5.0 (Windows NT 10.0; Win64; x64) AppleWebKit/537.36 (KHTML, like Gecko) Chrome/144.0.0.0 Safari/537.36"
2409:8c54:b000:901::305 - - [27/Aug/2026:00:22:12 +0800] "GET /6418/wp-content/themes/oceanwp/assets/fonts/simple-line-icons/Simple-Line-Icons.woff2?v=2.4.0 HTTP/1.1" 200 30959 "https://2blog.ilc.edu.tw/6418/wp-content/cache/2blog.ilc.edu.tw/wpfc-minified/9hrq8ege/5wt6s.css" "Mozilla/5.0 (Windows NT 10.0; Win64; x64) AppleWebKit/537.36 (KHTML, like Gecko) Chrome/144.0.0.0 Safari/537.36"
140.111.67.10 - - [27/Aug/2026:00:22:12 +0800] "GET /" 301 273 "-" "-"
2408:8710:1020:18dc::39 - - [27/Aug/2026:00:22:12 +0800] "GET /wp-content/cache/www.daes.ilc.edu.tw/wpfc-minified/fde0jnib/73ws.css HTTP/1.1" 200 1157 "https://www.daes.ilc.edu.tw/category/c-91575/" "Mozilla/5.0 (Windows NT 10.0; Win64; x64) AppleWebKit/537.36 (KHTML, like Gecko) Chrome/144.0.0.0 Safari/537.36"
2408:8710:1020:18dc::39 - - [27/Aug/2026:00:22:12 +0800] "GET /wp-content/cache/www.daes.ilc.edu.tw/wpfc-minified/1pa6d9is/73ws.css HTTP/1.1" 200 61304 "https://www.daes.ilc.edu.tw/category/c-91575/" "Mozilla/5.0 (Windows NT 10.0; Win64; x64) AppleWebKit/537.36 (KHTML, like Gecko) Chrome/144.0.0.0 Safari/537.36"
34.171.68.95 - - [27/Aug/2026:00:22:12 +0800] "GET /6096/2011/04/23/%E5%85%8B%E9%9B%B7%E6%A0%BC%EF%BC%8E%E5%8F%B2%E6%9D%B1%EF%BC%9A%E4%B8%80%E6%AC%A1%E4%BF%9D%E8%82%B2%E4%B8%80%E5%80%8B%E5%B3%B6%E5%B6%BC%E4%BE%86%E6%8B%AF%E6%95%91%E6%B5%B7%E6%B4%8B/ HTTP/1.1" 200 14785 "-" "Mozilla/5.0 (Macintosh; Intel Mac OS X 10_15_7) AppleWebKit/537.36 (KHTML, like Gecko) Chrome/120.0.0.0 Safari/537.36"
34.123.149.87 - - [27/Aug/2026:00:22:12 +0800] "GET /26926/wp-json/oembed/1.0/embed?url=https://2blog.ilc.edu.tw/26926/2017/07/10/105%25e5%25bf%2597%25e5%25b7%25a5%25e6%258b%259b%25e5%258b%259f%25e5%258f%258a%25e5%25af%25a6%25e6%2596%25bd%25e8%25be%25a6%25e6%25b3%2595/ HTTP/1.1" 200 8354 "-" "Mozilla/5.0 (Macintosh; Intel Mac OS X 10_15_7) AppleWebKit/537.36 (KHTML, like Gecko) Chrome/120.0.0.0 Safari/537.36"
2408:8710:1020:18dc::39 - - [27/Aug/2026:00:22:13 +0800] "GET /wp-content/cache/www.daes.ilc.edu.tw/wpfc-minified/993j6met/73ws.js HTTP/1.1" 200 35557 "https://www.daes.ilc.edu.tw/category/c-91575/" "Mozilla/5.0 (Windows NT 10.0; Win64; x64) AppleWebKit/537.36 (KHTML, like Gecko) Chrome/144.0.0.0 Safari/537.36"
159.203.183.26 - - [27/Aug/2026:00:22:12 +0800] "GET /39168/wp-content/uploads/sites/2465/2024/04/%E5%A4%96%E6%8B%8D-3-2048x1365.jpg HTTP/1.1" 200 515037 "https://2blog.ilc.edu.tw/" "Mozilla/5.0 (Windows NT 10.0; Win64; x64) AppleWebKit/537.36 (KHTML, like Gecko) Chrome/111.0.0.0 Safari/537.36"
2408:8710:1020:18dc::39 - - [27/Aug/2026:00:22:13 +0800] "GET /wp-includes/js/hoverintent-js.min.js HTTP/1.1" 200 1597 "https://www.daes.ilc.edu.tw/category/c-91575/" "Mozilla/5.0 (Windows NT 10.0; Win64; x64) AppleWebKit/537.36 (KHTML, like Gecko) Chrome/144.0.0.0 Safari/537.36"
142.93.253.145 - - [27/Aug/2026:00:22:12 +0800] "GET /39168/wp-content/uploads/sites/2465/2024/04/%E5%A2%9E%E8%83%BD%E7%A0%94%E7%BF%92-3-2048x1365.jpg HTTP/1.1" 200 413137 "https://2blog.ilc.edu.tw/" "Mozilla/5.0 (Windows NT 10.0; Win64; x64) AppleWebKit/537.36 (KHTML, like Gecko) Chrome/111.0.0.0 Safari/537.36"
137.184.207.103 - - [27/Aug/2026:00:22:13 +0800] "GET /39168/wp-content/uploads/sites/2465/2024/04/%E4%BA%94%E5%B9%B4%E7%B4%9A-2-2048x1365.jpg HTTP/1.1" 200 300010 "https://2blog.ilc.edu.tw/" "Mozilla/5.0 (Windows NT 10.0; Win64; x64) AppleWebKit/537.36 (KHTML, like Gecko) Chrome/111.0.0.0 Safari/537.36"
137.184.207.225 - - [27/Aug/2026:00:22:12 +0800] "GET /39168/wp-content/uploads/sites/2465/2024/04/%E5%A4%96%E6%8B%8D-7-2048x1365.jpg HTTP/1.1" 200 686345 "https://2blog.ilc.edu.tw/" "Mozilla/5.0 (Windows NT 10.0; Win64; x64) AppleWebKit/537.36 (KHTML, like Gecko) Chrome/111.0.0.0 Safari/537.36"
2408:8710:1020:18dc::39 - - [27/Aug/2026:00:22:13 +0800] "GET /wp-content/themes/oceanwp/assets/fonts/simple-line-icons/Simple-Line-Icons.woff2?v=2.4.0 HTTP/1.1" 200 30959 "https://www.daes.ilc.edu.tw/wp-content/cache/www.daes.ilc.edu.tw/wpfc-minified/1pa6d9is/73ws.css" "Mozilla/5.0 (Windows NT 10.0; Win64; x64) AppleWebKit/537.36 (KHTML, like Gecko) Chrome/144.0.0.0 Safari/537.36"
2408:8710:1020:18dc::39 - - [27/Aug/2026:00:22:14 +0800] "GET /wp-content/themes/oceanwp/assets/js/drop-down-search.min.js HTTP/1.1" 200 2968 "https://www.daes.ilc.edu.tw/category/c-91575/" "Mozilla/5.0 (Windows NT 10.0; Win64; x64) AppleWebKit/537.36 (KHTML, like Gecko) Chrome/144.0.0.0 Safari/537.36"
2408:8710:1020:18dc::39 - - [27/Aug/2026:00:22:14 +0800] "GET /wp-content/themes/oceanwp/assets/js/scroll-effect.min.js HTTP/1.1" 200 4127 "https://www.daes.ilc.edu.tw/category/c-91575/" "Mozilla/5.0 (Windows NT 10.0; Win64; x64) AppleWebKit/537.36 (KHTML, like Gecko) Chrome/144.0.0.0 Safari/537.36"
167.71.26.159 - - [27/Aug/2026:00:22:14 +0800] "GET /wp-content/uploads/sites/1730/2021/12/DSC00701-2048x1362.jpg HTTP/1.1" 200 370948 "https://www.iedu.ilc.edu.tw/" "Mozilla/5.0 (Windows NT 10.0; Win64; x64) AppleWebKit/537.36 (KHTML, like Gecko) Chrome/106.0.5249.119 Safari/537.36"
167.71.26.159 - - [27/Aug/2026:00:22:14 +0800] "GET /wp-content/uploads/sites/1730/2021/12/DSC00751-2048x1362.jpg HTTP/1.1" 200 495234 "https://www.iedu.ilc.edu.tw/" "Mozilla/5.0 (Windows NT 10.0; Win64; x64) AppleWebKit/537.36 (KHTML, like Gecko) Chrome/106.0.5249.119 Safari/537.36"
143.198.168.121 - - [27/Aug/2026:00:22:14 +0800] "GET /wp-content/uploads/sites/1730/2021/12/DSC00762-2048x1362.jpg HTTP/1.1" 200 595827 "https://www.iedu.ilc.edu.tw/" "Mozilla/5.0 (Windows NT 10.0; Win64; x64) AppleWebKit/537.36 (KHTML, like Gecko) Chrome/106.0.5249.119 Safari/537.36"
167.71.26.159 - - [27/Aug/2026:00:22:14 +0800] "GET /wp-content/uploads/sites/1730/2021/12/DSC00775-2048x1362.jpg HTTP/1.1" 200 622329 "https://www.iedu.ilc.edu.tw/" "Mozilla/5.0 (Windows NT 10.0; Win64; x64) AppleWebKit/537.36 (KHTML, like Gecko) Chrome/106.0.5249.119 Safari/537.36"
2001:288:a201::66:125 - - [27/Aug/2026:00:22:15 +0800] "GET /blog/active.php HTTP/1.1" 301 1026 "-" "-"
2001:288:a201::66:125 - - [27/Aug/2026:00:22:15 +0800] "GET /blog/active.php HTTP/1.1" 404 1084 "-" "-"
2409:8c54:b000:901::305 - - [27/Aug/2026:00:22:12 +0800] "GET /6418/wp-content/themes/oceanwp/assets/fonts/fontawesome/webfonts/fa-solid-900.woff2 HTTP/1.1" 200 142560 "https://2blog.ilc.edu.tw/6418/wp-content/cache/2blog.ilc.edu.tw/wpfc-minified/9hrq8ege/5wt6s.css" "Mozilla/5.0 (Windows NT 10.0; Win64; x64) AppleWebKit/537.36 (KHTML, like Gecko) Chrome/144.0.0.0 Safari/537.36"
185.191.171.16 - - [27/Aug/2026:00:22:16 +0800] "GET /kses1093a/category/%E7%8F%AD%E7%B4%9A%E8%A8%8A%E6%81%AF/%E8%81%AF%E7%B5%A1%E7%B0%BF/page/10/ HTTP/1.1" 200 20131 "-" "Mozilla/5.0 (compatible; SemrushBot/7~bl; +http://www.semrush.com/bot.html)"
34.171.68.95 - - [27/Aug/2026:00:22:16 +0800] "GET /25770/2015/10/28/%E6%96%B0%E6%9B%B8%E4%BB%8B%E7%B4%B9%E5%B1%B1%E4%B8%AD%E6%97%A5%E6%9C%88/ HTTP/1.1" 200 13895 "-" "Mozilla/5.0 (Macintosh; Intel Mac OS X 10_15_7) AppleWebKit/537.36 (KHTML, like Gecko) Chrome/120.0.0.0 Safari/537.36"
143.198.126.199 - - [27/Aug/2026:00:22:15 +0800] "GET /39168/wp-content/uploads/sites/2465/2024/04/%E5%AD%B8%E7%BF%92%E6%88%90%E6%9E%9C%E5%B1%95-1-2048x1155.jpg HTTP/1.1" 200 383331 "https://2blog.ilc.edu.tw/" "Mozilla/5.0 (Windows NT 10.0; Win64; x64) AppleWebKit/537.36 (KHTML, like Gecko) Chrome/111.0.0.0 Safari/537.36"
146.190.78.200 - - [27/Aug/2026:00:22:15 +0800] "GET /39168/wp-content/uploads/sites/2465/2024/04/IMG_9463-2048x1365.jpg HTTP/1.1" 200 381166 "https://2blog.ilc.edu.tw/" "Mozilla/5.0 (Windows NT 10.0; Win64; x64) AppleWebKit/537.36 (KHTML, like Gecko) Chrome/111.0.0.0 Safari/537.36"
147.182.161.33 - - [27/Aug/2026:00:22:15 +0800] "GET /39168/wp-content/uploads/sites/2465/2024/04/IMG_9460-2048x1365.jpg HTTP/1.1" 200 485879 "https://2blog.ilc.edu.tw/" "Mozilla/5.0 (Windows NT 10.0; Win64; x64) AppleWebKit/537.36 (KHTML, like Gecko) Chrome/111.0.0.0 Safari/537.36"
161.35.6.63 - - [27/Aug/2026:00:22:16 +0800] "GET /39168/wp-content/uploads/sites/2465/2024/04/%E5%A4%96%E6%8B%8D-6-2048x1365.jpg HTTP/1.1" 200 347197 "https://2blog.ilc.edu.tw/" "Mozilla/5.0 (Windows NT 10.0; Win64; x64) AppleWebKit/537.36 (KHTML, like Gecko) Chrome/111.0.0.0 Safari/537.36"
137.184.29.115 - - [27/Aug/2026:00:22:16 +0800] "GET /39168/wp-content/uploads/sites/2465/2024/04/%E5%9B%9B%E5%B9%B4%E7%B4%9A-3-2048x1365.jpg HTTP/1.1" 200 530334 "https://2blog.ilc.edu.tw/" "Mozilla/5.0 (Windows NT 10.0; Win64; x64) AppleWebKit/537.36 (KHTML, like Gecko) Chrome/111.0.0.0 Safari/537.36"
2001:b011:7801:db0b:5a12:a980:6768:7fef - - [27/Aug/2026:00:22:16 +0800] "-" 408 339 "-" "-"
2001:b011:7801:db0b:5a12:a980:6768:7fef - - [27/Aug/2026:00:22:16 +0800] "-" 408 339 "-" "-"
165.227.204.32 - - [27/Aug/2026:00:22:16 +0800] "GET /39168/wp-content/uploads/sites/2465/2024/04/%E5%A4%96%E6%8B%8D-1-2048x1365.jpg HTTP/1.1" 200 885842 "https://2blog.ilc.edu.tw/" "Mozilla/5.0 (Windows NT 10.0; Win64; x64) AppleWebKit/537.36 (KHTML, like Gecko) Chrome/111.0.0.0 Safari/537.36"
146.190.78.200 - - [27/Aug/2026:00:22:16 +0800] "GET /39168/wp-content/uploads/sites/2465/2024/04/%E5%88%86%E4%BA%AB%E8%A7%A3%E8%AA%AA-3-2048x1365.jpg HTTP/1.1" 200 276790 "https://2blog.ilc.edu.tw/" "Mozilla/5.0 (Windows NT 10.0; Win64; x64) AppleWebKit/537.36 (KHTML, like Gecko) Chrome/111.0.0.0 Safari/537.36"
140.111.67.10 - - [27/Aug/2026:00:22:17 +0800] "GET /" 301 273 "-" "-"
::1 - - [27/Aug/2026:00:22:17 +0800] "OPTIONS * HTTP/1.0" 200 110 "-" "Apache/2.4.68 (Ubuntu) OpenSSL/3.0.19 (internal dummy connection)"
::1 - - [27/Aug/2026:00:22:18 +0800] "OPTIONS * HTTP/1.0" 200 110 "-" "Apache/2.4.68 (Ubuntu) OpenSSL/3.0.19 (internal dummy connection)"
34.56.124.53 - - [27/Aug/2026:00:22:18 +0800] "GET /3288/wp-json/wp/v2/posts/110596 HTTP/1.1" 200 14313 "-" "Mozilla/5.0 (Macintosh; Intel Mac OS X 10_15_7) AppleWebKit/537.36 (KHTML, like Gecko) Chrome/120.0.0.0 Safari/537.36"
::1 - - [27/Aug/2026:00:22:19 +0800] "OPTIONS * HTTP/1.0" 200 110 "-" "Apache/2.4.68 (Ubuntu) OpenSSL/3.0.19 (internal dummy connection)"
220.133.231.194 - - [27/Aug/2026:00:22:20 +0800] "GET /41336/20260803%e6%95%99%e7%94%84%e8%bc%94%e8%80%83115%e5%b9%b4%e5%a4%a7%e5%85%89%e5%9c%8b%e5%b0%8f%e6%95%99%e5%b8%ab%e7%94%84%e8%a9%a6%e8%bc%94%e8%80%83%e5%9c%98%e6%a5%ad%e7%b8%be/ HTTP/1.1" 200 20085 "https://2blog.ilc.edu.tw/41336/%e6%95%99%e6%9d%90%e5%88%86%e4%ba%ab/" "Mozilla/5.0 (Linux; Android 10; K) AppleWebKit/537.36 (KHTML, like Gecko) Chrome/151.0.0.0 Mobile Safari/537.36"
220.133.231.194 - - [27/Aug/2026:00:22:20 +0800] "GET /41336/wp-content/uploads/sites/2863/2026/08/c490cb45-3a61-4387-a534-17295be108c2.png HTTP/1.1" 200 2065628 "https://2blog.ilc.edu.tw/41336/20260803%e6%95%99%e7%94%84%e8%bc%94%e8%80%83115%e5%b9%b4%e5%a4%a7%e5%85%89%e5%9c%8b%e5%b0%8f%e6%95%99%e5%b8%ab%e7%94%84%e8%a9%a6%e8%bc%94%e8%80%83%e5%9c%98%e6%a5%ad%e7%b8%be/" "Mozilla/5.0 (Linux; Android 10; K) AppleWebKit/537.36 (KHTML, like Gecko) Chrome/151.0.0.0 Mobile Safari/537.36"
::1 - - [27/Aug/2026:00:22:20 +0800] "OPTIONS * HTTP/1.0" 200 110 "-" "Apache/2.4.68 (Ubuntu) OpenSSL/3.0.19 (internal dummy connection)"
220.133.231.194 - - [27/Aug/2026:00:22:20 +0800] "GET /41336/wp-content/uploads/sites/2863/2018/12/7-1024x683.jpg HTTP/1.1" 200 165715 "https://2blog.ilc.edu.tw/41336/20260803%e6%95%99%e7%94%84%e8%bc%94%e8%80%83115%e5%b9%b4%e5%a4%a7%e5%85%89%e5%9c%8b%e5%b0%8f%e6%95%99%e5%b8%ab%e7%94%84%e8%a9%a6%e8%bc%94%e8%80%83%e5%9c%98%e6%a5%ad%e7%b8%be/" "Mozilla/5.0 (Linux; Android 10; K) AppleWebKit/537.36 (KHTML, like Gecko) Chrome/151.0.0.0 Mobile Safari/537.36"
220.133.231.194 - - [27/Aug/2026:00:22:20 +0800] "GET /41336/wp-content/uploads/sites/2863/2018/12/20181204_151857-1024x768.jpg HTTP/1.1" 200 142213 "https://2blog.ilc.edu.tw/41336/20260803%e6%95%99%e7%94%84%e8%bc%94%e8%80%83115%e5%b9%b4%e5%a4%a7%e5%85%89%e5%9c%8b%e5%b0%8f%e6%95%99%e5%b8%ab%e7%94%84%e8%a9%a6%e8%bc%94%e8%80%83%e5%9c%98%e6%a5%ad%e7%b8%be/" "Mozilla/5.0 (Linux; Android 10; K) AppleWebKit/537.36 (KHTML, like Gecko) Chrome/151.0.0.0 Mobile Safari/537.36"
2001:288:a201::66:125 - - [27/Aug/2026:00:22:20 +0800] "GET /blog/active.php HTTP/1.1" 404 1084 "-" "-"
220.133.231.194 - - [27/Aug/2026:00:22:20 +0800] "GET /41336/wp-content/uploads/sites/2863/2024/08/%E6%9C%AA_%E5%91%BD%E5%90%8D-800x450.png HTTP/1.1" 200 539020 "https://2blog.ilc.edu.tw/41336/20260803%e6%95%99%e7%94%84%e8%bc%94%e8%80%83115%e5%b9%b4%e5%a4%a7%e5%85%89%e5%9c%8b%e5%b0%8f%e6%95%99%e5%b8%ab%e7%94%84%e8%a9%a6%e8%bc%94%e8%80%83%e5%9c%98%e6%a5%ad%e7%b8%be/" "Mozilla/5.0 (Linux; Android 10; K) AppleWebKit/537.36 (KHTML, like Gecko) Chrome/151.0.0.0 Mobile Safari/537.36"
2001:288:a201::66:125 - - [27/Aug/2026:00:22:20 +0800] "GET /blog/active.php HTTP/1.1" 301 1026 "-" "-"
220.133.231.194 - - [27/Aug/2026:00:22:20 +0800] "POST /41336/wp-json/ilc-summary/v1/popular-posts HTTP/1.1" 201 1612 "https://2blog.ilc.edu.tw/41336/20260803%e6%95%99%e7%94%84%e8%bc%94%e8%80%83115%e5%b9%b4%e5%a4%a7%e5%85%89%e5%9c%8b%e5%b0%8f%e6%95%99%e5%b8%ab%e7%94%84%e8%a9%a6%e8%bc%94%e8%80%83%e5%9c%98%e6%a5%ad%e7%b8%be/" "Mozilla/5.0 (Linux; Android 10; K) AppleWebKit/537.36 (KHTML, like Gecko) Chrome/151.0.0.0 Mobile Safari/537.36"
220.133.231.194 - - [27/Aug/2026:00:22:20 +0800] "GET /41336/wp-content/uploads/sites/2863/2026/08/63148fc0-f3fc-4727-ac3b-8994fcea539f.png HTTP/1.1" 200 2309859 "https://2blog.ilc.edu.tw/41336/20260803%e6%95%99%e7%94%84%e8%bc%94%e8%80%83115%e5%b9%b4%e5%a4%a7%e5%85%89%e5%9c%8b%e5%b0%8f%e6%95%99%e5%b8%ab%e7%94%84%e8%a9%a6%e8%bc%94%e8%80%83%e5%9c%98%e6%a5%ad%e7%b8%be/" "Mozilla/5.0 (Linux; Android 10; K) AppleWebKit/537.36 (KHTML, like Gecko) Chrome/151.0.0.0 Mobile Safari/537.36"
34.171.68.95 - - [27/Aug/2026:00:22:21 +0800] "GET /4950/2015/11/06/arduino%E7%AC%AC%E4%B8%89%E8%AA%B2%E7%94%A8%E9%8D%B5%E7%9B%A4%E6%8E%A7%E5%88%B6led/ HTTP/1.1" 200 17909 "-" "Mozilla/5.0 (Macintosh; Intel Mac OS X 10_15_7) AppleWebKit/537.36 (KHTML, like Gecko) Chrome/120.0.0.0 Safari/537.36"
34.171.68.95 - - [27/Aug/2026:00:22:20 +0800] "GET /32745/2023/01/25/%E9%87%8D%E6%96%B0%E5%87%BA%E7%99%BC/ HTTP/1.1" 200 92119 "-" "Mozilla/5.0 (Macintosh; Intel Mac OS X 10_15_7) AppleWebKit/537.36 (KHTML, like Gecko) Chrome/120.0.0.0 Safari/537.36"
34.42.229.145 - - [27/Aug/2026:00:22:19 +0800] "GET /physical/?p=381 HTTP/1.1" 301 5786 "-" "Mozilla/5.0 (Macintosh; Intel Mac OS X 10_15_7) AppleWebKit/537.36 (KHTML, like Gecko) Chrome/120.0.0.0 Safari/537.36"
140.111.67.10 - - [27/Aug/2026:00:22:22 +0800] "GET /" 301 273 "-" "-"
185.191.171.3 - - [27/Aug/2026:00:22:23 +0800] "GET /amy6998/2025/05/17/114%E5%B9%B44%E6%9C%8828%E6%97%A5%E6%88%91%E8%A9%B2%E6%80%8E%E9%BA%BC%E8%BE%A6%E7%A4%BE%E7%BE%A4%E7%A0%94%E8%A8%8E/ HTTP/1.1" 200 17677 "-" "Mozilla/5.0 (compatible; SemrushBot/7~bl; +http://www.semrush.com/bot.html)"
34.42.229.145 - - [27/Aug/2026:00:22:23 +0800] "GET /6325/2016/09/16/105%E4%B8%80-2-1%E7%92%B0%E5%A2%83%E6%95%99%E8%82%B2%E7%B0%A1%E4%BB%8B%E5%9F%BA%E6%9C%AC%E8%B3%87%E6%96%99/ HTTP/1.1" 200 15699 "-" "Mozilla/5.0 (Macintosh; Intel Mac OS X 10_15_7) AppleWebKit/537.36 (KHTML, like Gecko) Chrome/120.0.0.0 Safari/537.36"
66.249.79.130 - - [27/Aug/2026:00:22:24 +0800] "POST /wp-json/ilc-summary/v1/popular-posts HTTP/1.1" 201 6185 "https://www.iedu.ilc.edu.tw/%E6%9C%AC%E5%BA%9C%E8%BE%A6%E7%90%86%E3%80%8C%E5%AE%9C%E8%98%AD%E7%B8%A3113%E5%AD%B8%E5%B9%B4%E5%BA%A6%E5%8E%9F%E4%BD%8F%E6%B0%91%E6%97%8F%E8%AA%9E%E6%96%87%E5%8F%8A%E6%96%87%E5%8C%96%E8%AA%B2/" "Mozilla/5.0 (Linux; Android 6.0.1; Nexus 5X Build/MMB29P) AppleWebKit/537.36 (KHTML, like Gecko) Chrome/151.0.7922.173 Mobile Safari/537.36 (compatible; Googlebot/2.1; +http://www.google.com/bot.html)"
178.171.81.140 - - [27/Aug/2026:00:22:24 +0800] "GET /kkes603/2025/06/ HTTP/1.1" 200 14485 "-" "Mozilla/5.0 (Macintosh; Intel Mac OS X 10_15_7) AppleWebKit/537.36 (KHTML, like Gecko) Chrome/151.0.0.0 Safari/537.36"
2001:288:a201::66:125 - - [27/Aug/2026:00:22:25 +0800] "GET /blog/active.php HTTP/1.1" 301 1026 "-" "-"
2001:288:a201::66:125 - - [27/Aug/2026:00:22:25 +0800] "GET /blog/active.php HTTP/1.1" 404 1084 "-" "-"
::1 - - [27/Aug/2026:00:22:26 +0800] "OPTIONS * HTTP/1.0" 200 110 "-" "Apache/2.4.68 (Ubuntu) OpenSSL/3.0.19 (internal dummy connection)"
34.57.162.91 - - [27/Aug/2026:00:22:26 +0800] "GET /?p=7597 HTTP/1.1" 301 5871 "-" "Mozilla/5.0 (Macintosh; Intel Mac OS X 10_15_7) AppleWebKit/537.36 (KHTML, like Gecko) Chrome/120.0.0.0 Safari/537.36"
185.191.171.16 - - [27/Aug/2026:00:22:26 +0800] "GET /blog/blog/868/resource/11550/download/113166 HTTP/1.1" 404 25426 "-" "Mozilla/5.0 (compatible; SemrushBot/7~bl; +http://www.semrush.com/bot.html)"
140.111.67.10 - - [27/Aug/2026:00:22:27 +0800] "GET /" 301 273 "-" "-"
::1 - - [27/Aug/2026:00:22:27 +0800] "OPTIONS * HTTP/1.0" 200 110 "-" "Apache/2.4.68 (Ubuntu) OpenSSL/3.0.19 (internal dummy connection)"
::1 - - [27/Aug/2026:00:22:28 +0800] "OPTIONS * HTTP/1.0" 200 110 "-" "Apache/2.4.68 (Ubuntu) OpenSSL/3.0.19 (internal dummy connection)"
240e:946:6002:230::12e - - [27/Aug/2026:00:22:29 +0800] "-" 408 339 "-" "-"
::1 - - [27/Aug/2026:00:22:29 +0800] "OPTIONS * HTTP/1.0" 200 110 "-" "Apache/2.4.68 (Ubuntu) OpenSSL/3.0.19 (internal dummy connection)"
61.61.220.174 - - [27/Aug/2026:00:22:29 +0800] "GET /category/c-8589/c-59227/ HTTP/1.1" 200 18520 "https://www.google.com/" "Mozilla/5.0 (Linux; Android 10; K) AppleWebKit/537.36 (KHTML, like Gecko) Chrome/151.0.0.0 Mobile Safari/537.36"
136.119.35.120 - - [27/Aug/2026:00:22:29 +0800] "GET /6422/wp-json/oembed/1.0/embed?url=https://2blog.ilc.edu.tw/6422/2020/10/25/109%25e3%2580%2581%25e4%25b8%25801-4%25e5%25b0%258d%25e5%25ae%25b6%25e9%2595%25b7%25e7%259a%2584%25e5%25ae%25a3%25e5%25b0%258e04/ HTTP/1.1" 200 8379 "-" "Mozilla/5.0 (Macintosh; Intel Mac OS X 10_15_7) AppleWebKit/537.36 (KHTML, like Gecko) Chrome/120.0.0.0 Safari/537.36"
::1 - - [27/Aug/2026:00:22:30 +0800] "OPTIONS * HTTP/1.0" 200 110 "-" "Apache/2.4.68 (Ubuntu) OpenSSL/3.0.19 (internal dummy connection)"
2001:288:a201::66:125 - - [27/Aug/2026:00:22:30 +0800] "GET /blog/active.php HTTP/1.1" 301 1026 "-" "-"
2001:288:a201::66:125 - - [27/Aug/2026:00:22:30 +0800] "GET /blog/active.php HTTP/1.1" 404 1084 "-" "-"
::1 - - [27/Aug/2026:00:22:31 +0800] "OPTIONS * HTTP/1.0" 200 110 "-" "Apache/2.4.68 (Ubuntu) OpenSSL/3.0.19 (internal dummy connection)"
140.111.67.10 - - [27/Aug/2026:00:22:32 +0800] "GET /" 301 273 "-" "-"
::1 - - [27/Aug/2026:00:22:32 +0800] "OPTIONS * HTTP/1.0" 200 110 "-" "Apache/2.4.68 (Ubuntu) OpenSSL/3.0.19 (internal dummy connection)"
34.123.149.87 - - [27/Aug/2026:00:22:32 +0800] "GET /32745/?p=94436 HTTP/1.1" 301 5704 "-" "Mozilla/5.0 (Macintosh; Intel Mac OS X 10_15_7) AppleWebKit/537.36 (KHTML, like Gecko) Chrome/120.0.0.0 Safari/537.36"
61.61.220.174 - - [27/Aug/2026:00:22:31 +0800] "POST /wp-json/ilc-summary/v1/popular-posts HTTP/1.1" 201 1113 "https://www.cwjh.ilc.edu.tw/2012/07/20/%e5%ad%b8%e6%a0%a1%e5%b9%b3%e9%9d%a2%e5%9c%96/" "Mozilla/5.0 (Linux; Android 10; K) AppleWebKit/537.36 (KHTML, like Gecko) Chrome/151.0.0.0 Mobile Safari/537.36"
185.191.171.12 - - [27/Aug/2026:00:22:31 +0800] "GET /26150/2025/07/08/ HTTP/1.1" 200 21486 "-" "Mozilla/5.0 (compatible; SemrushBot/7~bl; +http://www.semrush.com/bot.html)"
2001:288:a201::67:81 - - [27/Aug/2026:00:22:33 +0800] "POST /26150/2025/07/08/?fsm_edd_37394=2eb9d1efbdcbcb6436bc30c25b2e3c5b HTTP/1.1" 200 13008 "-" "WordPress/6.6.7; https://2blog.ilc.edu.tw/26150"
::1 - - [27/Aug/2026:00:22:35 +0800] "OPTIONS * HTTP/1.0" 200 110 "-" "Apache/2.4.68 (Ubuntu) OpenSSL/3.0.19 (internal dummy connection)"
2001:288:a201::66:125 - - [27/Aug/2026:00:22:35 +0800] "GET /blog/active.php HTTP/1.1" 301 1026 "-" "-"
2001:288:a201::66:125 - - [27/Aug/2026:00:22:35 +0800] "GET /blog/active.php HTTP/1.1" 404 1084 "-" "-"
185.191.171.9 - - [27/Aug/2026:00:22:36 +0800] "GET /3860/2009/04/03/%E6%AD%A1%E5%96%9C%E7%9B%B8%E8%A4%92%E5%AD%B8%E5%8F%B0%E8%AA%9Ep17/ HTTP/1.1" 200 29036 "-" "Mozilla/5.0 (compatible; SemrushBot/7~bl; +http://www.semrush.com/bot.html)"
216.73.217.64 - - [27/Aug/2026:00:22:37 +0800] "GET /9536/wp-json/wp/v2/posts/52152 HTTP/1.1" 200 11599 "-" "Mozilla/5.0 AppleWebKit/537.36 (KHTML, like Gecko; compatible; ClaudeBot/1.0; +claudebot@anthropic.com)"
140.111.67.10 - - [27/Aug/2026:00:22:37 +0800] "GET /" 301 273 "-" "-"
216.73.217.64 - - [27/Aug/2026:00:22:37 +0800] "GET /9536/wp-json/wp/v2/posts/57734 HTTP/1.1" 200 11888 "-" "Mozilla/5.0 AppleWebKit/537.36 (KHTML, like Gecko; compatible; ClaudeBot/1.0; +claudebot@anthropic.com)"
34.171.68.95 - - [27/Aug/2026:00:22:38 +0800] "GET /6525/?p=285 HTTP/1.1" 301 5639 "-" "Mozilla/5.0 (Macintosh; Intel Mac OS X 10_15_7) AppleWebKit/537.36 (KHTML, like Gecko) Chrome/120.0.0.0 Safari/537.36"
140.111.67.195 - - [27/Aug/2026:00:22:38 +0800] "GET /wp-admin/admin-post.php?action=steps_ad HTTP/1.1" 200 6425 "-" "node-fetch/1.0 (+https://github.com/bitinn/node-fetch)"
66.249.79.192 - - [27/Aug/2026:00:22:38 +0800] "GET /2012/08/27/%E6%95%99%E8%81%B7%E5%93%A1%E5%B7%A5%E9%9B%BB%E5%AD%90%E9%83%B5%E4%BB%B6/ HTTP/1.1" 200 25619 "-" "Mozilla/5.0 (Linux; Android 6.0.1; Nexus 5X Build/MMB29P) AppleWebKit/537.36 (KHTML, like Gecko) Chrome/151.0.7922.173 Mobile Safari/537.36 (compatible; Googlebot/2.1; +http://www.google.com/bot.html)"
185.191.171.6 - - [27/Aug/2026:00:22:39 +0800] "GET /amy6998/2023/06/18/112%E5%B9%B46%E6%9C%888%E6%97%A5%E5%AD%B8%E5%89%8D%E7%89%B9%E5%B9%BC%E7%95%A2%E6%A5%AD%E5%85%B8%E7%A6%AE/ HTTP/1.1" 200 18304 "-" "Mozilla/5.0 (compatible; SemrushBot/7~bl; +http://www.semrush.com/bot.html)"
2001:288:a201::66:125 - - [27/Aug/2026:00:22:40 +0800] "GET /blog/active.php HTTP/1.1" 301 1026 "-" "-"
2001:288:a201::66:125 - - [27/Aug/2026:00:22:40 +0800] "GET /blog/active.php HTTP/1.1" 404 1084 "-" "-"
34.57.162.91 - - [27/Aug/2026:00:22:41 +0800] "GET /7706/wp-json/wp/v2/posts/3440 HTTP/1.1" 200 10380 "-" "Mozilla/5.0 (Macintosh; Intel Mac OS X 10_15_7) AppleWebKit/537.36 (KHTML, like Gecko) Chrome/120.0.0.0 Safari/537.36"
140.111.67.10 - - [27/Aug/2026:00:22:42 +0800] "GET /" 301 273 "-" "-"
2408:872f:c00:403::2ba - - [27/Aug/2026:00:22:42 +0800] "GET /wp-content/uploads/sites/1148/2026/08/cropped-%E6%A0%A1%E5%BE%BD-609x1024-1-32x32.png HTTP/1.1" 200 7023 "https://www.najh.ilc.edu.tw/2020/01/08/108%e5%ad%b8%e5%b9%b4%e5%ba%a6%e7%a7%91%e6%8a%80%e6%95%99%e8%82%b2%e5%89%b5%e6%84%8f%e5%af%a6%e4%bd%9c%e7%ab%b6%e8%b3%bd/" "Mozilla/5.0 (Windows NT 10.0; Win64; x64) AppleWebKit/537.36 (KHTML, like Gecko) Chrome/144.0.0.0 Safari/537.36"
2001:b400:e2d2:feb5:8839:8159:4807:33c1 - - [27/Aug/2026:00:22:42 +0800] "GET /elementor-1649/ HTTP/1.1" 200 20055 "https://www.google.com/" "Mozilla/5.0 (Linux; Android 10; K) AppleWebKit/537.36 (KHTML, like Gecko) Chrome/138.0.0.0 Mobile Safari/537.36"
2001:b400:e2d2:feb5:8839:8159:4807:33c1 - - [27/Aug/2026:00:22:42 +0800] "GET /wp-content/uploads/sites/1482/elementor/css/post-1649.css HTTP/1.1" 200 993 "https://www.chjh.ilc.edu.tw/elementor-1649/" "Mozilla/5.0 (Linux; Android 10; K) AppleWebKit/537.36 (KHTML, like Gecko) Chrome/138.0.0.0 Mobile Safari/537.36"
