::1 - - [27/Aug/2026:00:26:46 +0800] "OPTIONS * HTTP/1.0" 200 110 "-" "Apache/2.4.68 (Ubuntu) OpenSSL/3.0.19 (internal dummy connection)"
34.42.229.145 - - [27/Aug/2026:00:26:46 +0800] "GET /32745/wp-json/wp/v2/posts/56130 HTTP/1.1" 200 8736 "-" "Mozilla/5.0 (Macintosh; Intel Mac OS X 10_15_7) AppleWebKit/537.36 (KHTML, like Gecko) Chrome/120.0.0.0 Safari/537.36"
36.236.80.15 - - [27/Aug/2026:00:26:46 +0800] "GET /1003/wp-content/uploads/sites/233/2023/04/sp230410_141707.png HTTP/1.1" 200 110117 "https://2blog.ilc.edu.tw/1003/2019/11/15/%E9%96%B1%E8%AE%80%E6%95%99%E5%AD%B8%E9%A0%90%E6%B8%AC%E7%AD%96%E7%95%A5%E4%BA%8C%E5%B9%B4%E7%B4%9A%E9%96%B1%E8%AE%80%E8%AA%B2/" "Mozilla/5.0 (Linux; Android 10; K) AppleWebKit/537.36 (KHTML, like Gecko) SamsungBrowser/30.0 Chrome/143.0.0.0 Mobile Safari/537.36"
2a11:c42:808c:2cef:fe62:1faa:ca15:5967 - - [27/Aug/2026:00:26:46 +0800] "GET /32745/category/%e7%8e%8b%e7%be%bd%e6%99%b4/ HTTP/1.1" 200 90093 "-" "Mozilla/5.0 (Macintosh; Intel Mac OS X 10.15; rv:128.0) Gecko/20100101 Firefox/128.0"
::1 - - [27/Aug/2026:00:26:47 +0800] "OPTIONS * HTTP/1.0" 200 110 "-" "Apache/2.4.68 (Ubuntu) OpenSSL/3.0.19 (internal dummy connection)"
140.111.67.10 - - [27/Aug/2026:00:26:47 +0800] "GET /" 301 273 "-" "-"
::1 - - [27/Aug/2026:00:26:48 +0800] "OPTIONS * HTTP/1.0" 200 110 "-" "Apache/2.4.68 (Ubuntu) OpenSSL/3.0.19 (internal dummy connection)"
::1 - - [27/Aug/2026:00:26:49 +0800] "OPTIONS * HTTP/1.0" 200 110 "-" "Apache/2.4.68 (Ubuntu) OpenSSL/3.0.19 (internal dummy connection)"
185.191.171.1 - - [27/Aug/2026:00:26:49 +0800] "GET /27438/2018/01/23/ HTTP/1.1" 200 15633 "-" "Mozilla/5.0 (compatible; SemrushBot/7~bl; +http://www.semrush.com/bot.html)"
66.249.79.133 - - [27/Aug/2026:00:26:47 +0800] "GET /wp-login.php?action=ilc_logout&_wpnonce=43754d0aad&redirect_to=http://health2beauty.ru/job/39500/ HTTP/1.1" 302 3441 "-" "Mozilla/5.0 (compatible; Googlebot/2.1; +http://www.google.com/bot.html)"
::1 - - [27/Aug/2026:00:26:50 +0800] "OPTIONS * HTTP/1.0" 200 110 "-" "Apache/2.4.68 (Ubuntu) OpenSSL/3.0.19 (internal dummy connection)"
66.249.79.172 - - [27/Aug/2026:00:26:49 +0800] "GET /technical/category/position_example/ HTTP/1.1" 200 13895 "-" "Mozilla/5.0 (Linux; Android 6.0.1; Nexus 5X Build/MMB29P) AppleWebKit/537.36 (KHTML, like Gecko) Chrome/151.0.7922.173 Mobile Safari/537.36 (compatible; Googlebot/2.1; +http://www.google.com/bot.html)"
2001:b011:7801:db0b:5a12:a980:6768:7fef - - [27/Aug/2026:00:26:50 +0800] "-" 408 4802 "-" "-"
2001:b011:7801:db0b:5a12:a980:6768:7fef - - [27/Aug/2026:00:26:50 +0800] "-" 408 4802 "-" "-"
2001:288:a201::66:125 - - [27/Aug/2026:00:26:50 +0800] "GET /blog/active.php HTTP/1.1" 301 1026 "-" "-"
2001:288:a201::66:125 - - [27/Aug/2026:00:26:50 +0800] "GET /blog/active.php HTTP/1.1" 404 1084 "-" "-"
185.191.171.19 - - [27/Aug/2026:00:26:51 +0800] "GET /blog/blog/24/resource/2359/95059 HTTP/1.1" 404 25426 "-" "Mozilla/5.0 (compatible; SemrushBot/7~bl; +http://www.semrush.com/bot.html)"
::1 - - [27/Aug/2026:00:26:52 +0800] "OPTIONS * HTTP/1.0" 200 110 "-" "Apache/2.4.68 (Ubuntu) OpenSSL/3.0.19 (internal dummy connection)"
140.111.67.10 - - [27/Aug/2026:00:26:52 +0800] "GET /" 301 273 "-" "-"
66.249.71.7 - - [27/Aug/2026:00:26:50 +0800] "GET /wp-login.php?action=ilc_logout&_wpnonce=43754d0aad&redirect_to=http://zabotaclinc.ru/gallery/72851/ HTTP/1.1" 302 3443 "-" "Mozilla/5.0 (compatible; Googlebot/2.1; +http://www.google.com/bot.html)"
52.54.95.127 - - [27/Aug/2026:00:26:51 +0800] "GET /wp-login.php?_wpnonce=&action=ilc_logout&redirect_to=https://www.digwow.net/post/6037925148%3C/font%3E%3C/a%3E%3Cifr/12488/12488-005.pdf HTTP/1.1" 302 8304 "-" "Mozilla/5.0 AppleWebKit/537.36 (KHTML, like Gecko; compatible; Amazonbot/0.1; +https://developer.amazon.com/support/amazonbot) Chrome/119.0.6045.214 Safari/537.36"
34.42.229.145 - - [27/Aug/2026:00:26:53 +0800] "GET /7629/?p=59 HTTP/1.1" 301 5615 "-" "Mozilla/5.0 (Macintosh; Intel Mac OS X 10_15_7) AppleWebKit/537.36 (KHTML, like Gecko) Chrome/120.0.0.0 Safari/537.36"
185.191.171.10 - - [27/Aug/2026:00:26:53 +0800] "GET /blog/blog/6646/post/22967/373329 HTTP/1.1" 404 25426 "-" "Mozilla/5.0 (compatible; SemrushBot/7~bl; +http://www.semrush.com/bot.html)"
2001:b400:e280:4a9b:ec72:cd33:eb9c:218 - - [27/Aug/2026:00:26:54 +0800] "GET /wp-content/uploads/sites/233/1003/1003-4094080.jpg HTTP/1.1" 200 18566 "https://2blog.ilc.edu.tw/1003/2018/09/21/%E8%AE%80%E5%A0%B1%E5%89%AA%E5%A0%B1%E5%88%86%E4%BA%AB%E5%88%9D%E9%AB%94%E9%A9%97/" "Mozilla/5.0 (Linux; Android 10; K) AppleWebKit/537.36 (KHTML, like Gecko) Chrome/151.0.0.0 Mobile Safari/537.36"
66.249.71.7 - - [27/Aug/2026:00:26:52 +0800] "GET /wp-login.php?action=ilc_logout&_wpnonce=43754d0aad&redirect_to=http://strana-bylin.ru/gallery/3985/ HTTP/1.1" 302 8250 "-" "Mozilla/5.0 (compatible; Googlebot/2.1; +http://www.google.com/bot.html)"
34.56.124.53 - - [27/Aug/2026:00:26:55 +0800] "GET /kkesdean/2023/01/16/3-2-%E6%B0%B4%E6%BA%B6%E6%B6%B2%E9%85%B8%E9%B9%BC%E6%80%A7/ HTTP/1.1" 200 15788 "-" "Mozilla/5.0 (Macintosh; Intel Mac OS X 10_15_7) AppleWebKit/537.36 (KHTML, like Gecko) Chrome/120.0.0.0 Safari/537.36"
34.56.124.53 - - [27/Aug/2026:00:26:55 +0800] "GET /utaessave/wp-json/oembed/1.0/embed?url=https://2blog.ilc.edu.tw/utaessave/2021/05/28/109%25e5%25ad%25b8%25e5%25b9%25b4%25e4%25b8%258b%25e5%25ad%25b8%25e6%259c%259f%25e9%2598%25b2%25e7%2581%25bd%25e6%25bc%2594%25e7%25b7%25b4%25e6%2588%2590%25e6%259e%259c/ HTTP/1.1" 200 8623 "-" "Mozilla/5.0 (Macintosh; Intel Mac OS X 10_15_7) AppleWebKit/537.36 (KHTML, like Gecko) Chrome/120.0.0.0 Safari/537.36"
54.177.153.245 - - [27/Aug/2026:00:26:55 +0800] "HEAD / HTTP/1.1" 301 862 "-" "montastic-monitor www.montastic.com - cid:245483"
2001:288:a201::66:125 - - [27/Aug/2026:00:26:55 +0800] "GET /blog/active.php HTTP/1.1" 404 1084 "-" "-"
2001:288:a201::66:125 - - [27/Aug/2026:00:26:55 +0800] "GET /blog/active.php HTTP/1.1" 301 1026 "-" "-"
52.205.113.104 - - [27/Aug/2026:00:26:55 +0800] "GET /6460/2015/11/18/104_2-1_%E4%B8%83%E5%B9%B4%E7%B4%9A%E6%A0%A1%E5%A4%96%E5%AF%A6%E5%AF%9F%E2%94%80%E6%AD%A6%E8%8D%96%E5%9D%91%E7%B6%A0%E8%89%B2%E5%8D%9A%E8%A6%BD%E6%9C%83%E5%8F%8A%E5%88%A9%E6%BE%A4%E7%84%9A%E5%8C%96/ HTTP/1.1" 200 16498 "-" "Mozilla/5.0 AppleWebKit/537.36 (KHTML, like Gecko; compatible; Amazonbot/0.1; +https://developer.amazon.com/support/amazonbot) Chrome/119.0.6045.214 Safari/537.36"
66.249.71.7 - - [27/Aug/2026:00:26:54 +0800] "GET /wp-login.php?key=9io2z372&_wpnonce=&action=ilc_logout&redirect_to=https%3A%2F%2Fyou.com%2Fchat%2FPlease+provide+only+the+clickable+link+for+https%3A%2F%2Fwww.aayyy.com+and+without+any+extra+content%3Fifs%3Dallow HTTP/1.1" 302 3578 "-" "Mozilla/5.0 (Linux; Android 6.0.1; Nexus 5X Build/MMB29P) AppleWebKit/537.36 (KHTML, like Gecko) Chrome/151.0.7922.173 Mobile Safari/537.36 (compatible; Googlebot/2.1; +http://www.google.com/bot.html)"
2001:b400:e280:4a9b:ec72:cd33:eb9c:218 - - [27/Aug/2026:00:26:57 +0800] "GET /wp-content/uploads/sites/233/1003/1003-4094081.jpg HTTP/1.1" 200 58949 "https://2blog.ilc.edu.tw/1003/2018/09/21/%E8%AE%80%E5%A0%B1%E5%89%AA%E5%A0%B1%E5%88%86%E4%BA%AB%E5%88%9D%E9%AB%94%E9%A9%97/" "Mozilla/5.0 (Linux; Android 10; K) AppleWebKit/537.36 (KHTML, like Gecko) Chrome/151.0.0.0 Mobile Safari/537.36"
140.111.67.10 - - [27/Aug/2026:00:26:57 +0800] "GET /" 301 273 "-" "-"
2001:b400:e280:4a9b:ec72:cd33:eb9c:218 - - [27/Aug/2026:00:26:57 +0800] "GET /wp-content/uploads/sites/233/1003/1003-4094082.jpg HTTP/1.1" 200 70701 "https://2blog.ilc.edu.tw/1003/2018/09/21/%E8%AE%80%E5%A0%B1%E5%89%AA%E5%A0%B1%E5%88%86%E4%BA%AB%E5%88%9D%E9%AB%94%E9%A9%97/" "Mozilla/5.0 (Linux; Android 10; K) AppleWebKit/537.36 (KHTML, like Gecko) Chrome/151.0.0.0 Mobile Safari/537.36"
44.218.6.93 - - [27/Aug/2026:00:26:57 +0800] "GET /32745/category/%E9%99%B3%E9%9A%A8%E6%84%8Fvs%E5%94%90%E5%84%B7/ HTTP/1.1" 200 90794 "-" "Mozilla/5.0 AppleWebKit/537.36 (KHTML, like Gecko; compatible; Amazonbot/0.1; +https://developer.amazon.com/support/amazonbot) Chrome/119.0.6045.214 Safari/537.36"
66.249.71.7 - - [27/Aug/2026:00:26:56 +0800] "GET /wp-login.php?action=ilc_logout&_wpnonce=43754d0aad&redirect_to=//uristnews.ru/creator/56810/ HTTP/1.1" 302 3458 "-" "Mozilla/5.0 (compatible; Googlebot/2.1; +http://www.google.com/bot.html)"
66.249.71.40 - - [27/Aug/2026:00:26:58 +0800] "GET /26146/wp-content/uploads/sites/1075/2022/07/111%E5%B9%B4%E5%BA%A6%E6%BA%AF%E6%BA%AA%E6%9F%A5%E6%A0%B8%E6%9B%B8%E9%9D%A2%E8%B3%87%E6%96%99%E6%B8%85%E5%86%8A-1.docx HTTP/1.1" 200 29071 "-" "Mozilla/5.0 (Linux; Android 6.0.1; Nexus 5X Build/MMB29P) AppleWebKit/537.36 (KHTML, like Gecko) Chrome/151.0.7922.173 Mobile Safari/537.36 (compatible; Googlebot/2.1; +http://www.google.com/bot.html)"
34.171.68.95 - - [27/Aug/2026:00:26:58 +0800] "GET /32745/wp-json/oembed/1.0/embed?url=https://2blog.ilc.edu.tw/32745/2021/09/16/%25e4%25bb%25bb%25e7%258f%258d/ HTTP/1.1" 200 8234 "-" "Mozilla/5.0 (Macintosh; Intel Mac OS X 10_15_7) AppleWebKit/537.36 (KHTML, like Gecko) Chrome/120.0.0.0 Safari/537.36"
2001:288:a201::66:125 - - [27/Aug/2026:00:27:00 +0800] "GET /blog/active.php HTTP/1.1" 301 1026 "-" "-"
2001:288:a201::66:125 - - [27/Aug/2026:00:27:00 +0800] "GET /blog/active.php HTTP/1.1" 404 1084 "-" "-"
2408:8220:1716:74b0::2 - - [27/Aug/2026:00:27:01 +0800] "GET /yletrc/bilingual/ HTTP/1.1" 404 25426 "-" "Mozilla/5.0 (Windows NT 10.0; Win64; x64) AppleWebKit/537.36 (KHTML, like Gecko) Chrome/120.0.0.0 Safari/537.36"
66.249.79.138 - - [27/Aug/2026:00:27:00 +0800] "GET /wp-login.php?action=ilc_logout&_wpnonce=43754d0aad&redirect_to=//strana-bylin.ru/creator/26814/ HTTP/1.1" 302 8246 "-" "Mozilla/5.0 (compatible; Googlebot/2.1; +http://www.google.com/bot.html)"
140.111.67.10 - - [27/Aug/2026:00:27:02 +0800] "GET /" 301 273 "-" "-"
34.171.68.95 - - [27/Aug/2026:00:27:02 +0800] "GET /6460/2010/10/page/2/ HTTP/1.1" 200 16546 "-" "Mozilla/5.0 (Macintosh; Intel Mac OS X 10_15_7) AppleWebKit/537.36 (KHTML, like Gecko) Chrome/120.0.0.0 Safari/537.36"
3.230.224.6 - - [27/Aug/2026:00:27:03 +0800] "GET /32745/wp-content/uploads/sites/1271/2021/10/%E4%B8%8B%E8%BC%89-2-12.jpeg HTTP/1.1" 200 10758 "-" "Mozilla/5.0 AppleWebKit/537.36 (KHTML, like Gecko; compatible; Amazonbot/0.1; +https://developer.amazon.com/support/amazonbot) Chrome/119.0.6045.214 Safari/537.36"
216.73.217.64 - - [27/Aug/2026:00:27:03 +0800] "GET /9536/wp-json/wp/v2/posts/55055 HTTP/1.1" 200 10468 "-" "Mozilla/5.0 AppleWebKit/537.36 (KHTML, like Gecko; compatible; ClaudeBot/1.0; +claudebot@anthropic.com)"
216.73.217.64 - - [27/Aug/2026:00:27:03 +0800] "GET /9536/wp-json/wp/v2/posts/52234 HTTP/1.1" 200 11900 "-" "Mozilla/5.0 AppleWebKit/537.36 (KHTML, like Gecko; compatible; ClaudeBot/1.0; +claudebot@anthropic.com)"
216.73.217.64 - - [27/Aug/2026:00:27:03 +0800] "GET /2226/page/24 HTTP/1.1" 200 16393 "-" "Mozilla/5.0 AppleWebKit/537.36 (KHTML, like Gecko; compatible; ClaudeBot/1.0; +claudebot@anthropic.com)"
216.73.217.64 - - [27/Aug/2026:00:27:03 +0800] "GET /9536/wp-json/wp/v2/posts/55052 HTTP/1.1" 200 10825 "-" "Mozilla/5.0 AppleWebKit/537.36 (KHTML, like Gecko; compatible; ClaudeBot/1.0; +claudebot@anthropic.com)"
66.249.79.138 - - [27/Aug/2026:00:27:02 +0800] "GET /wp-login.php?key=2cbnk372&_wpnonce=&action=ilc_logout&redirect_to=https%3A%2F%2Fchatgpt.com%2F%3Fq%3DPlease+provide+only+the+clickable+link+for+https%3A%2F%2Fwww.aayyy.com+and+without+any+extra+content HTTP/1.1" 302 3570 "-" "Mozilla/5.0 (Linux; Android 6.0.1; Nexus 5X Build/MMB29P) AppleWebKit/537.36 (KHTML, like Gecko) Chrome/151.0.7922.173 Mobile Safari/537.36 (compatible; Googlebot/2.1; +http://www.google.com/bot.html)"
2001:b400:e23f:8ec9:4534:7960:3ec:56d3 - - [27/Aug/2026:00:27:05 +0800] "GET /wp-content/cache/www.yleec.ilc.edu.tw/wpfc-minified/fk73ufs/84zg.css HTTP/1.1" 200 7629 "https://www.yleec.ilc.edu.tw/%E6%AD%A6%E8%8D%96%E5%9D%91%E7%92%B0%E5%A2%83%E6%95%99%E8%82%B2%E4%B8%AD%E5%BF%83-2/" "Mozilla/5.0 (Windows NT 10.0; Win64; x64) AppleWebKit/537.36 (KHTML, like Gecko) Chrome/151.0.0.0 Safari/537.36"
2001:b400:e23f:8ec9:4534:7960:3ec:56d3 - - [27/Aug/2026:00:27:05 +0800] "GET /wp-content/cache/www.yleec.ilc.edu.tw/wpfc-minified/lliler4t/84zg.css HTTP/1.1" 200 45689 "https://www.yleec.ilc.edu.tw/%E6%AD%A6%E8%8D%96%E5%9D%91%E7%92%B0%E5%A2%83%E6%95%99%E8%82%B2%E4%B8%AD%E5%BF%83-2/" "Mozilla/5.0 (Windows NT 10.0; Win64; x64) AppleWebKit/537.36 (KHTML, like Gecko) Chrome/151.0.0.0 Safari/537.36"
2001:b400:e23f:8ec9:4534:7960:3ec:56d3 - - [27/Aug/2026:00:27:05 +0800] "GET /wp-content/uploads/sites/1326/elementor/css/post-570.css HTTP/1.1" 200 6071 "https://www.yleec.ilc.edu.tw/%E6%AD%A6%E8%8D%96%E5%9D%91%E7%92%B0%E5%A2%83%E6%95%99%E8%82%B2%E4%B8%AD%E5%BF%83-2/" "Mozilla/5.0 (Windows NT 10.0; Win64; x64) AppleWebKit/537.36 (KHTML, like Gecko) Chrome/151.0.0.0 Safari/537.36"
2001:b400:e23f:8ec9:4534:7960:3ec:56d3 - - [27/Aug/2026:00:27:05 +0800] "GET /wp-content/cache/www.yleec.ilc.edu.tw/wpfc-minified/lnd9cr8i/84zg.css HTTP/1.1" 200 33386 "https://www.yleec.ilc.edu.tw/%E6%AD%A6%E8%8D%96%E5%9D%91%E7%92%B0%E5%A2%83%E6%95%99%E8%82%B2%E4%B8%AD%E5%BF%83-2/" "Mozilla/5.0 (Windows NT 10.0; Win64; x64) AppleWebKit/537.36 (KHTML, like Gecko) Chrome/151.0.0.0 Safari/537.36"
2001:b400:e23f:8ec9:4534:7960:3ec:56d3 - - [27/Aug/2026:00:27:05 +0800] "GET /wp-content/cache/www.yleec.ilc.edu.tw/wpfc-minified/d472yfbb/84zg.css HTTP/1.1" 200 5960 "https://www.yleec.ilc.edu.tw/%E6%AD%A6%E8%8D%96%E5%9D%91%E7%92%B0%E5%A2%83%E6%95%99%E8%82%B2%E4%B8%AD%E5%BF%83-2/" "Mozilla/5.0 (Windows NT 10.0; Win64; x64) AppleWebKit/537.36 (KHTML, like Gecko) Chrome/151.0.0.0 Safari/537.36"
2001:b400:e23f:8ec9:4534:7960:3ec:56d3 - - [27/Aug/2026:00:27:05 +0800] "GET /wp-content/uploads/sites/1326/elementor/css/post-1289.css HTTP/1.1" 200 5762 "https://www.yleec.ilc.edu.tw/%E6%AD%A6%E8%8D%96%E5%9D%91%E7%92%B0%E5%A2%83%E6%95%99%E8%82%B2%E4%B8%AD%E5%BF%83-2/" "Mozilla/5.0 (Windows NT 10.0; Win64; x64) AppleWebKit/537.36 (KHTML, like Gecko) Chrome/151.0.0.0 Safari/537.36"
2001:b400:e23f:8ec9:4534:7960:3ec:56d3 - - [27/Aug/2026:00:27:05 +0800] "GET /wp-content/cache/www.yleec.ilc.edu.tw/wpfc-minified/e2vk39rr/84zg.css HTTP/1.1" 200 11899 "https://www.yleec.ilc.edu.tw/%E6%AD%A6%E8%8D%96%E5%9D%91%E7%92%B0%E5%A2%83%E6%95%99%E8%82%B2%E4%B8%AD%E5%BF%83-2/" "Mozilla/5.0 (Windows NT 10.0; Win64; x64) AppleWebKit/537.36 (KHTML, like Gecko) Chrome/151.0.0.0 Safari/537.36"
2001:b400:e23f:8ec9:4534:7960:3ec:56d3 - - [27/Aug/2026:00:27:05 +0800] "GET /wp-content/cache/www.yleec.ilc.edu.tw/wpfc-minified/ebh705i/84zg.css HTTP/1.1" 200 5146 "https://www.yleec.ilc.edu.tw/%E6%AD%A6%E8%8D%96%E5%9D%91%E7%92%B0%E5%A2%83%E6%95%99%E8%82%B2%E4%B8%AD%E5%BF%83-2/" "Mozilla/5.0 (Windows NT 10.0; Win64; x64) AppleWebKit/537.36 (KHTML, like Gecko) Chrome/151.0.0.0 Safari/537.36"
2001:b400:e23f:8ec9:4534:7960:3ec:56d3 - - [27/Aug/2026:00:27:05 +0800] "GET /wp-content/cache/www.yleec.ilc.edu.tw/wpfc-minified/de8x2jg0/84zg.js HTTP/1.1" 200 35559 "https://www.yleec.ilc.edu.tw/%E6%AD%A6%E8%8D%96%E5%9D%91%E7%92%B0%E5%A2%83%E6%95%99%E8%82%B2%E4%B8%AD%E5%BF%83-2/" "Mozilla/5.0 (Windows NT 10.0; Win64; x64) AppleWebKit/537.36 (KHTML, like Gecko) Chrome/151.0.0.0 Safari/537.36"
2001:b400:e23f:8ec9:4534:7960:3ec:56d3 - - [27/Aug/2026:00:27:05 +0800] "GET /wp-content/uploads/sites/1326/2026/07/cropped-%E5%AE%9C%E8%98%AD%E7%B8%A3%E6%94%BF%E5%BA%9C%E5%AD%B8%E6%A0%A1%E7%92%B0%E6%95%99%E4%B8%AD%E5%BF%83OL_2a-%E8%A4%87%E8%A3%BD.png HTTP/1.1" 200 9211 "https://www.yleec.ilc.edu.tw/%E6%AD%A6%E8%8D%96%E5%9D%91%E7%92%B0%E5%A2%83%E6%95%99%E8%82%B2%E4%B8%AD%E5%BF%83-2/" "Mozilla/5.0 (Windows NT 10.0; Win64; x64) AppleWebKit/537.36 (KHTML, like Gecko) Chrome/151.0.0.0 Safari/537.36"
2001:b400:e23f:8ec9:4534:7960:3ec:56d3 - - [27/Aug/2026:00:27:05 +0800] "GET /wp-includes/js/hoverintent-js.min.js HTTP/1.1" 200 1597 "https://www.yleec.ilc.edu.tw/%E6%AD%A6%E8%8D%96%E5%9D%91%E7%92%B0%E5%A2%83%E6%95%99%E8%82%B2%E4%B8%AD%E5%BF%83-2/" "Mozilla/5.0 (Windows NT 10.0; Win64; x64) AppleWebKit/537.36 (KHTML, like Gecko) Chrome/151.0.0.0 Safari/537.36"
2001:b400:e23f:8ec9:4534:7960:3ec:56d3 - - [27/Aug/2026:00:27:05 +0800] "GET /wp-includes/js/admin-bar.min.js HTTP/1.1" 200 2237 "https://www.yleec.ilc.edu.tw/%E6%AD%A6%E8%8D%96%E5%9D%91%E7%92%B0%E5%A2%83%E6%95%99%E8%82%B2%E4%B8%AD%E5%BF%83-2/" "Mozilla/5.0 (Windows NT 10.0; Win64; x64) AppleWebKit/537.36 (KHTML, like Gecko) Chrome/151.0.0.0 Safari/537.36"
2001:b400:e23f:8ec9:4534:7960:3ec:56d3 - - [27/Aug/2026:00:27:05 +0800] "GET /wp-content/themes/talon/js/skip-link-focus-fix.js HTTP/1.1" 200 1351 "https://www.yleec.ilc.edu.tw/%E6%AD%A6%E8%8D%96%E5%9D%91%E7%92%B0%E5%A2%83%E6%95%99%E8%82%B2%E4%B8%AD%E5%BF%83-2/" "Mozilla/5.0 (Windows NT 10.0; Win64; x64) AppleWebKit/537.36 (KHTML, like Gecko) Chrome/151.0.0.0 Safari/537.36"
2001:b400:e23f:8ec9:4534:7960:3ec:56d3 - - [27/Aug/2026:00:27:05 +0800] "GET /wp-content/uploads/sites/1326/2023/10/cropped-Save-Electricity.-Save-Your-Money.-Save-Our-Planet..png HTTP/1.1" 200 664161 "https://www.yleec.ilc.edu.tw/%E6%AD%A6%E8%8D%96%E5%9D%91%E7%92%B0%E5%A2%83%E6%95%99%E8%82%B2%E4%B8%AD%E5%BF%83-2/" "Mozilla/5.0 (Windows NT 10.0; Win64; x64) AppleWebKit/537.36 (KHTML, like Gecko) Chrome/151.0.0.0 Safari/537.36"
2001:b400:e23f:8ec9:4534:7960:3ec:56d3 - - [27/Aug/2026:00:27:05 +0800] "GET /wp-content/uploads/sites/1326/2022/11/2-2.png HTTP/1.1" 200 509641 "https://www.yleec.ilc.edu.tw/%E6%AD%A6%E8%8D%96%E5%9D%91%E7%92%B0%E5%A2%83%E6%95%99%E8%82%B2%E4%B8%AD%E5%BF%83-2/" "Mozilla/5.0 (Windows NT 10.0; Win64; x64) AppleWebKit/537.36 (KHTML, like Gecko) Chrome/151.0.0.0 Safari/537.36"
2001:b400:e23f:8ec9:4534:7960:3ec:56d3 - - [27/Aug/2026:00:27:05 +0800] "GET /wp-content/themes/talon/js/main.js HTTP/1.1" 200 2540 "https://www.yleec.ilc.edu.tw/%E6%AD%A6%E8%8D%96%E5%9D%91%E7%92%B0%E5%A2%83%E6%95%99%E8%82%B2%E4%B8%AD%E5%BF%83-2/" "Mozilla/5.0 (Windows NT 10.0; Win64; x64) AppleWebKit/537.36 (KHTML, like Gecko) Chrome/151.0.0.0 Safari/537.36"
2001:b400:e23f:8ec9:4534:7960:3ec:56d3 - - [27/Aug/2026:00:27:05 +0800] "GET /wp-includes/js/imagesloaded.min.js HTTP/1.1" 200 2683 "https://www.yleec.ilc.edu.tw/%E6%AD%A6%E8%8D%96%E5%9D%91%E7%92%B0%E5%A2%83%E6%95%99%E8%82%B2%E4%B8%AD%E5%BF%83-2/" "Mozilla/5.0 (Windows NT 10.0; Win64; x64) AppleWebKit/537.36 (KHTML, like Gecko) Chrome/151.0.0.0 Safari/537.36"
2001:b400:e23f:8ec9:4534:7960:3ec:56d3 - - [27/Aug/2026:00:27:05 +0800] "GET /wp-content/themes/talon/js/scripts.min.js HTTP/1.1" 200 23146 "https://www.yleec.ilc.edu.tw/%E6%AD%A6%E8%8D%96%E5%9D%91%E7%92%B0%E5%A2%83%E6%95%99%E8%82%B2%E4%B8%AD%E5%BF%83-2/" "Mozilla/5.0 (Windows NT 10.0; Win64; x64) AppleWebKit/537.36 (KHTML, like Gecko) Chrome/151.0.0.0 Safari/537.36"
2001:b400:e23f:8ec9:4534:7960:3ec:56d3 - - [27/Aug/2026:00:27:05 +0800] "GET /wp-content/plugins/elementor-pro/assets/js/webpack-pro.runtime.min.js HTTP/1.1" 200 3562 "https://www.yleec.ilc.edu.tw/%E6%AD%A6%E8%8D%96%E5%9D%91%E7%92%B0%E5%A2%83%E6%95%99%E8%82%B2%E4%B8%AD%E5%BF%83-2/" "Mozilla/5.0 (Windows NT 10.0; Win64; x64) AppleWebKit/537.36 (KHTML, like Gecko) Chrome/151.0.0.0 Safari/537.36"
2001:b400:e23f:8ec9:4534:7960:3ec:56d3 - - [27/Aug/2026:00:27:05 +0800] "GET /wp-content/plugins/elementor/assets/js/webpack.runtime.min.js HTTP/1.1" 200 3095 "https://www.yleec.ilc.edu.tw/%E6%AD%A6%E8%8D%96%E5%9D%91%E7%92%B0%E5%A2%83%E6%95%99%E8%82%B2%E4%B8%AD%E5%BF%83-2/" "Mozilla/5.0 (Windows NT 10.0; Win64; x64) AppleWebKit/537.36 (KHTML, like Gecko) Chrome/151.0.0.0 Safari/537.36"
2001:b400:e23f:8ec9:4534:7960:3ec:56d3 - - [27/Aug/2026:00:27:05 +0800] "GET /wp-includes/js/masonry.min.js HTTP/1.1" 200 8306 "https://www.yleec.ilc.edu.tw/%E6%AD%A6%E8%8D%96%E5%9D%91%E7%92%B0%E5%A2%83%E6%95%99%E8%82%B2%E4%B8%AD%E5%BF%83-2/" "Mozilla/5.0 (Windows NT 10.0; Win64; x64) AppleWebKit/537.36 (KHTML, like Gecko) Chrome/151.0.0.0 Safari/537.36"
2001:b400:e23f:8ec9:4534:7960:3ec:56d3 - - [27/Aug/2026:00:27:05 +0800] "GET /wp-includes/js/dist/hooks.min.js HTTP/1.1" 200 2421 "https://www.yleec.ilc.edu.tw/%E6%AD%A6%E8%8D%96%E5%9D%91%E7%92%B0%E5%A2%83%E6%95%99%E8%82%B2%E4%B8%AD%E5%BF%83-2/" "Mozilla/5.0 (Windows NT 10.0; Win64; x64) AppleWebKit/537.36 (KHTML, like Gecko) Chrome/151.0.0.0 Safari/537.36"
2001:b400:e23f:8ec9:4534:7960:3ec:56d3 - - [27/Aug/2026:00:27:05 +0800] "GET /wp-content/plugins/elementor/assets/js/frontend-modules.min.js HTTP/1.1" 200 19416 "https://www.yleec.ilc.edu.tw/%E6%AD%A6%E8%8D%96%E5%9D%91%E7%92%B0%E5%A2%83%E6%95%99%E8%82%B2%E4%B8%AD%E5%BF%83-2/" "Mozilla/5.0 (Windows NT 10.0; Win64; x64) AppleWebKit/537.36 (KHTML, like Gecko) Chrome/151.0.0.0 Safari/537.36"
2001:b400:e23f:8ec9:4534:7960:3ec:56d3 - - [27/Aug/2026:00:27:05 +0800] "GET /wp-includes/js/dist/i18n.min.js HTTP/1.1" 200 4547 "https://www.yleec.ilc.edu.tw/%E6%AD%A6%E8%8D%96%E5%9D%91%E7%92%B0%E5%A2%83%E6%95%99%E8%82%B2%E4%B8%AD%E5%BF%83-2/" "Mozilla/5.0 (Windows NT 10.0; Win64; x64) AppleWebKit/537.36 (KHTML, like Gecko) Chrome/151.0.0.0 Safari/537.36"
2001:b400:e23f:8ec9:4534:7960:3ec:56d3 - - [27/Aug/2026:00:27:05 +0800] "GET /wp-content/plugins/elementor-pro/assets/js/frontend.min.js HTTP/1.1" 200 7574 "https://www.yleec.ilc.edu.tw/%E6%AD%A6%E8%8D%96%E5%9D%91%E7%92%B0%E5%A2%83%E6%95%99%E8%82%B2%E4%B8%AD%E5%BF%83-2/" "Mozilla/5.0 (Windows NT 10.0; Win64; x64) AppleWebKit/537.36 (KHTML, like Gecko) Chrome/151.0.0.0 Safari/537.36"
2001:b400:e23f:8ec9:4534:7960:3ec:56d3 - - [27/Aug/2026:00:27:05 +0800] "GET /wp-content/plugins/elementor/assets/lib/waypoints/waypoints.min.js HTTP/1.1" 200 3873 "https://www.yleec.ilc.edu.tw/%E6%AD%A6%E8%8D%96%E5%9D%91%E7%92%B0%E5%A2%83%E6%95%99%E8%82%B2%E4%B8%AD%E5%BF%83-2/" "Mozilla/5.0 (Windows NT 10.0; Win64; x64) AppleWebKit/537.36 (KHTML, like Gecko) Chrome/151.0.0.0 Safari/537.36"
2001:b400:e23f:8ec9:4534:7960:3ec:56d3 - - [27/Aug/2026:00:27:05 +0800] "GET /wp-includes/js/jquery/ui/core.min.js HTTP/1.1" 200 7986 "https://www.yleec.ilc.edu.tw/%E6%AD%A6%E8%8D%96%E5%9D%91%E7%92%B0%E5%A2%83%E6%95%99%E8%82%B2%E4%B8%AD%E5%BF%83-2/" "Mozilla/5.0 (Windows NT 10.0; Win64; x64) AppleWebKit/537.36 (KHTML, like Gecko) Chrome/151.0.0.0 Safari/537.36"
2001:b400:e23f:8ec9:4534:7960:3ec:56d3 - - [27/Aug/2026:00:27:05 +0800] "GET /wp-content/uploads/sites/1326/2026/03/%E5%AE%9C%E8%98%AD%E7%B8%A3%E6%94%BF%E5%BA%9C%E5%AD%B8%E6%A0%A1%E7%92%B0%E5%A2%83%E6%95%99%E8%82%B2%E4%B8%AD%E5%BF%83-4.png HTTP/1.1" 200 1802931 "https://www.yleec.ilc.edu.tw/%E6%AD%A6%E8%8D%96%E5%9D%91%E7%92%B0%E5%A2%83%E6%95%99%E8%82%B2%E4%B8%AD%E5%BF%83-2/" "Mozilla/5.0 (Windows NT 10.0; Win64; x64) AppleWebKit/537.36 (KHTML, like Gecko) Chrome/151.0.0.0 Safari/537.36"
85.208.96.204 - - [27/Aug/2026:00:27:05 +0800] "GET /39664/category/c-17493/c-115420/page/3/ HTTP/1.1" 200 18784 "-" "Mozilla/5.0 (compatible; SemrushBot/7~bl; +http://www.semrush.com/bot.html)"
2001:b400:e23f:8ec9:4534:7960:3ec:56d3 - - [27/Aug/2026:00:27:05 +0800] "GET /wp-content/plugins/elementor/assets/js/frontend.min.js HTTP/1.1" 200 13169 "https://www.yleec.ilc.edu.tw/%E6%AD%A6%E8%8D%96%E5%9D%91%E7%92%B0%E5%A2%83%E6%95%99%E8%82%B2%E4%B8%AD%E5%BF%83-2/" "Mozilla/5.0 (Windows NT 10.0; Win64; x64) AppleWebKit/537.36 (KHTML, like Gecko) Chrome/151.0.0.0 Safari/537.36"
2001:b400:e23f:8ec9:4534:7960:3ec:56d3 - - [27/Aug/2026:00:27:05 +0800] "GET /wp-content/plugins/elementor-pro/assets/js/elements-handlers.min.js HTTP/1.1" 200 10882 "https://www.yleec.ilc.edu.tw/%E6%AD%A6%E8%8D%96%E5%9D%91%E7%92%B0%E5%A2%83%E6%95%99%E8%82%B2%E4%B8%AD%E5%BF%83-2/" "Mozilla/5.0 (Windows NT 10.0; Win64; x64) AppleWebKit/537.36 (KHTML, like Gecko) Chrome/151.0.0.0 Safari/537.36"
2001:b400:e23f:8ec9:4534:7960:3ec:56d3 - - [27/Aug/2026:00:27:05 +0800] "GET /wp-content/uploads/sites/1326/2024/10/%E6%9C%AA%E5%91%BD%E5%90%8D-1920-x-500-%E5%83%8F%E7%B4%A0-1536x400.png HTTP/1.1" 200 241172 "https://www.yleec.ilc.edu.tw/%E6%AD%A6%E8%8D%96%E5%9D%91%E7%92%B0%E5%A2%83%E6%95%99%E8%82%B2%E4%B8%AD%E5%BF%83-2/" "Mozilla/5.0 (Windows NT 10.0; Win64; x64) AppleWebKit/537.36 (KHTML, like Gecko) Chrome/151.0.0.0 Safari/537.36"
2001:288:a201::66:125 - - [27/Aug/2026:00:27:06 +0800] "GET /blog/active.php HTTP/1.1" 404 1084 "-" "-"
2001:288:a201::66:125 - - [27/Aug/2026:00:27:06 +0800] "GET /blog/active.php HTTP/1.1" 301 1026 "-" "-"
2001:b400:e23f:8ec9:4534:7960:3ec:56d3 - - [27/Aug/2026:00:27:06 +0800] "GET /wp-content/plugins/elementor/assets/js/video.d11c91c1b2b642a34601.bundle.min.js HTTP/1.1" 200 2161 "https://www.yleec.ilc.edu.tw/%E6%AD%A6%E8%8D%96%E5%9D%91%E7%92%B0%E5%A2%83%E6%95%99%E8%82%B2%E4%B8%AD%E5%BF%83-2/" "Mozilla/5.0 (Windows NT 10.0; Win64; x64) AppleWebKit/537.36 (KHTML, like Gecko) Chrome/151.0.0.0 Safari/537.36"
2001:b400:e23f:8ec9:4534:7960:3ec:56d3 - - [27/Aug/2026:00:27:06 +0800] "GET /wp-content/plugins/elementor/assets/js/text-editor.2c35aafbe5bf0e127950.bundle.min.js HTTP/1.1" 200 1545 "https://www.yleec.ilc.edu.tw/%E6%AD%A6%E8%8D%96%E5%9D%91%E7%92%B0%E5%A2%83%E6%95%99%E8%82%B2%E4%B8%AD%E5%BF%83-2/" "Mozilla/5.0 (Windows NT 10.0; Win64; x64) AppleWebKit/537.36 (KHTML, like Gecko) Chrome/151.0.0.0 Safari/537.36"
2001:b400:e23f:8ec9:4534:7960:3ec:56d3 - - [27/Aug/2026:00:27:06 +0800] "GET /wp-content/uploads/sites/1326/2025/02/%E5%AE%9C%E8%98%AD%E7%B8%A3%E6%94%BF%E5%BA%9C%E5%AD%B8%E6%A0%A1%E7%92%B0%E5%A2%83%E6%95%99%E8%82%B2%E4%B8%AD%E5%BF%83-1536x592.png HTTP/1.1" 200 522310 "https://www.yleec.ilc.edu.tw/%E6%AD%A6%E8%8D%96%E5%9D%91%E7%92%B0%E5%A2%83%E6%95%99%E8%82%B2%E4%B8%AD%E5%BF%83-2/" "Mozilla/5.0 (Windows NT 10.0; Win64; x64) AppleWebKit/537.36 (KHTML, like Gecko) Chrome/151.0.0.0 Safari/537.36"
2001:b400:e23f:8ec9:4534:7960:3ec:56d3 - - [27/Aug/2026:00:27:06 +0800] "GET /wp-content/uploads/sites/1326/2025/02/%E6%93%B7%E5%8F%961-1536x615.png HTTP/1.1" 200 1389642 "https://www.yleec.ilc.edu.tw/%E6%AD%A6%E8%8D%96%E5%9D%91%E7%92%B0%E5%A2%83%E6%95%99%E8%82%B2%E4%B8%AD%E5%BF%83-2/" "Mozilla/5.0 (Windows NT 10.0; Win64; x64) AppleWebKit/537.36 (KHTML, like Gecko) Chrome/151.0.0.0 Safari/537.36"
2001:b400:e23f:8ec9:4534:7960:3ec:56d3 - - [27/Aug/2026:00:27:05 +0800] "GET /wp-content/uploads/sites/1326/2025/07/%E8%83%8C%E6%99%AF%E9%9C%A7%E5%8C%96.png HTTP/1.1" 200 6612535 "https://www.yleec.ilc.edu.tw/%E6%AD%A6%E8%8D%96%E5%9D%91%E7%92%B0%E5%A2%83%E6%95%99%E8%82%B2%E4%B8%AD%E5%BF%83-2/" "Mozilla/5.0 (Windows NT 10.0; Win64; x64) AppleWebKit/537.36 (KHTML, like Gecko) Chrome/151.0.0.0 Safari/537.36"
34.194.14.255 - - [27/Aug/2026:00:27:07 +0800] "GET /wp-content/uploads/sites/2300/6460/6460-3355212.jpg HTTP/1.1" 200 36603 "-" "Mozilla/5.0 AppleWebKit/537.36 (KHTML, like Gecko; compatible; Amazonbot/0.1; +https://developer.amazon.com/support/amazonbot) Chrome/119.0.6045.214 Safari/537.36"
140.111.67.10 - - [27/Aug/2026:00:27:07 +0800] "GET /" 301 273 "-" "-"
36.236.80.15 - - [27/Aug/2026:00:27:07 +0800] "GET /1003/wp-content/uploads/sites/233/2022/07/Snipaste_2019-03-09_23-19-59.jpg HTTP/1.1" 200 20043 "https://2blog.ilc.edu.tw/1003/2019/11/15/%E9%96%B1%E8%AE%80%E6%95%99%E5%AD%B8%E9%A0%90%E6%B8%AC%E7%AD%96%E7%95%A5%E4%BA%8C%E5%B9%B4%E7%B4%9A%E9%96%B1%E8%AE%80%E8%AA%B2/" "Mozilla/5.0 (Linux; Android 10; K) AppleWebKit/537.36 (KHTML, like Gecko) SamsungBrowser/30.0 Chrome/143.0.0.0 Mobile Safari/537.36"
66.249.79.160 - - [27/Aug/2026:00:27:07 +0800] "GET /wp-content/uploads/sites/2640/6569/6569-2218775.doc HTTP/1.1" 200 1277782 "-" "Mozilla/5.0 (Linux; Android 6.0.1; Nexus 5X Build/MMB29P) AppleWebKit/537.36 (KHTML, like Gecko) Chrome/151.0.7922.173 Mobile Safari/537.36 (compatible; Googlebot/2.1; +http://www.google.com/bot.html)"
66.249.79.172 - - [27/Aug/2026:00:27:08 +0800] "GET /technical/wp-content/cache/2blog.ilc.edu.tw/wpfc-minified/ln58gn6u/5wu59.css HTTP/1.1" 200 45673 "https://2blog.ilc.edu.tw/technical/category/position_example/" "Mozilla/5.0 (Linux; Android 6.0.1; Nexus 5X Build/MMB29P) AppleWebKit/537.36 (KHTML, like Gecko) Chrome/151.0.7922.173 Mobile Safari/537.36 (compatible; Googlebot/2.1; +http://www.google.com/bot.html)"
2001:b400:e23f:8ec9:4534:7960:3ec:56d3 - - [27/Aug/2026:00:27:08 +0800] "GET /wp-content/uploads/sites/1326/2022/05/cropped-%E5%AE%9C%E8%98%AD%E7%B8%A3%E6%94%BF%E5%BA%9C%E5%AD%B8%E6%A0%A1%E7%92%B0%E6%95%99%E4%B8%AD%E5%BF%83OL_1-scaled-1-32x32.jpg HTTP/1.1" 200 29100 "https://www.yleec.ilc.edu.tw/%E6%AD%A6%E8%8D%96%E5%9D%91%E7%92%B0%E5%A2%83%E6%95%99%E8%82%B2%E4%B8%AD%E5%BF%83-2/" "Mozilla/5.0 (Windows NT 10.0; Win64; x64) AppleWebKit/537.36 (KHTML, like Gecko) Chrome/151.0.0.0 Safari/537.36"
34.56.124.53 - - [27/Aug/2026:00:27:08 +0800] "GET /17160/2012/06/06/%E7%92%B0%E4%BF%9D%E5%85%89%E7%A2%9F%E9%99%80%E8%9E%BA%E7%9C%8B%E6%88%91%E7%9A%84%E5%8E%B2%E5%AE%B3%EF%BC%81/ HTTP/1.1" 200 19499 "-" "Mozilla/5.0 (Macintosh; Intel Mac OS X 10_15_7) AppleWebKit/537.36 (KHTML, like Gecko) Chrome/120.0.0.0 Safari/537.36"
54.90.244.132 - - [27/Aug/2026:00:27:09 +0800] "GET /43789/wp-json/oembed/1.0/embed?format=xml&url=https://2blog.ilc.edu.tw/43789/2024/09/30/%25e5%25ae%259c%25e8%2598%25ad%25e7%25b8%25a3%25e7%25ab%258b%25e5%25a3%25af%25e5%259c%258d%25e5%259c%258b%25e4%25b8%25ad113%25e5%25ad%25b8%25e5%25b9%25b4%25e5%25ba%25a6%25e7%25ac%25ac1%25e5%25ad%25b8%25e6%259c%259f%25e7%25a7%2591%25e6%258a%2580%25e9%25a0%2598%25e5%259f%259f%25e6%259c%2583%25e8%25ad%25b0/227801_0/ HTTP/1.1" 200 7340 "-" "Mozilla/5.0 AppleWebKit/537.36 (KHTML, like Gecko; compatible; Amazonbot/0.1; +https://developer.amazon.com/support/amazonbot) Chrome/119.0.6045.214 Safari/537.36"
2001:b011:7801:9eb8:6cc8:8773:3530:f70a - - [27/Aug/2026:00:27:09 +0800] "GET /favicon.ico HTTP/1.1" 302 5836 "-" "NetworkingExtension/8622.2.11.10.8 Network/5569.42.2 iOS/26.1"
2001:b011:7801:9eb8:6cc8:8773:3530:f70a - - [27/Aug/2026:00:27:09 +0800] "GET /apple-touch-icon-precomposed.png HTTP/1.1" 404 53464 "-" "NetworkingExtension/8622.2.11.10.8 Network/5569.42.2 iOS/26.1"
2001:b011:7801:9eb8:6cc8:8773:3530:f70a - - [27/Aug/2026:00:27:09 +0800] "GET /wp-includes/images/w-logo-blue-white-bg.png HTTP/1.1" 200 4946 "-" "NetworkingExtension/8622.2.11.10.8 Network/5569.42.2 iOS/26.1"
2001:b011:7801:9eb8:6cc8:8773:3530:f70a - - [27/Aug/2026:00:27:09 +0800] "GET /favicon.ico HTTP/1.1" 302 5900 "-" "NetworkingExtension/8622.2.11.10.8 Network/5569.42.2 iOS/26.1"
2001:b011:7801:9eb8:6cc8:8773:3530:f70a - - [27/Aug/2026:00:27:09 +0800] "GET /apple-touch-icon.png HTTP/1.1" 404 53464 "-" "NetworkingExtension/8622.2.11.10.8 Network/5569.42.2 iOS/26.1"
2001:b011:7801:9eb8:6cc8:8773:3530:f70a - - [27/Aug/2026:00:27:09 +0800] "GET /wp-content/uploads/sites/399/2023/08/%E6%A0%A1%E5%BE%BDAI%E6%AA%94-1-150x150.png HTTP/1.1" 200 17459 "-" "NetworkingExtension/8622.2.11.10.8 Network/5569.42.2 iOS/26.1"
34.56.124.53 - - [27/Aug/2026:00:27:08 +0800] "GET /32745/2021/10/11/%E5%8F%AF%E6%84%9B%E7%9A%84%E6%AA%B3%E6%A6%94%E5%B0%8F%E5%A7%90/ HTTP/1.1" 200 92714 "-" "Mozilla/5.0 (Macintosh; Intel Mac OS X 10_15_7) AppleWebKit/537.36 (KHTML, like Gecko) Chrome/120.0.0.0 Safari/537.36"
2001:b011:7801:9eb8:6cc8:8773:3530:f70a - - [27/Aug/2026:00:27:09 +0800] "GET /apple-touch-icon-precomposed.png HTTP/1.1" 404 84409 "-" "NetworkingExtension/8622.2.11.10.8 Network/5569.42.2 iOS/26.1"
2001:b011:7801:9eb8:6cc8:8773:3530:f70a - - [27/Aug/2026:00:27:10 +0800] "GET /wp-content/uploads/sites/399/2023/08/%E6%A0%A1%E5%BE%BDAI%E6%AA%94-1-150x150.png HTTP/1.1" 200 17459 "-" "NetworkingExtension/8622.2.11.10.8 Network/5569.42.2 iOS/26.1"
2001:b011:7801:9eb8:6cc8:8773:3530:f70a - - [27/Aug/2026:00:27:10 +0800] "GET /wp-content/uploads/sites/399/2023/08/%E6%A0%A1%E5%BE%BDAI%E6%AA%94-1.png HTTP/1.1" 200 20495 "-" "NetworkingExtension/8622.2.11.10.8 Network/5569.42.2 iOS/26.1"
2001:b011:7801:9eb8:6cc8:8773:3530:f70a - - [27/Aug/2026:00:27:10 +0800] "GET /wp-content/uploads/sites/399/2023/08/%E6%A0%A1%E5%BE%BDAI%E6%AA%94-1.png HTTP/1.1" 200 20495 "-" "NetworkingExtension/8622.2.11.10.8 Network/5569.42.2 iOS/26.1"
2001:b011:7801:9eb8:6cc8:8773:3530:f70a - - [27/Aug/2026:00:27:10 +0800] "GET /apple-touch-icon.png HTTP/1.1" 404 84409 "-" "NetworkingExtension/8622.2.11.10.8 Network/5569.42.2 iOS/26.1"
64.87.45.37 - - [27/Aug/2026:00:27:10 +0800] "GET / HTTP/1.1" 200 15170 "-" "Mozilla/5.0 (Windows NT 10.0; Win64; x64) AppleWebKit/537.36 (KHTML, like Gecko) Chrome/150.0.0.0 Safari/537.36"
2001:b400:e280:4a9b:ec72:cd33:eb9c:218 - - [27/Aug/2026:00:27:10 +0800] "GET /wp-content/uploads/sites/233/1003/1003-4094083.jpg HTTP/1.1" 200 51461 "https://2blog.ilc.edu.tw/1003/2018/09/21/%E8%AE%80%E5%A0%B1%E5%89%AA%E5%A0%B1%E5%88%86%E4%BA%AB%E5%88%9D%E9%AB%94%E9%A9%97/" "Mozilla/5.0 (Linux; Android 10; K) AppleWebKit/537.36 (KHTML, like Gecko) Chrome/151.0.0.0 Mobile Safari/537.36"
2001:288:a201::66:125 - - [27/Aug/2026:00:27:10 +0800] "GET /blog/active.php HTTP/1.1" 404 1084 "-" "-"
2001:288:a201::66:125 - - [27/Aug/2026:00:27:10 +0800] "GET /blog/active.php HTTP/1.1" 301 1026 "-" "-"
100.25.120.246 - - [27/Aug/2026:00:27:10 +0800] "GET /ltjhinformation/%E5%85%8D%E8%B2%BB%E7%B7%9A%E4%B8%8A%E8%B6%85%E5%BC%B7%E5%BD%B1%E5%83%8F%E7%B9%AA%E5%9C%96%E8%BB%9F%E9%AB%94photopea/embed/ HTTP/1.1" 200 12583 "-" "Mozilla/5.0 AppleWebKit/537.36 (KHTML, like Gecko; compatible; Amazonbot/0.1; +https://developer.amazon.com/support/amazonbot) Chrome/119.0.6045.214 Safari/537.36"
34.194.226.74 - - [27/Aug/2026:00:27:11 +0800] "GET /32745/wp-content/uploads/sites/1271/2021/10/safe_image-5-23-500x245.jpeg HTTP/1.1" 200 37464 "-" "Mozilla/5.0 AppleWebKit/537.36 (KHTML, like Gecko; compatible; Amazonbot/0.1; +https://developer.amazon.com/support/amazonbot) Chrome/119.0.6045.214 Safari/537.36"
178.171.81.209 - - [27/Aug/2026:00:27:11 +0800] "GET /19657/2021/09/ HTTP/1.1" 200 13530 "-" "Mozilla/5.0 (Windows NT 10.0; Win64; x64; rv:153.0) Gecko/20100101 Firefox/153.0"
2001:b011:7801:db0b:5a12:a980:6768:7fef - - [27/Aug/2026:00:27:12 +0800] "-" 408 339 "-" "-"
2001:b011:7801:db0b:5a12:a980:6768:7fef - - [27/Aug/2026:00:27:12 +0800] "-" 408 339 "-" "-"
140.111.67.10 - - [27/Aug/2026:00:27:12 +0800] "GET /" 301 273 "-" "-"
66.249.71.8 - - [27/Aug/2026:00:27:10 +0800] "GET /wp-login.php?key=j3zxh382&_wpnonce=&action=ilc_logout&redirect_to=https%3A%2F%2Fwww.aayyy.org HTTP/1.1" 302 8235 "-" "Mozilla/5.0 (Linux; Android 6.0.1; Nexus 5X Build/MMB29P) AppleWebKit/537.36 (KHTML, like Gecko) Chrome/151.0.7922.173 Mobile Safari/537.36 (compatible; GoogleOther)"
2001:b011:7801:9eb8:6cc8:8773:3530:f70a - - [27/Aug/2026:00:27:10 +0800] "GET / HTTP/1.1" 200 32590 "-" "Mozilla/5.0 (Macintosh; Intel Mac OS X 10_11_1) AppleWebKit/601.2.4 (KHTML, like Gecko) Version/9.0.1 Safari/601.2.4 facebookexternalhit/1.1 Facebot Twitterbot/1.0"
34.42.229.145 - - [27/Aug/2026:00:27:12 +0800] "GET /6550/2013/08/08/%E4%BA%8C%E3%80%812-1-%E7%A4%81%E6%BA%AA%E5%9C%8B%E5%B0%8F%E5%AD%B8%E6%A0%A1%E7%89%B9%E8%89%B2%E8%AA%B2%E7%A8%8B-%E4%BA%94%E5%B9%B4%E7%B4%9A/ HTTP/1.1" 200 15287 "-" "Mozilla/5.0 (Macintosh; Intel Mac OS X 10_15_7) AppleWebKit/537.36 (KHTML, like Gecko) Chrome/120.0.0.0 Safari/537.36"
66.249.79.35 - - [27/Aug/2026:00:27:13 +0800] "GET /wp-login.php?action=ilc_logout&_wpnonce=020ea612b9&redirect_to=//bochoro.tk/817p43wwwilcedutw68q HTTP/1.1" 302 8238 "-" "Mozilla/5.0 (Linux; Android 6.0.1; Nexus 5X Build/MMB29P) AppleWebKit/537.36 (KHTML, like Gecko) Chrome/151.0.7922.173 Mobile Safari/537.36 (compatible; Googlebot/2.1; +http://www.google.com/bot.html)"
::1 - - [27/Aug/2026:00:27:13 +0800] "OPTIONS * HTTP/1.0" 200 110 "-" "Apache/2.4.68 (Ubuntu) OpenSSL/3.0.19 (internal dummy connection)"
44.193.102.198 - - [27/Aug/2026:00:27:12 +0800] "GET /32745/2024/05/08/%E5%BE%90%E5%9C%8B%E6%A8%91/ HTTP/1.1" 200 90910 "-" "Mozilla/5.0 AppleWebKit/537.36 (KHTML, like Gecko; compatible; Amazonbot/0.1; +https://developer.amazon.com/support/amazonbot) Chrome/119.0.6045.214 Safari/537.36"
::1 - - [27/Aug/2026:00:27:14 +0800] "OPTIONS * HTTP/1.0" 200 110 "-" "Apache/2.4.68 (Ubuntu) OpenSSL/3.0.19 (internal dummy connection)"
34.42.229.145 - - [27/Aug/2026:00:27:14 +0800] "GET /32745/?p=312 HTTP/1.1" 301 5575 "-" "Mozilla/5.0 (Macintosh; Intel Mac OS X 10_15_7) AppleWebKit/537.36 (KHTML, like Gecko) Chrome/120.0.0.0 Safari/537.36"
::1 - - [27/Aug/2026:00:27:15 +0800] "OPTIONS * HTTP/1.0" 200 110 "-" "Apache/2.4.68 (Ubuntu) OpenSSL/3.0.19 (internal dummy connection)"
34.56.53.225 - - [27/Aug/2026:00:27:15 +0800] "GET /3288/wp-json/wp/v2/posts/113102 HTTP/1.1" 200 16357 "-" "Mozilla/5.0 (Macintosh; Intel Mac OS X 10_15_7) AppleWebKit/537.36 (KHTML, like Gecko) Chrome/120.0.0.0 Safari/537.36"
2001:288:a201::66:125 - - [27/Aug/2026:00:27:15 +0800] "GET /blog/active.php HTTP/1.1" 301 1026 "-" "-"
2001:288:a201::66:125 - - [27/Aug/2026:00:27:15 +0800] "GET /blog/active.php HTTP/1.1" 404 1084 "-" "-"
52.204.37.237 - - [27/Aug/2026:00:27:15 +0800] "GET /wp-content/uploads/sites/998/2023/01/?C=N;O%3DA HTTP/1.1" 200 1112 "-" "Mozilla/5.0 AppleWebKit/537.36 (KHTML, like Gecko; compatible; Amazonbot/0.1; +https://developer.amazon.com/support/amazonbot) Chrome/119.0.6045.214 Safari/537.36"
::1 - - [27/Aug/2026:00:27:16 +0800] "OPTIONS * HTTP/1.0" 200 110 "-" "Apache/2.4.68 (Ubuntu) OpenSSL/3.0.19 (internal dummy connection)"
66.249.79.138 - - [27/Aug/2026:00:27:14 +0800] "GET /wp-login.php?action=ilc_logout&_wpnonce=43754d0aad&redirect_to=http://mebelcot.ru/job/6198/ HTTP/1.1" 302 8242 "-" "Mozilla/5.0 (Linux; Android 6.0.1; Nexus 5X Build/MMB29P) AppleWebKit/537.36 (KHTML, like Gecko) Chrome/151.0.7922.173 Mobile Safari/537.36 (compatible; Googlebot/2.1; +http://www.google.com/bot.html)"
2402:7500:5f5:122d:e8ec:e2e:4e2e:92ce - - [27/Aug/2026:00:27:16 +0800] "-" 408 4802 "-" "-"
34.56.53.225 - - [27/Aug/2026:00:27:16 +0800] "GET /32745/wp-json/wp/v2/posts/105745 HTTP/1.1" 200 15569 "-" "Mozilla/5.0 (Macintosh; Intel Mac OS X 10_15_7) AppleWebKit/537.36 (KHTML, like Gecko) Chrome/120.0.0.0 Safari/537.36"
66.249.79.34 - - [27/Aug/2026:00:27:16 +0800] "GET /wp-login.php?action=ilc_logout&_wpnonce=020ea612b9&redirect_to=//lingtimul.cf/113wwwilcedutwPsH651 HTTP/1.1" 302 8240 "-" "Mozilla/5.0 (Linux; Android 6.0.1; Nexus 5X Build/MMB29P) AppleWebKit/537.36 (KHTML, like Gecko) Chrome/151.0.7922.173 Mobile Safari/537.36 (compatible; Googlebot/2.1; +http://www.google.com/bot.html)"
140.111.67.10 - - [27/Aug/2026:00:27:17 +0800] "GET /" 301 273 "-" "-"
85.208.96.210 - - [27/Aug/2026:00:27:17 +0800] "GET /kkessa/2022/12/28/%E5%AE%B6%E5%BA%AD%E6%95%99%E8%82%B2/ HTTP/1.1" 200 13662 "-" "Mozilla/5.0 (compatible; SemrushBot/7~bl; +http://www.semrush.com/bot.html)"
::1 - - [27/Aug/2026:00:27:18 +0800] "OPTIONS * HTTP/1.0" 200 110 "-" "Apache/2.4.68 (Ubuntu) OpenSSL/3.0.19 (internal dummy connection)"
::1 - - [27/Aug/2026:00:27:19 +0800] "OPTIONS * HTTP/1.0" 200 110 "-" "Apache/2.4.68 (Ubuntu) OpenSSL/3.0.19 (internal dummy connection)"
66.249.71.7 - - [27/Aug/2026:00:27:17 +0800] "GET /wp-login.php?key=4s5wz372&_wpnonce=&action=ilc_logout&redirect_to=https%3A%2F%2Fmushroom.joynetgame.com HTTP/1.1" 302 8245 "-" "Mozilla/5.0 (Linux; Android 6.0.1; Nexus 5X Build/MMB29P) AppleWebKit/537.36 (KHTML, like Gecko) Chrome/151.0.7922.173 Mobile Safari/537.36 (compatible; Googlebot/2.1; +http://www.google.com/bot.html)"
::1 - - [27/Aug/2026:00:27:20 +0800] "OPTIONS * HTTP/1.0" 200 110 "-" "Apache/2.4.68 (Ubuntu) OpenSSL/3.0.19 (internal dummy connection)"
17.22.253.222 - - [27/Aug/2026:00:27:18 +0800] "GET /technology/wp-json/wp/v2/posts/3287 HTTP/1.1" 200 25820 "-" "Mozilla/5.0 (Macintosh; Intel Mac OS X 10_15_7) AppleWebKit/605.1.15 (KHTML, like Gecko) Version/17.4 Safari/605.1.15 (Applebot/0.1; +http://www.apple.com/go/applebot)"
2001:288:a201::66:125 - - [27/Aug/2026:00:27:20 +0800] "GET /blog/active.php HTTP/1.1" 301 1026 "-" "-"
2001:288:a201::66:125 - - [27/Aug/2026:00:27:20 +0800] "GET /blog/active.php HTTP/1.1" 404 1084 "-" "-"
34.56.124.53 - - [27/Aug/2026:00:27:20 +0800] "GET /32745/?p=84765 HTTP/1.1" 301 5713 "-" "Mozilla/5.0 (Macintosh; Intel Mac OS X 10_15_7) AppleWebKit/537.36 (KHTML, like Gecko) Chrome/120.0.0.0 Safari/537.36"
66.249.79.138 - - [27/Aug/2026:00:27:20 +0800] "GET /wp-login.php?key=ff5ja382&_wpnonce=&action=ilc_logout&redirect_to=https%3A%2F%2Fwww.aayyy.com HTTP/1.1" 302 3450 "-" "Mozilla/5.0 (Linux; Android 6.0.1; Nexus 5X Build/MMB29P) AppleWebKit/537.36 (KHTML, like Gecko) Chrome/151.0.7922.173 Mobile Safari/537.36 (compatible; Googlebot/2.1; +http://www.google.com/bot.html)"
::1 - - [27/Aug/2026:00:27:22 +0800] "OPTIONS * HTTP/1.0" 200 110 "-" "Apache/2.4.68 (Ubuntu) OpenSSL/3.0.19 (internal dummy connection)"
66.249.79.172 - - [27/Aug/2026:00:27:22 +0800] "GET /3860/2013/03/24/%E8%85%B3%E6%95%B8%E5%A5%BD%E3%80%80kioh-siau-ho-1-%E8%86%BD%E9%87%8F%E5%A5%BD-2-%E8%A7%92%E8%89%B2%E5%A5%BD/ HTTP/1.1" 200 30409 "-" "Mozilla/5.0 (Linux; Android 6.0.1; Nexus 5X Build/MMB29P) AppleWebKit/537.36 (KHTML, like Gecko) Chrome/151.0.7922.173 Mobile Safari/537.36 (compatible; Googlebot/2.1; +http://www.google.com/bot.html)"
140.111.67.10 - - [27/Aug/2026:00:27:22 +0800] "GET /" 301 273 "-" "-"
2001:b400:e280:4a9b:ec72:cd33:eb9c:218 - - [27/Aug/2026:00:27:22 +0800] "GET /wp-content/uploads/sites/233/1003/1003-4094084.jpg HTTP/1.1" 200 72632 "https://2blog.ilc.edu.tw/1003/2018/09/21/%E8%AE%80%E5%A0%B1%E5%89%AA%E5%A0%B1%E5%88%86%E4%BA%AB%E5%88%9D%E9%AB%94%E9%A9%97/" "Mozilla/5.0 (Linux; Android 10; K) AppleWebKit/537.36 (KHTML, like Gecko) Chrome/151.0.0.0 Mobile Safari/537.36"
2409:8738:816:20::10 - - [27/Aug/2026:00:27:25 +0800] "GET /wp-content/cache/ilta.ilc.edu.tw/wpfc-minified/l07fx5lw/6wvk.css HTTP/1.1" 200 20577 "https://ilta.ilc.edu.tw/2013/12/25/" "Mozilla/5.0 (Windows NT 10.0; Win64; x64) AppleWebKit/537.36 (KHTML, like Gecko) Chrome/144.0.0.0 Safari/537.36"
2409:8738:816:20::10 - - [27/Aug/2026:00:27:25 +0800] "GET /wp-content/cache/ilta.ilc.edu.tw/wpfc-minified/qm0ohmet/6wvk.css HTTP/1.1" 200 5952 "https://ilta.ilc.edu.tw/2013/12/25/" "Mozilla/5.0 (Windows NT 10.0; Win64; x64) AppleWebKit/537.36 (KHTML, like Gecko) Chrome/144.0.0.0 Safari/537.36"
2409:8738:816:20::10 - - [27/Aug/2026:00:27:25 +0800] "GET /wp-content/cache/ilta.ilc.edu.tw/wpfc-minified/7vo8n6iy/6wvk.css HTTP/1.1" 200 65503 "https://ilta.ilc.edu.tw/2013/12/25/" "Mozilla/5.0 (Windows NT 10.0; Win64; x64) AppleWebKit/537.36 (KHTML, like Gecko) Chrome/144.0.0.0 Safari/537.36"
66.249.79.138 - - [27/Aug/2026:00:27:23 +0800] "GET /wp-login.php?action=ilc_logout&_wpnonce=43754d0aad&redirect_to=http://sewthis.ru/creator/17248/ HTTP/1.1" 302 3461 "-" "Mozilla/5.0 (Linux; Android 6.0.1; Nexus 5X Build/MMB29P) AppleWebKit/537.36 (KHTML, like Gecko) Chrome/151.0.7922.173 Mobile Safari/537.36 (compatible; Googlebot/2.1; +http://www.google.com/bot.html)"
2409:8738:816:20::10 - - [27/Aug/2026:00:27:25 +0800] "GET /wp-content/cache/ilta.ilc.edu.tw/wpfc-minified/1qjpbzp9/6wvk.js HTTP/1.1" 200 35549 "https://ilta.ilc.edu.tw/2013/12/25/" "Mozilla/5.0 (Windows NT 10.0; Win64; x64) AppleWebKit/537.36 (KHTML, like Gecko) Chrome/144.0.0.0 Safari/537.36"
2001:288:a201::66:125 - - [27/Aug/2026:00:27:25 +0800] "GET /blog/active.php HTTP/1.1" 404 1084 "-" "-"
2001:288:a201::66:125 - - [27/Aug/2026:00:27:25 +0800] "GET /blog/active.php HTTP/1.1" 301 1026 "-" "-"
2001:b400:e280:4a9b:ec72:cd33:eb9c:218 - - [27/Aug/2026:00:27:25 +0800] "GET /wp-content/uploads/sites/233/1003/1003-4094085.jpg HTTP/1.1" 200 74446 "https://2blog.ilc.edu.tw/1003/2018/09/21/%E8%AE%80%E5%A0%B1%E5%89%AA%E5%A0%B1%E5%88%86%E4%BA%AB%E5%88%9D%E9%AB%94%E9%A9%97/" "Mozilla/5.0 (Linux; Android 10; K) AppleWebKit/537.36 (KHTML, like Gecko) Chrome/151.0.0.0 Mobile Safari/537.36"
2409:8738:816:20::10 - - [27/Aug/2026:00:27:26 +0800] "GET /wp-includes/js/hoverintent-js.min.js HTTP/1.1" 200 6392 "https://ilta.ilc.edu.tw/2013/12/25/" "Mozilla/5.0 (Windows NT 10.0; Win64; x64) AppleWebKit/537.36 (KHTML, like Gecko) Chrome/144.0.0.0 Safari/537.36"
2409:8738:816:20::10 - - [27/Aug/2026:00:27:26 +0800] "GET /wp-includes/js/admin-bar.min.js HTTP/1.1" 200 2237 "https://ilta.ilc.edu.tw/2013/12/25/" "Mozilla/5.0 (Windows NT 10.0; Win64; x64) AppleWebKit/537.36 (KHTML, like Gecko) Chrome/144.0.0.0 Safari/537.36"
85.208.96.195 - - [27/Aug/2026:00:27:26 +0800] "GET /6509/2011/page/5/ HTTP/1.1" 200 16277 "-" "Mozilla/5.0 (compatible; SemrushBot/7~bl; +http://www.semrush.com/bot.html)"
2409:8738:816:20::10 - - [27/Aug/2026:00:27:26 +0800] "GET /wp-includes/js/imagesloaded.min.js HTTP/1.1" 200 2683 "https://ilta.ilc.edu.tw/2013/12/25/" "Mozilla/5.0 (Windows NT 10.0; Win64; x64) AppleWebKit/537.36 (KHTML, like Gecko) Chrome/144.0.0.0 Safari/537.36"
2409:8738:816:20::10 - - [27/Aug/2026:00:27:27 +0800] "GET /wp-content/themes/oceanwp/assets/js/theme.min.js HTTP/1.1" 200 5130 "https://ilta.ilc.edu.tw/2013/12/25/" "Mozilla/5.0 (Windows NT 10.0; Win64; x64) AppleWebKit/537.36 (KHTML, like Gecko) Chrome/144.0.0.0 Safari/537.36"
140.111.67.10 - - [27/Aug/2026:00:27:27 +0800] "GET /" 301 273 "-" "-"
2409:8738:816:20::10 - - [27/Aug/2026:00:27:27 +0800] "GET /wp-content/themes/oceanwp/assets/js/drop-down-mobile-menu.min.js HTTP/1.1" 200 9458 "https://ilta.ilc.edu.tw/2013/12/25/" "Mozilla/5.0 (Windows NT 10.0; Win64; x64) AppleWebKit/537.36 (KHTML, like Gecko) Chrome/144.0.0.0 Safari/537.36"
2409:8738:816:20::10 - - [27/Aug/2026:00:27:27 +0800] "GET /wp-content/themes/oceanwp/assets/js/drop-down-search.min.js HTTP/1.1" 200 2968 "https://ilta.ilc.edu.tw/2013/12/25/" "Mozilla/5.0 (Windows NT 10.0; Win64; x64) AppleWebKit/537.36 (KHTML, like Gecko) Chrome/144.0.0.0 Safari/537.36"
2409:8738:816:20::10 - - [27/Aug/2026:00:27:27 +0800] "GET /wp-content/themes/oceanwp/assets/js/vendors/magnific-popup.min.js HTTP/1.1" 200 8270 "https://ilta.ilc.edu.tw/2013/12/25/" "Mozilla/5.0 (Windows NT 10.0; Win64; x64) AppleWebKit/537.36 (KHTML, like Gecko) Chrome/144.0.0.0 Safari/537.36"
2001:b400:e280:4a9b:ec72:cd33:eb9c:218 - - [27/Aug/2026:00:27:27 +0800] "GET /wp-content/uploads/sites/233/1003/1003-4094086.jpg HTTP/1.1" 200 61048 "https://2blog.ilc.edu.tw/1003/2018/09/21/%E8%AE%80%E5%A0%B1%E5%89%AA%E5%A0%B1%E5%88%86%E4%BA%AB%E5%88%9D%E9%AB%94%E9%A9%97/" "Mozilla/5.0 (Linux; Android 10; K) AppleWebKit/537.36 (KHTML, like Gecko) Chrome/151.0.0.0 Mobile Safari/537.36"
2409:8738:816:20::10 - - [27/Aug/2026:00:27:28 +0800] "GET /wp-content/themes/oceanwp/assets/js/vendors/flickity.pkgd.min.js HTTP/1.1" 200 15048 "https://ilta.ilc.edu.tw/2013/12/25/" "Mozilla/5.0 (Windows NT 10.0; Win64; x64) AppleWebKit/537.36 (KHTML, like Gecko) Chrome/144.0.0.0 Safari/537.36"
2409:8738:816:20::10 - - [27/Aug/2026:00:27:28 +0800] "GET /wp-content/themes/oceanwp/assets/js/ow-slider.min.js HTTP/1.1" 200 1761 "https://ilta.ilc.edu.tw/2013/12/25/" "Mozilla/5.0 (Windows NT 10.0; Win64; x64) AppleWebKit/537.36 (KHTML, like Gecko) Chrome/144.0.0.0 Safari/537.36"
2001:b400:e280:4a9b:ec72:cd33:eb9c:218 - - [27/Aug/2026:00:27:28 +0800] "GET /wp-content/uploads/sites/233/1003/1003-4094087.jpg HTTP/1.1" 200 68424 "https://2blog.ilc.edu.tw/1003/2018/09/21/%E8%AE%80%E5%A0%B1%E5%89%AA%E5%A0%B1%E5%88%86%E4%BA%AB%E5%88%9D%E9%AB%94%E9%A9%97/" "Mozilla/5.0 (Linux; Android 10; K) AppleWebKit/537.36 (KHTML, like Gecko) Chrome/151.0.0.0 Mobile Safari/537.36"
2409:8738:816:20::10 - - [27/Aug/2026:00:27:28 +0800] "GET /wp-content/themes/oceanwp/assets/js/scroll-top.min.js HTTP/1.1" 200 3202 "https://ilta.ilc.edu.tw/2013/12/25/" "Mozilla/5.0 (Windows NT 10.0; Win64; x64) AppleWebKit/537.36 (KHTML, like Gecko) Chrome/144.0.0.0 Safari/537.36"
216.73.217.64 - - [27/Aug/2026:00:27:28 +0800] "GET /9536/wp-json/wp/v2/posts/57438 HTTP/1.1" 200 10053 "-" "Mozilla/5.0 AppleWebKit/537.36 (KHTML, like Gecko; compatible; ClaudeBot/1.0; +claudebot@anthropic.com)"
216.73.217.64 - - [27/Aug/2026:00:27:28 +0800] "GET /9536/wp-json/wp/v2/posts/56290 HTTP/1.1" 200 10416 "-" "Mozilla/5.0 AppleWebKit/537.36 (KHTML, like Gecko; compatible; ClaudeBot/1.0; +claudebot@anthropic.com)"
2409:8738:816:20::10 - - [27/Aug/2026:00:27:28 +0800] "GET /wp-content/plugins/ocean-extra/includes/widgets/js/flickr.min.js HTTP/1.1" 200 1319 "https://ilta.ilc.edu.tw/2013/12/25/" "Mozilla/5.0 (Windows NT 10.0; Win64; x64) AppleWebKit/537.36 (KHTML, like Gecko) Chrome/144.0.0.0 Safari/537.36"
216.73.217.64 - - [27/Aug/2026:00:27:28 +0800] "GET /32745/wp-json/wp/v2/posts/64142 HTTP/1.1" 200 20232 "-" "Mozilla/5.0 AppleWebKit/537.36 (KHTML, like Gecko; compatible; ClaudeBot/1.0; +claudebot@anthropic.com)"
66.249.79.138 - - [27/Aug/2026:00:27:26 +0800] "GET /wp-login.php?action=ilc_logout&_wpnonce=43754d0aad&redirect_to=//strela-courier.ru/creator/56627/ HTTP/1.1" 302 3463 "-" "Mozilla/5.0 (Linux; Android 6.0.1; Nexus 5X Build/MMB29P) AppleWebKit/537.36 (KHTML, like Gecko) Chrome/151.0.7922.173 Mobile Safari/537.36 (compatible; Googlebot/2.1; +http://www.google.com/bot.html)"
34.123.149.87 - - [27/Aug/2026:00:27:28 +0800] "GET /author/jycjyc/ HTTP/1.1" 200 46521 "-" "Mozilla/5.0 (Macintosh; Intel Mac OS X 10_15_7) AppleWebKit/537.36 (KHTML, like Gecko) Chrome/120.0.0.0 Safari/537.36"
2409:8770:2f0:640::180 - - [27/Aug/2026:00:27:29 +0800] "GET /wp-content/cache/www.najh.ilc.edu.tw/wpfc-minified/1f13uvw/6wh9.css HTTP/1.1" 200 45686 "https://www.najh.ilc.edu.tw/2021/07/08/%E7%AC%AC%E5%8D%81%E5%B1%86%E8%87%BA%E4%B8%AD%E6%96%87%E5%AD%B8%E7%8D%8E%E5%BE%B5%E6%96%87%E6%B4%BB%E5%8B%95/" "Mozilla/5.0 (Windows NT 10.0; Win64; x64) AppleWebKit/537.36 (KHTML, like Gecko) Chrome/144.0.0.0 Safari/537.36"
66.249.79.172 - - [27/Aug/2026:00:27:30 +0800] "GET /blog/blog/25793/post/79963/481179 HTTP/1.1" 404 25470 "-" "Mozilla/5.0 (Linux; Android 6.0.1; Nexus 5X Build/MMB29P) AppleWebKit/537.36 (KHTML, like Gecko) Chrome/151.0.7922.173 Mobile Safari/537.36 (compatible; Googlebot/2.1; +http://www.google.com/bot.html)"
2409:8770:2f0:640::180 - - [27/Aug/2026:00:27:30 +0800] "GET /wp-content/cache/www.najh.ilc.edu.tw/wpfc-minified/4ybahoo/6wh9.css HTTP/1.1" 200 20584 "https://www.najh.ilc.edu.tw/2021/07/08/%E7%AC%AC%E5%8D%81%E5%B1%86%E8%87%BA%E4%B8%AD%E6%96%87%E5%AD%B8%E7%8D%8E%E5%BE%B5%E6%96%87%E6%B4%BB%E5%8B%95/" "Mozilla/5.0 (Windows NT 10.0; Win64; x64) AppleWebKit/537.36 (KHTML, like Gecko) Chrome/144.0.0.0 Safari/537.36"
