3.226.34.98 - - [27/Aug/2026:00:29:59 +0800] "GET /wp-content/uploads/sites/479/27124/27124-3455819.jpg HTTP/1.1" 200 62361 "-" "Mozilla/5.0 AppleWebKit/537.36 (KHTML, like Gecko; compatible; Amazonbot/0.1; +https://developer.amazon.com/support/amazonbot) Chrome/119.0.6045.214 Safari/537.36"
44.223.116.149 - - [27/Aug/2026:00:29:59 +0800] "GET /wp-content/uploads/sites/2480/2021/03/?C=D;O%3DA HTTP/1.1" 200 3600 "-" "Mozilla/5.0 AppleWebKit/537.36 (KHTML, like Gecko; compatible; Amazonbot/0.1; +https://developer.amazon.com/support/amazonbot) Chrome/119.0.6045.214 Safari/537.36"
216.73.217.64 - - [27/Aug/2026:00:29:58 +0800] "GET /32745/category/%e4%b8%83%e9%83%8e/page/20/ HTTP/1.1" 200 90705 "-" "Mozilla/5.0 AppleWebKit/537.36 (KHTML, like Gecko; compatible; ClaudeBot/1.0; +claudebot@anthropic.com)"
::1 - - [27/Aug/2026:00:29:59 +0800] "OPTIONS * HTTP/1.0" 200 110 "-" "Apache/2.4.68 (Ubuntu) OpenSSL/3.0.19 (internal dummy connection)"
34.61.96.6 - - [27/Aug/2026:00:30:00 +0800] "GET /6415/?p=534 HTTP/1.1" 301 5679 "-" "Mozilla/5.0 (Macintosh; Intel Mac OS X 10_15_7) AppleWebKit/537.36 (KHTML, like Gecko) Chrome/120.0.0.0 Safari/537.36"
17.241.75.250 - - [27/Aug/2026:00:30:00 +0800] "GET /5143/wp-content/themes/oceanwp/assets/js/drop-down-search.min.js HTTP/1.1" 200 2968 "https://2blog.ilc.edu.tw/5143/2020/10/27/" "Mozilla/5.0 (Macintosh; Intel Mac OS X 10_15_7) AppleWebKit/605.1.15 (KHTML, like Gecko) Version/17.4 Safari/605.1.15 (Applebot/0.1; +http://www.apple.com/go/applebot)"
124.155.144.158 - - [27/Aug/2026:00:30:00 +0800] "GET /taiwanmilingual/%E3%80%8A%E8%87%BA%E7%81%A3%E9%9B%99%E8%AA%9E%E6%95%99%E6%9D%90%E3%80%8B%E8%87%BA%E7%81%A3%E9%9B%99%E8%AA%9E%E6%B3%A8%E9%9F%B3%E7%AC%A6%E8%99%9F%E8%A1%A8%E4%B9%8B88%E9%9F%B3/ HTTP/1.1" 200 19220 "https://tw.search.yahoo.com/" "Mozilla/5.0 (iPhone; CPU iPhone OS 18_7 like Mac OS X) AppleWebKit/605.1.15 (KHTML, like Gecko) Version/26.5.2 Mobile/15E148 Safari/604.1"
124.155.144.158 - - [27/Aug/2026:00:30:00 +0800] "GET /taiwanmilingual/wp-content/cache/2blog.ilc.edu.tw/wpfc-minified/mli4t2f8/60z6b.css HTTP/1.1" 200 45697 "https://2blog.ilc.edu.tw/taiwanmilingual/%E3%80%8A%E8%87%BA%E7%81%A3%E9%9B%99%E8%AA%9E%E6%95%99%E6%9D%90%E3%80%8B%E8%87%BA%E7%81%A3%E9%9B%99%E8%AA%9E%E6%B3%A8%E9%9F%B3%E7%AC%A6%E8%99%9F%E8%A1%A8%E4%B9%8B88%E9%9F%B3/" "Mozilla/5.0 (iPhone; CPU iPhone OS 18_7 like Mac OS X) AppleWebKit/605.1.15 (KHTML, like Gecko) Version/26.5.2 Mobile/15E148 Safari/604.1"
124.155.144.158 - - [27/Aug/2026:00:30:00 +0800] "GET /taiwanmilingual/wp-content/cache/2blog.ilc.edu.tw/wpfc-minified/k2v9eie0/60z6b.js HTTP/1.1" 200 1647 "https://2blog.ilc.edu.tw/taiwanmilingual/%E3%80%8A%E8%87%BA%E7%81%A3%E9%9B%99%E8%AA%9E%E6%95%99%E6%9D%90%E3%80%8B%E8%87%BA%E7%81%A3%E9%9B%99%E8%AA%9E%E6%B3%A8%E9%9F%B3%E7%AC%A6%E8%99%9F%E8%A1%A8%E4%B9%8B88%E9%9F%B3/" "Mozilla/5.0 (iPhone; CPU iPhone OS 18_7 like Mac OS X) AppleWebKit/605.1.15 (KHTML, like Gecko) Version/26.5.2 Mobile/15E148 Safari/604.1"
124.155.144.158 - - [27/Aug/2026:00:30:00 +0800] "GET /taiwanmilingual/wp-content/uploads/sites/3242/2021/05/88%E9%9F%B3.png HTTP/1.1" 200 74341 "https://2blog.ilc.edu.tw/taiwanmilingual/%E3%80%8A%E8%87%BA%E7%81%A3%E9%9B%99%E8%AA%9E%E6%95%99%E6%9D%90%E3%80%8B%E8%87%BA%E7%81%A3%E9%9B%99%E8%AA%9E%E6%B3%A8%E9%9F%B3%E7%AC%A6%E8%99%9F%E8%A1%A8%E4%B9%8B88%E9%9F%B3/" "Mozilla/5.0 (iPhone; CPU iPhone OS 18_7 like Mac OS X) AppleWebKit/605.1.15 (KHTML, like Gecko) Version/26.5.2 Mobile/15E148 Safari/604.1"
::1 - - [27/Aug/2026:00:30:00 +0800] "OPTIONS * HTTP/1.0" 200 110 "-" "Apache/2.4.68 (Ubuntu) OpenSSL/3.0.19 (internal dummy connection)"
124.155.144.158 - - [27/Aug/2026:00:30:00 +0800] "GET /taiwanmilingual/wp-content/cache/2blog.ilc.edu.tw/wpfc-minified/7w7akp5w/60z6b.css HTTP/1.1" 200 4331 "https://2blog.ilc.edu.tw/taiwanmilingual/%E3%80%8A%E8%87%BA%E7%81%A3%E9%9B%99%E8%AA%9E%E6%95%99%E6%9D%90%E3%80%8B%E8%87%BA%E7%81%A3%E9%9B%99%E8%AA%9E%E6%B3%A8%E9%9F%B3%E7%AC%A6%E8%99%9F%E8%A1%A8%E4%B9%8B88%E9%9F%B3/" "Mozilla/5.0 (iPhone; CPU iPhone OS 18_7 like Mac OS X) AppleWebKit/605.1.15 (KHTML, like Gecko) Version/26.5.2 Mobile/15E148 Safari/604.1"
124.155.144.158 - - [27/Aug/2026:00:30:00 +0800] "GET /taiwanmilingual/wp-content/cache/2blog.ilc.edu.tw/wpfc-minified/qhfh82lr/60z6b.css HTTP/1.1" 200 5951 "https://2blog.ilc.edu.tw/taiwanmilingual/%E3%80%8A%E8%87%BA%E7%81%A3%E9%9B%99%E8%AA%9E%E6%95%99%E6%9D%90%E3%80%8B%E8%87%BA%E7%81%A3%E9%9B%99%E8%AA%9E%E6%B3%A8%E9%9F%B3%E7%AC%A6%E8%99%9F%E8%A1%A8%E4%B9%8B88%E9%9F%B3/" "Mozilla/5.0 (iPhone; CPU iPhone OS 18_7 like Mac OS X) AppleWebKit/605.1.15 (KHTML, like Gecko) Version/26.5.2 Mobile/15E148 Safari/604.1"
124.155.144.158 - - [27/Aug/2026:00:30:00 +0800] "GET /taiwanmilingual/wp-content/cache/2blog.ilc.edu.tw/wpfc-minified/lb0tp88t/60z6b.css HTTP/1.1" 200 20576 "https://2blog.ilc.edu.tw/taiwanmilingual/%E3%80%8A%E8%87%BA%E7%81%A3%E9%9B%99%E8%AA%9E%E6%95%99%E6%9D%90%E3%80%8B%E8%87%BA%E7%81%A3%E9%9B%99%E8%AA%9E%E6%B3%A8%E9%9F%B3%E7%AC%A6%E8%99%9F%E8%A1%A8%E4%B9%8B88%E9%9F%B3/" "Mozilla/5.0 (iPhone; CPU iPhone OS 18_7 like Mac OS X) AppleWebKit/605.1.15 (KHTML, like Gecko) Version/26.5.2 Mobile/15E148 Safari/604.1"
124.155.144.158 - - [27/Aug/2026:00:30:00 +0800] "GET /taiwanmilingual/wp-content/cache/2blog.ilc.edu.tw/wpfc-minified/e6zr18lf/60z6b.css HTTP/1.1" 200 58093 "https://2blog.ilc.edu.tw/taiwanmilingual/%E3%80%8A%E8%87%BA%E7%81%A3%E9%9B%99%E8%AA%9E%E6%95%99%E6%9D%90%E3%80%8B%E8%87%BA%E7%81%A3%E9%9B%99%E8%AA%9E%E6%B3%A8%E9%9F%B3%E7%AC%A6%E8%99%9F%E8%A1%A8%E4%B9%8B88%E9%9F%B3/" "Mozilla/5.0 (iPhone; CPU iPhone OS 18_7 like Mac OS X) AppleWebKit/605.1.15 (KHTML, like Gecko) Version/26.5.2 Mobile/15E148 Safari/604.1"
124.155.144.158 - - [27/Aug/2026:00:30:00 +0800] "GET /taiwanmilingual/wp-content/cache/2blog.ilc.edu.tw/wpfc-minified/6jg4wla1/60z6c.js HTTP/1.1" 200 40372 "https://2blog.ilc.edu.tw/taiwanmilingual/%E3%80%8A%E8%87%BA%E7%81%A3%E9%9B%99%E8%AA%9E%E6%95%99%E6%9D%90%E3%80%8B%E8%87%BA%E7%81%A3%E9%9B%99%E8%AA%9E%E6%B3%A8%E9%9F%B3%E7%AC%A6%E8%99%9F%E8%A1%A8%E4%B9%8B88%E9%9F%B3/" "Mozilla/5.0 (iPhone; CPU iPhone OS 18_7 like Mac OS X) AppleWebKit/605.1.15 (KHTML, like Gecko) Version/26.5.2 Mobile/15E148 Safari/604.1"
124.155.144.158 - - [27/Aug/2026:00:30:00 +0800] "GET /taiwanmilingual/wp-includes/js/hoverintent-js.min.js HTTP/1.1" 200 1597 "https://2blog.ilc.edu.tw/taiwanmilingual/%E3%80%8A%E8%87%BA%E7%81%A3%E9%9B%99%E8%AA%9E%E6%95%99%E6%9D%90%E3%80%8B%E8%87%BA%E7%81%A3%E9%9B%99%E8%AA%9E%E6%B3%A8%E9%9F%B3%E7%AC%A6%E8%99%9F%E8%A1%A8%E4%B9%8B88%E9%9F%B3/" "Mozilla/5.0 (iPhone; CPU iPhone OS 18_7 like Mac OS X) AppleWebKit/605.1.15 (KHTML, like Gecko) Version/26.5.2 Mobile/15E148 Safari/604.1"
124.155.144.158 - - [27/Aug/2026:00:30:00 +0800] "GET /taiwanmilingual/wp-includes/js/admin-bar.min.js HTTP/1.1" 200 2237 "https://2blog.ilc.edu.tw/taiwanmilingual/%E3%80%8A%E8%87%BA%E7%81%A3%E9%9B%99%E8%AA%9E%E6%95%99%E6%9D%90%E3%80%8B%E8%87%BA%E7%81%A3%E9%9B%99%E8%AA%9E%E6%B3%A8%E9%9F%B3%E7%AC%A6%E8%99%9F%E8%A1%A8%E4%B9%8B88%E9%9F%B3/" "Mozilla/5.0 (iPhone; CPU iPhone OS 18_7 like Mac OS X) AppleWebKit/605.1.15 (KHTML, like Gecko) Version/26.5.2 Mobile/15E148 Safari/604.1"
2001:288:a201::66:125 - - [27/Aug/2026:00:30:00 +0800] "GET /blog/active.php HTTP/1.1" 301 1026 "-" "-"
124.155.144.158 - - [27/Aug/2026:00:30:00 +0800] "GET /taiwanmilingual/wp-includes/js/imagesloaded.min.js HTTP/1.1" 200 2683 "https://2blog.ilc.edu.tw/taiwanmilingual/%E3%80%8A%E8%87%BA%E7%81%A3%E9%9B%99%E8%AA%9E%E6%95%99%E6%9D%90%E3%80%8B%E8%87%BA%E7%81%A3%E9%9B%99%E8%AA%9E%E6%B3%A8%E9%9F%B3%E7%AC%A6%E8%99%9F%E8%A1%A8%E4%B9%8B88%E9%9F%B3/" "Mozilla/5.0 (iPhone; CPU iPhone OS 18_7 like Mac OS X) AppleWebKit/605.1.15 (KHTML, like Gecko) Version/26.5.2 Mobile/15E148 Safari/604.1"
124.155.144.158 - - [27/Aug/2026:00:30:00 +0800] "GET /taiwanmilingual/wp-content/themes/oceanwp/assets/js/theme.min.js HTTP/1.1" 200 5130 "https://2blog.ilc.edu.tw/taiwanmilingual/%E3%80%8A%E8%87%BA%E7%81%A3%E9%9B%99%E8%AA%9E%E6%95%99%E6%9D%90%E3%80%8B%E8%87%BA%E7%81%A3%E9%9B%99%E8%AA%9E%E6%B3%A8%E9%9F%B3%E7%AC%A6%E8%99%9F%E8%A1%A8%E4%B9%8B88%E9%9F%B3/" "Mozilla/5.0 (iPhone; CPU iPhone OS 18_7 like Mac OS X) AppleWebKit/605.1.15 (KHTML, like Gecko) Version/26.5.2 Mobile/15E148 Safari/604.1"
124.155.144.158 - - [27/Aug/2026:00:30:00 +0800] "GET /taiwanmilingual/wp-content/themes/oceanwp/assets/js/drop-down-search.min.js HTTP/1.1" 200 2968 "https://2blog.ilc.edu.tw/taiwanmilingual/%E3%80%8A%E8%87%BA%E7%81%A3%E9%9B%99%E8%AA%9E%E6%95%99%E6%9D%90%E3%80%8B%E8%87%BA%E7%81%A3%E9%9B%99%E8%AA%9E%E6%B3%A8%E9%9F%B3%E7%AC%A6%E8%99%9F%E8%A1%A8%E4%B9%8B88%E9%9F%B3/" "Mozilla/5.0 (iPhone; CPU iPhone OS 18_7 like Mac OS X) AppleWebKit/605.1.15 (KHTML, like Gecko) Version/26.5.2 Mobile/15E148 Safari/604.1"
124.155.144.158 - - [27/Aug/2026:00:30:00 +0800] "GET /taiwanmilingual/wp-content/themes/oceanwp/assets/js/drop-down-mobile-menu.min.js HTTP/1.1" 200 4663 "https://2blog.ilc.edu.tw/taiwanmilingual/%E3%80%8A%E8%87%BA%E7%81%A3%E9%9B%99%E8%AA%9E%E6%95%99%E6%9D%90%E3%80%8B%E8%87%BA%E7%81%A3%E9%9B%99%E8%AA%9E%E6%B3%A8%E9%9F%B3%E7%AC%A6%E8%99%9F%E8%A1%A8%E4%B9%8B88%E9%9F%B3/" "Mozilla/5.0 (iPhone; CPU iPhone OS 18_7 like Mac OS X) AppleWebKit/605.1.15 (KHTML, like Gecko) Version/26.5.2 Mobile/15E148 Safari/604.1"
124.155.144.158 - - [27/Aug/2026:00:30:00 +0800] "GET /taiwanmilingual/wp-content/themes/oceanwp/assets/js/ow-lightbox.min.js HTTP/1.1" 200 2321 "https://2blog.ilc.edu.tw/taiwanmilingual/%E3%80%8A%E8%87%BA%E7%81%A3%E9%9B%99%E8%AA%9E%E6%95%99%E6%9D%90%E3%80%8B%E8%87%BA%E7%81%A3%E9%9B%99%E8%AA%9E%E6%B3%A8%E9%9F%B3%E7%AC%A6%E8%99%9F%E8%A1%A8%E4%B9%8B88%E9%9F%B3/" "Mozilla/5.0 (iPhone; CPU iPhone OS 18_7 like Mac OS X) AppleWebKit/605.1.15 (KHTML, like Gecko) Version/26.5.2 Mobile/15E148 Safari/604.1"
124.155.144.158 - - [27/Aug/2026:00:30:00 +0800] "GET /taiwanmilingual/wp-content/themes/oceanwp/assets/js/vendors/magnific-popup.min.js HTTP/1.1" 200 8270 "https://2blog.ilc.edu.tw/taiwanmilingual/%E3%80%8A%E8%87%BA%E7%81%A3%E9%9B%99%E8%AA%9E%E6%95%99%E6%9D%90%E3%80%8B%E8%87%BA%E7%81%A3%E9%9B%99%E8%AA%9E%E6%B3%A8%E9%9F%B3%E7%AC%A6%E8%99%9F%E8%A1%A8%E4%B9%8B88%E9%9F%B3/" "Mozilla/5.0 (iPhone; CPU iPhone OS 18_7 like Mac OS X) AppleWebKit/605.1.15 (KHTML, like Gecko) Version/26.5.2 Mobile/15E148 Safari/604.1"
124.155.144.158 - - [27/Aug/2026:00:30:00 +0800] "GET /taiwanmilingual/wp-content/themes/oceanwp/assets/js/ow-slider.min.js HTTP/1.1" 200 1761 "https://2blog.ilc.edu.tw/taiwanmilingual/%E3%80%8A%E8%87%BA%E7%81%A3%E9%9B%99%E8%AA%9E%E6%95%99%E6%9D%90%E3%80%8B%E8%87%BA%E7%81%A3%E9%9B%99%E8%AA%9E%E6%B3%A8%E9%9F%B3%E7%AC%A6%E8%99%9F%E8%A1%A8%E4%B9%8B88%E9%9F%B3/" "Mozilla/5.0 (iPhone; CPU iPhone OS 18_7 like Mac OS X) AppleWebKit/605.1.15 (KHTML, like Gecko) Version/26.5.2 Mobile/15E148 Safari/604.1"
124.155.144.158 - - [27/Aug/2026:00:30:00 +0800] "GET /taiwanmilingual/wp-content/themes/oceanwp/assets/js/vendors/flickity.pkgd.min.js HTTP/1.1" 200 15048 "https://2blog.ilc.edu.tw/taiwanmilingual/%E3%80%8A%E8%87%BA%E7%81%A3%E9%9B%99%E8%AA%9E%E6%95%99%E6%9D%90%E3%80%8B%E8%87%BA%E7%81%A3%E9%9B%99%E8%AA%9E%E6%B3%A8%E9%9F%B3%E7%AC%A6%E8%99%9F%E8%A1%A8%E4%B9%8B88%E9%9F%B3/" "Mozilla/5.0 (iPhone; CPU iPhone OS 18_7 like Mac OS X) AppleWebKit/605.1.15 (KHTML, like Gecko) Version/26.5.2 Mobile/15E148 Safari/604.1"
124.155.144.158 - - [27/Aug/2026:00:30:00 +0800] "GET /taiwanmilingual/wp-content/themes/oceanwp/assets/js/scroll-top.min.js HTTP/1.1" 200 3202 "https://2blog.ilc.edu.tw/taiwanmilingual/%E3%80%8A%E8%87%BA%E7%81%A3%E9%9B%99%E8%AA%9E%E6%95%99%E6%9D%90%E3%80%8B%E8%87%BA%E7%81%A3%E9%9B%99%E8%AA%9E%E6%B3%A8%E9%9F%B3%E7%AC%A6%E8%99%9F%E8%A1%A8%E4%B9%8B88%E9%9F%B3/" "Mozilla/5.0 (iPhone; CPU iPhone OS 18_7 like Mac OS X) AppleWebKit/605.1.15 (KHTML, like Gecko) Version/26.5.2 Mobile/15E148 Safari/604.1"
124.155.144.158 - - [27/Aug/2026:00:30:00 +0800] "GET /taiwanmilingual/wp-content/themes/oceanwp/assets/js/scroll-effect.min.js HTTP/1.1" 200 4127 "https://2blog.ilc.edu.tw/taiwanmilingual/%E3%80%8A%E8%87%BA%E7%81%A3%E9%9B%99%E8%AA%9E%E6%95%99%E6%9D%90%E3%80%8B%E8%87%BA%E7%81%A3%E9%9B%99%E8%AA%9E%E6%B3%A8%E9%9F%B3%E7%AC%A6%E8%99%9F%E8%A1%A8%E4%B9%8B88%E9%9F%B3/" "Mozilla/5.0 (iPhone; CPU iPhone OS 18_7 like Mac OS X) AppleWebKit/605.1.15 (KHTML, like Gecko) Version/26.5.2 Mobile/15E148 Safari/604.1"
124.155.144.158 - - [27/Aug/2026:00:30:00 +0800] "GET /taiwanmilingual/wp-content/themes/oceanwp/assets/js/select.min.js HTTP/1.1" 200 2408 "https://2blog.ilc.edu.tw/taiwanmilingual/%E3%80%8A%E8%87%BA%E7%81%A3%E9%9B%99%E8%AA%9E%E6%95%99%E6%9D%90%E3%80%8B%E8%87%BA%E7%81%A3%E9%9B%99%E8%AA%9E%E6%B3%A8%E9%9F%B3%E7%AC%A6%E8%99%9F%E8%A1%A8%E4%B9%8B88%E9%9F%B3/" "Mozilla/5.0 (iPhone; CPU iPhone OS 18_7 like Mac OS X) AppleWebKit/605.1.15 (KHTML, like Gecko) Version/26.5.2 Mobile/15E148 Safari/604.1"
124.155.144.158 - - [27/Aug/2026:00:30:00 +0800] "GET /taiwanmilingual/wp-includes/js/mediaelement/mediaelement-and-player.min.js HTTP/1.1" 200 39802 "https://2blog.ilc.edu.tw/taiwanmilingual/%E3%80%8A%E8%87%BA%E7%81%A3%E9%9B%99%E8%AA%9E%E6%95%99%E6%9D%90%E3%80%8B%E8%87%BA%E7%81%A3%E9%9B%99%E8%AA%9E%E6%B3%A8%E9%9F%B3%E7%AC%A6%E8%99%9F%E8%A1%A8%E4%B9%8B88%E9%9F%B3/" "Mozilla/5.0 (iPhone; CPU iPhone OS 18_7 like Mac OS X) AppleWebKit/605.1.15 (KHTML, like Gecko) Version/26.5.2 Mobile/15E148 Safari/604.1"
124.155.144.158 - - [27/Aug/2026:00:30:00 +0800] "GET /taiwanmilingual/wp-includes/js/mediaelement/mediaelement-migrate.min.js HTTP/1.1" 200 1419 "https://2blog.ilc.edu.tw/taiwanmilingual/%E3%80%8A%E8%87%BA%E7%81%A3%E9%9B%99%E8%AA%9E%E6%95%99%E6%9D%90%E3%80%8B%E8%87%BA%E7%81%A3%E9%9B%99%E8%AA%9E%E6%B3%A8%E9%9F%B3%E7%AC%A6%E8%99%9F%E8%A1%A8%E4%B9%8B88%E9%9F%B3/" "Mozilla/5.0 (iPhone; CPU iPhone OS 18_7 like Mac OS X) AppleWebKit/605.1.15 (KHTML, like Gecko) Version/26.5.2 Mobile/15E148 Safari/604.1"
124.155.144.158 - - [27/Aug/2026:00:30:00 +0800] "GET /taiwanmilingual/wp-includes/js/mediaelement/wp-mediaelement.min.js HTTP/1.1" 200 1417 "https://2blog.ilc.edu.tw/taiwanmilingual/%E3%80%8A%E8%87%BA%E7%81%A3%E9%9B%99%E8%AA%9E%E6%95%99%E6%9D%90%E3%80%8B%E8%87%BA%E7%81%A3%E9%9B%99%E8%AA%9E%E6%B3%A8%E9%9F%B3%E7%AC%A6%E8%99%9F%E8%A1%A8%E4%B9%8B88%E9%9F%B3/" "Mozilla/5.0 (iPhone; CPU iPhone OS 18_7 like Mac OS X) AppleWebKit/605.1.15 (KHTML, like Gecko) Version/26.5.2 Mobile/15E148 Safari/604.1"
124.155.144.158 - - [27/Aug/2026:00:30:00 +0800] "GET /taiwanmilingual/wp-includes/js/mediaelement/renderers/vimeo.min.js HTTP/1.1" 200 3164 "https://2blog.ilc.edu.tw/taiwanmilingual/%E3%80%8A%E8%87%BA%E7%81%A3%E9%9B%99%E8%AA%9E%E6%95%99%E6%9D%90%E3%80%8B%E8%87%BA%E7%81%A3%E9%9B%99%E8%AA%9E%E6%B3%A8%E9%9F%B3%E7%AC%A6%E8%99%9F%E8%A1%A8%E4%B9%8B88%E9%9F%B3/" "Mozilla/5.0 (iPhone; CPU iPhone OS 18_7 like Mac OS X) AppleWebKit/605.1.15 (KHTML, like Gecko) Version/26.5.2 Mobile/15E148 Safari/604.1"
2001:288:a201::66:125 - - [27/Aug/2026:00:30:00 +0800] "GET /blog/active.php HTTP/1.1" 404 1084 "-" "-"
124.155.144.158 - - [27/Aug/2026:00:30:00 +0800] "GET /taiwanmilingual/wp-content/themes/oceanwp/assets/fonts/simple-line-icons/Simple-Line-Icons.woff2?v=2.4.0 HTTP/1.1" 200 30959 "https://2blog.ilc.edu.tw/taiwanmilingual/%E3%80%8A%E8%87%BA%E7%81%A3%E9%9B%99%E8%AA%9E%E6%95%99%E6%9D%90%E3%80%8B%E8%87%BA%E7%81%A3%E9%9B%99%E8%AA%9E%E6%B3%A8%E9%9F%B3%E7%AC%A6%E8%99%9F%E8%A1%A8%E4%B9%8B88%E9%9F%B3/" "Mozilla/5.0 (iPhone; CPU iPhone OS 18_7 like Mac OS X) AppleWebKit/605.1.15 (KHTML, like Gecko) Version/26.5.2 Mobile/15E148 Safari/604.1"
124.155.144.158 - - [27/Aug/2026:00:30:00 +0800] "GET /taiwanmilingual/wp-content/themes/oceanwp/assets/fonts/fontawesome/webfonts/fa-solid-900.woff2 HTTP/1.1" 200 151246 "https://2blog.ilc.edu.tw/taiwanmilingual/%E3%80%8A%E8%87%BA%E7%81%A3%E9%9B%99%E8%AA%9E%E6%95%99%E6%9D%90%E3%80%8B%E8%87%BA%E7%81%A3%E9%9B%99%E8%AA%9E%E6%B3%A8%E9%9F%B3%E7%AC%A6%E8%99%9F%E8%A1%A8%E4%B9%8B88%E9%9F%B3/" "Mozilla/5.0 (iPhone; CPU iPhone OS 18_7 like Mac OS X) AppleWebKit/605.1.15 (KHTML, like Gecko) Version/26.5.2 Mobile/15E148 Safari/604.1"
124.155.144.158 - - [27/Aug/2026:00:30:00 +0800] "GET /taiwanmilingual/wp-content/uploads/sites/3242/2021/05/280%E9%9F%B3.jpg HTTP/1.1" 200 48231 "https://2blog.ilc.edu.tw/taiwanmilingual/%E3%80%8A%E8%87%BA%E7%81%A3%E9%9B%99%E8%AA%9E%E6%95%99%E6%9D%90%E3%80%8B%E8%87%BA%E7%81%A3%E9%9B%99%E8%AA%9E%E6%B3%A8%E9%9F%B3%E7%AC%A6%E8%99%9F%E8%A1%A8%E4%B9%8B88%E9%9F%B3/" "Mozilla/5.0 (iPhone; CPU iPhone OS 18_7 like Mac OS X) AppleWebKit/605.1.15 (KHTML, like Gecko) Version/26.5.2 Mobile/15E148 Safari/604.1"
124.155.144.158 - - [27/Aug/2026:00:30:00 +0800] "GET /taiwanmilingual/wp-content/uploads/sites/3242/2021/05/140%E9%9F%B3-1024x723.jpg HTTP/1.1" 200 60530 "https://2blog.ilc.edu.tw/taiwanmilingual/%E3%80%8A%E8%87%BA%E7%81%A3%E9%9B%99%E8%AA%9E%E6%95%99%E6%9D%90%E3%80%8B%E8%87%BA%E7%81%A3%E9%9B%99%E8%AA%9E%E6%B3%A8%E9%9F%B3%E7%AC%A6%E8%99%9F%E8%A1%A8%E4%B9%8B88%E9%9F%B3/" "Mozilla/5.0 (iPhone; CPU iPhone OS 18_7 like Mac OS X) AppleWebKit/605.1.15 (KHTML, like Gecko) Version/26.5.2 Mobile/15E148 Safari/604.1"
124.155.144.158 - - [27/Aug/2026:00:30:00 +0800] "GET /taiwanmilingual/wp-includes/js/mediaelement/mejs-controls.svg HTTP/1.1" 200 5429 "https://2blog.ilc.edu.tw/taiwanmilingual/%E3%80%8A%E8%87%BA%E7%81%A3%E9%9B%99%E8%AA%9E%E6%95%99%E6%9D%90%E3%80%8B%E8%87%BA%E7%81%A3%E9%9B%99%E8%AA%9E%E6%B3%A8%E9%9F%B3%E7%AC%A6%E8%99%9F%E8%A1%A8%E4%B9%8B88%E9%9F%B3/" "Mozilla/5.0 (iPhone; CPU iPhone OS 18_7 like Mac OS X) AppleWebKit/605.1.15 (KHTML, like Gecko) Version/26.5.2 Mobile/15E148 Safari/604.1"
124.155.144.158 - - [27/Aug/2026:00:30:00 +0800] "GET /taiwanmilingual/wp-content/uploads/sites/3242/2021/05/%E5%8F%B0%E7%81%A3%E9%9B%99%E8%AA%9E%E7%84%A1%E6%B3%95%E9%BB%A8.png HTTP/1.1" 200 12383 "https://2blog.ilc.edu.tw/taiwanmilingual/%E3%80%8A%E8%87%BA%E7%81%A3%E9%9B%99%E8%AA%9E%E6%95%99%E6%9D%90%E3%80%8B%E8%87%BA%E7%81%A3%E9%9B%99%E8%AA%9E%E6%B3%A8%E9%9F%B3%E7%AC%A6%E8%99%9F%E8%A1%A8%E4%B9%8B88%E9%9F%B3/" "Mozilla/5.0 (iPhone; CPU iPhone OS 18_7 like Mac OS X) AppleWebKit/605.1.15 (KHTML, like Gecko) Version/26.5.2 Mobile/15E148 Safari/604.1"
124.155.144.158 - - [27/Aug/2026:00:30:00 +0800] "GET /taiwanmilingual/wp-content/uploads/sites/3242/2021/05/1931536_100837573268703_2688939_n.jpg HTTP/1.1" 200 52377 "https://2blog.ilc.edu.tw/taiwanmilingual/%E3%80%8A%E8%87%BA%E7%81%A3%E9%9B%99%E8%AA%9E%E6%95%99%E6%9D%90%E3%80%8B%E8%87%BA%E7%81%A3%E9%9B%99%E8%AA%9E%E6%B3%A8%E9%9F%B3%E7%AC%A6%E8%99%9F%E8%A1%A8%E4%B9%8B88%E9%9F%B3/" "Mozilla/5.0 (iPhone; CPU iPhone OS 18_7 like Mac OS X) AppleWebKit/605.1.15 (KHTML, like Gecko) Version/26.5.2 Mobile/15E148 Safari/604.1"
124.155.144.158 - - [27/Aug/2026:00:30:00 +0800] "GET /taiwanmilingual/wp-content/uploads/sites/3242/2021/05/%E5%90%90%E6%8D%B2%E4%B8%89%E5%8D%81%E4%B8%89-1024x554.png HTTP/1.1" 200 303293 "https://2blog.ilc.edu.tw/taiwanmilingual/%E3%80%8A%E8%87%BA%E7%81%A3%E9%9B%99%E8%AA%9E%E6%95%99%E6%9D%90%E3%80%8B%E8%87%BA%E7%81%A3%E9%9B%99%E8%AA%9E%E6%B3%A8%E9%9F%B3%E7%AC%A6%E8%99%9F%E8%A1%A8%E4%B9%8B88%E9%9F%B3/" "Mozilla/5.0 (iPhone; CPU iPhone OS 18_7 like Mac OS X) AppleWebKit/605.1.15 (KHTML, like Gecko) Version/26.5.2 Mobile/15E148 Safari/604.1"
124.155.144.158 - - [27/Aug/2026:00:30:00 +0800] "POST /taiwanmilingual/wp-json/ilc-summary/v1/popular-posts HTTP/1.1" 201 1411 "https://2blog.ilc.edu.tw/taiwanmilingual/%E3%80%8A%E8%87%BA%E7%81%A3%E9%9B%99%E8%AA%9E%E6%95%99%E6%9D%90%E3%80%8B%E8%87%BA%E7%81%A3%E9%9B%99%E8%AA%9E%E6%B3%A8%E9%9F%B3%E7%AC%A6%E8%99%9F%E8%A1%A8%E4%B9%8B88%E9%9F%B3/" "Mozilla/5.0 (iPhone; CPU iPhone OS 18_7 like Mac OS X) AppleWebKit/605.1.15 (KHTML, like Gecko) Version/26.5.2 Mobile/15E148 Safari/604.1"
2409:8c54:1000:26:120:232:94:47 - - [27/Aug/2026:00:30:01 +0800] "GET /wp-content/themes/oceanwp/assets/js/vendors/flickity.pkgd.min.js HTTP/1.1" 200 15048 "https://www.cwjh.ilc.edu.tw/2016/05/02/" "Mozilla/5.0 (Windows NT 10.0; Win64; x64) AppleWebKit/537.36 (KHTML, like Gecko) Chrome/144.0.0.0 Safari/537.36"
34.123.149.87 - - [27/Aug/2026:00:30:00 +0800] "GET /41799/2019/10/02/%E8%81%AF%E7%B5%A1%E7%B0%BF1081003/ HTTP/1.1" 200 17851 "-" "Mozilla/5.0 (Macintosh; Intel Mac OS X 10_15_7) AppleWebKit/537.36 (KHTML, like Gecko) Chrome/120.0.0.0 Safari/537.36"
::1 - - [27/Aug/2026:00:30:01 +0800] "OPTIONS * HTTP/1.0" 200 110 "-" "Apache/2.4.68 (Ubuntu) OpenSSL/3.0.19 (internal dummy connection)"
2001:288:a201::67:81 - - [27/Aug/2026:00:30:01 +0800] "GET / HTTP/1.1" 200 56291 "-" "curl/7.81.0"
17.241.75.250 - - [27/Aug/2026:00:30:01 +0800] "GET /5143/wp-content/themes/oceanwp/assets/js/vendors/magnific-popup.min.js HTTP/1.1" 200 8270 "https://2blog.ilc.edu.tw/5143/2020/10/27/" "Mozilla/5.0 (Macintosh; Intel Mac OS X 10_15_7) AppleWebKit/605.1.15 (KHTML, like Gecko) Version/17.4 Safari/605.1.15 (Applebot/0.1; +http://www.apple.com/go/applebot)"
124.155.144.158 - - [27/Aug/2026:00:30:01 +0800] "GET /favicon.ico HTTP/1.1" 302 901 "https://2blog.ilc.edu.tw/taiwanmilingual/%E3%80%8A%E8%87%BA%E7%81%A3%E9%9B%99%E8%AA%9E%E6%95%99%E6%9D%90%E3%80%8B%E8%87%BA%E7%81%A3%E9%9B%99%E8%AA%9E%E6%B3%A8%E9%9F%B3%E7%AC%A6%E8%99%9F%E8%A1%A8%E4%B9%8B88%E9%9F%B3/" "Mozilla/5.0 (iPhone; CPU iPhone OS 18_7 like Mac OS X) AppleWebKit/605.1.15 (KHTML, like Gecko) Version/26.5.2 Mobile/15E148 Safari/604.1"
124.155.144.158 - - [27/Aug/2026:00:30:01 +0800] "GET /wp-includes/images/w-logo-blue-white-bg.png HTTP/1.1" 200 4946 "https://2blog.ilc.edu.tw/taiwanmilingual/%E3%80%8A%E8%87%BA%E7%81%A3%E9%9B%99%E8%AA%9E%E6%95%99%E6%9D%90%E3%80%8B%E8%87%BA%E7%81%A3%E9%9B%99%E8%AA%9E%E6%B3%A8%E9%9F%B3%E7%AC%A6%E8%99%9F%E8%A1%A8%E4%B9%8B88%E9%9F%B3/" "Mozilla/5.0 (iPhone; CPU iPhone OS 18_7 like Mac OS X) AppleWebKit/605.1.15 (KHTML, like Gecko) Version/26.5.2 Mobile/15E148 Safari/604.1"
2001:288:a201::67:85 - - [27/Aug/2026:00:30:02 +0800] "GET / HTTP/1.1" 200 56291 "-" "curl/7.81.0"
140.111.67.10 - - [27/Aug/2026:00:30:02 +0800] "GET /" 301 273 "-" "-"
::1 - - [27/Aug/2026:00:30:02 +0800] "OPTIONS * HTTP/1.0" 200 110 "-" "Apache/2.4.68 (Ubuntu) OpenSSL/3.0.19 (internal dummy connection)"
34.57.162.91 - - [27/Aug/2026:00:30:02 +0800] "GET /6574/wp-json/wp/v2/posts/7417 HTTP/1.1" 200 9621 "-" "Mozilla/5.0 (Macintosh; Intel Mac OS X 10_15_7) AppleWebKit/537.36 (KHTML, like Gecko) Chrome/120.0.0.0 Safari/537.36"
2409:8c54:1000:26:120:232:94:47 - - [27/Aug/2026:00:30:02 +0800] "GET /wp-content/themes/oceanwp/assets/fonts/simple-line-icons/Simple-Line-Icons.woff2?v=2.4.0 HTTP/1.1" 200 30959 "https://www.cwjh.ilc.edu.tw/wp-content/cache/www.cwjh.ilc.edu.tw/wpfc-minified/dhutxct0/77dd.css" "Mozilla/5.0 (Windows NT 10.0; Win64; x64) AppleWebKit/537.36 (KHTML, like Gecko) Chrome/144.0.0.0 Safari/537.36"
17.241.75.250 - - [27/Aug/2026:00:30:03 +0800] "GET /5143/wp-content/themes/oceanwp/assets/js/ow-lightbox.min.js HTTP/1.1" 200 2321 "https://2blog.ilc.edu.tw/5143/2020/10/27/" "Mozilla/5.0 (Macintosh; Intel Mac OS X 10_15_7) AppleWebKit/605.1.15 (KHTML, like Gecko) Version/17.4 Safari/605.1.15 (Applebot/0.1; +http://www.apple.com/go/applebot)"
54.86.59.155 - - [27/Aug/2026:00:30:03 +0800] "GET /wp-content/uploads/sites/479/27124/27124-3455820.jpg HTTP/1.1" 200 56822 "-" "Mozilla/5.0 AppleWebKit/537.36 (KHTML, like Gecko; compatible; Amazonbot/0.1; +https://developer.amazon.com/support/amazonbot) Chrome/119.0.6045.214 Safari/537.36"
::1 - - [27/Aug/2026:00:30:03 +0800] "OPTIONS * HTTP/1.0" 200 110 "-" "Apache/2.4.68 (Ubuntu) OpenSSL/3.0.19 (internal dummy connection)"