2407:4b00:4c0c:8395:8946:6f23:13e1:cef9 - - [27/Aug/2026:00:24:15 +0800] "GET /21837/wp-content/uploads/sites/866/2019/07/%E5%AD%B8%E6%A0%A1%E6%A9%AB%E5%B9%85.png HTTP/1.1" 200 426906 "https://www.jles.ilc.edu.tw/" "Mozilla/5.0 (Windows NT 10.0; Win64; x64) AppleWebKit/537.36 (KHTML, like Gecko) Chrome/151.0.0.0 Safari/537.36"
2408:863c:5211:15::2 - - [27/Aug/2026:00:24:15 +0800] "GET /wp-content/cache/www.sges.ilc.edu.tw/wpfc-minified/l0wtvjqy/73dd.js HTTP/1.1" 200 35557 "https://www.sges.ilc.edu.tw/author/sges/" "Mozilla/5.0 (Windows NT 10.0; Win64; x64) AppleWebKit/537.36 (KHTML, like Gecko) Chrome/144.0.0.0 Safari/537.36"
52.167.144.20 - - [27/Aug/2026:00:24:15 +0800] "GET /2022/06/27/ HTTP/1.1" 200 47075 "-" "Mozilla/5.0 AppleWebKit/537.36 (KHTML, like Gecko; compatible; bingbot/2.0; +http://www.bing.com/bingbot.htm) Chrome/116.0.1938.76 Safari/537.36"
66.249.68.104 - - [27/Aug/2026:00:24:16 +0800] "GET /wp-includes/css/dashicons.min.css HTTP/1.1" 200 36736 "http://www.djps.ilc.edu.tw/" "Mozilla/5.0 (Linux; Android 6.0.1; Nexus 5X Build/MMB29P) AppleWebKit/537.36 (KHTML, like Gecko) Chrome/151.0.7922.137 Mobile Safari/537.36 (compatible; Googlebot/2.1; +http://www.google.com/bot.html)"
2408:863c:5211:15::2 - - [27/Aug/2026:00:24:16 +0800] "GET /wp-includes/js/admin-bar.min.js HTTP/1.1" 200 2237 "https://www.sges.ilc.edu.tw/author/sges/" "Mozilla/5.0 (Windows NT 10.0; Win64; x64) AppleWebKit/537.36 (KHTML, like Gecko) Chrome/144.0.0.0 Safari/537.36"
2408:863c:5211:15::2 - - [27/Aug/2026:00:24:16 +0800] "GET /wp-content/themes/oceanwp/assets/js/overlay-search.min.js HTTP/1.1" 200 3954 "https://www.sges.ilc.edu.tw/author/sges/" "Mozilla/5.0 (Windows NT 10.0; Win64; x64) AppleWebKit/537.36 (KHTML, like Gecko) Chrome/144.0.0.0 Safari/537.36"
2408:863c:5211:15::2 - - [27/Aug/2026:00:24:17 +0800] "GET /wp-content/themes/oceanwp/assets/js/scroll-top.min.js HTTP/1.1" 200 3202 "https://www.sges.ilc.edu.tw/author/sges/" "Mozilla/5.0 (Windows NT 10.0; Win64; x64) AppleWebKit/537.36 (KHTML, like Gecko) Chrome/144.0.0.0 Safari/537.36"
140.111.67.10 - - [27/Aug/2026:00:24:17 +0800] "GET /" 301 273 "-" "-"
114.32.122.119 - - [27/Aug/2026:00:24:17 +0800] "GET /2014/05/27/%E7%AC%AC%E4%BA%8C%E5%B1%86%E7%95%A2%E6%A5%AD%E6%A0%A1%E5%8F%8B/ HTTP/1.1" 200 22955 "https://www.google.com/url?q=https://www.yles.ilc.edu.tw/2014/05/27/%25E7%25AC%25AC%25E4%25BA%258C%25E5%25B1%2586%25E7%2595%25A2%25E6%25A5%25AD%25E6%25A0%25A1%25E5%258F%258B/&sa=U&ved=2ahUKEwij9IWv2r6WAxVIlOEIHbG3AGQQFnoECCIQAQ&usg=AOvVaw0GCrfm5MzxzjHOrKwuzi33" "Mozilla/5.0 (iPhone; CPU iPhone OS 26_6_0 like Mac OS X) AppleWebKit/605.1.15 (KHTML, like Gecko) GSA/435.4.965413651 Mobile/15E148 Safari/604.1"
114.32.122.119 - - [27/Aug/2026:00:24:17 +0800] "GET /wp-content/cache/www.yles.ilc.edu.tw/wpfc-minified/97qks90l/7990.css HTTP/1.1" 200 45688 "https://www.yles.ilc.edu.tw/2014/05/27/%E7%AC%AC%E4%BA%8C%E5%B1%86%E7%95%A2%E6%A5%AD%E6%A0%A1%E5%8F%8B/" "Mozilla/5.0 (iPhone; CPU iPhone OS 26_6_0 like Mac OS X) AppleWebKit/605.1.15 (KHTML, like Gecko) GSA/435.4.965413651 Mobile/15E148 Safari/604.1"
114.32.122.119 - - [27/Aug/2026:00:24:18 +0800] "GET /wp-content/cache/www.yles.ilc.edu.tw/wpfc-minified/kwo8vnc2/7990.css HTTP/1.1" 200 15786 "https://www.yles.ilc.edu.tw/2014/05/27/%E7%AC%AC%E4%BA%8C%E5%B1%86%E7%95%A2%E6%A5%AD%E6%A0%A1%E5%8F%8B/" "Mozilla/5.0 (iPhone; CPU iPhone OS 26_6_0 like Mac OS X) AppleWebKit/605.1.15 (KHTML, like Gecko) GSA/435.4.965413651 Mobile/15E148 Safari/604.1"
114.32.122.119 - - [27/Aug/2026:00:24:18 +0800] "GET /wp-content/cache/www.yles.ilc.edu.tw/wpfc-minified/86osdfa3/7990.js HTTP/1.1" 200 1638 "https://www.yles.ilc.edu.tw/2014/05/27/%E7%AC%AC%E4%BA%8C%E5%B1%86%E7%95%A2%E6%A5%AD%E6%A0%A1%E5%8F%8B/" "Mozilla/5.0 (iPhone; CPU iPhone OS 26_6_0 like Mac OS X) AppleWebKit/605.1.15 (KHTML, like Gecko) GSA/435.4.965413651 Mobile/15E148 Safari/604.1"
114.32.122.119 - - [27/Aug/2026:00:24:18 +0800] "GET /wp-content/cache/www.yles.ilc.edu.tw/wpfc-minified/efdet0zp/7990.js HTTP/1.1" 200 3452 "https://www.yles.ilc.edu.tw/2014/05/27/%E7%AC%AC%E4%BA%8C%E5%B1%86%E7%95%A2%E6%A5%AD%E6%A0%A1%E5%8F%8B/" "Mozilla/5.0 (iPhone; CPU iPhone OS 26_6_0 like Mac OS X) AppleWebKit/605.1.15 (KHTML, like Gecko) GSA/435.4.965413651 Mobile/15E148 Safari/604.1"
114.32.122.119 - - [27/Aug/2026:00:24:18 +0800] "GET /wp-includes/js/hoverintent-js.min.js HTTP/1.1" 200 1597 "https://www.yles.ilc.edu.tw/2014/05/27/%E7%AC%AC%E4%BA%8C%E5%B1%86%E7%95%A2%E6%A5%AD%E6%A0%A1%E5%8F%8B/" "Mozilla/5.0 (iPhone; CPU iPhone OS 26_6_0 like Mac OS X) AppleWebKit/605.1.15 (KHTML, like Gecko) GSA/435.4.965413651 Mobile/15E148 Safari/604.1"
114.32.122.119 - - [27/Aug/2026:00:24:18 +0800] "GET /wp-content/cache/www.yles.ilc.edu.tw/wpfc-minified/kxbv6xkk/7990.css HTTP/1.1" 200 5955 "https://www.yles.ilc.edu.tw/2014/05/27/%E7%AC%AC%E4%BA%8C%E5%B1%86%E7%95%A2%E6%A5%AD%E6%A0%A1%E5%8F%8B/" "Mozilla/5.0 (iPhone; CPU iPhone OS 26_6_0 like Mac OS X) AppleWebKit/605.1.15 (KHTML, like Gecko) GSA/435.4.965413651 Mobile/15E148 Safari/604.1"
114.32.122.119 - - [27/Aug/2026:00:24:18 +0800] "GET /wp-includes/js/imagesloaded.min.js HTTP/1.1" 200 2683 "https://www.yles.ilc.edu.tw/2014/05/27/%E7%AC%AC%E4%BA%8C%E5%B1%86%E7%95%A2%E6%A5%AD%E6%A0%A1%E5%8F%8B/" "Mozilla/5.0 (iPhone; CPU iPhone OS 26_6_0 like Mac OS X) AppleWebKit/605.1.15 (KHTML, like Gecko) GSA/435.4.965413651 Mobile/15E148 Safari/604.1"
114.32.122.119 - - [27/Aug/2026:00:24:18 +0800] "GET /wp-includes/js/admin-bar.min.js HTTP/1.1" 200 2237 "https://www.yles.ilc.edu.tw/2014/05/27/%E7%AC%AC%E4%BA%8C%E5%B1%86%E7%95%A2%E6%A5%AD%E6%A0%A1%E5%8F%8B/" "Mozilla/5.0 (iPhone; CPU iPhone OS 26_6_0 like Mac OS X) AppleWebKit/605.1.15 (KHTML, like Gecko) GSA/435.4.965413651 Mobile/15E148 Safari/604.1"
114.32.122.119 - - [27/Aug/2026:00:24:18 +0800] "GET /wp-content/cache/www.yles.ilc.edu.tw/wpfc-minified/211i894h/2lhgv.css HTTP/1.1" 200 12633 "https://www.yles.ilc.edu.tw/2014/05/27/%E7%AC%AC%E4%BA%8C%E5%B1%86%E7%95%A2%E6%A5%AD%E6%A0%A1%E5%8F%8B/" "Mozilla/5.0 (iPhone; CPU iPhone OS 26_6_0 like Mac OS X) AppleWebKit/605.1.15 (KHTML, like Gecko) GSA/435.4.965413651 Mobile/15E148 Safari/604.1"
114.32.122.119 - - [27/Aug/2026:00:24:18 +0800] "GET /wp-content/themes/oceanwp/assets/js/theme.min.js HTTP/1.1" 200 5130 "https://www.yles.ilc.edu.tw/2014/05/27/%E7%AC%AC%E4%BA%8C%E5%B1%86%E7%95%A2%E6%A5%AD%E6%A0%A1%E5%8F%8B/" "Mozilla/5.0 (iPhone; CPU iPhone OS 26_6_0 like Mac OS X) AppleWebKit/605.1.15 (KHTML, like Gecko) GSA/435.4.965413651 Mobile/15E148 Safari/604.1"
114.32.122.119 - - [27/Aug/2026:00:24:18 +0800] "GET /wp-content/cache/www.yles.ilc.edu.tw/wpfc-minified/dfhirrtt/2lhgv.css HTTP/1.1" 200 60839 "https://www.yles.ilc.edu.tw/2014/05/27/%E7%AC%AC%E4%BA%8C%E5%B1%86%E7%95%A2%E6%A5%AD%E6%A0%A1%E5%8F%8B/" "Mozilla/5.0 (iPhone; CPU iPhone OS 26_6_0 like Mac OS X) AppleWebKit/605.1.15 (KHTML, like Gecko) GSA/435.4.965413651 Mobile/15E148 Safari/604.1"
66.249.68.104 - - [27/Aug/2026:00:24:18 +0800] "GET /wp-content/themes/oceanwp/assets/js/full-screen-menu.min.js HTTP/1.1" 200 4064 "http://www.djps.ilc.edu.tw/" "Mozilla/5.0 (Linux; Android 6.0.1; Nexus 5X Build/MMB29P) AppleWebKit/537.36 (KHTML, like Gecko) Chrome/151.0.7922.137 Mobile Safari/537.36 (compatible; Googlebot/2.1; +http://www.google.com/bot.html)"
114.32.122.119 - - [27/Aug/2026:00:24:18 +0800] "GET /wp-content/themes/oceanwp/assets/js/drop-down-mobile-menu.min.js HTTP/1.1" 200 4663 "https://www.yles.ilc.edu.tw/2014/05/27/%E7%AC%AC%E4%BA%8C%E5%B1%86%E7%95%A2%E6%A5%AD%E6%A0%A1%E5%8F%8B/" "Mozilla/5.0 (iPhone; CPU iPhone OS 26_6_0 like Mac OS X) AppleWebKit/605.1.15 (KHTML, like Gecko) GSA/435.4.965413651 Mobile/15E148 Safari/604.1"
114.32.122.119 - - [27/Aug/2026:00:24:18 +0800] "GET /wp-content/themes/oceanwp/assets/js/drop-down-search.min.js HTTP/1.1" 200 2968 "https://www.yles.ilc.edu.tw/2014/05/27/%E7%AC%AC%E4%BA%8C%E5%B1%86%E7%95%A2%E6%A5%AD%E6%A0%A1%E5%8F%8B/" "Mozilla/5.0 (iPhone; CPU iPhone OS 26_6_0 like Mac OS X) AppleWebKit/605.1.15 (KHTML, like Gecko) GSA/435.4.965413651 Mobile/15E148 Safari/604.1"
114.32.122.119 - - [27/Aug/2026:00:24:18 +0800] "GET /wp-content/themes/oceanwp/assets/js/vendors/magnific-popup.min.js HTTP/1.1" 200 8270 "https://www.yles.ilc.edu.tw/2014/05/27/%E7%AC%AC%E4%BA%8C%E5%B1%86%E7%95%A2%E6%A5%AD%E6%A0%A1%E5%8F%8B/" "Mozilla/5.0 (iPhone; CPU iPhone OS 26_6_0 like Mac OS X) AppleWebKit/605.1.15 (KHTML, like Gecko) GSA/435.4.965413651 Mobile/15E148 Safari/604.1"
114.32.122.119 - - [27/Aug/2026:00:24:18 +0800] "GET /wp-content/themes/oceanwp/assets/js/ow-lightbox.min.js HTTP/1.1" 200 2321 "https://www.yles.ilc.edu.tw/2014/05/27/%E7%AC%AC%E4%BA%8C%E5%B1%86%E7%95%A2%E6%A5%AD%E6%A0%A1%E5%8F%8B/" "Mozilla/5.0 (iPhone; CPU iPhone OS 26_6_0 like Mac OS X) AppleWebKit/605.1.15 (KHTML, like Gecko) GSA/435.4.965413651 Mobile/15E148 Safari/604.1"
114.32.122.119 - - [27/Aug/2026:00:24:18 +0800] "GET /wp-content/cache/www.yles.ilc.edu.tw/wpfc-minified/dsz8nebd/7990.js HTTP/1.1" 200 40351 "https://www.yles.ilc.edu.tw/2014/05/27/%E7%AC%AC%E4%BA%8C%E5%B1%86%E7%95%A2%E6%A5%AD%E6%A0%A1%E5%8F%8B/" "Mozilla/5.0 (iPhone; CPU iPhone OS 26_6_0 like Mac OS X) AppleWebKit/605.1.15 (KHTML, like Gecko) GSA/435.4.965413651 Mobile/15E148 Safari/604.1"
114.32.122.119 - - [27/Aug/2026:00:24:18 +0800] "GET /wp-content/themes/oceanwp/assets/js/ow-slider.min.js HTTP/1.1" 200 1761 "https://www.yles.ilc.edu.tw/2014/05/27/%E7%AC%AC%E4%BA%8C%E5%B1%86%E7%95%A2%E6%A5%AD%E6%A0%A1%E5%8F%8B/" "Mozilla/5.0 (iPhone; CPU iPhone OS 26_6_0 like Mac OS X) AppleWebKit/605.1.15 (KHTML, like Gecko) GSA/435.4.965413651 Mobile/15E148 Safari/604.1"
114.32.122.119 - - [27/Aug/2026:00:24:18 +0800] "GET /wp-content/themes/oceanwp/assets/js/vendors/flickity.pkgd.min.js HTTP/1.1" 200 15048 "https://www.yles.ilc.edu.tw/2014/05/27/%E7%AC%AC%E4%BA%8C%E5%B1%86%E7%95%A2%E6%A5%AD%E6%A0%A1%E5%8F%8B/" "Mozilla/5.0 (iPhone; CPU iPhone OS 26_6_0 like Mac OS X) AppleWebKit/605.1.15 (KHTML, like Gecko) GSA/435.4.965413651 Mobile/15E148 Safari/604.1"
114.32.122.119 - - [27/Aug/2026:00:24:18 +0800] "GET /wp-content/themes/oceanwp/assets/js/scroll-effect.min.js HTTP/1.1" 200 4127 "https://www.yles.ilc.edu.tw/2014/05/27/%E7%AC%AC%E4%BA%8C%E5%B1%86%E7%95%A2%E6%A5%AD%E6%A0%A1%E5%8F%8B/" "Mozilla/5.0 (iPhone; CPU iPhone OS 26_6_0 like Mac OS X) AppleWebKit/605.1.15 (KHTML, like Gecko) GSA/435.4.965413651 Mobile/15E148 Safari/604.1"
114.32.122.119 - - [27/Aug/2026:00:24:18 +0800] "GET /wp-content/themes/oceanwp/assets/js/scroll-top.min.js HTTP/1.1" 200 3202 "https://www.yles.ilc.edu.tw/2014/05/27/%E7%AC%AC%E4%BA%8C%E5%B1%86%E7%95%A2%E6%A5%AD%E6%A0%A1%E5%8F%8B/" "Mozilla/5.0 (iPhone; CPU iPhone OS 26_6_0 like Mac OS X) AppleWebKit/605.1.15 (KHTML, like Gecko) GSA/435.4.965413651 Mobile/15E148 Safari/604.1"
114.32.122.119 - - [27/Aug/2026:00:24:18 +0800] "GET /wp-content/themes/oceanwp/assets/js/select.min.js HTTP/1.1" 200 2408 "https://www.yles.ilc.edu.tw/2014/05/27/%E7%AC%AC%E4%BA%8C%E5%B1%86%E7%95%A2%E6%A5%AD%E6%A0%A1%E5%8F%8B/" "Mozilla/5.0 (iPhone; CPU iPhone OS 26_6_0 like Mac OS X) AppleWebKit/605.1.15 (KHTML, like Gecko) GSA/435.4.965413651 Mobile/15E148 Safari/604.1"
114.32.122.119 - - [27/Aug/2026:00:24:18 +0800] "GET /wp-content/plugins/ocean-extra/includes/widgets/js/flickr.min.js HTTP/1.1" 200 1319 "https://www.yles.ilc.edu.tw/2014/05/27/%E7%AC%AC%E4%BA%8C%E5%B1%86%E7%95%A2%E6%A5%AD%E6%A0%A1%E5%8F%8B/" "Mozilla/5.0 (iPhone; CPU iPhone OS 26_6_0 like Mac OS X) AppleWebKit/605.1.15 (KHTML, like Gecko) GSA/435.4.965413651 Mobile/15E148 Safari/604.1"
114.32.122.119 - - [27/Aug/2026:00:24:18 +0800] "GET /wp-content/themes/oceanwp/assets/fonts/simple-line-icons/Simple-Line-Icons.woff2?v=2.4.0 HTTP/1.1" 200 30959 "https://www.yles.ilc.edu.tw/2014/05/27/%E7%AC%AC%E4%BA%8C%E5%B1%86%E7%95%A2%E6%A5%AD%E6%A0%A1%E5%8F%8B/" "Mozilla/5.0 (iPhone; CPU iPhone OS 26_6_0 like Mac OS X) AppleWebKit/605.1.15 (KHTML, like Gecko) GSA/435.4.965413651 Mobile/15E148 Safari/604.1"
114.32.122.119 - - [27/Aug/2026:00:24:18 +0800] "GET /wp-content/themes/oceanwp/assets/fonts/fontawesome/webfonts/fa-solid-900.woff2 HTTP/1.1" 200 151246 "https://www.yles.ilc.edu.tw/2014/05/27/%E7%AC%AC%E4%BA%8C%E5%B1%86%E7%95%A2%E6%A5%AD%E6%A0%A1%E5%8F%8B/" "Mozilla/5.0 (iPhone; CPU iPhone OS 26_6_0 like Mac OS X) AppleWebKit/605.1.15 (KHTML, like Gecko) GSA/435.4.965413651 Mobile/15E148 Safari/604.1"
114.32.122.119 - - [27/Aug/2026:00:24:18 +0800] "GET /wp-content/themes/oceanwp/assets/fonts/fontawesome/webfonts/fa-regular-400.woff2 HTTP/1.1" 200 25383 "https://www.yles.ilc.edu.tw/2014/05/27/%E7%AC%AC%E4%BA%8C%E5%B1%86%E7%95%A2%E6%A5%AD%E6%A0%A1%E5%8F%8B/" "Mozilla/5.0 (iPhone; CPU iPhone OS 26_6_0 like Mac OS X) AppleWebKit/605.1.15 (KHTML, like Gecko) GSA/435.4.965413651 Mobile/15E148 Safari/604.1"
114.32.122.119 - - [27/Aug/2026:00:24:18 +0800] "POST /wp-json/ilc-summary/v1/popular-posts HTTP/1.1" 201 1398 "https://www.yles.ilc.edu.tw/2014/05/27/%E7%AC%AC%E4%BA%8C%E5%B1%86%E7%95%A2%E6%A5%AD%E6%A0%A1%E5%8F%8B/" "Mozilla/5.0 (iPhone; CPU iPhone OS 26_6_0 like Mac OS X) AppleWebKit/605.1.15 (KHTML, like Gecko) GSA/435.4.965413651 Mobile/15E148 Safari/604.1"
34.30.223.149 - - [27/Aug/2026:00:24:18 +0800] "GET /6423/2010/11/12/99%E5%B9%B4%E5%BA%A6-4-4-%E7%94%A8%E6%B0%B4%E7%94%A8%E9%9B%BB%E8%B2%A0%E6%88%90%E9%95%B75%E4%BB%A5%E4%B8%8A/ HTTP/1.1" 200 14025 "-" "Mozilla/5.0 (Macintosh; Intel Mac OS X 10_15_7) AppleWebKit/537.36 (KHTML, like Gecko) Chrome/120.0.0.0 Safari/537.36"
114.32.122.119 - - [27/Aug/2026:00:24:18 +0800] "GET /21810/wp-content/uploads/sites/2241/2020/09/cropped-IMG_9551-scaled-1.jpg HTTP/1.1" 200 223536 "https://www.yles.ilc.edu.tw/2014/05/27/%E7%AC%AC%E4%BA%8C%E5%B1%86%E7%95%A2%E6%A5%AD%E6%A0%A1%E5%8F%8B/" "Mozilla/5.0 (iPhone; CPU iPhone OS 26_6_0 like Mac OS X) AppleWebKit/605.1.15 (KHTML, like Gecko) GSA/435.4.965413651 Mobile/15E148 Safari/604.1"
185.191.171.12 - - [27/Aug/2026:00:24:19 +0800] "GET /17160/2020/01/20/%E3%80%90g6%E3%80%91%E7%8D%A8%E7%AB%8B%E7%A0%94%E7%A9%B6-%E7%A0%94%E7%A9%B6%E8%A8%88%E7%95%AB%E5%88%86%E4%BA%AB/ HTTP/1.1" 200 19026 "-" "Mozilla/5.0 (compatible; SemrushBot/7~bl; +http://www.semrush.com/bot.html)"
66.249.79.173 - - [27/Aug/2026:00:24:19 +0800] "GET /blog/gallery/21744/21744-2647950.gif HTTP/1.1" 404 25463 "-" "Googlebot-Image/1.0"
66.249.68.104 - - [27/Aug/2026:00:24:20 +0800] "GET /wp-content/themes/oceanwp/assets/js/drop-down-mobile-menu.min.js HTTP/1.1" 200 4663 "http://www.djps.ilc.edu.tw/" "Mozilla/5.0 (Linux; Android 6.0.1; Nexus 5X Build/MMB29P) AppleWebKit/537.36 (KHTML, like Gecko) Chrome/151.0.7922.137 Mobile Safari/537.36 (compatible; Googlebot/2.1; +http://www.google.com/bot.html)"
2001:288:a201::66:125 - - [27/Aug/2026:00:24:20 +0800] "GET /blog/active.php HTTP/1.1" 404 1084 "-" "-"
2001:288:a201::66:125 - - [27/Aug/2026:00:24:20 +0800] "GET /blog/active.php HTTP/1.1" 301 1026 "-" "-"
66.249.68.104 - - [27/Aug/2026:00:24:20 +0800] "GET /wp-content/themes/oceanwp/assets/js/drop-down-mobile-menu.min.js HTTP/1.1" 200 4663 "http://www.djps.ilc.edu.tw/" "Mozilla/5.0 AppleWebKit/537.36 (KHTML, like Gecko; compatible; Googlebot/2.1; +http://www.google.com/bot.html) Chrome/151.0.7922.137 Safari/537.36"
192.178.5.9 - - [27/Aug/2026:00:24:21 +0800] "GET /wp-content/themes/oceanwp/assets/js/vendors/magnific-popup.min.js HTTP/1.1" 200 13058 "http://www.djps.ilc.edu.tw/" "Mozilla/5.0 (Linux; Android 6.0.1; Nexus 5X Build/MMB29P) AppleWebKit/537.36 (KHTML, like Gecko) Chrome/151.0.7922.137 Mobile Safari/537.36 (compatible; Googlebot/2.1; +http://www.google.com/bot.html)"
36.229.224.186 - - [27/Aug/2026:00:24:21 +0800] "GET /wp-content/uploads/sites/3846/2023/05/%E9%A6%96%E9%A0%81%E5%B0%8F%E6%A8%99_%E6%B4%BB%E5%8B%95%E5%B0%88%E5%8D%80.png HTTP/1.1" 200 7336 "https://www.ilc.edu.tw/" "Mozilla/5.0 (iPhone; CPU iPhone OS 18_7 like Mac OS X) AppleWebKit/605.1.15 (KHTML, like Gecko) Version/26.5.2 Mobile/15E148 Safari/604.1"
34.10.180.98 - - [27/Aug/2026:00:24:20 +0800] "GET /wp-json/wp/v2/posts/3143 HTTP/1.1" 200 12106 "-" "Mozilla/5.0 (Macintosh; Intel Mac OS X 10_15_7) AppleWebKit/537.36 (KHTML, like Gecko) Chrome/120.0.0.0 Safari/537.36"
211.22.184.58 - - [27/Aug/2026:00:24:22 +0800] "HEAD /1003/feed/ HTTP/1.1" 200 5451 "-" "Mozilla/5.0 (Windows NT 6.1) AppleWebKit/538.1 (KHTML, like Gecko) QuiteRSS/0.18.12 Safari/538.1"
140.111.67.10 - - [27/Aug/2026:00:24:22 +0800] "GET /" 301 273 "-" "-"
2001:4860:7:810::e1 - - [27/Aug/2026:00:24:22 +0800] "GET / HTTP/1.1" 200 18635 "https://www.google.com/" "Mozilla/5.0 (Windows NT 10.0; Win64; x64) AppleWebKit/537.36 (KHTML, like Gecko) Chrome/152.0.0.0 Safari/537.36"
66.249.68.104 - - [27/Aug/2026:00:24:22 +0800] "GET /wp-includes/js/mediaelement/wp-mediaelement.min.js HTTP/1.1" 200 1417 "http://www.djps.ilc.edu.tw/" "Mozilla/5.0 (Linux; Android 6.0.1; Nexus 5X Build/MMB29P) AppleWebKit/537.36 (KHTML, like Gecko) Chrome/151.0.7922.137 Mobile Safari/537.36 (compatible; Googlebot/2.1; +http://www.google.com/bot.html)"
::1 - - [27/Aug/2026:00:24:22 +0800] "OPTIONS * HTTP/1.0" 200 110 "-" "Apache/2.4.68 (Ubuntu) OpenSSL/3.0.19 (internal dummy connection)"
2402:7500:4e5:dc7d:5564:635:5408:a1b8 - - [27/Aug/2026:00:24:23 +0800] "GET / HTTP/1.1" 200 29814 "https://www.google.com/" "Mozilla/5.0 (iPhone; CPU iPhone OS 18_7 like Mac OS X) AppleWebKit/605.1.15 (KHTML, like Gecko) Version/26.5.2 Mobile/15E148 Safari/604.1"
2402:7500:4e5:dc7d:5564:635:5408:a1b8 - - [27/Aug/2026:00:24:23 +0800] "GET /wp-content/cache/www.fsjh.ilc.edu.tw/wpfc-minified/k1jimmmj/6wah.css HTTP/1.1" 200 45695 "https://www.fsjh.ilc.edu.tw/" "Mozilla/5.0 (iPhone; CPU iPhone OS 18_7 like Mac OS X) AppleWebKit/605.1.15 (KHTML, like Gecko) Version/26.5.2 Mobile/15E148 Safari/604.1"
2402:7500:4e5:dc7d:5564:635:5408:a1b8 - - [27/Aug/2026:00:24:23 +0800] "GET /wp-content/cache/www.fsjh.ilc.edu.tw/wpfc-minified/6ke5b2m4/6wah.css HTTP/1.1" 200 47303 "https://www.fsjh.ilc.edu.tw/" "Mozilla/5.0 (iPhone; CPU iPhone OS 18_7 like Mac OS X) AppleWebKit/605.1.15 (KHTML, like Gecko) Version/26.5.2 Mobile/15E148 Safari/604.1"
2402:7500:4e5:dc7d:5564:635:5408:a1b8 - - [27/Aug/2026:00:24:23 +0800] "GET /wp-content/uploads/sites/2666/elementor/css/post-103.css HTTP/1.1" 200 1004 "https://www.fsjh.ilc.edu.tw/" "Mozilla/5.0 (iPhone; CPU iPhone OS 18_7 like Mac OS X) AppleWebKit/605.1.15 (KHTML, like Gecko) Version/26.5.2 Mobile/15E148 Safari/604.1"
2402:7500:4e5:dc7d:5564:635:5408:a1b8 - - [27/Aug/2026:00:24:23 +0800] "GET /wp-content/uploads/sites/2666/elementor/css/post-81.css HTTP/1.1" 200 6122 "https://www.fsjh.ilc.edu.tw/" "Mozilla/5.0 (iPhone; CPU iPhone OS 18_7 like Mac OS X) AppleWebKit/605.1.15 (KHTML, like Gecko) Version/26.5.2 Mobile/15E148 Safari/604.1"
2402:7500:4e5:dc7d:5564:635:5408:a1b8 - - [27/Aug/2026:00:24:23 +0800] "GET /wp-content/cache/www.fsjh.ilc.edu.tw/wpfc-minified/qkv37ig4/6wah.css HTTP/1.1" 200 5962 "https://www.fsjh.ilc.edu.tw/" "Mozilla/5.0 (iPhone; CPU iPhone OS 18_7 like Mac OS X) AppleWebKit/605.1.15 (KHTML, like Gecko) Version/26.5.2 Mobile/15E148 Safari/604.1"
2402:7500:4e5:dc7d:5564:635:5408:a1b8 - - [27/Aug/2026:00:24:23 +0800] "GET /wp-content/cache/www.fsjh.ilc.edu.tw/wpfc-minified/6klmbkv7/6wah.css HTTP/1.1" 200 28116 "https://www.fsjh.ilc.edu.tw/" "Mozilla/5.0 (iPhone; CPU iPhone OS 18_7 like Mac OS X) AppleWebKit/605.1.15 (KHTML, like Gecko) Version/26.5.2 Mobile/15E148 Safari/604.1"
2402:7500:4e5:dc7d:5564:635:5408:a1b8 - - [27/Aug/2026:00:24:23 +0800] "GET /wp-content/cache/www.fsjh.ilc.edu.tw/wpfc-minified/dj5cq5sf/6wah.css HTTP/1.1" 200 7705 "https://www.fsjh.ilc.edu.tw/" "Mozilla/5.0 (iPhone; CPU iPhone OS 18_7 like Mac OS X) AppleWebKit/605.1.15 (KHTML, like Gecko) Version/26.5.2 Mobile/15E148 Safari/604.1"
2402:7500:4e5:dc7d:5564:635:5408:a1b8 - - [27/Aug/2026:00:24:23 +0800] "GET /wp-content/cache/www.fsjh.ilc.edu.tw/wpfc-minified/qa4zgiv7/6wah.css HTTP/1.1" 200 1138 "https://www.fsjh.ilc.edu.tw/" "Mozilla/5.0 (iPhone; CPU iPhone OS 18_7 like Mac OS X) AppleWebKit/605.1.15 (KHTML, like Gecko) Version/26.5.2 Mobile/15E148 Safari/604.1"
2402:7500:4e5:dc7d:5564:635:5408:a1b8 - - [27/Aug/2026:00:24:23 +0800] "GET /wp-content/cache/www.fsjh.ilc.edu.tw/wpfc-minified/lco27ft0/6wah.js HTTP/1.1" 200 3453 "https://www.fsjh.ilc.edu.tw/" "Mozilla/5.0 (iPhone; CPU iPhone OS 18_7 like Mac OS X) AppleWebKit/605.1.15 (KHTML, like Gecko) Version/26.5.2 Mobile/15E148 Safari/604.1"
2402:7500:4e5:dc7d:5564:635:5408:a1b8 - - [27/Aug/2026:00:24:23 +0800] "GET /wp-content/cache/www.fsjh.ilc.edu.tw/wpfc-minified/7z76wlqj/6wah.js HTTP/1.1" 200 35559 "https://www.fsjh.ilc.edu.tw/" "Mozilla/5.0 (iPhone; CPU iPhone OS 18_7 like Mac OS X) AppleWebKit/605.1.15 (KHTML, like Gecko) Version/26.5.2 Mobile/15E148 Safari/604.1"
2402:7500:4e5:dc7d:5564:635:5408:a1b8 - - [27/Aug/2026:00:24:23 +0800] "GET /wp-includes/js/hoverintent-js.min.js HTTP/1.1" 200 1597 "https://www.fsjh.ilc.edu.tw/" "Mozilla/5.0 (iPhone; CPU iPhone OS 18_7 like Mac OS X) AppleWebKit/605.1.15 (KHTML, like Gecko) Version/26.5.2 Mobile/15E148 Safari/604.1"
2402:7500:4e5:dc7d:5564:635:5408:a1b8 - - [27/Aug/2026:00:24:23 +0800] "GET /fsjh/wp-content/uploads/sites/2666/2020/10/040628%E5%BE%A9%E8%88%88%E5%9C%8B%E4%B8%ADlogo-only-FSblue.gif HTTP/1.1" 200 16170 "https://www.fsjh.ilc.edu.tw/" "Mozilla/5.0 (iPhone; CPU iPhone OS 18_7 like Mac OS X) AppleWebKit/605.1.15 (KHTML, like Gecko) Version/26.5.2 Mobile/15E148 Safari/604.1"
2402:7500:4e5:dc7d:5564:635:5408:a1b8 - - [27/Aug/2026:00:24:23 +0800] "GET /wp-content/cache/www.fsjh.ilc.edu.tw/wpfc-minified/lm0klrml/6wah.css HTTP/1.1" 200 93589 "https://www.fsjh.ilc.edu.tw/" "Mozilla/5.0 (iPhone; CPU iPhone OS 18_7 like Mac OS X) AppleWebKit/605.1.15 (KHTML, like Gecko) Version/26.5.2 Mobile/15E148 Safari/604.1"
2402:7500:4e5:dc7d:5564:635:5408:a1b8 - - [27/Aug/2026:00:24:23 +0800] "GET /wp-includes/js/admin-bar.min.js HTTP/1.1" 200 2237 "https://www.fsjh.ilc.edu.tw/" "Mozilla/5.0 (iPhone; CPU iPhone OS 18_7 like Mac OS X) AppleWebKit/605.1.15 (KHTML, like Gecko) Version/26.5.2 Mobile/15E148 Safari/604.1"
2402:7500:4e5:dc7d:5564:635:5408:a1b8 - - [27/Aug/2026:00:24:23 +0800] "GET /wp-content/themes/oceanwp/assets/js/theme.min.js HTTP/1.1" 200 5130 "https://www.fsjh.ilc.edu.tw/" "Mozilla/5.0 (iPhone; CPU iPhone OS 18_7 like Mac OS X) AppleWebKit/605.1.15 (KHTML, like Gecko) Version/26.5.2 Mobile/15E148 Safari/604.1"
2402:7500:4e5:dc7d:5564:635:5408:a1b8 - - [27/Aug/2026:00:24:23 +0800] "GET /wp-includes/js/imagesloaded.min.js HTTP/1.1" 200 2683 "https://www.fsjh.ilc.edu.tw/" "Mozilla/5.0 (iPhone; CPU iPhone OS 18_7 like Mac OS X) AppleWebKit/605.1.15 (KHTML, like Gecko) Version/26.5.2 Mobile/15E148 Safari/604.1"
2402:7500:4e5:dc7d:5564:635:5408:a1b8 - - [27/Aug/2026:00:24:23 +0800] "GET /wp-content/themes/oceanwp/assets/js/full-screen-mobile-menu.min.js HTTP/1.1" 200 4638 "https://www.fsjh.ilc.edu.tw/" "Mozilla/5.0 (iPhone; CPU iPhone OS 18_7 like Mac OS X) AppleWebKit/605.1.15 (KHTML, like Gecko) Version/26.5.2 Mobile/15E148 Safari/604.1"
2402:7500:4e5:dc7d:5564:635:5408:a1b8 - - [27/Aug/2026:00:24:23 +0800] "GET /wp-content/themes/oceanwp/assets/js/drop-down-search.min.js HTTP/1.1" 200 2968 "https://www.fsjh.ilc.edu.tw/" "Mozilla/5.0 (iPhone; CPU iPhone OS 18_7 like Mac OS X) AppleWebKit/605.1.15 (KHTML, like Gecko) Version/26.5.2 Mobile/15E148 Safari/604.1"
2402:7500:4e5:dc7d:5564:635:5408:a1b8 - - [27/Aug/2026:00:24:23 +0800] "GET /wp-content/themes/oceanwp/assets/js/vendors/magnific-popup.min.js HTTP/1.1" 200 8270 "https://www.fsjh.ilc.edu.tw/" "Mozilla/5.0 (iPhone; CPU iPhone OS 18_7 like Mac OS X) AppleWebKit/605.1.15 (KHTML, like Gecko) Version/26.5.2 Mobile/15E148 Safari/604.1"
2402:7500:4e5:dc7d:5564:635:5408:a1b8 - - [27/Aug/2026:00:24:23 +0800] "GET /wp-content/themes/oceanwp/assets/js/ow-lightbox.min.js HTTP/1.1" 200 2321 "https://www.fsjh.ilc.edu.tw/" "Mozilla/5.0 (iPhone; CPU iPhone OS 18_7 like Mac OS X) AppleWebKit/605.1.15 (KHTML, like Gecko) Version/26.5.2 Mobile/15E148 Safari/604.1"
2402:7500:4e5:dc7d:5564:635:5408:a1b8 - - [27/Aug/2026:00:24:23 +0800] "GET /wp-content/themes/oceanwp/assets/js/vendors/flickity.pkgd.min.js HTTP/1.1" 200 15048 "https://www.fsjh.ilc.edu.tw/" "Mozilla/5.0 (iPhone; CPU iPhone OS 18_7 like Mac OS X) AppleWebKit/605.1.15 (KHTML, like Gecko) Version/26.5.2 Mobile/15E148 Safari/604.1"
2402:7500:4e5:dc7d:5564:635:5408:a1b8 - - [27/Aug/2026:00:24:23 +0800] "GET /wp-content/themes/oceanwp/assets/js/ow-slider.min.js HTTP/1.1" 200 1761 "https://www.fsjh.ilc.edu.tw/" "Mozilla/5.0 (iPhone; CPU iPhone OS 18_7 like Mac OS X) AppleWebKit/605.1.15 (KHTML, like Gecko) Version/26.5.2 Mobile/15E148 Safari/604.1"
2402:7500:4e5:dc7d:5564:635:5408:a1b8 - - [27/Aug/2026:00:24:23 +0800] "GET /wp-content/themes/oceanwp/assets/js/scroll-effect.min.js HTTP/1.1" 200 4127 "https://www.fsjh.ilc.edu.tw/" "Mozilla/5.0 (iPhone; CPU iPhone OS 18_7 like Mac OS X) AppleWebKit/605.1.15 (KHTML, like Gecko) Version/26.5.2 Mobile/15E148 Safari/604.1"
2402:7500:4e5:dc7d:5564:635:5408:a1b8 - - [27/Aug/2026:00:24:23 +0800] "GET /wp-content/themes/oceanwp/assets/js/scroll-top.min.js HTTP/1.1" 200 3202 "https://www.fsjh.ilc.edu.tw/" "Mozilla/5.0 (iPhone; CPU iPhone OS 18_7 like Mac OS X) AppleWebKit/605.1.15 (KHTML, like Gecko) Version/26.5.2 Mobile/15E148 Safari/604.1"
2402:7500:4e5:dc7d:5564:635:5408:a1b8 - - [27/Aug/2026:00:24:23 +0800] "GET /wp-content/plugins/ocean-extra/includes/widgets/js/flickr.min.js HTTP/1.1" 200 1319 "https://www.fsjh.ilc.edu.tw/" "Mozilla/5.0 (iPhone; CPU iPhone OS 18_7 like Mac OS X) AppleWebKit/605.1.15 (KHTML, like Gecko) Version/26.5.2 Mobile/15E148 Safari/604.1"
2402:7500:4e5:dc7d:5564:635:5408:a1b8 - - [27/Aug/2026:00:24:23 +0800] "GET /wp-content/themes/oceanwp/assets/js/select.min.js HTTP/1.1" 200 2408 "https://www.fsjh.ilc.edu.tw/" "Mozilla/5.0 (iPhone; CPU iPhone OS 18_7 like Mac OS X) AppleWebKit/605.1.15 (KHTML, like Gecko) Version/26.5.2 Mobile/15E148 Safari/604.1"
2402:7500:4e5:dc7d:5564:635:5408:a1b8 - - [27/Aug/2026:00:24:23 +0800] "GET /wp-content/plugins/elementor/assets/js/webpack.runtime.min.js HTTP/1.1" 200 3095 "https://www.fsjh.ilc.edu.tw/" "Mozilla/5.0 (iPhone; CPU iPhone OS 18_7 like Mac OS X) AppleWebKit/605.1.15 (KHTML, like Gecko) Version/26.5.2 Mobile/15E148 Safari/604.1"
2402:7500:4e5:dc7d:5564:635:5408:a1b8 - - [27/Aug/2026:00:24:23 +0800] "GET /wp-content/plugins/elementor-pro/assets/js/webpack-pro.runtime.min.js HTTP/1.1" 200 3562 "https://www.fsjh.ilc.edu.tw/" "Mozilla/5.0 (iPhone; CPU iPhone OS 18_7 like Mac OS X) AppleWebKit/605.1.15 (KHTML, like Gecko) Version/26.5.2 Mobile/15E148 Safari/604.1"
66.249.68.104 - - [27/Aug/2026:00:24:23 +0800] "GET /wp-content/themes/oceanwp/assets/js/ow-slider.min.js HTTP/1.1" 200 1761 "http://www.djps.ilc.edu.tw/" "Mozilla/5.0 (Linux; Android 6.0.1; Nexus 5X Build/MMB29P) AppleWebKit/537.36 (KHTML, like Gecko) Chrome/151.0.7922.137 Mobile Safari/537.36 (compatible; Googlebot/2.1; +http://www.google.com/bot.html)"
2402:7500:4e5:dc7d:5564:635:5408:a1b8 - - [27/Aug/2026:00:24:23 +0800] "GET /wp-content/plugins/elementor/assets/js/frontend-modules.min.js HTTP/1.1" 200 19416 "https://www.fsjh.ilc.edu.tw/" "Mozilla/5.0 (iPhone; CPU iPhone OS 18_7 like Mac OS X) AppleWebKit/605.1.15 (KHTML, like Gecko) Version/26.5.2 Mobile/15E148 Safari/604.1"
2402:7500:4e5:dc7d:5564:635:5408:a1b8 - - [27/Aug/2026:00:24:23 +0800] "GET /wp-includes/js/dist/hooks.min.js HTTP/1.1" 200 2421 "https://www.fsjh.ilc.edu.tw/" "Mozilla/5.0 (iPhone; CPU iPhone OS 18_7 like Mac OS X) AppleWebKit/605.1.15 (KHTML, like Gecko) Version/26.5.2 Mobile/15E148 Safari/604.1"
2402:7500:4e5:dc7d:5564:635:5408:a1b8 - - [27/Aug/2026:00:24:23 +0800] "GET /wp-includes/js/dist/i18n.min.js HTTP/1.1" 200 4547 "https://www.fsjh.ilc.edu.tw/" "Mozilla/5.0 (iPhone; CPU iPhone OS 18_7 like Mac OS X) AppleWebKit/605.1.15 (KHTML, like Gecko) Version/26.5.2 Mobile/15E148 Safari/604.1"
2402:7500:4e5:dc7d:5564:635:5408:a1b8 - - [27/Aug/2026:00:24:23 +0800] "GET /wp-content/plugins/elementor-pro/assets/js/frontend.min.js HTTP/1.1" 200 7574 "https://www.fsjh.ilc.edu.tw/" "Mozilla/5.0 (iPhone; CPU iPhone OS 18_7 like Mac OS X) AppleWebKit/605.1.15 (KHTML, like Gecko) Version/26.5.2 Mobile/15E148 Safari/604.1"
2402:7500:4e5:dc7d:5564:635:5408:a1b8 - - [27/Aug/2026:00:24:23 +0800] "GET /wp-content/plugins/elementor/assets/lib/waypoints/waypoints.min.js HTTP/1.1" 200 3873 "https://www.fsjh.ilc.edu.tw/" "Mozilla/5.0 (iPhone; CPU iPhone OS 18_7 like Mac OS X) AppleWebKit/605.1.15 (KHTML, like Gecko) Version/26.5.2 Mobile/15E148 Safari/604.1"
2402:7500:4e5:dc7d:5564:635:5408:a1b8 - - [27/Aug/2026:00:24:23 +0800] "GET /wp-includes/js/jquery/ui/core.min.js HTTP/1.1" 200 7986 "https://www.fsjh.ilc.edu.tw/" "Mozilla/5.0 (iPhone; CPU iPhone OS 18_7 like Mac OS X) AppleWebKit/605.1.15 (KHTML, like Gecko) Version/26.5.2 Mobile/15E148 Safari/604.1"
2402:7500:4e5:dc7d:5564:635:5408:a1b8 - - [27/Aug/2026:00:24:23 +0800] "GET /wp-content/plugins/elementor/assets/js/frontend.min.js HTTP/1.1" 200 13169 "https://www.fsjh.ilc.edu.tw/" "Mozilla/5.0 (iPhone; CPU iPhone OS 18_7 like Mac OS X) AppleWebKit/605.1.15 (KHTML, like Gecko) Version/26.5.2 Mobile/15E148 Safari/604.1"
2402:7500:4e5:dc7d:5564:635:5408:a1b8 - - [27/Aug/2026:00:24:23 +0800] "GET /wp-content/plugins/elementor-pro/assets/js/elements-handlers.min.js HTTP/1.1" 200 10882 "https://www.fsjh.ilc.edu.tw/" "Mozilla/5.0 (iPhone; CPU iPhone OS 18_7 like Mac OS X) AppleWebKit/605.1.15 (KHTML, like Gecko) Version/26.5.2 Mobile/15E148 Safari/604.1"
2402:7500:4e5:dc7d:5564:635:5408:a1b8 - - [27/Aug/2026:00:24:23 +0800] "GET /wp-content/themes/oceanwp/assets/fonts/fontawesome/webfonts/fa-regular-400.woff2 HTTP/1.1" 200 25383 "https://www.fsjh.ilc.edu.tw/" "Mozilla/5.0 (iPhone; CPU iPhone OS 18_7 like Mac OS X) AppleWebKit/605.1.15 (KHTML, like Gecko) Version/26.5.2 Mobile/15E148 Safari/604.1"
2402:7500:4e5:dc7d:5564:635:5408:a1b8 - - [27/Aug/2026:00:24:23 +0800] "GET /wp-content/uploads/sites/2666/2021/04/bg18.gif HTTP/1.1" 200 4792 "https://www.fsjh.ilc.edu.tw/" "Mozilla/5.0 (iPhone; CPU iPhone OS 18_7 like Mac OS X) AppleWebKit/605.1.15 (KHTML, like Gecko) Version/26.5.2 Mobile/15E148 Safari/604.1"
2402:7500:4e5:dc7d:5564:635:5408:a1b8 - - [27/Aug/2026:00:24:23 +0800] "GET /wp-content/plugins/wp-dtree-30/dtree-img/join.gif HTTP/1.1" 200 894 "https://www.fsjh.ilc.edu.tw/" "Mozilla/5.0 (iPhone; CPU iPhone OS 18_7 like Mac OS X) AppleWebKit/605.1.15 (KHTML, like Gecko) Version/26.5.2 Mobile/15E148 Safari/604.1"
2402:7500:4e5:dc7d:5564:635:5408:a1b8 - - [27/Aug/2026:00:24:23 +0800] "GET /wp-content/uploads/sites/2666/2021/04/BLOG_Banner.jpg HTTP/1.1" 200 103266 "https://www.fsjh.ilc.edu.tw/" "Mozilla/5.0 (iPhone; CPU iPhone OS 18_7 like Mac OS X) AppleWebKit/605.1.15 (KHTML, like Gecko) Version/26.5.2 Mobile/15E148 Safari/604.1"
2402:7500:4e5:dc7d:5564:635:5408:a1b8 - - [27/Aug/2026:00:24:23 +0800] "GET /wp-content/plugins/wp-dtree-30/dtree-img/joinbottom.gif HTTP/1.1" 200 891 "https://www.fsjh.ilc.edu.tw/" "Mozilla/5.0 (iPhone; CPU iPhone OS 18_7 like Mac OS X) AppleWebKit/605.1.15 (KHTML, like Gecko) Version/26.5.2 Mobile/15E148 Safari/604.1"
140.111.67.195 - - [27/Aug/2026:00:24:24 +0800] "GET /wp-admin/admin-post.php?action=steps_ad HTTP/1.1" 200 1973 "-" "node-fetch/1.0 (+https://github.com/bitinn/node-fetch)"
66.249.68.104 - - [27/Aug/2026:00:24:24 +0800] "GET /wp-includes/js/mediaelement/mediaelement-and-player.min.js HTTP/1.1" 200 39802 "http://www.djps.ilc.edu.tw/" "Mozilla/5.0 (Linux; Android 6.0.1; Nexus 5X Build/MMB29P) AppleWebKit/537.36 (KHTML, like Gecko) Chrome/151.0.7922.137 Mobile Safari/537.36 (compatible; Googlebot/2.1; +http://www.google.com/bot.html)"
66.249.68.104 - - [27/Aug/2026:00:24:25 +0800] "GET /wp-content/themes/oceanwp/assets/js/drop-down-search.min.js HTTP/1.1" 200 2968 "http://www.djps.ilc.edu.tw/" "Mozilla/5.0 (Linux; Android 6.0.1; Nexus 5X Build/MMB29P) AppleWebKit/537.36 (KHTML, like Gecko) Chrome/151.0.7922.137 Mobile Safari/537.36 (compatible; Googlebot/2.1; +http://www.google.com/bot.html)"
2001:288:a201::66:125 - - [27/Aug/2026:00:24:25 +0800] "GET /blog/active.php HTTP/1.1" 301 1026 "-" "-"
2001:288:a201::66:125 - - [27/Aug/2026:00:24:25 +0800] "GET /blog/active.php HTTP/1.1" 404 1084 "-" "-"
82.22.84.200 - - [27/Aug/2026:00:24:26 +0800] "GET /sun520/wp-content/uploads/sites/3900/2024/11/IMG_0260-300x200.jpg HTTP/1.1" 200 19904 "-" "Mozilla/5.0 (compatible; crawler)"
66.249.68.104 - - [27/Aug/2026:00:24:26 +0800] "GET /wp-content/themes/oceanwp/assets/js/full-screen-menu.min.js HTTP/1.1" 200 4064 "http://www.djps.ilc.edu.tw/" "Mozilla/5.0 AppleWebKit/537.36 (KHTML, like Gecko; compatible; Googlebot/2.1; +http://www.google.com/bot.html) Chrome/151.0.7922.137 Safari/537.36"
::1 - - [27/Aug/2026:00:24:26 +0800] "OPTIONS * HTTP/1.0" 200 110 "-" "Apache/2.4.68 (Ubuntu) OpenSSL/3.0.19 (internal dummy connection)"
2409:8c50:da00:10::c2 - - [27/Aug/2026:00:24:27 +0800] "GET /category/c-14347/page/4/ HTTP/1.1" 200 16143 "-" "Mozilla/5.0 (Windows NT 10.0; Win64; x64) AppleWebKit/537.36 (KHTML, like Gecko) Chrome/144.0.0.0 Safari/537.36"
140.111.67.10 - - [27/Aug/2026:00:24:27 +0800] "GET /" 301 273 "-" "-"
2408:8726:2000:a::132a - - [27/Aug/2026:00:24:28 +0800] "GET /wp-content/uploads/sites/1148/2026/08/cropped-%E6%A0%A1%E5%BE%BD-609x1024-1-32x32.png HTTP/1.1" 200 7023 "https://www.najh.ilc.edu.tw/2019/11/18/%e3%80%8c%e7%ac%ac%e4%b8%80%e5%b1%86%e8%87%ba%e7%81%a3%e5%9c%8b%e9%9a%9b%e8%8c%b6%e7%a2%97%e7%af%80%e3%80%8d/" "Mozilla/5.0 (Windows NT 10.0; Win64; x64) AppleWebKit/537.36 (KHTML, like Gecko) Chrome/144.0.0.0 Safari/537.36"
::1 - - [27/Aug/2026:00:24:28 +0800] "OPTIONS * HTTP/1.0" 200 110 "-" "Apache/2.4.68 (Ubuntu) OpenSSL/3.0.19 (internal dummy connection)"
36.229.224.186 - - [27/Aug/2026:00:24:28 +0800] "GET /wp-content/uploads/sites/3846/2023/05/%E6%95%B8%E4%BD%8D%E5%AD%B8%E7%BF%92%E6%94%AF%E6%8C%81%E5%B9%B3%E5%8F%B0-Banner.png HTTP/1.1" 200 21380 "https://www.ilc.edu.tw/" "Mozilla/5.0 (iPhone; CPU iPhone OS 18_7 like Mac OS X) AppleWebKit/605.1.15 (KHTML, like Gecko) Version/26.5.2 Mobile/15E148 Safari/604.1"
36.229.224.186 - - [27/Aug/2026:00:24:28 +0800] "GET /wp-content/uploads/sites/3846/2024/01/%E7%A7%91%E6%8A%80%E9%A0%98%E5%9F%9F%E6%87%89%E7%94%A8%E7%AB%B6%E8%B3%BD.png HTTP/1.1" 200 25117 "https://www.ilc.edu.tw/" "Mozilla/5.0 (iPhone; CPU iPhone OS 18_7 like Mac OS X) AppleWebKit/605.1.15 (KHTML, like Gecko) Version/26.5.2 Mobile/15E148 Safari/604.1"
36.229.224.186 - - [27/Aug/2026:00:24:28 +0800] "GET /wp-content/uploads/sites/3846/2023/05/%E6%94%BF%E7%AD%96%E6%A5%AD%E5%8B%99%E5%AE%A3%E5%B0%8E-banner.png HTTP/1.1" 200 19385 "https://www.ilc.edu.tw/" "Mozilla/5.0 (iPhone; CPU iPhone OS 18_7 like Mac OS X) AppleWebKit/605.1.15 (KHTML, like Gecko) Version/26.5.2 Mobile/15E148 Safari/604.1"
36.229.224.186 - - [27/Aug/2026:00:24:29 +0800] "GET /wp-content/uploads/sites/3846/2024/04/%E5%AD%B8%E6%A0%A1%E7%94%A8%E5%9C%B0.png HTTP/1.1" 200 19801 "https://www.ilc.edu.tw/" "Mozilla/5.0 (iPhone; CPU iPhone OS 18_7 like Mac OS X) AppleWebKit/605.1.15 (KHTML, like Gecko) Version/26.5.2 Mobile/15E148 Safari/604.1"
2409:8c50:da00:10::c2 - - [27/Aug/2026:00:24:29 +0800] "GET /wp-content/cache/ilta.ilc.edu.tw/wpfc-minified/30cml7nx/6wvk.css HTTP/1.1" 200 40877 "https://ilta.ilc.edu.tw/category/c-14347/page/4/" "Mozilla/5.0 (Windows NT 10.0; Win64; x64) AppleWebKit/537.36 (KHTML, like Gecko) Chrome/144.0.0.0 Safari/537.36"
66.249.79.128 - - [27/Aug/2026:00:24:27 +0800] "GET /wp-login.php?key=bfl6q382&_wpnonce=&action=ilc_logout&redirect_to=https%3A%2F%2Fplay.google.com%2Fstore%2Fapps%2Fdetails%3Fid%3Dcom.us.dyjycbt.google HTTP/1.1" 302 8281 "-" "Mozilla/5.0 (Linux; Android 6.0.1; Nexus 5X Build/MMB29P) AppleWebKit/537.36 (KHTML, like Gecko) Chrome/151.0.7922.173 Mobile Safari/537.36 (compatible; Googlebot/2.1; +http://www.google.com/bot.html)"
36.229.224.186 - - [27/Aug/2026:00:24:29 +0800] "GET /wp-content/uploads/sites/3846/2025/05/%E8%BC%AA%E6%92%AD%E5%9C%96%E8%AA%BF%E5%A4%A7%E5%B0%8F_%E6%95%99%E8%82%B2%E8%99%95%E5%B0%8Fbanner.png HTTP/1.1" 200 6660 "https://www.ilc.edu.tw/" "Mozilla/5.0 (iPhone; CPU iPhone OS 18_7 like Mac OS X) AppleWebKit/605.1.15 (KHTML, like Gecko) Version/26.5.2 Mobile/15E148 Safari/604.1"
66.249.68.104 - - [27/Aug/2026:00:24:29 +0800] "GET /wp-content/themes/oceanwp/assets/js/drop-down-search.min.js HTTP/1.1" 200 2968 "http://www.djps.ilc.edu.tw/" "Mozilla/5.0 AppleWebKit/537.36 (KHTML, like Gecko; compatible; Googlebot/2.1; +http://www.google.com/bot.html) Chrome/151.0.7922.137 Safari/537.36"
36.229.224.186 - - [27/Aug/2026:00:24:29 +0800] "GET /wp-content/uploads/sites/3846/2025/05/%E8%AA%9E%E6%96%87%E7%AB%B6%E8%B3%BD180X50.png HTTP/1.1" 200 10112 "https://www.ilc.edu.tw/" "Mozilla/5.0 (iPhone; CPU iPhone OS 18_7 like Mac OS X) AppleWebKit/605.1.15 (KHTML, like Gecko) Version/26.5.2 Mobile/15E148 Safari/604.1"
36.229.224.186 - - [27/Aug/2026:00:24:29 +0800] "GET /wp-content/uploads/sites/3846/2023/05/%E8%88%9E%E8%B9%88%E6%AF%94%E8%B3%BD-banner.jpg HTTP/1.1" 200 9565 "https://www.ilc.edu.tw/" "Mozilla/5.0 (iPhone; CPU iPhone OS 18_7 like Mac OS X) AppleWebKit/605.1.15 (KHTML, like Gecko) Version/26.5.2 Mobile/15E148 Safari/604.1"
36.229.224.186 - - [27/Aug/2026:00:24:29 +0800] "GET /wp-content/uploads/sites/3846/2025/09/%E6%95%99%E8%82%B2%E8%99%95%E6%B4%BB%E5%8B%95%E5%B0%88%E5%8D%80%E5%B0%8F%E5%9C%96-4-2.png HTTP/1.1" 200 21768 "https://www.ilc.edu.tw/" "Mozilla/5.0 (iPhone; CPU iPhone OS 18_7 like Mac OS X) AppleWebKit/605.1.15 (KHTML, like Gecko) Version/26.5.2 Mobile/15E148 Safari/604.1"
36.229.224.186 - - [27/Aug/2026:00:24:29 +0800] "GET /wp-content/uploads/sites/3846/2025/09/%E6%95%99%E8%82%B2%E8%99%95%E6%B4%BB%E5%8B%95%E5%B0%88%E5%8D%80%E5%B0%8F%E5%9C%96-3.png HTTP/1.1" 200 12380 "https://www.ilc.edu.tw/" "Mozilla/5.0 (iPhone; CPU iPhone OS 18_7 like Mac OS X) AppleWebKit/605.1.15 (KHTML, like Gecko) Version/26.5.2 Mobile/15E148 Safari/604.1"
36.229.224.186 - - [27/Aug/2026:00:24:30 +0800] "GET /wp-content/uploads/sites/3846/2025/07/%E6%95%99%E8%82%B2%E8%99%95%E9%A6%96%E9%A0%81_%E5%B0%8Fbanner_%E5%AE%9C%E8%98%AD%E7%B8%A3%E6%94%BF%E5%BA%9C%E5%9C%8B%E4%B8%AD%E5%B0%8F%E6%AD%A3%E5%B8%B8%E6%95%99%E5%AD%B8%E8%A6%96%E5%B0%8E-1.png HTTP/1.1" 200 8670 "https://www.ilc.edu.tw/" "Mozilla/5.0 (iPhone; CPU iPhone OS 18_7 like Mac OS X) AppleWebKit/605.1.15 (KHTML, like Gecko) Version/26.5.2 Mobile/15E148 Safari/604.1"
36.229.224.186 - - [27/Aug/2026:00:24:30 +0800] "GET /wp-content/uploads/sites/3846/2025/09/%E6%95%99%E8%82%B2%E8%99%95%E6%B4%BB%E5%8B%95%E5%B0%88%E5%8D%80%E5%B0%8F%E5%9C%96-2-3.png HTTP/1.1" 200 9664 "https://www.ilc.edu.tw/" "Mozilla/5.0 (iPhone; CPU iPhone OS 18_7 like Mac OS X) AppleWebKit/605.1.15 (KHTML, like Gecko) Version/26.5.2 Mobile/15E148 Safari/604.1"
2001:288:a201::66:125 - - [27/Aug/2026:00:24:30 +0800] "GET /blog/active.php HTTP/1.1" 301 1026 "-" "-"
2001:288:a201::66:125 - - [27/Aug/2026:00:24:30 +0800] "GET /blog/active.php HTTP/1.1" 404 1084 "-" "-"
2409:8c50:da00:10::c2 - - [27/Aug/2026:00:24:30 +0800] "GET /wp-content/cache/ilta.ilc.edu.tw/wpfc-minified/l07fx5lw/6wvk.css HTTP/1.1" 200 16121 "https://ilta.ilc.edu.tw/category/c-14347/page/4/" "Mozilla/5.0 (Windows NT 10.0; Win64; x64) AppleWebKit/537.36 (KHTML, like Gecko) Chrome/144.0.0.0 Safari/537.36"
2409:8c50:da00:10::c2 - - [27/Aug/2026:00:24:30 +0800] "GET /wp-content/cache/ilta.ilc.edu.tw/wpfc-minified/qm0ohmet/6wvk.css HTTP/1.1" 200 1496 "https://ilta.ilc.edu.tw/category/c-14347/page/4/" "Mozilla/5.0 (Windows NT 10.0; Win64; x64) AppleWebKit/537.36 (KHTML, like Gecko) Chrome/144.0.0.0 Safari/537.36"
2409:8c50:da00:10::c2 - - [27/Aug/2026:00:24:31 +0800] "GET /wp-content/cache/ilta.ilc.edu.tw/wpfc-minified/1qjpbzp9/6wvk.js HTTP/1.1" 200 40344 "https://ilta.ilc.edu.tw/category/c-14347/page/4/" "Mozilla/5.0 (Windows NT 10.0; Win64; x64) AppleWebKit/537.36 (KHTML, like Gecko) Chrome/144.0.0.0 Safari/537.36"
2409:8c50:da00:10::c2 - - [27/Aug/2026:00:24:31 +0800] "GET /wp-content/cache/ilta.ilc.edu.tw/wpfc-minified/7vo8n6iy/6wvk.css HTTP/1.1" 200 65503 "https://ilta.ilc.edu.tw/category/c-14347/page/4/" "Mozilla/5.0 (Windows NT 10.0; Win64; x64) AppleWebKit/537.36 (KHTML, like Gecko) Chrome/144.0.0.0 Safari/537.36"
66.249.71.40 - - [27/Aug/2026:00:24:31 +0800] "GET /wp-content/uploads/sites/233/1003/1003-3459102.jpg HTTP/1.1" 304 5569 "-" "Googlebot-Image/1.0"
220.133.231.194 - - [27/Aug/2026:00:24:31 +0800] "-" 408 339 "-" "-"
2409:8c50:da00:10::c2 - - [27/Aug/2026:00:24:31 +0800] "GET /wp-includes/js/hoverintent-js.min.js HTTP/1.1" 200 1936 "https://ilta.ilc.edu.tw/category/c-14347/page/4/" "Mozilla/5.0 (Windows NT 10.0; Win64; x64) AppleWebKit/537.36 (KHTML, like Gecko) Chrome/144.0.0.0 Safari/537.36"
36.229.224.186 - - [27/Aug/2026:00:24:31 +0800] "GET /wp-content/uploads/sites/3846/2026/08/%E6%95%99%E8%82%B2%E8%99%95%E6%B4%BB%E5%8B%95%E5%B0%88%E5%8D%80%E5%B0%8F%E5%9C%96-7.png HTTP/1.1" 200 17642 "https://www.ilc.edu.tw/" "Mozilla/5.0 (iPhone; CPU iPhone OS 18_7 like Mac OS X) AppleWebKit/605.1.15 (KHTML, like Gecko) Version/26.5.2 Mobile/15E148 Safari/604.1"
36.229.224.186 - - [27/Aug/2026:00:24:31 +0800] "GET /wp-content/uploads/sites/3846/2025/09/%E6%95%99%E8%82%B2%E8%99%95%E6%B4%BB%E5%8B%95%E5%B0%88%E5%8D%80%E5%B0%8F%E5%9C%96-2-2.png HTTP/1.1" 200 15789 "https://www.ilc.edu.tw/" "Mozilla/5.0 (iPhone; CPU iPhone OS 18_7 like Mac OS X) AppleWebKit/605.1.15 (KHTML, like Gecko) Version/26.5.2 Mobile/15E148 Safari/604.1"
2409:8c50:da00:10::c2 - - [27/Aug/2026:00:24:32 +0800] "GET /wp-includes/js/imagesloaded.min.js HTTP/1.1" 200 2683 "https://ilta.ilc.edu.tw/category/c-14347/page/4/" "Mozilla/5.0 (Windows NT 10.0; Win64; x64) AppleWebKit/537.36 (KHTML, like Gecko) Chrome/144.0.0.0 Safari/537.36"
140.111.67.10 - - [27/Aug/2026:00:24:32 +0800] "GET /" 301 273 "-" "-"
2409:8c50:da00:10::c2 - - [27/Aug/2026:00:24:32 +0800] "GET /wp-content/themes/oceanwp/assets/js/theme.min.js HTTP/1.1" 200 5130 "https://ilta.ilc.edu.tw/category/c-14347/page/4/" "Mozilla/5.0 (Windows NT 10.0; Win64; x64) AppleWebKit/537.36 (KHTML, like Gecko) Chrome/144.0.0.0 Safari/537.36"
2409:8c50:da00:10::c2 - - [27/Aug/2026:00:24:32 +0800] "GET /wp-content/themes/oceanwp/assets/js/drop-down-mobile-menu.min.js HTTP/1.1" 200 4663 "https://ilta.ilc.edu.tw/category/c-14347/page/4/" "Mozilla/5.0 (Windows NT 10.0; Win64; x64) AppleWebKit/537.36 (KHTML, like Gecko) Chrome/144.0.0.0 Safari/537.36"
2409:8c50:da00:10::c2 - - [27/Aug/2026:00:24:32 +0800] "GET /wp-includes/js/admin-bar.min.js HTTP/1.1" 200 2237 "https://ilta.ilc.edu.tw/category/c-14347/page/4/" "Mozilla/5.0 (Windows NT 10.0; Win64; x64) AppleWebKit/537.36 (KHTML, like Gecko) Chrome/144.0.0.0 Safari/537.36"
2409:8c50:da00:10::c2 - - [27/Aug/2026:00:24:32 +0800] "GET /wp-content/themes/oceanwp/assets/js/drop-down-search.min.js HTTP/1.1" 200 2968 "https://ilta.ilc.edu.tw/category/c-14347/page/4/" "Mozilla/5.0 (Windows NT 10.0; Win64; x64) AppleWebKit/537.36 (KHTML, like Gecko) Chrome/144.0.0.0 Safari/537.36"
2a01:4f9:c010:7602::1 - - [27/Aug/2026:00:24:32 +0800] "GET /iljhs/iljhs.htm HTTP/1.1" 404 48491 "-" "Mozilla/5.0 (Windows NT 10.0; Win64; x64; rv:148.0) Gecko/20100101 Firefox/148.0"
2409:8c50:da00:10::c2 - - [27/Aug/2026:00:24:33 +0800] "GET /wp-content/themes/oceanwp/assets/js/vendors/magnific-popup.min.js HTTP/1.1" 200 8270 "https://ilta.ilc.edu.tw/category/c-14347/page/4/" "Mozilla/5.0 (Windows NT 10.0; Win64; x64) AppleWebKit/537.36 (KHTML, like Gecko) Chrome/144.0.0.0 Safari/537.36"
2409:8c50:da00:10::c2 - - [27/Aug/2026:00:24:33 +0800] "GET /wp-content/themes/oceanwp/assets/js/ow-lightbox.min.js HTTP/1.1" 200 2321 "https://ilta.ilc.edu.tw/category/c-14347/page/4/" "Mozilla/5.0 (Windows NT 10.0; Win64; x64) AppleWebKit/537.36 (KHTML, like Gecko) Chrome/144.0.0.0 Safari/537.36"
2409:8c50:da00:10::c2 - - [27/Aug/2026:00:24:33 +0800] "GET /wp-content/themes/oceanwp/assets/js/vendors/flickity.pkgd.min.js HTTP/1.1" 200 15048 "https://ilta.ilc.edu.tw/category/c-14347/page/4/" "Mozilla/5.0 (Windows NT 10.0; Win64; x64) AppleWebKit/537.36 (KHTML, like Gecko) Chrome/144.0.0.0 Safari/537.36"
2409:8c50:da00:10::c2 - - [27/Aug/2026:00:24:33 +0800] "GET /wp-content/themes/oceanwp/assets/js/ow-slider.min.js HTTP/1.1" 200 1761 "https://ilta.ilc.edu.tw/category/c-14347/page/4/" "Mozilla/5.0 (Windows NT 10.0; Win64; x64) AppleWebKit/537.36 (KHTML, like Gecko) Chrome/144.0.0.0 Safari/537.36"
2409:8c50:da00:10::c2 - - [27/Aug/2026:00:24:33 +0800] "GET /wp-content/themes/oceanwp/assets/js/scroll-effect.min.js HTTP/1.1" 200 4127 "https://ilta.ilc.edu.tw/category/c-14347/page/4/" "Mozilla/5.0 (Windows NT 10.0; Win64; x64) AppleWebKit/537.36 (KHTML, like Gecko) Chrome/144.0.0.0 Safari/537.36"
66.249.79.138 - - [27/Aug/2026:00:24:31 +0800] "GET /wp-login.php?key=wtgu3386&_wpnonce=&action=ilc_logout&redirect_to=https%3A%2F%2Fplay.google.com%2Fstore%2Fapps%2Fdetails%3Fid%3Dcom.us.dyjycbt.google HTTP/1.1" 302 8281 "-" "Mozilla/5.0 (Linux; Android 6.0.1; Nexus 5X Build/MMB29P) AppleWebKit/537.36 (KHTML, like Gecko) Chrome/151.0.7922.173 Mobile Safari/537.36 (compatible; Googlebot/2.1; +http://www.google.com/bot.html)"
66.249.71.39 - - [27/Aug/2026:00:24:34 +0800] "GET /1003/wp-content/uploads/sites/233/2019/03/Snipaste_2019-03-24_21-51-10-300x29.jpg HTTP/1.1" 301 1195 "-" "Googlebot-Image/1.0"
2409:8c50:da00:10::c2 - - [27/Aug/2026:00:24:34 +0800] "GET /wp-content/themes/oceanwp/assets/js/scroll-top.min.js HTTP/1.1" 200 3202 "https://ilta.ilc.edu.tw/category/c-14347/page/4/" "Mozilla/5.0 (Windows NT 10.0; Win64; x64) AppleWebKit/537.36 (KHTML, like Gecko) Chrome/144.0.0.0 Safari/537.36"
2409:8c50:da00:10::c2 - - [27/Aug/2026:00:24:34 +0800] "GET /wp-content/themes/oceanwp/assets/js/select.min.js HTTP/1.1" 200 2408 "https://ilta.ilc.edu.tw/category/c-14347/page/4/" "Mozilla/5.0 (Windows NT 10.0; Win64; x64) AppleWebKit/537.36 (KHTML, like Gecko) Chrome/144.0.0.0 Safari/537.36"
2409:8c50:da00:10::c2 - - [27/Aug/2026:00:24:34 +0800] "GET /wp-content/plugins/ocean-extra/includes/widgets/js/flickr.min.js HTTP/1.1" 200 1319 "https://ilta.ilc.edu.tw/category/c-14347/page/4/" "Mozilla/5.0 (Windows NT 10.0; Win64; x64) AppleWebKit/537.36 (KHTML, like Gecko) Chrome/144.0.0.0 Safari/537.36"
66.249.71.40 - - [27/Aug/2026:00:24:34 +0800] "GET /1003/wp-content/uploads/sites/233/2019/03/Snipaste_2019-03-24_21-51-10-300x29.jpg HTTP/1.1" 200 4866 "-" "Googlebot-Image/1.0"
66.249.68.105 - - [27/Aug/2026:00:24:35 +0800] "GET /favicon.ico HTTP/1.1" 302 1070 "-" "Googlebot-Image/1.0"
2001:288:a201::66:125 - - [27/Aug/2026:00:24:35 +0800] "GET /blog/active.php HTTP/1.1" 301 1026 "-" "-"
2001:288:a201::66:125 - - [27/Aug/2026:00:24:35 +0800] "GET /blog/active.php HTTP/1.1" 404 1084 "-" "-"
2409:8c50:da00:10::c2 - - [27/Aug/2026:00:24:35 +0800] "GET /wp-content/themes/oceanwp/assets/fonts/simple-line-icons/Simple-Line-Icons.woff2?v=2.4.0 HTTP/1.1" 200 30959 "https://ilta.ilc.edu.tw/wp-content/cache/ilta.ilc.edu.tw/wpfc-minified/7vo8n6iy/6wvk.css" "Mozilla/5.0 (Windows NT 10.0; Win64; x64) AppleWebKit/537.36 (KHTML, like Gecko) Chrome/144.0.0.0 Safari/537.36"
185.191.171.16 - - [27/Aug/2026:00:24:35 +0800] "GET /kkes601/2020/11/18/%E5%85%AD%E5%B9%B4%E7%B4%9A%E5%8D%87%E5%AD%B8%E8%BC%94%E5%B0%8E/20201109%E5%85%AD%E5%B9%B4%E7%B4%9A%E5%8D%87%E5%AD%B8%E8%BC%94%E5%B0%8E%E6%85%A7%E7%87%88%E4%B8%AD%E5%AD%B8_201109_60/ HTTP/1.1" 200 14850 "-" "Mozilla/5.0 (compatible; SemrushBot/7~bl; +http://www.semrush.com/bot.html)"
66.249.79.172 - - [27/Aug/2026:00:24:36 +0800] "GET /blog/gallery/21744/21744-2693042.png HTTP/1.1" 404 25463 "-" "Googlebot-Image/1.0"
2001:b011:7801:db0b:5a12:a980:6768:7fef - - [27/Aug/2026:00:24:37 +0800] "-" 408 339 "-" "-"
2001:b011:7801:db0b:5a12:a980:6768:7fef - - [27/Aug/2026:00:24:37 +0800] "-" 408 339 "-" "-"
23.251.146.115 - - [27/Aug/2026:00:24:37 +0800] "HEAD /category/uncategorized HTTP/1.1" 301 5708 "-" "Mozilla/5.0 AppleWebKit/537.36 (KHTML, like Gecko); compatible; ShapBot/0.1.0"
140.111.67.10 - - [27/Aug/2026:00:24:37 +0800] "GET /" 301 273 "-" "-"
23.251.146.115 - - [27/Aug/2026:00:24:37 +0800] "HEAD /category/uncategorized HTTP/1.1" 301 907 "-" "Mozilla/5.0 AppleWebKit/537.36 (KHTML, like Gecko); compatible; ShapBot/0.1.0"
23.251.146.115 - - [27/Aug/2026:00:24:37 +0800] "HEAD /category/uncategorized/ HTTP/1.1" 200 995 "-" "Mozilla/5.0 AppleWebKit/537.36 (KHTML, like Gecko); compatible; ShapBot/0.1.0"
17.246.23.65 - - [27/Aug/2026:00:24:37 +0800] "GET /32745/2020/08/23/%E8%B5%B0%E5%94%B1%E9%81%8E%E4%B8%80%E7%94%9F/ HTTP/1.1" 200 91738 "-" "Mozilla/5.0 (Macintosh; Intel Mac OS X 10_15_7) AppleWebKit/605.1.15 (KHTML, like Gecko) Version/17.4 Safari/605.1.15 (Applebot/0.1; +http://www.apple.com/go/applebot)"
66.249.68.104 - - [27/Aug/2026:00:24:37 +0800] "GET /wp-content/uploads/sites/997/2024/02/cropped-%E5%A4%A7%E9%80%B2-32x32.jpg HTTP/1.1" 200 6754 "-" "Googlebot-Image/1.0"
23.251.146.115 - - [27/Aug/2026:00:24:37 +0800] "GET /category/uncategorized HTTP/1.1" 301 926 "-" "Mozilla/5.0 AppleWebKit/537.36 (KHTML, like Gecko); compatible; ShapBot/0.1.0"
23.251.146.115 - - [27/Aug/2026:00:24:38 +0800] "GET /category/uncategorized/ HTTP/1.1" 200 17209 "-" "Mozilla/5.0 AppleWebKit/537.36 (KHTML, like Gecko); compatible; ShapBot/0.1.0"
2409:8c50:da00:10::c2 - - [27/Aug/2026:00:24:35 +0800] "GET /wp-content/themes/oceanwp/assets/fonts/fontawesome/webfonts/fa-solid-900.woff2 HTTP/1.1" 200 143574 "https://ilta.ilc.edu.tw/wp-content/cache/ilta.ilc.edu.tw/wpfc-minified/7vo8n6iy/6wvk.css" "Mozilla/5.0 (Windows NT 10.0; Win64; x64) AppleWebKit/537.36 (KHTML, like Gecko) Chrome/144.0.0.0 Safari/537.36"
::1 - - [27/Aug/2026:00:24:38 +0800] "OPTIONS * HTTP/1.0" 200 110 "-" "Apache/2.4.68 (Ubuntu) OpenSSL/3.0.19 (internal dummy connection)"
