17.246.23.65 - - [27/Aug/2026:00:24:38 +0800] "GET /32745/wp-content/cache/2blog.ilc.edu.tw/wpfc-minified/qhgmkf5a/5wowx.css HTTP/1.1" 200 18541 "https://2blog.ilc.edu.tw/32745/2020/08/23/%e8%b5%b0%e5%94%b1%e9%81%8e%e4%b8%80%e7%94%9f/" "Mozilla/5.0 (Macintosh; Intel Mac OS X 10_15_7) AppleWebKit/605.1.15 (KHTML, like Gecko) Version/17.4 Safari/605.1.15 (Applebot/0.1; +http://www.apple.com/go/applebot)"
::1 - - [27/Aug/2026:00:24:39 +0800] "OPTIONS * HTTP/1.0" 200 110 "-" "Apache/2.4.68 (Ubuntu) OpenSSL/3.0.19 (internal dummy connection)"
17.246.23.65 - - [27/Aug/2026:00:24:40 +0800] "GET /32745/wp-content/cache/2blog.ilc.edu.tw/wpfc-minified/f3ifmbuo/5wowx.js HTTP/1.1" 200 3458 "https://2blog.ilc.edu.tw/32745/2020/08/23/%e8%b5%b0%e5%94%b1%e9%81%8e%e4%b8%80%e7%94%9f/" "Mozilla/5.0 (Macintosh; Intel Mac OS X 10_15_7) AppleWebKit/605.1.15 (KHTML, like Gecko) Version/17.4 Safari/605.1.15 (Applebot/0.1; +http://www.apple.com/go/applebot)"
2001:288:a201::66:125 - - [27/Aug/2026:00:24:40 +0800] "GET /blog/active.php HTTP/1.1" 301 1026 "-" "-"
66.249.79.138 - - [27/Aug/2026:00:24:38 +0800] "GET /wp-login.php?key=8lhdq374&_wpnonce=&action=ilc_logout&redirect_to=https%3A%2F%2Fplay.google.com%2Fstore%2Fapps%2Fdetails%3Fid%3Dcom.us.dyjycbt.google HTTP/1.1" 302 8281 "-" "Mozilla/5.0 (Linux; Android 6.0.1; Nexus 5X Build/MMB29P) AppleWebKit/537.36 (KHTML, like Gecko) Chrome/151.0.7922.173 Mobile Safari/537.36 (compatible; Googlebot/2.1; +http://www.google.com/bot.html)"
2001:288:a201::66:125 - - [27/Aug/2026:00:24:40 +0800] "GET /blog/active.php HTTP/1.1" 404 1084 "-" "-"
::1 - - [27/Aug/2026:00:24:40 +0800] "OPTIONS * HTTP/1.0" 200 110 "-" "Apache/2.4.68 (Ubuntu) OpenSSL/3.0.19 (internal dummy connection)"
34.57.162.91 - - [27/Aug/2026:00:24:40 +0800] "GET /32745/wp-json/wp/v2/posts/111430 HTTP/1.1" 200 14264 "-" "Mozilla/5.0 (Macintosh; Intel Mac OS X 10_15_7) AppleWebKit/537.36 (KHTML, like Gecko) Chrome/120.0.0.0 Safari/537.36"
66.249.68.39 - - [27/Aug/2026:00:24:41 +0800] "GET /wp-content/uploads/sites/1155/2022/03/14.jpg HTTP/1.1" 304 5576 "-" "Googlebot-Image/1.0"
2407:4b00:4c00:84cd:c7f3:406d:1de0:4c48 - - [27/Aug/2026:00:24:41 +0800] "GET /wp-content/uploads/sites/3846/2023/07/%E6%95%99%E8%82%B2%E8%99%95%E5%85%AB%E5%A4%A7%E6%96%B9%E9%87%9D.png HTTP/1.1" 200 200327 "https://it.ilc.edu.tw/" "Mozilla/5.0 (Linux; Android 10; K) AppleWebKit/537.36 (KHTML, like Gecko) Chrome/151.0.0.0 Mobile Safari/537.36"
52.167.144.142 - - [27/Aug/2026:00:24:41 +0800] "GET /nalangedu/tag/%E5%AF%A6%E6%96%BD%E8%A8%88%E7%95%AB/ HTTP/1.1" 200 13842 "-" "Mozilla/5.0 AppleWebKit/537.36 (KHTML, like Gecko; compatible; bingbot/2.0; +http://www.bing.com/bingbot.htm) Chrome/116.0.1938.76 Safari/537.36"
34.171.68.95 - - [27/Aug/2026:00:24:41 +0800] "GET /112/?p=237 HTTP/1.1" 301 5709 "-" "Mozilla/5.0 (Macintosh; Intel Mac OS X 10_15_7) AppleWebKit/537.36 (KHTML, like Gecko) Chrome/120.0.0.0 Safari/537.36"
52.55.58.190 - - [27/Aug/2026:00:24:41 +0800] "GET /robots.txt HTTP/1.1" 200 5608 "-" "Mozilla/5.0 (Macintosh; Intel Mac OS X 10_10_1) AppleWebKit/600.2.5 (KHTML, like Gecko) Version/8.0.2 Safari/600.2.5 (Gort)"
17.246.23.65 - - [27/Aug/2026:00:24:41 +0800] "GET /32745/wp-content/cache/2blog.ilc.edu.tw/wpfc-minified/eh58b1lb/5wowx.css HTTP/1.1" 200 4324 "https://2blog.ilc.edu.tw/32745/2020/08/23/%e8%b5%b0%e5%94%b1%e9%81%8e%e4%b8%80%e7%94%9f/" "Mozilla/5.0 (Macintosh; Intel Mac OS X 10_15_7) AppleWebKit/605.1.15 (KHTML, like Gecko) Version/17.4 Safari/605.1.15 (Applebot/0.1; +http://www.apple.com/go/applebot)"
23.251.146.115 - - [27/Aug/2026:00:24:41 +0800] "HEAD /author/su/page/3 HTTP/1.1" 301 5702 "-" "Mozilla/5.0 AppleWebKit/537.36 (KHTML, like Gecko); compatible; ShapBot/0.1.0"
23.251.146.115 - - [27/Aug/2026:00:24:41 +0800] "HEAD /author/su/page/4 HTTP/1.1" 301 5702 "-" "Mozilla/5.0 AppleWebKit/537.36 (KHTML, like Gecko); compatible; ShapBot/0.1.0"
185.191.171.12 - - [27/Aug/2026:00:24:42 +0800] "GET /1003/2011/03/09/%E6%98%A5%E5%A4%A9%E4%B8%BB%E9%A1%8C%E8%AA%9E%E6%96%87%E6%95%99%E5%AD%B8/ HTTP/1.1" 200 20675 "-" "Mozilla/5.0 (compatible; SemrushBot/7~bl; +http://www.semrush.com/bot.html)"
23.251.146.115 - - [27/Aug/2026:00:24:42 +0800] "HEAD /author/su/page/3 HTTP/1.1" 301 901 "-" "Mozilla/5.0 AppleWebKit/537.36 (KHTML, like Gecko); compatible; ShapBot/0.1.0"
140.111.67.10 - - [27/Aug/2026:00:24:42 +0800] "GET /" 301 273 "-" "-"
23.251.146.115 - - [27/Aug/2026:00:24:42 +0800] "HEAD /author/su/page/4 HTTP/1.1" 301 901 "-" "Mozilla/5.0 AppleWebKit/537.36 (KHTML, like Gecko); compatible; ShapBot/0.1.0"
140.111.67.195 - - [27/Aug/2026:00:24:42 +0800] "GET /wp-admin/admin-post.php?action=steps_ad HTTP/1.1" 200 1973 "-" "node-fetch/1.0 (+https://github.com/bitinn/node-fetch)"
23.251.146.115 - - [27/Aug/2026:00:24:42 +0800] "HEAD /author/su/page/3/ HTTP/1.1" 200 694 "-" "Mozilla/5.0 AppleWebKit/537.36 (KHTML, like Gecko); compatible; ShapBot/0.1.0"
2407:4b00:4c00:84cd:c7f3:406d:1de0:4c48 - - [27/Aug/2026:00:24:42 +0800] "GET /wp-content/uploads/sites/3846/2026/02/%E9%81%BF%E5%85%8D%E8%AA%A4%E5%85%A5%E8%A9%90%E9%A8%99%E7%B6%B2%E7%AB%99APP%E5%B0%8F%E5%B8%B8%E8%AD%98.jpg HTTP/1.1" 200 454833 "https://it.ilc.edu.tw/" "Mozilla/5.0 (Linux; Android 10; K) AppleWebKit/537.36 (KHTML, like Gecko) Chrome/151.0.0.0 Mobile Safari/537.36"
23.251.146.115 - - [27/Aug/2026:00:24:42 +0800] "HEAD /author/su/page/4/ HTTP/1.1" 200 992 "-" "Mozilla/5.0 AppleWebKit/537.36 (KHTML, like Gecko); compatible; ShapBot/0.1.0"
2407:4b00:4c00:84cd:c7f3:406d:1de0:4c48 - - [27/Aug/2026:00:24:42 +0800] "GET /wp-content/uploads/sites/3846/2026/08/%E8%BE%B2%E6%A5%AD%E9%83%A8%E5%BB%A3%E5%91%8A.jpg HTTP/1.1" 200 236462 "https://it.ilc.edu.tw/" "Mozilla/5.0 (Linux; Android 10; K) AppleWebKit/537.36 (KHTML, like Gecko) Chrome/151.0.0.0 Mobile Safari/537.36"
23.251.146.115 - - [27/Aug/2026:00:24:42 +0800] "GET /author/su/page/3 HTTP/1.1" 301 920 "-" "Mozilla/5.0 AppleWebKit/537.36 (KHTML, like Gecko); compatible; ShapBot/0.1.0"
23.251.146.115 - - [27/Aug/2026:00:24:42 +0800] "GET /author/su/page/4 HTTP/1.1" 301 920 "-" "Mozilla/5.0 AppleWebKit/537.36 (KHTML, like Gecko); compatible; ShapBot/0.1.0"
23.251.146.115 - - [27/Aug/2026:00:24:42 +0800] "GET /author/su/page/3/ HTTP/1.1" 200 18067 "-" "Mozilla/5.0 AppleWebKit/537.36 (KHTML, like Gecko); compatible; ShapBot/0.1.0"
17.246.23.65 - - [27/Aug/2026:00:24:43 +0800] "GET /32745/wp-includes/js/hoverintent-js.min.js HTTP/1.1" 200 1597 "https://2blog.ilc.edu.tw/32745/2020/08/23/%e8%b5%b0%e5%94%b1%e9%81%8e%e4%b8%80%e7%94%9f/" "Mozilla/5.0 (Macintosh; Intel Mac OS X 10_15_7) AppleWebKit/605.1.15 (KHTML, like Gecko) Version/17.4 Safari/605.1.15 (Applebot/0.1; +http://www.apple.com/go/applebot)"
2407:4b00:4c00:84cd:c7f3:406d:1de0:4c48 - - [27/Aug/2026:00:24:42 +0800] "GET /wp-content/uploads/sites/3846/2026/06/%E5%AE%A3%E5%82%B3%E5%9C%96%E7%89%87.png HTTP/1.1" 200 1053112 "https://it.ilc.edu.tw/" "Mozilla/5.0 (Linux; Android 10; K) AppleWebKit/537.36 (KHTML, like Gecko) Chrome/151.0.0.0 Mobile Safari/537.36"
23.251.146.115 - - [27/Aug/2026:00:24:43 +0800] "GET /author/su/page/4/ HTTP/1.1" 200 16949 "-" "Mozilla/5.0 AppleWebKit/537.36 (KHTML, like Gecko); compatible; ShapBot/0.1.0"
2407:4b00:4c00:84cd:c7f3:406d:1de0:4c48 - - [27/Aug/2026:00:24:42 +0800] "GET /wp-content/uploads/sites/3846/2026/06/2026%E5%AE%9C%E8%98%AD%E7%98%8B%E5%AD%B8%E7%BF%92-%E6%9A%91%E5%81%87_%E6%95%99%E8%82%B2%E8%99%95%E9%A6%96%E9%A0%81-1440-x-1080-%E5%83%8F%E7%B4%A0.png HTTP/1.1" 200 2046271 "https://it.ilc.edu.tw/" "Mozilla/5.0 (Linux; Android 10; K) AppleWebKit/537.36 (KHTML, like Gecko) Chrome/151.0.0.0 Mobile Safari/537.36"
34.122.173.216 - - [27/Aug/2026:00:24:44 +0800] "HEAD /author/su/page/1 HTTP/1.1" 301 5695 "-" "Mozilla/5.0 AppleWebKit/537.36 (KHTML, like Gecko); compatible; ShapBot/0.1.0"
185.191.171.17 - - [27/Aug/2026:00:24:44 +0800] "GET /blog/blog/868/resource/3246/download/101584 HTTP/1.1" 404 25426 "-" "Mozilla/5.0 (compatible; SemrushBot/7~bl; +http://www.semrush.com/bot.html)"
34.122.173.216 - - [27/Aug/2026:00:24:44 +0800] "GET /author/su/page/1 HTTP/1.1" 301 913 "-" "Mozilla/5.0 AppleWebKit/537.36 (KHTML, like Gecko); compatible; ShapBot/0.1.0"
2001:b400:e2d2:feb5:8839:8159:4807:33c1 - - [27/Aug/2026:00:24:44 +0800] "-" 408 339 "-" "-"
2001:b400:e2d2:feb5:8839:8159:4807:33c1 - - [27/Aug/2026:00:24:44 +0800] "-" 408 339 "-" "-"
17.246.23.65 - - [27/Aug/2026:00:24:44 +0800] "GET /32745/wp-includes/js/admin-bar.min.js HTTP/1.1" 200 2237 "https://2blog.ilc.edu.tw/32745/2020/08/23/%e8%b5%b0%e5%94%b1%e9%81%8e%e4%b8%80%e7%94%9f/" "Mozilla/5.0 (Macintosh; Intel Mac OS X 10_15_7) AppleWebKit/605.1.15 (KHTML, like Gecko) Version/17.4 Safari/605.1.15 (Applebot/0.1; +http://www.apple.com/go/applebot)"
140.111.67.195 - - [27/Aug/2026:00:24:44 +0800] "GET /wp-admin/admin-post.php?action=steps_ad HTTP/1.1" 200 1649 "-" "node-fetch/1.0 (+https://github.com/bitinn/node-fetch)"
2001:288:a201::66:125 - - [27/Aug/2026:00:24:45 +0800] "GET /blog/active.php HTTP/1.1" 301 1026 "-" "-"
2001:288:a201::66:125 - - [27/Aug/2026:00:24:45 +0800] "GET /blog/active.php HTTP/1.1" 404 1084 "-" "-"
34.171.68.95 - - [27/Aug/2026:00:24:45 +0800] "GET /24659/wp-json/wp/v2/posts/2014 HTTP/1.1" 200 10626 "-" "Mozilla/5.0 (Macintosh; Intel Mac OS X 10_15_7) AppleWebKit/537.36 (KHTML, like Gecko) Chrome/120.0.0.0 Safari/537.36"
17.246.23.65 - - [27/Aug/2026:00:24:46 +0800] "GET /32745/wp-content/themes/huemanilc/assets/front/js/scripts.min.js HTTP/1.1" 200 27001 "https://2blog.ilc.edu.tw/32745/2020/08/23/%e8%b5%b0%e5%94%b1%e9%81%8e%e4%b8%80%e7%94%9f/" "Mozilla/5.0 (Macintosh; Intel Mac OS X 10_15_7) AppleWebKit/605.1.15 (KHTML, like Gecko) Version/17.4 Safari/605.1.15 (Applebot/0.1; +http://www.apple.com/go/applebot)"
185.191.171.1 - - [27/Aug/2026:00:24:46 +0800] "GET /robots.txt HTTP/1.1" 200 5542 "-" "Mozilla/5.0 (compatible; SemrushBot/7~bl; +http://www.semrush.com/bot.html)"
66.249.71.40 - - [27/Aug/2026:00:24:46 +0800] "GET /amy6998/ HTTP/1.1" 200 16526 "-" "Mozilla/5.0 (Linux; Android 6.0.1; Nexus 5X Build/MMB29P) AppleWebKit/537.36 (KHTML, like Gecko) Chrome/151.0.7922.173 Mobile Safari/537.36 (compatible; Googlebot/2.1; +http://www.google.com/bot.html)"
140.111.67.195 - - [27/Aug/2026:00:24:46 +0800] "GET /wp-admin/admin-post.php?action=steps_ad HTTP/1.1" 200 1649 "-" "node-fetch/1.0 (+https://github.com/bitinn/node-fetch)"
2407:4b00:4c01:94c2:494e:93c7:dea3:df44 - - [27/Aug/2026:00:24:46 +0800] "GET / HTTP/1.1" 200 29814 "https://www.google.com/url?q=https://www.fsjh.ilc.edu.tw/&sa=U&sqi=2&ved=2ahUKEwiNlpvB2r6WAxVolOEIHeE2PMYQFnoECCUQAQ&usg=AOvVaw3E0IzIb8eYiVl8mzsSPJZV" "Mozilla/5.0 (iPhone; CPU iPhone OS 18_7_9 like Mac OS X) AppleWebKit/605.1.15 (KHTML, like Gecko) GSA/411.0.879111500 Mobile/15E148 Safari/604.1"
2407:4b00:4c01:94c2:494e:93c7:dea3:df44 - - [27/Aug/2026:00:24:46 +0800] "GET /wp-content/cache/www.fsjh.ilc.edu.tw/wpfc-minified/6klmbkv7/6wah.css HTTP/1.1" 200 23315 "https://www.fsjh.ilc.edu.tw/" "Mozilla/5.0 (iPhone; CPU iPhone OS 18_7_9 like Mac OS X) AppleWebKit/605.1.15 (KHTML, like Gecko) GSA/411.0.879111500 Mobile/15E148 Safari/604.1"
2407:4b00:4c01:94c2:494e:93c7:dea3:df44 - - [27/Aug/2026:00:24:46 +0800] "GET /wp-content/themes/oceanwp/assets/js/vendors/magnific-popup.min.js HTTP/1.1" 200 8270 "https://www.fsjh.ilc.edu.tw/" "Mozilla/5.0 (iPhone; CPU iPhone OS 18_7_9 like Mac OS X) AppleWebKit/605.1.15 (KHTML, like Gecko) GSA/411.0.879111500 Mobile/15E148 Safari/604.1"
2407:4b00:4c01:94c2:494e:93c7:dea3:df44 - - [27/Aug/2026:00:24:47 +0800] "GET /wp-content/themes/oceanwp/assets/js/vendors/flickity.pkgd.min.js HTTP/1.1" 200 15048 "https://www.fsjh.ilc.edu.tw/" "Mozilla/5.0 (iPhone; CPU iPhone OS 18_7_9 like Mac OS X) AppleWebKit/605.1.15 (KHTML, like Gecko) GSA/411.0.879111500 Mobile/15E148 Safari/604.1"
2407:4b00:4c01:94c2:494e:93c7:dea3:df44 - - [27/Aug/2026:00:24:47 +0800] "GET /wp-content/cache/www.fsjh.ilc.edu.tw/wpfc-minified/6ke5b2m4/6wah.css HTTP/1.1" 200 52104 "https://www.fsjh.ilc.edu.tw/" "Mozilla/5.0 (iPhone; CPU iPhone OS 18_7_9 like Mac OS X) AppleWebKit/605.1.15 (KHTML, like Gecko) GSA/411.0.879111500 Mobile/15E148 Safari/604.1"
2407:4b00:4c01:94c2:494e:93c7:dea3:df44 - - [27/Aug/2026:00:24:47 +0800] "GET /wp-content/uploads/sites/2666/elementor/css/post-81.css HTTP/1.1" 200 6122 "https://www.fsjh.ilc.edu.tw/" "Mozilla/5.0 (iPhone; CPU iPhone OS 18_7_9 like Mac OS X) AppleWebKit/605.1.15 (KHTML, like Gecko) GSA/411.0.879111500 Mobile/15E148 Safari/604.1"
2407:4b00:4c01:94c2:494e:93c7:dea3:df44 - - [27/Aug/2026:00:24:47 +0800] "GET /fsjh/wp-content/uploads/sites/2666/2020/10/040628%E5%BE%A9%E8%88%88%E5%9C%8B%E4%B8%ADlogo-only-FSblue.gif HTTP/1.1" 200 16170 "https://www.fsjh.ilc.edu.tw/" "Mozilla/5.0 (iPhone; CPU iPhone OS 18_7_9 like Mac OS X) AppleWebKit/605.1.15 (KHTML, like Gecko) GSA/411.0.879111500 Mobile/15E148 Safari/604.1"
2407:4b00:4c01:94c2:494e:93c7:dea3:df44 - - [27/Aug/2026:00:24:47 +0800] "GET /wp-content/uploads/sites/2666/elementor/css/post-103.css HTTP/1.1" 200 5805 "https://www.fsjh.ilc.edu.tw/" "Mozilla/5.0 (iPhone; CPU iPhone OS 18_7_9 like Mac OS X) AppleWebKit/605.1.15 (KHTML, like Gecko) GSA/411.0.879111500 Mobile/15E148 Safari/604.1"
2407:4b00:4c01:94c2:494e:93c7:dea3:df44 - - [27/Aug/2026:00:24:47 +0800] "GET /wp-includes/js/imagesloaded.min.js HTTP/1.1" 200 7484 "https://www.fsjh.ilc.edu.tw/" "Mozilla/5.0 (iPhone; CPU iPhone OS 18_7_9 like Mac OS X) AppleWebKit/605.1.15 (KHTML, like Gecko) GSA/411.0.879111500 Mobile/15E148 Safari/604.1"
2407:4b00:4c01:94c2:494e:93c7:dea3:df44 - - [27/Aug/2026:00:24:47 +0800] "GET /wp-content/themes/oceanwp/assets/js/scroll-top.min.js HTTP/1.1" 200 3202 "https://www.fsjh.ilc.edu.tw/" "Mozilla/5.0 (iPhone; CPU iPhone OS 18_7_9 like Mac OS X) AppleWebKit/605.1.15 (KHTML, like Gecko) GSA/411.0.879111500 Mobile/15E148 Safari/604.1"
2407:4b00:4c01:94c2:494e:93c7:dea3:df44 - - [27/Aug/2026:00:24:47 +0800] "GET /wp-content/cache/www.fsjh.ilc.edu.tw/wpfc-minified/lm0klrml/6wah.css HTTP/1.1" 200 93589 "https://www.fsjh.ilc.edu.tw/" "Mozilla/5.0 (iPhone; CPU iPhone OS 18_7_9 like Mac OS X) AppleWebKit/605.1.15 (KHTML, like Gecko) GSA/411.0.879111500 Mobile/15E148 Safari/604.1"
2407:4b00:4c01:94c2:494e:93c7:dea3:df44 - - [27/Aug/2026:00:24:47 +0800] "GET /wp-content/plugins/elementor/assets/js/frontend.min.js HTTP/1.1" 200 13169 "https://www.fsjh.ilc.edu.tw/" "Mozilla/5.0 (iPhone; CPU iPhone OS 18_7_9 like Mac OS X) AppleWebKit/605.1.15 (KHTML, like Gecko) GSA/411.0.879111500 Mobile/15E148 Safari/604.1"
2407:4b00:4c01:94c2:494e:93c7:dea3:df44 - - [27/Aug/2026:00:24:47 +0800] "GET /wp-content/themes/oceanwp/assets/js/select.min.js HTTP/1.1" 304 790 "https://www.fsjh.ilc.edu.tw/" "Mozilla/5.0 (iPhone; CPU iPhone OS 18_7_9 like Mac OS X) AppleWebKit/605.1.15 (KHTML, like Gecko) GSA/411.0.879111500 Mobile/15E148 Safari/604.1"
2407:4b00:4c01:94c2:494e:93c7:dea3:df44 - - [27/Aug/2026:00:24:47 +0800] "GET /wp-content/plugins/elementor-pro/assets/js/elements-handlers.min.js HTTP/1.1" 200 10882 "https://www.fsjh.ilc.edu.tw/" "Mozilla/5.0 (iPhone; CPU iPhone OS 18_7_9 like Mac OS X) AppleWebKit/605.1.15 (KHTML, like Gecko) GSA/411.0.879111500 Mobile/15E148 Safari/604.1"
140.111.67.10 - - [27/Aug/2026:00:24:47 +0800] "GET /" 301 273 "-" "-"
2407:4b00:4c01:94c2:494e:93c7:dea3:df44 - - [27/Aug/2026:00:24:47 +0800] "GET /wp-content/uploads/sites/2666/2021/04/BLOG_Banner.jpg HTTP/1.1" 200 103266 "https://www.fsjh.ilc.edu.tw/" "Mozilla/5.0 (iPhone; CPU iPhone OS 18_7_9 like Mac OS X) AppleWebKit/605.1.15 (KHTML, like Gecko) GSA/411.0.879111500 Mobile/15E148 Safari/604.1"
2407:4b00:4c01:94c2:494e:93c7:dea3:df44 - - [27/Aug/2026:00:24:47 +0800] "GET /wp-content/themes/oceanwp/assets/fonts/fontawesome/webfonts/fa-solid-900.woff2 HTTP/1.1" 200 151246 "https://www.fsjh.ilc.edu.tw/" "Mozilla/5.0 (iPhone; CPU iPhone OS 18_7_9 like Mac OS X) AppleWebKit/605.1.15 (KHTML, like Gecko) GSA/411.0.879111500 Mobile/15E148 Safari/604.1"
17.246.23.65 - - [27/Aug/2026:00:24:47 +0800] "GET /32745/wp-includes/js/mediaelement/mediaelement-migrate.min.js HTTP/1.1" 200 1419 "https://2blog.ilc.edu.tw/32745/2020/08/23/%e8%b5%b0%e5%94%b1%e9%81%8e%e4%b8%80%e7%94%9f/" "Mozilla/5.0 (Macintosh; Intel Mac OS X 10_15_7) AppleWebKit/605.1.15 (KHTML, like Gecko) Version/17.4 Safari/605.1.15 (Applebot/0.1; +http://www.apple.com/go/applebot)"
66.249.79.172 - - [27/Aug/2026:00:24:47 +0800] "GET /3860/author/dra/ HTTP/1.1" 200 33713 "-" "Mozilla/5.0 (compatible; Googlebot/2.1; +http://www.google.com/bot.html)"
85.208.96.208 - - [27/Aug/2026:00:24:47 +0800] "GET /39664/2024/11/15/114g6research01/ HTTP/1.1" 200 19627 "-" "Mozilla/5.0 (compatible; SemrushBot/7~bl; +http://www.semrush.com/bot.html)"
17.246.23.65 - - [27/Aug/2026:00:24:49 +0800] "GET /32745/wp-includes/js/mediaelement/wp-mediaelement.min.js HTTP/1.1" 200 1417 "https://2blog.ilc.edu.tw/32745/2020/08/23/%e8%b5%b0%e5%94%b1%e9%81%8e%e4%b8%80%e7%94%9f/" "Mozilla/5.0 (Macintosh; Intel Mac OS X 10_15_7) AppleWebKit/605.1.15 (KHTML, like Gecko) Version/17.4 Safari/605.1.15 (Applebot/0.1; +http://www.apple.com/go/applebot)"
66.249.79.132 - - [27/Aug/2026:00:24:48 +0800] "GET /wp-login.php?action=ilc_logout&_wpnonce=43754d0aad&redirect_to=http://skladhd.ru/gallery/48344/ HTTP/1.1" 302 3439 "-" "Mozilla/5.0 (compatible; Googlebot/2.1; +http://www.google.com/bot.html)"
66.249.71.40 - - [27/Aug/2026:00:24:50 +0800] "GET /3860/wp-content/cache/2blog.ilc.edu.tw/wpfc-minified/dsvp51ho/5woba.css HTTP/1.1" 200 40886 "https://2blog.ilc.edu.tw/3860/author/dra/" "Mozilla/5.0 AppleWebKit/537.36 (KHTML, like Gecko; compatible; Googlebot/2.1; +http://www.google.com/bot.html) Chrome/151.0.7922.137 Safari/537.36"
2001:288:a201::66:125 - - [27/Aug/2026:00:24:50 +0800] "GET /blog/active.php HTTP/1.1" 301 1026 "-" "-"
2001:288:a201::66:125 - - [27/Aug/2026:00:24:50 +0800] "GET /blog/active.php HTTP/1.1" 404 1084 "-" "-"
66.249.71.40 - - [27/Aug/2026:00:24:50 +0800] "GET /3860/wp-content/cache/2blog.ilc.edu.tw/wpfc-minified/2n9laxoh/5wolc.css HTTP/1.1" 200 30657 "https://2blog.ilc.edu.tw/3860/author/dra/" "Mozilla/5.0 AppleWebKit/537.36 (KHTML, like Gecko; compatible; Googlebot/2.1; +http://www.google.com/bot.html) Chrome/151.0.7922.137 Safari/537.36"
85.208.96.197 - - [27/Aug/2026:00:24:50 +0800] "GET /5315/2019/10/18/%E7%9B%B4%E7%AC%9B%E4%BA%8C%E4%BA%BA%E7%B5%84%E5%88%B0%E6%A0%A1%E6%BC%94%E5%87%BA/?paged=13 HTTP/1.1" 200 16300 "-" "Mozilla/5.0 (compatible; SemrushBot/7~bl; +http://www.semrush.com/bot.html)"
2409:8a50:a:642e:24dc:17ae:acd7:64f5 - - [27/Aug/2026:00:24:50 +0800] "GET /34/%e5%9c%98%e9%9a%8a%e6%88%90%e5%93%a1 HTTP/1.1" 301 5764 "-" "Mozilla/5.0 (Windows NT 10.0; Win64; x64) AppleWebKit/537.36 (KHTML, like Gecko) Chrome/144.0.0.0 Safari/537.36"
66.249.79.172 - - [27/Aug/2026:00:24:51 +0800] "GET /3860/wp-content/cache/2blog.ilc.edu.tw/wpfc-minified/dew18x1z/5wolc.js HTTP/1.1" 200 55787 "https://2blog.ilc.edu.tw/3860/author/dra/" "Mozilla/5.0 AppleWebKit/537.36 (KHTML, like Gecko; compatible; Googlebot/2.1; +http://www.google.com/bot.html) Chrome/151.0.7922.137 Safari/537.36"
2409:8a50:a:642e:24dc:17ae:acd7:64f5 - - [27/Aug/2026:00:24:51 +0800] "GET /34/%e5%9c%98%e9%9a%8a%e6%88%90%e5%93%a1/ HTTP/1.1" 200 18202 "-" "Mozilla/5.0 (Windows NT 10.0; Win64; x64) AppleWebKit/537.36 (KHTML, like Gecko) Chrome/144.0.0.0 Safari/537.36"
140.111.67.195 - - [27/Aug/2026:00:24:51 +0800] "GET /wp-admin/admin-post.php?action=steps_ad HTTP/1.1" 200 1973 "-" "node-fetch/1.0 (+https://github.com/bitinn/node-fetch)"
::1 - - [27/Aug/2026:00:24:51 +0800] "OPTIONS * HTTP/1.0" 200 110 "-" "Apache/2.4.68 (Ubuntu) OpenSSL/3.0.19 (internal dummy connection)"
66.249.79.172 - - [27/Aug/2026:00:24:51 +0800] "GET /3860/wp-content/cache/2blog.ilc.edu.tw/wpfc-minified/6o39im4d/5woba.css HTTP/1.1" 200 15980 "https://2blog.ilc.edu.tw/3860/author/dra/" "Mozilla/5.0 AppleWebKit/537.36 (KHTML, like Gecko; compatible; Googlebot/2.1; +http://www.google.com/bot.html) Chrome/151.0.7922.137 Safari/537.36"
140.111.67.10 - - [27/Aug/2026:00:24:52 +0800] "GET /" 301 273 "-" "-"
66.249.79.172 - - [27/Aug/2026:00:24:52 +0800] "GET /3860/wp-includes/js/hoverintent-js.min.js HTTP/1.1" 200 1597 "https://2blog.ilc.edu.tw/3860/author/dra/" "Mozilla/5.0 AppleWebKit/537.36 (KHTML, like Gecko; compatible; Googlebot/2.1; +http://www.google.com/bot.html) Chrome/151.0.7922.137 Safari/537.36"
34.42.229.145 - - [27/Aug/2026:00:24:52 +0800] "GET /6570/2015/09/page/6/ HTTP/1.1" 200 15005 "-" "Mozilla/5.0 (Macintosh; Intel Mac OS X 10_15_7) AppleWebKit/537.36 (KHTML, like Gecko) Chrome/120.0.0.0 Safari/537.36"
2409:8a50:a:642e:24dc:17ae:acd7:64f5 - - [27/Aug/2026:00:24:52 +0800] "GET /34/wp-content/cache/2blog.ilc.edu.tw/wpfc-minified/1z7zitft/5wp3t.css HTTP/1.1" 200 40883 "https://2blog.ilc.edu.tw/34/%e5%9c%98%e9%9a%8a%e6%88%90%e5%93%a1/" "Mozilla/5.0 (Windows NT 10.0; Win64; x64) AppleWebKit/537.36 (KHTML, like Gecko) Chrome/144.0.0.0 Safari/537.36"
36.236.80.15 - - [27/Aug/2026:00:24:52 +0800] "GET /1003/2019/11/15/%E9%96%B1%E8%AE%80%E6%95%99%E5%AD%B8%E9%A0%90%E6%B8%AC%E7%AD%96%E7%95%A5%E4%BA%8C%E5%B9%B4%E7%B4%9A%E9%96%B1%E8%AE%80%E8%AA%B2/ HTTP/1.1" 200 19921 "https://www.google.com/" "Mozilla/5.0 (Linux; Android 10; K) AppleWebKit/537.36 (KHTML, like Gecko) SamsungBrowser/30.0 Chrome/143.0.0.0 Mobile Safari/537.36"
36.236.80.15 - - [27/Aug/2026:00:24:52 +0800] "GET /1003/wp-content/cache/2blog.ilc.edu.tw/wpfc-minified/mknpejql/5woub.css HTTP/1.1" 200 40886 "https://2blog.ilc.edu.tw/1003/2019/11/15/%E9%96%B1%E8%AE%80%E6%95%99%E5%AD%B8%E9%A0%90%E6%B8%AC%E7%AD%96%E7%95%A5%E4%BA%8C%E5%B9%B4%E7%B4%9A%E9%96%B1%E8%AE%80%E8%AA%B2/" "Mozilla/5.0 (Linux; Android 10; K) AppleWebKit/537.36 (KHTML, like Gecko) SamsungBrowser/30.0 Chrome/143.0.0.0 Mobile Safari/537.36"
36.236.80.15 - - [27/Aug/2026:00:24:52 +0800] "GET /1003/wp-content/cache/2blog.ilc.edu.tw/wpfc-minified/8x7tn0v6/5wohd.css HTTP/1.1" 200 20774 "https://2blog.ilc.edu.tw/1003/2019/11/15/%E9%96%B1%E8%AE%80%E6%95%99%E5%AD%B8%E9%A0%90%E6%B8%AC%E7%AD%96%E7%95%A5%E4%BA%8C%E5%B9%B4%E7%B4%9A%E9%96%B1%E8%AE%80%E8%AA%B2/" "Mozilla/5.0 (Linux; Android 10; K) AppleWebKit/537.36 (KHTML, like Gecko) SamsungBrowser/30.0 Chrome/143.0.0.0 Mobile Safari/537.36"
::1 - - [27/Aug/2026:00:24:52 +0800] "OPTIONS * HTTP/1.0" 200 110 "-" "Apache/2.4.68 (Ubuntu) OpenSSL/3.0.19 (internal dummy connection)"
36.236.80.15 - - [27/Aug/2026:00:24:52 +0800] "GET /1003/wp-content/cache/2blog.ilc.edu.tw/wpfc-minified/lx5sg0nx/5wohd.css HTTP/1.1" 200 18290 "https://2blog.ilc.edu.tw/1003/2019/11/15/%E9%96%B1%E8%AE%80%E6%95%99%E5%AD%B8%E9%A0%90%E6%B8%AC%E7%AD%96%E7%95%A5%E4%BA%8C%E5%B9%B4%E7%B4%9A%E9%96%B1%E8%AE%80%E8%AA%B2/" "Mozilla/5.0 (Linux; Android 10; K) AppleWebKit/537.36 (KHTML, like Gecko) SamsungBrowser/30.0 Chrome/143.0.0.0 Mobile Safari/537.36"
36.236.80.15 - - [27/Aug/2026:00:24:52 +0800] "GET /1003/wp-content/cache/2blog.ilc.edu.tw/wpfc-minified/7jci0eqx/5woub.js HTTP/1.1" 200 35562 "https://2blog.ilc.edu.tw/1003/2019/11/15/%E9%96%B1%E8%AE%80%E6%95%99%E5%AD%B8%E9%A0%90%E6%B8%AC%E7%AD%96%E7%95%A5%E4%BA%8C%E5%B9%B4%E7%B4%9A%E9%96%B1%E8%AE%80%E8%AA%B2/" "Mozilla/5.0 (Linux; Android 10; K) AppleWebKit/537.36 (KHTML, like Gecko) SamsungBrowser/30.0 Chrome/143.0.0.0 Mobile Safari/537.36"
36.236.80.15 - - [27/Aug/2026:00:24:52 +0800] "GET /1003/wp-content/cache/2blog.ilc.edu.tw/wpfc-minified/6jx87ldu/5wohd.js HTTP/1.1" 200 1980 "https://2blog.ilc.edu.tw/1003/2019/11/15/%E9%96%B1%E8%AE%80%E6%95%99%E5%AD%B8%E9%A0%90%E6%B8%AC%E7%AD%96%E7%95%A5%E4%BA%8C%E5%B9%B4%E7%B4%9A%E9%96%B1%E8%AE%80%E8%AA%B2/" "Mozilla/5.0 (Linux; Android 10; K) AppleWebKit/537.36 (KHTML, like Gecko) SamsungBrowser/30.0 Chrome/143.0.0.0 Mobile Safari/537.36"
36.236.80.15 - - [27/Aug/2026:00:24:52 +0800] "GET /1003/wp-content/cache/2blog.ilc.edu.tw/wpfc-minified/q8iljgfz/5woub.js HTTP/1.1" 200 3794 "https://2blog.ilc.edu.tw/1003/2019/11/15/%E9%96%B1%E8%AE%80%E6%95%99%E5%AD%B8%E9%A0%90%E6%B8%AC%E7%AD%96%E7%95%A5%E4%BA%8C%E5%B9%B4%E7%B4%9A%E9%96%B1%E8%AE%80%E8%AA%B2/" "Mozilla/5.0 (Linux; Android 10; K) AppleWebKit/537.36 (KHTML, like Gecko) SamsungBrowser/30.0 Chrome/143.0.0.0 Mobile Safari/537.36"
36.236.80.15 - - [27/Aug/2026:00:24:52 +0800] "GET /1003/wp-content/uploads/sites/233/2023/04/338250713_886939739267121_7258247398763374813_n.jpg HTTP/1.1" 200 106348 "https://2blog.ilc.edu.tw/1003/2019/11/15/%E9%96%B1%E8%AE%80%E6%95%99%E5%AD%B8%E9%A0%90%E6%B8%AC%E7%AD%96%E7%95%A5%E4%BA%8C%E5%B9%B4%E7%B4%9A%E9%96%B1%E8%AE%80%E8%AA%B2/" "Mozilla/5.0 (Linux; Android 10; K) AppleWebKit/537.36 (KHTML, like Gecko) SamsungBrowser/30.0 Chrome/143.0.0.0 Mobile Safari/537.36"
36.236.80.15 - - [27/Aug/2026:00:24:52 +0800] "GET /1003/wp-content/uploads/sites/233/2019/11/sp191113_162135.png HTTP/1.1" 200 91357 "https://2blog.ilc.edu.tw/1003/2019/11/15/%E9%96%B1%E8%AE%80%E6%95%99%E5%AD%B8%E9%A0%90%E6%B8%AC%E7%AD%96%E7%95%A5%E4%BA%8C%E5%B9%B4%E7%B4%9A%E9%96%B1%E8%AE%80%E8%AA%B2/" "Mozilla/5.0 (Linux; Android 10; K) AppleWebKit/537.36 (KHTML, like Gecko) SamsungBrowser/30.0 Chrome/143.0.0.0 Mobile Safari/537.36"
36.236.80.15 - - [27/Aug/2026:00:24:52 +0800] "GET /1003/wp-content/uploads/sites/233/2019/11/01-768x1024.jpg HTTP/1.1" 200 136537 "https://2blog.ilc.edu.tw/1003/2019/11/15/%E9%96%B1%E8%AE%80%E6%95%99%E5%AD%B8%E9%A0%90%E6%B8%AC%E7%AD%96%E7%95%A5%E4%BA%8C%E5%B9%B4%E7%B4%9A%E9%96%B1%E8%AE%80%E8%AA%B2/" "Mozilla/5.0 (Linux; Android 10; K) AppleWebKit/537.36 (KHTML, like Gecko) SamsungBrowser/30.0 Chrome/143.0.0.0 Mobile Safari/537.36"
36.236.80.15 - - [27/Aug/2026:00:24:53 +0800] "GET /1003/wp-includes/js/hoverintent-js.min.js HTTP/1.1" 200 1597 "https://2blog.ilc.edu.tw/1003/2019/11/15/%E9%96%B1%E8%AE%80%E6%95%99%E5%AD%B8%E9%A0%90%E6%B8%AC%E7%AD%96%E7%95%A5%E4%BA%8C%E5%B9%B4%E7%B4%9A%E9%96%B1%E8%AE%80%E8%AA%B2/" "Mozilla/5.0 (Linux; Android 10; K) AppleWebKit/537.36 (KHTML, like Gecko) SamsungBrowser/30.0 Chrome/143.0.0.0 Mobile Safari/537.36"
36.236.80.15 - - [27/Aug/2026:00:24:53 +0800] "GET /1003/wp-includes/js/admin-bar.min.js HTTP/1.1" 200 2237 "https://2blog.ilc.edu.tw/1003/2019/11/15/%E9%96%B1%E8%AE%80%E6%95%99%E5%AD%B8%E9%A0%90%E6%B8%AC%E7%AD%96%E7%95%A5%E4%BA%8C%E5%B9%B4%E7%B4%9A%E9%96%B1%E8%AE%80%E8%AA%B2/" "Mozilla/5.0 (Linux; Android 10; K) AppleWebKit/537.36 (KHTML, like Gecko) SamsungBrowser/30.0 Chrome/143.0.0.0 Mobile Safari/537.36"
36.236.80.15 - - [27/Aug/2026:00:24:53 +0800] "GET /1003/wp-content/uploads/sites/233/2024/03/Snipaste_2024-03-11_23-36-51.png HTTP/1.1" 200 452199 "https://2blog.ilc.edu.tw/1003/2019/11/15/%E9%96%B1%E8%AE%80%E6%95%99%E5%AD%B8%E9%A0%90%E6%B8%AC%E7%AD%96%E7%95%A5%E4%BA%8C%E5%B9%B4%E7%B4%9A%E9%96%B1%E8%AE%80%E8%AA%B2/" "Mozilla/5.0 (Linux; Android 10; K) AppleWebKit/537.36 (KHTML, like Gecko) SamsungBrowser/30.0 Chrome/143.0.0.0 Mobile Safari/537.36"
36.236.80.15 - - [27/Aug/2026:00:24:53 +0800] "GET /1003/wp-content/themes/textbook/assets/js/jquery.flexslider.js HTTP/1.1" 200 12801 "https://2blog.ilc.edu.tw/1003/2019/11/15/%E9%96%B1%E8%AE%80%E6%95%99%E5%AD%B8%E9%A0%90%E6%B8%AC%E7%AD%96%E7%95%A5%E4%BA%8C%E5%B9%B4%E7%B4%9A%E9%96%B1%E8%AE%80%E8%AA%B2/" "Mozilla/5.0 (Linux; Android 10; K) AppleWebKit/537.36 (KHTML, like Gecko) SamsungBrowser/30.0 Chrome/143.0.0.0 Mobile Safari/537.36"
36.236.80.15 - - [27/Aug/2026:00:24:53 +0800] "GET /1003/wp-content/themes/textbook/assets/js/functions.js HTTP/1.1" 200 1934 "https://2blog.ilc.edu.tw/1003/2019/11/15/%E9%96%B1%E8%AE%80%E6%95%99%E5%AD%B8%E9%A0%90%E6%B8%AC%E7%AD%96%E7%95%A5%E4%BA%8C%E5%B9%B4%E7%B4%9A%E9%96%B1%E8%AE%80%E8%AA%B2/" "Mozilla/5.0 (Linux; Android 10; K) AppleWebKit/537.36 (KHTML, like Gecko) SamsungBrowser/30.0 Chrome/143.0.0.0 Mobile Safari/537.36"
36.236.80.15 - - [27/Aug/2026:00:24:53 +0800] "GET /1003/wp-content/themes/textbook/assets/js/navigation.js HTTP/1.1" 200 2931 "https://2blog.ilc.edu.tw/1003/2019/11/15/%E9%96%B1%E8%AE%80%E6%95%99%E5%AD%B8%E9%A0%90%E6%B8%AC%E7%AD%96%E7%95%A5%E4%BA%8C%E5%B9%B4%E7%B4%9A%E9%96%B1%E8%AE%80%E8%AA%B2/" "Mozilla/5.0 (Linux; Android 10; K) AppleWebKit/537.36 (KHTML, like Gecko) SamsungBrowser/30.0 Chrome/143.0.0.0 Mobile Safari/537.36"
36.236.80.15 - - [27/Aug/2026:00:24:53 +0800] "GET /1003/wp-content/themes/textbook/assets/js/skip-link-focus-fix.js HTTP/1.1" 200 1351 "https://2blog.ilc.edu.tw/1003/2019/11/15/%E9%96%B1%E8%AE%80%E6%95%99%E5%AD%B8%E9%A0%90%E6%B8%AC%E7%AD%96%E7%95%A5%E4%BA%8C%E5%B9%B4%E7%B4%9A%E9%96%B1%E8%AE%80%E8%AA%B2/" "Mozilla/5.0 (Linux; Android 10; K) AppleWebKit/537.36 (KHTML, like Gecko) SamsungBrowser/30.0 Chrome/143.0.0.0 Mobile Safari/537.36"
36.236.80.15 - - [27/Aug/2026:00:24:53 +0800] "GET /1003/wp-content/uploads/sites/233/2019/08/Snipaste_2019-08-25_21-24-17-1-1024x508.jpg HTTP/1.1" 200 59683 "https://2blog.ilc.edu.tw/1003/2019/11/15/%E9%96%B1%E8%AE%80%E6%95%99%E5%AD%B8%E9%A0%90%E6%B8%AC%E7%AD%96%E7%95%A5%E4%BA%8C%E5%B9%B4%E7%B4%9A%E9%96%B1%E8%AE%80%E8%AA%B2/" "Mozilla/5.0 (Linux; Android 10; K) AppleWebKit/537.36 (KHTML, like Gecko) SamsungBrowser/30.0 Chrome/143.0.0.0 Mobile Safari/537.36"
36.236.80.15 - - [27/Aug/2026:00:24:53 +0800] "GET /1003/wp-content/uploads/sites/233/2019/05/84-1024x1024.png HTTP/1.1" 200 352663 "https://2blog.ilc.edu.tw/1003/2019/11/15/%E9%96%B1%E8%AE%80%E6%95%99%E5%AD%B8%E9%A0%90%E6%B8%AC%E7%AD%96%E7%95%A5%E4%BA%8C%E5%B9%B4%E7%B4%9A%E9%96%B1%E8%AE%80%E8%AA%B2/" "Mozilla/5.0 (Linux; Android 10; K) AppleWebKit/537.36 (KHTML, like Gecko) SamsungBrowser/30.0 Chrome/143.0.0.0 Mobile Safari/537.36"
36.236.80.15 - - [27/Aug/2026:00:24:53 +0800] "POST /1003/wp-json/ilc-summary/v1/popular-posts HTTP/1.1" 201 1401 "https://2blog.ilc.edu.tw/1003/2019/11/15/%E9%96%B1%E8%AE%80%E6%95%99%E5%AD%B8%E9%A0%90%E6%B8%AC%E7%AD%96%E7%95%A5%E4%BA%8C%E5%B9%B4%E7%B4%9A%E9%96%B1%E8%AE%80%E8%AA%B2/" "Mozilla/5.0 (Linux; Android 10; K) AppleWebKit/537.36 (KHTML, like Gecko) SamsungBrowser/30.0 Chrome/143.0.0.0 Mobile Safari/537.36"
66.249.71.40 - - [27/Aug/2026:00:24:53 +0800] "GET /3860/wp-includes/js/admin-bar.min.js HTTP/1.1" 200 2237 "https://2blog.ilc.edu.tw/3860/author/dra/" "Mozilla/5.0 AppleWebKit/537.36 (KHTML, like Gecko; compatible; Googlebot/2.1; +http://www.google.com/bot.html) Chrome/151.0.7922.137 Safari/537.36"
36.236.80.15 - - [27/Aug/2026:00:24:54 +0800] "GET /1003/wp-content/uploads/sites/233/2019/05/cropped-1-192x192.png HTTP/1.1" 200 37703 "https://2blog.ilc.edu.tw/1003/2019/11/15/%E9%96%B1%E8%AE%80%E6%95%99%E5%AD%B8%E9%A0%90%E6%B8%AC%E7%AD%96%E7%95%A5%E4%BA%8C%E5%B9%B4%E7%B4%9A%E9%96%B1%E8%AE%80%E8%AA%B2/" "Mozilla/5.0 (Linux; Android 10; K) AppleWebKit/537.36 (KHTML, like Gecko) SamsungBrowser/30.0 Chrome/143.0.0.0 Mobile Safari/537.36"
36.236.80.15 - - [27/Aug/2026:00:24:54 +0800] "GET /1003/wp-content/uploads/sites/233/2019/05/cropped-1-180x180.png HTTP/1.1" 200 40029 "https://2blog.ilc.edu.tw/1003/2019/11/15/%E9%96%B1%E8%AE%80%E6%95%99%E5%AD%B8%E9%A0%90%E6%B8%AC%E7%AD%96%E7%95%A5%E4%BA%8C%E5%B9%B4%E7%B4%9A%E9%96%B1%E8%AE%80%E8%AA%B2/" "Mozilla/5.0 (Linux; Android 10; K) AppleWebKit/537.36 (KHTML, like Gecko) SamsungBrowser/30.0 Chrome/143.0.0.0 Mobile Safari/537.36"
::1 - - [27/Aug/2026:00:24:54 +0800] "OPTIONS * HTTP/1.0" 200 110 "-" "Apache/2.4.68 (Ubuntu) OpenSSL/3.0.19 (internal dummy connection)"
2001:288:a201::66:125 - - [27/Aug/2026:00:24:55 +0800] "GET /blog/active.php HTTP/1.1" 301 1026 "-" "-"
2001:288:a201::66:125 - - [27/Aug/2026:00:24:55 +0800] "GET /blog/active.php HTTP/1.1" 404 1084 "-" "-"
66.249.79.138 - - [27/Aug/2026:00:24:54 +0800] "GET /wp-login.php?action=ilc_logout&_wpnonce=43754d0aad&redirect_to=http://cehdubna.ru/creator/62141/ HTTP/1.1" 302 8247 "-" "Mozilla/5.0 (compatible; Googlebot/2.1; +http://www.google.com/bot.html)"
40.77.167.1 - - [27/Aug/2026:00:24:56 +0800] "GET /1003/?s=toyota+sport+tira+o+volante HTTP/1.1" 200 13756 "-" "Mozilla/5.0 AppleWebKit/537.36 (KHTML, like Gecko; compatible; bingbot/2.0; +http://www.bing.com/bingbot.htm) Chrome/116.0.1938.76 Safari/537.36"
66.249.79.172 - - [27/Aug/2026:00:24:56 +0800] "GET /3860/wp-content/cache/2blog.ilc.edu.tw/wpfc-minified/ck0v2a7/5wolc.css HTTP/1.1" 200 13385 "https://2blog.ilc.edu.tw/3860/author/dra/" "Mozilla/5.0 AppleWebKit/537.36 (KHTML, like Gecko; compatible; Googlebot/2.1; +http://www.google.com/bot.html) Chrome/151.0.7922.137 Safari/537.36"
36.236.80.15 - - [27/Aug/2026:00:24:57 +0800] "GET /1003/wp-content/uploads/sites/233/2019/11/02-1080x810.jpg HTTP/1.1" 200 144307 "https://2blog.ilc.edu.tw/1003/2019/11/15/%E9%96%B1%E8%AE%80%E6%95%99%E5%AD%B8%E9%A0%90%E6%B8%AC%E7%AD%96%E7%95%A5%E4%BA%8C%E5%B9%B4%E7%B4%9A%E9%96%B1%E8%AE%80%E8%AA%B2/" "Mozilla/5.0 (Linux; Android 10; K) AppleWebKit/537.36 (KHTML, like Gecko) SamsungBrowser/30.0 Chrome/143.0.0.0 Mobile Safari/537.36"
66.249.79.172 - - [27/Aug/2026:00:24:57 +0800] "GET /amy6998/wp-includes/js/underscore.min.js HTTP/1.1" 200 8191 "https://2blog.ilc.edu.tw/amy6998/" "Mozilla/5.0 (Linux; Android 6.0.1; Nexus 5X Build/MMB29P) AppleWebKit/537.36 (KHTML, like Gecko) Chrome/151.0.7922.173 Mobile Safari/537.36 (compatible; Googlebot/2.1; +http://www.google.com/bot.html)"
140.111.67.10 - - [27/Aug/2026:00:24:57 +0800] "GET /" 301 273 "-" "-"
66.249.79.172 - - [27/Aug/2026:00:24:57 +0800] "GET /3860/wp-content/themes/mynote/assets/webfonts/fa-solid-900.woff2 HTTP/1.1" 200 60555 "https://2blog.ilc.edu.tw/3860/wp-content/cache/2blog.ilc.edu.tw/wpfc-minified/2n9laxoh/5wolc.css" "Mozilla/5.0 AppleWebKit/537.36 (KHTML, like Gecko; compatible; Googlebot/2.1; +http://www.google.com/bot.html) Chrome/151.0.7922.137 Safari/537.36"
::1 - - [27/Aug/2026:00:24:57 +0800] "OPTIONS * HTTP/1.0" 200 110 "-" "Apache/2.4.68 (Ubuntu) OpenSSL/3.0.19 (internal dummy connection)"
::1 - - [27/Aug/2026:00:24:58 +0800] "OPTIONS * HTTP/1.0" 200 110 "-" "Apache/2.4.68 (Ubuntu) OpenSSL/3.0.19 (internal dummy connection)"
216.73.217.64 - - [27/Aug/2026:00:24:58 +0800] "GET /9536/?p=56916 HTTP/1.1" 301 5794 "-" "Mozilla/5.0 AppleWebKit/537.36 (KHTML, like Gecko; compatible; ClaudeBot/1.0; +claudebot@anthropic.com)"
216.73.217.64 - - [27/Aug/2026:00:24:58 +0800] "GET /32745/2025/11/page/14/ HTTP/1.1" 200 91268 "-" "Mozilla/5.0 AppleWebKit/537.36 (KHTML, like Gecko; compatible; ClaudeBot/1.0; +claudebot@anthropic.com)"
216.73.217.64 - - [27/Aug/2026:00:24:59 +0800] "GET /9536/2011/04/21/%e5%8c%97%e6%88%90%e7%a4%be%e5%8d%80_%e5%ae%a2%e4%ba%ba%e5%9f%8e%e5%ba%84%e6%b0%91%e7%9a%84%e4%bf%a1%e4%bb%b0/ HTTP/1.1" 200 9507 "https://2blog.ilc.edu.tw/9536/?p=56916" "Mozilla/5.0 AppleWebKit/537.36 (KHTML, like Gecko; compatible; ClaudeBot/1.0; +claudebot@anthropic.com)"
::1 - - [27/Aug/2026:00:24:59 +0800] "OPTIONS * HTTP/1.0" 200 110 "-" "Apache/2.4.68 (Ubuntu) OpenSSL/3.0.19 (internal dummy connection)"
2001:288:a201::66:125 - - [27/Aug/2026:00:25:00 +0800] "GET /blog/active.php HTTP/1.1" 301 1026 "-" "-"
2001:288:a201::66:125 - - [27/Aug/2026:00:25:00 +0800] "GET /blog/active.php HTTP/1.1" 404 1084 "-" "-"
::1 - - [27/Aug/2026:00:25:00 +0800] "OPTIONS * HTTP/1.0" 200 110 "-" "Apache/2.4.68 (Ubuntu) OpenSSL/3.0.19 (internal dummy connection)"
66.249.79.132 - - [27/Aug/2026:00:24:59 +0800] "GET /wp-login.php?action=ilc_logout&_wpnonce=43754d0aad&redirect_to=http://mosups.ru/gallery/28057/ HTTP/1.1" 302 3438 "-" "Mozilla/5.0 (compatible; Googlebot/2.1; +http://www.google.com/bot.html)"
140.111.67.10 - - [27/Aug/2026:00:25:02 +0800] "GET /" 301 273 "-" "-"
2001:288:a000:192:250:56ff:feae:a27e - - [27/Aug/2026:00:25:03 +0800] "HEAD / HTTP/1.1" 200 5485 "-" "Mozilla/5.0 (compatible; phpservermon/3.5.2; +https://github.com/phpservermon/phpservermon)"
20.125.101.194 - - [27/Aug/2026:00:25:02 +0800] "GET /16771/wp-content/uploads/sites/2448/2022/05/7.pdf HTTP/1.1" 200 3377652 "-" "Mozilla/5.0 (compatible; MSR-Financial-PDF-Scorer/1.0)"
34.10.180.98 - - [27/Aug/2026:00:25:03 +0800] "GET /6509/?p=10741 HTTP/1.1" 301 5775 "-" "Mozilla/5.0 (Macintosh; Intel Mac OS X 10_15_7) AppleWebKit/537.36 (KHTML, like Gecko) Chrome/120.0.0.0 Safari/537.36"
::1 - - [27/Aug/2026:00:25:03 +0800] "OPTIONS * HTTP/1.0" 200 110 "-" "Apache/2.4.68 (Ubuntu) OpenSSL/3.0.19 (internal dummy connection)"
85.208.96.196 - - [27/Aug/2026:00:25:04 +0800] "GET /5315/2020/10/19/strategies-for-finding-ukyopian-brides-to-get-marriage/?paged=16 HTTP/1.1" 200 16886 "-" "Mozilla/5.0 (compatible; SemrushBot/7~bl; +http://www.semrush.com/bot.html)"
::1 - - [27/Aug/2026:00:25:04 +0800] "OPTIONS * HTTP/1.0" 200 110 "-" "Apache/2.4.68 (Ubuntu) OpenSSL/3.0.19 (internal dummy connection)"
2408:8722:0:1::2a7 - - [27/Aug/2026:00:25:04 +0800] "GET /dafu/author/seyui1987 HTTP/1.1" 301 5772 "-" "Mozilla/5.0 (Windows NT 10.0; Win64; x64) AppleWebKit/537.36 (KHTML, like Gecko) Chrome/144.0.0.0 Safari/537.36"
66.249.79.138 - - [27/Aug/2026:00:25:01 +0800] "GET /wp-login.php?action=ilc_logout&_wpnonce=43754d0aad&redirect_to=//revival24.ru/job/17896/ HTTP/1.1" 302 8239 "-" "Mozilla/5.0 (compatible; Googlebot/2.1; +http://www.google.com/bot.html)"
2409:8770:2f0:650::176 - - [27/Aug/2026:00:25:05 +0800] "GET /category/c-81713/page/6/ HTTP/1.1" 200 16150 "-" "Mozilla/5.0 (Windows NT 10.0; Win64; x64) AppleWebKit/537.36 (KHTML, like Gecko) Chrome/144.0.0.0 Safari/537.36"
2408:8722:0:1::2a7 - - [27/Aug/2026:00:25:05 +0800] "GET /dafu/author/seyui1987/ HTTP/1.1" 200 10081 "-" "Mozilla/5.0 (Windows NT 10.0; Win64; x64) AppleWebKit/537.36 (KHTML, like Gecko) Chrome/144.0.0.0 Safari/537.36"
2001:288:a201::66:125 - - [27/Aug/2026:00:25:05 +0800] "GET /blog/active.php HTTP/1.1" 301 1026 "-" "-"
2407:4b00:4c01:9964:7964:29ca:3bce:5116 - - [27/Aug/2026:00:25:05 +0800] "GET / HTTP/1.1" 200 29814 "-" "Mozilla/5.0 (Windows NT 10.0; Win64; x64) AppleWebKit/537.36 (KHTML, like Gecko) Chrome/151.0.0.0 Safari/537.36"
2001:288:a201::66:125 - - [27/Aug/2026:00:25:05 +0800] "GET /blog/active.php HTTP/1.1" 404 5511 "-" "-"
2408:8722:0:1::2a7 - - [27/Aug/2026:00:25:05 +0800] "GET /dafu/wp-content/cache/2blog.ilc.edu.tw/wpfc-minified/88enxtf4/619f6.css HTTP/1.1" 200 40885 "https://2blog.ilc.edu.tw/dafu/author/seyui1987/" "Mozilla/5.0 (Windows NT 10.0; Win64; x64) AppleWebKit/537.36 (KHTML, like Gecko) Chrome/144.0.0.0 Safari/537.36"
2408:8722:0:1::2a7 - - [27/Aug/2026:00:25:06 +0800] "GET /dafu/wp-content/cache/2blog.ilc.edu.tw/wpfc-minified/s9nq5x4/619f6.css HTTP/1.1" 200 15782 "https://2blog.ilc.edu.tw/dafu/author/seyui1987/" "Mozilla/5.0 (Windows NT 10.0; Win64; x64) AppleWebKit/537.36 (KHTML, like Gecko) Chrome/144.0.0.0 Safari/537.36"
2408:8722:0:1::2a7 - - [27/Aug/2026:00:25:06 +0800] "GET /dafu/wp-includes/js/imagesloaded.min.js HTTP/1.1" 200 2683 "https://2blog.ilc.edu.tw/dafu/author/seyui1987/" "Mozilla/5.0 (Windows NT 10.0; Win64; x64) AppleWebKit/537.36 (KHTML, like Gecko) Chrome/144.0.0.0 Safari/537.36"
85.208.96.209 - - [27/Aug/2026:00:25:06 +0800] "GET /3860/2009/04/26/%E8%87%AA%E7%B7%A8%E6%95%99%E6%9D%90%E6%AD%A1%E5%96%9C%E7%9B%B8%E8%A4%92%E5%AD%B8%E5%8F%B0%E8%AA%9E1-6%E5%A5%BD%E6%9C%8B%E5%8F%8B-p34/ HTTP/1.1" 200 29125 "-" "Mozilla/5.0 (compatible; SemrushBot/7~bl; +http://www.semrush.com/bot.html)"
2408:8722:0:1::2a7 - - [27/Aug/2026:00:25:07 +0800] "GET /dafu/wp-content/themes/oceanwp/assets/js/vendors/flickity.pkgd.min.js HTTP/1.1" 200 15048 "https://2blog.ilc.edu.tw/dafu/author/seyui1987/" "Mozilla/5.0 (Windows NT 10.0; Win64; x64) AppleWebKit/537.36 (KHTML, like Gecko) Chrome/144.0.0.0 Safari/537.36"
140.111.67.10 - - [27/Aug/2026:00:25:07 +0800] "GET /" 301 273 "-" "-"
2408:8722:0:1::2a7 - - [27/Aug/2026:00:25:07 +0800] "GET /dafu/wp-content/themes/oceanwp/assets/fonts/fontawesome/webfonts/fa-solid-900.woff2 HTTP/1.1" 200 151246 "https://2blog.ilc.edu.tw/dafu/wp-content/cache/2blog.ilc.edu.tw/wpfc-minified/djqzxhov/619f6.css" "Mozilla/5.0 (Windows NT 10.0; Win64; x64) AppleWebKit/537.36 (KHTML, like Gecko) Chrome/144.0.0.0 Safari/537.36"
2408:8722:0:1::2a7 - - [27/Aug/2026:00:25:08 +0800] "GET /favicon.ico HTTP/1.1" 302 901 "https://2blog.ilc.edu.tw/dafu/author/seyui1987/" "Mozilla/5.0 (Windows NT 10.0; Win64; x64) AppleWebKit/537.36 (KHTML, like Gecko) Chrome/144.0.0.0 Safari/537.36"
66.249.79.133 - - [27/Aug/2026:00:25:05 +0800] "GET /wp-login.php?action=ilc_logout&_wpnonce=43754d0aad&redirect_to=http://asladosti.ru/gallery/58220/ HTTP/1.1" 302 3441 "-" "Mozilla/5.0 (compatible; Googlebot/2.1; +http://www.google.com/bot.html)"
2408:8722:0:1::2a7 - - [27/Aug/2026:00:25:08 +0800] "GET /wp-includes/images/w-logo-blue-white-bg.png HTTP/1.1" 200 4946 "https://2blog.ilc.edu.tw/dafu/author/seyui1987/" "Mozilla/5.0 (Windows NT 10.0; Win64; x64) AppleWebKit/537.36 (KHTML, like Gecko) Chrome/144.0.0.0 Safari/537.36"
85.208.96.199 - - [27/Aug/2026:00:25:08 +0800] "GET /blog/blog/6509/post/22076/472738 HTTP/1.1" 404 25426 "-" "Mozilla/5.0 (compatible; SemrushBot/7~bl; +http://www.semrush.com/bot.html)"
2001:288:a201::66:125 - - [27/Aug/2026:00:25:10 +0800] "GET /blog/active.php HTTP/1.1" 301 1026 "-" "-"
2001:288:a201::66:125 - - [27/Aug/2026:00:25:10 +0800] "GET /blog/active.php HTTP/1.1" 404 1084 "-" "-"
66.249.79.173 - - [27/Aug/2026:00:25:10 +0800] "GET /5315/wp-content/uploads/sites/878/2020/06/1090604%E7%A6%AA%E7%B9%9E15_thumb.jpg HTTP/1.1" 304 5569 "-" "Googlebot-Image/1.0"
40.77.167.1 - - [27/Aug/2026:00:25:10 +0800] "GET /26150/wp-content/uploads/sites/67/2023/06/112%E5%B9%B4%E5%AE%9C%E8%98%AD%E7%B8%A3%E7%92%B0%E5%A2%83%E7%9F%A5%E8%AD%98%E7%AB%B6%E8%B3%BD-%E6%B4%BB%E5%8B%95%E9%A0%88%E7%9F%A5.pdf HTTP/1.1" 200 280234 "-" "Mozilla/5.0 AppleWebKit/537.36 (KHTML, like Gecko; compatible; bingbot/2.0; +http://www.bing.com/bingbot.htm) Chrome/116.0.1938.76 Safari/537.36"
54.86.188.160 - - [27/Aug/2026:00:25:10 +0800] "GET /robots.txt HTTP/1.1" 200 5613 "-" "Mozilla/5.0 (Macintosh; Intel Mac OS X 10_10_1) AppleWebKit/600.2.5 (KHTML, like Gecko) Version/8.0.2 Safari/600.2.5 (Gort)"
36.236.80.15 - - [27/Aug/2026:00:25:11 +0800] "GET /1003/wp-content/uploads/sites/233/2019/11/03-e1573803612454.jpg HTTP/1.1" 200 116716 "https://2blog.ilc.edu.tw/1003/2019/11/15/%E9%96%B1%E8%AE%80%E6%95%99%E5%AD%B8%E9%A0%90%E6%B8%AC%E7%AD%96%E7%95%A5%E4%BA%8C%E5%B9%B4%E7%B4%9A%E9%96%B1%E8%AE%80%E8%AA%B2/" "Mozilla/5.0 (Linux; Android 10; K) AppleWebKit/537.36 (KHTML, like Gecko) SamsungBrowser/30.0 Chrome/143.0.0.0 Mobile Safari/537.36"
140.111.67.10 - - [27/Aug/2026:00:25:12 +0800] "GET /" 301 273 "-" "-"
85.208.96.211 - - [27/Aug/2026:00:25:12 +0800] "GET /kses1113a/category/%E7%8F%AD%E7%B4%9A%E8%A8%8A%E6%81%AF/%E8%81%AF%E7%B5%A1%E7%B0%BF/page/31/ HTTP/1.1" 200 18927 "-" "Mozilla/5.0 (compatible; SemrushBot/7~bl; +http://www.semrush.com/bot.html)"
2001:288:a201::66:125 - - [27/Aug/2026:00:25:15 +0800] "GET /blog/active.php HTTP/1.1" 404 1084 "-" "-"
2001:288:a201::66:125 - - [27/Aug/2026:00:25:15 +0800] "GET /blog/active.php HTTP/1.1" 301 1026 "-" "-"
66.249.79.173 - - [27/Aug/2026:00:25:15 +0800] "GET /blog/gallery/1374/1374-87445.pdf HTTP/1.1" 404 25470 "-" "Mozilla/5.0 (Linux; Android 6.0.1; Nexus 5X Build/MMB29P) AppleWebKit/537.36 (KHTML, like Gecko) Chrome/151.0.7922.173 Mobile Safari/537.36 (compatible; GoogleOther)"
85.208.96.211 - - [27/Aug/2026:00:25:16 +0800] "GET /blog/blog/6079/post/43724/281177 HTTP/1.1" 404 25426 "-" "Mozilla/5.0 (compatible; SemrushBot/7~bl; +http://www.semrush.com/bot.html)"
140.111.67.10 - - [27/Aug/2026:00:25:17 +0800] "GET /" 301 273 "-" "-"
::1 - - [27/Aug/2026:00:25:17 +0800] "OPTIONS * HTTP/1.0" 200 110 "-" "Apache/2.4.68 (Ubuntu) OpenSSL/3.0.19 (internal dummy connection)"
216.73.217.64 - - [27/Aug/2026:00:25:16 +0800] "GET /32745/2020/05/02/page/14/ HTTP/1.1" 200 91442 "-" "Mozilla/5.0 AppleWebKit/537.36 (KHTML, like Gecko; compatible; ClaudeBot/1.0; +claudebot@anthropic.com)"
36.236.80.15 - - [27/Aug/2026:00:25:18 +0800] "GET /1003/wp-content/uploads/sites/233/2019/11/05-1024x768.jpg HTTP/1.1" 200 116852 "https://2blog.ilc.edu.tw/1003/2019/11/15/%E9%96%B1%E8%AE%80%E6%95%99%E5%AD%B8%E9%A0%90%E6%B8%AC%E7%AD%96%E7%95%A5%E4%BA%8C%E5%B9%B4%E7%B4%9A%E9%96%B1%E8%AE%80%E8%AA%B2/" "Mozilla/5.0 (Linux; Android 10; K) AppleWebKit/537.36 (KHTML, like Gecko) SamsungBrowser/30.0 Chrome/143.0.0.0 Mobile Safari/537.36"
2001:288:a201::66:125 - - [27/Aug/2026:00:25:20 +0800] "GET /blog/active.php HTTP/1.1" 301 1026 "-" "-"
2001:288:a201::66:125 - - [27/Aug/2026:00:25:20 +0800] "GET /blog/active.php HTTP/1.1" 404 1084 "-" "-"
140.111.67.10 - - [27/Aug/2026:00:25:22 +0800] "GET /" 301 273 "-" "-"
240c:c0a9:1a00:1::102 - - [27/Aug/2026:00:25:23 +0800] "GET /2016/08/24 HTTP/1.1" 301 5772 "-" "Mozilla/5.0 (Windows NT 10.0; Win64; x64) AppleWebKit/537.36 (KHTML, like Gecko) Chrome/144.0.0.0 Safari/537.36"
240c:c0a9:1a00:1::102 - - [27/Aug/2026:00:25:23 +0800] "GET /2016/08/24/ HTTP/1.1" 200 10628 "-" "Mozilla/5.0 (Windows NT 10.0; Win64; x64) AppleWebKit/537.36 (KHTML, like Gecko) Chrome/144.0.0.0 Safari/537.36"
240c:c0a9:1a00:1::102 - - [27/Aug/2026:00:25:23 +0800] "GET /wp-content/cache/www.daes.ilc.edu.tw/wpfc-minified/f3c1mnf7/73ws.css HTTP/1.1" 200 40884 "https://www.daes.ilc.edu.tw/2016/08/24/" "Mozilla/5.0 (Windows NT 10.0; Win64; x64) AppleWebKit/537.36 (KHTML, like Gecko) Chrome/144.0.0.0 Safari/537.36"
240c:c0a9:1a00:1::102 - - [27/Aug/2026:00:25:24 +0800] "GET /wp-content/cache/www.daes.ilc.edu.tw/wpfc-minified/eukwje3/73ws.css HTTP/1.1" 200 15777 "https://www.daes.ilc.edu.tw/2016/08/24/" "Mozilla/5.0 (Windows NT 10.0; Win64; x64) AppleWebKit/537.36 (KHTML, like Gecko) Chrome/144.0.0.0 Safari/537.36"
240c:c0a9:1a00:1::102 - - [27/Aug/2026:00:25:24 +0800] "GET /wp-content/cache/www.daes.ilc.edu.tw/wpfc-minified/fde0jnib/73ws.css HTTP/1.1" 200 1157 "https://www.daes.ilc.edu.tw/2016/08/24/" "Mozilla/5.0 (Windows NT 10.0; Win64; x64) AppleWebKit/537.36 (KHTML, like Gecko) Chrome/144.0.0.0 Safari/537.36"
240c:c0a9:1a00:1::102 - - [27/Aug/2026:00:25:24 +0800] "GET /wp-content/cache/www.daes.ilc.edu.tw/wpfc-minified/1pa6d9is/73ws.css HTTP/1.1" 200 61304 "https://www.daes.ilc.edu.tw/2016/08/24/" "Mozilla/5.0 (Windows NT 10.0; Win64; x64) AppleWebKit/537.36 (KHTML, like Gecko) Chrome/144.0.0.0 Safari/537.36"
240c:c0a9:1a00:1::102 - - [27/Aug/2026:00:25:24 +0800] "GET /wp-content/cache/www.daes.ilc.edu.tw/wpfc-minified/993j6met/73ws.js HTTP/1.1" 200 35557 "https://www.daes.ilc.edu.tw/2016/08/24/" "Mozilla/5.0 (Windows NT 10.0; Win64; x64) AppleWebKit/537.36 (KHTML, like Gecko) Chrome/144.0.0.0 Safari/537.36"
240c:c0a9:1a00:1::102 - - [27/Aug/2026:00:25:24 +0800] "GET /wp-includes/js/hoverintent-js.min.js HTTP/1.1" 200 1597 "https://www.daes.ilc.edu.tw/2016/08/24/" "Mozilla/5.0 (Windows NT 10.0; Win64; x64) AppleWebKit/537.36 (KHTML, like Gecko) Chrome/144.0.0.0 Safari/537.36"
240c:c0a9:1a00:1::102 - - [27/Aug/2026:00:25:25 +0800] "GET /wp-content/themes/oceanwp/assets/fonts/simple-line-icons/Simple-Line-Icons.woff2?v=2.4.0 HTTP/1.1" 200 30959 "https://www.daes.ilc.edu.tw/wp-content/cache/www.daes.ilc.edu.tw/wpfc-minified/1pa6d9is/73ws.css" "Mozilla/5.0 (Windows NT 10.0; Win64; x64) AppleWebKit/537.36 (KHTML, like Gecko) Chrome/144.0.0.0 Safari/537.36"
34.42.229.145 - - [27/Aug/2026:00:25:25 +0800] "GET /wp-content/uploads/sites/2924/5882/5882-2434082.docx HTTP/1.1" 200 19882 "-" "Mozilla/5.0 (Macintosh; Intel Mac OS X 10_15_7) AppleWebKit/537.36 (KHTML, like Gecko) Chrome/120.0.0.0 Safari/537.36"
240c:c0a9:1a00:1::102 - - [27/Aug/2026:00:25:25 +0800] "GET /wp-content/themes/oceanwp/assets/fonts/fontawesome/webfonts/fa-solid-900.woff2 HTTP/1.1" 200 151246 "https://www.daes.ilc.edu.tw/wp-content/cache/www.daes.ilc.edu.tw/wpfc-minified/1pa6d9is/73ws.css" "Mozilla/5.0 (Windows NT 10.0; Win64; x64) AppleWebKit/537.36 (KHTML, like Gecko) Chrome/144.0.0.0 Safari/537.36"
2001:288:a201::66:125 - - [27/Aug/2026:00:25:25 +0800] "GET /blog/active.php HTTP/1.1" 404 1084 "-" "-"
2001:288:a201::66:125 - - [27/Aug/2026:00:25:25 +0800] "GET /blog/active.php HTTP/1.1" 301 1026 "-" "-"
240c:c0a9:1a00:1::102 - - [27/Aug/2026:00:25:25 +0800] "GET /wp-includes/js/admin-bar.min.js HTTP/1.1" 200 2237 "https://www.daes.ilc.edu.tw/2016/08/24/" "Mozilla/5.0 (Windows NT 10.0; Win64; x64) AppleWebKit/537.36 (KHTML, like Gecko) Chrome/144.0.0.0 Safari/537.36"
240c:c0a9:1a00:1::102 - - [27/Aug/2026:00:25:25 +0800] "GET /wp-includes/js/imagesloaded.min.js HTTP/1.1" 200 2683 "https://www.daes.ilc.edu.tw/2016/08/24/" "Mozilla/5.0 (Windows NT 10.0; Win64; x64) AppleWebKit/537.36 (KHTML, like Gecko) Chrome/144.0.0.0 Safari/537.36"
240c:c0a9:1a00:1::102 - - [27/Aug/2026:00:25:26 +0800] "GET /wp-content/themes/oceanwp/assets/js/theme.min.js HTTP/1.1" 200 5469 "https://www.daes.ilc.edu.tw/2016/08/24/" "Mozilla/5.0 (Windows NT 10.0; Win64; x64) AppleWebKit/537.36 (KHTML, like Gecko) Chrome/144.0.0.0 Safari/537.36"
240c:c0a9:1a00:1::102 - - [27/Aug/2026:00:25:26 +0800] "GET /wp-content/themes/oceanwp/assets/js/drop-down-search.min.js HTTP/1.1" 200 7770 "https://www.daes.ilc.edu.tw/2016/08/24/" "Mozilla/5.0 (Windows NT 10.0; Win64; x64) AppleWebKit/537.36 (KHTML, like Gecko) Chrome/144.0.0.0 Safari/537.36"
240c:c0a9:1a00:1::102 - - [27/Aug/2026:00:25:26 +0800] "GET /wp-content/themes/oceanwp/assets/js/drop-down-mobile-menu.min.js HTTP/1.1" 200 9465 "https://www.daes.ilc.edu.tw/2016/08/24/" "Mozilla/5.0 (Windows NT 10.0; Win64; x64) AppleWebKit/537.36 (KHTML, like Gecko) Chrome/144.0.0.0 Safari/537.36"
240c:c0a9:1a00:1::102 - - [27/Aug/2026:00:25:26 +0800] "GET /wp-content/themes/oceanwp/assets/js/vendors/magnific-popup.min.js HTTP/1.1" 200 8609 "https://www.daes.ilc.edu.tw/2016/08/24/" "Mozilla/5.0 (Windows NT 10.0; Win64; x64) AppleWebKit/537.36 (KHTML, like Gecko) Chrome/144.0.0.0 Safari/537.36"
240c:c0a9:1a00:1::102 - - [27/Aug/2026:00:25:26 +0800] "GET /wp-content/themes/oceanwp/assets/js/ow-lightbox.min.js HTTP/1.1" 200 7123 "https://www.daes.ilc.edu.tw/2016/08/24/" "Mozilla/5.0 (Windows NT 10.0; Win64; x64) AppleWebKit/537.36 (KHTML, like Gecko) Chrome/144.0.0.0 Safari/537.36"
240c:c0a9:1a00:1::102 - - [27/Aug/2026:00:25:26 +0800] "GET /wp-content/themes/oceanwp/assets/js/vendors/flickity.pkgd.min.js HTTP/1.1" 200 15048 "https://www.daes.ilc.edu.tw/2016/08/24/" "Mozilla/5.0 (Windows NT 10.0; Win64; x64) AppleWebKit/537.36 (KHTML, like Gecko) Chrome/144.0.0.0 Safari/537.36"
