2407:4b00:4c0c:8395:8946:6f23:13e1:cef9 - - [27/Aug/2026:00:29:06 +0800] "GET /wp-content/uploads/sites/411/2025/11/376420000A_1140189696_ATTACH1.png HTTP/1.1" 200 18436 "https://www.ltjh.ilc.edu.tw/?page_id=70" "Mozilla/5.0 (Windows NT 10.0; Win64; x64) AppleWebKit/537.36 (KHTML, like Gecko) Chrome/151.0.0.0 Safari/537.36"
2407:4b00:4c0c:8395:8946:6f23:13e1:cef9 - - [27/Aug/2026:00:29:06 +0800] "GET /wp-content/uploads/sites/411/2025/06/%E9%98%B2%E6%B2%BB%E6%80%A7%E9%A8%B7.png HTTP/1.1" 200 196010 "https://www.ltjh.ilc.edu.tw/?page_id=70" "Mozilla/5.0 (Windows NT 10.0; Win64; x64) AppleWebKit/537.36 (KHTML, like Gecko) Chrome/151.0.0.0 Safari/537.36"
2407:4b00:4c0c:8395:8946:6f23:13e1:cef9 - - [27/Aug/2026:00:29:06 +0800] "GET /wp-includes/js/hoverintent-js.min.js HTTP/1.1" 200 1597 "https://www.ltjh.ilc.edu.tw/?page_id=70" "Mozilla/5.0 (Windows NT 10.0; Win64; x64) AppleWebKit/537.36 (KHTML, like Gecko) Chrome/151.0.0.0 Safari/537.36"
2407:4b00:4c0c:8395:8946:6f23:13e1:cef9 - - [27/Aug/2026:00:29:06 +0800] "GET /wp-includes/js/admin-bar.min.js HTTP/1.1" 200 2237 "https://www.ltjh.ilc.edu.tw/?page_id=70" "Mozilla/5.0 (Windows NT 10.0; Win64; x64) AppleWebKit/537.36 (KHTML, like Gecko) Chrome/151.0.0.0 Safari/537.36"
2407:4b00:4c0c:8395:8946:6f23:13e1:cef9 - - [27/Aug/2026:00:29:06 +0800] "GET /wp-content/themes/toujours/js/navigation.js HTTP/1.1" 200 1748 "https://www.ltjh.ilc.edu.tw/?page_id=70" "Mozilla/5.0 (Windows NT 10.0; Win64; x64) AppleWebKit/537.36 (KHTML, like Gecko) Chrome/151.0.0.0 Safari/537.36"
2407:4b00:4c0c:8395:8946:6f23:13e1:cef9 - - [27/Aug/2026:00:29:06 +0800] "GET /wp-includes/js/imagesloaded.min.js HTTP/1.1" 200 2683 "https://www.ltjh.ilc.edu.tw/?page_id=70" "Mozilla/5.0 (Windows NT 10.0; Win64; x64) AppleWebKit/537.36 (KHTML, like Gecko) Chrome/151.0.0.0 Safari/537.36"
2407:4b00:4c0c:8395:8946:6f23:13e1:cef9 - - [27/Aug/2026:00:29:06 +0800] "GET /wp-content/themes/toujours/js/jquery.flexslider.js HTTP/1.1" 200 12795 "https://www.ltjh.ilc.edu.tw/?page_id=70" "Mozilla/5.0 (Windows NT 10.0; Win64; x64) AppleWebKit/537.36 (KHTML, like Gecko) Chrome/151.0.0.0 Safari/537.36"
185.191.171.2 - - [27/Aug/2026:00:29:04 +0800] "GET /26150/category/slug/c-78370/112%E5%B9%B4%E5%BA%A6/ HTTP/1.1" 200 22594 "-" "Mozilla/5.0 (compatible; SemrushBot/7~bl; +http://www.semrush.com/bot.html)"
2407:4b00:4c0c:8395:8946:6f23:13e1:cef9 - - [27/Aug/2026:00:29:06 +0800] "GET /wp-content/themes/toujours/js/skip-link-focus-fix.js HTTP/1.1" 200 1344 "https://www.ltjh.ilc.edu.tw/?page_id=70" "Mozilla/5.0 (Windows NT 10.0; Win64; x64) AppleWebKit/537.36 (KHTML, like Gecko) Chrome/151.0.0.0 Safari/537.36"
2407:4b00:4c0c:8395:8946:6f23:13e1:cef9 - - [27/Aug/2026:00:29:06 +0800] "GET /wp-content/themes/toujours/js/global.js HTTP/1.1" 200 2171 "https://www.ltjh.ilc.edu.tw/?page_id=70" "Mozilla/5.0 (Windows NT 10.0; Win64; x64) AppleWebKit/537.36 (KHTML, like Gecko) Chrome/151.0.0.0 Safari/537.36"
2407:4b00:4c0c:8395:8946:6f23:13e1:cef9 - - [27/Aug/2026:00:29:06 +0800] "GET /wp-includes/js/masonry.min.js HTTP/1.1" 200 8306 "https://www.ltjh.ilc.edu.tw/?page_id=70" "Mozilla/5.0 (Windows NT 10.0; Win64; x64) AppleWebKit/537.36 (KHTML, like Gecko) Chrome/151.0.0.0 Safari/537.36"
2407:4b00:4c0c:8395:8946:6f23:13e1:cef9 - - [27/Aug/2026:00:29:06 +0800] "GET /wp-content/plugins/elementor/assets/js/webpack.runtime.min.js HTTP/1.1" 200 3095 "https://www.ltjh.ilc.edu.tw/?page_id=70" "Mozilla/5.0 (Windows NT 10.0; Win64; x64) AppleWebKit/537.36 (KHTML, like Gecko) Chrome/151.0.0.0 Safari/537.36"
2407:4b00:4c0c:8395:8946:6f23:13e1:cef9 - - [27/Aug/2026:00:29:06 +0800] "GET /wp-content/plugins/elementor-pro/assets/js/webpack-pro.runtime.min.js HTTP/1.1" 200 3562 "https://www.ltjh.ilc.edu.tw/?page_id=70" "Mozilla/5.0 (Windows NT 10.0; Win64; x64) AppleWebKit/537.36 (KHTML, like Gecko) Chrome/151.0.0.0 Safari/537.36"
2407:4b00:4c0c:8395:8946:6f23:13e1:cef9 - - [27/Aug/2026:00:29:06 +0800] "GET /wp-content/plugins/elementor/assets/js/frontend-modules.min.js HTTP/1.1" 200 19416 "https://www.ltjh.ilc.edu.tw/?page_id=70" "Mozilla/5.0 (Windows NT 10.0; Win64; x64) AppleWebKit/537.36 (KHTML, like Gecko) Chrome/151.0.0.0 Safari/537.36"
2407:4b00:4c0c:8395:8946:6f23:13e1:cef9 - - [27/Aug/2026:00:29:06 +0800] "GET /wp-includes/js/dist/hooks.min.js HTTP/1.1" 200 2421 "https://www.ltjh.ilc.edu.tw/?page_id=70" "Mozilla/5.0 (Windows NT 10.0; Win64; x64) AppleWebKit/537.36 (KHTML, like Gecko) Chrome/151.0.0.0 Safari/537.36"
2407:4b00:4c0c:8395:8946:6f23:13e1:cef9 - - [27/Aug/2026:00:29:06 +0800] "GET /wp-includes/js/dist/i18n.min.js HTTP/1.1" 200 4547 "https://www.ltjh.ilc.edu.tw/?page_id=70" "Mozilla/5.0 (Windows NT 10.0; Win64; x64) AppleWebKit/537.36 (KHTML, like Gecko) Chrome/151.0.0.0 Safari/537.36"
2407:4b00:4c0c:8395:8946:6f23:13e1:cef9 - - [27/Aug/2026:00:29:06 +0800] "GET /wp-content/plugins/elementor-pro/assets/js/frontend.min.js HTTP/1.1" 200 7574 "https://www.ltjh.ilc.edu.tw/?page_id=70" "Mozilla/5.0 (Windows NT 10.0; Win64; x64) AppleWebKit/537.36 (KHTML, like Gecko) Chrome/151.0.0.0 Safari/537.36"
2407:4b00:4c0c:8395:8946:6f23:13e1:cef9 - - [27/Aug/2026:00:29:06 +0800] "GET /wp-includes/js/jquery/ui/core.min.js HTTP/1.1" 200 7986 "https://www.ltjh.ilc.edu.tw/?page_id=70" "Mozilla/5.0 (Windows NT 10.0; Win64; x64) AppleWebKit/537.36 (KHTML, like Gecko) Chrome/151.0.0.0 Safari/537.36"
2407:4b00:4c0c:8395:8946:6f23:13e1:cef9 - - [27/Aug/2026:00:29:06 +0800] "GET /wp-content/plugins/elementor/assets/lib/waypoints/waypoints.min.js HTTP/1.1" 200 3873 "https://www.ltjh.ilc.edu.tw/?page_id=70" "Mozilla/5.0 (Windows NT 10.0; Win64; x64) AppleWebKit/537.36 (KHTML, like Gecko) Chrome/151.0.0.0 Safari/537.36"
2407:4b00:4c0c:8395:8946:6f23:13e1:cef9 - - [27/Aug/2026:00:29:06 +0800] "GET /wp-content/plugins/elementor/assets/js/frontend.min.js HTTP/1.1" 200 13169 "https://www.ltjh.ilc.edu.tw/?page_id=70" "Mozilla/5.0 (Windows NT 10.0; Win64; x64) AppleWebKit/537.36 (KHTML, like Gecko) Chrome/151.0.0.0 Safari/537.36"
2407:4b00:4c0c:8395:8946:6f23:13e1:cef9 - - [27/Aug/2026:00:29:06 +0800] "GET /wp-content/plugins/elementor-pro/assets/js/elements-handlers.min.js HTTP/1.1" 200 10882 "https://www.ltjh.ilc.edu.tw/?page_id=70" "Mozilla/5.0 (Windows NT 10.0; Win64; x64) AppleWebKit/537.36 (KHTML, like Gecko) Chrome/151.0.0.0 Safari/537.36"
2407:4b00:4c0c:8395:8946:6f23:13e1:cef9 - - [27/Aug/2026:00:29:06 +0800] "GET /wp-content/themes/toujours/images/toujoursbackground20160105.png HTTP/1.1" 200 1387 "https://www.ltjh.ilc.edu.tw/?page_id=70" "Mozilla/5.0 (Windows NT 10.0; Win64; x64) AppleWebKit/537.36 (KHTML, like Gecko) Chrome/151.0.0.0 Safari/537.36"
2407:4b00:4c0c:8395:8946:6f23:13e1:cef9 - - [27/Aug/2026:00:29:07 +0800] "GET /wp-content/plugins/elementor/assets/js/text-editor.2c35aafbe5bf0e127950.bundle.min.js HTTP/1.1" 200 1545 "https://www.ltjh.ilc.edu.tw/?page_id=70" "Mozilla/5.0 (Windows NT 10.0; Win64; x64) AppleWebKit/537.36 (KHTML, like Gecko) Chrome/151.0.0.0 Safari/537.36"
140.111.67.10 - - [27/Aug/2026:00:29:07 +0800] "GET /" 301 273 "-" "-"
34.30.223.149 - - [27/Aug/2026:00:29:07 +0800] "GET /6547/wp-json/wp/v2/posts/517 HTTP/1.1" 200 8687 "-" "Mozilla/5.0 (Macintosh; Intel Mac OS X 10_15_7) AppleWebKit/537.36 (KHTML, like Gecko) Chrome/120.0.0.0 Safari/537.36"
2407:4b00:4c0c:8395:8946:6f23:13e1:cef9 - - [27/Aug/2026:00:29:08 +0800] "GET /wp-content/uploads/sites/411/2019/08/cropped-ltjhicon-32x32.jpg HTTP/1.1" 200 2169 "https://www.ltjh.ilc.edu.tw/?page_id=70" "Mozilla/5.0 (Windows NT 10.0; Win64; x64) AppleWebKit/537.36 (KHTML, like Gecko) Chrome/151.0.0.0 Safari/537.36"
66.249.79.138 - - [27/Aug/2026:00:29:06 +0800] "GET /wp-login.php?action=ilc_logout&_wpnonce=43754d0aad&redirect_to=//losroques.ru/join/79829/ HTTP/1.1" 302 8240 "-" "Mozilla/5.0 (compatible; Googlebot/2.1; +http://www.google.com/bot.html)"
54.87.62.248 - - [27/Aug/2026:00:29:08 +0800] "GET /wp-content/uploads/sites/1950/2021/03/?C=N;O%3DD HTTP/1.1" 200 1112 "-" "Mozilla/5.0 AppleWebKit/537.36 (KHTML, like Gecko; compatible; Amazonbot/0.1; +https://developer.amazon.com/support/amazonbot) Chrome/119.0.6045.214 Safari/537.36"
216.73.217.64 - - [27/Aug/2026:00:29:08 +0800] "GET /9536/author/barin/page/358/ HTTP/1.1" 200 16017 "-" "Mozilla/5.0 AppleWebKit/537.36 (KHTML, like Gecko; compatible; ClaudeBot/1.0; +claudebot@anthropic.com)"
216.73.217.64 - - [27/Aug/2026:00:29:08 +0800] "GET /9536/?p=57438 HTTP/1.1" 301 5757 "-" "Mozilla/5.0 AppleWebKit/537.36 (KHTML, like Gecko; compatible; ClaudeBot/1.0; +claudebot@anthropic.com)"
216.73.217.64 - - [27/Aug/2026:00:29:08 +0800] "GET /32745/?p=86515 HTTP/1.1" 301 5749 "-" "Mozilla/5.0 AppleWebKit/537.36 (KHTML, like Gecko; compatible; ClaudeBot/1.0; +claudebot@anthropic.com)"
34.30.223.149 - - [27/Aug/2026:00:29:08 +0800] "GET /41799/?p=1326 HTTP/1.1" 301 5648 "-" "Mozilla/5.0 (Macintosh; Intel Mac OS X 10_15_7) AppleWebKit/537.36 (KHTML, like Gecko) Chrome/120.0.0.0 Safari/537.36"
216.73.217.64 - - [27/Aug/2026:00:29:08 +0800] "GET /32745/2023/01/22/%e6%9c%88%e5%85%89%e6%8e%96%e4%bd%87%e6%9d%b1%e9%96%80%e5%9f%8e/ HTTP/1.1" 200 87487 "https://2blog.ilc.edu.tw/32745/?p=86515" "Mozilla/5.0 AppleWebKit/537.36 (KHTML, like Gecko; compatible; ClaudeBot/1.0; +claudebot@anthropic.com)"
216.73.217.64 - - [27/Aug/2026:00:29:08 +0800] "GET /9536/2011/04/22/%e9%a0%ad%e5%88%86%e7%a4%be%e5%8d%80%e6%9c%80%e9%ab%98%e5%ad%b8%e5%ba%9c/ HTTP/1.1" 200 9436 "https://2blog.ilc.edu.tw/9536/?p=57438" "Mozilla/5.0 AppleWebKit/537.36 (KHTML, like Gecko; compatible; ClaudeBot/1.0; +claudebot@anthropic.com)"
17.246.19.55 - - [27/Aug/2026:00:29:08 +0800] "GET /wp-content/themes/oceanwp/assets/css/style.min.css HTTP/1.1" 200 33002 "https://www.nses.ilc.edu.tw/%C4%B0ADE/dokadskozx.com/tritonia.se/ssidecisions.com/armormax.com/jojobet/?paged=32" "Mozilla/5.0 (Macintosh; Intel Mac OS X 10_15_7) AppleWebKit/605.1.15 (KHTML, like Gecko) Version/17.4 Safari/605.1.15 (Applebot/0.1; +http://www.apple.com/go/applebot)"
52.167.144.142 - - [27/Aug/2026:00:29:08 +0800] "GET /25222/2017/01/06/105%E5%AD%B8%E5%B9%B4%E5%BA%A6%E9%9D%9E%E5%AD%B8%E6%A0%A1%E5%9E%8B%E6%85%8B%E5%AF%A6%E9%A9%97%E6%95%99%E8%82%B2%E8%BC%94%E5%B0%8E%E8%A8%AA%E8%A6%96%E8%A1%8C%E5%89%8D%E8%AA%AA%E6%98%8E%EF%BC%8C/ HTTP/1.1" 200 9706 "-" "Mozilla/5.0 AppleWebKit/537.36 (KHTML, like Gecko; compatible; bingbot/2.0; +http://www.bing.com/bingbot.htm) Chrome/116.0.1938.76 Safari/537.36"
85.208.96.196 - - [27/Aug/2026:00:29:08 +0800] "GET /6509/2017/11/09/%E4%BA%8C%E3%80%812-%E9%A3%9F%E8%BE%B2%E6%95%99%E8%82%B2%E5%AE%9C%E8%98%AD%E7%B8%A3%E4%B8%BB%E8%A6%81%E8%BE%B2%E4%BD%9C%E7%89%A9%E4%BB%8B%E7%B4%B9/ HTTP/1.1" 200 16453 "-" "Mozilla/5.0 (compatible; SemrushBot/7~bl; +http://www.semrush.com/bot.html)"
17.246.19.55 - - [27/Aug/2026:00:29:09 +0800] "GET /wp-includes/css/admin-bar.min.css HTTP/1.1" 200 4685 "https://www.nses.ilc.edu.tw/%C4%B0ADE/dokadskozx.com/tritonia.se/ssidecisions.com/armormax.com/jojobet/?paged=32" "Mozilla/5.0 (Macintosh; Intel Mac OS X 10_15_7) AppleWebKit/605.1.15 (KHTML, like Gecko) Version/17.4 Safari/605.1.15 (Applebot/0.1; +http://www.apple.com/go/applebot)"
66.249.79.138 - - [27/Aug/2026:00:29:08 +0800] "GET /wp-login.php?action=ilc_logout&_wpnonce=43754d0aad&redirect_to=http://strana-bylin.ru/gallery/14845/ HTTP/1.1" 302 3466 "-" "Mozilla/5.0 (compatible; Googlebot/2.1; +http://www.google.com/bot.html)"
34.57.162.91 - - [27/Aug/2026:00:29:10 +0800] "GET /32745/wp-json/wp/v2/posts/83220 HTTP/1.1" 200 18662 "-" "Mozilla/5.0 (Macintosh; Intel Mac OS X 10_15_7) AppleWebKit/537.36 (KHTML, like Gecko) Chrome/120.0.0.0 Safari/537.36"
2001:288:a201::66:125 - - [27/Aug/2026:00:29:10 +0800] "GET /blog/active.php HTTP/1.1" 404 1084 "-" "-"
2001:288:a201::66:125 - - [27/Aug/2026:00:29:10 +0800] "GET /blog/active.php HTTP/1.1" 301 1026 "-" "-"
17.246.19.55 - - [27/Aug/2026:00:29:11 +0800] "GET /wp-includes/css/dashicons.min.css HTTP/1.1" 200 36736 "https://www.nses.ilc.edu.tw/%C4%B0ADE/dokadskozx.com/tritonia.se/ssidecisions.com/armormax.com/jojobet/?paged=32" "Mozilla/5.0 (Macintosh; Intel Mac OS X 10_15_7) AppleWebKit/605.1.15 (KHTML, like Gecko) Version/17.4 Safari/605.1.15 (Applebot/0.1; +http://www.apple.com/go/applebot)"
3.81.253.213 - - [27/Aug/2026:00:29:11 +0800] "GET /wp-content/uploads/sites/1557/2022/08/?C=D;O%3DA HTTP/1.1" 200 1114 "-" "Mozilla/5.0 AppleWebKit/537.36 (KHTML, like Gecko; compatible; Amazonbot/0.1; +https://developer.amazon.com/support/amazonbot) Chrome/119.0.6045.214 Safari/537.36"
101.12.102.115 - - [27/Aug/2026:00:29:11 +0800] "-" 408 4801 "-" "-"
140.111.67.10 - - [27/Aug/2026:00:29:12 +0800] "GET /" 301 273 "-" "-"
66.249.71.7 - - [27/Aug/2026:00:29:10 +0800] "GET /wp-login.php?key=nunkf383&_wpnonce=&action=ilc_logout&redirect_to=https%3A%2F%2Fwww.aayyy.com%2Fguides HTTP/1.1" 302 8242 "-" "Mozilla/5.0 (Linux; Android 6.0.1; Nexus 5X Build/MMB29P) AppleWebKit/537.36 (KHTML, like Gecko) Chrome/151.0.7922.173 Mobile Safari/537.36 (compatible; GoogleOther)"
17.246.19.55 - - [27/Aug/2026:00:29:12 +0800] "GET /wp-content/plugins/google-drive-embedder/css/gdm-blocks.css HTTP/1.1" 200 1160 "https://www.nses.ilc.edu.tw/%C4%B0ADE/dokadskozx.com/tritonia.se/ssidecisions.com/armormax.com/jojobet/?paged=32" "Mozilla/5.0 (Macintosh; Intel Mac OS X 10_15_7) AppleWebKit/605.1.15 (KHTML, like Gecko) Version/17.4 Safari/605.1.15 (Applebot/0.1; +http://www.apple.com/go/applebot)"
85.208.96.206 - - [27/Aug/2026:00:29:12 +0800] "GET /blog/blog/28/post/283/347360 HTTP/1.1" 404 25426 "-" "Mozilla/5.0 (compatible; SemrushBot/7~bl; +http://www.semrush.com/bot.html)"
17.246.19.55 - - [27/Aug/2026:00:29:14 +0800] "GET /wp-content/themes/oceanwp/assets/css/third/simple-line-icons.min.css HTTP/1.1" 200 3321 "https://www.nses.ilc.edu.tw/%C4%B0ADE/dokadskozx.com/tritonia.se/ssidecisions.com/armormax.com/jojobet/?paged=32" "Mozilla/5.0 (Macintosh; Intel Mac OS X 10_15_7) AppleWebKit/605.1.15 (KHTML, like Gecko) Version/17.4 Safari/605.1.15 (Applebot/0.1; +http://www.apple.com/go/applebot)"
192.178.5.10 - - [27/Aug/2026:00:29:13 +0800] "GET /ads.txt HTTP/1.1" 404 55753 "-" "Mozilla/5.0 (compatible; Googlebot/2.1; +http://www.google.com/bot.html)"
::1 - - [27/Aug/2026:00:29:14 +0800] "OPTIONS * HTTP/1.0" 200 110 "-" "Apache/2.4.68 (Ubuntu) OpenSSL/3.0.19 (internal dummy connection)"
34.171.68.95 - - [27/Aug/2026:00:29:14 +0800] "GET /6567/wp-json/wp/v2/posts/3556 HTTP/1.1" 200 26408 "-" "Mozilla/5.0 (Macintosh; Intel Mac OS X 10_15_7) AppleWebKit/537.36 (KHTML, like Gecko) Chrome/120.0.0.0 Safari/537.36"
18.205.213.231 - - [27/Aug/2026:00:29:15 +0800] "GET /wp-content/uploads/sites/207/2019/06/?C=N;O%3DA HTTP/1.1" 200 1113 "-" "Mozilla/5.0 AppleWebKit/537.36 (KHTML, like Gecko; compatible; Amazonbot/0.1; +https://developer.amazon.com/support/amazonbot) Chrome/119.0.6045.214 Safari/537.36"
34.202.88.37 - - [27/Aug/2026:00:29:15 +0800] "GET /kkesdean/wp-content/uploads/sites/2899/2020/10/20201118%E5%85%AC%E9%A4%A8%E5%9C%8B%E5%B0%8F%E8%B7%AF%E8%B7%91%E6%B4%BB%E5%8B%95_201118_10_0-169x300.jpg HTTP/1.1" 200 16082 "-" "Mozilla/5.0 AppleWebKit/537.36 (KHTML, like Gecko; compatible; Amazonbot/0.1; +https://developer.amazon.com/support/amazonbot) Chrome/119.0.6045.214 Safari/537.36"
::1 - - [27/Aug/2026:00:29:15 +0800] "OPTIONS * HTTP/1.0" 200 110 "-" "Apache/2.4.68 (Ubuntu) OpenSSL/3.0.19 (internal dummy connection)"
66.249.71.69 - - [27/Aug/2026:00:29:15 +0800] "GET /ads.txt HTTP/1.1" 404 40403 "-" "Mozilla/5.0 (compatible; Googlebot/2.1; +http://www.google.com/bot.html)"
17.246.19.55 - - [27/Aug/2026:00:29:15 +0800] "GET /wp-content/themes/oceanwp/assets/js/theme.min.js HTTP/1.1" 200 5130 "https://www.nses.ilc.edu.tw/%C4%B0ADE/dokadskozx.com/tritonia.se/ssidecisions.com/armormax.com/jojobet/?paged=32" "Mozilla/5.0 (Macintosh; Intel Mac OS X 10_15_7) AppleWebKit/605.1.15 (KHTML, like Gecko) Version/17.4 Safari/605.1.15 (Applebot/0.1; +http://www.apple.com/go/applebot)"
34.10.180.98 - - [27/Aug/2026:00:29:14 +0800] "GET /32745/2021/07/06/%E6%80%A8%E5%A4%A9%E6%80%A8%E8%87%AA%E5%B7%B1/ HTTP/1.1" 200 92375 "-" "Mozilla/5.0 (Macintosh; Intel Mac OS X 10_15_7) AppleWebKit/537.36 (KHTML, like Gecko) Chrome/120.0.0.0 Safari/537.36"
2001:288:a201::66:125 - - [27/Aug/2026:00:29:15 +0800] "GET /blog/active.php HTTP/1.1" 404 1084 "-" "-"
2001:288:a201::66:125 - - [27/Aug/2026:00:29:15 +0800] "GET /blog/active.php HTTP/1.1" 301 1026 "-" "-"
::1 - - [27/Aug/2026:00:29:16 +0800] "OPTIONS * HTTP/1.0" 200 110 "-" "Apache/2.4.68 (Ubuntu) OpenSSL/3.0.19 (internal dummy connection)"
66.249.79.171 - - [27/Aug/2026:00:29:16 +0800] "GET /ads.txt HTTP/1.1" 404 76924 "-" "Mozilla/5.0 (compatible; Googlebot/2.1; +http://www.google.com/bot.html)"
85.208.96.202 - - [27/Aug/2026:00:29:16 +0800] "GET /6418/category/c-12766/c-21124/page/6/ HTTP/1.1" 200 16072 "-" "Mozilla/5.0 (compatible; SemrushBot/7~bl; +http://www.semrush.com/bot.html)"
140.111.67.10 - - [27/Aug/2026:00:29:17 +0800] "GET /" 301 273 "-" "-"
::1 - - [27/Aug/2026:00:29:17 +0800] "OPTIONS * HTTP/1.0" 200 110 "-" "Apache/2.4.68 (Ubuntu) OpenSSL/3.0.19 (internal dummy connection)"
17.246.19.55 - - [27/Aug/2026:00:29:17 +0800] "GET /wp-content/themes/oceanwp/assets/js/vendors/magnific-popup.min.js HTTP/1.1" 200 8270 "https://www.nses.ilc.edu.tw/%C4%B0ADE/dokadskozx.com/tritonia.se/ssidecisions.com/armormax.com/jojobet/?paged=32" "Mozilla/5.0 (Macintosh; Intel Mac OS X 10_15_7) AppleWebKit/605.1.15 (KHTML, like Gecko) Version/17.4 Safari/605.1.15 (Applebot/0.1; +http://www.apple.com/go/applebot)"
216.73.217.64 - - [27/Aug/2026:00:29:17 +0800] "GET /6455/category/c-21505/page/11/ HTTP/1.1" 200 41975 "-" "Mozilla/5.0 AppleWebKit/537.36 (KHTML, like Gecko; compatible; ClaudeBot/1.0; +claudebot@anthropic.com)"
216.73.217.64 - - [27/Aug/2026:00:29:17 +0800] "GET /9536/author/barin/page/357/ HTTP/1.1" 200 16199 "-" "Mozilla/5.0 AppleWebKit/537.36 (KHTML, like Gecko; compatible; ClaudeBot/1.0; +claudebot@anthropic.com)"
::1 - - [27/Aug/2026:00:29:18 +0800] "OPTIONS * HTTP/1.0" 200 110 "-" "Apache/2.4.68 (Ubuntu) OpenSSL/3.0.19 (internal dummy connection)"
216.73.217.64 - - [27/Aug/2026:00:29:17 +0800] "GET /32745/category/%e8%a5%bf%e5%8d%bf/page/13/ HTTP/1.1" 200 90602 "-" "Mozilla/5.0 AppleWebKit/537.36 (KHTML, like Gecko; compatible; ClaudeBot/1.0; +claudebot@anthropic.com)"
52.205.113.104 - - [27/Aug/2026:00:29:18 +0800] "GET /32745/2023/03/18/%E6%9C%9B%E4%BD%A0%E6%9C%9B%E5%88%B0%E4%BD%95%E6%99%82/ HTTP/1.1" 200 92522 "-" "Mozilla/5.0 AppleWebKit/537.36 (KHTML, like Gecko; compatible; Amazonbot/0.1; +https://developer.amazon.com/support/amazonbot) Chrome/119.0.6045.214 Safari/537.36"
17.246.19.55 - - [27/Aug/2026:00:29:19 +0800] "GET /wp-content/themes/oceanwp/assets/js/ow-lightbox.min.js HTTP/1.1" 200 2321 "https://www.nses.ilc.edu.tw/%C4%B0ADE/dokadskozx.com/tritonia.se/ssidecisions.com/armormax.com/jojobet/?paged=32" "Mozilla/5.0 (Macintosh; Intel Mac OS X 10_15_7) AppleWebKit/605.1.15 (KHTML, like Gecko) Version/17.4 Safari/605.1.15 (Applebot/0.1; +http://www.apple.com/go/applebot)"
52.6.97.88 - - [27/Aug/2026:00:29:19 +0800] "GET /wp-content/uploads/sites/965/2026/02/?C=S;O%3DA HTTP/1.1" 200 1112 "-" "Mozilla/5.0 AppleWebKit/537.36 (KHTML, like Gecko; compatible; Amazonbot/0.1; +https://developer.amazon.com/support/amazonbot) Chrome/119.0.6045.214 Safari/537.36"
185.191.171.13 - - [27/Aug/2026:00:29:19 +0800] "GET /blog/blog/19596/post/49463/343358 HTTP/1.1" 404 25426 "-" "Mozilla/5.0 (compatible; SemrushBot/7~bl; +http://www.semrush.com/bot.html)"
::1 - - [27/Aug/2026:00:29:20 +0800] "OPTIONS * HTTP/1.0" 200 110 "-" "Apache/2.4.68 (Ubuntu) OpenSSL/3.0.19 (internal dummy connection)"
17.246.19.55 - - [27/Aug/2026:00:29:20 +0800] "GET /wp-content/themes/oceanwp/assets/js/vendors/flickity.pkgd.min.js HTTP/1.1" 200 15048 "https://www.nses.ilc.edu.tw/%C4%B0ADE/dokadskozx.com/tritonia.se/ssidecisions.com/armormax.com/jojobet/?paged=32" "Mozilla/5.0 (Macintosh; Intel Mac OS X 10_15_7) AppleWebKit/605.1.15 (KHTML, like Gecko) Version/17.4 Safari/605.1.15 (Applebot/0.1; +http://www.apple.com/go/applebot)"
2001:288:a201::66:125 - - [27/Aug/2026:00:29:20 +0800] "GET /blog/active.php HTTP/1.1" 301 1026 "-" "-"
2001:288:a201::66:125 - - [27/Aug/2026:00:29:20 +0800] "GET /blog/active.php HTTP/1.1" 404 1084 "-" "-"
66.249.71.7 - - [27/Aug/2026:00:29:19 +0800] "GET /wp-login.php?action=ilc_logout&_wpnonce=43754d0aad&redirect_to=http://biofurolan.ru/join/71455/ HTTP/1.1" 302 8246 "-" "Mozilla/5.0 (Linux; Android 6.0.1; Nexus 5X Build/MMB29P) AppleWebKit/537.36 (KHTML, like Gecko) Chrome/151.0.7922.173 Mobile Safari/537.36 (compatible; Googlebot/2.1; +http://www.google.com/bot.html)"
::1 - - [27/Aug/2026:00:29:21 +0800] "OPTIONS * HTTP/1.0" 200 110 "-" "Apache/2.4.68 (Ubuntu) OpenSSL/3.0.19 (internal dummy connection)"
17.246.19.55 - - [27/Aug/2026:00:29:21 +0800] "GET /wp-content/themes/oceanwp/assets/js/scroll-top.min.js HTTP/1.1" 200 3202 "https://www.nses.ilc.edu.tw/%C4%B0ADE/dokadskozx.com/tritonia.se/ssidecisions.com/armormax.com/jojobet/?paged=32" "Mozilla/5.0 (Macintosh; Intel Mac OS X 10_15_7) AppleWebKit/605.1.15 (KHTML, like Gecko) Version/17.4 Safari/605.1.15 (Applebot/0.1; +http://www.apple.com/go/applebot)"
140.111.67.10 - - [27/Aug/2026:00:29:22 +0800] "GET /" 301 273 "-" "-"
::1 - - [27/Aug/2026:00:29:22 +0800] "OPTIONS * HTTP/1.0" 200 110 "-" "Apache/2.4.68 (Ubuntu) OpenSSL/3.0.19 (internal dummy connection)"
2402:7500:5d5:b65c:2217:56b:2d81:1505 - - [27/Aug/2026:00:29:23 +0800] "GET / HTTP/1.1" 200 31681 "https://www.google.com/" "Mozilla/5.0 (Linux; Android 10; K) AppleWebKit/537.36 (KHTML, like Gecko) Chrome/151.0.0.0 Mobile Safari/537.36"
2402:7500:5d5:b65c:2217:56b:2d81:1505 - - [27/Aug/2026:00:29:23 +0800] "GET /wp-content/cache/www.ilc.edu.tw/wpfc-minified/sz1rpuo/8141l.css HTTP/1.1" 200 45676 "https://www.ilc.edu.tw/" "Mozilla/5.0 (Linux; Android 10; K) AppleWebKit/537.36 (KHTML, like Gecko) Chrome/151.0.0.0 Mobile Safari/537.36"
2402:7500:5d5:b65c:2217:56b:2d81:1505 - - [27/Aug/2026:00:29:23 +0800] "GET /wp-content/cache/www.ilc.edu.tw/wpfc-minified/7ihu9bns/8141l.css HTTP/1.1" 200 1161 "https://www.ilc.edu.tw/" "Mozilla/5.0 (Linux; Android 10; K) AppleWebKit/537.36 (KHTML, like Gecko) Chrome/151.0.0.0 Mobile Safari/537.36"
17.246.19.55 - - [27/Aug/2026:00:29:23 +0800] "GET /wp-content/themes/oceanwp/assets/js/select.min.js HTTP/1.1" 200 2408 "https://www.nses.ilc.edu.tw/%C4%B0ADE/dokadskozx.com/tritonia.se/ssidecisions.com/armormax.com/jojobet/?paged=32" "Mozilla/5.0 (Macintosh; Intel Mac OS X 10_15_7) AppleWebKit/605.1.15 (KHTML, like Gecko) Version/17.4 Safari/605.1.15 (Applebot/0.1; +http://www.apple.com/go/applebot)"
2402:7500:5d5:b65c:2217:56b:2d81:1505 - - [27/Aug/2026:00:29:23 +0800] "GET /wp-content/cache/www.ilc.edu.tw/wpfc-minified/fdlul8k0/8141l.css HTTP/1.1" 200 80097 "https://www.ilc.edu.tw/" "Mozilla/5.0 (Linux; Android 10; K) AppleWebKit/537.36 (KHTML, like Gecko) Chrome/151.0.0.0 Mobile Safari/537.36"
2402:7500:5d5:b65c:2217:56b:2d81:1505 - - [27/Aug/2026:00:29:23 +0800] "GET /wp-content/uploads/sites/3846/elementor/css/post-3.css HTTP/1.1" 200 1638 "https://www.ilc.edu.tw/" "Mozilla/5.0 (Linux; Android 10; K) AppleWebKit/537.36 (KHTML, like Gecko) Chrome/151.0.0.0 Mobile Safari/537.36"
2402:7500:5d5:b65c:2217:56b:2d81:1505 - - [27/Aug/2026:00:29:23 +0800] "GET /wp-content/cache/www.ilc.edu.tw/wpfc-minified/2encr51g/8141l.css HTTP/1.1" 200 6371 "https://www.ilc.edu.tw/" "Mozilla/5.0 (Linux; Android 10; K) AppleWebKit/537.36 (KHTML, like Gecko) Chrome/151.0.0.0 Mobile Safari/537.36"
2402:7500:5d5:b65c:2217:56b:2d81:1505 - - [27/Aug/2026:00:29:23 +0800] "GET /wp-content/uploads/sites/3846/elementor/css/post-19.css HTTP/1.1" 200 1672 "https://www.ilc.edu.tw/" "Mozilla/5.0 (Linux; Android 10; K) AppleWebKit/537.36 (KHTML, like Gecko) Chrome/151.0.0.0 Mobile Safari/537.36"
2402:7500:5d5:b65c:2217:56b:2d81:1505 - - [27/Aug/2026:00:29:23 +0800] "GET /wp-content/cache/www.ilc.edu.tw/wpfc-minified/difb1vbs/8141l.js HTTP/1.1" 200 40340 "https://www.ilc.edu.tw/" "Mozilla/5.0 (Linux; Android 10; K) AppleWebKit/537.36 (KHTML, like Gecko) Chrome/151.0.0.0 Mobile Safari/537.36"
2402:7500:5d5:b65c:2217:56b:2d81:1505 - - [27/Aug/2026:00:29:23 +0800] "GET /wp-content/cache/www.ilc.edu.tw/wpfc-minified/21kp93v9/8141l.css HTTP/1.1" 200 8958 "https://www.ilc.edu.tw/" "Mozilla/5.0 (Linux; Android 10; K) AppleWebKit/537.36 (KHTML, like Gecko) Chrome/151.0.0.0 Mobile Safari/537.36"
2402:7500:5d5:b65c:2217:56b:2d81:1505 - - [27/Aug/2026:00:29:23 +0800] "GET /wp-content/uploads/sites/3846/2026/05/05bfd164-030e-448f-b83b-37c7dcb01eec.png HTTP/1.1" 200 3476 "https://www.ilc.edu.tw/" "Mozilla/5.0 (Linux; Android 10; K) AppleWebKit/537.36 (KHTML, like Gecko) Chrome/151.0.0.0 Mobile Safari/537.36"
2402:7500:5d5:b65c:2217:56b:2d81:1505 - - [27/Aug/2026:00:29:23 +0800] "GET /wp-includes/js/hoverintent-js.min.js HTTP/1.1" 200 1597 "https://www.ilc.edu.tw/" "Mozilla/5.0 (Linux; Android 10; K) AppleWebKit/537.36 (KHTML, like Gecko) Chrome/151.0.0.0 Mobile Safari/537.36"
2402:7500:5d5:b65c:2217:56b:2d81:1505 - - [27/Aug/2026:00:29:23 +0800] "GET /wp-includes/js/admin-bar.min.js HTTP/1.1" 200 2237 "https://www.ilc.edu.tw/" "Mozilla/5.0 (Linux; Android 10; K) AppleWebKit/537.36 (KHTML, like Gecko) Chrome/151.0.0.0 Mobile Safari/537.36"
2402:7500:5d5:b65c:2217:56b:2d81:1505 - - [27/Aug/2026:00:29:23 +0800] "GET /wp-content/themes/oceanwp/assets/js/theme.min.js HTTP/1.1" 200 5130 "https://www.ilc.edu.tw/" "Mozilla/5.0 (Linux; Android 10; K) AppleWebKit/537.36 (KHTML, like Gecko) Chrome/151.0.0.0 Mobile Safari/537.36"
2402:7500:5d5:b65c:2217:56b:2d81:1505 - - [27/Aug/2026:00:29:23 +0800] "GET /wp-content/themes/oceanwp/assets/js/drop-down-mobile-menu.min.js HTTP/1.1" 200 4663 "https://www.ilc.edu.tw/" "Mozilla/5.0 (Linux; Android 10; K) AppleWebKit/537.36 (KHTML, like Gecko) Chrome/151.0.0.0 Mobile Safari/537.36"
2402:7500:5d5:b65c:2217:56b:2d81:1505 - - [27/Aug/2026:00:29:23 +0800] "GET /wp-includes/js/imagesloaded.min.js HTTP/1.1" 200 2683 "https://www.ilc.edu.tw/" "Mozilla/5.0 (Linux; Android 10; K) AppleWebKit/537.36 (KHTML, like Gecko) Chrome/151.0.0.0 Mobile Safari/537.36"
2402:7500:5d5:b65c:2217:56b:2d81:1505 - - [27/Aug/2026:00:29:23 +0800] "GET /wp-content/themes/oceanwp/assets/js/vendors/magnific-popup.min.js HTTP/1.1" 200 8270 "https://www.ilc.edu.tw/" "Mozilla/5.0 (Linux; Android 10; K) AppleWebKit/537.36 (KHTML, like Gecko) Chrome/151.0.0.0 Mobile Safari/537.36"
2402:7500:5d5:b65c:2217:56b:2d81:1505 - - [27/Aug/2026:00:29:23 +0800] "GET /wp-content/themes/oceanwp/assets/js/ow-lightbox.min.js HTTP/1.1" 200 2321 "https://www.ilc.edu.tw/" "Mozilla/5.0 (Linux; Android 10; K) AppleWebKit/537.36 (KHTML, like Gecko) Chrome/151.0.0.0 Mobile Safari/537.36"
211.22.184.58 - - [27/Aug/2026:00:29:23 +0800] "HEAD /1003/feed/ HTTP/1.1" 200 5451 "-" "Mozilla/5.0 (Windows NT 6.1) AppleWebKit/538.1 (KHTML, like Gecko) QuiteRSS/0.18.12 Safari/538.1"
2402:7500:5d5:b65c:2217:56b:2d81:1505 - - [27/Aug/2026:00:29:23 +0800] "GET /wp-content/plugins/elementor/assets/lib/eicons/fonts/eicons.woff2?5.30.0 HTTP/1.1" 200 98225 "https://www.ilc.edu.tw/wp-content/cache/www.ilc.edu.tw/wpfc-minified/fdlul8k0/8141l.css" "Mozilla/5.0 (Linux; Android 10; K) AppleWebKit/537.36 (KHTML, like Gecko) Chrome/151.0.0.0 Mobile Safari/537.36"
2402:7500:5d5:b65c:2217:56b:2d81:1505 - - [27/Aug/2026:00:29:23 +0800] "GET /wp-content/uploads/sites/3846/2026/08/%E8%BE%B2%E6%A5%AD%E9%83%A8%E5%BB%A3%E5%91%8A.jpg HTTP/1.1" 200 236123 "https://www.ilc.edu.tw/" "Mozilla/5.0 (Linux; Android 10; K) AppleWebKit/537.36 (KHTML, like Gecko) Chrome/151.0.0.0 Mobile Safari/537.36"
2402:7500:5d5:b65c:2217:56b:2d81:1505 - - [27/Aug/2026:00:29:23 +0800] "GET /wp-content/uploads/sites/3846/2023/05/%E5%85%AC%E5%91%8A%E6%90%9C%E5%B0%8B.png HTTP/1.1" 200 3549 "https://www.ilc.edu.tw/" "Mozilla/5.0 (Linux; Android 10; K) AppleWebKit/537.36 (KHTML, like Gecko) Chrome/151.0.0.0 Mobile Safari/537.36"
2402:7500:5d5:b65c:2217:56b:2d81:1505 - - [27/Aug/2026:00:29:23 +0800] "GET /wp-content/uploads/sites/3846/2023/05/%E9%A6%96%E9%A0%81%E5%B0%8F%E6%A8%99_%E6%9C%80%E6%96%B0%E6%B6%88%E6%81%AF.png HTTP/1.1" 200 2537 "https://www.ilc.edu.tw/" "Mozilla/5.0 (Linux; Android 10; K) AppleWebKit/537.36 (KHTML, like Gecko) Chrome/151.0.0.0 Mobile Safari/537.36"
2402:7500:5d5:b65c:2217:56b:2d81:1505 - - [27/Aug/2026:00:29:23 +0800] "GET /wp-content/uploads/sites/3846/2023/05/%E5%AE%9C%E8%98%AD%E7%B8%A3%E6%94%BF%E5%BA%9C%E6%95%99%E8%82%B2%E8%99%95logo.png HTTP/1.1" 200 16335 "https://www.ilc.edu.tw/" "Mozilla/5.0 (Linux; Android 10; K) AppleWebKit/537.36 (KHTML, like Gecko) Chrome/151.0.0.0 Mobile Safari/537.36"
2402:7500:5d5:b65c:2217:56b:2d81:1505 - - [27/Aug/2026:00:29:23 +0800] "GET /wp-content/themes/oceanwp/assets/js/vendors/flickity.pkgd.min.js HTTP/1.1" 200 15048 "https://www.ilc.edu.tw/" "Mozilla/5.0 (Linux; Android 10; K) AppleWebKit/537.36 (KHTML, like Gecko) Chrome/151.0.0.0 Mobile Safari/537.36"
2402:7500:5d5:b65c:2217:56b:2d81:1505 - - [27/Aug/2026:00:29:23 +0800] "GET /wp-content/themes/oceanwp/assets/js/ow-slider.min.js HTTP/1.1" 200 1761 "https://www.ilc.edu.tw/" "Mozilla/5.0 (Linux; Android 10; K) AppleWebKit/537.36 (KHTML, like Gecko) Chrome/151.0.0.0 Mobile Safari/537.36"
2402:7500:5d5:b65c:2217:56b:2d81:1505 - - [27/Aug/2026:00:29:23 +0800] "GET /wp-content/themes/oceanwp/assets/js/scroll-effect.min.js HTTP/1.1" 200 4127 "https://www.ilc.edu.tw/" "Mozilla/5.0 (Linux; Android 10; K) AppleWebKit/537.36 (KHTML, like Gecko) Chrome/151.0.0.0 Mobile Safari/537.36"
2402:7500:5d5:b65c:2217:56b:2d81:1505 - - [27/Aug/2026:00:29:23 +0800] "GET /wp-content/uploads/sites/3846/2023/07/%E6%95%99%E8%82%B2%E8%99%95%E5%85%AB%E5%A4%A7%E6%96%B9%E9%87%9D.png HTTP/1.1" 200 195536 "https://www.ilc.edu.tw/" "Mozilla/5.0 (Linux; Android 10; K) AppleWebKit/537.36 (KHTML, like Gecko) Chrome/151.0.0.0 Mobile Safari/537.36"
2402:7500:5d5:b65c:2217:56b:2d81:1505 - - [27/Aug/2026:00:29:24 +0800] "GET /wp-content/themes/oceanwp/assets/js/scroll-top.min.js HTTP/1.1" 200 3202 "https://www.ilc.edu.tw/" "Mozilla/5.0 (Linux; Android 10; K) AppleWebKit/537.36 (KHTML, like Gecko) Chrome/151.0.0.0 Mobile Safari/537.36"
2402:7500:5d5:b65c:2217:56b:2d81:1505 - - [27/Aug/2026:00:29:24 +0800] "GET /wp-content/plugins/elementor-pro/assets/js/webpack-pro.runtime.min.js HTTP/1.1" 200 3562 "https://www.ilc.edu.tw/" "Mozilla/5.0 (Linux; Android 10; K) AppleWebKit/537.36 (KHTML, like Gecko) Chrome/151.0.0.0 Mobile Safari/537.36"
2402:7500:5d5:b65c:2217:56b:2d81:1505 - - [27/Aug/2026:00:29:24 +0800] "GET /wp-content/themes/oceanwp/assets/js/select.min.js HTTP/1.1" 200 2408 "https://www.ilc.edu.tw/" "Mozilla/5.0 (Linux; Android 10; K) AppleWebKit/537.36 (KHTML, like Gecko) Chrome/151.0.0.0 Mobile Safari/537.36"
2402:7500:5d5:b65c:2217:56b:2d81:1505 - - [27/Aug/2026:00:29:24 +0800] "GET /wp-content/plugins/elementor/assets/js/webpack.runtime.min.js HTTP/1.1" 200 3095 "https://www.ilc.edu.tw/" "Mozilla/5.0 (Linux; Android 10; K) AppleWebKit/537.36 (KHTML, like Gecko) Chrome/151.0.0.0 Mobile Safari/537.36"
2402:7500:5d5:b65c:2217:56b:2d81:1505 - - [27/Aug/2026:00:29:24 +0800] "GET /wp-content/plugins/elementor/assets/js/frontend-modules.min.js HTTP/1.1" 200 19416 "https://www.ilc.edu.tw/" "Mozilla/5.0 (Linux; Android 10; K) AppleWebKit/537.36 (KHTML, like Gecko) Chrome/151.0.0.0 Mobile Safari/537.36"
2402:7500:5d5:b65c:2217:56b:2d81:1505 - - [27/Aug/2026:00:29:24 +0800] "GET /wp-includes/js/dist/hooks.min.js HTTP/1.1" 200 2421 "https://www.ilc.edu.tw/" "Mozilla/5.0 (Linux; Android 10; K) AppleWebKit/537.36 (KHTML, like Gecko) Chrome/151.0.0.0 Mobile Safari/537.36"
2402:7500:5d5:b65c:2217:56b:2d81:1505 - - [27/Aug/2026:00:29:24 +0800] "GET /wp-content/plugins/elementor-pro/assets/js/frontend.min.js HTTP/1.1" 200 7574 "https://www.ilc.edu.tw/" "Mozilla/5.0 (Linux; Android 10; K) AppleWebKit/537.36 (KHTML, like Gecko) Chrome/151.0.0.0 Mobile Safari/537.36"
2402:7500:5d5:b65c:2217:56b:2d81:1505 - - [27/Aug/2026:00:29:24 +0800] "GET /wp-includes/js/dist/i18n.min.js HTTP/1.1" 200 4547 "https://www.ilc.edu.tw/" "Mozilla/5.0 (Linux; Android 10; K) AppleWebKit/537.36 (KHTML, like Gecko) Chrome/151.0.0.0 Mobile Safari/537.36"
34.42.229.145 - - [27/Aug/2026:00:29:23 +0800] "GET /6093/2012/11/21/1121-%E9%9A%A8%E6%89%8B%E5%81%9A%E7%92%B0%E4%BF%9D/ HTTP/1.1" 200 20021 "-" "Mozilla/5.0 (Macintosh; Intel Mac OS X 10_15_7) AppleWebKit/537.36 (KHTML, like Gecko) Chrome/120.0.0.0 Safari/537.36"
2402:7500:5d5:b65c:2217:56b:2d81:1505 - - [27/Aug/2026:00:29:24 +0800] "GET /wp-content/plugins/elementor/assets/lib/waypoints/waypoints.min.js HTTP/1.1" 200 3873 "https://www.ilc.edu.tw/" "Mozilla/5.0 (Linux; Android 10; K) AppleWebKit/537.36 (KHTML, like Gecko) Chrome/151.0.0.0 Mobile Safari/537.36"
2402:7500:5d5:b65c:2217:56b:2d81:1505 - - [27/Aug/2026:00:29:24 +0800] "GET /wp-includes/js/jquery/ui/core.min.js HTTP/1.1" 200 7986 "https://www.ilc.edu.tw/" "Mozilla/5.0 (Linux; Android 10; K) AppleWebKit/537.36 (KHTML, like Gecko) Chrome/151.0.0.0 Mobile Safari/537.36"
2402:7500:5d5:b65c:2217:56b:2d81:1505 - - [27/Aug/2026:00:29:24 +0800] "GET /wp-content/plugins/elementor/assets/js/frontend.min.js HTTP/1.1" 200 13169 "https://www.ilc.edu.tw/" "Mozilla/5.0 (Linux; Android 10; K) AppleWebKit/537.36 (KHTML, like Gecko) Chrome/151.0.0.0 Mobile Safari/537.36"
2402:7500:5d5:b65c:2217:56b:2d81:1505 - - [27/Aug/2026:00:29:24 +0800] "GET /wp-content/plugins/elementor-pro/assets/js/elements-handlers.min.js HTTP/1.1" 200 10882 "https://www.ilc.edu.tw/" "Mozilla/5.0 (Linux; Android 10; K) AppleWebKit/537.36 (KHTML, like Gecko) Chrome/151.0.0.0 Mobile Safari/537.36"
2402:7500:5d5:b65c:2217:56b:2d81:1505 - - [27/Aug/2026:00:29:24 +0800] "GET /wp-content/uploads/sites/3846/2026/02/%E9%81%BF%E5%85%8D%E8%AA%A4%E5%85%A5%E8%A9%90%E9%A8%99%E7%B6%B2%E7%AB%99APP%E5%B0%8F%E5%B8%B8%E8%AD%98.jpg HTTP/1.1" 200 454833 "https://www.ilc.edu.tw/" "Mozilla/5.0 (Linux; Android 10; K) AppleWebKit/537.36 (KHTML, like Gecko) Chrome/151.0.0.0 Mobile Safari/537.36"
2402:7500:5d5:b65c:2217:56b:2d81:1505 - - [27/Aug/2026:00:29:24 +0800] "GET /wp-content/uploads/sites/3846/2026/05/%E8%9E%A2%E5%B9%95%E6%93%B7%E5%8F%96%E7%95%AB%E9%9D%A2-2026-05-07-100749.png HTTP/1.1" 200 1349539 "https://www.ilc.edu.tw/" "Mozilla/5.0 (Linux; Android 10; K) AppleWebKit/537.36 (KHTML, like Gecko) Chrome/151.0.0.0 Mobile Safari/537.36"
2402:7500:5d5:b65c:2217:56b:2d81:1505 - - [27/Aug/2026:00:29:24 +0800] "GET /wp-content/uploads/sites/3846/2026/06/2026%E5%AE%9C%E8%98%AD%E7%98%8B%E5%AD%B8%E7%BF%92-%E6%9A%91%E5%81%87_%E6%95%99%E8%82%B2%E8%99%95%E9%A6%96%E9%A0%81-1440-x-1080-%E5%83%8F%E7%B4%A0.png HTTP/1.1" 200 2045932 "https://www.ilc.edu.tw/" "Mozilla/5.0 (Linux; Android 10; K) AppleWebKit/537.36 (KHTML, like Gecko) Chrome/151.0.0.0 Mobile Safari/537.36"
17.246.19.55 - - [27/Aug/2026:00:29:24 +0800] "GET /wp-includes/js/mediaelement/mediaelement-migrate.min.js HTTP/1.1" 200 1419 "https://www.nses.ilc.edu.tw/%C4%B0ADE/dokadskozx.com/tritonia.se/ssidecisions.com/armormax.com/jojobet/?paged=32" "Mozilla/5.0 (Macintosh; Intel Mac OS X 10_15_7) AppleWebKit/605.1.15 (KHTML, like Gecko) Version/17.4 Safari/605.1.15 (Applebot/0.1; +http://www.apple.com/go/applebot)"
2402:7500:5d5:b65c:2217:56b:2d81:1505 - - [27/Aug/2026:00:29:24 +0800] "GET /wp-content/themes/oceanwp/assets/fonts/fontawesome/webfonts/fa-solid-900.woff2 HTTP/1.1" 200 151246 "https://www.ilc.edu.tw/wp-content/cache/www.ilc.edu.tw/wpfc-minified/fdlul8k0/8141l.css" "Mozilla/5.0 (Linux; Android 10; K) AppleWebKit/537.36 (KHTML, like Gecko) Chrome/151.0.0.0 Mobile Safari/537.36"
2402:7500:5d5:b65c:2217:56b:2d81:1505 - - [27/Aug/2026:00:29:25 +0800] "GET /wp-content/uploads/sites/3846/2025/11/%E8%9E%A2%E5%B9%95%E6%93%B7%E5%8F%96%E7%95%AB%E9%9D%A2-2025-11-27-141357.png HTTP/1.1" 200 216157 "https://www.ilc.edu.tw/" "Mozilla/5.0 (Linux; Android 10; K) AppleWebKit/537.36 (KHTML, like Gecko) Chrome/151.0.0.0 Mobile Safari/537.36"
66.249.71.169 - - [27/Aug/2026:00:29:25 +0800] "GET /wp-content/cache/www.iles.ilc.edu.tw/wpfc-minified/7zr19wlv/7a23.css HTTP/1.1" 200 45670 "https://www.iles.ilc.edu.tw/" "Mozilla/5.0 (Linux; Android 6.0.1; Nexus 5X Build/MMB29P) AppleWebKit/537.36 (KHTML, like Gecko) Chrome/151.0.7922.173 Mobile Safari/537.36 (compatible; Googlebot/2.1; +http://www.google.com/bot.html)"
2402:7500:5d5:b65c:2217:56b:2d81:1505 - - [27/Aug/2026:00:29:24 +0800] "GET /wp-content/uploads/sites/3846/2026/06/%E5%AE%A3%E5%82%B3%E5%9C%96%E7%89%87.png HTTP/1.1" 200 1048321 "https://www.ilc.edu.tw/" "Mozilla/5.0 (Linux; Android 10; K) AppleWebKit/537.36 (KHTML, like Gecko) Chrome/151.0.0.0 Mobile Safari/537.36"
2001:288:a201::66:125 - - [27/Aug/2026:00:29:25 +0800] "GET /blog/active.php HTTP/1.1" 404 1084 "-" "-"
2001:288:a201::66:125 - - [27/Aug/2026:00:29:25 +0800] "GET /blog/active.php HTTP/1.1" 301 1026 "-" "-"
52.167.144.142 - - [27/Aug/2026:00:29:25 +0800] "GET /cseskids/wp-json/wp/v2/users/8288 HTTP/1.1" 200 6640 "-" "Mozilla/5.0 AppleWebKit/537.36 (KHTML, like Gecko; compatible; bingbot/2.0; +http://www.bing.com/bingbot.htm) Chrome/116.0.1938.76 Safari/537.36"
2402:7500:5d5:b65c:2217:56b:2d81:1505 - - [27/Aug/2026:00:29:25 +0800] "GET /wp-content/uploads/sites/3846/2025/11/%E8%9E%A2%E5%B9%95%E6%93%B7%E5%8F%96%E7%95%AB%E9%9D%A2-2025-11-10-141501.png HTTP/1.1" 200 2445011 "https://www.ilc.edu.tw/" "Mozilla/5.0 (Linux; Android 10; K) AppleWebKit/537.36 (KHTML, like Gecko) Chrome/151.0.0.0 Mobile Safari/537.36"
34.61.96.6 - - [27/Aug/2026:00:29:25 +0800] "GET /32745/wp-json/wp/v2/posts/33161 HTTP/1.1" 200 8582 "-" "Mozilla/5.0 (Macintosh; Intel Mac OS X 10_15_7) AppleWebKit/537.36 (KHTML, like Gecko) Chrome/120.0.0.0 Safari/537.36"
66.249.71.169 - - [27/Aug/2026:00:29:26 +0800] "GET /wp-includes/js/imagesloaded.min.js HTTP/1.1" 200 2683 "https://www.iles.ilc.edu.tw/" "Mozilla/5.0 (Linux; Android 6.0.1; Nexus 5X Build/MMB29P) AppleWebKit/537.36 (KHTML, like Gecko) Chrome/151.0.7922.173 Mobile Safari/537.36 (compatible; Googlebot/2.1; +http://www.google.com/bot.html)"
2402:7500:5d5:b65c:2217:56b:2d81:1505 - - [27/Aug/2026:00:29:26 +0800] "GET /wp-content/uploads/sites/3846/2025/04/%E7%AB%A5%E5%BF%83%E7%AB%A5%E9%81%8A-%E6%AD%A1%E6%A8%82%E8%98%AD%E9%99%BD-%E5%85%92%E7%AB%A5%E7%AF%80%E5%BF%AB%E6%A8%82.jpg HTTP/1.1" 200 126952 "https://www.ilc.edu.tw/" "Mozilla/5.0 (Linux; Android 10; K) AppleWebKit/537.36 (KHTML, like Gecko) Chrome/151.0.0.0 Mobile Safari/537.36"
17.246.19.55 - - [27/Aug/2026:00:29:26 +0800] "GET /wp-includes/js/mediaelement/wp-mediaelement.min.js HTTP/1.1" 200 1417 "https://www.nses.ilc.edu.tw/%C4%B0ADE/dokadskozx.com/tritonia.se/ssidecisions.com/armormax.com/jojobet/?paged=32" "Mozilla/5.0 (Macintosh; Intel Mac OS X 10_15_7) AppleWebKit/605.1.15 (KHTML, like Gecko) Version/17.4 Safari/605.1.15 (Applebot/0.1; +http://www.apple.com/go/applebot)"
2402:7500:5d5:b65c:2217:56b:2d81:1505 - - [27/Aug/2026:00:29:25 +0800] "GET /wp-content/uploads/sites/3846/2025/11/%E8%9E%A2%E5%B9%95%E6%93%B7%E5%8F%96%E7%95%AB%E9%9D%A2-2025-11-13-131522.png HTTP/1.1" 200 3761926 "https://www.ilc.edu.tw/" "Mozilla/5.0 (Linux; Android 10; K) AppleWebKit/537.36 (KHTML, like Gecko) Chrome/151.0.0.0 Mobile Safari/537.36"
2402:7500:5d5:b65c:2217:56b:2d81:1505 - - [27/Aug/2026:00:29:26 +0800] "GET /wp-content/uploads/sites/3846/2024/09/%E6%95%99%E5%B8%AB%E7%AF%80%E5%BD%B1%E7%89%87.jpg HTTP/1.1" 200 72504 "https://www.ilc.edu.tw/" "Mozilla/5.0 (Linux; Android 10; K) AppleWebKit/537.36 (KHTML, like Gecko) Chrome/151.0.0.0 Mobile Safari/537.36"
44.213.36.21 - - [27/Aug/2026:00:29:26 +0800] "GET /7986/wp-json/wp/v2/posts/495/revisions HTTP/1.1" 401 6197 "-" "Mozilla/5.0 AppleWebKit/537.36 (KHTML, like Gecko; compatible; Amazonbot/0.1; +https://developer.amazon.com/support/amazonbot) Chrome/119.0.6045.214 Safari/537.36"
2402:7500:5d5:b65c:2217:56b:2d81:1505 - - [27/Aug/2026:00:29:25 +0800] "GET /wp-content/uploads/sites/3846/2026/02/%E8%9E%A2%E5%B9%95%E6%93%B7%E5%8F%96%E7%95%AB%E9%9D%A2-2026-02-24-081359.png HTTP/1.1" 200 1572728 "https://www.ilc.edu.tw/" "Mozilla/5.0 (Linux; Android 10; K) AppleWebKit/537.36 (KHTML, like Gecko) Chrome/151.0.0.0 Mobile Safari/537.36"
2402:7500:5d5:b65c:2217:56b:2d81:1505 - - [27/Aug/2026:00:29:26 +0800] "GET /wp-content/uploads/sites/3846/2023/10/C1.png HTTP/1.1" 200 342209 "https://www.ilc.edu.tw/" "Mozilla/5.0 (Linux; Android 10; K) AppleWebKit/537.36 (KHTML, like Gecko) Chrome/151.0.0.0 Mobile Safari/537.36"
2402:7500:5d5:b65c:2217:56b:2d81:1505 - - [27/Aug/2026:00:29:26 +0800] "GET /wp-content/uploads/sites/3846/2023/10/C2.png HTTP/1.1" 200 259646 "https://www.ilc.edu.tw/" "Mozilla/5.0 (Linux; Android 10; K) AppleWebKit/537.36 (KHTML, like Gecko) Chrome/151.0.0.0 Mobile Safari/537.36"
2402:7500:5d5:b65c:2217:56b:2d81:1505 - - [27/Aug/2026:00:29:27 +0800] "GET /wp-content/uploads/sites/3846/2023/10/C3.png HTTP/1.1" 200 192155 "https://www.ilc.edu.tw/" "Mozilla/5.0 (Linux; Android 10; K) AppleWebKit/537.36 (KHTML, like Gecko) Chrome/151.0.0.0 Mobile Safari/537.36"
2402:7500:5d5:b65c:2217:56b:2d81:1505 - - [27/Aug/2026:00:29:27 +0800] "GET /wp-content/uploads/sites/3846/2023/10/C4.png HTTP/1.1" 200 139328 "https://www.ilc.edu.tw/" "Mozilla/5.0 (Linux; Android 10; K) AppleWebKit/537.36 (KHTML, like Gecko) Chrome/151.0.0.0 Mobile Safari/537.36"
2402:7500:5d5:b65c:2217:56b:2d81:1505 - - [27/Aug/2026:00:29:27 +0800] "GET /wp-content/uploads/sites/3846/2023/10/C5.png HTTP/1.1" 200 267535 "https://www.ilc.edu.tw/" "Mozilla/5.0 (Linux; Android 10; K) AppleWebKit/537.36 (KHTML, like Gecko) Chrome/151.0.0.0 Mobile Safari/537.36"
2402:7500:5d5:b65c:2217:56b:2d81:1505 - - [27/Aug/2026:00:29:27 +0800] "GET /wp-content/uploads/sites/3846/2023/05/%E8%B7%A8%E9%96%B1%E5%88%9D%E8%A1%B7YT.jpg HTTP/1.1" 200 579849 "https://www.ilc.edu.tw/" "Mozilla/5.0 (Linux; Android 10; K) AppleWebKit/537.36 (KHTML, like Gecko) Chrome/151.0.0.0 Mobile Safari/537.36"
2402:7500:5d5:b65c:2217:56b:2d81:1505 - - [27/Aug/2026:00:29:27 +0800] "GET /wp-content/uploads/sites/3846/2023/05/%E5%8E%9F%E6%B0%91%E6%95%99%E8%82%B2%E5%9C%A8%E5%AE%9C%E8%98%ADYT.jpg HTTP/1.1" 200 607016 "https://www.ilc.edu.tw/" "Mozilla/5.0 (Linux; Android 10; K) AppleWebKit/537.36 (KHTML, like Gecko) Chrome/151.0.0.0 Mobile Safari/537.36"
66.249.68.135 - - [27/Aug/2026:00:29:27 +0800] "GET /wp-content/themes/oceanwp/assets/js/vendors/magnific-popup.min.js HTTP/1.1" 200 13058 "https://www.iles.ilc.edu.tw/" "Mozilla/5.0 (Linux; Android 6.0.1; Nexus 5X Build/MMB29P) AppleWebKit/537.36 (KHTML, like Gecko) Chrome/151.0.7922.173 Mobile Safari/537.36 (compatible; Googlebot/2.1; +http://www.google.com/bot.html)"
34.235.239.240 - - [27/Aug/2026:00:29:27 +0800] "GET /wp-content/uploads/sites/1432/2023/ HTTP/1.1" 200 1282 "-" "Mozilla/5.0 AppleWebKit/537.36 (KHTML, like Gecko; compatible; Amazonbot/0.1; +https://developer.amazon.com/support/amazonbot) Chrome/119.0.6045.214 Safari/537.36"
140.111.67.10 - - [27/Aug/2026:00:29:27 +0800] "GET /" 301 273 "-" "-"
2402:7500:5d5:b65c:2217:56b:2d81:1505 - - [27/Aug/2026:00:29:27 +0800] "GET /wp-content/uploads/sites/3846/2023/05/%E5%B9%BC%E8%A6%8B%E5%B9%B8%E7%A6%8FYT.jpg HTTP/1.1" 200 664803 "https://www.ilc.edu.tw/" "Mozilla/5.0 (Linux; Android 10; K) AppleWebKit/537.36 (KHTML, like Gecko) Chrome/151.0.0.0 Mobile Safari/537.36"
2402:7500:5d5:b65c:2217:56b:2d81:1505 - - [27/Aug/2026:00:29:27 +0800] "GET /wp-content/uploads/sites/3846/2023/05/%E6%84%9BEnglishYT.jpg HTTP/1.1" 200 245320 "https://www.ilc.edu.tw/" "Mozilla/5.0 (Linux; Android 10; K) AppleWebKit/537.36 (KHTML, like Gecko) Chrome/151.0.0.0 Mobile Safari/537.36"
2402:7500:5d5:b65c:2217:56b:2d81:1505 - - [27/Aug/2026:00:29:27 +0800] "GET /wp-content/uploads/sites/3846/2023/05/%E6%B0%B4%E5%9F%9F%E5%AE%89%E5%85%A8%E5%AE%A3%E5%B0%8EYT.jpg HTTP/1.1" 200 809930 "https://www.ilc.edu.tw/" "Mozilla/5.0 (Linux; Android 10; K) AppleWebKit/537.36 (KHTML, like Gecko) Chrome/151.0.0.0 Mobile Safari/537.36"
2402:7500:5d5:b65c:2217:56b:2d81:1505 - - [27/Aug/2026:00:29:27 +0800] "GET /wp-content/uploads/sites/3846/2023/05/%E5%A6%82%E6%9E%9C%E9%9B%A8%E7%9F%A5%E9%81%93YT.jpg HTTP/1.1" 200 529331 "https://www.ilc.edu.tw/" "Mozilla/5.0 (Linux; Android 10; K) AppleWebKit/537.36 (KHTML, like Gecko) Chrome/151.0.0.0 Mobile Safari/537.36"
17.246.19.55 - - [27/Aug/2026:00:29:27 +0800] "GET /wp-includes/js/mediaelement/renderers/vimeo.min.js HTTP/1.1" 200 3164 "https://www.nses.ilc.edu.tw/%C4%B0ADE/dokadskozx.com/tritonia.se/ssidecisions.com/armormax.com/jojobet/?paged=32" "Mozilla/5.0 (Macintosh; Intel Mac OS X 10_15_7) AppleWebKit/605.1.15 (KHTML, like Gecko) Version/17.4 Safari/605.1.15 (Applebot/0.1; +http://www.apple.com/go/applebot)"
2402:7500:5d5:b65c:2217:56b:2d81:1505 - - [27/Aug/2026:00:29:27 +0800] "GET /wp-content/uploads/sites/3846/2025/09/YT%E5%B0%81%E9%9D%A2-1.jpg HTTP/1.1" 200 173035 "https://www.ilc.edu.tw/" "Mozilla/5.0 (Linux; Android 10; K) AppleWebKit/537.36 (KHTML, like Gecko) Chrome/151.0.0.0 Mobile Safari/537.36"
2402:7500:5d5:b65c:2217:56b:2d81:1505 - - [27/Aug/2026:00:29:28 +0800] "GET /wp-content/uploads/sites/3846/2023/05/%E9%A6%96%E9%A0%81%E5%B0%8F%E6%A8%99_%E5%BD%B1%E9%9F%B3.png HTTP/1.1" 200 2462 "https://www.ilc.edu.tw/" "Mozilla/5.0 (Linux; Android 10; K) AppleWebKit/537.36 (KHTML, like Gecko) Chrome/151.0.0.0 Mobile Safari/537.36"
2402:7500:5d5:b65c:2217:56b:2d81:1505 - - [27/Aug/2026:00:29:28 +0800] "GET /wp-content/uploads/sites/3846/2023/05/%E9%A6%96%E9%A0%81%E5%B0%8F%E6%A8%99_%E6%B4%BB%E5%8B%95%E5%B0%88%E5%8D%80.png HTTP/1.1" 200 2545 "https://www.ilc.edu.tw/" "Mozilla/5.0 (Linux; Android 10; K) AppleWebKit/537.36 (KHTML, like Gecko) Chrome/151.0.0.0 Mobile Safari/537.36"
2402:7500:5d5:b65c:2217:56b:2d81:1505 - - [27/Aug/2026:00:29:28 +0800] "GET /wp-content/uploads/sites/3846/2024/05/%E8%9E%A2%E5%B9%95%E6%93%B7%E5%8F%96%E7%95%AB%E9%9D%A2-2024-05-16-103456.png HTTP/1.1" 200 2702922 "https://www.ilc.edu.tw/" "Mozilla/5.0 (Linux; Android 10; K) AppleWebKit/537.36 (KHTML, like Gecko) Chrome/151.0.0.0 Mobile Safari/537.36"
2402:7500:5d5:b65c:2217:56b:2d81:1505 - - [27/Aug/2026:00:29:28 +0800] "GET /wp-content/uploads/sites/3846/2023/05/%E6%95%B8%E4%BD%8D%E5%AD%B8%E7%BF%92%E6%94%AF%E6%8C%81%E5%B9%B3%E5%8F%B0-Banner.png HTTP/1.1" 200 16589 "https://www.ilc.edu.tw/" "Mozilla/5.0 (Linux; Android 10; K) AppleWebKit/537.36 (KHTML, like Gecko) Chrome/151.0.0.0 Mobile Safari/537.36"
2402:7500:5d5:b65c:2217:56b:2d81:1505 - - [27/Aug/2026:00:29:28 +0800] "GET /wp-content/uploads/sites/3846/2024/01/%E7%A7%91%E6%8A%80%E9%A0%98%E5%9F%9F%E6%87%89%E7%94%A8%E7%AB%B6%E8%B3%BD.png HTTP/1.1" 200 20326 "https://www.ilc.edu.tw/" "Mozilla/5.0 (Linux; Android 10; K) AppleWebKit/537.36 (KHTML, like Gecko) Chrome/151.0.0.0 Mobile Safari/537.36"
2402:7500:5d5:b65c:2217:56b:2d81:1505 - - [27/Aug/2026:00:29:28 +0800] "GET /wp-content/uploads/sites/3846/2025/09/%E6%95%99%E8%82%B2%E8%99%95%E6%B4%BB%E5%8B%95%E5%B0%88%E5%8D%80%E5%B0%8F%E5%9C%96-4-2.png HTTP/1.1" 200 21768 "https://www.ilc.edu.tw/" "Mozilla/5.0 (Linux; Android 10; K) AppleWebKit/537.36 (KHTML, like Gecko) Chrome/151.0.0.0 Mobile Safari/537.36"
2402:7500:5d5:b65c:2217:56b:2d81:1505 - - [27/Aug/2026:00:29:28 +0800] "GET /wp-content/uploads/sites/3846/2025/09/%E6%95%99%E8%82%B2%E8%99%95%E6%B4%BB%E5%8B%95%E5%B0%88%E5%8D%80%E5%B0%8F%E5%9C%96-3.png HTTP/1.1" 200 12380 "https://www.ilc.edu.tw/" "Mozilla/5.0 (Linux; Android 10; K) AppleWebKit/537.36 (KHTML, like Gecko) Chrome/151.0.0.0 Mobile Safari/537.36"
2402:7500:5d5:b65c:2217:56b:2d81:1505 - - [27/Aug/2026:00:29:28 +0800] "GET /wp-content/uploads/sites/3846/2023/05/%E8%88%9E%E8%B9%88%E6%AF%94%E8%B3%BD-banner.jpg HTTP/1.1" 200 9565 "https://www.ilc.edu.tw/" "Mozilla/5.0 (Linux; Android 10; K) AppleWebKit/537.36 (KHTML, like Gecko) Chrome/151.0.0.0 Mobile Safari/537.36"
2402:7500:5d5:b65c:2217:56b:2d81:1505 - - [27/Aug/2026:00:29:28 +0800] "GET /wp-content/uploads/sites/3846/2025/05/%E8%AA%9E%E6%96%87%E7%AB%B6%E8%B3%BD180X50.png HTTP/1.1" 200 10112 "https://www.ilc.edu.tw/" "Mozilla/5.0 (Linux; Android 10; K) AppleWebKit/537.36 (KHTML, like Gecko) Chrome/151.0.0.0 Mobile Safari/537.36"
2402:7500:5d5:b65c:2217:56b:2d81:1505 - - [27/Aug/2026:00:29:26 +0800] "GET /wp-content/uploads/sites/3846/2024/08/%E8%9E%A2%E5%B9%95%E6%93%B7%E5%8F%96%E7%95%AB%E9%9D%A2-2024-08-07-151319.png HTTP/1.1" 200 2714068 "https://www.ilc.edu.tw/" "Mozilla/5.0 (Linux; Android 10; K) AppleWebKit/537.36 (KHTML, like Gecko) Chrome/151.0.0.0 Mobile Safari/537.36"
2402:7500:5d5:b65c:2217:56b:2d81:1505 - - [27/Aug/2026:00:29:28 +0800] "GET /wp-content/uploads/sites/3846/2025/05/%E8%BC%AA%E6%92%AD%E5%9C%96%E8%AA%BF%E5%A4%A7%E5%B0%8F_%E6%95%99%E8%82%B2%E8%99%95%E5%B0%8Fbanner.png HTTP/1.1" 200 6660 "https://www.ilc.edu.tw/" "Mozilla/5.0 (Linux; Android 10; K) AppleWebKit/537.36 (KHTML, like Gecko) Chrome/151.0.0.0 Mobile Safari/537.36"
2402:7500:5d5:b65c:2217:56b:2d81:1505 - - [27/Aug/2026:00:29:28 +0800] "GET /wp-content/uploads/sites/3846/2023/05/%E6%94%BF%E7%AD%96%E6%A5%AD%E5%8B%99%E5%AE%A3%E5%B0%8E-banner.png HTTP/1.1" 200 19385 "https://www.ilc.edu.tw/" "Mozilla/5.0 (Linux; Android 10; K) AppleWebKit/537.36 (KHTML, like Gecko) Chrome/151.0.0.0 Mobile Safari/537.36"
2402:7500:5d5:b65c:2217:56b:2d81:1505 - - [27/Aug/2026:00:29:28 +0800] "GET /wp-content/uploads/sites/3846/2024/04/%E5%AD%B8%E6%A0%A1%E7%94%A8%E5%9C%B0.png HTTP/1.1" 200 19801 "https://www.ilc.edu.tw/" "Mozilla/5.0 (Linux; Android 10; K) AppleWebKit/537.36 (KHTML, like Gecko) Chrome/151.0.0.0 Mobile Safari/537.36"
2402:7500:5d5:b65c:2217:56b:2d81:1505 - - [27/Aug/2026:00:29:28 +0800] "GET /wp-content/uploads/sites/3846/2025/07/%E6%95%99%E8%82%B2%E8%99%95%E9%A6%96%E9%A0%81_%E5%B0%8Fbanner_%E5%AE%9C%E8%98%AD%E7%B8%A3%E6%94%BF%E5%BA%9C%E5%9C%8B%E4%B8%AD%E5%B0%8F%E6%AD%A3%E5%B8%B8%E6%95%99%E5%AD%B8%E8%A6%96%E5%B0%8E-1.png HTTP/1.1" 200 8670 "https://www.ilc.edu.tw/" "Mozilla/5.0 (Linux; Android 10; K) AppleWebKit/537.36 (KHTML, like Gecko) Chrome/151.0.0.0 Mobile Safari/537.36"
