49.158.150.57 - - [27/Aug/2026:00:23:05 +0800] "GET /wp-content/uploads/sites/3846/2025/11/%E8%9E%A2%E5%B9%95%E6%93%B7%E5%8F%96%E7%95%AB%E9%9D%A2-2025-11-27-141357.png HTTP/1.1" 200 220948 "https://www.ilc.edu.tw/" "Mozilla/5.0 (Windows NT 10.0; Win64; x64) AppleWebKit/537.36 (KHTML, like Gecko) Chrome/151.0.0.0 Safari/537.36"
172.182.200.96 - - [27/Aug/2026:00:23:05 +0800] "GET /koiy.php HTTP/1.1" 404 917 "-" "-"
172.182.200.96 - - [27/Aug/2026:00:23:05 +0800] "GET /kj.php HTTP/1.1" 404 917 "-" "-"
66.249.79.205 - - [27/Aug/2026:00:23:05 +0800] "GET /wp-content/themes/oceanwp/assets/js/select.min.js HTTP/1.1" 200 2408 "https://www.tces.ilc.edu.tw/2012/08/27/%E6%95%99%E8%81%B7%E5%93%A1%E5%B7%A5%E9%9B%BB%E5%AD%90%E9%83%B5%E4%BB%B6/" "Mozilla/5.0 (Linux; Android 6.0.1; Nexus 5X Build/MMB29P) AppleWebKit/537.36 (KHTML, like Gecko) Chrome/151.0.7922.173 Mobile Safari/537.36 (compatible; Googlebot/2.1; +http://www.google.com/bot.html)"
49.158.150.57 - - [27/Aug/2026:00:22:58 +0800] "GET /wp-content/uploads/sites/3846/2026/05/%E8%9E%A2%E5%B9%95%E6%93%B7%E5%8F%96%E7%95%AB%E9%9D%A2-2026-05-07-100749.png HTTP/1.1" 200 1349539 "https://www.ilc.edu.tw/" "Mozilla/5.0 (Windows NT 10.0; Win64; x64) AppleWebKit/537.36 (KHTML, like Gecko) Chrome/151.0.0.0 Safari/537.36"
2001:288:a201::66:125 - - [27/Aug/2026:00:23:05 +0800] "GET /blog/active.php HTTP/1.1" 301 1026 "-" "-"
2001:288:a201::66:125 - - [27/Aug/2026:00:23:05 +0800] "GET /blog/active.php HTTP/1.1" 404 1084 "-" "-"
172.182.200.96 - - [27/Aug/2026:00:23:05 +0800] "GET /xiugai.php HTTP/1.1" 404 917 "-" "-"
172.182.200.96 - - [27/Aug/2026:00:23:06 +0800] "GET /classwithtostring.php HTTP/1.1" 404 917 "-" "-"
220.133.231.194 - - [27/Aug/2026:00:23:05 +0800] "GET /41336/wp-content/uploads/sites/2863/2026/08/c5e80630-9a76-4b62-9bc0-2e718ea0c864.png HTTP/1.1" 200 2407701 "https://2blog.ilc.edu.tw/41336/20260803%e6%95%99%e7%94%84%e8%bc%94%e8%80%83115%e5%b9%b4%e5%a4%a7%e5%85%89%e5%9c%8b%e5%b0%8f%e6%95%99%e5%b8%ab%e7%94%84%e8%a9%a6%e8%bc%94%e8%80%83%e5%9c%98%e6%a5%ad%e7%b8%be/" "Mozilla/5.0 (Linux; Android 10; K) AppleWebKit/537.36 (KHTML, like Gecko) Chrome/151.0.0.0 Mobile Safari/537.36"
172.182.200.96 - - [27/Aug/2026:00:23:06 +0800] "GET /ortasekerli1.php HTTP/1.1" 404 917 "-" "-"
146.190.65.155 - - [27/Aug/2026:00:23:06 +0800] "GET /blog/imgs/comment_icon1.gif HTTP/1.1" 301 1050 "http://blog.ilc.edu.tw/" "Mozilla/5.0 (Windows NT 10.0; Win64; x64) AppleWebKit/537.36 (KHTML, like Gecko) Chrome/109.0.0.0 Safari/537.36"
178.128.149.221 - - [27/Aug/2026:00:23:06 +0800] "GET /blog/imgs/thumbs_up.gif HTTP/1.1" 301 1042 "http://blog.ilc.edu.tw/" "Mozilla/5.0 (Windows NT 10.0; Win64; x64) AppleWebKit/537.36 (KHTML, like Gecko) Chrome/109.0.0.0 Safari/537.36"
3.88.123.119 - - [27/Aug/2026:00:23:06 +0800] "GET /blog/rss.php?blogId=6588&profile=rss20 HTTP/1.1" 301 1057 "-" "Mozilla/5.0 (compatible; FlipboardRSS/1.2; +http://flipboard.com/browserproxy)"
159.203.187.65 - - [27/Aug/2026:00:23:06 +0800] "GET /blog/gallery/2341/previews/2341-131256.jpg HTTP/1.1" 301 1080 "http://blog.ilc.edu.tw/" "Mozilla/5.0 (Windows NT 10.0; Win64; x64) AppleWebKit/537.36 (KHTML, like Gecko) Chrome/109.0.0.0 Safari/537.36"
192.241.144.123 - - [27/Aug/2026:00:23:06 +0800] "GET /blog/gallery/135/previews/135-638165.jpg HTTP/1.1" 301 1076 "http://blog.ilc.edu.tw/" "Mozilla/5.0 (Windows NT 10.0; Win64; x64) AppleWebKit/537.36 (KHTML, like Gecko) Chrome/109.0.0.0 Safari/537.36"
220.133.231.194 - - [27/Aug/2026:00:23:06 +0800] "GET /41336/wp-content/uploads/sites/2863/2026/08/6d882d52-6133-4572-a560-bf99cd7019cd.png HTTP/1.1" 200 2462599 "https://2blog.ilc.edu.tw/41336/20260803%e6%95%99%e7%94%84%e8%bc%94%e8%80%83115%e5%b9%b4%e5%a4%a7%e5%85%89%e5%9c%8b%e5%b0%8f%e6%95%99%e5%b8%ab%e7%94%84%e8%a9%a6%e8%bc%94%e8%80%83%e5%9c%98%e6%a5%ad%e7%b8%be/" "Mozilla/5.0 (Linux; Android 10; K) AppleWebKit/537.36 (KHTML, like Gecko) Chrome/151.0.0.0 Mobile Safari/537.36"
172.182.200.96 - - [27/Aug/2026:00:23:06 +0800] "GET /xxw.php HTTP/1.1" 404 917 "-" "-"
172.182.200.96 - - [27/Aug/2026:00:23:06 +0800] "GET /ioxi-o.php HTTP/1.1" 404 917 "-" "-"
2001:b400:e2d2:feb5:8839:8159:4807:33c1 - - [27/Aug/2026:00:23:06 +0800] "GET /%E6%95%99%E5%8B%99%E8%99%95/ HTTP/1.1" 200 21449 "-" "Mozilla/5.0 (Linux; Android 10; K) AppleWebKit/537.36 (KHTML, like Gecko) Chrome/138.0.0.0 Mobile Safari/537.36"
220.133.231.194 - - [27/Aug/2026:00:23:06 +0800] "GET /41336/wp-content/uploads/sites/2863/2026/08/ca061e5a-7290-4d20-b22a-185c30efcb63.png HTTP/1.1" 200 2427635 "https://2blog.ilc.edu.tw/41336/20260803%e6%95%99%e7%94%84%e8%bc%94%e8%80%83115%e5%b9%b4%e5%a4%a7%e5%85%89%e5%9c%8b%e5%b0%8f%e6%95%99%e5%b8%ab%e7%94%84%e8%a9%a6%e8%bc%94%e8%80%83%e5%9c%98%e6%a5%ad%e7%b8%be/" "Mozilla/5.0 (Linux; Android 10; K) AppleWebKit/537.36 (KHTML, like Gecko) Chrome/151.0.0.0 Mobile Safari/537.36"
2001:b400:e2d2:feb5:8839:8159:4807:33c1 - - [27/Aug/2026:00:23:07 +0800] "GET /wp-content/uploads/sites/1482/elementor/css/post-248.css HTTP/1.1" 200 1026 "https://www.chjh.ilc.edu.tw/%E6%95%99%E5%8B%99%E8%99%95/" "Mozilla/5.0 (Linux; Android 10; K) AppleWebKit/537.36 (KHTML, like Gecko) Chrome/138.0.0.0 Mobile Safari/537.36"
49.158.150.57 - - [27/Aug/2026:00:23:00 +0800] "GET /wp-content/uploads/sites/3846/2026/02/%E8%9E%A2%E5%B9%95%E6%93%B7%E5%8F%96%E7%95%AB%E9%9D%A2-2026-02-24-081359.png HTTP/1.1" 200 1572728 "https://www.ilc.edu.tw/" "Mozilla/5.0 (Windows NT 10.0; Win64; x64) AppleWebKit/537.36 (KHTML, like Gecko) Chrome/151.0.0.0 Safari/537.36"
172.182.200.96 - - [27/Aug/2026:00:23:07 +0800] "GET /155.php HTTP/1.1" 404 917 "-" "-"
140.111.67.10 - - [27/Aug/2026:00:23:07 +0800] "GET /" 301 273 "-" "-"
172.182.200.96 - - [27/Aug/2026:00:23:07 +0800] "GET /tinynologin.php HTTP/1.1" 404 917 "-" "-"
220.133.231.194 - - [27/Aug/2026:00:23:07 +0800] "GET /41336/wp-content/uploads/sites/2863/2026/08/d6917955-d0f1-4388-af31-75ec15a6d3b5.png HTTP/1.1" 200 2649772 "https://2blog.ilc.edu.tw/41336/20260803%e6%95%99%e7%94%84%e8%bc%94%e8%80%83115%e5%b9%b4%e5%a4%a7%e5%85%89%e5%9c%8b%e5%b0%8f%e6%95%99%e5%b8%ab%e7%94%84%e8%a9%a6%e8%bc%94%e8%80%83%e5%9c%98%e6%a5%ad%e7%b8%be/" "Mozilla/5.0 (Linux; Android 10; K) AppleWebKit/537.36 (KHTML, like Gecko) Chrome/151.0.0.0 Mobile Safari/537.36"
172.182.200.96 - - [27/Aug/2026:00:23:07 +0800] "GET /UuAFIYGYKdefault.php HTTP/1.1" 404 917 "-" "-"
172.182.200.96 - - [27/Aug/2026:00:23:07 +0800] "GET /grsiuk.php HTTP/1.1" 404 917 "-" "-"
167.172.146.142 - - [27/Aug/2026:00:23:07 +0800] "GET /blog/imgs/thumbs_up.gif HTTP/1.1" 404 25426 "http://blog.ilc.edu.tw/" "Mozilla/5.0 (Windows NT 10.0; Win64; x64) AppleWebKit/537.36 (KHTML, like Gecko) Chrome/109.0.0.0 Safari/537.36"
159.223.139.69 - - [27/Aug/2026:00:23:07 +0800] "GET /blog/gallery/2341/previews/2341-131256.jpg HTTP/1.1" 404 25426 "http://blog.ilc.edu.tw/" "Mozilla/5.0 (Windows NT 10.0; Win64; x64) AppleWebKit/537.36 (KHTML, like Gecko) Chrome/109.0.0.0 Safari/537.36"
220.133.231.194 - - [27/Aug/2026:00:23:08 +0800] "GET /41336/wp-content/uploads/sites/2863/2026/08/017e7c0a-b9eb-420a-a72d-c92a7ded7279.png HTTP/1.1" 200 2558130 "https://2blog.ilc.edu.tw/41336/20260803%e6%95%99%e7%94%84%e8%bc%94%e8%80%83115%e5%b9%b4%e5%a4%a7%e5%85%89%e5%9c%8b%e5%b0%8f%e6%95%99%e5%b8%ab%e7%94%84%e8%a9%a6%e8%bc%94%e8%80%83%e5%9c%98%e6%a5%ad%e7%b8%be/" "Mozilla/5.0 (Linux; Android 10; K) AppleWebKit/537.36 (KHTML, like Gecko) Chrome/151.0.0.0 Mobile Safari/537.36"
172.182.200.96 - - [27/Aug/2026:00:23:08 +0800] "GET /100.php HTTP/1.1" 404 917 "-" "-"
172.182.200.96 - - [27/Aug/2026:00:23:08 +0800] "GET /inputs.php HTTP/1.1" 404 917 "-" "-"
140.111.67.195 - - [27/Aug/2026:00:23:08 +0800] "GET /wp-admin/admin-post.php?action=steps_ad HTTP/1.1" 200 1973 "-" "node-fetch/1.0 (+https://github.com/bitinn/node-fetch)"
66.249.79.138 - - [27/Aug/2026:00:23:06 +0800] "GET /wp-login.php?action=ilc_logout&_wpnonce=43754d0aad&redirect_to=http://uristnews.ru/join/4140/ HTTP/1.1" 302 8244 "-" "Mozilla/5.0 (compatible; Googlebot/2.1; +http://www.google.com/bot.html)"
172.182.200.96 - - [27/Aug/2026:00:23:08 +0800] "GET /wp-blogs.php HTTP/1.1" 404 917 "-" "-"
172.182.200.96 - - [27/Aug/2026:00:23:09 +0800] "GET /gifclass.php HTTP/1.1" 404 917 "-" "-"
240e:c2:1800:170:0:8:0:2 - - [27/Aug/2026:00:23:09 +0800] "GET /wp-content/cache/ilta.ilc.edu.tw/wpfc-minified/qm0ohmet/6wvk.css HTTP/1.1" 200 5952 "https://ilta.ilc.edu.tw/2010/07/12/" "Mozilla/5.0 (Windows NT 10.0; Win64; x64) AppleWebKit/537.36 (KHTML, like Gecko) Chrome/144.0.0.0 Safari/537.36"
240e:c2:1800:170:0:8:0:2 - - [27/Aug/2026:00:23:09 +0800] "GET /wp-content/cache/ilta.ilc.edu.tw/wpfc-minified/l07fx5lw/6wvk.css HTTP/1.1" 200 20577 "https://ilta.ilc.edu.tw/2010/07/12/" "Mozilla/5.0 (Windows NT 10.0; Win64; x64) AppleWebKit/537.36 (KHTML, like Gecko) Chrome/144.0.0.0 Safari/537.36"
172.182.200.96 - - [27/Aug/2026:00:23:09 +0800] "GET /wp-blog.php HTTP/1.1" 400 2865 "-" "-"
240e:c2:1800:170:0:8:0:2 - - [27/Aug/2026:00:23:09 +0800] "GET /wp-content/cache/ilta.ilc.edu.tw/wpfc-minified/1qjpbzp9/6wvk.js HTTP/1.1" 200 40344 "https://ilta.ilc.edu.tw/2010/07/12/" "Mozilla/5.0 (Windows NT 10.0; Win64; x64) AppleWebKit/537.36 (KHTML, like Gecko) Chrome/144.0.0.0 Safari/537.36"
240e:c2:1800:170:0:8:0:2 - - [27/Aug/2026:00:23:09 +0800] "GET /wp-includes/js/hoverintent-js.min.js HTTP/1.1" 200 1597 "https://ilta.ilc.edu.tw/2010/07/12/" "Mozilla/5.0 (Windows NT 10.0; Win64; x64) AppleWebKit/537.36 (KHTML, like Gecko) Chrome/144.0.0.0 Safari/537.36"
220.133.231.194 - - [27/Aug/2026:00:23:09 +0800] "GET /41336/wp-content/uploads/sites/2863/2026/08/5b9c9b72-3231-426d-920b-5e3cfd7be807.png HTTP/1.1" 200 2683749 "https://2blog.ilc.edu.tw/41336/20260803%e6%95%99%e7%94%84%e8%bc%94%e8%80%83115%e5%b9%b4%e5%a4%a7%e5%85%89%e5%9c%8b%e5%b0%8f%e6%95%99%e5%b8%ab%e7%94%84%e8%a9%a6%e8%bc%94%e8%80%83%e5%9c%98%e6%a5%ad%e7%b8%be/" "Mozilla/5.0 (Linux; Android 10; K) AppleWebKit/537.36 (KHTML, like Gecko) Chrome/151.0.0.0 Mobile Safari/537.36"
240e:c2:1800:170:0:8:0:2 - - [27/Aug/2026:00:23:09 +0800] "GET /wp-includes/js/admin-bar.min.js HTTP/1.1" 200 7032 "https://ilta.ilc.edu.tw/2010/07/12/" "Mozilla/5.0 (Windows NT 10.0; Win64; x64) AppleWebKit/537.36 (KHTML, like Gecko) Chrome/144.0.0.0 Safari/537.36"
240e:c2:1800:170:0:8:0:2 - - [27/Aug/2026:00:23:09 +0800] "GET /wp-includes/js/imagesloaded.min.js HTTP/1.1" 200 2683 "https://ilta.ilc.edu.tw/2010/07/12/" "Mozilla/5.0 (Windows NT 10.0; Win64; x64) AppleWebKit/537.36 (KHTML, like Gecko) Chrome/144.0.0.0 Safari/537.36"
172.182.200.96 - - [27/Aug/2026:00:23:10 +0800] "GET /init.php HTTP/1.1" 404 1241 "-" "-"
240e:c2:1800:170:0:8:0:2 - - [27/Aug/2026:00:23:10 +0800] "GET /wp-content/themes/oceanwp/assets/js/theme.min.js HTTP/1.1" 200 5469 "https://ilta.ilc.edu.tw/2010/07/12/" "Mozilla/5.0 (Windows NT 10.0; Win64; x64) AppleWebKit/537.36 (KHTML, like Gecko) Chrome/144.0.0.0 Safari/537.36"
240e:c2:1800:170:0:8:0:2 - - [27/Aug/2026:00:23:10 +0800] "GET /wp-content/themes/oceanwp/assets/js/drop-down-mobile-menu.min.js HTTP/1.1" 200 4663 "https://ilta.ilc.edu.tw/2010/07/12/" "Mozilla/5.0 (Windows NT 10.0; Win64; x64) AppleWebKit/537.36 (KHTML, like Gecko) Chrome/144.0.0.0 Safari/537.36"
240e:c2:1800:170:0:8:0:2 - - [27/Aug/2026:00:23:10 +0800] "GET /wp-content/themes/oceanwp/assets/js/drop-down-search.min.js HTTP/1.1" 200 2968 "https://ilta.ilc.edu.tw/2010/07/12/" "Mozilla/5.0 (Windows NT 10.0; Win64; x64) AppleWebKit/537.36 (KHTML, like Gecko) Chrome/144.0.0.0 Safari/537.36"
34.56.124.53 - - [27/Aug/2026:00:23:10 +0800] "GET /6450/2019/11/06/108%E5%B9%B4%E5%BA%A6-%E6%95%99%E5%AD%B8%E8%88%87%E5%AE%A3%E5%B0%8E%E6%B4%BB%E5%8B%95-%E7%B5%90%E5%90%88%E6%B0%91%E9%96%93%E8%BE%A6%E7%90%86%E7%92%B0%E6%95%99%E6%B4%BB%E5%8B%95%E6%96%87%E7%B6%93/ HTTP/1.1" 200 18354 "-" "Mozilla/5.0 (Macintosh; Intel Mac OS X 10_15_7) AppleWebKit/537.36 (KHTML, like Gecko) Chrome/120.0.0.0 Safari/537.36"
240e:c2:1800:170:0:8:0:2 - - [27/Aug/2026:00:23:10 +0800] "GET /wp-content/themes/oceanwp/assets/js/vendors/magnific-popup.min.js HTTP/1.1" 200 8270 "https://ilta.ilc.edu.tw/2010/07/12/" "Mozilla/5.0 (Windows NT 10.0; Win64; x64) AppleWebKit/537.36 (KHTML, like Gecko) Chrome/144.0.0.0 Safari/537.36"
240e:c2:1800:170:0:8:0:2 - - [27/Aug/2026:00:23:10 +0800] "GET /wp-content/themes/oceanwp/assets/js/ow-lightbox.min.js HTTP/1.1" 200 2321 "https://ilta.ilc.edu.tw/2010/07/12/" "Mozilla/5.0 (Windows NT 10.0; Win64; x64) AppleWebKit/537.36 (KHTML, like Gecko) Chrome/144.0.0.0 Safari/537.36"
240e:c2:1800:170:0:8:0:2 - - [27/Aug/2026:00:23:10 +0800] "GET /wp-content/themes/oceanwp/assets/js/vendors/flickity.pkgd.min.js HTTP/1.1" 200 15048 "https://ilta.ilc.edu.tw/2010/07/12/" "Mozilla/5.0 (Windows NT 10.0; Win64; x64) AppleWebKit/537.36 (KHTML, like Gecko) Chrome/144.0.0.0 Safari/537.36"
2001:288:a201::66:125 - - [27/Aug/2026:00:23:10 +0800] "GET /blog/active.php HTTP/1.1" 301 1026 "-" "-"
2001:288:a201::66:125 - - [27/Aug/2026:00:23:10 +0800] "GET /blog/active.php HTTP/1.1" 404 1084 "-" "-"
66.249.79.138 - - [27/Aug/2026:00:23:08 +0800] "GET /wp-login.php?action=ilc_logout&_wpnonce=43754d0aad&redirect_to=http://skladhd.ru/join/52335/ HTTP/1.1" 302 3458 "-" "Mozilla/5.0 (compatible; Googlebot/2.1; +http://www.google.com/bot.html)"
240e:c2:1800:170:0:8:0:2 - - [27/Aug/2026:00:23:10 +0800] "GET /wp-content/themes/oceanwp/assets/js/ow-slider.min.js HTTP/1.1" 200 1761 "https://ilta.ilc.edu.tw/2010/07/12/" "Mozilla/5.0 (Windows NT 10.0; Win64; x64) AppleWebKit/537.36 (KHTML, like Gecko) Chrome/144.0.0.0 Safari/537.36"
240e:c2:1800:170:0:8:0:2 - - [27/Aug/2026:00:23:11 +0800] "GET /wp-content/themes/oceanwp/assets/js/scroll-effect.min.js HTTP/1.1" 200 4127 "https://ilta.ilc.edu.tw/2010/07/12/" "Mozilla/5.0 (Windows NT 10.0; Win64; x64) AppleWebKit/537.36 (KHTML, like Gecko) Chrome/144.0.0.0 Safari/537.36"
66.249.79.172 - - [27/Aug/2026:00:23:11 +0800] "POST /27384/wp-json/ilc-summary/v1/popular-posts HTTP/1.1" 201 6050 "https://2blog.ilc.edu.tw/27384/2016/11/23/%E5%8F%B0%E7%81%A3%E6%AF%8D%E8%AA%9E%E6%97%A5%E5%AF%A6%E6%96%BD%E6%88%90%E6%9E%9C%E6%9C%AC%E5%9C%9F%E6%95%99%E8%82%B2%E9%80%B1%E8%A1%A8%E6%BC%94%E6%B4%BB%E5%8B%95-2/" "Mozilla/5.0 (Linux; Android 6.0.1; Nexus 5X Build/MMB29P) AppleWebKit/537.36 (KHTML, like Gecko) Chrome/151.0.7922.173 Mobile Safari/537.36 (compatible; Googlebot/2.1; +http://www.google.com/bot.html)"
240e:c2:1800:170:0:8:0:2 - - [27/Aug/2026:00:23:11 +0800] "GET /wp-content/themes/oceanwp/assets/js/select.min.js HTTP/1.1" 200 2408 "https://ilta.ilc.edu.tw/2010/07/12/" "Mozilla/5.0 (Windows NT 10.0; Win64; x64) AppleWebKit/537.36 (KHTML, like Gecko) Chrome/144.0.0.0 Safari/537.36"
240e:c2:1800:170:0:8:0:2 - - [27/Aug/2026:00:23:11 +0800] "GET /wp-content/plugins/ocean-extra/includes/widgets/js/flickr.min.js HTTP/1.1" 200 1319 "https://ilta.ilc.edu.tw/2010/07/12/" "Mozilla/5.0 (Windows NT 10.0; Win64; x64) AppleWebKit/537.36 (KHTML, like Gecko) Chrome/144.0.0.0 Safari/537.36"
140.111.67.10 - - [27/Aug/2026:00:23:12 +0800] "GET /" 301 273 "-" "-"
36.229.224.186 - - [27/Aug/2026:00:23:12 +0800] "GET / HTTP/1.1" 200 31681 "https://www.google.com/" "Mozilla/5.0 (iPhone; CPU iPhone OS 18_7 like Mac OS X) AppleWebKit/605.1.15 (KHTML, like Gecko) Version/26.5.2 Mobile/15E148 Safari/604.1"
36.229.224.186 - - [27/Aug/2026:00:23:12 +0800] "GET /wp-content/cache/www.ilc.edu.tw/wpfc-minified/sz1rpuo/8141l.css HTTP/1.1" 200 40885 "https://www.ilc.edu.tw/" "Mozilla/5.0 (iPhone; CPU iPhone OS 18_7 like Mac OS X) AppleWebKit/605.1.15 (KHTML, like Gecko) Version/26.5.2 Mobile/15E148 Safari/604.1"
36.229.224.186 - - [27/Aug/2026:00:23:12 +0800] "GET /wp-content/cache/www.ilc.edu.tw/wpfc-minified/difb1vbs/8141l.js HTTP/1.1" 200 35549 "https://www.ilc.edu.tw/" "Mozilla/5.0 (iPhone; CPU iPhone OS 18_7 like Mac OS X) AppleWebKit/605.1.15 (KHTML, like Gecko) Version/26.5.2 Mobile/15E148 Safari/604.1"
36.229.224.186 - - [27/Aug/2026:00:23:12 +0800] "GET /wp-content/uploads/sites/3846/elementor/css/post-3.css HTTP/1.1" 200 6090 "https://www.ilc.edu.tw/" "Mozilla/5.0 (iPhone; CPU iPhone OS 18_7 like Mac OS X) AppleWebKit/605.1.15 (KHTML, like Gecko) Version/26.5.2 Mobile/15E148 Safari/604.1"
36.229.224.186 - - [27/Aug/2026:00:23:12 +0800] "GET /wp-content/cache/www.ilc.edu.tw/wpfc-minified/7ihu9bns/8141l.css HTTP/1.1" 200 5952 "https://www.ilc.edu.tw/" "Mozilla/5.0 (iPhone; CPU iPhone OS 18_7 like Mac OS X) AppleWebKit/605.1.15 (KHTML, like Gecko) Version/26.5.2 Mobile/15E148 Safari/604.1"
36.229.224.186 - - [27/Aug/2026:00:23:12 +0800] "GET /wp-content/cache/www.ilc.edu.tw/wpfc-minified/2encr51g/8141l.css HTTP/1.1" 200 10823 "https://www.ilc.edu.tw/" "Mozilla/5.0 (iPhone; CPU iPhone OS 18_7 like Mac OS X) AppleWebKit/605.1.15 (KHTML, like Gecko) Version/26.5.2 Mobile/15E148 Safari/604.1"
36.229.224.186 - - [27/Aug/2026:00:23:12 +0800] "GET /wp-content/uploads/sites/3846/elementor/css/post-19.css HTTP/1.1" 200 6463 "https://www.ilc.edu.tw/" "Mozilla/5.0 (iPhone; CPU iPhone OS 18_7 like Mac OS X) AppleWebKit/605.1.15 (KHTML, like Gecko) Version/26.5.2 Mobile/15E148 Safari/604.1"
36.229.224.186 - - [27/Aug/2026:00:23:12 +0800] "GET /wp-content/cache/www.ilc.edu.tw/wpfc-minified/fdlul8k0/8141l.css HTTP/1.1" 200 84888 "https://www.ilc.edu.tw/" "Mozilla/5.0 (iPhone; CPU iPhone OS 18_7 like Mac OS X) AppleWebKit/605.1.15 (KHTML, like Gecko) Version/26.5.2 Mobile/15E148 Safari/604.1"
36.229.224.186 - - [27/Aug/2026:00:23:12 +0800] "GET /wp-includes/js/hoverintent-js.min.js HTTP/1.1" 200 1597 "https://www.ilc.edu.tw/" "Mozilla/5.0 (iPhone; CPU iPhone OS 18_7 like Mac OS X) AppleWebKit/605.1.15 (KHTML, like Gecko) Version/26.5.2 Mobile/15E148 Safari/604.1"
36.229.224.186 - - [27/Aug/2026:00:23:12 +0800] "GET /wp-includes/js/admin-bar.min.js HTTP/1.1" 200 2237 "https://www.ilc.edu.tw/" "Mozilla/5.0 (iPhone; CPU iPhone OS 18_7 like Mac OS X) AppleWebKit/605.1.15 (KHTML, like Gecko) Version/26.5.2 Mobile/15E148 Safari/604.1"
36.229.224.186 - - [27/Aug/2026:00:23:12 +0800] "GET /wp-includes/js/imagesloaded.min.js HTTP/1.1" 200 2683 "https://www.ilc.edu.tw/" "Mozilla/5.0 (iPhone; CPU iPhone OS 18_7 like Mac OS X) AppleWebKit/605.1.15 (KHTML, like Gecko) Version/26.5.2 Mobile/15E148 Safari/604.1"
36.229.224.186 - - [27/Aug/2026:00:23:12 +0800] "GET /wp-content/cache/www.ilc.edu.tw/wpfc-minified/21kp93v9/8141l.css HTTP/1.1" 200 4167 "https://www.ilc.edu.tw/" "Mozilla/5.0 (iPhone; CPU iPhone OS 18_7 like Mac OS X) AppleWebKit/605.1.15 (KHTML, like Gecko) Version/26.5.2 Mobile/15E148 Safari/604.1"
36.229.224.186 - - [27/Aug/2026:00:23:12 +0800] "GET /wp-content/themes/oceanwp/assets/js/theme.min.js HTTP/1.1" 200 5130 "https://www.ilc.edu.tw/" "Mozilla/5.0 (iPhone; CPU iPhone OS 18_7 like Mac OS X) AppleWebKit/605.1.15 (KHTML, like Gecko) Version/26.5.2 Mobile/15E148 Safari/604.1"
36.229.224.186 - - [27/Aug/2026:00:23:12 +0800] "GET /wp-content/themes/oceanwp/assets/js/drop-down-mobile-menu.min.js HTTP/1.1" 200 4663 "https://www.ilc.edu.tw/" "Mozilla/5.0 (iPhone; CPU iPhone OS 18_7 like Mac OS X) AppleWebKit/605.1.15 (KHTML, like Gecko) Version/26.5.2 Mobile/15E148 Safari/604.1"
36.229.224.186 - - [27/Aug/2026:00:23:12 +0800] "GET /wp-content/themes/oceanwp/assets/js/ow-lightbox.min.js HTTP/1.1" 200 2321 "https://www.ilc.edu.tw/" "Mozilla/5.0 (iPhone; CPU iPhone OS 18_7 like Mac OS X) AppleWebKit/605.1.15 (KHTML, like Gecko) Version/26.5.2 Mobile/15E148 Safari/604.1"
36.229.224.186 - - [27/Aug/2026:00:23:12 +0800] "GET /wp-content/themes/oceanwp/assets/js/vendors/magnific-popup.min.js HTTP/1.1" 200 8270 "https://www.ilc.edu.tw/" "Mozilla/5.0 (iPhone; CPU iPhone OS 18_7 like Mac OS X) AppleWebKit/605.1.15 (KHTML, like Gecko) Version/26.5.2 Mobile/15E148 Safari/604.1"
36.229.224.186 - - [27/Aug/2026:00:23:12 +0800] "GET /wp-content/themes/oceanwp/assets/js/ow-slider.min.js HTTP/1.1" 200 1761 "https://www.ilc.edu.tw/" "Mozilla/5.0 (iPhone; CPU iPhone OS 18_7 like Mac OS X) AppleWebKit/605.1.15 (KHTML, like Gecko) Version/26.5.2 Mobile/15E148 Safari/604.1"
36.229.224.186 - - [27/Aug/2026:00:23:12 +0800] "GET /wp-content/themes/oceanwp/assets/js/vendors/flickity.pkgd.min.js HTTP/1.1" 200 15048 "https://www.ilc.edu.tw/" "Mozilla/5.0 (iPhone; CPU iPhone OS 18_7 like Mac OS X) AppleWebKit/605.1.15 (KHTML, like Gecko) Version/26.5.2 Mobile/15E148 Safari/604.1"
36.229.224.186 - - [27/Aug/2026:00:23:12 +0800] "GET /wp-content/themes/oceanwp/assets/js/scroll-top.min.js HTTP/1.1" 200 3202 "https://www.ilc.edu.tw/" "Mozilla/5.0 (iPhone; CPU iPhone OS 18_7 like Mac OS X) AppleWebKit/605.1.15 (KHTML, like Gecko) Version/26.5.2 Mobile/15E148 Safari/604.1"
36.229.224.186 - - [27/Aug/2026:00:23:12 +0800] "GET /wp-content/plugins/elementor-pro/assets/js/webpack-pro.runtime.min.js HTTP/1.1" 200 3562 "https://www.ilc.edu.tw/" "Mozilla/5.0 (iPhone; CPU iPhone OS 18_7 like Mac OS X) AppleWebKit/605.1.15 (KHTML, like Gecko) Version/26.5.2 Mobile/15E148 Safari/604.1"
36.229.224.186 - - [27/Aug/2026:00:23:12 +0800] "GET /wp-content/plugins/elementor/assets/js/webpack.runtime.min.js HTTP/1.1" 200 3095 "https://www.ilc.edu.tw/" "Mozilla/5.0 (iPhone; CPU iPhone OS 18_7 like Mac OS X) AppleWebKit/605.1.15 (KHTML, like Gecko) Version/26.5.2 Mobile/15E148 Safari/604.1"
36.229.224.186 - - [27/Aug/2026:00:23:12 +0800] "GET /wp-content/themes/oceanwp/assets/js/scroll-effect.min.js HTTP/1.1" 200 4127 "https://www.ilc.edu.tw/" "Mozilla/5.0 (iPhone; CPU iPhone OS 18_7 like Mac OS X) AppleWebKit/605.1.15 (KHTML, like Gecko) Version/26.5.2 Mobile/15E148 Safari/604.1"
36.229.224.186 - - [27/Aug/2026:00:23:12 +0800] "GET /wp-content/plugins/elementor/assets/js/frontend-modules.min.js HTTP/1.1" 200 19416 "https://www.ilc.edu.tw/" "Mozilla/5.0 (iPhone; CPU iPhone OS 18_7 like Mac OS X) AppleWebKit/605.1.15 (KHTML, like Gecko) Version/26.5.2 Mobile/15E148 Safari/604.1"
36.229.224.186 - - [27/Aug/2026:00:23:13 +0800] "GET /wp-includes/js/dist/hooks.min.js HTTP/1.1" 200 2421 "https://www.ilc.edu.tw/" "Mozilla/5.0 (iPhone; CPU iPhone OS 18_7 like Mac OS X) AppleWebKit/605.1.15 (KHTML, like Gecko) Version/26.5.2 Mobile/15E148 Safari/604.1"
36.229.224.186 - - [27/Aug/2026:00:23:13 +0800] "GET /wp-includes/js/dist/i18n.min.js HTTP/1.1" 200 4547 "https://www.ilc.edu.tw/" "Mozilla/5.0 (iPhone; CPU iPhone OS 18_7 like Mac OS X) AppleWebKit/605.1.15 (KHTML, like Gecko) Version/26.5.2 Mobile/15E148 Safari/604.1"
36.229.224.186 - - [27/Aug/2026:00:23:13 +0800] "GET /wp-content/plugins/elementor/assets/lib/waypoints/waypoints.min.js HTTP/1.1" 200 3873 "https://www.ilc.edu.tw/" "Mozilla/5.0 (iPhone; CPU iPhone OS 18_7 like Mac OS X) AppleWebKit/605.1.15 (KHTML, like Gecko) Version/26.5.2 Mobile/15E148 Safari/604.1"
36.229.224.186 - - [27/Aug/2026:00:23:13 +0800] "GET /wp-content/plugins/elementor-pro/assets/js/frontend.min.js HTTP/1.1" 200 7574 "https://www.ilc.edu.tw/" "Mozilla/5.0 (iPhone; CPU iPhone OS 18_7 like Mac OS X) AppleWebKit/605.1.15 (KHTML, like Gecko) Version/26.5.2 Mobile/15E148 Safari/604.1"
36.229.224.186 - - [27/Aug/2026:00:23:13 +0800] "GET /wp-includes/js/jquery/ui/core.min.js HTTP/1.1" 200 7986 "https://www.ilc.edu.tw/" "Mozilla/5.0 (iPhone; CPU iPhone OS 18_7 like Mac OS X) AppleWebKit/605.1.15 (KHTML, like Gecko) Version/26.5.2 Mobile/15E148 Safari/604.1"
36.229.224.186 - - [27/Aug/2026:00:23:13 +0800] "GET /wp-content/plugins/elementor-pro/assets/js/elements-handlers.min.js HTTP/1.1" 200 10882 "https://www.ilc.edu.tw/" "Mozilla/5.0 (iPhone; CPU iPhone OS 18_7 like Mac OS X) AppleWebKit/605.1.15 (KHTML, like Gecko) Version/26.5.2 Mobile/15E148 Safari/604.1"
36.229.224.186 - - [27/Aug/2026:00:23:13 +0800] "GET /wp-content/plugins/elementor/assets/js/frontend.min.js HTTP/1.1" 200 13169 "https://www.ilc.edu.tw/" "Mozilla/5.0 (iPhone; CPU iPhone OS 18_7 like Mac OS X) AppleWebKit/605.1.15 (KHTML, like Gecko) Version/26.5.2 Mobile/15E148 Safari/604.1"
36.229.224.186 - - [27/Aug/2026:00:23:13 +0800] "GET /wp-content/uploads/sites/3846/2023/05/%E5%AE%9C%E8%98%AD%E7%B8%A3%E6%94%BF%E5%BA%9C%E6%95%99%E8%82%B2%E8%99%95logo.png HTTP/1.1" 200 16335 "https://www.ilc.edu.tw/" "Mozilla/5.0 (iPhone; CPU iPhone OS 18_7 like Mac OS X) AppleWebKit/605.1.15 (KHTML, like Gecko) Version/26.5.2 Mobile/15E148 Safari/604.1"
36.229.224.186 - - [27/Aug/2026:00:23:13 +0800] "GET /wp-content/uploads/sites/3846/2023/05/%E9%A6%96%E9%A0%81%E5%B0%8F%E6%A8%99_%E6%9C%80%E6%96%B0%E6%B6%88%E6%81%AF.png HTTP/1.1" 200 2537 "https://www.ilc.edu.tw/" "Mozilla/5.0 (iPhone; CPU iPhone OS 18_7 like Mac OS X) AppleWebKit/605.1.15 (KHTML, like Gecko) Version/26.5.2 Mobile/15E148 Safari/604.1"
36.229.224.186 - - [27/Aug/2026:00:23:13 +0800] "GET /wp-content/uploads/sites/3846/2023/05/%E5%85%AC%E5%91%8A%E6%90%9C%E5%B0%8B.png HTTP/1.1" 200 3549 "https://www.ilc.edu.tw/" "Mozilla/5.0 (iPhone; CPU iPhone OS 18_7 like Mac OS X) AppleWebKit/605.1.15 (KHTML, like Gecko) Version/26.5.2 Mobile/15E148 Safari/604.1"
36.229.224.186 - - [27/Aug/2026:00:23:13 +0800] "GET /wp-content/uploads/sites/3846/2026/05/05bfd164-030e-448f-b83b-37c7dcb01eec.png HTTP/1.1" 200 3476 "https://www.ilc.edu.tw/" "Mozilla/5.0 (iPhone; CPU iPhone OS 18_7 like Mac OS X) AppleWebKit/605.1.15 (KHTML, like Gecko) Version/26.5.2 Mobile/15E148 Safari/604.1"
36.229.224.186 - - [27/Aug/2026:00:23:13 +0800] "GET /wp-content/plugins/elementor/assets/lib/eicons/fonts/eicons.woff2?5.30.0 HTTP/1.1" 200 103016 "https://www.ilc.edu.tw/" "Mozilla/5.0 (iPhone; CPU iPhone OS 18_7 like Mac OS X) AppleWebKit/605.1.15 (KHTML, like Gecko) Version/26.5.2 Mobile/15E148 Safari/604.1"
36.229.224.186 - - [27/Aug/2026:00:23:13 +0800] "GET /wp-content/uploads/sites/3846/2023/07/%E6%95%99%E8%82%B2%E8%99%95%E5%85%AB%E5%A4%A7%E6%96%B9%E9%87%9D.png HTTP/1.1" 200 200327 "https://www.ilc.edu.tw/" "Mozilla/5.0 (iPhone; CPU iPhone OS 18_7 like Mac OS X) AppleWebKit/605.1.15 (KHTML, like Gecko) Version/26.5.2 Mobile/15E148 Safari/604.1"
36.229.224.186 - - [27/Aug/2026:00:23:13 +0800] "GET /wp-content/uploads/sites/3846/2026/02/%E9%81%BF%E5%85%8D%E8%AA%A4%E5%85%A5%E8%A9%90%E9%A8%99%E7%B6%B2%E7%AB%99APP%E5%B0%8F%E5%B8%B8%E8%AD%98.jpg HTTP/1.1" 200 454833 "https://www.ilc.edu.tw/" "Mozilla/5.0 (iPhone; CPU iPhone OS 18_7 like Mac OS X) AppleWebKit/605.1.15 (KHTML, like Gecko) Version/26.5.2 Mobile/15E148 Safari/604.1"
36.229.224.186 - - [27/Aug/2026:00:23:13 +0800] "GET /wp-content/uploads/sites/3846/2026/08/%E8%BE%B2%E6%A5%AD%E9%83%A8%E5%BB%A3%E5%91%8A.jpg HTTP/1.1" 200 240914 "https://www.ilc.edu.tw/" "Mozilla/5.0 (iPhone; CPU iPhone OS 18_7 like Mac OS X) AppleWebKit/605.1.15 (KHTML, like Gecko) Version/26.5.2 Mobile/15E148 Safari/604.1"
66.249.79.132 - - [27/Aug/2026:00:23:11 +0800] "GET /wp-login.php?action=ilc_logout&_wpnonce=43754d0aad&redirect_to=http://webbikers.ru/join/8344/ HTTP/1.1" 302 3437 "-" "Mozilla/5.0 (compatible; Googlebot/2.1; +http://www.google.com/bot.html)"
220.133.231.194 - - [27/Aug/2026:00:23:13 +0800] "GET /41336/wp-content/uploads/sites/2863/2026/08/7d76d015-1b91-4d1b-bdc6-bb0ed3a2d3a2.png HTTP/1.1" 200 2587176 "https://2blog.ilc.edu.tw/41336/20260803%e6%95%99%e7%94%84%e8%bc%94%e8%80%83115%e5%b9%b4%e5%a4%a7%e5%85%89%e5%9c%8b%e5%b0%8f%e6%95%99%e5%b8%ab%e7%94%84%e8%a9%a6%e8%bc%94%e8%80%83%e5%9c%98%e6%a5%ad%e7%b8%be/" "Mozilla/5.0 (Linux; Android 10; K) AppleWebKit/537.36 (KHTML, like Gecko) Chrome/151.0.0.0 Mobile Safari/537.36"
36.229.224.186 - - [27/Aug/2026:00:23:14 +0800] "GET /wp-content/plugins/elementor-pro/assets/js/media-carousel.aca2224ef13e6f999011.bundle.min.js HTTP/1.1" 200 7739 "https://www.ilc.edu.tw/" "Mozilla/5.0 (iPhone; CPU iPhone OS 18_7 like Mac OS X) AppleWebKit/605.1.15 (KHTML, like Gecko) Version/26.5.2 Mobile/15E148 Safari/604.1"
240e:c2:1800:170:0:8:0:2 - - [27/Aug/2026:00:23:14 +0800] "GET /wp-content/themes/oceanwp/assets/fonts/simple-line-icons/Simple-Line-Icons.woff2?v=2.4.0 HTTP/1.1" 200 30959 "https://ilta.ilc.edu.tw/wp-content/cache/ilta.ilc.edu.tw/wpfc-minified/7vo8n6iy/6wvk.css" "Mozilla/5.0 (Windows NT 10.0; Win64; x64) AppleWebKit/537.36 (KHTML, like Gecko) Chrome/144.0.0.0 Safari/537.36"
36.229.224.186 - - [27/Aug/2026:00:23:14 +0800] "GET /wp-content/plugins/elementor/assets/lib/swiper/v8/swiper.min.js?ver=8.4.5 HTTP/1.1" 200 40708 "https://www.ilc.edu.tw/" "Mozilla/5.0 (iPhone; CPU iPhone OS 18_7 like Mac OS X) AppleWebKit/605.1.15 (KHTML, like Gecko) Version/26.5.2 Mobile/15E148 Safari/604.1"
39.14.65.202 - - [27/Aug/2026:00:23:14 +0800] "GET /wp-content/uploads/sites/3846/2026/06/%E5%AE%A3%E5%82%B3%E5%9C%96%E7%89%87.png HTTP/1.1" 200 1053112 "https://www.ilc.edu.tw/" "Mozilla/5.0 (iPhone; CPU iPhone OS 18_7 like Mac OS X) AppleWebKit/605.1.15 (KHTML, like Gecko) Version/26.5.2 Mobile/15E148 Safari/604.1"
220.133.231.194 - - [27/Aug/2026:00:23:14 +0800] "GET /41336/wp-content/uploads/sites/2863/2026/08/845c70c1-d78d-459d-9bf5-456e6b08e699.png HTTP/1.1" 200 2508604 "https://2blog.ilc.edu.tw/41336/20260803%e6%95%99%e7%94%84%e8%bc%94%e8%80%83115%e5%b9%b4%e5%a4%a7%e5%85%89%e5%9c%8b%e5%b0%8f%e6%95%99%e5%b8%ab%e7%94%84%e8%a9%a6%e8%bc%94%e8%80%83%e5%9c%98%e6%a5%ad%e7%b8%be/" "Mozilla/5.0 (Linux; Android 10; K) AppleWebKit/537.36 (KHTML, like Gecko) Chrome/151.0.0.0 Mobile Safari/537.36"
49.158.150.57 - - [27/Aug/2026:00:23:14 +0800] "-" 408 4791 "-" "-"
36.229.224.186 - - [27/Aug/2026:00:23:15 +0800] "GET /wp-content/themes/oceanwp/assets/fonts/fontawesome/webfonts/fa-solid-900.woff2 HTTP/1.1" 200 151246 "https://www.ilc.edu.tw/" "Mozilla/5.0 (iPhone; CPU iPhone OS 18_7 like Mac OS X) AppleWebKit/605.1.15 (KHTML, like Gecko) Version/26.5.2 Mobile/15E148 Safari/604.1"
85.208.96.202 - - [27/Aug/2026:00:23:15 +0800] "GET /3860/2015/02/10/%E6%96%B0%E5%B9%B4%E5%BF%AB%E6%A8%82%E3%80%81%E6%81%AD%E5%96%9C%E7%99%BC%E8%B2%A1-%E6%96%B0%E6%98%A5%E6%AD%A1%E6%A8%82%E6%96%B0%E5%B9%B4%E5%88%B0%EF%BC%8C-%E5%8A%A0%E5%AE%98%E9%80%B2%E7%A5%BF/ HTTP/1.1" 200 29129 "-" "Mozilla/5.0 (compatible; SemrushBot/7~bl; +http://www.semrush.com/bot.html)"
2001:288:a201::66:125 - - [27/Aug/2026:00:23:15 +0800] "GET /blog/active.php HTTP/1.1" 301 1026 "-" "-"
49.158.150.57 - - [27/Aug/2026:00:23:15 +0800] "GET /wp-content/uploads/sites/3846/2025/04/%E7%AB%A5%E5%BF%83%E7%AB%A5%E9%81%8A-%E6%AD%A1%E6%A8%82%E8%98%AD%E9%99%BD-%E5%85%92%E7%AB%A5%E7%AF%80%E5%BF%AB%E6%A8%82.jpg HTTP/1.1" 200 131743 "https://www.ilc.edu.tw/" "Mozilla/5.0 (Windows NT 10.0; Win64; x64) AppleWebKit/537.36 (KHTML, like Gecko) Chrome/151.0.0.0 Safari/537.36"
2001:288:a201::66:125 - - [27/Aug/2026:00:23:15 +0800] "GET /blog/active.php HTTP/1.1" 404 1084 "-" "-"
39.14.65.202 - - [27/Aug/2026:00:23:15 +0800] "GET /wp-content/uploads/sites/3846/2026/05/%E8%9E%A2%E5%B9%95%E6%93%B7%E5%8F%96%E7%95%AB%E9%9D%A2-2026-05-07-100749.png HTTP/1.1" 200 1349539 "https://www.ilc.edu.tw/" "Mozilla/5.0 (iPhone; CPU iPhone OS 18_7 like Mac OS X) AppleWebKit/605.1.15 (KHTML, like Gecko) Version/26.5.2 Mobile/15E148 Safari/604.1"
66.249.79.132 - - [27/Aug/2026:00:23:13 +0800] "GET /wp-login.php?action=ilc_logout&_wpnonce=43754d0aad&redirect_to=http://revival24.ru/join/53248/ HTTP/1.1" 302 3438 "-" "Mozilla/5.0 (compatible; Googlebot/2.1; +http://www.google.com/bot.html)"
36.229.224.186 - - [27/Aug/2026:00:23:14 +0800] "GET /wp-content/uploads/sites/3846/2026/06/2026%E5%AE%9C%E8%98%AD%E7%98%8B%E5%AD%B8%E7%BF%92-%E6%9A%91%E5%81%87_%E6%95%99%E8%82%B2%E8%99%95%E9%A6%96%E9%A0%81-1440-x-1080-%E5%83%8F%E7%B4%A0.png HTTP/1.1" 200 2050723 "https://www.ilc.edu.tw/" "Mozilla/5.0 (iPhone; CPU iPhone OS 18_7 like Mac OS X) AppleWebKit/605.1.15 (KHTML, like Gecko) Version/26.5.2 Mobile/15E148 Safari/604.1"
::1 - - [27/Aug/2026:00:23:16 +0800] "OPTIONS * HTTP/1.0" 200 110 "-" "Apache/2.4.68 (Ubuntu) OpenSSL/3.0.19 (internal dummy connection)"
49.158.150.57 - - [27/Aug/2026:00:23:07 +0800] "GET /wp-content/uploads/sites/3846/2025/11/%E8%9E%A2%E5%B9%95%E6%93%B7%E5%8F%96%E7%95%AB%E9%9D%A2-2025-11-10-141501.png HTTP/1.1" 200 1620054 "https://www.ilc.edu.tw/" "Mozilla/5.0 (Windows NT 10.0; Win64; x64) AppleWebKit/537.36 (KHTML, like Gecko) Chrome/151.0.0.0 Safari/537.36"
49.158.150.57 - - [27/Aug/2026:00:23:05 +0800] "GET /wp-content/uploads/sites/3846/2025/11/%E8%9E%A2%E5%B9%95%E6%93%B7%E5%8F%96%E7%95%AB%E9%9D%A2-2025-11-13-131522.png HTTP/1.1" 200 2645313 "https://www.ilc.edu.tw/" "Mozilla/5.0 (Windows NT 10.0; Win64; x64) AppleWebKit/537.36 (KHTML, like Gecko) Chrome/151.0.0.0 Safari/537.36"
140.111.67.10 - - [27/Aug/2026:00:23:17 +0800] "GET /" 301 273 "-" "-"
2407:4b00:4c09:80f9:a9cc:ef33:a236:7c61 - - [27/Aug/2026:00:23:17 +0800] "GET /wp-content/uploads/sites/3846/2023/07/%E6%95%99%E8%82%B2%E8%99%95%E5%85%AB%E5%A4%A7%E6%96%B9%E9%87%9D.png HTTP/1.1" 200 200327 "https://it.ilc.edu.tw/" "Mozilla/5.0 (Windows NT 10.0; Win64; x64) AppleWebKit/537.36 (KHTML, like Gecko) Chrome/151.0.0.0 Safari/537.36"
36.229.224.186 - - [27/Aug/2026:00:23:16 +0800] "GET /wp-content/uploads/sites/3846/2026/02/%E8%9E%A2%E5%B9%95%E6%93%B7%E5%8F%96%E7%95%AB%E9%9D%A2-2026-02-24-081359.png HTTP/1.1" 200 1572728 "https://www.ilc.edu.tw/" "Mozilla/5.0 (iPhone; CPU iPhone OS 18_7 like Mac OS X) AppleWebKit/605.1.15 (KHTML, like Gecko) Version/26.5.2 Mobile/15E148 Safari/604.1"
240e:c2:1800:170:0:8:0:2 - - [27/Aug/2026:00:23:14 +0800] "GET /wp-content/themes/oceanwp/assets/fonts/fontawesome/webfonts/fa-solid-900.woff2 HTTP/1.1" 200 139680 "https://ilta.ilc.edu.tw/wp-content/cache/ilta.ilc.edu.tw/wpfc-minified/7vo8n6iy/6wvk.css" "Mozilla/5.0 (Windows NT 10.0; Win64; x64) AppleWebKit/537.36 (KHTML, like Gecko) Chrome/144.0.0.0 Safari/537.36"
::1 - - [27/Aug/2026:00:23:17 +0800] "OPTIONS * HTTP/1.0" 200 110 "-" "Apache/2.4.68 (Ubuntu) OpenSSL/3.0.19 (internal dummy connection)"
66.249.79.132 - - [27/Aug/2026:00:23:16 +0800] "GET /wp-login.php?action=ilc_logout&_wpnonce=43754d0aad&redirect_to=http://artkust.ru/job/85903/ HTTP/1.1" 302 3435 "-" "Mozilla/5.0 (compatible; Googlebot/2.1; +http://www.google.com/bot.html)"
40.77.167.7 - - [27/Aug/2026:00:23:15 +0800] "GET /?page_id=888 HTTP/1.1" 200 25766 "-" "Mozilla/5.0 AppleWebKit/537.36 (KHTML, like Gecko; compatible; bingbot/2.0; +http://www.bing.com/bingbot.htm) Chrome/116.0.1938.76 Safari/537.36"
36.229.224.186 - - [27/Aug/2026:00:23:18 +0800] "GET /wp-content/uploads/sites/3846/2025/11/%E8%9E%A2%E5%B9%95%E6%93%B7%E5%8F%96%E7%95%AB%E9%9D%A2-2025-11-27-141357.png HTTP/1.1" 200 216157 "https://www.ilc.edu.tw/" "Mozilla/5.0 (iPhone; CPU iPhone OS 18_7 like Mac OS X) AppleWebKit/605.1.15 (KHTML, like Gecko) Version/26.5.2 Mobile/15E148 Safari/604.1"
36.229.224.186 - - [27/Aug/2026:00:23:18 +0800] "GET /wp-content/uploads/sites/3846/2024/09/%E6%95%99%E5%B8%AB%E7%AF%80%E5%BD%B1%E7%89%87.jpg HTTP/1.1" 200 77295 "https://www.ilc.edu.tw/" "Mozilla/5.0 (iPhone; CPU iPhone OS 18_7 like Mac OS X) AppleWebKit/605.1.15 (KHTML, like Gecko) Version/26.5.2 Mobile/15E148 Safari/604.1"
36.229.224.186 - - [27/Aug/2026:00:23:18 +0800] "GET /wp-content/uploads/sites/3846/2025/04/%E7%AB%A5%E5%BF%83%E7%AB%A5%E9%81%8A-%E6%AD%A1%E6%A8%82%E8%98%AD%E9%99%BD-%E5%85%92%E7%AB%A5%E7%AF%80%E5%BF%AB%E6%A8%82.jpg HTTP/1.1" 200 131743 "https://www.ilc.edu.tw/" "Mozilla/5.0 (iPhone; CPU iPhone OS 18_7 like Mac OS X) AppleWebKit/605.1.15 (KHTML, like Gecko) Version/26.5.2 Mobile/15E148 Safari/604.1"
::1 - - [27/Aug/2026:00:23:18 +0800] "OPTIONS * HTTP/1.0" 200 110 "-" "Apache/2.4.68 (Ubuntu) OpenSSL/3.0.19 (internal dummy connection)"
2001:b400:e2d2:feb5:8839:8159:4807:33c1 - - [27/Aug/2026:00:23:18 +0800] "GET /%E6%B4%BB%E5%8B%95%E7%9B%B8%E7%B0%BF/ HTTP/1.1" 200 18975 "https://www.google.com/" "Mozilla/5.0 (Linux; Android 10; K) AppleWebKit/537.36 (KHTML, like Gecko) Chrome/138.0.0.0 Mobile Safari/537.36"
36.229.224.186 - - [27/Aug/2026:00:23:18 +0800] "GET /wp-content/uploads/sites/3846/2023/10/C1.png HTTP/1.1" 200 342209 "https://www.ilc.edu.tw/" "Mozilla/5.0 (iPhone; CPU iPhone OS 18_7 like Mac OS X) AppleWebKit/605.1.15 (KHTML, like Gecko) Version/26.5.2 Mobile/15E148 Safari/604.1"
2001:b400:e2d2:feb5:8839:8159:4807:33c1 - - [27/Aug/2026:00:23:18 +0800] "GET /wp-content/cache/www.chjh.ilc.edu.tw/wpfc-minified/dqsjy056/7f33.css HTTP/1.1" 200 16319 "https://www.chjh.ilc.edu.tw/%E6%B4%BB%E5%8B%95%E7%9B%B8%E7%B0%BF/" "Mozilla/5.0 (Linux; Android 10; K) AppleWebKit/537.36 (KHTML, like Gecko) Chrome/138.0.0.0 Mobile Safari/537.36"
2001:b400:e2d2:feb5:8839:8159:4807:33c1 - - [27/Aug/2026:00:23:18 +0800] "GET /wp-content/cache/www.chjh.ilc.edu.tw/wpfc-minified/8uw39lnw/6vy4.css HTTP/1.1" 200 12254 "https://www.chjh.ilc.edu.tw/%E6%B4%BB%E5%8B%95%E7%9B%B8%E7%B0%BF/" "Mozilla/5.0 (Linux; Android 10; K) AppleWebKit/537.36 (KHTML, like Gecko) Chrome/138.0.0.0 Mobile Safari/537.36"
36.229.224.186 - - [27/Aug/2026:00:23:19 +0800] "GET /wp-content/uploads/sites/3846/2023/10/C2.png HTTP/1.1" 200 259646 "https://www.ilc.edu.tw/" "Mozilla/5.0 (iPhone; CPU iPhone OS 18_7 like Mac OS X) AppleWebKit/605.1.15 (KHTML, like Gecko) Version/26.5.2 Mobile/15E148 Safari/604.1"
34.42.229.145 - - [27/Aug/2026:00:23:19 +0800] "GET /6538/wp-json/oembed/1.0/embed?format=xml&url=https://2blog.ilc.edu.tw/6538/2020/11/17/109-4-6%25e7%2592%25b0%25e5%25a2%2583%25e6%2595%2599%25e8%2582%25b2%25e5%25bd%25b1%25e7%2589%25871/ HTTP/1.1" 200 7175 "-" "Mozilla/5.0 (Macintosh; Intel Mac OS X 10_15_7) AppleWebKit/537.36 (KHTML, like Gecko) Chrome/120.0.0.0 Safari/537.36"
::1 - - [27/Aug/2026:00:23:19 +0800] "OPTIONS * HTTP/1.0" 200 110 "-" "Apache/2.4.68 (Ubuntu) OpenSSL/3.0.19 (internal dummy connection)"
140.111.67.195 - - [27/Aug/2026:00:23:19 +0800] "GET /wp-admin/admin-post.php?action=steps_ad HTTP/1.1" 200 1973 "-" "node-fetch/1.0 (+https://github.com/bitinn/node-fetch)"
66.249.79.138 - - [27/Aug/2026:00:23:18 +0800] "GET /wp-login.php?action=ilc_logout&_wpnonce=43754d0aad&redirect_to=//health2beauty.ru/join/7777/ HTTP/1.1" 302 8243 "-" "Mozilla/5.0 (compatible; Googlebot/2.1; +http://www.google.com/bot.html)"
2407:4b00:4c09:80f9:a9cc:ef33:a236:7c61 - - [27/Aug/2026:00:23:20 +0800] "GET /wp-content/uploads/sites/3846/2026/02/%E9%81%BF%E5%85%8D%E8%AA%A4%E5%85%A5%E8%A9%90%E9%A8%99%E7%B6%B2%E7%AB%99APP%E5%B0%8F%E5%B8%B8%E8%AD%98.jpg HTTP/1.1" 200 454833 "https://it.ilc.edu.tw/" "Mozilla/5.0 (Windows NT 10.0; Win64; x64) AppleWebKit/537.36 (KHTML, like Gecko) Chrome/151.0.0.0 Safari/537.36"
36.229.224.186 - - [27/Aug/2026:00:23:20 +0800] "GET /wp-content/uploads/sites/3846/2023/10/C3.png HTTP/1.1" 200 192155 "https://www.ilc.edu.tw/" "Mozilla/5.0 (iPhone; CPU iPhone OS 18_7 like Mac OS X) AppleWebKit/605.1.15 (KHTML, like Gecko) Version/26.5.2 Mobile/15E148 Safari/604.1"
2407:4b00:4c09:80f9:a9cc:ef33:a236:7c61 - - [27/Aug/2026:00:23:20 +0800] "GET /wp-content/uploads/sites/3846/2026/08/%E8%BE%B2%E6%A5%AD%E9%83%A8%E5%BB%A3%E5%91%8A.jpg HTTP/1.1" 200 236462 "https://it.ilc.edu.tw/" "Mozilla/5.0 (Windows NT 10.0; Win64; x64) AppleWebKit/537.36 (KHTML, like Gecko) Chrome/151.0.0.0 Safari/537.36"
36.229.224.186 - - [27/Aug/2026:00:23:20 +0800] "GET /wp-content/uploads/sites/3846/2023/10/C4.png HTTP/1.1" 200 139328 "https://www.ilc.edu.tw/" "Mozilla/5.0 (iPhone; CPU iPhone OS 18_7 like Mac OS X) AppleWebKit/605.1.15 (KHTML, like Gecko) Version/26.5.2 Mobile/15E148 Safari/604.1"
36.229.224.186 - - [27/Aug/2026:00:23:18 +0800] "GET /wp-content/uploads/sites/3846/2025/11/%E8%9E%A2%E5%B9%95%E6%93%B7%E5%8F%96%E7%95%AB%E9%9D%A2-2025-11-10-141501.png HTTP/1.1" 200 2449802 "https://www.ilc.edu.tw/" "Mozilla/5.0 (iPhone; CPU iPhone OS 18_7 like Mac OS X) AppleWebKit/605.1.15 (KHTML, like Gecko) Version/26.5.2 Mobile/15E148 Safari/604.1"
2001:288:a201::66:125 - - [27/Aug/2026:00:23:20 +0800] "GET /blog/active.php HTTP/1.1" 301 1026 "-" "-"
2001:288:a201::66:125 - - [27/Aug/2026:00:23:20 +0800] "GET /blog/active.php HTTP/1.1" 404 1084 "-" "-"
34.123.149.87 - - [27/Aug/2026:00:23:20 +0800] "GET /2022/09/26/111%E5%AD%B8%E5%B9%B4%E5%BA%A6%E6%B7%B1%E6%BA%9D%E5%9C%8B%E5%B0%8F%E5%85%AC%E9%96%8B%E6%8E%88%E8%AA%B2%E8%A6%8F%E5%8A%83/ HTTP/1.1" 200 20066 "-" "Mozilla/5.0 (Macintosh; Intel Mac OS X 10_15_7) AppleWebKit/537.36 (KHTML, like Gecko) Chrome/120.0.0.0 Safari/537.36"
185.191.171.5 - - [27/Aug/2026:00:23:20 +0800] "GET /10906ja/2022/11/25/%E5%85%AD%E4%B8%8A%E6%95%99%E5%AD%B8%E6%97%A5%E8%AA%8C13/ HTTP/1.1" 200 15528 "-" "Mozilla/5.0 (compatible; SemrushBot/7~bl; +http://www.semrush.com/bot.html)"
36.229.224.186 - - [27/Aug/2026:00:23:21 +0800] "GET /wp-content/uploads/sites/3846/2023/10/C5.png HTTP/1.1" 200 267535 "https://www.ilc.edu.tw/" "Mozilla/5.0 (iPhone; CPU iPhone OS 18_7 like Mac OS X) AppleWebKit/605.1.15 (KHTML, like Gecko) Version/26.5.2 Mobile/15E148 Safari/604.1"
2407:4b00:4c09:80f9:a9cc:ef33:a236:7c61 - - [27/Aug/2026:00:23:20 +0800] "GET /wp-content/uploads/sites/3846/2026/06/%E5%AE%A3%E5%82%B3%E5%9C%96%E7%89%87.png HTTP/1.1" 200 1053112 "https://it.ilc.edu.tw/" "Mozilla/5.0 (Windows NT 10.0; Win64; x64) AppleWebKit/537.36 (KHTML, like Gecko) Chrome/151.0.0.0 Safari/537.36"
36.229.224.186 - - [27/Aug/2026:00:23:21 +0800] "GET /wp-content/uploads/sites/3846/2023/05/%E8%B7%A8%E9%96%B1%E5%88%9D%E8%A1%B7YT.jpg HTTP/1.1" 200 579849 "https://www.ilc.edu.tw/" "Mozilla/5.0 (iPhone; CPU iPhone OS 18_7 like Mac OS X) AppleWebKit/605.1.15 (KHTML, like Gecko) Version/26.5.2 Mobile/15E148 Safari/604.1"
36.229.224.186 - - [27/Aug/2026:00:23:18 +0800] "GET /wp-content/uploads/sites/3846/2024/08/%E8%9E%A2%E5%B9%95%E6%93%B7%E5%8F%96%E7%95%AB%E9%9D%A2-2024-08-07-151319.png HTTP/1.1" 200 2714068 "https://www.ilc.edu.tw/" "Mozilla/5.0 (iPhone; CPU iPhone OS 18_7 like Mac OS X) AppleWebKit/605.1.15 (KHTML, like Gecko) Version/26.5.2 Mobile/15E148 Safari/604.1"
36.229.224.186 - - [27/Aug/2026:00:23:22 +0800] "GET /wp-content/uploads/sites/3846/2023/05/%E5%8E%9F%E6%B0%91%E6%95%99%E8%82%B2%E5%9C%A8%E5%AE%9C%E8%98%ADYT.jpg HTTP/1.1" 200 607016 "https://www.ilc.edu.tw/" "Mozilla/5.0 (iPhone; CPU iPhone OS 18_7 like Mac OS X) AppleWebKit/605.1.15 (KHTML, like Gecko) Version/26.5.2 Mobile/15E148 Safari/604.1"
66.249.79.138 - - [27/Aug/2026:00:23:20 +0800] "GET /wp-login.php?action=ilc_logout&_wpnonce=43754d0aad&redirect_to=//vodoproekt36.ru/gallery/38514/ HTTP/1.1" 302 3461 "-" "Mozilla/5.0 (compatible; Googlebot/2.1; +http://www.google.com/bot.html)"
140.111.67.10 - - [27/Aug/2026:00:23:22 +0800] "GET /" 301 273 "-" "-"
2407:4b00:4c09:80f9:a9cc:ef33:a236:7c61 - - [27/Aug/2026:00:23:20 +0800] "GET /wp-content/uploads/sites/3846/2026/06/2026%E5%AE%9C%E8%98%AD%E7%98%8B%E5%AD%B8%E7%BF%92-%E6%9A%91%E5%81%87_%E6%95%99%E8%82%B2%E8%99%95%E9%A6%96%E9%A0%81-1440-x-1080-%E5%83%8F%E7%B4%A0.png HTTP/1.1" 200 2046271 "https://it.ilc.edu.tw/" "Mozilla/5.0 (Windows NT 10.0; Win64; x64) AppleWebKit/537.36 (KHTML, like Gecko) Chrome/151.0.0.0 Safari/537.36"
66.249.79.172 - - [27/Aug/2026:00:23:22 +0800] "POST /26066/wp-json/ilc-summary/v1/popular-posts HTTP/1.1" 201 6181 "https://2blog.ilc.edu.tw/26066/2025/09/10/%E6%AA%A2%E9%99%84114%E5%B9%B4%E5%AE%9C%E8%98%AD%E7%B8%A3%E8%AA%9E%E6%96%87%E7%AB%B6%E8%B3%BD%E6%88%90%E7%B8%BE%E5%85%AC%E5%91%8A%E4%B8%80%E8%A6%BD%E8%A1%A8%EF%BC%8C%E8%AB%8B%E6%9F%A5%E7%85%A7/" "Mozilla/5.0 (Linux; Android 6.0.1; Nexus 5X Build/MMB29P) AppleWebKit/537.36 (KHTML, like Gecko) Chrome/151.0.7922.173 Mobile Safari/537.36 (compatible; Googlebot/2.1; +http://www.google.com/bot.html)"
36.229.224.186 - - [27/Aug/2026:00:23:22 +0800] "GET /wp-content/uploads/sites/3846/2023/05/%E5%B9%BC%E8%A6%8B%E5%B9%B8%E7%A6%8FYT.jpg HTTP/1.1" 200 664803 "https://www.ilc.edu.tw/" "Mozilla/5.0 (iPhone; CPU iPhone OS 18_7 like Mac OS X) AppleWebKit/605.1.15 (KHTML, like Gecko) Version/26.5.2 Mobile/15E148 Safari/604.1"
36.229.224.186 - - [27/Aug/2026:00:23:23 +0800] "GET /wp-content/uploads/sites/3846/2023/05/%E6%84%9BEnglishYT.jpg HTTP/1.1" 200 245320 "https://www.ilc.edu.tw/" "Mozilla/5.0 (iPhone; CPU iPhone OS 18_7 like Mac OS X) AppleWebKit/605.1.15 (KHTML, like Gecko) Version/26.5.2 Mobile/15E148 Safari/604.1"
36.229.224.186 - - [27/Aug/2026:00:23:24 +0800] "GET /wp-content/uploads/sites/3846/2023/05/%E6%B0%B4%E5%9F%9F%E5%AE%89%E5%85%A8%E5%AE%A3%E5%B0%8EYT.jpg HTTP/1.1" 200 809930 "https://www.ilc.edu.tw/" "Mozilla/5.0 (iPhone; CPU iPhone OS 18_7 like Mac OS X) AppleWebKit/605.1.15 (KHTML, like Gecko) Version/26.5.2 Mobile/15E148 Safari/604.1"
240e:967:e200:a00:0:1:0:12 - - [27/Aug/2026:00:23:24 +0800] "GET /2022/09/27 HTTP/1.1" 301 5772 "-" "Mozilla/5.0 (Windows NT 10.0; Win64; x64) AppleWebKit/537.36 (KHTML, like Gecko) Chrome/144.0.0.0 Safari/537.36"
36.229.224.186 - - [27/Aug/2026:00:23:18 +0800] "GET /wp-content/uploads/sites/3846/2025/11/%E8%9E%A2%E5%B9%95%E6%93%B7%E5%8F%96%E7%95%AB%E9%9D%A2-2025-11-13-131522.png HTTP/1.1" 200 3766717 "https://www.ilc.edu.tw/" "Mozilla/5.0 (iPhone; CPU iPhone OS 18_7 like Mac OS X) AppleWebKit/605.1.15 (KHTML, like Gecko) Version/26.5.2 Mobile/15E148 Safari/604.1"
36.229.224.186 - - [27/Aug/2026:00:23:25 +0800] "GET /wp-content/uploads/sites/3846/2023/05/%E5%A6%82%E6%9E%9C%E9%9B%A8%E7%9F%A5%E9%81%93YT.jpg HTTP/1.1" 200 529331 "https://www.ilc.edu.tw/" "Mozilla/5.0 (iPhone; CPU iPhone OS 18_7 like Mac OS X) AppleWebKit/605.1.15 (KHTML, like Gecko) Version/26.5.2 Mobile/15E148 Safari/604.1"
2001:288:a201::66:125 - - [27/Aug/2026:00:23:25 +0800] "GET /blog/active.php HTTP/1.1" 301 1026 "-" "-"
240e:967:e200:a00:0:1:0:12 - - [27/Aug/2026:00:23:25 +0800] "GET /2022/09/27/ HTTP/1.1" 200 42095 "-" "Mozilla/5.0 (Windows NT 10.0; Win64; x64) AppleWebKit/537.36 (KHTML, like Gecko) Chrome/144.0.0.0 Safari/537.36"
2001:288:a201::66:125 - - [27/Aug/2026:00:23:25 +0800] "GET /blog/active.php HTTP/1.1" 404 1084 "-" "-"
66.249.79.138 - - [27/Aug/2026:00:23:23 +0800] "GET /wp-login.php?action=ilc_logout&_wpnonce=43754d0aad&redirect_to=http://kostrovspb.ru/creator/16379/ HTTP/1.1" 302 3464 "-" "Mozilla/5.0 (compatible; Googlebot/2.1; +http://www.google.com/bot.html)"
36.229.224.186 - - [27/Aug/2026:00:23:26 +0800] "GET /wp-content/uploads/sites/3846/2025/09/YT%E5%B0%81%E9%9D%A2-1.jpg HTTP/1.1" 200 177826 "https://www.ilc.edu.tw/" "Mozilla/5.0 (iPhone; CPU iPhone OS 18_7 like Mac OS X) AppleWebKit/605.1.15 (KHTML, like Gecko) Version/26.5.2 Mobile/15E148 Safari/604.1"
2001:b011:7801:db0b:5a12:a980:6768:7fef - - [27/Aug/2026:00:23:26 +0800] "-" 408 339 "-" "-"
2001:b011:7801:db0b:5a12:a980:6768:7fef - - [27/Aug/2026:00:23:26 +0800] "-" 408 339 "-" "-"
36.229.224.186 - - [27/Aug/2026:00:23:26 +0800] "GET /wp-content/uploads/sites/3846/2023/05/%E9%A6%96%E9%A0%81%E5%B0%8F%E6%A8%99_%E5%BD%B1%E9%9F%B3.png HTTP/1.1" 200 2462 "https://www.ilc.edu.tw/" "Mozilla/5.0 (iPhone; CPU iPhone OS 18_7 like Mac OS X) AppleWebKit/605.1.15 (KHTML, like Gecko) Version/26.5.2 Mobile/15E148 Safari/604.1"
34.171.68.95 - - [27/Aug/2026:00:23:26 +0800] "GET /41795/2026/03/10/115%E5%B9%B43%E6%9C%8811%E6%97%A5%E9%80%B1%E4%B8%89%E5%9B%9E%E5%AE%B6%E4%BD%9C%E6%A5%AD%E5%90%AB%E6%B3%A8%E6%84%8F%E4%BA%8B%E9%A0%85/ HTTP/1.1" 200 16447 "-" "Mozilla/5.0 (Macintosh; Intel Mac OS X 10_15_7) AppleWebKit/537.36 (KHTML, like Gecko) Chrome/120.0.0.0 Safari/537.36"
240e:967:e200:a00:0:1:0:12 - - [27/Aug/2026:00:23:26 +0800] "GET /wp-content/cache/www.najh.ilc.edu.tw/wpfc-minified/1f13uvw/6wh9.css HTTP/1.1" 200 41223 "https://www.najh.ilc.edu.tw/2022/09/27/" "Mozilla/5.0 (Windows NT 10.0; Win64; x64) AppleWebKit/537.36 (KHTML, like Gecko) Chrome/144.0.0.0 Safari/537.36"
240e:967:e200:a00:0:1:0:12 - - [27/Aug/2026:00:23:27 +0800] "GET /wp-content/cache/www.najh.ilc.edu.tw/wpfc-minified/4ybahoo/6wh9.css HTTP/1.1" 200 16121 "https://www.najh.ilc.edu.tw/2022/09/27/" "Mozilla/5.0 (Windows NT 10.0; Win64; x64) AppleWebKit/537.36 (KHTML, like Gecko) Chrome/144.0.0.0 Safari/537.36"
140.111.67.10 - - [27/Aug/2026:00:23:27 +0800] "GET /" 301 273 "-" "-"
240e:967:e200:a00:0:1:0:12 - - [27/Aug/2026:00:23:27 +0800] "GET /wp-content/cache/www.najh.ilc.edu.tw/wpfc-minified/kz7ju7r3/6wh9.css HTTP/1.1" 200 5959 "https://www.najh.ilc.edu.tw/2022/09/27/" "Mozilla/5.0 (Windows NT 10.0; Win64; x64) AppleWebKit/537.36 (KHTML, like Gecko) Chrome/144.0.0.0 Safari/537.36"
240e:967:e200:a00:0:1:0:12 - - [27/Aug/2026:00:23:27 +0800] "GET /wp-content/cache/www.najh.ilc.edu.tw/wpfc-minified/kcxb236g/6wh9.css HTTP/1.1" 200 66147 "https://www.najh.ilc.edu.tw/2022/09/27/" "Mozilla/5.0 (Windows NT 10.0; Win64; x64) AppleWebKit/537.36 (KHTML, like Gecko) Chrome/144.0.0.0 Safari/537.36"
240e:967:e200:a00:0:1:0:12 - - [27/Aug/2026:00:23:27 +0800] "GET /wp-content/cache/www.najh.ilc.edu.tw/wpfc-minified/k0kc5650/6wh9.js HTTP/1.1" 200 35558 "https://www.najh.ilc.edu.tw/2022/09/27/" "Mozilla/5.0 (Windows NT 10.0; Win64; x64) AppleWebKit/537.36 (KHTML, like Gecko) Chrome/144.0.0.0 Safari/537.36"
36.229.224.186 - - [27/Aug/2026:00:23:26 +0800] "GET /wp-content/uploads/sites/3846/2024/05/%E8%9E%A2%E5%B9%95%E6%93%B7%E5%8F%96%E7%95%AB%E9%9D%A2-2024-05-16-103456.png HTTP/1.1" 200 2702922 "https://www.ilc.edu.tw/" "Mozilla/5.0 (iPhone; CPU iPhone OS 18_7 like Mac OS X) AppleWebKit/605.1.15 (KHTML, like Gecko) Version/26.5.2 Mobile/15E148 Safari/604.1"
240e:967:e200:a00:0:1:0:12 - - [27/Aug/2026:00:23:28 +0800] "GET /wp-content/cache/www.najh.ilc.edu.tw/wpfc-minified/87xhsi2d/6wh9.css HTTP/1.1" 200 4322 "https://www.najh.ilc.edu.tw/2022/09/27/" "Mozilla/5.0 (Windows NT 10.0; Win64; x64) AppleWebKit/537.36 (KHTML, like Gecko) Chrome/144.0.0.0 Safari/537.36"
::1 - - [27/Aug/2026:00:23:28 +0800] "OPTIONS * HTTP/1.0" 200 110 "-" "Apache/2.4.68 (Ubuntu) OpenSSL/3.0.19 (internal dummy connection)"
240e:967:e200:a00:0:1:0:12 - - [27/Aug/2026:00:23:28 +0800] "GET /wp-includes/js/hoverintent-js.min.js HTTP/1.1" 200 1597 "https://www.najh.ilc.edu.tw/2022/09/27/" "Mozilla/5.0 (Windows NT 10.0; Win64; x64) AppleWebKit/537.36 (KHTML, like Gecko) Chrome/144.0.0.0 Safari/537.36"
240e:967:e200:a00:0:1:0:12 - - [27/Aug/2026:00:23:28 +0800] "GET /wp-includes/js/admin-bar.min.js HTTP/1.1" 200 2237 "https://www.najh.ilc.edu.tw/2022/09/27/" "Mozilla/5.0 (Windows NT 10.0; Win64; x64) AppleWebKit/537.36 (KHTML, like Gecko) Chrome/144.0.0.0 Safari/537.36"
