2001:b400:e2d2:feb5:8839:8159:4807:33c1 - - [27/Aug/2026:00:22:43 +0800] "GET /wp-content/plugins/elementor/assets/js/tabs.c2af5be7f9cb3cdcf3d5.bundle.min.js HTTP/1.1" 200 2263 "https://www.chjh.ilc.edu.tw/elementor-1649/" "Mozilla/5.0 (Linux; Android 10; K) AppleWebKit/537.36 (KHTML, like Gecko) Chrome/138.0.0.0 Mobile Safari/537.36"
34.171.68.95 - - [27/Aug/2026:00:22:42 +0800] "GET /2027/2010/10/16/99%E5%AD%B8%E5%B9%B4%E5%BA%A6%E7%AC%AC%E4%B8%80%E6%AC%A1%E7%8F%AD%E7%B4%9A%E5%AE%B6%E9%95%B7%E6%9C%83%E5%89%AA%E5%BD%B1%E7%85%A7%E7%89%87/ HTTP/1.1" 200 17053 "-" "Mozilla/5.0 (Macintosh; Intel Mac OS X 10_15_7) AppleWebKit/537.36 (KHTML, like Gecko) Chrome/120.0.0.0 Safari/537.36"
52.167.144.142 - - [27/Aug/2026:00:22:43 +0800] "GET /1003/?s=%E8%A1%80%E6%97%8F%E5%B4%9B%E8%B5%B7%E4%B8%A4%E6%A0%BC%E5%A4%A7%E9%97%A8 HTTP/1.1" 200 13816 "-" "Mozilla/5.0 AppleWebKit/537.36 (KHTML, like Gecko; compatible; bingbot/2.0; +http://www.bing.com/bingbot.htm) Chrome/116.0.1938.76 Safari/537.36"
172.182.200.96 - - [27/Aug/2026:00:22:44 +0800] "GET /wp-content/plugins/hellopress/wp_filemanager.php HTTP/1.1" 500 6062 "-" "-"
172.182.200.96 - - [27/Aug/2026:00:22:44 +0800] "GET /this_is_a_new_hello_world.php HTTP/1.1" 404 1241 "-" "-"
34.42.229.145 - - [27/Aug/2026:00:22:42 +0800] "GET /26150/2022/08/05/111%E5%B9%B4%E5%BA%A6%E5%A9%9A%E5%A7%BB%E6%95%99%E8%82%B2%E7%B3%BB%E5%88%97%E3%80%8C%E6%84%9B%E7%9B%B8%E9%9A%A8%EF%BD%9E%E4%BC%B4%E4%BE%B6%E9%97%9C%E4%BF%82%E3%80%8D%E7%B2%BE%E6%B2%B9%E6%8C%89/ HTTP/1.1" 200 24084 "-" "Mozilla/5.0 (Macintosh; Intel Mac OS X 10_15_7) AppleWebKit/537.36 (KHTML, like Gecko) Chrome/120.0.0.0 Safari/537.36"
140.111.67.195 - - [27/Aug/2026:00:22:44 +0800] "GET /wp-admin/admin-post.php?action=steps_ad HTTP/1.1" 200 1973 "-" "node-fetch/1.0 (+https://github.com/bitinn/node-fetch)"
172.182.200.96 - - [27/Aug/2026:00:22:45 +0800] "GET /Jcrop.php HTTP/1.1" 404 917 "-" "-"
172.182.200.96 - - [27/Aug/2026:00:22:45 +0800] "GET /gettest.php HTTP/1.1" 404 917 "-" "-"
172.182.200.96 - - [27/Aug/2026:00:22:45 +0800] "GET /menu.php HTTP/1.1" 404 917 "-" "-"
66.249.79.206 - - [27/Aug/2026:00:22:45 +0800] "GET /wp-content/cache/www.tces.ilc.edu.tw/wpfc-minified/fe2mx9a1/ap6v.js HTTP/1.1" 200 6426 "https://www.tces.ilc.edu.tw/2012/08/27/%E6%95%99%E8%81%B7%E5%93%A1%E5%B7%A5%E9%9B%BB%E5%AD%90%E9%83%B5%E4%BB%B6/" "Mozilla/5.0 (Linux; Android 6.0.1; Nexus 5X Build/MMB29P) AppleWebKit/537.36 (KHTML, like Gecko) Chrome/151.0.7922.173 Mobile Safari/537.36 (compatible; Googlebot/2.1; +http://www.google.com/bot.html)"
2001:288:a201::66:125 - - [27/Aug/2026:00:22:45 +0800] "GET /blog/active.php HTTP/1.1" 301 1026 "-" "-"
2001:288:a201::66:125 - - [27/Aug/2026:00:22:45 +0800] "GET /blog/active.php HTTP/1.1" 404 1084 "-" "-"
172.182.200.96 - - [27/Aug/2026:00:22:45 +0800] "GET /wp-style.php HTTP/1.1" 404 917 "-" "-"
185.191.171.3 - - [27/Aug/2026:00:22:45 +0800] "GET /17248/2024/08/01/%E6%96%B0%E5%AD%B8%E5%B9%B4%E3%80%81%E6%96%B0%E5%A4%A5%E4%BC%B4%E3%80%81%E6%96%B0%E5%AD%B8%E7%BF%92/ HTTP/1.1" 200 31021 "-" "Mozilla/5.0 (compatible; SemrushBot/7~bl; +http://www.semrush.com/bot.html)"
66.249.79.206 - - [27/Aug/2026:00:22:45 +0800] "GET /wp-includes/js/hoverintent-js.min.js HTTP/1.1" 200 1597 "https://www.tces.ilc.edu.tw/2012/08/27/%E6%95%99%E8%81%B7%E5%93%A1%E5%B7%A5%E9%9B%BB%E5%AD%90%E9%83%B5%E4%BB%B6/" "Mozilla/5.0 (Linux; Android 6.0.1; Nexus 5X Build/MMB29P) AppleWebKit/537.36 (KHTML, like Gecko) Chrome/151.0.7922.173 Mobile Safari/537.36 (compatible; Googlebot/2.1; +http://www.google.com/bot.html)"
172.182.200.96 - - [27/Aug/2026:00:22:46 +0800] "GET /67.php HTTP/1.1" 404 917 "-" "-"
2001:454e:c010:101::146 - - [27/Aug/2026:00:22:46 +0800] "GET / HTTP/1.1" 301 992 "-" "Mozilla/4.0 (compatible; MSIE 8.0; Windows NT 6.1)"
49.51.228.36 - - [27/Aug/2026:00:22:46 +0800] "GET /robots.txt HTTP/1.1" 200 778 "http://www.naes.ilc.edu.tw/robots.txt" "Mozilla/5.0 (Macintosh; Intel Mac OS X 10_15_7) AppleWebKit/537.36 (KHTML, like Gecko) Chrome/119.0.0.0 Safari/537.36"
2001:454e:c010:101::146 - - [27/Aug/2026:00:22:46 +0800] "GET / HTTP/1.1" 301 992 "-" "Mozilla/4.0 (compatible; MSIE 8.0; Windows NT 6.1)"
172.182.200.96 - - [27/Aug/2026:00:22:46 +0800] "GET /wtiiy.php HTTP/1.1" 404 917 "-" "-"
66.249.71.136 - - [27/Aug/2026:00:22:46 +0800] "GET /wp-content/cache/www.tces.ilc.edu.tw/wpfc-minified/2y46yxia/ap08.css HTTP/1.1" 200 20570 "https://www.tces.ilc.edu.tw/2012/08/27/%E6%95%99%E8%81%B7%E5%93%A1%E5%B7%A5%E9%9B%BB%E5%AD%90%E9%83%B5%E4%BB%B6/" "Mozilla/5.0 (Linux; Android 6.0.1; Nexus 5X Build/MMB29P) AppleWebKit/537.36 (KHTML, like Gecko) Chrome/151.0.7922.173 Mobile Safari/537.36 (compatible; Googlebot/2.1; +http://www.google.com/bot.html)"
172.182.200.96 - - [27/Aug/2026:00:22:46 +0800] "GET /file61.php HTTP/1.1" 404 917 "-" "-"
172.182.200.96 - - [27/Aug/2026:00:22:46 +0800] "GET /bolt.php HTTP/1.1" 404 917 "-" "-"
172.182.200.96 - - [27/Aug/2026:00:22:47 +0800] "GET /genco.php HTTP/1.1" 404 917 "-" "-"
2409:8738:816:20::10 - - [27/Aug/2026:00:22:47 +0800] "GET /page/333 HTTP/1.1" 301 5759 "-" "Mozilla/5.0 (Windows NT 10.0; Win64; x64) AppleWebKit/537.36 (KHTML, like Gecko) Chrome/144.0.0.0 Safari/537.36"
140.111.67.10 - - [27/Aug/2026:00:22:47 +0800] "GET /" 301 273 "-" "-"
172.182.200.96 - - [27/Aug/2026:00:22:47 +0800] "GET /fs.php HTTP/1.1" 404 917 "-" "-"
172.182.200.96 - - [27/Aug/2026:00:22:47 +0800] "GET /users.php HTTP/1.1" 404 917 "-" "-"
172.182.200.96 - - [27/Aug/2026:00:22:48 +0800] "GET /ws87.php HTTP/1.1" 404 917 "-" "-"
172.182.200.96 - - [27/Aug/2026:00:22:48 +0800] "GET /lib.php HTTP/1.1" 404 917 "-" "-"
240e:f7:4f00:2509::5 - - [27/Aug/2026:00:22:48 +0800] "GET /3642/category/c-100215 HTTP/1.1" 301 5773 "-" "Mozilla/5.0 (Windows NT 10.0; Win64; x64) AppleWebKit/537.36 (KHTML, like Gecko) Chrome/144.0.0.0 Safari/537.36"
172.182.200.96 - - [27/Aug/2026:00:22:48 +0800] "GET /Qdkv4tOtNdefault.php HTTP/1.1" 404 917 "-" "-"
2409:8738:816:20::10 - - [27/Aug/2026:00:22:48 +0800] "GET /page/333/ HTTP/1.1" 200 12256 "-" "Mozilla/5.0 (Windows NT 10.0; Win64; x64) AppleWebKit/537.36 (KHTML, like Gecko) Chrome/144.0.0.0 Safari/537.36"
172.182.200.96 - - [27/Aug/2026:00:22:48 +0800] "GET /ws58.php HTTP/1.1" 404 917 "-" "-"
216.73.217.64 - - [27/Aug/2026:00:22:49 +0800] "GET /9536/page/32/ HTTP/1.1" 200 18499 "-" "Mozilla/5.0 AppleWebKit/537.36 (KHTML, like Gecko; compatible; ClaudeBot/1.0; +claudebot@anthropic.com)"
216.73.217.64 - - [27/Aug/2026:00:22:48 +0800] "GET /9536/wp-json/wp/v2/posts/52161 HTTP/1.1" 200 11320 "-" "Mozilla/5.0 AppleWebKit/537.36 (KHTML, like Gecko; compatible; ClaudeBot/1.0; +claudebot@anthropic.com)"
240e:f7:4f00:2509::5 - - [27/Aug/2026:00:22:48 +0800] "GET /3642/category/c-100215/ HTTP/1.1" 200 13841 "-" "Mozilla/5.0 (Windows NT 10.0; Win64; x64) AppleWebKit/537.36 (KHTML, like Gecko) Chrome/144.0.0.0 Safari/537.36"
2409:8738:816:20::10 - - [27/Aug/2026:00:22:49 +0800] "GET /wp-content/cache/ilta.ilc.edu.tw/wpfc-minified/30cml7nx/6wvk.css HTTP/1.1" 200 40877 "https://ilta.ilc.edu.tw/page/333/" "Mozilla/5.0 (Windows NT 10.0; Win64; x64) AppleWebKit/537.36 (KHTML, like Gecko) Chrome/144.0.0.0 Safari/537.36"
172.182.200.96 - - [27/Aug/2026:00:22:49 +0800] "GET /gk.php HTTP/1.1" 404 917 "-" "-"
172.182.200.96 - - [27/Aug/2026:00:22:49 +0800] "GET /mh.php HTTP/1.1" 404 917 "-" "-"
240e:f7:4f00:2509::5 - - [27/Aug/2026:00:22:49 +0800] "GET /3642/wp-content/cache/2blog.ilc.edu.tw/wpfc-minified/6wwwbm06/7nln4.css HTTP/1.1" 200 40885 "https://2blog.ilc.edu.tw/3642/category/c-100215/" "Mozilla/5.0 (Windows NT 10.0; Win64; x64) AppleWebKit/537.36 (KHTML, like Gecko) Chrome/144.0.0.0 Safari/537.36"
172.182.200.96 - - [27/Aug/2026:00:22:49 +0800] "GET /kgoc6awap3napxxxdCdefault.php HTTP/1.1" 404 917 "-" "-"
178.171.81.119 - - [27/Aug/2026:00:22:49 +0800] "GET /read1/2025/04/10/%E6%95%85%E4%BA%8B%E5%88%97%E8%BB%8A%E5%A5%B6%E8%8C%B6%E7%88%B8%E7%88%B8%E5%95%8F%E8%AA%B0%E6%98%AF%E7%AC%AC%E4%B8%80%E5%90%8D/ HTTP/1.1" 200 15538 "-" "Mozilla/5.0 (Windows NT 10.0; Win64; x64) AppleWebKit/537.36 (KHTML, like Gecko) Chrome/151.0.0.0 Safari/537.36"
66.249.79.128 - - [27/Aug/2026:00:22:47 +0800] "GET /wp-login.php?action=ilc_logout&_wpnonce=43754d0aad&redirect_to=http://rosdao.ru/job/69724/ HTTP/1.1" 302 8241 "-" "Mozilla/5.0 (compatible; Googlebot/2.1; +http://www.google.com/bot.html)"
2409:8738:816:20::10 - - [27/Aug/2026:00:22:49 +0800] "GET /wp-content/cache/ilta.ilc.edu.tw/wpfc-minified/l07fx5lw/6wvk.css HTTP/1.1" 200 16121 "https://ilta.ilc.edu.tw/page/333/" "Mozilla/5.0 (Windows NT 10.0; Win64; x64) AppleWebKit/537.36 (KHTML, like Gecko) Chrome/144.0.0.0 Safari/537.36"
2409:8738:816:20::10 - - [27/Aug/2026:00:22:49 +0800] "GET /wp-content/cache/ilta.ilc.edu.tw/wpfc-minified/qm0ohmet/6wvk.css HTTP/1.1" 200 1496 "https://ilta.ilc.edu.tw/page/333/" "Mozilla/5.0 (Windows NT 10.0; Win64; x64) AppleWebKit/537.36 (KHTML, like Gecko) Chrome/144.0.0.0 Safari/537.36"
2409:8738:816:20::10 - - [27/Aug/2026:00:22:49 +0800] "GET /wp-content/cache/ilta.ilc.edu.tw/wpfc-minified/7vo8n6iy/6wvk.css HTTP/1.1" 200 65503 "https://ilta.ilc.edu.tw/page/333/" "Mozilla/5.0 (Windows NT 10.0; Win64; x64) AppleWebKit/537.36 (KHTML, like Gecko) Chrome/144.0.0.0 Safari/537.36"
2409:8738:816:20::10 - - [27/Aug/2026:00:22:49 +0800] "GET /wp-content/cache/ilta.ilc.edu.tw/wpfc-minified/1qjpbzp9/6wvk.js HTTP/1.1" 200 40344 "https://ilta.ilc.edu.tw/page/333/" "Mozilla/5.0 (Windows NT 10.0; Win64; x64) AppleWebKit/537.36 (KHTML, like Gecko) Chrome/144.0.0.0 Safari/537.36"
140.111.67.195 - - [27/Aug/2026:00:22:49 +0800] "GET /wp-admin/admin-post.php?action=steps_ad HTTP/1.1" 200 1649 "-" "node-fetch/1.0 (+https://github.com/bitinn/node-fetch)"
172.182.200.96 - - [27/Aug/2026:00:22:50 +0800] "GET /ws80.php HTTP/1.1" 404 917 "-" "-"
2409:8738:816:20::10 - - [27/Aug/2026:00:22:50 +0800] "GET /wp-includes/js/hoverintent-js.min.js HTTP/1.1" 200 6392 "https://ilta.ilc.edu.tw/page/333/" "Mozilla/5.0 (Windows NT 10.0; Win64; x64) AppleWebKit/537.36 (KHTML, like Gecko) Chrome/144.0.0.0 Safari/537.36"
172.182.200.96 - - [27/Aug/2026:00:22:50 +0800] "GET /t.php HTTP/1.1" 404 917 "-" "-"
2001:288:a201::66:125 - - [27/Aug/2026:00:22:50 +0800] "GET /blog/active.php HTTP/1.1" 301 1026 "-" "-"
172.182.200.96 - - [27/Aug/2026:00:22:50 +0800] "GET /xa.php HTTP/1.1" 404 917 "-" "-"
2001:288:a201::66:125 - - [27/Aug/2026:00:22:50 +0800] "GET /blog/active.php HTTP/1.1" 404 1084 "-" "-"
240e:f7:4f00:2509::5 - - [27/Aug/2026:00:22:50 +0800] "GET /3642/wp-includes/js/admin-bar.min.js HTTP/1.1" 200 2237 "https://2blog.ilc.edu.tw/3642/category/c-100215/" "Mozilla/5.0 (Windows NT 10.0; Win64; x64) AppleWebKit/537.36 (KHTML, like Gecko) Chrome/144.0.0.0 Safari/537.36"
172.182.200.96 - - [27/Aug/2026:00:22:50 +0800] "GET /sd.php HTTP/1.1" 404 917 "-" "-"
172.182.200.96 - - [27/Aug/2026:00:22:51 +0800] "GET /ws45.php HTTP/1.1" 404 917 "-" "-"
2409:8738:816:20::10 - - [27/Aug/2026:00:22:51 +0800] "GET /wp-includes/js/admin-bar.min.js HTTP/1.1" 200 2237 "https://ilta.ilc.edu.tw/page/333/" "Mozilla/5.0 (Windows NT 10.0; Win64; x64) AppleWebKit/537.36 (KHTML, like Gecko) Chrome/144.0.0.0 Safari/537.36"
172.182.200.96 - - [27/Aug/2026:00:22:51 +0800] "GET /666.php HTTP/1.1" 404 917 "-" "-"
240e:f7:4f00:2509::5 - - [27/Aug/2026:00:22:51 +0800] "GET /3642/wp-includes/js/imagesloaded.min.js HTTP/1.1" 200 2683 "https://2blog.ilc.edu.tw/3642/category/c-100215/" "Mozilla/5.0 (Windows NT 10.0; Win64; x64) AppleWebKit/537.36 (KHTML, like Gecko) Chrome/144.0.0.0 Safari/537.36"
172.182.200.96 - - [27/Aug/2026:00:22:51 +0800] "GET /dragonshell.php HTTP/1.1" 404 917 "-" "-"
34.42.229.145 - - [27/Aug/2026:00:22:51 +0800] "GET /6451/2014/11/21/1-1-103%E5%AD%B8%E5%B9%B4%E5%BA%A6%E3%80%8C%E8%87%AA%E6%B2%BB%E5%B0%8F%E9%84%89%E9%95%B7%E3%80%8D%E8%88%87%E3%80%8C%E7%92%B0%E4%BF%9D%E5%B0%8F%E5%B1%80%E9%95%B7%E3%80%8D%E9%81%B8%E8%88%89%E5%AF%A6/ HTTP/1.1" 200 17616 "-" "Mozilla/5.0 (Macintosh; Intel Mac OS X 10_15_7) AppleWebKit/537.36 (KHTML, like Gecko) Chrome/120.0.0.0 Safari/537.36"
240e:f7:4f00:2509::5 - - [27/Aug/2026:00:22:51 +0800] "GET /3642/wp-content/themes/oceanwp/assets/js/drop-down-search.min.js HTTP/1.1" 200 2968 "https://2blog.ilc.edu.tw/3642/category/c-100215/" "Mozilla/5.0 (Windows NT 10.0; Win64; x64) AppleWebKit/537.36 (KHTML, like Gecko) Chrome/144.0.0.0 Safari/537.36"
172.182.200.96 - - [27/Aug/2026:00:22:52 +0800] "GET /wp-good.php HTTP/1.1" 404 917 "-" "-"
66.249.71.8 - - [27/Aug/2026:00:22:50 +0800] "GET /wp-login.php?key=rnupu375&_wpnonce=&action=ilc_logout&redirect_to=https%3A%2F%2Fplay.google.com%2Fstore%2Fapps%2Fdetails%3Fid%3Dcom.us.dyjycbt.google HTTP/1.1" 302 8281 "-" "Mozilla/5.0 (Linux; Android 6.0.1; Nexus 5X Build/MMB29P) AppleWebKit/537.36 (KHTML, like Gecko) Chrome/151.0.7922.173 Mobile Safari/537.36 (compatible; Googlebot/2.1; +http://www.google.com/bot.html)"
2409:8738:816:20::10 - - [27/Aug/2026:00:22:52 +0800] "GET /wp-includes/js/imagesloaded.min.js HTTP/1.1" 200 2683 "https://ilta.ilc.edu.tw/page/333/" "Mozilla/5.0 (Windows NT 10.0; Win64; x64) AppleWebKit/537.36 (KHTML, like Gecko) Chrome/144.0.0.0 Safari/537.36"
66.249.71.136 - - [27/Aug/2026:00:22:52 +0800] "GET /wp-content/themes/oceanwp/assets/js/drop-down-mobile-menu.min.js HTTP/1.1" 200 9451 "https://www.tces.ilc.edu.tw/2012/08/27/%E6%95%99%E8%81%B7%E5%93%A1%E5%B7%A5%E9%9B%BB%E5%AD%90%E9%83%B5%E4%BB%B6/" "Mozilla/5.0 (Linux; Android 6.0.1; Nexus 5X Build/MMB29P) AppleWebKit/537.36 (KHTML, like Gecko) Chrome/151.0.7922.173 Mobile Safari/537.36 (compatible; Googlebot/2.1; +http://www.google.com/bot.html)"
240e:f7:4f00:2509::5 - - [27/Aug/2026:00:22:52 +0800] "GET /3642/wp-content/themes/oceanwp/assets/js/vendors/magnific-popup.min.js HTTP/1.1" 200 8270 "https://2blog.ilc.edu.tw/3642/category/c-100215/" "Mozilla/5.0 (Windows NT 10.0; Win64; x64) AppleWebKit/537.36 (KHTML, like Gecko) Chrome/144.0.0.0 Safari/537.36"
172.182.200.96 - - [27/Aug/2026:00:22:52 +0800] "GET /002.php HTTP/1.1" 404 917 "-" "-"
34.10.180.98 - - [27/Aug/2026:00:22:52 +0800] "GET /3154/?p=5716 HTTP/1.1" 301 5624 "-" "Mozilla/5.0 (Macintosh; Intel Mac OS X 10_15_7) AppleWebKit/537.36 (KHTML, like Gecko) Chrome/120.0.0.0 Safari/537.36"
140.111.67.10 - - [27/Aug/2026:00:22:52 +0800] "GET /" 301 273 "-" "-"
2409:8738:816:20::10 - - [27/Aug/2026:00:22:52 +0800] "GET /wp-content/themes/oceanwp/assets/js/theme.min.js HTTP/1.1" 200 5130 "https://ilta.ilc.edu.tw/page/333/" "Mozilla/5.0 (Windows NT 10.0; Win64; x64) AppleWebKit/537.36 (KHTML, like Gecko) Chrome/144.0.0.0 Safari/537.36"
2409:8738:816:20::10 - - [27/Aug/2026:00:22:52 +0800] "GET /wp-content/themes/oceanwp/assets/js/drop-down-mobile-menu.min.js HTTP/1.1" 200 4663 "https://ilta.ilc.edu.tw/page/333/" "Mozilla/5.0 (Windows NT 10.0; Win64; x64) AppleWebKit/537.36 (KHTML, like Gecko) Chrome/144.0.0.0 Safari/537.36"
172.182.200.96 - - [27/Aug/2026:00:22:52 +0800] "GET /t00l.php HTTP/1.1" 404 917 "-" "-"
2409:8738:816:20::10 - - [27/Aug/2026:00:22:52 +0800] "GET /wp-content/themes/oceanwp/assets/js/drop-down-search.min.js HTTP/1.1" 200 2968 "https://ilta.ilc.edu.tw/page/333/" "Mozilla/5.0 (Windows NT 10.0; Win64; x64) AppleWebKit/537.36 (KHTML, like Gecko) Chrome/144.0.0.0 Safari/537.36"
172.182.200.96 - - [27/Aug/2026:00:22:52 +0800] "GET /byypas.php HTTP/1.1" 404 917 "-" "-"
240e:968:7001:2:b::21 - - [27/Aug/2026:00:22:52 +0800] "GET /6568/category/c-22556 HTTP/1.1" 301 5772 "-" "Mozilla/5.0 (Windows NT 10.0; Win64; x64) AppleWebKit/537.36 (KHTML, like Gecko) Chrome/144.0.0.0 Safari/537.36"
172.182.200.96 - - [27/Aug/2026:00:22:53 +0800] "GET /.well-known/wp-links-opml.php HTTP/1.1" 404 917 "-" "-"
66.249.79.205 - - [27/Aug/2026:00:22:53 +0800] "GET /wp-content/cache/www.tces.ilc.edu.tw/wpfc-minified/ld97mu9b/ap08.css HTTP/1.1" 200 65606 "https://www.tces.ilc.edu.tw/2012/08/27/%E6%95%99%E8%81%B7%E5%93%A1%E5%B7%A5%E9%9B%BB%E5%AD%90%E9%83%B5%E4%BB%B6/" "Mozilla/5.0 (Linux; Android 6.0.1; Nexus 5X Build/MMB29P) AppleWebKit/537.36 (KHTML, like Gecko) Chrome/151.0.7922.173 Mobile Safari/537.36 (compatible; Googlebot/2.1; +http://www.google.com/bot.html)"
2409:8738:816:20::10 - - [27/Aug/2026:00:22:53 +0800] "GET /wp-content/themes/oceanwp/assets/js/vendors/magnific-popup.min.js HTTP/1.1" 200 8270 "https://ilta.ilc.edu.tw/page/333/" "Mozilla/5.0 (Windows NT 10.0; Win64; x64) AppleWebKit/537.36 (KHTML, like Gecko) Chrome/144.0.0.0 Safari/537.36"
240e:f7:4f00:2509::5 - - [27/Aug/2026:00:22:53 +0800] "GET /3642/wp-content/themes/oceanwp/assets/js/vendors/flickity.pkgd.min.js HTTP/1.1" 200 15048 "https://2blog.ilc.edu.tw/3642/category/c-100215/" "Mozilla/5.0 (Windows NT 10.0; Win64; x64) AppleWebKit/537.36 (KHTML, like Gecko) Chrome/144.0.0.0 Safari/537.36"
2409:8738:816:20::10 - - [27/Aug/2026:00:22:53 +0800] "GET /wp-content/themes/oceanwp/assets/js/ow-lightbox.min.js HTTP/1.1" 200 2321 "https://ilta.ilc.edu.tw/page/333/" "Mozilla/5.0 (Windows NT 10.0; Win64; x64) AppleWebKit/537.36 (KHTML, like Gecko) Chrome/144.0.0.0 Safari/537.36"
172.182.200.96 - - [27/Aug/2026:00:22:53 +0800] "GET /abc.php HTTP/1.1" 404 917 "-" "-"
66.249.82.15 - - [27/Aug/2026:00:22:53 +0800] "GET /.well-known/traffic-advice HTTP/1.1" 404 46840 "-" "Chrome Privacy Preserving Prefetch Proxy"
128.241.102.109 - - [27/Aug/2026:00:22:53 +0800] "POST /read1/wp-json/ilc-summary/v1/popular-posts HTTP/1.1" 201 6067 "https://2blog.ilc.edu.tw/read1/2025/04/10/%E6%95%85%E4%BA%8B%E5%88%97%E8%BB%8A%E5%A5%B6%E8%8C%B6%E7%88%B8%E7%88%B8%E5%95%8F%E8%AA%B0%E6%98%AF%E7%AC%AC%E4%B8%80%E5%90%8D/" "Mozilla/5.0 (iPhone; CPU iPhone OS 18_6 like Mac OS X) AppleWebKit/605.1.15 (KHTML, like Gecko) CriOS/150.0.0.0 Mobile/15E148 Safari/604.1"
2409:8738:816:20::10 - - [27/Aug/2026:00:22:53 +0800] "GET /wp-content/themes/oceanwp/assets/js/vendors/flickity.pkgd.min.js HTTP/1.1" 200 15048 "https://ilta.ilc.edu.tw/page/333/" "Mozilla/5.0 (Windows NT 10.0; Win64; x64) AppleWebKit/537.36 (KHTML, like Gecko) Chrome/144.0.0.0 Safari/537.36"
2409:8738:816:20::10 - - [27/Aug/2026:00:22:53 +0800] "GET /wp-content/themes/oceanwp/assets/js/ow-slider.min.js HTTP/1.1" 200 1761 "https://ilta.ilc.edu.tw/page/333/" "Mozilla/5.0 (Windows NT 10.0; Win64; x64) AppleWebKit/537.36 (KHTML, like Gecko) Chrome/144.0.0.0 Safari/537.36"
172.182.200.96 - - [27/Aug/2026:00:22:53 +0800] "GET /wp-the.php HTTP/1.1" 404 917 "-" "-"
128.241.102.109 - - [27/Aug/2026:00:22:53 +0800] "GET /read1/wp-content/uploads/sites/3809/2025/04/LINE_ALBUM_202549%E6%A2%85%E5%AD%90%E9%98%BF%E5%A7%A8%E8%AA%AA%E6%95%85%E4%BA%8B%EF%BC%88%E4%B8%80%E7%89%87%E6%8A%AB%E8%96%A9%E4%B8%80%E5%A1%8A%E9%8C%A2%EF%BC%89_250410_2-300x225.jpg HTTP/1.1" 200 22560 "https://2blog.ilc.edu.tw/read1/2025/04/10/%E6%95%85%E4%BA%8B%E5%88%97%E8%BB%8A%E5%A5%B6%E8%8C%B6%E7%88%B8%E7%88%B8%E5%95%8F%E8%AA%B0%E6%98%AF%E7%AC%AC%E4%B8%80%E5%90%8D/" "Mozilla/5.0 (iPhone; CPU iPhone OS 18_6 like Mac OS X) AppleWebKit/605.1.15 (KHTML, like Gecko) CriOS/150.0.0.0 Mobile/15E148 Safari/604.1"
240e:968:7001:2:b::21 - - [27/Aug/2026:00:22:53 +0800] "GET /6568/category/c-22556/ HTTP/1.1" 200 10640 "-" "Mozilla/5.0 (Windows NT 10.0; Win64; x64) AppleWebKit/537.36 (KHTML, like Gecko) Chrome/144.0.0.0 Safari/537.36"
2409:8738:816:20::10 - - [27/Aug/2026:00:22:53 +0800] "GET /wp-content/themes/oceanwp/assets/js/scroll-effect.min.js HTTP/1.1" 200 4127 "https://ilta.ilc.edu.tw/page/333/" "Mozilla/5.0 (Windows NT 10.0; Win64; x64) AppleWebKit/537.36 (KHTML, like Gecko) Chrome/144.0.0.0 Safari/537.36"
2409:8738:816:20::10 - - [27/Aug/2026:00:22:54 +0800] "GET /wp-content/themes/oceanwp/assets/js/scroll-top.min.js HTTP/1.1" 200 3202 "https://ilta.ilc.edu.tw/page/333/" "Mozilla/5.0 (Windows NT 10.0; Win64; x64) AppleWebKit/537.36 (KHTML, like Gecko) Chrome/144.0.0.0 Safari/537.36"
172.182.200.96 - - [27/Aug/2026:00:22:54 +0800] "GET /bthil.php HTTP/1.1" 404 917 "-" "-"
2409:8738:816:20::10 - - [27/Aug/2026:00:22:54 +0800] "GET /wp-content/themes/oceanwp/assets/js/select.min.js HTTP/1.1" 200 2408 "https://ilta.ilc.edu.tw/page/333/" "Mozilla/5.0 (Windows NT 10.0; Win64; x64) AppleWebKit/537.36 (KHTML, like Gecko) Chrome/144.0.0.0 Safari/537.36"
49.158.150.57 - - [27/Aug/2026:00:22:54 +0800] "GET / HTTP/1.1" 200 31681 "-" "Mozilla/5.0 (Windows NT 10.0; Win64; x64) AppleWebKit/537.36 (KHTML, like Gecko) Chrome/151.0.0.0 Safari/537.36"
2409:8738:816:20::10 - - [27/Aug/2026:00:22:54 +0800] "GET /wp-content/plugins/ocean-extra/includes/widgets/js/flickr.min.js HTTP/1.1" 200 1319 "https://ilta.ilc.edu.tw/page/333/" "Mozilla/5.0 (Windows NT 10.0; Win64; x64) AppleWebKit/537.36 (KHTML, like Gecko) Chrome/144.0.0.0 Safari/537.36"
128.241.102.109 - - [27/Aug/2026:00:22:54 +0800] "GET /read1/wp-content/uploads/sites/3809/2025/04/LINE_ALBUM_2025%E3%80%824%E6%9C%889%E6%97%A5%E5%A5%B6%E8%8C%B6%E7%88%B8%E7%88%B8%E8%AA%AA%E6%95%85%E4%BA%8B_250410_2-300x225.jpg HTTP/1.1" 200 23110 "https://2blog.ilc.edu.tw/read1/2025/04/10/%E6%95%85%E4%BA%8B%E5%88%97%E8%BB%8A%E5%A5%B6%E8%8C%B6%E7%88%B8%E7%88%B8%E5%95%8F%E8%AA%B0%E6%98%AF%E7%AC%AC%E4%B8%80%E5%90%8D/" "Mozilla/5.0 (iPhone; CPU iPhone OS 18_6 like Mac OS X) AppleWebKit/605.1.15 (KHTML, like Gecko) CriOS/150.0.0.0 Mobile/15E148 Safari/604.1"
172.182.200.96 - - [27/Aug/2026:00:22:54 +0800] "GET /worksec.php HTTP/1.1" 404 917 "-" "-"
49.158.150.57 - - [27/Aug/2026:00:22:54 +0800] "GET /wp-content/cache/www.ilc.edu.tw/wpfc-minified/sz1rpuo/8141l.css HTTP/1.1" 200 41224 "https://www.ilc.edu.tw/" "Mozilla/5.0 (Windows NT 10.0; Win64; x64) AppleWebKit/537.36 (KHTML, like Gecko) Chrome/151.0.0.0 Safari/537.36"
49.158.150.57 - - [27/Aug/2026:00:22:54 +0800] "GET /wp-content/cache/www.ilc.edu.tw/wpfc-minified/7ihu9bns/8141l.css HTTP/1.1" 200 1500 "https://www.ilc.edu.tw/" "Mozilla/5.0 (Windows NT 10.0; Win64; x64) AppleWebKit/537.36 (KHTML, like Gecko) Chrome/151.0.0.0 Safari/537.36"
49.158.150.57 - - [27/Aug/2026:00:22:54 +0800] "GET /wp-content/cache/www.ilc.edu.tw/wpfc-minified/fdlul8k0/8141l.css HTTP/1.1" 200 84888 "https://www.ilc.edu.tw/" "Mozilla/5.0 (Windows NT 10.0; Win64; x64) AppleWebKit/537.36 (KHTML, like Gecko) Chrome/151.0.0.0 Safari/537.36"
49.158.150.57 - - [27/Aug/2026:00:22:54 +0800] "GET /wp-content/uploads/sites/3846/elementor/css/post-3.css HTTP/1.1" 200 1299 "https://www.ilc.edu.tw/" "Mozilla/5.0 (Windows NT 10.0; Win64; x64) AppleWebKit/537.36 (KHTML, like Gecko) Chrome/151.0.0.0 Safari/537.36"
240e:968:7001:2:b::21 - - [27/Aug/2026:00:22:54 +0800] "GET /6568/wp-content/cache/2blog.ilc.edu.tw/wpfc-minified/q8iriuqg/7ps1t.css HTTP/1.1" 200 40886 "https://2blog.ilc.edu.tw/6568/category/c-22556/" "Mozilla/5.0 (Windows NT 10.0; Win64; x64) AppleWebKit/537.36 (KHTML, like Gecko) Chrome/144.0.0.0 Safari/537.36"
49.158.150.57 - - [27/Aug/2026:00:22:54 +0800] "GET /wp-content/cache/www.ilc.edu.tw/wpfc-minified/2encr51g/8141l.css HTTP/1.1" 200 6032 "https://www.ilc.edu.tw/" "Mozilla/5.0 (Windows NT 10.0; Win64; x64) AppleWebKit/537.36 (KHTML, like Gecko) Chrome/151.0.0.0 Safari/537.36"
49.158.150.57 - - [27/Aug/2026:00:22:54 +0800] "GET /wp-content/uploads/sites/3846/elementor/css/post-19.css HTTP/1.1" 200 1672 "https://www.ilc.edu.tw/" "Mozilla/5.0 (Windows NT 10.0; Win64; x64) AppleWebKit/537.36 (KHTML, like Gecko) Chrome/151.0.0.0 Safari/537.36"
49.158.150.57 - - [27/Aug/2026:00:22:54 +0800] "GET /wp-content/cache/www.ilc.edu.tw/wpfc-minified/difb1vbs/8141l.js HTTP/1.1" 200 35549 "https://www.ilc.edu.tw/" "Mozilla/5.0 (Windows NT 10.0; Win64; x64) AppleWebKit/537.36 (KHTML, like Gecko) Chrome/151.0.0.0 Safari/537.36"
172.182.200.96 - - [27/Aug/2026:00:22:54 +0800] "GET /wp-png.php HTTP/1.1" 404 917 "-" "-"
128.241.102.109 - - [27/Aug/2026:00:22:54 +0800] "GET /read1/wp-content/uploads/sites/3809/2025/04/LINE_ALBUM_202549%E6%A2%85%E5%AD%90%E9%98%BF%E5%A7%A8%E8%AA%AA%E6%95%85%E4%BA%8B%EF%BC%88%E4%B8%80%E7%89%87%E6%8A%AB%E8%96%A9%E4%B8%80%E5%A1%8A%E9%8C%A2%EF%BC%89_250410_4-300x225.jpg HTTP/1.1" 200 26515 "https://2blog.ilc.edu.tw/read1/2025/04/10/%E6%95%85%E4%BA%8B%E5%88%97%E8%BB%8A%E5%A5%B6%E8%8C%B6%E7%88%B8%E7%88%B8%E5%95%8F%E8%AA%B0%E6%98%AF%E7%AC%AC%E4%B8%80%E5%90%8D/" "Mozilla/5.0 (iPhone; CPU iPhone OS 18_6 like Mac OS X) AppleWebKit/605.1.15 (KHTML, like Gecko) CriOS/150.0.0.0 Mobile/15E148 Safari/604.1"
49.158.150.57 - - [27/Aug/2026:00:22:54 +0800] "GET /wp-content/cache/www.ilc.edu.tw/wpfc-minified/21kp93v9/8141l.css HTTP/1.1" 200 4167 "https://www.ilc.edu.tw/" "Mozilla/5.0 (Windows NT 10.0; Win64; x64) AppleWebKit/537.36 (KHTML, like Gecko) Chrome/151.0.0.0 Safari/537.36"
49.158.150.57 - - [27/Aug/2026:00:22:54 +0800] "GET /wp-content/uploads/sites/3846/2026/05/05bfd164-030e-448f-b83b-37c7dcb01eec.png HTTP/1.1" 200 8267 "https://www.ilc.edu.tw/" "Mozilla/5.0 (Windows NT 10.0; Win64; x64) AppleWebKit/537.36 (KHTML, like Gecko) Chrome/151.0.0.0 Safari/537.36"
49.158.150.57 - - [27/Aug/2026:00:22:54 +0800] "GET /wp-includes/js/hoverintent-js.min.js HTTP/1.1" 200 1597 "https://www.ilc.edu.tw/" "Mozilla/5.0 (Windows NT 10.0; Win64; x64) AppleWebKit/537.36 (KHTML, like Gecko) Chrome/151.0.0.0 Safari/537.36"
49.158.150.57 - - [27/Aug/2026:00:22:54 +0800] "GET /wp-includes/js/admin-bar.min.js HTTP/1.1" 200 2237 "https://www.ilc.edu.tw/" "Mozilla/5.0 (Windows NT 10.0; Win64; x64) AppleWebKit/537.36 (KHTML, like Gecko) Chrome/151.0.0.0 Safari/537.36"
172.182.200.96 - - [27/Aug/2026:00:22:54 +0800] "GET /cilus.php HTTP/1.1" 404 917 "-" "-"
49.158.150.57 - - [27/Aug/2026:00:22:55 +0800] "GET /wp-includes/js/imagesloaded.min.js HTTP/1.1" 200 2683 "https://www.ilc.edu.tw/" "Mozilla/5.0 (Windows NT 10.0; Win64; x64) AppleWebKit/537.36 (KHTML, like Gecko) Chrome/151.0.0.0 Safari/537.36"
49.158.150.57 - - [27/Aug/2026:00:22:55 +0800] "GET /wp-content/themes/oceanwp/assets/js/theme.min.js HTTP/1.1" 200 5130 "https://www.ilc.edu.tw/" "Mozilla/5.0 (Windows NT 10.0; Win64; x64) AppleWebKit/537.36 (KHTML, like Gecko) Chrome/151.0.0.0 Safari/537.36"
49.158.150.57 - - [27/Aug/2026:00:22:55 +0800] "GET /wp-content/themes/oceanwp/assets/js/drop-down-mobile-menu.min.js HTTP/1.1" 200 4663 "https://www.ilc.edu.tw/" "Mozilla/5.0 (Windows NT 10.0; Win64; x64) AppleWebKit/537.36 (KHTML, like Gecko) Chrome/151.0.0.0 Safari/537.36"
49.158.150.57 - - [27/Aug/2026:00:22:55 +0800] "GET /wp-content/themes/oceanwp/assets/js/vendors/magnific-popup.min.js HTTP/1.1" 200 8270 "https://www.ilc.edu.tw/" "Mozilla/5.0 (Windows NT 10.0; Win64; x64) AppleWebKit/537.36 (KHTML, like Gecko) Chrome/151.0.0.0 Safari/537.36"
49.158.150.57 - - [27/Aug/2026:00:22:55 +0800] "GET /wp-content/themes/oceanwp/assets/js/ow-lightbox.min.js HTTP/1.1" 200 2321 "https://www.ilc.edu.tw/" "Mozilla/5.0 (Windows NT 10.0; Win64; x64) AppleWebKit/537.36 (KHTML, like Gecko) Chrome/151.0.0.0 Safari/537.36"
49.158.150.57 - - [27/Aug/2026:00:22:55 +0800] "GET /wp-content/themes/oceanwp/assets/js/vendors/flickity.pkgd.min.js HTTP/1.1" 200 15048 "https://www.ilc.edu.tw/" "Mozilla/5.0 (Windows NT 10.0; Win64; x64) AppleWebKit/537.36 (KHTML, like Gecko) Chrome/151.0.0.0 Safari/537.36"
49.158.150.57 - - [27/Aug/2026:00:22:55 +0800] "GET /wp-content/themes/oceanwp/assets/js/ow-slider.min.js HTTP/1.1" 200 1761 "https://www.ilc.edu.tw/" "Mozilla/5.0 (Windows NT 10.0; Win64; x64) AppleWebKit/537.36 (KHTML, like Gecko) Chrome/151.0.0.0 Safari/537.36"
172.182.200.96 - - [27/Aug/2026:00:22:55 +0800] "GET /wp-act.php HTTP/1.1" 404 917 "-" "-"
49.158.150.57 - - [27/Aug/2026:00:22:55 +0800] "GET /wp-content/themes/oceanwp/assets/js/scroll-effect.min.js HTTP/1.1" 200 4127 "https://www.ilc.edu.tw/" "Mozilla/5.0 (Windows NT 10.0; Win64; x64) AppleWebKit/537.36 (KHTML, like Gecko) Chrome/151.0.0.0 Safari/537.36"
49.158.150.57 - - [27/Aug/2026:00:22:55 +0800] "GET /wp-content/themes/oceanwp/assets/js/scroll-top.min.js HTTP/1.1" 200 3202 "https://www.ilc.edu.tw/" "Mozilla/5.0 (Windows NT 10.0; Win64; x64) AppleWebKit/537.36 (KHTML, like Gecko) Chrome/151.0.0.0 Safari/537.36"
49.158.150.57 - - [27/Aug/2026:00:22:55 +0800] "GET /wp-content/themes/oceanwp/assets/js/select.min.js HTTP/1.1" 200 2408 "https://www.ilc.edu.tw/" "Mozilla/5.0 (Windows NT 10.0; Win64; x64) AppleWebKit/537.36 (KHTML, like Gecko) Chrome/151.0.0.0 Safari/537.36"
49.158.150.57 - - [27/Aug/2026:00:22:55 +0800] "GET /wp-content/plugins/elementor-pro/assets/js/webpack-pro.runtime.min.js HTTP/1.1" 200 3562 "https://www.ilc.edu.tw/" "Mozilla/5.0 (Windows NT 10.0; Win64; x64) AppleWebKit/537.36 (KHTML, like Gecko) Chrome/151.0.0.0 Safari/537.36"
49.158.150.57 - - [27/Aug/2026:00:22:55 +0800] "GET /wp-content/plugins/elementor/assets/js/webpack.runtime.min.js HTTP/1.1" 200 3095 "https://www.ilc.edu.tw/" "Mozilla/5.0 (Windows NT 10.0; Win64; x64) AppleWebKit/537.36 (KHTML, like Gecko) Chrome/151.0.0.0 Safari/537.36"
49.158.150.57 - - [27/Aug/2026:00:22:55 +0800] "GET /wp-content/plugins/elementor/assets/js/frontend-modules.min.js HTTP/1.1" 200 19416 "https://www.ilc.edu.tw/" "Mozilla/5.0 (Windows NT 10.0; Win64; x64) AppleWebKit/537.36 (KHTML, like Gecko) Chrome/151.0.0.0 Safari/537.36"
49.158.150.57 - - [27/Aug/2026:00:22:55 +0800] "GET /wp-includes/js/dist/hooks.min.js HTTP/1.1" 200 2421 "https://www.ilc.edu.tw/" "Mozilla/5.0 (Windows NT 10.0; Win64; x64) AppleWebKit/537.36 (KHTML, like Gecko) Chrome/151.0.0.0 Safari/537.36"
49.158.150.57 - - [27/Aug/2026:00:22:55 +0800] "GET /wp-content/themes/oceanwp/assets/fonts/fontawesome/webfonts/fa-solid-900.woff2 HTTP/1.1" 200 151246 "https://www.ilc.edu.tw/wp-content/cache/www.ilc.edu.tw/wpfc-minified/fdlul8k0/8141l.css" "Mozilla/5.0 (Windows NT 10.0; Win64; x64) AppleWebKit/537.36 (KHTML, like Gecko) Chrome/151.0.0.0 Safari/537.36"
172.182.200.96 - - [27/Aug/2026:00:22:55 +0800] "GET /press.php HTTP/1.1" 404 917 "-" "-"
49.158.150.57 - - [27/Aug/2026:00:22:55 +0800] "GET /wp-content/plugins/elementor/assets/lib/eicons/fonts/eicons.woff2?5.30.0 HTTP/1.1" 200 103016 "https://www.ilc.edu.tw/wp-content/cache/www.ilc.edu.tw/wpfc-minified/fdlul8k0/8141l.css" "Mozilla/5.0 (Windows NT 10.0; Win64; x64) AppleWebKit/537.36 (KHTML, like Gecko) Chrome/151.0.0.0 Safari/537.36"
128.241.102.109 - - [27/Aug/2026:00:22:55 +0800] "GET /read1/wp-content/uploads/sites/3809/2025/04/LINE_ALBUM_202549%E6%A2%85%E5%AD%90%E9%98%BF%E5%A7%A8%E8%AA%AA%E6%95%85%E4%BA%8B%EF%BC%88%E4%B8%80%E7%89%87%E6%8A%AB%E8%96%A9%E4%B8%80%E5%A1%8A%E9%8C%A2%EF%BC%89_250410_3-1-300x225.jpg HTTP/1.1" 200 23722 "https://2blog.ilc.edu.tw/read1/2025/04/10/%E6%95%85%E4%BA%8B%E5%88%97%E8%BB%8A%E5%A5%B6%E8%8C%B6%E7%88%B8%E7%88%B8%E5%95%8F%E8%AA%B0%E6%98%AF%E7%AC%AC%E4%B8%80%E5%90%8D/" "Mozilla/5.0 (iPhone; CPU iPhone OS 18_6 like Mac OS X) AppleWebKit/605.1.15 (KHTML, like Gecko) CriOS/150.0.0.0 Mobile/15E148 Safari/604.1"
49.158.150.57 - - [27/Aug/2026:00:22:55 +0800] "GET /wp-content/uploads/sites/3846/2023/05/%E5%AE%9C%E8%98%AD%E7%B8%A3%E6%94%BF%E5%BA%9C%E6%95%99%E8%82%B2%E8%99%95logo.png HTTP/1.1" 200 16335 "https://www.ilc.edu.tw/" "Mozilla/5.0 (Windows NT 10.0; Win64; x64) AppleWebKit/537.36 (KHTML, like Gecko) Chrome/151.0.0.0 Safari/537.36"
49.158.150.57 - - [27/Aug/2026:00:22:55 +0800] "GET /wp-content/uploads/sites/3846/2026/08/%E8%BE%B2%E6%A5%AD%E9%83%A8%E5%BB%A3%E5%91%8A.jpg HTTP/1.1" 200 236123 "https://www.ilc.edu.tw/" "Mozilla/5.0 (Windows NT 10.0; Win64; x64) AppleWebKit/537.36 (KHTML, like Gecko) Chrome/151.0.0.0 Safari/537.36"
49.158.150.57 - - [27/Aug/2026:00:22:55 +0800] "GET /wp-content/uploads/sites/3846/2023/05/%E9%A6%96%E9%A0%81%E5%B0%8F%E6%A8%99_%E6%9C%80%E6%96%B0%E6%B6%88%E6%81%AF.png HTTP/1.1" 200 2537 "https://www.ilc.edu.tw/" "Mozilla/5.0 (Windows NT 10.0; Win64; x64) AppleWebKit/537.36 (KHTML, like Gecko) Chrome/151.0.0.0 Safari/537.36"
49.158.150.57 - - [27/Aug/2026:00:22:55 +0800] "GET /wp-content/uploads/sites/3846/2023/05/%E5%85%AC%E5%91%8A%E6%90%9C%E5%B0%8B.png HTTP/1.1" 200 3549 "https://www.ilc.edu.tw/" "Mozilla/5.0 (Windows NT 10.0; Win64; x64) AppleWebKit/537.36 (KHTML, like Gecko) Chrome/151.0.0.0 Safari/537.36"
2001:288:a201::66:125 - - [27/Aug/2026:00:22:55 +0800] "GET /blog/active.php HTTP/1.1" 301 1026 "-" "-"
49.158.150.57 - - [27/Aug/2026:00:22:55 +0800] "GET /wp-includes/js/dist/i18n.min.js HTTP/1.1" 200 4547 "https://www.ilc.edu.tw/" "Mozilla/5.0 (Windows NT 10.0; Win64; x64) AppleWebKit/537.36 (KHTML, like Gecko) Chrome/151.0.0.0 Safari/537.36"
2001:288:a201::66:125 - - [27/Aug/2026:00:22:55 +0800] "GET /blog/active.php HTTP/1.1" 404 1084 "-" "-"
49.158.150.57 - - [27/Aug/2026:00:22:55 +0800] "GET /wp-content/plugins/elementor-pro/assets/js/frontend.min.js HTTP/1.1" 200 7574 "https://www.ilc.edu.tw/" "Mozilla/5.0 (Windows NT 10.0; Win64; x64) AppleWebKit/537.36 (KHTML, like Gecko) Chrome/151.0.0.0 Safari/537.36"
240e:968:7001:2:b::21 - - [27/Aug/2026:00:22:55 +0800] "GET /6568/wp-includes/js/hoverintent-js.min.js HTTP/1.1" 200 1597 "https://2blog.ilc.edu.tw/6568/category/c-22556/" "Mozilla/5.0 (Windows NT 10.0; Win64; x64) AppleWebKit/537.36 (KHTML, like Gecko) Chrome/144.0.0.0 Safari/537.36"
172.182.200.96 - - [27/Aug/2026:00:22:55 +0800] "GET /wp-blog-header.php HTTP/1.1" 404 896 "-" "-"
49.158.150.57 - - [27/Aug/2026:00:22:55 +0800] "GET /wp-content/plugins/elementor/assets/lib/waypoints/waypoints.min.js HTTP/1.1" 200 3873 "https://www.ilc.edu.tw/" "Mozilla/5.0 (Windows NT 10.0; Win64; x64) AppleWebKit/537.36 (KHTML, like Gecko) Chrome/151.0.0.0 Safari/537.36"
128.241.102.109 - - [27/Aug/2026:00:22:55 +0800] "GET /read1/wp-content/uploads/sites/3809/2025/04/LINE_ALBUM_202549%E6%A2%85%E5%AD%90%E9%98%BF%E5%A7%A8%E8%AA%AA%E6%95%85%E4%BA%8B%EF%BC%88%E4%B8%80%E7%89%87%E6%8A%AB%E8%96%A9%E4%B8%80%E5%A1%8A%E9%8C%A2%EF%BC%89_250410_5-1-300x225.jpg HTTP/1.1" 200 22513 "https://2blog.ilc.edu.tw/read1/2025/04/10/%E6%95%85%E4%BA%8B%E5%88%97%E8%BB%8A%E5%A5%B6%E8%8C%B6%E7%88%B8%E7%88%B8%E5%95%8F%E8%AA%B0%E6%98%AF%E7%AC%AC%E4%B8%80%E5%90%8D/" "Mozilla/5.0 (iPhone; CPU iPhone OS 18_6 like Mac OS X) AppleWebKit/605.1.15 (KHTML, like Gecko) CriOS/150.0.0.0 Mobile/15E148 Safari/604.1"
66.249.79.138 - - [27/Aug/2026:00:22:53 +0800] "GET /wp-login.php?action=ilc_logout&_wpnonce=43754d0aad&redirect_to=http://victorymafia.ru/gallery/74131/ HTTP/1.1" 302 8251 "-" "Mozilla/5.0 (Linux; Android 6.0.1; Nexus 5X Build/MMB29P) AppleWebKit/537.36 (KHTML, like Gecko) Chrome/151.0.7922.173 Mobile Safari/537.36 (compatible; Googlebot/2.1; +http://www.google.com/bot.html)"
49.158.150.57 - - [27/Aug/2026:00:22:55 +0800] "GET /wp-includes/js/jquery/ui/core.min.js HTTP/1.1" 200 7986 "https://www.ilc.edu.tw/" "Mozilla/5.0 (Windows NT 10.0; Win64; x64) AppleWebKit/537.36 (KHTML, like Gecko) Chrome/151.0.0.0 Safari/537.36"
172.182.200.96 - - [27/Aug/2026:00:22:56 +0800] "GET /aevly.php HTTP/1.1" 404 917 "-" "-"
66.249.79.205 - - [27/Aug/2026:00:22:56 +0800] "GET /wp-content/themes/oceanwp/assets/js/drop-down-search.min.js HTTP/1.1" 200 2968 "https://www.tces.ilc.edu.tw/2012/08/27/%E6%95%99%E8%81%B7%E5%93%A1%E5%B7%A5%E9%9B%BB%E5%AD%90%E9%83%B5%E4%BB%B6/" "Mozilla/5.0 (Linux; Android 6.0.1; Nexus 5X Build/MMB29P) AppleWebKit/537.36 (KHTML, like Gecko) Chrome/151.0.7922.173 Mobile Safari/537.36 (compatible; Googlebot/2.1; +http://www.google.com/bot.html)"
240e:968:7001:2:b::21 - - [27/Aug/2026:00:22:56 +0800] "GET /6568/wp-includes/js/admin-bar.min.js HTTP/1.1" 200 2237 "https://2blog.ilc.edu.tw/6568/category/c-22556/" "Mozilla/5.0 (Windows NT 10.0; Win64; x64) AppleWebKit/537.36 (KHTML, like Gecko) Chrome/144.0.0.0 Safari/537.36"
49.158.150.57 - - [27/Aug/2026:00:22:56 +0800] "GET /wp-content/plugins/elementor/assets/js/frontend.min.js HTTP/1.1" 200 13169 "https://www.ilc.edu.tw/" "Mozilla/5.0 (Windows NT 10.0; Win64; x64) AppleWebKit/537.36 (KHTML, like Gecko) Chrome/151.0.0.0 Safari/537.36"
2a03:2880:11ff:44:: - - [27/Aug/2026:00:22:56 +0800] "GET /robots.txt HTTP/1.1" 200 5607 "-" "facebookexternalhit/1.1 (+http://www.facebook.com/externalhit_uatext.php)"
240e:f7:4f00:2509::5 - - [27/Aug/2026:00:22:56 +0800] "GET /3642/wp-content/themes/oceanwp/assets/fonts/simple-line-icons/Simple-Line-Icons.woff2?v=2.4.0 HTTP/1.1" 200 30959 "https://2blog.ilc.edu.tw/3642/wp-content/cache/2blog.ilc.edu.tw/wpfc-minified/drd4u60l/7nln4.css" "Mozilla/5.0 (Windows NT 10.0; Win64; x64) AppleWebKit/537.36 (KHTML, like Gecko) Chrome/144.0.0.0 Safari/537.36"
172.182.200.96 - - [27/Aug/2026:00:22:56 +0800] "GET /casp1.php HTTP/1.1" 404 917 "-" "-"
49.158.150.57 - - [27/Aug/2026:00:22:56 +0800] "GET /wp-content/plugins/elementor-pro/assets/js/elements-handlers.min.js HTTP/1.1" 200 10882 "https://www.ilc.edu.tw/" "Mozilla/5.0 (Windows NT 10.0; Win64; x64) AppleWebKit/537.36 (KHTML, like Gecko) Chrome/151.0.0.0 Safari/537.36"
49.158.150.57 - - [27/Aug/2026:00:22:56 +0800] "GET /wp-content/uploads/sites/3846/2026/06/%E5%AE%A3%E5%82%B3%E5%9C%96%E7%89%87.png HTTP/1.1" 200 1048321 "https://www.ilc.edu.tw/" "Mozilla/5.0 (Windows NT 10.0; Win64; x64) AppleWebKit/537.36 (KHTML, like Gecko) Chrome/151.0.0.0 Safari/537.36"
240e:968:7001:2:b::21 - - [27/Aug/2026:00:22:56 +0800] "GET /6568/wp-content/themes/oceanwp/assets/js/theme.min.js HTTP/1.1" 200 5130 "https://2blog.ilc.edu.tw/6568/category/c-22556/" "Mozilla/5.0 (Windows NT 10.0; Win64; x64) AppleWebKit/537.36 (KHTML, like Gecko) Chrome/144.0.0.0 Safari/537.36"
172.182.200.96 - - [27/Aug/2026:00:22:56 +0800] "GET /ws85.php HTTP/1.1" 404 917 "-" "-"
49.158.150.57 - - [27/Aug/2026:00:22:56 +0800] "GET /wp-content/uploads/sites/3846/2026/02/%E9%81%BF%E5%85%8D%E8%AA%A4%E5%85%A5%E8%A9%90%E9%A8%99%E7%B6%B2%E7%AB%99APP%E5%B0%8F%E5%B8%B8%E8%AD%98.jpg HTTP/1.1" 200 454833 "https://www.ilc.edu.tw/" "Mozilla/5.0 (Windows NT 10.0; Win64; x64) AppleWebKit/537.36 (KHTML, like Gecko) Chrome/151.0.0.0 Safari/537.36"
2409:8738:816:20::10 - - [27/Aug/2026:00:22:56 +0800] "GET /wp-content/themes/oceanwp/assets/fonts/simple-line-icons/Simple-Line-Icons.woff2?v=2.4.0 HTTP/1.1" 200 30959 "https://ilta.ilc.edu.tw/wp-content/cache/ilta.ilc.edu.tw/wpfc-minified/7vo8n6iy/6wvk.css" "Mozilla/5.0 (Windows NT 10.0; Win64; x64) AppleWebKit/537.36 (KHTML, like Gecko) Chrome/144.0.0.0 Safari/537.36"
240e:968:7001:2:b::21 - - [27/Aug/2026:00:22:56 +0800] "GET /6568/wp-content/themes/oceanwp/assets/js/vendors/magnific-popup.min.js HTTP/1.1" 200 8270 "https://2blog.ilc.edu.tw/6568/category/c-22556/" "Mozilla/5.0 (Windows NT 10.0; Win64; x64) AppleWebKit/537.36 (KHTML, like Gecko) Chrome/144.0.0.0 Safari/537.36"
172.182.200.96 - - [27/Aug/2026:00:22:56 +0800] "GET /about.php HTTP/1.1" 404 917 "-" "-"
66.249.79.205 - - [27/Aug/2026:00:22:56 +0800] "GET /wp-content/themes/oceanwp/assets/js/vendors/magnific-popup.min.js HTTP/1.1" 200 8270 "https://www.tces.ilc.edu.tw/2012/08/27/%E6%95%99%E8%81%B7%E5%93%A1%E5%B7%A5%E9%9B%BB%E5%AD%90%E9%83%B5%E4%BB%B6/" "Mozilla/5.0 (Linux; Android 6.0.1; Nexus 5X Build/MMB29P) AppleWebKit/537.36 (KHTML, like Gecko) Chrome/151.0.7922.173 Mobile Safari/537.36 (compatible; Googlebot/2.1; +http://www.google.com/bot.html)"
240e:968:7001:2:b::21 - - [27/Aug/2026:00:22:57 +0800] "GET /6568/wp-content/themes/oceanwp/assets/js/scroll-effect.min.js HTTP/1.1" 200 4127 "https://2blog.ilc.edu.tw/6568/category/c-22556/" "Mozilla/5.0 (Windows NT 10.0; Win64; x64) AppleWebKit/537.36 (KHTML, like Gecko) Chrome/144.0.0.0 Safari/537.36"
172.182.200.96 - - [27/Aug/2026:00:22:57 +0800] "GET /amax.php HTTP/1.1" 404 917 "-" "-"
140.111.67.10 - - [27/Aug/2026:00:22:57 +0800] "GET /" 301 273 "-" "-"
172.182.200.96 - - [27/Aug/2026:00:22:57 +0800] "GET /jp.php HTTP/1.1" 404 917 "-" "-"
240e:968:7001:2:b::21 - - [27/Aug/2026:00:22:57 +0800] "GET /6568/wp-content/themes/oceanwp/assets/js/scroll-top.min.js HTTP/1.1" 200 3202 "https://2blog.ilc.edu.tw/6568/category/c-22556/" "Mozilla/5.0 (Windows NT 10.0; Win64; x64) AppleWebKit/537.36 (KHTML, like Gecko) Chrome/144.0.0.0 Safari/537.36"
172.182.200.96 - - [27/Aug/2026:00:22:57 +0800] "GET /xwx1.php HTTP/1.1" 404 917 "-" "-"
107.152.46.79 - - [27/Aug/2026:00:22:55 +0800] "GET /wp-login.php?action=ilc_logout&_wpnonce=43754d0aad&redirect_to=https://supplyautonomy.com/dcapolishedconcreteaustin.us HTTP/1.1" 302 8269 "-" "Mozilla/5.0 (Windows NT 10.0; WOW64; x64) AppleWebKit/537.36 (KHTML, like Gecko) Chrome/114.0.0.0 Safari/537.36 OPR/89.0.4447.51"
49.158.150.57 - - [27/Aug/2026:00:22:57 +0800] "GET /wp-content/uploads/sites/3846/2023/05/%E9%A6%96%E9%A0%81%E5%B0%8F%E6%A8%99_%E5%BD%B1%E9%9F%B3.png HTTP/1.1" 200 2462 "https://www.ilc.edu.tw/" "Mozilla/5.0 (Windows NT 10.0; Win64; x64) AppleWebKit/537.36 (KHTML, like Gecko) Chrome/151.0.0.0 Safari/537.36"
172.182.200.96 - - [27/Aug/2026:00:22:58 +0800] "GET /wp-admin/css/bolt.php HTTP/1.1" 404 917 "-" "-"
172.182.200.96 - - [27/Aug/2026:00:22:58 +0800] "GET /public/wp-blog.php HTTP/1.1" 400 2865 "-" "-"
49.158.150.57 - - [27/Aug/2026:00:22:55 +0800] "GET /wp-content/uploads/sites/3846/2026/06/2026%E5%AE%9C%E8%98%AD%E7%98%8B%E5%AD%B8%E7%BF%92-%E6%9A%91%E5%81%87_%E6%95%99%E8%82%B2%E8%99%95%E9%A6%96%E9%A0%81-1440-x-1080-%E5%83%8F%E7%B4%A0.png HTTP/1.1" 200 2045932 "https://www.ilc.edu.tw/" "Mozilla/5.0 (Windows NT 10.0; Win64; x64) AppleWebKit/537.36 (KHTML, like Gecko) Chrome/151.0.0.0 Safari/537.36"
185.191.171.3 - - [27/Aug/2026:00:22:58 +0800] "GET /5315/2020/06/05/%E7%AA%97%E8%8A%B1%E7%A6%AA%E7%B9%9E%E7%95%AB2020/?paged=10 HTTP/1.1" 200 16974 "-" "Mozilla/5.0 (compatible; SemrushBot/7~bl; +http://www.semrush.com/bot.html)"
172.182.200.96 - - [27/Aug/2026:00:22:58 +0800] "GET /browse.php HTTP/1.1" 404 1241 "-" "-"
172.182.200.96 - - [27/Aug/2026:00:22:59 +0800] "GET /jga.php HTTP/1.1" 404 917 "-" "-"
172.182.200.96 - - [27/Aug/2026:00:22:59 +0800] "GET /ws78.php HTTP/1.1" 404 917 "-" "-"
::1 - - [27/Aug/2026:00:22:59 +0800] "OPTIONS * HTTP/1.0" 200 110 "-" "Apache/2.4.68 (Ubuntu) OpenSSL/3.0.19 (internal dummy connection)"
172.182.200.96 - - [27/Aug/2026:00:22:59 +0800] "GET /a4.php HTTP/1.1" 404 917 "-" "-"
172.182.200.96 - - [27/Aug/2026:00:23:00 +0800] "GET /solo1.php HTTP/1.1" 404 917 "-" "-"
2409:8738:816:20::10 - - [27/Aug/2026:00:22:56 +0800] "GET /wp-content/themes/oceanwp/assets/fonts/fontawesome/webfonts/fa-solid-900.woff2 HTTP/1.1" 200 135360 "https://ilta.ilc.edu.tw/wp-content/cache/ilta.ilc.edu.tw/wpfc-minified/7vo8n6iy/6wvk.css" "Mozilla/5.0 (Windows NT 10.0; Win64; x64) AppleWebKit/537.36 (KHTML, like Gecko) Chrome/144.0.0.0 Safari/537.36"
172.182.200.96 - - [27/Aug/2026:00:23:00 +0800] "GET /wen.php HTTP/1.1" 404 917 "-" "-"
66.249.79.138 - - [27/Aug/2026:00:22:58 +0800] "GET /wp-login.php?action=ilc_logout&_wpnonce=43754d0aad&redirect_to=http://zabotaclinc.ru/job/22909/ HTTP/1.1" 302 3461 "-" "Mozilla/5.0 (compatible; Googlebot/2.1; +http://www.google.com/bot.html)"
2001:288:a201::66:125 - - [27/Aug/2026:00:23:00 +0800] "GET /blog/active.php HTTP/1.1" 301 1026 "-" "-"
::1 - - [27/Aug/2026:00:23:00 +0800] "OPTIONS * HTTP/1.0" 200 110 "-" "Apache/2.4.68 (Ubuntu) OpenSSL/3.0.19 (internal dummy connection)"
172.182.200.96 - - [27/Aug/2026:00:23:00 +0800] "GET /as.php HTTP/1.1" 404 917 "-" "-"
2001:288:a201::66:125 - - [27/Aug/2026:00:23:00 +0800] "GET /blog/active.php HTTP/1.1" 404 1084 "-" "-"
66.249.79.205 - - [27/Aug/2026:00:23:00 +0800] "POST /wp-json/ilc-summary/v1/popular-posts HTTP/1.1" 201 1397 "https://www.tces.ilc.edu.tw/2012/08/27/%E6%95%99%E8%81%B7%E5%93%A1%E5%B7%A5%E9%9B%BB%E5%AD%90%E9%83%B5%E4%BB%B6/" "Mozilla/5.0 (Linux; Android 6.0.1; Nexus 5X Build/MMB29P) AppleWebKit/537.36 (KHTML, like Gecko) Chrome/151.0.7922.173 Mobile Safari/537.36 (compatible; Googlebot/2.1; +http://www.google.com/bot.html)"
2001:b400:e2d2:feb5:8839:8159:4807:33c1 - - [27/Aug/2026:00:23:00 +0800] "GET /%e5%ad%b8%e5%8b%99%e8%99%95/ HTTP/1.1" 200 21154 "-" "Mozilla/5.0 (Linux; Android 10; K) AppleWebKit/537.36 (KHTML, like Gecko) Chrome/138.0.0.0 Mobile Safari/537.36"
2001:b400:e2d2:feb5:8839:8159:4807:33c1 - - [27/Aug/2026:00:23:00 +0800] "GET /wp-content/cache/www.chjh.ilc.edu.tw/wpfc-minified/zbayatk/ao2v.css HTTP/1.1" 200 13904 "https://www.chjh.ilc.edu.tw/%e5%ad%b8%e5%8b%99%e8%99%95/" "Mozilla/5.0 (Linux; Android 10; K) AppleWebKit/537.36 (KHTML, like Gecko) Chrome/138.0.0.0 Mobile Safari/537.36"
2001:b400:e2d2:feb5:8839:8159:4807:33c1 - - [27/Aug/2026:00:23:00 +0800] "GET /wp-content/uploads/sites/1482/elementor/css/post-260.css HTTP/1.1" 200 1330 "https://www.chjh.ilc.edu.tw/%e5%ad%b8%e5%8b%99%e8%99%95/" "Mozilla/5.0 (Linux; Android 10; K) AppleWebKit/537.36 (KHTML, like Gecko) Chrome/138.0.0.0 Mobile Safari/537.36"
172.182.200.96 - - [27/Aug/2026:00:23:00 +0800] "GET /mentos.php HTTP/1.1" 404 917 "-" "-"
185.191.171.9 - - [27/Aug/2026:00:23:00 +0800] "GET /blog/blog/14565/post/72270/487302 HTTP/1.1" 404 25426 "-" "Mozilla/5.0 (compatible; SemrushBot/7~bl; +http://www.semrush.com/bot.html)"
2001:b400:e2d2:feb5:8839:8159:4807:33c1 - - [27/Aug/2026:00:23:01 +0800] "GET /wp-content/plugins/elementor/assets/lib/font-awesome/webfonts/fa-solid-900.woff2 HTTP/1.1" 200 79223 "https://www.chjh.ilc.edu.tw/wp-content/cache/www.chjh.ilc.edu.tw/wpfc-minified/zbayatk/ao2v.css" "Mozilla/5.0 (Linux; Android 10; K) AppleWebKit/537.36 (KHTML, like Gecko) Chrome/138.0.0.0 Mobile Safari/537.36"
2001:b400:e2d2:feb5:8839:8159:4807:33c1 - - [27/Aug/2026:00:23:01 +0800] "GET /wp-content/plugins/elementor/assets/js/toggle.31881477c45ff5cf9d4d.bundle.min.js HTTP/1.1" 200 2281 "https://www.chjh.ilc.edu.tw/%e5%ad%b8%e5%8b%99%e8%99%95/" "Mozilla/5.0 (Linux; Android 10; K) AppleWebKit/537.36 (KHTML, like Gecko) Chrome/138.0.0.0 Mobile Safari/537.36"
172.182.200.96 - - [27/Aug/2026:00:23:01 +0800] "GET /calmjpss.php HTTP/1.1" 404 917 "-" "-"
66.249.71.194 - - [27/Aug/2026:00:23:01 +0800] "GET /wp-content/uploads/sites/3591/2023/11/01%E5%85%AC%E5%80%8D%E6%95%B8.jpg HTTP/1.1" 304 5576 "-" "Googlebot-Image/1.0"
172.182.200.96 - - [27/Aug/2026:00:23:01 +0800] "GET /wp-9p3vdgw.php HTTP/1.1" 404 917 "-" "-"
::1 - - [27/Aug/2026:00:23:01 +0800] "OPTIONS * HTTP/1.0" 200 110 "-" "Apache/2.4.68 (Ubuntu) OpenSSL/3.0.19 (internal dummy connection)"
17.246.19.89 - - [27/Aug/2026:00:23:01 +0800] "GET /32745/2020/08/23/%e8%b5%b0%e5%94%b1%e9%81%8e%e4%b8%80%e7%94%9f/ HTTP/1.1" 200 91738 "-" "Mozilla/5.0 (Macintosh; Intel Mac OS X 10_15_7) AppleWebKit/605.1.15 (KHTML, like Gecko) Version/17.4 Safari/605.1.15 (Applebot/0.1; +http://www.apple.com/go/applebot)"
172.182.200.96 - - [27/Aug/2026:00:23:01 +0800] "GET /term.php HTTP/1.1" 404 917 "-" "-"
172.182.200.96 - - [27/Aug/2026:00:23:02 +0800] "GET /tool.php HTTP/1.1" 404 917 "-" "-"
66.249.71.32 - - [27/Aug/2026:00:23:02 +0800] "GET /26066/2025/09/10/%E6%AA%A2%E9%99%84114%E5%B9%B4%E5%AE%9C%E8%98%AD%E7%B8%A3%E8%AA%9E%E6%96%87%E7%AB%B6%E8%B3%BD%E6%88%90%E7%B8%BE%E5%85%AC%E5%91%8A%E4%B8%80%E8%A6%BD%E8%A1%A8%EF%BC%8C%E8%AB%8B%E6%9F%A5%E7%85%A7/ HTTP/1.1" 200 17034 "-" "Mozilla/5.0 (Linux; Android 6.0.1; Nexus 5X Build/MMB29P) AppleWebKit/537.36 (KHTML, like Gecko) Chrome/151.0.7922.173 Mobile Safari/537.36 (compatible; Googlebot/2.1; +http://www.google.com/bot.html)"
140.111.67.10 - - [27/Aug/2026:00:23:02 +0800] "GET /" 301 273 "-" "-"
172.182.200.96 - - [27/Aug/2026:00:23:02 +0800] "GET /bjfl.php HTTP/1.1" 404 917 "-" "-"
172.182.200.96 - - [27/Aug/2026:00:23:02 +0800] "GET /sid3.php HTTP/1.1" 404 917 "-" "-"
::1 - - [27/Aug/2026:00:23:02 +0800] "OPTIONS * HTTP/1.0" 200 110 "-" "Apache/2.4.68 (Ubuntu) OpenSSL/3.0.19 (internal dummy connection)"
66.249.79.205 - - [27/Aug/2026:00:23:02 +0800] "GET /wp-content/themes/oceanwp/assets/js/ow-lightbox.min.js HTTP/1.1" 200 2321 "https://www.tces.ilc.edu.tw/2012/08/27/%E6%95%99%E8%81%B7%E5%93%A1%E5%B7%A5%E9%9B%BB%E5%AD%90%E9%83%B5%E4%BB%B6/" "Mozilla/5.0 (Linux; Android 6.0.1; Nexus 5X Build/MMB29P) AppleWebKit/537.36 (KHTML, like Gecko) Chrome/151.0.7922.173 Mobile Safari/537.36 (compatible; Googlebot/2.1; +http://www.google.com/bot.html)"
172.182.200.96 - - [27/Aug/2026:00:23:02 +0800] "GET /echkm.php HTTP/1.1" 404 917 "-" "-"
172.182.200.96 - - [27/Aug/2026:00:23:03 +0800] "GET /edit.php HTTP/1.1" 404 917 "-" "-"
172.182.200.96 - - [27/Aug/2026:00:23:03 +0800] "GET /ua.php HTTP/1.1" 404 917 "-" "-"
66.249.71.136 - - [27/Aug/2026:00:23:03 +0800] "GET /wp-content/themes/oceanwp/assets/js/scroll-effect.min.js HTTP/1.1" 200 8915 "https://www.tces.ilc.edu.tw/2012/08/27/%E6%95%99%E8%81%B7%E5%93%A1%E5%B7%A5%E9%9B%BB%E5%AD%90%E9%83%B5%E4%BB%B6/" "Mozilla/5.0 (Linux; Android 6.0.1; Nexus 5X Build/MMB29P) AppleWebKit/537.36 (KHTML, like Gecko) Chrome/151.0.7922.173 Mobile Safari/537.36 (compatible; Googlebot/2.1; +http://www.google.com/bot.html)"
34.61.96.6 - - [27/Aug/2026:00:23:03 +0800] "GET /6096/wp-json/wp/v2/posts/2132 HTTP/1.1" 200 9510 "-" "Mozilla/5.0 (Macintosh; Intel Mac OS X 10_15_7) AppleWebKit/537.36 (KHTML, like Gecko) Chrome/120.0.0.0 Safari/537.36"
::1 - - [27/Aug/2026:00:23:03 +0800] "OPTIONS * HTTP/1.0" 200 110 "-" "Apache/2.4.68 (Ubuntu) OpenSSL/3.0.19 (internal dummy connection)"
172.182.200.96 - - [27/Aug/2026:00:23:03 +0800] "GET /wp-p2r3q9c8k4.php HTTP/1.1" 404 917 "-" "-"
172.182.200.96 - - [27/Aug/2026:00:23:04 +0800] "GET /uuu.php HTTP/1.1" 404 917 "-" "-"
172.182.200.96 - - [27/Aug/2026:00:23:04 +0800] "GET /ms-edit.php HTTP/1.1" 404 917 "-" "-"
34.56.53.225 - - [27/Aug/2026:00:23:04 +0800] "GET /32745/2022/02/26/%E7%A6%AE%E6%8B%9C%E5%85%AD/ HTTP/1.1" 200 93187 "-" "Mozilla/5.0 (Macintosh; Intel Mac OS X 10_15_7) AppleWebKit/537.36 (KHTML, like Gecko) Chrome/120.0.0.0 Safari/537.36"
172.182.200.96 - - [27/Aug/2026:00:23:04 +0800] "GET /222.php HTTP/1.1" 404 917 "-" "-"
::1 - - [27/Aug/2026:00:23:04 +0800] "OPTIONS * HTTP/1.0" 200 110 "-" "Apache/2.4.68 (Ubuntu) OpenSSL/3.0.19 (internal dummy connection)"
172.182.200.96 - - [27/Aug/2026:00:23:04 +0800] "GET /gptsh.php HTTP/1.1" 404 917 "-" "-"
66.249.79.173 - - [27/Aug/2026:00:23:04 +0800] "GET /27384/2016/11/23/%E5%8F%B0%E7%81%A3%E6%AF%8D%E8%AA%9E%E6%97%A5%E5%AF%A6%E6%96%BD%E6%88%90%E6%9E%9C%E6%9C%AC%E5%9C%9F%E6%95%99%E8%82%B2%E9%80%B1%E8%A1%A8%E6%BC%94%E6%B4%BB%E5%8B%95-2/ HTTP/1.1" 200 16683 "-" "Mozilla/5.0 (Linux; Android 6.0.1; Nexus 5X Build/MMB29P) AppleWebKit/537.36 (KHTML, like Gecko) Chrome/151.0.7922.173 Mobile Safari/537.36 (compatible; Googlebot/2.1; +http://www.google.com/bot.html)"
