::1 - - [27/Aug/2026:00:20:07 +0800] "OPTIONS * HTTP/1.0" 200 110 "-" "Apache/2.4.68 (Ubuntu) OpenSSL/3.0.19 (internal dummy connection)"
140.111.67.10 - - [27/Aug/2026:00:20:07 +0800] "GET /" 301 273 "-" "-"
::1 - - [27/Aug/2026:00:20:08 +0800] "OPTIONS * HTTP/1.0" 200 110 "-" "Apache/2.4.68 (Ubuntu) OpenSSL/3.0.19 (internal dummy connection)"
::1 - - [27/Aug/2026:00:20:09 +0800] "OPTIONS * HTTP/1.0" 200 110 "-" "Apache/2.4.68 (Ubuntu) OpenSSL/3.0.19 (internal dummy connection)"
66.249.79.138 - - [27/Aug/2026:00:20:06 +0800] "GET /wp-login.php?action=ilc_logout&_wpnonce=43754d0aad&redirect_to=http://fslspoda38.ru/gallery/36388/ HTTP/1.1" 302 8249 "-" "Mozilla/5.0 (Linux; Android 6.0.1; Nexus 5X Build/MMB29P) AppleWebKit/537.36 (KHTML, like Gecko) Chrome/151.0.7922.173 Mobile Safari/537.36 (compatible; GoogleOther)"
122.100.113.50 - - [27/Aug/2026:00:20:09 +0800] "GET /wp-content/uploads/sites/1325/2022/04/%E6%96%B0%E5%A2%9E-Microsoft-PowerPoint-%E7%B0%A1%E5%A0%B1-2-1024x576.png HTTP/1.1" 200 223143 "https://www.naanes.ilc.edu.tw/%E7%8F%AD%E7%B4%9A%E7%B6%B2%E9%A0%81/" "Mozilla/5.0 (iPhone; CPU iPhone OS 18_7 like Mac OS X) AppleWebKit/605.1.15 (KHTML, like Gecko) Version/26.6 Mobile/15E148 Safari/604.1"
::1 - - [27/Aug/2026:00:20:10 +0800] "OPTIONS * HTTP/1.0" 200 110 "-" "Apache/2.4.68 (Ubuntu) OpenSSL/3.0.19 (internal dummy connection)"
2001:288:a201::66:125 - - [27/Aug/2026:00:20:10 +0800] "GET /blog/active.php HTTP/1.1" 301 1026 "-" "-"
2001:288:a201::66:125 - - [27/Aug/2026:00:20:10 +0800] "GET /blog/active.php HTTP/1.1" 404 1084 "-" "-"
::1 - - [27/Aug/2026:00:20:11 +0800] "OPTIONS * HTTP/1.0" 200 110 "-" "Apache/2.4.68 (Ubuntu) OpenSSL/3.0.19 (internal dummy connection)"
::1 - - [27/Aug/2026:00:20:12 +0800] "OPTIONS * HTTP/1.0" 200 110 "-" "Apache/2.4.68 (Ubuntu) OpenSSL/3.0.19 (internal dummy connection)"
140.111.67.10 - - [27/Aug/2026:00:20:12 +0800] "GET /" 301 273 "-" "-"
40.77.167.184 - - [27/Aug/2026:00:20:12 +0800] "GET /robots.txt HTTP/1.1" 200 5692 "-" "Mozilla/5.0 AppleWebKit/537.36 (KHTML, like Gecko; compatible; bingbot/2.0; +http://www.bing.com/bingbot.htm) Chrome/116.0.1938.76 Safari/537.36"
34.171.68.95 - - [27/Aug/2026:00:20:12 +0800] "GET /wp-content/uploads/sites/2795/7706/7706-661235.pdf HTTP/1.1" 200 225611 "-" "Mozilla/5.0 (Macintosh; Intel Mac OS X 10_15_7) AppleWebKit/537.36 (KHTML, like Gecko) Chrome/120.0.0.0 Safari/537.36"
34.56.124.53 - - [27/Aug/2026:00:20:12 +0800] "GET /32745/wp-json/wp/v2/posts/25154 HTTP/1.1" 200 18414 "-" "Mozilla/5.0 (Macintosh; Intel Mac OS X 10_15_7) AppleWebKit/537.36 (KHTML, like Gecko) Chrome/120.0.0.0 Safari/537.36"
::1 - - [27/Aug/2026:00:20:13 +0800] "OPTIONS * HTTP/1.0" 200 110 "-" "Apache/2.4.68 (Ubuntu) OpenSSL/3.0.19 (internal dummy connection)"
::1 - - [27/Aug/2026:00:20:14 +0800] "OPTIONS * HTTP/1.0" 200 110 "-" "Apache/2.4.68 (Ubuntu) OpenSSL/3.0.19 (internal dummy connection)"
240e:90e:2000:2006::127f - - [27/Aug/2026:00:20:14 +0800] "GET / HTTP/1.1" 200 25373 "-" "Mozilla/5.0 (Windows NT 10.0; Win64; x64) AppleWebKit/537.36 (KHTML, like Gecko) Chrome/144.0.0.0 Safari/537.36"
220.133.231.194 - - [27/Aug/2026:00:20:14 +0800] "GET /41336/%e6%95%99%e6%9d%90%e5%88%86%e4%ba%ab/ HTTP/1.1" 200 18899 "https://2blog.ilc.edu.tw/41336/%E3%80%8A%E5%85%B8%E7%AF%84%E6%95%99%E5%B8%AB%E7%8D%8E%E3%80%8B%E6%9E%97%E5%8D%83%E7%8E%89%E6%95%99%E6%8E%88/" "Mozilla/5.0 (Linux; Android 10; K) AppleWebKit/537.36 (KHTML, like Gecko) Chrome/151.0.0.0 Mobile Safari/537.36"
220.133.231.194 - - [27/Aug/2026:00:20:14 +0800] "GET /41336/wp-content/uploads/sites/2863/2025/11/%E8%9E%A2%E5%B9%95%E6%93%B7%E5%8F%96%E7%95%AB%E9%9D%A2-2025-11-23-165004-1024x564.png HTTP/1.1" 200 288195 "https://2blog.ilc.edu.tw/41336/%e6%95%99%e6%9d%90%e5%88%86%e4%ba%ab/" "Mozilla/5.0 (Linux; Android 10; K) AppleWebKit/537.36 (KHTML, like Gecko) Chrome/151.0.0.0 Mobile Safari/537.36"
220.133.231.194 - - [27/Aug/2026:00:20:15 +0800] "POST /41336/wp-json/ilc-summary/v1/popular-posts HTTP/1.1" 201 1612 "https://2blog.ilc.edu.tw/41336/%e6%95%99%e6%9d%90%e5%88%86%e4%ba%ab/" "Mozilla/5.0 (Linux; Android 10; K) AppleWebKit/537.36 (KHTML, like Gecko) Chrome/151.0.0.0 Mobile Safari/537.36"
240e:90e:2000:2006::127f - - [27/Aug/2026:00:20:15 +0800] "GET /wp-content/cache/www.sches.ilc.edu.tw/wpfc-minified/6zsms9b0/796y.css HTTP/1.1" 200 40896 "https://www.sches.ilc.edu.tw/" "Mozilla/5.0 (Windows NT 10.0; Win64; x64) AppleWebKit/537.36 (KHTML, like Gecko) Chrome/144.0.0.0 Safari/537.36"
85.208.96.212 - - [27/Aug/2026:00:20:15 +0800] "GET /6509/author/slwy/page/4/ HTTP/1.1" 200 16438 "-" "Mozilla/5.0 (compatible; SemrushBot/7~bl; +http://www.semrush.com/bot.html)"
2001:288:a201::66:125 - - [27/Aug/2026:00:20:15 +0800] "GET /blog/active.php HTTP/1.1" 301 1026 "-" "-"
2001:288:a201::66:125 - - [27/Aug/2026:00:20:15 +0800] "GET /blog/active.php HTTP/1.1" 404 1084 "-" "-"
52.167.144.140 - - [27/Aug/2026:00:20:16 +0800] "GET /?s= HTTP/1.1" 200 20820 "-" "Mozilla/5.0 AppleWebKit/537.36 (KHTML, like Gecko; compatible; bingbot/2.0; +http://www.bing.com/bingbot.htm) Chrome/116.0.1938.76 Safari/537.36"
240e:90e:2000:2006::127f - - [27/Aug/2026:00:20:17 +0800] "GET /wp-content/cache/www.sches.ilc.edu.tw/wpfc-minified/105776i1/c0c79.css HTTP/1.1" 200 7840 "https://www.sches.ilc.edu.tw/" "Mozilla/5.0 (Windows NT 10.0; Win64; x64) AppleWebKit/537.36 (KHTML, like Gecko) Chrome/144.0.0.0 Safari/537.36"
34.42.229.145 - - [27/Aug/2026:00:20:17 +0800] "GET /16771/wp-json/oembed/1.0/embed?url=https://2blog.ilc.edu.tw/16771/2012/11/09/101%25e5%25ad%25b8%25e5%25b9%25b4%25e5%25ba%25a6%25e7%25ac%25ac%25e4%25b8%2580%25e5%25ad%25b8%25e6%259c%259f%25e7%258f%25ad%25e7%25b4%259a%25e8%25aa%25b2%25e8%25a1%25a8/ HTTP/1.1" 200 8390 "-" "Mozilla/5.0 (Macintosh; Intel Mac OS X 10_15_7) AppleWebKit/537.36 (KHTML, like Gecko) Chrome/120.0.0.0 Safari/537.36"
140.111.67.10 - - [27/Aug/2026:00:20:17 +0800] "GET /" 301 273 "-" "-"
192.178.15.40 - - [27/Aug/2026:00:20:18 +0800] "GET /41336/wp-content/cache/2blog.ilc.edu.tw/wpfc-minified/moty3qt9/5woxg.css HTTP/1.1" 200 9103 "https://2blog.ilc.edu.tw/41336/%E6%95%99%E6%9D%90%E5%88%86%E4%BA%AB/" "Mozilla/5.0 (Linux; Android 10; K) AppleWebKit/537.36 (KHTML, like Gecko) Chrome/138.0.0.0 Mobile Safari/537.36 (compatible; Google-Read-Aloud; +https://support.google.com/webmasters/answer/1061943)"
192.178.15.41 - - [27/Aug/2026:00:20:18 +0800] "GET /41336/wp-content/cache/2blog.ilc.edu.tw/wpfc-minified/6zojx74y/5woxg.css HTTP/1.1" 200 58067 "https://2blog.ilc.edu.tw/41336/%E6%95%99%E6%9D%90%E5%88%86%E4%BA%AB/" "Mozilla/5.0 (Linux; Android 10; K) AppleWebKit/537.36 (KHTML, like Gecko) Chrome/138.0.0.0 Mobile Safari/537.36 (compatible; Google-Read-Aloud; +https://support.google.com/webmasters/answer/1061943)"
85.208.96.206 - - [27/Aug/2026:00:20:19 +0800] "GET /blog/blog/868/resource/3246/download/101534 HTTP/1.1" 404 25426 "-" "Mozilla/5.0 (compatible; SemrushBot/7~bl; +http://www.semrush.com/bot.html)"
40.77.167.156 - - [27/Aug/2026:00:20:20 +0800] "GET /yleerc/wp-content/cache/2blog.ilc.edu.tw/wpfc-minified/8nc699g1/5wt98.js HTTP/1.1" 200 40405 "https://2blog.ilc.edu.tw/yleerc/en/home-page/" "Mozilla/5.0 AppleWebKit/537.36 (KHTML, like Gecko; compatible; bingbot/2.0; +http://www.bing.com/bingbot.htm) Chrome/136.0.0.0 Safari/537.36 AppleWebKit/537.36 (KHTML, like Gecko; compatible; bingbot/2.0; +http://www.bing.com/bingbot.htm) Chrome/116.0.1938.76 Safari/537.36"
2001:288:a201::66:125 - - [27/Aug/2026:00:20:20 +0800] "GET /blog/active.php HTTP/1.1" 301 1026 "-" "-"
2001:288:a201::66:125 - - [27/Aug/2026:00:20:20 +0800] "GET /blog/active.php HTTP/1.1" 404 1084 "-" "-"
66.249.79.128 - - [27/Aug/2026:00:20:17 +0800] "GET /wp-login.php?action=ilc_logout&_wpnonce=43754d0aad&redirect_to=//semkrug.ru/gallery/8361/ HTTP/1.1" 302 8240 "-" "Mozilla/5.0 (Linux; Android 6.0.1; Nexus 5X Build/MMB29P) AppleWebKit/537.36 (KHTML, like Gecko) Chrome/151.0.7922.173 Mobile Safari/537.36 (compatible; Googlebot/2.1; +http://www.google.com/bot.html)"
240e:971:2000:500b::da - - [27/Aug/2026:00:20:21 +0800] "GET / HTTP/1.1" 200 25373 "-" "Mozilla/5.0 (Windows NT 10.0; Win64; x64) AppleWebKit/537.36 (KHTML, like Gecko) Chrome/144.0.0.0 Safari/537.36"
34.123.149.87 - - [27/Aug/2026:00:20:21 +0800] "GET /32745/2025/01/11/%E5%BE%90%E7%BE%8E%E8%8B%B1/ HTTP/1.1" 200 90917 "-" "Mozilla/5.0 (Macintosh; Intel Mac OS X 10_15_7) AppleWebKit/537.36 (KHTML, like Gecko) Chrome/120.0.0.0 Safari/537.36"
140.111.67.10 - - [27/Aug/2026:00:20:22 +0800] "GET /" 301 273 "-" "-"
34.56.124.53 - - [27/Aug/2026:00:20:22 +0800] "GET /3589/?p=1079 HTTP/1.1" 301 5649 "-" "Mozilla/5.0 (Macintosh; Intel Mac OS X 10_15_7) AppleWebKit/537.36 (KHTML, like Gecko) Chrome/120.0.0.0 Safari/537.36"
240e:971:2000:500b::da - - [27/Aug/2026:00:20:22 +0800] "GET /wp-content/cache/www.sches.ilc.edu.tw/wpfc-minified/6zsms9b0/796y.css HTTP/1.1" 200 40896 "https://www.sches.ilc.edu.tw/" "Mozilla/5.0 (Windows NT 10.0; Win64; x64) AppleWebKit/537.36 (KHTML, like Gecko) Chrome/144.0.0.0 Safari/537.36"
34.56.124.53 - - [27/Aug/2026:00:20:22 +0800] "GET /1990/2021/06/09/0610%E5%9B%9B%E5%AD%B8%E7%BF%92%E4%BB%BB%E5%8B%99%E4%B9%8B%E6%95%B8%E5%AD%B8/ HTTP/1.1" 200 14926 "-" "Mozilla/5.0 (Macintosh; Intel Mac OS X 10_15_7) AppleWebKit/537.36 (KHTML, like Gecko) Chrome/120.0.0.0 Safari/537.36"
240e:971:2000:500b::da - - [27/Aug/2026:00:20:23 +0800] "GET /wp-content/cache/www.sches.ilc.edu.tw/wpfc-minified/8kyab7zo/796y.css HTTP/1.1" 200 16120 "https://www.sches.ilc.edu.tw/" "Mozilla/5.0 (Windows NT 10.0; Win64; x64) AppleWebKit/537.36 (KHTML, like Gecko) Chrome/144.0.0.0 Safari/537.36"
17.246.23.247 - - [27/Aug/2026:00:20:23 +0800] "GET /9536/2011/04/21/%E8%8C%83%E9%BA%97%E5%8D%BF/ HTTP/1.1" 200 14268 "-" "Mozilla/5.0 (Macintosh; Intel Mac OS X 10_15_7) AppleWebKit/605.1.15 (KHTML, like Gecko) Version/17.4 Safari/605.1.15 (Applebot/0.1; +http://www.apple.com/go/applebot)"
240e:971:2000:500b::da - - [27/Aug/2026:00:20:23 +0800] "GET /wp-content/cache/www.sches.ilc.edu.tw/wpfc-minified/d6pqnqcv/796y.css HTTP/1.1" 200 1500 "https://www.sches.ilc.edu.tw/" "Mozilla/5.0 (Windows NT 10.0; Win64; x64) AppleWebKit/537.36 (KHTML, like Gecko) Chrome/144.0.0.0 Safari/537.36"
240e:971:2000:500b::da - - [27/Aug/2026:00:20:23 +0800] "GET /wp-content/cache/www.sches.ilc.edu.tw/wpfc-minified/qvhk4q78/c0c79.css HTTP/1.1" 200 56008 "https://www.sches.ilc.edu.tw/" "Mozilla/5.0 (Windows NT 10.0; Win64; x64) AppleWebKit/537.36 (KHTML, like Gecko) Chrome/144.0.0.0 Safari/537.36"
36.229.223.250 - - [27/Aug/2026:00:20:23 +0800] "-" 408 4794 "-" "-"
240e:971:2000:500b::da - - [27/Aug/2026:00:20:24 +0800] "GET /wp-content/cache/www.sches.ilc.edu.tw/wpfc-minified/105776i1/c0c79.css HTTP/1.1" 200 7840 "https://www.sches.ilc.edu.tw/" "Mozilla/5.0 (Windows NT 10.0; Win64; x64) AppleWebKit/537.36 (KHTML, like Gecko) Chrome/144.0.0.0 Safari/537.36"
17.246.23.247 - - [27/Aug/2026:00:20:24 +0800] "GET /9536/wp-content/cache/2blog.ilc.edu.tw/wpfc-minified/89psljv9/5wsvv.css HTTP/1.1" 200 32234 "https://2blog.ilc.edu.tw/9536/2011/04/21/%e8%8c%83%e9%ba%97%e5%8d%bf/" "Mozilla/5.0 (Macintosh; Intel Mac OS X 10_15_7) AppleWebKit/605.1.15 (KHTML, like Gecko) Version/17.4 Safari/605.1.15 (Applebot/0.1; +http://www.apple.com/go/applebot)"
34.30.223.149 - - [27/Aug/2026:00:20:21 +0800] "GET /21/wp-json/oembed/1.0/embed?format=xml&url=https://2blog.ilc.edu.tw/21/2019/08/21/%25e7%2594%259f%25e6%25b4%25bb%25e6%258a%2580%25e8%2583%25bd%25e6%2580%258e%25e9%25ba%25bc%25e6%2595%2599/ HTTP/1.1" 200 7020 "-" "Mozilla/5.0 (Macintosh; Intel Mac OS X 10_15_7) AppleWebKit/537.36 (KHTML, like Gecko) Chrome/120.0.0.0 Safari/537.36"
17.246.23.247 - - [27/Aug/2026:00:20:25 +0800] "GET /9536/wp-content/cache/2blog.ilc.edu.tw/wpfc-minified/m9kptxaf/5wsvv.css HTTP/1.1" 200 15782 "https://2blog.ilc.edu.tw/9536/2011/04/21/%e8%8c%83%e9%ba%97%e5%8d%bf/" "Mozilla/5.0 (Macintosh; Intel Mac OS X 10_15_7) AppleWebKit/605.1.15 (KHTML, like Gecko) Version/17.4 Safari/605.1.15 (Applebot/0.1; +http://www.apple.com/go/applebot)"
2001:288:a201::66:125 - - [27/Aug/2026:00:20:25 +0800] "GET /blog/active.php HTTP/1.1" 301 1026 "-" "-"
2001:288:a201::66:125 - - [27/Aug/2026:00:20:25 +0800] "GET /blog/active.php HTTP/1.1" 404 1084 "-" "-"
34.10.180.98 - - [27/Aug/2026:00:20:26 +0800] "GET /6514/2014/11/page/4/ HTTP/1.1" 200 15494 "-" "Mozilla/5.0 (Macintosh; Intel Mac OS X 10_15_7) AppleWebKit/537.36 (KHTML, like Gecko) Chrome/120.0.0.0 Safari/537.36"
17.246.23.247 - - [27/Aug/2026:00:20:27 +0800] "GET /9536/wp-content/cache/2blog.ilc.edu.tw/wpfc-minified/13kw18ii/5wsvv.js HTTP/1.1" 200 35564 "https://2blog.ilc.edu.tw/9536/2011/04/21/%e8%8c%83%e9%ba%97%e5%8d%bf/" "Mozilla/5.0 (Macintosh; Intel Mac OS X 10_15_7) AppleWebKit/605.1.15 (KHTML, like Gecko) Version/17.4 Safari/605.1.15 (Applebot/0.1; +http://www.apple.com/go/applebot)"
140.111.67.10 - - [27/Aug/2026:00:20:27 +0800] "GET /" 301 273 "-" "-"
240e:971:2000:500b::da - - [27/Aug/2026:00:20:27 +0800] "GET /wp-content/themes/oceanwp/assets/js/vendors/flickity.pkgd.min.js HTTP/1.1" 200 19853 "https://www.sches.ilc.edu.tw/" "Mozilla/5.0 (Windows NT 10.0; Win64; x64) AppleWebKit/537.36 (KHTML, like Gecko) Chrome/144.0.0.0 Safari/537.36"
240e:971:2000:500b::da - - [27/Aug/2026:00:20:28 +0800] "GET /wp-content/themes/oceanwp/assets/js/select.min.js HTTP/1.1" 200 2408 "https://www.sches.ilc.edu.tw/" "Mozilla/5.0 (Windows NT 10.0; Win64; x64) AppleWebKit/537.36 (KHTML, like Gecko) Chrome/144.0.0.0 Safari/537.36"
17.246.23.247 - - [27/Aug/2026:00:20:28 +0800] "GET /9536/wp-content/cache/2blog.ilc.edu.tw/wpfc-minified/9h4hxmj4/5wsvv.js HTTP/1.1" 200 1643 "https://2blog.ilc.edu.tw/9536/2011/04/21/%e8%8c%83%e9%ba%97%e5%8d%bf/" "Mozilla/5.0 (Macintosh; Intel Mac OS X 10_15_7) AppleWebKit/605.1.15 (KHTML, like Gecko) Version/17.4 Safari/605.1.15 (Applebot/0.1; +http://www.apple.com/go/applebot)"
240e:971:2000:500b::da - - [27/Aug/2026:00:20:28 +0800] "GET /wp-includes/js/dist/hooks.min.js HTTP/1.1" 200 2421 "https://www.sches.ilc.edu.tw/" "Mozilla/5.0 (Windows NT 10.0; Win64; x64) AppleWebKit/537.36 (KHTML, like Gecko) Chrome/144.0.0.0 Safari/537.36"
240e:971:2000:500b::da - - [27/Aug/2026:00:20:28 +0800] "GET /wp-includes/js/dist/a11y.min.js HTTP/1.1" 200 2168 "https://www.sches.ilc.edu.tw/" "Mozilla/5.0 (Windows NT 10.0; Win64; x64) AppleWebKit/537.36 (KHTML, like Gecko) Chrome/144.0.0.0 Safari/537.36"
240e:971:2000:500b::da - - [27/Aug/2026:00:20:28 +0800] "GET /wp-includes/js/wp-custom-header.min.js HTTP/1.1" 200 2827 "https://www.sches.ilc.edu.tw/" "Mozilla/5.0 (Windows NT 10.0; Win64; x64) AppleWebKit/537.36 (KHTML, like Gecko) Chrome/144.0.0.0 Safari/537.36"
240e:971:2000:500b::da - - [27/Aug/2026:00:20:28 +0800] "GET /wp-includes/js/mediaelement/mediaelement-and-player.min.js HTTP/1.1" 200 44607 "https://www.sches.ilc.edu.tw/" "Mozilla/5.0 (Windows NT 10.0; Win64; x64) AppleWebKit/537.36 (KHTML, like Gecko) Chrome/144.0.0.0 Safari/537.36"
2409:876c:2b34::85 - - [27/Aug/2026:00:20:28 +0800] "GET /2021/07/08/%E7%AC%AC%E5%8D%81%E5%B1%86%E8%87%BA%E4%B8%AD%E6%96%87%E5%AD%B8%E7%8D%8E%E5%BE%B5%E6%96%87%E6%B4%BB%E5%8B%95/ HTTP/1.1" 200 51499 "-" "Mozilla/5.0 (Windows NT 10.0; Win64; x64) AppleWebKit/537.36 (KHTML, like Gecko) Chrome/144.0.0.0 Safari/537.36"
240e:971:2000:500b::da - - [27/Aug/2026:00:20:29 +0800] "GET /wp-includes/js/mediaelement/wp-mediaelement.min.js HTTP/1.1" 200 1417 "https://www.sches.ilc.edu.tw/" "Mozilla/5.0 (Windows NT 10.0; Win64; x64) AppleWebKit/537.36 (KHTML, like Gecko) Chrome/144.0.0.0 Safari/537.36"
66.249.79.32 - - [27/Aug/2026:00:20:29 +0800] "GET /; HTTP/1.1" 301 1031 "-" "Mozilla/5.0 (Linux; Android 6.0.1; Nexus 5X Build/MMB29P) AppleWebKit/537.36 (KHTML, like Gecko) Chrome/151.0.7922.173 Mobile Safari/537.36 (compatible; Googlebot/2.1; +http://www.google.com/bot.html)"
61.61.220.174 - - [27/Aug/2026:00:20:29 +0800] "GET /2012/07/06/%e5%ad%b8%e6%a0%a1%e4%bd%8d%e7%bd%ae/ HTTP/1.1" 200 25406 "https://www.cwjh.ilc.edu.tw/category/c-8589/c-59227/" "Mozilla/5.0 (Linux; Android 10; K) AppleWebKit/537.36 (KHTML, like Gecko) Chrome/151.0.0.0 Mobile Safari/537.36"
34.171.68.95 - - [27/Aug/2026:00:20:29 +0800] "GET /2529/wp-json/wp/v2/posts/5 HTTP/1.1" 200 8248 "-" "Mozilla/5.0 (Macintosh; Intel Mac OS X 10_15_7) AppleWebKit/537.36 (KHTML, like Gecko) Chrome/120.0.0.0 Safari/537.36"
240e:971:2000:500b::da - - [27/Aug/2026:00:20:29 +0800] "GET /wp-includes/js/mediaelement/renderers/vimeo.min.js HTTP/1.1" 200 3164 "https://www.sches.ilc.edu.tw/" "Mozilla/5.0 (Windows NT 10.0; Win64; x64) AppleWebKit/537.36 (KHTML, like Gecko) Chrome/144.0.0.0 Safari/537.36"
122.100.113.50 - - [27/Aug/2026:00:20:29 +0800] "GET / HTTP/1.1" 200 20666 "https://www.google.com/" "Mozilla/5.0 (iPhone; CPU iPhone OS 18_7 like Mac OS X) AppleWebKit/605.1.15 (KHTML, like Gecko) Version/26.6 Mobile/15E148 Safari/604.1"
122.100.113.50 - - [27/Aug/2026:00:20:29 +0800] "GET /wp-content/uploads/sites/1325/elementor/css/post-191.css HTTP/1.1" 200 6132 "https://www.naanes.ilc.edu.tw/" "Mozilla/5.0 (iPhone; CPU iPhone OS 18_7 like Mac OS X) AppleWebKit/605.1.15 (KHTML, like Gecko) Version/26.6 Mobile/15E148 Safari/604.1"
122.100.113.50 - - [27/Aug/2026:00:20:29 +0800] "GET /wp-includes/js/dist/hooks.min.js HTTP/1.1" 200 2421 "https://www.naanes.ilc.edu.tw/" "Mozilla/5.0 (iPhone; CPU iPhone OS 18_7 like Mac OS X) AppleWebKit/605.1.15 (KHTML, like Gecko) Version/26.6 Mobile/15E148 Safari/604.1"
122.100.113.50 - - [27/Aug/2026:00:20:29 +0800] "GET /wp-includes/js/dist/i18n.min.js HTTP/1.1" 200 4547 "https://www.naanes.ilc.edu.tw/" "Mozilla/5.0 (iPhone; CPU iPhone OS 18_7 like Mac OS X) AppleWebKit/605.1.15 (KHTML, like Gecko) Version/26.6 Mobile/15E148 Safari/604.1"
122.100.113.50 - - [27/Aug/2026:00:20:29 +0800] "GET /wp-content/uploads/sites/1325/2026/03/%E5%8D%97%E5%AE%89%E5%9C%8B%E5%B0%8F%E6%96%B0%E7%94%9F%E5%A0%B1%E5%88%B0%E5%9B%89-%E7%9A%84%E8%A4%87%E6%9C%AC-1536x1086.png HTTP/1.1" 200 1233129 "https://www.naanes.ilc.edu.tw/" "Mozilla/5.0 (iPhone; CPU iPhone OS 18_7 like Mac OS X) AppleWebKit/605.1.15 (KHTML, like Gecko) Version/26.6 Mobile/15E148 Safari/604.1"
122.100.113.50 - - [27/Aug/2026:00:20:29 +0800] "GET /wp-includes/js/imagesloaded.min.js HTTP/1.1" 200 7489 "https://www.naanes.ilc.edu.tw/" "Mozilla/5.0 (iPhone; CPU iPhone OS 18_7 like Mac OS X) AppleWebKit/605.1.15 (KHTML, like Gecko) Version/26.6 Mobile/15E148 Safari/604.1"
122.100.113.50 - - [27/Aug/2026:00:20:29 +0800] "GET /wp-content/plugins/elementor-pro/assets/js/frontend.min.js HTTP/1.1" 200 7574 "https://www.naanes.ilc.edu.tw/" "Mozilla/5.0 (iPhone; CPU iPhone OS 18_7 like Mac OS X) AppleWebKit/605.1.15 (KHTML, like Gecko) Version/26.6 Mobile/15E148 Safari/604.1"
122.100.113.50 - - [27/Aug/2026:00:20:29 +0800] "GET /wp-content/plugins/elementor/assets/js/frontend-modules.min.js HTTP/1.1" 200 24222 "https://www.naanes.ilc.edu.tw/" "Mozilla/5.0 (iPhone; CPU iPhone OS 18_7 like Mac OS X) AppleWebKit/605.1.15 (KHTML, like Gecko) Version/26.6 Mobile/15E148 Safari/604.1"
122.100.113.50 - - [27/Aug/2026:00:20:29 +0800] "GET /wp-content/plugins/elementor-pro/assets/js/webpack-pro.runtime.min.js HTTP/1.1" 200 8368 "https://www.naanes.ilc.edu.tw/" "Mozilla/5.0 (iPhone; CPU iPhone OS 18_7 like Mac OS X) AppleWebKit/605.1.15 (KHTML, like Gecko) Version/26.6 Mobile/15E148 Safari/604.1"
122.100.113.50 - - [27/Aug/2026:00:20:29 +0800] "GET /wp-content/plugins/elementor/assets/lib/waypoints/waypoints.min.js HTTP/1.1" 200 3873 "https://www.naanes.ilc.edu.tw/" "Mozilla/5.0 (iPhone; CPU iPhone OS 18_7 like Mac OS X) AppleWebKit/605.1.15 (KHTML, like Gecko) Version/26.6 Mobile/15E148 Safari/604.1"
122.100.113.50 - - [27/Aug/2026:00:20:29 +0800] "GET /wp-includes/js/jquery/ui/core.min.js HTTP/1.1" 200 7986 "https://www.naanes.ilc.edu.tw/" "Mozilla/5.0 (iPhone; CPU iPhone OS 18_7 like Mac OS X) AppleWebKit/605.1.15 (KHTML, like Gecko) Version/26.6 Mobile/15E148 Safari/604.1"
122.100.113.50 - - [27/Aug/2026:00:20:29 +0800] "GET /wp-content/plugins/elementor/assets/js/frontend.min.js HTTP/1.1" 200 13169 "https://www.naanes.ilc.edu.tw/" "Mozilla/5.0 (iPhone; CPU iPhone OS 18_7 like Mac OS X) AppleWebKit/605.1.15 (KHTML, like Gecko) Version/26.6 Mobile/15E148 Safari/604.1"
17.246.23.247 - - [27/Aug/2026:00:20:29 +0800] "GET /9536/wp-includes/js/hoverintent-js.min.js HTTP/1.1" 200 1597 "https://2blog.ilc.edu.tw/9536/2011/04/21/%e8%8c%83%e9%ba%97%e5%8d%bf/" "Mozilla/5.0 (Macintosh; Intel Mac OS X 10_15_7) AppleWebKit/605.1.15 (KHTML, like Gecko) Version/17.4 Safari/605.1.15 (Applebot/0.1; +http://www.apple.com/go/applebot)"
122.100.113.50 - - [27/Aug/2026:00:20:29 +0800] "GET /wp-content/plugins/elementor-pro/assets/js/elements-handlers.min.js HTTP/1.1" 200 10882 "https://www.naanes.ilc.edu.tw/" "Mozilla/5.0 (iPhone; CPU iPhone OS 18_7 like Mac OS X) AppleWebKit/605.1.15 (KHTML, like Gecko) Version/26.6 Mobile/15E148 Safari/604.1"
122.100.113.50 - - [27/Aug/2026:00:20:30 +0800] "GET /wp-content/plugins/elementor/assets/js/webpack.runtime.min.js HTTP/1.1" 200 7901 "https://www.naanes.ilc.edu.tw/" "Mozilla/5.0 (iPhone; CPU iPhone OS 18_7 like Mac OS X) AppleWebKit/605.1.15 (KHTML, like Gecko) Version/26.6 Mobile/15E148 Safari/604.1"
122.100.113.50 - - [27/Aug/2026:00:20:30 +0800] "GET /wp-content/plugins/elementor-pro/assets/js/social.2d2e44e8608690943f29.bundle.min.js HTTP/1.1" 200 1433 "https://www.naanes.ilc.edu.tw/" "Mozilla/5.0 (iPhone; CPU iPhone OS 18_7 like Mac OS X) AppleWebKit/605.1.15 (KHTML, like Gecko) Version/26.6 Mobile/15E148 Safari/604.1"
122.100.113.50 - - [27/Aug/2026:00:20:30 +0800] "GET /wp-content/plugins/elementor-pro/assets/js/load-more.bc9573b5d1f73abd80b9.bundle.min.js HTTP/1.1" 200 2424 "https://www.naanes.ilc.edu.tw/" "Mozilla/5.0 (iPhone; CPU iPhone OS 18_7 like Mac OS X) AppleWebKit/605.1.15 (KHTML, like Gecko) Version/26.6 Mobile/15E148 Safari/604.1"
122.100.113.50 - - [27/Aug/2026:00:20:30 +0800] "GET /wp-content/plugins/elementor/assets/js/text-editor.2c35aafbe5bf0e127950.bundle.min.js HTTP/1.1" 200 1545 "https://www.naanes.ilc.edu.tw/" "Mozilla/5.0 (iPhone; CPU iPhone OS 18_7 like Mac OS X) AppleWebKit/605.1.15 (KHTML, like Gecko) Version/26.6 Mobile/15E148 Safari/604.1"
122.100.113.50 - - [27/Aug/2026:00:20:30 +0800] "GET /wp-content/plugins/elementor-pro/assets/js/posts.caaf3e27e57db8207afc.bundle.min.js HTTP/1.1" 200 2145 "https://www.naanes.ilc.edu.tw/" "Mozilla/5.0 (iPhone; CPU iPhone OS 18_7 like Mac OS X) AppleWebKit/605.1.15 (KHTML, like Gecko) Version/26.6 Mobile/15E148 Safari/604.1"
40.77.167.156 - - [27/Aug/2026:00:20:30 +0800] "GET /yleerc/wp-content/themes/oceanwp/assets/js/ow-slider.min.js HTTP/1.1" 200 6587 "https://2blog.ilc.edu.tw/yleerc/en/home-page/" "Mozilla/5.0 AppleWebKit/537.36 (KHTML, like Gecko; compatible; bingbot/2.0; +http://www.bing.com/bingbot.htm) Chrome/136.0.0.0 Safari/537.36 AppleWebKit/537.36 (KHTML, like Gecko; compatible; bingbot/2.0; +http://www.bing.com/bingbot.htm) Chrome/116.0.1938.76 Safari/537.36"
2408:872f:200:3::104f - - [27/Aug/2026:00:20:30 +0800] "GET /author/hui-wen/page/7 HTTP/1.1" 301 5783 "-" "Mozilla/5.0 (Windows NT 10.0; Win64; x64) AppleWebKit/537.36 (KHTML, like Gecko) Chrome/144.0.0.0 Safari/537.36"
2001:288:a201::66:125 - - [27/Aug/2026:00:20:31 +0800] "GET /blog/active.php HTTP/1.1" 301 1026 "-" "-"
2001:288:a201::66:125 - - [27/Aug/2026:00:20:31 +0800] "GET /blog/active.php HTTP/1.1" 404 1084 "-" "-"
2408:872f:200:3::104f - - [27/Aug/2026:00:20:31 +0800] "GET /author/hui-wen/page/7/ HTTP/1.1" 200 10888 "-" "Mozilla/5.0 (Windows NT 10.0; Win64; x64) AppleWebKit/537.36 (KHTML, like Gecko) Chrome/144.0.0.0 Safari/537.36"
66.249.71.130 - - [27/Aug/2026:00:20:31 +0800] "GET /; HTTP/1.1" 301 5823 "-" "Mozilla/5.0 (Linux; Android 6.0.1; Nexus 5X Build/MMB29P) AppleWebKit/537.36 (KHTML, like Gecko) Chrome/151.0.7922.173 Mobile Safari/537.36 (compatible; Googlebot/2.1; +http://www.google.com/bot.html)"
17.246.23.247 - - [27/Aug/2026:00:20:31 +0800] "GET /9536/wp-includes/js/admin-bar.min.js HTTP/1.1" 200 2237 "https://2blog.ilc.edu.tw/9536/2011/04/21/%e8%8c%83%e9%ba%97%e5%8d%bf/" "Mozilla/5.0 (Macintosh; Intel Mac OS X 10_15_7) AppleWebKit/605.1.15 (KHTML, like Gecko) Version/17.4 Safari/605.1.15 (Applebot/0.1; +http://www.apple.com/go/applebot)"
2408:872f:200:3::104f - - [27/Aug/2026:00:20:31 +0800] "GET /wp-content/cache/www.daes.ilc.edu.tw/wpfc-minified/f3c1mnf7/73ws.css HTTP/1.1" 200 40884 "https://www.daes.ilc.edu.tw/author/hui-wen/page/7/" "Mozilla/5.0 (Windows NT 10.0; Win64; x64) AppleWebKit/537.36 (KHTML, like Gecko) Chrome/144.0.0.0 Safari/537.36"
61.61.220.174 - - [27/Aug/2026:00:20:29 +0800] "POST /wp-json/ilc-summary/v1/popular-posts HTTP/1.1" 201 1267 "https://www.cwjh.ilc.edu.tw/2012/07/06/%e5%ad%b8%e6%a0%a1%e4%bd%8d%e7%bd%ae/" "Mozilla/5.0 (Linux; Android 10; K) AppleWebKit/537.36 (KHTML, like Gecko) Chrome/151.0.0.0 Mobile Safari/537.36"
140.111.67.10 - - [27/Aug/2026:00:20:32 +0800] "GET /" 301 273 "-" "-"
34.171.68.95 - - [27/Aug/2026:00:20:31 +0800] "GET /32745/2025/08/09/%E8%88%8A%E6%83%85%E6%83%85%E6%B7%B1/ HTTP/1.1" 200 92371 "-" "Mozilla/5.0 (Macintosh; Intel Mac OS X 10_15_7) AppleWebKit/537.36 (KHTML, like Gecko) Chrome/120.0.0.0 Safari/537.36"
2408:872f:200:3::104f - - [27/Aug/2026:00:20:32 +0800] "GET /wp-content/cache/www.daes.ilc.edu.tw/wpfc-minified/eukwje3/73ws.css HTTP/1.1" 200 15777 "https://www.daes.ilc.edu.tw/author/hui-wen/page/7/" "Mozilla/5.0 (Windows NT 10.0; Win64; x64) AppleWebKit/537.36 (KHTML, like Gecko) Chrome/144.0.0.0 Safari/537.36"
66.249.79.173 - - [27/Aug/2026:00:20:32 +0800] "GET /blog/result_detail.jsp?n_no=974&curpage=1&sample=m%CC%84&radiobutton=1&querytarget=2&limit=100000&pagenum=1&rowcount=42 HTTP/1.1" 404 25470 "-" "Mozilla/5.0 (Linux; Android 6.0.1; Nexus 5X Build/MMB29P) AppleWebKit/537.36 (KHTML, like Gecko) Chrome/151.0.7922.173 Mobile Safari/537.36 (compatible; Googlebot/2.1; +http://www.google.com/bot.html)"
34.171.68.95 - - [27/Aug/2026:00:20:32 +0800] "GET /37612/wp-json/oembed/1.0/embed?url=https://2blog.ilc.edu.tw/37612/2017/12/25/1061225%25e8%2581%2596%25e8%25aa%2595%25e5%25bf%25ab%25e6%25a8%2582/ HTTP/1.1" 200 8370 "-" "Mozilla/5.0 (Macintosh; Intel Mac OS X 10_15_7) AppleWebKit/537.36 (KHTML, like Gecko) Chrome/120.0.0.0 Safari/537.36"
2408:872f:200:3::104f - - [27/Aug/2026:00:20:32 +0800] "GET /wp-content/cache/www.daes.ilc.edu.tw/wpfc-minified/fde0jnib/73ws.css HTTP/1.1" 200 1157 "https://www.daes.ilc.edu.tw/author/hui-wen/page/7/" "Mozilla/5.0 (Windows NT 10.0; Win64; x64) AppleWebKit/537.36 (KHTML, like Gecko) Chrome/144.0.0.0 Safari/537.36"
2409:876c:2b34::85 - - [27/Aug/2026:00:20:32 +0800] "GET /wp-content/cache/www.najh.ilc.edu.tw/wpfc-minified/1f13uvw/6wh9.css HTTP/1.1" 200 41223 "https://www.najh.ilc.edu.tw/2021/07/08/%E7%AC%AC%E5%8D%81%E5%B1%86%E8%87%BA%E4%B8%AD%E6%96%87%E5%AD%B8%E7%8D%8E%E5%BE%B5%E6%96%87%E6%B4%BB%E5%8B%95/" "Mozilla/5.0 (Windows NT 10.0; Win64; x64) AppleWebKit/537.36 (KHTML, like Gecko) Chrome/144.0.0.0 Safari/537.36"
17.246.23.247 - - [27/Aug/2026:00:20:32 +0800] "GET /9536/wp-content/cache/2blog.ilc.edu.tw/wpfc-minified/lcpgv0ii/5wsvv.css HTTP/1.1" 200 2095 "https://2blog.ilc.edu.tw/9536/2011/04/21/%e8%8c%83%e9%ba%97%e5%8d%bf/" "Mozilla/5.0 (Macintosh; Intel Mac OS X 10_15_7) AppleWebKit/605.1.15 (KHTML, like Gecko) Version/17.4 Safari/605.1.15 (Applebot/0.1; +http://www.apple.com/go/applebot)"
2409:876c:2b34::85 - - [27/Aug/2026:00:20:33 +0800] "GET /wp-content/cache/www.najh.ilc.edu.tw/wpfc-minified/4ybahoo/6wh9.css HTTP/1.1" 200 20584 "https://www.najh.ilc.edu.tw/2021/07/08/%E7%AC%AC%E5%8D%81%E5%B1%86%E8%87%BA%E4%B8%AD%E6%96%87%E5%AD%B8%E7%8D%8E%E5%BE%B5%E6%96%87%E6%B4%BB%E5%8B%95/" "Mozilla/5.0 (Windows NT 10.0; Win64; x64) AppleWebKit/537.36 (KHTML, like Gecko) Chrome/144.0.0.0 Safari/537.36"
2409:876c:2b34::85 - - [27/Aug/2026:00:20:33 +0800] "GET /wp-content/cache/www.najh.ilc.edu.tw/wpfc-minified/kz7ju7r3/6wh9.css HTTP/1.1" 200 5959 "https://www.najh.ilc.edu.tw/2021/07/08/%E7%AC%AC%E5%8D%81%E5%B1%86%E8%87%BA%E4%B8%AD%E6%96%87%E5%AD%B8%E7%8D%8E%E5%BE%B5%E6%96%87%E6%B4%BB%E5%8B%95/" "Mozilla/5.0 (Windows NT 10.0; Win64; x64) AppleWebKit/537.36 (KHTML, like Gecko) Chrome/144.0.0.0 Safari/537.36"
2408:872f:200:3::104f - - [27/Aug/2026:00:20:33 +0800] "GET /wp-content/cache/www.daes.ilc.edu.tw/wpfc-minified/1pa6d9is/73ws.css HTTP/1.1" 200 61304 "https://www.daes.ilc.edu.tw/author/hui-wen/page/7/" "Mozilla/5.0 (Windows NT 10.0; Win64; x64) AppleWebKit/537.36 (KHTML, like Gecko) Chrome/144.0.0.0 Safari/537.36"
2409:876c:2b34::85 - - [27/Aug/2026:00:20:33 +0800] "GET /wp-content/cache/www.najh.ilc.edu.tw/wpfc-minified/kcxb236g/6wh9.css HTTP/1.1" 200 61345 "https://www.najh.ilc.edu.tw/2021/07/08/%E7%AC%AC%E5%8D%81%E5%B1%86%E8%87%BA%E4%B8%AD%E6%96%87%E5%AD%B8%E7%8D%8E%E5%BE%B5%E6%96%87%E6%B4%BB%E5%8B%95/" "Mozilla/5.0 (Windows NT 10.0; Win64; x64) AppleWebKit/537.36 (KHTML, like Gecko) Chrome/144.0.0.0 Safari/537.36"
2409:876c:2b34::85 - - [27/Aug/2026:00:20:33 +0800] "GET /wp-content/cache/www.najh.ilc.edu.tw/wpfc-minified/k0kc5650/6wh9.js HTTP/1.1" 200 35897 "https://www.najh.ilc.edu.tw/2021/07/08/%E7%AC%AC%E5%8D%81%E5%B1%86%E8%87%BA%E4%B8%AD%E6%96%87%E5%AD%B8%E7%8D%8E%E5%BE%B5%E6%96%87%E6%B4%BB%E5%8B%95/" "Mozilla/5.0 (Windows NT 10.0; Win64; x64) AppleWebKit/537.36 (KHTML, like Gecko) Chrome/144.0.0.0 Safari/537.36"
66.249.79.34 - - [27/Aug/2026:00:20:33 +0800] "GET / HTTP/1.1" 200 31666 "-" "Mozilla/5.0 (Linux; Android 6.0.1; Nexus 5X Build/MMB29P) AppleWebKit/537.36 (KHTML, like Gecko) Chrome/151.0.7922.173 Mobile Safari/537.36 (compatible; Googlebot/2.1; +http://www.google.com/bot.html)"
2408:872f:200:3::104f - - [27/Aug/2026:00:20:33 +0800] "GET /wp-content/cache/www.daes.ilc.edu.tw/wpfc-minified/993j6met/73ws.js HTTP/1.1" 200 35557 "https://www.daes.ilc.edu.tw/author/hui-wen/page/7/" "Mozilla/5.0 (Windows NT 10.0; Win64; x64) AppleWebKit/537.36 (KHTML, like Gecko) Chrome/144.0.0.0 Safari/537.36"
2409:876c:2b34::85 - - [27/Aug/2026:00:20:34 +0800] "GET /wp-content/cache/www.najh.ilc.edu.tw/wpfc-minified/2b17nkg1/6wh9.js HTTP/1.1" 200 1639 "https://www.najh.ilc.edu.tw/2021/07/08/%E7%AC%AC%E5%8D%81%E5%B1%86%E8%87%BA%E4%B8%AD%E6%96%87%E5%AD%B8%E7%8D%8E%E5%BE%B5%E6%96%87%E6%B4%BB%E5%8B%95/" "Mozilla/5.0 (Windows NT 10.0; Win64; x64) AppleWebKit/537.36 (KHTML, like Gecko) Chrome/144.0.0.0 Safari/537.36"
34.57.162.91 - - [27/Aug/2026:00:20:33 +0800] "GET /wp-content/uploads/sites/2745/6454/6454-3970645.pdf HTTP/1.1" 200 419347 "-" "Mozilla/5.0 (Macintosh; Intel Mac OS X 10_15_7) AppleWebKit/537.36 (KHTML, like Gecko) Chrome/120.0.0.0 Safari/537.36"
::1 - - [27/Aug/2026:00:20:34 +0800] "OPTIONS * HTTP/1.0" 200 110 "-" "Apache/2.4.68 (Ubuntu) OpenSSL/3.0.19 (internal dummy connection)"
2408:872f:200:3::104f - - [27/Aug/2026:00:20:34 +0800] "GET /wp-includes/js/hoverintent-js.min.js HTTP/1.1" 200 1597 "https://www.daes.ilc.edu.tw/author/hui-wen/page/7/" "Mozilla/5.0 (Windows NT 10.0; Win64; x64) AppleWebKit/537.36 (KHTML, like Gecko) Chrome/144.0.0.0 Safari/537.36"
2408:872f:200:3::104f - - [27/Aug/2026:00:20:34 +0800] "GET /wp-content/themes/oceanwp/assets/js/drop-down-mobile-menu.min.js HTTP/1.1" 200 4663 "https://www.daes.ilc.edu.tw/author/hui-wen/page/7/" "Mozilla/5.0 (Windows NT 10.0; Win64; x64) AppleWebKit/537.36 (KHTML, like Gecko) Chrome/144.0.0.0 Safari/537.36"
2409:876c:2b34::85 - - [27/Aug/2026:00:20:34 +0800] "GET /wp-content/cache/www.najh.ilc.edu.tw/wpfc-minified/87xhsi2d/6wh9.css HTTP/1.1" 200 4322 "https://www.najh.ilc.edu.tw/2021/07/08/%E7%AC%AC%E5%8D%81%E5%B1%86%E8%87%BA%E4%B8%AD%E6%96%87%E5%AD%B8%E7%8D%8E%E5%BE%B5%E6%96%87%E6%B4%BB%E5%8B%95/" "Mozilla/5.0 (Windows NT 10.0; Win64; x64) AppleWebKit/537.36 (KHTML, like Gecko) Chrome/144.0.0.0 Safari/537.36"
66.249.79.173 - - [27/Aug/2026:00:20:34 +0800] "GET /868/49571/ HTTP/1.1" 200 14769 "-" "Mozilla/5.0 (Linux; Android 6.0.1; Nexus 5X Build/MMB29P) AppleWebKit/537.36 (KHTML, like Gecko) Chrome/151.0.7922.173 Mobile Safari/537.36 (compatible; Googlebot/2.1; +http://www.google.com/bot.html)"
2408:872f:200:3::104f - - [27/Aug/2026:00:20:35 +0800] "GET /wp-content/themes/oceanwp/assets/js/vendors/flickity.pkgd.min.js HTTP/1.1" 200 15048 "https://www.daes.ilc.edu.tw/author/hui-wen/page/7/" "Mozilla/5.0 (Windows NT 10.0; Win64; x64) AppleWebKit/537.36 (KHTML, like Gecko) Chrome/144.0.0.0 Safari/537.36"
185.191.171.12 - - [27/Aug/2026:00:20:34 +0800] "GET /ysjhgsroom/2020/08/13/108%E5%AD%B8%E5%B9%B4%E5%BA%A6%E5%85%8D%E8%B2%BB%E5%8D%88%E9%A4%90%E5%95%8F%E5%8D%B7%E6%8A%BD%E6%A8%A3%E7%B5%90%E6%9E%9C/2020-05-07-%E5%8D%88%E9%A4%90%E5%95%8F%E5%8D%B7%E8%AA%BF%E6%9F%A5301-305/ HTTP/1.1" 200 16300 "-" "Mozilla/5.0 (compatible; SemrushBot/7~bl; +http://www.semrush.com/bot.html)"
::1 - - [27/Aug/2026:00:20:35 +0800] "OPTIONS * HTTP/1.0" 200 110 "-" "Apache/2.4.68 (Ubuntu) OpenSSL/3.0.19 (internal dummy connection)"
2408:872f:200:3::104f - - [27/Aug/2026:00:20:35 +0800] "GET /wp-content/plugins/ocean-extra/includes/widgets/js/flickr.min.js HTTP/1.1" 200 1319 "https://www.daes.ilc.edu.tw/author/hui-wen/page/7/" "Mozilla/5.0 (Windows NT 10.0; Win64; x64) AppleWebKit/537.36 (KHTML, like Gecko) Chrome/144.0.0.0 Safari/537.36"
2001:288:a201::66:125 - - [27/Aug/2026:00:20:35 +0800] "GET /blog/active.php HTTP/1.1" 301 1026 "-" "-"
34.30.223.149 - - [27/Aug/2026:00:20:35 +0800] "GET /24659/wp-json/oembed/1.0/embed?format=xml&url=https://2blog.ilc.edu.tw/24659/2013/05/08/%25e7%258e%25a9%25e6%25b3%25a5%25e6%25b2%2599/ HTTP/1.1" 200 7014 "-" "Mozilla/5.0 (Macintosh; Intel Mac OS X 10_15_7) AppleWebKit/537.36 (KHTML, like Gecko) Chrome/120.0.0.0 Safari/537.36"
2001:288:a201::66:125 - - [27/Aug/2026:00:20:35 +0800] "GET /blog/active.php HTTP/1.1" 404 1084 "-" "-"
34.56.124.53 - - [27/Aug/2026:00:20:35 +0800] "GET /32745/category/%E8%89%BE%E8%B4%8Fvs%E7%BE%BD%E7%90%AA/feed/ HTTP/1.1" 200 9591 "-" "Mozilla/5.0 (Macintosh; Intel Mac OS X 10_15_7) AppleWebKit/537.36 (KHTML, like Gecko) Chrome/120.0.0.0 Safari/537.36"
2409:876c:2b34::85 - - [27/Aug/2026:00:20:35 +0800] "GET /wp-includes/js/hoverintent-js.min.js HTTP/1.1" 200 1597 "https://www.najh.ilc.edu.tw/2021/07/08/%E7%AC%AC%E5%8D%81%E5%B1%86%E8%87%BA%E4%B8%AD%E6%96%87%E5%AD%B8%E7%8D%8E%E5%BE%B5%E6%96%87%E6%B4%BB%E5%8B%95/" "Mozilla/5.0 (Windows NT 10.0; Win64; x64) AppleWebKit/537.36 (KHTML, like Gecko) Chrome/144.0.0.0 Safari/537.36"
49.158.194.116 - - [27/Aug/2026:00:20:36 +0800] "GET /favicon.ico HTTP/1.1" 302 5855 "-" "NetworkingExtension/8624.4.5.10.5 Network/5812.160.9 iOS/26.6"
49.158.194.116 - - [27/Aug/2026:00:20:36 +0800] "GET /apple-touch-icon-precomposed.png HTTP/1.1" 404 53247 "-" "NetworkingExtension/8624.4.5.10.5 Network/5812.160.9 iOS/26.6"
49.158.194.116 - - [27/Aug/2026:00:20:36 +0800] "GET /wp-content/uploads/sites/187/2025/06/cropped-pp11-32x32.jpg HTTP/1.1" 200 1858 "-" "NetworkingExtension/8624.4.5.10.5 Network/5812.160.9 iOS/26.6"
60.248.142.179 - steps [27/Aug/2026:00:20:36 +0800] "HEAD / HTTP/1.1" 200 5488 "-" "Mozilla/5.0 (compatible; HostMonitor/1.0)"
49.158.194.116 - - [27/Aug/2026:00:20:36 +0800] "GET /apple-touch-icon.png HTTP/1.1" 404 53247 "-" "NetworkingExtension/8624.4.5.10.5 Network/5812.160.9 iOS/26.6"
2600:1700:86a0:d380:390d:ba99:bb8e:677d - - [27/Aug/2026:00:20:36 +0800] "GET /%E6%A0%A1%E8%88%8D%E5%B9%B3%E9%9D%A2 HTTP/1.1" 301 5798 "-" "Mozilla/5.0 (Windows NT 10.0; Win64; x64) AppleWebKit/537.36 (KHTML, like Gecko) Chrome/144.0.0.0 Safari/537.36"
::1 - - [27/Aug/2026:00:20:36 +0800] "OPTIONS * HTTP/1.0" 200 110 "-" "Apache/2.4.68 (Ubuntu) OpenSSL/3.0.19 (internal dummy connection)"
49.158.194.116 - - [27/Aug/2026:00:20:35 +0800] "GET / HTTP/1.1" 200 20088 "-" "Mozilla/5.0 (Macintosh; Intel Mac OS X 10_11_1) AppleWebKit/601.2.4 (KHTML, like Gecko) Version/9.0.1 Safari/601.2.4 facebookexternalhit/1.1 Facebot Twitterbot/1.0"
49.158.194.116 - - [27/Aug/2026:00:20:36 +0800] "GET /wp-content/uploads/sites/187/2026/03/114%E9%9F%B3%E6%A8%82%E6%AF%94%E8%B3%BD-450x300.png HTTP/1.1" 200 289268 "-" "NetworkingExtension/8624.4.5.10.5 Network/5812.160.9 iOS/26.6"
34.56.53.225 - - [27/Aug/2026:00:20:36 +0800] "GET /6554/2018/11/03/107_2-2-8_%E6%95%85%E5%AE%AE%E5%8D%9A%E7%89%A9%E9%A4%A8%E6%9A%A8%E7%A7%91%E6%95%99%E9%A4%A8pm2-5%E7%89%B9%E5%B1%95%E5%AD%B8%E7%BF%92%E5%96%AE/ HTTP/1.1" 200 16544 "-" "Mozilla/5.0 (Macintosh; Intel Mac OS X 10_15_7) AppleWebKit/537.36 (KHTML, like Gecko) Chrome/120.0.0.0 Safari/537.36"
2409:876c:2b34::85 - - [27/Aug/2026:00:20:36 +0800] "GET /wp-includes/js/admin-bar.min.js HTTP/1.1" 200 2237 "https://www.najh.ilc.edu.tw/2021/07/08/%E7%AC%AC%E5%8D%81%E5%B1%86%E8%87%BA%E4%B8%AD%E6%96%87%E5%AD%B8%E7%8D%8E%E5%BE%B5%E6%96%87%E6%B4%BB%E5%8B%95/" "Mozilla/5.0 (Windows NT 10.0; Win64; x64) AppleWebKit/537.36 (KHTML, like Gecko) Chrome/144.0.0.0 Safari/537.36"
49.158.194.116 - - [27/Aug/2026:00:20:36 +0800] "GET /wp-content/uploads/sites/187/2025/06/cropped-pp11-192x192.jpg HTTP/1.1" 200 14437 "-" "NetworkingExtension/8624.4.5.10.5 Network/5812.160.9 iOS/26.6"
49.158.194.116 - - [27/Aug/2026:00:20:36 +0800] "GET /wp-content/uploads/sites/187/2026/01/Purple-and-Beige-Illustrative-Sports-Presentation-3-450x300.png HTTP/1.1" 200 204850 "-" "NetworkingExtension/8624.4.5.10.5 Network/5812.160.9 iOS/26.6"
49.158.194.116 - - [27/Aug/2026:00:20:36 +0800] "GET /wp-content/uploads/sites/187/2025/06/cropped-pp11-32x32.jpg HTTP/1.1" 200 6661 "-" "NetworkingExtension/8624.4.5.10.5 Network/5812.160.9 iOS/26.6"
49.158.194.116 - - [27/Aug/2026:00:20:36 +0800] "GET /wp-content/uploads/sites/187/2025/06/cropped-pp11-180x180.jpg HTTP/1.1" 200 14056 "-" "NetworkingExtension/8624.4.5.10.5 Network/5812.160.9 iOS/26.6"
49.158.194.116 - - [27/Aug/2026:00:20:36 +0800] "GET /29197/wp-content/uploads/sites/187/2025/06/%E6%88%90%E9%95%B7%E8%87%AA%E6%88%91-%E6%8E%A2%E7%B4%A2%E6%9C%AA%E4%BE%86-1.png HTTP/1.1" 200 1013025 "-" "NetworkingExtension/8624.4.5.10.5 Network/5812.160.9 iOS/26.6"
2600:1700:86a0:d380:390d:ba99:bb8e:677d - - [27/Aug/2026:00:20:37 +0800] "GET /%E6%A0%A1%E8%88%8D%E5%B9%B3%E9%9D%A2/ HTTP/1.1" 200 13194 "-" "Mozilla/5.0 (Windows NT 10.0; Win64; x64) AppleWebKit/537.36 (KHTML, like Gecko) Chrome/144.0.0.0 Safari/537.36"
34.56.53.225 - - [27/Aug/2026:00:20:36 +0800] "GET /32745/?p=83666 HTTP/1.1" 301 5620 "-" "Mozilla/5.0 (Macintosh; Intel Mac OS X 10_15_7) AppleWebKit/537.36 (KHTML, like Gecko) Chrome/120.0.0.0 Safari/537.36"
85.208.96.197 - - [27/Aug/2026:00:20:37 +0800] "GET /kses1093a/category/%E7%8F%AD%E7%B4%9A%E8%A8%8A%E6%81%AF/%E8%81%AF%E7%B5%A1%E7%B0%BF/page/33/ HTTP/1.1" 200 20022 "-" "Mozilla/5.0 (compatible; SemrushBot/7~bl; +http://www.semrush.com/bot.html)"
::1 - - [27/Aug/2026:00:20:37 +0800] "OPTIONS * HTTP/1.0" 200 110 "-" "Apache/2.4.68 (Ubuntu) OpenSSL/3.0.19 (internal dummy connection)"
140.111.67.10 - - [27/Aug/2026:00:20:37 +0800] "GET /" 301 273 "-" "-"
122.100.113.50 - - [27/Aug/2026:00:20:37 +0800] "GET /2019/03/25/%e7%b8%bd%e5%8b%99%e8%99%95/ HTTP/1.1" 200 13615 "https://www.naanes.ilc.edu.tw/2016/05/31/%e6%95%99%e5%b0%8e%e8%99%95/" "Mozilla/5.0 (Linux; Android 10; K) AppleWebKit/537.36 (KHTML, like Gecko) Chrome/143.0.0.0 Mobile Safari/537.36"
2409:876c:2b34::85 - - [27/Aug/2026:00:20:37 +0800] "GET /wp-includes/js/imagesloaded.min.js HTTP/1.1" 200 2683 "https://www.najh.ilc.edu.tw/2021/07/08/%E7%AC%AC%E5%8D%81%E5%B1%86%E8%87%BA%E4%B8%AD%E6%96%87%E5%AD%B8%E7%8D%8E%E5%BE%B5%E6%96%87%E6%B4%BB%E5%8B%95/" "Mozilla/5.0 (Windows NT 10.0; Win64; x64) AppleWebKit/537.36 (KHTML, like Gecko) Chrome/144.0.0.0 Safari/537.36"
2600:1700:86a0:d380:390d:ba99:bb8e:677d - - [27/Aug/2026:00:20:37 +0800] "GET /wp-content/cache/www.scjh.ilc.edu.tw/wpfc-minified/lwo3o4ql/713q.css HTTP/1.1" 200 40884 "https://www.scjh.ilc.edu.tw/%E6%A0%A1%E8%88%8D%E5%B9%B3%E9%9D%A2/" "Mozilla/5.0 (Windows NT 10.0; Win64; x64) AppleWebKit/537.36 (KHTML, like Gecko) Chrome/144.0.0.0 Safari/537.36"
2409:876c:2b34::85 - - [27/Aug/2026:00:20:38 +0800] "GET /wp-content/themes/oceanwp/assets/js/theme.min.js HTTP/1.1" 200 5130 "https://www.najh.ilc.edu.tw/2021/07/08/%E7%AC%AC%E5%8D%81%E5%B1%86%E8%87%BA%E4%B8%AD%E6%96%87%E5%AD%B8%E7%8D%8E%E5%BE%B5%E6%96%87%E6%B4%BB%E5%8B%95/" "Mozilla/5.0 (Windows NT 10.0; Win64; x64) AppleWebKit/537.36 (KHTML, like Gecko) Chrome/144.0.0.0 Safari/537.36"
122.100.113.50 - - [27/Aug/2026:00:20:37 +0800] "POST /wp-json/ilc-summary/v1/popular-posts HTTP/1.1" 201 1270 "https://www.naanes.ilc.edu.tw/2019/03/25/%e7%b8%bd%e5%8b%99%e8%99%95/" "Mozilla/5.0 (Linux; Android 10; K) AppleWebKit/537.36 (KHTML, like Gecko) Chrome/143.0.0.0 Mobile Safari/537.36"
2409:876c:2b34::85 - - [27/Aug/2026:00:20:38 +0800] "GET /wp-content/themes/oceanwp/assets/js/drop-down-mobile-menu.min.js HTTP/1.1" 200 4663 "https://www.najh.ilc.edu.tw/2021/07/08/%E7%AC%AC%E5%8D%81%E5%B1%86%E8%87%BA%E4%B8%AD%E6%96%87%E5%AD%B8%E7%8D%8E%E5%BE%B5%E6%96%87%E6%B4%BB%E5%8B%95/" "Mozilla/5.0 (Windows NT 10.0; Win64; x64) AppleWebKit/537.36 (KHTML, like Gecko) Chrome/144.0.0.0 Safari/537.36"
::1 - - [27/Aug/2026:00:20:38 +0800] "OPTIONS * HTTP/1.0" 200 110 "-" "Apache/2.4.68 (Ubuntu) OpenSSL/3.0.19 (internal dummy connection)"
2409:876c:2b34::85 - - [27/Aug/2026:00:20:38 +0800] "GET /wp-content/themes/oceanwp/assets/js/drop-down-search.min.js HTTP/1.1" 200 2968 "https://www.najh.ilc.edu.tw/2021/07/08/%E7%AC%AC%E5%8D%81%E5%B1%86%E8%87%BA%E4%B8%AD%E6%96%87%E5%AD%B8%E7%8D%8E%E5%BE%B5%E6%96%87%E6%B4%BB%E5%8B%95/" "Mozilla/5.0 (Windows NT 10.0; Win64; x64) AppleWebKit/537.36 (KHTML, like Gecko) Chrome/144.0.0.0 Safari/537.36"
2409:876c:2b34::85 - - [27/Aug/2026:00:20:38 +0800] "GET /wp-content/themes/oceanwp/assets/js/vendors/magnific-popup.min.js HTTP/1.1" 200 8270 "https://www.najh.ilc.edu.tw/2021/07/08/%E7%AC%AC%E5%8D%81%E5%B1%86%E8%87%BA%E4%B8%AD%E6%96%87%E5%AD%B8%E7%8D%8E%E5%BE%B5%E6%96%87%E6%B4%BB%E5%8B%95/" "Mozilla/5.0 (Windows NT 10.0; Win64; x64) AppleWebKit/537.36 (KHTML, like Gecko) Chrome/144.0.0.0 Safari/537.36"
2600:1700:86a0:d380:390d:ba99:bb8e:677d - - [27/Aug/2026:00:20:39 +0800] "GET /wp-content/cache/www.scjh.ilc.edu.tw/wpfc-minified/6zuwf7kt/iqqr.css HTTP/1.1" 200 15777 "https://www.scjh.ilc.edu.tw/%E6%A0%A1%E8%88%8D%E5%B9%B3%E9%9D%A2/" "Mozilla/5.0 (Windows NT 10.0; Win64; x64) AppleWebKit/537.36 (KHTML, like Gecko) Chrome/144.0.0.0 Safari/537.36"
::1 - - [27/Aug/2026:00:20:39 +0800] "OPTIONS * HTTP/1.0" 200 110 "-" "Apache/2.4.68 (Ubuntu) OpenSSL/3.0.19 (internal dummy connection)"
2600:1700:86a0:d380:390d:ba99:bb8e:677d - - [27/Aug/2026:00:20:39 +0800] "GET /wp-content/cache/www.scjh.ilc.edu.tw/wpfc-minified/2418mc4w/713q.css HTTP/1.1" 200 1157 "https://www.scjh.ilc.edu.tw/%E6%A0%A1%E8%88%8D%E5%B9%B3%E9%9D%A2/" "Mozilla/5.0 (Windows NT 10.0; Win64; x64) AppleWebKit/537.36 (KHTML, like Gecko) Chrome/144.0.0.0 Safari/537.36"
2409:876c:2b34::85 - - [27/Aug/2026:00:20:39 +0800] "GET /wp-content/themes/oceanwp/assets/js/ow-lightbox.min.js HTTP/1.1" 200 2321 "https://www.najh.ilc.edu.tw/2021/07/08/%E7%AC%AC%E5%8D%81%E5%B1%86%E8%87%BA%E4%B8%AD%E6%96%87%E5%AD%B8%E7%8D%8E%E5%BE%B5%E6%96%87%E6%B4%BB%E5%8B%95/" "Mozilla/5.0 (Windows NT 10.0; Win64; x64) AppleWebKit/537.36 (KHTML, like Gecko) Chrome/144.0.0.0 Safari/537.36"
2600:1700:86a0:d380:390d:ba99:bb8e:677d - - [27/Aug/2026:00:20:40 +0800] "GET /wp-includes/js/hoverintent-js.min.js HTTP/1.1" 200 1597 "https://www.scjh.ilc.edu.tw/%E6%A0%A1%E8%88%8D%E5%B9%B3%E9%9D%A2/" "Mozilla/5.0 (Windows NT 10.0; Win64; x64) AppleWebKit/537.36 (KHTML, like Gecko) Chrome/144.0.0.0 Safari/537.36"
::1 - - [27/Aug/2026:00:20:40 +0800] "OPTIONS * HTTP/1.0" 200 110 "-" "Apache/2.4.68 (Ubuntu) OpenSSL/3.0.19 (internal dummy connection)"
2001:288:a201::66:125 - - [27/Aug/2026:00:20:40 +0800] "GET /blog/active.php HTTP/1.1" 301 1026 "-" "-"
2001:288:a201::66:125 - - [27/Aug/2026:00:20:40 +0800] "GET /blog/active.php HTTP/1.1" 404 1084 "-" "-"
2409:876c:2b34::85 - - [27/Aug/2026:00:20:40 +0800] "GET /wp-content/themes/oceanwp/assets/js/vendors/flickity.pkgd.min.js HTTP/1.1" 200 15048 "https://www.najh.ilc.edu.tw/2021/07/08/%E7%AC%AC%E5%8D%81%E5%B1%86%E8%87%BA%E4%B8%AD%E6%96%87%E5%AD%B8%E7%8D%8E%E5%BE%B5%E6%96%87%E6%B4%BB%E5%8B%95/" "Mozilla/5.0 (Windows NT 10.0; Win64; x64) AppleWebKit/537.36 (KHTML, like Gecko) Chrome/144.0.0.0 Safari/537.36"
2600:1700:86a0:d380:390d:ba99:bb8e:677d - - [27/Aug/2026:00:20:41 +0800] "GET /wp-content/themes/oceanwp/assets/js/drop-down-search.min.js HTTP/1.1" 200 2968 "https://www.scjh.ilc.edu.tw/%E6%A0%A1%E8%88%8D%E5%B9%B3%E9%9D%A2/" "Mozilla/5.0 (Windows NT 10.0; Win64; x64) AppleWebKit/537.36 (KHTML, like Gecko) Chrome/144.0.0.0 Safari/537.36"
::1 - - [27/Aug/2026:00:20:41 +0800] "OPTIONS * HTTP/1.0" 200 110 "-" "Apache/2.4.68 (Ubuntu) OpenSSL/3.0.19 (internal dummy connection)"
2409:8c74:2e10:203::6 - - [27/Aug/2026:00:20:41 +0800] "GET /category/c-14356/page/14 HTTP/1.1" 301 5775 "-" "Mozilla/5.0 (Windows NT 10.0; Win64; x64) AppleWebKit/537.36 (KHTML, like Gecko) Chrome/144.0.0.0 Safari/537.36"
2600:1700:86a0:d380:390d:ba99:bb8e:677d - - [27/Aug/2026:00:20:41 +0800] "GET /wp-content/themes/oceanwp/assets/js/vendors/flickity.pkgd.min.js HTTP/1.1" 200 15048 "https://www.scjh.ilc.edu.tw/%E6%A0%A1%E8%88%8D%E5%B9%B3%E9%9D%A2/" "Mozilla/5.0 (Windows NT 10.0; Win64; x64) AppleWebKit/537.36 (KHTML, like Gecko) Chrome/144.0.0.0 Safari/537.36"
2409:876c:2b34::85 - - [27/Aug/2026:00:20:41 +0800] "GET /wp-content/themes/oceanwp/assets/js/ow-slider.min.js HTTP/1.1" 200 1761 "https://www.najh.ilc.edu.tw/2021/07/08/%E7%AC%AC%E5%8D%81%E5%B1%86%E8%87%BA%E4%B8%AD%E6%96%87%E5%AD%B8%E7%8D%8E%E5%BE%B5%E6%96%87%E6%B4%BB%E5%8B%95/" "Mozilla/5.0 (Windows NT 10.0; Win64; x64) AppleWebKit/537.36 (KHTML, like Gecko) Chrome/144.0.0.0 Safari/537.36"
2409:8c74:2e10:203::6 - - [27/Aug/2026:00:20:42 +0800] "GET /category/c-14356/page/14/ HTTP/1.1" 200 10970 "-" "Mozilla/5.0 (Windows NT 10.0; Win64; x64) AppleWebKit/537.36 (KHTML, like Gecko) Chrome/144.0.0.0 Safari/537.36"
2409:876c:2b34::85 - - [27/Aug/2026:00:20:42 +0800] "GET /wp-content/themes/oceanwp/assets/js/scroll-effect.min.js HTTP/1.1" 200 4127 "https://www.najh.ilc.edu.tw/2021/07/08/%E7%AC%AC%E5%8D%81%E5%B1%86%E8%87%BA%E4%B8%AD%E6%96%87%E5%AD%B8%E7%8D%8E%E5%BE%B5%E6%96%87%E6%B4%BB%E5%8B%95/" "Mozilla/5.0 (Windows NT 10.0; Win64; x64) AppleWebKit/537.36 (KHTML, like Gecko) Chrome/144.0.0.0 Safari/537.36"
::1 - - [27/Aug/2026:00:20:42 +0800] "OPTIONS * HTTP/1.0" 200 110 "-" "Apache/2.4.68 (Ubuntu) OpenSSL/3.0.19 (internal dummy connection)"
140.111.67.10 - - [27/Aug/2026:00:20:42 +0800] "GET /" 301 273 "-" "-"
2600:1700:86a0:d380:390d:ba99:bb8e:677d - - [27/Aug/2026:00:20:42 +0800] "GET /wp-content/themes/oceanwp/assets/js/scroll-effect.min.js HTTP/1.1" 200 4127 "https://www.scjh.ilc.edu.tw/%E6%A0%A1%E8%88%8D%E5%B9%B3%E9%9D%A2/" "Mozilla/5.0 (Windows NT 10.0; Win64; x64) AppleWebKit/537.36 (KHTML, like Gecko) Chrome/144.0.0.0 Safari/537.36"
2409:876c:2b34::85 - - [27/Aug/2026:00:20:43 +0800] "GET /wp-content/themes/oceanwp/assets/js/scroll-top.min.js HTTP/1.1" 200 8004 "https://www.najh.ilc.edu.tw/2021/07/08/%E7%AC%AC%E5%8D%81%E5%B1%86%E8%87%BA%E4%B8%AD%E6%96%87%E5%AD%B8%E7%8D%8E%E5%BE%B5%E6%96%87%E6%B4%BB%E5%8B%95/" "Mozilla/5.0 (Windows NT 10.0; Win64; x64) AppleWebKit/537.36 (KHTML, like Gecko) Chrome/144.0.0.0 Safari/537.36"
2a03:2880:18ff:f:: - - [27/Aug/2026:00:20:40 +0800] "GET /?p=540 HTTP/1.1" 200 25969 "-" "Mozilla/5.0 (Windows NT 10.0; Win64; x64) AppleWebKit/537.36 (KHTML, like Gecko) Chrome/145.0.0.0 Safari/537.36 (compatible; meta-webindexer/1.1 (+https://developers.facebook.com/docs/sharing/webmasters/crawler))"
::1 - - [27/Aug/2026:00:20:43 +0800] "OPTIONS * HTTP/1.0" 200 110 "-" "Apache/2.4.68 (Ubuntu) OpenSSL/3.0.19 (internal dummy connection)"
2409:876c:2b34::85 - - [27/Aug/2026:00:20:43 +0800] "POST /wp-json/ilc-summary/v1/popular-posts HTTP/1.1" 201 1270 "https://www.najh.ilc.edu.tw/2021/07/08/%E7%AC%AC%E5%8D%81%E5%B1%86%E8%87%BA%E4%B8%AD%E6%96%87%E5%AD%B8%E7%8D%8E%E5%BE%B5%E6%96%87%E6%B4%BB%E5%8B%95/" "Mozilla/5.0 (Windows NT 10.0; Win64; x64) AppleWebKit/537.36 (KHTML, like Gecko) Chrome/144.0.0.0 Safari/537.36"
216.73.217.64 - - [27/Aug/2026:00:20:43 +0800] "GET /9536/?p=55042 HTTP/1.1" 301 5804 "-" "Mozilla/5.0 AppleWebKit/537.36 (KHTML, like Gecko; compatible; ClaudeBot/1.0; +claudebot@anthropic.com)"
36.225.28.66 - - [27/Aug/2026:00:20:43 +0800] "GET /?page_id=22 HTTP/1.1" 200 45329 "-" "Mozilla/5.0 (Macintosh; Intel Mac OS X 10_15_7) AppleWebKit/537.36 (KHTML, like Gecko) Chrome/141.0.0.0 Safari/537.36"
2409:8c74:2e10:203::6 - - [27/Aug/2026:00:20:43 +0800] "GET /wp-content/cache/ilta.ilc.edu.tw/wpfc-minified/30cml7nx/6wvk.css HTTP/1.1" 200 40877 "https://ilta.ilc.edu.tw/category/c-14356/page/14/" "Mozilla/5.0 (Windows NT 10.0; Win64; x64) AppleWebKit/537.36 (KHTML, like Gecko) Chrome/144.0.0.0 Safari/537.36"
216.73.217.64 - - [27/Aug/2026:00:20:43 +0800] "GET /9536/2008/05/12/%e7%a4%be%e5%8d%80%e6%97%a5%e6%9b%86-%e5%8d%97%e5%af%a7%e7%a4%be%e5%8d%80-%e5%85%a7%e5%9f%a4%e6%98%ad%e5%ae%89%e5%ae%ae/ HTTP/1.1" 200 9463 "https://2blog.ilc.edu.tw/9536/?p=55042" "Mozilla/5.0 AppleWebKit/537.36 (KHTML, like Gecko; compatible; ClaudeBot/1.0; +claudebot@anthropic.com)"
2409:876c:2b34::85 - - [27/Aug/2026:00:20:44 +0800] "GET /wp-content/themes/oceanwp/assets/fonts/simple-line-icons/Simple-Line-Icons.woff2?v=2.4.0 HTTP/1.1" 200 30959 "https://www.najh.ilc.edu.tw/wp-content/cache/www.najh.ilc.edu.tw/wpfc-minified/kcxb236g/6wh9.css" "Mozilla/5.0 (Windows NT 10.0; Win64; x64) AppleWebKit/537.36 (KHTML, like Gecko) Chrome/144.0.0.0 Safari/537.36"
2a03:2880:18ff:f:: - - [27/Aug/2026:00:20:44 +0800] "GET /wp-includes/css/dashicons.min.css HTTP/1.1" 200 41543 "https://www.utaes.ilc.edu.tw/?p=540" "Mozilla/5.0 (Windows NT 10.0; Win64; x64) AppleWebKit/537.36 (KHTML, like Gecko) Chrome/145.0.0.0 Safari/537.36 (compatible; meta-webindexer/1.1 (+https://developers.facebook.com/docs/sharing/webmasters/crawler))"
