2a03:2880:18ff:2:: - - [27/Aug/2026:00:20:44 +0800] "GET /wp-includes/css/admin-bar.min.css HTTP/1.1" 200 9492 "https://www.utaes.ilc.edu.tw/?p=540" "Mozilla/5.0 (Windows NT 10.0; Win64; x64) AppleWebKit/537.36 (KHTML, like Gecko) Chrome/145.0.0.0 Safari/537.36 (compatible; meta-webindexer/1.1 (+https://developers.facebook.com/docs/sharing/webmasters/crawler))"
2a03:2880:18ff:f:: - - [27/Aug/2026:00:20:44 +0800] "GET /wp-content/plugins/super-rss-reader/public/js/jquery.easy-ticker.min.js HTTP/1.1" 200 6828 "https://www.utaes.ilc.edu.tw/?p=540" "Mozilla/5.0 (Windows NT 10.0; Win64; x64) AppleWebKit/537.36 (KHTML, like Gecko) Chrome/145.0.0.0 Safari/537.36 (compatible; meta-webindexer/1.1 (+https://developers.facebook.com/docs/sharing/webmasters/crawler))"
2a03:2880:18ff:2:: - - [27/Aug/2026:00:20:44 +0800] "GET /wp-content/plugins/elementor/assets/lib/font-awesome/css/v4-shims.min.css HTTP/1.1" 200 9909 "https://www.utaes.ilc.edu.tw/?p=540" "Mozilla/5.0 (Windows NT 10.0; Win64; x64) AppleWebKit/537.36 (KHTML, like Gecko) Chrome/145.0.0.0 Safari/537.36 (compatible; meta-webindexer/1.1 (+https://developers.facebook.com/docs/sharing/webmasters/crawler))"
2409:876c:2b34::85 - - [27/Aug/2026:00:20:44 +0800] "GET /wp-content/themes/oceanwp/assets/js/select.min.js HTTP/1.1" 200 2747 "https://www.najh.ilc.edu.tw/2021/07/08/%E7%AC%AC%E5%8D%81%E5%B1%86%E8%87%BA%E4%B8%AD%E6%96%87%E5%AD%B8%E7%8D%8E%E5%BE%B5%E6%96%87%E6%B4%BB%E5%8B%95/" "Mozilla/5.0 (Windows NT 10.0; Win64; x64) AppleWebKit/537.36 (KHTML, like Gecko) Chrome/144.0.0.0 Safari/537.36"
2409:876c:2b34::85 - - [27/Aug/2026:00:20:44 +0800] "GET /wp-content/themes/oceanwp/assets/fonts/fontawesome/webfonts/fa-regular-400.woff2 HTTP/1.1" 200 25722 "https://www.najh.ilc.edu.tw/wp-content/cache/www.najh.ilc.edu.tw/wpfc-minified/kcxb236g/6wh9.css" "Mozilla/5.0 (Windows NT 10.0; Win64; x64) AppleWebKit/537.36 (KHTML, like Gecko) Chrome/144.0.0.0 Safari/537.36"
2409:876c:2b34::85 - - [27/Aug/2026:00:20:44 +0800] "GET /wp-content/plugins/ocean-extra/includes/widgets/js/flickr.min.js HTTP/1.1" 200 6121 "https://www.najh.ilc.edu.tw/2021/07/08/%E7%AC%AC%E5%8D%81%E5%B1%86%E8%87%BA%E4%B8%AD%E6%96%87%E5%AD%B8%E7%8D%8E%E5%BE%B5%E6%96%87%E6%B4%BB%E5%8B%95/" "Mozilla/5.0 (Windows NT 10.0; Win64; x64) AppleWebKit/537.36 (KHTML, like Gecko) Chrome/144.0.0.0 Safari/537.36"
2408:8760:118:6::24 - - [27/Aug/2026:00:20:44 +0800] "GET /2020/04/ HTTP/1.1" 200 15544 "-" "Mozilla/5.0 (Windows NT 10.0; Win64; x64) AppleWebKit/537.36 (KHTML, like Gecko) Chrome/144.0.0.0 Safari/537.36"
::1 - - [27/Aug/2026:00:20:44 +0800] "OPTIONS * HTTP/1.0" 200 110 "-" "Apache/2.4.68 (Ubuntu) OpenSSL/3.0.19 (internal dummy connection)"
2a03:2880:18ff:2:: - - [27/Aug/2026:00:20:44 +0800] "GET /wp-content/uploads/sites/885/2021/06/%E7%B4%8B1-2.jpg HTTP/1.1" 200 93454 "https://www.utaes.ilc.edu.tw/?p=540" "Mozilla/5.0 (Windows NT 10.0; Win64; x64) AppleWebKit/537.36 (KHTML, like Gecko) Chrome/145.0.0.0 Safari/537.36 (compatible; meta-webindexer/1.1 (+https://developers.facebook.com/docs/sharing/webmasters/crawler))"
2a03:2880:10ff:: - - [27/Aug/2026:00:20:44 +0800] "GET /wp-content/themes/oceanwp-child-theme-master2/style.css HTTP/1.1" 200 6183 "https://www.utaes.ilc.edu.tw/?p=540" "Mozilla/5.0 (Windows NT 10.0; Win64; x64) AppleWebKit/537.36 (KHTML, like Gecko) Chrome/145.0.0.0 Safari/537.36 (compatible; meta-webindexer/1.1 (+https://developers.facebook.com/docs/sharing/webmasters/crawler))"
2409:876c:2b34::85 - - [27/Aug/2026:00:20:44 +0800] "GET /wp-includes/js/mediaelement/mediaelement-and-player.min.js HTTP/1.1" 200 39802 "https://www.najh.ilc.edu.tw/2021/07/08/%E7%AC%AC%E5%8D%81%E5%B1%86%E8%87%BA%E4%B8%AD%E6%96%87%E5%AD%B8%E7%8D%8E%E5%BE%B5%E6%96%87%E6%B4%BB%E5%8B%95/" "Mozilla/5.0 (Windows NT 10.0; Win64; x64) AppleWebKit/537.36 (KHTML, like Gecko) Chrome/144.0.0.0 Safari/537.36"
2409:876c:2b34::85 - - [27/Aug/2026:00:20:44 +0800] "GET /wp-includes/js/mediaelement/mediaelement-migrate.min.js HTTP/1.1" 200 1419 "https://www.najh.ilc.edu.tw/2021/07/08/%E7%AC%AC%E5%8D%81%E5%B1%86%E8%87%BA%E4%B8%AD%E6%96%87%E5%AD%B8%E7%8D%8E%E5%BE%B5%E6%96%87%E6%B4%BB%E5%8B%95/" "Mozilla/5.0 (Windows NT 10.0; Win64; x64) AppleWebKit/537.36 (KHTML, like Gecko) Chrome/144.0.0.0 Safari/537.36"
2a03:2880:16ff:4e:: - - [27/Aug/2026:00:20:44 +0800] "GET /wp-content/plugins/ocean-extra/assets/css/widgets.css HTTP/1.1" 200 12477 "https://www.utaes.ilc.edu.tw/?p=540" "Mozilla/5.0 (Windows NT 10.0; Win64; x64) AppleWebKit/537.36 (KHTML, like Gecko) Chrome/145.0.0.0 Safari/537.36 (compatible; meta-webindexer/1.1 (+https://developers.facebook.com/docs/sharing/webmasters/crawler))"
2a03:2880:16ff:4e:: - - [27/Aug/2026:00:20:44 +0800] "GET /wp-content/plugins/elementor-pro/assets/css/frontend.min.css HTTP/1.1" 200 49350 "https://www.utaes.ilc.edu.tw/?p=540" "Mozilla/5.0 (Windows NT 10.0; Win64; x64) AppleWebKit/537.36 (KHTML, like Gecko) Chrome/145.0.0.0 Safari/537.36 (compatible; meta-webindexer/1.1 (+https://developers.facebook.com/docs/sharing/webmasters/crawler))"
2408:8760:118:6::24 - - [27/Aug/2026:00:20:44 +0800] "GET /wp-content/cache/ilta.ilc.edu.tw/wpfc-minified/30cml7nx/6wvk.css HTTP/1.1" 200 40877 "https://ilta.ilc.edu.tw/2020/04/" "Mozilla/5.0 (Windows NT 10.0; Win64; x64) AppleWebKit/537.36 (KHTML, like Gecko) Chrome/144.0.0.0 Safari/537.36"
2409:876c:2b34::85 - - [27/Aug/2026:00:20:44 +0800] "GET /wp-includes/js/mediaelement/wp-mediaelement.min.js HTTP/1.1" 200 1417 "https://www.najh.ilc.edu.tw/2021/07/08/%E7%AC%AC%E5%8D%81%E5%B1%86%E8%87%BA%E4%B8%AD%E6%96%87%E5%AD%B8%E7%8D%8E%E5%BE%B5%E6%96%87%E6%B4%BB%E5%8B%95/" "Mozilla/5.0 (Windows NT 10.0; Win64; x64) AppleWebKit/537.36 (KHTML, like Gecko) Chrome/144.0.0.0 Safari/537.36"
2a03:2880:18ff:53:: - - [27/Aug/2026:00:20:45 +0800] "GET /wp-content/themes/oceanwp/assets/css/third/simple-line-icons.min.css HTTP/1.1" 200 8128 "https://www.utaes.ilc.edu.tw/?p=540" "Mozilla/5.0 (Windows NT 10.0; Win64; x64) AppleWebKit/537.36 (KHTML, like Gecko) Chrome/145.0.0.0 Safari/537.36 (compatible; meta-webindexer/1.1 (+https://developers.facebook.com/docs/sharing/webmasters/crawler))"
2409:876c:2b34::85 - - [27/Aug/2026:00:20:45 +0800] "GET /wp-includes/js/mediaelement/renderers/vimeo.min.js HTTP/1.1" 200 3164 "https://www.najh.ilc.edu.tw/2021/07/08/%E7%AC%AC%E5%8D%81%E5%B1%86%E8%87%BA%E4%B8%AD%E6%96%87%E5%AD%B8%E7%8D%8E%E5%BE%B5%E6%96%87%E6%B4%BB%E5%8B%95/" "Mozilla/5.0 (Windows NT 10.0; Win64; x64) AppleWebKit/537.36 (KHTML, like Gecko) Chrome/144.0.0.0 Safari/537.36"
2a03:2880:18ff:53:: - - [27/Aug/2026:00:20:45 +0800] "GET /wp-content/uploads/sites/885/elementor/css/global.css HTTP/1.1" 200 7986 "https://www.utaes.ilc.edu.tw/?p=540" "Mozilla/5.0 (Windows NT 10.0; Win64; x64) AppleWebKit/537.36 (KHTML, like Gecko) Chrome/145.0.0.0 Safari/537.36 (compatible; meta-webindexer/1.1 (+https://developers.facebook.com/docs/sharing/webmasters/crawler))"
2a03:2880:16ff:1c:: - - [27/Aug/2026:00:20:45 +0800] "GET /wp-content/uploads/sites/885/elementor/css/post-19615.css HTTP/1.1" 200 7635 "https://www.utaes.ilc.edu.tw/?p=540" "Mozilla/5.0 (Windows NT 10.0; Win64; x64) AppleWebKit/537.36 (KHTML, like Gecko) Chrome/145.0.0.0 Safari/537.36 (compatible; meta-webindexer/1.1 (+https://developers.facebook.com/docs/sharing/webmasters/crawler))"
2a03:2880:16ff:4e:: - - [27/Aug/2026:00:20:45 +0800] "GET /wp-content/plugins/super-rss-reader/public/js/script.min.js HTTP/1.1" 200 6042 "https://www.utaes.ilc.edu.tw/?p=540" "Mozilla/5.0 (Windows NT 10.0; Win64; x64) AppleWebKit/537.36 (KHTML, like Gecko) Chrome/145.0.0.0 Safari/537.36 (compatible; meta-webindexer/1.1 (+https://developers.facebook.com/docs/sharing/webmasters/crawler))"
2a03:2880:24ff:3:: - - [27/Aug/2026:00:20:45 +0800] "GET /wp-content/plugins/elementor/assets/lib/font-awesome/css/fontawesome.min.css HTTP/1.1" 200 18364 "https://www.utaes.ilc.edu.tw/?p=540" "Mozilla/5.0 (Windows NT 10.0; Win64; x64) AppleWebKit/537.36 (KHTML, like Gecko) Chrome/145.0.0.0 Safari/537.36 (compatible; meta-webindexer/1.1 (+https://developers.facebook.com/docs/sharing/webmasters/crawler))"
220.133.231.194 - - [27/Aug/2026:00:20:45 +0800] "-" 408 339 "-" "-"
220.133.231.194 - - [27/Aug/2026:00:20:45 +0800] "-" 408 339 "-" "-"
::1 - - [27/Aug/2026:00:20:45 +0800] "OPTIONS * HTTP/1.0" 200 110 "-" "Apache/2.4.68 (Ubuntu) OpenSSL/3.0.19 (internal dummy connection)"
2408:8760:118:6::24 - - [27/Aug/2026:00:20:45 +0800] "GET /wp-content/cache/ilta.ilc.edu.tw/wpfc-minified/l07fx5lw/6wvk.css HTTP/1.1" 200 15782 "https://ilta.ilc.edu.tw/2020/04/" "Mozilla/5.0 (Windows NT 10.0; Win64; x64) AppleWebKit/537.36 (KHTML, like Gecko) Chrome/144.0.0.0 Safari/537.36"
2001:288:a201::66:125 - - [27/Aug/2026:00:20:45 +0800] "GET /blog/active.php HTTP/1.1" 301 1026 "-" "-"
185.191.171.6 - - [27/Aug/2026:00:20:45 +0800] "GET /wutatayal/2021/06/17/110%E5%B9%B4%E5%AE%A2%E8%AA%9E%E8%83%BD%E5%8A%9B%E4%B8%AD%E7%B4%9A%E6%9A%A8%E4%B8%AD%E9%AB%98%E7%B4%9A%E8%AA%8D%E8%AD%89%E5%A0%B1%E5%90%8D/ HTTP/1.1" 200 15636 "-" "Mozilla/5.0 (compatible; SemrushBot/7~bl; +http://www.semrush.com/bot.html)"
2001:288:a201::66:125 - - [27/Aug/2026:00:20:45 +0800] "GET /blog/active.php HTTP/1.1" 404 1084 "-" "-"
2408:8760:118:6::24 - - [27/Aug/2026:00:20:45 +0800] "GET /wp-content/cache/ilta.ilc.edu.tw/wpfc-minified/qm0ohmet/6wvk.css HTTP/1.1" 200 1157 "https://ilta.ilc.edu.tw/2020/04/" "Mozilla/5.0 (Windows NT 10.0; Win64; x64) AppleWebKit/537.36 (KHTML, like Gecko) Chrome/144.0.0.0 Safari/537.36"
2a03:2880:18ff:f:: - - [27/Aug/2026:00:20:46 +0800] "GET /wp-content/themes/oceanwp/assets/js/scroll-effect.min.js HTTP/1.1" 200 8934 "https://www.utaes.ilc.edu.tw/?p=540" "Mozilla/5.0 (Windows NT 10.0; Win64; x64) AppleWebKit/537.36 (KHTML, like Gecko) Chrome/145.0.0.0 Safari/537.36 (compatible; meta-webindexer/1.1 (+https://developers.facebook.com/docs/sharing/webmasters/crawler))"
2a03:2880:18ff:f:: - - [27/Aug/2026:00:20:46 +0800] "GET /wp-content/plugins/elementor/assets/js/frontend.min.js HTTP/1.1" 200 17976 "https://www.utaes.ilc.edu.tw/?p=540" "Mozilla/5.0 (Windows NT 10.0; Win64; x64) AppleWebKit/537.36 (KHTML, like Gecko) Chrome/145.0.0.0 Safari/537.36 (compatible; meta-webindexer/1.1 (+https://developers.facebook.com/docs/sharing/webmasters/crawler))"
2408:8760:118:6::24 - - [27/Aug/2026:00:20:46 +0800] "GET /wp-content/cache/ilta.ilc.edu.tw/wpfc-minified/7vo8n6iy/6wvk.css HTTP/1.1" 200 60708 "https://ilta.ilc.edu.tw/2020/04/" "Mozilla/5.0 (Windows NT 10.0; Win64; x64) AppleWebKit/537.36 (KHTML, like Gecko) Chrome/144.0.0.0 Safari/537.36"
::1 - - [27/Aug/2026:00:20:46 +0800] "OPTIONS * HTTP/1.0" 200 110 "-" "Apache/2.4.68 (Ubuntu) OpenSSL/3.0.19 (internal dummy connection)"
2a03:2880:15ff:56:: - - [27/Aug/2026:00:20:46 +0800] "GET /wp-includes/js/admin-bar.min.js HTTP/1.1" 200 7044 "https://www.utaes.ilc.edu.tw/?p=540" "Mozilla/5.0 (Windows NT 10.0; Win64; x64) AppleWebKit/537.36 (KHTML, like Gecko) Chrome/145.0.0.0 Safari/537.36 (compatible; meta-webindexer/1.1 (+https://developers.facebook.com/docs/sharing/webmasters/crawler))"
2408:8760:118:6::24 - - [27/Aug/2026:00:20:46 +0800] "GET /wp-content/cache/ilta.ilc.edu.tw/wpfc-minified/1qjpbzp9/6wvk.js HTTP/1.1" 200 35549 "https://ilta.ilc.edu.tw/2020/04/" "Mozilla/5.0 (Windows NT 10.0; Win64; x64) AppleWebKit/537.36 (KHTML, like Gecko) Chrome/144.0.0.0 Safari/537.36"
2a03:2880:10ff:29:: - - [27/Aug/2026:00:20:46 +0800] "GET /wp-content/themes/oceanwp/assets/js/vendors/magnific-popup.min.js HTTP/1.1" 200 13077 "https://www.utaes.ilc.edu.tw/?p=540" "Mozilla/5.0 (Windows NT 10.0; Win64; x64) AppleWebKit/537.36 (KHTML, like Gecko) Chrome/145.0.0.0 Safari/537.36 (compatible; meta-webindexer/1.1 (+https://developers.facebook.com/docs/sharing/webmasters/crawler))"
240e:971:2000:500b::da - - [27/Aug/2026:00:20:46 +0800] "GET /favicon.ico HTTP/1.1" 302 1403 "https://www.sches.ilc.edu.tw/" "Mozilla/5.0 (Windows NT 10.0; Win64; x64) AppleWebKit/537.36 (KHTML, like Gecko) Chrome/144.0.0.0 Safari/537.36"
2408:8760:118:6::24 - - [27/Aug/2026:00:20:47 +0800] "GET /wp-includes/js/hoverintent-js.min.js HTTP/1.1" 200 1597 "https://ilta.ilc.edu.tw/2020/04/" "Mozilla/5.0 (Windows NT 10.0; Win64; x64) AppleWebKit/537.36 (KHTML, like Gecko) Chrome/144.0.0.0 Safari/537.36"
2a03:2880:10ff:40:: - - [27/Aug/2026:00:20:47 +0800] "GET /wp-content/themes/oceanwp/assets/fonts/simple-line-icons/Simple-Line-Icons.woff2?v=2.4.0 HTTP/1.1" 200 35766 "https://www.utaes.ilc.edu.tw/wp-content/themes/oceanwp/assets/css/third/simple-line-icons.min.css" "Mozilla/5.0 (Windows NT 10.0; Win64; x64) AppleWebKit/537.36 (KHTML, like Gecko) Chrome/145.0.0.0 Safari/537.36 (compatible; meta-webindexer/1.1 (+https://developers.facebook.com/docs/sharing/webmasters/crawler))"
2a03:2880:24ff:74:: - - [27/Aug/2026:00:20:47 +0800] "GET /wp-includes/js/imagesloaded.min.js HTTP/1.1" 200 7490 "https://www.utaes.ilc.edu.tw/?p=540" "Mozilla/5.0 (Windows NT 10.0; Win64; x64) AppleWebKit/537.36 (KHTML, like Gecko) Chrome/145.0.0.0 Safari/537.36 (compatible; meta-webindexer/1.1 (+https://developers.facebook.com/docs/sharing/webmasters/crawler))"
::1 - - [27/Aug/2026:00:20:47 +0800] "OPTIONS * HTTP/1.0" 200 110 "-" "Apache/2.4.68 (Ubuntu) OpenSSL/3.0.19 (internal dummy connection)"
140.111.67.10 - - [27/Aug/2026:00:20:47 +0800] "GET /" 301 273 "-" "-"
2408:8760:118:6::24 - - [27/Aug/2026:00:20:47 +0800] "GET /wp-content/themes/oceanwp/assets/fonts/simple-line-icons/Simple-Line-Icons.woff2?v=2.4.0 HTTP/1.1" 200 30959 "https://ilta.ilc.edu.tw/wp-content/cache/ilta.ilc.edu.tw/wpfc-minified/7vo8n6iy/6wvk.css" "Mozilla/5.0 (Windows NT 10.0; Win64; x64) AppleWebKit/537.36 (KHTML, like Gecko) Chrome/144.0.0.0 Safari/537.36"
2a03:2880:11ff:49:: - - [27/Aug/2026:00:20:47 +0800] "GET /wp-content/themes/oceanwp/assets/js/scroll-top.min.js HTTP/1.1" 200 8009 "https://www.utaes.ilc.edu.tw/?p=540" "Mozilla/5.0 (Windows NT 10.0; Win64; x64) AppleWebKit/537.36 (KHTML, like Gecko) Chrome/145.0.0.0 Safari/537.36 (compatible; meta-webindexer/1.1 (+https://developers.facebook.com/docs/sharing/webmasters/crawler))"
2a03:2880:16ff:18:: - - [27/Aug/2026:00:20:47 +0800] "GET /wp-content/themes/oceanwp/assets/js/vendors/flickity.pkgd.min.js HTTP/1.1" 200 19855 "https://www.utaes.ilc.edu.tw/?p=540" "Mozilla/5.0 (Windows NT 10.0; Win64; x64) AppleWebKit/537.36 (KHTML, like Gecko) Chrome/145.0.0.0 Safari/537.36 (compatible; meta-webindexer/1.1 (+https://developers.facebook.com/docs/sharing/webmasters/crawler))"
34.171.68.95 - - [27/Aug/2026:00:20:47 +0800] "GET /2013/12/31/%E6%9C%AC%E6%A0%A1%E7%B6%B2%E7%AB%99%E6%A6%AE%E7%8D%B22013%E7%86%B1%E9%96%80%E7%B6%B2%E8%AA%8C%E5%B9%B4%E5%BA%A6%E6%8E%92%E8%A1%8C%E6%A6%9C-%E5%AD%B8%E6%A0%A1%E8%A1%8C%E6%94%BF%E9%A1%9E-%E7%AC%AC/ HTTP/1.1" 200 30362 "-" "Mozilla/5.0 (Macintosh; Intel Mac OS X 10_15_7) AppleWebKit/537.36 (KHTML, like Gecko) Chrome/120.0.0.0 Safari/537.36"
2408:8760:118:6::24 - - [27/Aug/2026:00:20:47 +0800] "GET /wp-content/themes/oceanwp/assets/js/drop-down-search.min.js HTTP/1.1" 200 2968 "https://ilta.ilc.edu.tw/2020/04/" "Mozilla/5.0 (Windows NT 10.0; Win64; x64) AppleWebKit/537.36 (KHTML, like Gecko) Chrome/144.0.0.0 Safari/537.36"
240e:971:2000:500b::da - - [27/Aug/2026:00:20:47 +0800] "GET /wp-includes/images/w-logo-blue-white-bg.png HTTP/1.1" 200 4946 "https://www.sches.ilc.edu.tw/" "Mozilla/5.0 (Windows NT 10.0; Win64; x64) AppleWebKit/537.36 (KHTML, like Gecko) Chrome/144.0.0.0 Safari/537.36"
85.208.96.202 - - [27/Aug/2026:00:20:47 +0800] "GET /17160/category/c-15024/10th/page/4/ HTTP/1.1" 200 20486 "-" "Mozilla/5.0 (compatible; SemrushBot/7~bl; +http://www.semrush.com/bot.html)"
2408:8760:118:6::24 - - [27/Aug/2026:00:20:48 +0800] "GET /wp-content/themes/oceanwp/assets/js/scroll-effect.min.js HTTP/1.1" 200 4127 "https://ilta.ilc.edu.tw/2020/04/" "Mozilla/5.0 (Windows NT 10.0; Win64; x64) AppleWebKit/537.36 (KHTML, like Gecko) Chrome/144.0.0.0 Safari/537.36"
::1 - - [27/Aug/2026:00:20:48 +0800] "OPTIONS * HTTP/1.0" 200 110 "-" "Apache/2.4.68 (Ubuntu) OpenSSL/3.0.19 (internal dummy connection)"
66.249.71.6 - - [27/Aug/2026:00:20:47 +0800] "GET /wp-login.php?action=ilc_logout&_wpnonce=43754d0aad&redirect_to=http://kostrovspb.ru/join/16069/ HTTP/1.1" 302 3439 "-" "Mozilla/5.0 (compatible; Googlebot/2.1; +http://www.google.com/bot.html)"
::1 - - [27/Aug/2026:00:20:49 +0800] "OPTIONS * HTTP/1.0" 200 110 "-" "Apache/2.4.68 (Ubuntu) OpenSSL/3.0.19 (internal dummy connection)"
::1 - - [27/Aug/2026:00:20:50 +0800] "OPTIONS * HTTP/1.0" 200 110 "-" "Apache/2.4.68 (Ubuntu) OpenSSL/3.0.19 (internal dummy connection)"
185.191.171.3 - - [27/Aug/2026:00:20:50 +0800] "GET /blog/blog/32735/post/92631/690849 HTTP/1.1" 404 25426 "-" "Mozilla/5.0 (compatible; SemrushBot/7~bl; +http://www.semrush.com/bot.html)"
2001:288:a201::66:125 - - [27/Aug/2026:00:20:50 +0800] "GET /blog/active.php HTTP/1.1" 404 1084 "-" "-"
2001:288:a201::66:125 - - [27/Aug/2026:00:20:50 +0800] "GET /blog/active.php HTTP/1.1" 301 1026 "-" "-"
34.61.96.6 - - [27/Aug/2026:00:20:49 +0800] "GET /32745/2023/04/26/%E5%BF%83%E4%B8%AD%E6%9C%89%E6%88%91/ HTTP/1.1" 200 92047 "-" "Mozilla/5.0 (Macintosh; Intel Mac OS X 10_15_7) AppleWebKit/537.36 (KHTML, like Gecko) Chrome/120.0.0.0 Safari/537.36"
2409:8754:8450:10:193::169 - - [27/Aug/2026:00:20:51 +0800] "GET /wp-content/cache/www.ssjh.ilc.edu.tw/wpfc-minified/dsjd4rl6/6xsa.css HTTP/1.1" 200 5959 "https://www.ssjh.ilc.edu.tw/category/c-85866/" "Mozilla/5.0 (Windows NT 10.0; Win64; x64) AppleWebKit/537.36 (KHTML, like Gecko) Chrome/144.0.0.0 Safari/537.36"
2409:8754:8450:10:193::169 - - [27/Aug/2026:00:20:51 +0800] "GET /wp-content/cache/www.ssjh.ilc.edu.tw/wpfc-minified/d4b76a5b/6xsa.css HTTP/1.1" 200 59558 "https://www.ssjh.ilc.edu.tw/category/c-85866/" "Mozilla/5.0 (Windows NT 10.0; Win64; x64) AppleWebKit/537.36 (KHTML, like Gecko) Chrome/144.0.0.0 Safari/537.36"
122.100.114.190 - - [27/Aug/2026:00:20:51 +0800] "-" 408 4803 "-" "-"
::1 - - [27/Aug/2026:00:20:51 +0800] "OPTIONS * HTTP/1.0" 200 110 "-" "Apache/2.4.68 (Ubuntu) OpenSSL/3.0.19 (internal dummy connection)"
122.100.114.190 - - [27/Aug/2026:00:20:51 +0800] "-" 408 4803 "-" "-"
2409:8754:8450:10:193::169 - - [27/Aug/2026:00:20:51 +0800] "GET /wp-content/cache/www.ssjh.ilc.edu.tw/wpfc-minified/jpve0nke/lih4.css HTTP/1.1" 200 12787 "https://www.ssjh.ilc.edu.tw/category/c-85866/" "Mozilla/5.0 (Windows NT 10.0; Win64; x64) AppleWebKit/537.36 (KHTML, like Gecko) Chrome/144.0.0.0 Safari/537.36"
66.249.79.132 - - [27/Aug/2026:00:20:49 +0800] "GET /wp-login.php?action=ilc_logout&_wpnonce=43754d0aad&redirect_to=http://strana-bylin.ru/join/60631/ HTTP/1.1" 302 3441 "-" "Mozilla/5.0 (compatible; Googlebot/2.1; +http://www.google.com/bot.html)"
2409:8754:8450:10:193::169 - - [27/Aug/2026:00:20:51 +0800] "GET /wp-content/cache/www.ssjh.ilc.edu.tw/wpfc-minified/6v6tcw80/6xsa.js HTTP/1.1" 200 35558 "https://www.ssjh.ilc.edu.tw/category/c-85866/" "Mozilla/5.0 (Windows NT 10.0; Win64; x64) AppleWebKit/537.36 (KHTML, like Gecko) Chrome/144.0.0.0 Safari/537.36"
2409:8754:8450:10:193::169 - - [27/Aug/2026:00:20:51 +0800] "GET /wp-includes/js/hoverintent-js.min.js HTTP/1.1" 200 6399 "https://www.ssjh.ilc.edu.tw/category/c-85866/" "Mozilla/5.0 (Windows NT 10.0; Win64; x64) AppleWebKit/537.36 (KHTML, like Gecko) Chrome/144.0.0.0 Safari/537.36"
2409:8754:8450:10:193::169 - - [27/Aug/2026:00:20:51 +0800] "GET /wp-includes/js/admin-bar.min.js HTTP/1.1" 200 2576 "https://www.ssjh.ilc.edu.tw/category/c-85866/" "Mozilla/5.0 (Windows NT 10.0; Win64; x64) AppleWebKit/537.36 (KHTML, like Gecko) Chrome/144.0.0.0 Safari/537.36"
66.249.79.172 - - [27/Aug/2026:00:20:52 +0800] "GET /kses1093a/2021/09/23/%E8%81%AF%E7%B5%A1%E7%B0%BF1100924/ HTTP/1.1" 200 18999 "-" "Mozilla/5.0 (Linux; Android 6.0.1; Nexus 5X Build/MMB29P) AppleWebKit/537.36 (KHTML, like Gecko) Chrome/151.0.7922.173 Mobile Safari/537.36 (compatible; Googlebot/2.1; +http://www.google.com/bot.html)"
140.111.67.10 - - [27/Aug/2026:00:20:52 +0800] "GET /" 301 273 "-" "-"
::1 - - [27/Aug/2026:00:20:52 +0800] "OPTIONS * HTTP/1.0" 200 110 "-" "Apache/2.4.68 (Ubuntu) OpenSSL/3.0.19 (internal dummy connection)"
2409:8c74:2e10:203::6 - - [27/Aug/2026:00:20:52 +0800] "GET /wp-content/themes/oceanwp/assets/js/scroll-top.min.js HTTP/1.1" 200 7997 "https://ilta.ilc.edu.tw/category/c-14356/page/14/" "Mozilla/5.0 (Windows NT 10.0; Win64; x64) AppleWebKit/537.36 (KHTML, like Gecko) Chrome/144.0.0.0 Safari/537.36"
85.208.96.199 - - [27/Aug/2026:00:20:52 +0800] "GET /6093/2011/03/17/%E6%AA%A2%E9%80%81%E6%9C%AC%E8%99%95%E7%BE%85%E6%9D%B1%E8%87%AA%E7%84%B6%E6%95%99%E8%82%B2%E4%B8%AD%E5%BF%83100%E5%B9%B4%E5%BA%A6%E6%B0%B4%E7%92%B0%E5%A2%83%E4%BF%9D%E8%82%B2%E6%88%B6%E5%A4%96/ HTTP/1.1" 200 21439 "-" "Mozilla/5.0 (compatible; SemrushBot/7~bl; +http://www.semrush.com/bot.html)"
66.249.79.131 - - [27/Aug/2026:00:20:53 +0800] "GET /%E6%9C%AC%E5%BA%9C%E8%BE%A6%E7%90%86%E3%80%8C%E5%AE%9C%E8%98%AD%E7%B8%A3113%E5%AD%B8%E5%B9%B4%E5%BA%A6%E5%8E%9F%E4%BD%8F%E6%B0%91%E6%97%8F%E8%AA%9E%E6%96%87%E5%8F%8A%E6%96%87%E5%8C%96%E8%AA%B2/ HTTP/1.1" 200 19059 "-" "Mozilla/5.0 (Linux; Android 6.0.1; Nexus 5X Build/MMB29P) AppleWebKit/537.36 (KHTML, like Gecko) Chrome/151.0.7922.173 Mobile Safari/537.36 (compatible; Googlebot/2.1; +http://www.google.com/bot.html)"
2409:8754:8450:10:193::169 - - [27/Aug/2026:00:20:53 +0800] "GET /wp-content/themes/oceanwp/assets/js/theme.min.js HTTP/1.1" 200 5130 "https://www.ssjh.ilc.edu.tw/category/c-85866/" "Mozilla/5.0 (Windows NT 10.0; Win64; x64) AppleWebKit/537.36 (KHTML, like Gecko) Chrome/144.0.0.0 Safari/537.36"
2409:8754:8450:10:193::169 - - [27/Aug/2026:00:20:53 +0800] "GET /wp-includes/js/imagesloaded.min.js HTTP/1.1" 200 2683 "https://www.ssjh.ilc.edu.tw/category/c-85866/" "Mozilla/5.0 (Windows NT 10.0; Win64; x64) AppleWebKit/537.36 (KHTML, like Gecko) Chrome/144.0.0.0 Safari/537.36"
::1 - - [27/Aug/2026:00:20:53 +0800] "OPTIONS * HTTP/1.0" 200 110 "-" "Apache/2.4.68 (Ubuntu) OpenSSL/3.0.19 (internal dummy connection)"
2409:8754:8450:10:193::169 - - [27/Aug/2026:00:20:53 +0800] "GET /wp-content/themes/oceanwp/assets/js/drop-down-search.min.js HTTP/1.1" 200 2968 "https://www.ssjh.ilc.edu.tw/category/c-85866/" "Mozilla/5.0 (Windows NT 10.0; Win64; x64) AppleWebKit/537.36 (KHTML, like Gecko) Chrome/144.0.0.0 Safari/537.36"
2409:8754:8450:10:193::169 - - [27/Aug/2026:00:20:53 +0800] "GET /wp-content/themes/oceanwp/assets/js/drop-down-mobile-menu.min.js HTTP/1.1" 200 4663 "https://www.ssjh.ilc.edu.tw/category/c-85866/" "Mozilla/5.0 (Windows NT 10.0; Win64; x64) AppleWebKit/537.36 (KHTML, like Gecko) Chrome/144.0.0.0 Safari/537.36"
17.22.237.100 - - [27/Aug/2026:00:20:53 +0800] "GET /wp-content/themes/hello-elementor/style.min.css HTTP/1.1" 200 7990 "https://2blog.ilc.edu.tw/blog/?articleId=300020&blogId=1421&op=Comment&parentId=1493191" "Mozilla/5.0 (Macintosh; Intel Mac OS X 10_15_7) AppleWebKit/605.1.15 (KHTML, like Gecko) Version/17.4 Safari/605.1.15 (Applebot/0.1; +http://www.apple.com/go/applebot)"
2409:8c74:2e10:203::6 - - [27/Aug/2026:00:20:53 +0800] "GET /wp-content/plugins/ocean-extra/includes/widgets/js/flickr.min.js HTTP/1.1" 200 1319 "https://ilta.ilc.edu.tw/category/c-14356/page/14/" "Mozilla/5.0 (Windows NT 10.0; Win64; x64) AppleWebKit/537.36 (KHTML, like Gecko) Chrome/144.0.0.0 Safari/537.36"
2409:8754:8450:10:193::169 - - [27/Aug/2026:00:20:53 +0800] "GET /wp-content/themes/oceanwp/assets/js/ow-lightbox.min.js HTTP/1.1" 200 2321 "https://www.ssjh.ilc.edu.tw/category/c-85866/" "Mozilla/5.0 (Windows NT 10.0; Win64; x64) AppleWebKit/537.36 (KHTML, like Gecko) Chrome/144.0.0.0 Safari/537.36"
2409:8754:8450:10:193::169 - - [27/Aug/2026:00:20:53 +0800] "GET /wp-content/themes/oceanwp/assets/js/vendors/magnific-popup.min.js HTTP/1.1" 200 8270 "https://www.ssjh.ilc.edu.tw/category/c-85866/" "Mozilla/5.0 (Windows NT 10.0; Win64; x64) AppleWebKit/537.36 (KHTML, like Gecko) Chrome/144.0.0.0 Safari/537.36"
2409:8754:8450:10:193::169 - - [27/Aug/2026:00:20:54 +0800] "GET /wp-content/themes/oceanwp/assets/js/vendors/flickity.pkgd.min.js HTTP/1.1" 200 15048 "https://www.ssjh.ilc.edu.tw/category/c-85866/" "Mozilla/5.0 (Windows NT 10.0; Win64; x64) AppleWebKit/537.36 (KHTML, like Gecko) Chrome/144.0.0.0 Safari/537.36"
::1 - - [27/Aug/2026:00:20:54 +0800] "OPTIONS * HTTP/1.0" 200 110 "-" "Apache/2.4.68 (Ubuntu) OpenSSL/3.0.19 (internal dummy connection)"
17.22.237.100 - - [27/Aug/2026:00:20:54 +0800] "GET /wp-content/themes/hello-elementor/theme.min.css HTTP/1.1" 200 3411 "https://2blog.ilc.edu.tw/blog/?articleId=300020&blogId=1421&op=Comment&parentId=1493191" "Mozilla/5.0 (Macintosh; Intel Mac OS X 10_15_7) AppleWebKit/605.1.15 (KHTML, like Gecko) Version/17.4 Safari/605.1.15 (Applebot/0.1; +http://www.apple.com/go/applebot)"
2409:876c:2b34::85 - - [27/Aug/2026:00:20:43 +0800] "GET /wp-content/themes/oceanwp/assets/fonts/fontawesome/webfonts/fa-solid-900.woff2 HTTP/1.1" 200 132480 "https://www.najh.ilc.edu.tw/wp-content/cache/www.najh.ilc.edu.tw/wpfc-minified/kcxb236g/6wh9.css" "Mozilla/5.0 (Windows NT 10.0; Win64; x64) AppleWebKit/537.36 (KHTML, like Gecko) Chrome/144.0.0.0 Safari/537.36"
2409:8754:8450:10:193::169 - - [27/Aug/2026:00:20:54 +0800] "GET /wp-content/themes/oceanwp/assets/js/scroll-effect.min.js HTTP/1.1" 200 4127 "https://www.ssjh.ilc.edu.tw/category/c-85866/" "Mozilla/5.0 (Windows NT 10.0; Win64; x64) AppleWebKit/537.36 (KHTML, like Gecko) Chrome/144.0.0.0 Safari/537.36"
2409:8754:8450:10:193::169 - - [27/Aug/2026:00:20:54 +0800] "GET /wp-content/plugins/ocean-extra/includes/widgets/js/flickr.min.js HTTP/1.1" 200 1319 "https://www.ssjh.ilc.edu.tw/category/c-85866/" "Mozilla/5.0 (Windows NT 10.0; Win64; x64) AppleWebKit/537.36 (KHTML, like Gecko) Chrome/144.0.0.0 Safari/537.36"
2409:8754:8450:10:193::169 - - [27/Aug/2026:00:20:54 +0800] "GET /wp-content/themes/oceanwp/assets/js/scroll-top.min.js HTTP/1.1" 200 3202 "https://www.ssjh.ilc.edu.tw/category/c-85866/" "Mozilla/5.0 (Windows NT 10.0; Win64; x64) AppleWebKit/537.36 (KHTML, like Gecko) Chrome/144.0.0.0 Safari/537.36"
2409:8754:8450:10:193::169 - - [27/Aug/2026:00:20:54 +0800] "GET /wp-content/themes/oceanwp/assets/js/ow-slider.min.js HTTP/1.1" 200 1761 "https://www.ssjh.ilc.edu.tw/category/c-85866/" "Mozilla/5.0 (Windows NT 10.0; Win64; x64) AppleWebKit/537.36 (KHTML, like Gecko) Chrome/144.0.0.0 Safari/537.36"
34.56.124.53 - - [27/Aug/2026:00:20:54 +0800] "GET /6523/2020/11/10/109-3-1-6-%E7%BE%85%E6%9D%B1%E5%9C%8B%E4%B8%AD%E6%A0%A1%E5%9C%92%E7%92%B0%E5%A2%83%E7%B6%A0%E7%BE%8E%E5%8C%96/ HTTP/1.1" 200 30104 "-" "Mozilla/5.0 (Macintosh; Intel Mac OS X 10_15_7) AppleWebKit/537.36 (KHTML, like Gecko) Chrome/120.0.0.0 Safari/537.36"
2409:8754:8450:10:193::169 - - [27/Aug/2026:00:20:54 +0800] "GET /wp-content/themes/oceanwp/assets/fonts/simple-line-icons/Simple-Line-Icons.woff2?v=2.4.0 HTTP/1.1" 200 30959 "https://www.ssjh.ilc.edu.tw/wp-content/cache/www.ssjh.ilc.edu.tw/wpfc-minified/d4b76a5b/6xsa.css" "Mozilla/5.0 (Windows NT 10.0; Win64; x64) AppleWebKit/537.36 (KHTML, like Gecko) Chrome/144.0.0.0 Safari/537.36"
::1 - - [27/Aug/2026:00:20:55 +0800] "OPTIONS * HTTP/1.0" 200 110 "-" "Apache/2.4.68 (Ubuntu) OpenSSL/3.0.19 (internal dummy connection)"
2001:288:a201::66:125 - - [27/Aug/2026:00:20:55 +0800] "GET /blog/active.php HTTP/1.1" 301 1026 "-" "-"
2001:288:a201::66:125 - - [27/Aug/2026:00:20:55 +0800] "GET /blog/active.php HTTP/1.1" 404 1084 "-" "-"
2408:8738:5000:5:1::6 - - [27/Aug/2026:00:20:55 +0800] "GET /6422/page/63 HTTP/1.1" 301 5763 "-" "Mozilla/5.0 (Windows NT 10.0; Win64; x64) AppleWebKit/537.36 (KHTML, like Gecko) Chrome/144.0.0.0 Safari/537.36"
34.57.162.91 - - [27/Aug/2026:00:20:55 +0800] "GET /wp-content/uploads/sites/997/32717/32717-4240183.doc HTTP/1.1" 200 59931 "-" "Mozilla/5.0 (Macintosh; Intel Mac OS X 10_15_7) AppleWebKit/537.36 (KHTML, like Gecko) Chrome/120.0.0.0 Safari/537.36"
66.249.71.7 - - [27/Aug/2026:00:20:53 +0800] "GET /wp-login.php?action=ilc_logout&_wpnonce=43754d0aad&redirect_to=http://artkust.ru/join/60735/ HTTP/1.1" 302 8243 "-" "Mozilla/5.0 (compatible; Googlebot/2.1; +http://www.google.com/bot.html)"
17.22.237.100 - - [27/Aug/2026:00:20:55 +0800] "GET /wp-content/plugins/google-drive-embedder/css/gdm-blocks.css HTTP/1.1" 200 1160 "https://2blog.ilc.edu.tw/blog/?articleId=300020&blogId=1421&op=Comment&parentId=1493191" "Mozilla/5.0 (Macintosh; Intel Mac OS X 10_15_7) AppleWebKit/605.1.15 (KHTML, like Gecko) Version/17.4 Safari/605.1.15 (Applebot/0.1; +http://www.apple.com/go/applebot)"
2408:8738:5000:5:1::6 - - [27/Aug/2026:00:20:56 +0800] "GET /6422/page/63/ HTTP/1.1" 200 10935 "-" "Mozilla/5.0 (Windows NT 10.0; Win64; x64) AppleWebKit/537.36 (KHTML, like Gecko) Chrome/144.0.0.0 Safari/537.36"
::1 - - [27/Aug/2026:00:20:56 +0800] "OPTIONS * HTTP/1.0" 200 110 "-" "Apache/2.4.68 (Ubuntu) OpenSSL/3.0.19 (internal dummy connection)"
2408:8738:5000:5:1::6 - - [27/Aug/2026:00:20:56 +0800] "GET /6422/wp-content/cache/2blog.ilc.edu.tw/wpfc-minified/mcg6eyfn/5wv1k.css HTTP/1.1" 200 40885 "https://2blog.ilc.edu.tw/6422/page/63/" "Mozilla/5.0 (Windows NT 10.0; Win64; x64) AppleWebKit/537.36 (KHTML, like Gecko) Chrome/144.0.0.0 Safari/537.36"
2409:8c74:2e10:203::6 - - [27/Aug/2026:00:20:57 +0800] "GET /wp-content/themes/oceanwp/assets/fonts/simple-line-icons/Simple-Line-Icons.woff2?v=2.4.0 HTTP/1.1" 200 30959 "https://ilta.ilc.edu.tw/wp-content/cache/ilta.ilc.edu.tw/wpfc-minified/7vo8n6iy/6wvk.css" "Mozilla/5.0 (Windows NT 10.0; Win64; x64) AppleWebKit/537.36 (KHTML, like Gecko) Chrome/144.0.0.0 Safari/537.36"
2408:8738:5000:5:1::6 - - [27/Aug/2026:00:20:57 +0800] "GET /6422/wp-content/cache/2blog.ilc.edu.tw/wpfc-minified/lmsdk27g/5wv1k.css HTTP/1.1" 200 15782 "https://2blog.ilc.edu.tw/6422/page/63/" "Mozilla/5.0 (Windows NT 10.0; Win64; x64) AppleWebKit/537.36 (KHTML, like Gecko) Chrome/144.0.0.0 Safari/537.36"
140.111.67.10 - - [27/Aug/2026:00:20:57 +0800] "GET /" 301 273 "-" "-"
2408:8738:5000:5:1::6 - - [27/Aug/2026:00:20:57 +0800] "GET /6422/wp-content/cache/2blog.ilc.edu.tw/wpfc-minified/efvibgk7/5wv1k.css HTTP/1.1" 200 1496 "https://2blog.ilc.edu.tw/6422/page/63/" "Mozilla/5.0 (Windows NT 10.0; Win64; x64) AppleWebKit/537.36 (KHTML, like Gecko) Chrome/144.0.0.0 Safari/537.36"
2408:8738:5000:5:1::6 - - [27/Aug/2026:00:20:57 +0800] "GET /6422/wp-content/cache/2blog.ilc.edu.tw/wpfc-minified/2zp8v9b7/5wv1k.css HTTP/1.1" 200 53975 "https://2blog.ilc.edu.tw/6422/page/63/" "Mozilla/5.0 (Windows NT 10.0; Win64; x64) AppleWebKit/537.36 (KHTML, like Gecko) Chrome/144.0.0.0 Safari/537.36"
2408:8738:5000:5:1::6 - - [27/Aug/2026:00:20:57 +0800] "GET /6422/wp-content/cache/2blog.ilc.edu.tw/wpfc-minified/d2nkh48v/5wv1k.js HTTP/1.1" 200 40358 "https://2blog.ilc.edu.tw/6422/page/63/" "Mozilla/5.0 (Windows NT 10.0; Win64; x64) AppleWebKit/537.36 (KHTML, like Gecko) Chrome/144.0.0.0 Safari/537.36"
17.22.237.100 - - [27/Aug/2026:00:20:57 +0800] "GET /wp-includes/css/admin-bar.min.css HTTP/1.1" 200 4685 "https://2blog.ilc.edu.tw/blog/?articleId=300020&blogId=1421&op=Comment&parentId=1493191" "Mozilla/5.0 (Macintosh; Intel Mac OS X 10_15_7) AppleWebKit/605.1.15 (KHTML, like Gecko) Version/17.4 Safari/605.1.15 (Applebot/0.1; +http://www.apple.com/go/applebot)"
2408:8738:5000:5:1::6 - - [27/Aug/2026:00:20:57 +0800] "GET /6422/wp-includes/js/imagesloaded.min.js HTTP/1.1" 200 2683 "https://2blog.ilc.edu.tw/6422/page/63/" "Mozilla/5.0 (Windows NT 10.0; Win64; x64) AppleWebKit/537.36 (KHTML, like Gecko) Chrome/144.0.0.0 Safari/537.36"
2408:8738:5000:5:1::6 - - [27/Aug/2026:00:20:57 +0800] "GET /6422/wp-content/themes/oceanwp/assets/js/theme.min.js HTTP/1.1" 200 5130 "https://2blog.ilc.edu.tw/6422/page/63/" "Mozilla/5.0 (Windows NT 10.0; Win64; x64) AppleWebKit/537.36 (KHTML, like Gecko) Chrome/144.0.0.0 Safari/537.36"
2408:8738:5000:5:1::6 - - [27/Aug/2026:00:20:57 +0800] "GET /6422/wp-content/themes/oceanwp/assets/js/vendors/magnific-popup.min.js HTTP/1.1" 200 8270 "https://2blog.ilc.edu.tw/6422/page/63/" "Mozilla/5.0 (Windows NT 10.0; Win64; x64) AppleWebKit/537.36 (KHTML, like Gecko) Chrome/144.0.0.0 Safari/537.36"
2408:8738:5000:5:1::6 - - [27/Aug/2026:00:20:58 +0800] "GET /6422/wp-content/themes/oceanwp/assets/js/ow-lightbox.min.js HTTP/1.1" 200 2321 "https://2blog.ilc.edu.tw/6422/page/63/" "Mozilla/5.0 (Windows NT 10.0; Win64; x64) AppleWebKit/537.36 (KHTML, like Gecko) Chrome/144.0.0.0 Safari/537.36"
2408:8738:5000:5:1::6 - - [27/Aug/2026:00:20:58 +0800] "GET /6422/wp-content/themes/oceanwp/assets/js/vendors/flickity.pkgd.min.js HTTP/1.1" 200 15048 "https://2blog.ilc.edu.tw/6422/page/63/" "Mozilla/5.0 (Windows NT 10.0; Win64; x64) AppleWebKit/537.36 (KHTML, like Gecko) Chrome/144.0.0.0 Safari/537.36"
2408:8738:5000:5:1::6 - - [27/Aug/2026:00:20:58 +0800] "GET /6422/wp-content/themes/oceanwp/assets/js/scroll-top.min.js HTTP/1.1" 200 3202 "https://2blog.ilc.edu.tw/6422/page/63/" "Mozilla/5.0 (Windows NT 10.0; Win64; x64) AppleWebKit/537.36 (KHTML, like Gecko) Chrome/144.0.0.0 Safari/537.36"
2408:8738:5000:5:1::6 - - [27/Aug/2026:00:20:58 +0800] "GET /6422/wp-content/themes/oceanwp/assets/js/select.min.js HTTP/1.1" 200 2408 "https://2blog.ilc.edu.tw/6422/page/63/" "Mozilla/5.0 (Windows NT 10.0; Win64; x64) AppleWebKit/537.36 (KHTML, like Gecko) Chrome/144.0.0.0 Safari/537.36"
2408:8738:5000:5:1::6 - - [27/Aug/2026:00:20:58 +0800] "GET /6422/wp-content/themes/oceanwp/assets/fonts/simple-line-icons/Simple-Line-Icons.woff2?v=2.4.0 HTTP/1.1" 200 30959 "https://2blog.ilc.edu.tw/6422/wp-content/cache/2blog.ilc.edu.tw/wpfc-minified/2zp8v9b7/5wv1k.css" "Mozilla/5.0 (Windows NT 10.0; Win64; x64) AppleWebKit/537.36 (KHTML, like Gecko) Chrome/144.0.0.0 Safari/537.36"
2001:b011:7801:ddef:119d:c980:3bc3:26cd - - [27/Aug/2026:00:20:58 +0800] "-" 408 4791 "-" "-"
17.22.237.100 - - [27/Aug/2026:00:20:58 +0800] "GET /wp-includes/css/dashicons.min.css HTTP/1.1" 200 36736 "https://2blog.ilc.edu.tw/blog/?articleId=300020&blogId=1421&op=Comment&parentId=1493191" "Mozilla/5.0 (Macintosh; Intel Mac OS X 10_15_7) AppleWebKit/605.1.15 (KHTML, like Gecko) Version/17.4 Safari/605.1.15 (Applebot/0.1; +http://www.apple.com/go/applebot)"
2409:8754:8450:10:193::169 - - [27/Aug/2026:00:20:54 +0800] "GET /wp-content/themes/oceanwp/assets/fonts/fontawesome/webfonts/fa-solid-900.woff2 HTTP/1.1" 200 132480 "https://www.ssjh.ilc.edu.tw/wp-content/cache/www.ssjh.ilc.edu.tw/wpfc-minified/d4b76a5b/6xsa.css" "Mozilla/5.0 (Windows NT 10.0; Win64; x64) AppleWebKit/537.36 (KHTML, like Gecko) Chrome/144.0.0.0 Safari/537.36"
::1 - - [27/Aug/2026:00:21:00 +0800] "OPTIONS * HTTP/1.0" 200 110 "-" "Apache/2.4.68 (Ubuntu) OpenSSL/3.0.19 (internal dummy connection)"
17.22.237.100 - - [27/Aug/2026:00:21:00 +0800] "GET /wp-includes/js/jquery/jquery.min.js HTTP/1.1" 200 31359 "https://2blog.ilc.edu.tw/blog/?articleId=300020&blogId=1421&op=Comment&parentId=1493191" "Mozilla/5.0 (Macintosh; Intel Mac OS X 10_15_7) AppleWebKit/605.1.15 (KHTML, like Gecko) Version/17.4 Safari/605.1.15 (Applebot/0.1; +http://www.apple.com/go/applebot)"
2001:288:a201::66:125 - - [27/Aug/2026:00:21:00 +0800] "GET /blog/active.php HTTP/1.1" 404 1084 "-" "-"
2001:288:a201::66:125 - - [27/Aug/2026:00:21:00 +0800] "GET /blog/active.php HTTP/1.1" 301 1026 "-" "-"
66.249.71.7 - - [27/Aug/2026:00:20:58 +0800] "GET /wp-login.php?action=ilc_logout&_wpnonce=43754d0aad&redirect_to=//webbikers.ru/creator/62803/ HTTP/1.1" 302 3458 "-" "Mozilla/5.0 (compatible; Googlebot/2.1; +http://www.google.com/bot.html)"
::1 - - [27/Aug/2026:00:21:01 +0800] "OPTIONS * HTTP/1.0" 200 110 "-" "Apache/2.4.68 (Ubuntu) OpenSSL/3.0.19 (internal dummy connection)"
2408:8726:1001:19d:0:1:0:1c - - [27/Aug/2026:00:21:02 +0800] "GET /wp-content/uploads/sites/1148/2026/08/cropped-%E6%A0%A1%E5%BE%BD-609x1024-1-32x32.png HTTP/1.1" 200 7023 "https://www.najh.ilc.edu.tw/2023/11/17/%e3%80%8c%e6%95%99%e8%82%b2%e9%83%a8112%e5%b9%b4%e5%85%a8%e5%9c%8b%e8%aa%9e%e6%96%87%e7%ab%b6%e8%b3%bd%e4%b9%8b%e9%96%a9%e5%8d%97%e8%aa%9e%e6%9c%97%e8%ae%80%e6%96%87%e7%ab%a0%e5%be%b5%e7%a8%bf/" "Mozilla/5.0 (Windows NT 10.0; Win64; x64) AppleWebKit/537.36 (KHTML, like Gecko) Chrome/144.0.0.0 Safari/537.36"
66.249.71.32 - - [27/Aug/2026:00:21:02 +0800] "GET /23475/wp-content/themes/hueman/assets/front/js/scripts.min.js HTTP/1.1" 200 27422 "https://2blog.ilc.edu.tw/23475/2016/05/30/%E3%80%90%E6%A6%AE%E8%AD%BD%E6%A6%9C%E3%80%91%E5%88%9D%E8%A9%A6%E5%95%BC%E8%81%B2%EF%BD%9E%E6%88%91%E7%9A%84%E6%96%87%E7%AB%A0%E7%99%BB%E4%B8%8A%E3%80%8A%E5%9C%8B%E8%AA%9E%E6%97%A5%E5%A0%B1%E3%80%8B/" "Mozilla/5.0 (Linux; Android 6.0.1; Nexus 5X Build/MMB29P) AppleWebKit/537.36 (KHTML, like Gecko) Chrome/151.0.7922.173 Mobile Safari/537.36 (compatible; Googlebot/2.1; +http://www.google.com/bot.html)"
140.111.67.10 - - [27/Aug/2026:00:21:02 +0800] "GET /" 301 273 "-" "-"
::1 - - [27/Aug/2026:00:21:02 +0800] "OPTIONS * HTTP/1.0" 200 110 "-" "Apache/2.4.68 (Ubuntu) OpenSSL/3.0.19 (internal dummy connection)"
66.249.71.41 - - [27/Aug/2026:00:21:02 +0800] "POST /23475/wp-json/ilc-summary/v1/popular-posts HTTP/1.1" 201 6052 "https://2blog.ilc.edu.tw/23475/2016/05/30/%E3%80%90%E6%A6%AE%E8%AD%BD%E6%A6%9C%E3%80%91%E5%88%9D%E8%A9%A6%E5%95%BC%E8%81%B2%EF%BD%9E%E6%88%91%E7%9A%84%E6%96%87%E7%AB%A0%E7%99%BB%E4%B8%8A%E3%80%8A%E5%9C%8B%E8%AA%9E%E6%97%A5%E5%A0%B1%E3%80%8B/" "Mozilla/5.0 (Linux; Android 6.0.1; Nexus 5X Build/MMB29P) AppleWebKit/537.36 (KHTML, like Gecko) Chrome/151.0.7922.173 Mobile Safari/537.36 (compatible; Googlebot/2.1; +http://www.google.com/bot.html)"
::1 - - [27/Aug/2026:00:21:03 +0800] "OPTIONS * HTTP/1.0" 200 110 "-" "Apache/2.4.68 (Ubuntu) OpenSSL/3.0.19 (internal dummy connection)"
122.100.113.50 - - [27/Aug/2026:00:21:03 +0800] "GET /category/c-90593/ HTTP/1.1" 200 12570 "https://www.google.com/" "Mozilla/5.0 (Linux; Android 10; K) AppleWebKit/537.36 (KHTML, like Gecko) Chrome/143.0.0.0 Mobile Safari/537.36"
2409:8c78:100:63::96 - - [27/Aug/2026:00:21:04 +0800] "GET /41799/2019/10/23 HTTP/1.1" 301 5767 "-" "Mozilla/5.0 (Windows NT 10.0; Win64; x64) AppleWebKit/537.36 (KHTML, like Gecko) Chrome/144.0.0.0 Safari/537.36"
::1 - - [27/Aug/2026:00:21:04 +0800] "OPTIONS * HTTP/1.0" 200 110 "-" "Apache/2.4.68 (Ubuntu) OpenSSL/3.0.19 (internal dummy connection)"
34.42.229.145 - - [27/Aug/2026:00:21:03 +0800] "GET /32745/2025/01/27/%E7%AD%89%E5%BE%85-12/ HTTP/1.1" 200 92339 "-" "Mozilla/5.0 (Macintosh; Intel Mac OS X 10_15_7) AppleWebKit/537.36 (KHTML, like Gecko) Chrome/120.0.0.0 Safari/537.36"
2409:8c78:100:63::96 - - [27/Aug/2026:00:21:04 +0800] "GET /41799/2019/10/23/ HTTP/1.1" 200 12594 "-" "Mozilla/5.0 (Windows NT 10.0; Win64; x64) AppleWebKit/537.36 (KHTML, like Gecko) Chrome/144.0.0.0 Safari/537.36"
185.191.171.5 - - [27/Aug/2026:00:21:05 +0800] "GET /blog/blog/5322/post/29512/485520 HTTP/1.1" 404 25426 "-" "Mozilla/5.0 (compatible; SemrushBot/7~bl; +http://www.semrush.com/bot.html)"
::1 - - [27/Aug/2026:00:21:05 +0800] "OPTIONS * HTTP/1.0" 200 110 "-" "Apache/2.4.68 (Ubuntu) OpenSSL/3.0.19 (internal dummy connection)"
2001:288:a201::66:125 - - [27/Aug/2026:00:21:05 +0800] "GET /blog/active.php HTTP/1.1" 301 1026 "-" "-"
2001:288:a201::66:125 - - [27/Aug/2026:00:21:05 +0800] "GET /blog/active.php HTTP/1.1" 404 1084 "-" "-"
::1 - - [27/Aug/2026:00:21:06 +0800] "OPTIONS * HTTP/1.0" 200 110 "-" "Apache/2.4.68 (Ubuntu) OpenSSL/3.0.19 (internal dummy connection)"
2409:8c78:100:63::96 - - [27/Aug/2026:00:21:06 +0800] "GET /41799/wp-content/cache/2blog.ilc.edu.tw/wpfc-minified/dijcih3r/63vgq.css HTTP/1.1" 200 40888 "https://2blog.ilc.edu.tw/41799/2019/10/23/" "Mozilla/5.0 (Windows NT 10.0; Win64; x64) AppleWebKit/537.36 (KHTML, like Gecko) Chrome/144.0.0.0 Safari/537.36"
192.178.14.3 - - [27/Aug/2026:00:21:06 +0800] "GET /category/c-90593/ HTTP/1.1" 200 17022 "-" "Mozilla/5.0 (Linux; Android 10; K) AppleWebKit/537.36 (KHTML, like Gecko) Chrome/138.0.0.0 Mobile Safari/537.36 (compatible; Google-Read-Aloud; +https://support.google.com/webmasters/answer/1061943)"
192.178.14.4 - - [27/Aug/2026:00:21:06 +0800] "GET /category/c-90593/ HTTP/1.1" 200 17022 "-" "Mozilla/5.0 (Linux; Android 10; K) AppleWebKit/537.36 (KHTML, like Gecko) Chrome/138.0.0.0 Mobile Safari/537.36 (compatible; Google-Read-Aloud; +https://support.google.com/webmasters/answer/1061943)"
192.178.14.4 - - [27/Aug/2026:00:21:06 +0800] "GET /wp-content/cache/www.naanes.ilc.edu.tw/wpfc-minified/7kbsly4o/ab1x.css HTTP/1.1" 200 40888 "https://www.naanes.ilc.edu.tw/category/c-90593/" "Mozilla/5.0 (Linux; Android 10; K) AppleWebKit/537.36 (KHTML, like Gecko) Chrome/138.0.0.0 Mobile Safari/537.36 (compatible; Google-Read-Aloud; +https://support.google.com/webmasters/answer/1061943)"
192.178.14.3 - - [27/Aug/2026:00:21:06 +0800] "GET /wp-content/cache/www.naanes.ilc.edu.tw/wpfc-minified/8jnlm4ho/oxcm.css HTTP/1.1" 200 15976 "https://www.naanes.ilc.edu.tw/category/c-90593/" "Mozilla/5.0 (Linux; Android 10; K) AppleWebKit/537.36 (KHTML, like Gecko) Chrome/138.0.0.0 Mobile Safari/537.36 (compatible; Google-Read-Aloud; +https://support.google.com/webmasters/answer/1061943)"
192.178.14.2 - - [27/Aug/2026:00:21:06 +0800] "GET /wp-content/cache/www.naanes.ilc.edu.tw/wpfc-minified/jpayfpdw/ab1x.css HTTP/1.1" 200 23330 "https://www.naanes.ilc.edu.tw/category/c-90593/" "Mozilla/5.0 (Linux; Android 10; K) AppleWebKit/537.36 (KHTML, like Gecko) Chrome/138.0.0.0 Mobile Safari/537.36 (compatible; Google-Read-Aloud; +https://support.google.com/webmasters/answer/1061943)"
192.178.14.4 - - [27/Aug/2026:00:21:06 +0800] "GET /wp-content/cache/www.naanes.ilc.edu.tw/wpfc-minified/7kbsly4o/ab1x.css HTTP/1.1" 200 45679 "https://www.naanes.ilc.edu.tw/category/c-90593/" "Mozilla/5.0 (Linux; Android 10; K) AppleWebKit/537.36 (KHTML, like Gecko) Chrome/138.0.0.0 Mobile Safari/537.36 (compatible; Google-Read-Aloud; +https://support.google.com/webmasters/answer/1061943)"
192.178.14.2 - - [27/Aug/2026:00:21:06 +0800] "GET /wp-content/cache/www.naanes.ilc.edu.tw/wpfc-minified/7zsb3eo8/ab1x.css HTTP/1.1" 200 17045 "https://www.naanes.ilc.edu.tw/category/c-90593/" "Mozilla/5.0 (Linux; Android 10; K) AppleWebKit/537.36 (KHTML, like Gecko) Chrome/138.0.0.0 Mobile Safari/537.36 (compatible; Google-Read-Aloud; +https://support.google.com/webmasters/answer/1061943)"
192.178.14.3 - - [27/Aug/2026:00:21:06 +0800] "GET /wp-content/cache/www.naanes.ilc.edu.tw/wpfc-minified/7zsb3eo8/ab1x.css HTTP/1.1" 200 17045 "https://www.naanes.ilc.edu.tw/category/c-90593/" "Mozilla/5.0 (Linux; Android 10; K) AppleWebKit/537.36 (KHTML, like Gecko) Chrome/138.0.0.0 Mobile Safari/537.36 (compatible; Google-Read-Aloud; +https://support.google.com/webmasters/answer/1061943)"
192.178.14.4 - - [27/Aug/2026:00:21:06 +0800] "GET /wp-content/cache/www.naanes.ilc.edu.tw/wpfc-minified/8jnlm4ho/oxcm.css HTTP/1.1" 200 20767 "https://www.naanes.ilc.edu.tw/category/c-90593/" "Mozilla/5.0 (Linux; Android 10; K) AppleWebKit/537.36 (KHTML, like Gecko) Chrome/138.0.0.0 Mobile Safari/537.36 (compatible; Google-Read-Aloud; +https://support.google.com/webmasters/answer/1061943)"
192.178.14.3 - - [27/Aug/2026:00:21:06 +0800] "GET /wp-content/cache/www.naanes.ilc.edu.tw/wpfc-minified/d7swvvpf/ab1x.js HTTP/1.1" 200 40351 "https://www.naanes.ilc.edu.tw/category/c-90593/" "Mozilla/5.0 (Linux; Android 10; K) AppleWebKit/537.36 (KHTML, like Gecko) Chrome/138.0.0.0 Mobile Safari/537.36 (compatible; Google-Read-Aloud; +https://support.google.com/webmasters/answer/1061943)"
192.178.14.3 - - [27/Aug/2026:00:21:06 +0800] "GET /wp-includes/js/hoverintent-js.min.js HTTP/1.1" 200 6388 "https://www.naanes.ilc.edu.tw/category/c-90593/" "Mozilla/5.0 (Linux; Android 10; K) AppleWebKit/537.36 (KHTML, like Gecko) Chrome/138.0.0.0 Mobile Safari/537.36 (compatible; Google-Read-Aloud; +https://support.google.com/webmasters/answer/1061943)"
192.178.14.4 - - [27/Aug/2026:00:21:06 +0800] "GET /wp-includes/js/admin-bar.min.js HTTP/1.1" 200 2237 "https://www.naanes.ilc.edu.tw/category/c-90593/" "Mozilla/5.0 (Linux; Android 10; K) AppleWebKit/537.36 (KHTML, like Gecko) Chrome/138.0.0.0 Mobile Safari/537.36 (compatible; Google-Read-Aloud; +https://support.google.com/webmasters/answer/1061943)"
192.178.14.3 - - [27/Aug/2026:00:21:06 +0800] "GET /wp-includes/js/underscore.min.js HTTP/1.1" 200 8191 "https://www.naanes.ilc.edu.tw/category/c-90593/" "Mozilla/5.0 (Linux; Android 10; K) AppleWebKit/537.36 (KHTML, like Gecko) Chrome/138.0.0.0 Mobile Safari/537.36 (compatible; Google-Read-Aloud; +https://support.google.com/webmasters/answer/1061943)"
192.178.14.2 - - [27/Aug/2026:00:21:06 +0800] "GET /wp-content/themes/huemanilc/assets/front/js/scripts.min.js HTTP/1.1" 200 27001 "https://www.naanes.ilc.edu.tw/category/c-90593/" "Mozilla/5.0 (Linux; Android 10; K) AppleWebKit/537.36 (KHTML, like Gecko) Chrome/138.0.0.0 Mobile Safari/537.36 (compatible; Google-Read-Aloud; +https://support.google.com/webmasters/answer/1061943)"
192.178.14.4 - - [27/Aug/2026:00:21:06 +0800] "GET /wp-content/themes/huemanilc/assets/front/webfonts/fa-brands-400.woff2?v=5.5.0 HTTP/1.1" 200 70613 "https://www.naanes.ilc.edu.tw/wp-content/cache/www.naanes.ilc.edu.tw/wpfc-minified/7zsb3eo8/ab1x.css" "Mozilla/5.0 (Linux; Android 10; K) AppleWebKit/537.36 (KHTML, like Gecko) Chrome/138.0.0.0 Mobile Safari/537.36 (compatible; Google-Read-Aloud; +https://support.google.com/webmasters/answer/1061943)"
192.178.14.2 - - [27/Aug/2026:00:21:06 +0800] "GET /wp-content/themes/huemanilc/assets/front/webfonts/fa-solid-900.woff2?v=5.5.0 HTTP/1.1" 200 74879 "https://www.naanes.ilc.edu.tw/wp-content/cache/www.naanes.ilc.edu.tw/wpfc-minified/7zsb3eo8/ab1x.css" "Mozilla/5.0 (Linux; Android 10; K) AppleWebKit/537.36 (KHTML, like Gecko) Chrome/138.0.0.0 Mobile Safari/537.36 (compatible; Google-Read-Aloud; +https://support.google.com/webmasters/answer/1061943)"
192.178.14.3 - - [27/Aug/2026:00:21:07 +0800] "GET /wp-content/themes/huemanilc/assets/front/webfonts/fa-solid-900.woff2?v=5.5.0 HTTP/1.1" 200 74879 "https://www.naanes.ilc.edu.tw/wp-content/cache/www.naanes.ilc.edu.tw/wpfc-minified/7zsb3eo8/ab1x.css" "Mozilla/5.0 (Linux; Android 10; K) AppleWebKit/537.36 (KHTML, like Gecko) Chrome/138.0.0.0 Mobile Safari/537.36 (compatible; Google-Read-Aloud; +https://support.google.com/webmasters/answer/1061943)"
192.178.14.4 - - [27/Aug/2026:00:21:07 +0800] "GET /wp-content/themes/huemanilc/assets/front/webfonts/fa-brands-400.woff2?v=5.5.0 HTTP/1.1" 200 70613 "https://www.naanes.ilc.edu.tw/wp-content/cache/www.naanes.ilc.edu.tw/wpfc-minified/7zsb3eo8/ab1x.css" "Mozilla/5.0 (Linux; Android 10; K) AppleWebKit/537.36 (KHTML, like Gecko) Chrome/138.0.0.0 Mobile Safari/537.36 (compatible; Google-Read-Aloud; +https://support.google.com/webmasters/answer/1061943)"
140.111.67.10 - - [27/Aug/2026:00:21:07 +0800] "GET /" 301 273 "-" "-"
2409:8c78:100:63::96 - - [27/Aug/2026:00:21:07 +0800] "GET /41799/wp-content/cache/2blog.ilc.edu.tw/wpfc-minified/7c7hioei/63vgq.css HTTP/1.1" 200 16121 "https://2blog.ilc.edu.tw/41799/2019/10/23/" "Mozilla/5.0 (Windows NT 10.0; Win64; x64) AppleWebKit/537.36 (KHTML, like Gecko) Chrome/144.0.0.0 Safari/537.36"
2409:8c78:100:63::96 - - [27/Aug/2026:00:21:08 +0800] "GET /41799/wp-content/cache/2blog.ilc.edu.tw/wpfc-minified/eu1mvptz/63vgq.css HTTP/1.1" 200 5951 "https://2blog.ilc.edu.tw/41799/2019/10/23/" "Mozilla/5.0 (Windows NT 10.0; Win64; x64) AppleWebKit/537.36 (KHTML, like Gecko) Chrome/144.0.0.0 Safari/537.36"
2409:8c78:100:63::96 - - [27/Aug/2026:00:21:08 +0800] "GET /41799/wp-content/cache/2blog.ilc.edu.tw/wpfc-minified/mbeftpft/63vgq.css HTTP/1.1" 200 60319 "https://2blog.ilc.edu.tw/41799/2019/10/23/" "Mozilla/5.0 (Windows NT 10.0; Win64; x64) AppleWebKit/537.36 (KHTML, like Gecko) Chrome/144.0.0.0 Safari/537.36"
185.191.171.6 - - [27/Aug/2026:00:21:08 +0800] "GET /17160/2018/12/31/%E3%80%90g35%E3%80%91%E6%8E%A2%E7%B4%A2-%E6%84%9F%E6%81%A9%E4%B9%8B%E6%97%85%E7%92%B0%E4%BF%9D%E6%AA%A2%E6%B8%AC/ HTTP/1.1" 200 19540 "-" "Mozilla/5.0 (compatible; SemrushBot/7~bl; +http://www.semrush.com/bot.html)"
2409:8c78:100:63::96 - - [27/Aug/2026:00:21:09 +0800] "GET /41799/wp-content/cache/2blog.ilc.edu.tw/wpfc-minified/lldjwzot/63vgq.js HTTP/1.1" 200 35905 "https://2blog.ilc.edu.tw/41799/2019/10/23/" "Mozilla/5.0 (Windows NT 10.0; Win64; x64) AppleWebKit/537.36 (KHTML, like Gecko) Chrome/144.0.0.0 Safari/537.36"
2409:8c78:100:63::96 - - [27/Aug/2026:00:21:10 +0800] "GET /41799/wp-includes/js/admin-bar.min.js HTTP/1.1" 200 2237 "https://2blog.ilc.edu.tw/41799/2019/10/23/" "Mozilla/5.0 (Windows NT 10.0; Win64; x64) AppleWebKit/537.36 (KHTML, like Gecko) Chrome/144.0.0.0 Safari/537.36"
2409:8c78:100:63::96 - - [27/Aug/2026:00:21:10 +0800] "GET /41799/wp-includes/js/hoverintent-js.min.js HTTP/1.1" 200 1597 "https://2blog.ilc.edu.tw/41799/2019/10/23/" "Mozilla/5.0 (Windows NT 10.0; Win64; x64) AppleWebKit/537.36 (KHTML, like Gecko) Chrome/144.0.0.0 Safari/537.36"
2001:288:a201::66:125 - - [27/Aug/2026:00:21:10 +0800] "GET /blog/active.php HTTP/1.1" 404 1084 "-" "-"
66.249.68.64 - - [27/Aug/2026:00:21:10 +0800] "GET /favicon.ico HTTP/1.1" 302 1032 "-" "Googlebot-Image/1.0"
2001:288:a201::66:125 - - [27/Aug/2026:00:21:10 +0800] "GET /blog/active.php HTTP/1.1" 301 1026 "-" "-"
240e:3b6:3c92:2420::2 - - [27/Aug/2026:00:21:11 +0800] "GET /wp-content/cache/ilta.ilc.edu.tw/wpfc-minified/30cml7nx/6wvk.css HTTP/1.1" 200 45672 "https://ilta.ilc.edu.tw/page/317/" "Mozilla/5.0 (Windows NT 10.0; Win64; x64) AppleWebKit/537.36 (KHTML, like Gecko) Chrome/144.0.0.0 Safari/537.36"
240e:3b6:3c92:2420::2 - - [27/Aug/2026:00:21:11 +0800] "GET /wp-content/cache/ilta.ilc.edu.tw/wpfc-minified/l07fx5lw/6wvk.css HTTP/1.1" 200 20577 "https://ilta.ilc.edu.tw/page/317/" "Mozilla/5.0 (Windows NT 10.0; Win64; x64) AppleWebKit/537.36 (KHTML, like Gecko) Chrome/144.0.0.0 Safari/537.36"
66.249.68.65 - - [27/Aug/2026:00:21:11 +0800] "GET /wp-content/uploads/sites/888/2021/07/cropped-logo-2-32x32.jpg HTTP/1.1" 200 16605 "-" "Googlebot-Image/1.0"
