36.229.224.186 - - [27/Aug/2026:00:23:29 +0800] "GET /wp-content/uploads/sites/3846/2023/05/cropped-%E6%95%99%E8%82%B2%E8%99%95logo-32x32.jpg HTTP/1.1" 200 1571 "https://www.ilc.edu.tw/" "Mozilla/5.0 (iPhone; CPU iPhone OS 18_7 like Mac OS X) AppleWebKit/605.1.15 (KHTML, like Gecko) Version/26.5.2 Mobile/15E148 Safari/604.1"
36.229.224.186 - - [27/Aug/2026:00:23:29 +0800] "GET /wp-content/uploads/sites/3846/2023/05/cropped-%E6%95%99%E8%82%B2%E8%99%95logo-192x192.jpg HTTP/1.1" 200 7684 "https://www.ilc.edu.tw/" "Mozilla/5.0 (iPhone; CPU iPhone OS 18_7 like Mac OS X) AppleWebKit/605.1.15 (KHTML, like Gecko) Version/26.5.2 Mobile/15E148 Safari/604.1"
34.171.68.95 - - [27/Aug/2026:00:23:29 +0800] "GET /3753/wp-json/wp/v2/posts/1943 HTTP/1.1" 200 22943 "-" "Mozilla/5.0 (Macintosh; Intel Mac OS X 10_15_7) AppleWebKit/537.36 (KHTML, like Gecko) Chrome/120.0.0.0 Safari/537.36"
::1 - - [27/Aug/2026:00:23:29 +0800] "OPTIONS * HTTP/1.0" 200 110 "-" "Apache/2.4.68 (Ubuntu) OpenSSL/3.0.19 (internal dummy connection)"
220.133.231.194 - - [27/Aug/2026:00:23:29 +0800] "GET /41336/%e5%af%a6%e7%bf%92%e6%95%99%e5%b8%ab%e5%a4%a7%e5%85%89%e5%9c%8b%e5%b0%8f%e7%89%b9%e6%95%99%e7%8f%ad107%e5%ad%b8%e5%b9%b4%e5%ba%a6%e4%b8%8a%e5%ad%b8%e6%9c%9f%e5%a4%a7%e4%ba%94%e5%af%a6%e7%bf%92/ HTTP/1.1" 200 19863 "https://2blog.ilc.edu.tw/41336/20260803%e6%95%99%e7%94%84%e8%bc%94%e8%80%83115%e5%b9%b4%e5%a4%a7%e5%85%89%e5%9c%8b%e5%b0%8f%e6%95%99%e5%b8%ab%e7%94%84%e8%a9%a6%e8%bc%94%e8%80%83%e5%9c%98%e6%a5%ad%e7%b8%be/" "Mozilla/5.0 (Linux; Android 10; K) AppleWebKit/537.36 (KHTML, like Gecko) Chrome/151.0.0.0 Mobile Safari/537.36"
39.9.250.243 - - [27/Aug/2026:00:23:29 +0800] "-" 408 4803 "-" "-"
220.133.231.194 - - [27/Aug/2026:00:23:29 +0800] "GET /41336/wp-content/uploads/sites/2863/2018/12/7-1536x1024.jpg HTTP/1.1" 200 282846 "https://2blog.ilc.edu.tw/41336/%e5%af%a6%e7%bf%92%e6%95%99%e5%b8%ab%e5%a4%a7%e5%85%89%e5%9c%8b%e5%b0%8f%e7%89%b9%e6%95%99%e7%8f%ad107%e5%ad%b8%e5%b9%b4%e5%ba%a6%e4%b8%8a%e5%ad%b8%e6%9c%9f%e5%a4%a7%e4%ba%94%e5%af%a6%e7%bf%92/" "Mozilla/5.0 (Linux; Android 10; K) AppleWebKit/537.36 (KHTML, like Gecko) Chrome/151.0.0.0 Mobile Safari/537.36"
39.9.250.243 - - [27/Aug/2026:00:23:29 +0800] "-" 408 4803 "-" "-"
220.133.231.194 - - [27/Aug/2026:00:23:30 +0800] "GET /41336/wp-content/uploads/sites/2863/2026/08/c490cb45-3a61-4387-a534-17295be108c2-725x1024.png HTTP/1.1" 200 1146234 "https://2blog.ilc.edu.tw/41336/%e5%af%a6%e7%bf%92%e6%95%99%e5%b8%ab%e5%a4%a7%e5%85%89%e5%9c%8b%e5%b0%8f%e7%89%b9%e6%95%99%e7%8f%ad107%e5%ad%b8%e5%b9%b4%e5%ba%a6%e4%b8%8a%e5%ad%b8%e6%9c%9f%e5%a4%a7%e4%ba%94%e5%af%a6%e7%bf%92/" "Mozilla/5.0 (Linux; Android 10; K) AppleWebKit/537.36 (KHTML, like Gecko) Chrome/151.0.0.0 Mobile Safari/537.36"
220.133.231.194 - - [27/Aug/2026:00:23:30 +0800] "GET /41336/wp-content/uploads/sites/2863/2021/10/526410-483x1024.jpg HTTP/1.1" 200 131248 "https://2blog.ilc.edu.tw/41336/%e5%af%a6%e7%bf%92%e6%95%99%e5%b8%ab%e5%a4%a7%e5%85%89%e5%9c%8b%e5%b0%8f%e7%89%b9%e6%95%99%e7%8f%ad107%e5%ad%b8%e5%b9%b4%e5%ba%a6%e4%b8%8a%e5%ad%b8%e6%9c%9f%e5%a4%a7%e4%ba%94%e5%af%a6%e7%bf%92/" "Mozilla/5.0 (Linux; Android 10; K) AppleWebKit/537.36 (KHTML, like Gecko) Chrome/151.0.0.0 Mobile Safari/537.36"
220.133.231.194 - - [27/Aug/2026:00:23:29 +0800] "POST /41336/wp-json/ilc-summary/v1/popular-posts HTTP/1.1" 201 1611 "https://2blog.ilc.edu.tw/41336/%e5%af%a6%e7%bf%92%e6%95%99%e5%b8%ab%e5%a4%a7%e5%85%89%e5%9c%8b%e5%b0%8f%e7%89%b9%e6%95%99%e7%8f%ad107%e5%ad%b8%e5%b9%b4%e5%ba%a6%e4%b8%8a%e5%ad%b8%e6%9c%9f%e5%a4%a7%e4%ba%94%e5%af%a6%e7%bf%92/" "Mozilla/5.0 (Linux; Android 10; K) AppleWebKit/537.36 (KHTML, like Gecko) Chrome/151.0.0.0 Mobile Safari/537.36"
240e:967:e200:a00:0:1:0:12 - - [27/Aug/2026:00:23:30 +0800] "GET /wp-includes/js/imagesloaded.min.js HTTP/1.1" 200 2683 "https://www.najh.ilc.edu.tw/2022/09/27/" "Mozilla/5.0 (Windows NT 10.0; Win64; x64) AppleWebKit/537.36 (KHTML, like Gecko) Chrome/144.0.0.0 Safari/537.36"
240e:967:e200:a00:0:1:0:12 - - [27/Aug/2026:00:23:30 +0800] "GET /wp-content/themes/oceanwp/assets/js/theme.min.js HTTP/1.1" 200 5130 "https://www.najh.ilc.edu.tw/2022/09/27/" "Mozilla/5.0 (Windows NT 10.0; Win64; x64) AppleWebKit/537.36 (KHTML, like Gecko) Chrome/144.0.0.0 Safari/537.36"
66.249.79.172 - - [27/Aug/2026:00:23:30 +0800] "GET /wp-content/uploads/sites/233/1003/1003-3489151.jpg HTTP/1.1" 304 5569 "-" "Googlebot-Image/1.0"
240e:967:e200:a00:0:1:0:12 - - [27/Aug/2026:00:23:30 +0800] "GET /wp-content/themes/oceanwp/assets/js/drop-down-mobile-menu.min.js HTTP/1.1" 200 4663 "https://www.najh.ilc.edu.tw/2022/09/27/" "Mozilla/5.0 (Windows NT 10.0; Win64; x64) AppleWebKit/537.36 (KHTML, like Gecko) Chrome/144.0.0.0 Safari/537.36"
2001:288:a201::66:125 - - [27/Aug/2026:00:23:30 +0800] "GET /blog/active.php HTTP/1.1" 404 1084 "-" "-"
2001:288:a201::66:125 - - [27/Aug/2026:00:23:30 +0800] "GET /blog/active.php HTTP/1.1" 301 1026 "-" "-"
::1 - - [27/Aug/2026:00:23:30 +0800] "OPTIONS * HTTP/1.0" 200 110 "-" "Apache/2.4.68 (Ubuntu) OpenSSL/3.0.19 (internal dummy connection)"
240e:967:e200:a00:0:1:0:12 - - [27/Aug/2026:00:23:31 +0800] "GET /wp-content/themes/oceanwp/assets/js/drop-down-search.min.js HTTP/1.1" 200 2968 "https://www.najh.ilc.edu.tw/2022/09/27/" "Mozilla/5.0 (Windows NT 10.0; Win64; x64) AppleWebKit/537.36 (KHTML, like Gecko) Chrome/144.0.0.0 Safari/537.36"
240e:967:e200:a00:0:1:0:12 - - [27/Aug/2026:00:23:31 +0800] "GET /wp-content/themes/oceanwp/assets/js/vendors/magnific-popup.min.js HTTP/1.1" 200 8270 "https://www.najh.ilc.edu.tw/2022/09/27/" "Mozilla/5.0 (Windows NT 10.0; Win64; x64) AppleWebKit/537.36 (KHTML, like Gecko) Chrome/144.0.0.0 Safari/537.36"
::1 - - [27/Aug/2026:00:23:31 +0800] "OPTIONS * HTTP/1.0" 200 110 "-" "Apache/2.4.68 (Ubuntu) OpenSSL/3.0.19 (internal dummy connection)"
140.111.67.10 - - [27/Aug/2026:00:23:32 +0800] "GET /" 301 273 "-" "-"
240e:967:e200:a00:0:1:0:12 - - [27/Aug/2026:00:23:32 +0800] "GET /wp-content/themes/oceanwp/assets/js/ow-lightbox.min.js HTTP/1.1" 200 2321 "https://www.najh.ilc.edu.tw/2022/09/27/" "Mozilla/5.0 (Windows NT 10.0; Win64; x64) AppleWebKit/537.36 (KHTML, like Gecko) Chrome/144.0.0.0 Safari/537.36"
240e:967:e200:a00:0:1:0:12 - - [27/Aug/2026:00:23:32 +0800] "GET /wp-content/themes/oceanwp/assets/js/vendors/flickity.pkgd.min.js HTTP/1.1" 200 15048 "https://www.najh.ilc.edu.tw/2022/09/27/" "Mozilla/5.0 (Windows NT 10.0; Win64; x64) AppleWebKit/537.36 (KHTML, like Gecko) Chrome/144.0.0.0 Safari/537.36"
::1 - - [27/Aug/2026:00:23:32 +0800] "OPTIONS * HTTP/1.0" 200 110 "-" "Apache/2.4.68 (Ubuntu) OpenSSL/3.0.19 (internal dummy connection)"
240e:967:e200:a00:0:1:0:12 - - [27/Aug/2026:00:23:32 +0800] "GET /wp-content/themes/oceanwp/assets/js/ow-slider.min.js HTTP/1.1" 200 1761 "https://www.najh.ilc.edu.tw/2022/09/27/" "Mozilla/5.0 (Windows NT 10.0; Win64; x64) AppleWebKit/537.36 (KHTML, like Gecko) Chrome/144.0.0.0 Safari/537.36"
34.56.124.53 - - [27/Aug/2026:00:23:33 +0800] "GET /3154/2014/02/24/%E5%9C%8B%E7%A7%91%E6%9C%83%E8%A3%9C%E5%8A%A9%E5%8F%B0%E7%81%A3%E5%B8%AB%E5%A4%A7%E8%BE%A6%E7%90%86%E3%80%8C2014%E7%89%A9%E7%90%86%E4%BA%BA%E6%89%8D%E7%99%BC%E7%8F%BE%E8%A8%88%E7%95%AB%E3%80%8D/ HTTP/1.1" 200 31061 "-" "Mozilla/5.0 (Macintosh; Intel Mac OS X 10_15_7) AppleWebKit/537.36 (KHTML, like Gecko) Chrome/120.0.0.0 Safari/537.36"
240e:967:e200:a00:0:1:0:12 - - [27/Aug/2026:00:23:33 +0800] "GET /wp-content/themes/oceanwp/assets/js/scroll-effect.min.js HTTP/1.1" 200 4127 "https://www.najh.ilc.edu.tw/2022/09/27/" "Mozilla/5.0 (Windows NT 10.0; Win64; x64) AppleWebKit/537.36 (KHTML, like Gecko) Chrome/144.0.0.0 Safari/537.36"
34.10.180.98 - - [27/Aug/2026:00:23:33 +0800] "GET /6538/2016/11/19/105-%E4%B8%89%E4%B9%8B3-%E7%92%B0%E5%A2%83%E8%A1%9B%E7%94%9F%E7%AE%A1%E7%90%86%E6%83%85%E5%BD%A2/ HTTP/1.1" 200 15444 "-" "Mozilla/5.0 (Macintosh; Intel Mac OS X 10_15_7) AppleWebKit/537.36 (KHTML, like Gecko) Chrome/120.0.0.0 Safari/537.36"
240e:967:e200:a00:0:1:0:12 - - [27/Aug/2026:00:23:34 +0800] "GET /wp-content/themes/oceanwp/assets/js/scroll-top.min.js HTTP/1.1" 200 3202 "https://www.najh.ilc.edu.tw/2022/09/27/" "Mozilla/5.0 (Windows NT 10.0; Win64; x64) AppleWebKit/537.36 (KHTML, like Gecko) Chrome/144.0.0.0 Safari/537.36"
240e:967:e200:a00:0:1:0:12 - - [27/Aug/2026:00:23:34 +0800] "GET /wp-content/themes/oceanwp/assets/js/select.min.js HTTP/1.1" 200 2408 "https://www.najh.ilc.edu.tw/2022/09/27/" "Mozilla/5.0 (Windows NT 10.0; Win64; x64) AppleWebKit/537.36 (KHTML, like Gecko) Chrome/144.0.0.0 Safari/537.36"
::1 - - [27/Aug/2026:00:23:34 +0800] "OPTIONS * HTTP/1.0" 200 110 "-" "Apache/2.4.68 (Ubuntu) OpenSSL/3.0.19 (internal dummy connection)"
240e:967:e200:a00:0:1:0:12 - - [27/Aug/2026:00:23:34 +0800] "GET /wp-content/plugins/ocean-extra/includes/widgets/js/flickr.min.js HTTP/1.1" 200 1319 "https://www.najh.ilc.edu.tw/2022/09/27/" "Mozilla/5.0 (Windows NT 10.0; Win64; x64) AppleWebKit/537.36 (KHTML, like Gecko) Chrome/144.0.0.0 Safari/537.36"
240e:967:e200:a00:0:1:0:12 - - [27/Aug/2026:00:23:35 +0800] "GET /wp-includes/js/mediaelement/mediaelement-and-player.min.js HTTP/1.1" 200 39802 "https://www.najh.ilc.edu.tw/2022/09/27/" "Mozilla/5.0 (Windows NT 10.0; Win64; x64) AppleWebKit/537.36 (KHTML, like Gecko) Chrome/144.0.0.0 Safari/537.36"
240e:967:e200:a00:0:1:0:12 - - [27/Aug/2026:00:23:35 +0800] "GET /wp-includes/js/mediaelement/mediaelement-migrate.min.js HTTP/1.1" 200 1419 "https://www.najh.ilc.edu.tw/2022/09/27/" "Mozilla/5.0 (Windows NT 10.0; Win64; x64) AppleWebKit/537.36 (KHTML, like Gecko) Chrome/144.0.0.0 Safari/537.36"
2001:288:a201::66:125 - - [27/Aug/2026:00:23:35 +0800] "GET /blog/active.php HTTP/1.1" 301 1026 "-" "-"
2001:288:a201::66:125 - - [27/Aug/2026:00:23:35 +0800] "GET /blog/active.php HTTP/1.1" 404 1084 "-" "-"
::1 - - [27/Aug/2026:00:23:35 +0800] "OPTIONS * HTTP/1.0" 200 110 "-" "Apache/2.4.68 (Ubuntu) OpenSSL/3.0.19 (internal dummy connection)"
240e:967:e200:a00:0:1:0:12 - - [27/Aug/2026:00:23:35 +0800] "GET /wp-includes/js/mediaelement/wp-mediaelement.min.js HTTP/1.1" 200 1417 "https://www.najh.ilc.edu.tw/2022/09/27/" "Mozilla/5.0 (Windows NT 10.0; Win64; x64) AppleWebKit/537.36 (KHTML, like Gecko) Chrome/144.0.0.0 Safari/537.36"
34.42.229.145 - - [27/Aug/2026:00:23:35 +0800] "GET /wp-content/uploads/sites/860/19211/19211-2715223.doc HTTP/1.1" 200 47621 "-" "Mozilla/5.0 (Macintosh; Intel Mac OS X 10_15_7) AppleWebKit/537.36 (KHTML, like Gecko) Chrome/120.0.0.0 Safari/537.36"
240e:967:e200:a00:0:1:0:12 - - [27/Aug/2026:00:23:36 +0800] "GET /wp-includes/js/mediaelement/renderers/vimeo.min.js HTTP/1.1" 200 3164 "https://www.najh.ilc.edu.tw/2022/09/27/" "Mozilla/5.0 (Windows NT 10.0; Win64; x64) AppleWebKit/537.36 (KHTML, like Gecko) Chrome/144.0.0.0 Safari/537.36"
::1 - - [27/Aug/2026:00:23:36 +0800] "OPTIONS * HTTP/1.0" 200 110 "-" "Apache/2.4.68 (Ubuntu) OpenSSL/3.0.19 (internal dummy connection)"
140.111.67.195 - - [27/Aug/2026:00:23:36 +0800] "GET /wp-admin/admin-post.php?action=steps_ad HTTP/1.1" 200 1973 "-" "node-fetch/1.0 (+https://github.com/bitinn/node-fetch)"
140.111.67.10 - - [27/Aug/2026:00:23:37 +0800] "GET /" 301 273 "-" "-"
::1 - - [27/Aug/2026:00:23:37 +0800] "OPTIONS * HTTP/1.0" 200 110 "-" "Apache/2.4.68 (Ubuntu) OpenSSL/3.0.19 (internal dummy connection)"
240e:967:e200:a00:0:1:0:12 - - [27/Aug/2026:00:23:37 +0800] "GET /wp-content/themes/oceanwp/assets/fonts/simple-line-icons/Simple-Line-Icons.woff2?v=2.4.0 HTTP/1.1" 200 31298 "https://www.najh.ilc.edu.tw/wp-content/cache/www.najh.ilc.edu.tw/wpfc-minified/kcxb236g/6wh9.css" "Mozilla/5.0 (Windows NT 10.0; Win64; x64) AppleWebKit/537.36 (KHTML, like Gecko) Chrome/144.0.0.0 Safari/537.36"
240e:c2:1800:170:0:8:0:2 - - [27/Aug/2026:00:23:38 +0800] "-" 408 339 "-" "-"
34.30.223.149 - - [27/Aug/2026:00:23:37 +0800] "GET /6450/author/sonnet1966/ HTTP/1.1" 200 16363 "-" "Mozilla/5.0 (Macintosh; Intel Mac OS X 10_15_7) AppleWebKit/537.36 (KHTML, like Gecko) Chrome/120.0.0.0 Safari/537.36"
34.30.223.149 - - [27/Aug/2026:00:23:38 +0800] "GET /6512/2012/12/03/101-%E8%B3%87%E6%BA%90%E5%9B%9E%E6%94%B6%E7%B5%B1%E8%A8%88%E8%A1%A8%E6%AF%8F%E6%9C%88%E5%9B%9E%E5%A0%B1%E7%92%B0%E4%BF%9D%E5%B1%80/ HTTP/1.1" 200 14895 "-" "Mozilla/5.0 (Macintosh; Intel Mac OS X 10_15_7) AppleWebKit/537.36 (KHTML, like Gecko) Chrome/120.0.0.0 Safari/537.36"
::1 - - [27/Aug/2026:00:23:38 +0800] "OPTIONS * HTTP/1.0" 200 110 "-" "Apache/2.4.68 (Ubuntu) OpenSSL/3.0.19 (internal dummy connection)"
34.57.162.91 - - [27/Aug/2026:00:23:39 +0800] "GET /6445/2010/page/15/ HTTP/1.1" 200 15202 "-" "Mozilla/5.0 (Macintosh; Intel Mac OS X 10_15_7) AppleWebKit/537.36 (KHTML, like Gecko) Chrome/120.0.0.0 Safari/537.36"
2001:288:a201::66:125 - - [27/Aug/2026:00:23:40 +0800] "GET /blog/active.php HTTP/1.1" 404 1084 "-" "-"
2001:288:a201::66:125 - - [27/Aug/2026:00:23:40 +0800] "GET /blog/active.php HTTP/1.1" 301 1026 "-" "-"
17.246.15.50 - - [27/Aug/2026:00:23:41 +0800] "GET /24659/2018/01/03/1061220%e7%ac%ac%e4%ba%8c%e6%ac%a1%e9%a0%98%e5%9f%9f%e6%9c%83%e8%ad%b0/ HTTP/1.1" 200 20451 "-" "Mozilla/5.0 (Macintosh; Intel Mac OS X 10_15_7) AppleWebKit/605.1.15 (KHTML, like Gecko) Version/17.4 Safari/605.1.15 (Applebot/0.1; +http://www.apple.com/go/applebot)"
85.208.96.194 - - [27/Aug/2026:00:23:41 +0800] "GET /blog/blog/6070/resource/116677/1808961 HTTP/1.1" 404 25426 "-" "Mozilla/5.0 (compatible; SemrushBot/7~bl; +http://www.semrush.com/bot.html)"
140.111.67.10 - - [27/Aug/2026:00:23:42 +0800] "GET /" 301 273 "-" "-"
::1 - - [27/Aug/2026:00:23:42 +0800] "OPTIONS * HTTP/1.0" 200 110 "-" "Apache/2.4.68 (Ubuntu) OpenSSL/3.0.19 (internal dummy connection)"
::1 - - [27/Aug/2026:00:23:43 +0800] "OPTIONS * HTTP/1.0" 200 110 "-" "Apache/2.4.68 (Ubuntu) OpenSSL/3.0.19 (internal dummy connection)"
::1 - - [27/Aug/2026:00:23:44 +0800] "OPTIONS * HTTP/1.0" 200 110 "-" "Apache/2.4.68 (Ubuntu) OpenSSL/3.0.19 (internal dummy connection)"
240e:967:e200:a00:0:1:0:12 - - [27/Aug/2026:00:23:37 +0800] "GET /wp-content/themes/oceanwp/assets/fonts/fontawesome/webfonts/fa-solid-900.woff2 HTTP/1.1" 200 151246 "https://www.najh.ilc.edu.tw/wp-content/cache/www.najh.ilc.edu.tw/wpfc-minified/kcxb236g/6wh9.css" "Mozilla/5.0 (Windows NT 10.0; Win64; x64) AppleWebKit/537.36 (KHTML, like Gecko) Chrome/144.0.0.0 Safari/537.36"
2001:288:a201::66:125 - - [27/Aug/2026:00:23:45 +0800] "GET /blog/active.php HTTP/1.1" 301 1026 "-" "-"
2001:288:a201::66:125 - - [27/Aug/2026:00:23:45 +0800] "GET /blog/active.php HTTP/1.1" 404 1084 "-" "-"
::1 - - [27/Aug/2026:00:23:45 +0800] "OPTIONS * HTTP/1.0" 200 110 "-" "Apache/2.4.68 (Ubuntu) OpenSSL/3.0.19 (internal dummy connection)"
185.191.171.11 - - [27/Aug/2026:00:23:45 +0800] "GET /5315/2020/06/12/2020%E5%B0%8F%E8%8A%B1%E5%8F%A2/?paged=11 HTTP/1.1" 200 16568 "-" "Mozilla/5.0 (compatible; SemrushBot/7~bl; +http://www.semrush.com/bot.html)"
34.61.96.6 - - [27/Aug/2026:00:23:46 +0800] "GET /6448/2017/11/14/106_3-2_%E6%A0%A1%E5%9C%92%E7%A9%BA%E6%B0%A3%E5%93%81%E8%B3%AA%E6%95%99%E8%82%B2%E6%B4%BB%E5%8B%95%E5%9F%B7%E8%A1%8C%E6%88%90%E6%9E%9C/ HTTP/1.1" 200 15926 "-" "Mozilla/5.0 (Macintosh; Intel Mac OS X 10_15_7) AppleWebKit/537.36 (KHTML, like Gecko) Chrome/120.0.0.0 Safari/537.36"
::1 - - [27/Aug/2026:00:23:46 +0800] "OPTIONS * HTTP/1.0" 200 110 "-" "Apache/2.4.68 (Ubuntu) OpenSSL/3.0.19 (internal dummy connection)"
140.111.67.10 - - [27/Aug/2026:00:23:47 +0800] "GET /" 301 273 "-" "-"
2001:b400:e2d2:feb5:8839:8159:4807:33c1 - - [27/Aug/2026:00:23:47 +0800] "-" 408 339 "-" "-"
2001:b400:e2d2:feb5:8839:8159:4807:33c1 - - [27/Aug/2026:00:23:47 +0800] "-" 408 339 "-" "-"
::1 - - [27/Aug/2026:00:23:47 +0800] "OPTIONS * HTTP/1.0" 200 110 "-" "Apache/2.4.68 (Ubuntu) OpenSSL/3.0.19 (internal dummy connection)"
34.123.149.87 - - [27/Aug/2026:00:23:47 +0800] "GET /3288/2015/01/19/%E4%B8%8A%E8%AA%B2%E7%AC%AC%E4%B9%9D%E5%8D%81%E4%B8%83%E5%A4%A9%E8%A8%98%E4%BA%8B/ HTTP/1.1" 200 15590 "-" "Mozilla/5.0 (Macintosh; Intel Mac OS X 10_15_7) AppleWebKit/537.36 (KHTML, like Gecko) Chrome/120.0.0.0 Safari/537.36"
185.191.171.9 - - [27/Aug/2026:00:23:48 +0800] "GET /39664/category/%E9%A0%98%E5%AA%92/page/4/ HTTP/1.1" 200 18688 "-" "Mozilla/5.0 (compatible; SemrushBot/7~bl; +http://www.semrush.com/bot.html)"
178.171.80.59 - - [27/Aug/2026:00:23:49 +0800] "GET /3288/2016/03/page/3/ HTTP/1.1" 200 25887 "-" "Mozilla/5.0 (Macintosh; Intel Mac OS X 10_15_7) AppleWebKit/605.1.15 (KHTML, like Gecko) Version/26.2 Safari/605.1.15"
118.169.213.79 - - [27/Aug/2026:00:23:49 +0800] "GET / HTTP/1.1" 200 22438 "https://www.google.com/url?q=https://www.waldorf.ilc.edu.tw/&sa=U&sqi=2&ved=2ahUKEwifhYSS2r6WAxWHleEIHdFwIpoQFnoECE0QAQ&usg=AOvVaw3fjpwLaZmsyfa8pS9J2AlZ" "Mozilla/5.0 (iPad; CPU OS 26_6_0 like Mac OS X) AppleWebKit/605.1.15 (KHTML, like Gecko) GSA/433.5.957829776 Mobile/15E148 Safari/604.1"
34.46.138.166 - - [27/Aug/2026:00:23:49 +0800] "HEAD /1003/2019/02/09/%E5%BE%9E%E8%AA%B2%E6%96%87%E5%AD%B8%E5%AF%AB%E4%BD%9C%E4%BB%A5%E5%BD%A2%E5%BC%8F%E4%B8%8A%E7%9A%84%E6%9B%B4%E5%8B%95%E8%AE%93%E6%96%87%E7%AB%A0%E6%9B%B4%E7%B2%BE%E9%87%87%E5%80%92%E6%95%98 HTTP/1.1" 301 5855 "-" "Mozilla/5.0 AppleWebKit/537.36 (KHTML, like Gecko); compatible; ShapBot/0.1.0"
118.169.213.79 - - [27/Aug/2026:00:23:49 +0800] "GET /wp-content/cache/www.waldorf.ilc.edu.tw/wpfc-minified/ff80h2zh/6xg3.css HTTP/1.1" 200 40889 "https://www.waldorf.ilc.edu.tw/" "Mozilla/5.0 (iPad; CPU OS 26_6_0 like Mac OS X) AppleWebKit/605.1.15 (KHTML, like Gecko) GSA/433.5.957829776 Mobile/15E148 Safari/604.1"
118.169.213.79 - - [27/Aug/2026:00:23:49 +0800] "GET /wp-content/uploads/sites/1517/elementor/css/post-1413.css HTTP/1.1" 200 2011 "https://www.waldorf.ilc.edu.tw/" "Mozilla/5.0 (iPad; CPU OS 26_6_0 like Mac OS X) AppleWebKit/605.1.15 (KHTML, like Gecko) GSA/433.5.957829776 Mobile/15E148 Safari/604.1"
118.169.213.79 - - [27/Aug/2026:00:23:49 +0800] "GET /wp-content/cache/www.waldorf.ilc.edu.tw/wpfc-minified/jpr50rx6/6xg3.css HTTP/1.1" 200 5963 "https://www.waldorf.ilc.edu.tw/" "Mozilla/5.0 (iPad; CPU OS 26_6_0 like Mac OS X) AppleWebKit/605.1.15 (KHTML, like Gecko) GSA/433.5.957829776 Mobile/15E148 Safari/604.1"
118.169.213.79 - - [27/Aug/2026:00:23:49 +0800] "GET /wp-content/uploads/sites/1517/elementor/css/post-3740.css HTTP/1.1" 200 6113 "https://www.waldorf.ilc.edu.tw/" "Mozilla/5.0 (iPad; CPU OS 26_6_0 like Mac OS X) AppleWebKit/605.1.15 (KHTML, like Gecko) GSA/433.5.957829776 Mobile/15E148 Safari/604.1"
118.169.213.79 - - [27/Aug/2026:00:23:49 +0800] "GET /wp-content/cache/www.waldorf.ilc.edu.tw/wpfc-minified/lwt2mv0t/6xg3.css HTTP/1.1" 200 23817 "https://www.waldorf.ilc.edu.tw/" "Mozilla/5.0 (iPad; CPU OS 26_6_0 like Mac OS X) AppleWebKit/605.1.15 (KHTML, like Gecko) GSA/433.5.957829776 Mobile/15E148 Safari/604.1"
118.169.213.79 - - [27/Aug/2026:00:23:49 +0800] "GET /wp-content/cache/www.waldorf.ilc.edu.tw/wpfc-minified/3pjp17l/6xg3.css HTTP/1.1" 200 13906 "https://www.waldorf.ilc.edu.tw/" "Mozilla/5.0 (iPad; CPU OS 26_6_0 like Mac OS X) AppleWebKit/605.1.15 (KHTML, like Gecko) GSA/433.5.957829776 Mobile/15E148 Safari/604.1"
118.169.213.79 - - [27/Aug/2026:00:23:49 +0800] "GET /wp-content/cache/www.waldorf.ilc.edu.tw/wpfc-minified/g1ne7hpx/6xg3.css HTTP/1.1" 200 53165 "https://www.waldorf.ilc.edu.tw/" "Mozilla/5.0 (iPad; CPU OS 26_6_0 like Mac OS X) AppleWebKit/605.1.15 (KHTML, like Gecko) GSA/433.5.957829776 Mobile/15E148 Safari/604.1"
118.169.213.79 - - [27/Aug/2026:00:23:49 +0800] "GET /wp-content/cache/www.waldorf.ilc.edu.tw/wpfc-minified/s9du8dd/6xg3.css HTTP/1.1" 200 52093 "https://www.waldorf.ilc.edu.tw/" "Mozilla/5.0 (iPad; CPU OS 26_6_0 like Mac OS X) AppleWebKit/605.1.15 (KHTML, like Gecko) GSA/433.5.957829776 Mobile/15E148 Safari/604.1"
118.169.213.79 - - [27/Aug/2026:00:23:49 +0800] "GET /wp-content/themes/hueman/assets/front/webfonts/fa-brands-400.woff2?v=5.15.2 HTTP/1.1" 200 79499 "https://www.waldorf.ilc.edu.tw/" "Mozilla/5.0 (iPad; CPU OS 26_6_0 like Mac OS X) AppleWebKit/605.1.15 (KHTML, like Gecko) GSA/433.5.957829776 Mobile/15E148 Safari/604.1"
118.169.213.79 - - [27/Aug/2026:00:23:49 +0800] "GET /wp-content/cache/www.waldorf.ilc.edu.tw/wpfc-minified/kl1hde1y/6xg3.js HTTP/1.1" 200 35563 "https://www.waldorf.ilc.edu.tw/" "Mozilla/5.0 (iPad; CPU OS 26_6_0 like Mac OS X) AppleWebKit/605.1.15 (KHTML, like Gecko) GSA/433.5.957829776 Mobile/15E148 Safari/604.1"
118.169.213.79 - - [27/Aug/2026:00:23:49 +0800] "GET /wp-content/themes/hueman/assets/front/webfonts/fa-regular-400.woff2?v=5.15.2 HTTP/1.1" 200 14439 "https://www.waldorf.ilc.edu.tw/" "Mozilla/5.0 (iPad; CPU OS 26_6_0 like Mac OS X) AppleWebKit/605.1.15 (KHTML, like Gecko) GSA/433.5.957829776 Mobile/15E148 Safari/604.1"
118.169.213.79 - - [27/Aug/2026:00:23:49 +0800] "GET /wp-content/themes/hueman/assets/front/webfonts/fa-solid-900.woff2?v=5.15.2 HTTP/1.1" 200 81301 "https://www.waldorf.ilc.edu.tw/" "Mozilla/5.0 (iPad; CPU OS 26_6_0 like Mac OS X) AppleWebKit/605.1.15 (KHTML, like Gecko) GSA/433.5.957829776 Mobile/15E148 Safari/604.1"
118.169.213.79 - - [27/Aug/2026:00:23:49 +0800] "GET /wp-content/themes/hueman/assets/front/fonts/titillium-light-webfont.woff HTTP/1.1" 200 25606 "https://www.waldorf.ilc.edu.tw/" "Mozilla/5.0 (iPad; CPU OS 26_6_0 like Mac OS X) AppleWebKit/605.1.15 (KHTML, like Gecko) GSA/433.5.957829776 Mobile/15E148 Safari/604.1"
118.169.213.79 - - [27/Aug/2026:00:23:49 +0800] "GET /wp-content/themes/hueman/assets/front/fonts/titillium-lightitalic-webfont.woff HTTP/1.1" 200 27654 "https://www.waldorf.ilc.edu.tw/" "Mozilla/5.0 (iPad; CPU OS 26_6_0 like Mac OS X) AppleWebKit/605.1.15 (KHTML, like Gecko) GSA/433.5.957829776 Mobile/15E148 Safari/604.1"
118.169.213.79 - - [27/Aug/2026:00:23:49 +0800] "GET /wp-content/themes/hueman/assets/front/fonts/titillium-regular-webfont.woff HTTP/1.1" 200 25590 "https://www.waldorf.ilc.edu.tw/" "Mozilla/5.0 (iPad; CPU OS 26_6_0 like Mac OS X) AppleWebKit/605.1.15 (KHTML, like Gecko) GSA/433.5.957829776 Mobile/15E148 Safari/604.1"
118.169.213.79 - - [27/Aug/2026:00:23:49 +0800] "GET /wp-content/themes/hueman/assets/front/fonts/titillium-regularitalic-webfont.woff HTTP/1.1" 200 27482 "https://www.waldorf.ilc.edu.tw/" "Mozilla/5.0 (iPad; CPU OS 26_6_0 like Mac OS X) AppleWebKit/605.1.15 (KHTML, like Gecko) GSA/433.5.957829776 Mobile/15E148 Safari/604.1"
118.169.213.79 - - [27/Aug/2026:00:23:49 +0800] "GET /wp-content/themes/hueman/assets/front/fonts/titillium-semibold-webfont.woff HTTP/1.1" 200 25626 "https://www.waldorf.ilc.edu.tw/" "Mozilla/5.0 (iPad; CPU OS 26_6_0 like Mac OS X) AppleWebKit/605.1.15 (KHTML, like Gecko) GSA/433.5.957829776 Mobile/15E148 Safari/604.1"
118.169.213.79 - - [27/Aug/2026:00:23:49 +0800] "GET /wp-content/cache/www.waldorf.ilc.edu.tw/wpfc-minified/l0srqxzl/6xg3.css HTTP/1.1" 200 3465 "https://www.waldorf.ilc.edu.tw/" "Mozilla/5.0 (iPad; CPU OS 26_6_0 like Mac OS X) AppleWebKit/605.1.15 (KHTML, like Gecko) GSA/433.5.957829776 Mobile/15E148 Safari/604.1"
118.169.213.79 - - [27/Aug/2026:00:23:49 +0800] "GET /wp-includes/js/hoverintent-js.min.js HTTP/1.1" 200 1597 "https://www.waldorf.ilc.edu.tw/" "Mozilla/5.0 (iPad; CPU OS 26_6_0 like Mac OS X) AppleWebKit/605.1.15 (KHTML, like Gecko) GSA/433.5.957829776 Mobile/15E148 Safari/604.1"
118.169.213.79 - - [27/Aug/2026:00:23:49 +0800] "GET /wp-includes/js/admin-bar.min.js HTTP/1.1" 200 2237 "https://www.waldorf.ilc.edu.tw/" "Mozilla/5.0 (iPad; CPU OS 26_6_0 like Mac OS X) AppleWebKit/605.1.15 (KHTML, like Gecko) GSA/433.5.957829776 Mobile/15E148 Safari/604.1"
118.169.213.79 - - [27/Aug/2026:00:23:49 +0800] "GET /wp-includes/js/underscore.min.js HTTP/1.1" 200 8191 "https://www.waldorf.ilc.edu.tw/" "Mozilla/5.0 (iPad; CPU OS 26_6_0 like Mac OS X) AppleWebKit/605.1.15 (KHTML, like Gecko) GSA/433.5.957829776 Mobile/15E148 Safari/604.1"
118.169.213.79 - - [27/Aug/2026:00:23:49 +0800] "GET /wp-content/plugins/elementor-pro/assets/js/webpack-pro.runtime.min.js HTTP/1.1" 200 3562 "https://www.waldorf.ilc.edu.tw/" "Mozilla/5.0 (iPad; CPU OS 26_6_0 like Mac OS X) AppleWebKit/605.1.15 (KHTML, like Gecko) GSA/433.5.957829776 Mobile/15E148 Safari/604.1"
118.169.213.79 - - [27/Aug/2026:00:23:49 +0800] "GET /wp-content/plugins/elementor/assets/js/webpack.runtime.min.js HTTP/1.1" 200 3095 "https://www.waldorf.ilc.edu.tw/" "Mozilla/5.0 (iPad; CPU OS 26_6_0 like Mac OS X) AppleWebKit/605.1.15 (KHTML, like Gecko) GSA/433.5.957829776 Mobile/15E148 Safari/604.1"
118.169.213.79 - - [27/Aug/2026:00:23:49 +0800] "GET /wp-content/themes/hueman/assets/front/js/scripts.min.js HTTP/1.1" 200 22643 "https://www.waldorf.ilc.edu.tw/" "Mozilla/5.0 (iPad; CPU OS 26_6_0 like Mac OS X) AppleWebKit/605.1.15 (KHTML, like Gecko) GSA/433.5.957829776 Mobile/15E148 Safari/604.1"
118.169.213.79 - - [27/Aug/2026:00:23:49 +0800] "GET /wp-includes/js/dist/hooks.min.js HTTP/1.1" 200 2421 "https://www.waldorf.ilc.edu.tw/" "Mozilla/5.0 (iPad; CPU OS 26_6_0 like Mac OS X) AppleWebKit/605.1.15 (KHTML, like Gecko) GSA/433.5.957829776 Mobile/15E148 Safari/604.1"
118.169.213.79 - - [27/Aug/2026:00:23:49 +0800] "GET /wp-content/plugins/elementor/assets/js/frontend-modules.min.js HTTP/1.1" 200 19416 "https://www.waldorf.ilc.edu.tw/" "Mozilla/5.0 (iPad; CPU OS 26_6_0 like Mac OS X) AppleWebKit/605.1.15 (KHTML, like Gecko) GSA/433.5.957829776 Mobile/15E148 Safari/604.1"
118.169.213.79 - - [27/Aug/2026:00:23:49 +0800] "GET /wp-includes/js/dist/i18n.min.js HTTP/1.1" 200 4547 "https://www.waldorf.ilc.edu.tw/" "Mozilla/5.0 (iPad; CPU OS 26_6_0 like Mac OS X) AppleWebKit/605.1.15 (KHTML, like Gecko) GSA/433.5.957829776 Mobile/15E148 Safari/604.1"
118.169.213.79 - - [27/Aug/2026:00:23:49 +0800] "GET /wp-content/plugins/elementor/assets/lib/waypoints/waypoints.min.js HTTP/1.1" 200 3873 "https://www.waldorf.ilc.edu.tw/" "Mozilla/5.0 (iPad; CPU OS 26_6_0 like Mac OS X) AppleWebKit/605.1.15 (KHTML, like Gecko) GSA/433.5.957829776 Mobile/15E148 Safari/604.1"
118.169.213.79 - - [27/Aug/2026:00:23:49 +0800] "GET /wp-content/plugins/elementor-pro/assets/js/frontend.min.js HTTP/1.1" 200 7574 "https://www.waldorf.ilc.edu.tw/" "Mozilla/5.0 (iPad; CPU OS 26_6_0 like Mac OS X) AppleWebKit/605.1.15 (KHTML, like Gecko) GSA/433.5.957829776 Mobile/15E148 Safari/604.1"
118.169.213.79 - - [27/Aug/2026:00:23:49 +0800] "GET /wp-includes/js/jquery/ui/core.min.js HTTP/1.1" 200 7986 "https://www.waldorf.ilc.edu.tw/" "Mozilla/5.0 (iPad; CPU OS 26_6_0 like Mac OS X) AppleWebKit/605.1.15 (KHTML, like Gecko) GSA/433.5.957829776 Mobile/15E148 Safari/604.1"
118.169.213.79 - - [27/Aug/2026:00:23:49 +0800] "GET /wp-content/plugins/elementor/assets/js/frontend.min.js HTTP/1.1" 200 13169 "https://www.waldorf.ilc.edu.tw/" "Mozilla/5.0 (iPad; CPU OS 26_6_0 like Mac OS X) AppleWebKit/605.1.15 (KHTML, like Gecko) GSA/433.5.957829776 Mobile/15E148 Safari/604.1"
118.169.213.79 - - [27/Aug/2026:00:23:49 +0800] "GET /wp-content/plugins/elementor-pro/assets/js/elements-handlers.min.js HTTP/1.1" 200 10882 "https://www.waldorf.ilc.edu.tw/" "Mozilla/5.0 (iPad; CPU OS 26_6_0 like Mac OS X) AppleWebKit/605.1.15 (KHTML, like Gecko) GSA/433.5.957829776 Mobile/15E148 Safari/604.1"
118.169.213.79 - - [27/Aug/2026:00:23:49 +0800] "GET /wp-content/plugins/elementor/assets/lib/font-awesome/webfonts/fa-solid-900.woff2 HTTP/1.1" 200 79223 "https://www.waldorf.ilc.edu.tw/" "Mozilla/5.0 (iPad; CPU OS 26_6_0 like Mac OS X) AppleWebKit/605.1.15 (KHTML, like Gecko) GSA/433.5.957829776 Mobile/15E148 Safari/604.1"
118.169.213.79 - - [27/Aug/2026:00:23:49 +0800] "GET /wp-content/uploads/sites/1517/2024/01/49827-2.jpg HTTP/1.1" 200 461714 "https://www.waldorf.ilc.edu.tw/" "Mozilla/5.0 (iPad; CPU OS 26_6_0 like Mac OS X) AppleWebKit/605.1.15 (KHTML, like Gecko) GSA/433.5.957829776 Mobile/15E148 Safari/604.1"
118.169.213.79 - - [27/Aug/2026:00:23:49 +0800] "GET /wp-content/uploads/sites/1517/2024/07/%E6%A0%A1%E8%88%8D%E5%8B%B8%E5%8B%9F%E5%B0%88%E5%8D%80.png HTTP/1.1" 200 11216 "https://www.waldorf.ilc.edu.tw/" "Mozilla/5.0 (iPad; CPU OS 26_6_0 like Mac OS X) AppleWebKit/605.1.15 (KHTML, like Gecko) GSA/433.5.957829776 Mobile/15E148 Safari/604.1"
118.169.213.79 - - [27/Aug/2026:00:23:49 +0800] "GET /wp-content/uploads/sites/1517/2024/08/%E5%B9%B4%E5%BA%A6%E8%AA%B2%E7%A8%8B%E8%A8%88%E7%95%AB.png HTTP/1.1" 200 10087 "https://www.waldorf.ilc.edu.tw/" "Mozilla/5.0 (iPad; CPU OS 26_6_0 like Mac OS X) AppleWebKit/605.1.15 (KHTML, like Gecko) GSA/433.5.957829776 Mobile/15E148 Safari/604.1"
118.169.213.79 - - [27/Aug/2026:00:23:49 +0800] "GET /wp-content/plugins/elementor-pro/assets/js/social.2d2e44e8608690943f29.bundle.min.js HTTP/1.1" 200 1433 "https://www.waldorf.ilc.edu.tw/" "Mozilla/5.0 (iPad; CPU OS 26_6_0 like Mac OS X) AppleWebKit/605.1.15 (KHTML, like Gecko) GSA/433.5.957829776 Mobile/15E148 Safari/604.1"
118.169.213.79 - - [27/Aug/2026:00:23:49 +0800] "GET /wp-content/plugins/elementor/assets/js/text-editor.2c35aafbe5bf0e127950.bundle.min.js HTTP/1.1" 200 1545 "https://www.waldorf.ilc.edu.tw/" "Mozilla/5.0 (iPad; CPU OS 26_6_0 like Mac OS X) AppleWebKit/605.1.15 (KHTML, like Gecko) GSA/433.5.957829776 Mobile/15E148 Safari/604.1"
118.169.213.79 - - [27/Aug/2026:00:23:49 +0800] "GET /wp-content/plugins/elementor/assets/js/toggle.31881477c45ff5cf9d4d.bundle.min.js HTTP/1.1" 200 2281 "https://www.waldorf.ilc.edu.tw/" "Mozilla/5.0 (iPad; CPU OS 26_6_0 like Mac OS X) AppleWebKit/605.1.15 (KHTML, like Gecko) GSA/433.5.957829776 Mobile/15E148 Safari/604.1"
118.169.213.79 - - [27/Aug/2026:00:23:49 +0800] "GET /wp-content/uploads/sites/1517/2024/03/%E5%8F%8B%E5%96%84%E6%A0%A1%E5%9C%92%E5%B0%88%E5%8D%80.png HTTP/1.1" 200 10591 "https://www.waldorf.ilc.edu.tw/" "Mozilla/5.0 (iPad; CPU OS 26_6_0 like Mac OS X) AppleWebKit/605.1.15 (KHTML, like Gecko) GSA/433.5.957829776 Mobile/15E148 Safari/604.1"
118.169.213.79 - - [27/Aug/2026:00:23:49 +0800] "GET /wp-content/uploads/sites/1517/2024/01/%E5%8D%88%E9%A4%90%E5%B0%88%E5%8D%80.png HTTP/1.1" 200 8269 "https://www.waldorf.ilc.edu.tw/" "Mozilla/5.0 (iPad; CPU OS 26_6_0 like Mac OS X) AppleWebKit/605.1.15 (KHTML, like Gecko) GSA/433.5.957829776 Mobile/15E148 Safari/604.1"
118.169.213.79 - - [27/Aug/2026:00:23:49 +0800] "GET /wp-content/uploads/sites/1517/2024/07/%E5%9C%8B%E4%B8%AD%E5%8D%87%E5%AD%B8%E5%B0%88%E5%8D%80.png HTTP/1.1" 200 9911 "https://www.waldorf.ilc.edu.tw/" "Mozilla/5.0 (iPad; CPU OS 26_6_0 like Mac OS X) AppleWebKit/605.1.15 (KHTML, like Gecko) GSA/433.5.957829776 Mobile/15E148 Safari/604.1"
34.46.138.166 - - [27/Aug/2026:00:23:49 +0800] "HEAD /1003/2019/02/09/%E5%BE%9E%E8%AA%B2%E6%96%87%E5%AD%B8%E5%AF%AB%E4%BD%9C%E4%BB%A5%E5%BD%A2%E5%BC%8F%E4%B8%8A%E7%9A%84%E6%9B%B4%E5%8B%95%E8%AE%93%E6%96%87%E7%AB%A0%E6%9B%B4%E7%B2%BE%E9%87%87%E5%80%92%E6%95%98 HTTP/1.1" 301 1061 "-" "Mozilla/5.0 AppleWebKit/537.36 (KHTML, like Gecko); compatible; ShapBot/0.1.0"
118.169.213.79 - - [27/Aug/2026:00:23:49 +0800] "GET /wp-content/uploads/sites/1517/2024/12/%E7%89%B9%E6%95%99%E8%BC%94%E5%B0%8E%E5%B0%88%E5%8D%80.png HTTP/1.1" 200 11227 "https://www.waldorf.ilc.edu.tw/" "Mozilla/5.0 (iPad; CPU OS 26_6_0 like Mac OS X) AppleWebKit/605.1.15 (KHTML, like Gecko) GSA/433.5.957829776 Mobile/15E148 Safari/604.1"
118.169.213.79 - - [27/Aug/2026:00:23:49 +0800] "GET /wp-content/uploads/sites/1517/2020/11/as1.jpg HTTP/1.1" 200 25119 "https://www.waldorf.ilc.edu.tw/" "Mozilla/5.0 (iPad; CPU OS 26_6_0 like Mac OS X) AppleWebKit/605.1.15 (KHTML, like Gecko) GSA/433.5.957829776 Mobile/15E148 Safari/604.1"
34.46.138.166 - - [27/Aug/2026:00:23:49 +0800] "HEAD /1003/2019/02/09/%E5%BE%9E%E8%AA%B2%E6%96%87%E5%AD%B8%E5%AF%AB%E4%BD%9C%E4%BB%A5%E5%BD%A2%E5%BC%8F%E4%B8%8A%E7%9A%84%E6%9B%B4%E5%8B%95%E8%AE%93%E6%96%87%E7%AB%A0%E6%9B%B4%E7%B2%BE%E9%87%87%E5%80%92%E6%95%98/ HTTP/1.1" 200 694 "-" "Mozilla/5.0 AppleWebKit/537.36 (KHTML, like Gecko); compatible; ShapBot/0.1.0"
34.46.138.166 - - [27/Aug/2026:00:23:50 +0800] "GET /1003/2019/02/09/%E5%BE%9E%E8%AA%B2%E6%96%87%E5%AD%B8%E5%AF%AB%E4%BD%9C%E4%BB%A5%E5%BD%A2%E5%BC%8F%E4%B8%8A%E7%9A%84%E6%9B%B4%E5%8B%95%E8%AE%93%E6%96%87%E7%AB%A0%E6%9B%B4%E7%B2%BE%E9%87%87%E5%80%92%E6%95%98 HTTP/1.1" 301 1080 "-" "Mozilla/5.0 AppleWebKit/537.36 (KHTML, like Gecko); compatible; ShapBot/0.1.0"
34.46.138.166 - - [27/Aug/2026:00:23:50 +0800] "GET /1003/2019/02/09/%E5%BE%9E%E8%AA%B2%E6%96%87%E5%AD%B8%E5%AF%AB%E4%BD%9C%E4%BB%A5%E5%BD%A2%E5%BC%8F%E4%B8%8A%E7%9A%84%E6%9B%B4%E5%8B%95%E8%AE%93%E6%96%87%E7%AB%A0%E6%9B%B4%E7%B2%BE%E9%87%87%E5%80%92%E6%95%98/ HTTP/1.1" 200 14941 "-" "Mozilla/5.0 AppleWebKit/537.36 (KHTML, like Gecko); compatible; ShapBot/0.1.0"
118.169.213.79 - - [27/Aug/2026:00:23:50 +0800] "GET /wp-content/uploads/sites/1517/2020/11/asfc.png HTTP/1.1" 200 48257 "https://www.waldorf.ilc.edu.tw/" "Mozilla/5.0 (iPad; CPU OS 26_6_0 like Mac OS X) AppleWebKit/605.1.15 (KHTML, like Gecko) GSA/433.5.957829776 Mobile/15E148 Safari/604.1"
118.169.213.79 - - [27/Aug/2026:00:23:50 +0800] "GET /wp-content/uploads/sites/1517/2020/11/asfc98.png HTTP/1.1" 200 45201 "https://www.waldorf.ilc.edu.tw/" "Mozilla/5.0 (iPad; CPU OS 26_6_0 like Mac OS X) AppleWebKit/605.1.15 (KHTML, like Gecko) GSA/433.5.957829776 Mobile/15E148 Safari/604.1"
118.169.213.79 - - [27/Aug/2026:00:23:50 +0800] "GET /wp-content/uploads/sites/1517/2020/11/asfc99.png HTTP/1.1" 200 49717 "https://www.waldorf.ilc.edu.tw/" "Mozilla/5.0 (iPad; CPU OS 26_6_0 like Mac OS X) AppleWebKit/605.1.15 (KHTML, like Gecko) GSA/433.5.957829776 Mobile/15E148 Safari/604.1"
118.169.213.79 - - [27/Aug/2026:00:23:50 +0800] "GET /wp-content/uploads/sites/1517/2020/11/asfc95.png HTTP/1.1" 200 58205 "https://www.waldorf.ilc.edu.tw/" "Mozilla/5.0 (iPad; CPU OS 26_6_0 like Mac OS X) AppleWebKit/605.1.15 (KHTML, like Gecko) GSA/433.5.957829776 Mobile/15E148 Safari/604.1"
2001:288:a201::66:125 - - [27/Aug/2026:00:23:50 +0800] "GET /blog/active.php HTTP/1.1" 404 1084 "-" "-"
2001:288:a201::66:125 - - [27/Aug/2026:00:23:50 +0800] "GET /blog/active.php HTTP/1.1" 301 1026 "-" "-"
40.77.167.150 - - [27/Aug/2026:00:23:52 +0800] "GET /qom HTTP/1.1" 301 983 "-" "Mozilla/5.0 AppleWebKit/537.36 (KHTML, like Gecko; compatible; bingbot/2.0; +http://www.bing.com/bingbot.htm) Chrome/116.0.1938.76 Safari/537.36"
140.111.67.10 - - [27/Aug/2026:00:23:52 +0800] "GET /" 301 273 "-" "-"
34.123.149.87 - - [27/Aug/2026:00:23:52 +0800] "GET /wp-content/uploads/sites/2753/6571/6571-2820313.docx HTTP/1.1" 200 20939 "-" "Mozilla/5.0 (Macintosh; Intel Mac OS X 10_15_7) AppleWebKit/537.36 (KHTML, like Gecko) Chrome/120.0.0.0 Safari/537.36"
220.133.231.194 - - [27/Aug/2026:00:23:52 +0800] "GET /41336/20260430%e9%82%80%e7%b4%84%e5%88%86%e4%ba%ab%e5%a4%a7%e5%85%89%e5%9c%8b%e5%b0%8f%e6%a2%81%e7%bf%b0%e5%bc%98%e8%80%81%e5%b8%ab%e5%92%8c%e9%bb%83%e6%b7%91%e5%a9%b7%e8%80%81%e5%b8%ab%e5%8f%97%e9%82%80/ HTTP/1.1" 200 21102 "https://2blog.ilc.edu.tw/41336/20260803%e6%95%99%e7%94%84%e8%bc%94%e8%80%83115%e5%b9%b4%e5%a4%a7%e5%85%89%e5%9c%8b%e5%b0%8f%e6%95%99%e5%b8%ab%e7%94%84%e8%a9%a6%e8%bc%94%e8%80%83%e5%9c%98%e6%a5%ad%e7%b8%be/" "Mozilla/5.0 (Linux; Android 10; K) AppleWebKit/537.36 (KHTML, like Gecko) Chrome/151.0.0.0 Mobile Safari/537.36"
220.133.231.194 - - [27/Aug/2026:00:23:53 +0800] "GET /41336/wp-content/uploads/sites/2863/2026/04/%E6%93%B7%E5%8F%96-3.jpg HTTP/1.1" 200 58894 "https://2blog.ilc.edu.tw/41336/20260430%e9%82%80%e7%b4%84%e5%88%86%e4%ba%ab%e5%a4%a7%e5%85%89%e5%9c%8b%e5%b0%8f%e6%a2%81%e7%bf%b0%e5%bc%98%e8%80%81%e5%b8%ab%e5%92%8c%e9%bb%83%e6%b7%91%e5%a9%b7%e8%80%81%e5%b8%ab%e5%8f%97%e9%82%80/" "Mozilla/5.0 (Linux; Android 10; K) AppleWebKit/537.36 (KHTML, like Gecko) Chrome/151.0.0.0 Mobile Safari/537.36"
220.133.231.194 - - [27/Aug/2026:00:23:53 +0800] "GET /41336/wp-content/uploads/sites/2863/2026/03/7-1024x571.jpg HTTP/1.1" 200 69983 "https://2blog.ilc.edu.tw/41336/20260430%e9%82%80%e7%b4%84%e5%88%86%e4%ba%ab%e5%a4%a7%e5%85%89%e5%9c%8b%e5%b0%8f%e6%a2%81%e7%bf%b0%e5%bc%98%e8%80%81%e5%b8%ab%e5%92%8c%e9%bb%83%e6%b7%91%e5%a9%b7%e8%80%81%e5%b8%ab%e5%8f%97%e9%82%80/" "Mozilla/5.0 (Linux; Android 10; K) AppleWebKit/537.36 (KHTML, like Gecko) Chrome/151.0.0.0 Mobile Safari/537.36"
220.133.231.194 - - [27/Aug/2026:00:23:53 +0800] "GET /41336/wp-content/uploads/sites/2863/2024/10/2.jpg HTTP/1.1" 200 61510 "https://2blog.ilc.edu.tw/41336/20260430%e9%82%80%e7%b4%84%e5%88%86%e4%ba%ab%e5%a4%a7%e5%85%89%e5%9c%8b%e5%b0%8f%e6%a2%81%e7%bf%b0%e5%bc%98%e8%80%81%e5%b8%ab%e5%92%8c%e9%bb%83%e6%b7%91%e5%a9%b7%e8%80%81%e5%b8%ab%e5%8f%97%e9%82%80/" "Mozilla/5.0 (Linux; Android 10; K) AppleWebKit/537.36 (KHTML, like Gecko) Chrome/151.0.0.0 Mobile Safari/537.36"
220.133.231.194 - - [27/Aug/2026:00:23:53 +0800] "GET /41336/wp-content/uploads/sites/2863/2026/04/ChatGPT-Image-2026%E5%B9%B44%E6%9C%8830%E6%97%A5-%E4%B8%8B%E5%8D%8805_13_19.png HTTP/1.1" 200 1238754 "https://2blog.ilc.edu.tw/41336/20260430%e9%82%80%e7%b4%84%e5%88%86%e4%ba%ab%e5%a4%a7%e5%85%89%e5%9c%8b%e5%b0%8f%e6%a2%81%e7%bf%b0%e5%bc%98%e8%80%81%e5%b8%ab%e5%92%8c%e9%bb%83%e6%b7%91%e5%a9%b7%e8%80%81%e5%b8%ab%e5%8f%97%e9%82%80/" "Mozilla/5.0 (Linux; Android 10; K) AppleWebKit/537.36 (KHTML, like Gecko) Chrome/151.0.0.0 Mobile Safari/537.36"
220.133.231.194 - - [27/Aug/2026:00:23:53 +0800] "GET /41336/wp-content/uploads/sites/2863/2025/09/2771-768x1024.jpg HTTP/1.1" 200 141831 "https://2blog.ilc.edu.tw/41336/20260430%e9%82%80%e7%b4%84%e5%88%86%e4%ba%ab%e5%a4%a7%e5%85%89%e5%9c%8b%e5%b0%8f%e6%a2%81%e7%bf%b0%e5%bc%98%e8%80%81%e5%b8%ab%e5%92%8c%e9%bb%83%e6%b7%91%e5%a9%b7%e8%80%81%e5%b8%ab%e5%8f%97%e9%82%80/" "Mozilla/5.0 (Linux; Android 10; K) AppleWebKit/537.36 (KHTML, like Gecko) Chrome/151.0.0.0 Mobile Safari/537.36"
220.133.231.194 - - [27/Aug/2026:00:23:53 +0800] "GET /41336/wp-content/uploads/sites/2863/2026/04/ChatGPT-Image-2026%E5%B9%B44%E6%9C%8830%E6%97%A5-%E4%B8%8B%E5%8D%8805_10_54.png HTTP/1.1" 200 1589488 "https://2blog.ilc.edu.tw/41336/20260430%e9%82%80%e7%b4%84%e5%88%86%e4%ba%ab%e5%a4%a7%e5%85%89%e5%9c%8b%e5%b0%8f%e6%a2%81%e7%bf%b0%e5%bc%98%e8%80%81%e5%b8%ab%e5%92%8c%e9%bb%83%e6%b7%91%e5%a9%b7%e8%80%81%e5%b8%ab%e5%8f%97%e9%82%80/" "Mozilla/5.0 (Linux; Android 10; K) AppleWebKit/537.36 (KHTML, like Gecko) Chrome/151.0.0.0 Mobile Safari/537.36"
220.133.231.194 - - [27/Aug/2026:00:23:53 +0800] "POST /41336/wp-json/ilc-summary/v1/popular-posts HTTP/1.1" 201 1612 "https://2blog.ilc.edu.tw/41336/20260430%e9%82%80%e7%b4%84%e5%88%86%e4%ba%ab%e5%a4%a7%e5%85%89%e5%9c%8b%e5%b0%8f%e6%a2%81%e7%bf%b0%e5%bc%98%e8%80%81%e5%b8%ab%e5%92%8c%e9%bb%83%e6%b7%91%e5%a9%b7%e8%80%81%e5%b8%ab%e5%8f%97%e9%82%80/" "Mozilla/5.0 (Linux; Android 10; K) AppleWebKit/537.36 (KHTML, like Gecko) Chrome/151.0.0.0 Mobile Safari/537.36"
2001:288:a201::66:125 - - [27/Aug/2026:00:23:55 +0800] "GET /blog/active.php HTTP/1.1" 404 1084 "-" "-"
2001:288:a201::66:125 - - [27/Aug/2026:00:23:55 +0800] "GET /blog/active.php HTTP/1.1" 301 1026 "-" "-"
34.56.124.53 - - [27/Aug/2026:00:23:55 +0800] "GET /4950/?p=592 HTTP/1.1" 301 5784 "-" "Mozilla/5.0 (Macintosh; Intel Mac OS X 10_15_7) AppleWebKit/537.36 (KHTML, like Gecko) Chrome/120.0.0.0 Safari/537.36"
185.191.171.17 - - [27/Aug/2026:00:23:56 +0800] "GET /blog/blog/3860/post/28564/146185 HTTP/1.1" 404 25426 "-" "Mozilla/5.0 (compatible; SemrushBot/7~bl; +http://www.semrush.com/bot.html)"
140.111.67.10 - - [27/Aug/2026:00:23:57 +0800] "GET /" 301 273 "-" "-"
::1 - - [27/Aug/2026:00:23:58 +0800] "OPTIONS * HTTP/1.0" 200 110 "-" "Apache/2.4.68 (Ubuntu) OpenSSL/3.0.19 (internal dummy connection)"
34.57.162.91 - - [27/Aug/2026:00:23:59 +0800] "GET /2015/12/11/%E6%81%AD%E8%B3%80%E6%9C%AC%E6%A0%A1%E6%96%BC104%E5%B9%B4%E8%8A%B1%E8%93%AE%E7%B8%A3%E9%95%B7%E7%9B%83%E5%85%A8%E5%9C%8B%E5%B0%84%E7%AE%AD%E9%8C%A6%E6%A8%99%E8%B3%BD%E6%A6%AE%E7%8D%B2%E4%BD%B3/ HTTP/1.1" 200 16774 "-" "Mozilla/5.0 (Macintosh; Intel Mac OS X 10_15_7) AppleWebKit/537.36 (KHTML, like Gecko) Chrome/120.0.0.0 Safari/537.36"
::1 - - [27/Aug/2026:00:23:59 +0800] "OPTIONS * HTTP/1.0" 200 110 "-" "Apache/2.4.68 (Ubuntu) OpenSSL/3.0.19 (internal dummy connection)"
34.56.124.53 - - [27/Aug/2026:00:24:00 +0800] "GET /wp-content/uploads/sites/2048/5143/5143-2767773.doc HTTP/1.1" 200 91251 "-" "Mozilla/5.0 (Macintosh; Intel Mac OS X 10_15_7) AppleWebKit/537.36 (KHTML, like Gecko) Chrome/120.0.0.0 Safari/537.36"
2001:288:a201::66:125 - - [27/Aug/2026:00:24:00 +0800] "GET /blog/active.php HTTP/1.1" 301 1026 "-" "-"
2001:288:a201::66:125 - - [27/Aug/2026:00:24:00 +0800] "GET /blog/active.php HTTP/1.1" 404 1084 "-" "-"
::1 - - [27/Aug/2026:00:24:00 +0800] "OPTIONS * HTTP/1.0" 200 110 "-" "Apache/2.4.68 (Ubuntu) OpenSSL/3.0.19 (internal dummy connection)"
192.178.5.10 - - [27/Aug/2026:00:24:01 +0800] "GET /robots.txt HTTP/1.1" 200 778 "-" "Mozilla/5.0 (compatible; Googlebot/2.1; +http://www.google.com/bot.html)"
2001:288:a201::67:85 - - [27/Aug/2026:00:24:01 +0800] "GET / HTTP/1.1" 200 56291 "-" "curl/7.81.0"
52.167.144.142 - - [27/Aug/2026:00:24:01 +0800] "GET /26066/wp-content/uploads/sites/1073/2026/08/115%E5%B9%B4%E5%85%AC%E5%AE%89%E8%AC%9B%E7%BF%92%E8%A8%88%E7%95%AB.odt HTTP/1.1" 200 38233 "-" "Mozilla/5.0 AppleWebKit/537.36 (KHTML, like Gecko; compatible; bingbot/2.0; +http://www.bing.com/bingbot.htm) Chrome/116.0.1938.76 Safari/537.36"
66.249.68.105 - - [27/Aug/2026:00:24:01 +0800] "GET / HTTP/1.1" 200 16862 "-" "Mozilla/5.0 (Linux; Android 6.0.1; Nexus 5X Build/MMB29P) AppleWebKit/537.36 (KHTML, like Gecko) Chrome/99.0.4844.84 Mobile Safari/537.36 (compatible; Googlebot/2.1; +http://www.google.com/bot.html)"
2001:288:a201::67:81 - - [27/Aug/2026:00:24:02 +0800] "GET / HTTP/1.1" 200 56291 "-" "curl/7.81.0"
140.111.67.86 - - [27/Aug/2026:00:24:02 +0800] "GET / HTTP/1.1" 200 56291 "-" "curl/7.81.0"
2001:288:a201::67:84 - - [27/Aug/2026:00:24:02 +0800] "GET / HTTP/1.1" 200 56291 "-" "curl/7.81.0"
49.159.180.121 - - [27/Aug/2026:00:24:02 +0800] "GET /wp-content/uploads/sites/3846/2023/05/cropped-%E6%95%99%E8%82%B2%E8%99%95logo-32x32.jpg HTTP/1.1" 200 6362 "https://www.ilc.edu.tw/" "Mozilla/5.0 (Windows NT 10.0; Win64; x64) AppleWebKit/537.36 (KHTML, like Gecko) Chrome/151.0.0.0 Safari/537.36"
140.111.67.10 - - [27/Aug/2026:00:24:02 +0800] "GET /" 301 273 "-" "-"
34.123.149.87 - - [27/Aug/2026:00:24:04 +0800] "GET /6030/category/c-13875/c-70042/feed/ HTTP/1.1" 200 10219 "-" "Mozilla/5.0 (Macintosh; Intel Mac OS X 10_15_7) AppleWebKit/537.36 (KHTML, like Gecko) Chrome/120.0.0.0 Safari/537.36"
34.123.149.87 - - [27/Aug/2026:00:24:04 +0800] "GET /6426/2016/11/10/105_2-8_%E5%AF%A6%E9%9A%9B%E8%A1%8C%E5%8B%95%E5%8F%83%E8%88%87%E8%A7%A3%E6%B1%BA%E5%9C%B0%E6%96%B9%E7%92%B0%E5%A2%83%E5%95%8F%E9%A1%8C%E4%B9%8B%E4%BA%8B%E8%B9%9F-%E5%AE%B6%E4%BA%8B%E6%95%99%E8%82%B2/ HTTP/1.1" 200 17080 "-" "Mozilla/5.0 (Macintosh; Intel Mac OS X 10_15_7) AppleWebKit/537.36 (KHTML, like Gecko) Chrome/120.0.0.0 Safari/537.36"
66.249.79.129 - - [27/Aug/2026:00:24:02 +0800] "GET /wp-login.php?action=ilc_logout&_wpnonce=43754d0aad&redirect_to=http://olimp-viselki.ru/creator/37580/ HTTP/1.1" 302 8252 "-" "Mozilla/5.0 (Linux; Android 6.0.1; Nexus 5X Build/MMB29P) AppleWebKit/537.36 (KHTML, like Gecko) Chrome/151.0.7922.173 Mobile Safari/537.36 (compatible; Googlebot/2.1; +http://www.google.com/bot.html)"
66.249.68.96 - - [27/Aug/2026:00:24:05 +0800] "GET / HTTP/1.1" 200 16860 "-" "Mozilla/5.0 (compatible; Googlebot/2.1; +http://www.google.com/bot.html)"
2402:7500:477:d912:507:514e:a3a:e266 - - [27/Aug/2026:00:24:05 +0800] "GET / HTTP/1.1" 200 29814 "https://www.google.com/" "Mozilla/5.0 (iPhone; CPU iPhone OS 18_7 like Mac OS X) AppleWebKit/605.1.15 (KHTML, like Gecko) Version/26.6 Mobile/15E148 Safari/604.1"
2001:288:a201::66:125 - - [27/Aug/2026:00:24:05 +0800] "GET /blog/active.php HTTP/1.1" 301 1026 "-" "-"
2001:288:a201::66:125 - - [27/Aug/2026:00:24:05 +0800] "GET /blog/active.php HTTP/1.1" 404 1084 "-" "-"
66.249.68.104 - - [27/Aug/2026:00:24:07 +0800] "GET /wp-content/themes/oceanwp/assets/css/third/simple-line-icons.min.css HTTP/1.1" 200 8109 "http://www.djps.ilc.edu.tw/" "Mozilla/5.0 AppleWebKit/537.36 (KHTML, like Gecko; compatible; Googlebot/2.1; +http://www.google.com/bot.html) Chrome/151.0.7922.137 Safari/537.36"
140.111.67.10 - - [27/Aug/2026:00:24:07 +0800] "GET /" 301 273 "-" "-"
17.246.15.140 - - [27/Aug/2026:00:24:07 +0800] "GET /2024/07/16/%E5%93%A1%E5%B1%B1%E5%9C%8B%E5%B0%8F113%E5%AD%B8%E5%B9%B4%E5%BA%A6%E7%8F%AD%E7%B4%9A%E7%B6%B2%E9%A0%81/ HTTP/1.1" 200 32416 "-" "Mozilla/5.0 (Macintosh; Intel Mac OS X 10_15_7) AppleWebKit/605.1.15 (KHTML, like Gecko) Version/17.4 Safari/605.1.15 (Applebot/0.1; +http://www.apple.com/go/applebot)"
66.249.68.105 - - [27/Aug/2026:00:24:09 +0800] "GET /wp-includes/css/admin-bar.min.css HTTP/1.1" 200 9473 "http://www.djps.ilc.edu.tw/" "Mozilla/5.0 AppleWebKit/537.36 (KHTML, like Gecko; compatible; Googlebot/2.1; +http://www.google.com/bot.html) Chrome/151.0.7922.137 Safari/537.36"
17.246.15.140 - - [27/Aug/2026:00:24:09 +0800] "GET /wp-content/cache/www.yeses.ilc.edu.tw/wpfc-minified/kentcdjr/bflo8.css HTTP/1.1" 200 18538 "https://www.yeses.ilc.edu.tw/2024/07/16/%e5%93%a1%e5%b1%b1%e5%9c%8b%e5%b0%8f113%e5%ad%b8%e5%b9%b4%e5%ba%a6%e7%8f%ad%e7%b4%9a%e7%b6%b2%e9%a0%81/" "Mozilla/5.0 (Macintosh; Intel Mac OS X 10_15_7) AppleWebKit/605.1.15 (KHTML, like Gecko) Version/17.4 Safari/605.1.15 (Applebot/0.1; +http://www.apple.com/go/applebot)"
34.57.162.91 - - [27/Aug/2026:00:24:09 +0800] "GET /6573/2017/03/15/106%E5%B9%B4%E7%92%B0%E4%BF%9D%E6%88%B2%E5%8A%87%E7%AB%B6%E8%B3%BD%E5%AE%9C%E8%98%AD%E7%B8%A3%E5%88%9D%E8%B3%BD/ HTTP/1.1" 200 14829 "-" "Mozilla/5.0 (Macintosh; Intel Mac OS X 10_15_7) AppleWebKit/537.36 (KHTML, like Gecko) Chrome/120.0.0.0 Safari/537.36"
192.178.5.10 - - [27/Aug/2026:00:24:10 +0800] "GET /wp-includes/js/mediaelement/wp-mediaelement.min.css HTTP/1.1" 200 6817 "http://www.djps.ilc.edu.tw/" "Mozilla/5.0 (Linux; Android 6.0.1; Nexus 5X Build/MMB29P) AppleWebKit/537.36 (KHTML, like Gecko) Chrome/151.0.7922.137 Mobile Safari/537.36 (compatible; Googlebot/2.1; +http://www.google.com/bot.html)"
2001:288:a201::66:125 - - [27/Aug/2026:00:24:10 +0800] "GET /blog/active.php HTTP/1.1" 301 1026 "-" "-"
2001:288:a201::66:125 - - [27/Aug/2026:00:24:10 +0800] "GET /blog/active.php HTTP/1.1" 404 1084 "-" "-"
66.249.68.104 - - [27/Aug/2026:00:24:11 +0800] "GET /wp-content/themes/oceanwp-child-theme-master3/style.css HTTP/1.1" 200 2093 "http://www.djps.ilc.edu.tw/" "Mozilla/5.0 (Linux; Android 6.0.1; Nexus 5X Build/MMB29P) AppleWebKit/537.36 (KHTML, like Gecko) Chrome/151.0.7922.137 Mobile Safari/537.36 (compatible; Googlebot/2.1; +http://www.google.com/bot.html)"
17.246.15.140 - - [27/Aug/2026:00:24:11 +0800] "GET /wp-includes/js/hoverintent-js.min.js HTTP/1.1" 200 1597 "https://www.yeses.ilc.edu.tw/2024/07/16/%e5%93%a1%e5%b1%b1%e5%9c%8b%e5%b0%8f113%e5%ad%b8%e5%b9%b4%e5%ba%a6%e7%8f%ad%e7%b4%9a%e7%b6%b2%e9%a0%81/" "Mozilla/5.0 (Macintosh; Intel Mac OS X 10_15_7) AppleWebKit/605.1.15 (KHTML, like Gecko) Version/17.4 Safari/605.1.15 (Applebot/0.1; +http://www.apple.com/go/applebot)"
34.171.68.95 - - [27/Aug/2026:00:24:11 +0800] "GET /32745/wp-json/wp/v2/posts/81419 HTTP/1.1" 200 20301 "-" "Mozilla/5.0 (Macintosh; Intel Mac OS X 10_15_7) AppleWebKit/537.36 (KHTML, like Gecko) Chrome/120.0.0.0 Safari/537.36"
66.249.68.104 - - [27/Aug/2026:00:24:11 +0800] "GET /wp-content/themes/oceanwp/assets/fonts/fontawesome/css/all.min.css HTTP/1.1" 200 23385 "http://www.djps.ilc.edu.tw/" "Mozilla/5.0 (Linux; Android 6.0.1; Nexus 5X Build/MMB29P) AppleWebKit/537.36 (KHTML, like Gecko) Chrome/151.0.7922.137 Mobile Safari/537.36 (compatible; Googlebot/2.1; +http://www.google.com/bot.html)"
140.111.67.10 - - [27/Aug/2026:00:24:12 +0800] "GET /" 301 273 "-" "-"
192.178.5.9 - - [27/Aug/2026:00:24:12 +0800] "GET /wp-content/plugins/google-drive-embedder/css/gdm-blocks.css HTTP/1.1" 200 5948 "http://www.djps.ilc.edu.tw/" "Mozilla/5.0 (Linux; Android 6.0.1; Nexus 5X Build/MMB29P) AppleWebKit/537.36 (KHTML, like Gecko) Chrome/151.0.7922.137 Mobile Safari/537.36 (compatible; Googlebot/2.1; +http://www.google.com/bot.html)"
66.249.68.104 - - [27/Aug/2026:00:24:13 +0800] "GET /wp-includes/js/mediaelement/mediaelementplayer-legacy.min.css HTTP/1.1" 200 3465 "http://www.djps.ilc.edu.tw/" "Mozilla/5.0 (Linux; Android 6.0.1; Nexus 5X Build/MMB29P) AppleWebKit/537.36 (KHTML, like Gecko) Chrome/151.0.7922.137 Mobile Safari/537.36 (compatible; Googlebot/2.1; +http://www.google.com/bot.html)"
192.178.5.9 - - [27/Aug/2026:00:24:14 +0800] "GET /wp-content/themes/oceanwp/assets/fonts/fontawesome/css/all.min.css HTTP/1.1" 200 23385 "http://www.djps.ilc.edu.tw/" "Mozilla/5.0 AppleWebKit/537.36 (KHTML, like Gecko; compatible; Googlebot/2.1; +http://www.google.com/bot.html) Chrome/151.0.7922.137 Safari/537.36"
2408:863c:5211:15::2 - - [27/Aug/2026:00:24:14 +0800] "GET /author/sges HTTP/1.1" 301 5771 "-" "Mozilla/5.0 (Windows NT 10.0; Win64; x64) AppleWebKit/537.36 (KHTML, like Gecko) Chrome/144.0.0.0 Safari/537.36"
2408:863c:5211:15::2 - - [27/Aug/2026:00:24:14 +0800] "GET /author/sges/ HTTP/1.1" 200 13278 "-" "Mozilla/5.0 (Windows NT 10.0; Win64; x64) AppleWebKit/537.36 (KHTML, like Gecko) Chrome/144.0.0.0 Safari/537.36"
2408:863c:5211:15::2 - - [27/Aug/2026:00:24:15 +0800] "GET /wp-content/cache/www.sges.ilc.edu.tw/wpfc-minified/dfcxdjy3/73dd.css HTTP/1.1" 200 40884 "https://www.sges.ilc.edu.tw/author/sges/" "Mozilla/5.0 (Windows NT 10.0; Win64; x64) AppleWebKit/537.36 (KHTML, like Gecko) Chrome/144.0.0.0 Safari/537.36"
66.249.68.104 - - [27/Aug/2026:00:24:15 +0800] "GET /wp-includes/css/dist/block-library/style.min.css HTTP/1.1" 200 15780 "http://www.djps.ilc.edu.tw/" "Mozilla/5.0 AppleWebKit/537.36 (KHTML, like Gecko; compatible; Googlebot/2.1; +http://www.google.com/bot.html) Chrome/151.0.7922.137 Safari/537.36"
2001:288:a201::66:125 - - [27/Aug/2026:00:24:15 +0800] "GET /blog/active.php HTTP/1.1" 301 1026 "-" "-"
2001:288:a201::66:125 - - [27/Aug/2026:00:24:15 +0800] "GET /blog/active.php HTTP/1.1" 404 1084 "-" "-"
2408:863c:5211:15::2 - - [27/Aug/2026:00:24:15 +0800] "GET /wp-content/cache/www.sges.ilc.edu.tw/wpfc-minified/jnirldts/73dd.css HTTP/1.1" 200 15777 "https://www.sges.ilc.edu.tw/author/sges/" "Mozilla/5.0 (Windows NT 10.0; Win64; x64) AppleWebKit/537.36 (KHTML, like Gecko) Chrome/144.0.0.0 Safari/537.36"
