[Thu Aug 27 00:00:04.487649 2026] [ssl:error] [pid 825345:tid 825345] AH02604: Unable to configure certificate www.cses.ilc.edu.tw:443:0 for stapling
[Thu Aug 27 00:00:04.501286 2026] [ssl:error] [pid 825345:tid 825345] AH02218: ssl_stapling_init_cert: no OCSP URI in certificate and no SSLStaplingForceURL set [subject: CN=www.chjh.ilc.edu.tw / issuer: CN=YR1,O=Let's Encrypt,C=US / serial: 06882B2C362A4CD77877ACF9CA7E15F1DC93 / notbefore: Aug 19 16:53:32 2026 GMT / notafter: Nov 17 16:53:31 2026 GMT]
[Thu Aug 27 00:00:04.501310 2026] [ssl:error] [pid 825345:tid 825345] AH02604: Unable to configure certificate www.chjh.ilc.edu.tw:443:0 for stapling
[Thu Aug 27 00:00:04.509357 2026] [ssl:error] [pid 825345:tid 825345] AH02218: ssl_stapling_init_cert: no OCSP URI in certificate and no SSLStaplingForceURL set [subject: CN=www.cges.ilc.edu.tw / issuer: CN=YR2,O=Let's Encrypt,C=US / serial: 066EEAB694D1E87DB5299BAE012BF62B9DBA / notbefore: Aug 18 03:54:07 2026 GMT / notafter: Nov 16 03:54:06 2026 GMT]
[Thu Aug 27 00:00:04.509384 2026] [ssl:error] [pid 825345:tid 825345] AH02604: Unable to configure certificate www.cges.ilc.edu.tw:443:0 for stapling
[Thu Aug 27 00:00:04.519146 2026] [ssl:error] [pid 825345:tid 825345] AH02218: ssl_stapling_init_cert: no OCSP URI in certificate and no SSLStaplingForceURL set [subject: CN=www.bhoes.ilc.edu.tw / issuer: CN=YR1,O=Let's Encrypt,C=US / serial: 06A6013233BEF356B7246F9786AC2A91214B / notbefore: Aug 25 07:13:39 2026 GMT / notafter: Nov 23 07:13:38 2026 GMT]
[Thu Aug 27 00:00:04.519170 2026] [ssl:error] [pid 825345:tid 825345] AH02604: Unable to configure certificate www.bhoes.ilc.edu.tw:443:0 for stapling
[Thu Aug 27 00:00:04.548774 2026] [ssl:error] [pid 825345:tid 825345] AH02218: ssl_stapling_init_cert: no OCSP URI in certificate and no SSLStaplingForceURL set [subject: CN=www.awes.ilc.edu.tw / issuer: CN=YR2,O=Let's Encrypt,C=US / serial: 062E4D44B9E723D546CD3A9E0EA32B44614A / notbefore: Aug 19 16:52:49 2026 GMT / notafter: Nov 17 16:52:48 2026 GMT]
[Thu Aug 27 00:00:04.548801 2026] [ssl:error] [pid 825345:tid 825345] AH02604: Unable to configure certificate www.awes.ilc.edu.tw:443:0 for stapling
[Thu Aug 27 00:00:04.562676 2026] [ssl:error] [pid 825345:tid 825345] AH02218: ssl_stapling_init_cert: no OCSP URI in certificate and no SSLStaplingForceURL set [subject: CN=test.ilc.edu.tw / issuer: CN=YR2,O=Let's Encrypt,C=US / serial: 06A41F772A3D5430590EE50DF4B140C0A6C7 / notbefore: Aug 20 13:54:02 2026 GMT / notafter: Nov 18 13:54:01 2026 GMT]
[Thu Aug 27 00:00:04.562701 2026] [ssl:error] [pid 825345:tid 825345] AH02604: Unable to configure certificate test.ilc.edu.tw:443:0 for stapling
[Thu Aug 27 00:00:04.572156 2026] [ssl:error] [pid 825345:tid 825345] AH02218: ssl_stapling_init_cert: no OCSP URI in certificate and no SSLStaplingForceURL set [subject: CN=tech.ilc.edu.tw / issuer: CN=YR1,O=Let's Encrypt,C=US / serial: 06AFB0908E1124116025A8588812B4055E32 / notbefore: Aug 18 03:53:26 2026 GMT / notafter: Nov 16 03:53:25 2026 GMT]
[Thu Aug 27 00:00:04.572181 2026] [ssl:error] [pid 825345:tid 825345] AH02604: Unable to configure certificate tech.ilc.edu.tw:443:0 for stapling
[Thu Aug 27 00:00:04.586425 2026] [ssl:error] [pid 825345:tid 825345] AH02218: ssl_stapling_init_cert: no OCSP URI in certificate and no SSLStaplingForceURL set [subject: CN=sci.ilc.edu.tw / issuer: CN=YR2,O=Let's Encrypt,C=US / serial: 06B5CE41EAD13E061C6F707E4D8FD1D3C4EC / notbefore: Aug 20 13:53:19 2026 GMT / notafter: Nov 18 13:53:18 2026 GMT]
[Thu Aug 27 00:00:04.586455 2026] [ssl:error] [pid 825345:tid 825345] AH02604: Unable to configure certificate sci.ilc.edu.tw:443:0 for stapling
[Thu Aug 27 00:00:04.599565 2026] [ssl:error] [pid 825345:tid 825345] AH02218: ssl_stapling_init_cert: no OCSP URI in certificate and no SSLStaplingForceURL set [subject: CN=maker.ilc.edu.tw / issuer: CN=YR2,O=Let's Encrypt,C=US / serial: 05AB588465DF1C751D737B25A292C57F2BE2 / notbefore: Aug 18 03:52:45 2026 GMT / notafter: Nov 16 03:52:44 2026 GMT]
[Thu Aug 27 00:00:04.599586 2026] [ssl:error] [pid 825345:tid 825345] AH02604: Unable to configure certificate maker.ilc.edu.tw:443:0 for stapling
[Thu Aug 27 00:00:04.614880 2026] [ssl:error] [pid 825345:tid 825345] AH02218: ssl_stapling_init_cert: no OCSP URI in certificate and no SSLStaplingForceURL set [subject: CN=isupport.ilc.edu.tw / issuer: CN=YR1,O=Let's Encrypt,C=US / serial: 05958D0F8E31FFE2A639CC62EDBE0610E1D2 / notbefore: Aug 19 10:44:27 2026 GMT / notafter: Nov 17 10:44:26 2026 GMT]
[Thu Aug 27 00:00:04.614904 2026] [ssl:error] [pid 825345:tid 825345] AH02604: Unable to configure certificate isupport.ilc.edu.tw:443:0 for stapling
[Thu Aug 27 00:00:04.624349 2026] [ssl:error] [pid 825345:tid 825345] AH02218: ssl_stapling_init_cert: no OCSP URI in certificate and no SSLStaplingForceURL set [subject: CN=ilta.ilc.edu.tw / issuer: CN=YR1,O=Let's Encrypt,C=US / serial: 058640373D1DE3712DA62E9DEF946CC5C393 / notbefore: Aug 20 01:00:37 2026 GMT / notafter: Nov 18 01:00:36 2026 GMT]
[Thu Aug 27 00:00:04.624372 2026] [ssl:error] [pid 825345:tid 825345] AH02604: Unable to configure certificate ilta.ilc.edu.tw:443:0 for stapling
[Thu Aug 27 00:00:04.640433 2026] [ssl:error] [pid 825345:tid 825345] AH02218: ssl_stapling_init_cert: no OCSP URI in certificate and no SSLStaplingForceURL set [subject: CN=ihelp.ilc.edu.tw / issuer: CN=YR1,O=Let's Encrypt,C=US / serial: 0597A361C94F436E949486DA7EB771D92BFD / notbefore: Jun 29 15:00:12 2026 GMT / notafter: Sep 27 15:00:11 2026 GMT]
[Thu Aug 27 00:00:04.640454 2026] [ssl:error] [pid 825345:tid 825345] AH02604: Unable to configure certificate ihelp.ilc.edu.tw:443:0 for stapling
[Thu Aug 27 00:00:04.649785 2026] [ssl:error] [pid 825345:tid 825345] AH02218: ssl_stapling_init_cert: no OCSP URI in certificate and no SSLStaplingForceURL set [subject: CN=exam.ilc.edu.tw / issuer: CN=YR2,O=Let's Encrypt,C=US / serial: 0640368617BCA4E1D14B4890FFFB6F7A66DF / notbefore: Aug 18 03:52:21 2026 GMT / notafter: Nov 16 03:52:20 2026 GMT]
[Thu Aug 27 00:00:04.649811 2026] [ssl:error] [pid 825345:tid 825345] AH02604: Unable to configure certificate exam.ilc.edu.tw:443:0 for stapling
[Thu Aug 27 00:00:04.659178 2026] [ssl:error] [pid 825345:tid 825345] AH02218: ssl_stapling_init_cert: no OCSP URI in certificate and no SSLStaplingForceURL set [subject: CN=energy.ilc.edu.tw / issuer: CN=YR1,O=Let's Encrypt,C=US / serial: 0623C9F4778897B4945514E192F390E7FF5E / notbefore: Aug 18 03:51:41 2026 GMT / notafter: Nov 16 03:51:40 2026 GMT]
[Thu Aug 27 00:00:04.659202 2026] [ssl:error] [pid 825345:tid 825345] AH02604: Unable to configure certificate energy.ilc.edu.tw:443:0 for stapling
[Thu Aug 27 00:00:04.664148 2026] [ssl:error] [pid 825345:tid 825345] AH02218: ssl_stapling_init_cert: no OCSP URI in certificate and no SSLStaplingForceURL set [subject: CN=energy.ilc.edu.tw / issuer: CN=YR1,O=Let's Encrypt,C=US / serial: 0623C9F4778897B4945514E192F390E7FF5E / notbefore: Aug 18 03:51:41 2026 GMT / notafter: Nov 16 03:51:40 2026 GMT]
[Thu Aug 27 00:00:04.664167 2026] [ssl:error] [pid 825345:tid 825345] AH02604: Unable to configure certificate energy.ilc.edu.tw:443:0 for stapling
[Thu Aug 27 00:00:04.671751 2026] [ssl:error] [pid 825345:tid 825345] AH02218: ssl_stapling_init_cert: no OCSP URI in certificate and no SSLStaplingForceURL set [subject: CN=ee.ilc.edu.tw / issuer: CN=YR2,O=Let's Encrypt,C=US / serial: 058CC49276704937A2763A212C26B87AEE6D / notbefore: Aug 18 03:51:14 2026 GMT / notafter: Nov 16 03:51:13 2026 GMT]
[Thu Aug 27 00:00:04.671781 2026] [ssl:error] [pid 825345:tid 825345] AH02604: Unable to configure certificate ee.ilc.edu.tw:443:0 for stapling
[Thu Aug 27 00:00:04.688444 2026] [ssl:error] [pid 825345:tid 825345] AH02218: ssl_stapling_init_cert: no OCSP URI in certificate and no SSLStaplingForceURL set [subject: CN=de.ilc.edu.tw / issuer: CN=YR1,O=Let's Encrypt,C=US / serial: 068DA2D1A68C18268A378DF6B348E3FCB12A / notbefore: Aug 22 22:55:29 2026 GMT / notafter: Nov 20 22:55:28 2026 GMT]
[Thu Aug 27 00:00:04.688470 2026] [ssl:error] [pid 825345:tid 825345] AH02604: Unable to configure certificate de.ilc.edu.tw:443:0 for stapling
[Thu Aug 27 00:00:04.703926 2026] [ssl:error] [pid 825345:tid 825345] AH02218: ssl_stapling_init_cert: no OCSP URI in certificate and no SSLStaplingForceURL set [subject: CN=2blog.ilc.edu.tw / issuer: CN=YR2,O=Let's Encrypt,C=US / serial: 062693920F79C2E211B2E00B45AA5CE2A0D7 / notbefore: Aug 18 03:50:50 2026 GMT / notafter: Nov 16 03:50:49 2026 GMT]
[Thu Aug 27 00:00:04.703953 2026] [ssl:error] [pid 825345:tid 825345] AH02604: Unable to configure certificate 2blog.ilc.edu.tw:443:0 for stapling
[Thu Aug 27 00:00:04.709309 2026] [mpm_prefork:notice] [pid 825345:tid 825345] AH00163: Apache/2.4.68 (Ubuntu) OpenSSL/3.0.19 configured -- resuming normal operations
[Thu Aug 27 00:00:04.709332 2026] [core:notice] [pid 825345:tid 825345] AH00094: Command line: '/usr/sbin/apache2'
[Thu Aug 27 00:00:05.612298 2026] [php7:error] [pid 3050293:tid 3050293] [client 2001:288:a201::66:125:56018] script '/var/www/html/2blog/active.php' not found or unable to stat
[Thu Aug 27 00:00:10.599947 2026] [php7:error] [pid 3050292:tid 3050292] [client 2001:288:a201::66:125:3443] script '/var/www/html/2blog/active.php' not found or unable to stat
[Thu Aug 27 00:00:15.613791 2026] [php7:error] [pid 3050292:tid 3050292] [client 2001:288:a201::66:125:9276] script '/var/www/html/2blog/active.php' not found or unable to stat
[Thu Aug 27 00:00:20.602011 2026] [php7:error] [pid 3050293:tid 3050293] [client 2001:288:a201::66:125:9314] script '/var/www/html/2blog/active.php' not found or unable to stat
[Thu Aug 27 00:00:25.633600 2026] [php7:error] [pid 3050400:tid 3050400] [client 2001:288:a201::66:125:9362] script '/var/www/html/2blog/active.php' not found or unable to stat
[Thu Aug 27 00:00:30.632964 2026] [php7:error] [pid 3051249:tid 3051249] [client 2001:288:a201::66:125:9405] script '/var/www/html/2blog/active.php' not found or unable to stat
[Thu Aug 27 00:00:35.628564 2026] [php7:error] [pid 3050400:tid 3050400] [client 2001:288:a201::66:125:9822] script '/var/www/html/2blog/active.php' not found or unable to stat
[Thu Aug 27 00:00:40.613244 2026] [php7:error] [pid 3050298:tid 3050298] [client 2001:288:a201::66:125:49758] script '/var/www/html/2blog/active.php' not found or unable to stat
[Thu Aug 27 00:00:45.628164 2026] [php7:error] [pid 3054788:tid 3054788] [client 2001:288:a201::66:125:9623] script '/var/www/html/2blog/active.php' not found or unable to stat
[Thu Aug 27 00:00:50.607182 2026] [php7:error] [pid 3051522:tid 3051522] [client 2001:288:a201::66:125:9906] script '/var/www/html/2blog/active.php' not found or unable to stat
[Thu Aug 27 00:00:55.629314 2026] [php7:error] [pid 3050289:tid 3050289] [client 2001:288:a201::66:125:49974] script '/var/www/html/2blog/active.php' not found or unable to stat
[Thu Aug 27 00:01:00.613543 2026] [php7:error] [pid 3054786:tid 3054786] [client 2001:288:a201::66:125:3879] script '/var/www/html/2blog/active.php' not found or unable to stat
[Thu Aug 27 00:01:05.648976 2026] [php7:error] [pid 3050293:tid 3050293] [client 2001:288:a201::66:125:9737] script '/var/www/html/2blog/active.php' not found or unable to stat
[Thu Aug 27 00:01:10.628023 2026] [php7:error] [pid 3050298:tid 3050298] [client 2001:288:a201::66:125:10007] script '/var/www/html/2blog/active.php' not found or unable to stat
[Thu Aug 27 00:01:15.649625 2026] [php7:error] [pid 3050290:tid 3050290] [client 2001:288:a201::66:125:10055] script '/var/www/html/2blog/active.php' not found or unable to stat
[Thu Aug 27 00:01:20.277926 2026] [php7:notice] [pid 3054789:tid 3054789] [client 34.171.68.95:15873] [WP STATISTICS] [ERROR]: Error opening database file (/var/www/html/2blog/wp-content/uploads/sites/1249/wp-statistics/GeoLite2-City.mmdb). Is this a valid MaxMind DB file?
[Thu Aug 27 00:01:20.641064 2026] [php7:error] [pid 3050290:tid 3050290] [client 2001:288:a201::66:125:9876] script '/var/www/html/2blog/active.php' not found or unable to stat
[Thu Aug 27 00:01:25.654461 2026] [php7:error] [pid 3054817:tid 3054817] [client 2001:288:a201::66:125:36082] script '/var/www/html/2blog/active.php' not found or unable to stat
[Thu Aug 27 00:01:30.634948 2026] [php7:error] [pid 3050290:tid 3050290] [client 2001:288:a201::66:125:9973] script '/var/www/html/2blog/active.php' not found or unable to stat
[Thu Aug 27 00:01:35.661509 2026] [php7:error] [pid 3050297:tid 3050297] [client 2001:288:a201::66:125:10012] script '/var/www/html/2blog/active.php' not found or unable to stat
[Thu Aug 27 00:01:40.648622 2026] [php7:error] [pid 3054818:tid 3054818] [client 2001:288:a201::66:125:4305] script '/var/www/html/2blog/active.php' not found or unable to stat
[Thu Aug 27 00:01:45.692692 2026] [php7:error] [pid 3050293:tid 3050293] [client 2001:288:a201::66:125:14293] script '/var/www/html/2blog/active.php' not found or unable to stat
[Thu Aug 27 00:01:50.599284 2026] [php7:error] [pid 3054818:tid 3054818] [client 2001:288:a201::66:125:10276] script '/var/www/html/2blog/active.php' not found or unable to stat
[Thu Aug 27 00:01:55.601610 2026] [php7:error] [pid 3050298:tid 3050298] [client 2001:288:a201::66:125:10146] script '/var/www/html/2blog/active.php' not found or unable to stat
[Thu Aug 27 00:02:00.677372 2026] [php7:error] [pid 3054789:tid 3054789] [client 2001:288:a201::66:125:50580] script '/var/www/html/2blog/active.php' not found or unable to stat
[Thu Aug 27 00:02:05.600041 2026] [php7:error] [pid 3054789:tid 3054789] [client 2001:288:a201::66:125:4517] script '/var/www/html/2blog/active.php' not found or unable to stat
[Thu Aug 27 00:02:10.603895 2026] [php7:error] [pid 3054893:tid 3054893] [client 2001:288:a201::66:125:10390] script '/var/www/html/2blog/active.php' not found or unable to stat
[Thu Aug 27 00:02:15.617557 2026] [php7:error] [pid 3054893:tid 3054893] [client 2001:288:a201::66:125:10449] script '/var/www/html/2blog/active.php' not found or unable to stat
[Thu Aug 27 00:02:19.269117 2026] [core:error] [pid 3054900:tid 3054900] [client 18.207.79.144:55511] AH00124: Request exceeded the limit of 10 internal redirects due to probable configuration error. Use 'LimitInternalRecursion' to increase the limit if necessary. Use 'LogLevel debug' to get a backtrace.
[Thu Aug 27 00:02:20.705992 2026] [php7:error] [pid 3054903:tid 3054903] [client 2001:288:a201::66:125:10407] script '/var/www/html/2blog/active.php' not found or unable to stat
[Thu Aug 27 00:02:25.613417 2026] [php7:error] [pid 3054910:tid 3054910] [client 2001:288:a201::66:125:4741] script '/var/www/html/2blog/active.php' not found or unable to stat
[Thu Aug 27 00:02:30.600007 2026] [php7:error] [pid 3054817:tid 3054817] [client 2001:288:a201::66:125:10605] script '/var/www/html/2blog/active.php' not found or unable to stat
[Thu Aug 27 00:02:35.621319 2026] [php7:error] [pid 3054922:tid 3054922] [client 2001:288:a201::66:125:10701] script '/var/www/html/2blog/active.php' not found or unable to stat
[Thu Aug 27 00:02:40.614362 2026] [php7:error] [pid 3054934:tid 3054934] [client 2001:288:a201::66:125:43666] script '/var/www/html/2blog/active.php' not found or unable to stat
[Thu Aug 27 00:02:45.627492 2026] [php7:error] [pid 3054925:tid 3054925] [client 2001:288:a201::66:125:14629] script '/var/www/html/2blog/active.php' not found or unable to stat
[Thu Aug 27 00:02:50.604363 2026] [php7:error] [pid 3054909:tid 3054909] [client 2001:288:a201::66:125:10628] script '/var/www/html/2blog/active.php' not found or unable to stat
[Thu Aug 27 00:02:55.617050 2026] [php7:error] [pid 3054834:tid 3054834] [client 2001:288:a201::66:125:5006] script '/var/www/html/2blog/active.php' not found or unable to stat
[Thu Aug 27 00:03:00.598625 2026] [php7:error] [pid 3054929:tid 3054929] [client 2001:288:a201::66:125:5039] script '/var/www/html/2blog/active.php' not found or unable to stat
[Thu Aug 27 00:03:05.613447 2026] [php7:error] [pid 3054952:tid 3054952] [client 2001:288:a201::66:125:11045] script '/var/www/html/2blog/active.php' not found or unable to stat
[Thu Aug 27 00:03:10.691828 2026] [php7:error] [pid 3054956:tid 3054956] [client 2001:288:a201::66:125:14791] script '/var/www/html/2blog/active.php' not found or unable to stat
[Thu Aug 27 00:03:15.616429 2026] [php7:error] [pid 3054922:tid 3054922] [client 2001:288:a201::66:125:11161] script '/var/www/html/2blog/active.php' not found or unable to stat
[Thu Aug 27 00:03:20.694182 2026] [php7:error] [pid 3054900:tid 3054900] [client 2001:288:a201::66:125:14811] script '/var/www/html/2blog/active.php' not found or unable to stat
[Thu Aug 27 00:03:25.608830 2026] [php7:error] [pid 3054900:tid 3054900] [client 2001:288:a201::66:125:10875] script '/var/www/html/2blog/active.php' not found or unable to stat
[Thu Aug 27 00:03:30.697019 2026] [php7:error] [pid 3054969:tid 3054969] [client 2001:288:a201::66:125:10951] script '/var/www/html/2blog/active.php' not found or unable to stat
[Thu Aug 27 00:03:35.605926 2026] [php7:error] [pid 3054893:tid 3054893] [client 2001:288:a201::66:125:5366] script '/var/www/html/2blog/active.php' not found or unable to stat
[Thu Aug 27 00:03:40.602062 2026] [php7:error] [pid 3054788:tid 3054788] [client 2001:288:a201::66:125:11374] script '/var/www/html/2blog/active.php' not found or unable to stat
[Thu Aug 27 00:03:45.605943 2026] [php7:error] [pid 3054951:tid 3054951] [client 2001:288:a201::66:125:14980] script '/var/www/html/2blog/active.php' not found or unable to stat
[Thu Aug 27 00:03:50.682796 2026] [php7:error] [pid 3054950:tid 3054950] [client 2001:288:a201::66:125:14998] script '/var/www/html/2blog/active.php' not found or unable to stat
[Thu Aug 27 00:03:55.602999 2026] [php7:error] [pid 3054982:tid 3054982] [client 2001:288:a201::66:125:11134] script '/var/www/html/2blog/active.php' not found or unable to stat
[Thu Aug 27 00:04:00.687335 2026] [php7:error] [pid 3054966:tid 3054966] [client 2001:288:a201::66:125:11183] script '/var/www/html/2blog/active.php' not found or unable to stat
[Thu Aug 27 00:04:02.739649 2026] [php7:notice] [pid 3054985:tid 3054985] [client 34.171.68.95:14848] [WP STATISTICS] [ERROR]: Error opening database file (/var/www/html/2blog/wp-content/uploads/sites/1249/wp-statistics/GeoLite2-City.mmdb). Is this a valid MaxMind DB file?
[Thu Aug 27 00:04:02.944121 2026] [php7:notice] [pid 3054985:tid 3054985] [client 34.171.68.95:14848] [WP STATISTICS] [ERROR]: Error opening database file (/var/www/html/2blog/wp-content/uploads/sites/1249/wp-statistics/GeoLite2-City.mmdb). Is this a valid MaxMind DB file?
[Thu Aug 27 00:04:05.607071 2026] [php7:error] [pid 3054968:tid 3054968] [client 2001:288:a201::66:125:11345] script '/var/www/html/2blog/active.php' not found or unable to stat
[Thu Aug 27 00:04:10.689577 2026] [php7:error] [pid 3054788:tid 3054788] [client 2001:288:a201::66:125:5714] script '/var/www/html/2blog/active.php' not found or unable to stat
[Thu Aug 27 00:04:15.602445 2026] [php7:error] [pid 3054954:tid 3054954] [client 2001:288:a201::66:125:11439] script '/var/www/html/2blog/active.php' not found or unable to stat
[Thu Aug 27 00:04:20.684776 2026] [php7:error] [pid 3054928:tid 3054928] [client 2001:288:a201::66:125:11524] script '/var/www/html/2blog/active.php' not found or unable to stat
[Thu Aug 27 00:04:25.614569 2026] [php7:error] [pid 3055057:tid 3055057] [client 2001:288:a201::66:125:15184] script '/var/www/html/2blog/active.php' not found or unable to stat
[Thu Aug 27 00:04:30.633666 2026] [php7:error] [pid 3055041:tid 3055041] [client 2001:288:a201::66:125:11610] script '/var/www/html/2blog/active.php' not found or unable to stat
[Thu Aug 27 00:04:35.611253 2026] [php7:error] [pid 3054985:tid 3054985] [client 2001:288:a201::66:125:5926] script '/var/www/html/2blog/active.php' not found or unable to stat
[Thu Aug 27 00:04:36.952126 2026] [php7:notice] [pid 3055057:tid 3055057] [client 2001:4860:7:810::fc:35468] [WP STATISTICS] [ERROR]: Error opening database file (/var/www/html/2blog/wp-content/uploads/sites/1249/wp-statistics/GeoLite2-City.mmdb). Is this a valid MaxMind DB file?, referer: https://www.google.com/
[Thu Aug 27 00:04:37.110420 2026] [php7:notice] [pid 3055057:tid 3055057] [client 2001:4860:7:810::fc:35468] [WP STATISTICS] [ERROR]: Error opening database file (/var/www/html/2blog/wp-content/uploads/sites/1249/wp-statistics/GeoLite2-City.mmdb). Is this a valid MaxMind DB file?, referer: https://www.google.com/
[Thu Aug 27 00:04:40.607157 2026] [php7:error] [pid 3054952:tid 3054952] [client 2001:288:a201::66:125:11865] script '/var/www/html/2blog/active.php' not found or unable to stat
[Thu Aug 27 00:04:45.605897 2026] [php7:error] [pid 3054968:tid 3054968] [client 2001:288:a201::66:125:52275] script '/var/www/html/2blog/active.php' not found or unable to stat
[Thu Aug 27 00:04:50.694132 2026] [php7:error] [pid 3054968:tid 3054968] [client 2001:288:a201::66:125:11498] script '/var/www/html/2blog/active.php' not found or unable to stat
[Thu Aug 27 00:04:55.607190 2026] [php7:error] [pid 3054970:tid 3054970] [client 2001:288:a201::66:125:11537] script '/var/www/html/2blog/active.php' not found or unable to stat
[Thu Aug 27 00:05:00.686122 2026] [php7:error] [pid 3055041:tid 3055041] [client 2001:288:a201::66:125:52473] script '/var/www/html/2blog/active.php' not found or unable to stat
[Thu Aug 27 00:05:05.615648 2026] [php7:error] [pid 3054788:tid 3054788] [client 2001:288:a201::66:125:12095] script '/var/www/html/2blog/active.php' not found or unable to stat
[Thu Aug 27 00:05:10.601992 2026] [php7:error] [pid 3056223:tid 3056223] [client 2001:288:a201::66:125:52630] script '/var/www/html/2blog/active.php' not found or unable to stat
[Thu Aug 27 00:05:15.622649 2026] [php7:error] [pid 3054966:tid 3054966] [client 2001:288:a201::66:125:11961] script '/var/www/html/2blog/active.php' not found or unable to stat
[Thu Aug 27 00:05:20.631878 2026] [php7:error] [pid 3055041:tid 3055041] [client 2001:288:a201::66:125:12046] script '/var/www/html/2blog/active.php' not found or unable to stat
[Thu Aug 27 00:05:25.630924 2026] [php7:error] [pid 3054985:tid 3054985] [client 2001:288:a201::66:125:60838] script '/var/www/html/2blog/active.php' not found or unable to stat
[Thu Aug 27 00:05:30.611468 2026] [php7:error] [pid 3056223:tid 3056223] [client 2001:288:a201::66:125:52839] script '/var/www/html/2blog/active.php' not found or unable to stat
[Thu Aug 27 00:05:35.618297 2026] [php7:error] [pid 3054985:tid 3054985] [client 2001:288:a201::66:125:11821] script '/var/www/html/2blog/active.php' not found or unable to stat
[Thu Aug 27 00:05:40.597873 2026] [php7:error] [pid 3056230:tid 3056230] [client 2001:288:a201::66:125:6489] script '/var/www/html/2blog/active.php' not found or unable to stat
[Thu Aug 27 00:05:45.614916 2026] [php7:error] [pid 3059665:tid 3059665] [client 2001:288:a201::66:125:6518] script '/var/www/html/2blog/active.php' not found or unable to stat
[Thu Aug 27 00:05:50.696490 2026] [php7:error] [pid 3056230:tid 3056230] [client 2001:288:a201::66:125:11887] script '/var/www/html/2blog/active.php' not found or unable to stat
[Thu Aug 27 00:05:55.628904 2026] [php7:error] [pid 3059666:tid 3059666] [client 2001:288:a201::66:125:11917] script '/var/www/html/2blog/active.php' not found or unable to stat
[Thu Aug 27 00:06:00.616246 2026] [php7:error] [pid 3054985:tid 3054985] [client 2001:288:a201::66:125:53171] script '/var/www/html/2blog/active.php' not found or unable to stat
[Thu Aug 27 00:06:05.638320 2026] [php7:error] [pid 3056227:tid 3056227] [client 2001:288:a201::66:125:53229] script '/var/www/html/2blog/active.php' not found or unable to stat
[Thu Aug 27 00:06:07.029485 2026] [core:error] [pid 3059673:tid 3059673] [client 20.122.142.214:8200] AH00124: Request exceeded the limit of 10 internal redirects due to probable configuration error. Use 'LimitInternalRecursion' to increase the limit if necessary. Use 'LogLevel debug' to get a backtrace.
[Thu Aug 27 00:06:07.795894 2026] [php7:error] [pid 3056227:tid 3056227] [client 20.122.142.214:8363] script '/var/www/html/2blog/this_is_a_new_hello_world.php' not found or unable to stat
[Thu Aug 27 00:06:08.173013 2026] [php7:error] [pid 3056227:tid 3056227] [client 20.122.142.214:8363] script '/var/www/html/2blog/vpn.php' not found or unable to stat
[Thu Aug 27 00:06:08.542522 2026] [php7:error] [pid 3056227:tid 3056227] [client 20.122.142.214:8363] script '/var/www/html/2blog/aaa.php' not found or unable to stat
[Thu Aug 27 00:06:08.938486 2026] [php7:error] [pid 3056227:tid 3056227] [client 20.122.142.214:8363] script '/var/www/html/2blog/admin.php' not found or unable to stat
[Thu Aug 27 00:06:09.306747 2026] [php7:error] [pid 3056227:tid 3056227] [client 20.122.142.214:8363] script '/var/www/html/2blog/file52.php' not found or unable to stat
[Thu Aug 27 00:06:09.676411 2026] [php7:error] [pid 3056227:tid 3056227] [client 20.122.142.214:8363] script '/var/www/html/2blog/11.php' not found or unable to stat
[Thu Aug 27 00:06:10.044914 2026] [php7:error] [pid 3056227:tid 3056227] [client 20.122.142.214:8363] script '/var/www/html/2blog/fling.php' not found or unable to stat
[Thu Aug 27 00:06:10.413521 2026] [php7:error] [pid 3056227:tid 3056227] [client 20.122.142.214:8363] script '/var/www/html/2blog/w.php' not found or unable to stat
[Thu Aug 27 00:06:10.615927 2026] [php7:error] [pid 3055041:tid 3055041] [client 2001:288:a201::66:125:12000] script '/var/www/html/2blog/active.php' not found or unable to stat
[Thu Aug 27 00:06:10.792459 2026] [php7:error] [pid 3056227:tid 3056227] [client 20.122.142.214:8363] script '/var/www/html/2blog/kir.php' not found or unable to stat
[Thu Aug 27 00:06:11.162111 2026] [php7:error] [pid 3056227:tid 3056227] [client 20.122.142.214:8363] script '/var/www/html/2blog/media.php' not found or unable to stat
[Thu Aug 27 00:06:11.530356 2026] [php7:error] [pid 3056227:tid 3056227] [client 20.122.142.214:8363] script '/var/www/html/2blog/simple.php' not found or unable to stat
[Thu Aug 27 00:06:11.902372 2026] [php7:error] [pid 3056227:tid 3056227] [client 20.122.142.214:8363] script '/var/www/html/2blog/222.php' not found or unable to stat
[Thu Aug 27 00:06:12.283309 2026] [php7:error] [pid 3056227:tid 3056227] [client 20.122.142.214:8363] script '/var/www/html/2blog/a3ampzmbipnkpxeqhqpsanCdefault.php' not found or unable to stat
[Thu Aug 27 00:06:12.652301 2026] [php7:error] [pid 3056227:tid 3056227] [client 20.122.142.214:8363] script '/var/www/html/2blog/adminfuns.php' not found or unable to stat
[Thu Aug 27 00:06:13.020666 2026] [php7:error] [pid 3056227:tid 3056227] [client 20.122.142.214:8363] script '/var/www/html/2blog/1.php' not found or unable to stat
[Thu Aug 27 00:06:13.389474 2026] [php7:error] [pid 3056227:tid 3056227] [client 20.122.142.214:8363] script '/var/www/html/2blog/adminfuns.php' not found or unable to stat
[Thu Aug 27 00:06:13.767703 2026] [php7:error] [pid 3056227:tid 3056227] [client 20.122.142.214:8363] script '/var/www/html/2blog/chosen.php' not found or unable to stat
[Thu Aug 27 00:06:14.142640 2026] [php7:error] [pid 3056227:tid 3056227] [client 20.122.142.214:8363] script '/var/www/html/2blog/about.php' not found or unable to stat
[Thu Aug 27 00:06:14.515339 2026] [php7:error] [pid 3056227:tid 3056227] [client 20.122.142.214:8363] script '/var/www/html/2blog/3PJcpMFsD8B.php' not found or unable to stat
[Thu Aug 27 00:06:14.902197 2026] [php7:error] [pid 3056227:tid 3056227] [client 20.122.142.214:8363] script '/var/www/html/2blog/8.php' not found or unable to stat
[Thu Aug 27 00:06:15.283308 2026] [php7:error] [pid 3056227:tid 3056227] [client 20.122.142.214:8363] script '/var/www/html/2blog/File.php' not found or unable to stat
[Thu Aug 27 00:06:15.634243 2026] [php7:error] [pid 3055820:tid 3055820] [client 2001:288:a201::66:125:12028] script '/var/www/html/2blog/active.php' not found or unable to stat
[Thu Aug 27 00:06:15.667912 2026] [php7:error] [pid 3056227:tid 3056227] [client 20.122.142.214:8363] script '/var/www/html/2blog/ops.php' not found or unable to stat
[Thu Aug 27 00:06:16.043176 2026] [php7:error] [pid 3056227:tid 3056227] [client 20.122.142.214:8363] script '/var/www/html/2blog/sky.php' not found or unable to stat
[Thu Aug 27 00:06:16.424156 2026] [php7:error] [pid 3056227:tid 3056227] [client 20.122.142.214:8363] script '/var/www/html/2blog/k.php' not found or unable to stat
[Thu Aug 27 00:06:16.792701 2026] [php7:error] [pid 3056227:tid 3056227] [client 20.122.142.214:8363] script '/var/www/html/2blog/images.php' not found or unable to stat
[Thu Aug 27 00:06:17.167615 2026] [php7:error] [pid 3056227:tid 3056227] [client 20.122.142.214:8363] script '/var/www/html/2blog/robots.php' not found or unable to stat
[Thu Aug 27 00:06:17.537348 2026] [php7:error] [pid 3056227:tid 3056227] [client 20.122.142.214:8363] script '/var/www/html/2blog/nofile.php' not found or unable to stat
[Thu Aug 27 00:06:17.928179 2026] [php7:error] [pid 3056227:tid 3056227] [client 20.122.142.214:8363] script '/var/www/html/2blog/system_log.php' not found or unable to stat
[Thu Aug 27 00:06:18.312282 2026] [php7:error] [pid 3056227:tid 3056227] [client 20.122.142.214:8363] script '/var/www/html/2blog/cabs.php' not found or unable to stat
[Thu Aug 27 00:06:18.689404 2026] [php7:error] [pid 3056227:tid 3056227] [client 20.122.142.214:8363] script '/var/www/html/2blog/site.php' not found or unable to stat
[Thu Aug 27 00:06:19.075595 2026] [php7:error] [pid 3056227:tid 3056227] [client 20.122.142.214:8363] script '/var/www/html/2blog/ass.php' not found or unable to stat
[Thu Aug 27 00:06:19.481591 2026] [php7:error] [pid 3056227:tid 3056227] [client 20.122.142.214:8363] script '/var/www/html/2blog/a.php' not found or unable to stat
[Thu Aug 27 00:06:19.867609 2026] [php7:error] [pid 3056227:tid 3056227] [client 20.122.142.214:8363] script '/var/www/html/2blog/ccc.php' not found or unable to stat
[Thu Aug 27 00:06:20.238179 2026] [php7:error] [pid 3056227:tid 3056227] [client 20.122.142.214:8363] script '/var/www/html/2blog/wp-mails.php' not found or unable to stat
[Thu Aug 27 00:06:20.613718 2026] [php7:error] [pid 3059764:tid 3059764] [client 2001:288:a201::66:125:12039] script '/var/www/html/2blog/active.php' not found or unable to stat
[Thu Aug 27 00:06:20.616542 2026] [php7:error] [pid 3056227:tid 3056227] [client 20.122.142.214:8363] script '/var/www/html/2blog/dyt8mjxc3yofbkoriukvgjaCdefault.php' not found or unable to stat
[Thu Aug 27 00:06:20.994607 2026] [php7:error] [pid 3056227:tid 3056227] [client 20.122.142.214:8363] script '/var/www/html/2blog/coffexium.php' not found or unable to stat
[Thu Aug 27 00:06:21.382714 2026] [php7:error] [pid 3056227:tid 3056227] [client 20.122.142.214:8363] script '/var/www/html/2blog/new.php' not found or unable to stat
[Thu Aug 27 00:06:21.755569 2026] [php7:error] [pid 3056227:tid 3056227] [client 20.122.142.214:8363] script '/var/www/html/2blog/BDKR28WP.php' not found or unable to stat
[Thu Aug 27 00:06:22.144158 2026] [php7:error] [pid 3056227:tid 3056227] [client 20.122.142.214:8363] script '/var/www/html/2blog/inputs.php' not found or unable to stat
[Thu Aug 27 00:06:22.522011 2026] [php7:error] [pid 3056227:tid 3056227] [client 20.122.142.214:8363] script '/var/www/html/2blog/edit.php' not found or unable to stat
[Thu Aug 27 00:06:22.900479 2026] [php7:error] [pid 3056227:tid 3056227] [client 20.122.142.214:8363] script '/var/www/html/2blog/in.php' not found or unable to stat
[Thu Aug 27 00:06:23.282304 2026] [php7:error] [pid 3056227:tid 3056227] [client 20.122.142.214:8363] script '/var/www/html/2blog/zoo1.php' not found or unable to stat
[Thu Aug 27 00:06:23.661705 2026] [php7:error] [pid 3056227:tid 3056227] [client 20.122.142.214:8363] script '/var/www/html/2blog/sm.php' not found or unable to stat
[Thu Aug 27 00:06:24.030050 2026] [php7:error] [pid 3056227:tid 3056227] [client 20.122.142.214:8363] script '/var/www/html/2blog/admin.php' not found or unable to stat
[Thu Aug 27 00:06:24.398641 2026] [php7:error] [pid 3056227:tid 3056227] [client 20.122.142.214:8363] script '/var/www/html/2blog/wp.php' not found or unable to stat
[Thu Aug 27 00:06:24.779389 2026] [php7:error] [pid 3056227:tid 3056227] [client 20.122.142.214:8363] script '/var/www/html/2blog/reviall.php' not found or unable to stat
[Thu Aug 27 00:06:25.156218 2026] [php7:error] [pid 3056227:tid 3056227] [client 20.122.142.214:8363] script '/var/www/html/2blog/4PJcpMFsD8B.php' not found or unable to stat
[Thu Aug 27 00:06:25.542683 2026] [php7:error] [pid 3056227:tid 3056227] [client 20.122.142.214:8363] script '/var/www/html/2blog/domvf.php' not found or unable to stat
[Thu Aug 27 00:06:25.627085 2026] [php7:error] [pid 3059695:tid 3059695] [client 2001:288:a201::66:125:15840] script '/var/www/html/2blog/active.php' not found or unable to stat
[Thu Aug 27 00:06:25.922862 2026] [php7:error] [pid 3056227:tid 3056227] [client 20.122.142.214:8363] script '/var/www/html/2blog/mac.php' not found or unable to stat
[Thu Aug 27 00:06:26.295425 2026] [php7:error] [pid 3056227:tid 3056227] [client 20.122.142.214:8363] script '/var/www/html/2blog/100.php' not found or unable to stat
[Thu Aug 27 00:06:26.669098 2026] [php7:error] [pid 3056227:tid 3056227] [client 20.122.142.214:8363] script '/var/www/html/2blog/classwithtostring.php' not found or unable to stat
[Thu Aug 27 00:06:27.042014 2026] [php7:error] [pid 3056227:tid 3056227] [client 20.122.142.214:8363] script '/var/www/html/2blog/ms-edit.php' not found or unable to stat
[Thu Aug 27 00:06:27.410408 2026] [php7:error] [pid 3056227:tid 3056227] [client 20.122.142.214:8363] script '/var/www/html/2blog/xiugai.php' not found or unable to stat
[Thu Aug 27 00:06:27.778842 2026] [php7:error] [pid 3056227:tid 3056227] [client 20.122.142.214:8363] script '/var/www/html/2blog/dex.php' not found or unable to stat
[Thu Aug 27 00:06:28.147601 2026] [php7:error] [pid 3056227:tid 3056227] [client 20.122.142.214:8363] script '/var/www/html/2blog/abcd.php' not found or unable to stat
[Thu Aug 27 00:06:28.515897 2026] [php7:error] [pid 3056227:tid 3056227] [client 20.122.142.214:8363] script '/var/www/html/2blog/red.php' not found or unable to stat
[Thu Aug 27 00:06:28.894406 2026] [php7:error] [pid 3056227:tid 3056227] [client 20.122.142.214:8363] script '/var/www/html/2blog/yj09.php' not found or unable to stat
[Thu Aug 27 00:06:29.269944 2026] [php7:error] [pid 3056227:tid 3056227] [client 20.122.142.214:8363] script '/var/www/html/2blog/7.php' not found or unable to stat
[Thu Aug 27 00:06:29.646870 2026] [access_compat:error] [pid 3056227:tid 3056227] [client 20.122.142.214:8363] AH01797: client denied by server configuration: /var/www/html/2blog/wp-content/options.php
[Thu Aug 27 00:06:30.024806 2026] [php7:error] [pid 3056227:tid 3056227] [client 20.122.142.214:8363] script '/var/www/html/2blog/txets.php' not found or unable to stat
[Thu Aug 27 00:06:30.612239 2026] [php7:error] [pid 3059770:tid 3059770] [client 2001:288:a201::66:125:53477] script '/var/www/html/2blog/active.php' not found or unable to stat
[Thu Aug 27 00:06:30.791265 2026] [access_compat:error] [pid 3056227:tid 3056227] [client 20.122.142.214:8363] AH01797: client denied by server configuration: /var/www/html/2blog/wp-content/cong.php
[Thu Aug 27 00:06:31.556738 2026] [php7:error] [pid 3056227:tid 3056227] [client 20.122.142.214:8363] script '/var/www/html/2blog/wp-css.php' not found or unable to stat
[Thu Aug 27 00:06:31.925250 2026] [php7:error] [pid 3056227:tid 3056227] [client 20.122.142.214:8363] script '/var/www/html/2blog/df.php' not found or unable to stat
[Thu Aug 27 00:06:33.288320 2026] [php7:error] [pid 3056227:tid 3056227] [client 20.122.142.214:8363] script '/var/www/html/2blog/kerang.php' not found or unable to stat
[Thu Aug 27 00:06:33.660030 2026] [php7:error] [pid 3056227:tid 3056227] [client 20.122.142.214:8363] script '/var/www/html/2blog/css.php' not found or unable to stat
[Thu Aug 27 00:06:34.053149 2026] [php7:error] [pid 3056227:tid 3056227] [client 20.122.142.214:8363] script '/var/www/html/2blog/wpxml.php' not found or unable to stat
[Thu Aug 27 00:06:34.438192 2026] [php7:error] [pid 3056227:tid 3056227] [client 20.122.142.214:8363] script '/var/www/html/2blog/wp-asudo.php' not found or unable to stat
[Thu Aug 27 00:06:34.823203 2026] [php7:error] [pid 3056227:tid 3056227] [client 20.122.142.214:8363] script '/var/www/html/2blog/wp-admin/js/index.php' not found or unable to stat
[Thu Aug 27 00:06:35.197276 2026] [access_compat:error] [pid 3056227:tid 3056227] [client 20.122.142.214:8363] AH01797: client denied by server configuration: /var/www/html/2blog/wp-content/ms-files.php
[Thu Aug 27 00:06:35.577870 2026] [php7:error] [pid 3056227:tid 3056227] [client 20.122.142.214:8363] script '/var/www/html/2blog/crgio.php' not found or unable to stat
[Thu Aug 27 00:06:35.621118 2026] [php7:error] [pid 3059766:tid 3059766] [client 2001:288:a201::66:125:12152] script '/var/www/html/2blog/active.php' not found or unable to stat
[Thu Aug 27 00:06:36.322282 2026] [php7:error] [pid 3056227:tid 3056227] [client 20.122.142.214:8363] script '/var/www/html/2blog/we.php' not found or unable to stat
[Thu Aug 27 00:06:36.693885 2026] [php7:error] [pid 3056227:tid 3056227] [client 20.122.142.214:8363] script '/var/www/html/2blog/xty.php' not found or unable to stat
[Thu Aug 27 00:06:37.062912 2026] [php7:error] [pid 3056227:tid 3056227] [client 20.122.142.214:8363] script '/var/www/html/2blog/sxxb.php' not found or unable to stat
[Thu Aug 27 00:06:37.431531 2026] [php7:error] [pid 3056227:tid 3056227] [client 20.122.142.214:8363] script '/var/www/html/2blog/wp-content/admin.php' not found or unable to stat
[Thu Aug 27 00:06:37.813416 2026] [php7:error] [pid 3056227:tid 3056227] [client 20.122.142.214:8363] script '/var/www/html/2blog/yawa.php' not found or unable to stat
[Thu Aug 27 00:06:38.184463 2026] [php7:error] [pid 3056227:tid 3056227] [client 20.122.142.214:8363] script '/var/www/html/2blog/dehnl.php' not found or unable to stat
[Thu Aug 27 00:06:38.562532 2026] [php7:error] [pid 3056227:tid 3056227] [client 20.122.142.214:8363] script '/var/www/html/2blog/run.php' not found or unable to stat
[Thu Aug 27 00:06:38.931491 2026] [access_compat:error] [pid 3056227:tid 3056227] [client 20.122.142.214:8363] AH01797: client denied by server configuration: /var/www/html/2blog/wp-content/uploads/users.php
[Thu Aug 27 00:06:39.317270 2026] [php7:error] [pid 3056227:tid 3056227] [client 20.122.142.214:8363] script '/var/www/html/2blog/albin.php' not found or unable to stat
[Thu Aug 27 00:06:39.697237 2026] [php7:error] [pid 3056227:tid 3056227] [client 20.122.142.214:8363] script '/var/www/html/2blog/Jcrop.php' not found or unable to stat
[Thu Aug 27 00:06:40.094581 2026] [php7:error] [pid 3056227:tid 3056227] [client 20.122.142.214:8363] script '/var/www/html/2blog/ohct.php' not found or unable to stat
[Thu Aug 27 00:06:40.464109 2026] [php7:error] [pid 3056227:tid 3056227] [client 20.122.142.214:8363] script '/var/www/html/2blog/bp.php' not found or unable to stat
[Thu Aug 27 00:06:40.606428 2026] [php7:error] [pid 3059772:tid 3059772] [client 2001:288:a201::66:125:53615] script '/var/www/html/2blog/active.php' not found or unable to stat
[Thu Aug 27 00:06:40.833015 2026] [php7:error] [pid 3056227:tid 3056227] [client 20.122.142.214:8363] script '/var/www/html/2blog/meninbox.php' not found or unable to stat
[Thu Aug 27 00:06:41.201523 2026] [php7:error] [pid 3056227:tid 3056227] [client 20.122.142.214:8363] script '/var/www/html/2blog/load.php' not found or unable to stat
[Thu Aug 27 00:06:41.570648 2026] [php7:error] [pid 3056227:tid 3056227] [client 20.122.142.214:8363] script '/var/www/html/2blog/mifta.php' not found or unable to stat
[Thu Aug 27 00:06:41.945469 2026] [php7:error] [pid 3056227:tid 3056227] [client 20.122.142.214:8363] script '/var/www/html/2blog/gecko-new.php' not found or unable to stat
[Thu Aug 27 00:06:42.315093 2026] [php7:error] [pid 3056227:tid 3056227] [client 20.122.142.214:8363] script '/var/www/html/2blog/read.php' not found or unable to stat
[Thu Aug 27 00:06:42.684039 2026] [php7:error] [pid 3056227:tid 3056227] [client 20.122.142.214:8363] script '/var/www/html/2blog/82.php' not found or unable to stat
[Thu Aug 27 00:06:43.059281 2026] [access_compat:error] [pid 3056227:tid 3056227] [client 20.122.142.214:8363] AH01797: client denied by server configuration: /var/www/html/2blog/wp-content/min.php
[Thu Aug 27 00:06:43.439051 2026] [php7:error] [pid 3056227:tid 3056227] [client 20.122.142.214:8363] script '/var/www/html/2blog/index2.php' not found or unable to stat
[Thu Aug 27 00:06:43.809702 2026] [php7:error] [pid 3056227:tid 3056227] [client 20.122.142.214:8363] script '/var/www/html/2blog/wp-admin/css/index.php' not found or unable to stat
[Thu Aug 27 00:06:44.184188 2026] [php7:error] [pid 3056227:tid 3056227] [client 20.122.142.214:8363] script '/var/www/html/2blog/database.php' not found or unable to stat
[Thu Aug 27 00:06:44.568375 2026] [php7:error] [pid 3056227:tid 3056227] [client 20.122.142.214:8363] script '/var/www/html/2blog/ab.php' not found or unable to stat
[Thu Aug 27 00:06:44.950012 2026] [access_compat:error] [pid 3056227:tid 3056227] [client 20.122.142.214:8363] AH01797: client denied by server configuration: /var/www/html/2blog/wp-content/uploads/panel.php
[Thu Aug 27 00:06:45.327534 2026] [php7:error] [pid 3056227:tid 3056227] [client 20.122.142.214:8363] script '/var/www/html/2blog/php.php' not found or unable to stat
[Thu Aug 27 00:06:45.619146 2026] [php7:error] [pid 3059773:tid 3059773] [client 2001:288:a201::66:125:7005] script '/var/www/html/2blog/active.php' not found or unable to stat
[Thu Aug 27 00:06:45.699134 2026] [php7:error] [pid 3056227:tid 3056227] [client 20.122.142.214:8363] script '/var/www/html/2blog/fine.php' not found or unable to stat
[Thu Aug 27 00:06:46.076422 2026] [php7:error] [pid 3056227:tid 3056227] [client 20.122.142.214:8363] script '/var/www/html/2blog/kj.php' not found or unable to stat
[Thu Aug 27 00:06:46.450808 2026] [php7:error] [pid 3056227:tid 3056227] [client 20.122.142.214:8363] script '/var/www/html/2blog/ty.php' not found or unable to stat
[Thu Aug 27 00:06:46.819296 2026] [access_compat:error] [pid 3056227:tid 3056227] [client 20.122.142.214:8363] AH01797: client denied by server configuration: /var/www/html/2blog/wp-content/uploads/file1.php
[Thu Aug 27 00:06:47.196496 2026] [php7:error] [pid 3056227:tid 3056227] [client 20.122.142.214:8363] script '/var/www/html/2blog/wp-admin/images/acxx.php' not found or unable to stat
[Thu Aug 27 00:06:47.567737 2026] [php7:error] [pid 3056227:tid 3056227] [client 20.122.142.214:8363] script '/var/www/html/2blog/memberfuns.php' not found or unable to stat
[Thu Aug 27 00:06:47.943983 2026] [php7:error] [pid 3056227:tid 3056227] [client 20.122.142.214:8363] script '/var/www/html/2blog/adjig.php' not found or unable to stat
[Thu Aug 27 00:06:48.312215 2026] [access_compat:error] [pid 3056227:tid 3056227] [client 20.122.142.214:8363] AH01797: client denied by server configuration: /var/www/html/2blog/wp-includes/Text/Diff/Engine/file_cdd9.php
[Thu Aug 27 00:06:48.688317 2026] [php7:error] [pid 3056227:tid 3056227] [client 20.122.142.214:8363] script '/var/www/html/2blog/nwflm.php' not found or unable to stat
[Thu Aug 27 00:06:49.058622 2026] [php7:error] [pid 3056227:tid 3056227] [client 20.122.142.214:8363] script '/var/www/html/2blog/wp-admin/js/index.php' not found or unable to stat
[Thu Aug 27 00:06:49.435575 2026] [php7:error] [pid 3056227:tid 3056227] [client 20.122.142.214:8363] script '/var/www/html/2blog/makeasmtp.php' not found or unable to stat
[Thu Aug 27 00:06:50.604890 2026] [php7:error] [pid 3059763:tid 3059763] [client 2001:288:a201::66:125:12925] script '/var/www/html/2blog/active.php' not found or unable to stat
[Thu Aug 27 00:06:54.041705 2026] [php7:notice] [pid 3059790:tid 3059790] [client 2402:7500:5f5:d7de:d0a7:4bf:bf21:332b:50221] eip_sso_response:1,\xe6\x9b\xbe\xe6\x98\xb1\xe7\x80\x9b,csp1030087@smail.ilc.edu.tw,csp1030087.std,024504,902,\xe7\xbe\x85\xe6\x9d\xb1\xe5\x9c\x8b\xe4\xb8\xad,30
[Thu Aug 27 00:06:55.621687 2026] [php7:error] [pid 3059795:tid 3059795] [client 2001:288:a201::66:125:12972] script '/var/www/html/2blog/active.php' not found or unable to stat
[Thu Aug 27 00:07:00.606960 2026] [php7:error] [pid 3059674:tid 3059674] [client 2001:288:a201::66:125:7190] script '/var/www/html/2blog/active.php' not found or unable to stat
[Thu Aug 27 00:07:05.626645 2026] [php7:error] [pid 3059763:tid 3059763] [client 2001:288:a201::66:125:13156] script '/var/www/html/2blog/active.php' not found or unable to stat
[Thu Aug 27 00:07:10.613782 2026] [php7:error] [pid 3054985:tid 3054985] [client 2001:288:a201::66:125:43330] script '/var/www/html/2blog/active.php' not found or unable to stat
[Thu Aug 27 00:07:15.631396 2026] [php7:error] [pid 3059760:tid 3059760] [client 2001:288:a201::66:125:13287] script '/var/www/html/2blog/active.php' not found or unable to stat
[Thu Aug 27 00:07:20.628297 2026] [php7:error] [pid 3054985:tid 3054985] [client 2001:288:a201::66:125:13328] script '/var/www/html/2blog/active.php' not found or unable to stat
[Thu Aug 27 00:07:25.605026 2026] [php7:error] [pid 3059770:tid 3059770] [client 2001:288:a201::66:125:13285] script '/var/www/html/2blog/active.php' not found or unable to stat
[Thu Aug 27 00:07:30.683352 2026] [php7:error] [pid 3059828:tid 3059828] [client 2001:288:a201::66:125:45408] script '/var/www/html/2blog/active.php' not found or unable to stat
[Thu Aug 27 00:07:34.258940 2026] [core:error] [pid 3059674:tid 3059674] [client 185.191.171.3:62782] AH00124: Request exceeded the limit of 10 internal redirects due to probable configuration error. Use 'LimitInternalRecursion' to increase the limit if necessary. Use 'LogLevel debug' to get a backtrace.
[Thu Aug 27 00:07:35.694202 2026] [php7:error] [pid 3059833:tid 3059833] [client 2001:288:a201::66:125:45924] script '/var/www/html/2blog/active.php' not found or unable to stat
[Thu Aug 27 00:07:40.598935 2026] [php7:error] [pid 3059658:tid 3059658] [client 2001:288:a201::66:125:13370] script '/var/www/html/2blog/active.php' not found or unable to stat
[Thu Aug 27 00:07:45.611937 2026] [php7:error] [pid 3059791:tid 3059791] [client 2001:288:a201::66:125:46958] script '/var/www/html/2blog/active.php' not found or unable to stat
[Thu Aug 27 00:07:50.692621 2026] [php7:error] [pid 3059846:tid 3059846] [client 2001:288:a201::66:125:7646] script '/var/www/html/2blog/active.php' not found or unable to stat
[Thu Aug 27 00:07:55.612419 2026] [php7:error] [pid 3059824:tid 3059824] [client 2001:288:a201::66:125:7680] script '/var/www/html/2blog/active.php' not found or unable to stat
[Thu Aug 27 00:08:00.597279 2026] [php7:error] [pid 3059833:tid 3059833] [client 2001:288:a201::66:125:13722] script '/var/www/html/2blog/active.php' not found or unable to stat
[Thu Aug 27 00:08:05.606951 2026] [php7:error] [pid 3059770:tid 3059770] [client 2001:288:a201::66:125:13584] script '/var/www/html/2blog/active.php' not found or unable to stat
[Thu Aug 27 00:08:10.597650 2026] [php7:error] [pid 3059847:tid 3059847] [client 2001:288:a201::66:125:13797] script '/var/www/html/2blog/active.php' not found or unable to stat
[Thu Aug 27 00:08:15.606668 2026] [php7:error] [pid 3059845:tid 3059845] [client 2001:288:a201::66:125:54532] script '/var/www/html/2blog/active.php' not found or unable to stat
[Thu Aug 27 00:08:20.600784 2026] [php7:error] [pid 3059845:tid 3059845] [client 2001:288:a201::66:125:54583] script '/var/www/html/2blog/active.php' not found or unable to stat
[Thu Aug 27 00:08:25.603252 2026] [php7:error] [pid 3059848:tid 3059848] [client 2001:288:a201::66:125:12950] script '/var/www/html/2blog/active.php' not found or unable to stat
[Thu Aug 27 00:08:30.681994 2026] [php7:error] [pid 3059833:tid 3059833] [client 2001:288:a201::66:125:7947] script '/var/www/html/2blog/active.php' not found or unable to stat
[Thu Aug 27 00:08:35.601366 2026] [php7:error] [pid 3059795:tid 3059795] [client 2001:288:a201::66:125:52088] script '/var/www/html/2blog/active.php' not found or unable to stat
[Thu Aug 27 00:08:40.681913 2026] [php7:error] [pid 3059791:tid 3059791] [client 2001:288:a201::66:125:8074] script '/var/www/html/2blog/active.php' not found or unable to stat
[Thu Aug 27 00:08:45.607077 2026] [php7:error] [pid 3059649:tid 3059649] [client 2001:288:a201::66:125:8095] script '/var/www/html/2blog/active.php' not found or unable to stat
[Thu Aug 27 00:08:50.606115 2026] [php7:error] [pid 3059927:tid 3059927] [client 2001:288:a201::66:125:16664] script '/var/www/html/2blog/active.php' not found or unable to stat
[Thu Aug 27 00:08:55.611038 2026] [php7:error] [pid 3059847:tid 3059847] [client 2001:288:a201::66:125:54838] script '/var/www/html/2blog/active.php' not found or unable to stat
[Thu Aug 27 00:09:00.609824 2026] [php7:error] [pid 3059649:tid 3059649] [client 2001:288:a201::66:125:14037] script '/var/www/html/2blog/active.php' not found or unable to stat
[Thu Aug 27 00:09:05.615797 2026] [php7:error] [pid 3059953:tid 3059953] [client 2001:288:a201::66:125:54886] script '/var/www/html/2blog/active.php' not found or unable to stat
[Thu Aug 27 00:09:10.608669 2026] [php7:error] [pid 3059695:tid 3059695] [client 2001:288:a201::66:125:55672] script '/var/www/html/2blog/active.php' not found or unable to stat
[Thu Aug 27 00:09:15.606743 2026] [php7:error] [pid 3060059:tid 3060059] [client 2001:288:a201::66:125:14299] script '/var/www/html/2blog/active.php' not found or unable to stat
[Thu Aug 27 00:09:20.689277 2026] [php7:error] [pid 3059944:tid 3059944] [client 2001:288:a201::66:125:14379] script '/var/www/html/2blog/active.php' not found or unable to stat
[Thu Aug 27 00:09:25.601495 2026] [php7:error] [pid 3060043:tid 3060043] [client 2001:288:a201::66:125:55078] script '/var/www/html/2blog/active.php' not found or unable to stat
