[Wed Aug 26 03:24:53.938861 2026] [deflate:debug] [pid 2282061:tid 2282061] mod_deflate.c(909): [client 2409:8c28:5460:902::46:47032] AH01384: Zlib: Compressed 374 to 122 : URL /wp-content/uploads/sites/1730/elementor/css/post-1067.css, referer: https://www.iedu.ilc.edu.tw/%e6%b4%bb%e5%8b%95%e5%bd%b1%e9%9f%b3/
[Wed Aug 26 03:24:53.940260 2026] [deflate:debug] [pid 2282234:tid 2282234] mod_deflate.c(909): [client 2409:8c28:5460:902::46:47040] AH01384: Zlib: Compressed 53220 to 6809 : URL /wp-content/cache/www.iedu.ilc.edu.tw/wpfc-minified/6o6ln1aw/6vwg.css, referer: https://www.iedu.ilc.edu.tw/%e6%b4%bb%e5%8b%95%e5%bd%b1%e9%9f%b3/
[Wed Aug 26 03:24:53.946685 2026] [ssl:debug] [pid 2281942:tid 2281942] ssl_engine_kernel.c(254): [client 216.73.216.242:5184] AH02034: Subsequent (No.7) HTTPS request received for child 2 (server 2blog.ilc.edu.tw:443)
[Wed Aug 26 03:24:53.946929 2026] [authz_core:debug] [pid 2281942:tid 2281942] mod_authz_core.c(815): [client 216.73.216.242:5184] AH01626: authorization result of Require all granted: granted
[Wed Aug 26 03:24:53.946939 2026] [authz_core:debug] [pid 2281942:tid 2281942] mod_authz_core.c(815): [client 216.73.216.242:5184] AH01626: authorization result of : granted
[Wed Aug 26 03:24:53.947142 2026] [authz_core:debug] [pid 2281942:tid 2281942] mod_authz_core.c(815): [client 216.73.216.242:5184] AH01626: authorization result of Require all granted: granted
[Wed Aug 26 03:24:53.947152 2026] [authz_core:debug] [pid 2281942:tid 2281942] mod_authz_core.c(815): [client 216.73.216.242:5184] AH01626: authorization result of : granted
[Wed Aug 26 03:24:54.050733 2026] [ssl:debug] [pid 2282072:tid 2282072] ssl_engine_kernel.c(254): [client 216.73.216.242:6675] AH02034: Subsequent (No.8) HTTPS request received for child 14 (server 2blog.ilc.edu.tw:443)
[Wed Aug 26 03:24:54.051121 2026] [authz_core:debug] [pid 2282072:tid 2282072] mod_authz_core.c(815): [client 216.73.216.242:6675] AH01626: authorization result of Require all granted: granted
[Wed Aug 26 03:24:54.051131 2026] [authz_core:debug] [pid 2282072:tid 2282072] mod_authz_core.c(815): [client 216.73.216.242:6675] AH01626: authorization result of : granted
[Wed Aug 26 03:24:54.051406 2026] [authz_core:debug] [pid 2282072:tid 2282072] mod_authz_core.c(815): [client 216.73.216.242:6675] AH01626: authorization result of Require all granted: granted
[Wed Aug 26 03:24:54.051417 2026] [authz_core:debug] [pid 2282072:tid 2282072] mod_authz_core.c(815): [client 216.73.216.242:6675] AH01626: authorization result of : granted
[Wed Aug 26 03:24:54.062006 2026] [ssl:debug] [pid 2282229:tid 2282229] ssl_engine_kernel.c(254): [client 2409:8c28:5460:902::46:47016] AH02034: Subsequent (No.5) HTTPS request received for child 26 (server www.iedu.ilc.edu.tw:443), referer: https://www.iedu.ilc.edu.tw/%e6%b4%bb%e5%8b%95%e5%bd%b1%e9%9f%b3/
[Wed Aug 26 03:24:54.062812 2026] [authz_core:debug] [pid 2282229:tid 2282229] mod_authz_core.c(815): [client 2409:8c28:5460:902::46:47016] AH01626: authorization result of Require all granted: granted, referer: https://www.iedu.ilc.edu.tw/%e6%b4%bb%e5%8b%95%e5%bd%b1%e9%9f%b3/
[Wed Aug 26 03:24:54.062832 2026] [authz_core:debug] [pid 2282229:tid 2282229] mod_authz_core.c(815): [client 2409:8c28:5460:902::46:47016] AH01626: authorization result of : granted, referer: https://www.iedu.ilc.edu.tw/%e6%b4%bb%e5%8b%95%e5%bd%b1%e9%9f%b3/
[Wed Aug 26 03:24:54.063397 2026] [deflate:debug] [pid 2282229:tid 2282229] mod_deflate.c(909): [client 2409:8c28:5460:902::46:47016] AH01384: Zlib: Compressed 545 to 246 : URL /wp-content/cache/www.iedu.ilc.edu.tw/wpfc-minified/md7lekpe/6vwg.css, referer: https://www.iedu.ilc.edu.tw/%e6%b4%bb%e5%8b%95%e5%bd%b1%e9%9f%b3/
[Wed Aug 26 03:24:54.069919 2026] [ssl:debug] [pid 2281943:tid 2281943] ssl_engine_kernel.c(254): [client 34.123.149.87:27649] AH02034: Initial (No.1) HTTPS request received for child 4 (server 2blog.ilc.edu.tw:443)
[Wed Aug 26 03:24:54.070168 2026] [authz_core:debug] [pid 2281943:tid 2281943] mod_authz_core.c(815): [client 34.123.149.87:27649] AH01626: authorization result of Require all granted: granted
[Wed Aug 26 03:24:54.070175 2026] [authz_core:debug] [pid 2281943:tid 2281943] mod_authz_core.c(815): [client 34.123.149.87:27649] AH01626: authorization result of : granted
[Wed Aug 26 03:24:54.070348 2026] [authz_core:debug] [pid 2281943:tid 2281943] mod_authz_core.c(815): [client 34.123.149.87:27649] AH01626: authorization result of Require all granted: granted
[Wed Aug 26 03:24:54.070353 2026] [authz_core:debug] [pid 2281943:tid 2281943] mod_authz_core.c(815): [client 34.123.149.87:27649] AH01626: authorization result of : granted
[Wed Aug 26 03:24:54.111009 2026] [ssl:debug] [pid 2282105:tid 2282105] ssl_engine_io.c(1150): [client 140.111.67.80:17398] AH02001: Connection closed to child 13 with standard shutdown (server 2blog.ilc.edu.tw:443)
[Wed Aug 26 03:24:54.127777 2026] [ssl:debug] [pid 2282213:tid 2282213] ssl_engine_kernel.c(254): [client 2409:8c28:5460:902::46:47028] AH02034: Subsequent (No.2) HTTPS request received for child 16 (server www.iedu.ilc.edu.tw:443), referer: https://www.iedu.ilc.edu.tw/%e6%b4%bb%e5%8b%95%e5%bd%b1%e9%9f%b3/
[Wed Aug 26 03:24:54.128856 2026] [authz_core:debug] [pid 2282213:tid 2282213] mod_authz_core.c(815): [client 2409:8c28:5460:902::46:47028] AH01626: authorization result of Require all granted: granted, referer: https://www.iedu.ilc.edu.tw/%e6%b4%bb%e5%8b%95%e5%bd%b1%e9%9f%b3/
[Wed Aug 26 03:24:54.128878 2026] [authz_core:debug] [pid 2282213:tid 2282213] mod_authz_core.c(815): [client 2409:8c28:5460:902::46:47028] AH01626: authorization result of : granted, referer: https://www.iedu.ilc.edu.tw/%e6%b4%bb%e5%8b%95%e5%bd%b1%e9%9f%b3/
[Wed Aug 26 03:24:54.133316 2026] [deflate:debug] [pid 2282213:tid 2282213] mod_deflate.c(909): [client 2409:8c28:5460:902::46:47028] AH01384: Zlib: Compressed 101296 to 34522 : URL /wp-content/cache/www.iedu.ilc.edu.tw/wpfc-minified/7uvi02s4/6vwg.js, referer: https://www.iedu.ilc.edu.tw/%e6%b4%bb%e5%8b%95%e5%bd%b1%e9%9f%b3/
[Wed Aug 26 03:24:54.139987 2026] [ssl:debug] [pid 2282044:tid 2282044] ssl_engine_kernel.c(254): [client 216.73.216.242:40041] AH02034: Subsequent (No.9) HTTPS request received for child 7 (server 2blog.ilc.edu.tw:443)
[Wed Aug 26 03:24:54.140232 2026] [authz_core:debug] [pid 2282044:tid 2282044] mod_authz_core.c(815): [client 216.73.216.242:40041] AH01626: authorization result of Require all granted: granted
[Wed Aug 26 03:24:54.140242 2026] [authz_core:debug] [pid 2282044:tid 2282044] mod_authz_core.c(815): [client 216.73.216.242:40041] AH01626: authorization result of : granted
[Wed Aug 26 03:24:54.140425 2026] [authz_core:debug] [pid 2282044:tid 2282044] mod_authz_core.c(815): [client 216.73.216.242:40041] AH01626: authorization result of Require all granted: granted
[Wed Aug 26 03:24:54.140431 2026] [authz_core:debug] [pid 2282044:tid 2282044] mod_authz_core.c(815): [client 216.73.216.242:40041] AH01626: authorization result of : granted
[Wed Aug 26 03:24:54.154311 2026] [ssl:debug] [pid 2282061:tid 2282061] ssl_engine_kernel.c(254): [client 2409:8c28:5460:902::46:47032] AH02034: Subsequent (No.2) HTTPS request received for child 9 (server www.iedu.ilc.edu.tw:443), referer: https://www.iedu.ilc.edu.tw/%e6%b4%bb%e5%8b%95%e5%bd%b1%e9%9f%b3/
[Wed Aug 26 03:24:54.155037 2026] [authz_core:debug] [pid 2282061:tid 2282061] mod_authz_core.c(815): [client 2409:8c28:5460:902::46:47032] AH01626: authorization result of Require all granted: granted, referer: https://www.iedu.ilc.edu.tw/%e6%b4%bb%e5%8b%95%e5%bd%b1%e9%9f%b3/
[Wed Aug 26 03:24:54.155055 2026] [authz_core:debug] [pid 2282061:tid 2282061] mod_authz_core.c(815): [client 2409:8c28:5460:902::46:47032] AH01626: authorization result of : granted, referer: https://www.iedu.ilc.edu.tw/%e6%b4%bb%e5%8b%95%e5%bd%b1%e9%9f%b3/
[Wed Aug 26 03:24:54.155113 2026] [ssl:info] [pid 2282209:tid 2282209] [client 3.222.190.107:56866] AH01964: Connection to child 8 established (server 2blog.ilc.edu.tw:443)
[Wed Aug 26 03:24:54.155349 2026] [ssl:debug] [pid 2282209:tid 2282209] ssl_engine_kernel.c(2222): [client 3.222.190.107:56866] AH02043: SSL virtual host for servername 2blog.ilc.edu.tw found
[Wed Aug 26 03:24:54.155546 2026] [deflate:debug] [pid 2282061:tid 2282061] mod_deflate.c(909): [client 2409:8c28:5460:902::46:47032] AH01384: Zlib: Compressed 3810 to 1460 : URL /wp-content/cache/www.iedu.ilc.edu.tw/wpfc-minified/dhr1d6yo/6vwg.js, referer: https://www.iedu.ilc.edu.tw/%e6%b4%bb%e5%8b%95%e5%bd%b1%e9%9f%b3/
[Wed Aug 26 03:24:54.159419 2026] [ssl:debug] [pid 2282234:tid 2282234] ssl_engine_kernel.c(254): [client 2409:8c28:5460:902::46:47040] AH02034: Subsequent (No.2) HTTPS request received for child 32 (server www.iedu.ilc.edu.tw:443), referer: https://www.iedu.ilc.edu.tw/%e6%b4%bb%e5%8b%95%e5%bd%b1%e9%9f%b3/
[Wed Aug 26 03:24:54.160502 2026] [authz_core:debug] [pid 2282234:tid 2282234] mod_authz_core.c(815): [client 2409:8c28:5460:902::46:47040] AH01626: authorization result of Require all granted: granted, referer: https://www.iedu.ilc.edu.tw/%e6%b4%bb%e5%8b%95%e5%bd%b1%e9%9f%b3/
[Wed Aug 26 03:24:54.160526 2026] [authz_core:debug] [pid 2282234:tid 2282234] mod_authz_core.c(815): [client 2409:8c28:5460:902::46:47040] AH01626: authorization result of : granted, referer: https://www.iedu.ilc.edu.tw/%e6%b4%bb%e5%8b%95%e5%bd%b1%e9%9f%b3/
[Wed Aug 26 03:24:54.161333 2026] [deflate:debug] [pid 2282234:tid 2282234] mod_deflate.c(909): [client 2409:8c28:5460:902::46:47040] AH01384: Zlib: Compressed 8921 to 2553 : URL /wp-content/cache/www.iedu.ilc.edu.tw/wpfc-minified/g26cbqoa/6vwg.js, referer: https://www.iedu.ilc.edu.tw/%e6%b4%bb%e5%8b%95%e5%bd%b1%e9%9f%b3/
[Wed Aug 26 03:24:54.240539 2026] [ssl:debug] [pid 2282111:tid 2282111] ssl_engine_kernel.c(254): [client 216.73.216.242:25262] AH02034: Subsequent (No.8) HTTPS request received for child 25 (server 2blog.ilc.edu.tw:443)
[Wed Aug 26 03:24:54.240798 2026] [authz_core:debug] [pid 2282111:tid 2282111] mod_authz_core.c(815): [client 216.73.216.242:25262] AH01626: authorization result of Require all granted: granted
[Wed Aug 26 03:24:54.240804 2026] [authz_core:debug] [pid 2282111:tid 2282111] mod_authz_core.c(815): [client 216.73.216.242:25262] AH01626: authorization result of : granted
[Wed Aug 26 03:24:54.241017 2026] [authz_core:debug] [pid 2282111:tid 2282111] mod_authz_core.c(815): [client 216.73.216.242:25262] AH01626: authorization result of Require all granted: granted
[Wed Aug 26 03:24:54.241028 2026] [authz_core:debug] [pid 2282111:tid 2282111] mod_authz_core.c(815): [client 216.73.216.242:25262] AH01626: authorization result of : granted
[Wed Aug 26 03:24:54.270585 2026] [deflate:debug] [pid 2282087:tid 2282087] mod_deflate.c(909): [client 216.73.216.242:23699] AH01384: Zlib: Compressed 2810 to 1278 : URL /index.php
[Wed Aug 26 03:24:54.282553 2026] [ssl:debug] [pid 2282229:tid 2282229] ssl_engine_kernel.c(254): [client 2409:8c28:5460:902::46:47016] AH02034: Subsequent (No.6) HTTPS request received for child 26 (server www.iedu.ilc.edu.tw:443), referer: https://www.iedu.ilc.edu.tw/%e6%b4%bb%e5%8b%95%e5%bd%b1%e9%9f%b3/
[Wed Aug 26 03:24:54.282791 2026] [authz_core:debug] [pid 2282229:tid 2282229] mod_authz_core.c(815): [client 2409:8c28:5460:902::46:47016] AH01626: authorization result of Require all granted: granted, referer: https://www.iedu.ilc.edu.tw/%e6%b4%bb%e5%8b%95%e5%bd%b1%e9%9f%b3/
[Wed Aug 26 03:24:54.282804 2026] [authz_core:debug] [pid 2282229:tid 2282229] mod_authz_core.c(815): [client 2409:8c28:5460:902::46:47016] AH01626: authorization result of : granted, referer: https://www.iedu.ilc.edu.tw/%e6%b4%bb%e5%8b%95%e5%bd%b1%e9%9f%b3/
[Wed Aug 26 03:24:54.283087 2026] [deflate:debug] [pid 2282229:tid 2282229] mod_deflate.c(909): [client 2409:8c28:5460:902::46:47016] AH01384: Zlib: Compressed 1718 to 700 : URL /wp-includes/js/hoverintent-js.min.js, referer: https://www.iedu.ilc.edu.tw/%e6%b4%bb%e5%8b%95%e5%bd%b1%e9%9f%b3/
[Wed Aug 26 03:24:54.304104 2026] [deflate:debug] [pid 2282072:tid 2282072] mod_deflate.c(909): [client 216.73.216.242:6675] AH01384: Zlib: Compressed 82892 to 24837 : URL /index.php
[Wed Aug 26 03:24:54.329071 2026] [ssl:debug] [pid 2282217:tid 2282217] ssl_engine_io.c(1150): [client 103.153.183.69:58946] AH02001: Connection closed to child 1 with standard shutdown (server 2blog.ilc.edu.tw:443)
[Wed Aug 26 03:24:54.361471 2026] [ssl:debug] [pid 2282219:tid 2282219] ssl_engine_kernel.c(254): [client 216.73.216.242:57259] AH02034: Subsequent (No.9) HTTPS request received for child 11 (server 2blog.ilc.edu.tw:443)
[Wed Aug 26 03:24:54.361680 2026] [authz_core:debug] [pid 2282219:tid 2282219] mod_authz_core.c(815): [client 216.73.216.242:57259] AH01626: authorization result of Require all granted: granted
[Wed Aug 26 03:24:54.361687 2026] [authz_core:debug] [pid 2282219:tid 2282219] mod_authz_core.c(815): [client 216.73.216.242:57259] AH01626: authorization result of : granted
[Wed Aug 26 03:24:54.361815 2026] [authz_core:debug] [pid 2282219:tid 2282219] mod_authz_core.c(815): [client 216.73.216.242:57259] AH01626: authorization result of Require all granted: granted
[Wed Aug 26 03:24:54.361822 2026] [authz_core:debug] [pid 2282219:tid 2282219] mod_authz_core.c(815): [client 216.73.216.242:57259] AH01626: authorization result of : granted
[Wed Aug 26 03:24:54.370884 2026] [ssl:debug] [pid 2282061:tid 2282061] ssl_engine_kernel.c(254): [client 2409:8c28:5460:902::46:47032] AH02034: Subsequent (No.3) HTTPS request received for child 9 (server www.iedu.ilc.edu.tw:443), referer: https://www.iedu.ilc.edu.tw/%e6%b4%bb%e5%8b%95%e5%bd%b1%e9%9f%b3/
[Wed Aug 26 03:24:54.371124 2026] [authz_core:debug] [pid 2282061:tid 2282061] mod_authz_core.c(815): [client 2409:8c28:5460:902::46:47032] AH01626: authorization result of Require all granted: granted, referer: https://www.iedu.ilc.edu.tw/%e6%b4%bb%e5%8b%95%e5%bd%b1%e9%9f%b3/
[Wed Aug 26 03:24:54.371133 2026] [authz_core:debug] [pid 2282061:tid 2282061] mod_authz_core.c(815): [client 2409:8c28:5460:902::46:47032] AH01626: authorization result of : granted, referer: https://www.iedu.ilc.edu.tw/%e6%b4%bb%e5%8b%95%e5%bd%b1%e9%9f%b3/
[Wed Aug 26 03:24:54.371448 2026] [deflate:debug] [pid 2282061:tid 2282061] mod_deflate.c(909): [client 2409:8c28:5460:902::46:47032] AH01384: Zlib: Compressed 3487 to 1339 : URL /wp-includes/js/admin-bar.min.js, referer: https://www.iedu.ilc.edu.tw/%e6%b4%bb%e5%8b%95%e5%bd%b1%e9%9f%b3/
[Wed Aug 26 03:24:54.376583 2026] [ssl:debug] [pid 2282209:tid 2282209] ssl_engine_kernel.c(2082): [client 3.222.190.107:56866] AH02041: Protocol: TLSv1.3, Cipher: TLS_AES_256_GCM_SHA384 (256/256 bits)
[Wed Aug 26 03:24:54.376644 2026] [socache_shmcb:debug] [pid 2282209:tid 2282209] mod_socache_shmcb.c(508): AH00831: socache_shmcb_store (0x76 -> subcache 22)
[Wed Aug 26 03:24:54.376652 2026] [socache_shmcb:debug] [pid 2282209:tid 2282209] mod_socache_shmcb.c(745): AH00842: expiring 1 and reclaiming 0 removed socache entries
[Wed Aug 26 03:24:54.376655 2026] [socache_shmcb:debug] [pid 2282209:tid 2282209] mod_socache_shmcb.c(765): AH00843: we now have 31 socache entries
[Wed Aug 26 03:24:54.376659 2026] [socache_shmcb:debug] [pid 2282209:tid 2282209] mod_socache_shmcb.c(860): AH00847: insert happened at idx=76, data=(2850:2882)
[Wed Aug 26 03:24:54.376662 2026] [socache_shmcb:debug] [pid 2282209:tid 2282209] mod_socache_shmcb.c(863): AH00848: finished insert, subcache: idx_pos/idx_used=45/32, data_pos/data_used=9818/7110
[Wed Aug 26 03:24:54.376665 2026] [socache_shmcb:debug] [pid 2282209:tid 2282209] mod_socache_shmcb.c(530): AH00834: leaving socache_shmcb_store successfully
[Wed Aug 26 03:24:54.376711 2026] [socache_shmcb:debug] [pid 2282209:tid 2282209] mod_socache_shmcb.c(508): AH00831: socache_shmcb_store (0x05 -> subcache 5)
[Wed Aug 26 03:24:54.376725 2026] [socache_shmcb:debug] [pid 2282209:tid 2282209] mod_socache_shmcb.c(860): AH00847: insert happened at idx=48, data=(10620:10652)
[Wed Aug 26 03:24:54.376727 2026] [socache_shmcb:debug] [pid 2282209:tid 2282209] mod_socache_shmcb.c(863): AH00848: finished insert, subcache: idx_pos/idx_used=8/41, data_pos/data_used=1794/9040
[Wed Aug 26 03:24:54.376729 2026] [socache_shmcb:debug] [pid 2282209:tid 2282209] mod_socache_shmcb.c(530): AH00834: leaving socache_shmcb_store successfully
[Wed Aug 26 03:24:54.376839 2026] [ssl:debug] [pid 2282209:tid 2282209] ssl_engine_kernel.c(254): [client 3.222.190.107:56866] AH02034: Initial (No.1) HTTPS request received for child 8 (server 2blog.ilc.edu.tw:443)
[Wed Aug 26 03:24:54.377056 2026] [authz_core:debug] [pid 2282209:tid 2282209] mod_authz_core.c(815): [client 3.222.190.107:56866] AH01626: authorization result of Require all granted: granted
[Wed Aug 26 03:24:54.377064 2026] [authz_core:debug] [pid 2282209:tid 2282209] mod_authz_core.c(815): [client 3.222.190.107:56866] AH01626: authorization result of : granted
[Wed Aug 26 03:24:54.386363 2026] [authz_core:debug] [pid 2282209:tid 2282209] mod_authz_core.c(815): [client 3.222.190.107:56866] AH01626: authorization result of Require all granted: granted
[Wed Aug 26 03:24:54.386391 2026] [authz_core:debug] [pid 2282209:tid 2282209] mod_authz_core.c(815): [client 3.222.190.107:56866] AH01626: authorization result of : granted
[Wed Aug 26 03:24:54.440328 2026] [deflate:debug] [pid 2281942:tid 2281942] mod_deflate.c(909): [client 216.73.216.242:5184] AH01384: Zlib: Compressed 2816 to 1277 : URL /index.php
[Wed Aug 26 03:24:54.445607 2026] [deflate:debug] [pid 2282233:tid 2282233] mod_deflate.c(909): [client 144.31.35.188:39276] AH01384: Zlib: Compressed 235136 to 44956 : URL /index.php
[Wed Aug 26 03:24:54.450918 2026] [ssl:debug] [pid 2282055:tid 2282055] ssl_engine_kernel.c(254): [client 216.73.216.242:1048] AH02034: Subsequent (No.5) HTTPS request received for child 6 (server 2blog.ilc.edu.tw:443)
[Wed Aug 26 03:24:54.451175 2026] [authz_core:debug] [pid 2282055:tid 2282055] mod_authz_core.c(815): [client 216.73.216.242:1048] AH01626: authorization result of Require all granted: granted
[Wed Aug 26 03:24:54.451185 2026] [authz_core:debug] [pid 2282055:tid 2282055] mod_authz_core.c(815): [client 216.73.216.242:1048] AH01626: authorization result of : granted
[Wed Aug 26 03:24:54.451381 2026] [authz_core:debug] [pid 2282055:tid 2282055] mod_authz_core.c(815): [client 216.73.216.242:1048] AH01626: authorization result of Require all granted: granted
[Wed Aug 26 03:24:54.451399 2026] [authz_core:debug] [pid 2282055:tid 2282055] mod_authz_core.c(815): [client 216.73.216.242:1048] AH01626: authorization result of : granted
[Wed Aug 26 03:24:54.515590 2026] [deflate:debug] [pid 2282044:tid 2282044] mod_deflate.c(909): [client 216.73.216.242:40041] AH01384: Zlib: Compressed 2613 to 1203 : URL /index.php
[Wed Aug 26 03:24:54.539873 2026] [ssl:debug] [pid 2282225:tid 2282225] ssl_engine_kernel.c(254): [client 2409:8c28:5460:902::46:47026] AH02034: Subsequent (No.2) HTTPS request received for child 21 (server www.iedu.ilc.edu.tw:443), referer: https://www.iedu.ilc.edu.tw/%e6%b4%bb%e5%8b%95%e5%bd%b1%e9%9f%b3/
[Wed Aug 26 03:24:54.540126 2026] [authz_core:debug] [pid 2282225:tid 2282225] mod_authz_core.c(815): [client 2409:8c28:5460:902::46:47026] AH01626: authorization result of Require all granted: granted, referer: https://www.iedu.ilc.edu.tw/%e6%b4%bb%e5%8b%95%e5%bd%b1%e9%9f%b3/
[Wed Aug 26 03:24:54.540132 2026] [authz_core:debug] [pid 2282225:tid 2282225] mod_authz_core.c(815): [client 2409:8c28:5460:902::46:47026] AH01626: authorization result of : granted, referer: https://www.iedu.ilc.edu.tw/%e6%b4%bb%e5%8b%95%e5%bd%b1%e9%9f%b3/
[Wed Aug 26 03:24:54.540461 2026] [deflate:debug] [pid 2282225:tid 2282225] mod_deflate.c(909): [client 2409:8c28:5460:902::46:47026] AH01384: Zlib: Compressed 5520 to 1785 : URL /wp-includes/js/imagesloaded.min.js, referer: https://www.iedu.ilc.edu.tw/%e6%b4%bb%e5%8b%95%e5%bd%b1%e9%9f%b3/
[Wed Aug 26 03:24:54.570841 2026] [ssl:debug] [pid 2282087:tid 2282087] ssl_engine_kernel.c(254): [client 216.73.216.242:23699] AH02034: Subsequent (No.10) HTTPS request received for child 31 (server 2blog.ilc.edu.tw:443)
[Wed Aug 26 03:24:54.571220 2026] [authz_core:debug] [pid 2282087:tid 2282087] mod_authz_core.c(815): [client 216.73.216.242:23699] AH01626: authorization result of Require all granted: granted
[Wed Aug 26 03:24:54.571231 2026] [authz_core:debug] [pid 2282087:tid 2282087] mod_authz_core.c(815): [client 216.73.216.242:23699] AH01626: authorization result of : granted
[Wed Aug 26 03:24:54.571400 2026] [authz_core:debug] [pid 2282087:tid 2282087] mod_authz_core.c(815): [client 216.73.216.242:23699] AH01626: authorization result of Require all granted: granted
[Wed Aug 26 03:24:54.571405 2026] [authz_core:debug] [pid 2282087:tid 2282087] mod_authz_core.c(815): [client 216.73.216.242:23699] AH01626: authorization result of : granted
[Wed Aug 26 03:24:54.595375 2026] [ssl:debug] [pid 2282061:tid 2282061] ssl_engine_kernel.c(254): [client 2409:8c28:5460:902::46:47032] AH02034: Subsequent (No.4) HTTPS request received for child 9 (server www.iedu.ilc.edu.tw:443), referer: https://www.iedu.ilc.edu.tw/%e6%b4%bb%e5%8b%95%e5%bd%b1%e9%9f%b3/
[Wed Aug 26 03:24:54.595676 2026] [authz_core:debug] [pid 2282061:tid 2282061] mod_authz_core.c(815): [client 2409:8c28:5460:902::46:47032] AH01626: authorization result of Require all granted: granted, referer: https://www.iedu.ilc.edu.tw/%e6%b4%bb%e5%8b%95%e5%bd%b1%e9%9f%b3/
[Wed Aug 26 03:24:54.595687 2026] [authz_core:debug] [pid 2282061:tid 2282061] mod_authz_core.c(815): [client 2409:8c28:5460:902::46:47032] AH01626: authorization result of : granted, referer: https://www.iedu.ilc.edu.tw/%e6%b4%bb%e5%8b%95%e5%bd%b1%e9%9f%b3/
[Wed Aug 26 03:24:54.596338 2026] [deflate:debug] [pid 2282061:tid 2282061] mod_deflate.c(909): [client 2409:8c28:5460:902::46:47032] AH01384: Zlib: Compressed 19719 to 4232 : URL /wp-content/themes/oceanwp/assets/js/theme.min.js, referer: https://www.iedu.ilc.edu.tw/%e6%b4%bb%e5%8b%95%e5%bd%b1%e9%9f%b3/
[Wed Aug 26 03:24:54.672259 2026] [ssl:debug] [pid 2281942:tid 2281942] ssl_engine_kernel.c(254): [client 216.73.216.242:5184] AH02034: Subsequent (No.8) HTTPS request received for child 2 (server 2blog.ilc.edu.tw:443)
[Wed Aug 26 03:24:54.672537 2026] [authz_core:debug] [pid 2281942:tid 2281942] mod_authz_core.c(815): [client 216.73.216.242:5184] AH01626: authorization result of Require all granted: granted
[Wed Aug 26 03:24:54.672565 2026] [authz_core:debug] [pid 2281942:tid 2281942] mod_authz_core.c(815): [client 216.73.216.242:5184] AH01626: authorization result of : granted
[Wed Aug 26 03:24:54.672726 2026] [authz_core:debug] [pid 2281942:tid 2281942] mod_authz_core.c(815): [client 216.73.216.242:5184] AH01626: authorization result of Require all granted: granted
[Wed Aug 26 03:24:54.672732 2026] [authz_core:debug] [pid 2281942:tid 2281942] mod_authz_core.c(815): [client 216.73.216.242:5184] AH01626: authorization result of : granted
[Wed Aug 26 03:24:54.695365 2026] [ssl:debug] [pid 2282209:tid 2282209] ssl_engine_io.c(1150): [client 3.222.190.107:56866] AH02001: Connection closed to child 8 with standard shutdown (server 2blog.ilc.edu.tw:443)
[Wed Aug 26 03:24:54.742591 2026] [ssl:info] [pid 2282215:tid 2282215] [client 103.153.183.69:58970] AH01964: Connection to child 0 established (server 2blog.ilc.edu.tw:443)
[Wed Aug 26 03:24:54.742788 2026] [ssl:debug] [pid 2282215:tid 2282215] ssl_engine_kernel.c(2252): [client 103.153.183.69:58970] AH02645: Server name not provided via TLS extension (using default/first virtual host)
[Wed Aug 26 03:24:54.742854 2026] [core:debug] [pid 2282215:tid 2282215] protocol.c(2460): [client 103.153.183.69:58970] AH03155: select protocol from , choices=http/1.1 for server 2blog.ilc.edu.tw
[Wed Aug 26 03:24:54.742901 2026] [ssl:debug] [pid 2282215:tid 2282215] ssl_util_stapling.c(819): AH01951: stapling_cb: OCSP Stapling callback called
[Wed Aug 26 03:24:54.742907 2026] [ssl:info] [pid 2282215:tid 2282215] AH01926: stapling_get_certinfo: stapling not supported for certificate
[Wed Aug 26 03:24:54.765107 2026] [ssl:debug] [pid 2282044:tid 2282044] ssl_engine_kernel.c(254): [client 216.73.216.242:40041] AH02034: Subsequent (No.10) HTTPS request received for child 7 (server 2blog.ilc.edu.tw:443)
[Wed Aug 26 03:24:54.765336 2026] [authz_core:debug] [pid 2282044:tid 2282044] mod_authz_core.c(815): [client 216.73.216.242:40041] AH01626: authorization result of Require all granted: granted
[Wed Aug 26 03:24:54.765345 2026] [authz_core:debug] [pid 2282044:tid 2282044] mod_authz_core.c(815): [client 216.73.216.242:40041] AH01626: authorization result of : granted
[Wed Aug 26 03:24:54.765533 2026] [authz_core:debug] [pid 2282044:tid 2282044] mod_authz_core.c(815): [client 216.73.216.242:40041] AH01626: authorization result of Require all granted: granted
[Wed Aug 26 03:24:54.765539 2026] [authz_core:debug] [pid 2282044:tid 2282044] mod_authz_core.c(815): [client 216.73.216.242:40041] AH01626: authorization result of : granted
[Wed Aug 26 03:24:54.803435 2026] [ssl:debug] [pid 2282225:tid 2282225] ssl_engine_kernel.c(254): [client 2409:8c28:5460:902::46:47026] AH02034: Subsequent (No.3) HTTPS request received for child 21 (server www.iedu.ilc.edu.tw:443), referer: https://www.iedu.ilc.edu.tw/%e6%b4%bb%e5%8b%95%e5%bd%b1%e9%9f%b3/
[Wed Aug 26 03:24:54.803721 2026] [authz_core:debug] [pid 2282225:tid 2282225] mod_authz_core.c(815): [client 2409:8c28:5460:902::46:47026] AH01626: authorization result of Require all granted: granted, referer: https://www.iedu.ilc.edu.tw/%e6%b4%bb%e5%8b%95%e5%bd%b1%e9%9f%b3/
[Wed Aug 26 03:24:54.803733 2026] [authz_core:debug] [pid 2282225:tid 2282225] mod_authz_core.c(815): [client 2409:8c28:5460:902::46:47026] AH01626: authorization result of : granted, referer: https://www.iedu.ilc.edu.tw/%e6%b4%bb%e5%8b%95%e5%bd%b1%e9%9f%b3/
[Wed Aug 26 03:24:54.804356 2026] [deflate:debug] [pid 2282225:tid 2282225] mod_deflate.c(909): [client 2409:8c28:5460:902::46:47026] AH01384: Zlib: Compressed 14581 to 3765 : URL /wp-content/themes/oceanwp/assets/js/drop-down-mobile-menu.min.js, referer: https://www.iedu.ilc.edu.tw/%e6%b4%bb%e5%8b%95%e5%bd%b1%e9%9f%b3/
[Wed Aug 26 03:24:54.830281 2026] [ssl:debug] [pid 2282061:tid 2282061] ssl_engine_kernel.c(254): [client 2409:8c28:5460:902::46:47032] AH02034: Subsequent (No.5) HTTPS request received for child 9 (server www.iedu.ilc.edu.tw:443), referer: https://www.iedu.ilc.edu.tw/%e6%b4%bb%e5%8b%95%e5%bd%b1%e9%9f%b3/
[Wed Aug 26 03:24:54.830541 2026] [authz_core:debug] [pid 2282061:tid 2282061] mod_authz_core.c(815): [client 2409:8c28:5460:902::46:47032] AH01626: authorization result of Require all granted: granted, referer: https://www.iedu.ilc.edu.tw/%e6%b4%bb%e5%8b%95%e5%bd%b1%e9%9f%b3/
[Wed Aug 26 03:24:54.830550 2026] [authz_core:debug] [pid 2282061:tid 2282061] mod_authz_core.c(815): [client 2409:8c28:5460:902::46:47032] AH01626: authorization result of : granted, referer: https://www.iedu.ilc.edu.tw/%e6%b4%bb%e5%8b%95%e5%bd%b1%e9%9f%b3/
[Wed Aug 26 03:24:54.830931 2026] [deflate:debug] [pid 2282061:tid 2282061] mod_deflate.c(909): [client 2409:8c28:5460:902::46:47032] AH01384: Zlib: Compressed 7540 to 2070 : URL /wp-content/themes/oceanwp/assets/js/drop-down-search.min.js, referer: https://www.iedu.ilc.edu.tw/%e6%b4%bb%e5%8b%95%e5%bd%b1%e9%9f%b3/
[Wed Aug 26 03:24:54.854357 2026] [deflate:debug] [pid 2281942:tid 2281942] mod_deflate.c(909): [client 216.73.216.242:5184] AH01384: Zlib: Compressed 32198 to 8427 : URL /index.php
[Wed Aug 26 03:24:54.866477 2026] [ssl:debug] [pid 2282111:tid 2282111] ssl_engine_kernel.c(254): [client 216.73.216.242:25262] AH02034: Subsequent (No.9) HTTPS request received for child 25 (server 2blog.ilc.edu.tw:443)
[Wed Aug 26 03:24:54.866711 2026] [authz_core:debug] [pid 2282111:tid 2282111] mod_authz_core.c(815): [client 216.73.216.242:25262] AH01626: authorization result of Require all granted: granted
[Wed Aug 26 03:24:54.866720 2026] [authz_core:debug] [pid 2282111:tid 2282111] mod_authz_core.c(815): [client 216.73.216.242:25262] AH01626: authorization result of : granted
[Wed Aug 26 03:24:54.866859 2026] [authz_core:debug] [pid 2282111:tid 2282111] mod_authz_core.c(815): [client 216.73.216.242:25262] AH01626: authorization result of Require all granted: granted
[Wed Aug 26 03:24:54.866864 2026] [authz_core:debug] [pid 2282111:tid 2282111] mod_authz_core.c(815): [client 216.73.216.242:25262] AH01626: authorization result of : granted
[Wed Aug 26 03:24:54.927682 2026] [deflate:debug] [pid 2282087:tid 2282087] mod_deflate.c(909): [client 216.73.216.242:23699] AH01384: Zlib: Compressed 2803 to 1264 : URL /index.php
[Wed Aug 26 03:24:54.978579 2026] [ssl:debug] [pid 2282219:tid 2282219] ssl_engine_kernel.c(254): [client 216.73.216.242:57259] AH02034: Subsequent (No.10) HTTPS request received for child 11 (server 2blog.ilc.edu.tw:443)
[Wed Aug 26 03:24:54.978827 2026] [authz_core:debug] [pid 2282219:tid 2282219] mod_authz_core.c(815): [client 216.73.216.242:57259] AH01626: authorization result of Require all granted: granted
[Wed Aug 26 03:24:54.978839 2026] [authz_core:debug] [pid 2282219:tid 2282219] mod_authz_core.c(815): [client 216.73.216.242:57259] AH01626: authorization result of : granted
[Wed Aug 26 03:24:54.979033 2026] [authz_core:debug] [pid 2282219:tid 2282219] mod_authz_core.c(815): [client 216.73.216.242:57259] AH01626: authorization result of Require all granted: granted
[Wed Aug 26 03:24:54.979041 2026] [authz_core:debug] [pid 2282219:tid 2282219] mod_authz_core.c(815): [client 216.73.216.242:57259] AH01626: authorization result of : granted
[Wed Aug 26 03:24:55.007072 2026] [authz_core:debug] [pid 2281920:tid 2281920] mod_authz_core.c(815): [client 44.209.187.99:38274] AH01626: authorization result of Require all granted: granted
[Wed Aug 26 03:24:55.007099 2026] [authz_core:debug] [pid 2281920:tid 2281920] mod_authz_core.c(815): [client 44.209.187.99:38274] AH01626: authorization result of : granted
[Wed Aug 26 03:24:55.019945 2026] [authz_core:debug] [pid 2281920:tid 2281920] mod_authz_core.c(815): [client 44.209.187.99:38274] AH01626: authorization result of Require all granted: granted
[Wed Aug 26 03:24:55.019969 2026] [authz_core:debug] [pid 2281920:tid 2281920] mod_authz_core.c(815): [client 44.209.187.99:38274] AH01626: authorization result of : granted
[Wed Aug 26 03:24:55.022122 2026] [ssl:debug] [pid 2282225:tid 2282225] ssl_engine_kernel.c(254): [client 2409:8c28:5460:902::46:47026] AH02034: Subsequent (No.4) HTTPS request received for child 21 (server www.iedu.ilc.edu.tw:443), referer: https://www.iedu.ilc.edu.tw/%e6%b4%bb%e5%8b%95%e5%bd%b1%e9%9f%b3/
[Wed Aug 26 03:24:55.022325 2026] [authz_core:debug] [pid 2282225:tid 2282225] mod_authz_core.c(815): [client 2409:8c28:5460:902::46:47026] AH01626: authorization result of Require all granted: granted, referer: https://www.iedu.ilc.edu.tw/%e6%b4%bb%e5%8b%95%e5%bd%b1%e9%9f%b3/
[Wed Aug 26 03:24:55.022333 2026] [authz_core:debug] [pid 2282225:tid 2282225] mod_authz_core.c(815): [client 2409:8c28:5460:902::46:47026] AH01626: authorization result of : granted, referer: https://www.iedu.ilc.edu.tw/%e6%b4%bb%e5%8b%95%e5%bd%b1%e9%9f%b3/
[Wed Aug 26 03:24:55.023226 2026] [deflate:debug] [pid 2282225:tid 2282225] mod_deflate.c(909): [client 2409:8c28:5460:902::46:47026] AH01384: Zlib: Compressed 20216 to 7328 : URL /wp-content/themes/oceanwp/assets/js/vendors/magnific-popup.min.js, referer: https://www.iedu.ilc.edu.tw/%e6%b4%bb%e5%8b%95%e5%bd%b1%e9%9f%b3/
[Wed Aug 26 03:24:55.027037 2026] [deflate:debug] [pid 2281920:tid 2281920] mod_deflate.c(909): [client 44.209.187.99:38274] AH01384: Zlib: Compressed 54104 to 3639 : URL /wp-content/uploads/sites/1397/2024/11/
[Wed Aug 26 03:24:55.054794 2026] [ssl:debug] [pid 2282061:tid 2282061] ssl_engine_kernel.c(254): [client 2409:8c28:5460:902::46:47032] AH02034: Subsequent (No.6) HTTPS request received for child 9 (server www.iedu.ilc.edu.tw:443), referer: https://www.iedu.ilc.edu.tw/%e6%b4%bb%e5%8b%95%e5%bd%b1%e9%9f%b3/
[Wed Aug 26 03:24:55.055083 2026] [authz_core:debug] [pid 2282061:tid 2282061] mod_authz_core.c(815): [client 2409:8c28:5460:902::46:47032] AH01626: authorization result of Require all granted: granted, referer: https://www.iedu.ilc.edu.tw/%e6%b4%bb%e5%8b%95%e5%bd%b1%e9%9f%b3/
[Wed Aug 26 03:24:55.055095 2026] [authz_core:debug] [pid 2282061:tid 2282061] mod_authz_core.c(815): [client 2409:8c28:5460:902::46:47032] AH01626: authorization result of : granted, referer: https://www.iedu.ilc.edu.tw/%e6%b4%bb%e5%8b%95%e5%bd%b1%e9%9f%b3/
[Wed Aug 26 03:24:55.055475 2026] [deflate:debug] [pid 2282061:tid 2282061] mod_deflate.c(909): [client 2409:8c28:5460:902::46:47032] AH01384: Zlib: Compressed 4111 to 1423 : URL /wp-content/themes/oceanwp/assets/js/ow-lightbox.min.js, referer: https://www.iedu.ilc.edu.tw/%e6%b4%bb%e5%8b%95%e5%bd%b1%e9%9f%b3/
[Wed Aug 26 03:24:55.071365 2026] [ssl:debug] [pid 2282055:tid 2282055] ssl_engine_kernel.c(254): [client 216.73.216.242:1048] AH02034: Subsequent (No.6) HTTPS request received for child 6 (server 2blog.ilc.edu.tw:443)
[Wed Aug 26 03:24:55.071666 2026] [authz_core:debug] [pid 2282055:tid 2282055] mod_authz_core.c(815): [client 216.73.216.242:1048] AH01626: authorization result of Require all granted: granted
[Wed Aug 26 03:24:55.071678 2026] [authz_core:debug] [pid 2282055:tid 2282055] mod_authz_core.c(815): [client 216.73.216.242:1048] AH01626: authorization result of : granted
[Wed Aug 26 03:24:55.071888 2026] [authz_core:debug] [pid 2282055:tid 2282055] mod_authz_core.c(815): [client 216.73.216.242:1048] AH01626: authorization result of Require all granted: granted
[Wed Aug 26 03:24:55.071899 2026] [authz_core:debug] [pid 2282055:tid 2282055] mod_authz_core.c(815): [client 216.73.216.242:1048] AH01626: authorization result of : granted
[Wed Aug 26 03:24:55.084895 2026] [ssl:debug] [pid 2282233:tid 2282233] ssl_engine_io.c(1150): [client 144.31.35.188:39276] AH02001: Connection closed to child 30 with standard shutdown (server www.najh.ilc.edu.tw:443)
[Wed Aug 26 03:24:55.127325 2026] [ssl:info] [pid 2282220:tid 2282220] [client 34.123.149.87:51200] AH01964: Connection to child 17 established (server 2blog.ilc.edu.tw:443)
[Wed Aug 26 03:24:55.127967 2026] [ssl:debug] [pid 2282220:tid 2282220] ssl_engine_kernel.c(2222): [client 34.123.149.87:51200] AH02043: SSL virtual host for servername www.wfes.ilc.edu.tw found
[Wed Aug 26 03:24:55.128158 2026] [core:debug] [pid 2282220:tid 2282220] protocol.c(2460): [client 34.123.149.87:51200] AH03155: select protocol from , choices=http/1.1 for server www.wfes.ilc.edu.tw
[Wed Aug 26 03:24:55.155565 2026] [ssl:info] [pid 2281923:tid 2281923] [client 140.111.67.84:60200] AH01964: Connection to child 10 established (server 2blog.ilc.edu.tw:443)
[Wed Aug 26 03:24:55.155745 2026] [ssl:debug] [pid 2281923:tid 2281923] ssl_engine_kernel.c(2252): [client 140.111.67.84:60200] AH02645: Server name not provided via TLS extension (using default/first virtual host)
[Wed Aug 26 03:24:55.155813 2026] [core:debug] [pid 2281923:tid 2281923] protocol.c(2460): [client 140.111.67.84:60200] AH03155: select protocol from , choices=http/1.1 for server 2blog.ilc.edu.tw
[Wed Aug 26 03:24:55.155848 2026] [ssl:debug] [pid 2281923:tid 2281923] ssl_util_stapling.c(819): AH01951: stapling_cb: OCSP Stapling callback called
[Wed Aug 26 03:24:55.155853 2026] [ssl:info] [pid 2281923:tid 2281923] AH01926: stapling_get_certinfo: stapling not supported for certificate
[Wed Aug 26 03:24:55.183977 2026] [ssl:debug] [pid 2282087:tid 2282087] ssl_engine_kernel.c(254): [client 216.73.216.242:23699] AH02034: Subsequent (No.11) HTTPS request received for child 31 (server 2blog.ilc.edu.tw:443)
[Wed Aug 26 03:24:55.184172 2026] [authz_core:debug] [pid 2282087:tid 2282087] mod_authz_core.c(815): [client 216.73.216.242:23699] AH01626: authorization result of Require all granted: granted
[Wed Aug 26 03:24:55.184177 2026] [authz_core:debug] [pid 2282087:tid 2282087] mod_authz_core.c(815): [client 216.73.216.242:23699] AH01626: authorization result of : granted
[Wed Aug 26 03:24:55.184292 2026] [authz_core:debug] [pid 2282087:tid 2282087] mod_authz_core.c(815): [client 216.73.216.242:23699] AH01626: authorization result of Require all granted: granted
[Wed Aug 26 03:24:55.184296 2026] [authz_core:debug] [pid 2282087:tid 2282087] mod_authz_core.c(815): [client 216.73.216.242:23699] AH01626: authorization result of : granted
[Wed Aug 26 03:24:55.189891 2026] [deflate:debug] [pid 2282111:tid 2282111] mod_deflate.c(909): [client 216.73.216.242:25262] AH01384: Zlib: Compressed 2810 to 1277 : URL /index.php
[Wed Aug 26 03:24:55.207523 2026] [headers:debug] [pid 2282105:tid 2282105] mod_headers.c(900): AH01503: headers: ap_headers_error_filter()
[Wed Aug 26 03:24:55.276748 2026] [ssl:info] [pid 2282217:tid 2282217] [client 34.61.96.6:40448] AH01964: Connection to child 1 established (server 2blog.ilc.edu.tw:443)
[Wed Aug 26 03:24:55.276985 2026] [ssl:debug] [pid 2282217:tid 2282217] ssl_engine_kernel.c(2222): [client 34.61.96.6:40448] AH02043: SSL virtual host for servername 2blog.ilc.edu.tw found
[Wed Aug 26 03:24:55.277056 2026] [core:debug] [pid 2282217:tid 2282217] protocol.c(2460): [client 34.61.96.6:40448] AH03155: select protocol from , choices=http/1.1 for server 2blog.ilc.edu.tw
[Wed Aug 26 03:24:55.284761 2026] [ssl:debug] [pid 2281942:tid 2281942] ssl_engine_kernel.c(254): [client 216.73.216.242:5184] AH02034: Subsequent (No.9) HTTPS request received for child 2 (server 2blog.ilc.edu.tw:443)
[Wed Aug 26 03:24:55.285010 2026] [authz_core:debug] [pid 2281942:tid 2281942] mod_authz_core.c(815): [client 216.73.216.242:5184] AH01626: authorization result of Require all granted: granted
[Wed Aug 26 03:24:55.285019 2026] [authz_core:debug] [pid 2281942:tid 2281942] mod_authz_core.c(815): [client 216.73.216.242:5184] AH01626: authorization result of : granted
[Wed Aug 26 03:24:55.285235 2026] [authz_core:debug] [pid 2281942:tid 2281942] mod_authz_core.c(815): [client 216.73.216.242:5184] AH01626: authorization result of Require all granted: granted
[Wed Aug 26 03:24:55.285244 2026] [authz_core:debug] [pid 2281942:tid 2281942] mod_authz_core.c(815): [client 216.73.216.242:5184] AH01626: authorization result of : granted
[Wed Aug 26 03:24:55.309162 2026] [ssl:debug] [pid 2282225:tid 2282225] ssl_engine_kernel.c(254): [client 2409:8c28:5460:902::46:47026] AH02034: Subsequent (No.5) HTTPS request received for child 21 (server www.iedu.ilc.edu.tw:443), referer: https://www.iedu.ilc.edu.tw/%e6%b4%bb%e5%8b%95%e5%bd%b1%e9%9f%b3/
[Wed Aug 26 03:24:55.309411 2026] [authz_core:debug] [pid 2282225:tid 2282225] mod_authz_core.c(815): [client 2409:8c28:5460:902::46:47026] AH01626: authorization result of Require all granted: granted, referer: https://www.iedu.ilc.edu.tw/%e6%b4%bb%e5%8b%95%e5%bd%b1%e9%9f%b3/
[Wed Aug 26 03:24:55.309421 2026] [authz_core:debug] [pid 2282225:tid 2282225] mod_authz_core.c(815): [client 2409:8c28:5460:902::46:47026] AH01626: authorization result of : granted, referer: https://www.iedu.ilc.edu.tw/%e6%b4%bb%e5%8b%95%e5%bd%b1%e9%9f%b3/
[Wed Aug 26 03:24:55.309708 2026] [deflate:debug] [pid 2282225:tid 2282225] mod_deflate.c(909): [client 2409:8c28:5460:902::46:47026] AH01384: Zlib: Compressed 2002 to 864 : URL /wp-content/themes/oceanwp/assets/js/ow-slider.min.js, referer: https://www.iedu.ilc.edu.tw/%e6%b4%bb%e5%8b%95%e5%bd%b1%e9%9f%b3/
[Wed Aug 26 03:24:55.313273 2026] [ssl:debug] [pid 2282061:tid 2282061] ssl_engine_kernel.c(254): [client 2409:8c28:5460:902::46:47032] AH02034: Subsequent (No.7) HTTPS request received for child 9 (server www.iedu.ilc.edu.tw:443), referer: https://www.iedu.ilc.edu.tw/%e6%b4%bb%e5%8b%95%e5%bd%b1%e9%9f%b3/
[Wed Aug 26 03:24:55.313471 2026] [authz_core:debug] [pid 2282061:tid 2282061] mod_authz_core.c(815): [client 2409:8c28:5460:902::46:47032] AH01626: authorization result of Require all granted: granted, referer: https://www.iedu.ilc.edu.tw/%e6%b4%bb%e5%8b%95%e5%bd%b1%e9%9f%b3/
[Wed Aug 26 03:24:55.313477 2026] [authz_core:debug] [pid 2282061:tid 2282061] mod_authz_core.c(815): [client 2409:8c28:5460:902::46:47032] AH01626: authorization result of : granted, referer: https://www.iedu.ilc.edu.tw/%e6%b4%bb%e5%8b%95%e5%bd%b1%e9%9f%b3/
[Wed Aug 26 03:24:55.315233 2026] [deflate:debug] [pid 2282061:tid 2282061] mod_deflate.c(909): [client 2409:8c28:5460:902::46:47032] AH01384: Zlib: Compressed 57513 to 14083 : URL /wp-content/themes/oceanwp/assets/js/vendors/flickity.pkgd.min.js, referer: https://www.iedu.ilc.edu.tw/%e6%b4%bb%e5%8b%95%e5%bd%b1%e9%9f%b3/
[Wed Aug 26 03:24:55.370766 2026] [ssl:debug] [pid 2281923:tid 2281923] ssl_engine_kernel.c(2082): [client 140.111.67.84:60200] AH02041: Protocol: TLSv1.3, Cipher: TLS_AES_256_GCM_SHA384 (256/256 bits)
[Wed Aug 26 03:24:55.370830 2026] [socache_shmcb:debug] [pid 2281923:tid 2281923] mod_socache_shmcb.c(508): AH00831: socache_shmcb_store (0x20 -> subcache 0)
[Wed Aug 26 03:24:55.370837 2026] [socache_shmcb:debug] [pid 2281923:tid 2281923] mod_socache_shmcb.c(745): AH00842: expiring 2 and reclaiming 0 removed socache entries
[Wed Aug 26 03:24:55.370840 2026] [socache_shmcb:debug] [pid 2281923:tid 2281923] mod_socache_shmcb.c(765): AH00843: we now have 39 socache entries
[Wed Aug 26 03:24:55.370843 2026] [socache_shmcb:debug] [pid 2281923:tid 2281923] mod_socache_shmcb.c(860): AH00847: insert happened at idx=25, data=(5791:5823)
[Wed Aug 26 03:24:55.370846 2026] [socache_shmcb:debug] [pid 2281923:tid 2281923] mod_socache_shmcb.c(863): AH00848: finished insert, subcache: idx_pos/idx_used=74/40, data_pos/data_used=10998/8862
[Wed Aug 26 03:24:55.370849 2026] [socache_shmcb:debug] [pid 2281923:tid 2281923] mod_socache_shmcb.c(530): AH00834: leaving socache_shmcb_store successfully
[Wed Aug 26 03:24:55.370907 2026] [socache_shmcb:debug] [pid 2281923:tid 2281923] mod_socache_shmcb.c(508): AH00831: socache_shmcb_store (0x23 -> subcache 3)
[Wed Aug 26 03:24:55.370913 2026] [socache_shmcb:debug] [pid 2281923:tid 2281923] mod_socache_shmcb.c(798): AH00845: about to force-expire, subcache: idx_used=62, data_used=13721
[Wed Aug 26 03:24:55.370916 2026] [socache_shmcb:debug] [pid 2281923:tid 2281923] mod_socache_shmcb.c(824): AH00846: finished force-expire, subcache: idx_used=61, data_used=13496
[Wed Aug 26 03:24:55.370919 2026] [socache_shmcb:debug] [pid 2281923:tid 2281923] mod_socache_shmcb.c(860): AH00847: insert happened at idx=67, data=(9426:9458)
[Wed Aug 26 03:24:55.370922 2026] [socache_shmcb:debug] [pid 2281923:tid 2281923] mod_socache_shmcb.c(863): AH00848: finished insert, subcache: idx_pos/idx_used=6/62, data_pos/data_used=9794/13701
[Wed Aug 26 03:24:55.370935 2026] [socache_shmcb:debug] [pid 2281923:tid 2281923] mod_socache_shmcb.c(530): AH00834: leaving socache_shmcb_store successfully
[Wed Aug 26 03:24:55.371097 2026] [ssl:debug] [pid 2281923:tid 2281923] ssl_engine_kernel.c(254): [client 140.111.67.84:60200] AH02034: Initial (No.1) HTTPS request received for child 10 (server 2blog.ilc.edu.tw:443)
[Wed Aug 26 03:24:55.371327 2026] [authz_core:debug] [pid 2281923:tid 2281923] mod_authz_core.c(815): [client 140.111.67.84:60200] AH01626: authorization result of Require all granted: granted
[Wed Aug 26 03:24:55.371332 2026] [authz_core:debug] [pid 2281923:tid 2281923] mod_authz_core.c(815): [client 140.111.67.84:60200] AH01626: authorization result of : granted
[Wed Aug 26 03:24:55.371501 2026] [authz_core:debug] [pid 2281923:tid 2281923] mod_authz_core.c(815): [client 140.111.67.84:60200] AH01626: authorization result of Require all granted: granted
[Wed Aug 26 03:24:55.371508 2026] [authz_core:debug] [pid 2281923:tid 2281923] mod_authz_core.c(815): [client 140.111.67.84:60200] AH01626: authorization result of : granted
[Wed Aug 26 03:24:55.387833 2026] [ssl:debug] [pid 2282072:tid 2282072] ssl_engine_kernel.c(254): [client 216.73.216.242:6675] AH02034: Subsequent (No.9) HTTPS request received for child 14 (server 2blog.ilc.edu.tw:443)
[Wed Aug 26 03:24:55.388029 2026] [authz_core:debug] [pid 2282072:tid 2282072] mod_authz_core.c(815): [client 216.73.216.242:6675] AH01626: authorization result of Require all granted: granted
[Wed Aug 26 03:24:55.388034 2026] [authz_core:debug] [pid 2282072:tid 2282072] mod_authz_core.c(815): [client 216.73.216.242:6675] AH01626: authorization result of : granted
[Wed Aug 26 03:24:55.388153 2026] [authz_core:debug] [pid 2282072:tid 2282072] mod_authz_core.c(815): [client 216.73.216.242:6675] AH01626: authorization result of Require all granted: granted
[Wed Aug 26 03:24:55.388157 2026] [authz_core:debug] [pid 2282072:tid 2282072] mod_authz_core.c(815): [client 216.73.216.242:6675] AH01626: authorization result of : granted
[Wed Aug 26 03:24:55.422770 2026] [ssl:debug] [pid 2282220:tid 2282220] ssl_engine_kernel.c(2082): [client 34.123.149.87:51200] AH02041: Protocol: TLSv1.3, Cipher: TLS_AES_256_GCM_SHA384 (256/256 bits)
[Wed Aug 26 03:24:55.422838 2026] [socache_shmcb:debug] [pid 2282220:tid 2282220] mod_socache_shmcb.c(508): AH00831: socache_shmcb_store (0xc9 -> subcache 9)
[Wed Aug 26 03:24:55.422860 2026] [socache_shmcb:debug] [pid 2282220:tid 2282220] mod_socache_shmcb.c(860): AH00847: insert happened at idx=23, data=(5205:5237)
[Wed Aug 26 03:24:55.422863 2026] [socache_shmcb:debug] [pid 2282220:tid 2282220] mod_socache_shmcb.c(863): AH00848: finished insert, subcache: idx_pos/idx_used=57/55, data_pos/data_used=7126/12172
[Wed Aug 26 03:24:55.422866 2026] [socache_shmcb:debug] [pid 2282220:tid 2282220] mod_socache_shmcb.c(530): AH00834: leaving socache_shmcb_store successfully
[Wed Aug 26 03:24:55.422936 2026] [socache_shmcb:debug] [pid 2282220:tid 2282220] mod_socache_shmcb.c(508): AH00831: socache_shmcb_store (0x82 -> subcache 2)
[Wed Aug 26 03:24:55.422944 2026] [socache_shmcb:debug] [pid 2282220:tid 2282220] mod_socache_shmcb.c(860): AH00847: insert happened at idx=3, data=(499:531)
[Wed Aug 26 03:24:55.422946 2026] [socache_shmcb:debug] [pid 2282220:tid 2282220] mod_socache_shmcb.c(863): AH00848: finished insert, subcache: idx_pos/idx_used=46/46, data_pos/data_used=4367/10224
[Wed Aug 26 03:24:55.422949 2026] [socache_shmcb:debug] [pid 2282220:tid 2282220] mod_socache_shmcb.c(530): AH00834: leaving socache_shmcb_store successfully
[Wed Aug 26 03:24:55.439627 2026] [ssl:debug] [pid 2282215:tid 2282215] ssl_engine_kernel.c(2082): [client 103.153.183.69:58970] AH02041: Protocol: TLSv1.3, Cipher: TLS_AES_256_GCM_SHA384 (256/256 bits)
[Wed Aug 26 03:24:55.439700 2026] [socache_shmcb:debug] [pid 2282215:tid 2282215] mod_socache_shmcb.c(508): AH00831: socache_shmcb_store (0xcc -> subcache 12)
[Wed Aug 26 03:24:55.439736 2026] [socache_shmcb:debug] [pid 2282215:tid 2282215] mod_socache_shmcb.c(860): AH00847: insert happened at idx=12, data=(2971:3003)
[Wed Aug 26 03:24:55.439739 2026] [socache_shmcb:debug] [pid 2282215:tid 2282215] mod_socache_shmcb.c(863): AH00848: finished insert, subcache: idx_pos/idx_used=54/47, data_pos/data_used=6615/10425
[Wed Aug 26 03:24:55.439742 2026] [socache_shmcb:debug] [pid 2282215:tid 2282215] mod_socache_shmcb.c(530): AH00834: leaving socache_shmcb_store successfully
[Wed Aug 26 03:24:55.439801 2026] [socache_shmcb:debug] [pid 2282215:tid 2282215] mod_socache_shmcb.c(508): AH00831: socache_shmcb_store (0xc2 -> subcache 2)
[Wed Aug 26 03:24:55.439807 2026] [socache_shmcb:debug] [pid 2282215:tid 2282215] mod_socache_shmcb.c(860): AH00847: insert happened at idx=4, data=(727:759)
[Wed Aug 26 03:24:55.439809 2026] [socache_shmcb:debug] [pid 2282215:tid 2282215] mod_socache_shmcb.c(863): AH00848: finished insert, subcache: idx_pos/idx_used=46/47, data_pos/data_used=4367/10429
[Wed Aug 26 03:24:55.439811 2026] [socache_shmcb:debug] [pid 2282215:tid 2282215] mod_socache_shmcb.c(530): AH00834: leaving socache_shmcb_store successfully
[Wed Aug 26 03:24:55.440057 2026] [ssl:debug] [pid 2282215:tid 2282215] ssl_engine_kernel.c(254): [client 103.153.183.69:58970] AH02034: Initial (No.1) HTTPS request received for child 0 (server 2blog.ilc.edu.tw:443)
[Wed Aug 26 03:24:55.440278 2026] [authz_core:debug] [pid 2282215:tid 2282215] mod_authz_core.c(815): [client 103.153.183.69:58970] AH01626: authorization result of Require all granted: granted
[Wed Aug 26 03:24:55.440285 2026] [authz_core:debug] [pid 2282215:tid 2282215] mod_authz_core.c(815): [client 103.153.183.69:58970] AH01626: authorization result of : granted
[Wed Aug 26 03:24:55.440462 2026] [authz_core:debug] [pid 2282215:tid 2282215] mod_authz_core.c(815): [client 103.153.183.69:58970] AH01626: authorization result of Require all granted: granted
[Wed Aug 26 03:24:55.440468 2026] [authz_core:debug] [pid 2282215:tid 2282215] mod_authz_core.c(815): [client 103.153.183.69:58970] AH01626: authorization result of : granted
[Wed Aug 26 03:24:55.443971 2026] [deflate:debug] [pid 2282055:tid 2282055] mod_deflate.c(909): [client 216.73.216.242:1048] AH01384: Zlib: Compressed 2811 to 1275 : URL /index.php
[Wed Aug 26 03:24:55.451344 2026] [ssl:debug] [pid 2282220:tid 2282220] ssl_engine_kernel.c(254): [client 34.123.149.87:51200] AH02034: Initial (No.1) HTTPS request received for child 17 (server www.wfes.ilc.edu.tw:443)
[Wed Aug 26 03:24:55.451535 2026] [authz_core:debug] [pid 2282220:tid 2282220] mod_authz_core.c(815): [client 34.123.149.87:51200] AH01626: authorization result of Require all granted: granted
[Wed Aug 26 03:24:55.451541 2026] [authz_core:debug] [pid 2282220:tid 2282220] mod_authz_core.c(815): [client 34.123.149.87:51200] AH01626: authorization result of : granted
[Wed Aug 26 03:24:55.451706 2026] [authz_core:debug] [pid 2282220:tid 2282220] mod_authz_core.c(815): [client 34.123.149.87:51200] AH01626: authorization result of Require all granted: granted
[Wed Aug 26 03:24:55.451712 2026] [authz_core:debug] [pid 2282220:tid 2282220] mod_authz_core.c(815): [client 34.123.149.87:51200] AH01626: authorization result of : granted
