[Wed Aug 26 03:24:55.476875 2026] [ssl:debug] [pid 2282111:tid 2282111] ssl_engine_kernel.c(254): [client 216.73.216.242:25262] AH02034: Subsequent (No.10) HTTPS request received for child 25 (server 2blog.ilc.edu.tw:443)
[Wed Aug 26 03:24:55.477122 2026] [authz_core:debug] [pid 2282111:tid 2282111] mod_authz_core.c(815): [client 216.73.216.242:25262] AH01626: authorization result of Require all granted: granted
[Wed Aug 26 03:24:55.477134 2026] [authz_core:debug] [pid 2282111:tid 2282111] mod_authz_core.c(815): [client 216.73.216.242:25262] AH01626: authorization result of : granted
[Wed Aug 26 03:24:55.477332 2026] [authz_core:debug] [pid 2282111:tid 2282111] mod_authz_core.c(815): [client 216.73.216.242:25262] AH01626: authorization result of Require all granted: granted
[Wed Aug 26 03:24:55.477349 2026] [authz_core:debug] [pid 2282111:tid 2282111] mod_authz_core.c(815): [client 216.73.216.242:25262] AH01626: authorization result of : granted
[Wed Aug 26 03:24:55.521208 2026] [ssl:debug] [pid 2282217:tid 2282217] ssl_engine_kernel.c(2082): [client 34.61.96.6:40448] AH02041: Protocol: TLSv1.3, Cipher: TLS_AES_256_GCM_SHA384 (256/256 bits)
[Wed Aug 26 03:24:55.521275 2026] [socache_shmcb:debug] [pid 2282217:tid 2282217] mod_socache_shmcb.c(508): AH00831: socache_shmcb_store (0x8a -> subcache 10)
[Wed Aug 26 03:24:55.521296 2026] [socache_shmcb:debug] [pid 2282217:tid 2282217] mod_socache_shmcb.c(860): AH00847: insert happened at idx=39, data=(3185:3217)
[Wed Aug 26 03:24:55.521299 2026] [socache_shmcb:debug] [pid 2282217:tid 2282217] mod_socache_shmcb.c(863): AH00848: finished insert, subcache: idx_pos/idx_used=4/36, data_pos/data_used=9262/8013
[Wed Aug 26 03:24:55.521302 2026] [socache_shmcb:debug] [pid 2282217:tid 2282217] mod_socache_shmcb.c(530): AH00834: leaving socache_shmcb_store successfully
[Wed Aug 26 03:24:55.521378 2026] [socache_shmcb:debug] [pid 2282217:tid 2282217] mod_socache_shmcb.c(508): AH00831: socache_shmcb_store (0xe5 -> subcache 5)
[Wed Aug 26 03:24:55.521390 2026] [socache_shmcb:debug] [pid 2282217:tid 2282217] mod_socache_shmcb.c(860): AH00847: insert happened at idx=49, data=(10834:10866)
[Wed Aug 26 03:24:55.521393 2026] [socache_shmcb:debug] [pid 2282217:tid 2282217] mod_socache_shmcb.c(863): AH00848: finished insert, subcache: idx_pos/idx_used=8/42, data_pos/data_used=1794/9265
[Wed Aug 26 03:24:55.521396 2026] [socache_shmcb:debug] [pid 2282217:tid 2282217] mod_socache_shmcb.c(530): AH00834: leaving socache_shmcb_store successfully
[Wed Aug 26 03:24:55.529204 2026] [ssl:debug] [pid 2282225:tid 2282225] ssl_engine_kernel.c(254): [client 2409:8c28:5460:902::46:47026] AH02034: Subsequent (No.6) HTTPS request received for child 21 (server www.iedu.ilc.edu.tw:443), referer: https://www.iedu.ilc.edu.tw/%e6%b4%bb%e5%8b%95%e5%bd%b1%e9%9f%b3/
[Wed Aug 26 03:24:55.529439 2026] [authz_core:debug] [pid 2282225:tid 2282225] mod_authz_core.c(815): [client 2409:8c28:5460:902::46:47026] AH01626: authorization result of Require all granted: granted, referer: https://www.iedu.ilc.edu.tw/%e6%b4%bb%e5%8b%95%e5%bd%b1%e9%9f%b3/
[Wed Aug 26 03:24:55.529449 2026] [authz_core:debug] [pid 2282225:tid 2282225] mod_authz_core.c(815): [client 2409:8c28:5460:902::46:47026] AH01626: authorization result of : granted, referer: https://www.iedu.ilc.edu.tw/%e6%b4%bb%e5%8b%95%e5%bd%b1%e9%9f%b3/
[Wed Aug 26 03:24:55.529849 2026] [deflate:debug] [pid 2282225:tid 2282225] mod_deflate.c(909): [client 2409:8c28:5460:902::46:47026] AH01384: Zlib: Compressed 12402 to 3229 : URL /wp-content/themes/oceanwp/assets/js/scroll-effect.min.js, referer: https://www.iedu.ilc.edu.tw/%e6%b4%bb%e5%8b%95%e5%bd%b1%e9%9f%b3/
[Wed Aug 26 03:24:55.533239 2026] [ssl:info] [pid 2282233:tid 2282233] [client 140.111.67.10:33453] AH01964: Connection to child 30 established (server 2blog.ilc.edu.tw:443)
[Wed Aug 26 03:24:55.533399 2026] [ssl:info] [pid 2282233:tid 2282233] (70014)End of file found: [client 140.111.67.10:33453] AH02006: SSL handshake stopped: connection was closed
[Wed Aug 26 03:24:55.533410 2026] [ssl:info] [pid 2282233:tid 2282233] [client 140.111.67.10:33453] AH01998: Connection closed to child 30 with abortive shutdown (server 2blog.ilc.edu.tw:443)
[Wed Aug 26 03:24:55.581845 2026] [ssl:info] [pid 2282105:tid 2282105] [client 34.10.180.98:53249] AH01964: Connection to child 13 established (server 2blog.ilc.edu.tw:443)
[Wed Aug 26 03:24:55.582020 2026] [ssl:debug] [pid 2282105:tid 2282105] ssl_engine_kernel.c(2222): [client 34.10.180.98:53249] AH02043: SSL virtual host for servername 2blog.ilc.edu.tw found
[Wed Aug 26 03:24:55.582072 2026] [core:debug] [pid 2282105:tid 2282105] protocol.c(2460): [client 34.10.180.98:53249] AH03155: select protocol from , choices=http/1.1 for server 2blog.ilc.edu.tw
[Wed Aug 26 03:24:55.588377 2026] [ssl:debug] [pid 2282219:tid 2282219] ssl_engine_kernel.c(254): [client 216.73.216.242:57259] AH02034: Subsequent (No.11) HTTPS request received for child 11 (server 2blog.ilc.edu.tw:443)
[Wed Aug 26 03:24:55.588631 2026] [authz_core:debug] [pid 2282219:tid 2282219] mod_authz_core.c(815): [client 216.73.216.242:57259] AH01626: authorization result of Require all granted: granted
[Wed Aug 26 03:24:55.588642 2026] [authz_core:debug] [pid 2282219:tid 2282219] mod_authz_core.c(815): [client 216.73.216.242:57259] AH01626: authorization result of : granted
[Wed Aug 26 03:24:55.588866 2026] [authz_core:debug] [pid 2282219:tid 2282219] mod_authz_core.c(815): [client 216.73.216.242:57259] AH01626: authorization result of Require all granted: granted
[Wed Aug 26 03:24:55.588877 2026] [authz_core:debug] [pid 2282219:tid 2282219] mod_authz_core.c(815): [client 216.73.216.242:57259] AH01626: authorization result of : granted
[Wed Aug 26 03:24:55.640911 2026] [ssl:debug] [pid 2282217:tid 2282217] ssl_engine_kernel.c(254): [client 34.61.96.6:40448] AH02034: Initial (No.1) HTTPS request received for child 1 (server 2blog.ilc.edu.tw:443)
[Wed Aug 26 03:24:55.652037 2026] [authz_core:debug] [pid 2282217:tid 2282217] mod_authz_core.c(815): [client 34.61.96.6:40448] AH01626: authorization result of Require all granted: granted
[Wed Aug 26 03:24:55.652061 2026] [authz_core:debug] [pid 2282217:tid 2282217] mod_authz_core.c(815): [client 34.61.96.6:40448] AH01626: authorization result of : granted
[Wed Aug 26 03:24:55.653188 2026] [ssl:info] [pid 2281920:tid 2281920] [client 140.111.67.80:11884] AH01964: Connection to child 3 established (server 2blog.ilc.edu.tw:443)
[Wed Aug 26 03:24:55.653483 2026] [ssl:debug] [pid 2281920:tid 2281920] ssl_engine_kernel.c(2252): [client 140.111.67.80:11884] AH02645: Server name not provided via TLS extension (using default/first virtual host)
[Wed Aug 26 03:24:55.653561 2026] [core:debug] [pid 2281920:tid 2281920] protocol.c(2460): [client 140.111.67.80:11884] AH03155: select protocol from , choices=http/1.1 for server 2blog.ilc.edu.tw
[Wed Aug 26 03:24:55.653615 2026] [ssl:debug] [pid 2281920:tid 2281920] ssl_util_stapling.c(819): AH01951: stapling_cb: OCSP Stapling callback called
[Wed Aug 26 03:24:55.653622 2026] [ssl:info] [pid 2281920:tid 2281920] AH01926: stapling_get_certinfo: stapling not supported for certificate
[Wed Aug 26 03:24:55.657141 2026] [ssl:debug] [pid 2282223:tid 2282223] ssl_engine_kernel.c(254): [client 103.153.183.69:58962] AH02034: Initial (No.1) HTTPS request received for child 19 (server 2blog.ilc.edu.tw:443), referer: https://140.111.67.82/signup
[Wed Aug 26 03:24:55.657487 2026] [authz_core:debug] [pid 2282223:tid 2282223] mod_authz_core.c(815): [client 103.153.183.69:58962] AH01626: authorization result of Require all granted: granted, referer: https://140.111.67.82/signup
[Wed Aug 26 03:24:55.657500 2026] [authz_core:debug] [pid 2282223:tid 2282223] mod_authz_core.c(815): [client 103.153.183.69:58962] AH01626: authorization result of : granted, referer: https://140.111.67.82/signup
[Wed Aug 26 03:24:55.658135 2026] [authz_core:debug] [pid 2282223:tid 2282223] mod_authz_core.c(815): [client 103.153.183.69:58962] AH01626: authorization result of Require all granted: granted, referer: https://140.111.67.82/signup
[Wed Aug 26 03:24:55.658141 2026] [authz_core:debug] [pid 2282223:tid 2282223] mod_authz_core.c(815): [client 103.153.183.69:58962] AH01626: authorization result of : granted, referer: https://140.111.67.82/signup
[Wed Aug 26 03:24:55.667658 2026] [watchdog:debug] [pid 2282242:tid 2282242] mod_watchdog.c(559): AH02980: Watchdog: nothing configured?
[Wed Aug 26 03:24:55.677728 2026] [ssl:debug] [pid 2282055:tid 2282055] ssl_engine_kernel.c(254): [client 216.73.216.242:1048] AH02034: Subsequent (No.7) HTTPS request received for child 6 (server 2blog.ilc.edu.tw:443)
[Wed Aug 26 03:24:55.677973 2026] [authz_core:debug] [pid 2282055:tid 2282055] mod_authz_core.c(815): [client 216.73.216.242:1048] AH01626: authorization result of Require all granted: granted
[Wed Aug 26 03:24:55.677992 2026] [authz_core:debug] [pid 2282055:tid 2282055] mod_authz_core.c(815): [client 216.73.216.242:1048] AH01626: authorization result of : granted
[Wed Aug 26 03:24:55.678190 2026] [authz_core:debug] [pid 2282055:tid 2282055] mod_authz_core.c(815): [client 216.73.216.242:1048] AH01626: authorization result of Require all granted: granted
[Wed Aug 26 03:24:55.678197 2026] [authz_core:debug] [pid 2282055:tid 2282055] mod_authz_core.c(815): [client 216.73.216.242:1048] AH01626: authorization result of : granted
[Wed Aug 26 03:24:55.685434 2026] [deflate:debug] [pid 2282223:tid 2282223] mod_deflate.c(909): [client 103.153.183.69:58962] AH01384: Zlib: Compressed 50629 to 9472 : URL /index.php, referer: https://140.111.67.82/signup
[Wed Aug 26 03:24:55.725739 2026] [ssl:debug] [pid 2282061:tid 2282061] ssl_engine_kernel.c(254): [client 2409:8c28:5460:902::46:47032] AH02034: Subsequent (No.8) HTTPS request received for child 9 (server www.iedu.ilc.edu.tw:443), referer: https://www.iedu.ilc.edu.tw/%e6%b4%bb%e5%8b%95%e5%bd%b1%e9%9f%b3/
[Wed Aug 26 03:24:55.726022 2026] [authz_core:debug] [pid 2282061:tid 2282061] mod_authz_core.c(815): [client 2409:8c28:5460:902::46:47032] AH01626: authorization result of Require all granted: granted, referer: https://www.iedu.ilc.edu.tw/%e6%b4%bb%e5%8b%95%e5%bd%b1%e9%9f%b3/
[Wed Aug 26 03:24:55.726036 2026] [authz_core:debug] [pid 2282061:tid 2282061] mod_authz_core.c(815): [client 2409:8c28:5460:902::46:47032] AH01626: authorization result of : granted, referer: https://www.iedu.ilc.edu.tw/%e6%b4%bb%e5%8b%95%e5%bd%b1%e9%9f%b3/
[Wed Aug 26 03:24:55.726528 2026] [deflate:debug] [pid 2282061:tid 2282061] mod_deflate.c(909): [client 2409:8c28:5460:902::46:47032] AH01384: Zlib: Compressed 8989 to 2304 : URL /wp-content/themes/oceanwp/assets/js/scroll-top.min.js, referer: https://www.iedu.ilc.edu.tw/%e6%b4%bb%e5%8b%95%e5%bd%b1%e9%9f%b3/
[Wed Aug 26 03:24:55.749858 2026] [ssl:debug] [pid 2282225:tid 2282225] ssl_engine_kernel.c(254): [client 2409:8c28:5460:902::46:47026] AH02034: Subsequent (No.7) HTTPS request received for child 21 (server www.iedu.ilc.edu.tw:443), referer: https://www.iedu.ilc.edu.tw/%e6%b4%bb%e5%8b%95%e5%bd%b1%e9%9f%b3/
[Wed Aug 26 03:24:55.750082 2026] [authz_core:debug] [pid 2282225:tid 2282225] mod_authz_core.c(815): [client 2409:8c28:5460:902::46:47026] AH01626: authorization result of Require all granted: granted, referer: https://www.iedu.ilc.edu.tw/%e6%b4%bb%e5%8b%95%e5%bd%b1%e9%9f%b3/
[Wed Aug 26 03:24:55.750090 2026] [authz_core:debug] [pid 2282225:tid 2282225] mod_authz_core.c(815): [client 2409:8c28:5460:902::46:47026] AH01626: authorization result of : granted, referer: https://www.iedu.ilc.edu.tw/%e6%b4%bb%e5%8b%95%e5%bd%b1%e9%9f%b3/
[Wed Aug 26 03:24:55.750428 2026] [deflate:debug] [pid 2282225:tid 2282225] mod_deflate.c(909): [client 2409:8c28:5460:902::46:47026] AH01384: Zlib: Compressed 5181 to 1510 : URL /wp-content/themes/oceanwp/assets/js/select.min.js, referer: https://www.iedu.ilc.edu.tw/%e6%b4%bb%e5%8b%95%e5%bd%b1%e9%9f%b3/
[Wed Aug 26 03:24:55.789783 2026] [ssl:debug] [pid 2282087:tid 2282087] ssl_engine_kernel.c(254): [client 216.73.216.242:23699] AH02034: Subsequent (No.12) HTTPS request received for child 31 (server 2blog.ilc.edu.tw:443)
[Wed Aug 26 03:24:55.790037 2026] [authz_core:debug] [pid 2282087:tid 2282087] mod_authz_core.c(815): [client 216.73.216.242:23699] AH01626: authorization result of Require all granted: granted
[Wed Aug 26 03:24:55.790047 2026] [authz_core:debug] [pid 2282087:tid 2282087] mod_authz_core.c(815): [client 216.73.216.242:23699] AH01626: authorization result of : granted
[Wed Aug 26 03:24:55.790289 2026] [authz_core:debug] [pid 2282087:tid 2282087] mod_authz_core.c(815): [client 216.73.216.242:23699] AH01626: authorization result of Require all granted: granted
[Wed Aug 26 03:24:55.790301 2026] [authz_core:debug] [pid 2282087:tid 2282087] mod_authz_core.c(815): [client 216.73.216.242:23699] AH01626: authorization result of : granted
[Wed Aug 26 03:24:55.799673 2026] [deflate:debug] [pid 2282072:tid 2282072] mod_deflate.c(909): [client 216.73.216.242:6675] AH01384: Zlib: Compressed 2811 to 1271 : URL /index.php
[Wed Aug 26 03:24:55.838173 2026] [ssl:debug] [pid 2281923:tid 2281923] ssl_engine_kernel.c(254): [client 140.111.67.84:60200] AH02034: Subsequent (No.2) HTTPS request received for child 10 (server 2blog.ilc.edu.tw:443)
[Wed Aug 26 03:24:55.838393 2026] [authz_core:debug] [pid 2281923:tid 2281923] mod_authz_core.c(815): [client 140.111.67.84:60200] AH01626: authorization result of Require all granted: granted
[Wed Aug 26 03:24:55.838399 2026] [authz_core:debug] [pid 2281923:tid 2281923] mod_authz_core.c(815): [client 140.111.67.84:60200] AH01626: authorization result of : granted
[Wed Aug 26 03:24:55.838550 2026] [authz_core:debug] [pid 2281923:tid 2281923] mod_authz_core.c(815): [client 140.111.67.84:60200] AH01626: authorization result of Require all granted: granted
[Wed Aug 26 03:24:55.838555 2026] [authz_core:debug] [pid 2281923:tid 2281923] mod_authz_core.c(815): [client 140.111.67.84:60200] AH01626: authorization result of : granted
[Wed Aug 26 03:24:55.874230 2026] [ssl:debug] [pid 2281920:tid 2281920] ssl_engine_kernel.c(2082): [client 140.111.67.80:11884] AH02041: Protocol: TLSv1.3, Cipher: TLS_AES_256_GCM_SHA384 (256/256 bits)
[Wed Aug 26 03:24:55.874285 2026] [socache_shmcb:debug] [pid 2281920:tid 2281920] mod_socache_shmcb.c(508): AH00831: socache_shmcb_store (0x69 -> subcache 9)
[Wed Aug 26 03:24:55.874292 2026] [socache_shmcb:debug] [pid 2281920:tid 2281920] mod_socache_shmcb.c(860): AH00847: insert happened at idx=24, data=(5434:5466)
[Wed Aug 26 03:24:55.874294 2026] [socache_shmcb:debug] [pid 2281920:tid 2281920] mod_socache_shmcb.c(863): AH00848: finished insert, subcache: idx_pos/idx_used=57/56, data_pos/data_used=7126/12377
[Wed Aug 26 03:24:55.874296 2026] [socache_shmcb:debug] [pid 2281920:tid 2281920] mod_socache_shmcb.c(530): AH00834: leaving socache_shmcb_store successfully
[Wed Aug 26 03:24:55.874347 2026] [socache_shmcb:debug] [pid 2281920:tid 2281920] mod_socache_shmcb.c(508): AH00831: socache_shmcb_store (0x40 -> subcache 0)
[Wed Aug 26 03:24:55.874351 2026] [socache_shmcb:debug] [pid 2281920:tid 2281920] mod_socache_shmcb.c(860): AH00847: insert happened at idx=26, data=(5996:6028)
[Wed Aug 26 03:24:55.874353 2026] [socache_shmcb:debug] [pid 2281920:tid 2281920] mod_socache_shmcb.c(863): AH00848: finished insert, subcache: idx_pos/idx_used=74/41, data_pos/data_used=10998/9068
[Wed Aug 26 03:24:55.874355 2026] [socache_shmcb:debug] [pid 2281920:tid 2281920] mod_socache_shmcb.c(530): AH00834: leaving socache_shmcb_store successfully
[Wed Aug 26 03:24:55.880125 2026] [ssl:debug] [pid 2282044:tid 2282044] ssl_engine_kernel.c(254): [client 216.73.216.242:40041] AH02034: Subsequent (No.11) HTTPS request received for child 7 (server 2blog.ilc.edu.tw:443)
[Wed Aug 26 03:24:55.880370 2026] [authz_core:debug] [pid 2282044:tid 2282044] mod_authz_core.c(815): [client 216.73.216.242:40041] AH01626: authorization result of Require all granted: granted
[Wed Aug 26 03:24:55.880380 2026] [authz_core:debug] [pid 2282044:tid 2282044] mod_authz_core.c(815): [client 216.73.216.242:40041] AH01626: authorization result of : granted
[Wed Aug 26 03:24:55.880509 2026] [authz_core:debug] [pid 2282044:tid 2282044] mod_authz_core.c(815): [client 216.73.216.242:40041] AH01626: authorization result of Require all granted: granted
[Wed Aug 26 03:24:55.880513 2026] [authz_core:debug] [pid 2282044:tid 2282044] mod_authz_core.c(815): [client 216.73.216.242:40041] AH01626: authorization result of : granted
[Wed Aug 26 03:24:55.917408 2026] [ssl:debug] [pid 2282105:tid 2282105] ssl_engine_kernel.c(2082): [client 34.10.180.98:53249] AH02041: Protocol: TLSv1.3, Cipher: TLS_AES_256_GCM_SHA384 (256/256 bits)
[Wed Aug 26 03:24:55.917479 2026] [socache_shmcb:debug] [pid 2282105:tid 2282105] mod_socache_shmcb.c(508): AH00831: socache_shmcb_store (0x94 -> subcache 20)
[Wed Aug 26 03:24:55.917499 2026] [socache_shmcb:debug] [pid 2282105:tid 2282105] mod_socache_shmcb.c(860): AH00847: insert happened at idx=87, data=(262:294)
[Wed Aug 26 03:24:55.917503 2026] [socache_shmcb:debug] [pid 2282105:tid 2282105] mod_socache_shmcb.c(863): AH00848: finished insert, subcache: idx_pos/idx_used=46/42, data_pos/data_used=5051/9300
[Wed Aug 26 03:24:55.917506 2026] [socache_shmcb:debug] [pid 2282105:tid 2282105] mod_socache_shmcb.c(530): AH00834: leaving socache_shmcb_store successfully
[Wed Aug 26 03:24:55.917628 2026] [socache_shmcb:debug] [pid 2282105:tid 2282105] mod_socache_shmcb.c(508): AH00831: socache_shmcb_store (0x0d -> subcache 13)
[Wed Aug 26 03:24:55.917636 2026] [socache_shmcb:debug] [pid 2282105:tid 2282105] mod_socache_shmcb.c(860): AH00847: insert happened at idx=66, data=(9244:9276)
[Wed Aug 26 03:24:55.917639 2026] [socache_shmcb:debug] [pid 2282105:tid 2282105] mod_socache_shmcb.c(863): AH00848: finished insert, subcache: idx_pos/idx_used=22/45, data_pos/data_used=13418/9916
[Wed Aug 26 03:24:55.917642 2026] [socache_shmcb:debug] [pid 2282105:tid 2282105] mod_socache_shmcb.c(530): AH00834: leaving socache_shmcb_store successfully
[Wed Aug 26 03:24:55.943786 2026] [ssl:debug] [pid 2282105:tid 2282105] ssl_engine_kernel.c(254): [client 34.10.180.98:53249] AH02034: Initial (No.1) HTTPS request received for child 13 (server 2blog.ilc.edu.tw:443)
[Wed Aug 26 03:24:55.944022 2026] [authz_core:debug] [pid 2282105:tid 2282105] mod_authz_core.c(815): [client 34.10.180.98:53249] AH01626: authorization result of Require all granted: granted
[Wed Aug 26 03:24:55.944029 2026] [authz_core:debug] [pid 2282105:tid 2282105] mod_authz_core.c(815): [client 34.10.180.98:53249] AH01626: authorization result of : granted
[Wed Aug 26 03:24:55.944199 2026] [authz_core:debug] [pid 2282105:tid 2282105] mod_authz_core.c(815): [client 34.10.180.98:53249] AH01626: authorization result of Require all granted: granted
[Wed Aug 26 03:24:55.944206 2026] [authz_core:debug] [pid 2282105:tid 2282105] mod_authz_core.c(815): [client 34.10.180.98:53249] AH01626: authorization result of : granted
[Wed Aug 26 03:24:55.952222 2026] [ssl:debug] [pid 2282061:tid 2282061] ssl_engine_kernel.c(254): [client 2409:8c28:5460:902::46:47032] AH02034: Subsequent (No.9) HTTPS request received for child 9 (server www.iedu.ilc.edu.tw:443), referer: https://www.iedu.ilc.edu.tw/%e6%b4%bb%e5%8b%95%e5%bd%b1%e9%9f%b3/
[Wed Aug 26 03:24:55.952608 2026] [authz_core:debug] [pid 2282061:tid 2282061] mod_authz_core.c(815): [client 2409:8c28:5460:902::46:47032] AH01626: authorization result of Require all granted: granted, referer: https://www.iedu.ilc.edu.tw/%e6%b4%bb%e5%8b%95%e5%bd%b1%e9%9f%b3/
[Wed Aug 26 03:24:55.952623 2026] [authz_core:debug] [pid 2282061:tid 2282061] mod_authz_core.c(815): [client 2409:8c28:5460:902::46:47032] AH01626: authorization result of : granted, referer: https://www.iedu.ilc.edu.tw/%e6%b4%bb%e5%8b%95%e5%bd%b1%e9%9f%b3/
[Wed Aug 26 03:24:55.953019 2026] [deflate:debug] [pid 2282061:tid 2282061] mod_deflate.c(909): [client 2409:8c28:5460:902::46:47032] AH01384: Zlib: Compressed 712 to 422 : URL /wp-content/plugins/ocean-extra/includes/widgets/js/flickr.min.js, referer: https://www.iedu.ilc.edu.tw/%e6%b4%bb%e5%8b%95%e5%bd%b1%e9%9f%b3/
[Wed Aug 26 03:24:55.970640 2026] [ssl:debug] [pid 2282225:tid 2282225] ssl_engine_kernel.c(254): [client 2409:8c28:5460:902::46:47026] AH02034: Subsequent (No.8) HTTPS request received for child 21 (server www.iedu.ilc.edu.tw:443), referer: https://www.iedu.ilc.edu.tw/%e6%b4%bb%e5%8b%95%e5%bd%b1%e9%9f%b3/
[Wed Aug 26 03:24:55.970896 2026] [authz_core:debug] [pid 2282225:tid 2282225] mod_authz_core.c(815): [client 2409:8c28:5460:902::46:47026] AH01626: authorization result of Require all granted: granted, referer: https://www.iedu.ilc.edu.tw/%e6%b4%bb%e5%8b%95%e5%bd%b1%e9%9f%b3/
[Wed Aug 26 03:24:55.970904 2026] [authz_core:debug] [pid 2282225:tid 2282225] mod_authz_core.c(815): [client 2409:8c28:5460:902::46:47026] AH01626: authorization result of : granted, referer: https://www.iedu.ilc.edu.tw/%e6%b4%bb%e5%8b%95%e5%bd%b1%e9%9f%b3/
[Wed Aug 26 03:24:55.971587 2026] [deflate:debug] [pid 2282225:tid 2282225] mod_deflate.c(909): [client 2409:8c28:5460:902::46:47026] AH01384: Zlib: Compressed 5881 to 2664 : URL /wp-content/plugins/elementor-pro/assets/js/webpack-pro.runtime.min.js, referer: https://www.iedu.ilc.edu.tw/%e6%b4%bb%e5%8b%95%e5%bd%b1%e9%9f%b3/
[Wed Aug 26 03:24:55.990597 2026] [ssl:debug] [pid 2282111:tid 2282111] ssl_engine_kernel.c(254): [client 216.73.216.242:25262] AH02034: Subsequent (No.11) HTTPS request received for child 25 (server 2blog.ilc.edu.tw:443)
[Wed Aug 26 03:24:55.990881 2026] [authz_core:debug] [pid 2282111:tid 2282111] mod_authz_core.c(815): [client 216.73.216.242:25262] AH01626: authorization result of Require all granted: granted
[Wed Aug 26 03:24:55.990894 2026] [authz_core:debug] [pid 2282111:tid 2282111] mod_authz_core.c(815): [client 216.73.216.242:25262] AH01626: authorization result of : granted
[Wed Aug 26 03:24:55.991104 2026] [authz_core:debug] [pid 2282111:tid 2282111] mod_authz_core.c(815): [client 216.73.216.242:25262] AH01626: authorization result of Require all granted: granted
[Wed Aug 26 03:24:55.991151 2026] [authz_core:debug] [pid 2282111:tid 2282111] mod_authz_core.c(815): [client 216.73.216.242:25262] AH01626: authorization result of : granted
[Wed Aug 26 03:24:56.106045 2026] [ssl:debug] [pid 2282072:tid 2282072] ssl_engine_kernel.c(254): [client 216.73.216.242:6675] AH02034: Subsequent (No.10) HTTPS request received for child 14 (server 2blog.ilc.edu.tw:443)
[Wed Aug 26 03:24:56.106304 2026] [authz_core:debug] [pid 2282072:tid 2282072] mod_authz_core.c(815): [client 216.73.216.242:6675] AH01626: authorization result of Require all granted: granted
[Wed Aug 26 03:24:56.106311 2026] [authz_core:debug] [pid 2282072:tid 2282072] mod_authz_core.c(815): [client 216.73.216.242:6675] AH01626: authorization result of : granted
[Wed Aug 26 03:24:56.106472 2026] [authz_core:debug] [pid 2282072:tid 2282072] mod_authz_core.c(815): [client 216.73.216.242:6675] AH01626: authorization result of Require all granted: granted
[Wed Aug 26 03:24:56.106477 2026] [authz_core:debug] [pid 2282072:tid 2282072] mod_authz_core.c(815): [client 216.73.216.242:6675] AH01626: authorization result of : granted
[Wed Aug 26 03:24:56.173586 2026] [deflate:debug] [pid 2282087:tid 2282087] mod_deflate.c(909): [client 216.73.216.242:23699] AH01384: Zlib: Compressed 2800 to 1270 : URL /index.php
[Wed Aug 26 03:24:56.179509 2026] [ssl:debug] [pid 2282061:tid 2282061] ssl_engine_kernel.c(254): [client 2409:8c28:5460:902::46:47032] AH02034: Subsequent (No.10) HTTPS request received for child 9 (server www.iedu.ilc.edu.tw:443), referer: https://www.iedu.ilc.edu.tw/%e6%b4%bb%e5%8b%95%e5%bd%b1%e9%9f%b3/
[Wed Aug 26 03:24:56.179721 2026] [authz_core:debug] [pid 2282061:tid 2282061] mod_authz_core.c(815): [client 2409:8c28:5460:902::46:47032] AH01626: authorization result of Require all granted: granted, referer: https://www.iedu.ilc.edu.tw/%e6%b4%bb%e5%8b%95%e5%bd%b1%e9%9f%b3/
[Wed Aug 26 03:24:56.179727 2026] [authz_core:debug] [pid 2282061:tid 2282061] mod_authz_core.c(815): [client 2409:8c28:5460:902::46:47032] AH01626: authorization result of : granted, referer: https://www.iedu.ilc.edu.tw/%e6%b4%bb%e5%8b%95%e5%bd%b1%e9%9f%b3/
[Wed Aug 26 03:24:56.180000 2026] [deflate:debug] [pid 2282061:tid 2282061] mod_deflate.c(909): [client 2409:8c28:5460:902::46:47032] AH01384: Zlib: Compressed 4997 to 2197 : URL /wp-content/plugins/elementor/assets/js/webpack.runtime.min.js, referer: https://www.iedu.ilc.edu.tw/%e6%b4%bb%e5%8b%95%e5%bd%b1%e9%9f%b3/
[Wed Aug 26 03:24:56.190526 2026] [ssl:debug] [pid 2282225:tid 2282225] ssl_engine_kernel.c(254): [client 2409:8c28:5460:902::46:47026] AH02034: Subsequent (No.9) HTTPS request received for child 21 (server www.iedu.ilc.edu.tw:443), referer: https://www.iedu.ilc.edu.tw/%e6%b4%bb%e5%8b%95%e5%bd%b1%e9%9f%b3/
[Wed Aug 26 03:24:56.190863 2026] [authz_core:debug] [pid 2282225:tid 2282225] mod_authz_core.c(815): [client 2409:8c28:5460:902::46:47026] AH01626: authorization result of Require all granted: granted, referer: https://www.iedu.ilc.edu.tw/%e6%b4%bb%e5%8b%95%e5%bd%b1%e9%9f%b3/
[Wed Aug 26 03:24:56.190873 2026] [authz_core:debug] [pid 2282225:tid 2282225] mod_authz_core.c(815): [client 2409:8c28:5460:902::46:47026] AH01626: authorization result of : granted, referer: https://www.iedu.ilc.edu.tw/%e6%b4%bb%e5%8b%95%e5%bd%b1%e9%9f%b3/
[Wed Aug 26 03:24:56.193110 2026] [deflate:debug] [pid 2282225:tid 2282225] mod_deflate.c(909): [client 2409:8c28:5460:902::46:47026] AH01384: Zlib: Compressed 67411 to 18429 : URL /wp-content/plugins/elementor/assets/js/frontend-modules.min.js, referer: https://www.iedu.ilc.edu.tw/%e6%b4%bb%e5%8b%95%e5%bd%b1%e9%9f%b3/
[Wed Aug 26 03:24:56.206391 2026] [ssl:debug] [pid 2282219:tid 2282219] ssl_engine_kernel.c(254): [client 216.73.216.242:57259] AH02034: Subsequent (No.12) HTTPS request received for child 11 (server 2blog.ilc.edu.tw:443)
[Wed Aug 26 03:24:56.206636 2026] [authz_core:debug] [pid 2282219:tid 2282219] mod_authz_core.c(815): [client 216.73.216.242:57259] AH01626: authorization result of Require all granted: granted
[Wed Aug 26 03:24:56.206645 2026] [authz_core:debug] [pid 2282219:tid 2282219] mod_authz_core.c(815): [client 216.73.216.242:57259] AH01626: authorization result of : granted
[Wed Aug 26 03:24:56.206837 2026] [authz_core:debug] [pid 2282219:tid 2282219] mod_authz_core.c(815): [client 216.73.216.242:57259] AH01626: authorization result of Require all granted: granted
[Wed Aug 26 03:24:56.206847 2026] [authz_core:debug] [pid 2282219:tid 2282219] mod_authz_core.c(815): [client 216.73.216.242:57259] AH01626: authorization result of : granted
[Wed Aug 26 03:24:56.255437 2026] [deflate:debug] [pid 2282044:tid 2282044] mod_deflate.c(909): [client 216.73.216.242:40041] AH01384: Zlib: Compressed 2800 to 1269 : URL /index.php
[Wed Aug 26 03:24:56.282251 2026] [ssl:info] [pid 2282233:tid 2282233] [client 2a03:2880:24ff:9:::56204] AH01964: Connection to child 30 established (server 2blog.ilc.edu.tw:443)
[Wed Aug 26 03:24:56.282409 2026] [ssl:debug] [pid 2282233:tid 2282233] ssl_engine_kernel.c(2222): [client 2a03:2880:24ff:9:::56204] AH02043: SSL virtual host for servername 2blog.ilc.edu.tw found
[Wed Aug 26 03:24:56.282513 2026] [core:debug] [pid 2282233:tid 2282233] protocol.c(2460): [client 2a03:2880:24ff:9:::56204] AH03155: select protocol from , choices=h2,http/1.1 for server 2blog.ilc.edu.tw
[Wed Aug 26 03:24:56.295434 2026] [ssl:debug] [pid 2282055:tid 2282055] ssl_engine_kernel.c(254): [client 216.73.216.242:1048] AH02034: Subsequent (No.8) HTTPS request received for child 6 (server 2blog.ilc.edu.tw:443)
[Wed Aug 26 03:24:56.295668 2026] [authz_core:debug] [pid 2282055:tid 2282055] mod_authz_core.c(815): [client 216.73.216.242:1048] AH01626: authorization result of Require all granted: granted
[Wed Aug 26 03:24:56.295677 2026] [authz_core:debug] [pid 2282055:tid 2282055] mod_authz_core.c(815): [client 216.73.216.242:1048] AH01626: authorization result of : granted
[Wed Aug 26 03:24:56.295807 2026] [authz_core:debug] [pid 2282055:tid 2282055] mod_authz_core.c(815): [client 216.73.216.242:1048] AH01626: authorization result of Require all granted: granted
[Wed Aug 26 03:24:56.295812 2026] [authz_core:debug] [pid 2282055:tid 2282055] mod_authz_core.c(815): [client 216.73.216.242:1048] AH01626: authorization result of : granted
[Wed Aug 26 03:24:56.295958 2026] [ssl:debug] [pid 2281923:tid 2281923] ssl_engine_kernel.c(254): [client 140.111.67.84:60200] AH02034: Subsequent (No.3) HTTPS request received for child 10 (server 2blog.ilc.edu.tw:443)
[Wed Aug 26 03:24:56.296162 2026] [authz_core:debug] [pid 2281923:tid 2281923] mod_authz_core.c(815): [client 140.111.67.84:60200] AH01626: authorization result of Require all granted: granted
[Wed Aug 26 03:24:56.296171 2026] [authz_core:debug] [pid 2281923:tid 2281923] mod_authz_core.c(815): [client 140.111.67.84:60200] AH01626: authorization result of : granted
[Wed Aug 26 03:24:56.296321 2026] [authz_core:debug] [pid 2281923:tid 2281923] mod_authz_core.c(815): [client 140.111.67.84:60200] AH01626: authorization result of Require all granted: granted
[Wed Aug 26 03:24:56.296328 2026] [authz_core:debug] [pid 2281923:tid 2281923] mod_authz_core.c(815): [client 140.111.67.84:60200] AH01626: authorization result of : granted
[Wed Aug 26 03:24:56.329403 2026] [deflate:debug] [pid 2282055:tid 2282055] mod_deflate.c(909): [client 216.73.216.242:1048] AH01384: Zlib: Compressed 81637 to 24468 : URL /index.php
[Wed Aug 26 03:24:56.363067 2026] [deflate:debug] [pid 2282111:tid 2282111] mod_deflate.c(909): [client 216.73.216.242:25262] AH01384: Zlib: Compressed 2811 to 1272 : URL /index.php
[Wed Aug 26 03:24:56.404648 2026] [ssl:debug] [pid 2282061:tid 2282061] ssl_engine_kernel.c(254): [client 2409:8c28:5460:902::46:47032] AH02034: Subsequent (No.11) HTTPS request received for child 9 (server www.iedu.ilc.edu.tw:443), referer: https://www.iedu.ilc.edu.tw/%e6%b4%bb%e5%8b%95%e5%bd%b1%e9%9f%b3/
[Wed Aug 26 03:24:56.404877 2026] [authz_core:debug] [pid 2282061:tid 2282061] mod_authz_core.c(815): [client 2409:8c28:5460:902::46:47032] AH01626: authorization result of Require all granted: granted, referer: https://www.iedu.ilc.edu.tw/%e6%b4%bb%e5%8b%95%e5%bd%b1%e9%9f%b3/
[Wed Aug 26 03:24:56.404887 2026] [authz_core:debug] [pid 2282061:tid 2282061] mod_authz_core.c(815): [client 2409:8c28:5460:902::46:47032] AH01626: authorization result of : granted, referer: https://www.iedu.ilc.edu.tw/%e6%b4%bb%e5%8b%95%e5%bd%b1%e9%9f%b3/
[Wed Aug 26 03:24:56.405237 2026] [deflate:debug] [pid 2282061:tid 2282061] mod_deflate.c(909): [client 2409:8c28:5460:902::46:47032] AH01384: Zlib: Compressed 4307 to 1523 : URL /wp-includes/js/dist/hooks.min.js, referer: https://www.iedu.ilc.edu.tw/%e6%b4%bb%e5%8b%95%e5%bd%b1%e9%9f%b3/
[Wed Aug 26 03:24:56.412329 2026] [ssl:debug] [pid 2282225:tid 2282225] ssl_engine_kernel.c(254): [client 2409:8c28:5460:902::46:47026] AH02034: Subsequent (No.10) HTTPS request received for child 21 (server www.iedu.ilc.edu.tw:443), referer: https://www.iedu.ilc.edu.tw/%e6%b4%bb%e5%8b%95%e5%bd%b1%e9%9f%b3/
[Wed Aug 26 03:24:56.412622 2026] [authz_core:debug] [pid 2282225:tid 2282225] mod_authz_core.c(815): [client 2409:8c28:5460:902::46:47026] AH01626: authorization result of Require all granted: granted, referer: https://www.iedu.ilc.edu.tw/%e6%b4%bb%e5%8b%95%e5%bd%b1%e9%9f%b3/
[Wed Aug 26 03:24:56.412635 2026] [authz_core:debug] [pid 2282225:tid 2282225] mod_authz_core.c(815): [client 2409:8c28:5460:902::46:47026] AH01626: authorization result of : granted, referer: https://www.iedu.ilc.edu.tw/%e6%b4%bb%e5%8b%95%e5%bd%b1%e9%9f%b3/
[Wed Aug 26 03:24:56.413135 2026] [deflate:debug] [pid 2282225:tid 2282225] mod_deflate.c(909): [client 2409:8c28:5460:902::46:47026] AH01384: Zlib: Compressed 9141 to 3649 : URL /wp-includes/js/dist/i18n.min.js, referer: https://www.iedu.ilc.edu.tw/%e6%b4%bb%e5%8b%95%e5%bd%b1%e9%9f%b3/
[Wed Aug 26 03:24:56.434102 2026] [ssl:debug] [pid 2282087:tid 2282087] ssl_engine_kernel.c(254): [client 216.73.216.242:23699] AH02034: Subsequent (No.13) HTTPS request received for child 31 (server 2blog.ilc.edu.tw:443)
[Wed Aug 26 03:24:56.434337 2026] [authz_core:debug] [pid 2282087:tid 2282087] mod_authz_core.c(815): [client 216.73.216.242:23699] AH01626: authorization result of Require all granted: granted
[Wed Aug 26 03:24:56.434346 2026] [authz_core:debug] [pid 2282087:tid 2282087] mod_authz_core.c(815): [client 216.73.216.242:23699] AH01626: authorization result of : granted
[Wed Aug 26 03:24:56.434544 2026] [authz_core:debug] [pid 2282087:tid 2282087] mod_authz_core.c(815): [client 216.73.216.242:23699] AH01626: authorization result of Require all granted: granted
[Wed Aug 26 03:24:56.434555 2026] [authz_core:debug] [pid 2282087:tid 2282087] mod_authz_core.c(815): [client 216.73.216.242:23699] AH01626: authorization result of : granted
[Wed Aug 26 03:24:56.474808 2026] [ssl:debug] [pid 2282233:tid 2282233] ssl_engine_kernel.c(2082): [client 2a03:2880:24ff:9:::56204] AH02041: Protocol: TLSv1.3, Cipher: TLS_AES_256_GCM_SHA384 (256/256 bits)
[Wed Aug 26 03:24:56.474887 2026] [socache_shmcb:debug] [pid 2282233:tid 2282233] mod_socache_shmcb.c(508): AH00831: socache_shmcb_store (0x23 -> subcache 3)
[Wed Aug 26 03:24:56.474896 2026] [socache_shmcb:debug] [pid 2282233:tid 2282233] mod_socache_shmcb.c(798): AH00845: about to force-expire, subcache: idx_used=62, data_used=13701
[Wed Aug 26 03:24:56.474899 2026] [socache_shmcb:debug] [pid 2282233:tid 2282233] mod_socache_shmcb.c(824): AH00846: finished force-expire, subcache: idx_used=61, data_used=13475
[Wed Aug 26 03:24:56.474902 2026] [socache_shmcb:debug] [pid 2282233:tid 2282233] mod_socache_shmcb.c(860): AH00847: insert happened at idx=68, data=(9631:9663)
[Wed Aug 26 03:24:56.474905 2026] [socache_shmcb:debug] [pid 2282233:tid 2282233] mod_socache_shmcb.c(863): AH00848: finished insert, subcache: idx_pos/idx_used=7/62, data_pos/data_used=10020/13701
[Wed Aug 26 03:24:56.474908 2026] [socache_shmcb:debug] [pid 2282233:tid 2282233] mod_socache_shmcb.c(530): AH00834: leaving socache_shmcb_store successfully
[Wed Aug 26 03:24:56.474975 2026] [socache_shmcb:debug] [pid 2282233:tid 2282233] mod_socache_shmcb.c(508): AH00831: socache_shmcb_store (0xd4 -> subcache 20)
[Wed Aug 26 03:24:56.474992 2026] [socache_shmcb:debug] [pid 2282233:tid 2282233] mod_socache_shmcb.c(860): AH00847: insert happened at idx=0, data=(487:519)
[Wed Aug 26 03:24:56.474996 2026] [socache_shmcb:debug] [pid 2282233:tid 2282233] mod_socache_shmcb.c(863): AH00848: finished insert, subcache: idx_pos/idx_used=46/43, data_pos/data_used=5051/9525
[Wed Aug 26 03:24:56.474999 2026] [socache_shmcb:debug] [pid 2282233:tid 2282233] mod_socache_shmcb.c(530): AH00834: leaving socache_shmcb_store successfully
[Wed Aug 26 03:24:56.475144 2026] [ssl:debug] [pid 2282233:tid 2282233] ssl_engine_kernel.c(254): [client 2a03:2880:24ff:9:::56204] AH02034: Initial (No.1) HTTPS request received for child 30 (server 2blog.ilc.edu.tw:443)
[Wed Aug 26 03:24:56.475356 2026] [authz_core:debug] [pid 2282233:tid 2282233] mod_authz_core.c(815): [client 2a03:2880:24ff:9:::56204] AH01626: authorization result of Require all granted: granted
[Wed Aug 26 03:24:56.475363 2026] [authz_core:debug] [pid 2282233:tid 2282233] mod_authz_core.c(815): [client 2a03:2880:24ff:9:::56204] AH01626: authorization result of : granted
[Wed Aug 26 03:24:56.475557 2026] [authz_core:debug] [pid 2282233:tid 2282233] mod_authz_core.c(815): [client 2a03:2880:24ff:9:::56204] AH01626: authorization result of Require all granted: granted
[Wed Aug 26 03:24:56.475564 2026] [authz_core:debug] [pid 2282233:tid 2282233] mod_authz_core.c(815): [client 2a03:2880:24ff:9:::56204] AH01626: authorization result of : granted
[Wed Aug 26 03:24:56.477360 2026] [deflate:debug] [pid 2282072:tid 2282072] mod_deflate.c(909): [client 216.73.216.242:6675] AH01384: Zlib: Compressed 2809 to 1275 : URL /index.php
[Wed Aug 26 03:24:56.521288 2026] [ssl:debug] [pid 2282044:tid 2282044] ssl_engine_kernel.c(254): [client 216.73.216.242:40041] AH02034: Subsequent (No.12) HTTPS request received for child 7 (server 2blog.ilc.edu.tw:443)
[Wed Aug 26 03:24:56.521515 2026] [authz_core:debug] [pid 2282044:tid 2282044] mod_authz_core.c(815): [client 216.73.216.242:40041] AH01626: authorization result of Require all granted: granted
[Wed Aug 26 03:24:56.521523 2026] [authz_core:debug] [pid 2282044:tid 2282044] mod_authz_core.c(815): [client 216.73.216.242:40041] AH01626: authorization result of : granted
[Wed Aug 26 03:24:56.521664 2026] [authz_core:debug] [pid 2282044:tid 2282044] mod_authz_core.c(815): [client 216.73.216.242:40041] AH01626: authorization result of Require all granted: granted
[Wed Aug 26 03:24:56.521670 2026] [authz_core:debug] [pid 2282044:tid 2282044] mod_authz_core.c(815): [client 216.73.216.242:40041] AH01626: authorization result of : granted
[Wed Aug 26 03:24:56.579794 2026] [deflate:debug] [pid 2282219:tid 2282219] mod_deflate.c(909): [client 216.73.216.242:57259] AH01384: Zlib: Compressed 2819 to 1285 : URL /index.php
[Wed Aug 26 03:24:56.622393 2026] [ssl:debug] [pid 2282111:tid 2282111] ssl_engine_kernel.c(254): [client 216.73.216.242:25262] AH02034: Subsequent (No.12) HTTPS request received for child 25 (server 2blog.ilc.edu.tw:443)
[Wed Aug 26 03:24:56.622654 2026] [authz_core:debug] [pid 2282111:tid 2282111] mod_authz_core.c(815): [client 216.73.216.242:25262] AH01626: authorization result of Require all granted: granted
[Wed Aug 26 03:24:56.622662 2026] [authz_core:debug] [pid 2282111:tid 2282111] mod_authz_core.c(815): [client 216.73.216.242:25262] AH01626: authorization result of : granted
[Wed Aug 26 03:24:56.622829 2026] [authz_core:debug] [pid 2282111:tid 2282111] mod_authz_core.c(815): [client 216.73.216.242:25262] AH01626: authorization result of Require all granted: granted
[Wed Aug 26 03:24:56.622834 2026] [authz_core:debug] [pid 2282111:tid 2282111] mod_authz_core.c(815): [client 216.73.216.242:25262] AH01626: authorization result of : granted
[Wed Aug 26 03:24:56.626364 2026] [ssl:debug] [pid 2282225:tid 2282225] ssl_engine_kernel.c(254): [client 2409:8c28:5460:902::46:47026] AH02034: Subsequent (No.11) HTTPS request received for child 21 (server www.iedu.ilc.edu.tw:443), referer: https://www.iedu.ilc.edu.tw/%e6%b4%bb%e5%8b%95%e5%bd%b1%e9%9f%b3/
[Wed Aug 26 03:24:56.626872 2026] [authz_core:debug] [pid 2282225:tid 2282225] mod_authz_core.c(815): [client 2409:8c28:5460:902::46:47026] AH01626: authorization result of Require all granted: granted, referer: https://www.iedu.ilc.edu.tw/%e6%b4%bb%e5%8b%95%e5%bd%b1%e9%9f%b3/
[Wed Aug 26 03:24:56.626885 2026] [authz_core:debug] [pid 2282225:tid 2282225] mod_authz_core.c(815): [client 2409:8c28:5460:902::46:47026] AH01626: authorization result of : granted, referer: https://www.iedu.ilc.edu.tw/%e6%b4%bb%e5%8b%95%e5%bd%b1%e9%9f%b3/
[Wed Aug 26 03:24:56.628252 2026] [deflate:debug] [pid 2282225:tid 2282225] mod_deflate.c(909): [client 2409:8c28:5460:902::46:47026] AH01384: Zlib: Compressed 25050 to 6676 : URL /wp-content/plugins/elementor-pro/assets/js/frontend.min.js, referer: https://www.iedu.ilc.edu.tw/%e6%b4%bb%e5%8b%95%e5%bd%b1%e9%9f%b3/
[Wed Aug 26 03:24:56.637246 2026] [ssl:debug] [pid 2282061:tid 2282061] ssl_engine_kernel.c(254): [client 2409:8c28:5460:902::46:47032] AH02034: Subsequent (No.12) HTTPS request received for child 9 (server www.iedu.ilc.edu.tw:443), referer: https://www.iedu.ilc.edu.tw/%e6%b4%bb%e5%8b%95%e5%bd%b1%e9%9f%b3/
[Wed Aug 26 03:24:56.637495 2026] [authz_core:debug] [pid 2282061:tid 2282061] mod_authz_core.c(815): [client 2409:8c28:5460:902::46:47032] AH01626: authorization result of Require all granted: granted, referer: https://www.iedu.ilc.edu.tw/%e6%b4%bb%e5%8b%95%e5%bd%b1%e9%9f%b3/
[Wed Aug 26 03:24:56.637503 2026] [authz_core:debug] [pid 2282061:tid 2282061] mod_authz_core.c(815): [client 2409:8c28:5460:902::46:47032] AH01626: authorization result of : granted, referer: https://www.iedu.ilc.edu.tw/%e6%b4%bb%e5%8b%95%e5%bd%b1%e9%9f%b3/
[Wed Aug 26 03:24:56.637929 2026] [deflate:debug] [pid 2282061:tid 2282061] mod_deflate.c(909): [client 2409:8c28:5460:902::46:47032] AH01384: Zlib: Compressed 12198 to 2975 : URL /wp-content/plugins/elementor/assets/lib/waypoints/waypoints.min.js, referer: https://www.iedu.ilc.edu.tw/%e6%b4%bb%e5%8b%95%e5%bd%b1%e9%9f%b3/
[Wed Aug 26 03:24:56.672599 2026] [watchdog:debug] [pid 2282243:tid 2282243] mod_watchdog.c(559): AH02980: Watchdog: nothing configured?
[Wed Aug 26 03:24:56.674986 2026] [watchdog:debug] [pid 2282244:tid 2282244] mod_watchdog.c(559): AH02980: Watchdog: nothing configured?
[Wed Aug 26 03:24:56.784494 2026] [deflate:debug] [pid 2282233:tid 2282233] mod_deflate.c(909): [client 2a03:2880:24ff:9:::56204] AH01384: Zlib: Compressed 52892 to 14035 : URL /index.php
[Wed Aug 26 03:24:56.814548 2026] [deflate:debug] [pid 2282087:tid 2282087] mod_deflate.c(909): [client 216.73.216.242:23699] AH01384: Zlib: Compressed 2814 to 1271 : URL /index.php
[Wed Aug 26 03:24:56.846249 2026] [ssl:debug] [pid 2282225:tid 2282225] ssl_engine_kernel.c(254): [client 2409:8c28:5460:902::46:47026] AH02034: Subsequent (No.12) HTTPS request received for child 21 (server www.iedu.ilc.edu.tw:443), referer: https://www.iedu.ilc.edu.tw/%e6%b4%bb%e5%8b%95%e5%bd%b1%e9%9f%b3/
[Wed Aug 26 03:24:56.846523 2026] [authz_core:debug] [pid 2282225:tid 2282225] mod_authz_core.c(815): [client 2409:8c28:5460:902::46:47026] AH01626: authorization result of Require all granted: granted, referer: https://www.iedu.ilc.edu.tw/%e6%b4%bb%e5%8b%95%e5%bd%b1%e9%9f%b3/
[Wed Aug 26 03:24:56.846535 2026] [authz_core:debug] [pid 2282225:tid 2282225] mod_authz_core.c(815): [client 2409:8c28:5460:902::46:47026] AH01626: authorization result of : granted, referer: https://www.iedu.ilc.edu.tw/%e6%b4%bb%e5%8b%95%e5%bd%b1%e9%9f%b3/
[Wed Aug 26 03:24:56.847369 2026] [deflate:debug] [pid 2282225:tid 2282225] mod_deflate.c(909): [client 2409:8c28:5460:902::46:47026] AH01384: Zlib: Compressed 21464 to 7088 : URL /wp-includes/js/jquery/ui/core.min.js, referer: https://www.iedu.ilc.edu.tw/%e6%b4%bb%e5%8b%95%e5%bd%b1%e9%9f%b3/
[Wed Aug 26 03:24:56.862324 2026] [ssl:debug] [pid 2282061:tid 2282061] ssl_engine_kernel.c(254): [client 2409:8c28:5460:902::46:47032] AH02034: Subsequent (No.13) HTTPS request received for child 9 (server www.iedu.ilc.edu.tw:443), referer: https://www.iedu.ilc.edu.tw/%e6%b4%bb%e5%8b%95%e5%bd%b1%e9%9f%b3/
[Wed Aug 26 03:24:56.862604 2026] [authz_core:debug] [pid 2282061:tid 2282061] mod_authz_core.c(815): [client 2409:8c28:5460:902::46:47032] AH01626: authorization result of Require all granted: granted, referer: https://www.iedu.ilc.edu.tw/%e6%b4%bb%e5%8b%95%e5%bd%b1%e9%9f%b3/
[Wed Aug 26 03:24:56.862613 2026] [authz_core:debug] [pid 2282061:tid 2282061] mod_authz_core.c(815): [client 2409:8c28:5460:902::46:47032] AH01626: authorization result of : granted, referer: https://www.iedu.ilc.edu.tw/%e6%b4%bb%e5%8b%95%e5%bd%b1%e9%9f%b3/
[Wed Aug 26 03:24:56.863978 2026] [deflate:debug] [pid 2282061:tid 2282061] mod_deflate.c(909): [client 2409:8c28:5460:902::46:47032] AH01384: Zlib: Compressed 40254 to 12204 : URL /wp-content/plugins/elementor/assets/js/frontend.min.js, referer: https://www.iedu.ilc.edu.tw/%e6%b4%bb%e5%8b%95%e5%bd%b1%e9%9f%b3/
[Wed Aug 26 03:24:56.888918 2026] [deflate:debug] [pid 2282044:tid 2282044] mod_deflate.c(909): [client 216.73.216.242:40041] AH01384: Zlib: Compressed 2814 to 1268 : URL /index.php
[Wed Aug 26 03:24:56.982575 2026] [ssl:debug] [pid 2282232:tid 2282232] ssl_engine_kernel.c(254): [client 66.249.71.9:43053] AH02034: Subsequent (No.2) HTTPS request received for child 29 (server www.jwes.ilc.edu.tw:443)
[Wed Aug 26 03:24:56.982842 2026] [authz_core:debug] [pid 2282232:tid 2282232] mod_authz_core.c(815): [client 66.249.71.9:43053] AH01626: authorization result of Require all granted: granted
[Wed Aug 26 03:24:56.982850 2026] [authz_core:debug] [pid 2282232:tid 2282232] mod_authz_core.c(815): [client 66.249.71.9:43053] AH01626: authorization result of : granted
[Wed Aug 26 03:24:57.065091 2026] [ssl:debug] [pid 2282225:tid 2282225] ssl_engine_kernel.c(254): [client 2409:8c28:5460:902::46:47026] AH02034: Subsequent (No.13) HTTPS request received for child 21 (server www.iedu.ilc.edu.tw:443), referer: https://www.iedu.ilc.edu.tw/%e6%b4%bb%e5%8b%95%e5%bd%b1%e9%9f%b3/
[Wed Aug 26 03:24:57.065417 2026] [authz_core:debug] [pid 2282225:tid 2282225] mod_authz_core.c(815): [client 2409:8c28:5460:902::46:47026] AH01626: authorization result of Require all granted: granted, referer: https://www.iedu.ilc.edu.tw/%e6%b4%bb%e5%8b%95%e5%bd%b1%e9%9f%b3/
[Wed Aug 26 03:24:57.065429 2026] [authz_core:debug] [pid 2282225:tid 2282225] mod_authz_core.c(815): [client 2409:8c28:5460:902::46:47026] AH01626: authorization result of : granted, referer: https://www.iedu.ilc.edu.tw/%e6%b4%bb%e5%8b%95%e5%bd%b1%e9%9f%b3/
[Wed Aug 26 03:24:57.067037 2026] [deflate:debug] [pid 2282225:tid 2282225] mod_deflate.c(909): [client 2409:8c28:5460:902::46:47026] AH01384: Zlib: Compressed 41573 to 9918 : URL /wp-content/plugins/elementor-pro/assets/js/elements-handlers.min.js, referer: https://www.iedu.ilc.edu.tw/%e6%b4%bb%e5%8b%95%e5%bd%b1%e9%9f%b3/
[Wed Aug 26 03:24:57.164848 2026] [ssl:debug] [pid 2282233:tid 2282233] ssl_engine_io.c(1150): [client 2a03:2880:24ff:9:::56204] AH02001: Connection closed to child 30 with standard shutdown (server 2blog.ilc.edu.tw:443)
[Wed Aug 26 03:24:57.248113 2026] [ssl:info] [pid 2282242:tid 2282242] [client 34.123.149.87:46081] AH01964: Connection to child 5 established (server 2blog.ilc.edu.tw:443)
[Wed Aug 26 03:24:57.248543 2026] [ssl:debug] [pid 2282242:tid 2282242] ssl_engine_kernel.c(2222): [client 34.123.149.87:46081] AH02043: SSL virtual host for servername 2blog.ilc.edu.tw found
[Wed Aug 26 03:24:57.248675 2026] [core:debug] [pid 2282242:tid 2282242] protocol.c(2460): [client 34.123.149.87:46081] AH03155: select protocol from , choices=http/1.1 for server 2blog.ilc.edu.tw
[Wed Aug 26 03:24:57.465318 2026] [ssl:debug] [pid 2282242:tid 2282242] ssl_engine_kernel.c(2082): [client 34.123.149.87:46081] AH02041: Protocol: TLSv1.3, Cipher: TLS_AES_256_GCM_SHA384 (256/256 bits)
[Wed Aug 26 03:24:57.465421 2026] [socache_shmcb:debug] [pid 2282242:tid 2282242] mod_socache_shmcb.c(508): AH00831: socache_shmcb_store (0x92 -> subcache 18)
[Wed Aug 26 03:24:57.465439 2026] [socache_shmcb:debug] [pid 2282242:tid 2282242] mod_socache_shmcb.c(745): AH00842: expiring 1 and reclaiming 0 removed socache entries
[Wed Aug 26 03:24:57.465443 2026] [socache_shmcb:debug] [pid 2282242:tid 2282242] mod_socache_shmcb.c(765): AH00843: we now have 41 socache entries
[Wed Aug 26 03:24:57.465447 2026] [socache_shmcb:debug] [pid 2282242:tid 2282242] mod_socache_shmcb.c(860): AH00847: insert happened at idx=60, data=(7650:7682)
[Wed Aug 26 03:24:57.465450 2026] [socache_shmcb:debug] [pid 2282242:tid 2282242] mod_socache_shmcb.c(863): AH00848: finished insert, subcache: idx_pos/idx_used=19/42, data_pos/data_used=12388/9351
[Wed Aug 26 03:24:57.465533 2026] [socache_shmcb:debug] [pid 2282242:tid 2282242] mod_socache_shmcb.c(530): AH00834: leaving socache_shmcb_store successfully
[Wed Aug 26 03:24:57.465618 2026] [socache_shmcb:debug] [pid 2282242:tid 2282242] mod_socache_shmcb.c(508): AH00831: socache_shmcb_store (0x90 -> subcache 16)
[Wed Aug 26 03:24:57.465629 2026] [socache_shmcb:debug] [pid 2282242:tid 2282242] mod_socache_shmcb.c(860): AH00847: insert happened at idx=31, data=(1361:1393)
[Wed Aug 26 03:24:57.465631 2026] [socache_shmcb:debug] [pid 2282242:tid 2282242] mod_socache_shmcb.c(863): AH00848: finished insert, subcache: idx_pos/idx_used=80/40, data_pos/data_used=6555/8895
[Wed Aug 26 03:24:57.465633 2026] [socache_shmcb:debug] [pid 2282242:tid 2282242] mod_socache_shmcb.c(530): AH00834: leaving socache_shmcb_store successfully
[Wed Aug 26 03:24:57.525160 2026] [ssl:debug] [pid 2282242:tid 2282242] ssl_engine_kernel.c(254): [client 34.123.149.87:46081] AH02034: Initial (No.1) HTTPS request received for child 5 (server 2blog.ilc.edu.tw:443)
[Wed Aug 26 03:24:57.525490 2026] [authz_core:debug] [pid 2282242:tid 2282242] mod_authz_core.c(815): [client 34.123.149.87:46081] AH01626: authorization result of Require all granted: granted
[Wed Aug 26 03:24:57.525501 2026] [authz_core:debug] [pid 2282242:tid 2282242] mod_authz_core.c(815): [client 34.123.149.87:46081] AH01626: authorization result of : granted
[Wed Aug 26 03:24:57.526146 2026] [authz_core:debug] [pid 2282242:tid 2282242] mod_authz_core.c(815): [client 34.123.149.87:46081] AH01626: authorization result of Require all granted: granted
[Wed Aug 26 03:24:57.526156 2026] [authz_core:debug] [pid 2282242:tid 2282242] mod_authz_core.c(815): [client 34.123.149.87:46081] AH01626: authorization result of : granted
[Wed Aug 26 03:24:57.570874 2026] [ssl:info] [pid 2282224:tid 2282224] (70014)End of file found: [client 66.249.79.138:35276] AH01992: SSL library error 6 reading data
[Wed Aug 26 03:24:57.570993 2026] [ssl:debug] [pid 2282224:tid 2282224] ssl_engine_io.c(1150): [client 66.249.79.138:35276] AH02001: Connection closed to child 20 with standard shutdown (server www.jwes.ilc.edu.tw:443)
[Wed Aug 26 03:24:57.594586 2026] [ssl:info] [pid 2282209:tid 2282209] [client 2a03:2880:10ff:24:::42484] AH01964: Connection to child 8 established (server 2blog.ilc.edu.tw:443)
[Wed Aug 26 03:24:57.594990 2026] [ssl:debug] [pid 2282209:tid 2282209] ssl_engine_kernel.c(2222): [client 2a03:2880:10ff:24:::42484] AH02043: SSL virtual host for servername 2blog.ilc.edu.tw found
[Wed Aug 26 03:24:57.595068 2026] [core:debug] [pid 2282209:tid 2282209] protocol.c(2460): [client 2a03:2880:10ff:24:::42484] AH03155: select protocol from , choices=h2,http/1.1 for server 2blog.ilc.edu.tw
