[Wed Aug 26 03:24:49.501168 2026] [authz_core:debug] [pid 2282044:tid 2282044] mod_authz_core.c(815): [client 216.73.216.242:40041] AH01626: authorization result of : granted
[Wed Aug 26 03:24:49.501332 2026] [authz_core:debug] [pid 2282044:tid 2282044] mod_authz_core.c(815): [client 216.73.216.242:40041] AH01626: authorization result of Require all granted: granted
[Wed Aug 26 03:24:49.501337 2026] [authz_core:debug] [pid 2282044:tid 2282044] mod_authz_core.c(815): [client 216.73.216.242:40041] AH01626: authorization result of : granted
[Wed Aug 26 03:24:49.532877 2026] [deflate:debug] [pid 2282076:tid 2282076] mod_deflate.c(909): [client 216.73.216.242:48594] AH01384: Zlib: Compressed 85783 to 25036 : URL /index.php
[Wed Aug 26 03:24:49.559622 2026] [deflate:debug] [pid 2282219:tid 2282219] mod_deflate.c(909): [client 216.73.216.242:57259] AH01384: Zlib: Compressed 86307 to 24972 : URL /index.php
[Wed Aug 26 03:24:49.603254 2026] [ssl:debug] [pid 2282111:tid 2282111] ssl_engine_kernel.c(254): [client 216.73.216.242:25262] AH02034: Subsequent (No.3) HTTPS request received for child 25 (server 2blog.ilc.edu.tw:443)
[Wed Aug 26 03:24:49.603472 2026] [authz_core:debug] [pid 2282111:tid 2282111] mod_authz_core.c(815): [client 216.73.216.242:25262] AH01626: authorization result of Require all granted: granted
[Wed Aug 26 03:24:49.603480 2026] [authz_core:debug] [pid 2282111:tid 2282111] mod_authz_core.c(815): [client 216.73.216.242:25262] AH01626: authorization result of : granted
[Wed Aug 26 03:24:49.603610 2026] [authz_core:debug] [pid 2282111:tid 2282111] mod_authz_core.c(815): [client 216.73.216.242:25262] AH01626: authorization result of Require all granted: granted
[Wed Aug 26 03:24:49.603614 2026] [authz_core:debug] [pid 2282111:tid 2282111] mod_authz_core.c(815): [client 216.73.216.242:25262] AH01626: authorization result of : granted
[Wed Aug 26 03:24:49.628104 2026] [mpm_prefork:info] [pid 42267:tid 42267] AH00162: server seems busy, (you may need to increase StartServers, or Min/MaxSpareServers), spawning 8 children, there are 4 idle, and 25 total children
[Wed Aug 26 03:24:49.633650 2026] [watchdog:debug] [pid 2282227:tid 2282227] mod_watchdog.c(559): AH02980: Watchdog: nothing configured?
[Wed Aug 26 03:24:49.636289 2026] [watchdog:debug] [pid 2282228:tid 2282228] mod_watchdog.c(559): AH02980: Watchdog: nothing configured?
[Wed Aug 26 03:24:49.640583 2026] [watchdog:debug] [pid 2282229:tid 2282229] mod_watchdog.c(559): AH02980: Watchdog: nothing configured?
[Wed Aug 26 03:24:49.643609 2026] [watchdog:debug] [pid 2282230:tid 2282230] mod_watchdog.c(559): AH02980: Watchdog: nothing configured?
[Wed Aug 26 03:24:49.645986 2026] [watchdog:debug] [pid 2282231:tid 2282231] mod_watchdog.c(559): AH02980: Watchdog: nothing configured?
[Wed Aug 26 03:24:49.649015 2026] [watchdog:debug] [pid 2282232:tid 2282232] mod_watchdog.c(559): AH02980: Watchdog: nothing configured?
[Wed Aug 26 03:24:49.653087 2026] [watchdog:debug] [pid 2282233:tid 2282233] mod_watchdog.c(559): AH02980: Watchdog: nothing configured?
[Wed Aug 26 03:24:49.655516 2026] [watchdog:debug] [pid 2282234:tid 2282234] mod_watchdog.c(559): AH02980: Watchdog: nothing configured?
[Wed Aug 26 03:24:49.702696 2026] [ssl:debug] [pid 2282055:tid 2282055] ssl_engine_kernel.c(254): [client 216.73.216.242:1048] AH02034: Subsequent (No.2) HTTPS request received for child 6 (server 2blog.ilc.edu.tw:443)
[Wed Aug 26 03:24:49.702948 2026] [authz_core:debug] [pid 2282055:tid 2282055] mod_authz_core.c(815): [client 216.73.216.242:1048] AH01626: authorization result of Require all granted: granted
[Wed Aug 26 03:24:49.702955 2026] [authz_core:debug] [pid 2282055:tid 2282055] mod_authz_core.c(815): [client 216.73.216.242:1048] AH01626: authorization result of : granted
[Wed Aug 26 03:24:49.703114 2026] [authz_core:debug] [pid 2282055:tid 2282055] mod_authz_core.c(815): [client 216.73.216.242:1048] AH01626: authorization result of Require all granted: granted
[Wed Aug 26 03:24:49.703120 2026] [authz_core:debug] [pid 2282055:tid 2282055] mod_authz_core.c(815): [client 216.73.216.242:1048] AH01626: authorization result of : granted
[Wed Aug 26 03:24:49.721545 2026] [deflate:debug] [pid 2282055:tid 2282055] mod_deflate.c(909): [client 216.73.216.242:1048] AH01384: Zlib: Compressed 91464 to 26797 : URL /index.php
[Wed Aug 26 03:24:49.821433 2026] [ssl:debug] [pid 2282219:tid 2282219] ssl_engine_kernel.c(254): [client 216.73.216.242:57259] AH02034: Subsequent (No.4) HTTPS request received for child 11 (server 2blog.ilc.edu.tw:443)
[Wed Aug 26 03:24:49.821637 2026] [authz_core:debug] [pid 2282219:tid 2282219] mod_authz_core.c(815): [client 216.73.216.242:57259] AH01626: authorization result of Require all granted: granted
[Wed Aug 26 03:24:49.821644 2026] [authz_core:debug] [pid 2282219:tid 2282219] mod_authz_core.c(815): [client 216.73.216.242:57259] AH01626: authorization result of : granted
[Wed Aug 26 03:24:49.821775 2026] [authz_core:debug] [pid 2282219:tid 2282219] mod_authz_core.c(815): [client 216.73.216.242:57259] AH01626: authorization result of Require all granted: granted
[Wed Aug 26 03:24:49.821780 2026] [authz_core:debug] [pid 2282219:tid 2282219] mod_authz_core.c(815): [client 216.73.216.242:57259] AH01626: authorization result of : granted
[Wed Aug 26 03:24:49.835591 2026] [deflate:debug] [pid 2282087:tid 2282087] mod_deflate.c(909): [client 216.73.216.242:23699] AH01384: Zlib: Compressed 144433 to 29989 : URL /index.php
[Wed Aug 26 03:24:49.878514 2026] [deflate:debug] [pid 2282044:tid 2282044] mod_deflate.c(909): [client 216.73.216.242:40041] AH01384: Zlib: Compressed 85590 to 24920 : URL /index.php
[Wed Aug 26 03:24:49.920519 2026] [ssl:info] [pid 2282225:tid 2282225] [client 34.231.156.59:27035] AH01964: Connection to child 21 established (server 2blog.ilc.edu.tw:443)
[Wed Aug 26 03:24:49.920883 2026] [ssl:debug] [pid 2282225:tid 2282225] ssl_engine_kernel.c(2222): [client 34.231.156.59:27035] AH02043: SSL virtual host for servername 2blog.ilc.edu.tw found
[Wed Aug 26 03:24:49.923451 2026] [ssl:debug] [pid 2282072:tid 2282072] ssl_engine_kernel.c(254): [client 216.73.216.242:6675] AH02034: Subsequent (No.2) HTTPS request received for child 14 (server 2blog.ilc.edu.tw:443)
[Wed Aug 26 03:24:49.923689 2026] [authz_core:debug] [pid 2282072:tid 2282072] mod_authz_core.c(815): [client 216.73.216.242:6675] AH01626: authorization result of Require all granted: granted
[Wed Aug 26 03:24:49.923696 2026] [authz_core:debug] [pid 2282072:tid 2282072] mod_authz_core.c(815): [client 216.73.216.242:6675] AH01626: authorization result of : granted
[Wed Aug 26 03:24:49.923853 2026] [authz_core:debug] [pid 2282072:tid 2282072] mod_authz_core.c(815): [client 216.73.216.242:6675] AH01626: authorization result of Require all granted: granted
[Wed Aug 26 03:24:49.923859 2026] [authz_core:debug] [pid 2282072:tid 2282072] mod_authz_core.c(815): [client 216.73.216.242:6675] AH01626: authorization result of : granted
[Wed Aug 26 03:24:49.957784 2026] [deflate:debug] [pid 2282111:tid 2282111] mod_deflate.c(909): [client 216.73.216.242:25262] AH01384: Zlib: Compressed 98084 to 25942 : URL /index.php
[Wed Aug 26 03:24:50.006248 2026] [deflate:debug] [pid 2282219:tid 2282219] mod_deflate.c(909): [client 216.73.216.242:57259] AH01384: Zlib: Compressed 97763 to 26126 : URL /index.php
[Wed Aug 26 03:24:50.020906 2026] [ssl:debug] [pid 2282076:tid 2282076] ssl_engine_kernel.c(254): [client 216.73.216.242:48594] AH02034: Subsequent (No.3) HTTPS request received for child 18 (server 2blog.ilc.edu.tw:443)
[Wed Aug 26 03:24:50.021106 2026] [authz_core:debug] [pid 2282076:tid 2282076] mod_authz_core.c(815): [client 216.73.216.242:48594] AH01626: authorization result of Require all granted: granted
[Wed Aug 26 03:24:50.021111 2026] [authz_core:debug] [pid 2282076:tid 2282076] mod_authz_core.c(815): [client 216.73.216.242:48594] AH01626: authorization result of : granted
[Wed Aug 26 03:24:50.021220 2026] [authz_core:debug] [pid 2282076:tid 2282076] mod_authz_core.c(815): [client 216.73.216.242:48594] AH01626: authorization result of Require all granted: granted
[Wed Aug 26 03:24:50.021224 2026] [authz_core:debug] [pid 2282076:tid 2282076] mod_authz_core.c(815): [client 216.73.216.242:48594] AH01626: authorization result of : granted
[Wed Aug 26 03:24:50.125649 2026] [ssl:debug] [pid 2282225:tid 2282225] ssl_engine_kernel.c(2082): [client 34.231.156.59:27035] AH02041: Protocol: TLSv1.3, Cipher: TLS_AES_256_GCM_SHA384 (256/256 bits)
[Wed Aug 26 03:24:50.125746 2026] [socache_shmcb:debug] [pid 2282225:tid 2282225] mod_socache_shmcb.c(508): AH00831: socache_shmcb_store (0x2d -> subcache 13)
[Wed Aug 26 03:24:50.125762 2026] [socache_shmcb:debug] [pid 2282225:tid 2282225] mod_socache_shmcb.c(860): AH00847: insert happened at idx=65, data=(9031:9063)
[Wed Aug 26 03:24:50.125766 2026] [socache_shmcb:debug] [pid 2282225:tid 2282225] mod_socache_shmcb.c(863): AH00848: finished insert, subcache: idx_pos/idx_used=22/44, data_pos/data_used=13418/9690
[Wed Aug 26 03:24:50.125778 2026] [socache_shmcb:debug] [pid 2282225:tid 2282225] mod_socache_shmcb.c(530): AH00834: leaving socache_shmcb_store successfully
[Wed Aug 26 03:24:50.125844 2026] [socache_shmcb:debug] [pid 2282225:tid 2282225] mod_socache_shmcb.c(508): AH00831: socache_shmcb_store (0xf8 -> subcache 24)
[Wed Aug 26 03:24:50.125859 2026] [socache_shmcb:debug] [pid 2282225:tid 2282225] mod_socache_shmcb.c(860): AH00847: insert happened at idx=8, data=(1834:1866)
[Wed Aug 26 03:24:50.125862 2026] [socache_shmcb:debug] [pid 2282225:tid 2282225] mod_socache_shmcb.c(863): AH00848: finished insert, subcache: idx_pos/idx_used=46/51, data_pos/data_used=4639/11272
[Wed Aug 26 03:24:50.125864 2026] [socache_shmcb:debug] [pid 2282225:tid 2282225] mod_socache_shmcb.c(530): AH00834: leaving socache_shmcb_store successfully
[Wed Aug 26 03:24:50.126057 2026] [ssl:debug] [pid 2282225:tid 2282225] ssl_engine_kernel.c(254): [client 34.231.156.59:27035] AH02034: Initial (No.1) HTTPS request received for child 21 (server 2blog.ilc.edu.tw:443)
[Wed Aug 26 03:24:50.126391 2026] [authz_core:debug] [pid 2282225:tid 2282225] mod_authz_core.c(815): [client 34.231.156.59:27035] AH01626: authorization result of Require all granted: granted
[Wed Aug 26 03:24:50.126399 2026] [authz_core:debug] [pid 2282225:tid 2282225] mod_authz_core.c(815): [client 34.231.156.59:27035] AH01626: authorization result of : granted
[Wed Aug 26 03:24:50.127098 2026] [authz_core:debug] [pid 2282225:tid 2282225] mod_authz_core.c(815): [client 34.231.156.59:27035] AH01626: authorization result of Require all granted: granted
[Wed Aug 26 03:24:50.127111 2026] [authz_core:debug] [pid 2282225:tid 2282225] mod_authz_core.c(815): [client 34.231.156.59:27035] AH01626: authorization result of : granted
[Wed Aug 26 03:24:50.131675 2026] [ssl:debug] [pid 2281942:tid 2281942] ssl_engine_kernel.c(254): [client 216.73.216.242:5184] AH02034: Subsequent (No.2) HTTPS request received for child 2 (server 2blog.ilc.edu.tw:443)
[Wed Aug 26 03:24:50.131859 2026] [authz_core:debug] [pid 2281942:tid 2281942] mod_authz_core.c(815): [client 216.73.216.242:5184] AH01626: authorization result of Require all granted: granted
[Wed Aug 26 03:24:50.131865 2026] [authz_core:debug] [pid 2281942:tid 2281942] mod_authz_core.c(815): [client 216.73.216.242:5184] AH01626: authorization result of : granted
[Wed Aug 26 03:24:50.132039 2026] [authz_core:debug] [pid 2281942:tid 2281942] mod_authz_core.c(815): [client 216.73.216.242:5184] AH01626: authorization result of Require all granted: granted
[Wed Aug 26 03:24:50.132046 2026] [authz_core:debug] [pid 2281942:tid 2281942] mod_authz_core.c(815): [client 216.73.216.242:5184] AH01626: authorization result of : granted
[Wed Aug 26 03:24:50.173985 2026] [deflate:debug] [pid 2281942:tid 2281942] mod_deflate.c(909): [client 216.73.216.242:5184] AH01384: Zlib: Compressed 98535 to 26364 : URL /index.php
[Wed Aug 26 03:24:50.197169 2026] [deflate:debug] [pid 2282072:tid 2282072] mod_deflate.c(909): [client 216.73.216.242:6675] AH01384: Zlib: Compressed 101091 to 25980 : URL /index.php
[Wed Aug 26 03:24:50.206565 2026] [deflate:debug] [pid 2282076:tid 2282076] mod_deflate.c(909): [client 216.73.216.242:48594] AH01384: Zlib: Compressed 88090 to 25009 : URL /index.php
[Wed Aug 26 03:24:50.230320 2026] [ssl:debug] [pid 2282055:tid 2282055] ssl_engine_kernel.c(254): [client 216.73.216.242:1048] AH02034: Subsequent (No.3) HTTPS request received for child 6 (server 2blog.ilc.edu.tw:443)
[Wed Aug 26 03:24:50.230518 2026] [authz_core:debug] [pid 2282055:tid 2282055] mod_authz_core.c(815): [client 216.73.216.242:1048] AH01626: authorization result of Require all granted: granted
[Wed Aug 26 03:24:50.230523 2026] [authz_core:debug] [pid 2282055:tid 2282055] mod_authz_core.c(815): [client 216.73.216.242:1048] AH01626: authorization result of : granted
[Wed Aug 26 03:24:50.230645 2026] [authz_core:debug] [pid 2282055:tid 2282055] mod_authz_core.c(815): [client 216.73.216.242:1048] AH01626: authorization result of Require all granted: granted
[Wed Aug 26 03:24:50.230649 2026] [authz_core:debug] [pid 2282055:tid 2282055] mod_authz_core.c(815): [client 216.73.216.242:1048] AH01626: authorization result of : granted
[Wed Aug 26 03:24:50.239994 2026] [headers:debug] [pid 2282226:tid 2282226] mod_headers.c(900): AH01503: headers: ap_headers_error_filter()
[Wed Aug 26 03:24:50.342822 2026] [ssl:debug] [pid 2282087:tid 2282087] ssl_engine_kernel.c(254): [client 216.73.216.242:23699] AH02034: Subsequent (No.4) HTTPS request received for child 31 (server 2blog.ilc.edu.tw:443)
[Wed Aug 26 03:24:50.343079 2026] [authz_core:debug] [pid 2282087:tid 2282087] mod_authz_core.c(815): [client 216.73.216.242:23699] AH01626: authorization result of Require all granted: granted
[Wed Aug 26 03:24:50.343090 2026] [authz_core:debug] [pid 2282087:tid 2282087] mod_authz_core.c(815): [client 216.73.216.242:23699] AH01626: authorization result of : granted
[Wed Aug 26 03:24:50.343260 2026] [authz_core:debug] [pid 2282087:tid 2282087] mod_authz_core.c(815): [client 216.73.216.242:23699] AH01626: authorization result of Require all granted: granted
[Wed Aug 26 03:24:50.343269 2026] [authz_core:debug] [pid 2282087:tid 2282087] mod_authz_core.c(815): [client 216.73.216.242:23699] AH01626: authorization result of : granted
[Wed Aug 26 03:24:50.372195 2026] [ssl:info] [pid 2281943:tid 2281943] [client 34.123.149.87:40448] AH01964: Connection to child 4 established (server 2blog.ilc.edu.tw:443)
[Wed Aug 26 03:24:50.372364 2026] [ssl:info] [pid 2281943:tid 2281943] (70014)End of file found: [client 34.123.149.87:40448] AH02006: SSL handshake stopped: connection was closed
[Wed Aug 26 03:24:50.372374 2026] [ssl:info] [pid 2281943:tid 2281943] [client 34.123.149.87:40448] AH01998: Connection closed to child 4 with abortive shutdown (server 2blog.ilc.edu.tw:443)
[Wed Aug 26 03:24:50.382747 2026] [ssl:debug] [pid 2282225:tid 2282225] ssl_engine_io.c(1150): [client 34.231.156.59:27035] AH02001: Connection closed to child 21 with standard shutdown (server 2blog.ilc.edu.tw:443)
[Wed Aug 26 03:24:50.414291 2026] [deflate:debug] [pid 2282055:tid 2282055] mod_deflate.c(909): [client 216.73.216.242:1048] AH01384: Zlib: Compressed 92414 to 25695 : URL /index.php
[Wed Aug 26 03:24:50.435478 2026] [ssl:debug] [pid 2282111:tid 2282111] ssl_engine_kernel.c(254): [client 216.73.216.242:25262] AH02034: Subsequent (No.4) HTTPS request received for child 25 (server 2blog.ilc.edu.tw:443)
[Wed Aug 26 03:24:50.435742 2026] [authz_core:debug] [pid 2282111:tid 2282111] mod_authz_core.c(815): [client 216.73.216.242:25262] AH01626: authorization result of Require all granted: granted
[Wed Aug 26 03:24:50.435754 2026] [authz_core:debug] [pid 2282111:tid 2282111] mod_authz_core.c(815): [client 216.73.216.242:25262] AH01626: authorization result of : granted
[Wed Aug 26 03:24:50.435939 2026] [authz_core:debug] [pid 2282111:tid 2282111] mod_authz_core.c(815): [client 216.73.216.242:25262] AH01626: authorization result of Require all granted: granted
[Wed Aug 26 03:24:50.435947 2026] [authz_core:debug] [pid 2282111:tid 2282111] mod_authz_core.c(815): [client 216.73.216.242:25262] AH01626: authorization result of : granted
[Wed Aug 26 03:24:50.527684 2026] [ssl:info] [pid 2282033:tid 2282033] [client 140.111.67.10:55433] AH01964: Connection to child 5 established (server 2blog.ilc.edu.tw:443)
[Wed Aug 26 03:24:50.527885 2026] [ssl:info] [pid 2282033:tid 2282033] (70014)End of file found: [client 140.111.67.10:55433] AH02006: SSL handshake stopped: connection was closed
[Wed Aug 26 03:24:50.527897 2026] [ssl:info] [pid 2282033:tid 2282033] [client 140.111.67.10:55433] AH01998: Connection closed to child 5 with abortive shutdown (server 2blog.ilc.edu.tw:443)
[Wed Aug 26 03:24:50.579236 2026] [ssl:debug] [pid 2282076:tid 2282076] ssl_engine_kernel.c(254): [client 216.73.216.242:48594] AH02034: Subsequent (No.4) HTTPS request received for child 18 (server 2blog.ilc.edu.tw:443)
[Wed Aug 26 03:24:50.579487 2026] [authz_core:debug] [pid 2282076:tid 2282076] mod_authz_core.c(815): [client 216.73.216.242:48594] AH01626: authorization result of Require all granted: granted
[Wed Aug 26 03:24:50.579497 2026] [authz_core:debug] [pid 2282076:tid 2282076] mod_authz_core.c(815): [client 216.73.216.242:48594] AH01626: authorization result of : granted
[Wed Aug 26 03:24:50.579697 2026] [authz_core:debug] [pid 2282076:tid 2282076] mod_authz_core.c(815): [client 216.73.216.242:48594] AH01626: authorization result of Require all granted: granted
[Wed Aug 26 03:24:50.579705 2026] [authz_core:debug] [pid 2282076:tid 2282076] mod_authz_core.c(815): [client 216.73.216.242:48594] AH01626: authorization result of : granted
[Wed Aug 26 03:24:50.583460 2026] [deflate:debug] [pid 2282087:tid 2282087] mod_deflate.c(909): [client 216.73.216.242:23699] AH01384: Zlib: Compressed 137731 to 29938 : URL /index.php
[Wed Aug 26 03:24:50.609550 2026] [deflate:debug] [pid 2282111:tid 2282111] mod_deflate.c(909): [client 216.73.216.242:25262] AH01384: Zlib: Compressed 83584 to 24925 : URL /index.php
[Wed Aug 26 03:24:50.756396 2026] [deflate:debug] [pid 2282076:tid 2282076] mod_deflate.c(909): [client 216.73.216.242:48594] AH01384: Zlib: Compressed 101162 to 26555 : URL /index.php
[Wed Aug 26 03:24:50.846793 2026] [ssl:debug] [pid 2282219:tid 2282219] ssl_engine_kernel.c(254): [client 216.73.216.242:57259] AH02034: Subsequent (No.5) HTTPS request received for child 11 (server 2blog.ilc.edu.tw:443)
[Wed Aug 26 03:24:50.847057 2026] [authz_core:debug] [pid 2282219:tid 2282219] mod_authz_core.c(815): [client 216.73.216.242:57259] AH01626: authorization result of Require all granted: granted
[Wed Aug 26 03:24:50.847070 2026] [authz_core:debug] [pid 2282219:tid 2282219] mod_authz_core.c(815): [client 216.73.216.242:57259] AH01626: authorization result of : granted
[Wed Aug 26 03:24:50.847217 2026] [authz_core:debug] [pid 2282219:tid 2282219] mod_authz_core.c(815): [client 216.73.216.242:57259] AH01626: authorization result of Require all granted: granted
[Wed Aug 26 03:24:50.847221 2026] [authz_core:debug] [pid 2282219:tid 2282219] mod_authz_core.c(815): [client 216.73.216.242:57259] AH01626: authorization result of : granted
[Wed Aug 26 03:24:50.981110 2026] [ssl:debug] [pid 2282213:tid 2282213] ssl_engine_io.c(1150): [client 34.10.180.98:22016] AH02001: Connection closed to child 16 with standard shutdown (server 2blog.ilc.edu.tw:443)
[Wed Aug 26 03:24:50.981425 2026] [ssl:debug] [pid 2282044:tid 2282044] ssl_engine_kernel.c(254): [client 216.73.216.242:40041] AH02034: Subsequent (No.4) HTTPS request received for child 7 (server 2blog.ilc.edu.tw:443)
[Wed Aug 26 03:24:50.981642 2026] [authz_core:debug] [pid 2282044:tid 2282044] mod_authz_core.c(815): [client 216.73.216.242:40041] AH01626: authorization result of Require all granted: granted
[Wed Aug 26 03:24:50.981647 2026] [authz_core:debug] [pid 2282044:tid 2282044] mod_authz_core.c(815): [client 216.73.216.242:40041] AH01626: authorization result of : granted
[Wed Aug 26 03:24:50.981763 2026] [authz_core:debug] [pid 2282044:tid 2282044] mod_authz_core.c(815): [client 216.73.216.242:40041] AH01626: authorization result of Require all granted: granted
[Wed Aug 26 03:24:50.981767 2026] [authz_core:debug] [pid 2282044:tid 2282044] mod_authz_core.c(815): [client 216.73.216.242:40041] AH01626: authorization result of : granted
[Wed Aug 26 03:24:51.002310 2026] [ssl:debug] [pid 2282055:tid 2282055] ssl_engine_kernel.c(254): [client 216.73.216.242:1048] AH02034: Subsequent (No.4) HTTPS request received for child 6 (server 2blog.ilc.edu.tw:443)
[Wed Aug 26 03:24:51.002638 2026] [authz_core:debug] [pid 2282055:tid 2282055] mod_authz_core.c(815): [client 216.73.216.242:1048] AH01626: authorization result of Require all granted: granted
[Wed Aug 26 03:24:51.002656 2026] [authz_core:debug] [pid 2282055:tid 2282055] mod_authz_core.c(815): [client 216.73.216.242:1048] AH01626: authorization result of : granted
[Wed Aug 26 03:24:51.002804 2026] [authz_core:debug] [pid 2282055:tid 2282055] mod_authz_core.c(815): [client 216.73.216.242:1048] AH01626: authorization result of Require all granted: granted
[Wed Aug 26 03:24:51.002808 2026] [authz_core:debug] [pid 2282055:tid 2282055] mod_authz_core.c(815): [client 216.73.216.242:1048] AH01626: authorization result of : granted
[Wed Aug 26 03:24:51.015122 2026] [ssl:debug] [pid 2282072:tid 2282072] ssl_engine_kernel.c(254): [client 216.73.216.242:6675] AH02034: Subsequent (No.3) HTTPS request received for child 14 (server 2blog.ilc.edu.tw:443)
[Wed Aug 26 03:24:51.015368 2026] [authz_core:debug] [pid 2282072:tid 2282072] mod_authz_core.c(815): [client 216.73.216.242:6675] AH01626: authorization result of Require all granted: granted
[Wed Aug 26 03:24:51.015392 2026] [authz_core:debug] [pid 2282072:tid 2282072] mod_authz_core.c(815): [client 216.73.216.242:6675] AH01626: authorization result of : granted
[Wed Aug 26 03:24:51.015572 2026] [authz_core:debug] [pid 2282072:tid 2282072] mod_authz_core.c(815): [client 216.73.216.242:6675] AH01626: authorization result of Require all granted: granted
[Wed Aug 26 03:24:51.015579 2026] [authz_core:debug] [pid 2282072:tid 2282072] mod_authz_core.c(815): [client 216.73.216.242:6675] AH01626: authorization result of : granted
[Wed Aug 26 03:24:51.035419 2026] [deflate:debug] [pid 2282044:tid 2282044] mod_deflate.c(909): [client 216.73.216.242:40041] AH01384: Zlib: Compressed 527804 to 85376 : URL /index.php
[Wed Aug 26 03:24:51.045085 2026] [ssl:debug] [pid 2282111:tid 2282111] ssl_engine_kernel.c(254): [client 216.73.216.242:25262] AH02034: Subsequent (No.5) HTTPS request received for child 25 (server 2blog.ilc.edu.tw:443)
[Wed Aug 26 03:24:51.045281 2026] [authz_core:debug] [pid 2282111:tid 2282111] mod_authz_core.c(815): [client 216.73.216.242:25262] AH01626: authorization result of Require all granted: granted
[Wed Aug 26 03:24:51.045288 2026] [authz_core:debug] [pid 2282111:tid 2282111] mod_authz_core.c(815): [client 216.73.216.242:25262] AH01626: authorization result of : granted
[Wed Aug 26 03:24:51.045409 2026] [authz_core:debug] [pid 2282111:tid 2282111] mod_authz_core.c(815): [client 216.73.216.242:25262] AH01626: authorization result of Require all granted: granted
[Wed Aug 26 03:24:51.045413 2026] [authz_core:debug] [pid 2282111:tid 2282111] mod_authz_core.c(815): [client 216.73.216.242:25262] AH01626: authorization result of : granted
[Wed Aug 26 03:24:51.155519 2026] [ssl:debug] [pid 2282087:tid 2282087] ssl_engine_kernel.c(254): [client 216.73.216.242:23699] AH02034: Subsequent (No.5) HTTPS request received for child 31 (server 2blog.ilc.edu.tw:443)
[Wed Aug 26 03:24:51.155763 2026] [authz_core:debug] [pid 2282087:tid 2282087] mod_authz_core.c(815): [client 216.73.216.242:23699] AH01626: authorization result of Require all granted: granted
[Wed Aug 26 03:24:51.155773 2026] [authz_core:debug] [pid 2282087:tid 2282087] mod_authz_core.c(815): [client 216.73.216.242:23699] AH01626: authorization result of : granted
[Wed Aug 26 03:24:51.155941 2026] [authz_core:debug] [pid 2282087:tid 2282087] mod_authz_core.c(815): [client 216.73.216.242:23699] AH01626: authorization result of Require all granted: granted
[Wed Aug 26 03:24:51.155949 2026] [authz_core:debug] [pid 2282087:tid 2282087] mod_authz_core.c(815): [client 216.73.216.242:23699] AH01626: authorization result of : granted
[Wed Aug 26 03:24:51.180004 2026] [deflate:debug] [pid 2282055:tid 2282055] mod_deflate.c(909): [client 216.73.216.242:1048] AH01384: Zlib: Compressed 83538 to 24963 : URL /index.php
[Wed Aug 26 03:24:51.246451 2026] [ssl:debug] [pid 2282076:tid 2282076] ssl_engine_kernel.c(254): [client 216.73.216.242:48594] AH02034: Subsequent (No.5) HTTPS request received for child 18 (server 2blog.ilc.edu.tw:443)
[Wed Aug 26 03:24:51.246674 2026] [authz_core:debug] [pid 2282076:tid 2282076] mod_authz_core.c(815): [client 216.73.216.242:48594] AH01626: authorization result of Require all granted: granted
[Wed Aug 26 03:24:51.246692 2026] [authz_core:debug] [pid 2282076:tid 2282076] mod_authz_core.c(815): [client 216.73.216.242:48594] AH01626: authorization result of : granted
[Wed Aug 26 03:24:51.246908 2026] [authz_core:debug] [pid 2282076:tid 2282076] mod_authz_core.c(815): [client 216.73.216.242:48594] AH01626: authorization result of Require all granted: granted
[Wed Aug 26 03:24:51.246917 2026] [authz_core:debug] [pid 2282076:tid 2282076] mod_authz_core.c(815): [client 216.73.216.242:48594] AH01626: authorization result of : granted
[Wed Aug 26 03:24:51.304461 2026] [deflate:debug] [pid 2282087:tid 2282087] mod_deflate.c(909): [client 216.73.216.242:23699] AH01384: Zlib: Compressed 83318 to 24799 : URL /index.php
[Wed Aug 26 03:24:51.305079 2026] [ssl:debug] [pid 2282065:tid 2282065] ssl_engine_io.c(1150): [client 34.30.223.149:22017] AH02001: Connection closed to child 15 with standard shutdown (server 2blog.ilc.edu.tw:443)
[Wed Aug 26 03:24:51.358341 2026] [ssl:debug] [pid 2281942:tid 2281942] ssl_engine_kernel.c(254): [client 216.73.216.242:5184] AH02034: Subsequent (No.3) HTTPS request received for child 2 (server 2blog.ilc.edu.tw:443)
[Wed Aug 26 03:24:51.358541 2026] [authz_core:debug] [pid 2281942:tid 2281942] mod_authz_core.c(815): [client 216.73.216.242:5184] AH01626: authorization result of Require all granted: granted
[Wed Aug 26 03:24:51.358546 2026] [authz_core:debug] [pid 2281942:tid 2281942] mod_authz_core.c(815): [client 216.73.216.242:5184] AH01626: authorization result of : granted
[Wed Aug 26 03:24:51.358666 2026] [authz_core:debug] [pid 2281942:tid 2281942] mod_authz_core.c(815): [client 216.73.216.242:5184] AH01626: authorization result of Require all granted: granted
[Wed Aug 26 03:24:51.358669 2026] [authz_core:debug] [pid 2281942:tid 2281942] mod_authz_core.c(815): [client 216.73.216.242:5184] AH01626: authorization result of : granted
[Wed Aug 26 03:24:51.383937 2026] [deflate:debug] [pid 2282111:tid 2282111] mod_deflate.c(909): [client 216.73.216.242:25262] AH01384: Zlib: Compressed 2852 to 1288 : URL /index.php
[Wed Aug 26 03:24:51.459016 2026] [ssl:debug] [pid 2282219:tid 2282219] ssl_engine_kernel.c(254): [client 216.73.216.242:57259] AH02034: Subsequent (No.6) HTTPS request received for child 11 (server 2blog.ilc.edu.tw:443)
[Wed Aug 26 03:24:51.459209 2026] [authz_core:debug] [pid 2282219:tid 2282219] mod_authz_core.c(815): [client 216.73.216.242:57259] AH01626: authorization result of Require all granted: granted
[Wed Aug 26 03:24:51.459215 2026] [authz_core:debug] [pid 2282219:tid 2282219] mod_authz_core.c(815): [client 216.73.216.242:57259] AH01626: authorization result of : granted
[Wed Aug 26 03:24:51.459383 2026] [authz_core:debug] [pid 2282219:tid 2282219] mod_authz_core.c(815): [client 216.73.216.242:57259] AH01626: authorization result of Require all granted: granted
[Wed Aug 26 03:24:51.459391 2026] [authz_core:debug] [pid 2282219:tid 2282219] mod_authz_core.c(815): [client 216.73.216.242:57259] AH01626: authorization result of : granted
[Wed Aug 26 03:24:51.518242 2026] [deflate:debug] [pid 2281942:tid 2281942] mod_deflate.c(909): [client 216.73.216.242:5184] AH01384: Zlib: Compressed 119077 to 27785 : URL /index.php
[Wed Aug 26 03:24:51.578026 2026] [ssl:debug] [pid 2282087:tid 2282087] ssl_engine_kernel.c(254): [client 216.73.216.242:23699] AH02034: Subsequent (No.6) HTTPS request received for child 31 (server 2blog.ilc.edu.tw:443)
[Wed Aug 26 03:24:51.578234 2026] [authz_core:debug] [pid 2282087:tid 2282087] mod_authz_core.c(815): [client 216.73.216.242:23699] AH01626: authorization result of Require all granted: granted
[Wed Aug 26 03:24:51.578239 2026] [authz_core:debug] [pid 2282087:tid 2282087] mod_authz_core.c(815): [client 216.73.216.242:23699] AH01626: authorization result of : granted
[Wed Aug 26 03:24:51.578411 2026] [authz_core:debug] [pid 2282087:tid 2282087] mod_authz_core.c(815): [client 216.73.216.242:23699] AH01626: authorization result of Require all granted: granted
[Wed Aug 26 03:24:51.578429 2026] [authz_core:debug] [pid 2282087:tid 2282087] mod_authz_core.c(815): [client 216.73.216.242:23699] AH01626: authorization result of : granted
[Wed Aug 26 03:24:51.681060 2026] [deflate:debug] [pid 2282219:tid 2282219] mod_deflate.c(909): [client 216.73.216.242:57259] AH01384: Zlib: Compressed 99349 to 26252 : URL /index.php
[Wed Aug 26 03:24:51.682796 2026] [ssl:debug] [pid 2282072:tid 2282072] ssl_engine_kernel.c(254): [client 216.73.216.242:6675] AH02034: Subsequent (No.4) HTTPS request received for child 14 (server 2blog.ilc.edu.tw:443)
[Wed Aug 26 03:24:51.696100 2026] [authz_core:debug] [pid 2282072:tid 2282072] mod_authz_core.c(815): [client 216.73.216.242:6675] AH01626: authorization result of Require all granted: granted
[Wed Aug 26 03:24:51.696109 2026] [authz_core:debug] [pid 2282072:tid 2282072] mod_authz_core.c(815): [client 216.73.216.242:6675] AH01626: authorization result of : granted
[Wed Aug 26 03:24:51.696254 2026] [authz_core:debug] [pid 2282072:tid 2282072] mod_authz_core.c(815): [client 216.73.216.242:6675] AH01626: authorization result of Require all granted: granted
[Wed Aug 26 03:24:51.696258 2026] [authz_core:debug] [pid 2282072:tid 2282072] mod_authz_core.c(815): [client 216.73.216.242:6675] AH01626: authorization result of : granted
[Wed Aug 26 03:24:51.772693 2026] [ssl:debug] [pid 2282076:tid 2282076] ssl_engine_kernel.c(254): [client 216.73.216.242:48594] AH02034: Subsequent (No.6) HTTPS request received for child 18 (server 2blog.ilc.edu.tw:443)
[Wed Aug 26 03:24:51.772921 2026] [authz_core:debug] [pid 2282076:tid 2282076] mod_authz_core.c(815): [client 216.73.216.242:48594] AH01626: authorization result of Require all granted: granted
[Wed Aug 26 03:24:51.772931 2026] [authz_core:debug] [pid 2282076:tid 2282076] mod_authz_core.c(815): [client 216.73.216.242:48594] AH01626: authorization result of : granted
[Wed Aug 26 03:24:51.773104 2026] [authz_core:debug] [pid 2282076:tid 2282076] mod_authz_core.c(815): [client 216.73.216.242:48594] AH01626: authorization result of Require all granted: granted
[Wed Aug 26 03:24:51.773110 2026] [authz_core:debug] [pid 2282076:tid 2282076] mod_authz_core.c(815): [client 216.73.216.242:48594] AH01626: authorization result of : granted
[Wed Aug 26 03:24:51.872646 2026] [ssl:debug] [pid 2282044:tid 2282044] ssl_engine_kernel.c(254): [client 216.73.216.242:40041] AH02034: Subsequent (No.5) HTTPS request received for child 7 (server 2blog.ilc.edu.tw:443)
[Wed Aug 26 03:24:51.872829 2026] [authz_core:debug] [pid 2282044:tid 2282044] mod_authz_core.c(815): [client 216.73.216.242:40041] AH01626: authorization result of Require all granted: granted
[Wed Aug 26 03:24:51.872834 2026] [authz_core:debug] [pid 2282044:tid 2282044] mod_authz_core.c(815): [client 216.73.216.242:40041] AH01626: authorization result of : granted
[Wed Aug 26 03:24:51.872972 2026] [authz_core:debug] [pid 2282044:tid 2282044] mod_authz_core.c(815): [client 216.73.216.242:40041] AH01626: authorization result of Require all granted: granted
[Wed Aug 26 03:24:51.872978 2026] [authz_core:debug] [pid 2282044:tid 2282044] mod_authz_core.c(815): [client 216.73.216.242:40041] AH01626: authorization result of : granted
[Wed Aug 26 03:24:51.876485 2026] [deflate:debug] [pid 2282072:tid 2282072] mod_deflate.c(909): [client 216.73.216.242:6675] AH01384: Zlib: Compressed 143244 to 28947 : URL /index.php
[Wed Aug 26 03:24:51.923679 2026] [ssl:info] [pid 2282229:tid 2282229] [client 2409:8c28:5460:902::46:47016] AH01964: Connection to child 26 established (server 2blog.ilc.edu.tw:443)
[Wed Aug 26 03:24:51.924183 2026] [ssl:debug] [pid 2282229:tid 2282229] ssl_engine_kernel.c(2222): [client 2409:8c28:5460:902::46:47016] AH02043: SSL virtual host for servername www.iedu.ilc.edu.tw found
[Wed Aug 26 03:24:51.924334 2026] [core:debug] [pid 2282229:tid 2282229] protocol.c(2460): [client 2409:8c28:5460:902::46:47016] AH03155: select protocol from , choices=h2,http/1.1 for server www.iedu.ilc.edu.tw
[Wed Aug 26 03:24:51.924441 2026] [ssl:debug] [pid 2282229:tid 2282229] ssl_util_stapling.c(819): AH01951: stapling_cb: OCSP Stapling callback called
[Wed Aug 26 03:24:51.924451 2026] [ssl:info] [pid 2282229:tid 2282229] AH01926: stapling_get_certinfo: stapling not supported for certificate
[Wed Aug 26 03:24:51.984206 2026] [ssl:debug] [pid 2281942:tid 2281942] ssl_engine_kernel.c(254): [client 216.73.216.242:5184] AH02034: Subsequent (No.4) HTTPS request received for child 2 (server 2blog.ilc.edu.tw:443)
[Wed Aug 26 03:24:51.984426 2026] [authz_core:debug] [pid 2281942:tid 2281942] mod_authz_core.c(815): [client 216.73.216.242:5184] AH01626: authorization result of Require all granted: granted
[Wed Aug 26 03:24:51.984433 2026] [authz_core:debug] [pid 2281942:tid 2281942] mod_authz_core.c(815): [client 216.73.216.242:5184] AH01626: authorization result of : granted
[Wed Aug 26 03:24:51.984596 2026] [authz_core:debug] [pid 2281942:tid 2281942] mod_authz_core.c(815): [client 216.73.216.242:5184] AH01626: authorization result of Require all granted: granted
[Wed Aug 26 03:24:51.984603 2026] [authz_core:debug] [pid 2281942:tid 2281942] mod_authz_core.c(815): [client 216.73.216.242:5184] AH01626: authorization result of : granted
[Wed Aug 26 03:24:52.035117 2026] [deflate:debug] [pid 2282044:tid 2282044] mod_deflate.c(909): [client 216.73.216.242:40041] AH01384: Zlib: Compressed 82720 to 24765 : URL /index.php
[Wed Aug 26 03:24:52.076558 2026] [deflate:debug] [pid 2282076:tid 2282076] mod_deflate.c(909): [client 216.73.216.242:48594] AH01384: Zlib: Compressed 2852 to 1285 : URL /index.php
[Wed Aug 26 03:24:52.080560 2026] [ssl:debug] [pid 2282111:tid 2282111] ssl_engine_kernel.c(254): [client 216.73.216.242:25262] AH02034: Subsequent (No.6) HTTPS request received for child 25 (server 2blog.ilc.edu.tw:443)
[Wed Aug 26 03:24:52.080890 2026] [authz_core:debug] [pid 2282111:tid 2282111] mod_authz_core.c(815): [client 216.73.216.242:25262] AH01626: authorization result of Require all granted: granted
[Wed Aug 26 03:24:52.080901 2026] [authz_core:debug] [pid 2282111:tid 2282111] mod_authz_core.c(815): [client 216.73.216.242:25262] AH01626: authorization result of : granted
[Wed Aug 26 03:24:52.081185 2026] [authz_core:debug] [pid 2282111:tid 2282111] mod_authz_core.c(815): [client 216.73.216.242:25262] AH01626: authorization result of Require all granted: granted
[Wed Aug 26 03:24:52.081195 2026] [authz_core:debug] [pid 2282111:tid 2282111] mod_authz_core.c(815): [client 216.73.216.242:25262] AH01626: authorization result of : granted
[Wed Aug 26 03:24:52.147710 2026] [ssl:debug] [pid 2282229:tid 2282229] ssl_engine_kernel.c(2082): [client 2409:8c28:5460:902::46:47016] AH02041: Protocol: TLSv1.3, Cipher: TLS_AES_256_GCM_SHA384 (256/256 bits)
[Wed Aug 26 03:24:52.147805 2026] [socache_shmcb:debug] [pid 2282229:tid 2282229] mod_socache_shmcb.c(508): AH00831: socache_shmcb_store (0x3d -> subcache 29)
[Wed Aug 26 03:24:52.147818 2026] [socache_shmcb:debug] [pid 2282229:tid 2282229] mod_socache_shmcb.c(745): AH00842: expiring 2 and reclaiming 0 removed socache entries
[Wed Aug 26 03:24:52.147821 2026] [socache_shmcb:debug] [pid 2282229:tid 2282229] mod_socache_shmcb.c(765): AH00843: we now have 40 socache entries
[Wed Aug 26 03:24:52.147823 2026] [socache_shmcb:debug] [pid 2282229:tid 2282229] mod_socache_shmcb.c(860): AH00847: insert happened at idx=14, data=(3333:3365)
[Wed Aug 26 03:24:52.147825 2026] [socache_shmcb:debug] [pid 2282229:tid 2282229] mod_socache_shmcb.c(863): AH00848: finished insert, subcache: idx_pos/idx_used=62/41, data_pos/data_used=8242/9184
[Wed Aug 26 03:24:52.147827 2026] [socache_shmcb:debug] [pid 2282229:tid 2282229] mod_socache_shmcb.c(530): AH00834: leaving socache_shmcb_store successfully
[Wed Aug 26 03:24:52.147899 2026] [socache_shmcb:debug] [pid 2282229:tid 2282229] mod_socache_shmcb.c(508): AH00831: socache_shmcb_store (0xa9 -> subcache 9)
[Wed Aug 26 03:24:52.147917 2026] [socache_shmcb:debug] [pid 2282229:tid 2282229] mod_socache_shmcb.c(860): AH00847: insert happened at idx=22, data=(4976:5008)
[Wed Aug 26 03:24:52.147926 2026] [socache_shmcb:debug] [pid 2282229:tid 2282229] mod_socache_shmcb.c(863): AH00848: finished insert, subcache: idx_pos/idx_used=57/54, data_pos/data_used=7126/11943
[Wed Aug 26 03:24:52.147928 2026] [socache_shmcb:debug] [pid 2282229:tid 2282229] mod_socache_shmcb.c(530): AH00834: leaving socache_shmcb_store successfully
[Wed Aug 26 03:24:52.148395 2026] [ssl:debug] [pid 2282229:tid 2282229] ssl_engine_kernel.c(254): [client 2409:8c28:5460:902::46:47016] AH02034: Initial (No.1) HTTPS request received for child 26 (server www.iedu.ilc.edu.tw:443)
[Wed Aug 26 03:24:52.148730 2026] [authz_core:debug] [pid 2282229:tid 2282229] mod_authz_core.c(815): [client 2409:8c28:5460:902::46:47016] AH01626: authorization result of Require all granted: granted
[Wed Aug 26 03:24:52.148740 2026] [authz_core:debug] [pid 2282229:tid 2282229] mod_authz_core.c(815): [client 2409:8c28:5460:902::46:47016] AH01626: authorization result of : granted
[Wed Aug 26 03:24:52.149555 2026] [authz_core:debug] [pid 2282229:tid 2282229] mod_authz_core.c(815): [client 2409:8c28:5460:902::46:47016] AH01626: authorization result of Require all granted: granted
[Wed Aug 26 03:24:52.149563 2026] [authz_core:debug] [pid 2282229:tid 2282229] mod_authz_core.c(815): [client 2409:8c28:5460:902::46:47016] AH01626: authorization result of : granted
[Wed Aug 26 03:24:52.192924 2026] [ssl:debug] [pid 2282219:tid 2282219] ssl_engine_kernel.c(254): [client 216.73.216.242:57259] AH02034: Subsequent (No.7) HTTPS request received for child 11 (server 2blog.ilc.edu.tw:443)
[Wed Aug 26 03:24:52.193174 2026] [authz_core:debug] [pid 2282219:tid 2282219] mod_authz_core.c(815): [client 216.73.216.242:57259] AH01626: authorization result of Require all granted: granted
[Wed Aug 26 03:24:52.193182 2026] [authz_core:debug] [pid 2282219:tid 2282219] mod_authz_core.c(815): [client 216.73.216.242:57259] AH01626: authorization result of : granted
[Wed Aug 26 03:24:52.193354 2026] [authz_core:debug] [pid 2282219:tid 2282219] mod_authz_core.c(815): [client 216.73.216.242:57259] AH01626: authorization result of Require all granted: granted
[Wed Aug 26 03:24:52.193362 2026] [authz_core:debug] [pid 2282219:tid 2282219] mod_authz_core.c(815): [client 216.73.216.242:57259] AH01626: authorization result of : granted
[Wed Aug 26 03:24:52.290205 2026] [ssl:info] [pid 2282230:tid 2282230] [client 34.42.229.145:40448] AH01964: Connection to child 27 established (server 2blog.ilc.edu.tw:443)
[Wed Aug 26 03:24:52.290423 2026] [ssl:debug] [pid 2282044:tid 2282044] ssl_engine_kernel.c(254): [client 216.73.216.242:40041] AH02034: Subsequent (No.6) HTTPS request received for child 7 (server 2blog.ilc.edu.tw:443)
[Wed Aug 26 03:24:52.290585 2026] [deflate:debug] [pid 2282111:tid 2282111] mod_deflate.c(909): [client 216.73.216.242:25262] AH01384: Zlib: Compressed 85696 to 25248 : URL /index.php
[Wed Aug 26 03:24:52.290657 2026] [authz_core:debug] [pid 2282044:tid 2282044] mod_authz_core.c(815): [client 216.73.216.242:40041] AH01626: authorization result of Require all granted: granted
[Wed Aug 26 03:24:52.290668 2026] [authz_core:debug] [pid 2282044:tid 2282044] mod_authz_core.c(815): [client 216.73.216.242:40041] AH01626: authorization result of : granted
[Wed Aug 26 03:24:52.290670 2026] [ssl:debug] [pid 2282230:tid 2282230] ssl_engine_kernel.c(2222): [client 34.42.229.145:40448] AH02043: SSL virtual host for servername 2blog.ilc.edu.tw found
[Wed Aug 26 03:24:52.290811 2026] [core:debug] [pid 2282230:tid 2282230] protocol.c(2460): [client 34.42.229.145:40448] AH03155: select protocol from , choices=http/1.1 for server 2blog.ilc.edu.tw
[Wed Aug 26 03:24:52.290860 2026] [authz_core:debug] [pid 2282044:tid 2282044] mod_authz_core.c(815): [client 216.73.216.242:40041] AH01626: authorization result of Require all granted: granted
[Wed Aug 26 03:24:52.290868 2026] [authz_core:debug] [pid 2282044:tid 2282044] mod_authz_core.c(815): [client 216.73.216.242:40041] AH01626: authorization result of : granted
[Wed Aug 26 03:24:52.403233 2026] [ssl:debug] [pid 2282072:tid 2282072] ssl_engine_kernel.c(254): [client 216.73.216.242:6675] AH02034: Subsequent (No.5) HTTPS request received for child 14 (server 2blog.ilc.edu.tw:443)
[Wed Aug 26 03:24:52.403432 2026] [authz_core:debug] [pid 2282072:tid 2282072] mod_authz_core.c(815): [client 216.73.216.242:6675] AH01626: authorization result of Require all granted: granted
[Wed Aug 26 03:24:52.403438 2026] [authz_core:debug] [pid 2282072:tid 2282072] mod_authz_core.c(815): [client 216.73.216.242:6675] AH01626: authorization result of : granted
[Wed Aug 26 03:24:52.403555 2026] [authz_core:debug] [pid 2282072:tid 2282072] mod_authz_core.c(815): [client 216.73.216.242:6675] AH01626: authorization result of Require all granted: granted
[Wed Aug 26 03:24:52.403559 2026] [authz_core:debug] [pid 2282072:tid 2282072] mod_authz_core.c(815): [client 216.73.216.242:6675] AH01626: authorization result of : granted
[Wed Aug 26 03:24:52.492850 2026] [ssl:debug] [pid 2282076:tid 2282076] ssl_engine_kernel.c(254): [client 216.73.216.242:48594] AH02034: Subsequent (No.7) HTTPS request received for child 18 (server 2blog.ilc.edu.tw:443)
[Wed Aug 26 03:24:52.493061 2026] [authz_core:debug] [pid 2282076:tid 2282076] mod_authz_core.c(815): [client 216.73.216.242:48594] AH01626: authorization result of Require all granted: granted
[Wed Aug 26 03:24:52.493066 2026] [authz_core:debug] [pid 2282076:tid 2282076] mod_authz_core.c(815): [client 216.73.216.242:48594] AH01626: authorization result of : granted
[Wed Aug 26 03:24:52.493227 2026] [authz_core:debug] [pid 2282076:tid 2282076] mod_authz_core.c(815): [client 216.73.216.242:48594] AH01626: authorization result of Require all granted: granted
[Wed Aug 26 03:24:52.493233 2026] [authz_core:debug] [pid 2282076:tid 2282076] mod_authz_core.c(815): [client 216.73.216.242:48594] AH01626: authorization result of : granted
[Wed Aug 26 03:24:52.587993 2026] [deflate:debug] [pid 2282072:tid 2282072] mod_deflate.c(909): [client 216.73.216.242:6675] AH01384: Zlib: Compressed 44002 to 9364 : URL /index.php
[Wed Aug 26 03:24:52.611284 2026] [ssl:debug] [pid 2281942:tid 2281942] ssl_engine_kernel.c(254): [client 216.73.216.242:5184] AH02034: Subsequent (No.5) HTTPS request received for child 2 (server 2blog.ilc.edu.tw:443)
[Wed Aug 26 03:24:52.611534 2026] [authz_core:debug] [pid 2281942:tid 2281942] mod_authz_core.c(815): [client 216.73.216.242:5184] AH01626: authorization result of Require all granted: granted
[Wed Aug 26 03:24:52.611543 2026] [authz_core:debug] [pid 2281942:tid 2281942] mod_authz_core.c(815): [client 216.73.216.242:5184] AH01626: authorization result of : granted
[Wed Aug 26 03:24:52.611686 2026] [authz_core:debug] [pid 2281942:tid 2281942] mod_authz_core.c(815): [client 216.73.216.242:5184] AH01626: authorization result of Require all granted: granted
[Wed Aug 26 03:24:52.611691 2026] [authz_core:debug] [pid 2281942:tid 2281942] mod_authz_core.c(815): [client 216.73.216.242:5184] AH01626: authorization result of : granted
[Wed Aug 26 03:24:52.702369 2026] [ssl:debug] [pid 2282230:tid 2282230] ssl_engine_kernel.c(2082): [client 34.42.229.145:40448] AH02041: Protocol: TLSv1.3, Cipher: TLS_AES_256_GCM_SHA384 (256/256 bits)
[Wed Aug 26 03:24:52.702481 2026] [socache_shmcb:debug] [pid 2282230:tid 2282230] mod_socache_shmcb.c(508): AH00831: socache_shmcb_store (0x25 -> subcache 5)
[Wed Aug 26 03:24:52.702495 2026] [socache_shmcb:debug] [pid 2282230:tid 2282230] mod_socache_shmcb.c(745): AH00842: expiring 1 and reclaiming 0 removed socache entries
[Wed Aug 26 03:24:52.702498 2026] [socache_shmcb:debug] [pid 2282230:tid 2282230] mod_socache_shmcb.c(765): AH00843: we now have 39 socache entries
[Wed Aug 26 03:24:52.702500 2026] [socache_shmcb:debug] [pid 2282230:tid 2282230] mod_socache_shmcb.c(860): AH00847: insert happened at idx=47, data=(10395:10427)
[Wed Aug 26 03:24:52.702509 2026] [socache_shmcb:debug] [pid 2282230:tid 2282230] mod_socache_shmcb.c(863): AH00848: finished insert, subcache: idx_pos/idx_used=8/40, data_pos/data_used=1794/8826
[Wed Aug 26 03:24:52.702570 2026] [socache_shmcb:debug] [pid 2282230:tid 2282230] mod_socache_shmcb.c(530): AH00834: leaving socache_shmcb_store successfully
[Wed Aug 26 03:24:52.702640 2026] [socache_shmcb:debug] [pid 2282230:tid 2282230] mod_socache_shmcb.c(508): AH00831: socache_shmcb_store (0x7c -> subcache 28)
[Wed Aug 26 03:24:52.702652 2026] [socache_shmcb:debug] [pid 2282230:tid 2282230] mod_socache_shmcb.c(745): AH00842: expiring 1 and reclaiming 0 removed socache entries
[Wed Aug 26 03:24:52.702654 2026] [socache_shmcb:debug] [pid 2282230:tid 2282230] mod_socache_shmcb.c(765): AH00843: we now have 45 socache entries
[Wed Aug 26 03:24:52.702656 2026] [socache_shmcb:debug] [pid 2282230:tid 2282230] mod_socache_shmcb.c(860): AH00847: insert happened at idx=82, data=(4688:4720)
[Wed Aug 26 03:24:52.702658 2026] [socache_shmcb:debug] [pid 2282230:tid 2282230] mod_socache_shmcb.c(863): AH00848: finished insert, subcache: idx_pos/idx_used=37/46, data_pos/data_used=8564/10214
[Wed Aug 26 03:24:52.702659 2026] [socache_shmcb:debug] [pid 2282230:tid 2282230] mod_socache_shmcb.c(530): AH00834: leaving socache_shmcb_store successfully
[Wed Aug 26 03:24:52.713676 2026] [ssl:debug] [pid 2282087:tid 2282087] ssl_engine_kernel.c(254): [client 216.73.216.242:23699] AH02034: Subsequent (No.7) HTTPS request received for child 31 (server 2blog.ilc.edu.tw:443)
[Wed Aug 26 03:24:52.713907 2026] [authz_core:debug] [pid 2282087:tid 2282087] mod_authz_core.c(815): [client 216.73.216.242:23699] AH01626: authorization result of Require all granted: granted
[Wed Aug 26 03:24:52.713915 2026] [authz_core:debug] [pid 2282087:tid 2282087] mod_authz_core.c(815): [client 216.73.216.242:23699] AH01626: authorization result of : granted
[Wed Aug 26 03:24:52.714079 2026] [authz_core:debug] [pid 2282087:tid 2282087] mod_authz_core.c(815): [client 216.73.216.242:23699] AH01626: authorization result of Require all granted: granted
[Wed Aug 26 03:24:52.714085 2026] [authz_core:debug] [pid 2282087:tid 2282087] mod_authz_core.c(815): [client 216.73.216.242:23699] AH01626: authorization result of : granted
[Wed Aug 26 03:24:52.717259 2026] [deflate:debug] [pid 2282076:tid 2282076] mod_deflate.c(909): [client 216.73.216.242:48594] AH01384: Zlib: Compressed 2759 to 1218 : URL /index.php
[Wed Aug 26 03:24:52.801087 2026] [ssl:debug] [pid 2282209:tid 2282209] ssl_engine_io.c(1150): [client 34.123.149.87:8196] AH02001: Connection closed to child 8 with standard shutdown (server 2blog.ilc.edu.tw:443)
[Wed Aug 26 03:24:52.816356 2026] [ssl:debug] [pid 2282230:tid 2282230] ssl_engine_kernel.c(254): [client 34.42.229.145:40448] AH02034: Initial (No.1) HTTPS request received for child 27 (server 2blog.ilc.edu.tw:443)
[Wed Aug 26 03:24:52.816720 2026] [authz_core:debug] [pid 2282230:tid 2282230] mod_authz_core.c(815): [client 34.42.229.145:40448] AH01626: authorization result of Require all granted: granted
[Wed Aug 26 03:24:52.816729 2026] [authz_core:debug] [pid 2282230:tid 2282230] mod_authz_core.c(815): [client 34.42.229.145:40448] AH01626: authorization result of : granted
[Wed Aug 26 03:24:52.817415 2026] [authz_core:debug] [pid 2282230:tid 2282230] mod_authz_core.c(815): [client 34.42.229.145:40448] AH01626: authorization result of Require all granted: granted
[Wed Aug 26 03:24:52.817422 2026] [authz_core:debug] [pid 2282230:tid 2282230] mod_authz_core.c(815): [client 34.42.229.145:40448] AH01626: authorization result of : granted
[Wed Aug 26 03:24:52.821332 2026] [ssl:debug] [pid 2282072:tid 2282072] ssl_engine_kernel.c(254): [client 216.73.216.242:6675] AH02034: Subsequent (No.6) HTTPS request received for child 14 (server 2blog.ilc.edu.tw:443)
[Wed Aug 26 03:24:52.821528 2026] [authz_core:debug] [pid 2282072:tid 2282072] mod_authz_core.c(815): [client 216.73.216.242:6675] AH01626: authorization result of Require all granted: granted
[Wed Aug 26 03:24:52.821542 2026] [authz_core:debug] [pid 2282072:tid 2282072] mod_authz_core.c(815): [client 216.73.216.242:6675] AH01626: authorization result of : granted
[Wed Aug 26 03:24:52.821670 2026] [authz_core:debug] [pid 2282072:tid 2282072] mod_authz_core.c(815): [client 216.73.216.242:6675] AH01626: authorization result of Require all granted: granted
[Wed Aug 26 03:24:52.821675 2026] [authz_core:debug] [pid 2282072:tid 2282072] mod_authz_core.c(815): [client 216.73.216.242:6675] AH01626: authorization result of : granted
[Wed Aug 26 03:24:52.845081 2026] [ssl:debug] [pid 2282215:tid 2282215] ssl_engine_io.c(1150): [client 34.123.149.87:2560] AH02001: Connection closed to child 0 with standard shutdown (server 2blog.ilc.edu.tw:443)
