[Wed Aug 26 03:23:56.803465 2026] [socache_shmcb:debug] [pid 2281943:tid 2281943] mod_socache_shmcb.c(863): AH00848: finished insert, subcache: idx_pos/idx_used=2/39, data_pos/data_used=469/8582
[Wed Aug 26 03:23:56.803468 2026] [socache_shmcb:debug] [pid 2281943:tid 2281943] mod_socache_shmcb.c(530): AH00834: leaving socache_shmcb_store successfully
[Wed Aug 26 03:23:56.803614 2026] [ssl:debug] [pid 2281943:tid 2281943] ssl_engine_kernel.c(254): [client 2a03:2880:f802:4:::63600] AH02034: Initial (No.1) HTTPS request received for child 4 (server 2blog.ilc.edu.tw:443)
[Wed Aug 26 03:23:56.803849 2026] [authz_core:debug] [pid 2281943:tid 2281943] mod_authz_core.c(815): [client 2a03:2880:f802:4:::63600] AH01626: authorization result of Require all granted: granted
[Wed Aug 26 03:23:56.803859 2026] [authz_core:debug] [pid 2281943:tid 2281943] mod_authz_core.c(815): [client 2a03:2880:f802:4:::63600] AH01626: authorization result of : granted
[Wed Aug 26 03:23:56.804035 2026] [authz_core:debug] [pid 2281943:tid 2281943] mod_authz_core.c(815): [client 2a03:2880:f802:4:::63600] AH01626: authorization result of Require all granted: granted
[Wed Aug 26 03:23:56.804045 2026] [authz_core:debug] [pid 2281943:tid 2281943] mod_authz_core.c(815): [client 2a03:2880:f802:4:::63600] AH01626: authorization result of : granted
[Wed Aug 26 03:23:56.804829 2026] [ssl:info] [pid 2282065:tid 2282065] [client 2a03:2880:18ff:e:::59404] AH01964: Connection to child 15 established (server 2blog.ilc.edu.tw:443)
[Wed Aug 26 03:23:56.805007 2026] [ssl:debug] [pid 2282065:tid 2282065] ssl_engine_kernel.c(2222): [client 2a03:2880:18ff:e:::59404] AH02043: SSL virtual host for servername 2blog.ilc.edu.tw found
[Wed Aug 26 03:23:56.805079 2026] [core:debug] [pid 2282065:tid 2282065] protocol.c(2460): [client 2a03:2880:18ff:e:::59404] AH03155: select protocol from , choices=h2,http/1.1 for server 2blog.ilc.edu.tw
[Wed Aug 26 03:23:56.914456 2026] [deflate:debug] [pid 2282072:tid 2282072] mod_deflate.c(909): [client 2a03:2880:f802:28:::33080] AH01384: Zlib: Compressed 57714 to 7804 : URL /index.php
[Wed Aug 26 03:23:56.990245 2026] [ssl:debug] [pid 2282065:tid 2282065] ssl_engine_kernel.c(2082): [client 2a03:2880:18ff:e:::59404] AH02041: Protocol: TLSv1.3, Cipher: TLS_AES_256_GCM_SHA384 (256/256 bits)
[Wed Aug 26 03:23:56.990309 2026] [socache_shmcb:debug] [pid 2282065:tid 2282065] mod_socache_shmcb.c(508): AH00831: socache_shmcb_store (0xf0 -> subcache 16)
[Wed Aug 26 03:23:56.990316 2026] [socache_shmcb:debug] [pid 2282065:tid 2282065] mod_socache_shmcb.c(860): AH00847: insert happened at idx=20, data=(12800:12832)
[Wed Aug 26 03:23:56.990319 2026] [socache_shmcb:debug] [pid 2282065:tid 2282065] mod_socache_shmcb.c(863): AH00848: finished insert, subcache: idx_pos/idx_used=72/37, data_pos/data_used=4797/8229
[Wed Aug 26 03:23:56.990323 2026] [socache_shmcb:debug] [pid 2282065:tid 2282065] mod_socache_shmcb.c(530): AH00834: leaving socache_shmcb_store successfully
[Wed Aug 26 03:23:56.990388 2026] [socache_shmcb:debug] [pid 2282065:tid 2282065] mod_socache_shmcb.c(508): AH00831: socache_shmcb_store (0x5d -> subcache 29)
[Wed Aug 26 03:23:56.990395 2026] [socache_shmcb:debug] [pid 2282065:tid 2282065] mod_socache_shmcb.c(860): AH00847: insert happened at idx=6, data=(1550:1582)
[Wed Aug 26 03:23:56.990408 2026] [socache_shmcb:debug] [pid 2282065:tid 2282065] mod_socache_shmcb.c(863): AH00848: finished insert, subcache: idx_pos/idx_used=51/44, data_pos/data_used=5808/9832
[Wed Aug 26 03:23:56.990411 2026] [socache_shmcb:debug] [pid 2282065:tid 2282065] mod_socache_shmcb.c(530): AH00834: leaving socache_shmcb_store successfully
[Wed Aug 26 03:23:56.990541 2026] [ssl:debug] [pid 2282065:tid 2282065] ssl_engine_kernel.c(254): [client 2a03:2880:18ff:e:::59404] AH02034: Initial (No.1) HTTPS request received for child 15 (server 2blog.ilc.edu.tw:443)
[Wed Aug 26 03:23:56.990767 2026] [authz_core:debug] [pid 2282065:tid 2282065] mod_authz_core.c(815): [client 2a03:2880:18ff:e:::59404] AH01626: authorization result of Require all granted: granted
[Wed Aug 26 03:23:56.990773 2026] [authz_core:debug] [pid 2282065:tid 2282065] mod_authz_core.c(815): [client 2a03:2880:18ff:e:::59404] AH01626: authorization result of : granted
[Wed Aug 26 03:23:56.990932 2026] [authz_core:debug] [pid 2282065:tid 2282065] mod_authz_core.c(815): [client 2a03:2880:18ff:e:::59404] AH01626: authorization result of Require all granted: granted
[Wed Aug 26 03:23:56.990938 2026] [authz_core:debug] [pid 2282065:tid 2282065] mod_authz_core.c(815): [client 2a03:2880:18ff:e:::59404] AH01626: authorization result of : granted
[Wed Aug 26 03:23:57.078330 2026] [ssl:debug] [pid 2282072:tid 2282072] ssl_engine_io.c(1150): [client 2a03:2880:f802:28:::33080] AH02001: Connection closed to child 14 with standard shutdown (server 2blog.ilc.edu.tw:443)
[Wed Aug 26 03:23:57.127129 2026] [ssl:debug] [pid 2281920:tid 2281920] ssl_engine_kernel.c(254): [client 103.153.183.69:8728] AH02034: Subsequent (No.39) HTTPS request received for child 3 (server 2blog.ilc.edu.tw:443), referer: https://140.111.67.82/wp-admin/
[Wed Aug 26 03:23:57.127369 2026] [authz_core:debug] [pid 2281920:tid 2281920] mod_authz_core.c(815): [client 103.153.183.69:8728] AH01626: authorization result of Require all granted: granted, referer: https://140.111.67.82/wp-admin/
[Wed Aug 26 03:23:57.127380 2026] [authz_core:debug] [pid 2281920:tid 2281920] mod_authz_core.c(815): [client 103.153.183.69:8728] AH01626: authorization result of : granted, referer: https://140.111.67.82/wp-admin/
[Wed Aug 26 03:23:57.127594 2026] [authz_core:debug] [pid 2281920:tid 2281920] mod_authz_core.c(815): [client 103.153.183.69:8728] AH01626: authorization result of Require all granted: granted, referer: https://140.111.67.82/wp-admin/
[Wed Aug 26 03:23:57.127604 2026] [authz_core:debug] [pid 2281920:tid 2281920] mod_authz_core.c(815): [client 103.153.183.69:8728] AH01626: authorization result of : granted, referer: https://140.111.67.82/wp-admin/
[Wed Aug 26 03:23:57.295202 2026] [ssl:debug] [pid 2281923:tid 2281923] ssl_engine_kernel.c(254): [client 103.153.183.69:18828] AH02034: Subsequent (No.39) HTTPS request received for child 10 (server 2blog.ilc.edu.tw:443), referer: https://140.111.67.82/wp-admin/
[Wed Aug 26 03:23:57.295378 2026] [authz_core:debug] [pid 2281923:tid 2281923] mod_authz_core.c(815): [client 103.153.183.69:18828] AH01626: authorization result of Require all granted: granted, referer: https://140.111.67.82/wp-admin/
[Wed Aug 26 03:23:57.295383 2026] [authz_core:debug] [pid 2281923:tid 2281923] mod_authz_core.c(815): [client 103.153.183.69:18828] AH01626: authorization result of : granted, referer: https://140.111.67.82/wp-admin/
[Wed Aug 26 03:23:57.295521 2026] [authz_core:debug] [pid 2281923:tid 2281923] mod_authz_core.c(815): [client 103.153.183.69:18828] AH01626: authorization result of Require all granted: granted, referer: https://140.111.67.82/wp-admin/
[Wed Aug 26 03:23:57.295525 2026] [authz_core:debug] [pid 2281923:tid 2281923] mod_authz_core.c(815): [client 103.153.183.69:18828] AH01626: authorization result of : granted, referer: https://140.111.67.82/wp-admin/
[Wed Aug 26 03:23:57.308755 2026] [deflate:debug] [pid 2281923:tid 2281923] mod_deflate.c(909): [client 103.153.183.69:18828] AH01384: Zlib: Compressed 50629 to 9472 : URL /index.php, referer: https://140.111.67.82/wp-admin/
[Wed Aug 26 03:23:57.347329 2026] [deflate:debug] [pid 2282065:tid 2282065] mod_deflate.c(909): [client 2a03:2880:18ff:e:::59404] AH01384: Zlib: Compressed 74912 to 16478 : URL /index.php
[Wed Aug 26 03:23:57.577889 2026] [ssl:debug] [pid 2282109:tid 2282109] ssl_engine_io.c(1150): [client 34.56.124.53:35329] AH02001: Connection closed to child 21 with standard shutdown (server 2blog.ilc.edu.tw:443)
[Wed Aug 26 03:23:57.649873 2026] [deflate:debug] [pid 2281943:tid 2281943] mod_deflate.c(909): [client 2a03:2880:f802:4:::63600] AH01384: Zlib: Compressed 79320 to 15736 : URL /index.php
[Wed Aug 26 03:23:57.715212 2026] [ssl:debug] [pid 2282065:tid 2282065] ssl_engine_io.c(1150): [client 2a03:2880:18ff:e:::59404] AH02001: Connection closed to child 15 with standard shutdown (server 2blog.ilc.edu.tw:443)
[Wed Aug 26 03:23:57.740064 2026] [ssl:debug] [pid 2282103:tid 2282103] ssl_engine_kernel.c(254): [client 103.153.183.69:18834] AH02034: Subsequent (No.43) HTTPS request received for child 11 (server 2blog.ilc.edu.tw:443), referer: https://140.111.67.80/wp-admin/
[Wed Aug 26 03:23:57.740266 2026] [authz_core:debug] [pid 2282103:tid 2282103] mod_authz_core.c(815): [client 103.153.183.69:18834] AH01626: authorization result of Require all granted: granted, referer: https://140.111.67.80/wp-admin/
[Wed Aug 26 03:23:57.740272 2026] [authz_core:debug] [pid 2282103:tid 2282103] mod_authz_core.c(815): [client 103.153.183.69:18834] AH01626: authorization result of : granted, referer: https://140.111.67.80/wp-admin/
[Wed Aug 26 03:23:57.740418 2026] [authz_core:debug] [pid 2282103:tid 2282103] mod_authz_core.c(815): [client 103.153.183.69:18834] AH01626: authorization result of Require all granted: granted, referer: https://140.111.67.80/wp-admin/
[Wed Aug 26 03:23:57.740422 2026] [authz_core:debug] [pid 2282103:tid 2282103] mod_authz_core.c(815): [client 103.153.183.69:18834] AH01626: authorization result of : granted, referer: https://140.111.67.80/wp-admin/
[Wed Aug 26 03:23:57.752839 2026] [ssl:debug] [pid 2281920:tid 2281920] ssl_engine_kernel.c(254): [client 103.153.183.69:8728] AH02034: Subsequent (No.40) HTTPS request received for child 3 (server 2blog.ilc.edu.tw:443), referer: https://140.111.67.82/wp-admin/
[Wed Aug 26 03:23:57.753056 2026] [authz_core:debug] [pid 2281920:tid 2281920] mod_authz_core.c(815): [client 103.153.183.69:8728] AH01626: authorization result of Require all granted: granted, referer: https://140.111.67.82/wp-admin/
[Wed Aug 26 03:23:57.753064 2026] [authz_core:debug] [pid 2281920:tid 2281920] mod_authz_core.c(815): [client 103.153.183.69:8728] AH01626: authorization result of : granted, referer: https://140.111.67.82/wp-admin/
[Wed Aug 26 03:23:57.753184 2026] [authz_core:debug] [pid 2281920:tid 2281920] mod_authz_core.c(815): [client 103.153.183.69:8728] AH01626: authorization result of Require all granted: granted, referer: https://140.111.67.82/wp-admin/
[Wed Aug 26 03:23:57.753188 2026] [authz_core:debug] [pid 2281920:tid 2281920] mod_authz_core.c(815): [client 103.153.183.69:8728] AH01626: authorization result of : granted, referer: https://140.111.67.82/wp-admin/
[Wed Aug 26 03:23:57.767041 2026] [deflate:debug] [pid 2282103:tid 2282103] mod_deflate.c(909): [client 103.153.183.69:18834] AH01384: Zlib: Compressed 50629 to 9472 : URL /index.php, referer: https://140.111.67.80/wp-admin/
[Wed Aug 26 03:23:57.916063 2026] [ssl:info] [pid 2281942:tid 2281942] [client 44.210.204.255:25590] AH01964: Connection to child 2 established (server 2blog.ilc.edu.tw:443)
[Wed Aug 26 03:23:57.916232 2026] [ssl:debug] [pid 2281942:tid 2281942] ssl_engine_kernel.c(2222): [client 44.210.204.255:25590] AH02043: SSL virtual host for servername 2blog.ilc.edu.tw found
[Wed Aug 26 03:23:57.922393 2026] [ssl:debug] [pid 2281923:tid 2281923] ssl_engine_kernel.c(254): [client 103.153.183.69:18828] AH02034: Subsequent (No.40) HTTPS request received for child 10 (server 2blog.ilc.edu.tw:443), referer: https://140.111.67.82/wp-admin/
[Wed Aug 26 03:23:57.922634 2026] [authz_core:debug] [pid 2281923:tid 2281923] mod_authz_core.c(815): [client 103.153.183.69:18828] AH01626: authorization result of Require all granted: granted, referer: https://140.111.67.82/wp-admin/
[Wed Aug 26 03:23:57.922642 2026] [authz_core:debug] [pid 2281923:tid 2281923] mod_authz_core.c(815): [client 103.153.183.69:18828] AH01626: authorization result of : granted, referer: https://140.111.67.82/wp-admin/
[Wed Aug 26 03:23:57.922869 2026] [authz_core:debug] [pid 2281923:tid 2281923] mod_authz_core.c(815): [client 103.153.183.69:18828] AH01626: authorization result of Require all granted: granted, referer: https://140.111.67.82/wp-admin/
[Wed Aug 26 03:23:57.922879 2026] [authz_core:debug] [pid 2281923:tid 2281923] mod_authz_core.c(815): [client 103.153.183.69:18828] AH01626: authorization result of : granted, referer: https://140.111.67.82/wp-admin/
[Wed Aug 26 03:23:57.949548 2026] [deflate:debug] [pid 2281923:tid 2281923] mod_deflate.c(909): [client 103.153.183.69:18828] AH01384: Zlib: Compressed 50629 to 9472 : URL /index.php, referer: https://140.111.67.82/wp-admin/
[Wed Aug 26 03:23:57.966721 2026] [ssl:debug] [pid 2281943:tid 2281943] ssl_engine_io.c(1150): [client 2a03:2880:f802:4:::63600] AH02001: Connection closed to child 4 with standard shutdown (server 2blog.ilc.edu.tw:443)
[Wed Aug 26 03:23:58.039342 2026] [ssl:debug] [pid 2281945:tid 2281945] ssl_engine_kernel.c(254): [client 140.111.67.80:54909] AH02034: Subsequent (No.44) HTTPS request received for child 12 (server 2blog.ilc.edu.tw:443), referer: https://140.111.67.80/wp-admin/
[Wed Aug 26 03:23:58.039549 2026] [authz_core:debug] [pid 2281945:tid 2281945] mod_authz_core.c(815): [client 140.111.67.80:54909] AH01626: authorization result of Require all granted: granted, referer: https://140.111.67.80/wp-admin/
[Wed Aug 26 03:23:58.039556 2026] [authz_core:debug] [pid 2281945:tid 2281945] mod_authz_core.c(815): [client 140.111.67.80:54909] AH01626: authorization result of : granted, referer: https://140.111.67.80/wp-admin/
[Wed Aug 26 03:23:58.039728 2026] [authz_core:debug] [pid 2281945:tid 2281945] mod_authz_core.c(815): [client 140.111.67.80:54909] AH01626: authorization result of Require all granted: granted, referer: https://140.111.67.80/wp-admin/
[Wed Aug 26 03:23:58.039736 2026] [authz_core:debug] [pid 2281945:tid 2281945] mod_authz_core.c(815): [client 140.111.67.80:54909] AH01626: authorization result of : granted, referer: https://140.111.67.80/wp-admin/
[Wed Aug 26 03:23:58.073807 2026] [ssl:info] [pid 2282122:tid 2282122] [client 2a03:2880:18ff:2e:::51312] AH01964: Connection to child 1 established (server 2blog.ilc.edu.tw:443)
[Wed Aug 26 03:23:58.073977 2026] [ssl:debug] [pid 2282122:tid 2282122] ssl_engine_kernel.c(2222): [client 2a03:2880:18ff:2e:::51312] AH02043: SSL virtual host for servername 2blog.ilc.edu.tw found
[Wed Aug 26 03:23:58.074036 2026] [core:debug] [pid 2282122:tid 2282122] protocol.c(2460): [client 2a03:2880:18ff:2e:::51312] AH03155: select protocol from , choices=h2,http/1.1 for server 2blog.ilc.edu.tw
[Wed Aug 26 03:23:58.082136 2026] [ssl:info] [pid 2282108:tid 2282108] [client 2a03:2880:10ff:43:::40936] AH01964: Connection to child 20 established (server 2blog.ilc.edu.tw:443)
[Wed Aug 26 03:23:58.082329 2026] [ssl:debug] [pid 2282108:tid 2282108] ssl_engine_kernel.c(2222): [client 2a03:2880:10ff:43:::40936] AH02043: SSL virtual host for servername 2blog.ilc.edu.tw found
[Wed Aug 26 03:23:58.082398 2026] [core:debug] [pid 2282108:tid 2282108] protocol.c(2460): [client 2a03:2880:10ff:43:::40936] AH03155: select protocol from , choices=h2,http/1.1 for server 2blog.ilc.edu.tw
[Wed Aug 26 03:23:58.089044 2026] [ssl:debug] [pid 2282031:tid 2282031] ssl_engine_io.c(1150): [client 34.10.180.98:16896] AH02001: Connection closed to child 0 with standard shutdown (server 2blog.ilc.edu.tw:443)
[Wed Aug 26 03:23:58.104893 2026] [ssl:info] [pid 2281981:tid 2281981] [client 2a03:2880:16ff:5:::54248] AH01964: Connection to child 24 established (server 2blog.ilc.edu.tw:443)
[Wed Aug 26 03:23:58.105152 2026] [ssl:debug] [pid 2281981:tid 2281981] ssl_engine_kernel.c(2222): [client 2a03:2880:16ff:5:::54248] AH02043: SSL virtual host for servername 2blog.ilc.edu.tw found
[Wed Aug 26 03:23:58.105218 2026] [core:debug] [pid 2281981:tid 2281981] protocol.c(2460): [client 2a03:2880:16ff:5:::54248] AH03155: select protocol from , choices=h2,http/1.1 for server 2blog.ilc.edu.tw
[Wed Aug 26 03:23:58.126567 2026] [headers:debug] [pid 2282087:tid 2282087] mod_headers.c(900): AH01503: headers: ap_headers_error_filter()
[Wed Aug 26 03:23:58.184274 2026] [ssl:debug] [pid 2281942:tid 2281942] ssl_engine_kernel.c(2082): [client 44.210.204.255:25590] AH02041: Protocol: TLSv1.3, Cipher: TLS_AES_256_GCM_SHA384 (256/256 bits)
[Wed Aug 26 03:23:58.184347 2026] [socache_shmcb:debug] [pid 2281942:tid 2281942] mod_socache_shmcb.c(508): AH00831: socache_shmcb_store (0xbb -> subcache 27)
[Wed Aug 26 03:23:58.184354 2026] [socache_shmcb:debug] [pid 2281942:tid 2281942] mod_socache_shmcb.c(745): AH00842: expiring 1 and reclaiming 0 removed socache entries
[Wed Aug 26 03:23:58.184357 2026] [socache_shmcb:debug] [pid 2281942:tid 2281942] mod_socache_shmcb.c(765): AH00843: we now have 29 socache entries
[Wed Aug 26 03:23:58.184360 2026] [socache_shmcb:debug] [pid 2281942:tid 2281942] mod_socache_shmcb.c(860): AH00847: insert happened at idx=77, data=(3522:3554)
[Wed Aug 26 03:23:58.184363 2026] [socache_shmcb:debug] [pid 2281942:tid 2281942] mod_socache_shmcb.c(863): AH00848: finished insert, subcache: idx_pos/idx_used=48/30, data_pos/data_used=11010/6589
[Wed Aug 26 03:23:58.184366 2026] [socache_shmcb:debug] [pid 2281942:tid 2281942] mod_socache_shmcb.c(530): AH00834: leaving socache_shmcb_store successfully
[Wed Aug 26 03:23:58.184436 2026] [socache_shmcb:debug] [pid 2281942:tid 2281942] mod_socache_shmcb.c(508): AH00831: socache_shmcb_store (0xc6 -> subcache 6)
[Wed Aug 26 03:23:58.184442 2026] [socache_shmcb:debug] [pid 2281942:tid 2281942] mod_socache_shmcb.c(745): AH00842: expiring 3 and reclaiming 0 removed socache entries
[Wed Aug 26 03:23:58.184445 2026] [socache_shmcb:debug] [pid 2281942:tid 2281942] mod_socache_shmcb.c(765): AH00843: we now have 29 socache entries
[Wed Aug 26 03:23:58.184448 2026] [socache_shmcb:debug] [pid 2281942:tid 2281942] mod_socache_shmcb.c(860): AH00847: insert happened at idx=67, data=(8946:8978)
[Wed Aug 26 03:23:58.184450 2026] [socache_shmcb:debug] [pid 2281942:tid 2281942] mod_socache_shmcb.c(863): AH00848: finished insert, subcache: idx_pos/idx_used=38/30, data_pos/data_used=2571/6589
[Wed Aug 26 03:23:58.184453 2026] [socache_shmcb:debug] [pid 2281942:tid 2281942] mod_socache_shmcb.c(530): AH00834: leaving socache_shmcb_store successfully
[Wed Aug 26 03:23:58.184611 2026] [ssl:debug] [pid 2281942:tid 2281942] ssl_engine_kernel.c(254): [client 44.210.204.255:25590] AH02034: Initial (No.1) HTTPS request received for child 2 (server 2blog.ilc.edu.tw:443)
[Wed Aug 26 03:23:58.184841 2026] [authz_core:debug] [pid 2281942:tid 2281942] mod_authz_core.c(815): [client 44.210.204.255:25590] AH01626: authorization result of Require all granted: granted
[Wed Aug 26 03:23:58.184847 2026] [authz_core:debug] [pid 2281942:tid 2281942] mod_authz_core.c(815): [client 44.210.204.255:25590] AH01626: authorization result of : granted
[Wed Aug 26 03:23:58.185076 2026] [ssl:info] [pid 2282076:tid 2282076] [client 2001:288:a201::66:125:64363] AH01964: Connection to child 18 established (server 2blog.ilc.edu.tw:443)
[Wed Aug 26 03:23:58.185202 2026] [authz_core:debug] [pid 2281942:tid 2281942] mod_authz_core.c(815): [client 44.210.204.255:25590] AH01626: authorization result of Require all granted: granted
[Wed Aug 26 03:23:58.185211 2026] [authz_core:debug] [pid 2281942:tid 2281942] mod_authz_core.c(815): [client 44.210.204.255:25590] AH01626: authorization result of : granted
[Wed Aug 26 03:23:58.185277 2026] [ssl:debug] [pid 2282076:tid 2282076] ssl_engine_kernel.c(2252): [client 2001:288:a201::66:125:64363] AH02645: Server name not provided via TLS extension (using default/first virtual host)
[Wed Aug 26 03:23:58.185308 2026] [socache_shmcb:debug] [pid 2282076:tid 2282076] mod_socache_shmcb.c(545): AH00835: socache_shmcb_retrieve (0x4e -> subcache 14)
[Wed Aug 26 03:23:58.185312 2026] [socache_shmcb:debug] [pid 2282076:tid 2282076] mod_socache_shmcb.c(896): AH00849: match at idx=69, data=9835
[Wed Aug 26 03:23:58.185314 2026] [socache_shmcb:debug] [pid 2282076:tid 2282076] mod_socache_shmcb.c(556): AH00836: leaving socache_shmcb_retrieve successfully
[Wed Aug 26 03:23:58.186652 2026] [ssl:debug] [pid 2282076:tid 2282076] ssl_engine_kernel.c(2082): [client 2001:288:a201::66:125:64363] AH02041: Protocol: TLSv1.2, Cipher: ECDHE-RSA-AES256-GCM-SHA384 (256/256 bits)
[Wed Aug 26 03:23:58.186773 2026] [ssl:debug] [pid 2282076:tid 2282076] ssl_engine_kernel.c(254): [client 2001:288:a201::66:125:64363] AH02034: Initial (No.1) HTTPS request received for child 18 (server 2blog.ilc.edu.tw:443)
[Wed Aug 26 03:23:58.186942 2026] [authz_core:debug] [pid 2282076:tid 2282076] mod_authz_core.c(815): [client 2001:288:a201::66:125:64363] AH01626: authorization result of Require all granted: granted
[Wed Aug 26 03:23:58.186949 2026] [authz_core:debug] [pid 2282076:tid 2282076] mod_authz_core.c(815): [client 2001:288:a201::66:125:64363] AH01626: authorization result of : granted
[Wed Aug 26 03:23:58.187169 2026] [authz_core:debug] [pid 2282076:tid 2282076] mod_authz_core.c(815): [client 2001:288:a201::66:125:64363] AH01626: authorization result of Require all granted: granted
[Wed Aug 26 03:23:58.187179 2026] [authz_core:debug] [pid 2282076:tid 2282076] mod_authz_core.c(815): [client 2001:288:a201::66:125:64363] AH01626: authorization result of : granted
[Wed Aug 26 03:23:58.187195 2026] [php7:error] [pid 2282076:tid 2282076] [client 2001:288:a201::66:125:64363] script '/var/www/html/2blog/active.php' not found or unable to stat
[Wed Aug 26 03:23:58.187208 2026] [headers:debug] [pid 2282076:tid 2282076] mod_headers.c(900): AH01503: headers: ap_headers_error_filter()
[Wed Aug 26 03:23:58.187356 2026] [ssl:debug] [pid 2282076:tid 2282076] ssl_engine_io.c(1150): [client 2001:288:a201::66:125:64363] AH02001: Connection closed to child 18 with standard shutdown (server 2blog.ilc.edu.tw:443)
[Wed Aug 26 03:23:58.196560 2026] [ssl:info] [pid 2282059:tid 2282059] [client 2a03:2880:16ff:23:::46578] AH01964: Connection to child 8 established (server 2blog.ilc.edu.tw:443)
[Wed Aug 26 03:23:58.196881 2026] [ssl:debug] [pid 2282059:tid 2282059] ssl_engine_kernel.c(2222): [client 2a03:2880:16ff:23:::46578] AH02043: SSL virtual host for servername 2blog.ilc.edu.tw found
[Wed Aug 26 03:23:58.197002 2026] [core:debug] [pid 2282059:tid 2282059] protocol.c(2460): [client 2a03:2880:16ff:23:::46578] AH03155: select protocol from , choices=h2,http/1.1 for server 2blog.ilc.edu.tw
[Wed Aug 26 03:23:58.197489 2026] [ssl:info] [pid 2282072:tid 2282072] [client 2a03:2880:10ff:56:::56040] AH01964: Connection to child 14 established (server 2blog.ilc.edu.tw:443)
[Wed Aug 26 03:23:58.197621 2026] [ssl:debug] [pid 2282072:tid 2282072] ssl_engine_kernel.c(2222): [client 2a03:2880:10ff:56:::56040] AH02043: SSL virtual host for servername 2blog.ilc.edu.tw found
[Wed Aug 26 03:23:58.197712 2026] [core:debug] [pid 2282072:tid 2282072] protocol.c(2460): [client 2a03:2880:10ff:56:::56040] AH03155: select protocol from , choices=h2,http/1.1 for server 2blog.ilc.edu.tw
[Wed Aug 26 03:23:58.197920 2026] [ssl:info] [pid 2282065:tid 2282065] [client 2a03:2880:10ff:56:::56042] AH01964: Connection to child 15 established (server 2blog.ilc.edu.tw:443)
[Wed Aug 26 03:23:58.198025 2026] [ssl:debug] [pid 2282065:tid 2282065] ssl_engine_kernel.c(2222): [client 2a03:2880:10ff:56:::56042] AH02043: SSL virtual host for servername 2blog.ilc.edu.tw found
[Wed Aug 26 03:23:58.198068 2026] [core:debug] [pid 2282065:tid 2282065] protocol.c(2460): [client 2a03:2880:10ff:56:::56042] AH03155: select protocol from , choices=h2,http/1.1 for server 2blog.ilc.edu.tw
[Wed Aug 26 03:23:58.207879 2026] [ssl:info] [pid 2281943:tid 2281943] [client 2a03:2880:18ff:4b:::32894] AH01964: Connection to child 4 established (server 2blog.ilc.edu.tw:443)
[Wed Aug 26 03:23:58.208012 2026] [ssl:debug] [pid 2282103:tid 2282103] ssl_engine_kernel.c(254): [client 103.153.183.69:18834] AH02034: Subsequent (No.44) HTTPS request received for child 11 (server 2blog.ilc.edu.tw:443), referer: https://140.111.67.80/wp-admin/
[Wed Aug 26 03:23:58.208031 2026] [ssl:debug] [pid 2281943:tid 2281943] ssl_engine_kernel.c(2222): [client 2a03:2880:18ff:4b:::32894] AH02043: SSL virtual host for servername 2blog.ilc.edu.tw found
[Wed Aug 26 03:23:58.208120 2026] [core:debug] [pid 2281943:tid 2281943] protocol.c(2460): [client 2a03:2880:18ff:4b:::32894] AH03155: select protocol from , choices=h2,http/1.1 for server 2blog.ilc.edu.tw
[Wed Aug 26 03:23:58.208213 2026] [authz_core:debug] [pid 2282103:tid 2282103] mod_authz_core.c(815): [client 103.153.183.69:18834] AH01626: authorization result of Require all granted: granted, referer: https://140.111.67.80/wp-admin/
[Wed Aug 26 03:23:58.208223 2026] [authz_core:debug] [pid 2282103:tid 2282103] mod_authz_core.c(815): [client 103.153.183.69:18834] AH01626: authorization result of : granted, referer: https://140.111.67.80/wp-admin/
[Wed Aug 26 03:23:58.208401 2026] [authz_core:debug] [pid 2282103:tid 2282103] mod_authz_core.c(815): [client 103.153.183.69:18834] AH01626: authorization result of Require all granted: granted, referer: https://140.111.67.80/wp-admin/
[Wed Aug 26 03:23:58.208409 2026] [authz_core:debug] [pid 2282103:tid 2282103] mod_authz_core.c(815): [client 103.153.183.69:18834] AH01626: authorization result of : granted, referer: https://140.111.67.80/wp-admin/
[Wed Aug 26 03:23:58.224286 2026] [deflate:debug] [pid 2282103:tid 2282103] mod_deflate.c(909): [client 103.153.183.69:18834] AH01384: Zlib: Compressed 50629 to 9472 : URL /index.php, referer: https://140.111.67.80/wp-admin/
[Wed Aug 26 03:23:58.243909 2026] [ssl:debug] [pid 2282061:tid 2282061] ssl_engine_io.c(1150): [client 34.42.229.145:36864] AH02001: Connection closed to child 9 with standard shutdown (server 2blog.ilc.edu.tw:443)
[Wed Aug 26 03:23:58.261454 2026] [ssl:debug] [pid 2282122:tid 2282122] ssl_engine_kernel.c(2082): [client 2a03:2880:18ff:2e:::51312] AH02041: Protocol: TLSv1.3, Cipher: TLS_AES_256_GCM_SHA384 (256/256 bits)
[Wed Aug 26 03:23:58.261505 2026] [socache_shmcb:debug] [pid 2282122:tid 2282122] mod_socache_shmcb.c(508): AH00831: socache_shmcb_store (0x87 -> subcache 7)
[Wed Aug 26 03:23:58.261519 2026] [socache_shmcb:debug] [pid 2282122:tid 2282122] mod_socache_shmcb.c(860): AH00847: insert happened at idx=72, data=(10224:10256)
[Wed Aug 26 03:23:58.261521 2026] [socache_shmcb:debug] [pid 2282122:tid 2282122] mod_socache_shmcb.c(863): AH00848: finished insert, subcache: idx_pos/idx_used=37/36, data_pos/data_used=2487/7962
[Wed Aug 26 03:23:58.261524 2026] [socache_shmcb:debug] [pid 2282122:tid 2282122] mod_socache_shmcb.c(530): AH00834: leaving socache_shmcb_store successfully
[Wed Aug 26 03:23:58.261577 2026] [socache_shmcb:debug] [pid 2282122:tid 2282122] mod_socache_shmcb.c(508): AH00831: socache_shmcb_store (0x13 -> subcache 19)
[Wed Aug 26 03:23:58.261581 2026] [socache_shmcb:debug] [pid 2282122:tid 2282122] mod_socache_shmcb.c(745): AH00842: expiring 3 and reclaiming 0 removed socache entries
[Wed Aug 26 03:23:58.261583 2026] [socache_shmcb:debug] [pid 2282122:tid 2282122] mod_socache_shmcb.c(765): AH00843: we now have 35 socache entries
[Wed Aug 26 03:23:58.261585 2026] [socache_shmcb:debug] [pid 2282122:tid 2282122] mod_socache_shmcb.c(860): AH00847: insert happened at idx=54, data=(6123:6155)
[Wed Aug 26 03:23:58.261587 2026] [socache_shmcb:debug] [pid 2282122:tid 2282122] mod_socache_shmcb.c(863): AH00848: finished insert, subcache: idx_pos/idx_used=19/36, data_pos/data_used=12229/7984
[Wed Aug 26 03:23:58.261589 2026] [socache_shmcb:debug] [pid 2282122:tid 2282122] mod_socache_shmcb.c(530): AH00834: leaving socache_shmcb_store successfully
[Wed Aug 26 03:23:58.261715 2026] [ssl:debug] [pid 2282122:tid 2282122] ssl_engine_kernel.c(254): [client 2a03:2880:18ff:2e:::51312] AH02034: Initial (No.1) HTTPS request received for child 1 (server 2blog.ilc.edu.tw:443), referer: https://2blog.ilc.edu.tw/868/44524/
[Wed Aug 26 03:23:58.269532 2026] [ssl:debug] [pid 2282108:tid 2282108] ssl_engine_kernel.c(2082): [client 2a03:2880:10ff:43:::40936] AH02041: Protocol: TLSv1.3, Cipher: TLS_AES_256_GCM_SHA384 (256/256 bits)
[Wed Aug 26 03:23:58.269592 2026] [socache_shmcb:debug] [pid 2282108:tid 2282108] mod_socache_shmcb.c(508): AH00831: socache_shmcb_store (0x68 -> subcache 8)
[Wed Aug 26 03:23:58.269611 2026] [socache_shmcb:debug] [pid 2282108:tid 2282108] mod_socache_shmcb.c(745): AH00842: expiring 2 and reclaiming 0 removed socache entries
[Wed Aug 26 03:23:58.269615 2026] [socache_shmcb:debug] [pid 2282108:tid 2282108] mod_socache_shmcb.c(765): AH00843: we now have 43 socache entries
[Wed Aug 26 03:23:58.269618 2026] [socache_shmcb:debug] [pid 2282108:tid 2282108] mod_socache_shmcb.c(860): AH00847: insert happened at idx=82, data=(12885:12917)
[Wed Aug 26 03:23:58.269621 2026] [socache_shmcb:debug] [pid 2282108:tid 2282108] mod_socache_shmcb.c(863): AH00848: finished insert, subcache: idx_pos/idx_used=39/44, data_pos/data_used=3369/9741
[Wed Aug 26 03:23:58.269624 2026] [socache_shmcb:debug] [pid 2282108:tid 2282108] mod_socache_shmcb.c(530): AH00834: leaving socache_shmcb_store successfully
[Wed Aug 26 03:23:58.269707 2026] [socache_shmcb:debug] [pid 2282108:tid 2282108] mod_socache_shmcb.c(508): AH00831: socache_shmcb_store (0x5f -> subcache 31)
[Wed Aug 26 03:23:58.269715 2026] [socache_shmcb:debug] [pid 2282108:tid 2282108] mod_socache_shmcb.c(745): AH00842: expiring 1 and reclaiming 0 removed socache entries
[Wed Aug 26 03:23:58.269717 2026] [socache_shmcb:debug] [pid 2282108:tid 2282108] mod_socache_shmcb.c(765): AH00843: we now have 35 socache entries
[Wed Aug 26 03:23:58.269719 2026] [socache_shmcb:debug] [pid 2282108:tid 2282108] mod_socache_shmcb.c(860): AH00847: insert happened at idx=55, data=(6494:6526)
[Wed Aug 26 03:23:58.269721 2026] [socache_shmcb:debug] [pid 2282108:tid 2282108] mod_socache_shmcb.c(863): AH00848: finished insert, subcache: idx_pos/idx_used=20/36, data_pos/data_used=12606/7977
[Wed Aug 26 03:23:58.269723 2026] [socache_shmcb:debug] [pid 2282108:tid 2282108] mod_socache_shmcb.c(530): AH00834: leaving socache_shmcb_store successfully
[Wed Aug 26 03:23:58.269843 2026] [ssl:debug] [pid 2282108:tid 2282108] ssl_engine_kernel.c(254): [client 2a03:2880:10ff:43:::40936] AH02034: Initial (No.1) HTTPS request received for child 20 (server 2blog.ilc.edu.tw:443), referer: https://2blog.ilc.edu.tw/868/44524/
[Wed Aug 26 03:23:58.271719 2026] [authz_core:debug] [pid 2282122:tid 2282122] mod_authz_core.c(815): [client 2a03:2880:18ff:2e:::51312] AH01626: authorization result of Require all granted: granted, referer: https://2blog.ilc.edu.tw/868/44524/
[Wed Aug 26 03:23:58.271739 2026] [authz_core:debug] [pid 2282122:tid 2282122] mod_authz_core.c(815): [client 2a03:2880:18ff:2e:::51312] AH01626: authorization result of : granted, referer: https://2blog.ilc.edu.tw/868/44524/
[Wed Aug 26 03:23:58.271870 2026] [authz_core:debug] [pid 2282108:tid 2282108] mod_authz_core.c(815): [client 2a03:2880:10ff:43:::40936] AH01626: authorization result of Require all granted: granted, referer: https://2blog.ilc.edu.tw/868/44524/
[Wed Aug 26 03:23:58.271886 2026] [authz_core:debug] [pid 2282108:tid 2282108] mod_authz_core.c(815): [client 2a03:2880:10ff:43:::40936] AH01626: authorization result of : granted, referer: https://2blog.ilc.edu.tw/868/44524/
[Wed Aug 26 03:23:58.303516 2026] [ssl:debug] [pid 2281981:tid 2281981] ssl_engine_kernel.c(2082): [client 2a03:2880:16ff:5:::54248] AH02041: Protocol: TLSv1.3, Cipher: TLS_AES_256_GCM_SHA384 (256/256 bits)
[Wed Aug 26 03:23:58.303593 2026] [socache_shmcb:debug] [pid 2281981:tid 2281981] mod_socache_shmcb.c(508): AH00831: socache_shmcb_store (0xe1 -> subcache 1)
[Wed Aug 26 03:23:58.303647 2026] [socache_shmcb:debug] [pid 2281981:tid 2281981] mod_socache_shmcb.c(745): AH00842: expiring 1 and reclaiming 0 removed socache entries
[Wed Aug 26 03:23:58.303652 2026] [socache_shmcb:debug] [pid 2281981:tid 2281981] mod_socache_shmcb.c(765): AH00843: we now have 42 socache entries
[Wed Aug 26 03:23:58.303656 2026] [socache_shmcb:debug] [pid 2281981:tid 2281981] mod_socache_shmcb.c(860): AH00847: insert happened at idx=52, data=(11321:11353)
[Wed Aug 26 03:23:58.303659 2026] [socache_shmcb:debug] [pid 2281981:tid 2281981] mod_socache_shmcb.c(863): AH00848: finished insert, subcache: idx_pos/idx_used=10/43, data_pos/data_used=2039/9508
[Wed Aug 26 03:23:58.303662 2026] [socache_shmcb:debug] [pid 2281981:tid 2281981] mod_socache_shmcb.c(530): AH00834: leaving socache_shmcb_store successfully
[Wed Aug 26 03:23:58.303810 2026] [socache_shmcb:debug] [pid 2281981:tid 2281981] mod_socache_shmcb.c(508): AH00831: socache_shmcb_store (0xf9 -> subcache 25)
[Wed Aug 26 03:23:58.303850 2026] [socache_shmcb:debug] [pid 2281981:tid 2281981] mod_socache_shmcb.c(745): AH00842: expiring 4 and reclaiming 0 removed socache entries
[Wed Aug 26 03:23:58.303853 2026] [socache_shmcb:debug] [pid 2281981:tid 2281981] mod_socache_shmcb.c(765): AH00843: we now have 39 socache entries
[Wed Aug 26 03:23:58.303857 2026] [socache_shmcb:debug] [pid 2281981:tid 2281981] mod_socache_shmcb.c(860): AH00847: insert happened at idx=64, data=(8599:8631)
[Wed Aug 26 03:23:58.303859 2026] [socache_shmcb:debug] [pid 2281981:tid 2281981] mod_socache_shmcb.c(863): AH00848: finished insert, subcache: idx_pos/idx_used=25/40, data_pos/data_used=13770/8919
[Wed Aug 26 03:23:58.303862 2026] [socache_shmcb:debug] [pid 2281981:tid 2281981] mod_socache_shmcb.c(530): AH00834: leaving socache_shmcb_store successfully
[Wed Aug 26 03:23:58.304065 2026] [ssl:debug] [pid 2281981:tid 2281981] ssl_engine_kernel.c(254): [client 2a03:2880:16ff:5:::54248] AH02034: Initial (No.1) HTTPS request received for child 24 (server 2blog.ilc.edu.tw:443), referer: https://2blog.ilc.edu.tw/868/44524/
[Wed Aug 26 03:23:58.304890 2026] [authz_core:debug] [pid 2281981:tid 2281981] mod_authz_core.c(815): [client 2a03:2880:16ff:5:::54248] AH01626: authorization result of Require all granted: granted, referer: https://2blog.ilc.edu.tw/868/44524/
[Wed Aug 26 03:23:58.304913 2026] [authz_core:debug] [pid 2281981:tid 2281981] mod_authz_core.c(815): [client 2a03:2880:16ff:5:::54248] AH01626: authorization result of : granted, referer: https://2blog.ilc.edu.tw/868/44524/
[Wed Aug 26 03:23:58.389427 2026] [ssl:debug] [pid 2282072:tid 2282072] ssl_engine_kernel.c(2082): [client 2a03:2880:10ff:56:::56040] AH02041: Protocol: TLSv1.3, Cipher: TLS_AES_256_GCM_SHA384 (256/256 bits)
[Wed Aug 26 03:23:58.389478 2026] [socache_shmcb:debug] [pid 2282072:tid 2282072] mod_socache_shmcb.c(508): AH00831: socache_shmcb_store (0x7a -> subcache 26)
[Wed Aug 26 03:23:58.389484 2026] [socache_shmcb:debug] [pid 2282072:tid 2282072] mod_socache_shmcb.c(860): AH00847: insert happened at idx=60, data=(13382:13414)
[Wed Aug 26 03:23:58.389486 2026] [socache_shmcb:debug] [pid 2282072:tid 2282072] mod_socache_shmcb.c(863): AH00848: finished insert, subcache: idx_pos/idx_used=22/39, data_pos/data_used=4983/8624
[Wed Aug 26 03:23:58.389488 2026] [socache_shmcb:debug] [pid 2282072:tid 2282072] mod_socache_shmcb.c(530): AH00834: leaving socache_shmcb_store successfully
[Wed Aug 26 03:23:58.389544 2026] [socache_shmcb:debug] [pid 2282072:tid 2282072] mod_socache_shmcb.c(508): AH00831: socache_shmcb_store (0x09 -> subcache 9)
[Wed Aug 26 03:23:58.389548 2026] [socache_shmcb:debug] [pid 2282072:tid 2282072] mod_socache_shmcb.c(745): AH00842: expiring 1 and reclaiming 0 removed socache entries
[Wed Aug 26 03:23:58.389551 2026] [socache_shmcb:debug] [pid 2282072:tid 2282072] mod_socache_shmcb.c(765): AH00843: we now have 54 socache entries
[Wed Aug 26 03:23:58.389553 2026] [socache_shmcb:debug] [pid 2282072:tid 2282072] mod_socache_shmcb.c(860): AH00847: insert happened at idx=12, data=(2740:2772)
[Wed Aug 26 03:23:58.389565 2026] [socache_shmcb:debug] [pid 2282072:tid 2282072] mod_socache_shmcb.c(863): AH00848: finished insert, subcache: idx_pos/idx_used=46/55, data_pos/data_used=4699/12130
[Wed Aug 26 03:23:58.389567 2026] [socache_shmcb:debug] [pid 2282072:tid 2282072] mod_socache_shmcb.c(530): AH00834: leaving socache_shmcb_store successfully
[Wed Aug 26 03:23:58.390756 2026] [ssl:debug] [pid 2282065:tid 2282065] ssl_engine_kernel.c(2082): [client 2a03:2880:10ff:56:::56042] AH02041: Protocol: TLSv1.3, Cipher: TLS_AES_256_GCM_SHA384 (256/256 bits)
[Wed Aug 26 03:23:58.390767 2026] [ssl:debug] [pid 2282059:tid 2282059] ssl_engine_kernel.c(2082): [client 2a03:2880:16ff:23:::46578] AH02041: Protocol: TLSv1.3, Cipher: TLS_AES_256_GCM_SHA384 (256/256 bits)
[Wed Aug 26 03:23:58.390803 2026] [socache_shmcb:debug] [pid 2282059:tid 2282059] mod_socache_shmcb.c(508): AH00831: socache_shmcb_store (0xe5 -> subcache 5)
[Wed Aug 26 03:23:58.390808 2026] [socache_shmcb:debug] [pid 2282059:tid 2282059] mod_socache_shmcb.c(745): AH00842: expiring 1 and reclaiming 0 removed socache entries
[Wed Aug 26 03:23:58.390811 2026] [socache_shmcb:debug] [pid 2282059:tid 2282059] mod_socache_shmcb.c(765): AH00843: we now have 38 socache entries
[Wed Aug 26 03:23:58.390813 2026] [socache_shmcb:debug] [pid 2282059:tid 2282059] mod_socache_shmcb.c(860): AH00847: insert happened at idx=41, data=(9051:9083)
[Wed Aug 26 03:23:58.390815 2026] [socache_shmcb:debug] [pid 2282059:tid 2282059] mod_socache_shmcb.c(863): AH00848: finished insert, subcache: idx_pos/idx_used=3/39, data_pos/data_used=686/8590
[Wed Aug 26 03:23:58.390817 2026] [socache_shmcb:debug] [pid 2282059:tid 2282059] mod_socache_shmcb.c(530): AH00834: leaving socache_shmcb_store successfully
[Wed Aug 26 03:23:58.390825 2026] [socache_shmcb:debug] [pid 2282065:tid 2282065] mod_socache_shmcb.c(508): AH00831: socache_shmcb_store (0x53 -> subcache 19)
[Wed Aug 26 03:23:58.390832 2026] [socache_shmcb:debug] [pid 2282065:tid 2282065] mod_socache_shmcb.c(860): AH00847: insert happened at idx=55, data=(6349:6381)
[Wed Aug 26 03:23:58.390836 2026] [socache_shmcb:debug] [pid 2282065:tid 2282065] mod_socache_shmcb.c(863): AH00848: finished insert, subcache: idx_pos/idx_used=19/37, data_pos/data_used=12229/8210
[Wed Aug 26 03:23:58.390834 2026] [ssl:debug] [pid 2282072:tid 2282072] ssl_engine_kernel.c(254): [client 2a03:2880:10ff:56:::56040] AH02034: Initial (No.1) HTTPS request received for child 14 (server 2blog.ilc.edu.tw:443), referer: https://2blog.ilc.edu.tw/868/44524/
[Wed Aug 26 03:23:58.390839 2026] [socache_shmcb:debug] [pid 2282065:tid 2282065] mod_socache_shmcb.c(530): AH00834: leaving socache_shmcb_store successfully
[Wed Aug 26 03:23:58.390872 2026] [socache_shmcb:debug] [pid 2282059:tid 2282059] mod_socache_shmcb.c(508): AH00831: socache_shmcb_store (0x5b -> subcache 27)
[Wed Aug 26 03:23:58.390877 2026] [socache_shmcb:debug] [pid 2282059:tid 2282059] mod_socache_shmcb.c(860): AH00847: insert happened at idx=78, data=(3735:3767)
[Wed Aug 26 03:23:58.390878 2026] [socache_shmcb:debug] [pid 2282059:tid 2282059] mod_socache_shmcb.c(863): AH00848: finished insert, subcache: idx_pos/idx_used=48/31, data_pos/data_used=11010/6815
[Wed Aug 26 03:23:58.390880 2026] [socache_shmcb:debug] [pid 2282059:tid 2282059] mod_socache_shmcb.c(530): AH00834: leaving socache_shmcb_store successfully
[Wed Aug 26 03:23:58.390901 2026] [socache_shmcb:debug] [pid 2282065:tid 2282065] mod_socache_shmcb.c(508): AH00831: socache_shmcb_store (0x92 -> subcache 18)
[Wed Aug 26 03:23:58.390906 2026] [socache_shmcb:debug] [pid 2282065:tid 2282065] mod_socache_shmcb.c(745): AH00842: expiring 1 and reclaiming 0 removed socache entries
[Wed Aug 26 03:23:58.390909 2026] [socache_shmcb:debug] [pid 2282065:tid 2282065] mod_socache_shmcb.c(765): AH00843: we now have 38 socache entries
[Wed Aug 26 03:23:58.390912 2026] [socache_shmcb:debug] [pid 2282065:tid 2282065] mod_socache_shmcb.c(860): AH00847: insert happened at idx=51, data=(5637:5669)
[Wed Aug 26 03:23:58.390915 2026] [socache_shmcb:debug] [pid 2282065:tid 2282065] mod_socache_shmcb.c(863): AH00848: finished insert, subcache: idx_pos/idx_used=13/39, data_pos/data_used=11053/8674
[Wed Aug 26 03:23:58.390928 2026] [socache_shmcb:debug] [pid 2282065:tid 2282065] mod_socache_shmcb.c(530): AH00834: leaving socache_shmcb_store successfully
[Wed Aug 26 03:23:58.390985 2026] [ssl:debug] [pid 2282059:tid 2282059] ssl_engine_kernel.c(254): [client 2a03:2880:16ff:23:::46578] AH02034: Initial (No.1) HTTPS request received for child 8 (server 2blog.ilc.edu.tw:443), referer: https://2blog.ilc.edu.tw/868/44524/
[Wed Aug 26 03:23:58.391041 2026] [ssl:debug] [pid 2282065:tid 2282065] ssl_engine_kernel.c(254): [client 2a03:2880:10ff:56:::56042] AH02034: Initial (No.1) HTTPS request received for child 15 (server 2blog.ilc.edu.tw:443), referer: https://2blog.ilc.edu.tw/868/44524/
[Wed Aug 26 03:23:58.395515 2026] [ssl:debug] [pid 2281943:tid 2281943] ssl_engine_kernel.c(2082): [client 2a03:2880:18ff:4b:::32894] AH02041: Protocol: TLSv1.3, Cipher: TLS_AES_256_GCM_SHA384 (256/256 bits)
[Wed Aug 26 03:23:58.395577 2026] [socache_shmcb:debug] [pid 2281943:tid 2281943] mod_socache_shmcb.c(508): AH00831: socache_shmcb_store (0x19 -> subcache 25)
[Wed Aug 26 03:23:58.395585 2026] [socache_shmcb:debug] [pid 2281943:tid 2281943] mod_socache_shmcb.c(860): AH00847: insert happened at idx=65, data=(8825:8857)
[Wed Aug 26 03:23:58.395588 2026] [socache_shmcb:debug] [pid 2281943:tid 2281943] mod_socache_shmcb.c(863): AH00848: finished insert, subcache: idx_pos/idx_used=25/41, data_pos/data_used=13770/9145
[Wed Aug 26 03:23:58.395591 2026] [socache_shmcb:debug] [pid 2281943:tid 2281943] mod_socache_shmcb.c(530): AH00834: leaving socache_shmcb_store successfully
[Wed Aug 26 03:23:58.395664 2026] [socache_shmcb:debug] [pid 2281943:tid 2281943] mod_socache_shmcb.c(508): AH00831: socache_shmcb_store (0x52 -> subcache 18)
[Wed Aug 26 03:23:58.395671 2026] [socache_shmcb:debug] [pid 2281943:tid 2281943] mod_socache_shmcb.c(860): AH00847: insert happened at idx=52, data=(5863:5895)
[Wed Aug 26 03:23:58.395675 2026] [socache_shmcb:debug] [pid 2281943:tid 2281943] mod_socache_shmcb.c(863): AH00848: finished insert, subcache: idx_pos/idx_used=13/40, data_pos/data_used=11053/8899
[Wed Aug 26 03:23:58.395678 2026] [socache_shmcb:debug] [pid 2281943:tid 2281943] mod_socache_shmcb.c(530): AH00834: leaving socache_shmcb_store successfully
[Wed Aug 26 03:23:58.395827 2026] [ssl:debug] [pid 2281943:tid 2281943] ssl_engine_kernel.c(254): [client 2a03:2880:18ff:4b:::32894] AH02034: Initial (No.1) HTTPS request received for child 4 (server 2blog.ilc.edu.tw:443), referer: https://2blog.ilc.edu.tw/868/44524/
[Wed Aug 26 03:23:58.400694 2026] [ssl:debug] [pid 2281942:tid 2281942] ssl_engine_io.c(1150): [client 44.210.204.255:25590] AH02001: Connection closed to child 2 with standard shutdown (server 2blog.ilc.edu.tw:443)
[Wed Aug 26 03:23:58.538621 2026] [ssl:debug] [pid 2281920:tid 2281920] ssl_engine_kernel.c(254): [client 103.153.183.69:8728] AH02034: Subsequent (No.41) HTTPS request received for child 3 (server 2blog.ilc.edu.tw:443), referer: https://140.111.67.82/wp-admin/
[Wed Aug 26 03:23:58.538866 2026] [authz_core:debug] [pid 2281920:tid 2281920] mod_authz_core.c(815): [client 103.153.183.69:8728] AH01626: authorization result of Require all granted: granted, referer: https://140.111.67.82/wp-admin/
[Wed Aug 26 03:23:58.538873 2026] [authz_core:debug] [pid 2281920:tid 2281920] mod_authz_core.c(815): [client 103.153.183.69:8728] AH01626: authorization result of : granted, referer: https://140.111.67.82/wp-admin/
[Wed Aug 26 03:23:58.539051 2026] [authz_core:debug] [pid 2281920:tid 2281920] mod_authz_core.c(815): [client 103.153.183.69:8728] AH01626: authorization result of Require all granted: granted, referer: https://140.111.67.82/wp-admin/
[Wed Aug 26 03:23:58.539057 2026] [authz_core:debug] [pid 2281920:tid 2281920] mod_authz_core.c(815): [client 103.153.183.69:8728] AH01626: authorization result of : granted, referer: https://140.111.67.82/wp-admin/
[Wed Aug 26 03:23:58.545135 2026] [watchdog:debug] [pid 2282145:tid 2282145] mod_watchdog.c(559): AH02980: Watchdog: nothing configured?
[Wed Aug 26 03:23:58.549095 2026] [ssl:debug] [pid 2281945:tid 2281945] ssl_engine_kernel.c(254): [client 140.111.67.80:54909] AH02034: Subsequent (No.45) HTTPS request received for child 12 (server 2blog.ilc.edu.tw:443), referer: https://140.111.67.80/wp-admin/
[Wed Aug 26 03:23:58.549363 2026] [authz_core:debug] [pid 2281945:tid 2281945] mod_authz_core.c(815): [client 140.111.67.80:54909] AH01626: authorization result of Require all granted: granted, referer: https://140.111.67.80/wp-admin/
[Wed Aug 26 03:23:58.549376 2026] [authz_core:debug] [pid 2281945:tid 2281945] mod_authz_core.c(815): [client 140.111.67.80:54909] AH01626: authorization result of : granted, referer: https://140.111.67.80/wp-admin/
[Wed Aug 26 03:23:58.549569 2026] [authz_core:debug] [pid 2281945:tid 2281945] mod_authz_core.c(815): [client 140.111.67.80:54909] AH01626: authorization result of Require all granted: granted, referer: https://140.111.67.80/wp-admin/
[Wed Aug 26 03:23:58.549579 2026] [authz_core:debug] [pid 2281945:tid 2281945] mod_authz_core.c(815): [client 140.111.67.80:54909] AH01626: authorization result of : granted, referer: https://140.111.67.80/wp-admin/
[Wed Aug 26 03:23:58.644246 2026] [ssl:debug] [pid 2282108:tid 2282108] ssl_engine_io.c(1150): [client 2a03:2880:10ff:43:::40936] AH02001: Connection closed to child 20 with standard shutdown (server 2blog.ilc.edu.tw:443)
[Wed Aug 26 03:23:58.709105 2026] [ssl:debug] [pid 2281923:tid 2281923] ssl_engine_kernel.c(254): [client 103.153.183.69:18828] AH02034: Subsequent (No.41) HTTPS request received for child 10 (server 2blog.ilc.edu.tw:443), referer: https://140.111.67.82/wp-admin/
[Wed Aug 26 03:23:58.709317 2026] [authz_core:debug] [pid 2281923:tid 2281923] mod_authz_core.c(815): [client 103.153.183.69:18828] AH01626: authorization result of Require all granted: granted, referer: https://140.111.67.82/wp-admin/
[Wed Aug 26 03:23:58.709327 2026] [authz_core:debug] [pid 2281923:tid 2281923] mod_authz_core.c(815): [client 103.153.183.69:18828] AH01626: authorization result of : granted, referer: https://140.111.67.82/wp-admin/
[Wed Aug 26 03:23:58.709535 2026] [authz_core:debug] [pid 2281923:tid 2281923] mod_authz_core.c(815): [client 103.153.183.69:18828] AH01626: authorization result of Require all granted: granted, referer: https://140.111.67.82/wp-admin/
[Wed Aug 26 03:23:58.709543 2026] [authz_core:debug] [pid 2281923:tid 2281923] mod_authz_core.c(815): [client 103.153.183.69:18828] AH01626: authorization result of : granted, referer: https://140.111.67.82/wp-admin/
[Wed Aug 26 03:23:58.723019 2026] [ssl:debug] [pid 2282103:tid 2282103] ssl_engine_kernel.c(254): [client 103.153.183.69:18834] AH02034: Subsequent (No.45) HTTPS request received for child 11 (server 2blog.ilc.edu.tw:443), referer: https://140.111.67.80/wp-admin/
[Wed Aug 26 03:23:58.723200 2026] [authz_core:debug] [pid 2282103:tid 2282103] mod_authz_core.c(815): [client 103.153.183.69:18834] AH01626: authorization result of Require all granted: granted, referer: https://140.111.67.80/wp-admin/
[Wed Aug 26 03:23:58.723206 2026] [authz_core:debug] [pid 2282103:tid 2282103] mod_authz_core.c(815): [client 103.153.183.69:18834] AH01626: authorization result of : granted, referer: https://140.111.67.80/wp-admin/
[Wed Aug 26 03:23:58.723369 2026] [authz_core:debug] [pid 2282103:tid 2282103] mod_authz_core.c(815): [client 103.153.183.69:18834] AH01626: authorization result of Require all granted: granted, referer: https://140.111.67.80/wp-admin/
[Wed Aug 26 03:23:58.723376 2026] [authz_core:debug] [pid 2282103:tid 2282103] mod_authz_core.c(815): [client 103.153.183.69:18834] AH01626: authorization result of : granted, referer: https://140.111.67.80/wp-admin/
[Wed Aug 26 03:23:58.724451 2026] [deflate:debug] [pid 2281923:tid 2281923] mod_deflate.c(909): [client 103.153.183.69:18828] AH01384: Zlib: Compressed 50629 to 9472 : URL /index.php, referer: https://140.111.67.82/wp-admin/
[Wed Aug 26 03:23:58.738346 2026] [deflate:debug] [pid 2282103:tid 2282103] mod_deflate.c(909): [client 103.153.183.69:18834] AH01384: Zlib: Compressed 50629 to 9472 : URL /index.php, referer: https://140.111.67.80/wp-admin/
[Wed Aug 26 03:23:58.919785 2026] [ssl:debug] [pid 2281945:tid 2281945] ssl_engine_kernel.c(254): [client 140.111.67.80:54909] AH02034: Subsequent (No.46) HTTPS request received for child 12 (server 2blog.ilc.edu.tw:443), referer: https://140.111.67.80/wp-admin/
[Wed Aug 26 03:23:58.920044 2026] [authz_core:debug] [pid 2281945:tid 2281945] mod_authz_core.c(815): [client 140.111.67.80:54909] AH01626: authorization result of Require all granted: granted, referer: https://140.111.67.80/wp-admin/
[Wed Aug 26 03:23:58.920051 2026] [authz_core:debug] [pid 2281945:tid 2281945] mod_authz_core.c(815): [client 140.111.67.80:54909] AH01626: authorization result of : granted, referer: https://140.111.67.80/wp-admin/
[Wed Aug 26 03:23:58.961214 2026] [ssl:debug] [pid 2282044:tid 2282044] ssl_engine_io.c(1150): [client 34.10.180.98:43521] AH02001: Connection closed to child 7 with standard shutdown (server 2blog.ilc.edu.tw:443)
[Wed Aug 26 03:23:59.018333 2026] [ssl:debug] [pid 2282122:tid 2282122] ssl_engine_io.c(1150): [client 2a03:2880:18ff:2e:::51312] AH02001: Connection closed to child 1 with standard shutdown (server 2blog.ilc.edu.tw:443)
[Wed Aug 26 03:23:59.070326 2026] [ssl:debug] [pid 2282055:tid 2282055] ssl_engine_kernel.c(254): [client 66.249.79.138:57950] AH02034: Subsequent (No.12) HTTPS request received for child 6 (server www.jwes.ilc.edu.tw:443)
[Wed Aug 26 03:23:59.070559 2026] [authz_core:debug] [pid 2282055:tid 2282055] mod_authz_core.c(815): [client 66.249.79.138:57950] AH01626: authorization result of Require all granted: granted
[Wed Aug 26 03:23:59.070568 2026] [authz_core:debug] [pid 2282055:tid 2282055] mod_authz_core.c(815): [client 66.249.79.138:57950] AH01626: authorization result of : granted
