[Wed Aug 26 03:24:28.825921 2026] [socache_shmcb:debug] [pid 2281945:tid 2281945] mod_socache_shmcb.c(765): AH00843: we now have 59 socache entries
[Wed Aug 26 03:24:28.825923 2026] [socache_shmcb:debug] [pid 2281945:tid 2281945] mod_socache_shmcb.c(860): AH00847: insert happened at idx=61, data=(8099:8131)
[Wed Aug 26 03:24:28.825926 2026] [socache_shmcb:debug] [pid 2281945:tid 2281945] mod_socache_shmcb.c(863): AH00848: finished insert, subcache: idx_pos/idx_used=2/60, data_pos/data_used=8902/13287
[Wed Aug 26 03:24:28.825929 2026] [socache_shmcb:debug] [pid 2281945:tid 2281945] mod_socache_shmcb.c(530): AH00834: leaving socache_shmcb_store successfully
[Wed Aug 26 03:24:28.826004 2026] [socache_shmcb:debug] [pid 2281945:tid 2281945] mod_socache_shmcb.c(508): AH00831: socache_shmcb_store (0xbf -> subcache 31)
[Wed Aug 26 03:24:28.826011 2026] [socache_shmcb:debug] [pid 2281945:tid 2281945] mod_socache_shmcb.c(860): AH00847: insert happened at idx=60, data=(7612:7644)
[Wed Aug 26 03:24:28.826014 2026] [socache_shmcb:debug] [pid 2281945:tid 2281945] mod_socache_shmcb.c(863): AH00848: finished insert, subcache: idx_pos/idx_used=23/38, data_pos/data_used=13271/8431
[Wed Aug 26 03:24:28.826017 2026] [socache_shmcb:debug] [pid 2281945:tid 2281945] mod_socache_shmcb.c(530): AH00834: leaving socache_shmcb_store successfully
[Wed Aug 26 03:24:28.826226 2026] [ssl:debug] [pid 2281945:tid 2281945] ssl_engine_kernel.c(254): [client 2a03:2880:f802:4a:::32372] AH02034: Initial (No.1) HTTPS request received for child 12 (server 2blog.ilc.edu.tw:443)
[Wed Aug 26 03:24:28.826458 2026] [authz_core:debug] [pid 2281945:tid 2281945] mod_authz_core.c(815): [client 2a03:2880:f802:4a:::32372] AH01626: authorization result of Require all granted: granted
[Wed Aug 26 03:24:28.826466 2026] [authz_core:debug] [pid 2281945:tid 2281945] mod_authz_core.c(815): [client 2a03:2880:f802:4a:::32372] AH01626: authorization result of : granted
[Wed Aug 26 03:24:28.826626 2026] [authz_core:debug] [pid 2281945:tid 2281945] mod_authz_core.c(815): [client 2a03:2880:f802:4a:::32372] AH01626: authorization result of Require all granted: granted
[Wed Aug 26 03:24:28.826633 2026] [authz_core:debug] [pid 2281945:tid 2281945] mod_authz_core.c(815): [client 2a03:2880:f802:4a:::32372] AH01626: authorization result of : granted
[Wed Aug 26 03:24:28.902044 2026] [deflate:debug] [pid 2282044:tid 2282044] mod_deflate.c(909): [client 34.30.223.149:38401] AH01384: Zlib: Compressed 54775 to 10617 : URL /index.php
[Wed Aug 26 03:24:28.902485 2026] [ssl:info] [pid 2282209:tid 2282209] [client 66.249.71.9:60496] AH01964: Connection to child 8 established (server 2blog.ilc.edu.tw:443)
[Wed Aug 26 03:24:28.903166 2026] [ssl:debug] [pid 2282209:tid 2282209] ssl_engine_kernel.c(2222): [client 66.249.71.9:60496] AH02043: SSL virtual host for servername www.jwes.ilc.edu.tw found
[Wed Aug 26 03:24:28.903427 2026] [ssl:debug] [pid 2282209:tid 2282209] ssl_util_stapling.c(819): AH01951: stapling_cb: OCSP Stapling callback called
[Wed Aug 26 03:24:28.903444 2026] [ssl:info] [pid 2282209:tid 2282209] AH01926: stapling_get_certinfo: stapling not supported for certificate
[Wed Aug 26 03:24:28.913602 2026] [ssl:debug] [pid 2282209:tid 2282209] ssl_engine_kernel.c(2082): [client 66.249.71.9:60496] AH02041: Protocol: TLSv1.3, Cipher: TLS_AES_256_GCM_SHA384 (256/256 bits)
[Wed Aug 26 03:24:28.913678 2026] [socache_shmcb:debug] [pid 2282209:tid 2282209] mod_socache_shmcb.c(508): AH00831: socache_shmcb_store (0xbb -> subcache 27)
[Wed Aug 26 03:24:28.913691 2026] [socache_shmcb:debug] [pid 2282209:tid 2282209] mod_socache_shmcb.c(860): AH00847: insert happened at idx=84, data=(5043:5075)
[Wed Aug 26 03:24:28.913693 2026] [socache_shmcb:debug] [pid 2282209:tid 2282209] mod_socache_shmcb.c(863): AH00848: finished insert, subcache: idx_pos/idx_used=49/36, data_pos/data_used=11235/7888
[Wed Aug 26 03:24:28.913695 2026] [socache_shmcb:debug] [pid 2282209:tid 2282209] mod_socache_shmcb.c(530): AH00834: leaving socache_shmcb_store successfully
[Wed Aug 26 03:24:28.913762 2026] [socache_shmcb:debug] [pid 2282209:tid 2282209] mod_socache_shmcb.c(508): AH00831: socache_shmcb_store (0x20 -> subcache 0)
[Wed Aug 26 03:24:28.913769 2026] [socache_shmcb:debug] [pid 2282209:tid 2282209] mod_socache_shmcb.c(745): AH00842: expiring 1 and reclaiming 0 removed socache entries
[Wed Aug 26 03:24:28.913772 2026] [socache_shmcb:debug] [pid 2282209:tid 2282209] mod_socache_shmcb.c(765): AH00843: we now have 39 socache entries
[Wed Aug 26 03:24:28.913775 2026] [socache_shmcb:debug] [pid 2282209:tid 2282209] mod_socache_shmcb.c(860): AH00847: insert happened at idx=19, data=(4459:4491)
[Wed Aug 26 03:24:28.913777 2026] [socache_shmcb:debug] [pid 2282209:tid 2282209] mod_socache_shmcb.c(863): AH00848: finished insert, subcache: idx_pos/idx_used=68/40, data_pos/data_used=9676/8863
[Wed Aug 26 03:24:28.913780 2026] [socache_shmcb:debug] [pid 2282209:tid 2282209] mod_socache_shmcb.c(530): AH00834: leaving socache_shmcb_store successfully
[Wed Aug 26 03:24:28.913984 2026] [ssl:debug] [pid 2282209:tid 2282209] ssl_engine_kernel.c(254): [client 66.249.71.9:60496] AH02034: Initial (No.1) HTTPS request received for child 8 (server www.jwes.ilc.edu.tw:443)
[Wed Aug 26 03:24:28.914298 2026] [authz_core:debug] [pid 2282209:tid 2282209] mod_authz_core.c(815): [client 66.249.71.9:60496] AH01626: authorization result of Require all granted: granted
[Wed Aug 26 03:24:28.914306 2026] [authz_core:debug] [pid 2282209:tid 2282209] mod_authz_core.c(815): [client 66.249.71.9:60496] AH01626: authorization result of : granted
[Wed Aug 26 03:24:28.928074 2026] [deflate:debug] [pid 2281981:tid 2281981] mod_deflate.c(909): [client 34.10.180.98:18945] AH01384: Zlib: Compressed 43187 to 9974 : URL /index.php
[Wed Aug 26 03:24:28.929805 2026] [ssl:debug] [pid 2282033:tid 2282033] ssl_engine_kernel.c(254): [client 2409:8a62:1e05:28a5:a12c:9559:e56a:4c29:56730] AH02034: Subsequent (No.3) HTTPS request received for child 5 (server www.najh.ilc.edu.tw:443), referer: https://www.najh.ilc.edu.tw/2023/07/13/
[Wed Aug 26 03:24:28.930074 2026] [authz_core:debug] [pid 2282033:tid 2282033] mod_authz_core.c(815): [client 2409:8a62:1e05:28a5:a12c:9559:e56a:4c29:56730] AH01626: authorization result of Require all granted: granted, referer: https://www.najh.ilc.edu.tw/2023/07/13/
[Wed Aug 26 03:24:28.930090 2026] [authz_core:debug] [pid 2282033:tid 2282033] mod_authz_core.c(815): [client 2409:8a62:1e05:28a5:a12c:9559:e56a:4c29:56730] AH01626: authorization result of : granted, referer: https://www.najh.ilc.edu.tw/2023/07/13/
[Wed Aug 26 03:24:28.930392 2026] [deflate:debug] [pid 2282033:tid 2282033] mod_deflate.c(909): [client 2409:8a62:1e05:28a5:a12c:9559:e56a:4c29:56730] AH01384: Zlib: Compressed 5520 to 1785 : URL /wp-includes/js/imagesloaded.min.js, referer: https://www.najh.ilc.edu.tw/2023/07/13/
[Wed Aug 26 03:24:29.051090 2026] [ssl:debug] [pid 2282031:tid 2282031] ssl_engine_kernel.c(254): [client 34.57.162.91:9729] AH02034: Initial (No.1) HTTPS request received for child 0 (server 2blog.ilc.edu.tw:443)
[Wed Aug 26 03:24:29.051316 2026] [authz_core:debug] [pid 2282031:tid 2282031] mod_authz_core.c(815): [client 34.57.162.91:9729] AH01626: authorization result of Require all granted: granted
[Wed Aug 26 03:24:29.051324 2026] [authz_core:debug] [pid 2282031:tid 2282031] mod_authz_core.c(815): [client 34.57.162.91:9729] AH01626: authorization result of : granted
[Wed Aug 26 03:24:29.051513 2026] [authz_core:debug] [pid 2282031:tid 2282031] mod_authz_core.c(815): [client 34.57.162.91:9729] AH01626: authorization result of Require all granted: granted
[Wed Aug 26 03:24:29.051522 2026] [authz_core:debug] [pid 2282031:tid 2282031] mod_authz_core.c(815): [client 34.57.162.91:9729] AH01626: authorization result of : granted
[Wed Aug 26 03:24:29.086926 2026] [deflate:debug] [pid 2281945:tid 2281945] mod_deflate.c(909): [client 2a03:2880:f802:4a:::32372] AH01384: Zlib: Compressed 76949 to 12861 : URL /index.php
[Wed Aug 26 03:24:29.090767 2026] [authz_core:debug] [pid 2281942:tid 2281942] mod_authz_core.c(815): [client 159.223.156.245:49646] AH01626: authorization result of Require all granted: granted, referer: http://www.mses.ilc.edu.tw/
[Wed Aug 26 03:24:29.090789 2026] [authz_core:debug] [pid 2281942:tid 2281942] mod_authz_core.c(815): [client 159.223.156.245:49646] AH01626: authorization result of : granted, referer: http://www.mses.ilc.edu.tw/
[Wed Aug 26 03:24:29.090900 2026] [authz_core:debug] [pid 2281942:tid 2281942] mod_authz_core.c(815): [client 159.223.156.245:49646] AH01626: authorization result of Require all granted: granted, referer: http://www.mses.ilc.edu.tw/
[Wed Aug 26 03:24:29.090903 2026] [authz_core:debug] [pid 2281942:tid 2281942] mod_authz_core.c(815): [client 159.223.156.245:49646] AH01626: authorization result of : granted, referer: http://www.mses.ilc.edu.tw/
[Wed Aug 26 03:24:29.313641 2026] [ssl:info] [pid 2281920:tid 2281920] [client 20.125.101.194:39230] AH01964: Connection to child 3 established (server 2blog.ilc.edu.tw:443)
[Wed Aug 26 03:24:29.314430 2026] [ssl:debug] [pid 2281920:tid 2281920] ssl_engine_kernel.c(2222): [client 20.125.101.194:39230] AH02043: SSL virtual host for servername 2blog.ilc.edu.tw found
[Wed Aug 26 03:24:29.314510 2026] [core:debug] [pid 2281920:tid 2281920] protocol.c(2460): [client 20.125.101.194:39230] AH03155: select protocol from , choices=http/1.1 for server 2blog.ilc.edu.tw
[Wed Aug 26 03:24:29.365820 2026] [ssl:debug] [pid 2282033:tid 2282033] ssl_engine_kernel.c(254): [client 2409:8a62:1e05:28a5:a12c:9559:e56a:4c29:56730] AH02034: Subsequent (No.4) HTTPS request received for child 5 (server www.najh.ilc.edu.tw:443), referer: https://www.najh.ilc.edu.tw/2023/07/13/
[Wed Aug 26 03:24:29.366107 2026] [authz_core:debug] [pid 2282033:tid 2282033] mod_authz_core.c(815): [client 2409:8a62:1e05:28a5:a12c:9559:e56a:4c29:56730] AH01626: authorization result of Require all granted: granted, referer: https://www.najh.ilc.edu.tw/2023/07/13/
[Wed Aug 26 03:24:29.366116 2026] [authz_core:debug] [pid 2282033:tid 2282033] mod_authz_core.c(815): [client 2409:8a62:1e05:28a5:a12c:9559:e56a:4c29:56730] AH01626: authorization result of : granted, referer: https://www.najh.ilc.edu.tw/2023/07/13/
[Wed Aug 26 03:24:29.366714 2026] [deflate:debug] [pid 2282033:tid 2282033] mod_deflate.c(909): [client 2409:8a62:1e05:28a5:a12c:9559:e56a:4c29:56730] AH01384: Zlib: Compressed 19719 to 4232 : URL /wp-content/themes/oceanwp/assets/js/theme.min.js, referer: https://www.najh.ilc.edu.tw/2023/07/13/
[Wed Aug 26 03:24:29.413304 2026] [ssl:debug] [pid 2281945:tid 2281945] ssl_engine_io.c(1150): [client 2a03:2880:f802:4a:::32372] AH02001: Connection closed to child 12 with standard shutdown (server 2blog.ilc.edu.tw:443)
[Wed Aug 26 03:24:29.430426 2026] [ssl:info] [pid 2282105:tid 2282105] [client 140.111.67.80:17398] AH01964: Connection to child 13 established (server 2blog.ilc.edu.tw:443)
[Wed Aug 26 03:24:29.430606 2026] [ssl:debug] [pid 2282105:tid 2282105] ssl_engine_kernel.c(2252): [client 140.111.67.80:17398] AH02645: Server name not provided via TLS extension (using default/first virtual host)
[Wed Aug 26 03:24:29.430663 2026] [core:debug] [pid 2282105:tid 2282105] protocol.c(2460): [client 140.111.67.80:17398] AH03155: select protocol from , choices=http/1.1 for server 2blog.ilc.edu.tw
[Wed Aug 26 03:24:29.430701 2026] [ssl:debug] [pid 2282105:tid 2282105] ssl_util_stapling.c(819): AH01951: stapling_cb: OCSP Stapling callback called
[Wed Aug 26 03:24:29.430705 2026] [ssl:info] [pid 2282105:tid 2282105] AH01926: stapling_get_certinfo: stapling not supported for certificate
[Wed Aug 26 03:24:29.456543 2026] [ssl:debug] [pid 2281920:tid 2281920] ssl_engine_kernel.c(2082): [client 20.125.101.194:39230] AH02041: Protocol: TLSv1.3, Cipher: TLS_AES_256_GCM_SHA384 (256/256 bits)
[Wed Aug 26 03:24:29.456616 2026] [socache_shmcb:debug] [pid 2281920:tid 2281920] mod_socache_shmcb.c(508): AH00831: socache_shmcb_store (0xb8 -> subcache 24)
[Wed Aug 26 03:24:29.456626 2026] [socache_shmcb:debug] [pid 2281920:tid 2281920] mod_socache_shmcb.c(745): AH00842: expiring 2 and reclaiming 0 removed socache entries
[Wed Aug 26 03:24:29.456630 2026] [socache_shmcb:debug] [pid 2281920:tid 2281920] mod_socache_shmcb.c(765): AH00843: we now have 44 socache entries
[Wed Aug 26 03:24:29.456633 2026] [socache_shmcb:debug] [pid 2281920:tid 2281920] mod_socache_shmcb.c(860): AH00847: insert happened at idx=0, data=(47:79)
[Wed Aug 26 03:24:29.456636 2026] [socache_shmcb:debug] [pid 2281920:tid 2281920] mod_socache_shmcb.c(863): AH00848: finished insert, subcache: idx_pos/idx_used=44/45, data_pos/data_used=4198/9938
[Wed Aug 26 03:24:29.456638 2026] [socache_shmcb:debug] [pid 2281920:tid 2281920] mod_socache_shmcb.c(530): AH00834: leaving socache_shmcb_store successfully
[Wed Aug 26 03:24:29.456715 2026] [socache_shmcb:debug] [pid 2281920:tid 2281920] mod_socache_shmcb.c(508): AH00831: socache_shmcb_store (0x7d -> subcache 29)
[Wed Aug 26 03:24:29.456723 2026] [socache_shmcb:debug] [pid 2281920:tid 2281920] mod_socache_shmcb.c(745): AH00842: expiring 1 and reclaiming 0 removed socache entries
[Wed Aug 26 03:24:29.456725 2026] [socache_shmcb:debug] [pid 2281920:tid 2281920] mod_socache_shmcb.c(765): AH00843: we now have 39 socache entries
[Wed Aug 26 03:24:29.456728 2026] [socache_shmcb:debug] [pid 2281920:tid 2281920] mod_socache_shmcb.c(860): AH00847: insert happened at idx=9, data=(2215:2247)
[Wed Aug 26 03:24:29.456730 2026] [socache_shmcb:debug] [pid 2281920:tid 2281920] mod_socache_shmcb.c(863): AH00848: finished insert, subcache: idx_pos/idx_used=58/40, data_pos/data_used=7350/8955
[Wed Aug 26 03:24:29.456733 2026] [socache_shmcb:debug] [pid 2281920:tid 2281920] mod_socache_shmcb.c(530): AH00834: leaving socache_shmcb_store successfully
[Wed Aug 26 03:24:29.456876 2026] [ssl:debug] [pid 2281920:tid 2281920] ssl_engine_kernel.c(254): [client 20.125.101.194:39230] AH02034: Initial (No.1) HTTPS request received for child 3 (server 2blog.ilc.edu.tw:443)
[Wed Aug 26 03:24:29.457088 2026] [authz_core:debug] [pid 2281920:tid 2281920] mod_authz_core.c(815): [client 20.125.101.194:39230] AH01626: authorization result of Require all granted: granted
[Wed Aug 26 03:24:29.457094 2026] [authz_core:debug] [pid 2281920:tid 2281920] mod_authz_core.c(815): [client 20.125.101.194:39230] AH01626: authorization result of : granted
[Wed Aug 26 03:24:29.458250 2026] [authz_core:debug] [pid 2281920:tid 2281920] mod_authz_core.c(815): [client 20.125.101.194:39230] AH01626: authorization result of Require all granted: granted
[Wed Aug 26 03:24:29.458266 2026] [authz_core:debug] [pid 2281920:tid 2281920] mod_authz_core.c(815): [client 20.125.101.194:39230] AH01626: authorization result of : granted
[Wed Aug 26 03:24:29.583389 2026] [watchdog:debug] [pid 2282212:tid 2282212] mod_watchdog.c(559): AH02980: Watchdog: nothing configured?
[Wed Aug 26 03:24:29.585671 2026] [watchdog:debug] [pid 2282213:tid 2282213] mod_watchdog.c(559): AH02980: Watchdog: nothing configured?
[Wed Aug 26 03:24:29.802594 2026] [ssl:debug] [pid 2282033:tid 2282033] ssl_engine_kernel.c(254): [client 2409:8a62:1e05:28a5:a12c:9559:e56a:4c29:56730] AH02034: Subsequent (No.5) HTTPS request received for child 5 (server www.najh.ilc.edu.tw:443), referer: https://www.najh.ilc.edu.tw/2023/07/13/
[Wed Aug 26 03:24:29.802592 2026] [ssl:debug] [pid 2282055:tid 2282055] ssl_engine_kernel.c(254): [client 2409:8a62:1e05:28a5:a12c:9559:e56a:4c29:56718] AH02034: Subsequent (No.2) HTTPS request received for child 6 (server www.najh.ilc.edu.tw:443), referer: https://www.najh.ilc.edu.tw/2023/07/13/
[Wed Aug 26 03:24:29.802846 2026] [authz_core:debug] [pid 2282055:tid 2282055] mod_authz_core.c(815): [client 2409:8a62:1e05:28a5:a12c:9559:e56a:4c29:56718] AH01626: authorization result of Require all granted: granted, referer: https://www.najh.ilc.edu.tw/2023/07/13/
[Wed Aug 26 03:24:29.802851 2026] [authz_core:debug] [pid 2282055:tid 2282055] mod_authz_core.c(815): [client 2409:8a62:1e05:28a5:a12c:9559:e56a:4c29:56718] AH01626: authorization result of : granted, referer: https://www.najh.ilc.edu.tw/2023/07/13/
[Wed Aug 26 03:24:29.802881 2026] [authz_core:debug] [pid 2282033:tid 2282033] mod_authz_core.c(815): [client 2409:8a62:1e05:28a5:a12c:9559:e56a:4c29:56730] AH01626: authorization result of Require all granted: granted, referer: https://www.najh.ilc.edu.tw/2023/07/13/
[Wed Aug 26 03:24:29.802891 2026] [authz_core:debug] [pid 2282033:tid 2282033] mod_authz_core.c(815): [client 2409:8a62:1e05:28a5:a12c:9559:e56a:4c29:56730] AH01626: authorization result of : granted, referer: https://www.najh.ilc.edu.tw/2023/07/13/
[Wed Aug 26 03:24:29.803160 2026] [deflate:debug] [pid 2282055:tid 2282055] mod_deflate.c(909): [client 2409:8a62:1e05:28a5:a12c:9559:e56a:4c29:56718] AH01384: Zlib: Compressed 7540 to 2070 : URL /wp-content/themes/oceanwp/assets/js/drop-down-search.min.js, referer: https://www.najh.ilc.edu.tw/2023/07/13/
[Wed Aug 26 03:24:29.803399 2026] [deflate:debug] [pid 2282033:tid 2282033] mod_deflate.c(909): [client 2409:8a62:1e05:28a5:a12c:9559:e56a:4c29:56730] AH01384: Zlib: Compressed 14581 to 3765 : URL /wp-content/themes/oceanwp/assets/js/drop-down-mobile-menu.min.js, referer: https://www.najh.ilc.edu.tw/2023/07/13/
[Wed Aug 26 03:24:29.988124 2026] [ssl:debug] [pid 2282105:tid 2282105] ssl_engine_kernel.c(2082): [client 140.111.67.80:17398] AH02041: Protocol: TLSv1.3, Cipher: TLS_AES_256_GCM_SHA384 (256/256 bits)
[Wed Aug 26 03:24:29.988181 2026] [socache_shmcb:debug] [pid 2282105:tid 2282105] mod_socache_shmcb.c(508): AH00831: socache_shmcb_store (0x63 -> subcache 3)
[Wed Aug 26 03:24:29.988190 2026] [socache_shmcb:debug] [pid 2282105:tid 2282105] mod_socache_shmcb.c(860): AH00847: insert happened at idx=62, data=(8325:8357)
[Wed Aug 26 03:24:29.988193 2026] [socache_shmcb:debug] [pid 2282105:tid 2282105] mod_socache_shmcb.c(863): AH00848: finished insert, subcache: idx_pos/idx_used=2/61, data_pos/data_used=8902/13492
[Wed Aug 26 03:24:29.988195 2026] [socache_shmcb:debug] [pid 2282105:tid 2282105] mod_socache_shmcb.c(530): AH00834: leaving socache_shmcb_store successfully
[Wed Aug 26 03:24:29.988268 2026] [socache_shmcb:debug] [pid 2282105:tid 2282105] mod_socache_shmcb.c(508): AH00831: socache_shmcb_store (0x5b -> subcache 27)
[Wed Aug 26 03:24:29.988285 2026] [socache_shmcb:debug] [pid 2282105:tid 2282105] mod_socache_shmcb.c(860): AH00847: insert happened at idx=85, data=(5259:5291)
[Wed Aug 26 03:24:29.988287 2026] [socache_shmcb:debug] [pid 2282105:tid 2282105] mod_socache_shmcb.c(863): AH00848: finished insert, subcache: idx_pos/idx_used=49/37, data_pos/data_used=11235/8094
[Wed Aug 26 03:24:29.988289 2026] [socache_shmcb:debug] [pid 2282105:tid 2282105] mod_socache_shmcb.c(530): AH00834: leaving socache_shmcb_store successfully
[Wed Aug 26 03:24:30.045623 2026] [ssl:debug] [pid 2282105:tid 2282105] ssl_engine_kernel.c(254): [client 140.111.67.80:17398] AH02034: Initial (No.1) HTTPS request received for child 13 (server 2blog.ilc.edu.tw:443)
[Wed Aug 26 03:24:30.045847 2026] [authz_core:debug] [pid 2282105:tid 2282105] mod_authz_core.c(815): [client 140.111.67.80:17398] AH01626: authorization result of Require all granted: granted
[Wed Aug 26 03:24:30.045856 2026] [authz_core:debug] [pid 2282105:tid 2282105] mod_authz_core.c(815): [client 140.111.67.80:17398] AH01626: authorization result of : granted
[Wed Aug 26 03:24:30.046078 2026] [authz_core:debug] [pid 2282105:tid 2282105] mod_authz_core.c(815): [client 140.111.67.80:17398] AH01626: authorization result of Require all granted: granted
[Wed Aug 26 03:24:30.046086 2026] [authz_core:debug] [pid 2282105:tid 2282105] mod_authz_core.c(815): [client 140.111.67.80:17398] AH01626: authorization result of : granted
[Wed Aug 26 03:24:30.156120 2026] [ssl:info] [pid 2281920:tid 2281920] (70014)End of file found: [client 20.125.101.194:39230] AH01992: SSL library error 6 reading data
[Wed Aug 26 03:24:30.156226 2026] [ssl:debug] [pid 2281920:tid 2281920] ssl_engine_io.c(1150): [client 20.125.101.194:39230] AH02001: Connection closed to child 3 with standard shutdown (server 2blog.ilc.edu.tw:443)
[Wed Aug 26 03:24:30.191818 2026] [headers:debug] [pid 2281945:tid 2281945] mod_headers.c(900): AH01503: headers: ap_headers_error_filter()
[Wed Aug 26 03:24:30.201216 2026] [ssl:debug] [pid 2282055:tid 2282055] ssl_engine_kernel.c(254): [client 2409:8a62:1e05:28a5:a12c:9559:e56a:4c29:56718] AH02034: Subsequent (No.3) HTTPS request received for child 6 (server www.najh.ilc.edu.tw:443), referer: https://www.najh.ilc.edu.tw/2023/07/13/
[Wed Aug 26 03:24:30.201441 2026] [authz_core:debug] [pid 2282055:tid 2282055] mod_authz_core.c(815): [client 2409:8a62:1e05:28a5:a12c:9559:e56a:4c29:56718] AH01626: authorization result of Require all granted: granted, referer: https://www.najh.ilc.edu.tw/2023/07/13/
[Wed Aug 26 03:24:30.201446 2026] [authz_core:debug] [pid 2282055:tid 2282055] mod_authz_core.c(815): [client 2409:8a62:1e05:28a5:a12c:9559:e56a:4c29:56718] AH01626: authorization result of : granted, referer: https://www.najh.ilc.edu.tw/2023/07/13/
[Wed Aug 26 03:24:30.201698 2026] [deflate:debug] [pid 2282055:tid 2282055] mod_deflate.c(909): [client 2409:8a62:1e05:28a5:a12c:9559:e56a:4c29:56718] AH01384: Zlib: Compressed 4111 to 1423 : URL /wp-content/themes/oceanwp/assets/js/ow-lightbox.min.js, referer: https://www.najh.ilc.edu.tw/2023/07/13/
[Wed Aug 26 03:24:30.208651 2026] [ssl:debug] [pid 2282033:tid 2282033] ssl_engine_kernel.c(254): [client 2409:8a62:1e05:28a5:a12c:9559:e56a:4c29:56730] AH02034: Subsequent (No.6) HTTPS request received for child 5 (server www.najh.ilc.edu.tw:443), referer: https://www.najh.ilc.edu.tw/2023/07/13/
[Wed Aug 26 03:24:30.208975 2026] [authz_core:debug] [pid 2282033:tid 2282033] mod_authz_core.c(815): [client 2409:8a62:1e05:28a5:a12c:9559:e56a:4c29:56730] AH01626: authorization result of Require all granted: granted, referer: https://www.najh.ilc.edu.tw/2023/07/13/
[Wed Aug 26 03:24:30.208990 2026] [authz_core:debug] [pid 2282033:tid 2282033] mod_authz_core.c(815): [client 2409:8a62:1e05:28a5:a12c:9559:e56a:4c29:56730] AH01626: authorization result of : granted, referer: https://www.najh.ilc.edu.tw/2023/07/13/
[Wed Aug 26 03:24:30.209694 2026] [deflate:debug] [pid 2282033:tid 2282033] mod_deflate.c(909): [client 2409:8a62:1e05:28a5:a12c:9559:e56a:4c29:56730] AH01384: Zlib: Compressed 20216 to 7328 : URL /wp-content/themes/oceanwp/assets/js/vendors/magnific-popup.min.js, referer: https://www.najh.ilc.edu.tw/2023/07/13/
[Wed Aug 26 03:24:30.514875 2026] [ssl:info] [pid 2282212:tid 2282212] [client 140.111.67.10:39934] AH01964: Connection to child 11 established (server 2blog.ilc.edu.tw:443)
[Wed Aug 26 03:24:30.515227 2026] [ssl:info] [pid 2282212:tid 2282212] (70014)End of file found: [client 140.111.67.10:39934] AH02006: SSL handshake stopped: connection was closed
[Wed Aug 26 03:24:30.515238 2026] [ssl:info] [pid 2282212:tid 2282212] [client 140.111.67.10:39934] AH01998: Connection closed to child 11 with abortive shutdown (server 2blog.ilc.edu.tw:443)
[Wed Aug 26 03:24:30.613902 2026] [ssl:debug] [pid 2282055:tid 2282055] ssl_engine_kernel.c(254): [client 2409:8a62:1e05:28a5:a12c:9559:e56a:4c29:56718] AH02034: Subsequent (No.4) HTTPS request received for child 6 (server www.najh.ilc.edu.tw:443), referer: https://www.najh.ilc.edu.tw/2023/07/13/
[Wed Aug 26 03:24:30.614148 2026] [authz_core:debug] [pid 2282055:tid 2282055] mod_authz_core.c(815): [client 2409:8a62:1e05:28a5:a12c:9559:e56a:4c29:56718] AH01626: authorization result of Require all granted: granted, referer: https://www.najh.ilc.edu.tw/2023/07/13/
[Wed Aug 26 03:24:30.614158 2026] [authz_core:debug] [pid 2282055:tid 2282055] mod_authz_core.c(815): [client 2409:8a62:1e05:28a5:a12c:9559:e56a:4c29:56718] AH01626: authorization result of : granted, referer: https://www.najh.ilc.edu.tw/2023/07/13/
[Wed Aug 26 03:24:30.614431 2026] [deflate:debug] [pid 2282055:tid 2282055] mod_deflate.c(909): [client 2409:8a62:1e05:28a5:a12c:9559:e56a:4c29:56718] AH01384: Zlib: Compressed 2002 to 864 : URL /wp-content/themes/oceanwp/assets/js/ow-slider.min.js, referer: https://www.najh.ilc.edu.tw/2023/07/13/
[Wed Aug 26 03:24:30.615471 2026] [ssl:debug] [pid 2282033:tid 2282033] ssl_engine_kernel.c(254): [client 2409:8a62:1e05:28a5:a12c:9559:e56a:4c29:56730] AH02034: Subsequent (No.7) HTTPS request received for child 5 (server www.najh.ilc.edu.tw:443), referer: https://www.najh.ilc.edu.tw/2023/07/13/
[Wed Aug 26 03:24:30.615668 2026] [authz_core:debug] [pid 2282033:tid 2282033] mod_authz_core.c(815): [client 2409:8a62:1e05:28a5:a12c:9559:e56a:4c29:56730] AH01626: authorization result of Require all granted: granted, referer: https://www.najh.ilc.edu.tw/2023/07/13/
[Wed Aug 26 03:24:30.615674 2026] [authz_core:debug] [pid 2282033:tid 2282033] mod_authz_core.c(815): [client 2409:8a62:1e05:28a5:a12c:9559:e56a:4c29:56730] AH01626: authorization result of : granted, referer: https://www.najh.ilc.edu.tw/2023/07/13/
[Wed Aug 26 03:24:30.617440 2026] [deflate:debug] [pid 2282033:tid 2282033] mod_deflate.c(909): [client 2409:8a62:1e05:28a5:a12c:9559:e56a:4c29:56730] AH01384: Zlib: Compressed 57513 to 14083 : URL /wp-content/themes/oceanwp/assets/js/vendors/flickity.pkgd.min.js, referer: https://www.najh.ilc.edu.tw/2023/07/13/
[Wed Aug 26 03:24:30.621641 2026] [ssl:info] [pid 2282213:tid 2282213] [client 34.171.68.95:29184] AH01964: Connection to child 16 established (server 2blog.ilc.edu.tw:443)
[Wed Aug 26 03:24:30.621957 2026] [ssl:info] [pid 2282213:tid 2282213] (70014)End of file found: [client 34.171.68.95:29184] AH02006: SSL handshake stopped: connection was closed
[Wed Aug 26 03:24:30.621966 2026] [ssl:info] [pid 2282213:tid 2282213] [client 34.171.68.95:29184] AH01998: Connection closed to child 16 with abortive shutdown (server 2blog.ilc.edu.tw:443)
[Wed Aug 26 03:24:30.637077 2026] [ssl:debug] [pid 2282065:tid 2282065] ssl_engine_io.c(1150): [client 34.123.149.87:19456] AH02001: Connection closed to child 15 with standard shutdown (server 2blog.ilc.edu.tw:443)
[Wed Aug 26 03:24:30.799284 2026] [ssl:info] [pid 2281942:tid 2281942] [client 54.164.106.236:5094] AH01964: Connection to child 2 established (server 2blog.ilc.edu.tw:443)
[Wed Aug 26 03:24:30.800036 2026] [ssl:debug] [pid 2281942:tid 2281942] ssl_engine_kernel.c(2222): [client 54.164.106.236:5094] AH02043: SSL virtual host for servername www.ytps.ilc.edu.tw found
[Wed Aug 26 03:24:31.023605 2026] [ssl:debug] [pid 2281942:tid 2281942] ssl_engine_kernel.c(2082): [client 54.164.106.236:5094] AH02041: Protocol: TLSv1.3, Cipher: TLS_AES_256_GCM_SHA384 (256/256 bits)
[Wed Aug 26 03:24:31.023679 2026] [socache_shmcb:debug] [pid 2281942:tid 2281942] mod_socache_shmcb.c(508): AH00831: socache_shmcb_store (0xe9 -> subcache 9)
[Wed Aug 26 03:24:31.023686 2026] [socache_shmcb:debug] [pid 2281942:tid 2281942] mod_socache_shmcb.c(860): AH00847: insert happened at idx=16, data=(3633:3665)
[Wed Aug 26 03:24:31.023702 2026] [socache_shmcb:debug] [pid 2281942:tid 2281942] mod_socache_shmcb.c(863): AH00848: finished insert, subcache: idx_pos/idx_used=54/51, data_pos/data_used=6459/11254
[Wed Aug 26 03:24:31.023705 2026] [socache_shmcb:debug] [pid 2281942:tid 2281942] mod_socache_shmcb.c(530): AH00834: leaving socache_shmcb_store successfully
[Wed Aug 26 03:24:31.023768 2026] [socache_shmcb:debug] [pid 2281942:tid 2281942] mod_socache_shmcb.c(508): AH00831: socache_shmcb_store (0x38 -> subcache 24)
[Wed Aug 26 03:24:31.023774 2026] [socache_shmcb:debug] [pid 2281942:tid 2281942] mod_socache_shmcb.c(860): AH00847: insert happened at idx=1, data=(272:304)
[Wed Aug 26 03:24:31.023777 2026] [socache_shmcb:debug] [pid 2281942:tid 2281942] mod_socache_shmcb.c(863): AH00848: finished insert, subcache: idx_pos/idx_used=44/46, data_pos/data_used=4198/10155
[Wed Aug 26 03:24:31.023780 2026] [socache_shmcb:debug] [pid 2281942:tid 2281942] mod_socache_shmcb.c(530): AH00834: leaving socache_shmcb_store successfully
[Wed Aug 26 03:24:31.023947 2026] [ssl:debug] [pid 2281942:tid 2281942] ssl_engine_kernel.c(254): [client 54.164.106.236:5094] AH02034: Initial (No.1) HTTPS request received for child 2 (server www.ytps.ilc.edu.tw:443)
[Wed Aug 26 03:24:31.024564 2026] [ssl:debug] [pid 2282055:tid 2282055] ssl_engine_kernel.c(254): [client 2409:8a62:1e05:28a5:a12c:9559:e56a:4c29:56718] AH02034: Subsequent (No.5) HTTPS request received for child 6 (server www.najh.ilc.edu.tw:443), referer: https://www.najh.ilc.edu.tw/2023/07/13/
[Wed Aug 26 03:24:31.024773 2026] [authz_core:debug] [pid 2282055:tid 2282055] mod_authz_core.c(815): [client 2409:8a62:1e05:28a5:a12c:9559:e56a:4c29:56718] AH01626: authorization result of Require all granted: granted, referer: https://www.najh.ilc.edu.tw/2023/07/13/
[Wed Aug 26 03:24:31.024780 2026] [authz_core:debug] [pid 2282055:tid 2282055] mod_authz_core.c(815): [client 2409:8a62:1e05:28a5:a12c:9559:e56a:4c29:56718] AH01626: authorization result of : granted, referer: https://www.najh.ilc.edu.tw/2023/07/13/
[Wed Aug 26 03:24:31.025119 2026] [deflate:debug] [pid 2282055:tid 2282055] mod_deflate.c(909): [client 2409:8a62:1e05:28a5:a12c:9559:e56a:4c29:56718] AH01384: Zlib: Compressed 8989 to 2304 : URL /wp-content/themes/oceanwp/assets/js/scroll-top.min.js, referer: https://www.najh.ilc.edu.tw/2023/07/13/
[Wed Aug 26 03:24:31.025273 2026] [authz_core:debug] [pid 2281942:tid 2281942] mod_authz_core.c(815): [client 54.164.106.236:5094] AH01626: authorization result of Require all granted: granted
[Wed Aug 26 03:24:31.025286 2026] [authz_core:debug] [pid 2281942:tid 2281942] mod_authz_core.c(815): [client 54.164.106.236:5094] AH01626: authorization result of : granted
[Wed Aug 26 03:24:31.027230 2026] [ssl:debug] [pid 2282033:tid 2282033] ssl_engine_kernel.c(254): [client 2409:8a62:1e05:28a5:a12c:9559:e56a:4c29:56730] AH02034: Subsequent (No.8) HTTPS request received for child 5 (server www.najh.ilc.edu.tw:443), referer: https://www.najh.ilc.edu.tw/2023/07/13/
[Wed Aug 26 03:24:31.027449 2026] [authz_core:debug] [pid 2282033:tid 2282033] mod_authz_core.c(815): [client 2409:8a62:1e05:28a5:a12c:9559:e56a:4c29:56730] AH01626: authorization result of Require all granted: granted, referer: https://www.najh.ilc.edu.tw/2023/07/13/
[Wed Aug 26 03:24:31.027458 2026] [authz_core:debug] [pid 2282033:tid 2282033] mod_authz_core.c(815): [client 2409:8a62:1e05:28a5:a12c:9559:e56a:4c29:56730] AH01626: authorization result of : granted, referer: https://www.najh.ilc.edu.tw/2023/07/13/
[Wed Aug 26 03:24:31.027898 2026] [deflate:debug] [pid 2282033:tid 2282033] mod_deflate.c(909): [client 2409:8a62:1e05:28a5:a12c:9559:e56a:4c29:56730] AH01384: Zlib: Compressed 12402 to 3229 : URL /wp-content/themes/oceanwp/assets/js/scroll-effect.min.js, referer: https://www.najh.ilc.edu.tw/2023/07/13/
[Wed Aug 26 03:24:31.363380 2026] [ssl:info] [pid 2281920:tid 2281920] [client 34.123.149.87:27648] AH01964: Connection to child 3 established (server 2blog.ilc.edu.tw:443)
[Wed Aug 26 03:24:31.363603 2026] [ssl:info] [pid 2281920:tid 2281920] (70014)End of file found: [client 34.123.149.87:27648] AH02006: SSL handshake stopped: connection was closed
[Wed Aug 26 03:24:31.363625 2026] [ssl:info] [pid 2281920:tid 2281920] [client 34.123.149.87:27648] AH01998: Connection closed to child 3 with abortive shutdown (server 2blog.ilc.edu.tw:443)
[Wed Aug 26 03:24:31.433672 2026] [ssl:debug] [pid 2282055:tid 2282055] ssl_engine_kernel.c(254): [client 2409:8a62:1e05:28a5:a12c:9559:e56a:4c29:56718] AH02034: Subsequent (No.6) HTTPS request received for child 6 (server www.najh.ilc.edu.tw:443), referer: https://www.najh.ilc.edu.tw/2023/07/13/
[Wed Aug 26 03:24:31.433886 2026] [authz_core:debug] [pid 2282055:tid 2282055] mod_authz_core.c(815): [client 2409:8a62:1e05:28a5:a12c:9559:e56a:4c29:56718] AH01626: authorization result of Require all granted: granted, referer: https://www.najh.ilc.edu.tw/2023/07/13/
[Wed Aug 26 03:24:31.433892 2026] [authz_core:debug] [pid 2282055:tid 2282055] mod_authz_core.c(815): [client 2409:8a62:1e05:28a5:a12c:9559:e56a:4c29:56718] AH01626: authorization result of : granted, referer: https://www.najh.ilc.edu.tw/2023/07/13/
[Wed Aug 26 03:24:31.434090 2026] [deflate:debug] [pid 2282055:tid 2282055] mod_deflate.c(909): [client 2409:8a62:1e05:28a5:a12c:9559:e56a:4c29:56718] AH01384: Zlib: Compressed 712 to 422 : URL /wp-content/plugins/ocean-extra/includes/widgets/js/flickr.min.js, referer: https://www.najh.ilc.edu.tw/2023/07/13/
[Wed Aug 26 03:24:31.442250 2026] [ssl:debug] [pid 2282033:tid 2282033] ssl_engine_kernel.c(254): [client 2409:8a62:1e05:28a5:a12c:9559:e56a:4c29:56730] AH02034: Subsequent (No.9) HTTPS request received for child 5 (server www.najh.ilc.edu.tw:443), referer: https://www.najh.ilc.edu.tw/2023/07/13/
[Wed Aug 26 03:24:31.442446 2026] [authz_core:debug] [pid 2282033:tid 2282033] mod_authz_core.c(815): [client 2409:8a62:1e05:28a5:a12c:9559:e56a:4c29:56730] AH01626: authorization result of Require all granted: granted, referer: https://www.najh.ilc.edu.tw/2023/07/13/
[Wed Aug 26 03:24:31.442451 2026] [authz_core:debug] [pid 2282033:tid 2282033] mod_authz_core.c(815): [client 2409:8a62:1e05:28a5:a12c:9559:e56a:4c29:56730] AH01626: authorization result of : granted, referer: https://www.najh.ilc.edu.tw/2023/07/13/
[Wed Aug 26 03:24:31.442732 2026] [deflate:debug] [pid 2282033:tid 2282033] mod_deflate.c(909): [client 2409:8a62:1e05:28a5:a12c:9559:e56a:4c29:56730] AH01384: Zlib: Compressed 5181 to 1510 : URL /wp-content/themes/oceanwp/assets/js/select.min.js, referer: https://www.najh.ilc.edu.tw/2023/07/13/
[Wed Aug 26 03:24:31.522370 2026] [ssl:debug] [pid 2281942:tid 2281942] ssl_engine_io.c(1150): [client 54.164.106.236:5094] AH02001: Connection closed to child 2 with standard shutdown (server www.ytps.ilc.edu.tw:443)
[Wed Aug 26 03:24:31.697445 2026] [ssl:debug] [pid 2282209:tid 2282209] ssl_engine_kernel.c(254): [client 66.249.71.9:60496] AH02034: Subsequent (No.2) HTTPS request received for child 8 (server www.jwes.ilc.edu.tw:443)
[Wed Aug 26 03:24:31.697713 2026] [authz_core:debug] [pid 2282209:tid 2282209] mod_authz_core.c(815): [client 66.249.71.9:60496] AH01626: authorization result of Require all granted: granted
[Wed Aug 26 03:24:31.697720 2026] [authz_core:debug] [pid 2282209:tid 2282209] mod_authz_core.c(815): [client 66.249.71.9:60496] AH01626: authorization result of : granted
[Wed Aug 26 03:24:31.876960 2026] [ssl:debug] [pid 2282055:tid 2282055] ssl_engine_kernel.c(254): [client 2409:8a62:1e05:28a5:a12c:9559:e56a:4c29:56718] AH02034: Subsequent (No.7) HTTPS request received for child 6 (server www.najh.ilc.edu.tw:443), referer: https://www.najh.ilc.edu.tw/2023/07/13/
[Wed Aug 26 03:24:31.877277 2026] [authz_core:debug] [pid 2282055:tid 2282055] mod_authz_core.c(815): [client 2409:8a62:1e05:28a5:a12c:9559:e56a:4c29:56718] AH01626: authorization result of Require all granted: granted, referer: https://www.najh.ilc.edu.tw/2023/07/13/
[Wed Aug 26 03:24:31.877288 2026] [authz_core:debug] [pid 2282055:tid 2282055] mod_authz_core.c(815): [client 2409:8a62:1e05:28a5:a12c:9559:e56a:4c29:56718] AH01626: authorization result of : granted, referer: https://www.najh.ilc.edu.tw/2023/07/13/
[Wed Aug 26 03:24:31.877622 2026] [deflate:debug] [pid 2282055:tid 2282055] mod_deflate.c(909): [client 2409:8a62:1e05:28a5:a12c:9559:e56a:4c29:56718] AH01384: Zlib: Compressed 1191 to 522 : URL /wp-includes/js/mediaelement/mediaelement-migrate.min.js, referer: https://www.najh.ilc.edu.tw/2023/07/13/
[Wed Aug 26 03:24:31.884091 2026] [ssl:debug] [pid 2282033:tid 2282033] ssl_engine_kernel.c(254): [client 2409:8a62:1e05:28a5:a12c:9559:e56a:4c29:56730] AH02034: Subsequent (No.10) HTTPS request received for child 5 (server www.najh.ilc.edu.tw:443), referer: https://www.najh.ilc.edu.tw/2023/07/13/
[Wed Aug 26 03:24:31.884342 2026] [authz_core:debug] [pid 2282033:tid 2282033] mod_authz_core.c(815): [client 2409:8a62:1e05:28a5:a12c:9559:e56a:4c29:56730] AH01626: authorization result of Require all granted: granted, referer: https://www.najh.ilc.edu.tw/2023/07/13/
[Wed Aug 26 03:24:31.884354 2026] [authz_core:debug] [pid 2282033:tid 2282033] mod_authz_core.c(815): [client 2409:8a62:1e05:28a5:a12c:9559:e56a:4c29:56730] AH01626: authorization result of : granted, referer: https://www.najh.ilc.edu.tw/2023/07/13/
[Wed Aug 26 03:24:31.889388 2026] [deflate:debug] [pid 2282033:tid 2282033] mod_deflate.c(909): [client 2409:8a62:1e05:28a5:a12c:9559:e56a:4c29:56730] AH01384: Zlib: Compressed 158005 to 38771 : URL /wp-includes/js/mediaelement/mediaelement-and-player.min.js, referer: https://www.najh.ilc.edu.tw/2023/07/13/
[Wed Aug 26 03:24:31.951790 2026] [ssl:info] [pid 2281945:tid 2281945] [client 136.119.35.120:17920] AH01964: Connection to child 12 established (server 2blog.ilc.edu.tw:443)
[Wed Aug 26 03:24:31.951966 2026] [ssl:debug] [pid 2281945:tid 2281945] ssl_engine_kernel.c(2222): [client 136.119.35.120:17920] AH02043: SSL virtual host for servername 2blog.ilc.edu.tw found
[Wed Aug 26 03:24:31.952016 2026] [core:debug] [pid 2281945:tid 2281945] protocol.c(2460): [client 136.119.35.120:17920] AH03155: select protocol from , choices=http/1.1 for server 2blog.ilc.edu.tw
[Wed Aug 26 03:24:32.189718 2026] [ssl:debug] [pid 2281945:tid 2281945] ssl_engine_kernel.c(2082): [client 136.119.35.120:17920] AH02041: Protocol: TLSv1.3, Cipher: TLS_AES_256_GCM_SHA384 (256/256 bits)
[Wed Aug 26 03:24:32.189800 2026] [socache_shmcb:debug] [pid 2281945:tid 2281945] mod_socache_shmcb.c(508): AH00831: socache_shmcb_store (0x84 -> subcache 4)
[Wed Aug 26 03:24:32.189810 2026] [socache_shmcb:debug] [pid 2281945:tid 2281945] mod_socache_shmcb.c(745): AH00842: expiring 5 and reclaiming 0 removed socache entries
[Wed Aug 26 03:24:32.189813 2026] [socache_shmcb:debug] [pid 2281945:tid 2281945] mod_socache_shmcb.c(765): AH00843: we now have 48 socache entries
[Wed Aug 26 03:24:32.189816 2026] [socache_shmcb:debug] [pid 2281945:tid 2281945] mod_socache_shmcb.c(860): AH00847: insert happened at idx=12, data=(3151:3183)
[Wed Aug 26 03:24:32.189819 2026] [socache_shmcb:debug] [pid 2281945:tid 2281945] mod_socache_shmcb.c(863): AH00848: finished insert, subcache: idx_pos/idx_used=52/49, data_pos/data_used=6360/10881
[Wed Aug 26 03:24:32.189821 2026] [socache_shmcb:debug] [pid 2281945:tid 2281945] mod_socache_shmcb.c(530): AH00834: leaving socache_shmcb_store successfully
[Wed Aug 26 03:24:32.190008 2026] [socache_shmcb:debug] [pid 2281945:tid 2281945] mod_socache_shmcb.c(508): AH00831: socache_shmcb_store (0xa4 -> subcache 4)
[Wed Aug 26 03:24:32.190019 2026] [socache_shmcb:debug] [pid 2281945:tid 2281945] mod_socache_shmcb.c(860): AH00847: insert happened at idx=13, data=(3377:3409)
[Wed Aug 26 03:24:32.190021 2026] [socache_shmcb:debug] [pid 2281945:tid 2281945] mod_socache_shmcb.c(863): AH00848: finished insert, subcache: idx_pos/idx_used=52/50, data_pos/data_used=6360/11107
[Wed Aug 26 03:24:32.190023 2026] [socache_shmcb:debug] [pid 2281945:tid 2281945] mod_socache_shmcb.c(530): AH00834: leaving socache_shmcb_store successfully
[Wed Aug 26 03:24:32.286442 2026] [ssl:debug] [pid 2282055:tid 2282055] ssl_engine_kernel.c(254): [client 2409:8a62:1e05:28a5:a12c:9559:e56a:4c29:56718] AH02034: Subsequent (No.8) HTTPS request received for child 6 (server www.najh.ilc.edu.tw:443), referer: https://www.najh.ilc.edu.tw/2023/07/13/
[Wed Aug 26 03:24:32.286721 2026] [authz_core:debug] [pid 2282055:tid 2282055] mod_authz_core.c(815): [client 2409:8a62:1e05:28a5:a12c:9559:e56a:4c29:56718] AH01626: authorization result of Require all granted: granted, referer: https://www.najh.ilc.edu.tw/2023/07/13/
[Wed Aug 26 03:24:32.286730 2026] [authz_core:debug] [pid 2282055:tid 2282055] mod_authz_core.c(815): [client 2409:8a62:1e05:28a5:a12c:9559:e56a:4c29:56718] AH01626: authorization result of : granted, referer: https://www.najh.ilc.edu.tw/2023/07/13/
[Wed Aug 26 03:24:32.286938 2026] [deflate:debug] [pid 2282055:tid 2282055] mod_deflate.c(909): [client 2409:8a62:1e05:28a5:a12c:9559:e56a:4c29:56718] AH01384: Zlib: Compressed 1107 to 520 : URL /wp-includes/js/mediaelement/wp-mediaelement.min.js, referer: https://www.najh.ilc.edu.tw/2023/07/13/
[Wed Aug 26 03:24:32.352090 2026] [ssl:info] [pid 2282212:tid 2282212] [client 34.56.53.225:62976] AH01964: Connection to child 11 established (server 2blog.ilc.edu.tw:443)
[Wed Aug 26 03:24:32.352306 2026] [ssl:info] [pid 2282212:tid 2282212] (70014)End of file found: [client 34.56.53.225:62976] AH02006: SSL handshake stopped: connection was closed
[Wed Aug 26 03:24:32.352318 2026] [ssl:info] [pid 2282212:tid 2282212] [client 34.56.53.225:62976] AH01998: Connection closed to child 11 with abortive shutdown (server 2blog.ilc.edu.tw:443)
[Wed Aug 26 03:24:32.384339 2026] [ssl:debug] [pid 2281945:tid 2281945] ssl_engine_kernel.c(254): [client 136.119.35.120:17920] AH02034: Initial (No.1) HTTPS request received for child 12 (server 2blog.ilc.edu.tw:443)
[Wed Aug 26 03:24:32.384607 2026] [authz_core:debug] [pid 2281945:tid 2281945] mod_authz_core.c(815): [client 136.119.35.120:17920] AH01626: authorization result of Require all granted: granted
[Wed Aug 26 03:24:32.384617 2026] [authz_core:debug] [pid 2281945:tid 2281945] mod_authz_core.c(815): [client 136.119.35.120:17920] AH01626: authorization result of : granted
[Wed Aug 26 03:24:32.384769 2026] [authz_core:debug] [pid 2281945:tid 2281945] mod_authz_core.c(815): [client 136.119.35.120:17920] AH01626: authorization result of Require all granted: granted
[Wed Aug 26 03:24:32.384775 2026] [authz_core:debug] [pid 2281945:tid 2281945] mod_authz_core.c(815): [client 136.119.35.120:17920] AH01626: authorization result of : granted
[Wed Aug 26 03:24:32.634866 2026] [ssl:debug] [pid 2282033:tid 2282033] ssl_engine_kernel.c(254): [client 2409:8a62:1e05:28a5:a12c:9559:e56a:4c29:56730] AH02034: Subsequent (No.11) HTTPS request received for child 5 (server www.najh.ilc.edu.tw:443), referer: https://www.najh.ilc.edu.tw/2023/07/13/
[Wed Aug 26 03:24:32.635094 2026] [authz_core:debug] [pid 2282033:tid 2282033] mod_authz_core.c(815): [client 2409:8a62:1e05:28a5:a12c:9559:e56a:4c29:56730] AH01626: authorization result of Require all granted: granted, referer: https://www.najh.ilc.edu.tw/2023/07/13/
[Wed Aug 26 03:24:32.635101 2026] [authz_core:debug] [pid 2282033:tid 2282033] mod_authz_core.c(815): [client 2409:8a62:1e05:28a5:a12c:9559:e56a:4c29:56730] AH01626: authorization result of : granted, referer: https://www.najh.ilc.edu.tw/2023/07/13/
[Wed Aug 26 03:24:32.635467 2026] [deflate:debug] [pid 2282033:tid 2282033] mod_deflate.c(909): [client 2409:8a62:1e05:28a5:a12c:9559:e56a:4c29:56730] AH01384: Zlib: Compressed 6464 to 2266 : URL /wp-includes/js/mediaelement/renderers/vimeo.min.js, referer: https://www.najh.ilc.edu.tw/2023/07/13/
[Wed Aug 26 03:24:32.657000 2026] [deflate:debug] [pid 2281945:tid 2281945] mod_deflate.c(909): [client 136.119.35.120:17920] AH01384: Zlib: Compressed 41387 to 10291 : URL /index.php
[Wed Aug 26 03:24:32.682785 2026] [ssl:info] [pid 2282213:tid 2282213] [client 35.173.38.202:14414] AH01964: Connection to child 16 established (server 2blog.ilc.edu.tw:443)
[Wed Aug 26 03:24:32.683119 2026] [ssl:debug] [pid 2282213:tid 2282213] ssl_engine_kernel.c(2222): [client 35.173.38.202:14414] AH02043: SSL virtual host for servername www.najh.ilc.edu.tw found
[Wed Aug 26 03:24:32.835712 2026] [ssl:debug] [pid 2282111:tid 2282111] ssl_engine_io.c(1150): [client 2409:8a62:1e05:28a5:a12c:9559:e56a:4c29:56528] AH02001: Connection closed to child 25 with standard shutdown (server www.najh.ilc.edu.tw:443)
[Wed Aug 26 03:24:32.895203 2026] [ssl:debug] [pid 2282213:tid 2282213] ssl_engine_kernel.c(2082): [client 35.173.38.202:14414] AH02041: Protocol: TLSv1.3, Cipher: TLS_AES_256_GCM_SHA384 (256/256 bits)
[Wed Aug 26 03:24:32.895273 2026] [socache_shmcb:debug] [pid 2282213:tid 2282213] mod_socache_shmcb.c(508): AH00831: socache_shmcb_store (0x42 -> subcache 2)
[Wed Aug 26 03:24:32.895285 2026] [socache_shmcb:debug] [pid 2282213:tid 2282213] mod_socache_shmcb.c(860): AH00847: insert happened at idx=86, data=(13264:13296)
[Wed Aug 26 03:24:32.895289 2026] [socache_shmcb:debug] [pid 2282213:tid 2282213] mod_socache_shmcb.c(863): AH00848: finished insert, subcache: idx_pos/idx_used=45/42, data_pos/data_used=4153/9328
[Wed Aug 26 03:24:32.895292 2026] [socache_shmcb:debug] [pid 2282213:tid 2282213] mod_socache_shmcb.c(530): AH00834: leaving socache_shmcb_store successfully
[Wed Aug 26 03:24:32.895366 2026] [socache_shmcb:debug] [pid 2282213:tid 2282213] mod_socache_shmcb.c(508): AH00831: socache_shmcb_store (0x78 -> subcache 24)
[Wed Aug 26 03:24:32.895381 2026] [socache_shmcb:debug] [pid 2282213:tid 2282213] mod_socache_shmcb.c(745): AH00842: expiring 1 and reclaiming 0 removed socache entries
[Wed Aug 26 03:24:32.895384 2026] [socache_shmcb:debug] [pid 2282213:tid 2282213] mod_socache_shmcb.c(765): AH00843: we now have 45 socache entries
[Wed Aug 26 03:24:32.895387 2026] [socache_shmcb:debug] [pid 2282213:tid 2282213] mod_socache_shmcb.c(860): AH00847: insert happened at idx=2, data=(489:521)
[Wed Aug 26 03:24:32.895390 2026] [socache_shmcb:debug] [pid 2282213:tid 2282213] mod_socache_shmcb.c(863): AH00848: finished insert, subcache: idx_pos/idx_used=45/46, data_pos/data_used=4414/10156
[Wed Aug 26 03:24:32.895393 2026] [socache_shmcb:debug] [pid 2282213:tid 2282213] mod_socache_shmcb.c(530): AH00834: leaving socache_shmcb_store successfully
[Wed Aug 26 03:24:32.895655 2026] [ssl:debug] [pid 2282213:tid 2282213] ssl_engine_kernel.c(254): [client 35.173.38.202:14414] AH02034: Initial (No.1) HTTPS request received for child 16 (server www.najh.ilc.edu.tw:443)
[Wed Aug 26 03:24:32.956018 2026] [authz_core:debug] [pid 2282213:tid 2282213] mod_authz_core.c(815): [client 35.173.38.202:14414] AH01626: authorization result of Require all granted: granted
[Wed Aug 26 03:24:32.956042 2026] [authz_core:debug] [pid 2282213:tid 2282213] mod_authz_core.c(815): [client 35.173.38.202:14414] AH01626: authorization result of : granted
[Wed Aug 26 03:24:33.039522 2026] [ssl:debug] [pid 2281923:tid 2281923] ssl_engine_io.c(1150): [client 2409:8a62:1e05:28a5:a12c:9559:e56a:4c29:56722] AH02001: Connection closed to child 10 with standard shutdown (server www.najh.ilc.edu.tw:443)
[Wed Aug 26 03:24:33.069078 2026] [ssl:debug] [pid 2282076:tid 2282076] ssl_engine_io.c(1150): [client 2409:8a62:1e05:28a5:a12c:9559:e56a:4c29:56720] AH02001: Connection closed to child 18 with standard shutdown (server www.najh.ilc.edu.tw:443)
[Wed Aug 26 03:24:33.092018 2026] [headers:debug] [pid 2282065:tid 2282065] mod_headers.c(900): AH01503: headers: ap_headers_error_filter()
[Wed Aug 26 03:24:33.112871 2026] [ssl:info] [pid 2281920:tid 2281920] [client 2001:288:a201::66:125:60052] AH01964: Connection to child 3 established (server 2blog.ilc.edu.tw:443)
[Wed Aug 26 03:24:33.113041 2026] [ssl:debug] [pid 2281920:tid 2281920] ssl_engine_kernel.c(2252): [client 2001:288:a201::66:125:60052] AH02645: Server name not provided via TLS extension (using default/first virtual host)
[Wed Aug 26 03:24:33.113058 2026] [socache_shmcb:debug] [pid 2281920:tid 2281920] mod_socache_shmcb.c(545): AH00835: socache_shmcb_retrieve (0x4e -> subcache 14)
[Wed Aug 26 03:24:33.113062 2026] [socache_shmcb:debug] [pid 2281920:tid 2281920] mod_socache_shmcb.c(896): AH00849: match at idx=69, data=9835
[Wed Aug 26 03:24:33.113074 2026] [socache_shmcb:debug] [pid 2281920:tid 2281920] mod_socache_shmcb.c(556): AH00836: leaving socache_shmcb_retrieve successfully
[Wed Aug 26 03:24:33.113796 2026] [ssl:debug] [pid 2281920:tid 2281920] ssl_engine_kernel.c(2082): [client 2001:288:a201::66:125:60052] AH02041: Protocol: TLSv1.2, Cipher: ECDHE-RSA-AES256-GCM-SHA384 (256/256 bits)
[Wed Aug 26 03:24:33.114112 2026] [ssl:debug] [pid 2281920:tid 2281920] ssl_engine_kernel.c(254): [client 2001:288:a201::66:125:60052] AH02034: Initial (No.1) HTTPS request received for child 3 (server 2blog.ilc.edu.tw:443)
[Wed Aug 26 03:24:33.114282 2026] [authz_core:debug] [pid 2281920:tid 2281920] mod_authz_core.c(815): [client 2001:288:a201::66:125:60052] AH01626: authorization result of Require all granted: granted
[Wed Aug 26 03:24:33.114287 2026] [authz_core:debug] [pid 2281920:tid 2281920] mod_authz_core.c(815): [client 2001:288:a201::66:125:60052] AH01626: authorization result of : granted
[Wed Aug 26 03:24:33.114424 2026] [authz_core:debug] [pid 2281920:tid 2281920] mod_authz_core.c(815): [client 2001:288:a201::66:125:60052] AH01626: authorization result of Require all granted: granted
[Wed Aug 26 03:24:33.114429 2026] [authz_core:debug] [pid 2281920:tid 2281920] mod_authz_core.c(815): [client 2001:288:a201::66:125:60052] AH01626: authorization result of : granted
[Wed Aug 26 03:24:33.114439 2026] [php7:error] [pid 2281920:tid 2281920] [client 2001:288:a201::66:125:60052] script '/var/www/html/2blog/active.php' not found or unable to stat
[Wed Aug 26 03:24:33.114447 2026] [headers:debug] [pid 2281920:tid 2281920] mod_headers.c(900): AH01503: headers: ap_headers_error_filter()
[Wed Aug 26 03:24:33.114572 2026] [ssl:debug] [pid 2281920:tid 2281920] ssl_engine_io.c(1150): [client 2001:288:a201::66:125:60052] AH02001: Connection closed to child 3 with standard shutdown (server 2blog.ilc.edu.tw:443)
[Wed Aug 26 03:24:33.185775 2026] [ssl:debug] [pid 2282109:tid 2282109] ssl_engine_io.c(1150): [client 34.10.180.98:18944] AH02001: Connection closed to child 21 with standard shutdown (server 2blog.ilc.edu.tw:443)
[Wed Aug 26 03:24:33.213323 2026] [ssl:debug] [pid 2282072:tid 2282072] ssl_engine_io.c(1150): [client 103.153.183.69:23072] AH02001: Connection closed to child 14 with standard shutdown (server 2blog.ilc.edu.tw:443)
