2001:288:a270:1:5d4:1971:7233:236d - - [26/Aug/2026:23:17:28 +0800] "GET /wp-content/plugins/elementor/assets/js/webpack.runtime.min.js HTTP/1.1" 200 3095 "https://www.wjes.ilc.edu.tw/" "Mozilla/5.0 (Windows NT 10.0; Win64; x64) AppleWebKit/537.36 (KHTML, like Gecko) Chrome/151.0.0.0 Safari/537.36 Edg/151.0.0.0"
2001:288:a270:1:5d4:1971:7233:236d - - [26/Aug/2026:23:17:28 +0800] "GET /wp-content/plugins/elementor/assets/js/frontend-modules.min.js HTTP/1.1" 200 19416 "https://www.wjes.ilc.edu.tw/" "Mozilla/5.0 (Windows NT 10.0; Win64; x64) AppleWebKit/537.36 (KHTML, like Gecko) Chrome/151.0.0.0 Safari/537.36 Edg/151.0.0.0"
2001:288:a270:1:5d4:1971:7233:236d - - [26/Aug/2026:23:17:28 +0800] "GET /wp-includes/js/dist/hooks.min.js HTTP/1.1" 200 2421 "https://www.wjes.ilc.edu.tw/" "Mozilla/5.0 (Windows NT 10.0; Win64; x64) AppleWebKit/537.36 (KHTML, like Gecko) Chrome/151.0.0.0 Safari/537.36 Edg/151.0.0.0"
2001:288:a270:1:5d4:1971:7233:236d - - [26/Aug/2026:23:17:28 +0800] "GET /wp-includes/js/dist/i18n.min.js HTTP/1.1" 200 4547 "https://www.wjes.ilc.edu.tw/" "Mozilla/5.0 (Windows NT 10.0; Win64; x64) AppleWebKit/537.36 (KHTML, like Gecko) Chrome/151.0.0.0 Safari/537.36 Edg/151.0.0.0"
2001:288:a270:1:5d4:1971:7233:236d - - [26/Aug/2026:23:17:28 +0800] "GET /wp-content/plugins/elementor-pro/assets/js/frontend.min.js HTTP/1.1" 200 7574 "https://www.wjes.ilc.edu.tw/" "Mozilla/5.0 (Windows NT 10.0; Win64; x64) AppleWebKit/537.36 (KHTML, like Gecko) Chrome/151.0.0.0 Safari/537.36 Edg/151.0.0.0"
2001:288:a270:1:5d4:1971:7233:236d - - [26/Aug/2026:23:17:28 +0800] "GET /wp-content/plugins/elementor/assets/lib/waypoints/waypoints.min.js HTTP/1.1" 200 3873 "https://www.wjes.ilc.edu.tw/" "Mozilla/5.0 (Windows NT 10.0; Win64; x64) AppleWebKit/537.36 (KHTML, like Gecko) Chrome/151.0.0.0 Safari/537.36 Edg/151.0.0.0"
2001:288:a270:1:5d4:1971:7233:236d - - [26/Aug/2026:23:17:28 +0800] "GET /wp-includes/js/jquery/ui/core.min.js HTTP/1.1" 200 7986 "https://www.wjes.ilc.edu.tw/" "Mozilla/5.0 (Windows NT 10.0; Win64; x64) AppleWebKit/537.36 (KHTML, like Gecko) Chrome/151.0.0.0 Safari/537.36 Edg/151.0.0.0"
2001:288:a270:1:5d4:1971:7233:236d - - [26/Aug/2026:23:17:28 +0800] "GET /wp-content/plugins/elementor/assets/js/frontend.min.js HTTP/1.1" 200 13169 "https://www.wjes.ilc.edu.tw/" "Mozilla/5.0 (Windows NT 10.0; Win64; x64) AppleWebKit/537.36 (KHTML, like Gecko) Chrome/151.0.0.0 Safari/537.36 Edg/151.0.0.0"
2001:288:a270:1:5d4:1971:7233:236d - - [26/Aug/2026:23:17:28 +0800] "GET /wp-content/plugins/elementor-pro/assets/js/elements-handlers.min.js HTTP/1.1" 200 10882 "https://www.wjes.ilc.edu.tw/" "Mozilla/5.0 (Windows NT 10.0; Win64; x64) AppleWebKit/537.36 (KHTML, like Gecko) Chrome/151.0.0.0 Safari/537.36 Edg/151.0.0.0"
2001:288:a270:1:5d4:1971:7233:236d - - [26/Aug/2026:23:17:28 +0800] "GET /wp-content/uploads/sites/1407/2020/04/22803-4240121-1.jpg HTTP/1.1" 200 3443 "https://www.wjes.ilc.edu.tw/" "Mozilla/5.0 (Windows NT 10.0; Win64; x64) AppleWebKit/537.36 (KHTML, like Gecko) Chrome/151.0.0.0 Safari/537.36 Edg/151.0.0.0"
2001:288:a270:1:5d4:1971:7233:236d - - [26/Aug/2026:23:17:28 +0800] "GET /wp-content/uploads/sites/1407/2021/08/logo-%E5%9A%B4%E9%87%8D%E7%89%B9%E6%AE%8A%E5%82%B3%E6%9F%93%E6%80%A7%E8%82%BA%E7%82%8E%E5%B0%88%E5%8D%80-120%C3%9745.png HTTP/1.1" 200 6690 "https://www.wjes.ilc.edu.tw/" "Mozilla/5.0 (Windows NT 10.0; Win64; x64) AppleWebKit/537.36 (KHTML, like Gecko) Chrome/151.0.0.0 Safari/537.36 Edg/151.0.0.0"
74.7.242.54 - - [26/Aug/2026:23:17:28 +0800] "GET /32745/wp-content/uploads/sites/1271/2024/09/1-148.jpeg HTTP/1.1" 200 19096 "https://2blog.ilc.edu.tw/32745/2024/09/14/%e5%bd%ad/" "Mozilla/5.0 AppleWebKit/537.36 (KHTML, like Gecko; compatible; GPTBot/1.4; +https://openai.com/gptbot)"
::1 - - [26/Aug/2026:23:17:29 +0800] "OPTIONS * HTTP/1.0" 200 110 "-" "Apache/2.4.68 (Ubuntu) OpenSSL/3.0.19 (internal dummy connection)"
74.7.242.54 - - [26/Aug/2026:23:17:29 +0800] "GET /32745/wp-content/uploads/sites/1271/2023/01/1-799.jpeg HTTP/1.1" 200 17141 "https://2blog.ilc.edu.tw/32745/wp-json/oembed/1.0/embed?format=xml&url=https%3A%2F%2F2blog.ilc.edu.tw%2F32745%2F2023%2F01%2F25%2F%25e6%2580%259d%25e5%25bf%25b5%25e7%259a%2584%25e6%25b0%25a3%25e5%2591%25b3%2F" "Mozilla/5.0 AppleWebKit/537.36 (KHTML, like Gecko; compatible; GPTBot/1.4; +https://openai.com/gptbot)"
184.72.231.133 - - [26/Aug/2026:23:17:29 +0800] "GET /robots.txt HTTP/1.1" 200 5609 "-" "Mozilla/5.0 (Macintosh; Intel Mac OS X 10_10_1) AppleWebKit/600.2.5 (KHTML, like Gecko) Version/8.0.2 Safari/600.2.5 (Gort)"
74.7.242.54 - - [26/Aug/2026:23:17:29 +0800] "GET /32745/wp-content/uploads/sites/1271/2024/09/1-235.jpeg HTTP/1.1" 200 14500 "https://2blog.ilc.edu.tw/32745/2024/09/14/%e9%b6%af/" "Mozilla/5.0 AppleWebKit/537.36 (KHTML, like Gecko; compatible; GPTBot/1.4; +https://openai.com/gptbot)"
::1 - - [26/Aug/2026:23:17:30 +0800] "OPTIONS * HTTP/1.0" 200 110 "-" "Apache/2.4.68 (Ubuntu) OpenSSL/3.0.19 (internal dummy connection)"
2001:288:a270:1:5d4:1971:7233:236d - - [26/Aug/2026:23:17:30 +0800] "GET /favicon.ico HTTP/1.1" 302 1062 "https://www.wjes.ilc.edu.tw/" "Mozilla/5.0 (Windows NT 10.0; Win64; x64) AppleWebKit/537.36 (KHTML, like Gecko) Chrome/151.0.0.0 Safari/537.36 Edg/151.0.0.0"
2001:288:a270:1:5d4:1971:7233:236d - - [26/Aug/2026:23:17:30 +0800] "GET /wp-includes/images/w-logo-blue-white-bg.png HTTP/1.1" 200 4946 "https://www.wjes.ilc.edu.tw/" "Mozilla/5.0 (Windows NT 10.0; Win64; x64) AppleWebKit/537.36 (KHTML, like Gecko) Chrome/151.0.0.0 Safari/537.36 Edg/151.0.0.0"
52.167.144.16 - - [26/Aug/2026:23:17:30 +0800] "GET /wp-content/uploads/sites/866/2025/06/%E7%AB%B9%E6%9E%97FbQR-300x293.jpg HTTP/1.1" 200 37774 "-" "Mozilla/5.0 AppleWebKit/537.36 (KHTML, like Gecko; compatible; bingbot/2.0; +http://www.bing.com/bingbot.htm) Chrome/116.0.1938.76 Safari/537.36"
140.111.67.10 - - [26/Aug/2026:23:17:30 +0800] "GET /" 301 273 "-" "-"
74.7.242.54 - - [26/Aug/2026:23:17:30 +0800] "GET /32745/wp-content/uploads/sites/1271/2024/09/1-194.jpeg HTTP/1.1" 200 22360 "https://2blog.ilc.edu.tw/32745/2024/09/14/%e9%bb%8e/" "Mozilla/5.0 AppleWebKit/537.36 (KHTML, like Gecko; compatible; GPTBot/1.4; +https://openai.com/gptbot)"
74.7.242.54 - - [26/Aug/2026:23:17:30 +0800] "GET /32745/wp-content/uploads/sites/1271/2024/09/1-180.jpeg HTTP/1.1" 200 20694 "https://2blog.ilc.edu.tw/32745/2024/09/14/%e9%bd%8a/" "Mozilla/5.0 AppleWebKit/537.36 (KHTML, like Gecko; compatible; GPTBot/1.4; +https://openai.com/gptbot)"
52.167.144.16 - - [26/Aug/2026:23:17:31 +0800] "GET /wp-content/uploads/sites/866/2021/09/%E5%AE%B6%E9%95%B72.png HTTP/1.1" 200 95506 "-" "Mozilla/5.0 AppleWebKit/537.36 (KHTML, like Gecko; compatible; bingbot/2.0; +http://www.bing.com/bingbot.htm) Chrome/116.0.1938.76 Safari/537.36"
216.73.217.64 - - [26/Aug/2026:23:17:31 +0800] "GET /9536/?p=54912 HTTP/1.1" 301 5885 "-" "Mozilla/5.0 AppleWebKit/537.36 (KHTML, like Gecko; compatible; ClaudeBot/1.0; +claudebot@anthropic.com)"
66.249.79.137 - - [26/Aug/2026:23:17:29 +0800] "GET /wp-login.php?action=ilc_logout&_wpnonce=43754d0aad&redirect_to=http://artkust.ru/job/59127/ HTTP/1.1" 302 3457 "-" "Mozilla/5.0 (compatible; Googlebot/2.1; +http://www.google.com/bot.html)"
216.73.217.64 - - [26/Aug/2026:23:17:31 +0800] "GET /9536/2008/01/03/%e7%a4%be%e5%8d%80%e6%97%a5%e6%9b%86-%e5%a4%a7%e6%b4%b2%e7%a4%be%e5%8d%80-%e6%9c%89%e5%90%83%e6%9c%89%e8%a1%8c%e6%b0%a3%e6%9c%89%e7%87%92%e9%a6%99%e6%9c%89%e4%bf%9d%e5%ba%87%e7%9a%84%e4%bf%a1%e4%bb%b0/ HTTP/1.1" 200 14474 "https://2blog.ilc.edu.tw/9536/?p=54912" "Mozilla/5.0 AppleWebKit/537.36 (KHTML, like Gecko; compatible; ClaudeBot/1.0; +claudebot@anthropic.com)"
216.73.217.64 - - [26/Aug/2026:23:17:31 +0800] "GET /9536/?p=55783 HTTP/1.1" 301 1055 "-" "Mozilla/5.0 AppleWebKit/537.36 (KHTML, like Gecko; compatible; ClaudeBot/1.0; +claudebot@anthropic.com)"
74.7.242.54 - - [26/Aug/2026:23:17:31 +0800] "GET /32745/wp-content/uploads/sites/1271/2023/01/1-698.jpeg HTTP/1.1" 200 6539 "https://2blog.ilc.edu.tw/32745/2023/01/23/page/4/" "Mozilla/5.0 AppleWebKit/537.36 (KHTML, like Gecko; compatible; GPTBot/1.4; +https://openai.com/gptbot)"
52.203.152.231 - - [26/Aug/2026:23:17:31 +0800] "GET /wp-content/uploads/sites/547/?C=M;O%3DA HTTP/1.1" 200 1246 "-" "Mozilla/5.0 AppleWebKit/537.36 (KHTML, like Gecko; compatible; Amazonbot/0.1; +https://developer.amazon.com/support/amazonbot) Chrome/119.0.6045.214 Safari/537.36"
216.73.217.64 - - [26/Aug/2026:23:17:31 +0800] "GET /9536/2010/05/23/%e7%a4%be%e5%8d%80%e6%97%a5%e6%9b%86-%e4%b8%89%e8%88%88%e7%a4%be%e5%8d%80-%e7%81%b6%e5%90%9b%e5%bb%9f%e6%b1%82%e5%95%8f%e8%88%87%e8%b6%85%e6%b8%a1%e6%b3%95%e6%9c%83/ HTTP/1.1" 200 9642 "https://2blog.ilc.edu.tw/9536/?p=55783" "Mozilla/5.0 AppleWebKit/537.36 (KHTML, like Gecko; compatible; ClaudeBot/1.0; +claudebot@anthropic.com)"
74.7.242.54 - - [26/Aug/2026:23:17:32 +0800] "GET /32745/wp-content/uploads/sites/1271/2024/08/1-103.jpeg HTTP/1.1" 200 16834 "https://2blog.ilc.edu.tw/32745/wp-json/oembed/1.0/embed?format=xml&url=https%3A%2F%2F2blog.ilc.edu.tw%2F32745%2F2024%2F08%2F04%2F%25e9%2580%2599%25e6%2598%25af%25e5%2595%25a5%25e7%2589%25a9%25e7%25a4%25be%25e6%259c%2583%2F" "Mozilla/5.0 AppleWebKit/537.36 (KHTML, like Gecko; compatible; GPTBot/1.4; +https://openai.com/gptbot)"
216.73.217.64 - - [26/Aug/2026:23:17:32 +0800] "GET /9536/?p=54919 HTTP/1.1" 301 881 "-" "Mozilla/5.0 AppleWebKit/537.36 (KHTML, like Gecko; compatible; ClaudeBot/1.0; +claudebot@anthropic.com)"
216.73.217.64 - - [26/Aug/2026:23:17:32 +0800] "GET /9536/2008/01/10/%e7%a4%be%e5%8d%80%e6%97%a5%e6%9b%86-%e5%a4%a7%e6%b4%b2%e7%a4%be%e5%8d%80-%e6%b0%b8%e9%81%a0%e7%9a%84%e9%9d%92%e5%a4%a9/ HTTP/1.1" 200 9779 "https://2blog.ilc.edu.tw/9536/?p=54919" "Mozilla/5.0 AppleWebKit/537.36 (KHTML, like Gecko; compatible; ClaudeBot/1.0; +claudebot@anthropic.com)"
74.7.242.54 - - [26/Aug/2026:23:17:32 +0800] "GET /32745/wp-content/uploads/sites/1271/2026/01/1-366.jpeg HTTP/1.1" 200 16538 "https://2blog.ilc.edu.tw/32745/wp-json/oembed/1.0/embed?format=xml&url=https%3A%2F%2F2blog.ilc.edu.tw%2F32745%2F2026%2F01%2F18%2F%25e6%25b0%25b8%25e9%2581%25a0%25e8%258e%25ab%25e6%258f%2590%25e8%25b5%25b7%2F" "Mozilla/5.0 AppleWebKit/537.36 (KHTML, like Gecko; compatible; GPTBot/1.4; +https://openai.com/gptbot)"
2001:288:a201::66:125 - - [26/Aug/2026:23:17:33 +0800] "GET /blog/active.php HTTP/1.1" 301 1026 "-" "-"
74.7.242.54 - - [26/Aug/2026:23:17:33 +0800] "GET /32745/wp-content/uploads/sites/1271/2025/08/1-183.jpeg HTTP/1.1" 200 9547 "https://2blog.ilc.edu.tw/32745/wp-json/oembed/1.0/embed?format=xml&url=https%3A%2F%2F2blog.ilc.edu.tw%2F32745%2F2025%2F08%2F25%2F%25e6%2582%25b2%25e6%25ad%258c-3%2F" "Mozilla/5.0 AppleWebKit/537.36 (KHTML, like Gecko; compatible; GPTBot/1.4; +https://openai.com/gptbot)"
2001:288:a201::66:125 - - [26/Aug/2026:23:17:33 +0800] "GET /blog/active.php HTTP/1.1" 404 5511 "-" "-"
66.249.71.1 - - [26/Aug/2026:23:17:31 +0800] "GET /wp-login.php?action=ilc_logout&_wpnonce=43754d0aad&redirect_to=http://losroques.ru/creator/85270/ HTTP/1.1" 302 3441 "-" "Mozilla/5.0 (compatible; Googlebot/2.1; +http://www.google.com/bot.html)"
2407:4b00:4c06:8723:f1b9:85ec:608f:fcfc - - [26/Aug/2026:23:17:33 +0800] "GET /blog/blog/16779 HTTP/1.1" 301 1063 "-" "Mozilla/5.0 (Linux; Android 10; K) AppleWebKit/537.36 (KHTML, like Gecko) Chrome/151.0.0.0 Mobile Safari/537.36"
74.7.242.54 - - [26/Aug/2026:23:17:33 +0800] "GET /32745/wp-content/uploads/sites/1271/2026/01/1-365.jpeg HTTP/1.1" 200 22152 "https://2blog.ilc.edu.tw/32745/wp-json/oembed/1.0/embed?format=xml&url=https%3A%2F%2F2blog.ilc.edu.tw%2F32745%2F2026%2F01%2F18%2F%25e4%25bd%25a0%25e6%2584%259b%25e6%259c%2589%25e5%25bf%2597%25e6%25b0%25a3%2F" "Mozilla/5.0 AppleWebKit/537.36 (KHTML, like Gecko; compatible; GPTBot/1.4; +https://openai.com/gptbot)"
74.7.242.54 - - [26/Aug/2026:23:17:34 +0800] "GET /32745/wp-content/uploads/sites/1271/2023/01/1-584.jpeg HTTP/1.1" 200 16406 "https://2blog.ilc.edu.tw/32745/wp-json/oembed/1.0/embed?format=xml&url=https%3A%2F%2F2blog.ilc.edu.tw%2F32745%2F2023%2F01%2F22%2F%25e5%25aa%25bd%25e5%25aa%25bd%25e5%2592%25a7%25e7%2599%25bc%25e7%2587%2592%2F" "Mozilla/5.0 AppleWebKit/537.36 (KHTML, like Gecko; compatible; GPTBot/1.4; +https://openai.com/gptbot)"
::1 - - [26/Aug/2026:23:17:34 +0800] "OPTIONS * HTTP/1.0" 200 110 "-" "Apache/2.4.68 (Ubuntu) OpenSSL/3.0.19 (internal dummy connection)"
74.7.242.54 - - [26/Aug/2026:23:17:34 +0800] "GET /32745/wp-content/uploads/sites/1271/2024/03/1-176.jpeg HTTP/1.1" 200 26181 "https://2blog.ilc.edu.tw/32745/wp-json/oembed/1.0/embed?format=xml&url=https%3A%2F%2F2blog.ilc.edu.tw%2F32745%2F2024%2F03%2F24%2F%25e9%2597%259c%25e6%2587%25b7%25e7%259a%2584%25e5%258a%259b%25e9%2587%258f%2F" "Mozilla/5.0 AppleWebKit/537.36 (KHTML, like Gecko; compatible; GPTBot/1.4; +https://openai.com/gptbot)"
66.249.79.137 - - [26/Aug/2026:23:17:33 +0800] "GET /wp-login.php?action=ilc_logout&_wpnonce=43754d0aad&redirect_to=//kolibri-39.ru/gallery/84791/ HTTP/1.1" 302 3459 "-" "Mozilla/5.0 (compatible; Googlebot/2.1; +http://www.google.com/bot.html)"
::1 - - [26/Aug/2026:23:17:35 +0800] "OPTIONS * HTTP/1.0" 200 110 "-" "Apache/2.4.68 (Ubuntu) OpenSSL/3.0.19 (internal dummy connection)"
74.7.242.54 - - [26/Aug/2026:23:17:35 +0800] "GET /32745/wp-content/uploads/sites/1271/2026/01/1-436.jpeg HTTP/1.1" 200 11897 "https://2blog.ilc.edu.tw/32745/wp-json/oembed/1.0/embed?format=xml&url=https%3A%2F%2F2blog.ilc.edu.tw%2F32745%2F2026%2F01%2F24%2F%25e9%25a3%259b%25e8%25a1%258c%25e6%25a9%259f%2F" "Mozilla/5.0 AppleWebKit/537.36 (KHTML, like Gecko; compatible; GPTBot/1.4; +https://openai.com/gptbot)"
140.111.67.10 - - [26/Aug/2026:23:17:35 +0800] "GET /" 301 273 "-" "-"
74.7.242.54 - - [26/Aug/2026:23:17:35 +0800] "GET /32745/wp-content/uploads/sites/1271/2023/01/1-493.jpeg HTTP/1.1" 200 22961 "https://2blog.ilc.edu.tw/32745/wp-json/oembed/1.0/embed?format=xml&url=https%3A%2F%2F2blog.ilc.edu.tw%2F32745%2F2023%2F01%2F21%2F%25e8%259d%25b4%25e8%259d%25b6%25e4%25ba%2582%25e9%25a3%259b-2%2F" "Mozilla/5.0 AppleWebKit/537.36 (KHTML, like Gecko; compatible; GPTBot/1.4; +https://openai.com/gptbot)"
66.249.82.166 - - [26/Aug/2026:23:17:35 +0800] "GET /blog/blog/16779 HTTP/1.1" 404 25470 "-" "Mozilla/5.0 (Linux; Android 10; K) AppleWebKit/537.36 (KHTML, like Gecko) Chrome/138.0.0.0 Mobile Safari/537.36 (compatible; Google-Read-Aloud; +https://support.google.com/webmasters/answer/1061943)"
34.226.89.140 - - [26/Aug/2026:23:17:35 +0800] "GET /wp-content/uploads/sites/2747/2023/ HTTP/1.1" 200 1305 "-" "Mozilla/5.0 AppleWebKit/537.36 (KHTML, like Gecko; compatible; Amazonbot/0.1; +https://developer.amazon.com/support/amazonbot) Chrome/119.0.6045.214 Safari/537.36"
66.249.82.165 - - [26/Aug/2026:23:17:36 +0800] "GET /blog/blog/16779 HTTP/1.1" 404 25470 "-" "Mozilla/5.0 (Linux; Android 10; K) AppleWebKit/537.36 (KHTML, like Gecko) Chrome/138.0.0.0 Mobile Safari/537.36 (compatible; Google-Read-Aloud; +https://support.google.com/webmasters/answer/1061943)"
66.249.82.167 - - [26/Aug/2026:23:17:36 +0800] "GET /wp-includes/css/dist/block-library/style.min.css HTTP/1.1" 200 20559 "https://2blog.ilc.edu.tw/blog/blog/16779" "Mozilla/5.0 (Linux; Android 10; K) AppleWebKit/537.36 (KHTML, like Gecko) Chrome/138.0.0.0 Mobile Safari/537.36 (compatible; Google-Read-Aloud; +https://support.google.com/webmasters/answer/1061943)"
::1 - - [26/Aug/2026:23:17:36 +0800] "OPTIONS * HTTP/1.0" 200 110 "-" "Apache/2.4.68 (Ubuntu) OpenSSL/3.0.19 (internal dummy connection)"
74.7.242.54 - - [26/Aug/2026:23:17:36 +0800] "GET /32745/wp-content/uploads/sites/1271/2023/01/1-675.jpeg HTTP/1.1" 200 20040 "https://2blog.ilc.edu.tw/32745/category/%e9%b1%b8%e9%b0%bb%e9%98%bf%e5%be%b7%e9%bb%83%e6%b0%b8%e5%be%b7%e3%80%80/page/2/" "Mozilla/5.0 AppleWebKit/537.36 (KHTML, like Gecko; compatible; GPTBot/1.4; +https://openai.com/gptbot)"
74.7.242.54 - - [26/Aug/2026:23:17:36 +0800] "GET /32745/wp-content/uploads/sites/1271/2024/03/1-185.jpeg HTTP/1.1" 200 17640 "https://2blog.ilc.edu.tw/32745/wp-json/oembed/1.0/embed?format=xml&url=https%3A%2F%2F2blog.ilc.edu.tw%2F32745%2F2024%2F03%2F24%2F%25e7%25ad%2589%25e5%2590%259b%25e8%2588%25b9%25e5%2585%25a5%25e6%25b8%25af%2F" "Mozilla/5.0 AppleWebKit/537.36 (KHTML, like Gecko; compatible; GPTBot/1.4; +https://openai.com/gptbot)"
::1 - - [26/Aug/2026:23:17:37 +0800] "OPTIONS * HTTP/1.0" 200 110 "-" "Apache/2.4.68 (Ubuntu) OpenSSL/3.0.19 (internal dummy connection)"
74.7.242.54 - - [26/Aug/2026:23:17:37 +0800] "GET /32745/wp-content/uploads/sites/1271/2026/01/1-497.jpeg HTTP/1.1" 200 16323 "https://2blog.ilc.edu.tw/32745/wp-json/oembed/1.0/embed?format=xml&url=https%3A%2F%2F2blog.ilc.edu.tw%2F32745%2F2025%2F08%2F20%2F%25e9%2599%25b3%25e7%25b4%25a0%25e6%259e%259dvs%25e6%25a5%258a%25e9%2587%2591%25e9%2580%25b2%2F" "Mozilla/5.0 AppleWebKit/537.36 (KHTML, like Gecko; compatible; GPTBot/1.4; +https://openai.com/gptbot)"
64.31.3.126 - - [26/Aug/2026:23:17:35 +0800] "GET / HTTP/1.0" 200 109257 "http://www.jwes.ilc.edu.tw/" "Mozilla/5.0 (Windows NT 10.0; Win64; x64) AppleWebKit/537.36 (KHTML, like Gecko) Chrome/130.0.0.0 Safari/537.36 CCleaner/130.0.0.0"
216.73.217.64 - - [26/Aug/2026:23:17:37 +0800] "GET /9536/?p=54925 HTTP/1.1" 301 5804 "-" "Mozilla/5.0 AppleWebKit/537.36 (KHTML, like Gecko; compatible; ClaudeBot/1.0; +claudebot@anthropic.com)"
66.249.71.38 - - [26/Aug/2026:23:17:37 +0800] "GET /lunch/wp-content/uploads/sites/1315/2025/08/1140811-4-%C3%A9%C2%A3%C5%B8%C3%A7%E2%84%A2%C2%BB2.0%C3%A6%E2%80%A2%E2%84%A2%C3%A8%E2%80%9A%C2%B2%C3%A8%C2%A8%E2%80%9C%C3%A7%C2%B7%C2%B4%C3%A8%C2%AC%E2%80%BA%C3%A7%C2%BE%C2%A9-4.pdf HTTP/1.1" 404 5752 "-" "Googlebot/2.1 (+http://www.google.com/bot.html)"
74.7.242.54 - - [26/Aug/2026:23:17:37 +0800] "GET /32745/wp-content/uploads/sites/1271/2024/09/1-228.jpeg HTTP/1.1" 200 12859 "https://2blog.ilc.edu.tw/32745/2024/09/14/%e5%af%b6/" "Mozilla/5.0 AppleWebKit/537.36 (KHTML, like Gecko; compatible; GPTBot/1.4; +https://openai.com/gptbot)"
216.73.217.64 - - [26/Aug/2026:23:17:37 +0800] "GET /9536/?p=54926 HTTP/1.1" 301 1019 "-" "Mozilla/5.0 AppleWebKit/537.36 (KHTML, like Gecko; compatible; ClaudeBot/1.0; +claudebot@anthropic.com)"
2001:288:a201::66:125 - - [26/Aug/2026:23:17:38 +0800] "GET /blog/active.php HTTP/1.1" 301 1026 "-" "-"
216.73.217.64 - - [26/Aug/2026:23:17:38 +0800] "GET /9536/2008/01/16/%e7%a4%be%e5%8d%80%e6%97%a5%e6%9b%86-%e5%a4%a7%e6%b4%b2%e7%a4%be%e5%8d%80-%e7%a6%8f%e5%9c%b0%e7%a6%8f%e4%ba%ba%e5%b1%85/ HTTP/1.1" 200 14249 "https://2blog.ilc.edu.tw/9536/?p=54925" "Mozilla/5.0 AppleWebKit/537.36 (KHTML, like Gecko; compatible; ClaudeBot/1.0; +claudebot@anthropic.com)"
2001:288:a201::66:125 - - [26/Aug/2026:23:17:38 +0800] "GET /blog/active.php HTTP/1.1" 404 1084 "-" "-"
34.171.68.95 - - [26/Aug/2026:23:17:38 +0800] "GET /6415/2012/07/25/101-07%E5%9B%9E%E6%94%B6%E5%A0%B1%E8%A1%A8/ HTTP/1.1" 200 14798 "-" "Mozilla/5.0 (Macintosh; Intel Mac OS X 10_15_7) AppleWebKit/537.36 (KHTML, like Gecko) Chrome/120.0.0.0 Safari/537.36"
216.73.217.64 - - [26/Aug/2026:23:17:38 +0800] "GET /9536/2008/01/17/%e7%a4%be%e5%8d%80%e6%97%a5%e6%9b%86-%e5%a4%a7%e6%b4%b2%e7%a4%be%e5%8d%80-%e6%b0%b4%e6%b8%85%e9%ad%9a%e7%8f%be%e5%8f%b0%e8%aa%9e/ HTTP/1.1" 200 9512 "https://2blog.ilc.edu.tw/9536/?p=54926" "Mozilla/5.0 AppleWebKit/537.36 (KHTML, like Gecko; compatible; ClaudeBot/1.0; +claudebot@anthropic.com)"
74.7.242.54 - - [26/Aug/2026:23:17:38 +0800] "GET /32745/wp-content/uploads/sites/1271/2024/08/1-108.jpeg HTTP/1.1" 200 25843 "https://2blog.ilc.edu.tw/32745/wp-json/oembed/1.0/embed?format=xml&url=https%3A%2F%2F2blog.ilc.edu.tw%2F32745%2F2024%2F08%2F04%2F%25e5%2589%258d%25e9%2580%2594%25e6%2598%25af%25e7%25ac%25ac%25e4%25b8%2580%2F" "Mozilla/5.0 AppleWebKit/537.36 (KHTML, like Gecko; compatible; GPTBot/1.4; +https://openai.com/gptbot)"
216.73.217.64 - - [26/Aug/2026:23:17:38 +0800] "GET /9536/?p=54920 HTTP/1.1" 301 908 "-" "Mozilla/5.0 AppleWebKit/537.36 (KHTML, like Gecko; compatible; ClaudeBot/1.0; +claudebot@anthropic.com)"
192.178.15.38 - - [26/Aug/2026:23:17:38 +0800] "GET /wp-content/themes/hello-elementor/style.min.css HTTP/1.1" 200 7975 "https://2blog.ilc.edu.tw/blog/blog/16779" "Mozilla/5.0 (Linux; Android 10; K) AppleWebKit/537.36 (KHTML, like Gecko) Chrome/138.0.0.0 Mobile Safari/537.36 (compatible; Google-Read-Aloud; +https://support.google.com/webmasters/answer/1061943)"
192.178.15.39 - - [26/Aug/2026:23:17:38 +0800] "GET /wp-content/themes/hello-elementor/theme.min.css HTTP/1.1" 200 8190 "https://2blog.ilc.edu.tw/blog/blog/16779" "Mozilla/5.0 (Linux; Android 10; K) AppleWebKit/537.36 (KHTML, like Gecko) Chrome/138.0.0.0 Mobile Safari/537.36 (compatible; Google-Read-Aloud; +https://support.google.com/webmasters/answer/1061943)"
192.178.15.38 - - [26/Aug/2026:23:17:38 +0800] "GET /wp-includes/js/admin-bar.min.js HTTP/1.1" 200 7016 "https://2blog.ilc.edu.tw/blog/blog/16779" "Mozilla/5.0 (Linux; Android 10; K) AppleWebKit/537.36 (KHTML, like Gecko) Chrome/138.0.0.0 Mobile Safari/537.36 (compatible; Google-Read-Aloud; +https://support.google.com/webmasters/answer/1061943)"
192.178.15.37 - - [26/Aug/2026:23:17:38 +0800] "GET /wp-includes/css/admin-bar.min.css HTTP/1.1" 200 9464 "https://2blog.ilc.edu.tw/blog/blog/16779" "Mozilla/5.0 (Linux; Android 10; K) AppleWebKit/537.36 (KHTML, like Gecko) Chrome/138.0.0.0 Mobile Safari/537.36 (compatible; Google-Read-Aloud; +https://support.google.com/webmasters/answer/1061943)"
74.7.242.54 - - [26/Aug/2026:23:17:38 +0800] "GET /32745/wp-content/uploads/sites/1271/2023/01/1-904.jpeg HTTP/1.1" 200 23754 "https://2blog.ilc.edu.tw/32745/wp-json/oembed/1.0/embed?format=xml&url=https%3A%2F%2F2blog.ilc.edu.tw%2F32745%2F2023%2F01%2F26%2F%25e6%25b8%25af%25e9%2583%25bd%25e9%259d%2592%25e6%2598%25a5%25e6%259b%25b2%2F" "Mozilla/5.0 AppleWebKit/537.36 (KHTML, like Gecko; compatible; GPTBot/1.4; +https://openai.com/gptbot)"
216.73.217.64 - - [26/Aug/2026:23:17:38 +0800] "GET /9536/2008/01/11/%e7%a4%be%e5%8d%80%e6%97%a5%e6%9b%86-%e5%a4%a7%e6%b4%b2%e7%a4%be%e5%8d%80-%e9%a2%a8%e9%9b%b2%e5%86%8d%e7%8f%be%e7%9a%84%e7%be%a9%e5%8b%87%e9%9a%8a/ HTTP/1.1" 200 9656 "https://2blog.ilc.edu.tw/9536/?p=54920" "Mozilla/5.0 AppleWebKit/537.36 (KHTML, like Gecko; compatible; ClaudeBot/1.0; +claudebot@anthropic.com)"
2001:4860:7:810::f4 - - [26/Aug/2026:23:17:39 +0800] "GET /6703/ HTTP/1.1" 200 28899 "https://www.google.com/" "Mozilla/5.0 (Windows NT 10.0; Win64; x64) AppleWebKit/537.36 (KHTML, like Gecko) Chrome/151.0.0.0 Safari/537.36"
3.90.73.206 - - [26/Aug/2026:23:17:39 +0800] "GET /wp-content/uploads/sites/815/2022/ HTTP/1.1" 200 1167 "-" "Mozilla/5.0 AppleWebKit/537.36 (KHTML, like Gecko; compatible; Amazonbot/0.1; +https://developer.amazon.com/support/amazonbot) Chrome/119.0.6045.214 Safari/537.36"
74.7.242.54 - - [26/Aug/2026:23:17:39 +0800] "GET /32745/wp-content/uploads/sites/1271/2023/01/1-664.jpeg HTTP/1.1" 200 7229 "https://2blog.ilc.edu.tw/32745/category/%e9%b1%b8%e9%b0%bb%e9%98%bf%e5%be%b7%e9%bb%83%e6%b0%b8%e5%be%b7%e3%80%80/" "Mozilla/5.0 AppleWebKit/537.36 (KHTML, like Gecko; compatible; GPTBot/1.4; +https://openai.com/gptbot)"
74.7.242.54 - - [26/Aug/2026:23:17:39 +0800] "GET /32745/wp-content/uploads/sites/1271/2024/09/1-118.jpeg HTTP/1.1" 200 42600 "https://2blog.ilc.edu.tw/32745/2024/09/13/%e9%a6%ac/" "Mozilla/5.0 AppleWebKit/537.36 (KHTML, like Gecko; compatible; GPTBot/1.4; +https://openai.com/gptbot)"
161.153.1.168 - - [26/Aug/2026:23:17:40 +0800] "GET /2014/06/03/%E7%AC%AC%E5%85%AB%E5%8D%81%E4%B8%83%E6%9C%9F2014-06-03%E4%BA%8C%E5%A5%BD%E5%BA%B7%E9%81%93%E7%9B%B8%E5%A0%B1%E6%9C%AC%E6%AC%A1%E6%9C%8950%E9%A0%85 HTTP/1.1" 301 5709 "-" "Mozilla/5.0 (X11; Linux aarch64) AppleWebKit/537.36 (KHTML, like Gecko) Chrome/139.0.0.0 Safari/537.36"
161.153.1.168 - - [26/Aug/2026:23:17:40 +0800] "GET /2014/06/03/%E7%AC%AC%E5%85%AB%E5%8D%81%E4%B8%83%E6%9C%9F2014-06-03%E4%BA%8C%E5%A5%BD%E5%BA%B7%E9%81%93%E7%9B%B8%E5%A0%B1%E6%9C%AC%E6%AC%A1%E6%9C%8950%E9%A0%85/ HTTP/1.1" 200 24482 "https://ilta.ilc.edu.tw/2014/06/03/%E7%AC%AC%E5%85%AB%E5%8D%81%E4%B8%83%E6%9C%9F2014-06-03%E4%BA%8C%E5%A5%BD%E5%BA%B7%E9%81%93%E7%9B%B8%E5%A0%B1%E6%9C%AC%E6%AC%A1%E6%9C%8950%E9%A0%85" "Mozilla/5.0 (X11; Linux aarch64) AppleWebKit/537.36 (KHTML, like Gecko) Chrome/139.0.0.0 Safari/537.36"
140.111.67.10 - - [26/Aug/2026:23:17:40 +0800] "GET /" 301 273 "-" "-"
74.7.242.54 - - [26/Aug/2026:23:17:40 +0800] "GET /32745/wp-content/uploads/sites/1271/2026/01/1-349.jpeg HTTP/1.1" 200 24104 "https://2blog.ilc.edu.tw/32745/wp-json/oembed/1.0/embed?format=xml&url=https%3A%2F%2F2blog.ilc.edu.tw%2F32745%2F2026%2F01%2F18%2F%25e4%25bd%2595%25e5%25bf%2585%25e5%2586%258d%25e6%2583%25b3%25e4%25bc%258a%2F" "Mozilla/5.0 AppleWebKit/537.36 (KHTML, like Gecko; compatible; GPTBot/1.4; +https://openai.com/gptbot)"
240e:967:e200:a00:0:1:0:11 - - [26/Aug/2026:23:17:40 +0800] "GET /2373/wp-content/cache/2blog.ilc.edu.tw/wpfc-minified/f45q60y4/5wsy1.css HTTP/1.1" 200 20774 "https://2blog.ilc.edu.tw/2373/tag/%e6%9c%a8%e5%b7%a5%e6%89%8b%e4%bd%9c/" "Mozilla/5.0 (Windows NT 10.0; Win64; x64) AppleWebKit/537.36 (KHTML, like Gecko) Chrome/144.0.0.0 Safari/537.36"
240e:967:e200:a00:0:1:0:11 - - [26/Aug/2026:23:17:40 +0800] "GET /2373/wp-content/cache/2blog.ilc.edu.tw/wpfc-minified/9m0xv6uu/5wsy1.css HTTP/1.1" 200 23803 "https://2blog.ilc.edu.tw/2373/tag/%e6%9c%a8%e5%b7%a5%e6%89%8b%e4%bd%9c/" "Mozilla/5.0 (Windows NT 10.0; Win64; x64) AppleWebKit/537.36 (KHTML, like Gecko) Chrome/144.0.0.0 Safari/537.36"
240e:967:e200:a00:0:1:0:11 - - [26/Aug/2026:23:17:40 +0800] "GET /2373/wp-content/cache/2blog.ilc.edu.tw/wpfc-minified/2cobuy4f/5wsy1.css HTTP/1.1" 200 18666 "https://2blog.ilc.edu.tw/2373/tag/%e6%9c%a8%e5%b7%a5%e6%89%8b%e4%bd%9c/" "Mozilla/5.0 (Windows NT 10.0; Win64; x64) AppleWebKit/537.36 (KHTML, like Gecko) Chrome/144.0.0.0 Safari/537.36"
240e:967:e200:a00:0:1:0:11 - - [26/Aug/2026:23:17:40 +0800] "GET /2373/wp-content/cache/2blog.ilc.edu.tw/wpfc-minified/8tjetro8/5wsy1.js HTTP/1.1" 200 40356 "https://2blog.ilc.edu.tw/2373/tag/%e6%9c%a8%e5%b7%a5%e6%89%8b%e4%bd%9c/" "Mozilla/5.0 (Windows NT 10.0; Win64; x64) AppleWebKit/537.36 (KHTML, like Gecko) Chrome/144.0.0.0 Safari/537.36"
240e:967:e200:a00:0:1:0:11 - - [26/Aug/2026:23:17:40 +0800] "GET /2373/wp-content/themes/hueman/assets/front/webfonts/fa-brands-400.woff2?v=5.15.2 HTTP/1.1" 200 84293 "https://2blog.ilc.edu.tw/2373/tag/%e6%9c%a8%e5%b7%a5%e6%89%8b%e4%bd%9c/" "Mozilla/5.0 (Windows NT 10.0; Win64; x64) AppleWebKit/537.36 (KHTML, like Gecko) Chrome/144.0.0.0 Safari/537.36"
74.7.242.54 - - [26/Aug/2026:23:17:41 +0800] "GET /32745/wp-content/uploads/sites/1271/2023/08/1-155.jpeg HTTP/1.1" 200 10457 "https://2blog.ilc.edu.tw/32745/wp-json/oembed/1.0/embed?format=xml&url=https%3A%2F%2F2blog.ilc.edu.tw%2F32745%2F2023%2F08%2F26%2F%25e7%2597%25b4%25e5%25bf%2583%25e8%25b8%25a2%25e8%2591%2597%25e9%2590%25b5%2F" "Mozilla/5.0 AppleWebKit/537.36 (KHTML, like Gecko; compatible; GPTBot/1.4; +https://openai.com/gptbot)"
240e:967:e200:a00:0:1:0:11 - - [26/Aug/2026:23:17:41 +0800] "GET /2373/wp-content/themes/hueman/assets/front/webfonts/fa-regular-400.woff2?v=5.15.2 HTTP/1.1" 200 14439 "https://2blog.ilc.edu.tw/2373/tag/%e6%9c%a8%e5%b7%a5%e6%89%8b%e4%bd%9c/" "Mozilla/5.0 (Windows NT 10.0; Win64; x64) AppleWebKit/537.36 (KHTML, like Gecko) Chrome/144.0.0.0 Safari/537.36"
240e:967:e200:a00:0:1:0:11 - - [26/Aug/2026:23:17:41 +0800] "GET /2373/wp-content/themes/hueman/assets/front/webfonts/fa-solid-900.woff2?v=5.15.2 HTTP/1.1" 200 81301 "https://2blog.ilc.edu.tw/2373/tag/%e6%9c%a8%e5%b7%a5%e6%89%8b%e4%bd%9c/" "Mozilla/5.0 (Windows NT 10.0; Win64; x64) AppleWebKit/537.36 (KHTML, like Gecko) Chrome/144.0.0.0 Safari/537.36"
240e:967:e200:a00:0:1:0:11 - - [26/Aug/2026:23:17:41 +0800] "GET /2373/wp-includes/js/hoverintent-js.min.js HTTP/1.1" 200 1597 "https://2blog.ilc.edu.tw/2373/tag/%e6%9c%a8%e5%b7%a5%e6%89%8b%e4%bd%9c/" "Mozilla/5.0 (Windows NT 10.0; Win64; x64) AppleWebKit/537.36 (KHTML, like Gecko) Chrome/144.0.0.0 Safari/537.36"
74.7.242.54 - - [26/Aug/2026:23:17:41 +0800] "GET /32745/wp-content/uploads/sites/1271/2024/09/1-199.jpeg HTTP/1.1" 200 26500 "https://2blog.ilc.edu.tw/32745/2024/09/14/%e8%b1%ac/" "Mozilla/5.0 AppleWebKit/537.36 (KHTML, like Gecko; compatible; GPTBot/1.4; +https://openai.com/gptbot)"
240e:967:e200:a00:0:1:0:11 - - [26/Aug/2026:23:17:41 +0800] "GET /2373/wp-includes/js/admin-bar.min.js HTTP/1.1" 200 2237 "https://2blog.ilc.edu.tw/2373/tag/%e6%9c%a8%e5%b7%a5%e6%89%8b%e4%bd%9c/" "Mozilla/5.0 (Windows NT 10.0; Win64; x64) AppleWebKit/537.36 (KHTML, like Gecko) Chrome/144.0.0.0 Safari/537.36"
74.7.242.54 - - [26/Aug/2026:23:17:42 +0800] "GET /32745/wp-content/uploads/sites/1271/2024/06/1-108.jpeg HTTP/1.1" 200 15926 "https://2blog.ilc.edu.tw/32745/wp-json/oembed/1.0/embed?format=xml&url=https%3A%2F%2F2blog.ilc.edu.tw%2F32745%2F2024%2F06%2F30%2F%25e7%258d%25a8%25e8%25ba%25ab%25e8%25bc%2583%25e6%25b8%2585%25e9%2596%2592%2F" "Mozilla/5.0 AppleWebKit/537.36 (KHTML, like Gecko; compatible; GPTBot/1.4; +https://openai.com/gptbot)"
34.42.229.145 - - [26/Aug/2026:23:17:42 +0800] "GET /32745/category/%E4%B8%83%E9%83%8Evs%E8%97%8D%E8%90%8D/ HTTP/1.1" 200 90178 "-" "Mozilla/5.0 (Macintosh; Intel Mac OS X 10_15_7) AppleWebKit/537.36 (KHTML, like Gecko) Chrome/120.0.0.0 Safari/537.36"
74.7.242.54 - - [26/Aug/2026:23:17:42 +0800] "GET /32745/wp-content/uploads/sites/1271/2023/01/1-860.jpeg HTTP/1.1" 200 24209 "https://2blog.ilc.edu.tw/32745/wp-json/oembed/1.0/embed?format=xml&url=https%3A%2F%2F2blog.ilc.edu.tw%2F32745%2F2023%2F01%2F25%2F%25e7%2584%25a1%25e9%258c%25a2%25e7%259a%2584%25e6%25bb%258b%25e5%2591%25b3%2F" "Mozilla/5.0 AppleWebKit/537.36 (KHTML, like Gecko; compatible; GPTBot/1.4; +https://openai.com/gptbot)"
34.56.53.225 - - [26/Aug/2026:23:17:42 +0800] "GET /3288/wp-json/wp/v2/posts/112939 HTTP/1.1" 200 11703 "-" "Mozilla/5.0 (Macintosh; Intel Mac OS X 10_15_7) AppleWebKit/537.36 (KHTML, like Gecko) Chrome/120.0.0.0 Safari/537.36"
2001:288:a201::66:125 - - [26/Aug/2026:23:17:43 +0800] "GET /blog/active.php HTTP/1.1" 301 1026 "-" "-"
2001:288:a201::66:125 - - [26/Aug/2026:23:17:43 +0800] "GET /blog/active.php HTTP/1.1" 404 1084 "-" "-"
240e:967:e200:a00:0:1:0:11 - - [26/Aug/2026:23:17:43 +0800] "GET /2373/wp-includes/js/underscore.min.js HTTP/1.1" 200 8191 "https://2blog.ilc.edu.tw/2373/tag/%e6%9c%a8%e5%b7%a5%e6%89%8b%e4%bd%9c/" "Mozilla/5.0 (Windows NT 10.0; Win64; x64) AppleWebKit/537.36 (KHTML, like Gecko) Chrome/144.0.0.0 Safari/537.36"
2408:8719:64:203:2e:: - - [26/Aug/2026:23:17:43 +0800] "GET /5888/2015/07 HTTP/1.1" 301 5737 "-" "Mozilla/5.0 (Windows NT 10.0; Win64; x64) AppleWebKit/537.36 (KHTML, like Gecko) Chrome/144.0.0.0 Safari/537.36"
74.7.242.54 - - [26/Aug/2026:23:17:43 +0800] "GET /32745/wp-content/uploads/sites/1271/2023/01/1-998.jpeg HTTP/1.1" 200 20032 "https://2blog.ilc.edu.tw/32745/wp-json/oembed/1.0/embed?format=xml&url=https%3A%2F%2F2blog.ilc.edu.tw%2F32745%2F2023%2F01%2F27%2F%25e5%2594%25b1%25e8%25a2%2582%25e5%2587%25ba%25e7%259a%2584%25e6%25b5%25aa%25e5%25ad%2590%25e6%25ad%258c%2F" "Mozilla/5.0 AppleWebKit/537.36 (KHTML, like Gecko; compatible; GPTBot/1.4; +https://openai.com/gptbot)"
52.21.62.139 - - [26/Aug/2026:23:17:43 +0800] "GET /1003/wp-content/uploads/sites/233/2024/04/IMG_8453-1536x1049.jpg HTTP/1.1" 200 341464 "-" "Mozilla/5.0 AppleWebKit/537.36 (KHTML, like Gecko; compatible; Amazonbot/0.1; +https://developer.amazon.com/support/amazonbot) Chrome/119.0.6045.214 Safari/537.36"
74.7.242.54 - - [26/Aug/2026:23:17:43 +0800] "GET /32745/wp-content/uploads/sites/1271/2024/09/1-169.jpeg HTTP/1.1" 200 19953 "https://2blog.ilc.edu.tw/32745/2024/09/14/%e6%85%88/" "Mozilla/5.0 AppleWebKit/537.36 (KHTML, like Gecko; compatible; GPTBot/1.4; +https://openai.com/gptbot)"
2408:8719:64:203:2e:: - - [26/Aug/2026:23:17:43 +0800] "GET /5888/2015/07/ HTTP/1.1" 200 10082 "-" "Mozilla/5.0 (Windows NT 10.0; Win64; x64) AppleWebKit/537.36 (KHTML, like Gecko) Chrome/144.0.0.0 Safari/537.36"
::1 - - [26/Aug/2026:23:17:44 +0800] "OPTIONS * HTTP/1.0" 200 110 "-" "Apache/2.4.68 (Ubuntu) OpenSSL/3.0.19 (internal dummy connection)"
74.7.242.54 - - [26/Aug/2026:23:17:44 +0800] "GET /32745/wp-content/uploads/sites/1271/2023/01/1-558.jpeg HTTP/1.1" 200 13699 "https://2blog.ilc.edu.tw/32745/2023/01/22/%e5%8c%96%e5%81%9a%e5%8d%83%e9%a2%a8-2/" "Mozilla/5.0 AppleWebKit/537.36 (KHTML, like Gecko; compatible; GPTBot/1.4; +https://openai.com/gptbot)"
2408:8719:64:203:2e:: - - [26/Aug/2026:23:17:44 +0800] "GET /5888/wp-content/cache/2blog.ilc.edu.tw/wpfc-minified/e2wu78ec/7ugxd.css HTTP/1.1" 200 40886 "https://2blog.ilc.edu.tw/5888/2015/07/" "Mozilla/5.0 (Windows NT 10.0; Win64; x64) AppleWebKit/537.36 (KHTML, like Gecko) Chrome/144.0.0.0 Safari/537.36"
74.7.242.54 - - [26/Aug/2026:23:17:44 +0800] "GET /32745/wp-content/uploads/sites/1271/2024/09/1-136.jpeg HTTP/1.1" 200 24848 "https://2blog.ilc.edu.tw/32745/category/%e5%8d%81%e4%b8%80%e5%8a%83/page/2/" "Mozilla/5.0 AppleWebKit/537.36 (KHTML, like Gecko; compatible; GPTBot/1.4; +https://openai.com/gptbot)"
2408:8719:64:203:2e:: - - [26/Aug/2026:23:17:45 +0800] "GET /5888/wp-content/cache/2blog.ilc.edu.tw/wpfc-minified/7viub9xo/7ugxd.css HTTP/1.1" 200 15980 "https://2blog.ilc.edu.tw/5888/2015/07/" "Mozilla/5.0 (Windows NT 10.0; Win64; x64) AppleWebKit/537.36 (KHTML, like Gecko) Chrome/144.0.0.0 Safari/537.36"
2408:8719:64:203:2e:: - - [26/Aug/2026:23:17:45 +0800] "GET /5888/wp-content/cache/2blog.ilc.edu.tw/wpfc-minified/dtnfstza/7ugxd.css HTTP/1.1" 200 18455 "https://2blog.ilc.edu.tw/5888/2015/07/" "Mozilla/5.0 (Windows NT 10.0; Win64; x64) AppleWebKit/537.36 (KHTML, like Gecko) Chrome/144.0.0.0 Safari/537.36"
2408:8719:64:203:2e:: - - [26/Aug/2026:23:17:45 +0800] "GET /5888/wp-content/cache/2blog.ilc.edu.tw/wpfc-minified/qt7qb7tm/7ugxd.js HTTP/1.1" 200 35903 "https://2blog.ilc.edu.tw/5888/2015/07/" "Mozilla/5.0 (Windows NT 10.0; Win64; x64) AppleWebKit/537.36 (KHTML, like Gecko) Chrome/144.0.0.0 Safari/537.36"
2408:8719:64:203:2e:: - - [26/Aug/2026:23:17:45 +0800] "GET /5888/wp-includes/js/hoverintent-js.min.js HTTP/1.1" 200 6391 "https://2blog.ilc.edu.tw/5888/2015/07/" "Mozilla/5.0 (Windows NT 10.0; Win64; x64) AppleWebKit/537.36 (KHTML, like Gecko) Chrome/144.0.0.0 Safari/537.36"
2408:8719:64:203:2e:: - - [26/Aug/2026:23:17:45 +0800] "GET /5888/wp-includes/js/admin-bar.min.js HTTP/1.1" 200 7031 "https://2blog.ilc.edu.tw/5888/2015/07/" "Mozilla/5.0 (Windows NT 10.0; Win64; x64) AppleWebKit/537.36 (KHTML, like Gecko) Chrome/144.0.0.0 Safari/537.36"
2408:8719:64:203:2e:: - - [26/Aug/2026:23:17:45 +0800] "GET /5888/wp-content/themes/textbook/assets/js/jquery.flexslider.js HTTP/1.1" 200 17595 "https://2blog.ilc.edu.tw/5888/2015/07/" "Mozilla/5.0 (Windows NT 10.0; Win64; x64) AppleWebKit/537.36 (KHTML, like Gecko) Chrome/144.0.0.0 Safari/537.36"
74.7.242.54 - - [26/Aug/2026:23:17:45 +0800] "GET /32745/wp-content/uploads/sites/1271/2024/06/1-106.jpeg HTTP/1.1" 200 23727 "https://2blog.ilc.edu.tw/32745/wp-json/oembed/1.0/embed?format=xml&url=https%3A%2F%2F2blog.ilc.edu.tw%2F32745%2F2024%2F06%2F30%2F%25e6%2588%2591%25e6%259c%2583%25e7%25b7%258a%25e8%25bd%2589%25e4%25be%2586%2F" "Mozilla/5.0 AppleWebKit/537.36 (KHTML, like Gecko; compatible; GPTBot/1.4; +https://openai.com/gptbot)"
2408:8719:64:203:2e:: - - [26/Aug/2026:23:17:45 +0800] "GET /5888/wp-content/themes/textbook/assets/js/functions.js HTTP/1.1" 200 1934 "https://2blog.ilc.edu.tw/5888/2015/07/" "Mozilla/5.0 (Windows NT 10.0; Win64; x64) AppleWebKit/537.36 (KHTML, like Gecko) Chrome/144.0.0.0 Safari/537.36"
240e:967:e200:a00:0:1:0:11 - - [26/Aug/2026:23:17:45 +0800] "GET /2373/wp-content/themes/hueman/assets/front/js/scripts.min.js HTTP/1.1" 200 22643 "https://2blog.ilc.edu.tw/2373/tag/%e6%9c%a8%e5%b7%a5%e6%89%8b%e4%bd%9c/" "Mozilla/5.0 (Windows NT 10.0; Win64; x64) AppleWebKit/537.36 (KHTML, like Gecko) Chrome/144.0.0.0 Safari/537.36"
140.111.67.10 - - [26/Aug/2026:23:17:45 +0800] "GET /" 301 273 "-" "-"
2408:8719:64:203:2e:: - - [26/Aug/2026:23:17:45 +0800] "GET /5888/wp-content/themes/textbook/assets/js/navigation.js HTTP/1.1" 200 2931 "https://2blog.ilc.edu.tw/5888/2015/07/" "Mozilla/5.0 (Windows NT 10.0; Win64; x64) AppleWebKit/537.36 (KHTML, like Gecko) Chrome/144.0.0.0 Safari/537.36"
2408:8719:64:203:2e:: - - [26/Aug/2026:23:17:45 +0800] "GET /5888/wp-content/themes/textbook/assets/js/skip-link-focus-fix.js HTTP/1.1" 200 1351 "https://2blog.ilc.edu.tw/5888/2015/07/" "Mozilla/5.0 (Windows NT 10.0; Win64; x64) AppleWebKit/537.36 (KHTML, like Gecko) Chrome/144.0.0.0 Safari/537.36"
74.7.242.54 - - [26/Aug/2026:23:17:45 +0800] "GET /32745/wp-content/uploads/sites/1271/2024/09/1-164.jpeg HTTP/1.1" 200 18165 "https://2blog.ilc.edu.tw/32745/category/%e5%8d%81%e4%b8%89%e5%8a%83/page/3/" "Mozilla/5.0 AppleWebKit/537.36 (KHTML, like Gecko; compatible; GPTBot/1.4; +https://openai.com/gptbot)"
74.7.242.54 - - [26/Aug/2026:23:17:46 +0800] "GET /32745/wp-content/uploads/sites/1271/2024/09/1-130.jpeg HTTP/1.1" 200 18294 "https://2blog.ilc.edu.tw/32745/2024/09/14/%e5%bc%b5/" "Mozilla/5.0 AppleWebKit/537.36 (KHTML, like Gecko; compatible; GPTBot/1.4; +https://openai.com/gptbot)"
74.7.242.54 - - [26/Aug/2026:23:17:46 +0800] "GET /32745/wp-content/uploads/sites/1271/2025/08/1-136.jpeg HTTP/1.1" 200 20548 "https://2blog.ilc.edu.tw/32745/wp-json/oembed/1.0/embed?format=xml&url=https%3A%2F%2F2blog.ilc.edu.tw%2F32745%2F2025%2F08%2F23%2F%25e6%2589%25af%25e5%2595%25a6%25e7%2584%25a1%25e6%2583%2585%25e7%259a%2584%25e4%25ba%25ba%2F" "Mozilla/5.0 AppleWebKit/537.36 (KHTML, like Gecko; compatible; GPTBot/1.4; +https://openai.com/gptbot)"
2408:8719:64:203:2e:: - - [26/Aug/2026:23:17:47 +0800] "GET /favicon.ico HTTP/1.1" 302 901 "https://2blog.ilc.edu.tw/5888/2015/07/" "Mozilla/5.0 (Windows NT 10.0; Win64; x64) AppleWebKit/537.36 (KHTML, like Gecko) Chrome/144.0.0.0 Safari/537.36"
74.7.242.54 - - [26/Aug/2026:23:17:47 +0800] "GET /32745/wp-content/uploads/sites/1271/2023/01/1-976.jpeg HTTP/1.1" 200 26073 "https://2blog.ilc.edu.tw/32745/wp-json/oembed/1.0/embed?format=xml&url=https%3A%2F%2F2blog.ilc.edu.tw%2F32745%2F2023%2F01%2F26%2F%25e4%25b9%259d%25e5%25ac%25b8%25e5%25a9%2586%25e9%2581%258e%25e5%25b9%25b4%2F" "Mozilla/5.0 AppleWebKit/537.36 (KHTML, like Gecko; compatible; GPTBot/1.4; +https://openai.com/gptbot)"
240e:967:e200:a00:0:1:0:11 - - [26/Aug/2026:23:17:47 +0800] "GET /favicon.ico HTTP/1.1" 302 901 "https://2blog.ilc.edu.tw/2373/tag/%e6%9c%a8%e5%b7%a5%e6%89%8b%e4%bd%9c/" "Mozilla/5.0 (Windows NT 10.0; Win64; x64) AppleWebKit/537.36 (KHTML, like Gecko) Chrome/144.0.0.0 Safari/537.36"
2408:8719:64:203:2e:: - - [26/Aug/2026:23:17:47 +0800] "GET /wp-includes/images/w-logo-blue-white-bg.png HTTP/1.1" 200 4946 "https://2blog.ilc.edu.tw/5888/2015/07/" "Mozilla/5.0 (Windows NT 10.0; Win64; x64) AppleWebKit/537.36 (KHTML, like Gecko) Chrome/144.0.0.0 Safari/537.36"
240e:967:e200:a00:0:1:0:11 - - [26/Aug/2026:23:17:47 +0800] "GET /wp-includes/images/w-logo-blue-white-bg.png HTTP/1.1" 200 4946 "https://2blog.ilc.edu.tw/2373/tag/%e6%9c%a8%e5%b7%a5%e6%89%8b%e4%bd%9c/" "Mozilla/5.0 (Windows NT 10.0; Win64; x64) AppleWebKit/537.36 (KHTML, like Gecko) Chrome/144.0.0.0 Safari/537.36"
74.7.242.54 - - [26/Aug/2026:23:17:48 +0800] "GET /32745/wp-content/uploads/sites/1271/2023/07/1-169.jpeg HTTP/1.1" 200 25541 "https://2blog.ilc.edu.tw/32745/wp-json/oembed/1.0/embed?format=xml&url=https%3A%2F%2F2blog.ilc.edu.tw%2F32745%2F2023%2F07%2F29%2F%25e6%2580%259d%25e5%25bf%25b5%25e7%259a%2584%25e8%25a7%25a3%25e8%2597%25a5%2F" "Mozilla/5.0 AppleWebKit/537.36 (KHTML, like Gecko; compatible; GPTBot/1.4; +https://openai.com/gptbot)"
36.229.241.48 - - [26/Aug/2026:23:17:47 +0800] "GET /wp-content/uploads/sites/1678/2022/07/%E9%AB%98%E6%BA%AB%E8%A5%B2%E6%93%8A%EF%BC%8C%E5%B0%8F%E5%BF%83%E7%86%B1%E5%82%B7%E5%AE%B3%EF%BC%81.mp4?_=1 HTTP/1.1" 200 2969516 "https://www.nses.ilc.edu.tw/" "Mozilla/5.0 (iPhone; CPU iPhone OS 17_3_1 like Mac OS X) AppleWebKit/605.1.15 (KHTML, like Gecko) Version/17.3.1 Mobile/15E148 Safari/604.1"
36.229.241.48 - - [26/Aug/2026:23:17:47 +0800] "GET /wp-content/uploads/sites/1678/2021/05/%E5%AE%9C%E8%98%AD%E7%B8%A3%E9%98%B2%E7%96%AB%E7%9F%AD%E7%89%87.mp4?_=2 HTTP/1.1" 200 2246816 "https://www.nses.ilc.edu.tw/" "Mozilla/5.0 (iPhone; CPU iPhone OS 17_3_1 like Mac OS X) AppleWebKit/605.1.15 (KHTML, like Gecko) Version/17.3.1 Mobile/15E148 Safari/604.1"
2001:288:a201::66:125 - - [26/Aug/2026:23:17:48 +0800] "GET /blog/active.php HTTP/1.1" 301 1026 "-" "-"
2001:288:a201::66:125 - - [26/Aug/2026:23:17:48 +0800] "GET /blog/active.php HTTP/1.1" 404 1084 "-" "-"
216.73.217.64 - - [26/Aug/2026:23:17:48 +0800] "GET /2226/archives/author/1124ying/page/34 HTTP/1.1" 200 16671 "-" "Mozilla/5.0 AppleWebKit/537.36 (KHTML, like Gecko; compatible; ClaudeBot/1.0; +claudebot@anthropic.com)"
74.7.242.54 - - [26/Aug/2026:23:17:48 +0800] "GET /32745/wp-content/uploads/sites/1271/2026/01/1-595.jpeg HTTP/1.1" 200 22978 "https://2blog.ilc.edu.tw/32745/wp-json/oembed/1.0/embed?format=xml&url=https%3A%2F%2F2blog.ilc.edu.tw%2F32745%2F2026%2F01%2F31%2F%25e7%2582%25ba%25e6%2584%259b%25e8%25aa%25a4%25e4%25b8%2580%25e7%2594%259f%2F" "Mozilla/5.0 AppleWebKit/537.36 (KHTML, like Gecko; compatible; GPTBot/1.4; +https://openai.com/gptbot)"
36.229.241.48 - - [26/Aug/2026:23:17:48 +0800] "GET /wp-content/uploads/sites/1678/2022/07/%E9%AB%98%E6%BA%AB%E8%A5%B2%E6%93%8A%EF%BC%8C%E5%B0%8F%E5%BF%83%E7%86%B1%E5%82%B7%E5%AE%B3%EF%BC%81.mp4?_=1 HTTP/1.1" 200 3805592 "https://www.nses.ilc.edu.tw/" "Mozilla/5.0 (iPhone; CPU iPhone OS 17_3_1 like Mac OS X) AppleWebKit/605.1.15 (KHTML, like Gecko) Version/17.3.1 Mobile/15E148 Safari/604.1"
216.73.217.64 - - [26/Aug/2026:23:17:48 +0800] "GET /9536/?p=54918 HTTP/1.1" 301 5822 "-" "Mozilla/5.0 AppleWebKit/537.36 (KHTML, like Gecko; compatible; ClaudeBot/1.0; +claudebot@anthropic.com)"
36.229.241.48 - - [26/Aug/2026:23:17:48 +0800] "GET /wp-content/uploads/sites/1678/2021/05/%E5%AE%9C%E8%98%AD%E7%B8%A3%E9%98%B2%E7%96%AB%E7%9F%AD%E7%89%87.mp4?_=2 HTTP/1.1" 200 4257183 "https://www.nses.ilc.edu.tw/" "Mozilla/5.0 (iPhone; CPU iPhone OS 17_3_1 like Mac OS X) AppleWebKit/605.1.15 (KHTML, like Gecko) Version/17.3.1 Mobile/15E148 Safari/604.1"
36.229.241.48 - - [26/Aug/2026:23:17:48 +0800] "GET /wp-content/uploads/sites/1678/2021/05/%E5%AE%9C%E8%98%AD%E7%B8%A3%E9%98%B2%E7%96%AB%E7%9F%AD%E7%89%87.mp4?_=2 HTTP/1.1" 200 4257183 "https://www.nses.ilc.edu.tw/" "Mozilla/5.0 (iPhone; CPU iPhone OS 17_3_1 like Mac OS X) AppleWebKit/605.1.15 (KHTML, like Gecko) Version/17.3.1 Mobile/15E148 Safari/604.1"
216.73.217.64 - - [26/Aug/2026:23:17:49 +0800] "GET /9536/2008/01/09/%e7%a4%be%e5%8d%80%e6%97%a5%e6%9b%86-%e5%a4%a7%e6%b4%b2%e7%a4%be%e5%8d%80-%e7%9b%b4%e6%8e%92%e8%bc%aa%e7%9a%84%e5%b8%b8%e5%8b%9d%e8%bb%8d/ HTTP/1.1" 200 9422 "https://2blog.ilc.edu.tw/9536/?p=54918" "Mozilla/5.0 AppleWebKit/537.36 (KHTML, like Gecko; compatible; ClaudeBot/1.0; +claudebot@anthropic.com)"
74.7.242.54 - - [26/Aug/2026:23:17:49 +0800] "GET /32745/wp-content/uploads/sites/1271/2026/01/1-189.jpeg HTTP/1.1" 200 16907 "https://2blog.ilc.edu.tw/32745/wp-json/oembed/1.0/embed?format=xml&url=https%3A%2F%2F2blog.ilc.edu.tw%2F32745%2F2026%2F01%2F04%2F%25e6%2580%259d%25e5%25bf%25b5%25e7%259a%2584%25e9%2596%258b%25e5%25a7%258b%2F" "Mozilla/5.0 AppleWebKit/537.36 (KHTML, like Gecko; compatible; GPTBot/1.4; +https://openai.com/gptbot)"
216.73.217.64 - - [26/Aug/2026:23:17:49 +0800] "GET /9536/?p=54914 HTTP/1.1" 301 899 "-" "Mozilla/5.0 AppleWebKit/537.36 (KHTML, like Gecko; compatible; ClaudeBot/1.0; +claudebot@anthropic.com)"
74.7.242.54 - - [26/Aug/2026:23:17:49 +0800] "GET /32745/wp-content/uploads/sites/1271/2023/01/1-496.jpeg HTTP/1.1" 200 17603 "https://2blog.ilc.edu.tw/32745/wp-json/oembed/1.0/embed?format=xml&url=https%3A%2F%2F2blog.ilc.edu.tw%2F32745%2F2023%2F01%2F21%2F%25e6%2584%259f%25e6%2583%2585%25e7%2594%259f%25e6%25b4%25bb%2F" "Mozilla/5.0 AppleWebKit/537.36 (KHTML, like Gecko; compatible; GPTBot/1.4; +https://openai.com/gptbot)"
216.73.217.64 - - [26/Aug/2026:23:17:49 +0800] "GET /9536/2008/01/05/%e7%a4%be%e5%8d%80%e6%97%a5%e6%9b%86-%e5%a4%a7%e6%b4%b2%e7%a4%be%e5%8d%80-%e8%87%aa%e7%94%b1%e7%9a%84%e5%ae%97%e6%95%99%e4%bf%a1%e4%bb%b0/ HTTP/1.1" 200 9632 "https://2blog.ilc.edu.tw/9536/?p=54914" "Mozilla/5.0 AppleWebKit/537.36 (KHTML, like Gecko; compatible; ClaudeBot/1.0; +claudebot@anthropic.com)"
66.249.79.137 - - [26/Aug/2026:23:17:47 +0800] "GET /wp-login.php?action=ilc_logout&_wpnonce=43754d0aad&redirect_to=//mariadveri.ru/join/8596/ HTTP/1.1" 302 8240 "-" "Mozilla/5.0 (Linux; Android 6.0.1; Nexus 5X Build/MMB29P) AppleWebKit/537.36 (KHTML, like Gecko) Chrome/151.0.7922.173 Mobile Safari/537.36 (compatible; Googlebot/2.1; +http://www.google.com/bot.html)"
2408:862e:ff:ff0d::540 - - [26/Aug/2026:23:17:49 +0800] "GET /category/c-16698 HTTP/1.1" 301 5778 "-" "Mozilla/5.0 (Windows NT 10.0; Win64; x64) AppleWebKit/537.36 (KHTML, like Gecko) Chrome/144.0.0.0 Safari/537.36"
74.7.242.54 - - [26/Aug/2026:23:17:50 +0800] "GET /32745/wp-content/uploads/sites/1271/2023/01/1-958.jpeg HTTP/1.1" 200 17154 "https://2blog.ilc.edu.tw/32745/wp-json/oembed/1.0/embed?format=xml&url=https%3A%2F%2F2blog.ilc.edu.tw%2F32745%2F2023%2F01%2F26%2F%25e5%2581%25b7%25e5%25bf%2583-2%2F" "Mozilla/5.0 AppleWebKit/537.36 (KHTML, like Gecko; compatible; GPTBot/1.4; +https://openai.com/gptbot)"
36.229.241.48 - - [26/Aug/2026:23:17:49 +0800] "GET /wp-content/uploads/sites/1678/2021/05/%E5%AE%9C%E8%98%AD%E7%B8%A3%E9%98%B2%E7%96%AB%E7%9F%AD%E7%89%87.mp4?_=2 HTTP/1.1" 200 4252381 "https://www.nses.ilc.edu.tw/" "Mozilla/5.0 (iPhone; CPU iPhone OS 17_3_1 like Mac OS X) AppleWebKit/605.1.15 (KHTML, like Gecko) Version/17.3.1 Mobile/15E148 Safari/604.1"
2408:862e:ff:ff0d::540 - - [26/Aug/2026:23:17:50 +0800] "GET /category/c-16698/ HTTP/1.1" 200 12703 "-" "Mozilla/5.0 (Windows NT 10.0; Win64; x64) AppleWebKit/537.36 (KHTML, like Gecko) Chrome/144.0.0.0 Safari/537.36"
140.111.67.10 - - [26/Aug/2026:23:17:50 +0800] "GET /" 301 273 "-" "-"
3.213.106.226 - - [26/Aug/2026:23:17:50 +0800] "GET /5192/wp-json/wp/v2/tags?post=889 HTTP/1.1" 200 6010 "-" "Mozilla/5.0 AppleWebKit/537.36 (KHTML, like Gecko; compatible; Amazonbot/0.1; +https://developer.amazon.com/support/amazonbot) Chrome/119.0.6045.214 Safari/537.36"
74.7.242.54 - - [26/Aug/2026:23:17:50 +0800] "GET /32745/wp-content/uploads/sites/1271/2025/01/1-186.jpeg HTTP/1.1" 200 22396 "https://2blog.ilc.edu.tw/32745/wp-json/oembed/1.0/embed?format=xml&url=https%3A%2F%2F2blog.ilc.edu.tw%2F32745%2F2025%2F01%2F27%2F%25e4%25bd%25a0%25e6%2594%258f%25e7%2584%25a1%25e6%2583%25b3%25e9%2581%258e%2F" "Mozilla/5.0 AppleWebKit/537.36 (KHTML, like Gecko; compatible; GPTBot/1.4; +https://openai.com/gptbot)"
2408:862e:ff:ff0d::540 - - [26/Aug/2026:23:17:50 +0800] "GET /wp-content/cache/www.cses.ilc.edu.tw/wpfc-minified/ehp0ocri/ooxx.css HTTP/1.1" 200 40884 "https://www.cses.ilc.edu.tw/category/c-16698/" "Mozilla/5.0 (Windows NT 10.0; Win64; x64) AppleWebKit/537.36 (KHTML, like Gecko) Chrome/144.0.0.0 Safari/537.36"
74.7.242.54 - - [26/Aug/2026:23:17:51 +0800] "GET /32745/wp-content/uploads/sites/1271/2025/02/1-168.jpeg HTTP/1.1" 200 21354 "https://2blog.ilc.edu.tw/32745/wp-json/oembed/1.0/embed?format=xml&url=https%3A%2F%2F2blog.ilc.edu.tw%2F32745%2F2025%2F02%2F16%2F%25e5%2593%2580%25e6%2584%2581%25e5%25a4%259c%25e6%25b8%25af%25e9%2582%258a%2F" "Mozilla/5.0 AppleWebKit/537.36 (KHTML, like Gecko; compatible; GPTBot/1.4; +https://openai.com/gptbot)"
::1 - - [26/Aug/2026:23:17:51 +0800] "OPTIONS * HTTP/1.0" 200 110 "-" "Apache/2.4.68 (Ubuntu) OpenSSL/3.0.19 (internal dummy connection)"
2408:862e:ff:ff0d::540 - - [26/Aug/2026:23:17:51 +0800] "GET /wp-content/cache/www.cses.ilc.edu.tw/wpfc-minified/jqzg1rk5/ooxx.css HTTP/1.1" 200 15782 "https://www.cses.ilc.edu.tw/category/c-16698/" "Mozilla/5.0 (Windows NT 10.0; Win64; x64) AppleWebKit/537.36 (KHTML, like Gecko) Chrome/144.0.0.0 Safari/537.36"
66.249.71.9 - - [26/Aug/2026:23:17:49 +0800] "GET /wp-login.php?action=ilc_logout&_wpnonce=43754d0aad&redirect_to=http://mebelcot.ru/join/65280/ HTTP/1.1" 302 8244 "-" "Mozilla/5.0 (Linux; Android 6.0.1; Nexus 5X Build/MMB29P) AppleWebKit/537.36 (KHTML, like Gecko) Chrome/151.0.7922.173 Mobile Safari/537.36 (compatible; Googlebot/2.1; +http://www.google.com/bot.html)"
74.7.242.54 - - [26/Aug/2026:23:17:51 +0800] "GET /32745/wp-content/uploads/sites/1271/2025/08/1-126.jpeg HTTP/1.1" 200 19607 "https://2blog.ilc.edu.tw/32745/wp-json/oembed/1.0/embed?format=xml&url=https%3A%2F%2F2blog.ilc.edu.tw%2F32745%2F2025%2F08%2F23%2F%25e9%25a1%25a7%25e8%25ba%25ab%25e9%25ab%2594%25e8%25bc%2583%25e8%25b4%258f%25e9%25a1%25a7%25e5%25ae%25b6%25e4%25bc%2599%2F" "Mozilla/5.0 AppleWebKit/537.36 (KHTML, like Gecko; compatible; GPTBot/1.4; +https://openai.com/gptbot)"
2408:862e:ff:ff0d::540 - - [26/Aug/2026:23:17:51 +0800] "GET /wp-content/cache/www.cses.ilc.edu.tw/wpfc-minified/dpz2t7di/ooxx.css HTTP/1.1" 200 1157 "https://www.cses.ilc.edu.tw/category/c-16698/" "Mozilla/5.0 (Windows NT 10.0; Win64; x64) AppleWebKit/537.36 (KHTML, like Gecko) Chrome/144.0.0.0 Safari/537.36"
2408:862e:ff:ff0d::540 - - [26/Aug/2026:23:17:52 +0800] "GET /wp-includes/js/hoverintent-js.min.js HTTP/1.1" 200 1597 "https://www.cses.ilc.edu.tw/category/c-16698/" "Mozilla/5.0 (Windows NT 10.0; Win64; x64) AppleWebKit/537.36 (KHTML, like Gecko) Chrome/144.0.0.0 Safari/537.36"
::1 - - [26/Aug/2026:23:17:52 +0800] "OPTIONS * HTTP/1.0" 200 110 "-" "Apache/2.4.68 (Ubuntu) OpenSSL/3.0.19 (internal dummy connection)"
74.7.242.54 - - [26/Aug/2026:23:17:52 +0800] "GET /32745/wp-content/uploads/sites/1271/2024/09/1-176.jpeg HTTP/1.1" 200 20417 "https://2blog.ilc.edu.tw/32745/category/%e5%8d%81%e4%b8%89%e5%8a%83/" "Mozilla/5.0 AppleWebKit/537.36 (KHTML, like Gecko; compatible; GPTBot/1.4; +https://openai.com/gptbot)"
2408:862e:ff:ff0d::540 - - [26/Aug/2026:23:17:52 +0800] "GET /wp-content/themes/oceanwp/assets/js/ow-lightbox.min.js HTTP/1.1" 200 2321 "https://www.cses.ilc.edu.tw/category/c-16698/" "Mozilla/5.0 (Windows NT 10.0; Win64; x64) AppleWebKit/537.36 (KHTML, like Gecko) Chrome/144.0.0.0 Safari/537.36"
