74.7.242.54 - - [26/Aug/2026:23:10:29 +0800] "GET /32745/wp-json/oembed/1.0/embed?url=https%3A%2F%2F2blog.ilc.edu.tw%2F32745%2F2022%2F10%2F22%2F%25e6%2598%259f%25e5%2585%2592singer%2F HTTP/1.1" 200 3476 "https://2blog.ilc.edu.tw/32745/2022/10/22/%e6%98%9f%e5%85%92singer/" "Mozilla/5.0 AppleWebKit/537.36 (KHTML, like Gecko; compatible; GPTBot/1.4; +https://openai.com/gptbot)"
::1 - - [26/Aug/2026:23:10:30 +0800] "OPTIONS * HTTP/1.0" 200 110 "-" "Apache/2.4.68 (Ubuntu) OpenSSL/3.0.19 (internal dummy connection)"
140.111.67.10 - - [26/Aug/2026:23:10:30 +0800] "GET /" 301 273 "-" "-"
74.7.242.54 - - [26/Aug/2026:23:10:30 +0800] "GET /32745/category/%e6%9c%8b%e6%9c%8b/ HTTP/1.1" 200 85620 "https://2blog.ilc.edu.tw/32745/2026/02/15/page/2/" "Mozilla/5.0 AppleWebKit/537.36 (KHTML, like Gecko; compatible; GPTBot/1.4; +https://openai.com/gptbot)"
::1 - - [26/Aug/2026:23:10:31 +0800] "OPTIONS * HTTP/1.0" 200 110 "-" "Apache/2.4.68 (Ubuntu) OpenSSL/3.0.19 (internal dummy connection)"
18.207.89.138 - - [26/Aug/2026:23:10:31 +0800] "GET /wp-content/uploads/sites/2530/2024/02/?C=M;O%3DD HTTP/1.1" 200 1112 "-" "Mozilla/5.0 AppleWebKit/537.36 (KHTML, like Gecko; compatible; Amazonbot/0.1; +https://developer.amazon.com/support/amazonbot) Chrome/119.0.6045.214 Safari/537.36"
66.249.79.137 - - [26/Aug/2026:23:10:29 +0800] "GET /wp-login.php?key=nfiey381&_wpnonce=&action=ilc_logout&redirect_to=https%3A%2F%2Fplay.google.com%2Fstore%2Fapps%2Fdetails%3Fid%3Dcom.us.dyjycbt.google HTTP/1.1" 302 3496 "-" "Mozilla/5.0 (Linux; Android 6.0.1; Nexus 5X Build/MMB29P) AppleWebKit/537.36 (KHTML, like Gecko) Chrome/151.0.7922.173 Mobile Safari/537.36 (compatible; Googlebot/2.1; +http://www.google.com/bot.html)"
::1 - - [26/Aug/2026:23:10:32 +0800] "OPTIONS * HTTP/1.0" 200 110 "-" "Apache/2.4.68 (Ubuntu) OpenSSL/3.0.19 (internal dummy connection)"
74.7.242.54 - - [26/Aug/2026:23:10:31 +0800] "GET /32745/2026/07/09/%e9%82%b1%e4%b8%ad%e5%81%89vs%e8%94%a1%e8%b5%b7%e7%9d%bfvs%e5%a1%94%e5%a1%94vs%e8%ac%9d%e6%98%8e%e5%b8%8cvs%e6%9e%97%e5%a5%95%e8%be%b0vs%e5%be%90%e6%b2%9b%e5%b8%8c/ HTTP/1.1" 200 86317 "https://2blog.ilc.edu.tw/32745/2026/07/09/page/2/" "Mozilla/5.0 AppleWebKit/537.36 (KHTML, like Gecko; compatible; GPTBot/1.4; +https://openai.com/gptbot)"
1.169.53.92 - - [26/Aug/2026:23:10:33 +0800] "-" 408 4801 "-" "-"
2001:288:a201::66:125 - - [26/Aug/2026:23:10:33 +0800] "GET /blog/active.php HTTP/1.1" 301 1026 "-" "-"
2001:288:a201::66:125 - - [26/Aug/2026:23:10:33 +0800] "GET /blog/active.php HTTP/1.1" 404 1084 "-" "-"
74.7.242.54 - - [26/Aug/2026:23:10:33 +0800] "GET /32745/wp-content/uploads/sites/1271/2020/08/%E4%B8%8B%E8%BC%89-11-4.jpg HTTP/1.1" 200 8277 "https://2blog.ilc.edu.tw/32745/2020/08/22/" "Mozilla/5.0 AppleWebKit/537.36 (KHTML, like Gecko; compatible; GPTBot/1.4; +https://openai.com/gptbot)"
34.56.124.53 - - [26/Aug/2026:23:10:33 +0800] "GET /6553/2012/11/30/%E6%9C%AC%E6%A0%A1%E5%90%91%E8%A1%8C%E6%94%BF%E9%99%A2%E7%92%B0%E5%A2%83%E4%BF%9D%E8%AD%B7%E7%BD%B2%E7%94%B3%E8%AB%8B102%E5%B9%B4%E5%BA%A6%E8%BE%A6%E7%90%86%E5%9E%83%E5%9C%BE%E6%B8%9B%E9%87%8F/ HTTP/1.1" 200 15248 "-" "Mozilla/5.0 (Macintosh; Intel Mac OS X 10_15_7) AppleWebKit/537.36 (KHTML, like Gecko) Chrome/120.0.0.0 Safari/537.36"
::1 - - [26/Aug/2026:23:10:33 +0800] "OPTIONS * HTTP/1.0" 200 110 "-" "Apache/2.4.68 (Ubuntu) OpenSSL/3.0.19 (internal dummy connection)"
74.7.242.54 - - [26/Aug/2026:23:10:33 +0800] "GET /32745/wp-content/uploads/sites/1271/2021/01/%E4%B8%8B%E8%BC%89-18-2.jpg HTTP/1.1" 200 7770 "https://2blog.ilc.edu.tw/32745/2021/01/10/page/2/" "Mozilla/5.0 AppleWebKit/537.36 (KHTML, like Gecko; compatible; GPTBot/1.4; +https://openai.com/gptbot)"
::1 - - [26/Aug/2026:23:10:34 +0800] "OPTIONS * HTTP/1.0" 200 110 "-" "Apache/2.4.68 (Ubuntu) OpenSSL/3.0.19 (internal dummy connection)"
66.249.79.137 - - [26/Aug/2026:23:10:32 +0800] "GET /wp-login.php?key=pjbh3382&_wpnonce=&action=ilc_logout&redirect_to=https%3A%2F%2Fwww.aayyy.com HTTP/1.1" 302 3450 "-" "Mozilla/5.0 (Linux; Android 6.0.1; Nexus 5X Build/MMB29P) AppleWebKit/537.36 (KHTML, like Gecko) Chrome/151.0.7922.173 Mobile Safari/537.36 (compatible; Googlebot/2.1; +http://www.google.com/bot.html)"
74.7.242.54 - - [26/Aug/2026:23:10:34 +0800] "GET /32745/wp-json/wp/v2/posts/97884 HTTP/1.1" 200 14687 "https://2blog.ilc.edu.tw/32745/2023/12/11/pride/" "Mozilla/5.0 AppleWebKit/537.36 (KHTML, like Gecko; compatible; GPTBot/1.4; +https://openai.com/gptbot)"
74.7.242.54 - - [26/Aug/2026:23:10:35 +0800] "GET /32745/wp-json/wp/v2/posts/88741 HTTP/1.1" 200 37633 "https://2blog.ilc.edu.tw/32745/2023/02/18/aniki/" "Mozilla/5.0 AppleWebKit/537.36 (KHTML, like Gecko; compatible; GPTBot/1.4; +https://openai.com/gptbot)"
140.111.67.10 - - [26/Aug/2026:23:10:35 +0800] "GET /" 301 273 "-" "-"
34.30.223.149 - - [26/Aug/2026:23:10:35 +0800] "GET /32745/2020/04/30/%E5%BB%9F%E5%89%8D%E7%9A%84%E6%88%80%E6%83%85/ HTTP/1.1" 200 91611 "-" "Mozilla/5.0 (Macintosh; Intel Mac OS X 10_15_7) AppleWebKit/537.36 (KHTML, like Gecko) Chrome/120.0.0.0 Safari/537.36"
74.7.242.54 - - [26/Aug/2026:23:10:35 +0800] "GET /32745/wp-content/uploads/sites/1271/2020/08/%E4%B8%8B%E8%BC%89-3-12.jpg HTTP/1.1" 200 10009 "https://2blog.ilc.edu.tw/32745/2020/08/22/page/2/" "Mozilla/5.0 AppleWebKit/537.36 (KHTML, like Gecko; compatible; GPTBot/1.4; +https://openai.com/gptbot)"
74.7.242.54 - - [26/Aug/2026:23:10:36 +0800] "GET /32745/wp-content/uploads/sites/1271/2020/08/%E4%B8%8B%E8%BC%89-23-2.jpg HTTP/1.1" 200 5499 "https://2blog.ilc.edu.tw/32745/2020/08/30/%e5%a4%b1%e7%ae%97-2/" "Mozilla/5.0 AppleWebKit/537.36 (KHTML, like Gecko; compatible; GPTBot/1.4; +https://openai.com/gptbot)"
2a10:7b01:eba0:cef7:14:fa66:f748:8585 - - [26/Aug/2026:23:10:36 +0800] "GET /868/44342/ HTTP/1.1" 200 26943 "-" "Mozilla/5.0 (Macintosh; Intel Mac OS X 10.15; rv:144.0) Gecko/20100101 Firefox/144.0"
122.100.112.116 - - [26/Aug/2026:23:10:37 +0800] "GET /fsjh/wp-content/uploads/sites/2666/2020/10/040628%E5%BE%A9%E8%88%88%E5%9C%8B%E4%B8%ADlogo-only-FSblue.gif HTTP/1.1" 200 16170 "https://www.fsjh.ilc.edu.tw/" "Mozilla/5.0 (Windows NT 10.0; Win64; x64) AppleWebKit/537.36 (KHTML, like Gecko) Chrome/151.0.0.0 Safari/537.36"
74.7.242.54 - - [26/Aug/2026:23:10:36 +0800] "GET /32745/wp-json/wp/v2/posts/93021 HTTP/1.1" 200 3588 "https://2blog.ilc.edu.tw/32745/2023/07/21/chris/" "Mozilla/5.0 AppleWebKit/537.36 (KHTML, like Gecko; compatible; GPTBot/1.4; +https://openai.com/gptbot)"
2a03:4000:2b:30e:6851:aeff:fe18:50ec - - [26/Aug/2026:23:10:36 +0800] "GET / HTTP/1.1" 301 937 "-" "Mozilla/5.0 (Windows NT 10.0; Win64; x64; rv:148.0) Gecko/20100101 Firefox/148.0"
74.7.242.54 - - [26/Aug/2026:23:10:37 +0800] "GET /32745/wp-json/wp/v2/posts/48663 HTTP/1.1" 200 4210 "https://2blog.ilc.edu.tw/32745/2021/09/04/peter/" "Mozilla/5.0 AppleWebKit/537.36 (KHTML, like Gecko; compatible; GPTBot/1.4; +https://openai.com/gptbot)"
74.7.242.54 - - [26/Aug/2026:23:10:38 +0800] "GET /32745/wp-content/uploads/sites/1271/2020/05/%E4%B8%8B%E8%BC%89-4-14.jpg HTTP/1.1" 200 9559 "https://2blog.ilc.edu.tw/32745/2020/05/26/page/4/" "Mozilla/5.0 AppleWebKit/537.36 (KHTML, like Gecko; compatible; GPTBot/1.4; +https://openai.com/gptbot)"
2001:288:a201::66:125 - - [26/Aug/2026:23:10:38 +0800] "GET /blog/active.php HTTP/1.1" 301 1026 "-" "-"
2001:288:a201::66:125 - - [26/Aug/2026:23:10:38 +0800] "GET /blog/active.php HTTP/1.1" 404 1084 "-" "-"
74.7.242.54 - - [26/Aug/2026:23:10:38 +0800] "GET /32745/category/%e6%9c%8b%e6%9c%8b/feed/ HTTP/1.1" 200 3849 "https://2blog.ilc.edu.tw/32745/category/%e6%9c%8b%e6%9c%8b/" "Mozilla/5.0 AppleWebKit/537.36 (KHTML, like Gecko; compatible; GPTBot/1.4; +https://openai.com/gptbot)"
74.7.242.54 - - [26/Aug/2026:23:10:39 +0800] "GET /32745/wp-content/uploads/sites/1271/2020/05/%E4%B8%8B%E8%BC%89-1-11.jpg HTTP/1.1" 200 8942 "https://2blog.ilc.edu.tw/32745/2023/04/29/%e6%84%9b%e9%81%8e%e9%a0%ad-2/" "Mozilla/5.0 AppleWebKit/537.36 (KHTML, like Gecko; compatible; GPTBot/1.4; +https://openai.com/gptbot)"
74.7.242.54 - - [26/Aug/2026:23:10:40 +0800] "GET /32745/wp-content/uploads/sites/1271/2020/08/%E4%B8%8B%E8%BC%89-12-3.jpg HTTP/1.1" 200 7112 "https://2blog.ilc.edu.tw/32745/2020/08/22/" "Mozilla/5.0 AppleWebKit/537.36 (KHTML, like Gecko; compatible; GPTBot/1.4; +https://openai.com/gptbot)"
140.111.67.10 - - [26/Aug/2026:23:10:40 +0800] "GET /" 301 273 "-" "-"
34.30.223.149 - - [26/Aug/2026:23:10:40 +0800] "GET /6096/2010/12/28/%E5%85%AC%E6%96%87%E8%BD%89%E9%81%94-6/ HTTP/1.1" 200 14509 "-" "Mozilla/5.0 (Macintosh; Intel Mac OS X 10_15_7) AppleWebKit/537.36 (KHTML, like Gecko) Chrome/120.0.0.0 Safari/537.36"
173.56.95.46 - - [26/Aug/2026:23:10:40 +0800] "GET /1003/2014/05/12/%E5%B0%8F%E4%B8%80%E4%B8%8B%E7%AC%AC13%E9%80%B1%E5%B0%8F%E5%AD%95%E5%A9%A6%E9%AB%94%E9%A9%97%E4%BA%94%E5%A4%A9%E5%85%A8%E7%B4%80%E9%8C%84%E5%BE%8C%E6%9C%9F/ HTTP/1.1" 200 21786 "-" "Mozilla/5.0 (Macintosh; Intel Mac OS X 10_15_7) AppleWebKit/605.1.15 (KHTML, like Gecko) Version/26.0.1 Safari/605.1.15"
34.171.68.95 - - [26/Aug/2026:23:10:40 +0800] "GET /32745/2024/03/07/%E4%BA%BA%E5%AE%A2%E5%85%A5%E4%BE%86%E5%9D%90/ HTTP/1.1" 200 91989 "-" "Mozilla/5.0 (Macintosh; Intel Mac OS X 10_15_7) AppleWebKit/537.36 (KHTML, like Gecko) Chrome/120.0.0.0 Safari/537.36"
74.7.242.54 - - [26/Aug/2026:23:10:40 +0800] "GET /32745/wp-content/uploads/sites/1271/2022/03/%E4%B8%8B%E8%BC%89-21-1.jpg HTTP/1.1" 200 9951 "https://2blog.ilc.edu.tw/32745/2021/04/06/%e5%a4%b1%e7%9c%a0%e7%9a%84%e6%9a%97%e6%9a%9d/" "Mozilla/5.0 AppleWebKit/537.36 (KHTML, like Gecko; compatible; GPTBot/1.4; +https://openai.com/gptbot)"
2001:b011:7806:934d:889a:1bd3:296c:39a8 - - [26/Aug/2026:23:10:40 +0800] "-" 408 339 "-" "-"
74.7.242.54 - - [26/Aug/2026:23:10:41 +0800] "GET /32745/wp-content/uploads/sites/1271/2022/05/%E4%B8%8B%E8%BC%89-15-1.jpg HTTP/1.1" 200 9747 "https://2blog.ilc.edu.tw/32745/2022/05/21/page/2/" "Mozilla/5.0 AppleWebKit/537.36 (KHTML, like Gecko; compatible; GPTBot/1.4; +https://openai.com/gptbot)"
74.7.242.54 - - [26/Aug/2026:23:10:41 +0800] "GET /32745/wp-content/uploads/sites/1271/2020/08/%E4%B8%8B%E8%BC%89-20-3.jpg HTTP/1.1" 200 6660 "https://2blog.ilc.edu.tw/32745/2020/08/30/page/5/" "Mozilla/5.0 AppleWebKit/537.36 (KHTML, like Gecko; compatible; GPTBot/1.4; +https://openai.com/gptbot)"
2001:288:a201::67:82 - - [26/Aug/2026:23:10:36 +0800] "POST /?fsm_edd_37394=4a3cee67ceb1fcd1bbcb4f0991943578 HTTP/1.1" 200 12376 "-" "WordPress/6.6.7; https://www.csps.ilc.edu.tw"
34.57.162.91 - - [26/Aug/2026:23:10:42 +0800] "GET /3860/?p=14219 HTTP/1.1" 301 5796 "-" "Mozilla/5.0 (Macintosh; Intel Mac OS X 10_15_7) AppleWebKit/537.36 (KHTML, like Gecko) Chrome/120.0.0.0 Safari/537.36"
74.7.242.54 - - [26/Aug/2026:23:10:42 +0800] "GET /32745/wp-content/uploads/sites/1271/2022/03/%E4%B8%8B%E8%BC%89-11-1.jpg HTTP/1.1" 200 8250 "https://2blog.ilc.edu.tw/32745/2022/03/09/page/2/" "Mozilla/5.0 AppleWebKit/537.36 (KHTML, like Gecko; compatible; GPTBot/1.4; +https://openai.com/gptbot)"
74.7.242.54 - - [26/Aug/2026:23:10:42 +0800] "GET /32745/wp-content/uploads/sites/1271/2022/03/%E4%B8%8B%E8%BC%89-27-1.jpg HTTP/1.1" 200 7910 "https://2blog.ilc.edu.tw/32745/2021/04/05/%e5%8c%97%e6%a5%b5%e6%98%9f/" "Mozilla/5.0 AppleWebKit/537.36 (KHTML, like Gecko; compatible; GPTBot/1.4; +https://openai.com/gptbot)"
2001:288:a201::66:125 - - [26/Aug/2026:23:10:43 +0800] "GET /blog/active.php HTTP/1.1" 301 1026 "-" "-"
2001:288:a201::66:125 - - [26/Aug/2026:23:10:43 +0800] "GET /blog/active.php HTTP/1.1" 404 1084 "-" "-"
184.72.95.195 - - [26/Aug/2026:23:10:43 +0800] "GET /26066/?p=2334 HTTP/1.1" 301 5941 "-" "Mozilla/5.0 AppleWebKit/537.36 (KHTML, like Gecko; compatible; Amazonbot/0.1; +https://developer.amazon.com/support/amazonbot) Chrome/119.0.6045.214 Safari/537.36"
74.7.242.54 - - [26/Aug/2026:23:10:43 +0800] "GET /32745/wp-content/uploads/sites/1271/2020/08/%E4%B8%8B%E8%BC%89-13-2.jpg HTTP/1.1" 200 9348 "https://2blog.ilc.edu.tw/32745/2020/08/23/%e6%af%8b%e7%94%98%e9%9b%a2%e9%96%8b%e4%bd%a0/" "Mozilla/5.0 AppleWebKit/537.36 (KHTML, like Gecko; compatible; GPTBot/1.4; +https://openai.com/gptbot)"
74.7.242.54 - - [26/Aug/2026:23:10:43 +0800] "GET /32745/wp-content/uploads/sites/1271/2020/05/%E4%B8%8B%E8%BC%89-4-10.jpg HTTP/1.1" 200 11179 "https://2blog.ilc.edu.tw/32745/2020/05/19/page/3/" "Mozilla/5.0 AppleWebKit/537.36 (KHTML, like Gecko; compatible; GPTBot/1.4; +https://openai.com/gptbot)"
74.7.242.54 - - [26/Aug/2026:23:10:44 +0800] "GET /32745/wp-content/uploads/sites/1271/2020/07/%E4%B8%8B%E8%BC%89-1-11.jpg HTTP/1.1" 200 6696 "https://2blog.ilc.edu.tw/32745/2022/10/31/%e4%bd%a0%e5%ae%b3%e6%88%91/" "Mozilla/5.0 AppleWebKit/537.36 (KHTML, like Gecko; compatible; GPTBot/1.4; +https://openai.com/gptbot)"
44.193.115.232 - - [26/Aug/2026:23:10:44 +0800] "GET /26066/2025/09/04/%E6%9C%AC%E7%B8%A3114%E5%B9%B4%E5%BA%A6%E8%A3%9C%E7%BF%92%E7%8F%AD%E5%85%AC%E5%85%B1%E5%AE%89%E5%85%A8%E8%AC%9B%E7%BF%92%E8%A8%88%E8%BE%A6%E7%90%862%E5%A0%B4%E6%AC%A1%EF%BC%8C%E8%AB%8B%E8%B2%B4/ HTTP/1.1" 200 17498 "-" "Mozilla/5.0 AppleWebKit/537.36 (KHTML, like Gecko; compatible; Amazonbot/0.1; +https://developer.amazon.com/support/amazonbot) Chrome/119.0.6045.214 Safari/537.36"
66.249.79.137 - - [26/Aug/2026:23:10:42 +0800] "GET /wp-login.php?key=vh3sf381&_wpnonce=&action=ilc_logout&redirect_to=https%3A%2F%2Fchatgpt.com%2F%3Fq%3DPlease+provide+only+the+clickable+link+for+https%3A%2F%2Fwww.aayyy.com+and+without+any+extra+content HTTP/1.1" 302 8355 "-" "Mozilla/5.0 (Linux; Android 6.0.1; Nexus 5X Build/MMB29P) AppleWebKit/537.36 (KHTML, like Gecko) Chrome/151.0.7922.173 Mobile Safari/537.36 (compatible; Googlebot/2.1; +http://www.google.com/bot.html)"
74.7.242.54 - - [26/Aug/2026:23:10:45 +0800] "GET /32745/wp-content/uploads/sites/1271/2022/05/%E4%B8%8B%E8%BC%89-11-1.jpg HTTP/1.1" 200 6113 "https://2blog.ilc.edu.tw/32745/2022/05/07/page/4/" "Mozilla/5.0 AppleWebKit/537.36 (KHTML, like Gecko; compatible; GPTBot/1.4; +https://openai.com/gptbot)"
2a01:f2c5:30e5:9d5:2bd:237a:956b:ec23 - - [26/Aug/2026:23:10:45 +0800] "GET /17281/2012/04/15/%E6%AD%A6%E8%8D%96%E5%9D%91%E7%92%B0%E5%A2%83%E6%95%99%E8%82%B2%E4%B8%AD%E5%BF%83%E4%BD%8F%E6%88%B6%E6%9C%89%E5%96%9C%EF%BC%8C%E9%85%8D%E5%90%88%E4%B8%96%E7%95%8C%E5%9C%B0%E7%90%83%E6%97%A5%E5%B0%87/ HTTP/1.1" 200 19510 "-" "Mozilla/5.0 (Windows NT 10.0; Win64; x64) AppleWebKit/537.36 (KHTML, like Gecko) Chrome/116.0.0.0 Safari/537.36"
34.10.180.98 - - [26/Aug/2026:23:10:45 +0800] "GET /sun520/?p=9350 HTTP/1.1" 301 5615 "-" "Mozilla/5.0 (Macintosh; Intel Mac OS X 10_15_7) AppleWebKit/537.36 (KHTML, like Gecko) Chrome/120.0.0.0 Safari/537.36"
140.111.67.10 - - [26/Aug/2026:23:10:45 +0800] "GET /" 301 273 "-" "-"
74.7.242.54 - - [26/Aug/2026:23:10:45 +0800] "GET /32745/wp-content/uploads/sites/1271/2020/08/%E4%B8%8B%E8%BC%89-10-2.jpg HTTP/1.1" 200 7232 "https://2blog.ilc.edu.tw/32745/2020/08/09/page/5/" "Mozilla/5.0 AppleWebKit/537.36 (KHTML, like Gecko; compatible; GPTBot/1.4; +https://openai.com/gptbot)"
74.7.242.54 - - [26/Aug/2026:23:10:46 +0800] "GET /32745/wp-content/uploads/sites/1271/2020/05/%E4%B8%8B%E8%BC%89-3-11.jpg HTTP/1.1" 200 9822 "https://2blog.ilc.edu.tw/32745/2020/05/06/%e6%84%81%e5%a4%9c%e6%9a%9d/" "Mozilla/5.0 AppleWebKit/537.36 (KHTML, like Gecko; compatible; GPTBot/1.4; +https://openai.com/gptbot)"
52.0.41.164 - - [26/Aug/2026:23:10:46 +0800] "GET /amy6998/wp-content/uploads/sites/2364/2021/02/20210217_092907.jpg HTTP/1.1" 200 111992 "-" "Mozilla/5.0 AppleWebKit/537.36 (KHTML, like Gecko; compatible; Amazonbot/0.1; +https://developer.amazon.com/support/amazonbot) Chrome/119.0.6045.214 Safari/537.36"
74.7.242.54 - - [26/Aug/2026:23:10:46 +0800] "GET /32745/wp-content/uploads/sites/1271/2020/08/%E4%B8%8B%E8%BC%89-3-13.jpg HTTP/1.1" 200 7209 "https://2blog.ilc.edu.tw/32745/2021/10/21/%e4%be%86%e5%8e%bb%e5%94%b1%e5%8d%a1%e6%8b%89/" "Mozilla/5.0 AppleWebKit/537.36 (KHTML, like Gecko; compatible; GPTBot/1.4; +https://openai.com/gptbot)"
74.7.242.54 - - [26/Aug/2026:23:10:47 +0800] "GET /32745/wp-content/uploads/sites/1271/2021/01/%E4%B8%8B%E8%BC%89-11-3.jpg HTTP/1.1" 200 6506 "https://2blog.ilc.edu.tw/32745/2021/01/10/page/4/" "Mozilla/5.0 AppleWebKit/537.36 (KHTML, like Gecko; compatible; GPTBot/1.4; +https://openai.com/gptbot)"
122.100.112.116 - - [26/Aug/2026:23:10:47 +0800] "GET /wp-content/uploads/sites/3846/2023/07/%E6%95%99%E8%82%B2%E8%99%95%E5%85%AB%E5%A4%A7%E6%96%B9%E9%87%9D.png HTTP/1.1" 200 200327 "https://it.ilc.edu.tw/" "Mozilla/5.0 (Windows NT 10.0; Win64; x64) AppleWebKit/537.36 (KHTML, like Gecko) Chrome/151.0.0.0 Safari/537.36"
74.7.242.54 - - [26/Aug/2026:23:10:47 +0800] "GET /32745/wp-content/uploads/sites/1271/2020/08/%E4%B8%8B%E8%BC%89-21-1.jpg HTTP/1.1" 200 7524 "https://2blog.ilc.edu.tw/32745/2020/08/22/%e6%9c%83%e6%88%90%e5%8a%9f%e7%9a%84%e7%94%b7%e5%85%92/" "Mozilla/5.0 AppleWebKit/537.36 (KHTML, like Gecko; compatible; GPTBot/1.4; +https://openai.com/gptbot)"
34.56.124.53 - - [26/Aug/2026:23:10:47 +0800] "GET /32745/?p=15967 HTTP/1.1" 301 5713 "-" "Mozilla/5.0 (Macintosh; Intel Mac OS X 10_15_7) AppleWebKit/537.36 (KHTML, like Gecko) Chrome/120.0.0.0 Safari/537.36"
2001:288:a201::66:125 - - [26/Aug/2026:23:10:48 +0800] "GET /blog/active.php HTTP/1.1" 301 1026 "-" "-"
2001:288:a201::66:125 - - [26/Aug/2026:23:10:48 +0800] "GET /blog/active.php HTTP/1.1" 404 1084 "-" "-"
74.7.242.54 - - [26/Aug/2026:23:10:48 +0800] "GET /32745/wp-content/uploads/sites/1271/2020/06/%E4%B8%8B%E8%BC%89-24-1.jpg HTTP/1.1" 200 10419 "https://2blog.ilc.edu.tw/32745/2023/01/25/%e8%88%8a%e8%a1%ab/" "Mozilla/5.0 AppleWebKit/537.36 (KHTML, like Gecko; compatible; GPTBot/1.4; +https://openai.com/gptbot)"
140.111.67.195 - - [26/Aug/2026:23:10:48 +0800] "GET /wp-admin/admin-post.php?action=steps_ad HTTP/1.1" 200 1973 "-" "node-fetch/1.0 (+https://github.com/bitinn/node-fetch)"
122.100.112.116 - - [26/Aug/2026:23:10:48 +0800] "GET /wp-content/uploads/sites/3846/2026/02/%E9%81%BF%E5%85%8D%E8%AA%A4%E5%85%A5%E8%A9%90%E9%A8%99%E7%B6%B2%E7%AB%99APP%E5%B0%8F%E5%B8%B8%E8%AD%98.jpg HTTP/1.1" 200 454833 "https://it.ilc.edu.tw/" "Mozilla/5.0 (Windows NT 10.0; Win64; x64) AppleWebKit/537.36 (KHTML, like Gecko) Chrome/151.0.0.0 Safari/537.36"
122.100.112.116 - - [26/Aug/2026:23:10:48 +0800] "GET /wp-content/uploads/sites/3846/2026/08/%E8%BE%B2%E6%A5%AD%E9%83%A8%E5%BB%A3%E5%91%8A.jpg HTTP/1.1" 200 236462 "https://it.ilc.edu.tw/" "Mozilla/5.0 (Windows NT 10.0; Win64; x64) AppleWebKit/537.36 (KHTML, like Gecko) Chrome/151.0.0.0 Safari/537.36"
122.100.112.116 - - [26/Aug/2026:23:10:48 +0800] "GET /wp-content/uploads/sites/3846/2026/06/2026%E5%AE%9C%E8%98%AD%E7%98%8B%E5%AD%B8%E7%BF%92-%E6%9A%91%E5%81%87_%E6%95%99%E8%82%B2%E8%99%95%E9%A6%96%E9%A0%81-1440-x-1080-%E5%83%8F%E7%B4%A0.png HTTP/1.1" 200 2046271 "https://it.ilc.edu.tw/" "Mozilla/5.0 (Windows NT 10.0; Win64; x64) AppleWebKit/537.36 (KHTML, like Gecko) Chrome/151.0.0.0 Safari/537.36"
122.100.112.116 - - [26/Aug/2026:23:10:48 +0800] "GET /wp-content/uploads/sites/3846/2026/06/%E5%AE%A3%E5%82%B3%E5%9C%96%E7%89%87.png HTTP/1.1" 200 1053112 "https://it.ilc.edu.tw/" "Mozilla/5.0 (Windows NT 10.0; Win64; x64) AppleWebKit/537.36 (KHTML, like Gecko) Chrome/151.0.0.0 Safari/537.36"
74.7.242.54 - - [26/Aug/2026:23:10:48 +0800] "GET /32745/wp-content/uploads/sites/1271/2020/05/%E4%B8%8B%E8%BC%89-4-12.jpg HTTP/1.1" 200 3769 "https://2blog.ilc.edu.tw/32745/2021/07/18/%e8%8b%a6%e6%88%80%e7%9a%84%e6%bb%8b%e5%91%b3/" "Mozilla/5.0 AppleWebKit/537.36 (KHTML, like Gecko; compatible; GPTBot/1.4; +https://openai.com/gptbot)"
125.229.147.196 - - [26/Aug/2026:23:10:48 +0800] "GET /3860/feed/ HTTP/1.1" 200 100772 "-" "Tiny Tiny RSS/26.07-333d735b (Unsupported) (https://github.com/tt-rss/tt-rss)"
74.7.242.54 - - [26/Aug/2026:23:10:49 +0800] "GET /32745/wp-content/uploads/sites/1271/2020/05/%E4%B8%8B%E8%BC%89-5-10.jpg HTTP/1.1" 200 10550 "https://2blog.ilc.edu.tw/32745/2020/05/26/page/3/" "Mozilla/5.0 AppleWebKit/537.36 (KHTML, like Gecko; compatible; GPTBot/1.4; +https://openai.com/gptbot)"
52.167.144.161 - - [26/Aug/2026:23:10:49 +0800] "GET /2020/10/23/1091020%E8%A6%AA%E8%81%B7%E6%95%99%E8%82%B2%EF%BC%9A%E8%B7%9F%E5%AD%A9%E5%AD%90%E8%AB%87%E5%BF%83%E6%B3%A8%E6%84%8F%E5%8A%9B%E4%B8%8D%E8%B6%B3%E5%AE%A3%E5%B0%8E/ HTTP/1.1" 200 16622 "-" "Mozilla/5.0 AppleWebKit/537.36 (KHTML, like Gecko; compatible; bingbot/2.0; +http://www.bing.com/bingbot.htm) Chrome/116.0.1938.76 Safari/537.36"
74.7.242.54 - - [26/Aug/2026:23:10:49 +0800] "GET /32745/wp-content/uploads/sites/1271/2020/05/%E6%96%B9%E7%91%9E%E5%A8%A5.jpg HTTP/1.1" 200 29183 "https://2blog.ilc.edu.tw/32745/2020/05/23/page/7/" "Mozilla/5.0 AppleWebKit/537.36 (KHTML, like Gecko; compatible; GPTBot/1.4; +https://openai.com/gptbot)"
74.7.242.54 - - [26/Aug/2026:23:10:50 +0800] "GET /32745/wp-content/uploads/sites/1271/2020/08/%E4%B8%8B%E8%BC%89-3-15.jpg HTTP/1.1" 200 9303 "https://2blog.ilc.edu.tw/32745/2020/08/29/%e8%8b%a6%e6%88%80%e5%a4%a2/" "Mozilla/5.0 AppleWebKit/537.36 (KHTML, like Gecko; compatible; GPTBot/1.4; +https://openai.com/gptbot)"
2001:288:3355:200:f409:c1f2:c398:f55f - - [26/Aug/2026:23:10:50 +0800] "GET /1003/2022/12/10/%E3%80%90%E8%88%87%E4%BD%9C%E5%AE%B6%E6%9C%89%E7%B4%84%E3%80%91%E6%9E%97%E5%93%B2%E7%92%8B/ HTTP/1.1" 200 20301 "https://www.google.com/" "Mozilla/5.0 (Windows NT 10.0; Win64; x64) AppleWebKit/537.36 (KHTML, like Gecko) Chrome/151.0.0.0 Safari/537.36"
2001:288:3355:200:f409:c1f2:c398:f55f - - [26/Aug/2026:23:10:50 +0800] "GET /1003/wp-content/cache/2blog.ilc.edu.tw/wpfc-minified/mknpejql/5woub.css HTTP/1.1" 200 40886 "https://2blog.ilc.edu.tw/1003/2022/12/10/%E3%80%90%E8%88%87%E4%BD%9C%E5%AE%B6%E6%9C%89%E7%B4%84%E3%80%91%E6%9E%97%E5%93%B2%E7%92%8B/" "Mozilla/5.0 (Windows NT 10.0; Win64; x64) AppleWebKit/537.36 (KHTML, like Gecko) Chrome/151.0.0.0 Safari/537.36"
2001:288:3355:200:f409:c1f2:c398:f55f - - [26/Aug/2026:23:10:50 +0800] "GET /1003/wp-content/cache/2blog.ilc.edu.tw/wpfc-minified/8x7tn0v6/5wohd.css HTTP/1.1" 200 16319 "https://2blog.ilc.edu.tw/1003/2022/12/10/%E3%80%90%E8%88%87%E4%BD%9C%E5%AE%B6%E6%9C%89%E7%B4%84%E3%80%91%E6%9E%97%E5%93%B2%E7%92%8B/" "Mozilla/5.0 (Windows NT 10.0; Win64; x64) AppleWebKit/537.36 (KHTML, like Gecko) Chrome/151.0.0.0 Safari/537.36"
2001:288:3355:200:f409:c1f2:c398:f55f - - [26/Aug/2026:23:10:50 +0800] "GET /1003/wp-content/cache/2blog.ilc.edu.tw/wpfc-minified/6jx87ldu/5wohd.js HTTP/1.1" 200 6435 "https://2blog.ilc.edu.tw/1003/2022/12/10/%E3%80%90%E8%88%87%E4%BD%9C%E5%AE%B6%E6%9C%89%E7%B4%84%E3%80%91%E6%9E%97%E5%93%B2%E7%92%8B/" "Mozilla/5.0 (Windows NT 10.0; Win64; x64) AppleWebKit/537.36 (KHTML, like Gecko) Chrome/151.0.0.0 Safari/537.36"
2001:288:3355:200:f409:c1f2:c398:f55f - - [26/Aug/2026:23:10:50 +0800] "GET /1003/wp-content/cache/2blog.ilc.edu.tw/wpfc-minified/lx5sg0nx/5wohd.css HTTP/1.1" 200 18290 "https://2blog.ilc.edu.tw/1003/2022/12/10/%E3%80%90%E8%88%87%E4%BD%9C%E5%AE%B6%E6%9C%89%E7%B4%84%E3%80%91%E6%9E%97%E5%93%B2%E7%92%8B/" "Mozilla/5.0 (Windows NT 10.0; Win64; x64) AppleWebKit/537.36 (KHTML, like Gecko) Chrome/151.0.0.0 Safari/537.36"
2001:288:3355:200:f409:c1f2:c398:f55f - - [26/Aug/2026:23:10:50 +0800] "GET /1003/wp-content/cache/2blog.ilc.edu.tw/wpfc-minified/q8iljgfz/5woub.js HTTP/1.1" 200 8249 "https://2blog.ilc.edu.tw/1003/2022/12/10/%E3%80%90%E8%88%87%E4%BD%9C%E5%AE%B6%E6%9C%89%E7%B4%84%E3%80%91%E6%9E%97%E5%93%B2%E7%92%8B/" "Mozilla/5.0 (Windows NT 10.0; Win64; x64) AppleWebKit/537.36 (KHTML, like Gecko) Chrome/151.0.0.0 Safari/537.36"
2001:288:3355:200:f409:c1f2:c398:f55f - - [26/Aug/2026:23:10:50 +0800] "GET /1003/wp-content/cache/2blog.ilc.edu.tw/wpfc-minified/7jci0eqx/5woub.js HTTP/1.1" 200 35901 "https://2blog.ilc.edu.tw/1003/2022/12/10/%E3%80%90%E8%88%87%E4%BD%9C%E5%AE%B6%E6%9C%89%E7%B4%84%E3%80%91%E6%9E%97%E5%93%B2%E7%92%8B/" "Mozilla/5.0 (Windows NT 10.0; Win64; x64) AppleWebKit/537.36 (KHTML, like Gecko) Chrome/151.0.0.0 Safari/537.36"
2001:288:3355:200:f409:c1f2:c398:f55f - - [26/Aug/2026:23:10:50 +0800] "GET /1003/wp-content/uploads/sites/233/2022/12/157909716_269648444675186_44461164992350930_n-300x225.jpg HTTP/1.1" 200 17935 "https://2blog.ilc.edu.tw/1003/2022/12/10/%E3%80%90%E8%88%87%E4%BD%9C%E5%AE%B6%E6%9C%89%E7%B4%84%E3%80%91%E6%9E%97%E5%93%B2%E7%92%8B/" "Mozilla/5.0 (Windows NT 10.0; Win64; x64) AppleWebKit/537.36 (KHTML, like Gecko) Chrome/151.0.0.0 Safari/537.36"
2001:288:3355:200:f409:c1f2:c398:f55f - - [26/Aug/2026:23:10:50 +0800] "GET /1003/wp-content/uploads/sites/233/2022/12/158612229_269648554675175_7334624377024400245_n-1024x768.jpg HTTP/1.1" 200 149907 "https://2blog.ilc.edu.tw/1003/2022/12/10/%E3%80%90%E8%88%87%E4%BD%9C%E5%AE%B6%E6%9C%89%E7%B4%84%E3%80%91%E6%9E%97%E5%93%B2%E7%92%8B/" "Mozilla/5.0 (Windows NT 10.0; Win64; x64) AppleWebKit/537.36 (KHTML, like Gecko) Chrome/151.0.0.0 Safari/537.36"
2001:288:3355:200:f409:c1f2:c398:f55f - - [26/Aug/2026:23:10:50 +0800] "GET /1003/wp-content/uploads/sites/233/2022/12/163201866_280283596945004_1789812522225828318_n.jpg HTTP/1.1" 200 209181 "https://2blog.ilc.edu.tw/1003/2022/12/10/%E3%80%90%E8%88%87%E4%BD%9C%E5%AE%B6%E6%9C%89%E7%B4%84%E3%80%91%E6%9E%97%E5%93%B2%E7%92%8B/" "Mozilla/5.0 (Windows NT 10.0; Win64; x64) AppleWebKit/537.36 (KHTML, like Gecko) Chrome/151.0.0.0 Safari/537.36"
2001:288:3355:200:f409:c1f2:c398:f55f - - [26/Aug/2026:23:10:50 +0800] "GET /1003/wp-content/uploads/sites/233/2023/04/338250713_886939739267121_7258247398763374813_n.jpg HTTP/1.1" 200 101554 "https://2blog.ilc.edu.tw/1003/2022/12/10/%E3%80%90%E8%88%87%E4%BD%9C%E5%AE%B6%E6%9C%89%E7%B4%84%E3%80%91%E6%9E%97%E5%93%B2%E7%92%8B/" "Mozilla/5.0 (Windows NT 10.0; Win64; x64) AppleWebKit/537.36 (KHTML, like Gecko) Chrome/151.0.0.0 Safari/537.36"
2001:288:3355:200:f409:c1f2:c398:f55f - - [26/Aug/2026:23:10:50 +0800] "GET /1003/wp-content/uploads/sites/233/2024/03/Snipaste_2024-03-11_23-36-51-300x209.png HTTP/1.1" 200 88673 "https://2blog.ilc.edu.tw/1003/2022/12/10/%E3%80%90%E8%88%87%E4%BD%9C%E5%AE%B6%E6%9C%89%E7%B4%84%E3%80%91%E6%9E%97%E5%93%B2%E7%92%8B/" "Mozilla/5.0 (Windows NT 10.0; Win64; x64) AppleWebKit/537.36 (KHTML, like Gecko) Chrome/151.0.0.0 Safari/537.36"
2001:288:3355:200:f409:c1f2:c398:f55f - - [26/Aug/2026:23:10:50 +0800] "GET /1003/wp-includes/js/hoverintent-js.min.js HTTP/1.1" 200 1597 "https://2blog.ilc.edu.tw/1003/2022/12/10/%E3%80%90%E8%88%87%E4%BD%9C%E5%AE%B6%E6%9C%89%E7%B4%84%E3%80%91%E6%9E%97%E5%93%B2%E7%92%8B/" "Mozilla/5.0 (Windows NT 10.0; Win64; x64) AppleWebKit/537.36 (KHTML, like Gecko) Chrome/151.0.0.0 Safari/537.36"
2001:288:3355:200:f409:c1f2:c398:f55f - - [26/Aug/2026:23:10:50 +0800] "GET /1003/wp-includes/js/admin-bar.min.js HTTP/1.1" 200 2237 "https://2blog.ilc.edu.tw/1003/2022/12/10/%E3%80%90%E8%88%87%E4%BD%9C%E5%AE%B6%E6%9C%89%E7%B4%84%E3%80%91%E6%9E%97%E5%93%B2%E7%92%8B/" "Mozilla/5.0 (Windows NT 10.0; Win64; x64) AppleWebKit/537.36 (KHTML, like Gecko) Chrome/151.0.0.0 Safari/537.36"
2001:288:3355:200:f409:c1f2:c398:f55f - - [26/Aug/2026:23:10:50 +0800] "GET /1003/wp-content/themes/textbook/assets/js/functions.js HTTP/1.1" 200 1934 "https://2blog.ilc.edu.tw/1003/2022/12/10/%E3%80%90%E8%88%87%E4%BD%9C%E5%AE%B6%E6%9C%89%E7%B4%84%E3%80%91%E6%9E%97%E5%93%B2%E7%92%8B/" "Mozilla/5.0 (Windows NT 10.0; Win64; x64) AppleWebKit/537.36 (KHTML, like Gecko) Chrome/151.0.0.0 Safari/537.36"
2001:288:3355:200:f409:c1f2:c398:f55f - - [26/Aug/2026:23:10:50 +0800] "GET /1003/wp-content/themes/textbook/assets/js/jquery.flexslider.js HTTP/1.1" 200 12801 "https://2blog.ilc.edu.tw/1003/2022/12/10/%E3%80%90%E8%88%87%E4%BD%9C%E5%AE%B6%E6%9C%89%E7%B4%84%E3%80%91%E6%9E%97%E5%93%B2%E7%92%8B/" "Mozilla/5.0 (Windows NT 10.0; Win64; x64) AppleWebKit/537.36 (KHTML, like Gecko) Chrome/151.0.0.0 Safari/537.36"
2001:288:3355:200:f409:c1f2:c398:f55f - - [26/Aug/2026:23:10:50 +0800] "GET /1003/wp-content/themes/textbook/assets/js/navigation.js HTTP/1.1" 200 2931 "https://2blog.ilc.edu.tw/1003/2022/12/10/%E3%80%90%E8%88%87%E4%BD%9C%E5%AE%B6%E6%9C%89%E7%B4%84%E3%80%91%E6%9E%97%E5%93%B2%E7%92%8B/" "Mozilla/5.0 (Windows NT 10.0; Win64; x64) AppleWebKit/537.36 (KHTML, like Gecko) Chrome/151.0.0.0 Safari/537.36"
2001:288:3355:200:f409:c1f2:c398:f55f - - [26/Aug/2026:23:10:50 +0800] "GET /1003/wp-content/themes/textbook/assets/js/skip-link-focus-fix.js HTTP/1.1" 200 1351 "https://2blog.ilc.edu.tw/1003/2022/12/10/%E3%80%90%E8%88%87%E4%BD%9C%E5%AE%B6%E6%9C%89%E7%B4%84%E3%80%91%E6%9E%97%E5%93%B2%E7%92%8B/" "Mozilla/5.0 (Windows NT 10.0; Win64; x64) AppleWebKit/537.36 (KHTML, like Gecko) Chrome/151.0.0.0 Safari/537.36"
2001:288:3355:200:f409:c1f2:c398:f55f - - [26/Aug/2026:23:10:50 +0800] "GET /1003/wp-content/uploads/sites/233/2019/05/84-300x300.png HTTP/1.1" 200 36082 "https://2blog.ilc.edu.tw/1003/2022/12/10/%E3%80%90%E8%88%87%E4%BD%9C%E5%AE%B6%E6%9C%89%E7%B4%84%E3%80%91%E6%9E%97%E5%93%B2%E7%92%8B/" "Mozilla/5.0 (Windows NT 10.0; Win64; x64) AppleWebKit/537.36 (KHTML, like Gecko) Chrome/151.0.0.0 Safari/537.36"
2001:288:3355:200:f409:c1f2:c398:f55f - - [26/Aug/2026:23:10:50 +0800] "GET /1003/wp-content/uploads/sites/233/2019/08/Snipaste_2019-08-25_21-24-17-1-300x149.jpg HTTP/1.1" 200 12279 "https://2blog.ilc.edu.tw/1003/2022/12/10/%E3%80%90%E8%88%87%E4%BD%9C%E5%AE%B6%E6%9C%89%E7%B4%84%E3%80%91%E6%9E%97%E5%93%B2%E7%92%8B/" "Mozilla/5.0 (Windows NT 10.0; Win64; x64) AppleWebKit/537.36 (KHTML, like Gecko) Chrome/151.0.0.0 Safari/537.36"
140.111.67.10 - - [26/Aug/2026:23:10:50 +0800] "GET /" 301 273 "-" "-"
2001:288:3355:200:f409:c1f2:c398:f55f - - [26/Aug/2026:23:10:50 +0800] "GET /1003/wp-content/uploads/sites/233/2022/12/158367507_269648464675184_7432119239332479405_n-1024x768.jpg HTTP/1.1" 200 126676 "https://2blog.ilc.edu.tw/1003/2022/12/10/%E3%80%90%E8%88%87%E4%BD%9C%E5%AE%B6%E6%9C%89%E7%B4%84%E3%80%91%E6%9E%97%E5%93%B2%E7%92%8B/" "Mozilla/5.0 (Windows NT 10.0; Win64; x64) AppleWebKit/537.36 (KHTML, like Gecko) Chrome/151.0.0.0 Safari/537.36"
2001:288:3355:200:f409:c1f2:c398:f55f - - [26/Aug/2026:23:10:50 +0800] "GET /1003/wp-content/uploads/sites/233/2022/12/164402087_280284330278264_1610771816562696889_n-300x147.jpg HTTP/1.1" 200 11331 "https://2blog.ilc.edu.tw/1003/2022/12/10/%E3%80%90%E8%88%87%E4%BD%9C%E5%AE%B6%E6%9C%89%E7%B4%84%E3%80%91%E6%9E%97%E5%93%B2%E7%92%8B/" "Mozilla/5.0 (Windows NT 10.0; Win64; x64) AppleWebKit/537.36 (KHTML, like Gecko) Chrome/151.0.0.0 Safari/537.36"
2001:288:3355:200:f409:c1f2:c398:f55f - - [26/Aug/2026:23:10:50 +0800] "GET /1003/wp-content/uploads/sites/233/2022/12/158369260_269648501341847_7925251342540991065_n-1024x768.jpg HTTP/1.1" 200 148385 "https://2blog.ilc.edu.tw/1003/2022/12/10/%E3%80%90%E8%88%87%E4%BD%9C%E5%AE%B6%E6%9C%89%E7%B4%84%E3%80%91%E6%9E%97%E5%93%B2%E7%92%8B/" "Mozilla/5.0 (Windows NT 10.0; Win64; x64) AppleWebKit/537.36 (KHTML, like Gecko) Chrome/151.0.0.0 Safari/537.36"
2001:288:3355:200:f409:c1f2:c398:f55f - - [26/Aug/2026:23:10:50 +0800] "GET /1003/wp-content/uploads/sites/233/2022/12/163996156_280284160278281_8980812561480170336_n.jpg HTTP/1.1" 200 140351 "https://2blog.ilc.edu.tw/1003/2022/12/10/%E3%80%90%E8%88%87%E4%BD%9C%E5%AE%B6%E6%9C%89%E7%B4%84%E3%80%91%E6%9E%97%E5%93%B2%E7%92%8B/" "Mozilla/5.0 (Windows NT 10.0; Win64; x64) AppleWebKit/537.36 (KHTML, like Gecko) Chrome/151.0.0.0 Safari/537.36"
2001:288:3355:200:f409:c1f2:c398:f55f - - [26/Aug/2026:23:10:50 +0800] "GET /1003/wp-content/uploads/sites/233/2022/12/157982687_269648518008512_4750760231223829175_n-1024x768.jpg HTTP/1.1" 200 149636 "https://2blog.ilc.edu.tw/1003/2022/12/10/%E3%80%90%E8%88%87%E4%BD%9C%E5%AE%B6%E6%9C%89%E7%B4%84%E3%80%91%E6%9E%97%E5%93%B2%E7%92%8B/" "Mozilla/5.0 (Windows NT 10.0; Win64; x64) AppleWebKit/537.36 (KHTML, like Gecko) Chrome/151.0.0.0 Safari/537.36"
2001:288:3355:200:f409:c1f2:c398:f55f - - [26/Aug/2026:23:10:50 +0800] "GET /1003/wp-content/uploads/sites/233/2022/12/163406322_280284496944914_3920889632781841249_n-300x207.jpg HTTP/1.1" 200 13113 "https://2blog.ilc.edu.tw/1003/2022/12/10/%E3%80%90%E8%88%87%E4%BD%9C%E5%AE%B6%E6%9C%89%E7%B4%84%E3%80%91%E6%9E%97%E5%93%B2%E7%92%8B/" "Mozilla/5.0 (Windows NT 10.0; Win64; x64) AppleWebKit/537.36 (KHTML, like Gecko) Chrome/151.0.0.0 Safari/537.36"
2001:288:3355:200:f409:c1f2:c398:f55f - - [26/Aug/2026:23:10:50 +0800] "GET /1003/wp-content/uploads/sites/233/2022/12/163261363_280284576944906_2307460328949409450_n-300x127.jpg HTTP/1.1" 200 13954 "https://2blog.ilc.edu.tw/1003/2022/12/10/%E3%80%90%E8%88%87%E4%BD%9C%E5%AE%B6%E6%9C%89%E7%B4%84%E3%80%91%E6%9E%97%E5%93%B2%E7%92%8B/" "Mozilla/5.0 (Windows NT 10.0; Win64; x64) AppleWebKit/537.36 (KHTML, like Gecko) Chrome/151.0.0.0 Safari/537.36"
2001:288:3355:200:f409:c1f2:c398:f55f - - [26/Aug/2026:23:10:50 +0800] "GET /1003/wp-content/uploads/sites/233/2022/12/164073694_280284700278227_7724446037829523859_n-300x162.jpg HTTP/1.1" 200 15989 "https://2blog.ilc.edu.tw/1003/2022/12/10/%E3%80%90%E8%88%87%E4%BD%9C%E5%AE%B6%E6%9C%89%E7%B4%84%E3%80%91%E6%9E%97%E5%93%B2%E7%92%8B/" "Mozilla/5.0 (Windows NT 10.0; Win64; x64) AppleWebKit/537.36 (KHTML, like Gecko) Chrome/151.0.0.0 Safari/537.36"
2001:288:3355:200:f409:c1f2:c398:f55f - - [26/Aug/2026:23:10:50 +0800] "GET /1003/wp-content/uploads/sites/233/2022/12/165405025_280283203611710_7151322838640089349_n-300x159.jpg HTTP/1.1" 200 10603 "https://2blog.ilc.edu.tw/1003/2022/12/10/%E3%80%90%E8%88%87%E4%BD%9C%E5%AE%B6%E6%9C%89%E7%B4%84%E3%80%91%E6%9E%97%E5%93%B2%E7%92%8B/" "Mozilla/5.0 (Windows NT 10.0; Win64; x64) AppleWebKit/537.36 (KHTML, like Gecko) Chrome/151.0.0.0 Safari/537.36"
2001:288:3355:200:f409:c1f2:c398:f55f - - [26/Aug/2026:23:10:50 +0800] "GET /1003/wp-content/uploads/sites/233/2022/07/Snipaste_2019-03-09_23-19-59.jpg HTTP/1.1" 200 19704 "https://2blog.ilc.edu.tw/1003/2022/12/10/%E3%80%90%E8%88%87%E4%BD%9C%E5%AE%B6%E6%9C%89%E7%B4%84%E3%80%91%E6%9E%97%E5%93%B2%E7%92%8B/" "Mozilla/5.0 (Windows NT 10.0; Win64; x64) AppleWebKit/537.36 (KHTML, like Gecko) Chrome/151.0.0.0 Safari/537.36"
2001:288:3355:200:f409:c1f2:c398:f55f - - [26/Aug/2026:23:10:50 +0800] "POST /1003/wp-json/ilc-summary/v1/popular-posts HTTP/1.1" 201 1115 "https://2blog.ilc.edu.tw/1003/2022/12/10/%E3%80%90%E8%88%87%E4%BD%9C%E5%AE%B6%E6%9C%89%E7%B4%84%E3%80%91%E6%9E%97%E5%93%B2%E7%92%8B/" "Mozilla/5.0 (Windows NT 10.0; Win64; x64) AppleWebKit/537.36 (KHTML, like Gecko) Chrome/151.0.0.0 Safari/537.36"
2407:4b00:4c06:684:104d:47a8:2414:63bd - - [26/Aug/2026:23:10:50 +0800] "GET /?page_id=272 HTTP/1.1" 200 17211 "https://www.ltjh.ilc.edu.tw/" "Mozilla/5.0 (Linux; Android 10; K) AppleWebKit/537.36 (KHTML, like Gecko) Chrome/151.0.0.0 Mobile Safari/537.36"
74.7.242.54 - - [26/Aug/2026:23:10:50 +0800] "GET /32745/wp-content/uploads/sites/1271/2022/06/%E4%B8%8B%E8%BC%89-15-1.jpg HTTP/1.1" 200 8051 "https://2blog.ilc.edu.tw/32745/2023/04/03/%e6%82%b2%e6%83%85%e9%85%92%e6%9d%af/" "Mozilla/5.0 AppleWebKit/537.36 (KHTML, like Gecko; compatible; GPTBot/1.4; +https://openai.com/gptbot)"
2407:4b00:4c06:684:104d:47a8:2414:63bd - - [26/Aug/2026:23:10:50 +0800] "GET /wp-includes/css/dashicons.min.css HTTP/1.1" 200 37075 "https://www.ltjh.ilc.edu.tw/?page_id=272" "Mozilla/5.0 (Linux; Android 10; K) AppleWebKit/537.36 (KHTML, like Gecko) Chrome/151.0.0.0 Mobile Safari/537.36"
2407:4b00:4c06:684:104d:47a8:2414:63bd - - [26/Aug/2026:23:10:50 +0800] "GET /wp-includes/css/admin-bar.min.css HTTP/1.1" 200 4685 "https://www.ltjh.ilc.edu.tw/?page_id=272" "Mozilla/5.0 (Linux; Android 10; K) AppleWebKit/537.36 (KHTML, like Gecko) Chrome/151.0.0.0 Mobile Safari/537.36"
2407:4b00:4c06:684:104d:47a8:2414:63bd - - [26/Aug/2026:23:10:51 +0800] "GET /wp-content/plugins/google-drive-embedder/css/gdm-blocks.css HTTP/1.1" 200 1160 "https://www.ltjh.ilc.edu.tw/?page_id=272" "Mozilla/5.0 (Linux; Android 10; K) AppleWebKit/537.36 (KHTML, like Gecko) Chrome/151.0.0.0 Mobile Safari/537.36"
2407:4b00:4c06:684:104d:47a8:2414:63bd - - [26/Aug/2026:23:10:51 +0800] "GET /wp-content/themes/toujours/genericons/genericons.css HTTP/1.1" 200 17742 "https://www.ltjh.ilc.edu.tw/?page_id=272" "Mozilla/5.0 (Linux; Android 10; K) AppleWebKit/537.36 (KHTML, like Gecko) Chrome/151.0.0.0 Mobile Safari/537.36"
2407:4b00:4c06:684:104d:47a8:2414:63bd - - [26/Aug/2026:23:10:51 +0800] "GET /wp-content/themes/toujours/style.css HTTP/1.1" 200 13815 "https://www.ltjh.ilc.edu.tw/?page_id=272" "Mozilla/5.0 (Linux; Android 10; K) AppleWebKit/537.36 (KHTML, like Gecko) Chrome/151.0.0.0 Mobile Safari/537.36"
2407:4b00:4c06:684:104d:47a8:2414:63bd - - [26/Aug/2026:23:10:51 +0800] "GET /wp-content/plugins/elementor/assets/lib/eicons/css/elementor-icons.min.css HTTP/1.1" 200 5288 "https://www.ltjh.ilc.edu.tw/?page_id=272" "Mozilla/5.0 (Linux; Android 10; K) AppleWebKit/537.36 (KHTML, like Gecko) Chrome/151.0.0.0 Mobile Safari/537.36"
2407:4b00:4c06:684:104d:47a8:2414:63bd - - [26/Aug/2026:23:10:51 +0800] "GET /wp-content/plugins/elementor/assets/lib/swiper/v8/css/swiper.min.css HTTP/1.1" 200 10257 "https://www.ltjh.ilc.edu.tw/?page_id=272" "Mozilla/5.0 (Linux; Android 10; K) AppleWebKit/537.36 (KHTML, like Gecko) Chrome/151.0.0.0 Mobile Safari/537.36"
2407:4b00:4c06:684:104d:47a8:2414:63bd - - [26/Aug/2026:23:10:51 +0800] "GET /wp-content/plugins/elementor/assets/css/frontend.min.css HTTP/1.1" 200 29892 "https://www.ltjh.ilc.edu.tw/?page_id=272" "Mozilla/5.0 (Linux; Android 10; K) AppleWebKit/537.36 (KHTML, like Gecko) Chrome/151.0.0.0 Mobile Safari/537.36"
2407:4b00:4c06:684:104d:47a8:2414:63bd - - [26/Aug/2026:23:10:51 +0800] "GET /wp-content/plugins/elementor-pro/assets/css/frontend.min.css HTTP/1.1" 200 44543 "https://www.ltjh.ilc.edu.tw/?page_id=272" "Mozilla/5.0 (Linux; Android 10; K) AppleWebKit/537.36 (KHTML, like Gecko) Chrome/151.0.0.0 Mobile Safari/537.36"
2001:288:3355:200:f409:c1f2:c398:f55f - - [26/Aug/2026:23:10:51 +0800] "GET /1003/wp-content/uploads/sites/233/2019/05/cropped-1-32x32.png HTTP/1.1" 200 2822 "https://2blog.ilc.edu.tw/1003/2022/12/10/%E3%80%90%E8%88%87%E4%BD%9C%E5%AE%B6%E6%9C%89%E7%B4%84%E3%80%91%E6%9E%97%E5%93%B2%E7%92%8B/" "Mozilla/5.0 (Windows NT 10.0; Win64; x64) AppleWebKit/537.36 (KHTML, like Gecko) Chrome/151.0.0.0 Safari/537.36"
2407:4b00:4c06:684:104d:47a8:2414:63bd - - [26/Aug/2026:23:10:51 +0800] "GET /wp-content/plugins/elementor/assets/lib/font-awesome/css/font-awesome.min.css HTTP/1.1" 200 7925 "https://www.ltjh.ilc.edu.tw/?page_id=272" "Mozilla/5.0 (Linux; Android 10; K) AppleWebKit/537.36 (KHTML, like Gecko) Chrome/151.0.0.0 Mobile Safari/537.36"
2407:4b00:4c06:684:104d:47a8:2414:63bd - - [26/Aug/2026:23:10:51 +0800] "GET /wp-content/uploads/sites/411/elementor/css/global.css HTTP/1.1" 200 3701 "https://www.ltjh.ilc.edu.tw/?page_id=272" "Mozilla/5.0 (Linux; Android 10; K) AppleWebKit/537.36 (KHTML, like Gecko) Chrome/151.0.0.0 Mobile Safari/537.36"
2407:4b00:4c06:684:104d:47a8:2414:63bd - - [26/Aug/2026:23:10:51 +0800] "GET /wp-content/uploads/sites/411/elementor/css/post-272.css HTTP/1.1" 200 1294 "https://www.ltjh.ilc.edu.tw/?page_id=272" "Mozilla/5.0 (Linux; Android 10; K) AppleWebKit/537.36 (KHTML, like Gecko) Chrome/151.0.0.0 Mobile Safari/537.36"
52.203.152.231 - - [26/Aug/2026:23:10:51 +0800] "GET /wp-content/uploads/sites/3454/2025/03/?C=S;O%3DA HTTP/1.1" 200 1112 "-" "Mozilla/5.0 AppleWebKit/537.36 (KHTML, like Gecko; compatible; Amazonbot/0.1; +https://developer.amazon.com/support/amazonbot) Chrome/119.0.6045.214 Safari/537.36"
2407:4b00:4c06:684:104d:47a8:2414:63bd - - [26/Aug/2026:23:10:51 +0800] "GET /wp-includes/js/jquery/jquery.min.js HTTP/1.1" 200 31359 "https://www.ltjh.ilc.edu.tw/?page_id=272" "Mozilla/5.0 (Linux; Android 10; K) AppleWebKit/537.36 (KHTML, like Gecko) Chrome/151.0.0.0 Mobile Safari/537.36"
2407:4b00:4c06:684:104d:47a8:2414:63bd - - [26/Aug/2026:23:10:51 +0800] "GET /wp-includes/js/jquery/jquery-migrate.min.js HTTP/1.1" 200 5752 "https://www.ltjh.ilc.edu.tw/?page_id=272" "Mozilla/5.0 (Linux; Android 10; K) AppleWebKit/537.36 (KHTML, like Gecko) Chrome/151.0.0.0 Mobile Safari/537.36"
2407:4b00:4c06:684:104d:47a8:2414:63bd - - [26/Aug/2026:23:10:51 +0800] "GET /wp-content/uploads/sites/411/2019/11/d01.jpg HTTP/1.1" 200 68079 "https://www.ltjh.ilc.edu.tw/?page_id=272" "Mozilla/5.0 (Linux; Android 10; K) AppleWebKit/537.36 (KHTML, like Gecko) Chrome/151.0.0.0 Mobile Safari/537.36"
2407:4b00:4c06:684:104d:47a8:2414:63bd - - [26/Aug/2026:23:10:51 +0800] "GET /wp-content/uploads/sites/411/2019/11/d02.jpg HTTP/1.1" 200 22294 "https://www.ltjh.ilc.edu.tw/?page_id=272" "Mozilla/5.0 (Linux; Android 10; K) AppleWebKit/537.36 (KHTML, like Gecko) Chrome/151.0.0.0 Mobile Safari/537.36"
74.7.242.54 - - [26/Aug/2026:23:10:51 +0800] "GET /32745/wp-content/uploads/sites/1271/2020/07/%E4%B8%8B%E8%BC%89-10-1.jpg HTTP/1.1" 200 6075 "https://2blog.ilc.edu.tw/32745/wp-json/oembed/1.0/embed?format=xml&url=https%3A%2F%2F2blog.ilc.edu.tw%2F32745%2F2020%2F07%2F11%2F%25e5%2595%2589%25e6%25b7%25a1%25e8%2596%2584%2F" "Mozilla/5.0 AppleWebKit/537.36 (KHTML, like Gecko; compatible; GPTBot/1.4; +https://openai.com/gptbot)"
2407:4b00:4c06:684:104d:47a8:2414:63bd - - [26/Aug/2026:23:10:51 +0800] "GET /wp-content/uploads/sites/411/2019/11/d04.jpg HTTP/1.1" 200 57641 "https://www.ltjh.ilc.edu.tw/?page_id=272" "Mozilla/5.0 (Linux; Android 10; K) AppleWebKit/537.36 (KHTML, like Gecko) Chrome/151.0.0.0 Mobile Safari/537.36"
2407:4b00:4c06:684:104d:47a8:2414:63bd - - [26/Aug/2026:23:10:51 +0800] "GET /wp-content/uploads/sites/411/2019/11/d03.jpg HTTP/1.1" 200 37786 "https://www.ltjh.ilc.edu.tw/?page_id=272" "Mozilla/5.0 (Linux; Android 10; K) AppleWebKit/537.36 (KHTML, like Gecko) Chrome/151.0.0.0 Mobile Safari/537.36"
2407:4b00:4c06:684:104d:47a8:2414:63bd - - [26/Aug/2026:23:10:51 +0800] "GET /wp-content/plugins/elementor/assets/js/text-editor.2c35aafbe5bf0e127950.bundle.min.js HTTP/1.1" 200 1545 "https://www.ltjh.ilc.edu.tw/?page_id=272" "Mozilla/5.0 (Linux; Android 10; K) AppleWebKit/537.36 (KHTML, like Gecko) Chrome/151.0.0.0 Mobile Safari/537.36"
74.7.242.54 - - [26/Aug/2026:23:10:51 +0800] "GET /32745/wp-content/uploads/sites/1271/2022/05/%E4%B8%8B%E8%BC%89-14-1.jpg HTTP/1.1" 200 9903 "https://2blog.ilc.edu.tw/32745/2022/05/21/page/2/" "Mozilla/5.0 AppleWebKit/537.36 (KHTML, like Gecko; compatible; GPTBot/1.4; +https://openai.com/gptbot)"
2407:4b00:4c06:684:104d:47a8:2414:63bd - - [26/Aug/2026:23:10:52 +0800] "GET /wp-content/uploads/sites/411/2019/11/d05.jpg HTTP/1.1" 200 46774 "https://www.ltjh.ilc.edu.tw/?page_id=272" "Mozilla/5.0 (Linux; Android 10; K) AppleWebKit/537.36 (KHTML, like Gecko) Chrome/151.0.0.0 Mobile Safari/537.36"
74.7.242.54 - - [26/Aug/2026:23:10:52 +0800] "GET /32745/wp-content/uploads/sites/1271/2020/08/%E4%B8%8B%E8%BC%89-22-3.jpg HTTP/1.1" 200 6691 "https://2blog.ilc.edu.tw/32745/2020/08/30/page/5/" "Mozilla/5.0 AppleWebKit/537.36 (KHTML, like Gecko; compatible; GPTBot/1.4; +https://openai.com/gptbot)"
::1 - - [26/Aug/2026:23:10:52 +0800] "OPTIONS * HTTP/1.0" 200 110 "-" "Apache/2.4.68 (Ubuntu) OpenSSL/3.0.19 (internal dummy connection)"
74.7.242.54 - - [26/Aug/2026:23:10:52 +0800] "GET /32745/wp-content/uploads/sites/1271/2020/05/%E4%B8%8B%E8%BC%89-1-13.jpg HTTP/1.1" 200 7753 "https://2blog.ilc.edu.tw/32745/wp-json/oembed/1.0/embed?format=xml&url=https%3A%2F%2F2blog.ilc.edu.tw%2F32745%2F2020%2F05%2F13%2F%25e7%2582%25ba%25e4%25bd%25a0%25e5%2594%25b1%25e9%2580%2599%25e9%25a6%2596%25e6%25ad%258c%2F" "Mozilla/5.0 AppleWebKit/537.36 (KHTML, like Gecko; compatible; GPTBot/1.4; +https://openai.com/gptbot)"
2001:288:a201::66:125 - - [26/Aug/2026:23:10:53 +0800] "GET /blog/active.php HTTP/1.1" 301 1026 "-" "-"
2001:288:a201::66:125 - - [26/Aug/2026:23:10:53 +0800] "GET /blog/active.php HTTP/1.1" 404 1084 "-" "-"
74.7.242.54 - - [26/Aug/2026:23:10:53 +0800] "GET /32745/wp-content/uploads/sites/1271/2021/04/%E4%B8%8B%E8%BC%89-11-2.jpg HTTP/1.1" 200 11092 "https://2blog.ilc.edu.tw/32745/2021/04/05/" "Mozilla/5.0 AppleWebKit/537.36 (KHTML, like Gecko; compatible; GPTBot/1.4; +https://openai.com/gptbot)"
::1 - - [26/Aug/2026:23:10:53 +0800] "OPTIONS * HTTP/1.0" 200 110 "-" "Apache/2.4.68 (Ubuntu) OpenSSL/3.0.19 (internal dummy connection)"
74.7.242.54 - - [26/Aug/2026:23:10:54 +0800] "GET /32745/wp-content/uploads/sites/1271/2020/08/%E4%B8%8B%E8%BC%89-1-14.jpg HTTP/1.1" 200 7953 "https://2blog.ilc.edu.tw/32745/2020/08/24/" "Mozilla/5.0 AppleWebKit/537.36 (KHTML, like Gecko; compatible; GPTBot/1.4; +https://openai.com/gptbot)"
74.7.242.54 - - [26/Aug/2026:23:10:54 +0800] "GET /32745/wp-content/uploads/sites/1271/2020/08/%E4%B8%8B%E8%BC%89-1-10.jpg HTTP/1.1" 200 8554 "https://2blog.ilc.edu.tw/32745/2020/08/15/page/2/" "Mozilla/5.0 AppleWebKit/537.36 (KHTML, like Gecko; compatible; GPTBot/1.4; +https://openai.com/gptbot)"
::1 - - [26/Aug/2026:23:10:54 +0800] "OPTIONS * HTTP/1.0" 200 110 "-" "Apache/2.4.68 (Ubuntu) OpenSSL/3.0.19 (internal dummy connection)"
2405:4802:4994:2740:e4d2:65ed:155f:b862 - - [26/Aug/2026:23:10:54 +0800] "GET /3226/2012/12/14/%E8%BD%89%E7%9F%A5%E5%AE%A2%E5%AE%B6%E5%A7%94%E5%93%A1%E6%9C%83%E5%AE%A2%E5%AE%B6%E6%96%87%E5%8C%96%E7%99%BC%E5%B1%95%E4%B8%AD%E5%BF%83%E8%A8%82%E6%96%BC101%E5%B9%B412%E6%9C%8823%E6%97%A5%E8%87%B312/ HTTP/1.1" 200 22067 "-" "Mozilla/5.0 (Macintosh; Intel Mac OS X 10_15_7) AppleWebKit/537.36 (KHTML, like Gecko) Chrome/124.0.0.0 Safari/537.36"
35.254.159.230 - - [26/Aug/2026:23:10:54 +0800] "GET /amy6998/wp-json/wp/v2/posts/18267 HTTP/1.1" 200 9670 "-" "Mozilla/5.0 (Macintosh; Intel Mac OS X 10_15_7) AppleWebKit/537.36 (KHTML, like Gecko) Chrome/120.0.0.0 Safari/537.36"
2407:4b00:4c05:196:f0c6:612:9c0f:92dd - - [26/Aug/2026:23:10:54 +0800] "GET /apple-touch-icon-precomposed.png HTTP/1.1" 404 94292 "-" "NetworkingExtension/8624.2.5.10.4 Network/5812.122.1 iOS/26.5"
74.7.242.54 - - [26/Aug/2026:23:10:55 +0800] "GET /32745/wp-content/uploads/sites/1271/2020/08/%E4%B8%8B%E8%BC%89-1-15.jpg HTTP/1.1" 200 7114 "https://2blog.ilc.edu.tw/32745/2020/08/29/%e6%ad%8c%e8%81%b2%e6%88%80%e6%83%85/" "Mozilla/5.0 AppleWebKit/537.36 (KHTML, like Gecko; compatible; GPTBot/1.4; +https://openai.com/gptbot)"
2407:4b00:4c05:196:f0c6:612:9c0f:92dd - - [26/Aug/2026:23:10:54 +0800] "GET /favicon.ico HTTP/1.1" 302 5891 "-" "NetworkingExtension/8624.2.5.10.4 Network/5812.122.1 iOS/26.5"
2407:4b00:4c05:196:f0c6:612:9c0f:92dd - - [26/Aug/2026:23:10:54 +0800] "GET /apple-touch-icon.png HTTP/1.1" 404 94292 "-" "NetworkingExtension/8624.2.5.10.4 Network/5812.122.1 iOS/26.5"
2407:4b00:4c05:196:f0c6:612:9c0f:92dd - - [26/Aug/2026:23:10:54 +0800] "GET / HTTP/1.1" 200 25614 "-" "Mozilla/5.0 (Macintosh; Intel Mac OS X 10_11_1) AppleWebKit/601.2.4 (KHTML, like Gecko) Version/9.0.1 Safari/601.2.4 facebookexternalhit/1.1 Facebot Twitterbot/1.0"
2407:4b00:4c05:196:f0c6:612:9c0f:92dd - - [26/Aug/2026:23:10:55 +0800] "GET /wp-content/uploads/sites/2860/2020/10/unnamed-150x150.jpg HTTP/1.1" 200 9845 "-" "NetworkingExtension/8624.2.5.10.4 Network/5812.122.1 iOS/26.5"
3.209.174.110 - - [26/Aug/2026:23:10:55 +0800] "GET /wp-content/uploads/sites/1879/2023/04/?C=D;O%3DA HTTP/1.1" 200 1114 "-" "Mozilla/5.0 AppleWebKit/537.36 (KHTML, like Gecko; compatible; Amazonbot/0.1; +https://developer.amazon.com/support/amazonbot) Chrome/119.0.6045.214 Safari/537.36"
140.111.67.10 - - [26/Aug/2026:23:10:55 +0800] "GET /" 301 273 "-" "-"
2407:4b00:4c05:196:f0c6:612:9c0f:92dd - - [26/Aug/2026:23:10:55 +0800] "GET /wp-content/uploads/sites/2860/2020/10/unnamed-150x150.jpg HTTP/1.1" 200 9845 "-" "NetworkingExtension/8624.2.5.10.4 Network/5812.122.1 iOS/26.5"
2407:4b00:4c05:196:f0c6:612:9c0f:92dd - - [26/Aug/2026:23:10:55 +0800] "GET /wp-content/uploads/sites/2860/2020/10/unnamed.jpg HTTP/1.1" 200 27487 "-" "NetworkingExtension/8624.2.5.10.4 Network/5812.122.1 iOS/26.5"
74.7.242.54 - - [26/Aug/2026:23:10:55 +0800] "GET /32745/wp-content/uploads/sites/1271/2022/03/%E4%B8%8B%E8%BC%89-16-2.jpg HTTP/1.1" 200 9441 "https://2blog.ilc.edu.tw/32745/2021/04/06/%e6%83%b3%e4%bd%a0-2/" "Mozilla/5.0 AppleWebKit/537.36 (KHTML, like Gecko; compatible; GPTBot/1.4; +https://openai.com/gptbot)"
140.111.67.195 - - [26/Aug/2026:23:10:55 +0800] "GET /wp-admin/admin-post.php?action=steps_ad HTTP/1.1" 200 1973 "-" "node-fetch/1.0 (+https://github.com/bitinn/node-fetch)"
2407:4b00:4c06:684:104d:47a8:2414:63bd - - [26/Aug/2026:23:10:55 +0800] "GET /wp-content/uploads/sites/411/2019/11/d07.jpg HTTP/1.1" 200 34112 "https://www.ltjh.ilc.edu.tw/?page_id=272" "Mozilla/5.0 (Linux; Android 10; K) AppleWebKit/537.36 (KHTML, like Gecko) Chrome/151.0.0.0 Mobile Safari/537.36"
2407:4b00:4c06:684:104d:47a8:2414:63bd - - [26/Aug/2026:23:10:56 +0800] "GET /wp-content/uploads/sites/411/2019/11/d06.jpg HTTP/1.1" 200 58796 "https://www.ltjh.ilc.edu.tw/?page_id=272" "Mozilla/5.0 (Linux; Android 10; K) AppleWebKit/537.36 (KHTML, like Gecko) Chrome/151.0.0.0 Mobile Safari/537.36"
74.7.242.54 - - [26/Aug/2026:23:10:56 +0800] "GET /32745/wp-content/uploads/sites/1271/2020/08/%E4%B8%8B%E8%BC%89-1-11.jpg HTTP/1.1" 200 7541 "https://2blog.ilc.edu.tw/32745/2020/08/21/page/2/" "Mozilla/5.0 AppleWebKit/537.36 (KHTML, like Gecko; compatible; GPTBot/1.4; +https://openai.com/gptbot)"
2407:4b00:4c05:196:f0c6:612:9c0f:92dd - - [26/Aug/2026:23:10:56 +0800] "GET /wp-content/uploads/sites/2860/2020/10/unnamed.jpg HTTP/1.1" 200 32296 "-" "NetworkingExtension/8624.2.5.10.4 Network/5812.122.1 iOS/26.5"
74.7.242.54 - - [26/Aug/2026:23:10:56 +0800] "GET /32745/wp-content/uploads/sites/1271/2020/08/%E4%B8%8B%E8%BC%89-12-6.jpg HTTP/1.1" 200 7043 "https://2blog.ilc.edu.tw/32745/2020/08/30/page/7/" "Mozilla/5.0 AppleWebKit/537.36 (KHTML, like Gecko; compatible; GPTBot/1.4; +https://openai.com/gptbot)"
17.241.75.38 - - [26/Aug/2026:23:10:56 +0800] "GET /6554/wp-content/cache/2blog.ilc.edu.tw/wpfc-minified/fe1b63f4/5wucp.css HTTP/1.1" 200 5951 "https://2blog.ilc.edu.tw/6554/2013/06/17/" "Mozilla/5.0 (Macintosh; Intel Mac OS X 10_15_7) AppleWebKit/605.1.15 (KHTML, like Gecko) Version/17.4 Safari/605.1.15 (Applebot/0.1; +http://www.apple.com/go/applebot)"
74.7.242.54 - - [26/Aug/2026:23:10:57 +0800] "GET /32745/wp-content/uploads/sites/1271/2020/08/%E4%B8%8B%E8%BC%89-5-10.jpg HTTP/1.1" 200 7422 "https://2blog.ilc.edu.tw/32745/2020/08/25/page/2/" "Mozilla/5.0 AppleWebKit/537.36 (KHTML, like Gecko; compatible; GPTBot/1.4; +https://openai.com/gptbot)"
