3.231.193.38 - - [26/Aug/2026:23:19:27 +0800] "GET /wp-content/uploads/sites/1234/2019/?C=D;O%3DA HTTP/1.1" 200 1167 "-" "Mozilla/5.0 AppleWebKit/537.36 (KHTML, like Gecko; compatible; Amazonbot/0.1; +https://developer.amazon.com/support/amazonbot) Chrome/119.0.6045.214 Safari/537.36"
74.7.242.54 - - [26/Aug/2026:23:19:27 +0800] "GET /32745/wp-content/uploads/sites/1271/2026/01/1-56-500x245.jpeg HTTP/1.1" 200 10917 "https://2blog.ilc.edu.tw/32745/2026/01/01/%e9%ac%a5%e9%99%a3%e4%be%86%f0%a8%91%a8%e8%bf%8c/" "Mozilla/5.0 AppleWebKit/537.36 (KHTML, like Gecko; compatible; GPTBot/1.4; +https://openai.com/gptbot)"
34.57.162.91 - - [26/Aug/2026:23:19:27 +0800] "GET /32745/?p=13878 HTTP/1.1" 301 5584 "-" "Mozilla/5.0 (Macintosh; Intel Mac OS X 10_15_7) AppleWebKit/537.36 (KHTML, like Gecko) Chrome/120.0.0.0 Safari/537.36"
74.7.242.54 - - [26/Aug/2026:23:19:27 +0800] "GET /32745/wp-content/uploads/sites/1271/2022/03/%E4%B8%8B%E8%BC%89-21.jpg HTTP/1.1" 200 9951 "https://2blog.ilc.edu.tw/32745/2021/04/06/%e5%bf%83%e7%a2%8e-2/" "Mozilla/5.0 AppleWebKit/537.36 (KHTML, like Gecko; compatible; GPTBot/1.4; +https://openai.com/gptbot)"
2001:288:a201::66:125 - - [26/Aug/2026:23:19:28 +0800] "GET /blog/active.php HTTP/1.1" 301 1026 "-" "-"
2001:288:a201::66:125 - - [26/Aug/2026:23:19:28 +0800] "GET /blog/active.php HTTP/1.1" 404 1084 "-" "-"
74.7.242.54 - - [26/Aug/2026:23:19:28 +0800] "GET /32745/wp-content/uploads/sites/1271/2020/05/%E4%B8%8B%E8%BC%89-5-1.jpg HTTP/1.1" 200 8542 "https://2blog.ilc.edu.tw/32745/2020/06/07/%e5%88%9d%e6%88%80%e7%9a%84%e5%a5%b3%e6%9c%8b%e5%8f%8b/" "Mozilla/5.0 AppleWebKit/537.36 (KHTML, like Gecko; compatible; GPTBot/1.4; +https://openai.com/gptbot)"
240e:f7:4f00:2509::6 - - [26/Aug/2026:23:19:28 +0800] "GET /2013/12/02 HTTP/1.1" 301 5761 "-" "Mozilla/5.0 (Windows NT 10.0; Win64; x64) AppleWebKit/537.36 (KHTML, like Gecko) Chrome/144.0.0.0 Safari/537.36"
240e:f7:4f00:2509::6 - - [26/Aug/2026:23:19:28 +0800] "GET /2013/12/02/ HTTP/1.1" 200 10572 "-" "Mozilla/5.0 (Windows NT 10.0; Win64; x64) AppleWebKit/537.36 (KHTML, like Gecko) Chrome/144.0.0.0 Safari/537.36"
74.7.242.54 - - [26/Aug/2026:23:19:29 +0800] "GET /32745/wp-content/uploads/sites/1271/2021/04/%E4%B8%8B%E8%BC%89-4-1.jpg HTTP/1.1" 200 5506 "https://2blog.ilc.edu.tw/32745/2021/04/03/%e6%88%91%e6%9c%89%e4%b8%80%e5%8f%a5%e8%a9%b1-2/" "Mozilla/5.0 AppleWebKit/537.36 (KHTML, like Gecko; compatible; GPTBot/1.4; +https://openai.com/gptbot)"
74.7.242.54 - - [26/Aug/2026:23:19:29 +0800] "GET /32745/wp-content/uploads/sites/1271/2022/05/%E4%B8%8B%E8%BC%89-1-9.jpg HTTP/1.1" 200 8294 "https://2blog.ilc.edu.tw/32745/2022/05/28/" "Mozilla/5.0 AppleWebKit/537.36 (KHTML, like Gecko; compatible; GPTBot/1.4; +https://openai.com/gptbot)"
74.7.242.54 - - [26/Aug/2026:23:19:30 +0800] "GET /32745/wp-content/uploads/sites/1271/2020/09/%E4%B8%8B%E8%BC%89-11.jpg HTTP/1.1" 200 9167 "https://2blog.ilc.edu.tw/32745/2020/08/02/%e9%99%b3%e9%9b%b7vs%e6%a5%8a%e9%9d%9c/" "Mozilla/5.0 AppleWebKit/537.36 (KHTML, like Gecko; compatible; GPTBot/1.4; +https://openai.com/gptbot)"
66.249.71.1 - - [26/Aug/2026:23:19:28 +0800] "GET /wp-login.php?action=ilc_logout&_wpnonce=43754d0aad&redirect_to=//legal9.ru/gallery/4369/ HTTP/1.1" 302 8239 "-" "Mozilla/5.0 (Linux; Android 6.0.1; Nexus 5X Build/MMB29P) AppleWebKit/537.36 (KHTML, like Gecko) Chrome/151.0.7922.173 Mobile Safari/537.36 (compatible; Googlebot/2.1; +http://www.google.com/bot.html)"
240e:f7:4f00:2509::6 - - [26/Aug/2026:23:19:30 +0800] "GET /wp-content/cache/ilta.ilc.edu.tw/wpfc-minified/qm0ohmet/6wvk.css HTTP/1.1" 200 1157 "https://ilta.ilc.edu.tw/2013/12/02/" "Mozilla/5.0 (Windows NT 10.0; Win64; x64) AppleWebKit/537.36 (KHTML, like Gecko) Chrome/144.0.0.0 Safari/537.36"
140.111.67.10 - - [26/Aug/2026:23:19:30 +0800] "GET /" 301 273 "-" "-"
240e:f7:4f00:2509::6 - - [26/Aug/2026:23:19:30 +0800] "GET /wp-content/cache/ilta.ilc.edu.tw/wpfc-minified/1qjpbzp9/6wvk.js HTTP/1.1" 200 35549 "https://ilta.ilc.edu.tw/2013/12/02/" "Mozilla/5.0 (Windows NT 10.0; Win64; x64) AppleWebKit/537.36 (KHTML, like Gecko) Chrome/144.0.0.0 Safari/537.36"
74.7.242.54 - - [26/Aug/2026:23:19:30 +0800] "GET /32745/wp-content/uploads/sites/1271/2021/04/%E4%B8%8B%E8%BC%89-8-4.jpg HTTP/1.1" 200 4555 "https://2blog.ilc.edu.tw/32745/2021/04/05/" "Mozilla/5.0 AppleWebKit/537.36 (KHTML, like Gecko; compatible; GPTBot/1.4; +https://openai.com/gptbot)"
18.213.240.226 - - [26/Aug/2026:23:19:31 +0800] "GET /wp-content/uploads/sites/77/2021/12/ HTTP/1.1" 200 1111 "-" "Mozilla/5.0 AppleWebKit/537.36 (KHTML, like Gecko; compatible; Amazonbot/0.1; +https://developer.amazon.com/support/amazonbot) Chrome/119.0.6045.214 Safari/537.36"
74.7.242.54 - - [26/Aug/2026:23:19:31 +0800] "GET /32745/wp-content/uploads/sites/1271/2020/08/%E4%B8%8B%E8%BC%89-7-6.jpg HTTP/1.1" 200 8165 "https://2blog.ilc.edu.tw/32745/2020/08/23/" "Mozilla/5.0 AppleWebKit/537.36 (KHTML, like Gecko; compatible; GPTBot/1.4; +https://openai.com/gptbot)"
34.192.67.98 - - [26/Aug/2026:23:19:31 +0800] "GET /25287/wp-content/uploads/sites/1431/2026/05/u5ee3/u8208/u570b/u5c0f71/u5468/u5e74/u76f8/u7247/u6a94-317-300x200.jpg HTTP/1.1" 500 6121 "-" "Mozilla/5.0 AppleWebKit/537.36 (KHTML, like Gecko; compatible; Amazonbot/0.1; +https://developer.amazon.com/support/amazonbot) Chrome/119.0.6045.214 Safari/537.36"
74.7.242.54 - - [26/Aug/2026:23:19:31 +0800] "GET /32745/wp-content/uploads/sites/1271/2020/05/%E4%B8%8B%E8%BC%89-2-7.jpg HTTP/1.1" 200 8144 "https://2blog.ilc.edu.tw/32745/2020/05/05/%e5%ae%b6%e5%be%8c/" "Mozilla/5.0 AppleWebKit/537.36 (KHTML, like Gecko; compatible; GPTBot/1.4; +https://openai.com/gptbot)"
74.7.242.54 - - [26/Aug/2026:23:19:32 +0800] "GET /32745/wp-content/uploads/sites/1271/2022/04/%E4%B8%8B%E8%BC%89-2-1.jpg HTTP/1.1" 200 7342 "https://2blog.ilc.edu.tw/32745/2022/04/30/page/2/" "Mozilla/5.0 AppleWebKit/537.36 (KHTML, like Gecko; compatible; GPTBot/1.4; +https://openai.com/gptbot)"
66.249.79.137 - - [26/Aug/2026:23:19:30 +0800] "GET /wp-login.php?action=ilc_logout&_wpnonce=43754d0aad&redirect_to=http://kover102.ru/gallery/25631/ HTTP/1.1" 302 8247 "-" "Mozilla/5.0 (compatible; Googlebot/2.1; +http://www.google.com/bot.html)"
74.7.242.54 - - [26/Aug/2026:23:19:32 +0800] "GET /32745/wp-content/uploads/sites/1271/2020/09/%E4%B8%8B%E8%BC%89-8-1.jpg HTTP/1.1" 200 6833 "https://2blog.ilc.edu.tw/32745/2020/09/13/page/3/" "Mozilla/5.0 AppleWebKit/537.36 (KHTML, like Gecko; compatible; GPTBot/1.4; +https://openai.com/gptbot)"
34.171.68.95 - - [26/Aug/2026:23:19:32 +0800] "GET /17160/wp-json/wp/v2/posts/18703 HTTP/1.1" 200 13348 "-" "Mozilla/5.0 (Macintosh; Intel Mac OS X 10_15_7) AppleWebKit/537.36 (KHTML, like Gecko) Chrome/120.0.0.0 Safari/537.36"
66.249.79.163 - - [26/Aug/2026:23:19:32 +0800] "POST /41336/wp-json/ilc-summary/v1/popular-posts HTTP/1.1" 201 6052 "https://2blog.ilc.edu.tw/41336/%E6%95%99%E5%AD%B8%E6%95%99%E6%9D%90109%E5%B9%B411%E6%9C%8818%E6%97%A5109%E5%AD%B8%E5%B9%B4%E5%BA%A6%E4%B8%8A%E5%AD%B8%E6%9C%9F%E5%A4%A7%E5%85%89%E5%9C%8B%E5%B0%8F%E8%B3%87%E6%BA%90%E7%8F%AD/" "Mozilla/5.0 (Linux; Android 6.0.1; Nexus 5X Build/MMB29P) AppleWebKit/537.36 (KHTML, like Gecko) Chrome/151.0.7922.173 Mobile Safari/537.36 (compatible; Googlebot/2.1; +http://www.google.com/bot.html)"
2001:288:a201::66:125 - - [26/Aug/2026:23:19:33 +0800] "GET /blog/active.php HTTP/1.1" 301 1026 "-" "-"
2001:288:a201::66:125 - - [26/Aug/2026:23:19:33 +0800] "GET /blog/active.php HTTP/1.1" 404 1084 "-" "-"
74.7.242.54 - - [26/Aug/2026:23:19:33 +0800] "GET /32745/wp-content/uploads/sites/1271/2021/01/%E4%B8%8B%E8%BC%89-4-5.jpg HTTP/1.1" 200 4571 "https://2blog.ilc.edu.tw/32745/2021/01/21/page/3/" "Mozilla/5.0 AppleWebKit/537.36 (KHTML, like Gecko; compatible; GPTBot/1.4; +https://openai.com/gptbot)"
74.7.242.54 - - [26/Aug/2026:23:19:33 +0800] "GET /32745/wp-content/uploads/sites/1271/2020/06/%E4%B8%8B%E8%BC%89-2-5.jpg HTTP/1.1" 200 10266 "https://2blog.ilc.edu.tw/32745/2021/08/20/%e8%a1%8c%e6%af%8b%e7%9f%a5%e8%b7%af/" "Mozilla/5.0 AppleWebKit/537.36 (KHTML, like Gecko; compatible; GPTBot/1.4; +https://openai.com/gptbot)"
74.7.242.54 - - [26/Aug/2026:23:19:34 +0800] "GET /32745/wp-content/uploads/sites/1271/2020/09/%E4%B8%8B%E8%BC%89-7-1.jpg HTTP/1.1" 200 7476 "https://2blog.ilc.edu.tw/32745/2020/09/13/page/3/" "Mozilla/5.0 AppleWebKit/537.36 (KHTML, like Gecko; compatible; GPTBot/1.4; +https://openai.com/gptbot)"
34.30.223.149 - - [26/Aug/2026:23:19:34 +0800] "GET /kses1113a/2024/03/12/page/2/ HTTP/1.1" 200 17021 "-" "Mozilla/5.0 (Macintosh; Intel Mac OS X 10_15_7) AppleWebKit/537.36 (KHTML, like Gecko) Chrome/120.0.0.0 Safari/537.36"
74.7.242.54 - - [26/Aug/2026:23:19:34 +0800] "GET /32745/wp-content/uploads/sites/1271/2020/05/%E4%B8%8B%E8%BC%89-5-2.jpg HTTP/1.1" 200 10901 "https://2blog.ilc.edu.tw/32745/2020/05/20/%e6%9c%9b%e4%bd%a0%e4%be%86%e9%97%9c%e6%87%b7/" "Mozilla/5.0 AppleWebKit/537.36 (KHTML, like Gecko; compatible; GPTBot/1.4; +https://openai.com/gptbot)"
240e:f7:4f00:2509::6 - - [26/Aug/2026:23:19:35 +0800] "GET /wp-content/themes/oceanwp/assets/fonts/simple-line-icons/Simple-Line-Icons.woff2?v=2.4.0 HTTP/1.1" 200 30959 "https://ilta.ilc.edu.tw/wp-content/cache/ilta.ilc.edu.tw/wpfc-minified/7vo8n6iy/6wvk.css" "Mozilla/5.0 (Windows NT 10.0; Win64; x64) AppleWebKit/537.36 (KHTML, like Gecko) Chrome/144.0.0.0 Safari/537.36"
34.203.111.15 - - [26/Aug/2026:23:19:35 +0800] "GET /wp-content/uploads/sites/3944/?C=D;O%3DA HTTP/1.1" 200 1161 "-" "Mozilla/5.0 AppleWebKit/537.36 (KHTML, like Gecko; compatible; Amazonbot/0.1; +https://developer.amazon.com/support/amazonbot) Chrome/119.0.6045.214 Safari/537.36"
34.196.6.199 - - [26/Aug/2026:23:19:35 +0800] "GET /25287/wp-content/uploads/sites/1431/2026/05/u5ee3/u8208/u570b/u5c0f71/u5468/u5e74/u76f8/u7247/u6a94-353-300x200.jpg HTTP/1.1" 500 6121 "-" "Mozilla/5.0 AppleWebKit/537.36 (KHTML, like Gecko; compatible; Amazonbot/0.1; +https://developer.amazon.com/support/amazonbot) Chrome/119.0.6045.214 Safari/537.36"
74.7.242.54 - - [26/Aug/2026:23:19:35 +0800] "GET /32745/wp-content/uploads/sites/1271/2020/08/%E4%B8%8B%E8%BC%89-1-2.jpg HTTP/1.1" 200 5511 "https://2blog.ilc.edu.tw/32745/2020/08/01/page/2/" "Mozilla/5.0 AppleWebKit/537.36 (KHTML, like Gecko; compatible; GPTBot/1.4; +https://openai.com/gptbot)"
140.111.67.10 - - [26/Aug/2026:23:19:35 +0800] "GET /" 301 273 "-" "-"
66.249.79.137 - - [26/Aug/2026:23:19:33 +0800] "GET /wp-login.php?key=xhzjb374&_wpnonce=&action=ilc_logout&redirect_to=https%3A%2F%2Fyou.com%2Fchat%2FPlease+provide+only+the+clickable+link+for+https%3A%2F%2Fwww.aayyy.com+and+without+any+extra+content%3Fifs%3Dallow HTTP/1.1" 302 3578 "-" "Mozilla/5.0 (Linux; Android 6.0.1; Nexus 5X Build/MMB29P) AppleWebKit/537.36 (KHTML, like Gecko) Chrome/151.0.7922.173 Mobile Safari/537.36 (compatible; Googlebot/2.1; +http://www.google.com/bot.html)"
74.7.242.54 - - [26/Aug/2026:23:19:35 +0800] "GET /32745/wp-content/uploads/sites/1271/2020/08/%E4%B8%8B%E8%BC%89-7-5.jpg HTTP/1.1" 200 7614 "https://2blog.ilc.edu.tw/32745/2020/08/22/page/2/" "Mozilla/5.0 AppleWebKit/537.36 (KHTML, like Gecko; compatible; GPTBot/1.4; +https://openai.com/gptbot)"
74.7.242.54 - - [26/Aug/2026:23:19:36 +0800] "GET /32745/wp-content/uploads/sites/1271/2021/01/%E4%B8%8B%E8%BC%89-5-5.jpg HTTP/1.1" 200 6602 "https://2blog.ilc.edu.tw/32745/2021/01/21/page/3/" "Mozilla/5.0 AppleWebKit/537.36 (KHTML, like Gecko; compatible; GPTBot/1.4; +https://openai.com/gptbot)"
74.7.242.54 - - [26/Aug/2026:23:19:36 +0800] "GET /32745/wp-content/uploads/sites/1271/2022/03/%E4%B8%8B%E8%BC%89-19.jpg HTTP/1.1" 200 5272 "https://2blog.ilc.edu.tw/32745/2022/03/09/" "Mozilla/5.0 AppleWebKit/537.36 (KHTML, like Gecko; compatible; GPTBot/1.4; +https://openai.com/gptbot)"
66.249.79.137 - - [26/Aug/2026:23:19:35 +0800] "GET /wp-login.php?action=ilc_logout&_wpnonce=43754d0aad&redirect_to=http://snabup.ru/creator/40979/ HTTP/1.1" 302 3460 "-" "Mozilla/5.0 (Linux; Android 6.0.1; Nexus 5X Build/MMB29P) AppleWebKit/537.36 (KHTML, like Gecko) Chrome/151.0.7922.173 Mobile Safari/537.36 (compatible; Googlebot/2.1; +http://www.google.com/bot.html)"
74.7.242.54 - - [26/Aug/2026:23:19:37 +0800] "GET /32745/wp-content/uploads/sites/1271/2020/08/%E4%B8%8B%E8%BC%89-2-6.jpg HTTP/1.1" 200 2984 "https://2blog.ilc.edu.tw/32745/2022/11/10/%e6%b0%b8%e9%81%a0%e7%9a%84%e6%89%80%e5%9c%a8/" "Mozilla/5.0 AppleWebKit/537.36 (KHTML, like Gecko; compatible; GPTBot/1.4; +https://openai.com/gptbot)"
74.7.242.54 - - [26/Aug/2026:23:19:37 +0800] "GET /32745/wp-content/uploads/sites/1271/2020/06/%E4%B8%8B%E8%BC%89-3-6.jpg HTTP/1.1" 200 6642 "https://2blog.ilc.edu.tw/32745/2020/06/13/page/4/" "Mozilla/5.0 AppleWebKit/537.36 (KHTML, like Gecko; compatible; GPTBot/1.4; +https://openai.com/gptbot)"
2001:288:a201::66:125 - - [26/Aug/2026:23:19:38 +0800] "GET /blog/active.php HTTP/1.1" 301 1026 "-" "-"
2001:288:a201::66:125 - - [26/Aug/2026:23:19:38 +0800] "GET /blog/active.php HTTP/1.1" 404 1084 "-" "-"
74.7.242.54 - - [26/Aug/2026:23:19:38 +0800] "GET /32745/wp-content/uploads/sites/1271/2021/04/%E4%B8%8B%E8%BC%89-2-5.jpg HTTP/1.1" 200 9665 "https://2blog.ilc.edu.tw/32745/2021/04/05/page/6/" "Mozilla/5.0 AppleWebKit/537.36 (KHTML, like Gecko; compatible; GPTBot/1.4; +https://openai.com/gptbot)"
2408:8719:64:201:1f:: - - [26/Aug/2026:23:19:38 +0800] "GET /wp-content/cache/www.najh.ilc.edu.tw/wpfc-minified/kz7ju7r3/6wh9.css HTTP/1.1" 200 5959 "https://www.najh.ilc.edu.tw/2026/03/02/%e8%b2%a1%e5%9c%98%e6%b3%95%e4%ba%ba%e5%ae%9c%e8%98%ad%e7%b8%a3%e7%ab%8b%e5%8d%97%e5%ae%89%e5%9c%8b%e6%b0%91%e4%b8%ad%e5%ad%b8%e6%95%99%e8%82%b2%e5%9f%ba%e9%87%91%e6%9c%83%e7%ac%ac%e4%b8%83%e5%b1%86-8/" "Mozilla/5.0 (Windows NT 10.0; Win64; x64) AppleWebKit/537.36 (KHTML, like Gecko) Chrome/144.0.0.0 Safari/537.36"
2408:8719:64:201:1f:: - - [26/Aug/2026:23:19:38 +0800] "GET /wp-content/cache/www.najh.ilc.edu.tw/wpfc-minified/4ybahoo/6wh9.css HTTP/1.1" 200 20584 "https://www.najh.ilc.edu.tw/2026/03/02/%e8%b2%a1%e5%9c%98%e6%b3%95%e4%ba%ba%e5%ae%9c%e8%98%ad%e7%b8%a3%e7%ab%8b%e5%8d%97%e5%ae%89%e5%9c%8b%e6%b0%91%e4%b8%ad%e5%ad%b8%e6%95%99%e8%82%b2%e5%9f%ba%e9%87%91%e6%9c%83%e7%ac%ac%e4%b8%83%e5%b1%86-8/" "Mozilla/5.0 (Windows NT 10.0; Win64; x64) AppleWebKit/537.36 (KHTML, like Gecko) Chrome/144.0.0.0 Safari/537.36"
2408:8719:64:201:1f:: - - [26/Aug/2026:23:19:38 +0800] "GET /wp-content/cache/www.najh.ilc.edu.tw/wpfc-minified/k0kc5650/6wh9.js HTTP/1.1" 200 40360 "https://www.najh.ilc.edu.tw/2026/03/02/%e8%b2%a1%e5%9c%98%e6%b3%95%e4%ba%ba%e5%ae%9c%e8%98%ad%e7%b8%a3%e7%ab%8b%e5%8d%97%e5%ae%89%e5%9c%8b%e6%b0%91%e4%b8%ad%e5%ad%b8%e6%95%99%e8%82%b2%e5%9f%ba%e9%87%91%e6%9c%83%e7%ac%ac%e4%b8%83%e5%b1%86-8/" "Mozilla/5.0 (Windows NT 10.0; Win64; x64) AppleWebKit/537.36 (KHTML, like Gecko) Chrome/144.0.0.0 Safari/537.36"
2408:8719:64:201:1f:: - - [26/Aug/2026:23:19:38 +0800] "GET /wp-content/cache/www.najh.ilc.edu.tw/wpfc-minified/kcxb236g/6wh9.css HTTP/1.1" 200 66147 "https://www.najh.ilc.edu.tw/2026/03/02/%e8%b2%a1%e5%9c%98%e6%b3%95%e4%ba%ba%e5%ae%9c%e8%98%ad%e7%b8%a3%e7%ab%8b%e5%8d%97%e5%ae%89%e5%9c%8b%e6%b0%91%e4%b8%ad%e5%ad%b8%e6%95%99%e8%82%b2%e5%9f%ba%e9%87%91%e6%9c%83%e7%ac%ac%e4%b8%83%e5%b1%86-8/" "Mozilla/5.0 (Windows NT 10.0; Win64; x64) AppleWebKit/537.36 (KHTML, like Gecko) Chrome/144.0.0.0 Safari/537.36"
2408:8719:64:201:1f:: - - [26/Aug/2026:23:19:38 +0800] "GET /wp-content/cache/www.najh.ilc.edu.tw/wpfc-minified/2b17nkg1/6wh9.js HTTP/1.1" 200 6441 "https://www.najh.ilc.edu.tw/2026/03/02/%e8%b2%a1%e5%9c%98%e6%b3%95%e4%ba%ba%e5%ae%9c%e8%98%ad%e7%b8%a3%e7%ab%8b%e5%8d%97%e5%ae%89%e5%9c%8b%e6%b0%91%e4%b8%ad%e5%ad%b8%e6%95%99%e8%82%b2%e5%9f%ba%e9%87%91%e6%9c%83%e7%ac%ac%e4%b8%83%e5%b1%86-8/" "Mozilla/5.0 (Windows NT 10.0; Win64; x64) AppleWebKit/537.36 (KHTML, like Gecko) Chrome/144.0.0.0 Safari/537.36"
74.7.242.54 - - [26/Aug/2026:23:19:38 +0800] "GET /32745/wp-content/uploads/sites/1271/2020/05/%E4%B8%8B%E8%BC%89-3-6.jpg HTTP/1.1" 200 8770 "https://2blog.ilc.edu.tw/32745/2020/05/11/" "Mozilla/5.0 AppleWebKit/537.36 (KHTML, like Gecko; compatible; GPTBot/1.4; +https://openai.com/gptbot)"
2408:8719:64:201:1f:: - - [26/Aug/2026:23:19:39 +0800] "GET /wp-includes/js/hoverintent-js.min.js HTTP/1.1" 200 1597 "https://www.najh.ilc.edu.tw/2026/03/02/%e8%b2%a1%e5%9c%98%e6%b3%95%e4%ba%ba%e5%ae%9c%e8%98%ad%e7%b8%a3%e7%ab%8b%e5%8d%97%e5%ae%89%e5%9c%8b%e6%b0%91%e4%b8%ad%e5%ad%b8%e6%95%99%e8%82%b2%e5%9f%ba%e9%87%91%e6%9c%83%e7%ac%ac%e4%b8%83%e5%b1%86-8/" "Mozilla/5.0 (Windows NT 10.0; Win64; x64) AppleWebKit/537.36 (KHTML, like Gecko) Chrome/144.0.0.0 Safari/537.36"
2408:8719:64:201:1f:: - - [26/Aug/2026:23:19:39 +0800] "GET /wp-content/cache/www.najh.ilc.edu.tw/wpfc-minified/87xhsi2d/6wh9.css HTTP/1.1" 200 4322 "https://www.najh.ilc.edu.tw/2026/03/02/%e8%b2%a1%e5%9c%98%e6%b3%95%e4%ba%ba%e5%ae%9c%e8%98%ad%e7%b8%a3%e7%ab%8b%e5%8d%97%e5%ae%89%e5%9c%8b%e6%b0%91%e4%b8%ad%e5%ad%b8%e6%95%99%e8%82%b2%e5%9f%ba%e9%87%91%e6%9c%83%e7%ac%ac%e4%b8%83%e5%b1%86-8/" "Mozilla/5.0 (Windows NT 10.0; Win64; x64) AppleWebKit/537.36 (KHTML, like Gecko) Chrome/144.0.0.0 Safari/537.36"
66.249.79.128 - - [26/Aug/2026:23:19:37 +0800] "GET /wp-login.php?action=ilc_logout&_wpnonce=43754d0aad&redirect_to=http://fin21.ru/creator/20538/ HTTP/1.1" 302 3437 "-" "Mozilla/5.0 (compatible; Googlebot/2.1; +http://www.google.com/bot.html)"
52.54.157.23 - - [26/Aug/2026:23:19:39 +0800] "GET /25287/wp-content/uploads/sites/1431/2026/05/u5ee3/u8208/u570b/u5c0f71/u5468/u5e74/u76f8/u7247/u6a94-65-300x200.jpg HTTP/1.1" 500 6121 "-" "Mozilla/5.0 AppleWebKit/537.36 (KHTML, like Gecko; compatible; Amazonbot/0.1; +https://developer.amazon.com/support/amazonbot) Chrome/119.0.6045.214 Safari/537.36"
74.7.242.54 - - [26/Aug/2026:23:19:39 +0800] "GET /32745/wp-content/uploads/sites/1271/2020/07/%E4%B8%8B%E8%BC%89-1-1.jpg HTTP/1.1" 200 8961 "https://2blog.ilc.edu.tw/32745/2020/07/05/" "Mozilla/5.0 AppleWebKit/537.36 (KHTML, like Gecko; compatible; GPTBot/1.4; +https://openai.com/gptbot)"
52.45.77.169 - - [26/Aug/2026:23:19:39 +0800] "GET /wp-content/uploads/sites/2460/2024/?C=N;O%3DA HTTP/1.1" 200 1149 "-" "Mozilla/5.0 AppleWebKit/537.36 (KHTML, like Gecko; compatible; Amazonbot/0.1; +https://developer.amazon.com/support/amazonbot) Chrome/119.0.6045.214 Safari/537.36"
2408:8719:64:201:1f:: - - [26/Aug/2026:23:19:39 +0800] "GET /wp-includes/js/admin-bar.min.js HTTP/1.1" 200 2237 "https://www.najh.ilc.edu.tw/2026/03/02/%e8%b2%a1%e5%9c%98%e6%b3%95%e4%ba%ba%e5%ae%9c%e8%98%ad%e7%b8%a3%e7%ab%8b%e5%8d%97%e5%ae%89%e5%9c%8b%e6%b0%91%e4%b8%ad%e5%ad%b8%e6%95%99%e8%82%b2%e5%9f%ba%e9%87%91%e6%9c%83%e7%ac%ac%e4%b8%83%e5%b1%86-8/" "Mozilla/5.0 (Windows NT 10.0; Win64; x64) AppleWebKit/537.36 (KHTML, like Gecko) Chrome/144.0.0.0 Safari/537.36"
100.28.204.82 - - [26/Aug/2026:23:19:39 +0800] "GET /32745/2021/07/07/%E7%84%A1%E4%BD%A0%E7%9A%84%E6%98%A5%E5%A4%8F%E7%A7%8B%E5%86%AC/embed/ HTTP/1.1" 200 12858 "-" "Mozilla/5.0 AppleWebKit/537.36 (KHTML, like Gecko; compatible; Amazonbot/0.1; +https://developer.amazon.com/support/amazonbot) Chrome/119.0.6045.214 Safari/537.36"
2408:8719:64:201:1f:: - - [26/Aug/2026:23:19:40 +0800] "GET /wp-includes/js/imagesloaded.min.js HTTP/1.1" 200 2683 "https://www.najh.ilc.edu.tw/2026/03/02/%e8%b2%a1%e5%9c%98%e6%b3%95%e4%ba%ba%e5%ae%9c%e8%98%ad%e7%b8%a3%e7%ab%8b%e5%8d%97%e5%ae%89%e5%9c%8b%e6%b0%91%e4%b8%ad%e5%ad%b8%e6%95%99%e8%82%b2%e5%9f%ba%e9%87%91%e6%9c%83%e7%ac%ac%e4%b8%83%e5%b1%86-8/" "Mozilla/5.0 (Windows NT 10.0; Win64; x64) AppleWebKit/537.36 (KHTML, like Gecko) Chrome/144.0.0.0 Safari/537.36"
74.7.242.54 - - [26/Aug/2026:23:19:40 +0800] "GET /32745/wp-content/uploads/sites/1271/2020/08/%E4%B8%8B%E8%BC%89-44.jpg HTTP/1.1" 200 14446 "https://2blog.ilc.edu.tw/32745/2024/06/30/%e5%87%ba%e5%a4%96%e7%85%9e%e5%81%9a%e6%ad%b9%e5%9b%9d/" "Mozilla/5.0 AppleWebKit/537.36 (KHTML, like Gecko; compatible; GPTBot/1.4; +https://openai.com/gptbot)"
2408:8719:64:201:1f:: - - [26/Aug/2026:23:19:40 +0800] "GET /wp-content/themes/oceanwp/assets/js/theme.min.js HTTP/1.1" 200 5130 "https://www.najh.ilc.edu.tw/2026/03/02/%e8%b2%a1%e5%9c%98%e6%b3%95%e4%ba%ba%e5%ae%9c%e8%98%ad%e7%b8%a3%e7%ab%8b%e5%8d%97%e5%ae%89%e5%9c%8b%e6%b0%91%e4%b8%ad%e5%ad%b8%e6%95%99%e8%82%b2%e5%9f%ba%e9%87%91%e6%9c%83%e7%ac%ac%e4%b8%83%e5%b1%86-8/" "Mozilla/5.0 (Windows NT 10.0; Win64; x64) AppleWebKit/537.36 (KHTML, like Gecko) Chrome/144.0.0.0 Safari/537.36"
2408:8719:64:201:1f:: - - [26/Aug/2026:23:19:40 +0800] "GET /wp-content/themes/oceanwp/assets/js/drop-down-search.min.js HTTP/1.1" 200 2968 "https://www.najh.ilc.edu.tw/2026/03/02/%e8%b2%a1%e5%9c%98%e6%b3%95%e4%ba%ba%e5%ae%9c%e8%98%ad%e7%b8%a3%e7%ab%8b%e5%8d%97%e5%ae%89%e5%9c%8b%e6%b0%91%e4%b8%ad%e5%ad%b8%e6%95%99%e8%82%b2%e5%9f%ba%e9%87%91%e6%9c%83%e7%ac%ac%e4%b8%83%e5%b1%86-8/" "Mozilla/5.0 (Windows NT 10.0; Win64; x64) AppleWebKit/537.36 (KHTML, like Gecko) Chrome/144.0.0.0 Safari/537.36"
2408:8719:64:201:1f:: - - [26/Aug/2026:23:19:40 +0800] "GET /wp-content/themes/oceanwp/assets/js/drop-down-mobile-menu.min.js HTTP/1.1" 200 4663 "https://www.najh.ilc.edu.tw/2026/03/02/%e8%b2%a1%e5%9c%98%e6%b3%95%e4%ba%ba%e5%ae%9c%e8%98%ad%e7%b8%a3%e7%ab%8b%e5%8d%97%e5%ae%89%e5%9c%8b%e6%b0%91%e4%b8%ad%e5%ad%b8%e6%95%99%e8%82%b2%e5%9f%ba%e9%87%91%e6%9c%83%e7%ac%ac%e4%b8%83%e5%b1%86-8/" "Mozilla/5.0 (Windows NT 10.0; Win64; x64) AppleWebKit/537.36 (KHTML, like Gecko) Chrome/144.0.0.0 Safari/537.36"
66.249.68.96 - - [26/Aug/2026:23:19:40 +0800] "GET /robots.txt HTTP/1.1" 200 5580 "-" "Mozilla/5.0 (compatible; Googlebot/2.1; +http://www.google.com/bot.html)"
2408:8719:64:201:1f:: - - [26/Aug/2026:23:19:40 +0800] "GET /wp-content/themes/oceanwp/assets/js/ow-lightbox.min.js HTTP/1.1" 200 2321 "https://www.najh.ilc.edu.tw/2026/03/02/%e8%b2%a1%e5%9c%98%e6%b3%95%e4%ba%ba%e5%ae%9c%e8%98%ad%e7%b8%a3%e7%ab%8b%e5%8d%97%e5%ae%89%e5%9c%8b%e6%b0%91%e4%b8%ad%e5%ad%b8%e6%95%99%e8%82%b2%e5%9f%ba%e9%87%91%e6%9c%83%e7%ac%ac%e4%b8%83%e5%b1%86-8/" "Mozilla/5.0 (Windows NT 10.0; Win64; x64) AppleWebKit/537.36 (KHTML, like Gecko) Chrome/144.0.0.0 Safari/537.36"
2408:8719:64:201:1f:: - - [26/Aug/2026:23:19:40 +0800] "GET /wp-content/themes/oceanwp/assets/js/vendors/flickity.pkgd.min.js HTTP/1.1" 200 15048 "https://www.najh.ilc.edu.tw/2026/03/02/%e8%b2%a1%e5%9c%98%e6%b3%95%e4%ba%ba%e5%ae%9c%e8%98%ad%e7%b8%a3%e7%ab%8b%e5%8d%97%e5%ae%89%e5%9c%8b%e6%b0%91%e4%b8%ad%e5%ad%b8%e6%95%99%e8%82%b2%e5%9f%ba%e9%87%91%e6%9c%83%e7%ac%ac%e4%b8%83%e5%b1%86-8/" "Mozilla/5.0 (Windows NT 10.0; Win64; x64) AppleWebKit/537.36 (KHTML, like Gecko) Chrome/144.0.0.0 Safari/537.36"
2408:8719:64:201:1f:: - - [26/Aug/2026:23:19:40 +0800] "POST /wp-json/ilc-summary/v1/popular-posts HTTP/1.1" 201 1270 "https://www.najh.ilc.edu.tw/2026/03/02/%e8%b2%a1%e5%9c%98%e6%b3%95%e4%ba%ba%e5%ae%9c%e8%98%ad%e7%b8%a3%e7%ab%8b%e5%8d%97%e5%ae%89%e5%9c%8b%e6%b0%91%e4%b8%ad%e5%ad%b8%e6%95%99%e8%82%b2%e5%9f%ba%e9%87%91%e6%9c%83%e7%ac%ac%e4%b8%83%e5%b1%86-8/" "Mozilla/5.0 (Windows NT 10.0; Win64; x64) AppleWebKit/537.36 (KHTML, like Gecko) Chrome/144.0.0.0 Safari/537.36"
140.111.67.10 - - [26/Aug/2026:23:19:40 +0800] "GET /" 301 273 "-" "-"
74.7.242.54 - - [26/Aug/2026:23:19:40 +0800] "GET /32745/wp-content/uploads/sites/1271/2022/06/%E4%B8%8B%E8%BC%89-4-4.jpg HTTP/1.1" 200 14539 "https://2blog.ilc.edu.tw/32745/2022/06/04/page/9/" "Mozilla/5.0 AppleWebKit/537.36 (KHTML, like Gecko; compatible; GPTBot/1.4; +https://openai.com/gptbot)"
34.56.53.225 - - [26/Aug/2026:23:19:40 +0800] "GET /6556/2017/11/01/ HTTP/1.1" 200 15118 "-" "Mozilla/5.0 (Macintosh; Intel Mac OS X 10_15_7) AppleWebKit/537.36 (KHTML, like Gecko) Chrome/120.0.0.0 Safari/537.36"
2408:8719:64:201:1f:: - - [26/Aug/2026:23:19:40 +0800] "GET /wp-content/themes/oceanwp/assets/fonts/simple-line-icons/Simple-Line-Icons.woff2?v=2.4.0 HTTP/1.1" 200 30959 "https://www.najh.ilc.edu.tw/wp-content/cache/www.najh.ilc.edu.tw/wpfc-minified/kcxb236g/6wh9.css" "Mozilla/5.0 (Windows NT 10.0; Win64; x64) AppleWebKit/537.36 (KHTML, like Gecko) Chrome/144.0.0.0 Safari/537.36"
2408:8719:64:201:1f:: - - [26/Aug/2026:23:19:40 +0800] "GET /wp-content/themes/oceanwp/assets/js/ow-slider.min.js HTTP/1.1" 200 1761 "https://www.najh.ilc.edu.tw/2026/03/02/%e8%b2%a1%e5%9c%98%e6%b3%95%e4%ba%ba%e5%ae%9c%e8%98%ad%e7%b8%a3%e7%ab%8b%e5%8d%97%e5%ae%89%e5%9c%8b%e6%b0%91%e4%b8%ad%e5%ad%b8%e6%95%99%e8%82%b2%e5%9f%ba%e9%87%91%e6%9c%83%e7%ac%ac%e4%b8%83%e5%b1%86-8/" "Mozilla/5.0 (Windows NT 10.0; Win64; x64) AppleWebKit/537.36 (KHTML, like Gecko) Chrome/144.0.0.0 Safari/537.36"
2408:8719:64:201:1f:: - - [26/Aug/2026:23:19:40 +0800] "GET /wp-content/themes/oceanwp/assets/js/scroll-effect.min.js HTTP/1.1" 200 4127 "https://www.najh.ilc.edu.tw/2026/03/02/%e8%b2%a1%e5%9c%98%e6%b3%95%e4%ba%ba%e5%ae%9c%e8%98%ad%e7%b8%a3%e7%ab%8b%e5%8d%97%e5%ae%89%e5%9c%8b%e6%b0%91%e4%b8%ad%e5%ad%b8%e6%95%99%e8%82%b2%e5%9f%ba%e9%87%91%e6%9c%83%e7%ac%ac%e4%b8%83%e5%b1%86-8/" "Mozilla/5.0 (Windows NT 10.0; Win64; x64) AppleWebKit/537.36 (KHTML, like Gecko) Chrome/144.0.0.0 Safari/537.36"
2408:8719:64:201:1f:: - - [26/Aug/2026:23:19:40 +0800] "GET /wp-content/themes/oceanwp/assets/fonts/fontawesome/webfonts/fa-solid-900.woff2 HTTP/1.1" 200 151246 "https://www.najh.ilc.edu.tw/wp-content/cache/www.najh.ilc.edu.tw/wpfc-minified/kcxb236g/6wh9.css" "Mozilla/5.0 (Windows NT 10.0; Win64; x64) AppleWebKit/537.36 (KHTML, like Gecko) Chrome/144.0.0.0 Safari/537.36"
2408:8719:64:201:1f:: - - [26/Aug/2026:23:19:41 +0800] "GET /wp-content/themes/oceanwp/assets/js/scroll-top.min.js HTTP/1.1" 200 3202 "https://www.najh.ilc.edu.tw/2026/03/02/%e8%b2%a1%e5%9c%98%e6%b3%95%e4%ba%ba%e5%ae%9c%e8%98%ad%e7%b8%a3%e7%ab%8b%e5%8d%97%e5%ae%89%e5%9c%8b%e6%b0%91%e4%b8%ad%e5%ad%b8%e6%95%99%e8%82%b2%e5%9f%ba%e9%87%91%e6%9c%83%e7%ac%ac%e4%b8%83%e5%b1%86-8/" "Mozilla/5.0 (Windows NT 10.0; Win64; x64) AppleWebKit/537.36 (KHTML, like Gecko) Chrome/144.0.0.0 Safari/537.36"
2408:8719:64:201:1f:: - - [26/Aug/2026:23:19:41 +0800] "GET /wp-content/themes/oceanwp/assets/js/select.min.js HTTP/1.1" 200 2408 "https://www.najh.ilc.edu.tw/2026/03/02/%e8%b2%a1%e5%9c%98%e6%b3%95%e4%ba%ba%e5%ae%9c%e8%98%ad%e7%b8%a3%e7%ab%8b%e5%8d%97%e5%ae%89%e5%9c%8b%e6%b0%91%e4%b8%ad%e5%ad%b8%e6%95%99%e8%82%b2%e5%9f%ba%e9%87%91%e6%9c%83%e7%ac%ac%e4%b8%83%e5%b1%86-8/" "Mozilla/5.0 (Windows NT 10.0; Win64; x64) AppleWebKit/537.36 (KHTML, like Gecko) Chrome/144.0.0.0 Safari/537.36"
74.7.242.54 - - [26/Aug/2026:23:19:41 +0800] "GET /32745/wp-content/uploads/sites/1271/2021/04/%E4%B8%8B%E8%BC%89-7-5.jpg HTTP/1.1" 200 9992 "https://2blog.ilc.edu.tw/32745/2021/04/06/page/6/" "Mozilla/5.0 AppleWebKit/537.36 (KHTML, like Gecko; compatible; GPTBot/1.4; +https://openai.com/gptbot)"
66.249.79.137 - - [26/Aug/2026:23:19:39 +0800] "GET /wp-login.php?key=ehib8374&_wpnonce=&action=ilc_logout&redirect_to=https%3A%2F%2Fchatgpt.com%2F%3Fq%3DPlease+provide+only+the+clickable+link+for+https%3A%2F%2Fwww.aayyy.com+and+without+any+extra+content HTTP/1.1" 302 3570 "-" "Mozilla/5.0 (Linux; Android 6.0.1; Nexus 5X Build/MMB29P) AppleWebKit/537.36 (KHTML, like Gecko) Chrome/151.0.7922.173 Mobile Safari/537.36 (compatible; Googlebot/2.1; +http://www.google.com/bot.html)"
2408:8719:64:201:1f:: - - [26/Aug/2026:23:19:41 +0800] "GET /wp-content/plugins/ocean-extra/includes/widgets/js/flickr.min.js HTTP/1.1" 200 1319 "https://www.najh.ilc.edu.tw/2026/03/02/%e8%b2%a1%e5%9c%98%e6%b3%95%e4%ba%ba%e5%ae%9c%e8%98%ad%e7%b8%a3%e7%ab%8b%e5%8d%97%e5%ae%89%e5%9c%8b%e6%b0%91%e4%b8%ad%e5%ad%b8%e6%95%99%e8%82%b2%e5%9f%ba%e9%87%91%e6%9c%83%e7%ac%ac%e4%b8%83%e5%b1%86-8/" "Mozilla/5.0 (Windows NT 10.0; Win64; x64) AppleWebKit/537.36 (KHTML, like Gecko) Chrome/144.0.0.0 Safari/537.36"
2408:8719:64:201:1f:: - - [26/Aug/2026:23:19:41 +0800] "GET /wp-includes/js/mediaelement/mediaelement-and-player.min.js HTTP/1.1" 200 39802 "https://www.najh.ilc.edu.tw/2026/03/02/%e8%b2%a1%e5%9c%98%e6%b3%95%e4%ba%ba%e5%ae%9c%e8%98%ad%e7%b8%a3%e7%ab%8b%e5%8d%97%e5%ae%89%e5%9c%8b%e6%b0%91%e4%b8%ad%e5%ad%b8%e6%95%99%e8%82%b2%e5%9f%ba%e9%87%91%e6%9c%83%e7%ac%ac%e4%b8%83%e5%b1%86-8/" "Mozilla/5.0 (Windows NT 10.0; Win64; x64) AppleWebKit/537.36 (KHTML, like Gecko) Chrome/144.0.0.0 Safari/537.36"
66.249.71.97 - - [26/Aug/2026:23:19:41 +0800] "GET /category/c-14351/page/51/ HTTP/1.1" 200 16875 "-" "Mozilla/5.0 (Linux; Android 6.0.1; Nexus 5X Build/MMB29P) AppleWebKit/537.36 (KHTML, like Gecko) Chrome/151.0.7922.173 Mobile Safari/537.36 (compatible; Googlebot/2.1; +http://www.google.com/bot.html)"
2408:8719:64:201:1f:: - - [26/Aug/2026:23:19:41 +0800] "GET /wp-includes/js/mediaelement/wp-mediaelement.min.js HTTP/1.1" 200 1417 "https://www.najh.ilc.edu.tw/2026/03/02/%e8%b2%a1%e5%9c%98%e6%b3%95%e4%ba%ba%e5%ae%9c%e8%98%ad%e7%b8%a3%e7%ab%8b%e5%8d%97%e5%ae%89%e5%9c%8b%e6%b0%91%e4%b8%ad%e5%ad%b8%e6%95%99%e8%82%b2%e5%9f%ba%e9%87%91%e6%9c%83%e7%ac%ac%e4%b8%83%e5%b1%86-8/" "Mozilla/5.0 (Windows NT 10.0; Win64; x64) AppleWebKit/537.36 (KHTML, like Gecko) Chrome/144.0.0.0 Safari/537.36"
2408:8719:64:201:1f:: - - [26/Aug/2026:23:19:41 +0800] "GET /wp-includes/js/mediaelement/renderers/vimeo.min.js HTTP/1.1" 200 3164 "https://www.najh.ilc.edu.tw/2026/03/02/%e8%b2%a1%e5%9c%98%e6%b3%95%e4%ba%ba%e5%ae%9c%e8%98%ad%e7%b8%a3%e7%ab%8b%e5%8d%97%e5%ae%89%e5%9c%8b%e6%b0%91%e4%b8%ad%e5%ad%b8%e6%95%99%e8%82%b2%e5%9f%ba%e9%87%91%e6%9c%83%e7%ac%ac%e4%b8%83%e5%b1%86-8/" "Mozilla/5.0 (Windows NT 10.0; Win64; x64) AppleWebKit/537.36 (KHTML, like Gecko) Chrome/144.0.0.0 Safari/537.36"
74.7.242.54 - - [26/Aug/2026:23:19:41 +0800] "GET /32745/wp-content/uploads/sites/1271/2021/04/%E4%B8%8B%E8%BC%89-5-2.jpg HTTP/1.1" 200 7052 "https://2blog.ilc.edu.tw/32745/2022/02/12/%e9%b4%9b%e9%b4%a6%e4%b8%80%e5%a0%b4%e6%88%b2/" "Mozilla/5.0 AppleWebKit/537.36 (KHTML, like Gecko; compatible; GPTBot/1.4; +https://openai.com/gptbot)"
34.42.229.145 - - [26/Aug/2026:23:19:39 +0800] "GET /wp-json/oembed/1.0/embed?url=https://www.cwjh.ilc.edu.tw/2025/02/26/114%25e5%25b9%25b43%25e6%259c%2588%25e4%25bb%25bd%25e5%25ad%25b8%25e6%25a0%25a1%25e5%258d%2588%25e9%25a4%2590%25e8%258f%259c%25e5%2596%25ae%25e5%2585%25ac%25e5%2591%258a/ HTTP/1.1" 200 8491 "-" "Mozilla/5.0 (Macintosh; Intel Mac OS X 10_15_7) AppleWebKit/537.36 (KHTML, like Gecko) Chrome/120.0.0.0 Safari/537.36"
74.7.242.54 - - [26/Aug/2026:23:19:42 +0800] "GET /32745/wp-content/uploads/sites/1271/2022/06/%E4%B8%8B%E8%BC%89-4-5.jpg HTTP/1.1" 200 6033 "https://2blog.ilc.edu.tw/32745/wp-json/oembed/1.0/embed?format=xml&url=https%3A%2F%2F2blog.ilc.edu.tw%2F32745%2F2021%2F10%2F06%2F%25e8%25ac%259d%25e5%25af%25b6%25e6%2585%25a7%2F" "Mozilla/5.0 AppleWebKit/537.36 (KHTML, like Gecko; compatible; GPTBot/1.4; +https://openai.com/gptbot)"
3.217.82.254 - - [26/Aug/2026:23:19:42 +0800] "GET /6450/wp-json/wp/v2/posts/13334/revisions HTTP/1.1" 401 6197 "-" "Mozilla/5.0 AppleWebKit/537.36 (KHTML, like Gecko; compatible; Amazonbot/0.1; +https://developer.amazon.com/support/amazonbot) Chrome/119.0.6045.214 Safari/537.36"
74.7.242.54 - - [26/Aug/2026:23:19:42 +0800] "GET /32745/wp-content/uploads/sites/1271/2020/08/%E4%B8%8B%E8%BC%89-5-9.jpg HTTP/1.1" 200 8638 "https://2blog.ilc.edu.tw/32745/2020/08/23/" "Mozilla/5.0 AppleWebKit/537.36 (KHTML, like Gecko; compatible; GPTBot/1.4; +https://openai.com/gptbot)"
2001:288:a201::66:125 - - [26/Aug/2026:23:19:43 +0800] "GET /blog/active.php HTTP/1.1" 301 1026 "-" "-"
2001:288:a201::66:125 - - [26/Aug/2026:23:19:43 +0800] "GET /blog/active.php HTTP/1.1" 404 1084 "-" "-"
74.7.242.54 - - [26/Aug/2026:23:19:43 +0800] "GET /32745/wp-content/uploads/sites/1271/2020/07/%E4%B8%8B%E8%BC%89-1-7.jpg HTTP/1.1" 200 7528 "https://2blog.ilc.edu.tw/32745/2021/10/09/%e6%af%8b%e9%a9%9a%e8%8b%a6/" "Mozilla/5.0 AppleWebKit/537.36 (KHTML, like Gecko; compatible; GPTBot/1.4; +https://openai.com/gptbot)"
52.202.52.82 - - [26/Aug/2026:23:19:43 +0800] "GET /wp-content/uploads/sites/77/2021/?C=M;O%3DA HTTP/1.1" 200 1305 "-" "Mozilla/5.0 AppleWebKit/537.36 (KHTML, like Gecko; compatible; Amazonbot/0.1; +https://developer.amazon.com/support/amazonbot) Chrome/119.0.6045.214 Safari/537.36"
74.7.242.54 - - [26/Aug/2026:23:19:43 +0800] "GET /32745/wp-content/uploads/sites/1271/2020/05/%E4%B8%8B%E8%BC%89-1-5.jpg HTTP/1.1" 200 9201 "https://2blog.ilc.edu.tw/32745/2020/05/04/page/5/" "Mozilla/5.0 AppleWebKit/537.36 (KHTML, like Gecko; compatible; GPTBot/1.4; +https://openai.com/gptbot)"
74.7.242.54 - - [26/Aug/2026:23:19:44 +0800] "GET /32745/wp-content/uploads/sites/1271/2022/05/%E4%B8%8B%E8%BC%89-14.jpg HTTP/1.1" 200 5862 "https://2blog.ilc.edu.tw/32745/2022/05/07/" "Mozilla/5.0 AppleWebKit/537.36 (KHTML, like Gecko; compatible; GPTBot/1.4; +https://openai.com/gptbot)"
66.249.71.9 - - [26/Aug/2026:23:19:42 +0800] "GET /wp-login.php?action=ilc_logout&_wpnonce=43754d0aad&redirect_to=http://health2beauty.ru/join/18595/ HTTP/1.1" 302 8249 "-" "Mozilla/5.0 (compatible; Googlebot/2.1; +http://www.google.com/bot.html)"
74.7.242.54 - - [26/Aug/2026:23:19:44 +0800] "GET /32745/wp-content/uploads/sites/1271/2022/03/%E4%B8%8B%E8%BC%89-7-1.jpg HTTP/1.1" 200 5030 "https://2blog.ilc.edu.tw/32745/2022/03/06/page/3/" "Mozilla/5.0 AppleWebKit/537.36 (KHTML, like Gecko; compatible; GPTBot/1.4; +https://openai.com/gptbot)"
34.10.180.98 - - [26/Aug/2026:23:19:44 +0800] "GET /32745/?p=84639 HTTP/1.1" 301 5733 "-" "Mozilla/5.0 (Macintosh; Intel Mac OS X 10_15_7) AppleWebKit/537.36 (KHTML, like Gecko) Chrome/120.0.0.0 Safari/537.36"
74.7.242.54 - - [26/Aug/2026:23:19:45 +0800] "GET /32745/wp-content/uploads/sites/1271/2020/05/%E4%B8%8B%E8%BC%89-29.jpg HTTP/1.1" 200 7496 "https://2blog.ilc.edu.tw/32745/2020/05/06/%e5%ad%a4%e6%84%81%e4%ba%ba/" "Mozilla/5.0 AppleWebKit/537.36 (KHTML, like Gecko; compatible; GPTBot/1.4; +https://openai.com/gptbot)"
140.111.67.10 - - [26/Aug/2026:23:19:45 +0800] "GET /" 301 273 "-" "-"
74.7.242.54 - - [26/Aug/2026:23:19:45 +0800] "GET /32745/wp-content/uploads/sites/1271/2020/07/%E4%B8%8B%E8%BC%89-20.jpg HTTP/1.1" 200 11006 "https://2blog.ilc.edu.tw/32745/2020/07/21/page/3/" "Mozilla/5.0 AppleWebKit/537.36 (KHTML, like Gecko; compatible; GPTBot/1.4; +https://openai.com/gptbot)"
74.7.242.54 - - [26/Aug/2026:23:19:46 +0800] "GET /32745/wp-content/uploads/sites/1271/2020/07/%E4%B8%8B%E8%BC%89-2-9.jpg HTTP/1.1" 200 7245 "https://2blog.ilc.edu.tw/32745/2020/07/26/" "Mozilla/5.0 AppleWebKit/537.36 (KHTML, like Gecko; compatible; GPTBot/1.4; +https://openai.com/gptbot)"
2409:8a62:a211:49d1:5054:ff:febb:ee8c - - [26/Aug/2026:23:19:46 +0800] "GET /2446/wp-content/cache/2blog.ilc.edu.tw/wpfc-minified/e1z2e0i3/6bf6k.css HTTP/1.1" 200 45680 "https://2blog.ilc.edu.tw/2446/category/c-9752/" "Mozilla/5.0 (Windows NT 10.0; Win64; x64) AppleWebKit/537.36 (KHTML, like Gecko) Chrome/144.0.0.0 Safari/537.36"
34.10.180.98 - - [26/Aug/2026:23:19:46 +0800] "GET /32745/wp-json/wp/v2/posts/67717 HTTP/1.1" 200 19414 "-" "Mozilla/5.0 (Macintosh; Intel Mac OS X 10_15_7) AppleWebKit/537.36 (KHTML, like Gecko) Chrome/120.0.0.0 Safari/537.36"
2409:8a62:a211:49d1:5054:ff:febb:ee8c - - [26/Aug/2026:23:19:46 +0800] "GET /2446/wp-content/cache/2blog.ilc.edu.tw/wpfc-minified/ehp6nnn7/6bf6k.css HTTP/1.1" 200 20774 "https://2blog.ilc.edu.tw/2446/category/c-9752/" "Mozilla/5.0 (Windows NT 10.0; Win64; x64) AppleWebKit/537.36 (KHTML, like Gecko) Chrome/144.0.0.0 Safari/537.36"
74.7.242.54 - - [26/Aug/2026:23:19:46 +0800] "GET /32745/wp-content/uploads/sites/1271/2022/03/%E4%B8%8B%E8%BC%89-7-3.jpg HTTP/1.1" 200 7590 "https://2blog.ilc.edu.tw/32745/2021/04/05/%e5%87%ba%e5%a4%96%e4%ba%ba/" "Mozilla/5.0 AppleWebKit/537.36 (KHTML, like Gecko; compatible; GPTBot/1.4; +https://openai.com/gptbot)"
44.195.145.102 - - [26/Aug/2026:23:19:46 +0800] "GET /32745/wp-json/wp/v2/posts/86542 HTTP/1.1" 200 22907 "-" "Mozilla/5.0 AppleWebKit/537.36 (KHTML, like Gecko; compatible; Amazonbot/0.1; +https://developer.amazon.com/support/amazonbot) Chrome/119.0.6045.214 Safari/537.36"
74.7.242.54 - - [26/Aug/2026:23:19:47 +0800] "GET /32745/wp-content/uploads/sites/1271/2020/07/%E4%B8%8B%E8%BC%89-2-4.jpg HTTP/1.1" 200 6220 "https://2blog.ilc.edu.tw/32745/2020/07/11/%e7%b4%85%e5%a1%b5%e6%83%85%e8%a9%a9/" "Mozilla/5.0 AppleWebKit/537.36 (KHTML, like Gecko; compatible; GPTBot/1.4; +https://openai.com/gptbot)"
2409:8a62:a211:49d1:5054:ff:febb:ee8c - - [26/Aug/2026:23:19:47 +0800] "GET /2446/wp-content/cache/2blog.ilc.edu.tw/wpfc-minified/eroy7dl8/6bf6k.css HTTP/1.1" 200 18879 "https://2blog.ilc.edu.tw/2446/category/c-9752/" "Mozilla/5.0 (Windows NT 10.0; Win64; x64) AppleWebKit/537.36 (KHTML, like Gecko) Chrome/144.0.0.0 Safari/537.36"
2409:8a62:a211:49d1:5054:ff:febb:ee8c - - [26/Aug/2026:23:19:47 +0800] "GET /2446/wp-content/cache/2blog.ilc.edu.tw/wpfc-minified/2qvndz55/6bf6k.css HTTP/1.1" 200 17049 "https://2blog.ilc.edu.tw/2446/category/c-9752/" "Mozilla/5.0 (Windows NT 10.0; Win64; x64) AppleWebKit/537.36 (KHTML, like Gecko) Chrome/144.0.0.0 Safari/537.36"
2409:8a62:a211:49d1:5054:ff:febb:ee8c - - [26/Aug/2026:23:19:47 +0800] "GET /2446/wp-content/cache/2blog.ilc.edu.tw/wpfc-minified/6xjcj914/6bf6k.js HTTP/1.1" 200 40358 "https://2blog.ilc.edu.tw/2446/category/c-9752/" "Mozilla/5.0 (Windows NT 10.0; Win64; x64) AppleWebKit/537.36 (KHTML, like Gecko) Chrome/144.0.0.0 Safari/537.36"
74.7.242.54 - - [26/Aug/2026:23:19:47 +0800] "GET /32745/wp-content/uploads/sites/1271/2020/09/%E4%B8%8B%E8%BC%89-1-1.jpg HTTP/1.1" 200 10032 "https://2blog.ilc.edu.tw/32745/2020/09/12/page/5/" "Mozilla/5.0 AppleWebKit/537.36 (KHTML, like Gecko; compatible; GPTBot/1.4; +https://openai.com/gptbot)"
66.249.71.9 - - [26/Aug/2026:23:19:46 +0800] "GET /wp-login.php?action=ilc_logout&_wpnonce=43754d0aad&redirect_to=http://homeplusdesign.ru/gallery/28168/ HTTP/1.1" 302 3468 "-" "Mozilla/5.0 (compatible; Googlebot/2.1; +http://www.google.com/bot.html)"
2001:288:a201::66:125 - - [26/Aug/2026:23:19:48 +0800] "GET /blog/active.php HTTP/1.1" 301 1026 "-" "-"
2001:288:a201::66:125 - - [26/Aug/2026:23:19:48 +0800] "GET /blog/active.php HTTP/1.1" 404 1084 "-" "-"
136.119.35.120 - - [26/Aug/2026:23:19:47 +0800] "GET /32745/wp-json/wp/v2/posts/26219 HTTP/1.1" 200 15101 "-" "Mozilla/5.0 (Macintosh; Intel Mac OS X 10_15_7) AppleWebKit/537.36 (KHTML, like Gecko) Chrome/120.0.0.0 Safari/537.36"
74.7.242.54 - - [26/Aug/2026:23:19:48 +0800] "GET /32745/wp-content/uploads/sites/1271/2022/02/%E4%B8%8B%E8%BC%89-9-1.jpg HTTP/1.1" 200 10150 "https://2blog.ilc.edu.tw/32745/2022/02/26/" "Mozilla/5.0 AppleWebKit/537.36 (KHTML, like Gecko; compatible; GPTBot/1.4; +https://openai.com/gptbot)"
34.10.180.98 - - [26/Aug/2026:23:19:48 +0800] "GET /6093/?p=11370 HTTP/1.1" 301 5742 "-" "Mozilla/5.0 (Macintosh; Intel Mac OS X 10_15_7) AppleWebKit/537.36 (KHTML, like Gecko) Chrome/120.0.0.0 Safari/537.36"
74.7.242.54 - - [26/Aug/2026:23:19:48 +0800] "GET /32745/wp-content/uploads/sites/1271/2021/01/%E4%B8%8B%E8%BC%89-4-4.jpg HTTP/1.1" 200 6357 "https://2blog.ilc.edu.tw/32745/2021/01/17/%e7%96%bc%e5%bf%83-2/" "Mozilla/5.0 AppleWebKit/537.36 (KHTML, like Gecko; compatible; GPTBot/1.4; +https://openai.com/gptbot)"
2409:8a62:a211:49d1:5054:ff:febb:ee8c - - [26/Aug/2026:23:19:49 +0800] "GET /2446/wp-includes/js/admin-bar.min.js HTTP/1.1" 200 2237 "https://2blog.ilc.edu.tw/2446/category/c-9752/" "Mozilla/5.0 (Windows NT 10.0; Win64; x64) AppleWebKit/537.36 (KHTML, like Gecko) Chrome/144.0.0.0 Safari/537.36"
2402:7500:59a:c3ea::c627:7f0a - - [26/Aug/2026:23:19:49 +0800] "-" 408 339 "-" "-"
2402:7500:59a:c3ea::c627:7f0a - - [26/Aug/2026:23:19:49 +0800] "-" 408 339 "-" "-"
74.7.242.54 - - [26/Aug/2026:23:19:49 +0800] "GET /32745/wp-content/uploads/sites/1271/2020/08/%E4%B8%8B%E8%BC%89-23.jpg HTTP/1.1" 200 10386 "https://2blog.ilc.edu.tw/32745/2020/08/23/page/9/" "Mozilla/5.0 AppleWebKit/537.36 (KHTML, like Gecko; compatible; GPTBot/1.4; +https://openai.com/gptbot)"
40.77.167.35 - - [26/Aug/2026:23:19:49 +0800] "GET /1003/?s=jobs+at+ung HTTP/1.1" 200 13741 "-" "Mozilla/5.0 AppleWebKit/537.36 (KHTML, like Gecko; compatible; bingbot/2.0; +http://www.bing.com/bingbot.htm) Chrome/116.0.1938.76 Safari/537.36"
66.249.79.128 - - [26/Aug/2026:23:19:48 +0800] "GET /wp-login.php?action=ilc_logout&_wpnonce=43754d0aad&redirect_to=http://kolainform.ru/creator/19903/ HTTP/1.1" 302 3442 "-" "Mozilla/5.0 (compatible; Googlebot/2.1; +http://www.google.com/bot.html)"
74.7.242.54 - - [26/Aug/2026:23:19:49 +0800] "GET /32745/wp-content/uploads/sites/1271/2020/08/%E4%B8%8B%E8%BC%89-39.jpg HTTP/1.1" 200 11136 "https://2blog.ilc.edu.tw/32745/2020/08/22/%e7%94%a8%e6%80%a7%e5%91%bd%e6%89%80%e6%84%9b%e7%9a%84%e4%ba%ba/" "Mozilla/5.0 AppleWebKit/537.36 (KHTML, like Gecko; compatible; GPTBot/1.4; +https://openai.com/gptbot)"
74.7.242.54 - - [26/Aug/2026:23:19:50 +0800] "GET /32745/wp-content/uploads/sites/1271/2021/01/%E4%B8%8B%E8%BC%89-8-3.jpg HTTP/1.1" 200 6251 "https://2blog.ilc.edu.tw/32745/2021/01/12/" "Mozilla/5.0 AppleWebKit/537.36 (KHTML, like Gecko; compatible; GPTBot/1.4; +https://openai.com/gptbot)"
140.111.67.10 - - [26/Aug/2026:23:19:50 +0800] "GET /" 301 273 "-" "-"
34.206.249.188 - - [26/Aug/2026:23:19:50 +0800] "GET /6450/2012/11/27/101%E5%B9%B4%E5%BA%A6-%E8%A1%8C%E6%94%BF%E8%88%87%E7%AE%A1%E7%90%86-%E7%A9%8D%E6%A5%B5%E7%94%B3%E8%AB%8B%E8%A3%9C%E5%8A%A9%E6%8E%A8%E5%8B%95%E7%92%B0%E5%A2%83%E6%95%99%E8%82%B21/ HTTP/1.1" 200 17940 "-" "Mozilla/5.0 AppleWebKit/537.36 (KHTML, like Gecko; compatible; Amazonbot/0.1; +https://developer.amazon.com/support/amazonbot) Chrome/119.0.6045.214 Safari/537.36"
74.7.242.54 - - [26/Aug/2026:23:19:50 +0800] "GET /32745/wp-content/uploads/sites/1271/2022/03/%E4%B8%8B%E8%BC%89-1-1.jpg HTTP/1.1" 200 8054 "https://2blog.ilc.edu.tw/32745/2022/03/06/page/5/" "Mozilla/5.0 AppleWebKit/537.36 (KHTML, like Gecko; compatible; GPTBot/1.4; +https://openai.com/gptbot)"
34.10.180.98 - - [26/Aug/2026:23:19:50 +0800] "GET /6510/2016/11/19/105_2-1-2_%E5%AF%A6%E6%96%BD%E6%88%B6%E5%A4%96%E7%92%B0%E5%A2%83%E6%95%99%E5%AD%B8%E5%8F%8A%E7%94%9F%E6%85%8B%E6%97%85%E9%81%8A-%E5%8F%83%E8%A7%80%E5%88%A9%E6%BE%A4%E7%84%9A%E5%8C%96%E7%88%90/ HTTP/1.1" 200 15108 "-" "Mozilla/5.0 (Macintosh; Intel Mac OS X 10_15_7) AppleWebKit/537.36 (KHTML, like Gecko) Chrome/120.0.0.0 Safari/537.36"
52.73.6.26 - - [26/Aug/2026:23:19:51 +0800] "GET /wp-content/uploads/sites/77/2021/03/ HTTP/1.1" 200 1110 "-" "Mozilla/5.0 AppleWebKit/537.36 (KHTML, like Gecko; compatible; Amazonbot/0.1; +https://developer.amazon.com/support/amazonbot) Chrome/119.0.6045.214 Safari/537.36"
34.30.223.149 - - [26/Aug/2026:23:19:51 +0800] "GET /6422/2016/11/25/105-%E5%9B%9B-3-%E5%AE%9C%E8%98%AD%E7%B8%A3%E6%94%BF%E5%BA%9C%E6%95%99%E8%82%B2%E8%99%95%E6%89%80%E5%B1%AC%E5%90%84%E7%B4%9A%E5%AD%B8%E6%A0%A1%EF%BC%88%E5%90%AB%E5%B9%BC%E5%85%92%E5%9C%92%EF%BC%89/ HTTP/1.1" 200 15217 "-" "Mozilla/5.0 (Macintosh; Intel Mac OS X 10_15_7) AppleWebKit/537.36 (KHTML, like Gecko) Chrome/120.0.0.0 Safari/537.36"
74.7.242.54 - - [26/Aug/2026:23:19:51 +0800] "GET /32745/wp-content/uploads/sites/1271/2020/08/%E4%B8%8B%E8%BC%89-5-7.jpg HTTP/1.1" 200 4207 "https://2blog.ilc.edu.tw/32745/2020/08/21/" "Mozilla/5.0 AppleWebKit/537.36 (KHTML, like Gecko; compatible; GPTBot/1.4; +https://openai.com/gptbot)"
2409:8a62:a211:49d1:5054:ff:febb:ee8c - - [26/Aug/2026:23:19:51 +0800] "GET /2446/wp-content/themes/huemanilc/assets/front/js/scripts.min.js HTTP/1.1" 200 27001 "https://2blog.ilc.edu.tw/2446/category/c-9752/" "Mozilla/5.0 (Windows NT 10.0; Win64; x64) AppleWebKit/537.36 (KHTML, like Gecko) Chrome/144.0.0.0 Safari/537.36"
66.249.79.128 - - [26/Aug/2026:23:19:49 +0800] "GET /wp-login.php?action=ilc_logout&_wpnonce=43754d0aad&redirect_to=http://kolibri-39.ru/gallery/50043/ HTTP/1.1" 302 3442 "-" "Mozilla/5.0 (compatible; Googlebot/2.1; +http://www.google.com/bot.html)"
74.7.242.54 - - [26/Aug/2026:23:19:51 +0800] "GET /32745/wp-content/uploads/sites/1271/2020/08/%E4%B8%8B%E8%BC%89-9-8.jpg HTTP/1.1" 200 8547 "https://2blog.ilc.edu.tw/32745/2020/08/30/page/8/" "Mozilla/5.0 AppleWebKit/537.36 (KHTML, like Gecko; compatible; GPTBot/1.4; +https://openai.com/gptbot)"
74.7.242.54 - - [26/Aug/2026:23:19:52 +0800] "GET /32745/wp-content/uploads/sites/1271/2022/05/%E4%B8%8B%E8%BC%89-8-2.jpg HTTP/1.1" 200 8039 "https://2blog.ilc.edu.tw/32745/2022/05/21/page/4/" "Mozilla/5.0 AppleWebKit/537.36 (KHTML, like Gecko; compatible; GPTBot/1.4; +https://openai.com/gptbot)"
74.7.242.54 - - [26/Aug/2026:23:19:53 +0800] "GET /32745/wp-content/uploads/sites/1271/2022/02/%E4%B8%8B%E8%BC%89-12.jpg HTTP/1.1" 200 6009 "https://2blog.ilc.edu.tw/32745/2022/02/26/%e5%80%96%e4%bd%a0%e9%a3%9b%e4%b8%8a%e5%a4%a9/" "Mozilla/5.0 AppleWebKit/537.36 (KHTML, like Gecko; compatible; GPTBot/1.4; +https://openai.com/gptbot)"
2001:288:a201::66:125 - - [26/Aug/2026:23:19:53 +0800] "GET /blog/active.php HTTP/1.1" 301 1026 "-" "-"
2001:288:a201::66:125 - - [26/Aug/2026:23:19:53 +0800] "GET /blog/active.php HTTP/1.1" 404 1084 "-" "-"
74.7.242.54 - - [26/Aug/2026:23:19:53 +0800] "GET /32745/wp-content/uploads/sites/1271/2022/05/%E4%B8%8B%E8%BC%89-25.jpg HTTP/1.1" 200 5075 "https://2blog.ilc.edu.tw/32745/2022/05/24/page/2/" "Mozilla/5.0 AppleWebKit/537.36 (KHTML, like Gecko; compatible; GPTBot/1.4; +https://openai.com/gptbot)"
66.249.79.137 - - [26/Aug/2026:23:19:52 +0800] "GET /wp-login.php?key=ll24l374&_wpnonce=&action=ilc_logout&redirect_to=https%3A%2F%2Fmushroom.joynetgame.com HTTP/1.1" 302 8245 "-" "Mozilla/5.0 (Linux; Android 6.0.1; Nexus 5X Build/MMB29P) AppleWebKit/537.36 (KHTML, like Gecko) Chrome/151.0.7922.173 Mobile Safari/537.36 (compatible; Googlebot/2.1; +http://www.google.com/bot.html)"
2408:8722:0:1::2a7 - - [26/Aug/2026:23:19:53 +0800] "GET /25948/category/c-105830/page/2 HTTP/1.1" 301 5755 "-" "Mozilla/5.0 (Windows NT 10.0; Win64; x64) AppleWebKit/537.36 (KHTML, like Gecko) Chrome/144.0.0.0 Safari/537.36"
74.7.242.54 - - [26/Aug/2026:23:19:54 +0800] "GET /32745/wp-content/uploads/sites/1271/2020/08/%E4%B8%8B%E8%BC%89-6-5.jpg HTTP/1.1" 200 10657 "https://2blog.ilc.edu.tw/32745/2020/08/21/" "Mozilla/5.0 AppleWebKit/537.36 (KHTML, like Gecko; compatible; GPTBot/1.4; +https://openai.com/gptbot)"
2408:8722:0:1::2a7 - - [26/Aug/2026:23:19:54 +0800] "GET /25948/category/c-105830/page/2/ HTTP/1.1" 200 11146 "-" "Mozilla/5.0 (Windows NT 10.0; Win64; x64) AppleWebKit/537.36 (KHTML, like Gecko) Chrome/144.0.0.0 Safari/537.36"
66.249.79.167 - - [26/Aug/2026:23:19:54 +0800] "GET /scweb/GBOOK/GBOOK.ASP?nickname=huiyuh HTTP/1.1" 404 83304 "-" "Mozilla/5.0 (Linux; Android 6.0.1; Nexus 5X Build/MMB29P) AppleWebKit/537.36 (KHTML, like Gecko) Chrome/151.0.7922.173 Mobile Safari/537.36 (compatible; Googlebot/2.1; +http://www.google.com/bot.html)"
::1 - - [26/Aug/2026:23:19:54 +0800] "OPTIONS * HTTP/1.0" 200 110 "-" "Apache/2.4.68 (Ubuntu) OpenSSL/3.0.19 (internal dummy connection)"
74.7.242.54 - - [26/Aug/2026:23:19:54 +0800] "GET /32745/wp-content/uploads/sites/1271/2021/04/%E4%B8%8B%E8%BC%89-19.jpg HTTP/1.1" 200 6990 "https://2blog.ilc.edu.tw/32745/2021/04/05/page/8/" "Mozilla/5.0 AppleWebKit/537.36 (KHTML, like Gecko; compatible; GPTBot/1.4; +https://openai.com/gptbot)"
2408:8722:0:1::2a7 - - [26/Aug/2026:23:19:54 +0800] "GET /25948/wp-content/cache/2blog.ilc.edu.tw/wpfc-minified/q8kvjm84/5x59g.css HTTP/1.1" 200 40888 "https://2blog.ilc.edu.tw/25948/category/c-105830/page/2/" "Mozilla/5.0 (Windows NT 10.0; Win64; x64) AppleWebKit/537.36 (KHTML, like Gecko) Chrome/144.0.0.0 Safari/537.36"
74.7.242.54 - - [26/Aug/2026:23:19:55 +0800] "GET /32745/wp-content/uploads/sites/1271/2020/07/%E4%B8%8B%E8%BC%89-7-2.jpg HTTP/1.1" 200 8023 "https://2blog.ilc.edu.tw/32745/2021/10/06/%e6%97%a9%e6%97%a5%e5%80%92%e8%bd%89%e4%be%86/" "Mozilla/5.0 AppleWebKit/537.36 (KHTML, like Gecko; compatible; GPTBot/1.4; +https://openai.com/gptbot)"
2408:8722:0:1::2a7 - - [26/Aug/2026:23:19:55 +0800] "GET /25948/wp-content/cache/2blog.ilc.edu.tw/wpfc-minified/336b8tj3/5x59g.css HTTP/1.1" 200 15980 "https://2blog.ilc.edu.tw/25948/category/c-105830/page/2/" "Mozilla/5.0 (Windows NT 10.0; Win64; x64) AppleWebKit/537.36 (KHTML, like Gecko) Chrome/144.0.0.0 Safari/537.36"
140.111.67.10 - - [26/Aug/2026:23:19:55 +0800] "GET /" 301 273 "-" "-"
2408:8722:0:1::2a7 - - [26/Aug/2026:23:19:55 +0800] "GET /25948/wp-includes/js/hoverintent-js.min.js HTTP/1.1" 200 6391 "https://2blog.ilc.edu.tw/25948/category/c-105830/page/2/" "Mozilla/5.0 (Windows NT 10.0; Win64; x64) AppleWebKit/537.36 (KHTML, like Gecko) Chrome/144.0.0.0 Safari/537.36"
74.7.242.54 - - [26/Aug/2026:23:19:55 +0800] "GET /32745/wp-content/uploads/sites/1271/2020/08/%E4%B8%8B%E8%BC%89-4-2.jpg HTTP/1.1" 200 5925 "https://2blog.ilc.edu.tw/32745/2020/08/06/page/5/" "Mozilla/5.0 AppleWebKit/537.36 (KHTML, like Gecko; compatible; GPTBot/1.4; +https://openai.com/gptbot)"
74.7.242.54 - - [26/Aug/2026:23:19:56 +0800] "GET /32745/wp-content/uploads/sites/1271/2020/05/%E4%B8%8B%E8%BC%89-21.jpg HTTP/1.1" 200 9929 "https://2blog.ilc.edu.tw/32745/2020/05/12/%e6%84%81%e5%a4%9c%e5%a4%a2/" "Mozilla/5.0 AppleWebKit/537.36 (KHTML, like Gecko; compatible; GPTBot/1.4; +https://openai.com/gptbot)"
74.7.242.54 - - [26/Aug/2026:23:19:56 +0800] "GET /32745/wp-content/uploads/sites/1271/2021/05/%E4%B8%8B%E8%BC%89-6-2.jpg HTTP/1.1" 200 5067 "https://2blog.ilc.edu.tw/32745/2021/05/29/" "Mozilla/5.0 AppleWebKit/537.36 (KHTML, like Gecko; compatible; GPTBot/1.4; +https://openai.com/gptbot)"
34.196.114.170 - - [26/Aug/2026:23:19:54 +0800] "GET /linkc/2010/07/16/mindomo-test/embed/ HTTP/1.1" 200 12558 "-" "Mozilla/5.0 AppleWebKit/537.36 (KHTML, like Gecko; compatible; Amazonbot/0.1; +https://developer.amazon.com/support/amazonbot) Chrome/119.0.6045.214 Safari/537.36"
74.7.242.54 - - [26/Aug/2026:23:19:57 +0800] "GET /32745/wp-content/uploads/sites/1271/2021/04/%E4%B8%8B%E8%BC%89-21.jpg HTTP/1.1" 200 6544 "https://2blog.ilc.edu.tw/32745/2021/04/05/page/3/" "Mozilla/5.0 AppleWebKit/537.36 (KHTML, like Gecko; compatible; GPTBot/1.4; +https://openai.com/gptbot)"
::1 - - [26/Aug/2026:23:19:57 +0800] "OPTIONS * HTTP/1.0" 200 110 "-" "Apache/2.4.68 (Ubuntu) OpenSSL/3.0.19 (internal dummy connection)"
