74.7.242.54 - - [26/Aug/2026:23:17:52 +0800] "GET /32745/wp-content/uploads/sites/1271/2023/01/1-468.jpeg HTTP/1.1" 200 18712 "https://2blog.ilc.edu.tw/32745/wp-json/oembed/1.0/embed?format=xml&url=https%3A%2F%2F2blog.ilc.edu.tw%2F32745%2F2023%2F01%2F21%2F%25e7%2584%25a1%25e6%2583%2585%25e7%259a%2584%25e6%25b5%25b7%25e5%25b2%25b8-2%2F" "Mozilla/5.0 AppleWebKit/537.36 (KHTML, like Gecko; compatible; GPTBot/1.4; +https://openai.com/gptbot)"
2408:862e:ff:ff0d::540 - - [26/Aug/2026:23:17:52 +0800] "GET /wp-content/themes/oceanwp/assets/js/select.min.js HTTP/1.1" 200 2408 "https://www.cses.ilc.edu.tw/category/c-16698/" "Mozilla/5.0 (Windows NT 10.0; Win64; x64) AppleWebKit/537.36 (KHTML, like Gecko) Chrome/144.0.0.0 Safari/537.36"
2001:288:a201::66:125 - - [26/Aug/2026:23:17:53 +0800] "GET /blog/active.php HTTP/1.1" 301 1026 "-" "-"
2001:288:a201::66:125 - - [26/Aug/2026:23:17:53 +0800] "GET /blog/active.php HTTP/1.1" 404 1084 "-" "-"
74.7.242.54 - - [26/Aug/2026:23:17:53 +0800] "GET /32745/wp-content/uploads/sites/1271/2023/01/1-406.jpeg HTTP/1.1" 200 20583 "https://2blog.ilc.edu.tw/32745/wp-json/oembed/1.0/embed?format=xml&url=https%3A%2F%2F2blog.ilc.edu.tw%2F32745%2F2021%2F09%2F15%2F%25e9%25ad%258f%25e7%25a7%2580%25e6%2596%2587%2F" "Mozilla/5.0 AppleWebKit/537.36 (KHTML, like Gecko; compatible; GPTBot/1.4; +https://openai.com/gptbot)"
::1 - - [26/Aug/2026:23:17:53 +0800] "OPTIONS * HTTP/1.0" 200 110 "-" "Apache/2.4.68 (Ubuntu) OpenSSL/3.0.19 (internal dummy connection)"
2408:862e:ff:ff0d::540 - - [26/Aug/2026:23:17:53 +0800] "GET /wp-content/themes/oceanwp/assets/fonts/simple-line-icons/Simple-Line-Icons.woff2?v=2.4.0 HTTP/1.1" 200 30959 "https://www.cses.ilc.edu.tw/wp-content/cache/www.cses.ilc.edu.tw/wpfc-minified/2yn7f6az/ooxw.css" "Mozilla/5.0 (Windows NT 10.0; Win64; x64) AppleWebKit/537.36 (KHTML, like Gecko) Chrome/144.0.0.0 Safari/537.36"
74.7.242.54 - - [26/Aug/2026:23:17:53 +0800] "GET /32745/wp-content/uploads/sites/1271/2023/01/1-684.jpeg HTTP/1.1" 200 6208 "https://2blog.ilc.edu.tw/32745/2023/01/23/%e6%82%b2%e6%88%80%e6%83%85%e8%b7%af/" "Mozilla/5.0 AppleWebKit/537.36 (KHTML, like Gecko; compatible; GPTBot/1.4; +https://openai.com/gptbot)"
2a03:2880:18ff:1a:: - - [26/Aug/2026:23:17:53 +0800] "GET /2023/05/12/%e3%80%90%e5%ae%9c%e8%98%ad%e7%b8%a3%e6%95%99%e5%b8%ab%e8%81%b7%e6%a5%ad%e5%b7%a5%e6%9c%83-%e5%ae%9c%e8%98%ad%e7%b8%a3%e6%95%99%e5%b8%ab%e6%9c%83%e3%80%9120230503%e8%a8%8a%e6%81%af%e5%85%a8%e6%95%99/ HTTP/1.1" 200 17368 "-" "Mozilla/5.0 (Windows NT 10.0; Win64; x64) AppleWebKit/537.36 (KHTML, like Gecko) Chrome/145.0.0.0 Safari/537.36 (compatible; meta-webindexer/1.1 (+https://developers.facebook.com/docs/sharing/webmasters/crawler))"
::1 - - [26/Aug/2026:23:17:54 +0800] "OPTIONS * HTTP/1.0" 200 110 "-" "Apache/2.4.68 (Ubuntu) OpenSSL/3.0.19 (internal dummy connection)"
74.7.242.54 - - [26/Aug/2026:23:17:54 +0800] "GET /32745/wp-content/uploads/sites/1271/2024/09/1-162.jpeg HTTP/1.1" 200 27703 "https://2blog.ilc.edu.tw/32745/category/%e5%8d%81%e4%b8%89%e5%8a%83/page/4/" "Mozilla/5.0 AppleWebKit/537.36 (KHTML, like Gecko; compatible; GPTBot/1.4; +https://openai.com/gptbot)"
2409:8714:e95:31::224 - - [26/Aug/2026:23:17:53 +0800] "GET /17160/2016/02/16 HTTP/1.1" 301 5767 "-" "Mozilla/5.0 (Windows NT 10.0; Win64; x64) AppleWebKit/537.36 (KHTML, like Gecko) Chrome/144.0.0.0 Safari/537.36"
173.252.70.57 - - [26/Aug/2026:23:17:54 +0800] "GET /wp-content/uploads/sites/1962/2023/05/S__94151044-300x225.jpg HTTP/1.1" 200 23751 "https://ilta.ilc.edu.tw/2023/05/12/%e3%80%90%e5%ae%9c%e8%98%ad%e7%b8%a3%e6%95%99%e5%b8%ab%e8%81%b7%e6%a5%ad%e5%b7%a5%e6%9c%83-%e5%ae%9c%e8%98%ad%e7%b8%a3%e6%95%99%e5%b8%ab%e6%9c%83%e3%80%9120230503%e8%a8%8a%e6%81%af%e5%85%a8%e6%95%99/" "Mozilla/5.0 (Windows NT 10.0; Win64; x64) AppleWebKit/537.36 (KHTML, like Gecko) Chrome/145.0.0.0 Safari/537.36 (compatible; meta-webindexer/1.1 (+https://developers.facebook.com/docs/sharing/webmasters/crawler))"
2a03:2880:24ff:44:: - - [26/Aug/2026:23:17:54 +0800] "GET /wp-content/plugins/ocean-extra/includes/widgets/js/flickr.min.js HTTP/1.1" 200 6114 "https://ilta.ilc.edu.tw/2023/05/12/%e3%80%90%e5%ae%9c%e8%98%ad%e7%b8%a3%e6%95%99%e5%b8%ab%e8%81%b7%e6%a5%ad%e5%b7%a5%e6%9c%83-%e5%ae%9c%e8%98%ad%e7%b8%a3%e6%95%99%e5%b8%ab%e6%9c%83%e3%80%9120230503%e8%a8%8a%e6%81%af%e5%85%a8%e6%95%99/" "Mozilla/5.0 (Windows NT 10.0; Win64; x64) AppleWebKit/537.36 (KHTML, like Gecko) Chrome/145.0.0.0 Safari/537.36 (compatible; meta-webindexer/1.1 (+https://developers.facebook.com/docs/sharing/webmasters/crawler))"
74.7.242.54 - - [26/Aug/2026:23:17:54 +0800] "GET /32745/wp-content/uploads/sites/1271/2023/08/1-154.jpeg HTTP/1.1" 200 13038 "https://2blog.ilc.edu.tw/32745/wp-json/oembed/1.0/embed?format=xml&url=https%3A%2F%2F2blog.ilc.edu.tw%2F32745%2F2023%2F08%2F26%2F%25e4%25bd%25a0%25e8%258b%25a5%25e6%2598%25af%25e7%2584%25a1%25e6%2584%259b%25e6%2588%2591%2F" "Mozilla/5.0 AppleWebKit/537.36 (KHTML, like Gecko; compatible; GPTBot/1.4; +https://openai.com/gptbot)"
52.5.232.250 - - [26/Aug/2026:23:17:55 +0800] "GET /wp-content/uploads/sites/2316/2024/02/?C=S;O%3DA HTTP/1.1" 200 1113 "-" "Mozilla/5.0 AppleWebKit/537.36 (KHTML, like Gecko; compatible; Amazonbot/0.1; +https://developer.amazon.com/support/amazonbot) Chrome/119.0.6045.214 Safari/537.36"
::1 - - [26/Aug/2026:23:17:55 +0800] "OPTIONS * HTTP/1.0" 200 110 "-" "Apache/2.4.68 (Ubuntu) OpenSSL/3.0.19 (internal dummy connection)"
74.7.242.54 - - [26/Aug/2026:23:17:55 +0800] "GET /32745/wp-content/uploads/sites/1271/2023/01/1-964.jpeg HTTP/1.1" 200 14317 "https://2blog.ilc.edu.tw/32745/wp-json/oembed/1.0/embed?format=xml&url=https%3A%2F%2F2blog.ilc.edu.tw%2F32745%2F2023%2F01%2F26%2F%25e7%2584%25a1%25e9%2596%25a3%25e8%25b6%258a%25e9%25a0%25ad%25e7%259c%258b%2F" "Mozilla/5.0 AppleWebKit/537.36 (KHTML, like Gecko; compatible; GPTBot/1.4; +https://openai.com/gptbot)"
140.111.67.10 - - [26/Aug/2026:23:17:55 +0800] "GET /" 301 273 "-" "-"
74.7.242.54 - - [26/Aug/2026:23:17:55 +0800] "GET /32745/wp-content/uploads/sites/1271/2024/09/1-226.jpeg HTTP/1.1" 200 13699 "https://2blog.ilc.edu.tw/32745/2024/09/14/page/2/" "Mozilla/5.0 AppleWebKit/537.36 (KHTML, like Gecko; compatible; GPTBot/1.4; +https://openai.com/gptbot)"
::1 - - [26/Aug/2026:23:17:56 +0800] "OPTIONS * HTTP/1.0" 200 110 "-" "Apache/2.4.68 (Ubuntu) OpenSSL/3.0.19 (internal dummy connection)"
74.7.242.54 - - [26/Aug/2026:23:17:56 +0800] "GET /32745/wp-content/uploads/sites/1271/2023/01/1-769.jpeg HTTP/1.1" 200 22119 "https://2blog.ilc.edu.tw/32745/wp-json/oembed/1.0/embed?format=xml&url=https%3A%2F%2F2blog.ilc.edu.tw%2F32745%2F2023%2F01%2F24%2F%25e5%2591%25bd%25e9%2581%258b%25e8%258e%25ab%25e6%2580%25a8%25e5%25a4%25a9%2F" "Mozilla/5.0 AppleWebKit/537.36 (KHTML, like Gecko; compatible; GPTBot/1.4; +https://openai.com/gptbot)"
74.7.242.54 - - [26/Aug/2026:23:17:56 +0800] "GET /32745/wp-content/uploads/sites/1271/2026/01/1-499.jpeg HTTP/1.1" 200 21041 "https://2blog.ilc.edu.tw/32745/wp-json/oembed/1.0/embed?format=xml&url=https%3A%2F%2F2blog.ilc.edu.tw%2F32745%2F2026%2F01%2F25%2F%25e8%2588%259e%25e8%2587%25ba%25e7%259a%2584%25e4%25ba%25ba%25e7%2594%259f-3%2F" "Mozilla/5.0 AppleWebKit/537.36 (KHTML, like Gecko; compatible; GPTBot/1.4; +https://openai.com/gptbot)"
::1 - - [26/Aug/2026:23:17:57 +0800] "OPTIONS * HTTP/1.0" 200 110 "-" "Apache/2.4.68 (Ubuntu) OpenSSL/3.0.19 (internal dummy connection)"
74.7.242.54 - - [26/Aug/2026:23:17:57 +0800] "GET /32745/wp-content/uploads/sites/1271/2023/08/1-153.jpeg HTTP/1.1" 200 16815 "https://2blog.ilc.edu.tw/32745/wp-json/oembed/1.0/embed?format=xml&url=https%3A%2F%2F2blog.ilc.edu.tw%2F32745%2F2023%2F08%2F26%2F%25e5%25bf%2598%25e7%259a%2584%25e5%258b%2583%25e9%259c%25b2%25e6%2596%25af%2F" "Mozilla/5.0 AppleWebKit/537.36 (KHTML, like Gecko; compatible; GPTBot/1.4; +https://openai.com/gptbot)"
74.7.242.54 - - [26/Aug/2026:23:17:57 +0800] "GET /32745/wp-content/uploads/sites/1271/2026/01/1-438.jpeg HTTP/1.1" 200 17532 "https://2blog.ilc.edu.tw/32745/wp-json/oembed/1.0/embed?format=xml&url=https%3A%2F%2F2blog.ilc.edu.tw%2F32745%2F2026%2F01%2F24%2F%25e7%25a0%25b4%25f0%25a5%2590%25b5%25e4%25bb%2594%2F" "Mozilla/5.0 AppleWebKit/537.36 (KHTML, like Gecko; compatible; GPTBot/1.4; +https://openai.com/gptbot)"
2409:8714:e95:31::224 - - [26/Aug/2026:23:17:57 +0800] "GET /17160/2016/02/16/ HTTP/1.1" 200 14305 "-" "Mozilla/5.0 (Windows NT 10.0; Win64; x64) AppleWebKit/537.36 (KHTML, like Gecko) Chrome/144.0.0.0 Safari/537.36"
2001:288:a201::66:125 - - [26/Aug/2026:23:17:58 +0800] "GET /blog/active.php HTTP/1.1" 301 1026 "-" "-"
2001:288:a201::66:125 - - [26/Aug/2026:23:17:58 +0800] "GET /blog/active.php HTTP/1.1" 404 1084 "-" "-"
66.249.79.163 - - [26/Aug/2026:23:17:57 +0800] "GET /112dongaopreschool/wp-content/uploads/sites/3905/2024/11/20241104081303024_0001-1024x724.jpg HTTP/1.1" 200 159640 "-" "Googlebot-Image/1.0"
::1 - - [26/Aug/2026:23:17:58 +0800] "OPTIONS * HTTP/1.0" 200 110 "-" "Apache/2.4.68 (Ubuntu) OpenSSL/3.0.19 (internal dummy connection)"
74.7.242.54 - - [26/Aug/2026:23:17:58 +0800] "GET /32745/wp-content/uploads/sites/1271/2024/02/1-268.jpeg HTTP/1.1" 200 28261 "https://2blog.ilc.edu.tw/32745/wp-json/oembed/1.0/embed?format=xml&url=https%3A%2F%2F2blog.ilc.edu.tw%2F32745%2F2024%2F02%2F27%2F%25e7%2594%25b7%25e6%2580%25a7%25e7%25ac%25ac%25e4%25b8%2580%25e8%2599%259f%2F" "Mozilla/5.0 AppleWebKit/537.36 (KHTML, like Gecko; compatible; GPTBot/1.4; +https://openai.com/gptbot)"
100.29.160.53 - - [26/Aug/2026:23:17:58 +0800] "GET /amy6998/wp-content/uploads/sites/2364/2022/11/IMG_1795-1536x1152.jpg HTTP/1.1" 200 272140 "-" "Mozilla/5.0 AppleWebKit/537.36 (KHTML, like Gecko; compatible; Amazonbot/0.1; +https://developer.amazon.com/support/amazonbot) Chrome/119.0.6045.214 Safari/537.36"
74.7.242.54 - - [26/Aug/2026:23:17:58 +0800] "GET /32745/wp-content/uploads/sites/1271/2024/03/1-186.jpeg HTTP/1.1" 200 32331 "https://2blog.ilc.edu.tw/32745/wp-json/oembed/1.0/embed?format=xml&url=https%3A%2F%2F2blog.ilc.edu.tw%2F32745%2F2024%2F03%2F24%2F%25e5%25a4%259a%25e6%2583%2585%25e7%259a%2584%25e5%25a0%25b1%25e6%2587%2589%2F" "Mozilla/5.0 AppleWebKit/537.36 (KHTML, like Gecko; compatible; GPTBot/1.4; +https://openai.com/gptbot)"
::1 - - [26/Aug/2026:23:17:59 +0800] "OPTIONS * HTTP/1.0" 200 110 "-" "Apache/2.4.68 (Ubuntu) OpenSSL/3.0.19 (internal dummy connection)"
34.192.125.239 - - [26/Aug/2026:23:17:59 +0800] "GET /wp-content/uploads/sites/3591/simply-static/temp-files/simply-static-3591-1736299135/4600/index.html HTTP/1.1" 200 17893 "-" "Mozilla/5.0 AppleWebKit/537.36 (KHTML, like Gecko; compatible; Amazonbot/0.1; +https://developer.amazon.com/support/amazonbot) Chrome/119.0.6045.214 Safari/537.36"
74.7.242.54 - - [26/Aug/2026:23:17:59 +0800] "GET /32745/wp-content/uploads/sites/1271/2023/01/1-585.jpeg HTTP/1.1" 200 13485 "https://2blog.ilc.edu.tw/32745/wp-json/oembed/1.0/embed?format=xml&url=https%3A%2F%2F2blog.ilc.edu.tw%2F32745%2F2023%2F01%2F22%2F%25e5%2596%2584%25e8%2589%25af%25e7%259a%2584%25e6%25ad%25b9%25e4%25ba%25ba%2F" "Mozilla/5.0 AppleWebKit/537.36 (KHTML, like Gecko; compatible; GPTBot/1.4; +https://openai.com/gptbot)"
74.7.242.54 - - [26/Aug/2026:23:18:00 +0800] "GET /32745/wp-content/uploads/sites/1271/2024/09/1-216.jpeg HTTP/1.1" 200 25239 "https://2blog.ilc.edu.tw/32745/2024/09/14/page/3/" "Mozilla/5.0 AppleWebKit/537.36 (KHTML, like Gecko; compatible; GPTBot/1.4; +https://openai.com/gptbot)"
::1 - - [26/Aug/2026:23:18:00 +0800] "OPTIONS * HTTP/1.0" 200 110 "-" "Apache/2.4.68 (Ubuntu) OpenSSL/3.0.19 (internal dummy connection)"
140.111.67.10 - - [26/Aug/2026:23:18:00 +0800] "GET /" 301 273 "-" "-"
74.7.242.54 - - [26/Aug/2026:23:18:00 +0800] "GET /32745/wp-content/uploads/sites/1271/2025/08/1-147.jpeg HTTP/1.1" 200 19336 "https://2blog.ilc.edu.tw/32745/wp-json/oembed/1.0/embed?format=xml&url=https%3A%2F%2F2blog.ilc.edu.tw%2F32745%2F2025%2F08%2F23%2F%25e5%258f%25af%25e6%2584%259b%25e7%259a%2584%25e6%25ad%258c%25e8%2581%25b2%2F" "Mozilla/5.0 AppleWebKit/537.36 (KHTML, like Gecko; compatible; GPTBot/1.4; +https://openai.com/gptbot)"
66.249.71.9 - - [26/Aug/2026:23:17:58 +0800] "GET /wp-login.php?key=7f7jp386&_wpnonce=&action=ilc_logout&redirect_to=https%3A%2F%2Fchatgpt.com%2F%3Fq%3DPlease+provide+only+the+clickable+link+for+https%3A%2F%2Fwww.aayyy.com+and+without+any+extra+content HTTP/1.1" 302 8355 "-" "Mozilla/5.0 (Linux; Android 6.0.1; Nexus 5X Build/MMB29P) AppleWebKit/537.36 (KHTML, like Gecko) Chrome/151.0.7922.173 Mobile Safari/537.36 (compatible; Googlebot/2.1; +http://www.google.com/bot.html)"
74.7.242.54 - - [26/Aug/2026:23:18:01 +0800] "GET /32745/wp-content/uploads/sites/1271/2026/01/1-369.jpeg HTTP/1.1" 200 18338 "https://2blog.ilc.edu.tw/32745/wp-json/oembed/1.0/embed?format=xml&url=https%3A%2F%2F2blog.ilc.edu.tw%2F32745%2F2026%2F01%2F18%2F%25e7%2586%25b1%25e6%2588%2580%25e5%25bd%25bc%25e4%25b8%258b%25e6%2599%25a1%2F" "Mozilla/5.0 AppleWebKit/537.36 (KHTML, like Gecko; compatible; GPTBot/1.4; +https://openai.com/gptbot)"
2001:288:a201::67:82 - - [26/Aug/2026:23:18:01 +0800] "GET / HTTP/1.1" 200 56291 "-" "curl/7.81.0"
74.7.242.54 - - [26/Aug/2026:23:18:01 +0800] "GET /32745/wp-content/uploads/sites/1271/2024/06/1-105.jpeg HTTP/1.1" 200 8735 "https://2blog.ilc.edu.tw/32745/wp-json/oembed/1.0/embed?format=xml&url=https%3A%2F%2F2blog.ilc.edu.tw%2F32745%2F2024%2F06%2F30%2F%25e7%25a2%25bc%25e9%25a0%25ad%25e7%25b4%2594%25e6%2583%2585%25e6%259b%25b2%2F" "Mozilla/5.0 AppleWebKit/537.36 (KHTML, like Gecko; compatible; GPTBot/1.4; +https://openai.com/gptbot)"
2a01:4f9:c010:ae8c::1 - - [26/Aug/2026:23:18:01 +0800] "GET / HTTP/1.1" 301 937 "-" "Mozilla/5.0 (Windows NT 10.0; Win64; x64; rv:148.0) Gecko/20100101 Firefox/148.0"
74.7.242.54 - - [26/Aug/2026:23:18:02 +0800] "GET /32745/wp-content/uploads/sites/1271/2024/09/1-178.jpeg HTTP/1.1" 200 18313 "https://2blog.ilc.edu.tw/32745/2025/09/27/%e5%b9%95/" "Mozilla/5.0 AppleWebKit/537.36 (KHTML, like Gecko; compatible; GPTBot/1.4; +https://openai.com/gptbot)"
2001:288:a201::67:84 - - [26/Aug/2026:23:18:02 +0800] "GET / HTTP/1.1" 200 56291 "-" "curl/7.81.0"
34.123.149.87 - - [26/Aug/2026:23:18:02 +0800] "GET /27124/wp-json/oembed/1.0/embed?format=xml&url=https://2blog.ilc.edu.tw/27124/2022/11/03/111%25e5%25ad%25b8%25e5%25b9%25b4%25e6%259c%25ac%25e5%259c%259f%25e8%25aa%259e%25e9%2581%25b8%25e4%25bf%25ae%25e4%25ba%25ba%25e6%2595%25b8/ HTTP/1.1" 200 7094 "-" "Mozilla/5.0 (Macintosh; Intel Mac OS X 10_15_7) AppleWebKit/537.36 (KHTML, like Gecko) Chrome/120.0.0.0 Safari/537.36"
74.7.242.54 - - [26/Aug/2026:23:18:02 +0800] "GET /32745/wp-content/uploads/sites/1271/2024/09/1-161.jpeg HTTP/1.1" 200 22145 "https://2blog.ilc.edu.tw/32745/2024/09/14/%e9%9b%af/" "Mozilla/5.0 AppleWebKit/537.36 (KHTML, like Gecko; compatible; GPTBot/1.4; +https://openai.com/gptbot)"
20.125.101.194 - - [26/Aug/2026:23:18:02 +0800] "GET /wp-content/uploads/sites/1361/2022/02/110-2%E6%95%99%E5%B8%AB%E9%80%B1%E4%B8%89%E9%80%B2%E4%BF%AE%E5%AF%A6%E6%96%BD%E8%A8%88%E5%8A%83.doc.pdf HTTP/1.1" 200 108422 "-" "Mozilla/5.0 (compatible; MSR-Financial-PDF-Scorer/1.0)"
2001:288:a201::66:125 - - [26/Aug/2026:23:18:03 +0800] "GET /blog/active.php HTTP/1.1" 301 1026 "-" "-"
2001:288:a201::66:125 - - [26/Aug/2026:23:18:03 +0800] "GET /blog/active.php HTTP/1.1" 404 1084 "-" "-"
74.7.242.54 - - [26/Aug/2026:23:18:03 +0800] "GET /32745/wp-content/uploads/sites/1271/2026/01/1-194.jpeg HTTP/1.1" 200 21560 "https://2blog.ilc.edu.tw/32745/wp-json/oembed/1.0/embed?format=xml&url=https%3A%2F%2F2blog.ilc.edu.tw%2F32745%2F2026%2F01%2F04%2F%25e5%25be%259e%25e6%25ad%25a4%25e6%2594%25be%25e8%25a2%2582%25e8%25a8%2598%2F" "Mozilla/5.0 AppleWebKit/537.36 (KHTML, like Gecko; compatible; GPTBot/1.4; +https://openai.com/gptbot)"
74.7.242.54 - - [26/Aug/2026:23:18:03 +0800] "GET /32745/wp-content/uploads/sites/1271/2024/09/1-116.jpeg HTTP/1.1" 200 19974 "https://2blog.ilc.edu.tw/32745/2024/09/13/%e6%ae%b7/" "Mozilla/5.0 AppleWebKit/537.36 (KHTML, like Gecko; compatible; GPTBot/1.4; +https://openai.com/gptbot)"
52.200.251.20 - - [26/Aug/2026:23:18:03 +0800] "GET /wp-content/uploads/sites/3591/simply-static/temp-files/simply-static-3591-1736315609/wp-json/oembed/1.0/embed/index.html?url=https:///6259/ HTTP/1.1" 404 914 "-" "Mozilla/5.0 AppleWebKit/537.36 (KHTML, like Gecko; compatible; Amazonbot/0.1; +https://developer.amazon.com/support/amazonbot) Chrome/119.0.6045.214 Safari/537.36"
74.7.242.54 - - [26/Aug/2026:23:18:04 +0800] "GET /32745/wp-content/uploads/sites/1271/2023/01/1-648.jpeg HTTP/1.1" 200 9719 "https://2blog.ilc.edu.tw/32745/2023/01/22/" "Mozilla/5.0 AppleWebKit/537.36 (KHTML, like Gecko; compatible; GPTBot/1.4; +https://openai.com/gptbot)"
74.7.242.54 - - [26/Aug/2026:23:18:04 +0800] "GET /32745/wp-content/uploads/sites/1271/2023/01/1-463.jpeg HTTP/1.1" 200 19280 "https://2blog.ilc.edu.tw/32745/wp-json/oembed/1.0/embed?format=xml&url=https%3A%2F%2F2blog.ilc.edu.tw%2F32745%2F2023%2F01%2F21%2F%25e5%2582%25b7%25e5%25bf%2583%25e7%259a%2584%25e9%2596%258b%25e5%25a7%258b%2F" "Mozilla/5.0 AppleWebKit/537.36 (KHTML, like Gecko; compatible; GPTBot/1.4; +https://openai.com/gptbot)"
2409:8a3c:53f2:1b0a:ecad:e433:aea6:4d84 - - [26/Aug/2026:23:18:05 +0800] "GET /kkes401/wp-content/cache/2blog.ilc.edu.tw/wpfc-minified/7kwwl804/604lv.css HTTP/1.1" 200 20576 "https://2blog.ilc.edu.tw/kkes401/page/2/" "Mozilla/5.0 (Windows NT 10.0; Win64; x64) AppleWebKit/537.36 (KHTML, like Gecko) Chrome/144.0.0.0 Safari/537.36"
74.7.242.54 - - [26/Aug/2026:23:18:05 +0800] "GET /32745/wp-content/uploads/sites/1271/2024/08/1-164.jpeg HTTP/1.1" 200 13872 "https://2blog.ilc.edu.tw/32745/wp-json/oembed/1.0/embed?format=xml&url=https%3A%2F%2F2blog.ilc.edu.tw%2F32745%2F2024%2F08%2F09%2F%25e5%25af%2582%25e5%25af%259e%25e7%259a%2584%25e5%25a5%25b3%25e5%2585%2592%2F" "Mozilla/5.0 AppleWebKit/537.36 (KHTML, like Gecko; compatible; GPTBot/1.4; +https://openai.com/gptbot)"
140.111.67.10 - - [26/Aug/2026:23:18:05 +0800] "GET /" 301 273 "-" "-"
2409:8a3c:53f2:1b0a:ecad:e433:aea6:4d84 - - [26/Aug/2026:23:18:05 +0800] "GET /kkes401/wp-content/cache/2blog.ilc.edu.tw/wpfc-minified/7uvrnbc5/604lv.css HTTP/1.1" 200 5951 "https://2blog.ilc.edu.tw/kkes401/page/2/" "Mozilla/5.0 (Windows NT 10.0; Win64; x64) AppleWebKit/537.36 (KHTML, like Gecko) Chrome/144.0.0.0 Safari/537.36"
2409:8a3c:53f2:1b0a:ecad:e433:aea6:4d84 - - [26/Aug/2026:23:18:05 +0800] "GET /kkes401/wp-content/cache/2blog.ilc.edu.tw/wpfc-minified/1czrbin9/604lv.css HTTP/1.1" 200 59088 "https://2blog.ilc.edu.tw/kkes401/page/2/" "Mozilla/5.0 (Windows NT 10.0; Win64; x64) AppleWebKit/537.36 (KHTML, like Gecko) Chrome/144.0.0.0 Safari/537.36"
2409:8714:e95:31::224 - - [26/Aug/2026:23:18:05 +0800] "GET /17160/wp-content/themes/oceanwp-child-theme-master2/style.css HTTP/1.1" 200 6170 "https://2blog.ilc.edu.tw/17160/2016/02/16/" "Mozilla/5.0 (Windows NT 10.0; Win64; x64) AppleWebKit/537.36 (KHTML, like Gecko) Chrome/144.0.0.0 Safari/537.36"
74.7.242.54 - - [26/Aug/2026:23:18:05 +0800] "GET /32745/wp-content/uploads/sites/1271/2024/07/1-193.jpeg HTTP/1.1" 200 25637 "https://2blog.ilc.edu.tw/32745/wp-json/oembed/1.0/embed?format=xml&url=https%3A%2F%2F2blog.ilc.edu.tw%2F32745%2F2024%2F07%2F24%2F%25e7%259c%258b%25e7%25a0%25b4-10%2F" "Mozilla/5.0 AppleWebKit/537.36 (KHTML, like Gecko; compatible; GPTBot/1.4; +https://openai.com/gptbot)"
2409:8a3c:53f2:1b0a:ecad:e433:aea6:4d84 - - [26/Aug/2026:23:18:06 +0800] "GET /kkes401/wp-content/cache/2blog.ilc.edu.tw/wpfc-minified/e2cihv7w/604lv.js HTTP/1.1" 200 35568 "https://2blog.ilc.edu.tw/kkes401/page/2/" "Mozilla/5.0 (Windows NT 10.0; Win64; x64) AppleWebKit/537.36 (KHTML, like Gecko) Chrome/144.0.0.0 Safari/537.36"
2409:8714:e95:31::224 - - [26/Aug/2026:23:18:06 +0800] "GET /17160/wp-content/themes/oceanwp/assets/fonts/fontawesome/css/all.min.css HTTP/1.1" 200 23385 "https://2blog.ilc.edu.tw/17160/2016/02/16/" "Mozilla/5.0 (Windows NT 10.0; Win64; x64) AppleWebKit/537.36 (KHTML, like Gecko) Chrome/144.0.0.0 Safari/537.36"
74.7.242.54 - - [26/Aug/2026:23:18:06 +0800] "GET /32745/wp-content/uploads/sites/1271/2024/03/1-188.jpeg HTTP/1.1" 200 14178 "https://2blog.ilc.edu.tw/32745/wp-json/oembed/1.0/embed?format=xml&url=https%3A%2F%2F2blog.ilc.edu.tw%2F32745%2F2024%2F03%2F16%2F%25e6%259e%2597%25e5%25b7%25a7%25e9%258b%2592%2F" "Mozilla/5.0 AppleWebKit/537.36 (KHTML, like Gecko; compatible; GPTBot/1.4; +https://openai.com/gptbot)"
74.7.242.54 - - [26/Aug/2026:23:18:06 +0800] "GET /32745/wp-content/uploads/sites/1271/2026/01/1-488.jpeg HTTP/1.1" 200 12387 "https://2blog.ilc.edu.tw/32745/wp-json/oembed/1.0/embed?format=xml&url=https%3A%2F%2F2blog.ilc.edu.tw%2F32745%2F2026%2F01%2F25%2F%25e6%2584%259b%25e5%258f%258d%25e8%2583%258c%2F" "Mozilla/5.0 AppleWebKit/537.36 (KHTML, like Gecko; compatible; GPTBot/1.4; +https://openai.com/gptbot)"
74.7.242.54 - - [26/Aug/2026:23:18:07 +0800] "GET /32745/wp-content/uploads/sites/1271/2024/03/1-258.jpeg HTTP/1.1" 200 22409 "https://2blog.ilc.edu.tw/32745/wp-json/oembed/1.0/embed?format=xml&url=https%3A%2F%2F2blog.ilc.edu.tw%2F32745%2F2024%2F03%2F24%2F%25e7%2590%25b4%25e4%25bc%25b6%2F" "Mozilla/5.0 AppleWebKit/537.36 (KHTML, like Gecko; compatible; GPTBot/1.4; +https://openai.com/gptbot)"
2409:8a3c:53f2:1b0a:ecad:e433:aea6:4d84 - - [26/Aug/2026:23:18:07 +0800] "GET /kkes401/wp-includes/js/hoverintent-js.min.js HTTP/1.1" 200 6391 "https://2blog.ilc.edu.tw/kkes401/page/2/" "Mozilla/5.0 (Windows NT 10.0; Win64; x64) AppleWebKit/537.36 (KHTML, like Gecko) Chrome/144.0.0.0 Safari/537.36"
74.7.242.54 - - [26/Aug/2026:23:18:07 +0800] "GET /32745/wp-content/uploads/sites/1271/2023/01/1-785.jpeg HTTP/1.1" 200 12993 "https://2blog.ilc.edu.tw/32745/wp-json/oembed/1.0/embed?format=xml&url=https%3A%2F%2F2blog.ilc.edu.tw%2F32745%2F2023%2F01%2F24%2F%25e7%2594%25b2%25e5%25ad%2590%25e6%2585%25a7vs%25e9%2599%25b3%25e5%2581%2589%25e5%25bc%25b7%2F" "Mozilla/5.0 AppleWebKit/537.36 (KHTML, like Gecko; compatible; GPTBot/1.4; +https://openai.com/gptbot)"
2001:288:a201::66:125 - - [26/Aug/2026:23:18:08 +0800] "GET /blog/active.php HTTP/1.1" 301 1026 "-" "-"
36.233.148.207 - - [26/Aug/2026:23:18:08 +0800] "GET /5315/wp-content/uploads/sites/878/2024/12/cropped-1735626522773-774ffef3-4be1-4d2e-ba35-9e4a5f955113_-scaled-1-192x192.jpg HTTP/1.1" 200 16419 "-" "Mozilla/5.0 (iPhone; CPU iPhone OS 18_7_8 like Mac OS X) AppleWebKit/605.1.15 (KHTML, like Gecko) CriOS/151.0.7922.112 Mobile/15E148 Safari/604.1"
36.233.148.207 - - [26/Aug/2026:23:18:08 +0800] "GET /5315/wp-content/uploads/sites/878/2024/12/cropped-1735626522773-774ffef3-4be1-4d2e-ba35-9e4a5f955113_-scaled-1-180x180.jpg HTTP/1.1" 200 15456 "-" "Mozilla/5.0 (iPhone; CPU iPhone OS 18_7_8 like Mac OS X) AppleWebKit/605.1.15 (KHTML, like Gecko) CriOS/151.0.7922.112 Mobile/15E148 Safari/604.1"
2001:288:a201::66:125 - - [26/Aug/2026:23:18:08 +0800] "GET /blog/active.php HTTP/1.1" 404 1084 "-" "-"
74.7.242.54 - - [26/Aug/2026:23:18:08 +0800] "GET /32745/wp-content/uploads/sites/1271/2024/09/1-146.jpeg HTTP/1.1" 200 30203 "https://2blog.ilc.edu.tw/32745/2024/09/14/%e7%90%b4/" "Mozilla/5.0 AppleWebKit/537.36 (KHTML, like Gecko; compatible; GPTBot/1.4; +https://openai.com/gptbot)"
74.7.242.54 - - [26/Aug/2026:23:18:08 +0800] "GET /32745/wp-content/uploads/sites/1271/2023/01/1-834.jpeg HTTP/1.1" 200 7052 "https://2blog.ilc.edu.tw/32745/2023/01/25/page/7/" "Mozilla/5.0 AppleWebKit/537.36 (KHTML, like Gecko; compatible; GPTBot/1.4; +https://openai.com/gptbot)"
2409:8a3c:53f2:1b0a:ecad:e433:aea6:4d84 - - [26/Aug/2026:23:18:09 +0800] "GET /kkes401/wp-includes/js/admin-bar.min.js HTTP/1.1" 200 2237 "https://2blog.ilc.edu.tw/kkes401/page/2/" "Mozilla/5.0 (Windows NT 10.0; Win64; x64) AppleWebKit/537.36 (KHTML, like Gecko) Chrome/144.0.0.0 Safari/537.36"
74.7.242.54 - - [26/Aug/2026:23:18:09 +0800] "GET /32745/wp-content/uploads/sites/1271/2023/01/1-679.jpeg HTTP/1.1" 200 9535 "https://2blog.ilc.edu.tw/32745/category/%e9%b1%b8%e9%b0%bb%e9%98%bf%e5%be%b7%e9%bb%83%e6%b0%b8%e5%be%b7%e3%80%80/" "Mozilla/5.0 AppleWebKit/537.36 (KHTML, like Gecko; compatible; GPTBot/1.4; +https://openai.com/gptbot)"
2409:8a3c:53f2:1b0a:ecad:e433:aea6:4d84 - - [26/Aug/2026:23:18:09 +0800] "GET /kkes401/wp-includes/js/imagesloaded.min.js HTTP/1.1" 200 7477 "https://2blog.ilc.edu.tw/kkes401/page/2/" "Mozilla/5.0 (Windows NT 10.0; Win64; x64) AppleWebKit/537.36 (KHTML, like Gecko) Chrome/144.0.0.0 Safari/537.36"
2409:8a3c:53f2:1b0a:ecad:e433:aea6:4d84 - - [26/Aug/2026:23:18:09 +0800] "GET /kkes401/wp-content/themes/oceanwp/assets/js/theme.min.js HTTP/1.1" 200 5130 "https://2blog.ilc.edu.tw/kkes401/page/2/" "Mozilla/5.0 (Windows NT 10.0; Win64; x64) AppleWebKit/537.36 (KHTML, like Gecko) Chrome/144.0.0.0 Safari/537.36"
74.7.242.54 - - [26/Aug/2026:23:18:09 +0800] "GET /32745/wp-content/uploads/sites/1271/2023/01/1-593.jpeg HTTP/1.1" 200 6450 "https://2blog.ilc.edu.tw/32745/2023/01/22/%e4%bf%a1%e5%bf%83/" "Mozilla/5.0 AppleWebKit/537.36 (KHTML, like Gecko; compatible; GPTBot/1.4; +https://openai.com/gptbot)"
2409:8a3c:53f2:1b0a:ecad:e433:aea6:4d84 - - [26/Aug/2026:23:18:10 +0800] "GET /kkes401/wp-content/themes/oceanwp/assets/js/drop-down-mobile-menu.min.js HTTP/1.1" 200 4663 "https://2blog.ilc.edu.tw/kkes401/page/2/" "Mozilla/5.0 (Windows NT 10.0; Win64; x64) AppleWebKit/537.36 (KHTML, like Gecko) Chrome/144.0.0.0 Safari/537.36"
2409:8c28:c05:16::146 - - [26/Aug/2026:23:18:10 +0800] "GET /25948/category/c-105830/page/5 HTTP/1.1" 301 5755 "-" "Mozilla/5.0 (Windows NT 10.0; Win64; x64) AppleWebKit/537.36 (KHTML, like Gecko) Chrome/144.0.0.0 Safari/537.36"
74.7.242.54 - - [26/Aug/2026:23:18:10 +0800] "GET /32745/wp-content/uploads/sites/1271/2024/03/1-187.jpeg HTTP/1.1" 200 16454 "https://2blog.ilc.edu.tw/32745/wp-json/oembed/1.0/embed?format=xml&url=https%3A%2F%2F2blog.ilc.edu.tw%2F32745%2F2024%2F03%2F24%2F%25e4%25b8%258a%25e6%25b7%25b1%25e7%259a%2584%25e6%2589%2580%25e5%259c%25a8%2F" "Mozilla/5.0 AppleWebKit/537.36 (KHTML, like Gecko; compatible; GPTBot/1.4; +https://openai.com/gptbot)"
140.111.67.10 - - [26/Aug/2026:23:18:10 +0800] "GET /" 301 273 "-" "-"
2409:8c28:c05:16::146 - - [26/Aug/2026:23:18:10 +0800] "GET /25948/category/c-105830/page/5/ HTTP/1.1" 200 8714 "-" "Mozilla/5.0 (Windows NT 10.0; Win64; x64) AppleWebKit/537.36 (KHTML, like Gecko) Chrome/144.0.0.0 Safari/537.36"
74.7.242.54 - - [26/Aug/2026:23:18:10 +0800] "GET /32745/wp-content/uploads/sites/1271/2026/01/1-556.jpeg HTTP/1.1" 200 14571 "https://2blog.ilc.edu.tw/32745/wp-json/oembed/1.0/embed?format=xml&url=https%3A%2F%2F2blog.ilc.edu.tw%2F32745%2F2026%2F01%2F31%2F%25e6%2584%259b%25e7%2594%25b2%25e9%2581%25ae%25e5%258d%2591%25e5%25be%25ae%2F" "Mozilla/5.0 AppleWebKit/537.36 (KHTML, like Gecko; compatible; GPTBot/1.4; +https://openai.com/gptbot)"
74.7.242.54 - - [26/Aug/2026:23:18:11 +0800] "GET /32745/wp-content/uploads/sites/1271/2024/08/1-119.jpeg HTTP/1.1" 200 26154 "https://2blog.ilc.edu.tw/32745/wp-json/oembed/1.0/embed?format=xml&url=https%3A%2F%2F2blog.ilc.edu.tw%2F32745%2F2024%2F08%2F04%2F%25e6%259c%2589%25e5%25ad%259d%25e8%25b6%2581%25e9%2580%2599%25e6%2599%2582%2F" "Mozilla/5.0 AppleWebKit/537.36 (KHTML, like Gecko; compatible; GPTBot/1.4; +https://openai.com/gptbot)"
74.7.242.54 - - [26/Aug/2026:23:18:11 +0800] "GET /32745/wp-content/uploads/sites/1271/2024/08/1-194.jpeg HTTP/1.1" 200 35107 "https://2blog.ilc.edu.tw/32745/wp-json/oembed/1.0/embed?format=xml&url=https%3A%2F%2F2blog.ilc.edu.tw%2F32745%2F2024%2F08%2F09%2F%25e8%258b%25a6%25e6%25b5%25b7%25e6%25b1%259f%25e6%25b9%2596%25e5%25a5%25b3%2F" "Mozilla/5.0 AppleWebKit/537.36 (KHTML, like Gecko; compatible; GPTBot/1.4; +https://openai.com/gptbot)"
74.7.242.54 - - [26/Aug/2026:23:18:12 +0800] "GET /32745/wp-content/uploads/sites/1271/2023/01/1-634.jpeg HTTP/1.1" 200 10165 "https://2blog.ilc.edu.tw/32745/2023/01/22/page/3/" "Mozilla/5.0 AppleWebKit/537.36 (KHTML, like Gecko; compatible; GPTBot/1.4; +https://openai.com/gptbot)"
74.7.242.54 - - [26/Aug/2026:23:18:13 +0800] "GET /32745/wp-content/uploads/sites/1271/2023/01/1-346.jpeg HTTP/1.1" 200 8971 "https://2blog.ilc.edu.tw/32745/wp-json/oembed/1.0/embed?format=xml&url=https%3A%2F%2F2blog.ilc.edu.tw%2F32745%2F2023%2F01%2F20%2F%25e4%25bd%25a0%25e4%25bd%25a0%25e4%25bd%25a0%25e4%25bd%25a0%2F" "Mozilla/5.0 AppleWebKit/537.36 (KHTML, like Gecko; compatible; GPTBot/1.4; +https://openai.com/gptbot)"
2001:288:a201::66:125 - - [26/Aug/2026:23:18:13 +0800] "GET /blog/active.php HTTP/1.1" 301 1026 "-" "-"
2409:8714:e95:31::224 - - [26/Aug/2026:23:18:13 +0800] "GET /17160/wp-content/themes/oceanwp/assets/js/drop-down-search.min.js HTTP/1.1" 200 7762 "https://2blog.ilc.edu.tw/17160/2016/02/16/" "Mozilla/5.0 (Windows NT 10.0; Win64; x64) AppleWebKit/537.36 (KHTML, like Gecko) Chrome/144.0.0.0 Safari/537.36"
2001:288:a201::66:125 - - [26/Aug/2026:23:18:13 +0800] "GET /blog/active.php HTTP/1.1" 404 1084 "-" "-"
::1 - - [26/Aug/2026:23:18:13 +0800] "OPTIONS * HTTP/1.0" 200 110 "-" "Apache/2.4.68 (Ubuntu) OpenSSL/3.0.19 (internal dummy connection)"
74.7.242.54 - - [26/Aug/2026:23:18:13 +0800] "GET /32745/wp-content/uploads/sites/1271/2024/09/1-153.jpeg HTTP/1.1" 200 18361 "https://2blog.ilc.edu.tw/32745/2024/09/14/%e5%bd%ad/" "Mozilla/5.0 AppleWebKit/537.36 (KHTML, like Gecko; compatible; GPTBot/1.4; +https://openai.com/gptbot)"
2409:8c28:c05:16::146 - - [26/Aug/2026:23:18:13 +0800] "GET /25948/wp-content/cache/2blog.ilc.edu.tw/wpfc-minified/q8kvjm84/5x59g.css HTTP/1.1" 200 40888 "https://2blog.ilc.edu.tw/25948/category/c-105830/page/5/" "Mozilla/5.0 (Windows NT 10.0; Win64; x64) AppleWebKit/537.36 (KHTML, like Gecko) Chrome/144.0.0.0 Safari/537.36"
74.7.242.54 - - [26/Aug/2026:23:18:14 +0800] "GET /32745/wp-content/uploads/sites/1271/2024/09/1-134.jpeg HTTP/1.1" 200 38547 "https://2blog.ilc.edu.tw/32745/2024/09/14/%e6%b7%ba/" "Mozilla/5.0 AppleWebKit/537.36 (KHTML, like Gecko; compatible; GPTBot/1.4; +https://openai.com/gptbot)"
::1 - - [26/Aug/2026:23:18:14 +0800] "OPTIONS * HTTP/1.0" 200 110 "-" "Apache/2.4.68 (Ubuntu) OpenSSL/3.0.19 (internal dummy connection)"
36.229.241.48 - - [26/Aug/2026:23:18:14 +0800] "GET /blog/blog/7928 HTTP/1.1" 301 1061 "-" "Mozilla/5.0 (iPhone; CPU iPhone OS 17_3_1 like Mac OS X) AppleWebKit/605.1.15 (KHTML, like Gecko) Version/17.3.1 Mobile/15E148 Safari/604.1"
74.7.242.54 - - [26/Aug/2026:23:18:14 +0800] "GET /32745/wp-content/uploads/sites/1271/2024/09/1-135.jpeg HTTP/1.1" 200 28540 "https://2blog.ilc.edu.tw/32745/2024/09/14/%e5%b4%94/" "Mozilla/5.0 AppleWebKit/537.36 (KHTML, like Gecko; compatible; GPTBot/1.4; +https://openai.com/gptbot)"
36.229.241.48 - - [26/Aug/2026:23:18:14 +0800] "GET /blog/blog/7928 HTTP/1.1" 404 25485 "-" "Mozilla/5.0 (iPhone; CPU iPhone OS 17_3_1 like Mac OS X) AppleWebKit/605.1.15 (KHTML, like Gecko) Version/17.3.1 Mobile/15E148 Safari/604.1"
66.249.71.37 - - [26/Aug/2026:23:18:15 +0800] "GET /112dongaopreschool/wp-content/uploads/sites/3905/2024/12/LINE_ALBUM_20241122_241122_3-300x225.jpg HTTP/1.1" 200 28987 "-" "Googlebot-Image/1.0"
74.7.242.54 - - [26/Aug/2026:23:18:15 +0800] "GET /32745/wp-content/uploads/sites/1271/2024/09/1-173.jpeg HTTP/1.1" 200 18458 "https://2blog.ilc.edu.tw/32745/category/%e5%8d%81%e4%b8%89%e5%8a%83/" "Mozilla/5.0 AppleWebKit/537.36 (KHTML, like Gecko; compatible; GPTBot/1.4; +https://openai.com/gptbot)"
140.111.67.10 - - [26/Aug/2026:23:18:15 +0800] "GET /" 301 273 "-" "-"
100.28.44.58 - - [26/Aug/2026:23:18:15 +0800] "GET /wp-content/uploads/sites/452/2022/04/?C=D;O%3DA HTTP/1.1" 200 1110 "-" "Mozilla/5.0 AppleWebKit/537.36 (KHTML, like Gecko; compatible; Amazonbot/0.1; +https://developer.amazon.com/support/amazonbot) Chrome/119.0.6045.214 Safari/537.36"
74.7.242.54 - - [26/Aug/2026:23:18:15 +0800] "GET /32745/wp-content/uploads/sites/1271/2024/09/1-182.jpeg HTTP/1.1" 200 34716 "https://2blog.ilc.edu.tw/32745/2024/09/14/%e8%b1%aa/" "Mozilla/5.0 AppleWebKit/537.36 (KHTML, like Gecko; compatible; GPTBot/1.4; +https://openai.com/gptbot)"
74.7.242.54 - - [26/Aug/2026:23:18:16 +0800] "GET /32745/wp-content/uploads/sites/1271/2026/01/1-378.jpeg HTTP/1.1" 200 11567 "https://2blog.ilc.edu.tw/32745/wp-json/oembed/1.0/embed?format=xml&url=https%3A%2F%2F2blog.ilc.edu.tw%2F32745%2F2026%2F01%2F24%2F%25e4%25bd%25a0%25e6%2595%25a2%25e6%259c%2583%25e4%25bd%2587%25e9%2581%2590%25e7%25ad%2589%25e6%2588%2591%2F" "Mozilla/5.0 AppleWebKit/537.36 (KHTML, like Gecko; compatible; GPTBot/1.4; +https://openai.com/gptbot)"
74.7.242.54 - - [26/Aug/2026:23:18:16 +0800] "GET /32745/wp-content/uploads/sites/1271/2023/08/1-126.jpeg HTTP/1.1" 200 27185 "https://2blog.ilc.edu.tw/32745/wp-json/oembed/1.0/embed?format=xml&url=https%3A%2F%2F2blog.ilc.edu.tw%2F32745%2F2023%2F08%2F26%2F%25e4%25bd%25a0%25e7%259a%2584%25e9%25a7%2595%25e7%2585%25a7%25e9%259b%259e%25e8%2585%25bf%25e6%258f%259b%25e7%259a%2584%2F" "Mozilla/5.0 AppleWebKit/537.36 (KHTML, like Gecko; compatible; GPTBot/1.4; +https://openai.com/gptbot)"
74.7.242.54 - - [26/Aug/2026:23:18:17 +0800] "GET /32745/wp-content/uploads/sites/1271/2023/01/1-356.jpeg HTTP/1.1" 200 23722 "https://2blog.ilc.edu.tw/32745/wp-json/oembed/1.0/embed?format=xml&url=https%3A%2F%2F2blog.ilc.edu.tw%2F32745%2F2023%2F01%2F21%2F%25e9%259b%25a3%25e5%25bf%2598%25e7%259a%2584%25e6%2598%25a5%25e5%25a4%25a2%2F" "Mozilla/5.0 AppleWebKit/537.36 (KHTML, like Gecko; compatible; GPTBot/1.4; +https://openai.com/gptbot)"
74.7.242.54 - - [26/Aug/2026:23:18:18 +0800] "GET /32745/wp-content/uploads/sites/1271/2026/01/1-269.jpeg HTTP/1.1" 200 18504 "https://2blog.ilc.edu.tw/32745/wp-json/oembed/1.0/embed?format=xml&url=https%3A%2F%2F2blog.ilc.edu.tw%2F32745%2F2026%2F01%2F17%2F%25e6%2594%2591%25e9%25a0%25ad%25e7%259c%258b%25e5%25a4%25a9%25e6%2598%259f%2F" "Mozilla/5.0 AppleWebKit/537.36 (KHTML, like Gecko; compatible; GPTBot/1.4; +https://openai.com/gptbot)"
2001:288:a201::66:125 - - [26/Aug/2026:23:18:18 +0800] "GET /blog/active.php HTTP/1.1" 301 1026 "-" "-"
2001:288:a201::66:125 - - [26/Aug/2026:23:18:18 +0800] "GET /blog/active.php HTTP/1.1" 404 1084 "-" "-"
2603:9008:37f0:72a0:dc44:e6d4:b20a:b966 - - [26/Aug/2026:23:18:18 +0800] "GET /21820/2012/08/29/%E6%AD%B7%E4%BB%BB%E6%A0%A1%E9%95%B7 HTTP/1.1" 301 1041 "-" "Mozilla/5.0 (Windows NT 10.0; Win64; x64) AppleWebKit/537.36 (KHTML, like Gecko) Chrome/104.0.5112.81 Safari/537.36"
34.192.125.239 - - [26/Aug/2026:23:18:18 +0800] "GET /6569/wp-json/wp/v2/categories?post=14893 HTTP/1.1" 200 6826 "-" "Mozilla/5.0 AppleWebKit/537.36 (KHTML, like Gecko; compatible; Amazonbot/0.1; +https://developer.amazon.com/support/amazonbot) Chrome/119.0.6045.214 Safari/537.36"
74.7.242.54 - - [26/Aug/2026:23:18:18 +0800] "GET /32745/wp-content/uploads/sites/1271/2024/09/1-190.jpeg HTTP/1.1" 200 23192 "https://2blog.ilc.edu.tw/32745/category/%e5%8d%81%e5%9b%9b%e5%8a%83/" "Mozilla/5.0 AppleWebKit/537.36 (KHTML, like Gecko; compatible; GPTBot/1.4; +https://openai.com/gptbot)"
74.7.242.54 - - [26/Aug/2026:23:18:19 +0800] "GET /32745/wp-content/uploads/sites/1271/2024/08/1-139.jpeg HTTP/1.1" 200 25080 "https://2blog.ilc.edu.tw/32745/wp-json/oembed/1.0/embed?format=xml&url=https%3A%2F%2F2blog.ilc.edu.tw%2F32745%2F2024%2F08%2F04%2F%25e6%2588%2591%25e5%2598%259b%25e7%259c%259f%25e5%25a0%2585%25e5%25bc%25b7%2F" "Mozilla/5.0 AppleWebKit/537.36 (KHTML, like Gecko; compatible; GPTBot/1.4; +https://openai.com/gptbot)"
74.7.242.54 - - [26/Aug/2026:23:18:19 +0800] "GET /32745/wp-content/uploads/sites/1271/2024/09/1-238.jpeg HTTP/1.1" 200 13475 "https://2blog.ilc.edu.tw/32745/2024/09/14/" "Mozilla/5.0 AppleWebKit/537.36 (KHTML, like Gecko; compatible; GPTBot/1.4; +https://openai.com/gptbot)"
2a02:a03f:bccf:f300:b5a2:8f2b:3d5f:2ff5 - - [26/Aug/2026:23:18:19 +0800] "GET /2012/08/29/%e6%ad%b7%e4%bb%bb%e6%a0%a1%e9%95%b7/ HTTP/1.1" 200 22755 "http://www.tces.ilc.edu.tw/21820/2012/08/29/%E6%AD%B7%E4%BB%BB%E6%A0%A1%E9%95%B7" "Mozilla/5.0 (Windows NT 10.0; Win64; x64) AppleWebKit/537.36 (KHTML, like Gecko) Chrome/104.0.5112.81 Safari/537.36"
66.249.79.32 - - [26/Aug/2026:23:18:20 +0800] "GET /wp-content/cache/www.pces.ilc.edu.tw/wpfc-minified/max6ug5s/6vo4.css HTTP/1.1" 200 52089 "https://www.pces.ilc.edu.tw/" "Mozilla/5.0 (Linux; Android 6.0.1; Nexus 5X Build/MMB29P) AppleWebKit/537.36 (KHTML, like Gecko) Chrome/151.0.7922.173 Mobile Safari/537.36 (compatible; Googlebot/2.1; +http://www.google.com/bot.html)"
74.7.242.54 - - [26/Aug/2026:23:18:20 +0800] "GET /32745/wp-content/uploads/sites/1271/2023/08/1-139.jpeg HTTP/1.1" 200 25695 "https://2blog.ilc.edu.tw/32745/wp-json/oembed/1.0/embed?format=xml&url=https%3A%2F%2F2blog.ilc.edu.tw%2F32745%2F2023%2F08%2F26%2F%25e7%2584%25a1%25e8%2581%258a%25e7%259a%2584%25e6%2584%259b%25e4%25ba%25ba%2F" "Mozilla/5.0 AppleWebKit/537.36 (KHTML, like Gecko; compatible; GPTBot/1.4; +https://openai.com/gptbot)"
140.111.67.10 - - [26/Aug/2026:23:18:20 +0800] "GET /" 301 273 "-" "-"
74.7.242.54 - - [26/Aug/2026:23:18:20 +0800] "GET /32745/wp-content/uploads/sites/1271/2024/09/1-139.jpeg HTTP/1.1" 200 19055 "https://2blog.ilc.edu.tw/32745/2024/09/14/%e7%94%9c/" "Mozilla/5.0 AppleWebKit/537.36 (KHTML, like Gecko; compatible; GPTBot/1.4; +https://openai.com/gptbot)"
74.7.242.54 - - [26/Aug/2026:23:18:21 +0800] "GET /32745/wp-content/uploads/sites/1271/2024/09/1-236.jpeg HTTP/1.1" 200 24826 "https://2blog.ilc.edu.tw/32745/2024/09/14/" "Mozilla/5.0 AppleWebKit/537.36 (KHTML, like Gecko; compatible; GPTBot/1.4; +https://openai.com/gptbot)"
66.249.79.34 - - [26/Aug/2026:23:18:21 +0800] "GET /wp-content/cache/www.pces.ilc.edu.tw/wpfc-minified/2qbg3bbr/6vo4.css HTTP/1.1" 200 29917 "https://www.pces.ilc.edu.tw/" "Mozilla/5.0 (Linux; Android 6.0.1; Nexus 5X Build/MMB29P) AppleWebKit/537.36 (KHTML, like Gecko) Chrome/151.0.7922.173 Mobile Safari/537.36 (compatible; Googlebot/2.1; +http://www.google.com/bot.html)"
74.7.242.54 - - [26/Aug/2026:23:18:21 +0800] "GET /32745/wp-content/uploads/sites/1271/2026/01/1-437.jpeg HTTP/1.1" 200 22050 "https://2blog.ilc.edu.tw/32745/wp-json/oembed/1.0/embed?format=xml&url=https%3A%2F%2F2blog.ilc.edu.tw%2F32745%2F2026%2F01%2F24%2F%25e7%2584%25a1%25e8%2581%25b2%25e7%259a%2584%25e8%25b5%25b7%25e8%25a1%258c%2F" "Mozilla/5.0 AppleWebKit/537.36 (KHTML, like Gecko; compatible; GPTBot/1.4; +https://openai.com/gptbot)"
74.7.242.54 - - [26/Aug/2026:23:18:22 +0800] "GET /32745/wp-content/uploads/sites/1271/2023/01/1-935.jpeg HTTP/1.1" 200 24234 "https://2blog.ilc.edu.tw/32745/wp-json/oembed/1.0/embed?format=xml&url=https%3A%2F%2F2blog.ilc.edu.tw%2F32745%2F2023%2F01%2F26%2F%25e7%2587%2588%25e4%25b8%258b%25e7%259a%2584%25e5%25a7%2591%25e5%25a8%2598%2F" "Mozilla/5.0 AppleWebKit/537.36 (KHTML, like Gecko; compatible; GPTBot/1.4; +https://openai.com/gptbot)"
74.7.242.54 - - [26/Aug/2026:23:18:22 +0800] "GET /32745/wp-content/uploads/sites/1271/2024/08/1-168.jpeg HTTP/1.1" 200 20431 "https://2blog.ilc.edu.tw/32745/wp-json/oembed/1.0/embed?format=xml&url=https%3A%2F%2F2blog.ilc.edu.tw%2F32745%2F2024%2F08%2F09%2F%25e5%25af%25ab%25e4%25ba%2588%25e4%25bd%25a0%25e7%259a%2584%25e6%2589%25b9-2%2F" "Mozilla/5.0 AppleWebKit/537.36 (KHTML, like Gecko; compatible; GPTBot/1.4; +https://openai.com/gptbot)"
2407:4d00:4c06:e8a:9d67:6e1e:21f8:df1e - - [26/Aug/2026:23:18:22 +0800] "-" 408 4806 "-" "-"
2001:288:a201::66:125 - - [26/Aug/2026:23:18:23 +0800] "GET /blog/active.php HTTP/1.1" 301 1026 "-" "-"
2001:288:a201::66:125 - - [26/Aug/2026:23:18:23 +0800] "GET /blog/active.php HTTP/1.1" 404 1084 "-" "-"
2408:8719:64:203:13:: - - [26/Aug/2026:23:18:23 +0800] "GET /32745/wp-content/cache/2blog.ilc.edu.tw/wpfc-minified/g0brenjo/5wowx.css HTTP/1.1" 200 20774 "https://2blog.ilc.edu.tw/32745/2022/05/22/%e6%85%95%e6%83%85/" "Mozilla/5.0 (Windows NT 10.0; Win64; x64) AppleWebKit/537.36 (KHTML, like Gecko) Chrome/144.0.0.0 Safari/537.36"
2408:8719:64:203:13:: - - [26/Aug/2026:23:18:23 +0800] "GET /32745/wp-content/cache/2blog.ilc.edu.tw/wpfc-minified/eqzk2ee8/5wowx.css HTTP/1.1" 200 18665 "https://2blog.ilc.edu.tw/32745/2022/05/22/%e6%85%95%e6%83%85/" "Mozilla/5.0 (Windows NT 10.0; Win64; x64) AppleWebKit/537.36 (KHTML, like Gecko) Chrome/144.0.0.0 Safari/537.36"
2408:8719:64:203:13:: - - [26/Aug/2026:23:18:23 +0800] "GET /32745/wp-content/cache/2blog.ilc.edu.tw/wpfc-minified/qhgmkf5a/5wowx.css HTTP/1.1" 200 23335 "https://2blog.ilc.edu.tw/32745/2022/05/22/%e6%85%95%e6%83%85/" "Mozilla/5.0 (Windows NT 10.0; Win64; x64) AppleWebKit/537.36 (KHTML, like Gecko) Chrome/144.0.0.0 Safari/537.36"
2408:8719:64:203:13:: - - [26/Aug/2026:23:18:23 +0800] "GET /32745/wp-content/cache/2blog.ilc.edu.tw/wpfc-minified/1z935gih/5wowx.js HTTP/1.1" 200 40359 "https://2blog.ilc.edu.tw/32745/2022/05/22/%e6%85%95%e6%83%85/" "Mozilla/5.0 (Windows NT 10.0; Win64; x64) AppleWebKit/537.36 (KHTML, like Gecko) Chrome/144.0.0.0 Safari/537.36"
2408:8719:64:203:13:: - - [26/Aug/2026:23:18:23 +0800] "GET /32745/wp-content/cache/2blog.ilc.edu.tw/wpfc-minified/239wfshr/5wp46.js HTTP/1.1" 200 6438 "https://2blog.ilc.edu.tw/32745/2022/05/22/%e6%85%95%e6%83%85/" "Mozilla/5.0 (Windows NT 10.0; Win64; x64) AppleWebKit/537.36 (KHTML, like Gecko) Chrome/144.0.0.0 Safari/537.36"
74.7.242.54 - - [26/Aug/2026:23:18:23 +0800] "GET /32745/wp-content/uploads/sites/1271/2024/07/1-168.jpeg HTTP/1.1" 200 23601 "https://2blog.ilc.edu.tw/32745/wp-json/oembed/1.0/embed?format=xml&url=https%3A%2F%2F2blog.ilc.edu.tw%2F32745%2F2024%2F07%2F24%2F%25e4%25bd%25a0%25e8%2591%2597%25e6%2583%25b3%25e7%259c%258b%25e8%25a6%2593%2F" "Mozilla/5.0 AppleWebKit/537.36 (KHTML, like Gecko; compatible; GPTBot/1.4; +https://openai.com/gptbot)"
34.225.243.131 - - [26/Aug/2026:23:18:23 +0800] "GET /wp-content/uploads/sites/1952/?C=N;O%3DD HTTP/1.1" 200 1238 "-" "Mozilla/5.0 AppleWebKit/537.36 (KHTML, like Gecko; compatible; Amazonbot/0.1; +https://developer.amazon.com/support/amazonbot) Chrome/119.0.6045.214 Safari/537.36"
2408:8719:64:203:13:: - - [26/Aug/2026:23:18:23 +0800] "GET /32745/wp-content/cache/2blog.ilc.edu.tw/wpfc-minified/eh58b1lb/5wowx.css HTTP/1.1" 200 4324 "https://2blog.ilc.edu.tw/32745/2022/05/22/%e6%85%95%e6%83%85/" "Mozilla/5.0 (Windows NT 10.0; Win64; x64) AppleWebKit/537.36 (KHTML, like Gecko) Chrome/144.0.0.0 Safari/537.36"
74.7.242.54 - - [26/Aug/2026:23:18:23 +0800] "GET /32745/wp-content/uploads/sites/1271/2024/09/1-187.jpeg HTTP/1.1" 200 39068 "https://2blog.ilc.edu.tw/32745/2024/09/14/%e8%b1%aa/" "Mozilla/5.0 AppleWebKit/537.36 (KHTML, like Gecko; compatible; GPTBot/1.4; +https://openai.com/gptbot)"
2408:8719:64:203:13:: - - [26/Aug/2026:23:18:23 +0800] "GET /32745/wp-includes/js/admin-bar.min.js HTTP/1.1" 200 2237 "https://2blog.ilc.edu.tw/32745/2022/05/22/%e6%85%95%e6%83%85/" "Mozilla/5.0 (Windows NT 10.0; Win64; x64) AppleWebKit/537.36 (KHTML, like Gecko) Chrome/144.0.0.0 Safari/537.36"
2408:8719:64:203:13:: - - [26/Aug/2026:23:18:23 +0800] "GET /32745/wp-includes/js/underscore.min.js HTTP/1.1" 200 8191 "https://2blog.ilc.edu.tw/32745/2022/05/22/%e6%85%95%e6%83%85/" "Mozilla/5.0 (Windows NT 10.0; Win64; x64) AppleWebKit/537.36 (KHTML, like Gecko) Chrome/144.0.0.0 Safari/537.36"
2408:8719:64:203:13:: - - [26/Aug/2026:23:18:23 +0800] "GET /32745/wp-content/themes/huemanilc/assets/front/js/scripts.min.js HTTP/1.1" 200 27001 "https://2blog.ilc.edu.tw/32745/2022/05/22/%e6%85%95%e6%83%85/" "Mozilla/5.0 (Windows NT 10.0; Win64; x64) AppleWebKit/537.36 (KHTML, like Gecko) Chrome/144.0.0.0 Safari/537.36"
2408:8719:64:203:13:: - - [26/Aug/2026:23:18:23 +0800] "GET /32745/wp-includes/js/mediaelement/mediaelement-and-player.min.js HTTP/1.1" 200 39802 "https://2blog.ilc.edu.tw/32745/2022/05/22/%e6%85%95%e6%83%85/" "Mozilla/5.0 (Windows NT 10.0; Win64; x64) AppleWebKit/537.36 (KHTML, like Gecko) Chrome/144.0.0.0 Safari/537.36"
2408:8719:64:203:13:: - - [26/Aug/2026:23:18:23 +0800] "POST /32745/wp-json/ilc-summary/v1/popular-posts HTTP/1.1" 201 1274 "https://2blog.ilc.edu.tw/32745/2022/05/22/%e6%85%95%e6%83%85/" "Mozilla/5.0 (Windows NT 10.0; Win64; x64) AppleWebKit/537.36 (KHTML, like Gecko) Chrome/144.0.0.0 Safari/537.36"
74.7.242.54 - - [26/Aug/2026:23:18:24 +0800] "GET /32745/wp-content/uploads/sites/1271/2024/09/1-175.jpeg HTTP/1.1" 200 35910 "https://2blog.ilc.edu.tw/32745/category/%e5%8d%81%e4%b8%89%e5%8a%83/" "Mozilla/5.0 AppleWebKit/537.36 (KHTML, like Gecko; compatible; GPTBot/1.4; +https://openai.com/gptbot)"
2408:8719:64:203:13:: - - [26/Aug/2026:23:18:24 +0800] "GET /32745/wp-content/themes/huemanilc/assets/front/webfonts/fa-solid-900.woff2?v=5.5.0 HTTP/1.1" 200 74879 "https://2blog.ilc.edu.tw/32745/wp-content/cache/2blog.ilc.edu.tw/wpfc-minified/eqzk2ee8/5wowx.css" "Mozilla/5.0 (Windows NT 10.0; Win64; x64) AppleWebKit/537.36 (KHTML, like Gecko) Chrome/144.0.0.0 Safari/537.36"
2408:8719:64:203:13:: - - [26/Aug/2026:23:18:24 +0800] "GET /32745/wp-content/themes/huemanilc/assets/front/webfonts/fa-regular-400.woff2?v=5.5.0 HTTP/1.1" 200 15695 "https://2blog.ilc.edu.tw/32745/wp-content/cache/2blog.ilc.edu.tw/wpfc-minified/eqzk2ee8/5wowx.css" "Mozilla/5.0 (Windows NT 10.0; Win64; x64) AppleWebKit/537.36 (KHTML, like Gecko) Chrome/144.0.0.0 Safari/537.36"
2408:8719:64:203:13:: - - [26/Aug/2026:23:18:24 +0800] "GET /32745/wp-includes/js/mediaelement/wp-mediaelement.min.js HTTP/1.1" 200 1417 "https://2blog.ilc.edu.tw/32745/2022/05/22/%e6%85%95%e6%83%85/" "Mozilla/5.0 (Windows NT 10.0; Win64; x64) AppleWebKit/537.36 (KHTML, like Gecko) Chrome/144.0.0.0 Safari/537.36"
2408:8719:64:203:13:: - - [26/Aug/2026:23:18:24 +0800] "GET /32745/wp-includes/js/mediaelement/renderers/vimeo.min.js HTTP/1.1" 200 3164 "https://2blog.ilc.edu.tw/32745/2022/05/22/%e6%85%95%e6%83%85/" "Mozilla/5.0 (Windows NT 10.0; Win64; x64) AppleWebKit/537.36 (KHTML, like Gecko) Chrome/144.0.0.0 Safari/537.36"
74.7.242.54 - - [26/Aug/2026:23:18:24 +0800] "GET /32745/wp-content/uploads/sites/1271/2024/09/1-218.jpeg HTTP/1.1" 200 17123 "https://2blog.ilc.edu.tw/32745/2024/09/14/page/3/" "Mozilla/5.0 AppleWebKit/537.36 (KHTML, like Gecko; compatible; GPTBot/1.4; +https://openai.com/gptbot)"
66.249.79.137 - - [26/Aug/2026:23:18:22 +0800] "GET /wp-login.php?action=ilc_logout&_wpnonce=43754d0aad&redirect_to=http://worldeventspb.ru/gallery/38790/ HTTP/1.1" 302 8252 "-" "Mozilla/5.0 (Linux; Android 6.0.1; Nexus 5X Build/MMB29P) AppleWebKit/537.36 (KHTML, like Gecko) Chrome/151.0.7922.173 Mobile Safari/537.36 (compatible; Googlebot/2.1; +http://www.google.com/bot.html)"
66.249.71.195 - - [26/Aug/2026:23:18:25 +0800] "GET /wp-includes/js/hoverintent-js.min.js HTTP/1.1" 200 6383 "https://www.pces.ilc.edu.tw/" "Mozilla/5.0 (Linux; Android 6.0.1; Nexus 5X Build/MMB29P) AppleWebKit/537.36 (KHTML, like Gecko) Chrome/151.0.7922.173 Mobile Safari/537.36 (compatible; Googlebot/2.1; +http://www.google.com/bot.html)"
74.7.242.54 - - [26/Aug/2026:23:18:25 +0800] "GET /32745/wp-content/uploads/sites/1271/2024/09/1-138.jpeg HTTP/1.1" 200 17710 "https://2blog.ilc.edu.tw/32745/2024/09/14/%e5%ba%b7/" "Mozilla/5.0 AppleWebKit/537.36 (KHTML, like Gecko; compatible; GPTBot/1.4; +https://openai.com/gptbot)"
140.111.67.10 - - [26/Aug/2026:23:18:25 +0800] "GET /" 301 273 "-" "-"
2402:7500:59a:c3ea::c627:7f0a - - [26/Aug/2026:23:18:25 +0800] "GET /4600/ HTTP/1.1" 200 23651 "https://www.google.com/" "Mozilla/5.0 (Linux; Android 10; K) AppleWebKit/537.36 (KHTML, like Gecko) Chrome/148.0.0.0 Mobile Safari/537.36"
2402:7500:59a:c3ea::c627:7f0a - - [26/Aug/2026:23:18:25 +0800] "GET /wp-content/cache/isupport.ilc.edu.tw/wpfc-minified/fhgiw72a/ks8w.css HTTP/1.1" 200 45684 "-" "Mozilla/5.0 (Linux; Android 10; K) AppleWebKit/537.36 (KHTML, like Gecko) Chrome/148.0.0.0 Mobile Safari/537.36"
34.56.53.225 - - [26/Aug/2026:23:18:25 +0800] "GET /32745/wp-json/wp/v2/posts/90476 HTTP/1.1" 200 16592 "-" "Mozilla/5.0 (Macintosh; Intel Mac OS X 10_15_7) AppleWebKit/537.36 (KHTML, like Gecko) Chrome/120.0.0.0 Safari/537.36"
2402:7500:59a:c3ea::c627:7f0a - - [26/Aug/2026:23:18:25 +0800] "GET /wp-content/cache/isupport.ilc.edu.tw/wpfc-minified/8jq1rsi9/ks8w.css HTTP/1.1" 200 53622 "https://isupport.ilc.edu.tw/4600/" "Mozilla/5.0 (Linux; Android 10; K) AppleWebKit/537.36 (KHTML, like Gecko) Chrome/148.0.0.0 Mobile Safari/537.36"
2402:7500:59a:c3ea::c627:7f0a - - [26/Aug/2026:23:18:25 +0800] "GET /wp-content/cache/isupport.ilc.edu.tw/wpfc-minified/jpyo1yc2/ks8w.css HTTP/1.1" 200 1157 "-" "Mozilla/5.0 (Linux; Android 10; K) AppleWebKit/537.36 (KHTML, like Gecko) Chrome/148.0.0.0 Mobile Safari/537.36"
2402:7500:59a:c3ea::c627:7f0a - - [26/Aug/2026:23:18:25 +0800] "GET /wp-content/cache/isupport.ilc.edu.tw/wpfc-minified/drup3mak/ks8w.css HTTP/1.1" 200 27560 "https://isupport.ilc.edu.tw/4600/" "Mozilla/5.0 (Linux; Android 10; K) AppleWebKit/537.36 (KHTML, like Gecko) Chrome/148.0.0.0 Mobile Safari/537.36"
74.7.242.54 - - [26/Aug/2026:23:18:25 +0800] "GET /32745/wp-content/uploads/sites/1271/2023/01/1-597.jpeg HTTP/1.1" 200 9209 "https://2blog.ilc.edu.tw/32745/2023/01/22/page/7/" "Mozilla/5.0 AppleWebKit/537.36 (KHTML, like Gecko; compatible; GPTBot/1.4; +https://openai.com/gptbot)"
2402:7500:59a:c3ea::c627:7f0a - - [26/Aug/2026:23:18:25 +0800] "GET /wp-content/uploads/sites/3591/elementor/css/post-3.css HTTP/1.1" 200 2101 "https://isupport.ilc.edu.tw/4600/" "Mozilla/5.0 (Linux; Android 10; K) AppleWebKit/537.36 (KHTML, like Gecko) Chrome/148.0.0.0 Mobile Safari/537.36"
2402:7500:59a:c3ea::c627:7f0a - - [26/Aug/2026:23:18:25 +0800] "GET /wp-content/cache/isupport.ilc.edu.tw/wpfc-minified/lwjo9g1t/ks8w.css HTTP/1.1" 200 6682 "https://isupport.ilc.edu.tw/4600/" "Mozilla/5.0 (Linux; Android 10; K) AppleWebKit/537.36 (KHTML, like Gecko) Chrome/148.0.0.0 Mobile Safari/537.36"
2402:7500:59a:c3ea::c627:7f0a - - [26/Aug/2026:23:18:25 +0800] "GET /wp-content/uploads/sites/3591/elementor/css/post-4600.css HTTP/1.1" 200 1061 "https://isupport.ilc.edu.tw/4600/" "Mozilla/5.0 (Linux; Android 10; K) AppleWebKit/537.36 (KHTML, like Gecko) Chrome/148.0.0.0 Mobile Safari/537.36"
2402:7500:59a:c3ea::c627:7f0a - - [26/Aug/2026:23:18:25 +0800] "GET /wp-content/cache/isupport.ilc.edu.tw/wpfc-minified/kxdlh8d7/ks8w.css HTTP/1.1" 200 12502 "https://isupport.ilc.edu.tw/4600/" "Mozilla/5.0 (Linux; Android 10; K) AppleWebKit/537.36 (KHTML, like Gecko) Chrome/148.0.0.0 Mobile Safari/537.36"
