74.7.242.54 - - [26/Aug/2026:23:19:57 +0800] "GET /32745/wp-content/uploads/sites/1271/2020/08/%E4%B8%8B%E8%BC%89-6-2.jpg HTTP/1.1" 200 14135 "https://2blog.ilc.edu.tw/32745/wp-json/oembed/1.0/embed?format=xml&url=https%3A%2F%2F2blog.ilc.edu.tw%2F32745%2F2020%2F08%2F02%2F%25e5%25bc%25b5%25e7%2587%2595%25e6%25b8%2585%2F" "Mozilla/5.0 AppleWebKit/537.36 (KHTML, like Gecko; compatible; GPTBot/1.4; +https://openai.com/gptbot)"
2001:288:a201::66:125 - - [26/Aug/2026:23:19:58 +0800] "GET /blog/active.php HTTP/1.1" 301 1026 "-" "-"
2001:288:a201::66:125 - - [26/Aug/2026:23:19:58 +0800] "GET /blog/active.php HTTP/1.1" 404 1084 "-" "-"
52.167.144.19 - - [26/Aug/2026:23:19:58 +0800] "GET /1003/?s=115+%E5%9C%8B%E4%B8%AD+%E5%8F%B0%E8%AA%9E%E6%BC%94%E8%AA%AA+%E9%87%91%E9%96%80 HTTP/1.1" 200 13824 "-" "Mozilla/5.0 AppleWebKit/537.36 (KHTML, like Gecko; compatible; bingbot/2.0; +http://www.bing.com/bingbot.htm) Chrome/116.0.1938.76 Safari/537.36"
74.7.242.54 - - [26/Aug/2026:23:19:58 +0800] "GET /32745/wp-content/uploads/sites/1271/2022/06/%E4%B8%8B%E8%BC%89-4-1.jpg HTTP/1.1" 200 6041 "https://2blog.ilc.edu.tw/32745/2022/06/01/page/3/" "Mozilla/5.0 AppleWebKit/537.36 (KHTML, like Gecko; compatible; GPTBot/1.4; +https://openai.com/gptbot)"
2001:288:a201::67:82 - - [26/Aug/2026:23:19:55 +0800] "POST /linkc/2010/07/16/mindomo-test/embed/?fsm_edd_37394=77248507e7e88c60f4a07f462571557c HTTP/1.1" 200 12306 "-" "WordPress/6.6.7; https://2blog.ilc.edu.tw/linkc"
::1 - - [26/Aug/2026:23:19:58 +0800] "OPTIONS * HTTP/1.0" 200 110 "-" "Apache/2.4.68 (Ubuntu) OpenSSL/3.0.19 (internal dummy connection)"
52.45.194.165 - - [26/Aug/2026:23:19:58 +0800] "GET /6030/wp-json/wp/v2/posts/15/revisions HTTP/1.1" 401 6197 "-" "Mozilla/5.0 AppleWebKit/537.36 (KHTML, like Gecko; compatible; Amazonbot/0.1; +https://developer.amazon.com/support/amazonbot) Chrome/119.0.6045.214 Safari/537.36"
74.7.242.54 - - [26/Aug/2026:23:19:58 +0800] "GET /32745/wp-content/uploads/sites/1271/2021/04/%E4%B8%8B%E8%BC%89-4-4.jpg HTTP/1.1" 200 9139 "https://2blog.ilc.edu.tw/32745/2021/04/05/page/5/" "Mozilla/5.0 AppleWebKit/537.36 (KHTML, like Gecko; compatible; GPTBot/1.4; +https://openai.com/gptbot)"
2407:4b00:4c06:684:104d:47a8:2414:63bd - - [26/Aug/2026:23:19:58 +0800] "-" 408 339 "-" "-"
40.77.167.35 - - [26/Aug/2026:23:19:58 +0800] "GET /26150/2021/09/01/110-%EF%A6%8E%E5%85%A8%E5%9C%8B%E6%80%A7%E5%A4%9A%E8%AA%9E%E5%A4%9A%E5%85%83%E6%96%87%E5%8C%96%E7%B9%AA%E6%9C%AC%E8%A6%AA%E5%AD%90%E5%85%B1%EF%A5%9A%E5%BF%83%E5%BE%97%E6%84%9F%E6%83%B3%E7%94%84/ HTTP/1.1" 200 23223 "-" "Mozilla/5.0 AppleWebKit/537.36 (KHTML, like Gecko; compatible; bingbot/2.0; +http://www.bing.com/bingbot.htm) Chrome/116.0.1938.76 Safari/537.36"
2407:4b00:4c06:684:104d:47a8:2414:63bd - - [26/Aug/2026:23:19:59 +0800] "-" 408 339 "-" "-"
54.210.152.179 - - [26/Aug/2026:23:19:59 +0800] "GET /wp-content/uploads/sites/3017/2022/05/?C=D;O%3DA HTTP/1.1" 200 1114 "-" "Mozilla/5.0 AppleWebKit/537.36 (KHTML, like Gecko; compatible; Amazonbot/0.1; +https://developer.amazon.com/support/amazonbot) Chrome/119.0.6045.214 Safari/537.36"
52.4.213.199 - - [26/Aug/2026:23:19:59 +0800] "GET /25287/wp-content/uploads/sites/1431/2025/12/LINE_ALBUM_/u7279/u5e2b/u7d50/u5408/u672c/u571f/u8a9e/u5538/u984c_251124_1-300x225.jpg HTTP/1.1" 500 6121 "-" "Mozilla/5.0 AppleWebKit/537.36 (KHTML, like Gecko; compatible; Amazonbot/0.1; +https://developer.amazon.com/support/amazonbot) Chrome/119.0.6045.214 Safari/537.36"
74.7.242.54 - - [26/Aug/2026:23:19:59 +0800] "GET /32745/wp-content/uploads/sites/1271/2022/05/%E4%B8%8B%E8%BC%89-1-7.jpg HTTP/1.1" 200 8401 "https://2blog.ilc.edu.tw/32745/2025/02/28/%e9%85%92%e5%a0%b4%e7%97%b4%e6%83%85%e8%8a%b1/" "Mozilla/5.0 AppleWebKit/537.36 (KHTML, like Gecko; compatible; GPTBot/1.4; +https://openai.com/gptbot)"
::1 - - [26/Aug/2026:23:19:59 +0800] "OPTIONS * HTTP/1.0" 200 110 "-" "Apache/2.4.68 (Ubuntu) OpenSSL/3.0.19 (internal dummy connection)"
74.7.242.54 - - [26/Aug/2026:23:19:59 +0800] "GET /32745/wp-content/uploads/sites/1271/2021/04/%E4%B8%8B%E8%BC%89-3-5.jpg HTTP/1.1" 200 8307 "https://2blog.ilc.edu.tw/32745/2021/04/05/page/5/" "Mozilla/5.0 AppleWebKit/537.36 (KHTML, like Gecko; compatible; GPTBot/1.4; +https://openai.com/gptbot)"
34.30.223.149 - - [26/Aug/2026:23:20:00 +0800] "GET /6439/2019/11/20/1-3%E8%A1%8C%E6%94%BF%E8%88%87%E7%AE%A1%E7%90%86-108%E5%B9%B4%E7%AF%80%E8%83%BD%E6%B8%9B%E7%A2%B3%E8%A8%88%E7%95%AB/ HTTP/1.1" 200 30410 "-" "Mozilla/5.0 (Macintosh; Intel Mac OS X 10_15_7) AppleWebKit/537.36 (KHTML, like Gecko) Chrome/120.0.0.0 Safari/537.36"
74.7.242.54 - - [26/Aug/2026:23:20:00 +0800] "GET /32745/wp-content/uploads/sites/1271/2021/05/%E4%B8%8B%E8%BC%89-12.jpg HTTP/1.1" 200 5938 "https://2blog.ilc.edu.tw/32745/2021/05/22/" "Mozilla/5.0 AppleWebKit/537.36 (KHTML, like Gecko; compatible; GPTBot/1.4; +https://openai.com/gptbot)"
140.111.67.10 - - [26/Aug/2026:23:20:00 +0800] "GET /" 301 273 "-" "-"
34.56.124.53 - - [26/Aug/2026:23:20:00 +0800] "GET /amy6998/wp-json/oembed/1.0/embed?format=xml&url=https://2blog.ilc.edu.tw/amy6998/2025/10/22/114%25e5%25b9%25b410%25e6%259c%258814%25e6%2597%25a5%25e7%258e%2589%25e9%259c%259e%25e5%25a7%2590%25e7%2594%259f%25e6%2597%25a5%25e5%25bf%25ab%25e6%25a8%2582/ HTTP/1.1" 200 7222 "-" "Mozilla/5.0 (Macintosh; Intel Mac OS X 10_15_7) AppleWebKit/537.36 (KHTML, like Gecko) Chrome/120.0.0.0 Safari/537.36"
74.7.242.54 - - [26/Aug/2026:23:20:00 +0800] "GET /32745/wp-content/uploads/sites/1271/2020/06/%E4%B8%8B%E8%BC%89-6-4.jpg HTTP/1.1" 200 10944 "https://2blog.ilc.edu.tw/32745/2020/06/14/%e9%85%92%e5%a5%b3%e5%98%86/" "Mozilla/5.0 AppleWebKit/537.36 (KHTML, like Gecko; compatible; GPTBot/1.4; +https://openai.com/gptbot)"
74.7.242.54 - - [26/Aug/2026:23:20:01 +0800] "GET /32745/wp-content/uploads/sites/1271/2022/06/%E4%B8%8B%E8%BC%89-2-4.jpg HTTP/1.1" 200 7433 "https://2blog.ilc.edu.tw/32745/2022/06/04/page/9/" "Mozilla/5.0 AppleWebKit/537.36 (KHTML, like Gecko; compatible; GPTBot/1.4; +https://openai.com/gptbot)"
::1 - - [26/Aug/2026:23:20:01 +0800] "OPTIONS * HTTP/1.0" 200 110 "-" "Apache/2.4.68 (Ubuntu) OpenSSL/3.0.19 (internal dummy connection)"
140.111.67.86 - - [26/Aug/2026:23:20:01 +0800] "GET / HTTP/1.1" 200 56291 "-" "curl/7.81.0"
74.7.242.54 - - [26/Aug/2026:23:20:01 +0800] "GET /32745/wp-content/uploads/sites/1271/2020/07/%E4%B8%8B%E8%BC%89-6-2.jpg HTTP/1.1" 200 2942 "https://2blog.ilc.edu.tw/32745/2020/07/19/page/5/" "Mozilla/5.0 AppleWebKit/537.36 (KHTML, like Gecko; compatible; GPTBot/1.4; +https://openai.com/gptbot)"
::1 - - [26/Aug/2026:23:20:02 +0800] "OPTIONS * HTTP/1.0" 200 110 "-" "Apache/2.4.68 (Ubuntu) OpenSSL/3.0.19 (internal dummy connection)"
74.7.242.54 - - [26/Aug/2026:23:20:02 +0800] "GET /32745/wp-content/uploads/sites/1271/2020/09/%E4%B8%8B%E8%BC%89-2-2.jpg HTTP/1.1" 200 9070 "https://2blog.ilc.edu.tw/32745/category/%e9%99%b3%e5%87%b1%e6%ac%a3/" "Mozilla/5.0 AppleWebKit/537.36 (KHTML, like Gecko; compatible; GPTBot/1.4; +https://openai.com/gptbot)"
216.73.217.64 - - [26/Aug/2026:23:20:01 +0800] "GET /32745/2021/09/page/92/ HTTP/1.1" 200 91642 "-" "Mozilla/5.0 AppleWebKit/537.36 (KHTML, like Gecko; compatible; ClaudeBot/1.0; +claudebot@anthropic.com)"
2001:288:a000:192:250:56ff:feae:a27e - - [26/Aug/2026:23:20:02 +0800] "HEAD / HTTP/1.1" 200 5485 "-" "Mozilla/5.0 (compatible; phpservermon/3.5.2; +https://github.com/phpservermon/phpservermon)"
2607:5300:205:200::971f - - [26/Aug/2026:23:20:02 +0800] "GET / HTTP/1.1" 301 937 "-" "Mozilla/5.0 (X11; Linux x86_64) AppleWebKit/537.36 (KHTML, like Gecko) Chrome/151.0.0.0 Safari/537.36"
216.73.217.64 - - [26/Aug/2026:23:20:02 +0800] "GET /32745/page/94/ HTTP/1.1" 200 91227 "-" "Mozilla/5.0 AppleWebKit/537.36 (KHTML, like Gecko; compatible; ClaudeBot/1.0; +claudebot@anthropic.com)"
74.7.242.54 - - [26/Aug/2026:23:20:03 +0800] "GET /32745/wp-content/uploads/sites/1271/2021/05/%E4%B8%8B%E8%BC%89-21.jpg HTTP/1.1" 200 7439 "https://2blog.ilc.edu.tw/32745/2021/04/09/page/2/" "Mozilla/5.0 AppleWebKit/537.36 (KHTML, like Gecko; compatible; GPTBot/1.4; +https://openai.com/gptbot)"
2001:288:a201::67:82 - - [26/Aug/2026:23:20:03 +0800] "GET / HTTP/1.1" 200 56291 "-" "curl/7.81.0"
2001:288:a201::66:125 - - [26/Aug/2026:23:20:03 +0800] "GET /blog/active.php HTTP/1.1" 301 1026 "-" "-"
2001:288:a201::66:125 - - [26/Aug/2026:23:20:03 +0800] "GET /blog/active.php HTTP/1.1" 404 1084 "-" "-"
34.196.114.170 - - [26/Aug/2026:23:20:03 +0800] "GET /25287/wp-content/uploads/sites/1431/2025/12/LINE_ALBUM_/u672c/u571f/u8207/u5065/u5eb7/u4fc3/u9032_251128_2-300x225.jpg HTTP/1.1" 500 6121 "-" "Mozilla/5.0 AppleWebKit/537.36 (KHTML, like Gecko; compatible; Amazonbot/0.1; +https://developer.amazon.com/support/amazonbot) Chrome/119.0.6045.214 Safari/537.36"
2607:5300:205:200::971f - - [26/Aug/2026:23:20:03 +0800] "GET / HTTP/1.1" 200 20715 "-" "Mozilla/5.0 (X11; Linux x86_64) AppleWebKit/537.36 (KHTML, like Gecko) Chrome/151.0.0.0 Safari/537.36"
74.7.242.54 - - [26/Aug/2026:23:20:03 +0800] "GET /32745/wp-content/uploads/sites/1271/2021/01/%E4%B8%8B%E8%BC%89-8-4.jpg HTTP/1.1" 200 5567 "https://2blog.ilc.edu.tw/32745/2021/01/17/%e9%96%83%e7%84%a1%e8%b7%af/" "Mozilla/5.0 AppleWebKit/537.36 (KHTML, like Gecko; compatible; GPTBot/1.4; +https://openai.com/gptbot)"
2607:5300:205:200::971f - - [26/Aug/2026:23:20:03 +0800] "GET /wp-content/cache/www.tces.ilc.edu.tw/wpfc-minified/dq16v0m2/77oe.css HTTP/1.1" 200 40884 "https://www.tces.ilc.edu.tw/" "Mozilla/5.0 (X11; Linux x86_64) AppleWebKit/537.36 (KHTML, like Gecko) Chrome/151.0.0.0 Safari/537.36"
34.30.223.149 - - [26/Aug/2026:23:20:03 +0800] "GET /5847/2010/10/07/99%E4%B8%8A%E7%AC%AC8%E9%80%B1%E9%80%B1%E5%8F%A5/ HTTP/1.1" 200 30744 "-" "Mozilla/5.0 (Macintosh; Intel Mac OS X 10_15_7) AppleWebKit/537.36 (KHTML, like Gecko) Chrome/120.0.0.0 Safari/537.36"
2607:5300:205:200::971f - - [26/Aug/2026:23:20:03 +0800] "GET /wp-content/cache/www.tces.ilc.edu.tw/wpfc-minified/9h424c7l/77oe.css HTTP/1.1" 200 1496 "https://www.tces.ilc.edu.tw/" "Mozilla/5.0 (X11; Linux x86_64) AppleWebKit/537.36 (KHTML, like Gecko) Chrome/151.0.0.0 Safari/537.36"
2607:5300:205:200::971f - - [26/Aug/2026:23:20:03 +0800] "GET /wp-content/uploads/sites/449/elementor/css/post-617.css HTTP/1.1" 200 6071 "https://www.tces.ilc.edu.tw/" "Mozilla/5.0 (X11; Linux x86_64) AppleWebKit/537.36 (KHTML, like Gecko) Chrome/151.0.0.0 Safari/537.36"
2607:5300:205:200::971f - - [26/Aug/2026:23:20:03 +0800] "GET /wp-content/cache/www.tces.ilc.edu.tw/wpfc-minified/k26jrcx2/77oe.js HTTP/1.1" 200 40360 "https://www.tces.ilc.edu.tw/" "Mozilla/5.0 (X11; Linux x86_64) AppleWebKit/537.36 (KHTML, like Gecko) Chrome/151.0.0.0 Safari/537.36"
2607:5300:205:200::971f - - [26/Aug/2026:23:20:03 +0800] "GET /wp-content/cache/www.tces.ilc.edu.tw/wpfc-minified/mcjcx99s/77oe.css HTTP/1.1" 200 87246 "https://www.tces.ilc.edu.tw/" "Mozilla/5.0 (X11; Linux x86_64) AppleWebKit/537.36 (KHTML, like Gecko) Chrome/151.0.0.0 Safari/537.36"
2607:5300:205:200::971f - - [26/Aug/2026:23:20:03 +0800] "GET /wp-content/cache/www.tces.ilc.edu.tw/wpfc-minified/8uavxyn0/77oe.css HTTP/1.1" 200 58865 "https://www.tces.ilc.edu.tw/" "Mozilla/5.0 (X11; Linux x86_64) AppleWebKit/537.36 (KHTML, like Gecko) Chrome/151.0.0.0 Safari/537.36"
2607:5300:205:200::971f - - [26/Aug/2026:23:20:04 +0800] "GET /21820/wp-content/uploads/sites/449/2020/05/21820-4240962.png HTTP/1.1" 200 15787 "https://www.tces.ilc.edu.tw/" "Mozilla/5.0 (X11; Linux x86_64) AppleWebKit/537.36 (KHTML, like Gecko) Chrome/151.0.0.0 Safari/537.36"
74.7.242.54 - - [26/Aug/2026:23:20:04 +0800] "GET /32745/wp-content/uploads/sites/1271/2021/05/%E4%B8%8B%E8%BC%89-22.jpg HTTP/1.1" 200 7423 "https://2blog.ilc.edu.tw/32745/2022/04/16/%e7%ad%89%e6%88%91%e5%9b%9e%e9%84%89%e9%87%8c/" "Mozilla/5.0 AppleWebKit/537.36 (KHTML, like Gecko; compatible; GPTBot/1.4; +https://openai.com/gptbot)"
2607:5300:205:200::971f - - [26/Aug/2026:23:20:04 +0800] "GET /21820/wp-content/uploads/sites/449/2020/05/21820-4239927.jpg HTTP/1.1" 200 4227 "https://www.tces.ilc.edu.tw/" "Mozilla/5.0 (X11; Linux x86_64) AppleWebKit/537.36 (KHTML, like Gecko) Chrome/151.0.0.0 Safari/537.36"
66.249.71.99 - - [26/Aug/2026:23:20:04 +0800] "GET /wp-content/themes/oceanwp/assets/js/vendors/magnific-popup.min.js HTTP/1.1" 200 13050 "https://ilta.ilc.edu.tw/category/c-14351/page/51/" "Mozilla/5.0 (Linux; Android 6.0.1; Nexus 5X Build/MMB29P) AppleWebKit/537.36 (KHTML, like Gecko) Chrome/151.0.7922.173 Mobile Safari/537.36 (compatible; Googlebot/2.1; +http://www.google.com/bot.html)"
74.7.242.54 - - [26/Aug/2026:23:20:04 +0800] "GET /32745/wp-content/uploads/sites/1271/2020/08/%E4%B8%8B%E8%BC%89-6-3.jpg HTTP/1.1" 200 9491 "https://2blog.ilc.edu.tw/32745/2023/01/26/all-you-can-fly/" "Mozilla/5.0 AppleWebKit/537.36 (KHTML, like Gecko; compatible; GPTBot/1.4; +https://openai.com/gptbot)"
2607:5300:205:200::971f - - [26/Aug/2026:23:20:04 +0800] "GET /wp-includes/js/hoverintent-js.min.js HTTP/1.1" 200 1597 "https://www.tces.ilc.edu.tw/" "Mozilla/5.0 (X11; Linux x86_64) AppleWebKit/537.36 (KHTML, like Gecko) Chrome/151.0.0.0 Safari/537.36"
2607:5300:205:200::971f - - [26/Aug/2026:23:20:04 +0800] "GET /wp-includes/js/admin-bar.min.js HTTP/1.1" 200 2237 "https://www.tces.ilc.edu.tw/" "Mozilla/5.0 (X11; Linux x86_64) AppleWebKit/537.36 (KHTML, like Gecko) Chrome/151.0.0.0 Safari/537.36"
2607:5300:205:200::971f - - [26/Aug/2026:23:20:04 +0800] "GET /wp-includes/js/imagesloaded.min.js HTTP/1.1" 200 2683 "https://www.tces.ilc.edu.tw/" "Mozilla/5.0 (X11; Linux x86_64) AppleWebKit/537.36 (KHTML, like Gecko) Chrome/151.0.0.0 Safari/537.36"
2607:5300:205:200::971f - - [26/Aug/2026:23:20:04 +0800] "GET /21820/wp-content/uploads/sites/449/2019/08/googlemaps.png HTTP/1.1" 200 48839 "https://www.tces.ilc.edu.tw/" "Mozilla/5.0 (X11; Linux x86_64) AppleWebKit/537.36 (KHTML, like Gecko) Chrome/151.0.0.0 Safari/537.36"
2607:5300:205:200::971f - - [26/Aug/2026:23:20:05 +0800] "GET /wp-content/themes/oceanwp/assets/js/theme.min.js HTTP/1.1" 200 5130 "https://www.tces.ilc.edu.tw/" "Mozilla/5.0 (X11; Linux x86_64) AppleWebKit/537.36 (KHTML, like Gecko) Chrome/151.0.0.0 Safari/537.36"
74.7.242.54 - - [26/Aug/2026:23:20:05 +0800] "GET /32745/wp-content/uploads/sites/1271/2020/07/%E4%B8%8B%E8%BC%89-6-3.jpg HTTP/1.1" 200 5509 "https://2blog.ilc.edu.tw/32745/2020/07/25/page/8/" "Mozilla/5.0 AppleWebKit/537.36 (KHTML, like Gecko; compatible; GPTBot/1.4; +https://openai.com/gptbot)"
2607:5300:205:200::971f - - [26/Aug/2026:23:20:05 +0800] "GET /wp-content/themes/oceanwp/assets/fonts/fontawesome/webfonts/fa-solid-900.woff2 HTTP/1.1" 200 151246 "https://www.tces.ilc.edu.tw/wp-content/cache/www.tces.ilc.edu.tw/wpfc-minified/mcjcx99s/77oe.css" "Mozilla/5.0 (X11; Linux x86_64) AppleWebKit/537.36 (KHTML, like Gecko) Chrome/151.0.0.0 Safari/537.36"
2607:5300:205:200::971f - - [26/Aug/2026:23:20:05 +0800] "GET /wp-content/themes/oceanwp/assets/js/drop-down-mobile-menu.min.js HTTP/1.1" 200 4663 "https://www.tces.ilc.edu.tw/" "Mozilla/5.0 (X11; Linux x86_64) AppleWebKit/537.36 (KHTML, like Gecko) Chrome/151.0.0.0 Safari/537.36"
2607:5300:205:200::971f - - [26/Aug/2026:23:20:04 +0800] "GET /wp-content/uploads/sites/449/21820/21820-1360230.jpg HTTP/1.1" 200 9647 "https://www.tces.ilc.edu.tw/" "Mozilla/5.0 (X11; Linux x86_64) AppleWebKit/537.36 (KHTML, like Gecko) Chrome/151.0.0.0 Safari/537.36"
2607:5300:205:200::971f - - [26/Aug/2026:23:20:04 +0800] "GET /wp-content/uploads/sites/449/21820/21820-2261462.jpg HTTP/1.1" 200 8980 "https://www.tces.ilc.edu.tw/" "Mozilla/5.0 (X11; Linux x86_64) AppleWebKit/537.36 (KHTML, like Gecko) Chrome/151.0.0.0 Safari/537.36"