182.234.146.129 - - [26/Aug/2026:23:17:19 +0800] "GET /868/wp-content/themes/hueman/assets/front/img/thumb-medium-empty.png HTTP/1.1" 200 936 "https://2blog.ilc.edu.tw/868/47040/" "Mozilla/5.0 (Macintosh; Intel Mac OS X 10_15_7) AppleWebKit/605.1.15 (KHTML, like Gecko) Version/18.5 Safari/605.1.15"
182.234.146.129 - - [26/Aug/2026:23:17:19 +0800] "GET /868/wp-content/uploads/sites/268/2025/03/%E5%9C%96%E7%89%873.png HTTP/1.1" 200 8600 "https://2blog.ilc.edu.tw/868/47040/" "Mozilla/5.0 (Macintosh; Intel Mac OS X 10_15_7) AppleWebKit/605.1.15 (KHTML, like Gecko) Version/18.5 Safari/605.1.15"
182.234.146.129 - - [26/Aug/2026:23:17:19 +0800] "GET /868/wp-content/themes/hueman/assets/front/fonts/titillium-regular-webfont.svg HTTP/1.1" 200 57056 "https://2blog.ilc.edu.tw/868/47040/" "Mozilla/5.0 (Macintosh; Intel Mac OS X 10_15_7) AppleWebKit/605.1.15 (KHTML, like Gecko) Version/18.5 Safari/605.1.15"
182.234.146.129 - - [26/Aug/2026:23:17:19 +0800] "GET /868/wp-content/themes/hueman/assets/front/fonts/titillium-light-webfont.svg HTTP/1.1" 200 56952 "https://2blog.ilc.edu.tw/868/47040/" "Mozilla/5.0 (Macintosh; Intel Mac OS X 10_15_7) AppleWebKit/605.1.15 (KHTML, like Gecko) Version/18.5 Safari/605.1.15"
182.234.146.129 - - [26/Aug/2026:23:17:19 +0800] "GET /868/wp-content/themes/hueman/assets/front/fonts/titillium-semibold-webfont.svg HTTP/1.1" 200 55517 "https://2blog.ilc.edu.tw/868/47040/" "Mozilla/5.0 (Macintosh; Intel Mac OS X 10_15_7) AppleWebKit/605.1.15 (KHTML, like Gecko) Version/18.5 Safari/605.1.15"
182.234.146.129 - - [26/Aug/2026:23:17:19 +0800] "GET /868/wp-content/themes/hueman/assets/front/fonts/titillium-lightitalic-webfont.svg HTTP/1.1" 200 58946 "https://2blog.ilc.edu.tw/868/47040/" "Mozilla/5.0 (Macintosh; Intel Mac OS X 10_15_7) AppleWebKit/605.1.15 (KHTML, like Gecko) Version/18.5 Safari/605.1.15"
182.234.146.129 - - [26/Aug/2026:23:17:19 +0800] "GET /868/wp-content/themes/hueman/assets/front/fonts/titillium-regularitalic-webfont.svg HTTP/1.1" 200 59171 "https://2blog.ilc.edu.tw/868/47040/" "Mozilla/5.0 (Macintosh; Intel Mac OS X 10_15_7) AppleWebKit/605.1.15 (KHTML, like Gecko) Version/18.5 Safari/605.1.15"
182.234.146.129 - - [26/Aug/2026:23:17:19 +0800] "POST /868/wp-json/ilc-summary/v1/popular-posts HTTP/1.1" 201 1270 "https://2blog.ilc.edu.tw/868/47040/" "Mozilla/5.0 (Macintosh; Intel Mac OS X 10_15_7) AppleWebKit/605.1.15 (KHTML, like Gecko) Version/18.5 Safari/605.1.15"
74.7.242.54 - - [26/Aug/2026:23:17:19 +0800] "GET /32745/wp-content/uploads/sites/1271/2023/01/1-697.jpeg HTTP/1.1" 200 12497 "https://2blog.ilc.edu.tw/32745/2023/01/23/page/5/" "Mozilla/5.0 AppleWebKit/537.36 (KHTML, like Gecko; compatible; GPTBot/1.4; +https://openai.com/gptbot)"
52.167.144.16 - - [26/Aug/2026:23:17:20 +0800] "GET /wp-content/uploads/sites/866/2025/06/%E7%AB%B9%E6%9E%97FbQR.jpg HTTP/1.1" 200 54420 "-" "Mozilla/5.0 AppleWebKit/537.36 (KHTML, like Gecko; compatible; bingbot/2.0; +http://www.bing.com/bingbot.htm) Chrome/116.0.1938.76 Safari/537.36"
74.7.242.54 - - [26/Aug/2026:23:17:20 +0800] "GET /32745/wp-content/uploads/sites/1271/2023/01/1-464.jpeg HTTP/1.1" 200 17295 "https://2blog.ilc.edu.tw/32745/wp-json/oembed/1.0/embed?format=xml&url=https%3A%2F%2F2blog.ilc.edu.tw%2F32745%2F2023%2F01%2F21%2F%25e9%25bb%2583%25e6%2598%258f%25e7%259a%2584%25e6%25b5%25b7%25e5%25b2%25b8%2F" "Mozilla/5.0 AppleWebKit/537.36 (KHTML, like Gecko; compatible; GPTBot/1.4; +https://openai.com/gptbot)"
140.111.67.10 - - [26/Aug/2026:23:17:20 +0800] "GET /" 301 273 "-" "-"
182.234.146.129 - - [26/Aug/2026:23:17:20 +0800] "GET /favicon.ico HTTP/1.1" 302 901 "https://2blog.ilc.edu.tw/868/47040/" "Mozilla/5.0 (Macintosh; Intel Mac OS X 10_15_7) AppleWebKit/605.1.15 (KHTML, like Gecko) Version/18.5 Safari/605.1.15"
182.234.146.129 - - [26/Aug/2026:23:17:20 +0800] "GET /wp-includes/images/w-logo-blue-white-bg.png HTTP/1.1" 200 4946 "https://2blog.ilc.edu.tw/868/47040/" "Mozilla/5.0 (Macintosh; Intel Mac OS X 10_15_7) AppleWebKit/605.1.15 (KHTML, like Gecko) Version/18.5 Safari/605.1.15"
2407:4b00:4c05:5fa:3d31:4d08:b1ed:de9 - - [26/Aug/2026:23:17:20 +0800] "GET / HTTP/1.1" 200 30144 "https://www.google.com/" "Mozilla/5.0 (iPhone; CPU iPhone OS 18_7 like Mac OS X) AppleWebKit/605.1.15 (KHTML, like Gecko) Version/26.6 Mobile/15E148 Safari/604.1"
2407:4b00:4c05:5fa:3d31:4d08:b1ed:de9 - - [26/Aug/2026:23:17:20 +0800] "GET /wp-content/cache/www.csjh.ilc.edu.tw/wpfc-minified/8tosrx9w/7160.css HTTP/1.1" 200 45685 "https://www.csjh.ilc.edu.tw/" "Mozilla/5.0 (iPhone; CPU iPhone OS 18_7 like Mac OS X) AppleWebKit/605.1.15 (KHTML, like Gecko) Version/26.6 Mobile/15E148 Safari/604.1"
2407:4b00:4c05:5fa:3d31:4d08:b1ed:de9 - - [26/Aug/2026:23:17:20 +0800] "GET /wp-content/cache/www.csjh.ilc.edu.tw/wpfc-minified/2dy3gs0b/7161.js HTTP/1.1" 200 35558 "https://www.csjh.ilc.edu.tw/" "Mozilla/5.0 (iPhone; CPU iPhone OS 18_7 like Mac OS X) AppleWebKit/605.1.15 (KHTML, like Gecko) Version/26.6 Mobile/15E148 Safari/604.1"
2407:4b00:4c05:5fa:3d31:4d08:b1ed:de9 - - [26/Aug/2026:23:17:20 +0800] "GET /wp-content/cache/www.csjh.ilc.edu.tw/wpfc-minified/1rmg42b/7161.js HTTP/1.1" 200 5166 "https://www.csjh.ilc.edu.tw/" "Mozilla/5.0 (iPhone; CPU iPhone OS 18_7 like Mac OS X) AppleWebKit/605.1.15 (KHTML, like Gecko) Version/26.6 Mobile/15E148 Safari/604.1"
74.7.242.54 - - [26/Aug/2026:23:17:20 +0800] "GET /32745/wp-content/uploads/sites/1271/2023/01/1-816.jpeg HTTP/1.1" 200 19035 "https://2blog.ilc.edu.tw/32745/wp-json/oembed/1.0/embed?format=xml&url=https%3A%2F%2F2blog.ilc.edu.tw%2F32745%2F2023%2F01%2F25%2F%25e8%25a2%2582%25e7%2595%25b6%25e6%2594%25be%2F" "Mozilla/5.0 AppleWebKit/537.36 (KHTML, like Gecko; compatible; GPTBot/1.4; +https://openai.com/gptbot)"
2407:4b00:4c05:5fa:3d31:4d08:b1ed:de9 - - [26/Aug/2026:23:17:20 +0800] "GET /wp-content/cache/www.csjh.ilc.edu.tw/wpfc-minified/lnsd0whl/7160.css HTTP/1.1" 200 34099 "https://www.csjh.ilc.edu.tw/" "Mozilla/5.0 (iPhone; CPU iPhone OS 18_7 like Mac OS X) AppleWebKit/605.1.15 (KHTML, like Gecko) Version/26.6 Mobile/15E148 Safari/604.1"
2407:4b00:4c05:5fa:3d31:4d08:b1ed:de9 - - [26/Aug/2026:23:17:20 +0800] "GET /wp-content/cache/www.csjh.ilc.edu.tw/wpfc-minified/6wb17dsj/7160.css HTTP/1.1" 200 5958 "https://www.csjh.ilc.edu.tw/" "Mozilla/5.0 (iPhone; CPU iPhone OS 18_7 like Mac OS X) AppleWebKit/605.1.15 (KHTML, like Gecko) Version/26.6 Mobile/15E148 Safari/604.1"
2407:4b00:4c05:5fa:3d31:4d08:b1ed:de9 - - [26/Aug/2026:23:17:21 +0800] "GET /wp-content/uploads/sites/980/2023/01/%E5%AD%B8%E6%A0%A1%E5%8F%A3%E8%99%9F.png HTTP/1.1" 200 48636 "https://www.csjh.ilc.edu.tw/" "Mozilla/5.0 (iPhone; CPU iPhone OS 18_7 like Mac OS X) AppleWebKit/605.1.15 (KHTML, like Gecko) Version/26.6 Mobile/15E148 Safari/604.1"
2407:4b00:4c05:5fa:3d31:4d08:b1ed:de9 - - [26/Aug/2026:23:17:21 +0800] "GET /wp-content/cache/www.csjh.ilc.edu.tw/wpfc-minified/9639mew6/789g.css HTTP/1.1" 200 76618 "https://www.csjh.ilc.edu.tw/" "Mozilla/5.0 (iPhone; CPU iPhone OS 18_7 like Mac OS X) AppleWebKit/605.1.15 (KHTML, like Gecko) Version/26.6 Mobile/15E148 Safari/604.1"
2407:4b00:4c05:5fa:3d31:4d08:b1ed:de9 - - [26/Aug/2026:23:17:21 +0800] "GET /wp-content/cache/www.csjh.ilc.edu.tw/wpfc-minified/1z16c07/7160.css HTTP/1.1" 200 58537 "https://www.csjh.ilc.edu.tw/" "Mozilla/5.0 (iPhone; CPU iPhone OS 18_7 like Mac OS X) AppleWebKit/605.1.15 (KHTML, like Gecko) Version/26.6 Mobile/15E148 Safari/604.1"
2407:4b00:4c05:5fa:3d31:4d08:b1ed:de9 - - [26/Aug/2026:23:17:21 +0800] "GET /wp-content/uploads/sites/980/elementor/css/post-1985.css HTTP/1.1" 200 1068 "https://www.csjh.ilc.edu.tw/" "Mozilla/5.0 (iPhone; CPU iPhone OS 18_7 like Mac OS X) AppleWebKit/605.1.15 (KHTML, like Gecko) Version/26.6 Mobile/15E148 Safari/604.1"
2407:4b00:4c05:5fa:3d31:4d08:b1ed:de9 - - [26/Aug/2026:23:17:21 +0800] "GET /wp-content/uploads/sites/980/elementor/css/post-3463.css HTTP/1.1" 200 1374 "https://www.csjh.ilc.edu.tw/" "Mozilla/5.0 (iPhone; CPU iPhone OS 18_7 like Mac OS X) AppleWebKit/605.1.15 (KHTML, like Gecko) Version/26.6 Mobile/15E148 Safari/604.1"
2407:4b00:4c05:5fa:3d31:4d08:b1ed:de9 - - [26/Aug/2026:23:17:21 +0800] "GET /wp-content/uploads/sites/980/elementor/css/post-323.css HTTP/1.1" 200 1212 "https://www.csjh.ilc.edu.tw/" "Mozilla/5.0 (iPhone; CPU iPhone OS 18_7 like Mac OS X) AppleWebKit/605.1.15 (KHTML, like Gecko) Version/26.6 Mobile/15E148 Safari/604.1"
2407:4b00:4c05:5fa:3d31:4d08:b1ed:de9 - - [26/Aug/2026:23:17:21 +0800] "GET /wp-content/uploads/sites/980/elementor/css/post-618.css HTTP/1.1" 200 962 "https://www.csjh.ilc.edu.tw/" "Mozilla/5.0 (iPhone; CPU iPhone OS 18_7 like Mac OS X) AppleWebKit/605.1.15 (KHTML, like Gecko) Version/26.6 Mobile/15E148 Safari/604.1"
2407:4b00:4c05:5fa:3d31:4d08:b1ed:de9 - - [26/Aug/2026:23:17:21 +0800] "GET /wp-content/uploads/sites/980/elementor/css/post-622.css HTTP/1.1" 200 1061 "https://www.csjh.ilc.edu.tw/" "Mozilla/5.0 (iPhone; CPU iPhone OS 18_7 like Mac OS X) AppleWebKit/605.1.15 (KHTML, like Gecko) Version/26.6 Mobile/15E148 Safari/604.1"
2407:4b00:4c05:5fa:3d31:4d08:b1ed:de9 - - [26/Aug/2026:23:17:21 +0800] "GET /wp-content/uploads/sites/980/elementor/css/post-641.css HTTP/1.1" 200 949 "https://www.csjh.ilc.edu.tw/" "Mozilla/5.0 (iPhone; CPU iPhone OS 18_7 like Mac OS X) AppleWebKit/605.1.15 (KHTML, like Gecko) Version/26.6 Mobile/15E148 Safari/604.1"
2407:4b00:4c05:5fa:3d31:4d08:b1ed:de9 - - [26/Aug/2026:23:17:21 +0800] "GET /wp-content/uploads/sites/980/elementor/css/post-651.css HTTP/1.1" 200 939 "https://www.csjh.ilc.edu.tw/" "Mozilla/5.0 (iPhone; CPU iPhone OS 18_7 like Mac OS X) AppleWebKit/605.1.15 (KHTML, like Gecko) Version/26.6 Mobile/15E148 Safari/604.1"
2407:4b00:4c05:5fa:3d31:4d08:b1ed:de9 - - [26/Aug/2026:23:17:21 +0800] "GET /wp-content/cache/www.csjh.ilc.edu.tw/wpfc-minified/dpz4nko1/7160.css HTTP/1.1" 200 13965 "https://www.csjh.ilc.edu.tw/" "Mozilla/5.0 (iPhone; CPU iPhone OS 18_7 like Mac OS X) AppleWebKit/605.1.15 (KHTML, like Gecko) Version/26.6 Mobile/15E148 Safari/604.1"
2407:4b00:4c05:5fa:3d31:4d08:b1ed:de9 - - [26/Aug/2026:23:17:21 +0800] "GET /wp-includes/js/hoverintent-js.min.js HTTP/1.1" 200 1597 "https://www.csjh.ilc.edu.tw/" "Mozilla/5.0 (iPhone; CPU iPhone OS 18_7 like Mac OS X) AppleWebKit/605.1.15 (KHTML, like Gecko) Version/26.6 Mobile/15E148 Safari/604.1"
2407:4b00:4c05:5fa:3d31:4d08:b1ed:de9 - - [26/Aug/2026:23:17:21 +0800] "GET /wp-includes/js/admin-bar.min.js HTTP/1.1" 200 2237 "https://www.csjh.ilc.edu.tw/" "Mozilla/5.0 (iPhone; CPU iPhone OS 18_7 like Mac OS X) AppleWebKit/605.1.15 (KHTML, like Gecko) Version/26.6 Mobile/15E148 Safari/604.1"
2407:4b00:4c05:5fa:3d31:4d08:b1ed:de9 - - [26/Aug/2026:23:17:21 +0800] "GET /wp-includes/js/imagesloaded.min.js HTTP/1.1" 200 2683 "https://www.csjh.ilc.edu.tw/" "Mozilla/5.0 (iPhone; CPU iPhone OS 18_7 like Mac OS X) AppleWebKit/605.1.15 (KHTML, like Gecko) Version/26.6 Mobile/15E148 Safari/604.1"
36.226.220.183 - - [26/Aug/2026:23:17:21 +0800] "-" 408 339 "-" "-"
2407:4b00:4c05:5fa:3d31:4d08:b1ed:de9 - - [26/Aug/2026:23:17:21 +0800] "GET /wp-content/themes/oceanwp/assets/js/theme.min.js HTTP/1.1" 200 5130 "https://www.csjh.ilc.edu.tw/" "Mozilla/5.0 (iPhone; CPU iPhone OS 18_7 like Mac OS X) AppleWebKit/605.1.15 (KHTML, like Gecko) Version/26.6 Mobile/15E148 Safari/604.1"
36.226.220.183 - - [26/Aug/2026:23:17:21 +0800] "-" 408 339 "-" "-"
2407:4b00:4c05:5fa:3d31:4d08:b1ed:de9 - - [26/Aug/2026:23:17:21 +0800] "GET /wp-content/themes/oceanwp/assets/js/drop-down-mobile-menu.min.js HTTP/1.1" 200 4663 "https://www.csjh.ilc.edu.tw/" "Mozilla/5.0 (iPhone; CPU iPhone OS 18_7 like Mac OS X) AppleWebKit/605.1.15 (KHTML, like Gecko) Version/26.6 Mobile/15E148 Safari/604.1"
2407:4b00:4c05:5fa:3d31:4d08:b1ed:de9 - - [26/Aug/2026:23:17:21 +0800] "GET /wp-content/themes/oceanwp/assets/js/vendors/magnific-popup.min.js HTTP/1.1" 200 8270 "https://www.csjh.ilc.edu.tw/" "Mozilla/5.0 (iPhone; CPU iPhone OS 18_7 like Mac OS X) AppleWebKit/605.1.15 (KHTML, like Gecko) Version/26.6 Mobile/15E148 Safari/604.1"
2407:4b00:4c05:5fa:3d31:4d08:b1ed:de9 - - [26/Aug/2026:23:17:21 +0800] "GET /wp-content/uploads/sites/980/elementor/css/post-2127.css HTTP/1.1" 200 6070 "https://www.csjh.ilc.edu.tw/" "Mozilla/5.0 (iPhone; CPU iPhone OS 18_7 like Mac OS X) AppleWebKit/605.1.15 (KHTML, like Gecko) Version/26.6 Mobile/15E148 Safari/604.1"
2407:4b00:4c05:5fa:3d31:4d08:b1ed:de9 - - [26/Aug/2026:23:17:21 +0800] "GET /wp-content/themes/oceanwp/assets/js/ow-lightbox.min.js HTTP/1.1" 200 2321 "https://www.csjh.ilc.edu.tw/" "Mozilla/5.0 (iPhone; CPU iPhone OS 18_7 like Mac OS X) AppleWebKit/605.1.15 (KHTML, like Gecko) Version/26.6 Mobile/15E148 Safari/604.1"
2407:4b00:4c05:5fa:3d31:4d08:b1ed:de9 - - [26/Aug/2026:23:17:21 +0800] "GET /wp-content/themes/oceanwp/assets/js/vendors/flickity.pkgd.min.js HTTP/1.1" 200 15048 "https://www.csjh.ilc.edu.tw/" "Mozilla/5.0 (iPhone; CPU iPhone OS 18_7 like Mac OS X) AppleWebKit/605.1.15 (KHTML, like Gecko) Version/26.6 Mobile/15E148 Safari/604.1"
2407:4b00:4c05:5fa:3d31:4d08:b1ed:de9 - - [26/Aug/2026:23:17:21 +0800] "GET /wp-content/themes/oceanwp/assets/js/ow-slider.min.js HTTP/1.1" 200 1761 "https://www.csjh.ilc.edu.tw/" "Mozilla/5.0 (iPhone; CPU iPhone OS 18_7 like Mac OS X) AppleWebKit/605.1.15 (KHTML, like Gecko) Version/26.6 Mobile/15E148 Safari/604.1"
2407:4b00:4c05:5fa:3d31:4d08:b1ed:de9 - - [26/Aug/2026:23:17:21 +0800] "GET /wp-content/themes/oceanwp/assets/js/scroll-effect.min.js HTTP/1.1" 200 4127 "https://www.csjh.ilc.edu.tw/" "Mozilla/5.0 (iPhone; CPU iPhone OS 18_7 like Mac OS X) AppleWebKit/605.1.15 (KHTML, like Gecko) Version/26.6 Mobile/15E148 Safari/604.1"
2407:4b00:4c05:5fa:3d31:4d08:b1ed:de9 - - [26/Aug/2026:23:17:21 +0800] "GET /wp-content/themes/oceanwp/assets/js/scroll-top.min.js HTTP/1.1" 200 3202 "https://www.csjh.ilc.edu.tw/" "Mozilla/5.0 (iPhone; CPU iPhone OS 18_7 like Mac OS X) AppleWebKit/605.1.15 (KHTML, like Gecko) Version/26.6 Mobile/15E148 Safari/604.1"
2407:4b00:4c05:5fa:3d31:4d08:b1ed:de9 - - [26/Aug/2026:23:17:21 +0800] "GET /wp-content/themes/oceanwp/assets/js/select.min.js HTTP/1.1" 200 2408 "https://www.csjh.ilc.edu.tw/" "Mozilla/5.0 (iPhone; CPU iPhone OS 18_7 like Mac OS X) AppleWebKit/605.1.15 (KHTML, like Gecko) Version/26.6 Mobile/15E148 Safari/604.1"
2407:4b00:4c05:5fa:3d31:4d08:b1ed:de9 - - [26/Aug/2026:23:17:21 +0800] "GET /wp-content/plugins/ocean-extra/includes/widgets/js/flickr.min.js HTTP/1.1" 200 1319 "https://www.csjh.ilc.edu.tw/" "Mozilla/5.0 (iPhone; CPU iPhone OS 18_7 like Mac OS X) AppleWebKit/605.1.15 (KHTML, like Gecko) Version/26.6 Mobile/15E148 Safari/604.1"
2407:4b00:4c05:5fa:3d31:4d08:b1ed:de9 - - [26/Aug/2026:23:17:21 +0800] "GET /wp-content/plugins/elementor-pro/assets/js/webpack-pro.runtime.min.js HTTP/1.1" 200 3562 "https://www.csjh.ilc.edu.tw/" "Mozilla/5.0 (iPhone; CPU iPhone OS 18_7 like Mac OS X) AppleWebKit/605.1.15 (KHTML, like Gecko) Version/26.6 Mobile/15E148 Safari/604.1"
2407:4b00:4c05:5fa:3d31:4d08:b1ed:de9 - - [26/Aug/2026:23:17:21 +0800] "GET /wp-content/plugins/elementor/assets/js/webpack.runtime.min.js HTTP/1.1" 200 3095 "https://www.csjh.ilc.edu.tw/" "Mozilla/5.0 (iPhone; CPU iPhone OS 18_7 like Mac OS X) AppleWebKit/605.1.15 (KHTML, like Gecko) Version/26.6 Mobile/15E148 Safari/604.1"
2407:4b00:4c05:5fa:3d31:4d08:b1ed:de9 - - [26/Aug/2026:23:17:21 +0800] "GET /wp-content/plugins/elementor/assets/js/frontend-modules.min.js HTTP/1.1" 200 19416 "https://www.csjh.ilc.edu.tw/" "Mozilla/5.0 (iPhone; CPU iPhone OS 18_7 like Mac OS X) AppleWebKit/605.1.15 (KHTML, like Gecko) Version/26.6 Mobile/15E148 Safari/604.1"
2407:4b00:4c05:5fa:3d31:4d08:b1ed:de9 - - [26/Aug/2026:23:17:21 +0800] "GET /wp-content/plugins/elementor-pro/assets/js/frontend.min.js HTTP/1.1" 200 7574 "https://www.csjh.ilc.edu.tw/" "Mozilla/5.0 (iPhone; CPU iPhone OS 18_7 like Mac OS X) AppleWebKit/605.1.15 (KHTML, like Gecko) Version/26.6 Mobile/15E148 Safari/604.1"
2407:4b00:4c05:5fa:3d31:4d08:b1ed:de9 - - [26/Aug/2026:23:17:21 +0800] "GET /wp-includes/js/dist/hooks.min.js HTTP/1.1" 200 2421 "https://www.csjh.ilc.edu.tw/" "Mozilla/5.0 (iPhone; CPU iPhone OS 18_7 like Mac OS X) AppleWebKit/605.1.15 (KHTML, like Gecko) Version/26.6 Mobile/15E148 Safari/604.1"
2407:4b00:4c05:5fa:3d31:4d08:b1ed:de9 - - [26/Aug/2026:23:17:21 +0800] "GET /wp-includes/js/dist/i18n.min.js HTTP/1.1" 200 4547 "https://www.csjh.ilc.edu.tw/" "Mozilla/5.0 (iPhone; CPU iPhone OS 18_7 like Mac OS X) AppleWebKit/605.1.15 (KHTML, like Gecko) Version/26.6 Mobile/15E148 Safari/604.1"
2407:4b00:4c05:5fa:3d31:4d08:b1ed:de9 - - [26/Aug/2026:23:17:21 +0800] "GET /wp-content/plugins/elementor/assets/lib/waypoints/waypoints.min.js HTTP/1.1" 200 3873 "https://www.csjh.ilc.edu.tw/" "Mozilla/5.0 (iPhone; CPU iPhone OS 18_7 like Mac OS X) AppleWebKit/605.1.15 (KHTML, like Gecko) Version/26.6 Mobile/15E148 Safari/604.1"
2407:4b00:4c05:5fa:3d31:4d08:b1ed:de9 - - [26/Aug/2026:23:17:21 +0800] "GET /wp-includes/js/jquery/ui/core.min.js HTTP/1.1" 200 7986 "https://www.csjh.ilc.edu.tw/" "Mozilla/5.0 (iPhone; CPU iPhone OS 18_7 like Mac OS X) AppleWebKit/605.1.15 (KHTML, like Gecko) Version/26.6 Mobile/15E148 Safari/604.1"
74.7.242.54 - - [26/Aug/2026:23:17:21 +0800] "GET /32745/wp-content/uploads/sites/1271/2023/01/1-786.jpeg HTTP/1.1" 200 16380 "https://2blog.ilc.edu.tw/32745/wp-json/oembed/1.0/embed?format=xml&url=https%3A%2F%2F2blog.ilc.edu.tw%2F32745%2F2023%2F01%2F24%2F%25e5%2595%25a5%25e4%25ba%25ba%25e7%2584%25a1%25e5%25bf%2583%25e4%25ba%258b%2F" "Mozilla/5.0 AppleWebKit/537.36 (KHTML, like Gecko; compatible; GPTBot/1.4; +https://openai.com/gptbot)"
2407:4b00:4c05:5fa:3d31:4d08:b1ed:de9 - - [26/Aug/2026:23:17:21 +0800] "GET /wp-content/plugins/elementor/assets/js/frontend.min.js HTTP/1.1" 200 13169 "https://www.csjh.ilc.edu.tw/" "Mozilla/5.0 (iPhone; CPU iPhone OS 18_7 like Mac OS X) AppleWebKit/605.1.15 (KHTML, like Gecko) Version/26.6 Mobile/15E148 Safari/604.1"
2407:4b00:4c05:5fa:3d31:4d08:b1ed:de9 - - [26/Aug/2026:23:17:21 +0800] "GET /wp-content/plugins/elementor-pro/assets/js/elements-handlers.min.js HTTP/1.1" 200 10882 "https://www.csjh.ilc.edu.tw/" "Mozilla/5.0 (iPhone; CPU iPhone OS 18_7 like Mac OS X) AppleWebKit/605.1.15 (KHTML, like Gecko) Version/26.6 Mobile/15E148 Safari/604.1"
2407:4b00:4c05:5fa:3d31:4d08:b1ed:de9 - - [26/Aug/2026:23:17:21 +0800] "GET /wp-content/plugins/elementor/assets/lib/font-awesome/webfonts/fa-solid-900.woff2 HTTP/1.1" 200 79223 "https://www.csjh.ilc.edu.tw/" "Mozilla/5.0 (iPhone; CPU iPhone OS 18_7 like Mac OS X) AppleWebKit/605.1.15 (KHTML, like Gecko) Version/26.6 Mobile/15E148 Safari/604.1"
2407:4b00:4c05:5fa:3d31:4d08:b1ed:de9 - - [26/Aug/2026:23:17:21 +0800] "GET /wp-content/plugins/elementor/assets/lib/eicons/fonts/eicons.woff2?5.30.0 HTTP/1.1" 200 98225 "https://www.csjh.ilc.edu.tw/" "Mozilla/5.0 (iPhone; CPU iPhone OS 18_7 like Mac OS X) AppleWebKit/605.1.15 (KHTML, like Gecko) Version/26.6 Mobile/15E148 Safari/604.1"
2407:4b00:4c05:5fa:3d31:4d08:b1ed:de9 - - [26/Aug/2026:23:17:21 +0800] "GET /wp-content/uploads/sites/980/2025/12/%E6%A0%A1%E7%B6%B2%E9%A6%96%E9%A0%81%E5%85%AC%E5%91%8A%E5%9C%96-800-x-600-px-1-768x576.png HTTP/1.1" 200 101451 "https://www.csjh.ilc.edu.tw/" "Mozilla/5.0 (iPhone; CPU iPhone OS 18_7 like Mac OS X) AppleWebKit/605.1.15 (KHTML, like Gecko) Version/26.6 Mobile/15E148 Safari/604.1"
2407:4b00:4c05:5fa:3d31:4d08:b1ed:de9 - - [26/Aug/2026:23:17:21 +0800] "GET /wp-content/uploads/sites/980/2026/04/%E6%A0%A1%E7%B6%B2%E9%A6%96%E9%A0%81%E5%85%AC%E5%91%8A%E5%9C%96-800-x-600-px-768x576.png HTTP/1.1" 200 163779 "https://www.csjh.ilc.edu.tw/" "Mozilla/5.0 (iPhone; CPU iPhone OS 18_7 like Mac OS X) AppleWebKit/605.1.15 (KHTML, like Gecko) Version/26.6 Mobile/15E148 Safari/604.1"
2407:4b00:4c05:5fa:3d31:4d08:b1ed:de9 - - [26/Aug/2026:23:17:21 +0800] "GET /wp-content/uploads/sites/980/2026/03/%E6%A0%A1%E7%B6%B2%E9%A6%96%E9%A0%81%E5%85%AC%E5%91%8A%E5%9C%96-800-x-600-px-1-768x576.png HTTP/1.1" 200 95640 "https://www.csjh.ilc.edu.tw/" "Mozilla/5.0 (iPhone; CPU iPhone OS 18_7 like Mac OS X) AppleWebKit/605.1.15 (KHTML, like Gecko) Version/26.6 Mobile/15E148 Safari/604.1"
2407:4b00:4c05:5fa:3d31:4d08:b1ed:de9 - - [26/Aug/2026:23:17:21 +0800] "GET /wp-content/uploads/sites/980/2026/04/%E6%A0%A1%E7%B6%B2%E9%A6%96%E9%A0%81%E5%85%AC%E5%91%8A%E5%9C%96-800-x-600-px-8-768x576.png HTTP/1.1" 200 117386 "https://www.csjh.ilc.edu.tw/" "Mozilla/5.0 (iPhone; CPU iPhone OS 18_7 like Mac OS X) AppleWebKit/605.1.15 (KHTML, like Gecko) Version/26.6 Mobile/15E148 Safari/604.1"
2407:4b00:4c05:5fa:3d31:4d08:b1ed:de9 - - [26/Aug/2026:23:17:21 +0800] "GET /wp-content/uploads/sites/980/2025/06/%E5%AE%9C%E8%98%AD%E7%B8%A3%E7%AB%8B%E7%A4%81%E6%BA%AA%E5%9C%8B%E6%B0%91%E4%B8%AD%E5%AD%B8-1.png HTTP/1.1" 200 726768 "https://www.csjh.ilc.edu.tw/" "Mozilla/5.0 (iPhone; CPU iPhone OS 18_7 like Mac OS X) AppleWebKit/605.1.15 (KHTML, like Gecko) Version/26.6 Mobile/15E148 Safari/604.1"
2407:4b00:4c05:5fa:3d31:4d08:b1ed:de9 - - [26/Aug/2026:23:17:21 +0800] "GET /wp-content/uploads/sites/980/2020/03/%E9%A6%96%E9%A0%81%E6%A8%99%E8%AA%8C6.png HTTP/1.1" 200 9824 "https://www.csjh.ilc.edu.tw/" "Mozilla/5.0 (iPhone; CPU iPhone OS 18_7 like Mac OS X) AppleWebKit/605.1.15 (KHTML, like Gecko) Version/26.6 Mobile/15E148 Safari/604.1"
2407:4b00:4c05:5fa:3d31:4d08:b1ed:de9 - - [26/Aug/2026:23:17:21 +0800] "GET /wp-content/themes/oceanwp/assets/fonts/fontawesome/webfonts/fa-solid-900.woff2 HTTP/1.1" 200 151246 "https://www.csjh.ilc.edu.tw/" "Mozilla/5.0 (iPhone; CPU iPhone OS 18_7 like Mac OS X) AppleWebKit/605.1.15 (KHTML, like Gecko) Version/26.6 Mobile/15E148 Safari/604.1"
2407:4b00:4c05:5fa:3d31:4d08:b1ed:de9 - - [26/Aug/2026:23:17:21 +0800] "GET /wp-content/plugins/elementor/assets/lib/font-awesome/webfonts/fa-brands-400.woff2 HTTP/1.1" 200 82661 "https://www.csjh.ilc.edu.tw/" "Mozilla/5.0 (iPhone; CPU iPhone OS 18_7 like Mac OS X) AppleWebKit/605.1.15 (KHTML, like Gecko) Version/26.6 Mobile/15E148 Safari/604.1"
66.249.71.38 - - [26/Aug/2026:23:17:21 +0800] "GET /wp-content/uploads/sites/67/26150/26150-3401975.pdf HTTP/1.1" 200 276799 "-" "Googlebot/2.1 (+http://www.google.com/bot.html)"
2407:4b00:4c05:5fa:3d31:4d08:b1ed:de9 - - [26/Aug/2026:23:17:21 +0800] "GET /wp-content/uploads/sites/980/2026/03/%E6%A0%A1%E7%B6%B2%E9%A6%96%E9%A0%81%E5%85%AC%E5%91%8A%E5%9C%96-800-x-600-px-768x576.png HTTP/1.1" 200 543943 "https://www.csjh.ilc.edu.tw/" "Mozilla/5.0 (iPhone; CPU iPhone OS 18_7 like Mac OS X) AppleWebKit/605.1.15 (KHTML, like Gecko) Version/26.6 Mobile/15E148 Safari/604.1"
2407:4b00:4c05:5fa:3d31:4d08:b1ed:de9 - - [26/Aug/2026:23:17:21 +0800] "GET /wp-content/plugins/elementor-pro/assets/js/social.2d2e44e8608690943f29.bundle.min.js HTTP/1.1" 200 1433 "https://www.csjh.ilc.edu.tw/" "Mozilla/5.0 (iPhone; CPU iPhone OS 18_7 like Mac OS X) AppleWebKit/605.1.15 (KHTML, like Gecko) Version/26.6 Mobile/15E148 Safari/604.1"
2407:4b00:4c05:5fa:3d31:4d08:b1ed:de9 - - [26/Aug/2026:23:17:21 +0800] "GET /wp-content/plugins/elementor/assets/js/image-carousel.4455c6362492d9067512.bundle.min.js HTTP/1.1" 200 1176 "https://www.csjh.ilc.edu.tw/" "Mozilla/5.0 (iPhone; CPU iPhone OS 18_7 like Mac OS X) AppleWebKit/605.1.15 (KHTML, like Gecko) Version/26.6 Mobile/15E148 Safari/604.1"
2407:4b00:4c05:5fa:3d31:4d08:b1ed:de9 - - [26/Aug/2026:23:17:21 +0800] "GET /wp-content/uploads/sites/980/2026/04/Celebrating-Samira-Hadids-Birthday-768x576.png HTTP/1.1" 200 131408 "https://www.csjh.ilc.edu.tw/" "Mozilla/5.0 (iPhone; CPU iPhone OS 18_7 like Mac OS X) AppleWebKit/605.1.15 (KHTML, like Gecko) Version/26.6 Mobile/15E148 Safari/604.1"
2407:4b00:4c05:5fa:3d31:4d08:b1ed:de9 - - [26/Aug/2026:23:17:21 +0800] "GET /wp-content/plugins/elementor/assets/js/text-editor.2c35aafbe5bf0e127950.bundle.min.js HTTP/1.1" 200 1545 "https://www.csjh.ilc.edu.tw/" "Mozilla/5.0 (iPhone; CPU iPhone OS 18_7 like Mac OS X) AppleWebKit/605.1.15 (KHTML, like Gecko) Version/26.6 Mobile/15E148 Safari/604.1"
2407:4b00:4c05:5fa:3d31:4d08:b1ed:de9 - - [26/Aug/2026:23:17:21 +0800] "GET /wp-content/themes/oceanwp/assets/fonts/fontawesome/webfonts/fa-brands-400.woff2 HTTP/1.1" 200 110924 "https://www.csjh.ilc.edu.tw/" "Mozilla/5.0 (iPhone; CPU iPhone OS 18_7 like Mac OS X) AppleWebKit/605.1.15 (KHTML, like Gecko) Version/26.6 Mobile/15E148 Safari/604.1"
74.7.242.54 - - [26/Aug/2026:23:17:22 +0800] "GET /32745/wp-content/uploads/sites/1271/2023/01/1-689.jpeg HTTP/1.1" 200 7539 "https://2blog.ilc.edu.tw/32745/2023/01/23/page/5/" "Mozilla/5.0 AppleWebKit/537.36 (KHTML, like Gecko; compatible; GPTBot/1.4; +https://openai.com/gptbot)"
2407:4b00:4c05:5fa:3d31:4d08:b1ed:de9 - - [26/Aug/2026:23:17:22 +0800] "GET /wp-content/plugins/elementor/assets/lib/swiper/v8/swiper.min.js?ver=8.4.5 HTTP/1.1" 200 40708 "https://www.csjh.ilc.edu.tw/" "Mozilla/5.0 (iPhone; CPU iPhone OS 18_7 like Mac OS X) AppleWebKit/605.1.15 (KHTML, like Gecko) Version/26.6 Mobile/15E148 Safari/604.1"
2407:4b00:4c05:5fa:3d31:4d08:b1ed:de9 - - [26/Aug/2026:23:17:22 +0800] "GET /wp-content/uploads/sites/980/2021/11/1.png HTTP/1.1" 200 16172 "https://www.csjh.ilc.edu.tw/" "Mozilla/5.0 (iPhone; CPU iPhone OS 18_7 like Mac OS X) AppleWebKit/605.1.15 (KHTML, like Gecko) Version/26.6 Mobile/15E148 Safari/604.1"
2407:4b00:4c05:5fa:3d31:4d08:b1ed:de9 - - [26/Aug/2026:23:17:22 +0800] "GET /wp-content/uploads/sites/980/2021/11/2.png HTTP/1.1" 200 15182 "https://www.csjh.ilc.edu.tw/" "Mozilla/5.0 (iPhone; CPU iPhone OS 18_7 like Mac OS X) AppleWebKit/605.1.15 (KHTML, like Gecko) Version/26.6 Mobile/15E148 Safari/604.1"
2407:4b00:4c05:5fa:3d31:4d08:b1ed:de9 - - [26/Aug/2026:23:17:22 +0800] "GET /wp-content/uploads/sites/980/2021/05/%E6%93%B7%E5%8F%96.png HTTP/1.1" 200 3852 "https://www.csjh.ilc.edu.tw/" "Mozilla/5.0 (iPhone; CPU iPhone OS 18_7 like Mac OS X) AppleWebKit/605.1.15 (KHTML, like Gecko) Version/26.6 Mobile/15E148 Safari/604.1"
2407:4b00:4c05:5fa:3d31:4d08:b1ed:de9 - - [26/Aug/2026:23:17:22 +0800] "GET /wp-content/uploads/sites/980/2020/04/%E7%A4%81%E4%B8%AD%E9%98%B2%E7%96%AB%E5%B0%88%E5%8D%80%E5%9C%96.gif HTTP/1.1" 200 5719 "https://www.csjh.ilc.edu.tw/" "Mozilla/5.0 (iPhone; CPU iPhone OS 18_7 like Mac OS X) AppleWebKit/605.1.15 (KHTML, like Gecko) Version/26.6 Mobile/15E148 Safari/604.1"
34.30.223.149 - - [26/Aug/2026:23:17:22 +0800] "GET /32745/?p=37510 HTTP/1.1" 301 5695 "-" "Mozilla/5.0 (Macintosh; Intel Mac OS X 10_15_7) AppleWebKit/537.36 (KHTML, like Gecko) Chrome/120.0.0.0 Safari/537.36"
2407:4b00:4c05:5fa:3d31:4d08:b1ed:de9 - - [26/Aug/2026:23:17:22 +0800] "GET /wp-content/uploads/sites/980/2019/09/%E9%98%B2%E7%96%AB%E5%B0%88%E5%8D%80%E5%9C%96.png HTTP/1.1" 200 8378 "https://www.csjh.ilc.edu.tw/" "Mozilla/5.0 (iPhone; CPU iPhone OS 18_7 like Mac OS X) AppleWebKit/605.1.15 (KHTML, like Gecko) Version/26.6 Mobile/15E148 Safari/604.1"
2407:4b00:4c05:5fa:3d31:4d08:b1ed:de9 - - [26/Aug/2026:23:17:22 +0800] "GET /wp-content/uploads/sites/980/2020/04/%E9%98%B2%E7%96%AB%E8%87%AA%E4%B8%BB%E5%AD%B8%E7%BF%92%E5%9C%96.gif HTTP/1.1" 200 4316 "https://www.csjh.ilc.edu.tw/" "Mozilla/5.0 (iPhone; CPU iPhone OS 18_7 like Mac OS X) AppleWebKit/605.1.15 (KHTML, like Gecko) Version/26.6 Mobile/15E148 Safari/604.1"
2407:4b00:4c05:5fa:3d31:4d08:b1ed:de9 - - [26/Aug/2026:23:17:22 +0800] "GET /wp-content/uploads/sites/980/2021/02/%E8%A1%9B%E7%A6%8F%E9%83%A8%E7%96%BE%E7%AE%A1%E6%9A%91.png HTTP/1.1" 200 15009 "https://www.csjh.ilc.edu.tw/" "Mozilla/5.0 (iPhone; CPU iPhone OS 18_7 like Mac OS X) AppleWebKit/605.1.15 (KHTML, like Gecko) Version/26.6 Mobile/15E148 Safari/604.1"
2407:4b00:4c05:5fa:3d31:4d08:b1ed:de9 - - [26/Aug/2026:23:17:22 +0800] "GET /wp-content/uploads/sites/980/2021/02/%E6%95%99%E8%82%B2%E9%83%A8%E5%AD%B8%E6%A0%A1%E8%A1%9B%E7%94%9F%E8%B3%87%E8%A8%8A%E7%B6%B2.png HTTP/1.1" 200 27705 "https://www.csjh.ilc.edu.tw/" "Mozilla/5.0 (iPhone; CPU iPhone OS 18_7 like Mac OS X) AppleWebKit/605.1.15 (KHTML, like Gecko) Version/26.6 Mobile/15E148 Safari/604.1"
34.57.162.91 - - [26/Aug/2026:23:17:21 +0800] "GET /17160/2021/01/15/%E3%80%90%E5%85%AD%E5%B9%B4%E7%B4%9A%E3%80%91%E6%9C%9F%E6%9C%AB%E7%81%AB%E9%8D%8B%E8%B6%B4-%E7%95%A2%E6%A5%AD%E5%89%8D%E7%9A%84%E5%9B%9E%E6%86%B6/ HTTP/1.1" 200 19660 "-" "Mozilla/5.0 (Macintosh; Intel Mac OS X 10_15_7) AppleWebKit/537.36 (KHTML, like Gecko) Chrome/120.0.0.0 Safari/537.36"
2407:4b00:4c05:5fa:3d31:4d08:b1ed:de9 - - [26/Aug/2026:23:17:22 +0800] "GET /wp-content/uploads/sites/980/2021/02/%E7%96%BE%E7%AE%A1%E5%AE%B6.png HTTP/1.1" 200 20028 "https://www.csjh.ilc.edu.tw/" "Mozilla/5.0 (iPhone; CPU iPhone OS 18_7 like Mac OS X) AppleWebKit/605.1.15 (KHTML, like Gecko) Version/26.6 Mobile/15E148 Safari/604.1"
2407:4b00:4c05:5fa:3d31:4d08:b1ed:de9 - - [26/Aug/2026:23:17:22 +0800] "GET /wp-content/uploads/sites/980/2019/09/%E5%AD%B8%E6%A0%A1QRcode.jpg HTTP/1.1" 200 6887 "https://www.csjh.ilc.edu.tw/" "Mozilla/5.0 (iPhone; CPU iPhone OS 18_7 like Mac OS X) AppleWebKit/605.1.15 (KHTML, like Gecko) Version/26.6 Mobile/15E148 Safari/604.1"
74.7.242.54 - - [26/Aug/2026:23:17:22 +0800] "GET /32745/wp-content/uploads/sites/1271/2023/01/1-469.jpeg HTTP/1.1" 200 18105 "https://2blog.ilc.edu.tw/32745/wp-json/oembed/1.0/embed?format=xml&url=https%3A%2F%2F2blog.ilc.edu.tw%2F32745%2F2023%2F01%2F21%2F%25e7%2584%25a1%25e6%259c%2588%25e7%259a%2584%25e6%259a%2597%25e6%259a%259d%2F" "Mozilla/5.0 AppleWebKit/537.36 (KHTML, like Gecko; compatible; GPTBot/1.4; +https://openai.com/gptbot)"
2407:4b00:4c05:5fa:3d31:4d08:b1ed:de9 - - [26/Aug/2026:23:17:22 +0800] "GET /wp-content/uploads/sites/980/2019/09/%E4%B8%AD%E8%8B%B1%E6%96%87%E6%A0%A1%E5%BE%BD-150x150.png HTTP/1.1" 200 36911 "https://www.csjh.ilc.edu.tw/" "Mozilla/5.0 (iPhone; CPU iPhone OS 18_7 like Mac OS X) AppleWebKit/605.1.15 (KHTML, like Gecko) Version/26.6 Mobile/15E148 Safari/604.1"
2001:288:a201::66:125 - - [26/Aug/2026:23:17:23 +0800] "GET /blog/active.php HTTP/1.1" 301 1026 "-" "-"
74.7.242.54 - - [26/Aug/2026:23:17:23 +0800] "GET /32745/wp-content/uploads/sites/1271/2023/11/1-396.jpeg HTTP/1.1" 200 8927 "https://2blog.ilc.edu.tw/32745/wp-json/oembed/1.0/embed?format=xml&url=https%3A%2F%2F2blog.ilc.edu.tw%2F32745%2F2023%2F11%2F25%2F%25e4%25b8%2580%25e5%25a4%259c%25e6%2581%25a8%2F" "Mozilla/5.0 AppleWebKit/537.36 (KHTML, like Gecko; compatible; GPTBot/1.4; +https://openai.com/gptbot)"
2001:288:a201::66:125 - - [26/Aug/2026:23:17:23 +0800] "GET /blog/active.php HTTP/1.1" 404 1084 "-" "-"
2407:4b00:4c05:5fa:3d31:4d08:b1ed:de9 - - [26/Aug/2026:23:17:22 +0800] "GET /wp-content/uploads/sites/980/2019/09/%E4%B8%AD%E8%8B%B1%E6%96%87%E6%A0%A1%E5%BE%BD.png HTTP/1.1" 200 153082 "https://www.csjh.ilc.edu.tw/" "Mozilla/5.0 (iPhone; CPU iPhone OS 18_7 like Mac OS X) AppleWebKit/605.1.15 (KHTML, like Gecko) Version/26.6 Mobile/15E148 Safari/604.1"
74.7.242.54 - - [26/Aug/2026:23:17:23 +0800] "GET /32745/wp-content/uploads/sites/1271/2023/01/1-489.jpeg HTTP/1.1" 200 18604 "https://2blog.ilc.edu.tw/32745/wp-json/oembed/1.0/embed?format=xml&url=https%3A%2F%2F2blog.ilc.edu.tw%2F32745%2F2023%2F01%2F21%2F%25e4%25b8%2580%25e5%258d%258a%25e7%259a%2584%25e6%2584%259f%25e6%2583%2585%2F" "Mozilla/5.0 AppleWebKit/537.36 (KHTML, like Gecko; compatible; GPTBot/1.4; +https://openai.com/gptbot)"
74.7.242.54 - - [26/Aug/2026:23:17:24 +0800] "GET /32745/wp-content/uploads/sites/1271/2023/01/1-628.jpeg HTTP/1.1" 200 10907 "https://2blog.ilc.edu.tw/32745/2023/01/22/page/3/" "Mozilla/5.0 AppleWebKit/537.36 (KHTML, like Gecko; compatible; GPTBot/1.4; +https://openai.com/gptbot)"
140.111.67.80 - - [26/Aug/2026:23:17:24 +0800] "GET / HTTP/1.1" 302 5278 "-" "Mozilla/5.0 zgrab/0.x"
23.21.228.180 - - [26/Aug/2026:23:17:24 +0800] "GET /wp-content/uploads/sites/698/2022/05/?C=N;O%3DD HTTP/1.1" 200 1113 "-" "Mozilla/5.0 AppleWebKit/537.36 (KHTML, like Gecko; compatible; Amazonbot/0.1; +https://developer.amazon.com/support/amazonbot) Chrome/119.0.6045.214 Safari/537.36"
36.229.226.151 - - [26/Aug/2026:23:17:24 +0800] "-" 408 4801 "-" "-"
36.229.241.48 - - [26/Aug/2026:23:17:24 +0800] "GET /?p=936 HTTP/1.1" 200 32327 "https://www.nses.ilc.edu.tw/" "Mozilla/5.0 (iPhone; CPU iPhone OS 17_3_1 like Mac OS X) AppleWebKit/605.1.15 (KHTML, like Gecko) Version/17.3.1 Mobile/15E148 Safari/604.1"
36.229.241.48 - - [26/Aug/2026:23:17:24 +0800] "GET /wp-content/plugins/elementor/assets/lib/animations/animations.min.css HTTP/1.1" 200 8267 "https://www.nses.ilc.edu.tw/?p=936" "Mozilla/5.0 (iPhone; CPU iPhone OS 17_3_1 like Mac OS X) AppleWebKit/605.1.15 (KHTML, like Gecko) Version/17.3.1 Mobile/15E148 Safari/604.1"
36.229.241.48 - - [26/Aug/2026:23:17:24 +0800] "GET /wp-content/uploads/sites/1678/elementor/css/post-936.css HTTP/1.1" 200 1075 "https://www.nses.ilc.edu.tw/?p=936" "Mozilla/5.0 (iPhone; CPU iPhone OS 17_3_1 like Mac OS X) AppleWebKit/605.1.15 (KHTML, like Gecko) Version/17.3.1 Mobile/15E148 Safari/604.1"
74.7.242.54 - - [26/Aug/2026:23:17:24 +0800] "GET /32745/wp-content/uploads/sites/1271/2024/09/1-137.jpeg HTTP/1.1" 200 7670 "https://2blog.ilc.edu.tw/32745/2024/09/14/%e9%9b%aa-2/" "Mozilla/5.0 AppleWebKit/537.36 (KHTML, like Gecko; compatible; GPTBot/1.4; +https://openai.com/gptbot)"
::1 - - [26/Aug/2026:23:17:25 +0800] "OPTIONS * HTTP/1.0" 200 110 "-" "Apache/2.4.68 (Ubuntu) OpenSSL/3.0.19 (internal dummy connection)"
74.7.242.54 - - [26/Aug/2026:23:17:25 +0800] "GET /32745/wp-content/uploads/sites/1271/2025/02/1-398.jpeg HTTP/1.1" 200 39291 "https://2blog.ilc.edu.tw/32745/wp-json/oembed/1.0/embed?format=xml&url=https%3A%2F%2F2blog.ilc.edu.tw%2F32745%2F2024%2F11%2F25%2F%25e9%25a7%25b1%25e9%2599%25bdvsjojo%2F" "Mozilla/5.0 AppleWebKit/537.36 (KHTML, like Gecko; compatible; GPTBot/1.4; +https://openai.com/gptbot)"
36.229.241.48 - - [26/Aug/2026:23:17:25 +0800] "POST /index.php?rest_route=/ilc-summary/v1/popular-posts HTTP/1.1" 201 1283 "https://www.nses.ilc.edu.tw/?p=936" "Mozilla/5.0 (iPhone; CPU iPhone OS 17_3_1 like Mac OS X) AppleWebKit/605.1.15 (KHTML, like Gecko) Version/17.3.1 Mobile/15E148 Safari/604.1"
140.111.67.10 - - [26/Aug/2026:23:17:25 +0800] "GET /" 301 273 "-" "-"
74.7.242.54 - - [26/Aug/2026:23:17:25 +0800] "GET /32745/wp-content/uploads/sites/1271/2024/08/1-143.jpeg HTTP/1.1" 200 20807 "https://2blog.ilc.edu.tw/32745/wp-json/oembed/1.0/embed?format=xml&url=https%3A%2F%2F2blog.ilc.edu.tw%2F32745%2F2024%2F08%2F04%2F%25e7%2597%25b4%25e6%2588%2580%25e5%25a4%25a2%2F" "Mozilla/5.0 AppleWebKit/537.36 (KHTML, like Gecko; compatible; GPTBot/1.4; +https://openai.com/gptbot)"
::1 - - [26/Aug/2026:23:17:26 +0800] "OPTIONS * HTTP/1.0" 200 110 "-" "Apache/2.4.68 (Ubuntu) OpenSSL/3.0.19 (internal dummy connection)"
74.7.242.54 - - [26/Aug/2026:23:17:26 +0800] "GET /32745/wp-content/uploads/sites/1271/2023/01/1-948.jpeg HTTP/1.1" 200 10391 "https://2blog.ilc.edu.tw/32745/2023/01/26/page/6/" "Mozilla/5.0 AppleWebKit/537.36 (KHTML, like Gecko; compatible; GPTBot/1.4; +https://openai.com/gptbot)"
66.240.223.208 - - [26/Aug/2026:23:17:26 +0800] "GET / HTTP/1.1" 302 5278 "-" "Mozilla/5.0 zgrab/0.x"
36.229.241.48 - - [26/Aug/2026:23:17:25 +0800] "GET /wp-content/uploads/sites/1678/2021/05/%E5%AE%9C%E8%98%AD%E7%B8%A3%E9%98%B2%E7%96%AB%E7%9F%AD%E7%89%87.mp4?_=2 HTTP/1.1" 200 4252381 "https://www.nses.ilc.edu.tw/?p=936" "Mozilla/5.0 (iPhone; CPU iPhone OS 17_3_1 like Mac OS X) AppleWebKit/605.1.15 (KHTML, like Gecko) Version/17.3.1 Mobile/15E148 Safari/604.1"
36.229.241.48 - - [26/Aug/2026:23:17:25 +0800] "GET /wp-content/uploads/sites/1678/2022/07/%E9%AB%98%E6%BA%AB%E8%A5%B2%E6%93%8A%EF%BC%8C%E5%B0%8F%E5%BF%83%E7%86%B1%E5%82%B7%E5%AE%B3%EF%BC%81.mp4?_=1 HTTP/1.1" 200 3800790 "https://www.nses.ilc.edu.tw/?p=936" "Mozilla/5.0 (iPhone; CPU iPhone OS 17_3_1 like Mac OS X) AppleWebKit/605.1.15 (KHTML, like Gecko) Version/17.3.1 Mobile/15E148 Safari/604.1"
74.7.242.54 - - [26/Aug/2026:23:17:26 +0800] "GET /32745/wp-content/uploads/sites/1271/2023/01/1-819.jpeg HTTP/1.1" 200 20284 "https://2blog.ilc.edu.tw/32745/wp-json/oembed/1.0/embed?format=xml&url=https%3A%2F%2F2blog.ilc.edu.tw%2F32745%2F2023%2F01%2F25%2F%25e4%25b8%2580%25e5%25a4%259c%25e9%2586%2589%2F" "Mozilla/5.0 AppleWebKit/537.36 (KHTML, like Gecko; compatible; GPTBot/1.4; +https://openai.com/gptbot)"
34.171.68.95 - - [26/Aug/2026:23:17:26 +0800] "GET /1/2023/04/24/%E8%BD%89%E7%9F%A5%E5%98%89%E7%BE%A9%E7%B8%A3111%E5%AD%B8%E5%B9%B4%E5%BA%A6%E5%9C%8B%E6%B0%91%E6%95%99%E8%82%B2%E8%BC%94%E5%B0%8E%E9%AB%94%E7%B3%BB%E8%A7%80%E8%AA%B2%E6%9C%88%E7%B3%BB%E5%88%97/ HTTP/1.1" 200 22151 "-" "Mozilla/5.0 (Macintosh; Intel Mac OS X 10_15_7) AppleWebKit/537.36 (KHTML, like Gecko) Chrome/120.0.0.0 Safari/537.36"
::1 - - [26/Aug/2026:23:17:27 +0800] "OPTIONS * HTTP/1.0" 200 110 "-" "Apache/2.4.68 (Ubuntu) OpenSSL/3.0.19 (internal dummy connection)"
44.210.213.220 - - [26/Aug/2026:23:17:27 +0800] "GET /wp-content/uploads/sites/2040/staatic/resources/2/ad80ff0828981ecbc4bc73eaae3dd4485818369 HTTP/1.1" 200 44777 "-" "Mozilla/5.0 AppleWebKit/537.36 (KHTML, like Gecko; compatible; Amazonbot/0.1; +https://developer.amazon.com/support/amazonbot) Chrome/119.0.6045.214 Safari/537.36"
74.7.242.54 - - [26/Aug/2026:23:17:27 +0800] "GET /32745/wp-content/uploads/sites/1271/2024/07/1-198.jpeg HTTP/1.1" 200 16070 "https://2blog.ilc.edu.tw/32745/wp-json/oembed/1.0/embed?format=xml&url=https%3A%2F%2F2blog.ilc.edu.tw%2F32745%2F2024%2F07%2F24%2F%25e5%2588%259d%25e6%2588%2580%25e7%259a%2584%25e6%25b8%25af%25e5%25b2%25b8%2F" "Mozilla/5.0 AppleWebKit/537.36 (KHTML, like Gecko; compatible; GPTBot/1.4; +https://openai.com/gptbot)"
2001:288:a270:1:5d4:1971:7233:236d - - [26/Aug/2026:23:17:27 +0800] "GET / HTTP/1.1" 200 21597 "-" "Mozilla/5.0 (Windows NT 10.0; Win64; x64) AppleWebKit/537.36 (KHTML, like Gecko) Chrome/151.0.0.0 Safari/537.36 Edg/151.0.0.0"
2001:288:a270:1:5d4:1971:7233:236d - - [26/Aug/2026:23:17:27 +0800] "GET /wp-content/cache/www.wjes.ilc.edu.tw/wpfc-minified/1n0ay2w8/6whr.css HTTP/1.1" 200 5960 "https://www.wjes.ilc.edu.tw/" "Mozilla/5.0 (Windows NT 10.0; Win64; x64) AppleWebKit/537.36 (KHTML, like Gecko) Chrome/151.0.0.0 Safari/537.36 Edg/151.0.0.0"
2001:288:a270:1:5d4:1971:7233:236d - - [26/Aug/2026:23:17:27 +0800] "GET /wp-content/cache/www.wjes.ilc.edu.tw/wpfc-minified/esbdiskh/6whr.css HTTP/1.1" 200 40884 "https://www.wjes.ilc.edu.tw/" "Mozilla/5.0 (Windows NT 10.0; Win64; x64) AppleWebKit/537.36 (KHTML, like Gecko) Chrome/151.0.0.0 Safari/537.36 Edg/151.0.0.0"
2001:288:a270:1:5d4:1971:7233:236d - - [26/Aug/2026:23:17:27 +0800] "GET /wp-content/cache/www.wjes.ilc.edu.tw/wpfc-minified/1cb4vxzw/7jn0.css HTTP/1.1" 200 87448 "https://www.wjes.ilc.edu.tw/" "Mozilla/5.0 (Windows NT 10.0; Win64; x64) AppleWebKit/537.36 (KHTML, like Gecko) Chrome/151.0.0.0 Safari/537.36 Edg/151.0.0.0"
2001:288:a270:1:5d4:1971:7233:236d - - [26/Aug/2026:23:17:27 +0800] "GET /wp-content/uploads/sites/1407/elementor/css/post-713.css HTTP/1.1" 200 1260 "https://www.wjes.ilc.edu.tw/" "Mozilla/5.0 (Windows NT 10.0; Win64; x64) AppleWebKit/537.36 (KHTML, like Gecko) Chrome/151.0.0.0 Safari/537.36 Edg/151.0.0.0"
2001:288:a270:1:5d4:1971:7233:236d - - [26/Aug/2026:23:17:27 +0800] "GET /wp-content/cache/www.wjes.ilc.edu.tw/wpfc-minified/7lj4vqyd/7jn0.css HTTP/1.1" 200 47602 "https://www.wjes.ilc.edu.tw/" "Mozilla/5.0 (Windows NT 10.0; Win64; x64) AppleWebKit/537.36 (KHTML, like Gecko) Chrome/151.0.0.0 Safari/537.36 Edg/151.0.0.0"
74.7.242.54 - - [26/Aug/2026:23:17:27 +0800] "GET /32745/wp-content/uploads/sites/1271/2025/01/1-309.jpeg HTTP/1.1" 200 16401 "https://2blog.ilc.edu.tw/32745/wp-json/oembed/1.0/embed?format=xml&url=https%3A%2F%2F2blog.ilc.edu.tw%2F32745%2F2025%2F01%2F30%2F%25e4%25bd%25a0%25e6%2598%25af%25e6%2588%2591%25e7%259a%2584%25e5%25a4%25a9%2F" "Mozilla/5.0 AppleWebKit/537.36 (KHTML, like Gecko; compatible; GPTBot/1.4; +https://openai.com/gptbot)"
2001:288:a270:1:5d4:1971:7233:236d - - [26/Aug/2026:23:17:27 +0800] "GET /wp-content/uploads/sites/1407/elementor/css/post-562.css HTTP/1.1" 200 1000 "https://www.wjes.ilc.edu.tw/" "Mozilla/5.0 (Windows NT 10.0; Win64; x64) AppleWebKit/537.36 (KHTML, like Gecko) Chrome/151.0.0.0 Safari/537.36 Edg/151.0.0.0"
2001:288:a270:1:5d4:1971:7233:236d - - [26/Aug/2026:23:17:27 +0800] "GET /wp-content/cache/www.wjes.ilc.edu.tw/wpfc-minified/975kvi92/6whr.css HTTP/1.1" 200 7703 "https://www.wjes.ilc.edu.tw/" "Mozilla/5.0 (Windows NT 10.0; Win64; x64) AppleWebKit/537.36 (KHTML, like Gecko) Chrome/151.0.0.0 Safari/537.36 Edg/151.0.0.0"
2001:288:a270:1:5d4:1971:7233:236d - - [26/Aug/2026:23:17:27 +0800] "GET /wp-content/cache/www.wjes.ilc.edu.tw/wpfc-minified/l997y61u/6whr.js HTTP/1.1" 200 35558 "https://www.wjes.ilc.edu.tw/" "Mozilla/5.0 (Windows NT 10.0; Win64; x64) AppleWebKit/537.36 (KHTML, like Gecko) Chrome/151.0.0.0 Safari/537.36 Edg/151.0.0.0"
2001:288:a270:1:5d4:1971:7233:236d - - [26/Aug/2026:23:17:28 +0800] "GET /wp-content/uploads/sites/1407/2024/05/%E5%93%A1%E5%B7%A5%E5%8D%94%E5%8A%A9%E6%96%B9%E6%A1%88.jpg HTTP/1.1" 200 76193 "https://www.wjes.ilc.edu.tw/" "Mozilla/5.0 (Windows NT 10.0; Win64; x64) AppleWebKit/537.36 (KHTML, like Gecko) Chrome/151.0.0.0 Safari/537.36 Edg/151.0.0.0"
2001:288:a270:1:5d4:1971:7233:236d - - [26/Aug/2026:23:17:28 +0800] "GET /wp-includes/js/hoverintent-js.min.js HTTP/1.1" 200 1597 "https://www.wjes.ilc.edu.tw/" "Mozilla/5.0 (Windows NT 10.0; Win64; x64) AppleWebKit/537.36 (KHTML, like Gecko) Chrome/151.0.0.0 Safari/537.36 Edg/151.0.0.0"
2001:288:a270:1:5d4:1971:7233:236d - - [26/Aug/2026:23:17:28 +0800] "GET /wp-includes/js/admin-bar.min.js HTTP/1.1" 200 2237 "https://www.wjes.ilc.edu.tw/" "Mozilla/5.0 (Windows NT 10.0; Win64; x64) AppleWebKit/537.36 (KHTML, like Gecko) Chrome/151.0.0.0 Safari/537.36 Edg/151.0.0.0"
34.57.162.91 - - [26/Aug/2026:23:17:27 +0800] "GET /32745/wp-json/wp/v2/posts/66017 HTTP/1.1" 200 17742 "-" "Mozilla/5.0 (Macintosh; Intel Mac OS X 10_15_7) AppleWebKit/537.36 (KHTML, like Gecko) Chrome/120.0.0.0 Safari/537.36"
2001:288:a270:1:5d4:1971:7233:236d - - [26/Aug/2026:23:17:28 +0800] "GET /wp-includes/js/imagesloaded.min.js HTTP/1.1" 200 2683 "https://www.wjes.ilc.edu.tw/" "Mozilla/5.0 (Windows NT 10.0; Win64; x64) AppleWebKit/537.36 (KHTML, like Gecko) Chrome/151.0.0.0 Safari/537.36 Edg/151.0.0.0"
2001:288:a270:1:5d4:1971:7233:236d - - [26/Aug/2026:23:17:28 +0800] "GET /wp-content/themes/oceanwp/assets/js/theme.min.js HTTP/1.1" 200 5130 "https://www.wjes.ilc.edu.tw/" "Mozilla/5.0 (Windows NT 10.0; Win64; x64) AppleWebKit/537.36 (KHTML, like Gecko) Chrome/151.0.0.0 Safari/537.36 Edg/151.0.0.0"
2001:288:a201::66:125 - - [26/Aug/2026:23:17:28 +0800] "GET /blog/active.php HTTP/1.1" 301 1026 "-" "-"
2001:288:a201::66:125 - - [26/Aug/2026:23:17:28 +0800] "GET /blog/active.php HTTP/1.1" 404 1084 "-" "-"
2001:288:a270:1:5d4:1971:7233:236d - - [26/Aug/2026:23:17:27 +0800] "GET /wp-content/uploads/sites/1407/2022/03/%E8%A6%AA%E5%B8%AB%E4%BA%A4%E6%B5%81.png HTTP/1.1" 200 106981 "https://www.wjes.ilc.edu.tw/" "Mozilla/5.0 (Windows NT 10.0; Win64; x64) AppleWebKit/537.36 (KHTML, like Gecko) Chrome/151.0.0.0 Safari/537.36 Edg/151.0.0.0"
::1 - - [26/Aug/2026:23:17:28 +0800] "OPTIONS * HTTP/1.0" 200 110 "-" "Apache/2.4.68 (Ubuntu) OpenSSL/3.0.19 (internal dummy connection)"
2001:288:a270:1:5d4:1971:7233:236d - - [26/Aug/2026:23:17:28 +0800] "GET /wp-content/themes/oceanwp/assets/js/drop-down-mobile-menu.min.js HTTP/1.1" 200 5002 "https://www.wjes.ilc.edu.tw/" "Mozilla/5.0 (Windows NT 10.0; Win64; x64) AppleWebKit/537.36 (KHTML, like Gecko) Chrome/151.0.0.0 Safari/537.36 Edg/151.0.0.0"
66.249.79.137 - - [26/Aug/2026:23:17:25 +0800] "GET /wp-login.php?key=ajae4374&_wpnonce=&action=ilc_logout&redirect_to=https%3A%2F%2Fplay.google.com%2Fstore%2Fapps%2Fdetails%3Fid%3Dcom.us.dyjycbt.google HTTP/1.1" 302 8281 "-" "Mozilla/5.0 (Linux; Android 6.0.1; Nexus 5X Build/MMB29P) AppleWebKit/537.36 (KHTML, like Gecko) Chrome/151.0.7922.173 Mobile Safari/537.36 (compatible; Googlebot/2.1; +http://www.google.com/bot.html)"
2001:288:a270:1:5d4:1971:7233:236d - - [26/Aug/2026:23:17:28 +0800] "GET /wp-content/themes/oceanwp/assets/js/drop-down-search.min.js HTTP/1.1" 200 2968 "https://www.wjes.ilc.edu.tw/" "Mozilla/5.0 (Windows NT 10.0; Win64; x64) AppleWebKit/537.36 (KHTML, like Gecko) Chrome/151.0.0.0 Safari/537.36 Edg/151.0.0.0"
2001:288:a270:1:5d4:1971:7233:236d - - [26/Aug/2026:23:17:28 +0800] "GET /wp-content/themes/oceanwp/assets/js/vendors/magnific-popup.min.js HTTP/1.1" 200 8270 "https://www.wjes.ilc.edu.tw/" "Mozilla/5.0 (Windows NT 10.0; Win64; x64) AppleWebKit/537.36 (KHTML, like Gecko) Chrome/151.0.0.0 Safari/537.36 Edg/151.0.0.0"
2001:288:a270:1:5d4:1971:7233:236d - - [26/Aug/2026:23:17:28 +0800] "GET /wp-content/themes/oceanwp/assets/fonts/fontawesome/webfonts/fa-regular-400.woff2 HTTP/1.1" 200 25383 "https://www.wjes.ilc.edu.tw/wp-content/cache/www.wjes.ilc.edu.tw/wpfc-minified/1cb4vxzw/7jn0.css" "Mozilla/5.0 (Windows NT 10.0; Win64; x64) AppleWebKit/537.36 (KHTML, like Gecko) Chrome/151.0.0.0 Safari/537.36 Edg/151.0.0.0"
74.7.242.54 - - [26/Aug/2026:23:17:28 +0800] "GET /32745/wp-content/uploads/sites/1271/2024/08/1-165.jpeg HTTP/1.1" 200 24295 "https://2blog.ilc.edu.tw/32745/wp-json/oembed/1.0/embed?format=xml&url=https%3A%2F%2F2blog.ilc.edu.tw%2F32745%2F2024%2F08%2F09%2F%25e9%2581%258e%25e5%258e%25bb%25e5%25b7%25b2%25e7%25b6%2593%25e4%25ba%2586%2F" "Mozilla/5.0 AppleWebKit/537.36 (KHTML, like Gecko; compatible; GPTBot/1.4; +https://openai.com/gptbot)"
2001:288:a270:1:5d4:1971:7233:236d - - [26/Aug/2026:23:17:28 +0800] "GET /wp-content/themes/oceanwp/assets/fonts/fontawesome/webfonts/fa-solid-900.woff2 HTTP/1.1" 200 151246 "https://www.wjes.ilc.edu.tw/wp-content/cache/www.wjes.ilc.edu.tw/wpfc-minified/1cb4vxzw/7jn0.css" "Mozilla/5.0 (Windows NT 10.0; Win64; x64) AppleWebKit/537.36 (KHTML, like Gecko) Chrome/151.0.0.0 Safari/537.36 Edg/151.0.0.0"
34.171.68.95 - - [26/Aug/2026:23:17:28 +0800] "GET /6514/category/%E7%92%B0%E5%A2%83%E7%AE%A1%E7%90%86%E5%8F%8A%E9%85%8D%E5%90%88%E6%8E%AA%E6%96%BD/c-22228/page/5/ HTTP/1.1" 200 15848 "-" "Mozilla/5.0 (Macintosh; Intel Mac OS X 10_15_7) AppleWebKit/537.36 (KHTML, like Gecko) Chrome/120.0.0.0 Safari/537.36"
2001:288:a270:1:5d4:1971:7233:236d - - [26/Aug/2026:23:17:28 +0800] "GET /wp-content/themes/oceanwp/assets/fonts/simple-line-icons/Simple-Line-Icons.woff2?v=2.4.0 HTTP/1.1" 200 30959 "https://www.wjes.ilc.edu.tw/wp-content/cache/www.wjes.ilc.edu.tw/wpfc-minified/1cb4vxzw/7jn0.css" "Mozilla/5.0 (Windows NT 10.0; Win64; x64) AppleWebKit/537.36 (KHTML, like Gecko) Chrome/151.0.0.0 Safari/537.36 Edg/151.0.0.0"
2001:288:a270:1:5d4:1971:7233:236d - - [26/Aug/2026:23:17:28 +0800] "GET /wp-content/uploads/sites/1407/2021/01/1100111-%E5%AD%B8%E6%A0%A1%E7%B6%B2%E9%A0%81%E9%A6%96%E5%9C%96_973X120%E5%83%8F%E7%B4%A0.jpg HTTP/1.1" 200 95805 "https://www.wjes.ilc.edu.tw/" "Mozilla/5.0 (Windows NT 10.0; Win64; x64) AppleWebKit/537.36 (KHTML, like Gecko) Chrome/151.0.0.0 Safari/537.36 Edg/151.0.0.0"
2001:288:a270:1:5d4:1971:7233:236d - - [26/Aug/2026:23:17:27 +0800] "GET /wp-content/uploads/sites/1407/2022/03/wjes1110301.png HTTP/1.1" 200 1616375 "https://www.wjes.ilc.edu.tw/" "Mozilla/5.0 (Windows NT 10.0; Win64; x64) AppleWebKit/537.36 (KHTML, like Gecko) Chrome/151.0.0.0 Safari/537.36 Edg/151.0.0.0"
2001:288:a270:1:5d4:1971:7233:236d - - [26/Aug/2026:23:17:28 +0800] "GET /wp-content/themes/oceanwp/assets/js/ow-lightbox.min.js HTTP/1.1" 200 2321 "https://www.wjes.ilc.edu.tw/" "Mozilla/5.0 (Windows NT 10.0; Win64; x64) AppleWebKit/537.36 (KHTML, like Gecko) Chrome/151.0.0.0 Safari/537.36 Edg/151.0.0.0"
2001:288:a270:1:5d4:1971:7233:236d - - [26/Aug/2026:23:17:28 +0800] "GET /wp-content/themes/oceanwp/assets/js/vendors/flickity.pkgd.min.js HTTP/1.1" 200 15048 "https://www.wjes.ilc.edu.tw/" "Mozilla/5.0 (Windows NT 10.0; Win64; x64) AppleWebKit/537.36 (KHTML, like Gecko) Chrome/151.0.0.0 Safari/537.36 Edg/151.0.0.0"
34.30.223.149 - - [26/Aug/2026:23:17:28 +0800] "GET /2010/11/30/%E9%87%91%E6%B4%8B%E5%9C%8B%E5%B0%8F%E3%80%8C%E5%8F%B0%E7%81%A3%E6%AF%8D%E8%AA%9E%E6%97%A5%E3%80%8D%E6%8E%A8%E5%8B%95%E5%A7%94%E5%93%A1%E6%9C%83/ HTTP/1.1" 200 33053 "-" "Mozilla/5.0 (Macintosh; Intel Mac OS X 10_15_7) AppleWebKit/537.36 (KHTML, like Gecko) Chrome/120.0.0.0 Safari/537.36"
2001:288:a270:1:5d4:1971:7233:236d - - [26/Aug/2026:23:17:28 +0800] "GET /wp-content/themes/oceanwp/assets/js/ow-slider.min.js HTTP/1.1" 200 1761 "https://www.wjes.ilc.edu.tw/" "Mozilla/5.0 (Windows NT 10.0; Win64; x64) AppleWebKit/537.36 (KHTML, like Gecko) Chrome/151.0.0.0 Safari/537.36 Edg/151.0.0.0"
2001:288:a270:1:5d4:1971:7233:236d - - [26/Aug/2026:23:17:28 +0800] "GET /wp-content/themes/oceanwp/assets/js/scroll-effect.min.js HTTP/1.1" 200 4466 "https://www.wjes.ilc.edu.tw/" "Mozilla/5.0 (Windows NT 10.0; Win64; x64) AppleWebKit/537.36 (KHTML, like Gecko) Chrome/151.0.0.0 Safari/537.36 Edg/151.0.0.0"
2001:288:a270:1:5d4:1971:7233:236d - - [26/Aug/2026:23:17:28 +0800] "GET /wp-content/themes/oceanwp/assets/js/scroll-top.min.js HTTP/1.1" 200 3202 "https://www.wjes.ilc.edu.tw/" "Mozilla/5.0 (Windows NT 10.0; Win64; x64) AppleWebKit/537.36 (KHTML, like Gecko) Chrome/151.0.0.0 Safari/537.36 Edg/151.0.0.0"
2001:288:a270:1:5d4:1971:7233:236d - - [26/Aug/2026:23:17:28 +0800] "GET /wp-content/themes/oceanwp/assets/js/select.min.js HTTP/1.1" 200 2408 "https://www.wjes.ilc.edu.tw/" "Mozilla/5.0 (Windows NT 10.0; Win64; x64) AppleWebKit/537.36 (KHTML, like Gecko) Chrome/151.0.0.0 Safari/537.36 Edg/151.0.0.0"
2001:288:a270:1:5d4:1971:7233:236d - - [26/Aug/2026:23:17:28 +0800] "GET /wp-content/plugins/ocean-extra/includes/widgets/js/flickr.min.js HTTP/1.1" 200 1319 "https://www.wjes.ilc.edu.tw/" "Mozilla/5.0 (Windows NT 10.0; Win64; x64) AppleWebKit/537.36 (KHTML, like Gecko) Chrome/151.0.0.0 Safari/537.36 Edg/151.0.0.0"
2001:288:a270:1:5d4:1971:7233:236d - - [26/Aug/2026:23:17:28 +0800] "GET /wp-content/plugins/elementor-pro/assets/js/webpack-pro.runtime.min.js HTTP/1.1" 200 3562 "https://www.wjes.ilc.edu.tw/" "Mozilla/5.0 (Windows NT 10.0; Win64; x64) AppleWebKit/537.36 (KHTML, like Gecko) Chrome/151.0.0.0 Safari/537.36 Edg/151.0.0.0"
