2402:7500:4e6:1e15::b15e:fe4d - - [26/Aug/2026:23:13:30 +0800] "GET /wp-content/uploads/sites/944/2019/10/12299265_1070712212948165_2090299834551627172_n_resized-150x150.jpg HTTP/1.1" 200 10126 "https://www.whjh.ilc.edu.tw/" "Mozilla/5.0 (Linux; Android 10; K) AppleWebKit/537.36 (KHTML, like Gecko) Chrome/151.0.0.0 Mobile Safari/537.36"
2402:7500:4e6:1e15::b15e:fe4d - - [26/Aug/2026:23:13:30 +0800] "GET /wp-content/uploads/sites/944/2019/10/AJN_2042_resized-150x150.jpg HTTP/1.1" 200 5625 "https://www.whjh.ilc.edu.tw/" "Mozilla/5.0 (Linux; Android 10; K) AppleWebKit/537.36 (KHTML, like Gecko) Chrome/151.0.0.0 Mobile Safari/537.36"
2402:7500:4e6:1e15::b15e:fe4d - - [26/Aug/2026:23:13:30 +0800] "GET /wp-includes/images/rss.png HTTP/1.1" 200 1434 "https://www.whjh.ilc.edu.tw/" "Mozilla/5.0 (Linux; Android 10; K) AppleWebKit/537.36 (KHTML, like Gecko) Chrome/151.0.0.0 Mobile Safari/537.36"
2402:7500:4e6:1e15::b15e:fe4d - - [26/Aug/2026:23:13:30 +0800] "GET /wp-content/uploads/sites/944/2019/10/064_resized-150x150.jpg HTTP/1.1" 200 8351 "https://www.whjh.ilc.edu.tw/" "Mozilla/5.0 (Linux; Android 10; K) AppleWebKit/537.36 (KHTML, like Gecko) Chrome/151.0.0.0 Mobile Safari/537.36"
2402:7500:4e6:1e15::b15e:fe4d - - [26/Aug/2026:23:13:30 +0800] "GET /wp-content/uploads/sites/944/2019/10/1121a0083_resized-150x150.jpg HTTP/1.1" 200 8417 "https://www.whjh.ilc.edu.tw/" "Mozilla/5.0 (Linux; Android 10; K) AppleWebKit/537.36 (KHTML, like Gecko) Chrome/151.0.0.0 Mobile Safari/537.36"
2402:7500:4e6:1e15::b15e:fe4d - - [26/Aug/2026:23:13:30 +0800] "GET /wp-content/uploads/sites/944/2019/10/2017.3.10-a004_resized-150x150.jpg HTTP/1.1" 200 10910 "https://www.whjh.ilc.edu.tw/" "Mozilla/5.0 (Linux; Android 10; K) AppleWebKit/537.36 (KHTML, like Gecko) Chrome/151.0.0.0 Mobile Safari/537.36"
2402:7500:4e6:1e15::b15e:fe4d - - [26/Aug/2026:23:13:30 +0800] "GET /wp-content/themes/hueman/assets/front/js/scripts.min.js HTTP/1.1" 200 22643 "https://www.whjh.ilc.edu.tw/" "Mozilla/5.0 (Linux; Android 10; K) AppleWebKit/537.36 (KHTML, like Gecko) Chrome/151.0.0.0 Mobile Safari/537.36"
185.15.56.29 - - [26/Aug/2026:23:13:30 +0800] "HEAD /ilan/blog/1/post/21/184 HTTP/1.1" 301 706 "-" "IABot/2.0 (+https://meta.wikimedia.org/wiki/InternetArchiveBot/FAQ_for_sysadmins) (Checking if link from Wikipedia is broken and needs removal)"
2402:7500:4e6:1e15::b15e:fe4d - - [26/Aug/2026:23:13:30 +0800] "GET /wp-content/plugins/elementor/assets/js/image-carousel.4455c6362492d9067512.bundle.min.js HTTP/1.1" 200 1176 "https://www.whjh.ilc.edu.tw/" "Mozilla/5.0 (Linux; Android 10; K) AppleWebKit/537.36 (KHTML, like Gecko) Chrome/151.0.0.0 Mobile Safari/537.36"
2402:7500:4e6:1e15::b15e:fe4d - - [26/Aug/2026:23:13:30 +0800] "GET /wp-content/plugins/elementor-pro/assets/js/social.2d2e44e8608690943f29.bundle.min.js HTTP/1.1" 200 1433 "https://www.whjh.ilc.edu.tw/" "Mozilla/5.0 (Linux; Android 10; K) AppleWebKit/537.36 (KHTML, like Gecko) Chrome/151.0.0.0 Mobile Safari/537.36"
2402:7500:4e6:1e15::b15e:fe4d - - [26/Aug/2026:23:13:30 +0800] "GET /wp-content/plugins/elementor/assets/lib/swiper/v8/swiper.min.js?ver=8.4.5 HTTP/1.1" 200 40708 "https://www.whjh.ilc.edu.tw/" "Mozilla/5.0 (Linux; Android 10; K) AppleWebKit/537.36 (KHTML, like Gecko) Chrome/151.0.0.0 Mobile Safari/537.36"
140.111.67.10 - - [26/Aug/2026:23:13:30 +0800] "GET /" 301 273 "-" "-"
74.7.242.54 - - [26/Aug/2026:23:13:29 +0800] "GET /32745/category/2010%e5%b9%b4%e9%99%b3%e9%81%94%e5%84%92%e5%85%88%e7%94%9f%e7%b4%80%e5%bf%b5%e9%9f%b3%e6%a8%82%e6%9c%83%e5%90%88%e5%94%b1/feed/ HTTP/1.1" 200 6020 "https://2blog.ilc.edu.tw/32745/category/2010%e5%b9%b4%e9%99%b3%e9%81%94%e5%84%92%e5%85%88%e7%94%9f%e7%b4%80%e5%bf%b5%e9%9f%b3%e6%a8%82%e6%9c%83%e5%90%88%e5%94%b1/" "Mozilla/5.0 AppleWebKit/537.36 (KHTML, like Gecko; compatible; GPTBot/1.4; +https://openai.com/gptbot)"
66.249.79.137 - - [26/Aug/2026:23:13:28 +0800] "GET /wp-login.php?action=ilc_logout&_wpnonce=43754d0aad&redirect_to=http://bitorg-oil.ru/join/64841/ HTTP/1.1" 302 8246 "-" "Mozilla/5.0 (compatible; Googlebot/2.1; +http://www.google.com/bot.html)"
2402:7500:4e6:1e15::b15e:fe4d - - [26/Aug/2026:23:13:31 +0800] "GET /wp-content/uploads/sites/944/2019/10/cropped-%E6%96%87%E4%B8%AD%E7%B6%B2%E9%A0%81logo-192x192.jpg HTTP/1.1" 200 12283 "https://www.whjh.ilc.edu.tw/" "Mozilla/5.0 (Linux; Android 10; K) AppleWebKit/537.36 (KHTML, like Gecko) Chrome/151.0.0.0 Mobile Safari/537.36"
2402:7500:4e6:1e15::b15e:fe4d - - [26/Aug/2026:23:13:31 +0800] "GET /wp-content/uploads/sites/944/2019/10/cropped-%E6%96%87%E4%B8%AD%E7%B6%B2%E9%A0%81logo-180x180.jpg HTTP/1.1" 200 11318 "https://www.whjh.ilc.edu.tw/" "Mozilla/5.0 (Linux; Android 10; K) AppleWebKit/537.36 (KHTML, like Gecko) Chrome/151.0.0.0 Mobile Safari/537.36"
74.7.242.54 - - [26/Aug/2026:23:13:31 +0800] "GET /wp-content/uploads/sites/1273/42316/42316-4107423.pdf HTTP/1.1" 200 231784 "https://2blog.ilc.edu.tw/42316/" "Mozilla/5.0 AppleWebKit/537.36 (KHTML, like Gecko; compatible; GPTBot/1.4; +https://openai.com/gptbot)"
107.20.181.148 - - [26/Aug/2026:23:13:31 +0800] "GET /library/wp-json/oembed/1.0/embed?url=https://2blog.ilc.edu.tw/library/%25e6%25a0%25a1%25e9%2595%25b7%25e6%2599%25a8%25e8%25ae%2580/ HTTP/1.1" 200 8318 "-" "Mozilla/5.0 AppleWebKit/537.36 (KHTML, like Gecko; compatible; Amazonbot/0.1; +https://developer.amazon.com/support/amazonbot) Chrome/119.0.6045.214 Safari/537.36"
240e:971:2000:3001::3f9 - - [26/Aug/2026:23:13:31 +0800] "GET /wp-content/cache/www.swes.ilc.edu.tw/wpfc-minified/q8hjw04o/73xd.css HTTP/1.1" 200 40884 "https://www.swes.ilc.edu.tw/2011/09/18/" "Mozilla/5.0 (Windows NT 10.0; Win64; x64) AppleWebKit/537.36 (KHTML, like Gecko) Chrome/144.0.0.0 Safari/537.36"
64.31.3.126 - - [26/Aug/2026:23:13:29 +0800] "GET / HTTP/1.0" 200 109257 "http://www.jwes.ilc.edu.tw/" "Mozilla/5.0 (Windows NT 10.0; Win64; x64) AppleWebKit/537.36 (KHTML, like Gecko) Chrome/131.0.0.0 Safari/537.36 Avast/131.0.0.0"
2001:41d0:303:1556::1 - - [26/Aug/2026:23:13:32 +0800] "GET /2024/02/19/%E6%B3%95%E8%A6%8F%E7%AB%A0%E5%89%87/ HTTP/1.1" 200 15190 "-" "Mozilla/5.0 (compatible; MJ12bot/v1.4.8; http://mj12bot.com/)"
74.7.242.54 - - [26/Aug/2026:23:13:32 +0800] "GET /wp-content/uploads/sites/1273/42316/42316-4107436.pdf HTTP/1.1" 200 1291498 "https://2blog.ilc.edu.tw/42316/" "Mozilla/5.0 AppleWebKit/537.36 (KHTML, like Gecko; compatible; GPTBot/1.4; +https://openai.com/gptbot)"
74.7.242.54 - - [26/Aug/2026:23:13:32 +0800] "GET /wp-content/uploads/sites/1273/42316/42316-4107467.pdf HTTP/1.1" 200 915978 "https://2blog.ilc.edu.tw/42316/" "Mozilla/5.0 AppleWebKit/537.36 (KHTML, like Gecko; compatible; GPTBot/1.4; +https://openai.com/gptbot)"
2001:288:a201::66:125 - - [26/Aug/2026:23:13:33 +0800] "GET /blog/active.php HTTP/1.1" 404 1084 "-" "-"
2001:288:a201::66:125 - - [26/Aug/2026:23:13:33 +0800] "GET /blog/active.php HTTP/1.1" 301 1026 "-" "-"
66.249.79.138 - - [26/Aug/2026:23:13:31 +0800] "GET /wp-login.php?action=ilc_logout&_wpnonce=43754d0aad&redirect_to=http://akmovent.ru/creator/5194/ HTTP/1.1" 302 8246 "-" "Mozilla/5.0 (Linux; Android 6.0.1; Nexus 5X Build/MMB29P) AppleWebKit/537.36 (KHTML, like Gecko) Chrome/151.0.7922.173 Mobile Safari/537.36 (compatible; Googlebot/2.1; +http://www.google.com/bot.html)"
74.7.242.54 - - [26/Aug/2026:23:13:33 +0800] "GET /gangibetshai/wp-json/oembed/1.0/embed?format=xml&url=https%3A%2F%2F2blog.ilc.edu.tw%2Fgangibetshai%2F2024%2F11%2F03%2F%25e4%25ba%25ba%25e4%25bd%2587%25e8%25b7%25af%25e7%2587%2588%25e8%25b7%25a4%25e6%259c%2589%25e5%25bd%25b1%2F HTTP/1.1" 200 2272 "https://2blog.ilc.edu.tw/gangibetshai/2024/11/03/%e4%ba%ba%e4%bd%87%e8%b7%af%e7%87%88%e8%b7%a4%e6%9c%89%e5%bd%b1/" "Mozilla/5.0 AppleWebKit/537.36 (KHTML, like Gecko; compatible; GPTBot/1.4; +https://openai.com/gptbot)"
2001:4860:7:410::f6 - - [26/Aug/2026:23:13:34 +0800] "GET /5962/ HTTP/1.1" 200 21688 "https://www.google.com/" "Mozilla/5.0 (X11; CrOS x86_64 14541.0.0) AppleWebKit/537.36 (KHTML, like Gecko) Chrome/151.0.0.0 Safari/537.36"
74.7.242.54 - - [26/Aug/2026:23:13:34 +0800] "GET /32745/category/%e8%90%ac%e8%8a%b3vs%e9%99%b3%e6%98%87/ HTTP/1.1" 200 85561 "https://2blog.ilc.edu.tw/32745/2021/01/22/page/2/" "Mozilla/5.0 AppleWebKit/537.36 (KHTML, like Gecko; compatible; GPTBot/1.4; +https://openai.com/gptbot)"
2001:41d0:303:1556::1 - - [26/Aug/2026:23:13:35 +0800] "GET /2024/08/28/113%E5%AD%B8%E5%B9%B4%E5%BA%A6-%E9%BE%8D%E6%BD%AD%E5%9C%92%E4%B8%81/ HTTP/1.1" 200 18674 "-" "Mozilla/5.0 (compatible; MJ12bot/v1.4.8; http://mj12bot.com/)"
240e:971:2000:3001::3f9 - - [26/Aug/2026:23:13:35 +0800] "GET /wp-includes/js/admin-bar.min.js HTTP/1.1" 200 2237 "https://www.swes.ilc.edu.tw/2011/09/18/" "Mozilla/5.0 (Windows NT 10.0; Win64; x64) AppleWebKit/537.36 (KHTML, like Gecko) Chrome/144.0.0.0 Safari/537.36"
74.7.242.54 - - [26/Aug/2026:23:13:35 +0800] "GET /32745/wp-json/oembed/1.0/embed?format=xml&url=https%3A%2F%2F2blog.ilc.edu.tw%2F32745%2F2020%2F05%2F07%2F%25e4%25bd%2595%25e5%258e%25bb%25e4%25bd%2595%25e5%25be%259e%2F HTTP/1.1" 200 2304 "https://2blog.ilc.edu.tw/32745/2020/05/07/%e4%bd%95%e5%8e%bb%e4%bd%95%e5%be%9e/" "Mozilla/5.0 AppleWebKit/537.36 (KHTML, like Gecko; compatible; GPTBot/1.4; +https://openai.com/gptbot)"
34.171.68.95 - - [26/Aug/2026:23:13:35 +0800] "GET /6550/?p=1905 HTTP/1.1" 301 5612 "-" "Mozilla/5.0 (Macintosh; Intel Mac OS X 10_15_7) AppleWebKit/537.36 (KHTML, like Gecko) Chrome/120.0.0.0 Safari/537.36"
66.249.79.137 - - [26/Aug/2026:23:13:33 +0800] "GET /wp-login.php?action=ilc_logout&_wpnonce=43754d0aad&redirect_to=//kolainform.ru/job/1036/ HTTP/1.1" 302 3454 "-" "Mozilla/5.0 (compatible; Googlebot/2.1; +http://www.google.com/bot.html)"
140.111.67.10 - - [26/Aug/2026:23:13:35 +0800] "GET /" 301 273 "-" "-"
74.7.242.54 - - [26/Aug/2026:23:13:35 +0800] "GET /32745/wp-json/wp/v2/categories/2708 HTTP/1.1" 200 1731 "https://2blog.ilc.edu.tw/32745/category/%e4%ba%8e%e7%be%8e%e4%ba%ba%e7%ad%89%e4%ba%ba/" "Mozilla/5.0 AppleWebKit/537.36 (KHTML, like Gecko; compatible; GPTBot/1.4; +https://openai.com/gptbot)"
138.59.207.88 - - [26/Aug/2026:23:13:34 +0800] "GET /wp-login.php?action=ilc_logout&_wpnonce=43754d0aad&redirect_to=https://justpaste.it/fctgk HTTP/1.1" 302 8240 "https://www.jwes.ilc.edu.tw/" "Mozilla/5.0 (Windows NT 10.0; Win64; x64; rv:138.0) Gecko/20100101 Firefox/138.0"
74.7.242.54 - - [26/Aug/2026:23:13:36 +0800] "GET /32745/wp-json/oembed/1.0/embed?url=https%3A%2F%2F2blog.ilc.edu.tw%2F32745%2F2020%2F05%2F07%2F%25e4%25bd%2595%25e5%258e%25bb%25e4%25bd%2595%25e5%25be%259e%2F HTTP/1.1" 200 3513 "https://2blog.ilc.edu.tw/32745/2020/05/07/%e4%bd%95%e5%8e%bb%e4%bd%95%e5%be%9e/" "Mozilla/5.0 AppleWebKit/537.36 (KHTML, like Gecko; compatible; GPTBot/1.4; +https://openai.com/gptbot)"
240e:971:2000:3001::3f9 - - [26/Aug/2026:23:13:36 +0800] "GET /wp-content/themes/oceanwp/assets/js/drop-down-search.min.js HTTP/1.1" 200 2968 "https://www.swes.ilc.edu.tw/2011/09/18/" "Mozilla/5.0 (Windows NT 10.0; Win64; x64) AppleWebKit/537.36 (KHTML, like Gecko) Chrome/144.0.0.0 Safari/537.36"
34.171.68.95 - - [26/Aug/2026:23:13:36 +0800] "GET /20978/2015/05/05/%E6%A8%99%E6%BA%96%E5%85%AD%E3%80%81%E5%81%A5%E5%BA%B7%E6%9C%8D%E5%8B%996-4-1-2%E8%AB%AE%E8%A9%A2%E6%9C%8D%E5%8B%99%E7%95%99%E5%AD%98%E7%B4%80%E9%8C%84/ HTTP/1.1" 200 18325 "-" "Mozilla/5.0 (Macintosh; Intel Mac OS X 10_15_7) AppleWebKit/537.36 (KHTML, like Gecko) Chrome/120.0.0.0 Safari/537.36"
240e:971:2000:3001::3f9 - - [26/Aug/2026:23:13:36 +0800] "GET /wp-content/themes/oceanwp/assets/js/ow-lightbox.min.js HTTP/1.1" 200 2321 "https://www.swes.ilc.edu.tw/2011/09/18/" "Mozilla/5.0 (Windows NT 10.0; Win64; x64) AppleWebKit/537.36 (KHTML, like Gecko) Chrome/144.0.0.0 Safari/537.36"
23.21.148.226 - - [26/Aug/2026:23:13:36 +0800] "GET /wp-content/uploads/sites/1663/36430/previews/36430-3651835.gif HTTP/1.1" 200 195081 "-" "Mozilla/5.0 AppleWebKit/537.36 (KHTML, like Gecko; compatible; Amazonbot/0.1; +https://developer.amazon.com/support/amazonbot) Chrome/119.0.6045.214 Safari/537.36"
74.7.242.54 - - [26/Aug/2026:23:13:36 +0800] "GET /32745/category/%e8%89%af%e4%b8%80vs%e5%80%96%e5%a6%8f/ HTTP/1.1" 200 86089 "https://2blog.ilc.edu.tw/32745/2020/06/04/page/4/" "Mozilla/5.0 AppleWebKit/537.36 (KHTML, like Gecko; compatible; GPTBot/1.4; +https://openai.com/gptbot)"
66.249.71.9 - - [26/Aug/2026:23:13:35 +0800] "GET /wp-login.php?key=p5kc1375&_wpnonce=&action=ilc_logout&redirect_to=https%3A%2F%2Fplay.google.com%2Fstore%2Fapps%2Fdetails%3Fid%3Dcom.us.dyjycbt.google HTTP/1.1" 302 8281 "-" "Mozilla/5.0 (Linux; Android 6.0.1; Nexus 5X Build/MMB29P) AppleWebKit/537.36 (KHTML, like Gecko) Chrome/151.0.7922.173 Mobile Safari/537.36 (compatible; Googlebot/2.1; +http://www.google.com/bot.html)"
::1 - - [26/Aug/2026:23:13:37 +0800] "OPTIONS * HTTP/1.0" 200 110 "-" "Apache/2.4.68 (Ubuntu) OpenSSL/3.0.19 (internal dummy connection)"
74.7.242.54 - - [26/Aug/2026:23:13:38 +0800] "GET /32745/wp-content/uploads/sites/1271/2023/07/1-180.jpeg HTTP/1.1" 200 16388 "https://2blog.ilc.edu.tw/32745/wp-json/oembed/1.0/embed?format=xml&url=https%3A%2F%2F2blog.ilc.edu.tw%2F32745%2F2023%2F07%2F29%2F%25e6%2584%259f%25e5%258b%2595%25e5%25a4%25a9%25e4%25b9%259f%25e6%2584%259f%25e5%258b%2595%25e4%25bd%25a0%2F" "Mozilla/5.0 AppleWebKit/537.36 (KHTML, like Gecko; compatible; GPTBot/1.4; +https://openai.com/gptbot)"
2001:288:a201::66:125 - - [26/Aug/2026:23:13:38 +0800] "GET /blog/active.php HTTP/1.1" 404 1084 "-" "-"
2001:288:a201::66:125 - - [26/Aug/2026:23:13:38 +0800] "GET /blog/active.php HTTP/1.1" 301 1026 "-" "-"
2001:41d0:303:1556::1 - - [26/Aug/2026:23:13:38 +0800] "GET /2024/12/03/%E5%BE%A9%E8%88%88%E5%9C%8B%E4%B8%AD%E8%B3%87%E5%84%AA%E9%AB%94%E9%A9%97%E7%87%9F/ HTTP/1.1" 200 15320 "-" "Mozilla/5.0 (compatible; MJ12bot/v1.4.8; http://mj12bot.com/)"
2409:8a6a:3c03:79f7:d459:dcd8:ae24:17ea - - [26/Aug/2026:23:13:38 +0800] "GET /wp-includes/js/hoverintent-js.min.js HTTP/1.1" 200 6399 "https://www.najh.ilc.edu.tw/2019/09/" "Mozilla/5.0 (Windows NT 10.0; Win64; x64) AppleWebKit/537.36 (KHTML, like Gecko) Chrome/144.0.0.0 Safari/537.36"
156.245.8.200 - - [26/Aug/2026:23:13:38 +0800] "GET /englishvillage/wp-content/uploads/sites/3106/2021/02/%E5%9C%96%E7%89%8713-300x143.jpg HTTP/1.1" 200 13669 "-" "Mozilla/5.0 (compatible; crawler)"
2409:8a6a:3c03:79f7:d459:dcd8:ae24:17ea - - [26/Aug/2026:23:13:38 +0800] "GET /wp-includes/js/admin-bar.min.js HTTP/1.1" 200 2237 "https://www.najh.ilc.edu.tw/2019/09/" "Mozilla/5.0 (Windows NT 10.0; Win64; x64) AppleWebKit/537.36 (KHTML, like Gecko) Chrome/144.0.0.0 Safari/537.36"
::1 - - [26/Aug/2026:23:13:38 +0800] "OPTIONS * HTTP/1.0" 200 110 "-" "Apache/2.4.68 (Ubuntu) OpenSSL/3.0.19 (internal dummy connection)"
74.7.242.54 - - [26/Aug/2026:23:13:38 +0800] "GET /32745/category/%e6%9e%97%e5%b3%b0vs%e6%9d%8e%e8%96%87/ HTTP/1.1" 200 85565 "https://2blog.ilc.edu.tw/32745/2021/09/20/%e8%bb%8a%e7%ab%99%e7%95%99%e6%83%85/" "Mozilla/5.0 AppleWebKit/537.36 (KHTML, like Gecko; compatible; GPTBot/1.4; +https://openai.com/gptbot)"
::1 - - [26/Aug/2026:23:13:39 +0800] "OPTIONS * HTTP/1.0" 200 110 "-" "Apache/2.4.68 (Ubuntu) OpenSSL/3.0.19 (internal dummy connection)"
66.249.79.137 - - [26/Aug/2026:23:13:37 +0800] "GET /wp-login.php?action=ilc_logout&_wpnonce=43754d0aad&redirect_to=http://revival24.ru/job/49605/ HTTP/1.1" 302 3459 "-" "Mozilla/5.0 (compatible; Googlebot/2.1; +http://www.google.com/bot.html)"
66.249.79.75 - - [26/Aug/2026:23:13:40 +0800] "GET /wp-content/uploads/sites/1366/2026/04/%E8%AA%B2%E7%A8%8B%E8%A8%88%E7%95%AB%E5%B0%88%E5%8D%80-22.png HTTP/1.1" 304 5580 "-" "Googlebot-Image/1.0"
140.111.67.10 - - [26/Aug/2026:23:13:40 +0800] "GET /" 301 273 "-" "-"
74.7.242.54 - - [26/Aug/2026:23:13:39 +0800] "GET /32745/category/%e5%82%91%e5%85%8bvs%e4%b8%80%e7%b6%be/ HTTP/1.1" 200 85572 "https://2blog.ilc.edu.tw/32745/2020/12/26/page/2/" "Mozilla/5.0 AppleWebKit/537.36 (KHTML, like Gecko; compatible; GPTBot/1.4; +https://openai.com/gptbot)"
2409:252:95a0:d400:619a:665e:3833:fc89 - - [26/Aug/2026:23:13:40 +0800] "GET /wp-content/uploads/sites/233/1003/1003-2646314.jpg HTTP/1.1" 200 106259 "https://2blog.ilc.edu.tw/1003/2014/08/26/%e5%b0%8f%e4%b8%80%e9%96%8b%e5%ad%b8%e5%80%92%e6%95%b8%e7%ac%ac%e5%85%ad%e5%a4%a9/" "Mozilla/5.0 (iPhone; CPU iPhone OS 26_5_2 like Mac OS X) AppleWebKit/605.1.15 (KHTML, like Gecko) GSA/435.4.965413651 Mobile/15E148 Safari/604.1"
74.7.242.54 - - [26/Aug/2026:23:13:41 +0800] "GET /32745/category/%e7%8e%9f%e9%9d%88vs%e9%87%91%e6%a8%b9/ HTTP/1.1" 200 85526 "https://2blog.ilc.edu.tw/32745/2022/05/27/page/2/" "Mozilla/5.0 AppleWebKit/537.36 (KHTML, like Gecko; compatible; GPTBot/1.4; +https://openai.com/gptbot)"
138.59.207.88 - - [26/Aug/2026:23:13:39 +0800] "GET /privacypolicy HTTP/1.1" 301 5629 "https://www.jwes.ilc.edu.tw" "Mozilla/5.0 (Windows NT 10.0; Win64; x64; rv:138.0) Gecko/20100101 Firefox/138.0"
114.46.159.67 - - [26/Aug/2026:23:13:41 +0800] "GET /wp-content/cache/isupport.ilc.edu.tw/wpfc-minified/fhgiw72a/ks8w.css HTTP/1.1" 200 45684 "https://isupport.ilc.edu.tw/5962/" "Mozilla/5.0 (X11; CrOS x86_64 14541.0.0) AppleWebKit/537.36 (KHTML, like Gecko) Chrome/151.0.0.0 Safari/537.36"
114.46.159.67 - - [26/Aug/2026:23:13:41 +0800] "GET /wp-content/cache/isupport.ilc.edu.tw/wpfc-minified/jpyo1yc2/ks8w.css HTTP/1.1" 200 5958 "https://isupport.ilc.edu.tw/5962/" "Mozilla/5.0 (X11; CrOS x86_64 14541.0.0) AppleWebKit/537.36 (KHTML, like Gecko) Chrome/151.0.0.0 Safari/537.36"
::1 - - [26/Aug/2026:23:13:41 +0800] "OPTIONS * HTTP/1.0" 200 110 "-" "Apache/2.4.68 (Ubuntu) OpenSSL/3.0.19 (internal dummy connection)"
114.46.159.67 - - [26/Aug/2026:23:13:41 +0800] "GET /wp-content/cache/isupport.ilc.edu.tw/wpfc-minified/8jq1rsi9/ks8w.css HTTP/1.1" 200 53283 "https://isupport.ilc.edu.tw/5962/" "Mozilla/5.0 (X11; CrOS x86_64 14541.0.0) AppleWebKit/537.36 (KHTML, like Gecko) Chrome/151.0.0.0 Safari/537.36"
114.46.159.67 - - [26/Aug/2026:23:13:41 +0800] "GET /wp-content/cache/isupport.ilc.edu.tw/wpfc-minified/drup3mak/ks8w.css HTTP/1.1" 200 27899 "https://isupport.ilc.edu.tw/5962/" "Mozilla/5.0 (X11; CrOS x86_64 14541.0.0) AppleWebKit/537.36 (KHTML, like Gecko) Chrome/151.0.0.0 Safari/537.36"
114.46.159.67 - - [26/Aug/2026:23:13:41 +0800] "GET /wp-content/uploads/sites/3591/elementor/css/post-3.css HTTP/1.1" 200 2101 "https://isupport.ilc.edu.tw/5962/" "Mozilla/5.0 (X11; CrOS x86_64 14541.0.0) AppleWebKit/537.36 (KHTML, like Gecko) Chrome/151.0.0.0 Safari/537.36"
114.46.159.67 - - [26/Aug/2026:23:13:41 +0800] "GET /wp-content/cache/isupport.ilc.edu.tw/wpfc-minified/lwjo9g1t/ks8w.css HTTP/1.1" 200 11144 "https://isupport.ilc.edu.tw/5962/" "Mozilla/5.0 (X11; CrOS x86_64 14541.0.0) AppleWebKit/537.36 (KHTML, like Gecko) Chrome/151.0.0.0 Safari/537.36"
114.46.159.67 - - [26/Aug/2026:23:13:41 +0800] "GET /wp-content/uploads/sites/3591/elementor/css/post-5962.css HTTP/1.1" 200 1132 "https://isupport.ilc.edu.tw/5962/" "Mozilla/5.0 (X11; CrOS x86_64 14541.0.0) AppleWebKit/537.36 (KHTML, like Gecko) Chrome/151.0.0.0 Safari/537.36"
114.46.159.67 - - [26/Aug/2026:23:13:41 +0800] "GET /wp-content/cache/isupport.ilc.edu.tw/wpfc-minified/kxdlh8d7/ks8w.css HTTP/1.1" 200 12502 "https://isupport.ilc.edu.tw/5962/" "Mozilla/5.0 (X11; CrOS x86_64 14541.0.0) AppleWebKit/537.36 (KHTML, like Gecko) Chrome/151.0.0.0 Safari/537.36"
114.46.159.67 - - [26/Aug/2026:23:13:41 +0800] "GET /wp-content/cache/isupport.ilc.edu.tw/wpfc-minified/10m74ssp/ks8x.js HTTP/1.1" 200 35551 "https://isupport.ilc.edu.tw/5962/" "Mozilla/5.0 (X11; CrOS x86_64 14541.0.0) AppleWebKit/537.36 (KHTML, like Gecko) Chrome/151.0.0.0 Safari/537.36"
114.46.159.67 - - [26/Aug/2026:23:13:41 +0800] "GET /wp-content/cache/isupport.ilc.edu.tw/wpfc-minified/fqv0eogw/ks8w.js HTTP/1.1" 200 1635 "https://isupport.ilc.edu.tw/5962/" "Mozilla/5.0 (X11; CrOS x86_64 14541.0.0) AppleWebKit/537.36 (KHTML, like Gecko) Chrome/151.0.0.0 Safari/537.36"
114.46.159.67 - - [26/Aug/2026:23:13:41 +0800] "GET /wp-includes/js/hoverintent-js.min.js HTTP/1.1" 200 1597 "https://isupport.ilc.edu.tw/5962/" "Mozilla/5.0 (X11; CrOS x86_64 14541.0.0) AppleWebKit/537.36 (KHTML, like Gecko) Chrome/151.0.0.0 Safari/537.36"
114.46.159.67 - - [26/Aug/2026:23:13:41 +0800] "GET /wp-includes/js/admin-bar.min.js HTTP/1.1" 200 2237 "https://isupport.ilc.edu.tw/5962/" "Mozilla/5.0 (X11; CrOS x86_64 14541.0.0) AppleWebKit/537.36 (KHTML, like Gecko) Chrome/151.0.0.0 Safari/537.36"
114.46.159.67 - - [26/Aug/2026:23:13:42 +0800] "GET /wp-includes/js/imagesloaded.min.js HTTP/1.1" 200 2683 "https://isupport.ilc.edu.tw/5962/" "Mozilla/5.0 (X11; CrOS x86_64 14541.0.0) AppleWebKit/537.36 (KHTML, like Gecko) Chrome/151.0.0.0 Safari/537.36"
114.46.159.67 - - [26/Aug/2026:23:13:42 +0800] "GET /wp-content/themes/oceanwp/assets/js/theme.min.js HTTP/1.1" 200 5130 "https://isupport.ilc.edu.tw/5962/" "Mozilla/5.0 (X11; CrOS x86_64 14541.0.0) AppleWebKit/537.36 (KHTML, like Gecko) Chrome/151.0.0.0 Safari/537.36"
114.46.159.67 - - [26/Aug/2026:23:13:42 +0800] "GET /wp-content/themes/oceanwp/assets/js/vendors/sidr.js HTTP/1.1" 200 4102 "https://isupport.ilc.edu.tw/5962/" "Mozilla/5.0 (X11; CrOS x86_64 14541.0.0) AppleWebKit/537.36 (KHTML, like Gecko) Chrome/151.0.0.0 Safari/537.36"
114.46.159.67 - - [26/Aug/2026:23:13:42 +0800] "GET /wp-content/themes/oceanwp/assets/js/sidebar-mobile-menu.min.js HTTP/1.1" 200 4731 "https://isupport.ilc.edu.tw/5962/" "Mozilla/5.0 (X11; CrOS x86_64 14541.0.0) AppleWebKit/537.36 (KHTML, like Gecko) Chrome/151.0.0.0 Safari/537.36"
114.46.159.67 - - [26/Aug/2026:23:13:42 +0800] "GET /wp-content/themes/oceanwp/assets/js/drop-down-search.min.js HTTP/1.1" 200 2968 "https://isupport.ilc.edu.tw/5962/" "Mozilla/5.0 (X11; CrOS x86_64 14541.0.0) AppleWebKit/537.36 (KHTML, like Gecko) Chrome/151.0.0.0 Safari/537.36"
114.46.159.67 - - [26/Aug/2026:23:13:42 +0800] "GET /wp-content/themes/oceanwp/assets/js/equal-height-elements.min.js HTTP/1.1" 200 2606 "https://isupport.ilc.edu.tw/5962/" "Mozilla/5.0 (X11; CrOS x86_64 14541.0.0) AppleWebKit/537.36 (KHTML, like Gecko) Chrome/151.0.0.0 Safari/537.36"
114.46.159.67 - - [26/Aug/2026:23:13:42 +0800] "GET /wp-content/themes/oceanwp/assets/js/vendors/magnific-popup.min.js HTTP/1.1" 200 8270 "https://isupport.ilc.edu.tw/5962/" "Mozilla/5.0 (X11; CrOS x86_64 14541.0.0) AppleWebKit/537.36 (KHTML, like Gecko) Chrome/151.0.0.0 Safari/537.36"
114.46.159.67 - - [26/Aug/2026:23:13:42 +0800] "GET /wp-content/themes/oceanwp/assets/js/ow-lightbox.min.js HTTP/1.1" 200 2321 "https://isupport.ilc.edu.tw/5962/" "Mozilla/5.0 (X11; CrOS x86_64 14541.0.0) AppleWebKit/537.36 (KHTML, like Gecko) Chrome/151.0.0.0 Safari/537.36"
114.46.159.67 - - [26/Aug/2026:23:13:42 +0800] "GET /wp-content/themes/oceanwp/assets/js/vendors/flickity.pkgd.min.js HTTP/1.1" 200 15048 "https://isupport.ilc.edu.tw/5962/" "Mozilla/5.0 (X11; CrOS x86_64 14541.0.0) AppleWebKit/537.36 (KHTML, like Gecko) Chrome/151.0.0.0 Safari/537.36"
114.46.159.67 - - [26/Aug/2026:23:13:42 +0800] "GET /wp-content/themes/oceanwp/assets/js/ow-slider.min.js HTTP/1.1" 200 1761 "https://isupport.ilc.edu.tw/5962/" "Mozilla/5.0 (X11; CrOS x86_64 14541.0.0) AppleWebKit/537.36 (KHTML, like Gecko) Chrome/151.0.0.0 Safari/537.36"
114.46.159.67 - - [26/Aug/2026:23:13:42 +0800] "GET /wp-content/themes/oceanwp/assets/js/scroll-effect.min.js HTTP/1.1" 200 4127 "https://isupport.ilc.edu.tw/5962/" "Mozilla/5.0 (X11; CrOS x86_64 14541.0.0) AppleWebKit/537.36 (KHTML, like Gecko) Chrome/151.0.0.0 Safari/537.36"
114.46.159.67 - - [26/Aug/2026:23:13:42 +0800] "GET /wp-content/themes/oceanwp/assets/js/scroll-top.min.js HTTP/1.1" 200 3202 "https://isupport.ilc.edu.tw/5962/" "Mozilla/5.0 (X11; CrOS x86_64 14541.0.0) AppleWebKit/537.36 (KHTML, like Gecko) Chrome/151.0.0.0 Safari/537.36"
114.46.159.67 - - [26/Aug/2026:23:13:42 +0800] "GET /wp-content/themes/oceanwp/assets/js/select.min.js HTTP/1.1" 200 2408 "https://isupport.ilc.edu.tw/5962/" "Mozilla/5.0 (X11; CrOS x86_64 14541.0.0) AppleWebKit/537.36 (KHTML, like Gecko) Chrome/151.0.0.0 Safari/537.36"
114.46.159.67 - - [26/Aug/2026:23:13:42 +0800] "GET /wp-content/themes/oceanwp/assets/js/ow-infinite-scroll.min.js HTTP/1.1" 200 8588 "https://isupport.ilc.edu.tw/5962/" "Mozilla/5.0 (X11; CrOS x86_64 14541.0.0) AppleWebKit/537.36 (KHTML, like Gecko) Chrome/151.0.0.0 Safari/537.36"
114.46.159.67 - - [26/Aug/2026:23:13:42 +0800] "GET /wp-content/plugins/ocean-extra/includes/widgets/js/flickr.min.js HTTP/1.1" 200 1319 "https://isupport.ilc.edu.tw/5962/" "Mozilla/5.0 (X11; CrOS x86_64 14541.0.0) AppleWebKit/537.36 (KHTML, like Gecko) Chrome/151.0.0.0 Safari/537.36"
114.46.159.67 - - [26/Aug/2026:23:13:42 +0800] "GET /wp-content/plugins/elementor-pro/assets/js/webpack-pro.runtime.min.js HTTP/1.1" 200 3562 "https://isupport.ilc.edu.tw/5962/" "Mozilla/5.0 (X11; CrOS x86_64 14541.0.0) AppleWebKit/537.36 (KHTML, like Gecko) Chrome/151.0.0.0 Safari/537.36"
114.46.159.67 - - [26/Aug/2026:23:13:42 +0800] "GET /wp-content/plugins/elementor/assets/js/webpack.runtime.min.js HTTP/1.1" 200 3095 "https://isupport.ilc.edu.tw/5962/" "Mozilla/5.0 (X11; CrOS x86_64 14541.0.0) AppleWebKit/537.36 (KHTML, like Gecko) Chrome/151.0.0.0 Safari/537.36"
114.46.159.67 - - [26/Aug/2026:23:13:42 +0800] "GET /wp-content/plugins/elementor/assets/js/frontend-modules.min.js HTTP/1.1" 200 19416 "https://isupport.ilc.edu.tw/5962/" "Mozilla/5.0 (X11; CrOS x86_64 14541.0.0) AppleWebKit/537.36 (KHTML, like Gecko) Chrome/151.0.0.0 Safari/537.36"
114.46.159.67 - - [26/Aug/2026:23:13:42 +0800] "GET /wp-includes/js/dist/hooks.min.js HTTP/1.1" 200 2421 "https://isupport.ilc.edu.tw/5962/" "Mozilla/5.0 (X11; CrOS x86_64 14541.0.0) AppleWebKit/537.36 (KHTML, like Gecko) Chrome/151.0.0.0 Safari/537.36"
114.46.159.67 - - [26/Aug/2026:23:13:42 +0800] "GET /wp-includes/js/dist/i18n.min.js HTTP/1.1" 200 4547 "https://isupport.ilc.edu.tw/5962/" "Mozilla/5.0 (X11; CrOS x86_64 14541.0.0) AppleWebKit/537.36 (KHTML, like Gecko) Chrome/151.0.0.0 Safari/537.36"
114.46.159.67 - - [26/Aug/2026:23:13:42 +0800] "GET /wp-content/plugins/elementor-pro/assets/js/frontend.min.js HTTP/1.1" 200 7574 "https://isupport.ilc.edu.tw/5962/" "Mozilla/5.0 (X11; CrOS x86_64 14541.0.0) AppleWebKit/537.36 (KHTML, like Gecko) Chrome/151.0.0.0 Safari/537.36"
114.46.159.67 - - [26/Aug/2026:23:13:42 +0800] "GET /wp-content/plugins/elementor/assets/lib/waypoints/waypoints.min.js HTTP/1.1" 200 3873 "https://isupport.ilc.edu.tw/5962/" "Mozilla/5.0 (X11; CrOS x86_64 14541.0.0) AppleWebKit/537.36 (KHTML, like Gecko) Chrome/151.0.0.0 Safari/537.36"
74.7.242.54 - - [26/Aug/2026:23:13:41 +0800] "GET /32745/category/%e6%96%87%e5%a6%b9vs%e7%94%b0%e5%b8%a5/ HTTP/1.1" 200 85525 "https://2blog.ilc.edu.tw/32745/2025/08/24/page/4/" "Mozilla/5.0 AppleWebKit/537.36 (KHTML, like Gecko; compatible; GPTBot/1.4; +https://openai.com/gptbot)"
114.46.159.67 - - [26/Aug/2026:23:13:42 +0800] "GET /wp-includes/js/jquery/ui/core.min.js HTTP/1.1" 200 7986 "https://isupport.ilc.edu.tw/5962/" "Mozilla/5.0 (X11; CrOS x86_64 14541.0.0) AppleWebKit/537.36 (KHTML, like Gecko) Chrome/151.0.0.0 Safari/537.36"
114.46.159.67 - - [26/Aug/2026:23:13:42 +0800] "GET /wp-content/plugins/elementor/assets/js/frontend.min.js HTTP/1.1" 200 13169 "https://isupport.ilc.edu.tw/5962/" "Mozilla/5.0 (X11; CrOS x86_64 14541.0.0) AppleWebKit/537.36 (KHTML, like Gecko) Chrome/151.0.0.0 Safari/537.36"
114.46.159.67 - - [26/Aug/2026:23:13:42 +0800] "GET /wp-content/plugins/elementor-pro/assets/js/elements-handlers.min.js HTTP/1.1" 200 10882 "https://isupport.ilc.edu.tw/5962/" "Mozilla/5.0 (X11; CrOS x86_64 14541.0.0) AppleWebKit/537.36 (KHTML, like Gecko) Chrome/151.0.0.0 Safari/537.36"
184.73.239.35 - - [26/Aug/2026:23:13:42 +0800] "GET /3513/wp-json/wp/v2/pages/2 HTTP/1.1" 200 10110 "-" "Mozilla/5.0 AppleWebKit/537.36 (KHTML, like Gecko; compatible; Amazonbot/0.1; +https://developer.amazon.com/support/amazonbot) Chrome/119.0.6045.214 Safari/537.36"
2001:288:a201::66:125 - - [26/Aug/2026:23:13:43 +0800] "GET /blog/active.php HTTP/1.1" 301 1026 "-" "-"
2001:288:a201::66:125 - - [26/Aug/2026:23:13:43 +0800] "GET /blog/active.php HTTP/1.1" 404 1084 "-" "-"
74.7.242.54 - - [26/Aug/2026:23:13:42 +0800] "GET /32745/category/%e4%b8%83%e9%83%8evs%e9%ba%97%e7%8e%89/ HTTP/1.1" 200 85674 "https://2blog.ilc.edu.tw/32745/2021/06/03/page/6/" "Mozilla/5.0 AppleWebKit/537.36 (KHTML, like Gecko; compatible; GPTBot/1.4; +https://openai.com/gptbot)"
140.111.67.195 - - [26/Aug/2026:23:13:43 +0800] "GET /wp-admin/admin-post.php?action=steps_ad HTTP/1.1" 200 1973 "-" "node-fetch/1.0 (+https://github.com/bitinn/node-fetch)"
114.46.159.67 - - [26/Aug/2026:23:13:44 +0800] "GET /wp-content/uploads/sites/3591/2023/04/%E6%95%B8%E4%BD%8D%E5%AD%B8%E7%BF%92%E6%94%AF%E6%8C%81%E5%B9%B3%E5%8F%B0logo_50.png HTTP/1.1" 200 3861 "https://isupport.ilc.edu.tw/5962/" "Mozilla/5.0 (X11; CrOS x86_64 14541.0.0) AppleWebKit/537.36 (KHTML, like Gecko) Chrome/151.0.0.0 Safari/537.36"
114.46.159.67 - - [26/Aug/2026:23:13:44 +0800] "GET /wp-content/uploads/sites/3591/2022/11/banner_%E6%96%87%E7%AB%A0%E5%85%A7%E5%AE%B9.jpg HTTP/1.1" 200 18255 "https://isupport.ilc.edu.tw/5962/" "Mozilla/5.0 (X11; CrOS x86_64 14541.0.0) AppleWebKit/537.36 (KHTML, like Gecko) Chrome/151.0.0.0 Safari/537.36"
74.7.242.54 - - [26/Aug/2026:23:13:43 +0800] "GET /32745/wp-json/wp/v2/categories/1208 HTTP/1.1" 200 1713 "https://2blog.ilc.edu.tw/32745/category/%e8%90%ac%e8%8a%b3vs%e9%99%b3%e6%98%87/" "Mozilla/5.0 AppleWebKit/537.36 (KHTML, like Gecko; compatible; GPTBot/1.4; +https://openai.com/gptbot)"
114.46.159.67 - - [26/Aug/2026:23:13:44 +0800] "GET /wp-content/themes/oceanwp/assets/fonts/fontawesome/webfonts/fa-solid-900.woff2 HTTP/1.1" 200 151246 "https://isupport.ilc.edu.tw/wp-content/cache/isupport.ilc.edu.tw/wpfc-minified/8jq1rsi9/ks8w.css" "Mozilla/5.0 (X11; CrOS x86_64 14541.0.0) AppleWebKit/537.36 (KHTML, like Gecko) Chrome/151.0.0.0 Safari/537.36"
114.46.159.67 - - [26/Aug/2026:23:13:44 +0800] "GET /wp-content/themes/oceanwp/assets/fonts/simple-line-icons/Simple-Line-Icons.woff2?v=2.4.0 HTTP/1.1" 200 30959 "https://isupport.ilc.edu.tw/wp-content/cache/isupport.ilc.edu.tw/wpfc-minified/8jq1rsi9/ks8w.css" "Mozilla/5.0 (X11; CrOS x86_64 14541.0.0) AppleWebKit/537.36 (KHTML, like Gecko) Chrome/151.0.0.0 Safari/537.36"
114.46.159.67 - - [26/Aug/2026:23:13:44 +0800] "POST /wp-json/ilc-summary/v1/popular-posts HTTP/1.1" 201 1399 "https://isupport.ilc.edu.tw/5962/" "Mozilla/5.0 (X11; CrOS x86_64 14541.0.0) AppleWebKit/537.36 (KHTML, like Gecko) Chrome/151.0.0.0 Safari/537.36"
114.46.159.67 - - [26/Aug/2026:23:13:44 +0800] "GET /wp-content/themes/oceanwp/assets/fonts/fontawesome/webfonts/fa-regular-400.woff2 HTTP/1.1" 200 25383 "https://isupport.ilc.edu.tw/wp-content/cache/isupport.ilc.edu.tw/wpfc-minified/8jq1rsi9/ks8w.css" "Mozilla/5.0 (X11; CrOS x86_64 14541.0.0) AppleWebKit/537.36 (KHTML, like Gecko) Chrome/151.0.0.0 Safari/537.36"
34.56.124.53 - - [26/Aug/2026:23:13:44 +0800] "GET /3226/2008/09/17/%E9%98%BF%E5%AA%BD%E7%AD%94%E5%98%B4%E9%BC%93/ HTTP/1.1" 200 22673 "-" "Mozilla/5.0 (Macintosh; Intel Mac OS X 10_15_7) AppleWebKit/537.36 (KHTML, like Gecko) Chrome/120.0.0.0 Safari/537.36"
74.7.242.54 - - [26/Aug/2026:23:13:44 +0800] "GET /32745/category/%e8%89%af%e6%9e%97vs%e6%b1%9f%e7%87%95/ HTTP/1.1" 200 85545 "https://2blog.ilc.edu.tw/32745/2023/05/14/page/3/" "Mozilla/5.0 AppleWebKit/537.36 (KHTML, like Gecko; compatible; GPTBot/1.4; +https://openai.com/gptbot)"
114.46.159.67 - - [26/Aug/2026:23:13:45 +0800] "GET /wp-content/plugins/elementor/assets/js/text-editor.2c35aafbe5bf0e127950.bundle.min.js HTTP/1.1" 200 1545 "https://isupport.ilc.edu.tw/5962/" "Mozilla/5.0 (X11; CrOS x86_64 14541.0.0) AppleWebKit/537.36 (KHTML, like Gecko) Chrome/151.0.0.0 Safari/537.36"
52.2.83.227 - - [26/Aug/2026:23:13:45 +0800] "GET /wp-content/uploads/sites/3727/2023/08/?C=D;O%3DD HTTP/1.1" 200 1114 "-" "Mozilla/5.0 AppleWebKit/537.36 (KHTML, like Gecko; compatible; Amazonbot/0.1; +https://developer.amazon.com/support/amazonbot) Chrome/119.0.6045.214 Safari/537.36"
114.46.159.67 - - [26/Aug/2026:23:13:45 +0800] "GET /wp-content/uploads/sites/3591/2022/07/cropped-%E6%95%B8%E4%BD%8D%E5%AD%B8%E7%BF%92%E6%94%AF%E6%8C%81%E5%B9%B3%E5%8F%B0logo_lg-32x32.png HTTP/1.1" 200 1779 "https://isupport.ilc.edu.tw/5962/" "Mozilla/5.0 (X11; CrOS x86_64 14541.0.0) AppleWebKit/537.36 (KHTML, like Gecko) Chrome/151.0.0.0 Safari/537.36"
138.59.207.88 - - [26/Aug/2026:23:13:42 +0800] "GET /privacypolicy/ HTTP/1.1" 200 28197 "https://www.jwes.ilc.edu.tw/privacypolicy" "Mozilla/5.0 (Windows NT 10.0; Win64; x64; rv:138.0) Gecko/20100101 Firefox/138.0"
140.111.67.10 - - [26/Aug/2026:23:13:45 +0800] "GET /" 301 273 "-" "-"
74.7.242.54 - - [26/Aug/2026:23:13:45 +0800] "GET /32745/2025/09/13/%e5%bf%83%e6%84%9b%e7%9a%84%e6%88%91%e6%84%9b%e4%bd%a0-2/ HTTP/1.1" 200 87084 "https://2blog.ilc.edu.tw/32745/2025/01/25/%e5%b8%8c%e6%9c%9b%e4%bd%a0%e8%ab%92%e8%a7%a3-2/" "Mozilla/5.0 AppleWebKit/537.36 (KHTML, like Gecko; compatible; GPTBot/1.4; +https://openai.com/gptbot)"
74.7.242.54 - - [26/Aug/2026:23:13:47 +0800] "GET /32745/2025/09/13/%e5%bf%83%e6%84%9b%e7%9a%84%e6%88%91%e6%84%9b%e4%bd%a0-3/ HTTP/1.1" 200 87296 "https://2blog.ilc.edu.tw/32745/2025/01/25/%e8%8b%b1%e9%9b%84%e5%b0%91%e5%b9%b4%e5%ae%b6/" "Mozilla/5.0 AppleWebKit/537.36 (KHTML, like Gecko; compatible; GPTBot/1.4; +https://openai.com/gptbot)"
138.59.207.88 - - [26/Aug/2026:23:13:47 +0800] "GET /wp-includes/css/dashicons.min.css HTTP/1.1" 200 41521 "https://www.jwes.ilc.edu.tw/privacypolicy/" "Mozilla/5.0 (Windows NT 10.0; Win64; x64) AppleWebKit/537.36 (KHTML, like Gecko) Chrome/149.0.0.0 Safari/537.36"
74.7.242.54 - - [26/Aug/2026:23:13:47 +0800] "GET /32745/wp-json/wp/v2/categories/421 HTTP/1.1" 200 1710 "https://2blog.ilc.edu.tw/32745/category/%e8%89%af%e4%b8%80vs%e5%80%96%e5%a6%8f/" "Mozilla/5.0 AppleWebKit/537.36 (KHTML, like Gecko; compatible; GPTBot/1.4; +https://openai.com/gptbot)"
2001:288:a201::66:125 - - [26/Aug/2026:23:13:48 +0800] "GET /blog/active.php HTTP/1.1" 301 1026 "-" "-"
2001:288:a201::66:125 - - [26/Aug/2026:23:13:48 +0800] "GET /blog/active.php HTTP/1.1" 404 1084 "-" "-"
74.7.242.54 - - [26/Aug/2026:23:13:48 +0800] "GET /32745/2022/12/31/%e7%86%b1%e6%88%80%e7%9a%84%e6%83%85%e8%a9%b1/ HTTP/1.1" 200 87140 "https://2blog.ilc.edu.tw/32745/2021/09/15/%e8%ac%9d%e9%87%91%e6%99%b6/" "Mozilla/5.0 AppleWebKit/537.36 (KHTML, like Gecko; compatible; GPTBot/1.4; +https://openai.com/gptbot)"
::1 - - [26/Aug/2026:23:13:48 +0800] "OPTIONS * HTTP/1.0" 200 110 "-" "Apache/2.4.68 (Ubuntu) OpenSSL/3.0.19 (internal dummy connection)"
138.59.207.88 - - [26/Aug/2026:23:13:49 +0800] "GET /wp-includes/css/admin-bar.min.css HTTP/1.1" 200 9470 "https://www.jwes.ilc.edu.tw/privacypolicy/" "Mozilla/5.0 (Windows NT 10.0; Win64; x64) AppleWebKit/537.36 (KHTML, like Gecko) Chrome/149.0.0.0 Safari/537.36"
74.7.242.54 - - [26/Aug/2026:23:13:49 +0800] "GET /32745/wp-json/oembed/1.0/embed?format=xml&url=https%3A%2F%2F2blog.ilc.edu.tw%2F32745%2F2021%2F07%2F20%2F%25e5%25ad%259d%25e5%25ad%2590%2F HTTP/1.1" 200 2281 "https://2blog.ilc.edu.tw/32745/2021/07/20/%e5%ad%9d%e5%ad%90/" "Mozilla/5.0 AppleWebKit/537.36 (KHTML, like Gecko; compatible; GPTBot/1.4; +https://openai.com/gptbot)"
185.15.56.29 - - [26/Aug/2026:23:13:49 +0800] "GET /ilan/blog/1/post/21/184 HTTP/1.1" 301 1079 "-" "Mozilla/5.0 (Windows NT 10.0; Win64; x64) AppleWebKit/537.36 (KHTML, like Gecko) Chrome/105.0.0.0 Safari/537.36"
2001:b400:e208:f88e:f8a5:3a8d:9b4d:1290 - - [26/Aug/2026:23:13:49 +0800] "GET /wp-content/uploads/sites/3846/2023/07/%E6%95%99%E8%82%B2%E8%99%95%E5%85%AB%E5%A4%A7%E6%96%B9%E9%87%9D.png HTTP/1.1" 200 200327 "https://it.ilc.edu.tw/" "Mozilla/5.0 (Windows NT 10.0; Win64; x64) AppleWebKit/537.36 (KHTML, like Gecko) Chrome/151.0.0.0 Safari/537.36"
::1 - - [26/Aug/2026:23:13:49 +0800] "OPTIONS * HTTP/1.0" 200 110 "-" "Apache/2.4.68 (Ubuntu) OpenSSL/3.0.19 (internal dummy connection)"
74.7.242.54 - - [26/Aug/2026:23:13:49 +0800] "GET /32745/wp-json/wp/v2/categories/1062 HTTP/1.1" 200 1713 "https://2blog.ilc.edu.tw/32745/category/%e5%82%91%e5%85%8bvs%e4%b8%80%e7%b6%be/" "Mozilla/5.0 AppleWebKit/537.36 (KHTML, like Gecko; compatible; GPTBot/1.4; +https://openai.com/gptbot)"
74.7.242.54 - - [26/Aug/2026:23:13:50 +0800] "GET /32745/wp-json/wp/v2/categories/2651 HTTP/1.1" 200 1713 "https://2blog.ilc.edu.tw/32745/category/%e7%8e%9f%e9%9d%88vs%e9%87%91%e6%a8%b9/" "Mozilla/5.0 AppleWebKit/537.36 (KHTML, like Gecko; compatible; GPTBot/1.4; +https://openai.com/gptbot)"
140.111.67.10 - - [26/Aug/2026:23:13:50 +0800] "GET /" 301 273 "-" "-"
138.59.207.88 - - [26/Aug/2026:23:13:50 +0800] "GET /wp-includes/css/dist/block-library/style.min.css HTTP/1.1" 200 20565 "https://www.jwes.ilc.edu.tw/privacypolicy/" "Mozilla/5.0 (Windows NT 10.0; Win64; x64) AppleWebKit/537.36 (KHTML, like Gecko) Chrome/149.0.0.0 Safari/537.36"
34.123.149.87 - - [26/Aug/2026:23:13:50 +0800] "GET /2019/07/03/ HTTP/1.1" 200 21945 "-" "Mozilla/5.0 (Macintosh; Intel Mac OS X 10_15_7) AppleWebKit/537.36 (KHTML, like Gecko) Chrome/120.0.0.0 Safari/537.36"
74.7.242.54 - - [26/Aug/2026:23:13:50 +0800] "GET /32745/wp-json/wp/v2/categories/4440 HTTP/1.1" 200 1713 "https://2blog.ilc.edu.tw/32745/category/%e6%96%87%e5%a6%b9vs%e7%94%b0%e5%b8%a5/" "Mozilla/5.0 AppleWebKit/537.36 (KHTML, like Gecko; compatible; GPTBot/1.4; +https://openai.com/gptbot)"
140.111.67.195 - - [26/Aug/2026:23:13:51 +0800] "GET /wp-admin/admin-post.php?action=steps_ad HTTP/1.1" 200 1973 "-" "node-fetch/1.0 (+https://github.com/bitinn/node-fetch)"
44.221.227.90 - - [26/Aug/2026:23:13:51 +0800] "GET /wp-content/uploads/sites/646/2023/08/?C=D;O%3DD HTTP/1.1" 200 1112 "-" "Mozilla/5.0 AppleWebKit/537.36 (KHTML, like Gecko; compatible; Amazonbot/0.1; +https://developer.amazon.com/support/amazonbot) Chrome/119.0.6045.214 Safari/537.36"
74.7.242.54 - - [26/Aug/2026:23:13:51 +0800] "GET /32745/wp-json/wp/v2/categories/1436 HTTP/1.1" 200 1713 "https://2blog.ilc.edu.tw/32745/category/%e4%b8%83%e9%83%8evs%e9%ba%97%e7%8e%89/" "Mozilla/5.0 AppleWebKit/537.36 (KHTML, like Gecko; compatible; GPTBot/1.4; +https://openai.com/gptbot)"
138.59.207.88 - - [26/Aug/2026:23:13:51 +0800] "GET /wp-content/plugins/google-drive-embedder/css/gdm-blocks.css HTTP/1.1" 200 5945 "https://www.jwes.ilc.edu.tw/privacypolicy/" "Mozilla/5.0 (Windows NT 10.0; Win64; x64) AppleWebKit/537.36 (KHTML, like Gecko) Chrome/149.0.0.0 Safari/537.36"
74.7.242.54 - - [26/Aug/2026:23:13:51 +0800] "GET /32745/wp-json/oembed/1.0/embed?format=xml&url=https%3A%2F%2F2blog.ilc.edu.tw%2F32745%2F2021%2F08%2F20%2F%25e5%25bf%258d%25e5%25bf%2583%2F HTTP/1.1" 200 2283 "https://2blog.ilc.edu.tw/32745/2021/08/20/%e5%bf%8d%e5%bf%83/" "Mozilla/5.0 AppleWebKit/537.36 (KHTML, like Gecko; compatible; GPTBot/1.4; +https://openai.com/gptbot)"
74.7.242.54 - - [26/Aug/2026:23:13:52 +0800] "GET /32745/wp-json/oembed/1.0/embed?format=xml&url=https%3A%2F%2F2blog.ilc.edu.tw%2F32745%2F2021%2F10%2F25%2F%25e8%25ba%258a%25e8%25ba%2587%2F HTTP/1.1" 200 2284 "https://2blog.ilc.edu.tw/32745/2021/10/25/%e8%ba%8a%e8%ba%87/" "Mozilla/5.0 AppleWebKit/537.36 (KHTML, like Gecko; compatible; GPTBot/1.4; +https://openai.com/gptbot)"
66.249.79.137 - - [26/Aug/2026:23:13:50 +0800] "GET /wp-login.php?action=ilc_logout&_wpnonce=43754d0aad&redirect_to=//glebsapozhkov-test.ru/job/54962/ HTTP/1.1" 302 8248 "-" "Mozilla/5.0 (Linux; Android 6.0.1; Nexus 5X Build/MMB29P) AppleWebKit/537.36 (KHTML, like Gecko) Chrome/151.0.7922.173 Mobile Safari/537.36 (compatible; Googlebot/2.1; +http://www.google.com/bot.html)"
2001:288:a201::66:125 - - [26/Aug/2026:23:13:53 +0800] "GET /blog/active.php HTTP/1.1" 404 1084 "-" "-"
2001:288:a201::66:125 - - [26/Aug/2026:23:13:53 +0800] "GET /blog/active.php HTTP/1.1" 301 1026 "-" "-"
74.7.242.54 - - [26/Aug/2026:23:13:52 +0800] "GET /32745/wp-json/oembed/1.0/embed?format=xml&url=https%3A%2F%2F2blog.ilc.edu.tw%2F32745%2F2025%2F09%2F13%2F%25e5%25bf%2583%25e6%2584%259b%25e7%259a%2584%25e6%2588%2591%25e6%2584%259b%25e4%25bd%25a0-2%2F HTTP/1.1" 200 2321 "https://2blog.ilc.edu.tw/32745/2025/09/13/%e5%bf%83%e6%84%9b%e7%9a%84%e6%88%91%e6%84%9b%e4%bd%a0-2/" "Mozilla/5.0 AppleWebKit/537.36 (KHTML, like Gecko; compatible; GPTBot/1.4; +https://openai.com/gptbot)"
140.111.67.195 - - [26/Aug/2026:23:13:52 +0800] "GET /wp-admin/admin-post.php?action=steps_ad HTTP/1.1" 200 1649 "-" "node-fetch/1.0 (+https://github.com/bitinn/node-fetch)"
74.7.242.54 - - [26/Aug/2026:23:13:53 +0800] "GET /32745/wp-json/oembed/1.0/embed?format=xml&url=https%3A%2F%2F2blog.ilc.edu.tw%2F32745%2F2025%2F09%2F13%2F%25e5%25bf%2583%25e6%2584%259b%25e7%259a%2584%25e6%2588%2591%25e6%2584%259b%25e4%25bd%25a0-3%2F HTTP/1.1" 200 2321 "https://2blog.ilc.edu.tw/32745/2025/09/13/%e5%bf%83%e6%84%9b%e7%9a%84%e6%88%91%e6%84%9b%e4%bd%a0-3/" "Mozilla/5.0 AppleWebKit/537.36 (KHTML, like Gecko; compatible; GPTBot/1.4; +https://openai.com/gptbot)"
2001:b400:e208:f88e:f8a5:3a8d:9b4d:1290 - - [26/Aug/2026:23:13:53 +0800] "GET /wp-content/uploads/sites/3846/2026/08/%E8%BE%B2%E6%A5%AD%E9%83%A8%E5%BB%A3%E5%91%8A.jpg HTTP/1.1" 200 236462 "https://it.ilc.edu.tw/" "Mozilla/5.0 (Windows NT 10.0; Win64; x64) AppleWebKit/537.36 (KHTML, like Gecko) Chrome/151.0.0.0 Safari/537.36"
74.7.242.54 - - [26/Aug/2026:23:13:53 +0800] "GET /32745/wp-json/oembed/1.0/embed?url=https%3A%2F%2F2blog.ilc.edu.tw%2F32745%2F2023%2F11%2F26%2F%25e5%25a4%25a2%25e4%25b8%25ad%25e7%259a%2584waltz%2F HTTP/1.1" 200 3493 "https://2blog.ilc.edu.tw/32745/2023/11/26/%e5%a4%a2%e4%b8%ad%e7%9a%84waltz/" "Mozilla/5.0 AppleWebKit/537.36 (KHTML, like Gecko; compatible; GPTBot/1.4; +https://openai.com/gptbot)"
66.249.79.163 - - [26/Aug/2026:23:13:54 +0800] "GET /16989/wp-content/uploads/sites/1081/2021/09/%E6%A0%A1%E5%9C%92%E5%8D%B1%E6%A9%9F%E4%BA%8B%E4%BB%B6%E5%AE%89%E5%BF%83%E5%9C%98%E9%9A%8A%E6%9C%8D%E5%8B%99%E7%94%B3%E8%AB%8B%E8%A1%A8.odt HTTP/1.1" 200 23646 "-" "Mozilla/5.0 (Linux; Android 6.0.1; Nexus 5X Build/MMB29P) AppleWebKit/537.36 (KHTML, like Gecko) Chrome/151.0.7922.173 Mobile Safari/537.36 (compatible; Googlebot/2.1; +http://www.google.com/bot.html)"
54.147.238.89 - - [26/Aug/2026:23:13:54 +0800] "GET /26148/2024/05/13/113%E5%AD%B8%E5%B9%B4%E5%BA%A6%E5%AE%9C%E8%98%AD%E7%B8%A3%E5%B9%BC%E5%85%92%E5%9C%92%E6%8B%9B%E7%94%9F%E6%87%B6%E4%BA%BA%E5%8C%85%EF%BC%88%E5%90%ABqa%EF%BC%89/%E5%AE%9C%E8%98%AD%E7%B8%A3%E6%94%BF%E5%BA%9C%E6%96%B0%E8%81%9E%E7%A8%BF-1130502%E7%99%BC%E5%B8%83_%E5%AE%9C%E8%98%AD%E7%B8%A3113%E5%AD%B8%E5%B9%B4%E5%BA%A6%E9%99%84%E5%B9%BC%E9%9D%9E%E7%87%9F-4/embed/ HTTP/1.1" 200 12804 "-" "Mozilla/5.0 AppleWebKit/537.36 (KHTML, like Gecko; compatible; Amazonbot/0.1; +https://developer.amazon.com/support/amazonbot) Chrome/119.0.6045.214 Safari/537.36"
74.7.242.54 - - [26/Aug/2026:23:13:54 +0800] "GET /32745/wp-json/wp/v2/posts/84435 HTTP/1.1" 200 12267 "https://2blog.ilc.edu.tw/32745/2022/12/31/%e7%86%b1%e6%88%80%e7%9a%84%e6%83%85%e8%a9%b1/" "Mozilla/5.0 AppleWebKit/537.36 (KHTML, like Gecko; compatible; GPTBot/1.4; +https://openai.com/gptbot)"
2001:b400:e208:f88e:f8a5:3a8d:9b4d:1290 - - [26/Aug/2026:23:13:53 +0800] "GET /wp-content/uploads/sites/3846/2026/02/%E9%81%BF%E5%85%8D%E8%AA%A4%E5%85%A5%E8%A9%90%E9%A8%99%E7%B6%B2%E7%AB%99APP%E5%B0%8F%E5%B8%B8%E8%AD%98.jpg HTTP/1.1" 200 454833 "https://it.ilc.edu.tw/" "Mozilla/5.0 (Windows NT 10.0; Win64; x64) AppleWebKit/537.36 (KHTML, like Gecko) Chrome/151.0.0.0 Safari/537.36"
74.7.242.54 - - [26/Aug/2026:23:13:55 +0800] "GET /32745/wp-json/oembed/1.0/embed?format=xml&url=https%3A%2F%2F2blog.ilc.edu.tw%2F32745%2F2022%2F12%2F31%2F%25e7%2586%25b1%25e6%2588%2580%25e7%259a%2584%25e6%2583%2585%25e8%25a9%25b1%2F HTTP/1.1" 200 2313 "https://2blog.ilc.edu.tw/32745/2022/12/31/%e7%86%b1%e6%88%80%e7%9a%84%e6%83%85%e8%a9%b1/" "Mozilla/5.0 AppleWebKit/537.36 (KHTML, like Gecko; compatible; GPTBot/1.4; +https://openai.com/gptbot)"
66.249.79.163 - - [26/Aug/2026:23:13:55 +0800] "GET /lunch/wp-content/uploads/sites/1315/2020/11/11%E6%9C%88%E5%AD%B8%E6%A0%A1%E5%8D%88%E9%A4%90%E5%B0%8F%E5%AD%B8%E5%A0%82-%E5%8F%B0%E6%9D%B1%E7%89%B9%E8%89%B2%E9%A3%9F%E6%9D%90-scaled.jpg HTTP/1.1" 304 790 "-" "Googlebot-Image/1.0"
140.111.67.10 - - [26/Aug/2026:23:13:55 +0800] "GET /" 301 273 "-" "-"
74.7.242.54 - - [26/Aug/2026:23:13:55 +0800] "GET /32745/wp-content/uploads/sites/1271/2020/05/%E6%9C%B1%E7%B4%84%E4%BF%A1%E8%B1%AC%E9%A0%AD%E7%9A%AEvsSuyang.jpg HTTP/1.1" 200 27836 "https://2blog.ilc.edu.tw/32745/2020/05/24/page/3/" "Mozilla/5.0 AppleWebKit/537.36 (KHTML, like Gecko; compatible; GPTBot/1.4; +https://openai.com/gptbot)"
23.21.228.180 - - [26/Aug/2026:23:13:55 +0800] "GET /wp-content/uploads/sites/2322/18278/previews-med/ HTTP/1.1" 200 27593 "-" "Mozilla/5.0 AppleWebKit/537.36 (KHTML, like Gecko; compatible; Amazonbot/0.1; +https://developer.amazon.com/support/amazonbot) Chrome/119.0.6045.214 Safari/537.36"
138.59.207.88 - - [26/Aug/2026:23:13:55 +0800] "GET /wp-content/themes/oceanwp/assets/css/style.min.css HTTP/1.1" 200 32985 "https://www.jwes.ilc.edu.tw/privacypolicy/" "Mozilla/5.0 (Windows NT 10.0; Win64; x64) AppleWebKit/537.36 (KHTML, like Gecko) Chrome/149.0.0.0 Safari/537.36"
74.7.242.54 - - [26/Aug/2026:23:13:56 +0800] "GET /32745/wp-content/uploads/sites/1271/2020/05/%E6%9C%B1%E7%B4%84%E4%BF%A1%E8%B1%AC%E9%A0%AD%E7%9A%AEvsSuyang-1.jpg HTTP/1.1" 200 27836 "https://2blog.ilc.edu.tw/32745/2020/05/24/page/3/" "Mozilla/5.0 AppleWebKit/537.36 (KHTML, like Gecko; compatible; GPTBot/1.4; +https://openai.com/gptbot)"
138.59.207.88 - - [26/Aug/2026:23:13:57 +0800] "GET /wp-content/themes/oceanwp-child-theme-master3/style.css HTTP/1.1" 200 6878 "https://www.jwes.ilc.edu.tw/privacypolicy/" "Mozilla/5.0 (Windows NT 10.0; Win64; x64) AppleWebKit/537.36 (KHTML, like Gecko) Chrome/149.0.0.0 Safari/537.36"
2001:288:a201::66:125 - - [26/Aug/2026:23:13:58 +0800] "GET /blog/active.php HTTP/1.1" 301 1026 "-" "-"
74.7.242.54 - - [26/Aug/2026:23:13:56 +0800] "GET /32745/category/%e8%be%b2%e6%9d%91%e6%ad%a6%e8%a3%9d%e9%9d%92%e5%b9%b4%e6%a8%82%e5%9c%98%e3%80%80/feed/ HTTP/1.1" 200 13110 "https://2blog.ilc.edu.tw/32745/category/%e8%be%b2%e6%9d%91%e6%ad%a6%e8%a3%9d%e9%9d%92%e5%b9%b4%e6%a8%82%e5%9c%98%e3%80%80/" "Mozilla/5.0 AppleWebKit/537.36 (KHTML, like Gecko; compatible; GPTBot/1.4; +https://openai.com/gptbot)"
2001:288:a201::66:125 - - [26/Aug/2026:23:13:58 +0800] "GET /blog/active.php HTTP/1.1" 404 1084 "-" "-"
3.224.215.150 - - [26/Aug/2026:23:13:58 +0800] "GET /32745/wp-json/wp/v2/media?parent=22548 HTTP/1.1" 200 9555 "-" "Mozilla/5.0 AppleWebKit/537.36 (KHTML, like Gecko; compatible; Amazonbot/0.1; +https://developer.amazon.com/support/amazonbot) Chrome/119.0.6045.214 Safari/537.36"
74.7.242.54 - - [26/Aug/2026:23:13:58 +0800] "GET /32745/category/%e5%90%b3%e6%b7%91%e6%95%8fvs%e5%ba%b7%e5%ba%b7%e5%ba%b7%e6%99%89%e6%a6%ae/ HTTP/1.1" 200 85595 "https://2blog.ilc.edu.tw/32745/2020/05/30/" "Mozilla/5.0 AppleWebKit/537.36 (KHTML, like Gecko; compatible; GPTBot/1.4; +https://openai.com/gptbot)"
138.59.207.88 - - [26/Aug/2026:23:13:59 +0800] "GET /wp-content/themes/oceanwp/assets/fonts/fontawesome/css/all.min.css HTTP/1.1" 200 28170 "https://www.jwes.ilc.edu.tw/privacypolicy/" "Mozilla/5.0 (Windows NT 10.0; Win64; x64) AppleWebKit/537.36 (KHTML, like Gecko) Chrome/149.0.0.0 Safari/537.36"
54.90.244.132 - - [26/Aug/2026:23:13:59 +0800] "GET /26148/wp-content/uploads/sites/1077/2024/05/%E5%AE%9C%E8%98%AD%E7%B8%A3%E6%94%BF%E5%BA%9C%E6%96%B0%E8%81%9E%E7%A8%BF-1130502%E7%99%BC%E5%B8%83_%E5%AE%9C%E8%98%AD%E7%B8%A3113%E5%AD%B8%E5%B9%B4%E5%BA%A6%E9%99%84%E5%B9%BC%E9%9D%9E%E7%87%9F%E5%88%A9%E5%8F%8A%E8%81%B7%E5%A0%B4%E4%B8%AD%E5%BF%83%E6%8B%9B%E7%94%9F_%E6%87%B6%E4%BA%BA%E5%8C%85%E6%A2%97%E5%9C%964_0-200x141.jpg HTTP/1.1" 200 14350 "-" "Mozilla/5.0 AppleWebKit/537.36 (KHTML, like Gecko; compatible; Amazonbot/0.1; +https://developer.amazon.com/support/amazonbot) Chrome/119.0.6045.214 Safari/537.36"
50.19.221.48 - - [26/Aug/2026:23:13:59 +0800] "GET /wp-content/uploads/sites/2322/18278/18278-1541244.gif HTTP/1.1" 200 10521 "-" "Mozilla/5.0 AppleWebKit/537.36 (KHTML, like Gecko; compatible; Amazonbot/0.1; +https://developer.amazon.com/support/amazonbot) Chrome/119.0.6045.214 Safari/537.36"
2409:8a3c:53f5:e6b9:14a2:ee0e:b68b:c67d - - [26/Aug/2026:23:13:59 +0800] "GET /wp-content/cache/www.cwjh.ilc.edu.tw/wpfc-minified/7957u2ji/77dd.css HTTP/1.1" 200 20585 "https://www.cwjh.ilc.edu.tw/author/dow/page/2/" "Mozilla/5.0 (Windows NT 10.0; Win64; x64) AppleWebKit/537.36 (KHTML, like Gecko) Chrome/144.0.0.0 Safari/537.36"
2409:252:95a0:d400:619a:665e:3833:fc89 - - [26/Aug/2026:23:13:59 +0800] "GET /wp-content/uploads/sites/233/1003/1003-2646315.jpg HTTP/1.1" 200 98658 "https://2blog.ilc.edu.tw/1003/2014/08/26/%e5%b0%8f%e4%b8%80%e9%96%8b%e5%ad%b8%e5%80%92%e6%95%b8%e7%ac%ac%e5%85%ad%e5%a4%a9/" "Mozilla/5.0 (iPhone; CPU iPhone OS 26_5_2 like Mac OS X) AppleWebKit/605.1.15 (KHTML, like Gecko) GSA/435.4.965413651 Mobile/15E148 Safari/604.1"
74.7.242.54 - - [26/Aug/2026:23:13:59 +0800] "GET /32745/category/%e5%ba%b7%e5%ba%b7%e5%ba%b7%e6%99%89%e6%a6%aevs%e9%bb%83%e9%b3%b3%e5%84%80/ HTTP/1.1" 200 85553 "https://2blog.ilc.edu.tw/32745/2022/02/01/" "Mozilla/5.0 AppleWebKit/537.36 (KHTML, like Gecko; compatible; GPTBot/1.4; +https://openai.com/gptbot)"
2409:8a3c:53f5:e6b9:14a2:ee0e:b68b:c67d - - [26/Aug/2026:23:14:00 +0800] "GET /wp-content/cache/www.cwjh.ilc.edu.tw/wpfc-minified/8wopko65/77dd.css HTTP/1.1" 200 5960 "https://www.cwjh.ilc.edu.tw/author/dow/page/2/" "Mozilla/5.0 (Windows NT 10.0; Win64; x64) AppleWebKit/537.36 (KHTML, like Gecko) Chrome/144.0.0.0 Safari/537.36"
140.111.67.10 - - [26/Aug/2026:23:14:00 +0800] "GET /" 301 273 "-" "-"
2409:8a3c:53f5:e6b9:14a2:ee0e:b68b:c67d - - [26/Aug/2026:23:14:00 +0800] "GET /wp-content/cache/www.cwjh.ilc.edu.tw/wpfc-minified/dhutxct0/77dd.css HTTP/1.1" 200 61345 "https://www.cwjh.ilc.edu.tw/author/dow/page/2/" "Mozilla/5.0 (Windows NT 10.0; Win64; x64) AppleWebKit/537.36 (KHTML, like Gecko) Chrome/144.0.0.0 Safari/537.36"
