138.59.207.88 - - [26/Aug/2026:23:14:00 +0800] "GET /wp-content/themes/oceanwp/assets/css/third/simple-line-icons.min.css HTTP/1.1" 200 8106 "https://www.jwes.ilc.edu.tw/privacypolicy/" "Mozilla/5.0 (Windows NT 10.0; Win64; x64) AppleWebKit/537.36 (KHTML, like Gecko) Chrome/149.0.0.0 Safari/537.36"
2409:8a3c:53f5:e6b9:14a2:ee0e:b68b:c67d - - [26/Aug/2026:23:14:00 +0800] "GET /wp-content/cache/www.cwjh.ilc.edu.tw/wpfc-minified/f11u7byj/77dd.js HTTP/1.1" 200 35559 "https://www.cwjh.ilc.edu.tw/author/dow/page/2/" "Mozilla/5.0 (Windows NT 10.0; Win64; x64) AppleWebKit/537.36 (KHTML, like Gecko) Chrome/144.0.0.0 Safari/537.36"
2409:8a3c:53f5:e6b9:14a2:ee0e:b68b:c67d - - [26/Aug/2026:23:14:01 +0800] "GET /wp-includes/js/admin-bar.min.js HTTP/1.1" 200 7040 "https://www.cwjh.ilc.edu.tw/author/dow/page/2/" "Mozilla/5.0 (Windows NT 10.0; Win64; x64) AppleWebKit/537.36 (KHTML, like Gecko) Chrome/144.0.0.0 Safari/537.36"
2001:288:a201::67:82 - - [26/Aug/2026:23:14:01 +0800] "GET / HTTP/1.1" 200 56291 "-" "curl/7.81.0"
2001:288:a201::67:85 - - [26/Aug/2026:23:14:01 +0800] "GET / HTTP/1.1" 200 56291 "-" "curl/7.81.0"
74.7.242.54 - - [26/Aug/2026:23:14:00 +0800] "GET /32745/2022/03/13/%e5%a5%b3%e4%ba%ba%e5%a4%a2-2/ HTTP/1.1" 200 87848 "https://2blog.ilc.edu.tw/32745/2022/03/13/%e4%b8%83%e5%a4%95%e6%83%85/" "Mozilla/5.0 AppleWebKit/537.36 (KHTML, like Gecko; compatible; GPTBot/1.4; +https://openai.com/gptbot)"
2001:288:a201::67:84 - - [26/Aug/2026:23:14:01 +0800] "GET / HTTP/1.1" 200 56291 "-" "curl/7.81.0"
140.111.67.86 - - [26/Aug/2026:23:14:01 +0800] "GET / HTTP/1.1" 200 56291 "-" "curl/7.81.0"
2409:8a3c:53f5:e6b9:14a2:ee0e:b68b:c67d - - [26/Aug/2026:23:14:02 +0800] "GET /wp-content/themes/oceanwp/assets/js/drop-down-mobile-menu.min.js HTTP/1.1" 200 4663 "https://www.cwjh.ilc.edu.tw/author/dow/page/2/" "Mozilla/5.0 (Windows NT 10.0; Win64; x64) AppleWebKit/537.36 (KHTML, like Gecko) Chrome/144.0.0.0 Safari/537.36"
74.7.242.54 - - [26/Aug/2026:23:14:02 +0800] "GET /32745/2020/08/08/%e8%83%ad%e8%84%82%e5%91%b3/ HTTP/1.1" 200 87468 "https://2blog.ilc.edu.tw/32745/2020/08/08/%e8%b5%a4%e5%b4%81%e6%a8%93%e4%b9%8b%e6%88%80/" "Mozilla/5.0 AppleWebKit/537.36 (KHTML, like Gecko; compatible; GPTBot/1.4; +https://openai.com/gptbot)"
2001:288:a201::66:125 - - [26/Aug/2026:23:14:03 +0800] "GET /blog/active.php HTTP/1.1" 301 1026 "-" "-"
2001:288:a201::66:125 - - [26/Aug/2026:23:14:03 +0800] "GET /blog/active.php HTTP/1.1" 404 1084 "-" "-"
2402:7500:a42:9a9:687c:ffc1:9f0a:8f38 - - [26/Aug/2026:23:14:03 +0800] "GET /wp-content/themes/oceanwp/assets/fonts/fontawesome/webfonts/fa-solid-900.woff2 HTTP/1.1" 200 156047 "https://www.fsjh.ilc.edu.tw/" "Mozilla/5.0 (iPhone; CPU iPhone OS 26_5_2 like Mac OS X) AppleWebKit/605.1.15 (KHTML, like Gecko) GSA/435.4.965413651 Mobile/15E148 Safari/604.1"
74.7.242.54 - - [26/Aug/2026:23:14:03 +0800] "GET /32745/2023/07/21/%e8%95%ad%e8%94%93%e8%90%b1/ HTTP/1.1" 200 86472 "https://2blog.ilc.edu.tw/32745/2023/07/21/" "Mozilla/5.0 AppleWebKit/537.36 (KHTML, like Gecko; compatible; GPTBot/1.4; +https://openai.com/gptbot)"
2409:8a3c:53f5:e6b9:14a2:ee0e:b68b:c67d - - [26/Aug/2026:23:14:03 +0800] "GET /wp-content/themes/oceanwp/assets/js/drop-down-search.min.js HTTP/1.1" 200 2968 "https://www.cwjh.ilc.edu.tw/author/dow/page/2/" "Mozilla/5.0 (Windows NT 10.0; Win64; x64) AppleWebKit/537.36 (KHTML, like Gecko) Chrome/144.0.0.0 Safari/537.36"
2409:8a3c:53f5:e6b9:14a2:ee0e:b68b:c67d - - [26/Aug/2026:23:14:04 +0800] "GET /wp-content/themes/oceanwp/assets/js/vendors/magnific-popup.min.js HTTP/1.1" 200 13073 "https://www.cwjh.ilc.edu.tw/author/dow/page/2/" "Mozilla/5.0 (Windows NT 10.0; Win64; x64) AppleWebKit/537.36 (KHTML, like Gecko) Chrome/144.0.0.0 Safari/537.36"
2409:8a3c:53f5:e6b9:14a2:ee0e:b68b:c67d - - [26/Aug/2026:23:14:04 +0800] "GET /wp-content/themes/oceanwp/assets/js/ow-lightbox.min.js HTTP/1.1" 200 7124 "https://www.cwjh.ilc.edu.tw/author/dow/page/2/" "Mozilla/5.0 (Windows NT 10.0; Win64; x64) AppleWebKit/537.36 (KHTML, like Gecko) Chrome/144.0.0.0 Safari/537.36"
2001:b400:e208:f88e:f8a5:3a8d:9b4d:1290 - - [26/Aug/2026:23:13:53 +0800] "GET /wp-content/uploads/sites/3846/2026/06/%E5%AE%A3%E5%82%B3%E5%9C%96%E7%89%87.png HTTP/1.1" 200 1053112 "https://it.ilc.edu.tw/" "Mozilla/5.0 (Windows NT 10.0; Win64; x64) AppleWebKit/537.36 (KHTML, like Gecko) Chrome/151.0.0.0 Safari/537.36"
2409:252:95a0:d400:619a:665e:3833:fc89 - - [26/Aug/2026:23:14:04 +0800] "GET /wp-content/uploads/sites/233/1003/1003-2646316.jpg HTTP/1.1" 200 75579 "https://2blog.ilc.edu.tw/1003/2014/08/26/%e5%b0%8f%e4%b8%80%e9%96%8b%e5%ad%b8%e5%80%92%e6%95%b8%e7%ac%ac%e5%85%ad%e5%a4%a9/" "Mozilla/5.0 (iPhone; CPU iPhone OS 26_5_2 like Mac OS X) AppleWebKit/605.1.15 (KHTML, like Gecko) GSA/435.4.965413651 Mobile/15E148 Safari/604.1"
2407:4b00:4c06:8249:3bb6:2e8:6ec2:60d3 - - [26/Aug/2026:23:14:04 +0800] "-" 408 4801 "-" "-"
2407:4b00:4c06:8249:3bb6:2e8:6ec2:60d3 - - [26/Aug/2026:23:14:04 +0800] "-" 408 4801 "-" "-"
74.7.242.54 - - [26/Aug/2026:23:14:04 +0800] "GET /32745/2020/05/02/%e7%87%92%e9%85%92%e6%ad%8c/ HTTP/1.1" 200 87804 "https://2blog.ilc.edu.tw/32745/2020/05/23/%e7%8e%8b%e8%ad%98%e8%b3%a2/" "Mozilla/5.0 AppleWebKit/537.36 (KHTML, like Gecko; compatible; GPTBot/1.4; +https://openai.com/gptbot)"
2409:8a3c:53f5:e6b9:14a2:ee0e:b68b:c67d - - [26/Aug/2026:23:14:05 +0800] "GET /wp-content/themes/oceanwp/assets/js/vendors/flickity.pkgd.min.js HTTP/1.1" 200 15048 "https://www.cwjh.ilc.edu.tw/author/dow/page/2/" "Mozilla/5.0 (Windows NT 10.0; Win64; x64) AppleWebKit/537.36 (KHTML, like Gecko) Chrome/144.0.0.0 Safari/537.36"
140.111.67.10 - - [26/Aug/2026:23:14:05 +0800] "GET /" 301 273 "-" "-"
2409:8a3c:53f5:e6b9:14a2:ee0e:b68b:c67d - - [26/Aug/2026:23:14:05 +0800] "GET /wp-content/themes/oceanwp/assets/js/ow-slider.min.js HTTP/1.1" 200 1761 "https://www.cwjh.ilc.edu.tw/author/dow/page/2/" "Mozilla/5.0 (Windows NT 10.0; Win64; x64) AppleWebKit/537.36 (KHTML, like Gecko) Chrome/144.0.0.0 Safari/537.36"
2001:b400:e208:f88e:f8a5:3a8d:9b4d:1290 - - [26/Aug/2026:23:13:53 +0800] "GET /wp-content/uploads/sites/3846/2026/06/2026%E5%AE%9C%E8%98%AD%E7%98%8B%E5%AD%B8%E7%BF%92-%E6%9A%91%E5%81%87_%E6%95%99%E8%82%B2%E8%99%95%E9%A6%96%E9%A0%81-1440-x-1080-%E5%83%8F%E7%B4%A0.png HTTP/1.1" 200 1348639 "https://it.ilc.edu.tw/" "Mozilla/5.0 (Windows NT 10.0; Win64; x64) AppleWebKit/537.36 (KHTML, like Gecko) Chrome/151.0.0.0 Safari/537.36"
140.111.67.195 - - [26/Aug/2026:23:14:05 +0800] "GET /wp-admin/admin-post.php?action=steps_ad HTTP/1.1" 200 1973 "-" "node-fetch/1.0 (+https://github.com/bitinn/node-fetch)"
74.7.242.54 - - [26/Aug/2026:23:14:05 +0800] "GET /32745/2023/09/03/%e7%8e%8b%e6%9c%9b%e8%88%92vs%e5%9c%8b%e7%ab%8b%e8%87%ba%e7%81%a3%e5%b8%ab%e7%af%84%e5%a4%a7%e5%ad%b8%e9%9f%b3%e6%a8%82%e5%ad%b8%e7%b3%bb%e4%ba%a4%e9%9f%bf%e6%a8%82%e5%9c%98/ HTTP/1.1" 200 86362 "https://2blog.ilc.edu.tw/32745/2023/09/03/%e9%82%b1%e9%80%b8%e8%90%8dvs%e5%a4%a9%e9%9f%bb%e5%90%88%e5%94%b1%e5%9c%98/" "Mozilla/5.0 AppleWebKit/537.36 (KHTML, like Gecko; compatible; GPTBot/1.4; +https://openai.com/gptbot)"
74.7.242.54 - - [26/Aug/2026:23:14:06 +0800] "GET /32745/wp-content/uploads/sites/1271/2022/12/1-249.jpeg HTTP/1.1" 200 32514 "https://2blog.ilc.edu.tw/32745/wp-json/oembed/1.0/embed?format=xml&url=https%3A%2F%2F2blog.ilc.edu.tw%2F32745%2F2022%2F12%2F31%2F%25e7%2586%25b1%25e6%2588%2580%25e7%259a%2584%25e6%2583%2585%25e8%25a9%25b1%2F" "Mozilla/5.0 AppleWebKit/537.36 (KHTML, like Gecko; compatible; GPTBot/1.4; +https://openai.com/gptbot)"
34.194.14.255 - - [26/Aug/2026:23:14:06 +0800] "GET /6513/wp-json/oembed/1.0/embed?format=xml&url=https://2blog.ilc.edu.tw/6513/2010/10/05/%25e4%25b8%2580%25e7%2594%259f%25e4%25b8%2580%25e6%25a8%25b9%25e6%25a4%258d%25e6%25a8%25b9%25e6%25b4%25bb%25e5%258b%2595/ HTTP/1.1" 200 7227 "-" "Mozilla/5.0 AppleWebKit/537.36 (KHTML, like Gecko; compatible; Amazonbot/0.1; +https://developer.amazon.com/support/amazonbot) Chrome/119.0.6045.214 Safari/537.36"
2408:862e:ff:ff0d::10f0 - - [26/Aug/2026:23:14:06 +0800] "GET /2011/09/26 HTTP/1.1" 301 5761 "-" "Mozilla/5.0 (Windows NT 10.0; Win64; x64) AppleWebKit/537.36 (KHTML, like Gecko) Chrome/144.0.0.0 Safari/537.36"
74.7.242.54 - - [26/Aug/2026:23:14:07 +0800] "GET /32745/wp-content/uploads/sites/1271/2022/11/1154646740121534774-480x245.jpeg HTTP/1.1" 200 23935 "https://2blog.ilc.edu.tw/32745/2022/11/15/page/2/" "Mozilla/5.0 AppleWebKit/537.36 (KHTML, like Gecko; compatible; GPTBot/1.4; +https://openai.com/gptbot)"
3.219.81.66 - - [26/Aug/2026:23:14:07 +0800] "GET /wp-content/uploads/sites/2322/18278/18278-1518120.gif HTTP/1.1" 200 18889 "-" "Mozilla/5.0 AppleWebKit/537.36 (KHTML, like Gecko; compatible; Amazonbot/0.1; +https://developer.amazon.com/support/amazonbot) Chrome/119.0.6045.214 Safari/537.36"
2408:862e:ff:ff0d::10f0 - - [26/Aug/2026:23:14:07 +0800] "GET /2011/09/26/ HTTP/1.1" 200 11632 "-" "Mozilla/5.0 (Windows NT 10.0; Win64; x64) AppleWebKit/537.36 (KHTML, like Gecko) Chrome/144.0.0.0 Safari/537.36"
2408:862e:ff:ff0d::10f0 - - [26/Aug/2026:23:14:07 +0800] "GET /wp-content/cache/ilta.ilc.edu.tw/wpfc-minified/30cml7nx/6wvk.css HTTP/1.1" 200 40877 "https://ilta.ilc.edu.tw/2011/09/26/" "Mozilla/5.0 (Windows NT 10.0; Win64; x64) AppleWebKit/537.36 (KHTML, like Gecko) Chrome/144.0.0.0 Safari/537.36"
74.7.242.54 - - [26/Aug/2026:23:14:07 +0800] "GET /32745/wp-content/uploads/sites/1271/2022/11/1194102799749957313-500x245.jpeg HTTP/1.1" 200 26212 "https://2blog.ilc.edu.tw/32745/2022/11/10/page/5/" "Mozilla/5.0 AppleWebKit/537.36 (KHTML, like Gecko; compatible; GPTBot/1.4; +https://openai.com/gptbot)"
54.197.82.195 - - [26/Aug/2026:23:14:07 +0800] "GET /39664/wp-content/uploads/sites/428/2020/12/Sblog-109/u5c0f/u5275/u5ba2P1-3_33-300x169.jpg HTTP/1.1" 500 6121 "-" "Mozilla/5.0 AppleWebKit/537.36 (KHTML, like Gecko; compatible; Amazonbot/0.1; +https://developer.amazon.com/support/amazonbot) Chrome/119.0.6045.214 Safari/537.36"
2407:4b00:4c06:8249:3bb6:2e8:6ec2:60d3 - - [26/Aug/2026:23:14:07 +0800] "GET /wp-content/uploads/sites/1663/2020/09/36430-4193146.png HTTP/1.1" 200 15133 "https://www.pces.ilc.edu.tw/" "Mozilla/5.0 (Windows NT 10.0; Win64; x64) AppleWebKit/537.36 (KHTML, like Gecko) Chrome/151.0.0.0 Safari/537.36 Edg/151.0.0.0"
2001:288:a201::66:125 - - [26/Aug/2026:23:14:08 +0800] "GET /blog/active.php HTTP/1.1" 301 1026 "-" "-"
2001:288:a201::66:125 - - [26/Aug/2026:23:14:08 +0800] "GET /blog/active.php HTTP/1.1" 404 1084 "-" "-"
74.7.242.54 - - [26/Aug/2026:23:14:08 +0800] "GET /32745/wp-content/uploads/sites/1271/2022/11/7221823529531219773-500x245.jpeg HTTP/1.1" 200 17429 "https://2blog.ilc.edu.tw/32745/2022/11/26/" "Mozilla/5.0 AppleWebKit/537.36 (KHTML, like Gecko; compatible; GPTBot/1.4; +https://openai.com/gptbot)"
2408:862e:ff:ff0d::10f0 - - [26/Aug/2026:23:14:08 +0800] "GET /wp-content/cache/ilta.ilc.edu.tw/wpfc-minified/l07fx5lw/6wvk.css HTTP/1.1" 200 15782 "https://ilta.ilc.edu.tw/2011/09/26/" "Mozilla/5.0 (Windows NT 10.0; Win64; x64) AppleWebKit/537.36 (KHTML, like Gecko) Chrome/144.0.0.0 Safari/537.36"
2409:8a3c:53f5:e6b9:14a2:ee0e:b68b:c67d - - [26/Aug/2026:23:14:08 +0800] "GET /wp-content/themes/oceanwp/assets/js/scroll-effect.min.js HTTP/1.1" 200 4127 "https://www.cwjh.ilc.edu.tw/author/dow/page/2/" "Mozilla/5.0 (Windows NT 10.0; Win64; x64) AppleWebKit/537.36 (KHTML, like Gecko) Chrome/144.0.0.0 Safari/537.36"
2408:862e:ff:ff0d::10f0 - - [26/Aug/2026:23:14:08 +0800] "GET /wp-includes/js/imagesloaded.min.js HTTP/1.1" 200 2683 "https://ilta.ilc.edu.tw/2011/09/26/" "Mozilla/5.0 (Windows NT 10.0; Win64; x64) AppleWebKit/537.36 (KHTML, like Gecko) Chrome/144.0.0.0 Safari/537.36"
2409:8a3c:53f5:e6b9:14a2:ee0e:b68b:c67d - - [26/Aug/2026:23:14:08 +0800] "GET /wp-content/themes/oceanwp/assets/js/scroll-top.min.js HTTP/1.1" 200 3541 "https://www.cwjh.ilc.edu.tw/author/dow/page/2/" "Mozilla/5.0 (Windows NT 10.0; Win64; x64) AppleWebKit/537.36 (KHTML, like Gecko) Chrome/144.0.0.0 Safari/537.36"
2408:862e:ff:ff0d::10f0 - - [26/Aug/2026:23:14:08 +0800] "GET /wp-content/themes/oceanwp/assets/js/vendors/magnific-popup.min.js HTTP/1.1" 200 8270 "https://ilta.ilc.edu.tw/2011/09/26/" "Mozilla/5.0 (Windows NT 10.0; Win64; x64) AppleWebKit/537.36 (KHTML, like Gecko) Chrome/144.0.0.0 Safari/537.36"
2408:862e:ff:ff0d::10f0 - - [26/Aug/2026:23:14:09 +0800] "GET /wp-content/themes/oceanwp/assets/js/scroll-effect.min.js HTTP/1.1" 200 4127 "https://ilta.ilc.edu.tw/2011/09/26/" "Mozilla/5.0 (Windows NT 10.0; Win64; x64) AppleWebKit/537.36 (KHTML, like Gecko) Chrome/144.0.0.0 Safari/537.36"
140.111.67.195 - - [26/Aug/2026:23:14:09 +0800] "GET /wp-admin/admin-post.php?action=steps_ad HTTP/1.1" 200 1649 "-" "node-fetch/1.0 (+https://github.com/bitinn/node-fetch)"
2409:8a3c:53f5:e6b9:14a2:ee0e:b68b:c67d - - [26/Aug/2026:23:14:09 +0800] "GET /wp-content/themes/oceanwp/assets/js/select.min.js HTTP/1.1" 200 2408 "https://www.cwjh.ilc.edu.tw/author/dow/page/2/" "Mozilla/5.0 (Windows NT 10.0; Win64; x64) AppleWebKit/537.36 (KHTML, like Gecko) Chrome/144.0.0.0 Safari/537.36"
240e:910:e000:811::1463 - - [26/Aug/2026:23:14:09 +0800] "GET /read1/wp-json/oembed/1.0/embed?url=https%3A%2F%2F2blog.ilc.edu.tw%2Fread1%2F2023%2F09%2F27%2F%25e8%2590%25ac%25e5%25af%258c%25e6%2595%2585%25e4%25ba%258b%25e5%2588%2597%25e8%25bb%258a%25e7%2594%259c-%25e7%2594%259c-%25e6%2588%2591%25e4%25b8%2580%25e9%25bb%259e%25e4%25b9%259f%25e4%25b8%258d%25e9%2586%259c%2F HTTP/1.1" 200 8698 "-" "Mozilla/5.0 (Windows NT 10.0; Win64; x64) AppleWebKit/537.36 (KHTML, like Gecko) Chrome/144.0.0.0 Safari/537.36"
2409:8a3c:53f5:e6b9:14a2:ee0e:b68b:c67d - - [26/Aug/2026:23:14:09 +0800] "GET /wp-content/plugins/ocean-extra/includes/widgets/js/flickr.min.js HTTP/1.1" 200 1319 "https://www.cwjh.ilc.edu.tw/author/dow/page/2/" "Mozilla/5.0 (Windows NT 10.0; Win64; x64) AppleWebKit/537.36 (KHTML, like Gecko) Chrome/144.0.0.0 Safari/537.36"
52.167.144.186 - - [26/Aug/2026:23:14:09 +0800] "GET /1003/?s=anapsique+50+mg+50+tabletas HTTP/1.1" 200 13756 "-" "Mozilla/5.0 AppleWebKit/537.36 (KHTML, like Gecko; compatible; bingbot/2.0; +http://www.bing.com/bingbot.htm) Chrome/116.0.1938.76 Safari/537.36"
74.7.242.54 - - [26/Aug/2026:23:14:08 +0800] "GET /32745/category/%e5%90%b3%e6%b7%91%e6%95%8fvs%e5%ba%b7%e5%ba%b7%e5%ba%b7%e6%99%89%e6%a6%ae/feed/ HTTP/1.1" 200 3438 "https://2blog.ilc.edu.tw/32745/category/%e5%90%b3%e6%b7%91%e6%95%8fvs%e5%ba%b7%e5%ba%b7%e5%ba%b7%e6%99%89%e6%a6%ae/" "Mozilla/5.0 AppleWebKit/537.36 (KHTML, like Gecko; compatible; GPTBot/1.4; +https://openai.com/gptbot)"
2408:862e:ff:ff0d::10f0 - - [26/Aug/2026:23:14:09 +0800] "GET /wp-content/themes/oceanwp/assets/fonts/fontawesome/webfonts/fa-solid-900.woff2 HTTP/1.1" 200 151246 "https://ilta.ilc.edu.tw/wp-content/cache/ilta.ilc.edu.tw/wpfc-minified/7vo8n6iy/6wvk.css" "Mozilla/5.0 (Windows NT 10.0; Win64; x64) AppleWebKit/537.36 (KHTML, like Gecko) Chrome/144.0.0.0 Safari/537.36"
17.241.219.218 - - [26/Aug/2026:23:14:09 +0800] "GET /3226/wp-includes/js/imagesloaded.min.js HTTP/1.1" 200 7477 "https://2blog.ilc.edu.tw/3226/2024/10/21/" "Mozilla/5.0 (Macintosh; Intel Mac OS X 10_15_7) AppleWebKit/605.1.15 (KHTML, like Gecko) Version/17.4 Safari/605.1.15 (Applebot/0.1; +http://www.apple.com/go/applebot)"
240e:910:e000:811::1463 - - [26/Aug/2026:23:14:09 +0800] "GET /favicon.ico HTTP/1.1" 302 901 "https://2blog.ilc.edu.tw/read1/wp-json/oembed/1.0/embed?url=https%3A%2F%2F2blog.ilc.edu.tw%2Fread1%2F2023%2F09%2F27%2F%25e8%2590%25ac%25e5%25af%258c%25e6%2595%2585%25e4%25ba%258b%25e5%2588%2597%25e8%25bb%258a%25e7%2594%259c-%25e7%2594%259c-%25e6%2588%2591%25e4%25b8%2580%25e9%25bb%259e%25e4%25b9%259f%25e4%25b8%258d%25e9%2586%259c%2F" "Mozilla/5.0 (Windows NT 10.0; Win64; x64) AppleWebKit/537.36 (KHTML, like Gecko) Chrome/144.0.0.0 Safari/537.36"
2409:8a3c:53f5:e6b9:14a2:ee0e:b68b:c67d - - [26/Aug/2026:23:14:10 +0800] "GET /wp-content/themes/oceanwp/assets/fonts/simple-line-icons/Simple-Line-Icons.woff2?v=2.4.0 HTTP/1.1" 200 30959 "https://www.cwjh.ilc.edu.tw/wp-content/cache/www.cwjh.ilc.edu.tw/wpfc-minified/dhutxct0/77dd.css" "Mozilla/5.0 (Windows NT 10.0; Win64; x64) AppleWebKit/537.36 (KHTML, like Gecko) Chrome/144.0.0.0 Safari/537.36"
17.241.219.218 - - [26/Aug/2026:23:14:10 +0800] "GET /3226/wp-content/themes/oceanwp/assets/js/theme.min.js HTTP/1.1" 200 5130 "https://2blog.ilc.edu.tw/3226/2024/10/21/" "Mozilla/5.0 (Macintosh; Intel Mac OS X 10_15_7) AppleWebKit/605.1.15 (KHTML, like Gecko) Version/17.4 Safari/605.1.15 (Applebot/0.1; +http://www.apple.com/go/applebot)"
140.111.67.10 - - [26/Aug/2026:23:14:10 +0800] "GET /" 301 273 "-" "-"
74.7.242.54 - - [26/Aug/2026:23:14:09 +0800] "GET /32745/category/%e5%ba%b7%e5%ba%b7%e5%ba%b7%e6%99%89%e6%a6%aevs%e9%bb%83%e9%b3%b3%e5%84%80/feed/ HTTP/1.1" 200 3561 "https://2blog.ilc.edu.tw/32745/category/%e5%ba%b7%e5%ba%b7%e5%ba%b7%e6%99%89%e6%a6%aevs%e9%bb%83%e9%b3%b3%e5%84%80/" "Mozilla/5.0 AppleWebKit/537.36 (KHTML, like Gecko; compatible; GPTBot/1.4; +https://openai.com/gptbot)"
34.194.226.74 - - [26/Aug/2026:23:14:10 +0800] "GET /32745/wp-json/oembed/1.0/embed?format=xml&url=https://2blog.ilc.edu.tw/32745/2022/05/22/%25e5%25bf%2583%25e6%2584%259b%25e7%259a%2584%25e6%2588%2591%25e7%25ad%2589%25e4%25bd%25a0/ HTTP/1.1" 200 7320 "-" "Mozilla/5.0 AppleWebKit/537.36 (KHTML, like Gecko; compatible; Amazonbot/0.1; +https://developer.amazon.com/support/amazonbot) Chrome/119.0.6045.214 Safari/537.36"
34.123.149.87 - - [26/Aug/2026:23:14:11 +0800] "GET /3154/wp-json/wp/v2/posts/5632 HTTP/1.1" 200 8234 "-" "Mozilla/5.0 (Macintosh; Intel Mac OS X 10_15_7) AppleWebKit/537.36 (KHTML, like Gecko) Chrome/120.0.0.0 Safari/537.36"
74.7.242.54 - - [26/Aug/2026:23:14:11 +0800] "GET /32745/wp-json/wp/v2/posts/66512 HTTP/1.1" 200 27186 "https://2blog.ilc.edu.tw/32745/2022/03/13/%e5%a5%b3%e4%ba%ba%e5%a4%a2-2/" "Mozilla/5.0 AppleWebKit/537.36 (KHTML, like Gecko; compatible; GPTBot/1.4; +https://openai.com/gptbot)"
2001:4860:7:410::f6 - - [26/Aug/2026:23:14:11 +0800] "GET / HTTP/1.1" 200 19929 "https://www.google.com/" "Mozilla/5.0 (Linux; Android 10; K) AppleWebKit/537.36 (KHTML, like Gecko) Chrome/151.0.0.0 Mobile Safari/537.36"
52.45.77.169 - - [26/Aug/2026:23:14:11 +0800] "GET /wp-content/uploads/sites/3727/2023/?C=M;O%3DD HTTP/1.1" 200 1317 "-" "Mozilla/5.0 AppleWebKit/537.36 (KHTML, like Gecko; compatible; Amazonbot/0.1; +https://developer.amazon.com/support/amazonbot) Chrome/119.0.6045.214 Safari/537.36"
17.241.219.218 - - [26/Aug/2026:23:14:11 +0800] "GET /3226/wp-content/themes/oceanwp/assets/js/drop-down-mobile-menu.min.js HTTP/1.1" 200 4663 "https://2blog.ilc.edu.tw/3226/2024/10/21/" "Mozilla/5.0 (Macintosh; Intel Mac OS X 10_15_7) AppleWebKit/605.1.15 (KHTML, like Gecko) Version/17.4 Safari/605.1.15 (Applebot/0.1; +http://www.apple.com/go/applebot)"
74.7.242.54 - - [26/Aug/2026:23:14:11 +0800] "GET /32745/wp-json/oembed/1.0/embed?url=https%3A%2F%2F2blog.ilc.edu.tw%2F32745%2F2020%2F08%2F08%2F%25e8%2583%25ad%25e8%2584%2582%25e5%2591%25b3%2F HTTP/1.1" 200 3477 "https://2blog.ilc.edu.tw/32745/2020/08/08/%e8%83%ad%e8%84%82%e5%91%b3/" "Mozilla/5.0 AppleWebKit/537.36 (KHTML, like Gecko; compatible; GPTBot/1.4; +https://openai.com/gptbot)"
49.218.230.96 - - [26/Aug/2026:23:14:12 +0800] "GET /%E5%B0%88%E4%BB%BB%E6%95%99%E5%B8%AB/ HTTP/1.1" 200 24267 "https://www.google.com/" "Mozilla/5.0 (iPhone; CPU iPhone OS 18_7 like Mac OS X) AppleWebKit/605.1.15 (KHTML, like Gecko) Version/26.5 Mobile/15E148 Safari/604.1"
240e:910:e000:811::1463 - - [26/Aug/2026:23:14:12 +0800] "GET /wp-includes/images/w-logo-blue-white-bg.png HTTP/1.1" 200 4946 "https://2blog.ilc.edu.tw/read1/wp-json/oembed/1.0/embed?url=https%3A%2F%2F2blog.ilc.edu.tw%2Fread1%2F2023%2F09%2F27%2F%25e8%2590%25ac%25e5%25af%258c%25e6%2595%2585%25e4%25ba%258b%25e5%2588%2597%25e8%25bb%258a%25e7%2594%259c-%25e7%2594%259c-%25e6%2588%2591%25e4%25b8%2580%25e9%25bb%259e%25e4%25b9%259f%25e4%25b8%258d%25e9%2586%259c%2F" "Mozilla/5.0 (Windows NT 10.0; Win64; x64) AppleWebKit/537.36 (KHTML, like Gecko) Chrome/144.0.0.0 Safari/537.36"
49.218.230.96 - - [26/Aug/2026:23:14:12 +0800] "GET /wp-content/uploads/sites/50/elementor/css/post-1051.css HTTP/1.1" 200 1320 "https://www.ksjh.ilc.edu.tw/%E5%B0%88%E4%BB%BB%E6%95%99%E5%B8%AB/" "Mozilla/5.0 (iPhone; CPU iPhone OS 18_7 like Mac OS X) AppleWebKit/605.1.15 (KHTML, like Gecko) Version/26.5 Mobile/15E148 Safari/604.1"
49.218.230.96 - - [26/Aug/2026:23:14:12 +0800] "GET /wp-content/cache/www.ksjh.ilc.edu.tw/wpfc-minified/dgnuqjzz/6x4f.css HTTP/1.1" 200 45685 "https://www.ksjh.ilc.edu.tw/%E5%B0%88%E4%BB%BB%E6%95%99%E5%B8%AB/" "Mozilla/5.0 (iPhone; CPU iPhone OS 18_7 like Mac OS X) AppleWebKit/605.1.15 (KHTML, like Gecko) Version/26.5 Mobile/15E148 Safari/604.1"
49.218.230.96 - - [26/Aug/2026:23:14:12 +0800] "GET /wp-content/cache/www.ksjh.ilc.edu.tw/wpfc-minified/kxbl2k9t/6x4f.css HTTP/1.1" 200 64946 "https://www.ksjh.ilc.edu.tw/%E5%B0%88%E4%BB%BB%E6%95%99%E5%B8%AB/" "Mozilla/5.0 (iPhone; CPU iPhone OS 18_7 like Mac OS X) AppleWebKit/605.1.15 (KHTML, like Gecko) Version/26.5 Mobile/15E148 Safari/604.1"
49.218.230.96 - - [26/Aug/2026:23:14:12 +0800] "GET /wp-content/cache/www.ksjh.ilc.edu.tw/wpfc-minified/ky024iln/6x4f.css HTTP/1.1" 200 5958 "https://www.ksjh.ilc.edu.tw/%E5%B0%88%E4%BB%BB%E6%95%99%E5%B8%AB/" "Mozilla/5.0 (iPhone; CPU iPhone OS 18_7 like Mac OS X) AppleWebKit/605.1.15 (KHTML, like Gecko) Version/26.5 Mobile/15E148 Safari/604.1"
49.218.230.96 - - [26/Aug/2026:23:14:12 +0800] "GET /wp-content/cache/www.ksjh.ilc.edu.tw/wpfc-minified/epdbm6lw/6x4f.css HTTP/1.1" 200 6777 "https://www.ksjh.ilc.edu.tw/%E5%B0%88%E4%BB%BB%E6%95%99%E5%B8%AB/" "Mozilla/5.0 (iPhone; CPU iPhone OS 18_7 like Mac OS X) AppleWebKit/605.1.15 (KHTML, like Gecko) Version/26.5 Mobile/15E148 Safari/604.1"
49.218.230.96 - - [26/Aug/2026:23:14:12 +0800] "GET /wp-content/cache/www.ksjh.ilc.edu.tw/wpfc-minified/6y1hinyi/6x4f.css HTTP/1.1" 200 23809 "https://www.ksjh.ilc.edu.tw/%E5%B0%88%E4%BB%BB%E6%95%99%E5%B8%AB/" "Mozilla/5.0 (iPhone; CPU iPhone OS 18_7 like Mac OS X) AppleWebKit/605.1.15 (KHTML, like Gecko) Version/26.5 Mobile/15E148 Safari/604.1"
49.218.230.96 - - [26/Aug/2026:23:14:12 +0800] "GET /wp-content/cache/www.ksjh.ilc.edu.tw/wpfc-minified/loiviw5k/6x4f.css HTTP/1.1" 200 51770 "https://www.ksjh.ilc.edu.tw/%E5%B0%88%E4%BB%BB%E6%95%99%E5%B8%AB/" "Mozilla/5.0 (iPhone; CPU iPhone OS 18_7 like Mac OS X) AppleWebKit/605.1.15 (KHTML, like Gecko) Version/26.5 Mobile/15E148 Safari/604.1"
49.218.230.96 - - [26/Aug/2026:23:14:12 +0800] "GET /wp-content/themes/hueman/assets/front/webfonts/fa-brands-400.woff2?v=5.15.2 HTTP/1.1" 200 79499 "https://www.ksjh.ilc.edu.tw/%E5%B0%88%E4%BB%BB%E6%95%99%E5%B8%AB/" "Mozilla/5.0 (iPhone; CPU iPhone OS 18_7 like Mac OS X) AppleWebKit/605.1.15 (KHTML, like Gecko) Version/26.5 Mobile/15E148 Safari/604.1"
49.218.230.96 - - [26/Aug/2026:23:14:12 +0800] "GET /wp-content/cache/www.ksjh.ilc.edu.tw/wpfc-minified/2y7xel6/6x4f.js HTTP/1.1" 200 6521 "https://www.ksjh.ilc.edu.tw/%E5%B0%88%E4%BB%BB%E6%95%99%E5%B8%AB/" "Mozilla/5.0 (iPhone; CPU iPhone OS 18_7 like Mac OS X) AppleWebKit/605.1.15 (KHTML, like Gecko) Version/26.5 Mobile/15E148 Safari/604.1"
49.218.230.96 - - [26/Aug/2026:23:14:12 +0800] "GET /wp-content/cache/www.ksjh.ilc.edu.tw/wpfc-minified/6wc3aeio/6x4f.js HTTP/1.1" 200 35559 "https://www.ksjh.ilc.edu.tw/%E5%B0%88%E4%BB%BB%E6%95%99%E5%B8%AB/" "Mozilla/5.0 (iPhone; CPU iPhone OS 18_7 like Mac OS X) AppleWebKit/605.1.15 (KHTML, like Gecko) Version/26.5 Mobile/15E148 Safari/604.1"
49.218.230.96 - - [26/Aug/2026:23:14:12 +0800] "GET /wp-content/themes/hueman/assets/front/webfonts/fa-regular-400.woff2?v=5.15.2 HTTP/1.1" 200 14439 "https://www.ksjh.ilc.edu.tw/%E5%B0%88%E4%BB%BB%E6%95%99%E5%B8%AB/" "Mozilla/5.0 (iPhone; CPU iPhone OS 18_7 like Mac OS X) AppleWebKit/605.1.15 (KHTML, like Gecko) Version/26.5 Mobile/15E148 Safari/604.1"
49.218.230.96 - - [26/Aug/2026:23:14:12 +0800] "GET /wp-content/themes/hueman/assets/front/webfonts/fa-solid-900.woff2?v=5.15.2 HTTP/1.1" 200 81301 "https://www.ksjh.ilc.edu.tw/%E5%B0%88%E4%BB%BB%E6%95%99%E5%B8%AB/" "Mozilla/5.0 (iPhone; CPU iPhone OS 18_7 like Mac OS X) AppleWebKit/605.1.15 (KHTML, like Gecko) Version/26.5 Mobile/15E148 Safari/604.1"
49.218.230.96 - - [26/Aug/2026:23:14:12 +0800] "GET /wp-content/themes/hueman/assets/front/fonts/titillium-light-webfont.woff HTTP/1.1" 200 25606 "https://www.ksjh.ilc.edu.tw/%E5%B0%88%E4%BB%BB%E6%95%99%E5%B8%AB/" "Mozilla/5.0 (iPhone; CPU iPhone OS 18_7 like Mac OS X) AppleWebKit/605.1.15 (KHTML, like Gecko) Version/26.5 Mobile/15E148 Safari/604.1"
49.218.230.96 - - [26/Aug/2026:23:14:12 +0800] "GET /wp-content/themes/hueman/assets/front/fonts/titillium-lightitalic-webfont.woff HTTP/1.1" 200 27654 "https://www.ksjh.ilc.edu.tw/%E5%B0%88%E4%BB%BB%E6%95%99%E5%B8%AB/" "Mozilla/5.0 (iPhone; CPU iPhone OS 18_7 like Mac OS X) AppleWebKit/605.1.15 (KHTML, like Gecko) Version/26.5 Mobile/15E148 Safari/604.1"
49.218.230.96 - - [26/Aug/2026:23:14:12 +0800] "GET /wp-content/themes/hueman/assets/front/fonts/titillium-regular-webfont.woff HTTP/1.1" 200 25590 "https://www.ksjh.ilc.edu.tw/%E5%B0%88%E4%BB%BB%E6%95%99%E5%B8%AB/" "Mozilla/5.0 (iPhone; CPU iPhone OS 18_7 like Mac OS X) AppleWebKit/605.1.15 (KHTML, like Gecko) Version/26.5 Mobile/15E148 Safari/604.1"
49.218.230.96 - - [26/Aug/2026:23:14:12 +0800] "GET /wp-content/themes/hueman/assets/front/fonts/titillium-regularitalic-webfont.woff HTTP/1.1" 200 27482 "https://www.ksjh.ilc.edu.tw/%E5%B0%88%E4%BB%BB%E6%95%99%E5%B8%AB/" "Mozilla/5.0 (iPhone; CPU iPhone OS 18_7 like Mac OS X) AppleWebKit/605.1.15 (KHTML, like Gecko) Version/26.5 Mobile/15E148 Safari/604.1"
49.218.230.96 - - [26/Aug/2026:23:14:12 +0800] "GET /wp-content/themes/hueman/assets/front/fonts/titillium-semibold-webfont.woff HTTP/1.1" 200 25626 "https://www.ksjh.ilc.edu.tw/%E5%B0%88%E4%BB%BB%E6%95%99%E5%B8%AB/" "Mozilla/5.0 (iPhone; CPU iPhone OS 18_7 like Mac OS X) AppleWebKit/605.1.15 (KHTML, like Gecko) Version/26.5 Mobile/15E148 Safari/604.1"
49.218.230.96 - - [26/Aug/2026:23:14:12 +0800] "GET /wp-content/uploads/sites/50/2026/06/%E6%A8%82%E5%9C%98%E5%A0%B1%E5%90%8DQRcord.png HTTP/1.1" 200 82768 "https://www.ksjh.ilc.edu.tw/%E5%B0%88%E4%BB%BB%E6%95%99%E5%B8%AB/" "Mozilla/5.0 (iPhone; CPU iPhone OS 18_7 like Mac OS X) AppleWebKit/605.1.15 (KHTML, like Gecko) Version/26.5 Mobile/15E148 Safari/604.1"
49.218.230.96 - - [26/Aug/2026:23:14:12 +0800] "GET /wp-includes/js/hoverintent-js.min.js HTTP/1.1" 200 1597 "https://www.ksjh.ilc.edu.tw/%E5%B0%88%E4%BB%BB%E6%95%99%E5%B8%AB/" "Mozilla/5.0 (iPhone; CPU iPhone OS 18_7 like Mac OS X) AppleWebKit/605.1.15 (KHTML, like Gecko) Version/26.5 Mobile/15E148 Safari/604.1"
49.218.230.96 - - [26/Aug/2026:23:14:12 +0800] "GET /wp-includes/js/admin-bar.min.js HTTP/1.1" 200 2237 "https://www.ksjh.ilc.edu.tw/%E5%B0%88%E4%BB%BB%E6%95%99%E5%B8%AB/" "Mozilla/5.0 (iPhone; CPU iPhone OS 18_7 like Mac OS X) AppleWebKit/605.1.15 (KHTML, like Gecko) Version/26.5 Mobile/15E148 Safari/604.1"
49.218.230.96 - - [26/Aug/2026:23:14:12 +0800] "GET /wp-includes/js/underscore.min.js HTTP/1.1" 200 8191 "https://www.ksjh.ilc.edu.tw/%E5%B0%88%E4%BB%BB%E6%95%99%E5%B8%AB/" "Mozilla/5.0 (iPhone; CPU iPhone OS 18_7 like Mac OS X) AppleWebKit/605.1.15 (KHTML, like Gecko) Version/26.5 Mobile/15E148 Safari/604.1"
49.218.230.96 - - [26/Aug/2026:23:14:12 +0800] "GET /wp-content/themes/hueman/assets/front/js/scripts.min.js HTTP/1.1" 200 22643 "https://www.ksjh.ilc.edu.tw/%E5%B0%88%E4%BB%BB%E6%95%99%E5%B8%AB/" "Mozilla/5.0 (iPhone; CPU iPhone OS 18_7 like Mac OS X) AppleWebKit/605.1.15 (KHTML, like Gecko) Version/26.5 Mobile/15E148 Safari/604.1"
49.218.230.96 - - [26/Aug/2026:23:14:12 +0800] "GET /wp-content/plugins/elementor/assets/js/webpack.runtime.min.js HTTP/1.1" 200 3095 "https://www.ksjh.ilc.edu.tw/%E5%B0%88%E4%BB%BB%E6%95%99%E5%B8%AB/" "Mozilla/5.0 (iPhone; CPU iPhone OS 18_7 like Mac OS X) AppleWebKit/605.1.15 (KHTML, like Gecko) Version/26.5 Mobile/15E148 Safari/604.1"
49.218.230.96 - - [26/Aug/2026:23:14:12 +0800] "GET /wp-content/plugins/elementor-pro/assets/js/webpack-pro.runtime.min.js HTTP/1.1" 200 3562 "https://www.ksjh.ilc.edu.tw/%E5%B0%88%E4%BB%BB%E6%95%99%E5%B8%AB/" "Mozilla/5.0 (iPhone; CPU iPhone OS 18_7 like Mac OS X) AppleWebKit/605.1.15 (KHTML, like Gecko) Version/26.5 Mobile/15E148 Safari/604.1"
49.218.230.96 - - [26/Aug/2026:23:14:12 +0800] "GET /wp-includes/js/dist/hooks.min.js HTTP/1.1" 200 2421 "https://www.ksjh.ilc.edu.tw/%E5%B0%88%E4%BB%BB%E6%95%99%E5%B8%AB/" "Mozilla/5.0 (iPhone; CPU iPhone OS 18_7 like Mac OS X) AppleWebKit/605.1.15 (KHTML, like Gecko) Version/26.5 Mobile/15E148 Safari/604.1"
49.218.230.96 - - [26/Aug/2026:23:14:12 +0800] "GET /wp-content/plugins/elementor/assets/js/frontend-modules.min.js HTTP/1.1" 200 19416 "https://www.ksjh.ilc.edu.tw/%E5%B0%88%E4%BB%BB%E6%95%99%E5%B8%AB/" "Mozilla/5.0 (iPhone; CPU iPhone OS 18_7 like Mac OS X) AppleWebKit/605.1.15 (KHTML, like Gecko) Version/26.5 Mobile/15E148 Safari/604.1"
49.218.230.96 - - [26/Aug/2026:23:14:12 +0800] "GET /wp-includes/js/dist/i18n.min.js HTTP/1.1" 200 4547 "https://www.ksjh.ilc.edu.tw/%E5%B0%88%E4%BB%BB%E6%95%99%E5%B8%AB/" "Mozilla/5.0 (iPhone; CPU iPhone OS 18_7 like Mac OS X) AppleWebKit/605.1.15 (KHTML, like Gecko) Version/26.5 Mobile/15E148 Safari/604.1"
49.218.230.96 - - [26/Aug/2026:23:14:12 +0800] "GET /wp-content/plugins/elementor-pro/assets/js/frontend.min.js HTTP/1.1" 200 7574 "https://www.ksjh.ilc.edu.tw/%E5%B0%88%E4%BB%BB%E6%95%99%E5%B8%AB/" "Mozilla/5.0 (iPhone; CPU iPhone OS 18_7 like Mac OS X) AppleWebKit/605.1.15 (KHTML, like Gecko) Version/26.5 Mobile/15E148 Safari/604.1"
49.218.230.96 - - [26/Aug/2026:23:14:12 +0800] "GET /wp-content/plugins/elementor/assets/lib/waypoints/waypoints.min.js HTTP/1.1" 200 3873 "https://www.ksjh.ilc.edu.tw/%E5%B0%88%E4%BB%BB%E6%95%99%E5%B8%AB/" "Mozilla/5.0 (iPhone; CPU iPhone OS 18_7 like Mac OS X) AppleWebKit/605.1.15 (KHTML, like Gecko) Version/26.5 Mobile/15E148 Safari/604.1"
49.218.230.96 - - [26/Aug/2026:23:14:12 +0800] "GET /wp-includes/js/jquery/ui/core.min.js HTTP/1.1" 200 7986 "https://www.ksjh.ilc.edu.tw/%E5%B0%88%E4%BB%BB%E6%95%99%E5%B8%AB/" "Mozilla/5.0 (iPhone; CPU iPhone OS 18_7 like Mac OS X) AppleWebKit/605.1.15 (KHTML, like Gecko) Version/26.5 Mobile/15E148 Safari/604.1"
49.218.230.96 - - [26/Aug/2026:23:14:12 +0800] "GET /wp-content/plugins/elementor/assets/js/frontend.min.js HTTP/1.1" 200 13169 "https://www.ksjh.ilc.edu.tw/%E5%B0%88%E4%BB%BB%E6%95%99%E5%B8%AB/" "Mozilla/5.0 (iPhone; CPU iPhone OS 18_7 like Mac OS X) AppleWebKit/605.1.15 (KHTML, like Gecko) Version/26.5 Mobile/15E148 Safari/604.1"
49.218.230.96 - - [26/Aug/2026:23:14:12 +0800] "GET /wp-content/plugins/elementor-pro/assets/js/elements-handlers.min.js HTTP/1.1" 200 10882 "https://www.ksjh.ilc.edu.tw/%E5%B0%88%E4%BB%BB%E6%95%99%E5%B8%AB/" "Mozilla/5.0 (iPhone; CPU iPhone OS 18_7 like Mac OS X) AppleWebKit/605.1.15 (KHTML, like Gecko) Version/26.5 Mobile/15E148 Safari/604.1"
49.218.230.96 - - [26/Aug/2026:23:14:12 +0800] "GET /wp-content/themes/hueman/assets/front/fonts/titillium-regular-webfont.svg HTTP/1.1" 200 57056 "https://www.ksjh.ilc.edu.tw/%E5%B0%88%E4%BB%BB%E6%95%99%E5%B8%AB/" "Mozilla/5.0 (iPhone; CPU iPhone OS 18_7 like Mac OS X) AppleWebKit/605.1.15 (KHTML, like Gecko) Version/26.5 Mobile/15E148 Safari/604.1"
49.218.230.96 - - [26/Aug/2026:23:14:12 +0800] "GET /wp-content/themes/hueman/assets/front/fonts/titillium-light-webfont.svg HTTP/1.1" 200 56952 "https://www.ksjh.ilc.edu.tw/%E5%B0%88%E4%BB%BB%E6%95%99%E5%B8%AB/" "Mozilla/5.0 (iPhone; CPU iPhone OS 18_7 like Mac OS X) AppleWebKit/605.1.15 (KHTML, like Gecko) Version/26.5 Mobile/15E148 Safari/604.1"
49.218.230.96 - - [26/Aug/2026:23:14:12 +0800] "GET /wp-content/plugins/elementor/assets/lib/font-awesome/webfonts/fa-brands-400.woff2 HTTP/1.1" 200 82661 "https://www.ksjh.ilc.edu.tw/%E5%B0%88%E4%BB%BB%E6%95%99%E5%B8%AB/" "Mozilla/5.0 (iPhone; CPU iPhone OS 18_7 like Mac OS X) AppleWebKit/605.1.15 (KHTML, like Gecko) Version/26.5 Mobile/15E148 Safari/604.1"
49.218.230.96 - - [26/Aug/2026:23:14:12 +0800] "GET /wp-content/themes/hueman/assets/front/fonts/titillium-semibold-webfont.svg HTTP/1.1" 200 55517 "https://www.ksjh.ilc.edu.tw/%E5%B0%88%E4%BB%BB%E6%95%99%E5%B8%AB/" "Mozilla/5.0 (iPhone; CPU iPhone OS 18_7 like Mac OS X) AppleWebKit/605.1.15 (KHTML, like Gecko) Version/26.5 Mobile/15E148 Safari/604.1"
74.7.242.54 - - [26/Aug/2026:23:14:12 +0800] "GET /32745/wp-json/wp/v2/posts/25819 HTTP/1.1" 200 12840 "https://2blog.ilc.edu.tw/32745/2020/08/08/%e8%83%ad%e8%84%82%e5%91%b3/" "Mozilla/5.0 AppleWebKit/537.36 (KHTML, like Gecko; compatible; GPTBot/1.4; +https://openai.com/gptbot)"
49.218.230.96 - - [26/Aug/2026:23:14:12 +0800] "GET /wp-content/plugins/elementor/assets/lib/font-awesome/webfonts/fa-solid-900.woff2 HTTP/1.1" 200 79223 "https://www.ksjh.ilc.edu.tw/%E5%B0%88%E4%BB%BB%E6%95%99%E5%B8%AB/" "Mozilla/5.0 (iPhone; CPU iPhone OS 18_7 like Mac OS X) AppleWebKit/605.1.15 (KHTML, like Gecko) Version/26.5 Mobile/15E148 Safari/604.1"
49.218.230.96 - - [26/Aug/2026:23:14:12 +0800] "GET /wp-content/themes/hueman/assets/front/fonts/titillium-regularitalic-webfont.svg HTTP/1.1" 200 59171 "https://www.ksjh.ilc.edu.tw/%E5%B0%88%E4%BB%BB%E6%95%99%E5%B8%AB/" "Mozilla/5.0 (iPhone; CPU iPhone OS 18_7 like Mac OS X) AppleWebKit/605.1.15 (KHTML, like Gecko) Version/26.5 Mobile/15E148 Safari/604.1"
49.218.230.96 - - [26/Aug/2026:23:14:12 +0800] "GET /wp-content/themes/hueman/assets/front/fonts/titillium-lightitalic-webfont.svg HTTP/1.1" 200 58946 "https://www.ksjh.ilc.edu.tw/%E5%B0%88%E4%BB%BB%E6%95%99%E5%B8%AB/" "Mozilla/5.0 (iPhone; CPU iPhone OS 18_7 like Mac OS X) AppleWebKit/605.1.15 (KHTML, like Gecko) Version/26.5 Mobile/15E148 Safari/604.1"
49.218.230.96 - - [26/Aug/2026:23:14:12 +0800] "GET /wp-content/uploads/sites/50/2019/04/S__7856131.jpg HTTP/1.1" 200 467654 "https://www.ksjh.ilc.edu.tw/%E5%B0%88%E4%BB%BB%E6%95%99%E5%B8%AB/" "Mozilla/5.0 (iPhone; CPU iPhone OS 18_7 like Mac OS X) AppleWebKit/605.1.15 (KHTML, like Gecko) Version/26.5 Mobile/15E148 Safari/604.1"
49.218.230.96 - - [26/Aug/2026:23:14:12 +0800] "GET /wp-content/uploads/sites/50/2025/04/cropped-KS-logo.png HTTP/1.1" 200 129329 "https://www.ksjh.ilc.edu.tw/%E5%B0%88%E4%BB%BB%E6%95%99%E5%B8%AB/" "Mozilla/5.0 (iPhone; CPU iPhone OS 18_7 like Mac OS X) AppleWebKit/605.1.15 (KHTML, like Gecko) Version/26.5 Mobile/15E148 Safari/604.1"
49.218.230.96 - - [26/Aug/2026:23:14:12 +0800] "GET /wp-content/uploads/sites/50/2025/04/cropped-KS-logo-new.png HTTP/1.1" 200 13133 "https://www.ksjh.ilc.edu.tw/%E5%B0%88%E4%BB%BB%E6%95%99%E5%B8%AB/" "Mozilla/5.0 (iPhone; CPU iPhone OS 18_7 like Mac OS X) AppleWebKit/605.1.15 (KHTML, like Gecko) Version/26.5 Mobile/15E148 Safari/604.1"
49.218.230.96 - - [26/Aug/2026:23:14:12 +0800] "GET /wp-content/plugins/elementor-pro/assets/js/social.2d2e44e8608690943f29.bundle.min.js HTTP/1.1" 200 1433 "https://www.ksjh.ilc.edu.tw/%E5%B0%88%E4%BB%BB%E6%95%99%E5%B8%AB/" "Mozilla/5.0 (iPhone; CPU iPhone OS 18_7 like Mac OS X) AppleWebKit/605.1.15 (KHTML, like Gecko) Version/26.5 Mobile/15E148 Safari/604.1"
49.218.230.96 - - [26/Aug/2026:23:14:12 +0800] "GET /wp-content/uploads/sites/50/2026/01/115%E5%AD%B8%E5%B9%B4%E5%BA%A6%E5%8D%87%E5%AD%B8%E5%B0%88%E5%8D%80.png HTTP/1.1" 200 132666 "https://www.ksjh.ilc.edu.tw/%E5%B0%88%E4%BB%BB%E6%95%99%E5%B8%AB/" "Mozilla/5.0 (iPhone; CPU iPhone OS 18_7 like Mac OS X) AppleWebKit/605.1.15 (KHTML, like Gecko) Version/26.5 Mobile/15E148 Safari/604.1"
17.241.219.218 - - [26/Aug/2026:23:14:13 +0800] "GET /3226/wp-content/themes/oceanwp/assets/js/vendors/magnific-popup.min.js HTTP/1.1" 200 8270 "https://2blog.ilc.edu.tw/3226/2024/10/21/" "Mozilla/5.0 (Macintosh; Intel Mac OS X 10_15_7) AppleWebKit/605.1.15 (KHTML, like Gecko) Version/17.4 Safari/605.1.15 (Applebot/0.1; +http://www.apple.com/go/applebot)"
2001:288:a201::66:125 - - [26/Aug/2026:23:14:13 +0800] "GET /blog/active.php HTTP/1.1" 301 1026 "-" "-"
49.218.230.96 - - [26/Aug/2026:23:14:13 +0800] "GET /wp-content/uploads/sites/50/2026/01/%E5%9C%96%E7%89%871.png HTTP/1.1" 200 95212 "https://www.ksjh.ilc.edu.tw/%E5%B0%88%E4%BB%BB%E6%95%99%E5%B8%AB/" "Mozilla/5.0 (iPhone; CPU iPhone OS 18_7 like Mac OS X) AppleWebKit/605.1.15 (KHTML, like Gecko) Version/26.5 Mobile/15E148 Safari/604.1"
2001:288:a201::66:125 - - [26/Aug/2026:23:14:13 +0800] "GET /blog/active.php HTTP/1.1" 404 1084 "-" "-"
49.218.230.96 - - [26/Aug/2026:23:14:13 +0800] "GET /wp-content/uploads/sites/50/2019/04/cropped-ks13fix1.png HTTP/1.1" 200 526100 "https://www.ksjh.ilc.edu.tw/%E5%B0%88%E4%BB%BB%E6%95%99%E5%B8%AB/" "Mozilla/5.0 (iPhone; CPU iPhone OS 18_7 like Mac OS X) AppleWebKit/605.1.15 (KHTML, like Gecko) Version/26.5 Mobile/15E148 Safari/604.1"
74.7.242.54 - - [26/Aug/2026:23:14:13 +0800] "GET /32745/wp-json/oembed/1.0/embed?url=https%3A%2F%2F2blog.ilc.edu.tw%2F32745%2F2020%2F05%2F02%2F%25e7%2587%2592%25e9%2585%2592%25e6%25ad%258c%2F HTTP/1.1" 200 3475 "https://2blog.ilc.edu.tw/32745/2020/05/02/%e7%87%92%e9%85%92%e6%ad%8c/" "Mozilla/5.0 AppleWebKit/537.36 (KHTML, like Gecko; compatible; GPTBot/1.4; +https://openai.com/gptbot)"
34.57.162.91 - - [26/Aug/2026:23:14:13 +0800] "GET /1003/wp-json/oembed/1.0/embed?format=xml&url=https://2blog.ilc.edu.tw/1003/2021/04/22/%25e9%2596%25b1%25e8%25ae%2580%25e8%25aa%25b2%25e7%259a%2584%25e7%258f%25ad%25e7%25b4%259a%25e7%25b6%2593%25e7%2587%259f/ HTTP/1.1" 200 7188 "-" "Mozilla/5.0 (Macintosh; Intel Mac OS X 10_15_7) AppleWebKit/537.36 (KHTML, like Gecko) Chrome/120.0.0.0 Safari/537.36"
49.218.230.96 - - [26/Aug/2026:23:14:13 +0800] "GET /wp-content/uploads/sites/50/2019/04/cropped-ksnewlogo-32x32.png HTTP/1.1" 200 2979 "https://www.ksjh.ilc.edu.tw/%E5%B0%88%E4%BB%BB%E6%95%99%E5%B8%AB/" "Mozilla/5.0 (iPhone; CPU iPhone OS 18_7 like Mac OS X) AppleWebKit/605.1.15 (KHTML, like Gecko) Version/26.5 Mobile/15E148 Safari/604.1"
49.218.230.96 - - [26/Aug/2026:23:14:13 +0800] "GET /wp-content/uploads/sites/50/2019/04/cropped-ksnewlogo-192x192.png HTTP/1.1" 200 30356 "https://www.ksjh.ilc.edu.tw/%E5%B0%88%E4%BB%BB%E6%95%99%E5%B8%AB/" "Mozilla/5.0 (iPhone; CPU iPhone OS 18_7 like Mac OS X) AppleWebKit/605.1.15 (KHTML, like Gecko) Version/26.5 Mobile/15E148 Safari/604.1"
74.7.242.54 - - [26/Aug/2026:23:14:13 +0800] "GET /32745/wp-json/wp/v2/posts/94579 HTTP/1.1" 200 4355 "https://2blog.ilc.edu.tw/32745/2023/09/03/%e7%8e%8b%e6%9c%9b%e8%88%92vs%e5%9c%8b%e7%ab%8b%e8%87%ba%e7%81%a3%e5%b8%ab%e7%af%84%e5%a4%a7%e5%ad%b8%e9%9f%b3%e6%a8%82%e5%ad%b8%e7%b3%bb%e4%ba%a4%e9%9f%bf%e6%a8%82%e5%9c%98/" "Mozilla/5.0 AppleWebKit/537.36 (KHTML, like Gecko; compatible; GPTBot/1.4; +https://openai.com/gptbot)"
17.241.219.218 - - [26/Aug/2026:23:14:14 +0800] "GET /3226/wp-content/themes/oceanwp/assets/js/drop-down-search.min.js HTTP/1.1" 200 2968 "https://2blog.ilc.edu.tw/3226/2024/10/21/" "Mozilla/5.0 (Macintosh; Intel Mac OS X 10_15_7) AppleWebKit/605.1.15 (KHTML, like Gecko) Version/17.4 Safari/605.1.15 (Applebot/0.1; +http://www.apple.com/go/applebot)"
74.7.242.54 - - [26/Aug/2026:23:14:14 +0800] "GET /32745/wp-json/wp/v2/posts/93076 HTTP/1.1" 200 5223 "https://2blog.ilc.edu.tw/32745/2023/07/21/%e8%95%ad%e8%94%93%e8%90%b1/" "Mozilla/5.0 AppleWebKit/537.36 (KHTML, like Gecko; compatible; GPTBot/1.4; +https://openai.com/gptbot)"
72.167.132.114 - - [26/Aug/2026:23:14:14 +0800] "GET /wp-json/wp/v2/media?per_page=50&_fields=author HTTP/1.1" 301 5781 "-" "Mozilla/5.0 (Windows NT 10.0; Win64; x64) AppleWebKit/537.36 (KHTML, like Gecko) Chrome/151.0.0.0 Safari/537.36, Mozilla/5.0 (Macintosh; Intel Mac OS X 10_15_7) AppleWebKit/537.36 (KHTML, like Gecko) Chrome/151.0.0.0 Safari/537.36"
74.7.242.54 - - [26/Aug/2026:23:14:14 +0800] "GET /32745/wp-content/uploads/sites/1271/2021/07/safe_image-20-6-500x245.png HTTP/1.1" 200 110894 "https://2blog.ilc.edu.tw/32745/2020/05/02/%e7%87%92%e9%85%92%e6%ad%8c/" "Mozilla/5.0 AppleWebKit/537.36 (KHTML, like Gecko; compatible; GPTBot/1.4; +https://openai.com/gptbot)"
::1 - - [26/Aug/2026:23:14:14 +0800] "OPTIONS * HTTP/1.0" 200 110 "-" "Apache/2.4.68 (Ubuntu) OpenSSL/3.0.19 (internal dummy connection)"
140.111.67.10 - - [26/Aug/2026:23:14:15 +0800] "GET /" 301 273 "-" "-"
34.30.223.149 - - [26/Aug/2026:23:14:15 +0800] "GET /kses1113a/wp-json/wp/v2/categories/17 HTTP/1.1" 200 6648 "-" "Mozilla/5.0 (Macintosh; Intel Mac OS X 10_15_7) AppleWebKit/537.36 (KHTML, like Gecko) Chrome/120.0.0.0 Safari/537.36"
2409:8a3c:53f5:e6b9:14a2:ee0e:b68b:c67d - - [26/Aug/2026:23:14:10 +0800] "GET /wp-content/themes/oceanwp/assets/fonts/fontawesome/webfonts/fa-solid-900.woff2 HTTP/1.1" 200 131744 "https://www.cwjh.ilc.edu.tw/wp-content/cache/www.cwjh.ilc.edu.tw/wpfc-minified/dhutxct0/77dd.css" "Mozilla/5.0 (Windows NT 10.0; Win64; x64) AppleWebKit/537.36 (KHTML, like Gecko) Chrome/144.0.0.0 Safari/537.36"
74.7.242.54 - - [26/Aug/2026:23:14:15 +0800] "GET /32745/wp-content/uploads/sites/1271/2023/11/1-444-480x245.jpeg HTTP/1.1" 200 13791 "https://2blog.ilc.edu.tw/32745/2023/07/21/%e8%95%ad%e8%94%93%e8%90%b1/" "Mozilla/5.0 AppleWebKit/537.36 (KHTML, like Gecko; compatible; GPTBot/1.4; +https://openai.com/gptbot)"
17.241.219.218 - - [26/Aug/2026:23:14:15 +0800] "GET /3226/wp-content/themes/oceanwp/assets/js/scroll-effect.min.js HTTP/1.1" 200 4127 "https://2blog.ilc.edu.tw/3226/2024/10/21/" "Mozilla/5.0 (Macintosh; Intel Mac OS X 10_15_7) AppleWebKit/605.1.15 (KHTML, like Gecko) Version/17.4 Safari/605.1.15 (Applebot/0.1; +http://www.apple.com/go/applebot)"
::1 - - [26/Aug/2026:23:14:15 +0800] "OPTIONS * HTTP/1.0" 200 110 "-" "Apache/2.4.68 (Ubuntu) OpenSSL/3.0.19 (internal dummy connection)"
34.10.180.98 - - [26/Aug/2026:23:14:15 +0800] "GET /3860/wp-json/oembed/1.0/embed?format=xml&url=https://2blog.ilc.edu.tw/3860/2012/11/25/%25e8%25b2%25b7%25e8%25b3%25a3%25e7%25ae%2597%25e5%2588%2586%25ef%25bc%258c%25e7%259b%25b8%25e8%25ab%258b%25e7%2584%25a1%25e8%25ab%2596%25e3%2580%2582/ HTTP/1.1" 200 7083 "-" "Mozilla/5.0 (Macintosh; Intel Mac OS X 10_15_7) AppleWebKit/537.36 (KHTML, like Gecko) Chrome/120.0.0.0 Safari/537.36"
74.7.242.54 - - [26/Aug/2026:23:14:16 +0800] "GET /32745/wp-json/oembed/1.0/embed?url=https%3A%2F%2F2blog.ilc.edu.tw%2F32745%2F2022%2F03%2F13%2F%25e5%25a5%25b3%25e4%25ba%25ba%25e5%25a4%25a2-2%2F HTTP/1.1" 200 3480 "https://2blog.ilc.edu.tw/32745/2022/03/13/%e5%a5%b3%e4%ba%ba%e5%a4%a2-2/" "Mozilla/5.0 AppleWebKit/537.36 (KHTML, like Gecko; compatible; GPTBot/1.4; +https://openai.com/gptbot)"
140.111.67.195 - - [26/Aug/2026:23:14:16 +0800] "GET /wp-admin/admin-post.php?action=steps_ad HTTP/1.1" 200 1973 "-" "node-fetch/1.0 (+https://github.com/bitinn/node-fetch)"
::1 - - [26/Aug/2026:23:14:16 +0800] "OPTIONS * HTTP/1.0" 200 110 "-" "Apache/2.4.68 (Ubuntu) OpenSSL/3.0.19 (internal dummy connection)"
74.7.242.54 - - [26/Aug/2026:23:14:16 +0800] "GET /32745/wp-json/wp/v2/categories/328 HTTP/1.1" 200 1808 "https://2blog.ilc.edu.tw/32745/category/%e5%90%b3%e6%b7%91%e6%95%8fvs%e5%ba%b7%e5%ba%b7%e5%ba%b7%e6%99%89%e6%a6%ae/" "Mozilla/5.0 AppleWebKit/537.36 (KHTML, like Gecko; compatible; GPTBot/1.4; +https://openai.com/gptbot)"
17.241.219.218 - - [26/Aug/2026:23:14:17 +0800] "GET /3226/wp-content/themes/oceanwp/assets/js/select.min.js HTTP/1.1" 200 2408 "https://2blog.ilc.edu.tw/3226/2024/10/21/" "Mozilla/5.0 (Macintosh; Intel Mac OS X 10_15_7) AppleWebKit/605.1.15 (KHTML, like Gecko) Version/17.4 Safari/605.1.15 (Applebot/0.1; +http://www.apple.com/go/applebot)"
74.7.242.54 - - [26/Aug/2026:23:14:17 +0800] "GET /32745/wp-json/oembed/1.0/embed?format=xml&url=https%3A%2F%2F2blog.ilc.edu.tw%2F32745%2F2023%2F09%2F03%2F%25e7%258e%258b%25e6%259c%259b%25e8%2588%2592vs%25e5%259c%258b%25e7%25ab%258b%25e8%2587%25ba%25e7%2581%25a3%25e5%25b8%25ab%25e7%25af%2584%25e5%25a4%25a7%25e5%25ad%25b8%25e9%259f%25b3%25e6%25a8%2582%25e5%25ad%25b8%25e7%25b3%25bb%25e4%25ba%25a4%25e9%259f%25bf%25e6%25a8%2582%25e5%259c%2598%2F HTTP/1.1" 200 2431 "https://2blog.ilc.edu.tw/32745/2023/09/03/%e7%8e%8b%e6%9c%9b%e8%88%92vs%e5%9c%8b%e7%ab%8b%e8%87%ba%e7%81%a3%e5%b8%ab%e7%af%84%e5%a4%a7%e5%ad%b8%e9%9f%b3%e6%a8%82%e5%ad%b8%e7%b3%bb%e4%ba%a4%e9%9f%bf%e6%a8%82%e5%9c%98/" "Mozilla/5.0 AppleWebKit/537.36 (KHTML, like Gecko; compatible; GPTBot/1.4; +https://openai.com/gptbot)"
74.7.242.54 - - [26/Aug/2026:23:14:17 +0800] "GET /32745/wp-content/uploads/sites/1271/2022/11/5405002445162528604-480x245.jpeg HTTP/1.1" 200 22624 "https://2blog.ilc.edu.tw/32745/2022/11/15/page/5/" "Mozilla/5.0 AppleWebKit/537.36 (KHTML, like Gecko; compatible; GPTBot/1.4; +https://openai.com/gptbot)"
2001:288:a201::66:125 - - [26/Aug/2026:23:14:18 +0800] "GET /blog/active.php HTTP/1.1" 301 1026 "-" "-"
2001:288:a201::66:125 - - [26/Aug/2026:23:14:18 +0800] "GET /blog/active.php HTTP/1.1" 404 1084 "-" "-"
34.10.180.98 - - [26/Aug/2026:23:14:17 +0800] "GET /6428/wp-json/wp/v2/posts/5855 HTTP/1.1" 200 13742 "-" "Mozilla/5.0 (Macintosh; Intel Mac OS X 10_15_7) AppleWebKit/537.36 (KHTML, like Gecko) Chrome/120.0.0.0 Safari/537.36"
74.7.242.54 - - [26/Aug/2026:23:14:18 +0800] "GET /32745/wp-content/uploads/sites/1271/2022/11/5255117206531550518-480x245.jpeg HTTP/1.1" 200 41522 "https://2blog.ilc.edu.tw/32745/2021/06/04/%e5%bc%b5%e4%b8%b9%e7%91%8b/" "Mozilla/5.0 AppleWebKit/537.36 (KHTML, like Gecko; compatible; GPTBot/1.4; +https://openai.com/gptbot)"
34.123.149.87 - - [26/Aug/2026:23:14:18 +0800] "GET /32745/wp-json/wp/v2/posts/57461 HTTP/1.1" 200 18664 "-" "Mozilla/5.0 (Macintosh; Intel Mac OS X 10_15_7) AppleWebKit/537.36 (KHTML, like Gecko) Chrome/120.0.0.0 Safari/537.36"
74.7.242.54 - - [26/Aug/2026:23:14:18 +0800] "GET /32745/wp-content/uploads/sites/1271/2022/11/1656452032785275216-500x245.jpeg HTTP/1.1" 200 39069 "https://2blog.ilc.edu.tw/32745/category/%e5%bc%b5%e9%87%91%e6%8c%ba/" "Mozilla/5.0 AppleWebKit/537.36 (KHTML, like Gecko; compatible; GPTBot/1.4; +https://openai.com/gptbot)"
54.83.23.103 - - [26/Aug/2026:23:14:19 +0800] "GET /32745/wp-content/uploads/sites/1271/2023/07/1-186-300x157.jpeg HTTP/1.1" 200 17949 "-" "Mozilla/5.0 AppleWebKit/537.36 (KHTML, like Gecko; compatible; Amazonbot/0.1; +https://developer.amazon.com/support/amazonbot) Chrome/119.0.6045.214 Safari/537.36"
74.7.242.54 - - [26/Aug/2026:23:14:19 +0800] "GET /32745/wp-content/uploads/sites/1271/2022/10/3723245617162770271-480x245.jpeg HTTP/1.1" 200 28804 "https://2blog.ilc.edu.tw/32745/2022/10/21/page/3/" "Mozilla/5.0 AppleWebKit/537.36 (KHTML, like Gecko; compatible; GPTBot/1.4; +https://openai.com/gptbot)"
74.7.242.54 - - [26/Aug/2026:23:14:19 +0800] "GET /32745/wp-content/uploads/sites/1271/2022/11/4414676119711901910-500x245.jpeg HTTP/1.1" 200 20477 "https://2blog.ilc.edu.tw/32745/2022/11/12/page/3/" "Mozilla/5.0 AppleWebKit/537.36 (KHTML, like Gecko; compatible; GPTBot/1.4; +https://openai.com/gptbot)"
34.171.68.95 - - [26/Aug/2026:23:14:19 +0800] "GET /32745/2020/05/11/%E7%95%B6%E5%81%9A%E4%BB%8A%E7%94%9F%E7%84%A1%E7%86%9F%E4%BC%BC/ HTTP/1.1" 200 92469 "-" "Mozilla/5.0 (Macintosh; Intel Mac OS X 10_15_7) AppleWebKit/537.36 (KHTML, like Gecko) Chrome/120.0.0.0 Safari/537.36"
74.7.242.54 - - [26/Aug/2026:23:14:20 +0800] "GET /32745/wp-content/uploads/sites/1271/2022/12/2213263847228044922-480x245.jpeg HTTP/1.1" 200 30063 "https://2blog.ilc.edu.tw/32745/2022/12/14/page/4/" "Mozilla/5.0 AppleWebKit/537.36 (KHTML, like Gecko; compatible; GPTBot/1.4; +https://openai.com/gptbot)"
140.111.67.10 - - [26/Aug/2026:23:14:20 +0800] "GET /" 301 273 "-" "-"
2407:4b00:4c0d:8dff:b990:651e:c138:6dbf - - [26/Aug/2026:23:14:20 +0800] "-" 408 4804 "-" "-"
74.7.242.54 - - [26/Aug/2026:23:14:20 +0800] "GET /32745/wp-content/uploads/sites/1271/2022/10/611095114229605026-500x245.jpeg HTTP/1.1" 200 39088 "https://2blog.ilc.edu.tw/32745/2022/10/21/page/3/" "Mozilla/5.0 AppleWebKit/537.36 (KHTML, like Gecko; compatible; GPTBot/1.4; +https://openai.com/gptbot)"
74.7.242.54 - - [26/Aug/2026:23:14:21 +0800] "GET /32745/wp-content/uploads/sites/1271/2022/11/8048545808221835138-500x245.jpeg HTTP/1.1" 200 20683 "https://2blog.ilc.edu.tw/32745/2022/11/30/page/2/" "Mozilla/5.0 AppleWebKit/537.36 (KHTML, like Gecko; compatible; GPTBot/1.4; +https://openai.com/gptbot)"
::1 - - [26/Aug/2026:23:14:21 +0800] "OPTIONS * HTTP/1.0" 200 110 "-" "Apache/2.4.68 (Ubuntu) OpenSSL/3.0.19 (internal dummy connection)"
74.7.242.54 - - [26/Aug/2026:23:14:21 +0800] "GET /32745/wp-content/uploads/sites/1271/2022/12/1785125577020045690-500x245.jpeg HTTP/1.1" 200 15953 "https://2blog.ilc.edu.tw/32745/2022/12/01/page/3/" "Mozilla/5.0 AppleWebKit/537.36 (KHTML, like Gecko; compatible; GPTBot/1.4; +https://openai.com/gptbot)"
34.57.162.91 - - [26/Aug/2026:23:14:21 +0800] "GET /6551/2025/04/17/%E6%B5%B7%E6%B4%8B%E7%92%B0%E5%A2%83%E6%95%99%E8%82%B2%E5%AE%A3%E5%B0%8E/ HTTP/1.1" 200 14834 "-" "Mozilla/5.0 (Macintosh; Intel Mac OS X 10_15_7) AppleWebKit/537.36 (KHTML, like Gecko) Chrome/120.0.0.0 Safari/537.36"
74.7.242.54 - - [26/Aug/2026:23:14:22 +0800] "GET /32745/wp-content/uploads/sites/1271/2022/12/5282817913479771717-500x245.jpeg HTTP/1.1" 200 16689 "https://2blog.ilc.edu.tw/32745/2023/05/13/%e5%b0%87%e4%bd%a0%e5%9b%a5%e4%bd%87%e6%88%91%e5%bf%83%e5%85%a7/" "Mozilla/5.0 AppleWebKit/537.36 (KHTML, like Gecko; compatible; GPTBot/1.4; +https://openai.com/gptbot)"
74.7.242.54 - - [26/Aug/2026:23:14:23 +0800] "GET /32745/wp-content/uploads/sites/1271/2022/12/7553069037171256125-500x245.jpeg HTTP/1.1" 200 42454 "https://2blog.ilc.edu.tw/32745/2022/12/10/" "Mozilla/5.0 AppleWebKit/537.36 (KHTML, like Gecko; compatible; GPTBot/1.4; +https://openai.com/gptbot)"
2001:288:a201::66:125 - - [26/Aug/2026:23:14:23 +0800] "GET /blog/active.php HTTP/1.1" 301 1026 "-" "-"
2001:288:a201::66:125 - - [26/Aug/2026:23:14:23 +0800] "GET /blog/active.php HTTP/1.1" 404 1084 "-" "-"
35.254.159.230 - - [26/Aug/2026:23:14:23 +0800] "GET /cirn/wp-json/wp/v2/posts/94 HTTP/1.1" 200 10848 "-" "Mozilla/5.0 (Macintosh; Intel Mac OS X 10_15_7) AppleWebKit/537.36 (KHTML, like Gecko) Chrome/120.0.0.0 Safari/537.36"
