2001:288:a201::66:125 - - [26/Aug/2026:23:12:28 +0800] "GET /blog/active.php HTTP/1.1" 301 1026 "-" "-"
111.241.194.133 - - [26/Aug/2026:23:12:28 +0800] "-" 408 4791 "-" "-"
2001:288:a201::66:125 - - [26/Aug/2026:23:12:28 +0800] "GET /blog/active.php HTTP/1.1" 404 1084 "-" "-"
74.7.242.54 - - [26/Aug/2026:23:12:28 +0800] "GET /32745/wp-content/uploads/sites/1271/2022/03/%E4%B8%8B%E8%BC%89-15-1.jpg HTTP/1.1" 200 5951 "https://2blog.ilc.edu.tw/32745/2022/03/09/" "Mozilla/5.0 AppleWebKit/537.36 (KHTML, like Gecko; compatible; GPTBot/1.4; +https://openai.com/gptbot)"
74.7.242.54 - - [26/Aug/2026:23:12:28 +0800] "GET /32745/wp-content/uploads/sites/1271/2020/05/%E4%B8%8B%E8%BC%89-13-2.jpg HTTP/1.1" 200 14577 "https://2blog.ilc.edu.tw/32745/2020/05/06/%e6%81%a8%e5%ad%a4%e5%96%ae/" "Mozilla/5.0 AppleWebKit/537.36 (KHTML, like Gecko; compatible; GPTBot/1.4; +https://openai.com/gptbot)"
74.7.242.54 - - [26/Aug/2026:23:12:29 +0800] "GET /32745/wp-content/uploads/sites/1271/2020/08/%E4%B8%8B%E8%BC%89-13-6.jpg HTTP/1.1" 200 7191 "https://2blog.ilc.edu.tw/32745/2020/08/30/page/7/" "Mozilla/5.0 AppleWebKit/537.36 (KHTML, like Gecko; compatible; GPTBot/1.4; +https://openai.com/gptbot)"
18.211.148.239 - - [26/Aug/2026:23:12:26 +0800] "GET /26150/2022/09/07/%E5%87%BD%E8%BD%89%E5%85%A7%E6%94%BF%E9%83%A8%E8%A3%BD%E4%BD%9C%E3%80%8C%E5%90%91%E5%B1%B1%E8%87%B4%E6%95%AC%E6%94%BF%E7%AD%96%E6%88%90%E6%9E%9C%E5%BD%B1%E7%89%87%E3%80%8D%EF%BC%8C%E6%AD%A1%E8%BF%8E/ HTTP/1.1" 200 23801 "-" "Mozilla/5.0 AppleWebKit/537.36 (KHTML, like Gecko; compatible; Amazonbot/0.1; +https://developer.amazon.com/support/amazonbot) Chrome/119.0.6045.214 Safari/537.36"
74.7.242.54 - - [26/Aug/2026:23:12:29 +0800] "GET /32745/wp-content/uploads/sites/1271/2020/08/%E4%B8%8B%E8%BC%89-10-4.jpg HTTP/1.1" 200 8666 "https://2blog.ilc.edu.tw/32745/2020/08/22/" "Mozilla/5.0 AppleWebKit/537.36 (KHTML, like Gecko; compatible; GPTBot/1.4; +https://openai.com/gptbot)"
2402:7500:4d5:c9ca:cb8:90a4:a740:7706 - - [26/Aug/2026:23:12:30 +0800] "GET /1003/wp-content/uploads/sites/233/2022/09/1-212x300.png HTTP/1.1" 200 73546 "https://www.google.com/" "Mozilla/5.0 (iPhone; CPU iPhone OS 18_5_0 like Mac OS X) AppleWebKit/605.1.15 (KHTML, like Gecko) CriOS/150.0.7871.51 Mobile/15E148 Safari/604.1"
2001:288:a201::67:82 - - [26/Aug/2026:23:12:28 +0800] "POST /26150/2022/09/07/%E5%87%BD%E8%BD%89%E5%85%A7%E6%94%BF%E9%83%A8%E8%A3%BD%E4%BD%9C%E3%80%8C%E5%90%91%E5%B1%B1%E8%87%B4%E6%95%AC%E6%94%BF%E7%AD%96%E6%88%90%E6%9E%9C%E5%BD%B1%E7%89%87%E3%80%8D%EF%BC%8C%E6%AD%A1%E8%BF%8E/?fsm_edd_37394=df90c0025f5e506a57d37ae0792996ed HTTP/1.1" 200 13008 "-" "WordPress/6.6.7; https://2blog.ilc.edu.tw/26150"
74.7.242.54 - - [26/Aug/2026:23:12:30 +0800] "GET /32745/wp-content/uploads/sites/1271/2020/08/%E4%B8%8B%E8%BC%89-16-2.jpg HTTP/1.1" 200 8160 "https://2blog.ilc.edu.tw/32745/2020/08/23/%e6%88%90%e5%8a%9f%e5%87%ba%e9%a0%ad%e6%99%82/" "Mozilla/5.0 AppleWebKit/537.36 (KHTML, like Gecko; compatible; GPTBot/1.4; +https://openai.com/gptbot)"
140.111.67.10 - - [26/Aug/2026:23:12:30 +0800] "GET /" 301 273 "-" "-"
34.225.138.57 - - [26/Aug/2026:23:12:30 +0800] "GET /amy6998/wp-content/uploads/sites/2364/2022/10/IMG_0195-300x167.jpg HTTP/1.1" 200 21902 "-" "Mozilla/5.0 AppleWebKit/537.36 (KHTML, like Gecko; compatible; Amazonbot/0.1; +https://developer.amazon.com/support/amazonbot) Chrome/119.0.6045.214 Safari/537.36"
240e:95d:100d:7::13 - - [26/Aug/2026:23:12:31 +0800] "GET /wp-content/cache/ilta.ilc.edu.tw/wpfc-minified/qm0ohmet/6wvk.css HTTP/1.1" 200 5952 "https://ilta.ilc.edu.tw/2017/page/12/" "Mozilla/5.0 (Windows NT 10.0; Win64; x64) AppleWebKit/537.36 (KHTML, like Gecko) Chrome/144.0.0.0 Safari/537.36"
74.7.242.54 - - [26/Aug/2026:23:12:31 +0800] "GET /32745/wp-content/uploads/sites/1271/2020/08/%E4%B8%8B%E8%BC%89-1-17.jpg HTTP/1.1" 200 9488 "https://2blog.ilc.edu.tw/32745/2020/08/30/page/2/" "Mozilla/5.0 AppleWebKit/537.36 (KHTML, like Gecko; compatible; GPTBot/1.4; +https://openai.com/gptbot)"
34.10.180.98 - - [26/Aug/2026:23:12:31 +0800] "GET /nanaobaby/2022/09/29/ HTTP/1.1" 200 13533 "-" "Mozilla/5.0 (Macintosh; Intel Mac OS X 10_15_7) AppleWebKit/537.36 (KHTML, like Gecko) Chrome/120.0.0.0 Safari/537.36"
240e:95d:100d:7::13 - - [26/Aug/2026:23:12:31 +0800] "GET /wp-content/cache/ilta.ilc.edu.tw/wpfc-minified/7vo8n6iy/6wvk.css HTTP/1.1" 200 65503 "https://ilta.ilc.edu.tw/2017/page/12/" "Mozilla/5.0 (Windows NT 10.0; Win64; x64) AppleWebKit/537.36 (KHTML, like Gecko) Chrome/144.0.0.0 Safari/537.36"
20.169.78.199 - - [26/Aug/2026:23:12:31 +0800] "GET /wp-content/uploads/sites/2795/7706/7706-2842227.pdf HTTP/1.1" 200 379978 "-" "Mozilla/5.0 AppleWebKit/537.36 (KHTML, like Gecko); compatible; ChatGPT-User/1.0; +https://openai.com/bot"
74.7.242.54 - - [26/Aug/2026:23:12:31 +0800] "GET /32745/wp-content/uploads/sites/1271/2020/05/%E4%B8%8B%E8%BC%89-3-15.jpg HTTP/1.1" 200 13173 "https://2blog.ilc.edu.tw/32745/2020/05/27/page/2/" "Mozilla/5.0 AppleWebKit/537.36 (KHTML, like Gecko; compatible; GPTBot/1.4; +https://openai.com/gptbot)"
2001:4860:7:510::f3 - - [26/Aug/2026:23:12:31 +0800] "GET /35/2011/01/18/99%E5%B9%B4%E5%BA%A6%E5%BE%97%E7%8D%8E%E6%95%99%E6%A1%88%E5%88%86%E4%BA%AB-%E6%88%91%E7%9A%84%E5%AE%B6-%E6%88%91%E5%92%8C%E5%AE%B6%E4%BA%BA/ HTTP/1.1" 200 16305 "https://www.google.com/" "Mozilla/5.0 (Windows NT 10.0; Win64; x64) AppleWebKit/537.36 (KHTML, like Gecko) Chrome/151.0.0.0 Safari/537.36"
240e:95d:100d:7::13 - - [26/Aug/2026:23:12:32 +0800] "GET /wp-content/cache/ilta.ilc.edu.tw/wpfc-minified/1qjpbzp9/6wvk.js HTTP/1.1" 200 35888 "https://ilta.ilc.edu.tw/2017/page/12/" "Mozilla/5.0 (Windows NT 10.0; Win64; x64) AppleWebKit/537.36 (KHTML, like Gecko) Chrome/144.0.0.0 Safari/537.36"
74.7.242.54 - - [26/Aug/2026:23:12:32 +0800] "GET /32745/wp-content/uploads/sites/1271/2020/08/%E4%B8%8B%E8%BC%89-21-3.jpg HTTP/1.1" 200 11195 "https://2blog.ilc.edu.tw/32745/2020/08/30/page/5/" "Mozilla/5.0 AppleWebKit/537.36 (KHTML, like Gecko; compatible; GPTBot/1.4; +https://openai.com/gptbot)"
240e:95d:100d:7::13 - - [26/Aug/2026:23:12:32 +0800] "GET /wp-includes/js/hoverintent-js.min.js HTTP/1.1" 200 1597 "https://ilta.ilc.edu.tw/2017/page/12/" "Mozilla/5.0 (Windows NT 10.0; Win64; x64) AppleWebKit/537.36 (KHTML, like Gecko) Chrome/144.0.0.0 Safari/537.36"
74.7.242.54 - - [26/Aug/2026:23:12:32 +0800] "GET /32745/wp-content/uploads/sites/1271/2020/06/%E4%B8%8B%E8%BC%89-5-11.jpg HTTP/1.1" 200 6897 "https://2blog.ilc.edu.tw/32745/wp-json/oembed/1.0/embed?format=xml&url=https%3A%2F%2F2blog.ilc.edu.tw%2F32745%2F2020%2F06%2F21%2F%25e6%2596%25b0%25e6%2584%259b%25e4%25bd%25a0%25e5%2585%25a5%25e9%25aa%25a8%2F" "Mozilla/5.0 AppleWebKit/537.36 (KHTML, like Gecko; compatible; GPTBot/1.4; +https://openai.com/gptbot)"
66.249.79.37 - - [26/Aug/2026:23:12:32 +0800] "GET /wp-content/uploads/sites/1395/2025/08/cropped-%E6%A0%A1%E5%BE%BD%E9%87%8D%E7%B9%AAv4-1-180x180.jpg HTTP/1.1" 200 12332 "-" "Googlebot-Image/1.0"
240e:95d:100d:7::13 - - [26/Aug/2026:23:12:32 +0800] "GET /wp-content/themes/oceanwp/assets/js/theme.min.js HTTP/1.1" 200 5130 "https://ilta.ilc.edu.tw/2017/page/12/" "Mozilla/5.0 (Windows NT 10.0; Win64; x64) AppleWebKit/537.36 (KHTML, like Gecko) Chrome/144.0.0.0 Safari/537.36"
2001:288:a201::66:125 - - [26/Aug/2026:23:12:33 +0800] "GET /blog/active.php HTTP/1.1" 301 1026 "-" "-"
74.7.242.54 - - [26/Aug/2026:23:12:33 +0800] "GET /32745/wp-content/uploads/sites/1271/2020/05/%E4%B8%8B%E8%BC%89-1-25.jpg HTTP/1.1" 200 5415 "https://2blog.ilc.edu.tw/32745/2020/05/29/page/3/" "Mozilla/5.0 AppleWebKit/537.36 (KHTML, like Gecko; compatible; GPTBot/1.4; +https://openai.com/gptbot)"
240e:95d:100d:7::13 - - [26/Aug/2026:23:12:33 +0800] "GET /wp-content/themes/oceanwp/assets/js/ow-lightbox.min.js HTTP/1.1" 200 2321 "https://ilta.ilc.edu.tw/2017/page/12/" "Mozilla/5.0 (Windows NT 10.0; Win64; x64) AppleWebKit/537.36 (KHTML, like Gecko) Chrome/144.0.0.0 Safari/537.36"
2001:288:a201::66:125 - - [26/Aug/2026:23:12:33 +0800] "GET /blog/active.php HTTP/1.1" 404 5511 "-" "-"
2409:8c28:250:300::36 - - [26/Aug/2026:23:12:33 +0800] "-" 408 339 "-" "-"
74.7.242.54 - - [26/Aug/2026:23:12:33 +0800] "GET /32745/wp-content/uploads/sites/1271/2021/01/%E4%B8%8B%E8%BC%89-12-1.jpg HTTP/1.1" 200 9054 "https://2blog.ilc.edu.tw/32745/2022/12/14/%e8%b3%a3%e8%b1%86%e5%a5%b6%ef%bc%8b%e8%b3%8a%e9%a0%ad%e9%a1%a7%e4%ba%ba%e6%bc%a9/" "Mozilla/5.0 AppleWebKit/537.36 (KHTML, like Gecko; compatible; GPTBot/1.4; +https://openai.com/gptbot)"
34.56.124.53 - - [26/Aug/2026:23:12:33 +0800] "GET /3288/wp-json/oembed/1.0/embed?url=https://2blog.ilc.edu.tw/3288/2017/06/21/%25e4%25bb%2581%25e5%25a4%25a7%25e4%25ba%258b-%25e6%259e%2597%25e6%2599%25ae%25e7%25b4%25a0%25e6%258f%258f%25e7%2595%2599%25e8%25a8%2580%25e5%258d%2580/ HTTP/1.1" 200 8449 "-" "Mozilla/5.0 (Macintosh; Intel Mac OS X 10_15_7) AppleWebKit/537.36 (KHTML, like Gecko) Chrome/120.0.0.0 Safari/537.36"
74.7.242.54 - - [26/Aug/2026:23:12:34 +0800] "GET /32745/wp-content/uploads/sites/1271/2020/06/%E4%B8%8B%E8%BC%89-1-11.jpg HTTP/1.1" 200 14621 "https://2blog.ilc.edu.tw/32745/2022/04/04/%e7%8e%89%e5%a5%b3%e5%be%a9%e4%bb%87%e8%a8%98/" "Mozilla/5.0 AppleWebKit/537.36 (KHTML, like Gecko; compatible; GPTBot/1.4; +https://openai.com/gptbot)"
140.111.67.195 - - [26/Aug/2026:23:12:34 +0800] "GET /wp-admin/admin-post.php?action=steps_ad HTTP/1.1" 200 1973 "-" "node-fetch/1.0 (+https://github.com/bitinn/node-fetch)"
240e:95d:100d:7::13 - - [26/Aug/2026:23:12:34 +0800] "GET /wp-content/themes/oceanwp/assets/js/select.min.js HTTP/1.1" 200 2408 "https://ilta.ilc.edu.tw/2017/page/12/" "Mozilla/5.0 (Windows NT 10.0; Win64; x64) AppleWebKit/537.36 (KHTML, like Gecko) Chrome/144.0.0.0 Safari/537.36"
100.29.160.53 - - [26/Aug/2026:23:12:34 +0800] "GET /6572/wp-json/oembed/1.0/embed?format=xml&url=https://2blog.ilc.edu.tw/6572/2012/11/30/%25e5%25ae%259c%25e8%2598%25ad%25e7%25b8%25a3%25e4%25b8%2583%25e8%25b3%25a2%25e5%259c%258b%25e6%25b0%2591%25e5%25b0%258f%25e5%25ad%25b8100%25e5%25b9%25b4%25e5%25ba%25a6%25e7%2592%25b0%25e5%25a2%2583%25e6%2595%2599%25e8%2582%25b2%25e8%2580%2583%25e8%25a9%2595%25e8%2587%25aa%25e8%25a9%2595%25e8%25a1%25a8/ HTTP/1.1" 200 7315 "-" "Mozilla/5.0 AppleWebKit/537.36 (KHTML, like Gecko; compatible; Amazonbot/0.1; +https://developer.amazon.com/support/amazonbot) Chrome/119.0.6045.214 Safari/537.36"
74.7.242.54 - - [26/Aug/2026:23:12:34 +0800] "GET /32745/wp-content/uploads/sites/1271/2020/08/%E4%B8%8B%E8%BC%89-1-16.jpg HTTP/1.1" 200 8597 "https://2blog.ilc.edu.tw/32745/2020/08/29/" "Mozilla/5.0 AppleWebKit/537.36 (KHTML, like Gecko; compatible; GPTBot/1.4; +https://openai.com/gptbot)"
34.123.149.87 - - [26/Aug/2026:23:12:35 +0800] "GET /category/c-8678/page/16/ HTTP/1.1" 200 23984 "-" "Mozilla/5.0 (Macintosh; Intel Mac OS X 10_15_7) AppleWebKit/537.36 (KHTML, like Gecko) Chrome/120.0.0.0 Safari/537.36"
74.7.242.54 - - [26/Aug/2026:23:12:35 +0800] "GET /32745/wp-content/uploads/sites/1271/2020/05/%E4%B8%8B%E8%BC%89-2-11.jpg HTTP/1.1" 200 6910 "https://2blog.ilc.edu.tw/32745/2020/05/17/page/2/" "Mozilla/5.0 AppleWebKit/537.36 (KHTML, like Gecko; compatible; GPTBot/1.4; +https://openai.com/gptbot)"
2401:e180:8850:674d:8560:d438:19a7:779 - - [26/Aug/2026:23:12:35 +0800] "GET /4659/ HTTP/1.1" 200 23766 "https://www.google.com/" "Mozilla/5.0 (Windows NT 10.0; Win64; x64) AppleWebKit/537.36 (KHTML, like Gecko) Chrome/151.0.0.0 Safari/537.36"
2401:e180:8850:674d:8560:d438:19a7:779 - - [26/Aug/2026:23:12:35 +0800] "GET /wp-content/uploads/sites/3591/elementor/css/post-4659.css HTTP/1.1" 304 790 "https://isupport.ilc.edu.tw/4659/" "Mozilla/5.0 (Windows NT 10.0; Win64; x64) AppleWebKit/537.36 (KHTML, like Gecko) Chrome/151.0.0.0 Safari/537.36"
2401:e180:8850:674d:8560:d438:19a7:779 - - [26/Aug/2026:23:12:35 +0800] "GET /wp-content/uploads/sites/3591/elementor/css/post-3.css HTTP/1.1" 304 5591 "https://isupport.ilc.edu.tw/4659/" "Mozilla/5.0 (Windows NT 10.0; Win64; x64) AppleWebKit/537.36 (KHTML, like Gecko) Chrome/151.0.0.0 Safari/537.36"
140.111.67.10 - - [26/Aug/2026:23:12:35 +0800] "GET /" 301 273 "-" "-"
34.57.162.91 - - [26/Aug/2026:23:12:34 +0800] "GET /wp-content/uploads/sites/2823/6093/6093-1608006.pdf HTTP/1.1" 200 871389 "-" "Mozilla/5.0 (Macintosh; Intel Mac OS X 10_15_7) AppleWebKit/537.36 (KHTML, like Gecko) Chrome/120.0.0.0 Safari/537.36"
2401:e180:8850:674d:8560:d438:19a7:779 - - [26/Aug/2026:23:12:35 +0800] "POST /wp-json/ilc-summary/v1/popular-posts HTTP/1.1" 201 1399 "https://isupport.ilc.edu.tw/4659/" "Mozilla/5.0 (Windows NT 10.0; Win64; x64) AppleWebKit/537.36 (KHTML, like Gecko) Chrome/151.0.0.0 Safari/537.36"
74.7.242.54 - - [26/Aug/2026:23:12:35 +0800] "GET /32745/wp-content/uploads/sites/1271/2021/01/%E4%B8%8B%E8%BC%89-13-3.jpg HTTP/1.1" 200 8079 "https://2blog.ilc.edu.tw/32745/2021/01/21/%e6%95%a2%e6%9c%89%e5%9b%9b%e9%85%8d/" "Mozilla/5.0 AppleWebKit/537.36 (KHTML, like Gecko; compatible; GPTBot/1.4; +https://openai.com/gptbot)"
74.7.242.54 - - [26/Aug/2026:23:12:36 +0800] "GET /32745/wp-content/uploads/sites/1271/2020/05/%E4%B8%8B%E8%BC%89-1-19.jpg HTTP/1.1" 200 5300 "https://2blog.ilc.edu.tw/32745/2020/05/19/%e5%a4%a2%e4%b8%ad%e4%b9%8b%e6%ad%8c/" "Mozilla/5.0 AppleWebKit/537.36 (KHTML, like Gecko; compatible; GPTBot/1.4; +https://openai.com/gptbot)"
74.7.242.54 - - [26/Aug/2026:23:12:36 +0800] "GET /32745/wp-content/uploads/sites/1271/2022/03/%E4%B8%8B%E8%BC%89-28-1.jpg HTTP/1.1" 200 6682 "https://2blog.ilc.edu.tw/32745/2023/06/04/%e7%84%a1%e6%84%9b%e7%84%a1%e6%81%a8/" "Mozilla/5.0 AppleWebKit/537.36 (KHTML, like Gecko; compatible; GPTBot/1.4; +https://openai.com/gptbot)"
34.56.124.53 - - [26/Aug/2026:23:12:36 +0800] "GET /6472/wp-json/wp/v2/posts/15578 HTTP/1.1" 200 32714 "-" "Mozilla/5.0 (Macintosh; Intel Mac OS X 10_15_7) AppleWebKit/537.36 (KHTML, like Gecko) Chrome/120.0.0.0 Safari/537.36"
34.56.124.53 - - [26/Aug/2026:23:12:37 +0800] "GET /6093/2011/07/page/2/ HTTP/1.1" 200 21201 "-" "Mozilla/5.0 (Macintosh; Intel Mac OS X 10_15_7) AppleWebKit/537.36 (KHTML, like Gecko) Chrome/120.0.0.0 Safari/537.36"
74.7.242.54 - - [26/Aug/2026:23:12:37 +0800] "GET /32745/wp-content/uploads/sites/1271/2020/06/%E4%B8%8B%E8%BC%89-11-1.jpg HTTP/1.1" 200 8583 "https://2blog.ilc.edu.tw/32745/2025/01/27/%e8%90%bd%e5%8d%97%e7%9a%84%e8%bb%8a%e7%8f%ad/" "Mozilla/5.0 AppleWebKit/537.36 (KHTML, like Gecko; compatible; GPTBot/1.4; +https://openai.com/gptbot)"
1.169.4.52 - - [26/Aug/2026:23:12:37 +0800] "GET /wp-content/uploads/sites/3846/2023/07/%E6%95%99%E8%82%B2%E8%99%95%E5%85%AB%E5%A4%A7%E6%96%B9%E9%87%9D.png HTTP/1.1" 200 200327 "https://it.ilc.edu.tw/" "Mozilla/5.0 (Windows NT 10.0; Win64; x64) AppleWebKit/537.36 (KHTML, like Gecko) Chrome/151.0.0.0 Safari/537.36 Edg/151.0.0.0"
216.73.217.64 - - [26/Aug/2026:23:12:37 +0800] "GET /32745/2021/09/page/91/ HTTP/1.1" 200 91265 "-" "Mozilla/5.0 AppleWebKit/537.36 (KHTML, like Gecko; compatible; ClaudeBot/1.0; +claudebot@anthropic.com)"
2001:288:a201::66:125 - - [26/Aug/2026:23:12:38 +0800] "GET /blog/active.php HTTP/1.1" 301 1026 "-" "-"
2001:288:a201::66:125 - - [26/Aug/2026:23:12:38 +0800] "GET /blog/active.php HTTP/1.1" 404 1084 "-" "-"
74.7.242.54 - - [26/Aug/2026:23:12:38 +0800] "GET /32745/wp-content/uploads/sites/1271/2020/05/%E4%B8%8B%E8%BC%89-10-1.jpg HTTP/1.1" 200 15279 "https://2blog.ilc.edu.tw/32745/2020/05/06/page/2/" "Mozilla/5.0 AppleWebKit/537.36 (KHTML, like Gecko; compatible; GPTBot/1.4; +https://openai.com/gptbot)"
66.249.79.137 - - [26/Aug/2026:23:12:36 +0800] "GET /wp-login.php?action=ilc_logout&_wpnonce=43754d0aad&redirect_to=http://newveteranmosproc.ru/gallery/46134/ HTTP/1.1" 302 8256 "-" "Mozilla/5.0 (Linux; Android 6.0.1; Nexus 5X Build/MMB29P) AppleWebKit/537.36 (KHTML, like Gecko) Chrome/151.0.7922.173 Mobile Safari/537.36 (compatible; GoogleOther)"
216.73.217.64 - - [26/Aug/2026:23:12:37 +0800] "GET /32745/page/93/ HTTP/1.1" 200 91402 "-" "Mozilla/5.0 AppleWebKit/537.36 (KHTML, like Gecko; compatible; ClaudeBot/1.0; +claudebot@anthropic.com)"
52.45.77.169 - - [26/Aug/2026:23:12:38 +0800] "GET /amy6998/wp-content/uploads/sites/2364/2023/05/IMG_6739ggg-768x445.jpg HTTP/1.1" 200 77522 "-" "Mozilla/5.0 AppleWebKit/537.36 (KHTML, like Gecko; compatible; Amazonbot/0.1; +https://developer.amazon.com/support/amazonbot) Chrome/119.0.6045.214 Safari/537.36"
74.7.242.54 - - [26/Aug/2026:23:12:38 +0800] "GET /32745/wp-content/uploads/sites/1271/2022/05/%E4%B8%8B%E8%BC%89-13-1.jpg HTTP/1.1" 200 6255 "https://2blog.ilc.edu.tw/32745/2022/05/21/page/2/" "Mozilla/5.0 AppleWebKit/537.36 (KHTML, like Gecko; compatible; GPTBot/1.4; +https://openai.com/gptbot)"
240e:95d:100d:7::13 - - [26/Aug/2026:23:12:38 +0800] "GET /wp-content/themes/oceanwp/assets/fonts/simple-line-icons/Simple-Line-Icons.woff2?v=2.4.0 HTTP/1.1" 200 30959 "https://ilta.ilc.edu.tw/wp-content/cache/ilta.ilc.edu.tw/wpfc-minified/7vo8n6iy/6wvk.css" "Mozilla/5.0 (Windows NT 10.0; Win64; x64) AppleWebKit/537.36 (KHTML, like Gecko) Chrome/144.0.0.0 Safari/537.36"
216.73.217.64 - - [26/Aug/2026:23:12:38 +0800] "GET /9536/wp-json/wp/v2/posts/54910 HTTP/1.1" 200 6494 "-" "Mozilla/5.0 AppleWebKit/537.36 (KHTML, like Gecko; compatible; ClaudeBot/1.0; +claudebot@anthropic.com)"
74.7.242.54 - - [26/Aug/2026:23:12:39 +0800] "GET /32745/wp-content/uploads/sites/1271/2020/05/%E4%B8%8B%E8%BC%89-1-24.jpg HTTP/1.1" 200 6117 "https://2blog.ilc.edu.tw/32745/2020/05/27/page/3/" "Mozilla/5.0 AppleWebKit/537.36 (KHTML, like Gecko; compatible; GPTBot/1.4; +https://openai.com/gptbot)"
100.29.164.178 - - [26/Aug/2026:23:12:39 +0800] "GET /wp-content/uploads/sites/1101/2023/12/?C=M;O%3DA HTTP/1.1" 200 1112 "-" "Mozilla/5.0 AppleWebKit/537.36 (KHTML, like Gecko; compatible; Amazonbot/0.1; +https://developer.amazon.com/support/amazonbot) Chrome/119.0.6045.214 Safari/537.36"
74.7.242.54 - - [26/Aug/2026:23:12:39 +0800] "GET /32745/wp-content/uploads/sites/1271/2020/08/%E4%B8%8B%E8%BC%89-4-10.jpg HTTP/1.1" 200 7120 "https://2blog.ilc.edu.tw/32745/2020/08/23/" "Mozilla/5.0 AppleWebKit/537.36 (KHTML, like Gecko; compatible; GPTBot/1.4; +https://openai.com/gptbot)"
74.7.242.54 - - [26/Aug/2026:23:12:40 +0800] "GET /32745/wp-content/uploads/sites/1271/2020/08/%E4%B8%8B%E8%BC%89-3-16.jpg HTTP/1.1" 200 6065 "https://2blog.ilc.edu.tw/32745/2020/08/30/page/9/" "Mozilla/5.0 AppleWebKit/537.36 (KHTML, like Gecko; compatible; GPTBot/1.4; +https://openai.com/gptbot)"
140.111.67.10 - - [26/Aug/2026:23:12:40 +0800] "GET /" 301 273 "-" "-"
74.7.242.54 - - [26/Aug/2026:23:12:40 +0800] "GET /32745/wp-content/uploads/sites/1271/2021/01/%E4%B8%8B%E8%BC%89-17-2.jpg HTTP/1.1" 200 6984 "https://2blog.ilc.edu.tw/32745/2021/01/10/page/3/" "Mozilla/5.0 AppleWebKit/537.36 (KHTML, like Gecko; compatible; GPTBot/1.4; +https://openai.com/gptbot)"
216.73.217.64 - - [26/Aug/2026:23:12:40 +0800] "GET /9536/?p=54910 HTTP/1.1" 301 5876 "-" "Mozilla/5.0 AppleWebKit/537.36 (KHTML, like Gecko; compatible; ClaudeBot/1.0; +claudebot@anthropic.com)"
34.30.223.149 - - [26/Aug/2026:23:12:40 +0800] "GET /32745/wp-json/wp/v2/posts/129585 HTTP/1.1" 200 20262 "-" "Mozilla/5.0 (Macintosh; Intel Mac OS X 10_15_7) AppleWebKit/537.36 (KHTML, like Gecko) Chrome/120.0.0.0 Safari/537.36"
74.7.242.54 - - [26/Aug/2026:23:12:41 +0800] "GET /32745/wp-content/uploads/sites/1271/2021/01/%E4%B8%8B%E8%BC%89-20-1.jpg HTTP/1.1" 200 6152 "https://2blog.ilc.edu.tw/32745/2021/01/03/" "Mozilla/5.0 AppleWebKit/537.36 (KHTML, like Gecko; compatible; GPTBot/1.4; +https://openai.com/gptbot)"
216.73.217.64 - - [26/Aug/2026:23:12:41 +0800] "GET /9536/2008/01/01/%e7%a4%be%e5%8d%80%e6%97%a5%e6%9b%86-%e5%a4%a7%e6%b4%b2%e7%a4%be%e5%8d%80-%e5%b0%9a%e7%be%8e%e5%b0%9a%e5%a5%bd%e3%84%9f%e7%a4%be%e5%8d%80%e2%94%80%e9%98%ae%e5%8f%ab%e5%a4%a7%e6%b4%b2%e5%8f%b0/ HTTP/1.1" 200 9651 "https://2blog.ilc.edu.tw/9536/?p=54910" "Mozilla/5.0 AppleWebKit/537.36 (KHTML, like Gecko; compatible; ClaudeBot/1.0; +claudebot@anthropic.com)"
74.7.242.54 - - [26/Aug/2026:23:12:41 +0800] "GET /32745/wp-content/uploads/sites/1271/2020/08/%E4%B8%8B%E8%BC%89-4-12.jpg HTTP/1.1" 200 9713 "https://2blog.ilc.edu.tw/32745/2020/08/29/%e7%94%b0%e5%ba%84%e5%a7%91%e5%a8%98-2/" "Mozilla/5.0 AppleWebKit/537.36 (KHTML, like Gecko; compatible; GPTBot/1.4; +https://openai.com/gptbot)"
74.7.242.54 - - [26/Aug/2026:23:12:42 +0800] "GET /32745/wp-content/uploads/sites/1271/2020/06/%E4%B8%8B%E8%BC%89-12-3.jpg HTTP/1.1" 200 2596 "https://2blog.ilc.edu.tw/32745/2020/06/27/" "Mozilla/5.0 AppleWebKit/537.36 (KHTML, like Gecko; compatible; GPTBot/1.4; +https://openai.com/gptbot)"
140.111.67.195 - - [26/Aug/2026:23:12:42 +0800] "GET /wp-admin/admin-post.php?action=steps_ad HTTP/1.1" 200 1973 "-" "node-fetch/1.0 (+https://github.com/bitinn/node-fetch)"
1.169.4.52 - - [26/Aug/2026:23:12:42 +0800] "GET /wp-content/uploads/sites/3846/2026/08/%E8%BE%B2%E6%A5%AD%E9%83%A8%E5%BB%A3%E5%91%8A.jpg HTTP/1.1" 200 236462 "https://it.ilc.edu.tw/" "Mozilla/5.0 (Windows NT 10.0; Win64; x64) AppleWebKit/537.36 (KHTML, like Gecko) Chrome/151.0.0.0 Safari/537.36 Edg/151.0.0.0"
1.169.4.52 - - [26/Aug/2026:23:12:42 +0800] "GET /wp-content/uploads/sites/3846/2026/02/%E9%81%BF%E5%85%8D%E8%AA%A4%E5%85%A5%E8%A9%90%E9%A8%99%E7%B6%B2%E7%AB%99APP%E5%B0%8F%E5%B8%B8%E8%AD%98.jpg HTTP/1.1" 200 454833 "https://it.ilc.edu.tw/" "Mozilla/5.0 (Windows NT 10.0; Win64; x64) AppleWebKit/537.36 (KHTML, like Gecko) Chrome/151.0.0.0 Safari/537.36 Edg/151.0.0.0"
1.169.4.52 - - [26/Aug/2026:23:12:42 +0800] "GET /wp-content/uploads/sites/3846/2026/06/%E5%AE%A3%E5%82%B3%E5%9C%96%E7%89%87.png HTTP/1.1" 200 1048660 "https://it.ilc.edu.tw/" "Mozilla/5.0 (Windows NT 10.0; Win64; x64) AppleWebKit/537.36 (KHTML, like Gecko) Chrome/151.0.0.0 Safari/537.36 Edg/151.0.0.0"
34.236.135.14 - - [26/Aug/2026:23:12:42 +0800] "GET /amy6998/wp-content/uploads/sites/2364/2024/12/IMG_6213-1024x768.jpg HTTP/1.1" 200 129849 "-" "Mozilla/5.0 AppleWebKit/537.36 (KHTML, like Gecko; compatible; Amazonbot/0.1; +https://developer.amazon.com/support/amazonbot) Chrome/119.0.6045.214 Safari/537.36"
74.7.242.54 - - [26/Aug/2026:23:12:42 +0800] "GET /32745/wp-content/uploads/sites/1271/2020/06/%E4%B8%8B%E8%BC%89-11-2.jpg HTTP/1.1" 200 6606 "https://2blog.ilc.edu.tw/32745/2020/06/16/page/2/" "Mozilla/5.0 AppleWebKit/537.36 (KHTML, like Gecko; compatible; GPTBot/1.4; +https://openai.com/gptbot)"
2001:41d0:303:1556::1 - - [26/Aug/2026:23:12:43 +0800] "GET /robots.txt HTTP/1.1" 200 5354 "-" "Mozilla/5.0 (compatible; MJ12bot/v1.4.8; http://mj12bot.com/)"
2001:288:a201::66:125 - - [26/Aug/2026:23:12:43 +0800] "GET /blog/active.php HTTP/1.1" 301 1026 "-" "-"
1.169.4.52 - - [26/Aug/2026:23:12:42 +0800] "GET /wp-content/uploads/sites/3846/2026/06/2026%E5%AE%9C%E8%98%AD%E7%98%8B%E5%AD%B8%E7%BF%92-%E6%9A%91%E5%81%87_%E6%95%99%E8%82%B2%E8%99%95%E9%A6%96%E9%A0%81-1440-x-1080-%E5%83%8F%E7%B4%A0.png HTTP/1.1" 200 2046271 "https://it.ilc.edu.tw/" "Mozilla/5.0 (Windows NT 10.0; Win64; x64) AppleWebKit/537.36 (KHTML, like Gecko) Chrome/151.0.0.0 Safari/537.36 Edg/151.0.0.0"
2001:288:a201::66:125 - - [26/Aug/2026:23:12:43 +0800] "GET /blog/active.php HTTP/1.1" 404 1084 "-" "-"
74.7.242.54 - - [26/Aug/2026:23:12:43 +0800] "GET /32745/wp-content/uploads/sites/1271/2022/06/%E4%B8%8B%E8%BC%89-10-1.jpg HTTP/1.1" 200 8101 "https://2blog.ilc.edu.tw/32745/2022/06/04/page/7/" "Mozilla/5.0 AppleWebKit/537.36 (KHTML, like Gecko; compatible; GPTBot/1.4; +https://openai.com/gptbot)"
74.7.242.54 - - [26/Aug/2026:23:12:43 +0800] "GET /32745/wp-content/uploads/sites/1271/2020/05/%E4%B8%8B%E8%BC%89-1-18.jpg HTTP/1.1" 200 8005 "https://2blog.ilc.edu.tw/32745/2021/07/18/%e5%95%a5%e7%89%a9%e6%98%af%e6%84%9b%e6%83%85/" "Mozilla/5.0 AppleWebKit/537.36 (KHTML, like Gecko; compatible; GPTBot/1.4; +https://openai.com/gptbot)"
2001:4860:7:b10::ef - - [26/Aug/2026:23:12:43 +0800] "GET /2226/archives/769 HTTP/1.1" 200 17195 "https://www.google.com/" "Mozilla/5.0 (Linux; Android 10; K) AppleWebKit/537.36 (KHTML, like Gecko) Chrome/151.0.0.0 Mobile Safari/537.36"
34.57.162.91 - - [26/Aug/2026:23:12:43 +0800] "GET /39519/%E7%B7%A8%E8%99%9F%E2%86%92250%EF%BC%9B%E9%BB%91%E8%89%B2%E6%8B%89%E9%8D%8A%E9%8C%A2%E5%8C%85/ HTTP/1.1" 200 13831 "-" "Mozilla/5.0 (Macintosh; Intel Mac OS X 10_15_7) AppleWebKit/537.36 (KHTML, like Gecko) Chrome/120.0.0.0 Safari/537.36"
74.7.242.54 - - [26/Aug/2026:23:12:44 +0800] "GET /32745/wp-content/uploads/sites/1271/2020/08/%E4%B8%8B%E8%BC%89-17-2.jpg HTTP/1.1" 200 9373 "https://2blog.ilc.edu.tw/32745/2020/08/29/page/4/" "Mozilla/5.0 AppleWebKit/537.36 (KHTML, like Gecko; compatible; GPTBot/1.4; +https://openai.com/gptbot)"
74.7.242.54 - - [26/Aug/2026:23:12:44 +0800] "GET /32745/wp-content/uploads/sites/1271/2021/01/%E4%B8%8B%E8%BC%89-18-3.jpg HTTP/1.1" 200 6217 "https://2blog.ilc.edu.tw/32745/2021/01/21/%e6%95%a2%e6%9c%89%e5%9b%9b%e9%85%8d/" "Mozilla/5.0 AppleWebKit/537.36 (KHTML, like Gecko; compatible; GPTBot/1.4; +https://openai.com/gptbot)"
34.10.180.98 - - [26/Aug/2026:23:12:45 +0800] "GET /6505/?p=7123 HTTP/1.1" 301 5908 "-" "Mozilla/5.0 (Macintosh; Intel Mac OS X 10_15_7) AppleWebKit/537.36 (KHTML, like Gecko) Chrome/120.0.0.0 Safari/537.36"
74.7.242.54 - - [26/Aug/2026:23:12:45 +0800] "GET /32745/wp-content/uploads/sites/1271/2020/07/%E4%B8%8B%E8%BC%89-10-3.jpg HTTP/1.1" 200 4896 "https://2blog.ilc.edu.tw/32745/2020/07/25/page/3/" "Mozilla/5.0 AppleWebKit/537.36 (KHTML, like Gecko; compatible; GPTBot/1.4; +https://openai.com/gptbot)"
34.10.180.98 - - [26/Aug/2026:23:12:45 +0800] "GET /32745/wp-json/wp/v2/posts/44053 HTTP/1.1" 200 17932 "-" "Mozilla/5.0 (Macintosh; Intel Mac OS X 10_15_7) AppleWebKit/537.36 (KHTML, like Gecko) Chrome/120.0.0.0 Safari/537.36"
140.111.67.10 - - [26/Aug/2026:23:12:45 +0800] "GET /" 301 273 "-" "-"
66.249.79.163 - - [26/Aug/2026:23:12:45 +0800] "GET /wp-content/uploads/sites/2823/6093/previews-med/6093-1552522.jpg HTTP/1.1" 304 5569 "-" "Googlebot-Image/1.0"
216.73.217.64 - - [26/Aug/2026:23:12:45 +0800] "GET /9536/wp-json/wp/v2/posts/54915 HTTP/1.1" 200 10738 "-" "Mozilla/5.0 AppleWebKit/537.36 (KHTML, like Gecko; compatible; ClaudeBot/1.0; +claudebot@anthropic.com)"
74.7.242.54 - - [26/Aug/2026:23:12:45 +0800] "GET /32745/wp-content/uploads/sites/1271/2020/08/%E4%B8%8B%E8%BC%89-12-4.jpg HTTP/1.1" 200 7792 "https://2blog.ilc.edu.tw/32745/2020/08/25/" "Mozilla/5.0 AppleWebKit/537.36 (KHTML, like Gecko; compatible; GPTBot/1.4; +https://openai.com/gptbot)"
216.73.217.64 - - [26/Aug/2026:23:12:46 +0800] "GET /9536/wp-json/wp/v2/posts/54901 HTTP/1.1" 200 7200 "-" "Mozilla/5.0 AppleWebKit/537.36 (KHTML, like Gecko; compatible; ClaudeBot/1.0; +claudebot@anthropic.com)"
74.7.242.54 - - [26/Aug/2026:23:12:46 +0800] "GET /32745/wp-content/uploads/sites/1271/2020/06/%E4%B8%8B%E8%BC%89-4-14.jpg HTTP/1.1" 200 7098 "https://2blog.ilc.edu.tw/32745/2020/06/27/page/5/" "Mozilla/5.0 AppleWebKit/537.36 (KHTML, like Gecko; compatible; GPTBot/1.4; +https://openai.com/gptbot)"
216.73.217.64 - - [26/Aug/2026:23:12:46 +0800] "GET /9536/wp-json/wp/v2/posts/54902 HTTP/1.1" 200 7254 "-" "Mozilla/5.0 AppleWebKit/537.36 (KHTML, like Gecko; compatible; ClaudeBot/1.0; +claudebot@anthropic.com)"
74.7.242.54 - - [26/Aug/2026:23:12:46 +0800] "GET /32745/wp-content/uploads/sites/1271/2020/05/%E6%96%B9%E9%98%A1%E7%BF%8A.jpg HTTP/1.1" 200 16708 "https://2blog.ilc.edu.tw/32745/2020/05/23/page/8/" "Mozilla/5.0 AppleWebKit/537.36 (KHTML, like Gecko; compatible; GPTBot/1.4; +https://openai.com/gptbot)"
2001:41d0:303:1556::1 - - [26/Aug/2026:23:12:47 +0800] "GET /%E5%81%9C%E8%AA%B2%E4%B8%8D%E5%81%9C%E5%AD%B8/ HTTP/1.1" 200 14154 "-" "Mozilla/5.0 (compatible; MJ12bot/v1.4.8; http://mj12bot.com/)"
66.249.79.235 - - [26/Aug/2026:23:12:47 +0800] "GET /blog/rss.php?blogId=3860&categoryId=10888 HTTP/1.1" 301 1119 "-" "Mozilla/5.0 (compatible; Googlebot/2.1; +http://www.google.com/bot.html)"
44.210.204.255 - - [26/Aug/2026:23:12:47 +0800] "GET /wp-content/uploads/sites/1610/2022/04/ HTTP/1.1" 200 1113 "-" "Mozilla/5.0 AppleWebKit/537.36 (KHTML, like Gecko; compatible; Amazonbot/0.1; +https://developer.amazon.com/support/amazonbot) Chrome/119.0.6045.214 Safari/537.36"
74.7.242.54 - - [26/Aug/2026:23:12:47 +0800] "GET /32745/wp-content/uploads/sites/1271/2021/01/%E4%B8%8B%E8%BC%89-20-3.jpg HTTP/1.1" 200 6923 "https://2blog.ilc.edu.tw/32745/2021/10/29/%e5%bf%ab%e6%a8%82holiday/" "Mozilla/5.0 AppleWebKit/537.36 (KHTML, like Gecko; compatible; GPTBot/1.4; +https://openai.com/gptbot)"
74.7.242.54 - - [26/Aug/2026:23:12:47 +0800] "GET /32745/wp-content/uploads/sites/1271/2020/08/%E4%B8%8B%E8%BC%89-14-1.jpg HTTP/1.1" 200 7879 "https://2blog.ilc.edu.tw/32745/2020/08/09/page/2/" "Mozilla/5.0 AppleWebKit/537.36 (KHTML, like Gecko; compatible; GPTBot/1.4; +https://openai.com/gptbot)"
2001:288:a201::66:125 - - [26/Aug/2026:23:12:48 +0800] "GET /blog/active.php HTTP/1.1" 301 1026 "-" "-"
2001:288:a201::66:125 - - [26/Aug/2026:23:12:48 +0800] "GET /blog/active.php HTTP/1.1" 404 1084 "-" "-"
66.249.71.37 - - [26/Aug/2026:23:12:48 +0800] "GET /blog/rss.php?blogId=3860&categoryId=10888 HTTP/1.1" 404 5752 "-" "Mozilla/5.0 (compatible; Googlebot/2.1; +http://www.google.com/bot.html)"
74.7.242.54 - - [26/Aug/2026:23:12:48 +0800] "GET /32745/wp-content/uploads/sites/1271/2020/05/%E4%B8%8B%E8%BC%89-11-1.jpg HTTP/1.1" 200 4741 "https://2blog.ilc.edu.tw/32745/2020/05/06/" "Mozilla/5.0 AppleWebKit/537.36 (KHTML, like Gecko; compatible; GPTBot/1.4; +https://openai.com/gptbot)"
74.7.242.54 - - [26/Aug/2026:23:12:48 +0800] "GET /32745/wp-content/uploads/sites/1271/2020/06/%E4%B8%8B%E8%BC%89-12-2.jpg HTTP/1.1" 200 6731 "https://2blog.ilc.edu.tw/32745/2020/06/16/" "Mozilla/5.0 AppleWebKit/537.36 (KHTML, like Gecko; compatible; GPTBot/1.4; +https://openai.com/gptbot)"
74.7.242.54 - - [26/Aug/2026:23:12:49 +0800] "GET /32745/wp-content/uploads/sites/1271/2020/08/%E4%B8%8B%E8%BC%89-17-3.jpg HTTP/1.1" 200 7180 "https://2blog.ilc.edu.tw/32745/2020/08/30/page/5/" "Mozilla/5.0 AppleWebKit/537.36 (KHTML, like Gecko; compatible; GPTBot/1.4; +https://openai.com/gptbot)"
40.77.167.71 - - [26/Aug/2026:23:12:49 +0800] "GET /?s= HTTP/1.1" 200 16546 "-" "Mozilla/5.0 AppleWebKit/537.36 (KHTML, like Gecko; compatible; bingbot/2.0; +http://www.bing.com/bingbot.htm) Chrome/116.0.1938.76 Safari/537.36"
74.7.242.54 - - [26/Aug/2026:23:12:50 +0800] "GET /32745/wp-content/uploads/sites/1271/2020/06/%E4%B8%8B%E8%BC%89-10-1.jpg HTTP/1.1" 200 6137 "https://2blog.ilc.edu.tw/32745/2025/01/27/%e8%90%bd%e5%8d%97%e7%9a%84%e8%bb%8a%e7%8f%ad/" "Mozilla/5.0 AppleWebKit/537.36 (KHTML, like Gecko; compatible; GPTBot/1.4; +https://openai.com/gptbot)"
2001:41d0:303:1556::1 - - [26/Aug/2026:23:12:50 +0800] "GET /%E5%90%84%E8%99%95%E5%AE%A4%E8%B3%87%E6%96%99/ HTTP/1.1" 200 14174 "-" "Mozilla/5.0 (compatible; MJ12bot/v1.4.8; http://mj12bot.com/)"
140.111.67.10 - - [26/Aug/2026:23:12:50 +0800] "GET /" 301 273 "-" "-"
74.7.242.54 - - [26/Aug/2026:23:12:50 +0800] "GET /32745/wp-content/uploads/sites/1271/2020/06/%E4%B8%8B%E8%BC%89-2-10.jpg HTTP/1.1" 200 7991 "https://2blog.ilc.edu.tw/32745/2021/10/02/%e6%ad%a1%e6%a8%82%e9%81%8e%e8%81%96%e8%aa%95/" "Mozilla/5.0 AppleWebKit/537.36 (KHTML, like Gecko; compatible; GPTBot/1.4; +https://openai.com/gptbot)"
216.73.217.64 - - [26/Aug/2026:23:12:50 +0800] "GET /9536/page/408/ HTTP/1.1" 200 18590 "-" "Mozilla/5.0 AppleWebKit/537.36 (KHTML, like Gecko; compatible; ClaudeBot/1.0; +claudebot@anthropic.com)"
17.22.237.243 - - [26/Aug/2026:23:12:50 +0800] "GET /32745/category/%e5%a4%a7%e5%8f%b0%e9%a2%a8%e6%a8%82%e5%9c%98/page/3/ HTTP/1.1" 200 91581 "-" "Mozilla/5.0 (Macintosh; Intel Mac OS X 10_15_7) AppleWebKit/605.1.15 (KHTML, like Gecko) Version/17.4 Safari/605.1.15 (Applebot/0.1; +http://www.apple.com/go/applebot)"
66.249.68.2 - - [26/Aug/2026:23:12:50 +0800] "GET /wp-includes/js/hoverintent-js.min.js HTTP/1.1" 200 6383 "https://www.cges.ilc.edu.tw/" "Mozilla/5.0 (Linux; Android 6.0.1; Nexus 5X Build/MMB29P) AppleWebKit/537.36 (KHTML, like Gecko) Chrome/151.0.7922.173 Mobile Safari/537.36 (compatible; Googlebot/2.1; +http://www.google.com/bot.html)"
2001:288:a240:1:2ce0:d97f:6e8a:aef6 - - [26/Aug/2026:23:12:50 +0800] "POST /wp-json/wp-statistics/v2/hit HTTP/1.1" 200 5883 "https://www.gjes.ilc.edu.tw/" "Mozilla/5.0 (Windows NT 10.0; Win64; x64) AppleWebKit/537.36 (KHTML, like Gecko) Chrome/151.0.0.0 Safari/537.36"
74.7.242.54 - - [26/Aug/2026:23:12:51 +0800] "GET /32745/wp-content/uploads/sites/1271/2020/05/%E5%B0%8F%E6%9E%97%E7%8E%89.jpg HTTP/1.1" 200 11632 "https://2blog.ilc.edu.tw/32745/2020/05/21/" "Mozilla/5.0 AppleWebKit/537.36 (KHTML, like Gecko; compatible; GPTBot/1.4; +https://openai.com/gptbot)"
216.73.217.64 - - [26/Aug/2026:23:12:51 +0800] "GET /9536/wp-json/wp/v2/posts/54908 HTTP/1.1" 200 6718 "-" "Mozilla/5.0 AppleWebKit/537.36 (KHTML, like Gecko; compatible; ClaudeBot/1.0; +claudebot@anthropic.com)"
216.73.217.64 - - [26/Aug/2026:23:12:51 +0800] "GET /9536/wp-json/wp/v2/posts/54911 HTTP/1.1" 200 10699 "-" "Mozilla/5.0 AppleWebKit/537.36 (KHTML, like Gecko; compatible; ClaudeBot/1.0; +claudebot@anthropic.com)"
2001:4860:7:810::e2 - - [26/Aug/2026:23:12:51 +0800] "GET / HTTP/1.1" 200 27901 "https://www.google.com/" "Mozilla/5.0 (Windows NT 10.0; Win64; x64) AppleWebKit/537.36 (KHTML, like Gecko) Chrome/151.0.0.0 Safari/537.36"
74.7.242.54 - - [26/Aug/2026:23:12:51 +0800] "GET /32745/wp-content/uploads/sites/1271/2020/06/%E4%B8%8B%E8%BC%89-18-1.jpg HTTP/1.1" 200 6121 "https://2blog.ilc.edu.tw/32745/2020/06/21/%e5%a0%85%e5%bc%b7%e7%9a%84%e9%ac%a5%e5%bf%97/" "Mozilla/5.0 AppleWebKit/537.36 (KHTML, like Gecko; compatible; GPTBot/1.4; +https://openai.com/gptbot)"
66.249.68.2 - - [26/Aug/2026:23:12:51 +0800] "GET /wp-content/plugins/elementor/assets/js/frontend.min.js HTTP/1.1" 200 13169 "https://www.cges.ilc.edu.tw/" "Mozilla/5.0 (Linux; Android 6.0.1; Nexus 5X Build/MMB29P) AppleWebKit/537.36 (KHTML, like Gecko) Chrome/151.0.7922.173 Mobile Safari/537.36 (compatible; Googlebot/2.1; +http://www.google.com/bot.html)"
34.123.149.87 - - [26/Aug/2026:23:12:51 +0800] "GET /3288/?p=111059 HTTP/1.1" 301 5737 "-" "Mozilla/5.0 (Macintosh; Intel Mac OS X 10_15_7) AppleWebKit/537.36 (KHTML, like Gecko) Chrome/120.0.0.0 Safari/537.36"
59.124.241.61 - - [26/Aug/2026:23:12:51 +0800] "-" 408 4794 "-" "-"
2409:252:95a0:d400:619a:665e:3833:fc89 - - [26/Aug/2026:23:12:51 +0800] "GET /wp-content/uploads/sites/233/1003/1003-2646601.jpg HTTP/1.1" 200 53828 "https://2blog.ilc.edu.tw/1003/2014/08/27/%e5%b0%8f%e4%b8%80%e9%96%8b%e5%ad%b8%e5%80%92%e6%95%b8%e7%ac%ac%e4%ba%94%e5%a4%a9/" "Mozilla/5.0 (iPhone; CPU iPhone OS 26_5_2 like Mac OS X) AppleWebKit/605.1.15 (KHTML, like Gecko) GSA/435.4.965413651 Mobile/15E148 Safari/604.1"
74.7.242.54 - - [26/Aug/2026:23:12:52 +0800] "GET /32745/wp-content/uploads/sites/1271/2020/08/%E4%B8%8B%E8%BC%89-11-2.jpg HTTP/1.1" 200 11750 "https://2blog.ilc.edu.tw/32745/2020/08/09/page/3/" "Mozilla/5.0 AppleWebKit/537.36 (KHTML, like Gecko; compatible; GPTBot/1.4; +https://openai.com/gptbot)"
74.7.242.54 - - [26/Aug/2026:23:12:52 +0800] "GET /32745/wp-content/uploads/sites/1271/2020/06/%E4%B8%8B%E8%BC%89-2-11.jpg HTTP/1.1" 200 6072 "https://2blog.ilc.edu.tw/32745/2020/06/20/" "Mozilla/5.0 AppleWebKit/537.36 (KHTML, like Gecko; compatible; GPTBot/1.4; +https://openai.com/gptbot)"
34.56.124.53 - - [26/Aug/2026:23:12:52 +0800] "GET /26151/?p=2732 HTTP/1.1" 301 5904 "-" "Mozilla/5.0 (Macintosh; Intel Mac OS X 10_15_7) AppleWebKit/537.36 (KHTML, like Gecko) Chrome/120.0.0.0 Safari/537.36"
2001:288:a201::66:125 - - [26/Aug/2026:23:12:53 +0800] "GET /blog/active.php HTTP/1.1" 301 1026 "-" "-"
2001:288:a201::66:125 - - [26/Aug/2026:23:12:53 +0800] "GET /blog/active.php HTTP/1.1" 404 1084 "-" "-"
74.7.242.54 - - [26/Aug/2026:23:12:53 +0800] "GET /32745/wp-content/uploads/sites/1271/2020/08/%E4%B8%8B%E8%BC%89-4-13.jpg HTTP/1.1" 200 6056 "https://2blog.ilc.edu.tw/32745/2020/08/30/page/9/" "Mozilla/5.0 AppleWebKit/537.36 (KHTML, like Gecko; compatible; GPTBot/1.4; +https://openai.com/gptbot)"
34.123.149.87 - - [26/Aug/2026:23:12:52 +0800] "GET /32745/2023/03/18/%E5%8F%AA%E6%9C%89%E4%BD%A0-3/ HTTP/1.1" 200 92280 "-" "Mozilla/5.0 (Macintosh; Intel Mac OS X 10_15_7) AppleWebKit/537.36 (KHTML, like Gecko) Chrome/120.0.0.0 Safari/537.36"
74.7.242.54 - - [26/Aug/2026:23:12:53 +0800] "GET /32745/wp-content/uploads/sites/1271/2021/01/%E4%B8%8B%E8%BC%89-15-2.jpg HTTP/1.1" 200 7885 "https://2blog.ilc.edu.tw/32745/2021/01/10/page/4/" "Mozilla/5.0 AppleWebKit/537.36 (KHTML, like Gecko; compatible; GPTBot/1.4; +https://openai.com/gptbot)"
2001:41d0:303:1556::1 - - [26/Aug/2026:23:12:53 +0800] "GET /%E5%B8%AB%E7%94%9F%E5%9C%92%E5%9C%B0/ HTTP/1.1" 200 14161 "-" "Mozilla/5.0 (compatible; MJ12bot/v1.4.8; http://mj12bot.com/)"
74.7.242.54 - - [26/Aug/2026:23:12:54 +0800] "GET /32745/wp-content/uploads/sites/1271/2021/04/%E4%B8%8B%E8%BC%89-16-1.jpg HTTP/1.1" 200 5447 "https://2blog.ilc.edu.tw/32745/2021/04/06/page/3/" "Mozilla/5.0 AppleWebKit/537.36 (KHTML, like Gecko; compatible; GPTBot/1.4; +https://openai.com/gptbot)"
140.111.67.195 - - [26/Aug/2026:23:12:54 +0800] "GET /wp-admin/admin-post.php?action=steps_ad HTTP/1.1" 200 1973 "-" "node-fetch/1.0 (+https://github.com/bitinn/node-fetch)"
74.7.242.54 - - [26/Aug/2026:23:12:54 +0800] "GET /32745/wp-content/uploads/sites/1271/2020/08/%E4%B8%8B%E8%BC%89-26-1.jpg HTTP/1.1" 200 5658 "https://2blog.ilc.edu.tw/32745/2020/08/29/" "Mozilla/5.0 AppleWebKit/537.36 (KHTML, like Gecko; compatible; GPTBot/1.4; +https://openai.com/gptbot)"
2401:e180:8850:674d:8560:d438:19a7:779 - - [26/Aug/2026:23:12:55 +0800] "-" 408 4801 "-" "-"
74.7.242.54 - - [26/Aug/2026:23:12:55 +0800] "GET /32745/wp-content/uploads/sites/1271/2021/01/%E4%B8%8B%E8%BC%89-10-3.jpg HTTP/1.1" 200 15415 "https://2blog.ilc.edu.tw/32745/2021/01/10/page/4/" "Mozilla/5.0 AppleWebKit/537.36 (KHTML, like Gecko; compatible; GPTBot/1.4; +https://openai.com/gptbot)"
140.111.67.10 - - [26/Aug/2026:23:12:55 +0800] "GET /" 301 273 "-" "-"
2401:e180:8850:674d:8560:d438:19a7:779 - - [26/Aug/2026:23:12:55 +0800] "-" 408 339 "-" "-"
74.7.242.54 - - [26/Aug/2026:23:12:55 +0800] "GET /32745/wp-content/uploads/sites/1271/2020/08/%E4%B8%8B%E8%BC%89-24-1.jpg HTTP/1.1" 200 8122 "https://2blog.ilc.edu.tw/32745/2020/08/29/page/3/" "Mozilla/5.0 AppleWebKit/537.36 (KHTML, like Gecko; compatible; GPTBot/1.4; +https://openai.com/gptbot)"
140.111.67.195 - - [26/Aug/2026:23:12:55 +0800] "GET /wp-admin/admin-post.php?action=steps_ad HTTP/1.1" 200 1649 "-" "node-fetch/1.0 (+https://github.com/bitinn/node-fetch)"
74.7.242.54 - - [26/Aug/2026:23:12:56 +0800] "GET /32745/wp-content/uploads/sites/1271/2021/01/%E4%B8%8B%E8%BC%89-19-2.jpg HTTP/1.1" 200 8552 "https://2blog.ilc.edu.tw/32745/2021/01/10/page/2/" "Mozilla/5.0 AppleWebKit/537.36 (KHTML, like Gecko; compatible; GPTBot/1.4; +https://openai.com/gptbot)"
74.7.242.54 - - [26/Aug/2026:23:12:56 +0800] "GET /32745/wp-content/uploads/sites/1271/2020/08/%E4%B8%8B%E8%BC%89-2-10.jpg HTTP/1.1" 200 10064 "https://2blog.ilc.edu.tw/32745/2020/08/22/page/2/" "Mozilla/5.0 AppleWebKit/537.36 (KHTML, like Gecko; compatible; GPTBot/1.4; +https://openai.com/gptbot)"
2001:41d0:303:1556::1 - - [26/Aug/2026:23:12:57 +0800] "GET /%E6%A0%A1%E5%9C%92%E8%AA%B2%E7%A8%8B/ HTTP/1.1" 200 14160 "-" "Mozilla/5.0 (compatible; MJ12bot/v1.4.8; http://mj12bot.com/)"
66.249.71.9 - - [26/Aug/2026:23:12:55 +0800] "GET /wp-login.php?key=hbp38386&_wpnonce=&action=ilc_logout&redirect_to=https%3A%2F%2Fmushroom.joynetgame.com HTTP/1.1" 302 8245 "-" "Mozilla/5.0 (Linux; Android 6.0.1; Nexus 5X Build/MMB29P) AppleWebKit/537.36 (KHTML, like Gecko) Chrome/151.0.7922.173 Mobile Safari/537.36 (compatible; Googlebot/2.1; +http://www.google.com/bot.html)"
74.7.242.54 - - [26/Aug/2026:23:12:57 +0800] "GET /32745/wp-content/uploads/sites/1271/2020/06/%E4%B8%8B%E8%BC%89-16-1.jpg HTTP/1.1" 200 8983 "https://2blog.ilc.edu.tw/32745/2020/06/02/" "Mozilla/5.0 AppleWebKit/537.36 (KHTML, like Gecko; compatible; GPTBot/1.4; +https://openai.com/gptbot)"
2409:8715:5880:e0::6 - - [26/Aug/2026:23:12:28 +0800] "GET /3044/wp-content/themes/oceanwp/assets/fonts/fontawesome/webfonts/fa-solid-900.woff2 HTTP/1.1" 200 156040 "https://2blog.ilc.edu.tw/3044/wp-content/cache/2blog.ilc.edu.tw/wpfc-minified/kbs0vbdh/83uk5.css" "Mozilla/5.0 (Windows NT 10.0; Win64; x64) AppleWebKit/537.36 (KHTML, like Gecko) Chrome/144.0.0.0 Safari/537.36"
::1 - - [26/Aug/2026:23:12:57 +0800] "OPTIONS * HTTP/1.0" 200 110 "-" "Apache/2.4.68 (Ubuntu) OpenSSL/3.0.19 (internal dummy connection)"
74.7.242.54 - - [26/Aug/2026:23:12:57 +0800] "GET /32745/wp-content/uploads/sites/1271/2020/05/%E4%B8%8B%E8%BC%89-5-13.jpg HTTP/1.1" 200 10795 "https://2blog.ilc.edu.tw/32745/2022/10/19/%e6%88%91%e5%8f%aa%e6%9c%89%e6%80%a8%e6%81%a8%e8%87%aa%e5%b7%b1/" "Mozilla/5.0 AppleWebKit/537.36 (KHTML, like Gecko; compatible; GPTBot/1.4; +https://openai.com/gptbot)"
2001:288:a201::66:125 - - [26/Aug/2026:23:12:58 +0800] "GET /blog/active.php HTTP/1.1" 301 1026 "-" "-"
2001:288:a201::66:125 - - [26/Aug/2026:23:12:58 +0800] "GET /blog/active.php HTTP/1.1" 404 1084 "-" "-"
34.30.223.149 - - [26/Aug/2026:23:12:55 +0800] "GET /wp-content/uploads/sites/2109/6573/6573-2801538.doc HTTP/1.1" 200 4922417 "-" "Mozilla/5.0 (Macintosh; Intel Mac OS X 10_15_7) AppleWebKit/537.36 (KHTML, like Gecko) Chrome/120.0.0.0 Safari/537.36"
74.7.242.54 - - [26/Aug/2026:23:12:58 +0800] "GET /32745/wp-content/uploads/sites/1271/2021/01/%E4%B8%8B%E8%BC%89-20-2.jpg HTTP/1.1" 200 20006 "https://2blog.ilc.edu.tw/32745/2021/01/10/page/2/" "Mozilla/5.0 AppleWebKit/537.36 (KHTML, like Gecko; compatible; GPTBot/1.4; +https://openai.com/gptbot)"
23.21.175.228 - - [26/Aug/2026:23:12:58 +0800] "GET /3513/wp-json/wp/v2/media?parent=296 HTTP/1.1" 200 6010 "-" "Mozilla/5.0 AppleWebKit/537.36 (KHTML, like Gecko; compatible; Amazonbot/0.1; +https://developer.amazon.com/support/amazonbot) Chrome/119.0.6045.214 Safari/537.36"
::1 - - [26/Aug/2026:23:12:58 +0800] "OPTIONS * HTTP/1.0" 200 110 "-" "Apache/2.4.68 (Ubuntu) OpenSSL/3.0.19 (internal dummy connection)"
74.7.242.54 - - [26/Aug/2026:23:12:58 +0800] "GET /32745/wp-content/uploads/sites/1271/2020/08/%E4%B8%8B%E8%BC%89-12-5.jpg HTTP/1.1" 200 6881 "https://2blog.ilc.edu.tw/32745/2020/08/29/page/5/" "Mozilla/5.0 AppleWebKit/537.36 (KHTML, like Gecko; compatible; GPTBot/1.4; +https://openai.com/gptbot)"
74.7.242.54 - - [26/Aug/2026:23:12:59 +0800] "GET /32745/wp-content/uploads/sites/1271/2020/08/%E4%B8%8B%E8%BC%89-25-1.jpg HTTP/1.1" 200 8296 "https://2blog.ilc.edu.tw/32745/2020/08/29/page/3/" "Mozilla/5.0 AppleWebKit/537.36 (KHTML, like Gecko; compatible; GPTBot/1.4; +https://openai.com/gptbot)"
::1 - - [26/Aug/2026:23:12:59 +0800] "OPTIONS * HTTP/1.0" 200 110 "-" "Apache/2.4.68 (Ubuntu) OpenSSL/3.0.19 (internal dummy connection)"
74.7.242.54 - - [26/Aug/2026:23:13:00 +0800] "GET /32745/wp-content/uploads/sites/1271/2020/06/%E4%B8%8B%E8%BC%89-17-2.jpg HTTP/1.1" 200 7303 "https://2blog.ilc.edu.tw/32745/2020/06/21/%e6%b5%aa%e5%ad%90%e7%9a%84%e6%87%ba%e6%82%94-2/" "Mozilla/5.0 AppleWebKit/537.36 (KHTML, like Gecko; compatible; GPTBot/1.4; +https://openai.com/gptbot)"
140.111.67.195 - - [26/Aug/2026:23:12:59 +0800] "GET /wp-admin/admin-post.php?action=steps_ad HTTP/1.1" 200 1649 "-" "node-fetch/1.0 (+https://github.com/bitinn/node-fetch)"
140.111.67.10 - - [26/Aug/2026:23:13:00 +0800] "GET /" 301 273 "-" "-"
74.7.242.54 - - [26/Aug/2026:23:13:00 +0800] "GET /32745/wp-content/uploads/sites/1271/2020/05/%E4%B8%8B%E8%BC%89-1-27.jpg HTTP/1.1" 200 2674 "https://2blog.ilc.edu.tw/32745/2020/05/30/page/5/" "Mozilla/5.0 AppleWebKit/537.36 (KHTML, like Gecko; compatible; GPTBot/1.4; +https://openai.com/gptbot)"
::1 - - [26/Aug/2026:23:13:00 +0800] "OPTIONS * HTTP/1.0" 200 110 "-" "Apache/2.4.68 (Ubuntu) OpenSSL/3.0.19 (internal dummy connection)"
2401:e180:8870:1c3a:9d74:91bb:d97a:5a54 - - [26/Aug/2026:23:13:00 +0800] "GET /35/wp-content/uploads/sites/1161/2022/09/302330649_1813340612349903_2805520446238995097_n-1-552x1024.jpg HTTP/1.1" 200 85629 "https://2blog.ilc.edu.tw/35/2022/09/06/%E5%B0%8F%E4%B8%80%E5%B0%8E%E5%B8%AB%E7%9A%84%E4%BA%94%E5%9B%9B%E4%B8%89%E5%BF%83%E5%BE%97%E5%88%86%E4%BA%AB/" "Mozilla/5.0 (Windows NT 10.0; Win64; x64) AppleWebKit/537.36 (KHTML, like Gecko) Chrome/151.0.0.0 Safari/537.36"
74.7.242.54 - - [26/Aug/2026:23:13:01 +0800] "GET /32745/wp-content/uploads/sites/1271/2021/09/%E4%B8%8B%E8%BC%89-12-2.jpg HTTP/1.1" 200 6731 "https://2blog.ilc.edu.tw/32745/2020/06/16/%e6%8b%9a%e8%bc%b8%e8%b4%8f/" "Mozilla/5.0 AppleWebKit/537.36 (KHTML, like Gecko; compatible; GPTBot/1.4; +https://openai.com/gptbot)"
74.7.242.54 - - [26/Aug/2026:23:13:01 +0800] "GET /32745/wp-content/uploads/sites/1271/2020/06/%E4%B8%8B%E8%BC%89-1-10.jpg HTTP/1.1" 200 6772 "https://2blog.ilc.edu.tw/32745/2020/06/16/page/3/" "Mozilla/5.0 AppleWebKit/537.36 (KHTML, like Gecko; compatible; GPTBot/1.4; +https://openai.com/gptbot)"
2001:41d0:303:1556::1 - - [26/Aug/2026:23:13:01 +0800] "GET /%E8%A1%8C%E6%94%BF%E9%80%A3%E7%B5%90/ HTTP/1.1" 200 14146 "-" "Mozilla/5.0 (compatible; MJ12bot/v1.4.8; http://mj12bot.com/)"
140.111.67.195 - - [26/Aug/2026:23:13:01 +0800] "GET /wp-admin/admin-post.php?action=steps_ad HTTP/1.1" 200 1649 "-" "node-fetch/1.0 (+https://github.com/bitinn/node-fetch)"
74.7.242.54 - - [26/Aug/2026:23:13:02 +0800] "GET /32745/wp-content/uploads/sites/1271/2020/05/%E4%B8%8B%E8%BC%89-2-16.jpg HTTP/1.1" 200 19104 "https://2blog.ilc.edu.tw/32745/2020/05/26/page/7/" "Mozilla/5.0 AppleWebKit/537.36 (KHTML, like Gecko; compatible; GPTBot/1.4; +https://openai.com/gptbot)"
74.7.242.54 - - [26/Aug/2026:23:13:02 +0800] "GET /32745/wp-content/uploads/sites/1271/2020/05/%E4%B8%8B%E8%BC%89-1-23.jpg HTTP/1.1" 200 8475 "https://2blog.ilc.edu.tw/32745/2020/05/26/page/5/" "Mozilla/5.0 AppleWebKit/537.36 (KHTML, like Gecko; compatible; GPTBot/1.4; +https://openai.com/gptbot)"
::1 - - [26/Aug/2026:23:13:02 +0800] "OPTIONS * HTTP/1.0" 200 110 "-" "Apache/2.4.68 (Ubuntu) OpenSSL/3.0.19 (internal dummy connection)"
2401:e180:8870:1c3a:9d74:91bb:d97a:5a54 - - [26/Aug/2026:23:13:02 +0800] "GET /35/wp-content/uploads/sites/1161/2022/09/2022-09-06_083038-768x941.png HTTP/1.1" 200 447781 "https://2blog.ilc.edu.tw/35/2022/09/06/%E5%B0%8F%E4%B8%80%E5%B0%8E%E5%B8%AB%E7%9A%84%E4%BA%94%E5%9B%9B%E4%B8%89%E5%BF%83%E5%BE%97%E5%88%86%E4%BA%AB/" "Mozilla/5.0 (Windows NT 10.0; Win64; x64) AppleWebKit/537.36 (KHTML, like Gecko) Chrome/151.0.0.0 Safari/537.36"
2001:288:a201::66:125 - - [26/Aug/2026:23:13:03 +0800] "GET /blog/active.php HTTP/1.1" 301 1026 "-" "-"
2001:288:a201::66:125 - - [26/Aug/2026:23:13:03 +0800] "GET /blog/active.php HTTP/1.1" 404 1084 "-" "-"
66.249.79.194 - - [26/Aug/2026:23:13:03 +0800] "GET /wp-content/uploads/sites/859/2022/04/Greenliving_Logo.png HTTP/1.1" 200 14842 "-" "Googlebot-Image/1.0"
2401:e180:8870:1c3a:9d74:91bb:d97a:5a54 - - [26/Aug/2026:23:13:03 +0800] "GET /35/wp-content/uploads/sites/1161/2022/09/304818749_1813305189020112_4750884330200597205_n-1536x1063.jpg HTTP/1.1" 200 200651 "https://2blog.ilc.edu.tw/35/2022/09/06/%E5%B0%8F%E4%B8%80%E5%B0%8E%E5%B8%AB%E7%9A%84%E4%BA%94%E5%9B%9B%E4%B8%89%E5%BF%83%E5%BE%97%E5%88%86%E4%BA%AB/" "Mozilla/5.0 (Windows NT 10.0; Win64; x64) AppleWebKit/537.36 (KHTML, like Gecko) Chrome/151.0.0.0 Safari/537.36"
74.7.242.54 - - [26/Aug/2026:23:13:03 +0800] "GET /32745/2021/06/05/%e8%91%89%e5%95%9f%e7%94%b0vs%e7%be%85%e6%99%82%e8%b1%90/ HTTP/1.1" 200 86247 "https://2blog.ilc.edu.tw/32745/category/%e8%91%89%e5%95%9f%e7%94%b0vs%e7%be%85%e6%99%82%e8%b1%90/" "Mozilla/5.0 AppleWebKit/537.36 (KHTML, like Gecko; compatible; GPTBot/1.4; +https://openai.com/gptbot)"
::1 - - [26/Aug/2026:23:13:04 +0800] "OPTIONS * HTTP/1.0" 200 110 "-" "Apache/2.4.68 (Ubuntu) OpenSSL/3.0.19 (internal dummy connection)"
74.7.242.54 - - [26/Aug/2026:23:13:04 +0800] "GET /32745/2020/05/17/%e6%b4%97%e5%88%b7%e5%88%b7/ HTTP/1.1" 200 87486 "https://2blog.ilc.edu.tw/32745/2022/01/12/bling%e5%a6%b9/" "Mozilla/5.0 AppleWebKit/537.36 (KHTML, like Gecko; compatible; GPTBot/1.4; +https://openai.com/gptbot)"
17.241.227.137 - - [26/Aug/2026:23:13:05 +0800] "GET /wp-content/cache/www.kkes.ilc.edu.tw/wpfc-minified/6lq0dbhk/83o7.js HTTP/1.1" 200 40353 "https://www.kkes.ilc.edu.tw/" "Mozilla/5.0 (Macintosh; Intel Mac OS X 10_15_7) AppleWebKit/605.1.15 (KHTML, like Gecko) Version/17.4 Safari/605.1.15 (Applebot/0.1; +http://www.apple.com/go/applebot)"
140.111.67.10 - - [26/Aug/2026:23:13:05 +0800] "GET /" 301 273 "-" "-"
2001:41d0:303:1556::1 - - [26/Aug/2026:23:13:05 +0800] "GET /%E8%AA%8D%E8%AD%98%E9%BE%8D%E6%BD%AD/ HTTP/1.1" 200 14138 "-" "Mozilla/5.0 (compatible; MJ12bot/v1.4.8; http://mj12bot.com/)"
74.7.242.54 - - [26/Aug/2026:23:13:05 +0800] "GET /32745/2024/02/06/%e9%82%b1%e5%87%b1%e5%87%b1/ HTTP/1.1" 200 85778 "https://2blog.ilc.edu.tw/32745/2024/02/06/page/2/" "Mozilla/5.0 AppleWebKit/537.36 (KHTML, like Gecko; compatible; GPTBot/1.4; +https://openai.com/gptbot)"
2408:874c:0:36:ffff:ffff:ffff:151 - - [26/Aug/2026:23:13:05 +0800] "GET /31324/2015/06/25 HTTP/1.1" 301 5767 "-" "Mozilla/5.0 (Windows NT 10.0; Win64; x64) AppleWebKit/537.36 (KHTML, like Gecko) Chrome/144.0.0.0 Safari/537.36"
17.241.227.137 - - [26/Aug/2026:23:13:06 +0800] "GET /wp-content/cache/www.kkes.ilc.edu.tw/wpfc-minified/d5hak6kr/83o7.css HTTP/1.1" 200 4322 "https://www.kkes.ilc.edu.tw/" "Mozilla/5.0 (Macintosh; Intel Mac OS X 10_15_7) AppleWebKit/605.1.15 (KHTML, like Gecko) Version/17.4 Safari/605.1.15 (Applebot/0.1; +http://www.apple.com/go/applebot)"
54.198.33.233 - - [26/Aug/2026:23:13:06 +0800] "GET /amy6998/wp-content/uploads/sites/2364/2022/11/01283013-B842-49A3-9239-ABFFCE95572D-300x225.jpg HTTP/1.1" 200 31661 "-" "Mozilla/5.0 AppleWebKit/537.36 (KHTML, like Gecko; compatible; Amazonbot/0.1; +https://developer.amazon.com/support/amazonbot) Chrome/119.0.6045.214 Safari/537.36"
74.7.242.54 - - [26/Aug/2026:23:13:06 +0800] "GET /32745/2020/07/05/%e6%97%a5%e6%97%a5%e7%b4%85/ HTTP/1.1" 200 87123 "https://2blog.ilc.edu.tw/32745/2020/07/05/page/2/" "Mozilla/5.0 AppleWebKit/537.36 (KHTML, like Gecko; compatible; GPTBot/1.4; +https://openai.com/gptbot)"
