74.7.242.54 - - [26/Aug/2026:23:16:56 +0800] "GET /32745/2022/05/22/%e5%86%8d%e6%9c%83%e5%95%a6%e5%bf%83%e6%89%80%e6%84%9b%e7%9a%84%e4%ba%ba/ HTTP/1.1" 200 87291 "https://2blog.ilc.edu.tw/32745/2022/05/01/%e4%ba%8e%e6%ab%bb%e6%ab%bb/" "Mozilla/5.0 AppleWebKit/537.36 (KHTML, like Gecko; compatible; GPTBot/1.4; +https://openai.com/gptbot)"
2001:41d0:303:1556::1 - - [26/Aug/2026:23:16:57 +0800] "GET /2025/06/28/%E6%9C%83%E8%A8%88%E5%AE%A4/ HTTP/1.1" 200 12447 "-" "Mozilla/5.0 (compatible; MJ12bot/v1.4.8; http://mj12bot.com/)"
74.7.242.54 - - [26/Aug/2026:23:16:57 +0800] "GET /32745/2022/05/22/%e8%b7%a4%e8%b8%8f%e9%9b%99%e8%88%b9%e4%b8%8d%e6%87%89%e8%a9%b2/ HTTP/1.1" 200 87286 "https://2blog.ilc.edu.tw/32745/2022/05/01/%e4%ba%8e%e6%ab%bb%e6%ab%bb/" "Mozilla/5.0 AppleWebKit/537.36 (KHTML, like Gecko; compatible; GPTBot/1.4; +https://openai.com/gptbot)"
2001:288:a201::66:125 - - [26/Aug/2026:23:16:58 +0800] "GET /blog/active.php HTTP/1.1" 301 1026 "-" "-"
74.7.242.54 - - [26/Aug/2026:23:16:57 +0800] "GET /32745/wp-json/oembed/1.0/embed?url=https%3A%2F%2F2blog.ilc.edu.tw%2F32745%2F2022%2F07%2F08%2F%25e5%25b0%258f%25e7%25ad%2589%25e4%25b8%2580%25e4%25b8%258b-2%2F HTTP/1.1" 200 3516 "https://2blog.ilc.edu.tw/32745/2022/07/08/%e5%b0%8f%e7%ad%89%e4%b8%80%e4%b8%8b-2/" "Mozilla/5.0 AppleWebKit/537.36 (KHTML, like Gecko; compatible; GPTBot/1.4; +https://openai.com/gptbot)"
2001:288:a201::66:125 - - [26/Aug/2026:23:16:58 +0800] "GET /blog/active.php HTTP/1.1" 404 1084 "-" "-"
140.111.67.195 - - [26/Aug/2026:23:16:58 +0800] "GET /wp-admin/admin-post.php?action=steps_ad HTTP/1.1" 200 1973 "-" "node-fetch/1.0 (+https://github.com/bitinn/node-fetch)"
52.204.81.148 - - [26/Aug/2026:23:16:58 +0800] "GET /32745/wp-json/wp/v2/posts/58632 HTTP/1.1" 200 16121 "-" "Mozilla/5.0 AppleWebKit/537.36 (KHTML, like Gecko; compatible; Amazonbot/0.1; +https://developer.amazon.com/support/amazonbot) Chrome/119.0.6045.214 Safari/537.36"
74.7.242.54 - - [26/Aug/2026:23:16:58 +0800] "GET /32745/2022/05/22/%e7%ac%ac%e4%b8%80%e6%ac%a1%e7%9a%84%e7%b4%84%e6%9c%83-2/ HTTP/1.1" 200 87720 "https://2blog.ilc.edu.tw/32745/2022/05/01/%e4%ba%8e%e6%ab%bb%e6%ab%bb/" "Mozilla/5.0 AppleWebKit/537.36 (KHTML, like Gecko; compatible; GPTBot/1.4; +https://openai.com/gptbot)"
::1 - - [26/Aug/2026:23:16:59 +0800] "OPTIONS * HTTP/1.0" 200 110 "-" "Apache/2.4.68 (Ubuntu) OpenSSL/3.0.19 (internal dummy connection)"
34.56.124.53 - - [26/Aug/2026:23:16:59 +0800] "GET /6567/wp-json/oembed/1.0/embed?format=xml&url=https://2blog.ilc.edu.tw/6567/2013/12/01/102-%25e7%2592%25b0%25e5%25a2%2583%25e8%2580%2583%25e8%25a9%2595%25e8%2587%25aa%25e8%25a9%2595%25e8%25a1%25a8/ HTTP/1.1" 200 7049 "-" "Mozilla/5.0 (Macintosh; Intel Mac OS X 10_15_7) AppleWebKit/537.36 (KHTML, like Gecko) Chrome/120.0.0.0 Safari/537.36"
::1 - - [26/Aug/2026:23:17:00 +0800] "OPTIONS * HTTP/1.0" 200 110 "-" "Apache/2.4.68 (Ubuntu) OpenSSL/3.0.19 (internal dummy connection)"
74.7.242.54 - - [26/Aug/2026:23:16:59 +0800] "GET /32745/2022/05/22/%e9%85%92%e5%a5%b3%e8%8a%b1/ HTTP/1.1" 200 87566 "https://2blog.ilc.edu.tw/32745/2022/05/01/%e4%ba%8e%e6%ab%bb%e6%ab%bb/" "Mozilla/5.0 AppleWebKit/537.36 (KHTML, like Gecko; compatible; GPTBot/1.4; +https://openai.com/gptbot)"
140.111.67.10 - - [26/Aug/2026:23:17:00 +0800] "GET /" 301 273 "-" "-"
36.226.220.183 - - [26/Aug/2026:23:17:00 +0800] "GET /dashen/page/2/ HTTP/1.1" 200 14035 "https://2blog.ilc.edu.tw/dashen/" "Mozilla/5.0 (Windows NT 10.0; Win64; x64) AppleWebKit/537.36 (KHTML, like Gecko) Chrome/151.0.0.0 Safari/537.36"
36.226.220.183 - - [26/Aug/2026:23:17:01 +0800] "GET /dashen/wp-content/uploads/sites/485/2020/11/P_20201020_071727_vHDR_Auto-768x1024.jpg HTTP/1.1" 200 111292 "https://2blog.ilc.edu.tw/dashen/page/2/" "Mozilla/5.0 (Windows NT 10.0; Win64; x64) AppleWebKit/537.36 (KHTML, like Gecko) Chrome/151.0.0.0 Safari/537.36"
36.226.220.183 - - [26/Aug/2026:23:17:01 +0800] "GET /dashen/wp-content/uploads/sites/485/2020/10/FB_IMG_1603076009720.jpg HTTP/1.1" 200 108696 "https://2blog.ilc.edu.tw/dashen/page/2/" "Mozilla/5.0 (Windows NT 10.0; Win64; x64) AppleWebKit/537.36 (KHTML, like Gecko) Chrome/151.0.0.0 Safari/537.36"
36.226.220.183 - - [26/Aug/2026:23:17:01 +0800] "GET /dashen/wp-content/uploads/sites/485/2020/10/P_20201017_092159_vHDR_Auto-768x576.jpg HTTP/1.1" 200 84925 "https://2blog.ilc.edu.tw/dashen/page/2/" "Mozilla/5.0 (Windows NT 10.0; Win64; x64) AppleWebKit/537.36 (KHTML, like Gecko) Chrome/151.0.0.0 Safari/537.36"
36.226.220.183 - - [26/Aug/2026:23:17:01 +0800] "GET /dashen/wp-content/uploads/sites/485/2020/09/29301-3993991-1.jpg HTTP/1.1" 200 172993 "https://2blog.ilc.edu.tw/dashen/page/2/" "Mozilla/5.0 (Windows NT 10.0; Win64; x64) AppleWebKit/537.36 (KHTML, like Gecko) Chrome/151.0.0.0 Safari/537.36"
74.7.242.54 - - [26/Aug/2026:23:17:00 +0800] "GET /32745/2022/05/22/%e5%bf%83%e6%84%9b%e6%88%91%e5%92%a7%e6%8f%a3%e4%bd%a0/ HTTP/1.1" 200 87609 "https://2blog.ilc.edu.tw/32745/2022/05/01/%e4%ba%8e%e6%ab%bb%e6%ab%bb/" "Mozilla/5.0 AppleWebKit/537.36 (KHTML, like Gecko; compatible; GPTBot/1.4; +https://openai.com/gptbot)"
2001:41d0:303:1556::1 - - [26/Aug/2026:23:17:02 +0800] "GET /2025/06/28/%E8%BC%94%E5%B0%8E%E5%AE%A4/ HTTP/1.1" 200 12696 "-" "Mozilla/5.0 (compatible; MJ12bot/v1.4.8; http://mj12bot.com/)"
44.195.50.71 - - [26/Aug/2026:23:17:02 +0800] "GET /32745/wp-json/wp/v2/posts/54236 HTTP/1.1" 200 18125 "-" "Mozilla/5.0 AppleWebKit/537.36 (KHTML, like Gecko; compatible; Amazonbot/0.1; +https://developer.amazon.com/support/amazonbot) Chrome/119.0.6045.214 Safari/537.36"
74.7.242.54 - - [26/Aug/2026:23:17:02 +0800] "GET /32745/2022/05/22/%e5%bf%83%e6%84%9b%e7%9a%84%e6%88%91%e7%ad%89%e4%bd%a0/ HTTP/1.1" 200 87308 "https://2blog.ilc.edu.tw/32745/2022/05/01/%e4%ba%8e%e6%ab%bb%e6%ab%bb/" "Mozilla/5.0 AppleWebKit/537.36 (KHTML, like Gecko; compatible; GPTBot/1.4; +https://openai.com/gptbot)"
3.232.102.111 - - [26/Aug/2026:23:17:03 +0800] "GET /wp-content/uploads/sites/1762/2023/01/?C=S;O%3DA HTTP/1.1" 200 1113 "-" "Mozilla/5.0 AppleWebKit/537.36 (KHTML, like Gecko; compatible; Amazonbot/0.1; +https://developer.amazon.com/support/amazonbot) Chrome/119.0.6045.214 Safari/537.36"
2001:288:a201::66:125 - - [26/Aug/2026:23:17:03 +0800] "GET /blog/active.php HTTP/1.1" 404 1084 "-" "-"
2001:288:a201::66:125 - - [26/Aug/2026:23:17:03 +0800] "GET /blog/active.php HTTP/1.1" 301 1026 "-" "-"
18.214.251.19 - - [26/Aug/2026:23:17:03 +0800] "GET /amy6998/wp-content/uploads/sites/2364/2021/06/IMG_2265-300x225.jpg HTTP/1.1" 200 26272 "-" "Mozilla/5.0 AppleWebKit/537.36 (KHTML, like Gecko; compatible; Amazonbot/0.1; +https://developer.amazon.com/support/amazonbot) Chrome/119.0.6045.214 Safari/537.36"
74.7.242.54 - - [26/Aug/2026:23:17:03 +0800] "GET /32745/wp-content/uploads/sites/1271/2025/08/1-153.jpeg HTTP/1.1" 200 15356 "https://2blog.ilc.edu.tw/32745/wp-json/oembed/1.0/embed?format=xml&url=https%3A%2F%2F2blog.ilc.edu.tw%2F32745%2F2025%2F08%2F24%2F%25e5%258d%2581%25e4%25ba%2594%25e7%259a%2584%25e6%259c%2588%25e5%25a8%2598%2F" "Mozilla/5.0 AppleWebKit/537.36 (KHTML, like Gecko; compatible; GPTBot/1.4; +https://openai.com/gptbot)"
2409:252:95a0:d400:619a:665e:3833:fc89 - - [26/Aug/2026:23:17:03 +0800] "POST /1003/wp-json/ilc-summary/v1/popular-posts HTTP/1.1" 201 5909 "https://2blog.ilc.edu.tw/1003/2014/09/17/%E5%B0%8F%E4%B8%80%E4%B8%8A%E7%AC%AC3%E9%80%B1%E5%A5%BD%E5%BF%99%E7%A2%8C%E7%9A%84%E9%96%8B%E5%AD%B8%E8%81%AF%E7%B5%A1%E7%B0%BF%E7%B4%80%E9%8C%84/" "Mozilla/5.0 (iPhone; CPU iPhone OS 26_5_2 like Mac OS X) AppleWebKit/605.1.15 (KHTML, like Gecko) GSA/435.4.965413651 Mobile/15E148 Safari/604.1"
74.7.242.54 - - [26/Aug/2026:23:17:03 +0800] "GET /32745/wp-content/uploads/sites/1271/2024/09/1-166.jpeg HTTP/1.1" 200 39583 "https://2blog.ilc.edu.tw/32745/category/%e5%8d%81%e4%b8%89%e5%8a%83/page/3/" "Mozilla/5.0 AppleWebKit/537.36 (KHTML, like Gecko; compatible; GPTBot/1.4; +https://openai.com/gptbot)"
2001:41d0:303:1556::1 - - [26/Aug/2026:23:17:04 +0800] "GET /2025/07/13/%E4%BA%94%E7%B5%90%E5%9C%8B%E4%B8%AD%E6%AD%A3%E5%B8%B8%E6%95%99%E5%AD%B8%E5%AD%B8%E6%A0%A1%E8%87%AA%E6%88%91%E6%AA%A2%E6%A0%B8%E8%A1%A8/ HTTP/1.1" 200 12206 "-" "Mozilla/5.0 (compatible; MJ12bot/v1.4.8; http://mj12bot.com/)"
36.229.226.151 - - [26/Aug/2026:23:17:04 +0800] "GET / HTTP/1.1" 200 29814 "-" "Mozilla/5.0 (iPhone; CPU iPhone OS 26_6_0 like Mac OS X) AppleWebKit/605.1.15 (KHTML, like Gecko) CriOS/151.0.7922.112 Mobile/15E148 Safari/604.1"
74.7.242.54 - - [26/Aug/2026:23:17:04 +0800] "GET /32745/wp-content/uploads/sites/1271/2023/01/1-606.jpeg HTTP/1.1" 200 10309 "https://2blog.ilc.edu.tw/32745/wp-json/oembed/1.0/embed?format=xml&url=https%3A%2F%2F2blog.ilc.edu.tw%2F32745%2F2023%2F01%2F22%2F%25e6%2584%259f%25e6%2581%25a9%25e6%2585%2588%25e6%2582%25b2%25e9%25a0%258c%2F" "Mozilla/5.0 AppleWebKit/537.36 (KHTML, like Gecko; compatible; GPTBot/1.4; +https://openai.com/gptbot)"
74.7.242.54 - - [26/Aug/2026:23:17:05 +0800] "GET /32745/wp-content/uploads/sites/1271/2024/08/1-146.jpeg HTTP/1.1" 200 30721 "https://2blog.ilc.edu.tw/32745/wp-json/oembed/1.0/embed?format=xml&url=https%3A%2F%2F2blog.ilc.edu.tw%2F32745%2F2024%2F08%2F04%2F%25e9%2590%2598%25e8%2581%25b2%25e6%25ba%25ab%25e6%2583%2585%25e5%2591%25b3%2F" "Mozilla/5.0 AppleWebKit/537.36 (KHTML, like Gecko; compatible; GPTBot/1.4; +https://openai.com/gptbot)"
66.249.71.37 - - [26/Aug/2026:23:17:05 +0800] "GET /112dongaopreschool/wp-content/uploads/sites/3905/2024/12/IMG_5965-300x225.jpg HTTP/1.1" 200 30174 "-" "Googlebot-Image/1.0"
140.111.67.10 - - [26/Aug/2026:23:17:05 +0800] "GET /" 301 273 "-" "-"
17.246.23.232 - - [26/Aug/2026:23:17:05 +0800] "GET /6421/2010/10/17/3-6-%E5%88%A9%E7%94%A8%E5%BB%9A%E9%A4%98%E3%80%81%E8%90%BD%E8%91%89%E8%A3%BD%E4%BD%9C%E5%A0%86%E8%82%A5%E6%88%96%E6%9C%89%E6%95%88%E5%88%A9%E7%94%A8/ HTTP/1.1" 200 15517 "-" "Mozilla/5.0 (Macintosh; Intel Mac OS X 10_15_7) AppleWebKit/605.1.15 (KHTML, like Gecko) Version/17.4 Safari/605.1.15 (Applebot/0.1; +http://www.apple.com/go/applebot)"
74.7.242.54 - - [26/Aug/2026:23:17:05 +0800] "GET /32745/wp-json/wp/v2/posts/72823 HTTP/1.1" 200 12072 "https://2blog.ilc.edu.tw/32745/2022/05/22/%e5%86%8d%e6%9c%83%e5%95%a6%e5%bf%83%e6%89%80%e6%84%9b%e7%9a%84%e4%ba%ba/" "Mozilla/5.0 AppleWebKit/537.36 (KHTML, like Gecko; compatible; GPTBot/1.4; +https://openai.com/gptbot)"
2001:41d0:303:1556::1 - - [26/Aug/2026:23:17:06 +0800] "GET /2025/07/13/%E7%B8%BD%E5%8B%99%E8%99%95/ HTTP/1.1" 200 12978 "-" "Mozilla/5.0 (compatible; MJ12bot/v1.4.8; http://mj12bot.com/)"
17.246.23.232 - - [26/Aug/2026:23:17:06 +0800] "GET /6421/wp-content/cache/2blog.ilc.edu.tw/wpfc-minified/k96rrc2i/61ml1.css HTTP/1.1" 200 13385 "https://2blog.ilc.edu.tw/6421/2010/10/17/3-6-%e5%88%a9%e7%94%a8%e5%bb%9a%e9%a4%98%e3%80%81%e8%90%bd%e8%91%89%e8%a3%bd%e4%bd%9c%e5%a0%86%e8%82%a5%e6%88%96%e6%9c%89%e6%95%88%e5%88%a9%e7%94%a8/" "Mozilla/5.0 (Macintosh; Intel Mac OS X 10_15_7) AppleWebKit/605.1.15 (KHTML, like Gecko) Version/17.4 Safari/605.1.15 (Applebot/0.1; +http://www.apple.com/go/applebot)"
74.7.242.54 - - [26/Aug/2026:23:17:06 +0800] "GET /32745/wp-json/wp/v2/posts/72826 HTTP/1.1" 200 13963 "https://2blog.ilc.edu.tw/32745/2022/05/22/%e8%b7%a4%e8%b8%8f%e9%9b%99%e8%88%b9%e4%b8%8d%e6%87%89%e8%a9%b2/" "Mozilla/5.0 AppleWebKit/537.36 (KHTML, like Gecko; compatible; GPTBot/1.4; +https://openai.com/gptbot)"
52.203.237.170 - - [26/Aug/2026:23:17:06 +0800] "GET /library/wp-content/uploads/sites/3436/2022/03/DOC220310-1446x2048.jpg HTTP/1.1" 200 265455 "-" "Mozilla/5.0 AppleWebKit/537.36 (KHTML, like Gecko; compatible; Amazonbot/0.1; +https://developer.amazon.com/support/amazonbot) Chrome/119.0.6045.214 Safari/537.36"
74.7.242.54 - - [26/Aug/2026:23:17:07 +0800] "GET /32745/wp-json/oembed/1.0/embed?url=https%3A%2F%2F2blog.ilc.edu.tw%2F32745%2F2022%2F05%2F22%2F%25e8%25b7%25a4%25e8%25b8%258f%25e9%259b%2599%25e8%2588%25b9%25e4%25b8%258d%25e6%2587%2589%25e8%25a9%25b2%2F HTTP/1.1" 200 3621 "https://2blog.ilc.edu.tw/32745/2022/05/22/%e8%b7%a4%e8%b8%8f%e9%9b%99%e8%88%b9%e4%b8%8d%e6%87%89%e8%a9%b2/" "Mozilla/5.0 AppleWebKit/537.36 (KHTML, like Gecko; compatible; GPTBot/1.4; +https://openai.com/gptbot)"
74.7.242.54 - - [26/Aug/2026:23:17:07 +0800] "GET /32745/wp-json/wp/v2/posts/72838 HTTP/1.1" 200 16313 "https://2blog.ilc.edu.tw/32745/2022/05/22/%e7%ac%ac%e4%b8%80%e6%ac%a1%e7%9a%84%e7%b4%84%e6%9c%83-2/" "Mozilla/5.0 AppleWebKit/537.36 (KHTML, like Gecko; compatible; GPTBot/1.4; +https://openai.com/gptbot)"
17.246.23.232 - - [26/Aug/2026:23:17:08 +0800] "GET /6421/wp-content/cache/2blog.ilc.edu.tw/wpfc-minified/fct9wbn9/7mx0e.js HTTP/1.1" 200 1642 "https://2blog.ilc.edu.tw/6421/2010/10/17/3-6-%e5%88%a9%e7%94%a8%e5%bb%9a%e9%a4%98%e3%80%81%e8%90%bd%e8%91%89%e8%a3%bd%e4%bd%9c%e5%a0%86%e8%82%a5%e6%88%96%e6%9c%89%e6%95%88%e5%88%a9%e7%94%a8/" "Mozilla/5.0 (Macintosh; Intel Mac OS X 10_15_7) AppleWebKit/605.1.15 (KHTML, like Gecko) Version/17.4 Safari/605.1.15 (Applebot/0.1; +http://www.apple.com/go/applebot)"
2001:288:a201::66:125 - - [26/Aug/2026:23:17:08 +0800] "GET /blog/active.php HTTP/1.1" 404 1084 "-" "-"
2001:288:a201::66:125 - - [26/Aug/2026:23:17:08 +0800] "GET /blog/active.php HTTP/1.1" 301 1026 "-" "-"
34.10.180.98 - - [26/Aug/2026:23:17:08 +0800] "GET /25870/?p=50 HTTP/1.1" 301 5814 "-" "Mozilla/5.0 (Macintosh; Intel Mac OS X 10_15_7) AppleWebKit/537.36 (KHTML, like Gecko) Chrome/120.0.0.0 Safari/537.36"
2001:41d0:303:1556::1 - - [26/Aug/2026:23:17:08 +0800] "GET /2025/07/13/%E8%99%95%E5%AE%A4%E9%9B%BB%E8%A9%B1/ HTTP/1.1" 200 14167 "-" "Mozilla/5.0 (compatible; MJ12bot/v1.4.8; http://mj12bot.com/)"
66.249.68.2 - - [26/Aug/2026:23:17:08 +0800] "GET /wp-content/cache/www.cges.ilc.edu.tw/wpfc-minified/79o5jyxt/6vvf.css HTTP/1.1" 200 45670 "https://www.cges.ilc.edu.tw/" "Mozilla/5.0 (Linux; Android 6.0.1; Nexus 5X Build/MMB29P) AppleWebKit/537.36 (KHTML, like Gecko) Chrome/151.0.7922.173 Mobile Safari/537.36 (compatible; Googlebot/2.1; +http://www.google.com/bot.html)"
74.7.242.54 - - [26/Aug/2026:23:17:08 +0800] "GET /32745/wp-json/wp/v2/posts/72921 HTTP/1.1" 200 15399 "https://2blog.ilc.edu.tw/32745/2022/05/22/%e9%85%92%e5%a5%b3%e8%8a%b1/" "Mozilla/5.0 AppleWebKit/537.36 (KHTML, like Gecko; compatible; GPTBot/1.4; +https://openai.com/gptbot)"
66.249.68.2 - - [26/Aug/2026:23:17:08 +0800] "GET /wp-content/uploads/sites/1393/elementor/css/post-345.css HTTP/1.1" 200 1267 "https://www.cges.ilc.edu.tw/" "Mozilla/5.0 (Linux; Android 6.0.1; Nexus 5X Build/MMB29P) AppleWebKit/537.36 (KHTML, like Gecko) Chrome/151.0.7922.173 Mobile Safari/537.36 (compatible; Googlebot/2.1; +http://www.google.com/bot.html)"
216.73.217.64 - - [26/Aug/2026:23:17:09 +0800] "GET /9536/?p=54916 HTTP/1.1" 301 5822 "-" "Mozilla/5.0 AppleWebKit/537.36 (KHTML, like Gecko; compatible; ClaudeBot/1.0; +claudebot@anthropic.com)"
74.7.242.54 - - [26/Aug/2026:23:17:09 +0800] "GET /32745/wp-json/wp/v2/posts/72849 HTTP/1.1" 200 14800 "https://2blog.ilc.edu.tw/32745/2022/05/22/%e5%bf%83%e6%84%9b%e6%88%91%e5%92%a7%e6%8f%a3%e4%bd%a0/" "Mozilla/5.0 AppleWebKit/537.36 (KHTML, like Gecko; compatible; GPTBot/1.4; +https://openai.com/gptbot)"
17.246.23.232 - - [26/Aug/2026:23:17:09 +0800] "GET /6421/wp-includes/js/admin-bar.min.js HTTP/1.1" 200 2237 "https://2blog.ilc.edu.tw/6421/2010/10/17/3-6-%e5%88%a9%e7%94%a8%e5%bb%9a%e9%a4%98%e3%80%81%e8%90%bd%e8%91%89%e8%a3%bd%e4%bd%9c%e5%a0%86%e8%82%a5%e6%88%96%e6%9c%89%e6%95%88%e5%88%a9%e7%94%a8/" "Mozilla/5.0 (Macintosh; Intel Mac OS X 10_15_7) AppleWebKit/605.1.15 (KHTML, like Gecko) Version/17.4 Safari/605.1.15 (Applebot/0.1; +http://www.apple.com/go/applebot)"
216.73.217.64 - - [26/Aug/2026:23:17:09 +0800] "GET /9536/?p=54922 HTTP/1.1" 301 1010 "-" "Mozilla/5.0 AppleWebKit/537.36 (KHTML, like Gecko; compatible; ClaudeBot/1.0; +claudebot@anthropic.com)"
216.73.217.64 - - [26/Aug/2026:23:17:09 +0800] "GET /9536/2008/01/07/%e7%a4%be%e5%8d%80%e6%97%a5%e6%9b%86-%e5%a4%a7%e6%b4%b2%e7%a4%be%e5%8d%80-%e8%ae%80%e5%a5%bd%e6%9b%b8%e3%80%81%e5%a4%9a%e8%ae%80%e6%9b%b8/ HTTP/1.1" 200 9839 "https://2blog.ilc.edu.tw/9536/?p=54916" "Mozilla/5.0 AppleWebKit/537.36 (KHTML, like Gecko; compatible; ClaudeBot/1.0; +claudebot@anthropic.com)"
216.73.217.64 - - [26/Aug/2026:23:17:09 +0800] "GET /9536/2008/01/13/%e7%a4%be%e5%8d%80%e6%97%a5%e6%9b%86-%e5%a4%a7%e6%b4%b2%e7%a4%be%e5%8d%80-%e7%af%89%e5%a4%a2%e7%9a%84%e8%85%b3%e5%8d%b0/ HTTP/1.1" 200 9542 "https://2blog.ilc.edu.tw/9536/?p=54922" "Mozilla/5.0 AppleWebKit/537.36 (KHTML, like Gecko; compatible; ClaudeBot/1.0; +claudebot@anthropic.com)"
36.229.241.48 - - [26/Aug/2026:23:17:09 +0800] "GET /?p=59 HTTP/1.1" 200 30900 "https://www.nses.ilc.edu.tw/" "Mozilla/5.0 (iPhone; CPU iPhone OS 17_3_1 like Mac OS X) AppleWebKit/605.1.15 (KHTML, like Gecko) Version/17.3.1 Mobile/15E148 Safari/604.1"
74.7.242.54 - - [26/Aug/2026:23:17:09 +0800] "GET /32745/wp-json/wp/v2/posts/72847 HTTP/1.1" 200 12758 "https://2blog.ilc.edu.tw/32745/2022/05/22/%e5%bf%83%e6%84%9b%e7%9a%84%e6%88%91%e7%ad%89%e4%bd%a0/" "Mozilla/5.0 AppleWebKit/537.36 (KHTML, like Gecko; compatible; GPTBot/1.4; +https://openai.com/gptbot)"
36.229.241.48 - - [26/Aug/2026:23:17:10 +0800] "GET /wp-includes/css/admin-bar.min.css HTTP/1.1" 200 4685 "https://www.nses.ilc.edu.tw/?p=59" "Mozilla/5.0 (iPhone; CPU iPhone OS 17_3_1 like Mac OS X) AppleWebKit/605.1.15 (KHTML, like Gecko) Version/17.3.1 Mobile/15E148 Safari/604.1"
36.229.241.48 - - [26/Aug/2026:23:17:10 +0800] "GET /wp-includes/css/dashicons.min.css HTTP/1.1" 200 41538 "https://www.nses.ilc.edu.tw/?p=59" "Mozilla/5.0 (iPhone; CPU iPhone OS 17_3_1 like Mac OS X) AppleWebKit/605.1.15 (KHTML, like Gecko) Version/17.3.1 Mobile/15E148 Safari/604.1"
36.229.241.48 - - [26/Aug/2026:23:17:10 +0800] "GET /wp-content/themes/oceanwp/assets/css/third/simple-line-icons.min.css HTTP/1.1" 200 3321 "https://www.nses.ilc.edu.tw/?p=59" "Mozilla/5.0 (iPhone; CPU iPhone OS 17_3_1 like Mac OS X) AppleWebKit/605.1.15 (KHTML, like Gecko) Version/17.3.1 Mobile/15E148 Safari/604.1"
52.167.144.186 - - [26/Aug/2026:23:17:10 +0800] "GET /32745/2021/04/03/%E5%82%B7%E5%BF%83%E9%86%89%E8%A6%8F%E6%9A%9D/ HTTP/1.1" 200 91761 "-" "Mozilla/5.0 AppleWebKit/537.36 (KHTML, like Gecko; compatible; bingbot/2.0; +http://www.bing.com/bingbot.htm) Chrome/116.0.1938.76 Safari/537.36"
36.229.241.48 - - [26/Aug/2026:23:17:10 +0800] "GET /wp-content/plugins/elementor/assets/lib/eicons/css/elementor-icons.min.css HTTP/1.1" 200 4949 "https://www.nses.ilc.edu.tw/?p=59" "Mozilla/5.0 (iPhone; CPU iPhone OS 17_3_1 like Mac OS X) AppleWebKit/605.1.15 (KHTML, like Gecko) Version/17.3.1 Mobile/15E148 Safari/604.1"
36.229.241.48 - - [26/Aug/2026:23:17:10 +0800] "GET /wp-content/plugins/elementor/assets/css/frontend.min.css HTTP/1.1" 200 25091 "https://www.nses.ilc.edu.tw/?p=59" "Mozilla/5.0 (iPhone; CPU iPhone OS 17_3_1 like Mac OS X) AppleWebKit/605.1.15 (KHTML, like Gecko) Version/17.3.1 Mobile/15E148 Safari/604.1"
36.229.241.48 - - [26/Aug/2026:23:17:10 +0800] "GET /wp-content/themes/oceanwp/assets/css/style.min.css HTTP/1.1" 200 33002 "https://www.nses.ilc.edu.tw/?p=59" "Mozilla/5.0 (iPhone; CPU iPhone OS 17_3_1 like Mac OS X) AppleWebKit/605.1.15 (KHTML, like Gecko) Version/17.3.1 Mobile/15E148 Safari/604.1"
36.229.241.48 - - [26/Aug/2026:23:17:10 +0800] "GET /wp-content/plugins/elementor/assets/lib/swiper/v8/css/swiper.min.css HTTP/1.1" 200 5456 "https://www.nses.ilc.edu.tw/?p=59" "Mozilla/5.0 (iPhone; CPU iPhone OS 17_3_1 like Mac OS X) AppleWebKit/605.1.15 (KHTML, like Gecko) Version/17.3.1 Mobile/15E148 Safari/604.1"
36.229.241.48 - - [26/Aug/2026:23:17:10 +0800] "GET /wp-content/themes/oceanwp/assets/fonts/fontawesome/css/all.min.css HTTP/1.1" 200 28187 "https://www.nses.ilc.edu.tw/?p=59" "Mozilla/5.0 (iPhone; CPU iPhone OS 17_3_1 like Mac OS X) AppleWebKit/605.1.15 (KHTML, like Gecko) Version/17.3.1 Mobile/15E148 Safari/604.1"
36.229.241.48 - - [26/Aug/2026:23:17:10 +0800] "GET /wp-content/uploads/sites/1678/elementor/css/post-411.css HTTP/1.1" 200 1529 "https://www.nses.ilc.edu.tw/?p=59" "Mozilla/5.0 (iPhone; CPU iPhone OS 17_3_1 like Mac OS X) AppleWebKit/605.1.15 (KHTML, like Gecko) Version/17.3.1 Mobile/15E148 Safari/604.1"
36.229.241.48 - - [26/Aug/2026:23:17:10 +0800] "GET /wp-includes/js/jquery/jquery-migrate.min.js HTTP/1.1" 200 5752 "https://www.nses.ilc.edu.tw/?p=59" "Mozilla/5.0 (iPhone; CPU iPhone OS 17_3_1 like Mac OS X) AppleWebKit/605.1.15 (KHTML, like Gecko) Version/17.3.1 Mobile/15E148 Safari/604.1"
36.229.241.48 - - [26/Aug/2026:23:17:10 +0800] "GET /wp-content/uploads/sites/1678/elementor/css/global.css HTTP/1.1" 200 3701 "https://www.nses.ilc.edu.tw/?p=59" "Mozilla/5.0 (iPhone; CPU iPhone OS 17_3_1 like Mac OS X) AppleWebKit/605.1.15 (KHTML, like Gecko) Version/17.3.1 Mobile/15E148 Safari/604.1"
36.229.241.48 - - [26/Aug/2026:23:17:10 +0800] "GET /wp-content/plugins/elementor-pro/assets/css/frontend.min.css HTTP/1.1" 200 44543 "https://www.nses.ilc.edu.tw/?p=59" "Mozilla/5.0 (iPhone; CPU iPhone OS 17_3_1 like Mac OS X) AppleWebKit/605.1.15 (KHTML, like Gecko) Version/17.3.1 Mobile/15E148 Safari/604.1"
36.229.241.48 - - [26/Aug/2026:23:17:10 +0800] "GET /wp-includes/js/jquery/jquery.min.js HTTP/1.1" 200 31359 "https://www.nses.ilc.edu.tw/?p=59" "Mozilla/5.0 (iPhone; CPU iPhone OS 17_3_1 like Mac OS X) AppleWebKit/605.1.15 (KHTML, like Gecko) Version/17.3.1 Mobile/15E148 Safari/604.1"
36.229.241.48 - - [26/Aug/2026:23:17:10 +0800] "GET /wp-content/plugins/ilc-summary/asset/js/popular.min.js HTTP/1.1" 200 1573 "https://www.nses.ilc.edu.tw/?p=59" "Mozilla/5.0 (iPhone; CPU iPhone OS 17_3_1 like Mac OS X) AppleWebKit/605.1.15 (KHTML, like Gecko) Version/17.3.1 Mobile/15E148 Safari/604.1"
36.229.241.48 - - [26/Aug/2026:23:17:10 +0800] "GET /wp-includes/js/mediaelement/mediaelementplayer-legacy.min.css HTTP/1.1" 200 3465 "https://www.nses.ilc.edu.tw/?p=59" "Mozilla/5.0 (iPhone; CPU iPhone OS 17_3_1 like Mac OS X) AppleWebKit/605.1.15 (KHTML, like Gecko) Version/17.3.1 Mobile/15E148 Safari/604.1"
36.229.241.48 - - [26/Aug/2026:23:17:10 +0800] "GET /wp-includes/js/mediaelement/wp-mediaelement.min.css HTTP/1.1" 200 2029 "https://www.nses.ilc.edu.tw/?p=59" "Mozilla/5.0 (iPhone; CPU iPhone OS 17_3_1 like Mac OS X) AppleWebKit/605.1.15 (KHTML, like Gecko) Version/17.3.1 Mobile/15E148 Safari/604.1"
36.229.241.48 - - [26/Aug/2026:23:17:10 +0800] "GET /wp-content/plugins/elementor/assets/js/webpack.runtime.min.js HTTP/1.1" 200 3095 "https://www.nses.ilc.edu.tw/?p=59" "Mozilla/5.0 (iPhone; CPU iPhone OS 17_3_1 like Mac OS X) AppleWebKit/605.1.15 (KHTML, like Gecko) Version/17.3.1 Mobile/15E148 Safari/604.1"
36.229.241.48 - - [26/Aug/2026:23:17:10 +0800] "GET /wp-content/plugins/elementor-pro/assets/js/webpack-pro.runtime.min.js HTTP/1.1" 200 3562 "https://www.nses.ilc.edu.tw/?p=59" "Mozilla/5.0 (iPhone; CPU iPhone OS 17_3_1 like Mac OS X) AppleWebKit/605.1.15 (KHTML, like Gecko) Version/17.3.1 Mobile/15E148 Safari/604.1"
36.229.241.48 - - [26/Aug/2026:23:17:10 +0800] "GET /wp-content/plugins/elementor/assets/js/frontend-modules.min.js HTTP/1.1" 200 19416 "https://www.nses.ilc.edu.tw/?p=59" "Mozilla/5.0 (iPhone; CPU iPhone OS 17_3_1 like Mac OS X) AppleWebKit/605.1.15 (KHTML, like Gecko) Version/17.3.1 Mobile/15E148 Safari/604.1"
36.229.241.48 - - [26/Aug/2026:23:17:10 +0800] "GET /wp-includes/js/dist/hooks.min.js HTTP/1.1" 200 2421 "https://www.nses.ilc.edu.tw/?p=59" "Mozilla/5.0 (iPhone; CPU iPhone OS 17_3_1 like Mac OS X) AppleWebKit/605.1.15 (KHTML, like Gecko) Version/17.3.1 Mobile/15E148 Safari/604.1"
36.229.241.48 - - [26/Aug/2026:23:17:10 +0800] "GET /wp-includes/js/dist/i18n.min.js HTTP/1.1" 200 4547 "https://www.nses.ilc.edu.tw/?p=59" "Mozilla/5.0 (iPhone; CPU iPhone OS 17_3_1 like Mac OS X) AppleWebKit/605.1.15 (KHTML, like Gecko) Version/17.3.1 Mobile/15E148 Safari/604.1"
36.229.241.48 - - [26/Aug/2026:23:17:10 +0800] "GET /wp-content/plugins/elementor-pro/assets/js/frontend.min.js HTTP/1.1" 200 7574 "https://www.nses.ilc.edu.tw/?p=59" "Mozilla/5.0 (iPhone; CPU iPhone OS 17_3_1 like Mac OS X) AppleWebKit/605.1.15 (KHTML, like Gecko) Version/17.3.1 Mobile/15E148 Safari/604.1"
216.73.217.64 - - [26/Aug/2026:23:17:10 +0800] "GET /9536/?p=54909 HTTP/1.1" 301 899 "-" "Mozilla/5.0 AppleWebKit/537.36 (KHTML, like Gecko; compatible; ClaudeBot/1.0; +claudebot@anthropic.com)"
36.229.241.48 - - [26/Aug/2026:23:17:10 +0800] "GET /wp-content/plugins/elementor/assets/lib/waypoints/waypoints.min.js HTTP/1.1" 200 3873 "https://www.nses.ilc.edu.tw/?p=59" "Mozilla/5.0 (iPhone; CPU iPhone OS 17_3_1 like Mac OS X) AppleWebKit/605.1.15 (KHTML, like Gecko) Version/17.3.1 Mobile/15E148 Safari/604.1"
36.229.241.48 - - [26/Aug/2026:23:17:10 +0800] "GET /wp-includes/js/jquery/ui/core.min.js HTTP/1.1" 200 7986 "https://www.nses.ilc.edu.tw/?p=59" "Mozilla/5.0 (iPhone; CPU iPhone OS 17_3_1 like Mac OS X) AppleWebKit/605.1.15 (KHTML, like Gecko) Version/17.3.1 Mobile/15E148 Safari/604.1"
36.229.241.48 - - [26/Aug/2026:23:17:10 +0800] "GET /wp-content/plugins/elementor-pro/assets/js/elements-handlers.min.js HTTP/1.1" 200 10882 "https://www.nses.ilc.edu.tw/?p=59" "Mozilla/5.0 (iPhone; CPU iPhone OS 17_3_1 like Mac OS X) AppleWebKit/605.1.15 (KHTML, like Gecko) Version/17.3.1 Mobile/15E148 Safari/604.1"
36.229.241.48 - - [26/Aug/2026:23:17:10 +0800] "GET /wp-content/plugins/elementor/assets/js/frontend.min.js HTTP/1.1" 200 13169 "https://www.nses.ilc.edu.tw/?p=59" "Mozilla/5.0 (iPhone; CPU iPhone OS 17_3_1 like Mac OS X) AppleWebKit/605.1.15 (KHTML, like Gecko) Version/17.3.1 Mobile/15E148 Safari/604.1"
34.123.149.87 - - [26/Aug/2026:23:17:10 +0800] "GET /6452/2010/09/30/%E5%B0%8F%E8%99%8E%E7%9A%84%E7%94%9F%E6%85%8B%E8%A7%80%E5%AF%9F%E7%AB%99/ HTTP/1.1" 200 15408 "-" "Mozilla/5.0 (Macintosh; Intel Mac OS X 10_15_7) AppleWebKit/537.36 (KHTML, like Gecko) Chrome/120.0.0.0 Safari/537.36"
216.73.217.64 - - [26/Aug/2026:23:17:10 +0800] "GET /9536/2007/12/31/%e7%a4%be%e5%8d%80%e6%97%a5%e6%9b%86-%e6%b5%b7%e5%b2%b8%e7%a4%be%e5%8d%80-%e9%86%89%e5%9c%a8%e8%8a%b1%e6%b5%b7%e8%94%93%e5%bb%b6%e6%99%82/ HTTP/1.1" 200 9563 "https://2blog.ilc.edu.tw/9536/?p=54909" "Mozilla/5.0 AppleWebKit/537.36 (KHTML, like Gecko; compatible; ClaudeBot/1.0; +claudebot@anthropic.com)"
74.7.242.54 - - [26/Aug/2026:23:17:10 +0800] "GET /32745/wp-json/oembed/1.0/embed?format=xml&url=https%3A%2F%2F2blog.ilc.edu.tw%2F32745%2F2022%2F05%2F22%2F%25e5%25bf%2583%25e6%2584%259b%25e7%259a%2584%25e6%2588%2591%25e7%25ad%2589%25e4%25bd%25a0%2F HTTP/1.1" 200 2334 "https://2blog.ilc.edu.tw/32745/2022/05/22/%e5%bf%83%e6%84%9b%e7%9a%84%e6%88%91%e7%ad%89%e4%bd%a0/" "Mozilla/5.0 AppleWebKit/537.36 (KHTML, like Gecko; compatible; GPTBot/1.4; +https://openai.com/gptbot)"
2001:41d0:303:1556::1 - - [26/Aug/2026:23:17:10 +0800] "GET /2025/07/13/%E8%AA%B2%E7%A8%8B%E6%A0%B8%E5%AE%9A%E5%85%AC%E6%96%87/ HTTP/1.1" 200 12145 "-" "Mozilla/5.0 (compatible; MJ12bot/v1.4.8; http://mj12bot.com/)"
74.7.242.54 - - [26/Aug/2026:23:17:10 +0800] "GET /32745/wp-json/oembed/1.0/embed?format=xml&url=https%3A%2F%2F2blog.ilc.edu.tw%2F32745%2F2022%2F05%2F22%2F%25e7%25ac%25ac%25e4%25b8%2580%25e6%25ac%25a1%25e7%259a%2584%25e7%25b4%2584%25e6%259c%2583-2%2F HTTP/1.1" 200 2328 "https://2blog.ilc.edu.tw/32745/2022/05/22/%e7%ac%ac%e4%b8%80%e6%ac%a1%e7%9a%84%e7%b4%84%e6%9c%83-2/" "Mozilla/5.0 AppleWebKit/537.36 (KHTML, like Gecko; compatible; GPTBot/1.4; +https://openai.com/gptbot)"
36.229.241.48 - - [26/Aug/2026:23:17:11 +0800] "GET /wp-content/plugins/google-drive-embedder/css/gdm-blocks.css HTTP/1.1" 200 5962 "https://www.nses.ilc.edu.tw/?p=59" "Mozilla/5.0 (iPhone; CPU iPhone OS 17_3_1 like Mac OS X) AppleWebKit/605.1.15 (KHTML, like Gecko) Version/17.3.1 Mobile/15E148 Safari/604.1"
36.229.241.48 - - [26/Aug/2026:23:17:11 +0800] "GET /wp-content/themes/oceanwp-child-theme-master3/style.css HTTP/1.1" 200 6895 "https://www.nses.ilc.edu.tw/?p=59" "Mozilla/5.0 (iPhone; CPU iPhone OS 17_3_1 like Mac OS X) AppleWebKit/605.1.15 (KHTML, like Gecko) Version/17.3.1 Mobile/15E148 Safari/604.1"
36.229.241.48 - - [26/Aug/2026:23:17:11 +0800] "GET /wp-content/uploads/sites/1678/2022/03/%E5%B7%A5%E5%95%86%E6%99%AE%E6%9F%A5-%E6%B5%B7%E5%A0%B1_1022_final%E7%84%A1code-724x1024.jpg HTTP/1.1" 200 235730 "https://www.nses.ilc.edu.tw/" "Mozilla/5.0 (iPhone; CPU iPhone OS 17_3_1 like Mac OS X) AppleWebKit/605.1.15 (KHTML, like Gecko) Version/17.3.1 Mobile/15E148 Safari/604.1"
36.229.241.48 - - [26/Aug/2026:23:17:11 +0800] "GET /wp-content/uploads/sites/1678/2021/02/8%E5%A4%A7%E5%A0%B4%E6%89%80%E8%A6%81%E6%88%B4%E5%8F%A3%E7%BD%A9-1024x724.jpg HTTP/1.1" 200 191352 "https://www.nses.ilc.edu.tw/" "Mozilla/5.0 (iPhone; CPU iPhone OS 17_3_1 like Mac OS X) AppleWebKit/605.1.15 (KHTML, like Gecko) Version/17.3.1 Mobile/15E148 Safari/604.1"
36.229.241.48 - - [26/Aug/2026:23:17:11 +0800] "GET /wp-content/plugins/elementor/assets/lib/share-link/share-link.min.js?ver=3.22.3 HTTP/1.1" 200 2049 "https://www.nses.ilc.edu.tw/?p=59" "Mozilla/5.0 (iPhone; CPU iPhone OS 17_3_1 like Mac OS X) AppleWebKit/605.1.15 (KHTML, like Gecko) Version/17.3.1 Mobile/15E148 Safari/604.1"
36.229.241.48 - - [26/Aug/2026:23:17:11 +0800] "GET /wp-content/plugins/elementor/assets/lib/dialog/dialog.min.js?ver=4.9.0 HTTP/1.1" 200 4368 "https://www.nses.ilc.edu.tw/?p=59" "Mozilla/5.0 (iPhone; CPU iPhone OS 17_3_1 like Mac OS X) AppleWebKit/605.1.15 (KHTML, like Gecko) Version/17.3.1 Mobile/15E148 Safari/604.1"
36.229.241.48 - - [26/Aug/2026:23:17:11 +0800] "GET /wp-content/plugins/elementor/assets/js/text-editor.2c35aafbe5bf0e127950.bundle.min.js HTTP/1.1" 200 1545 "https://www.nses.ilc.edu.tw/?p=59" "Mozilla/5.0 (iPhone; CPU iPhone OS 17_3_1 like Mac OS X) AppleWebKit/605.1.15 (KHTML, like Gecko) Version/17.3.1 Mobile/15E148 Safari/604.1"
36.229.241.48 - - [26/Aug/2026:23:17:11 +0800] "GET /wp-content/plugins/elementor/assets/js/lightbox.94b920846d1e37cafb78.bundle.min.js HTTP/1.1" 200 10857 "https://www.nses.ilc.edu.tw/?p=59" "Mozilla/5.0 (iPhone; CPU iPhone OS 17_3_1 like Mac OS X) AppleWebKit/605.1.15 (KHTML, like Gecko) Version/17.3.1 Mobile/15E148 Safari/604.1"
36.229.241.48 - - [26/Aug/2026:23:17:11 +0800] "POST /index.php?rest_route=/ilc-summary/v1/popular-posts HTTP/1.1" 201 1282 "https://www.nses.ilc.edu.tw/?p=59" "Mozilla/5.0 (iPhone; CPU iPhone OS 17_3_1 like Mac OS X) AppleWebKit/605.1.15 (KHTML, like Gecko) Version/17.3.1 Mobile/15E148 Safari/604.1"
74.7.242.54 - - [26/Aug/2026:23:17:11 +0800] "GET /32745/wp-json/oembed/1.0/embed?format=xml&url=https%3A%2F%2F2blog.ilc.edu.tw%2F32745%2F2022%2F05%2F22%2F%25e8%25b7%25a4%25e8%25b8%258f%25e9%259b%2599%25e8%2588%25b9%25e4%25b8%258d%25e6%2587%2589%25e8%25a9%25b2%2F HTTP/1.1" 200 2339 "https://2blog.ilc.edu.tw/32745/2022/05/22/%e8%b7%a4%e8%b8%8f%e9%9b%99%e8%88%b9%e4%b8%8d%e6%87%89%e8%a9%b2/" "Mozilla/5.0 AppleWebKit/537.36 (KHTML, like Gecko; compatible; GPTBot/1.4; +https://openai.com/gptbot)"
36.229.241.48 - - [26/Aug/2026:23:17:11 +0800] "GET /wp-content/uploads/sites/1678/2021/05/%E5%AE%9C%E8%98%AD%E7%B8%A3%E9%98%B2%E7%96%AB%E7%9F%AD%E7%89%87.mp4?_=2 HTTP/1.1" 200 4252381 "https://www.nses.ilc.edu.tw/?p=59" "Mozilla/5.0 (iPhone; CPU iPhone OS 17_3_1 like Mac OS X) AppleWebKit/605.1.15 (KHTML, like Gecko) Version/17.3.1 Mobile/15E148 Safari/604.1"
74.7.242.54 - - [26/Aug/2026:23:17:12 +0800] "GET /32745/wp-content/uploads/sites/1271/2022/05/safe_image-12-12-500x245.jpg HTTP/1.1" 200 16227 "https://2blog.ilc.edu.tw/32745/2022/05/22/%e5%86%8d%e6%9c%83%e5%95%a6%e5%bf%83%e6%89%80%e6%84%9b%e7%9a%84%e4%ba%ba/" "Mozilla/5.0 AppleWebKit/537.36 (KHTML, like Gecko; compatible; GPTBot/1.4; +https://openai.com/gptbot)"
36.229.241.48 - - [26/Aug/2026:23:17:11 +0800] "GET /wp-content/uploads/sites/1678/2022/07/%E9%AB%98%E6%BA%AB%E8%A5%B2%E6%93%8A%EF%BC%8C%E5%B0%8F%E5%BF%83%E7%86%B1%E5%82%B7%E5%AE%B3%EF%BC%81.mp4?_=1 HTTP/1.1" 200 3800790 "https://www.nses.ilc.edu.tw/?p=59" "Mozilla/5.0 (iPhone; CPU iPhone OS 17_3_1 like Mac OS X) AppleWebKit/605.1.15 (KHTML, like Gecko) Version/17.3.1 Mobile/15E148 Safari/604.1"
36.229.241.48 - - [26/Aug/2026:23:17:11 +0800] "GET /wp-content/uploads/sites/1678/2021/05/%E5%AE%9C%E8%98%AD%E7%B8%A3%E9%98%B2%E7%96%AB%E7%9F%AD%E7%89%87.mp4?_=2 HTTP/1.1" 200 4252381 "https://www.nses.ilc.edu.tw/?p=59" "Mozilla/5.0 (iPhone; CPU iPhone OS 17_3_1 like Mac OS X) AppleWebKit/605.1.15 (KHTML, like Gecko) Version/17.3.1 Mobile/15E148 Safari/604.1"
140.111.67.10 - - [26/Aug/2026:23:17:12 +0800] "GET /" 301 273 "-" "-"
54.225.81.20 - - [26/Aug/2026:23:17:12 +0800] "GET /amy6998/wp-content/uploads/sites/2364/2023/05/IMG_6734ggg-300x176.jpg HTTP/1.1" 200 20956 "-" "Mozilla/5.0 AppleWebKit/537.36 (KHTML, like Gecko; compatible; Amazonbot/0.1; +https://developer.amazon.com/support/amazonbot) Chrome/119.0.6045.214 Safari/537.36"
74.7.242.54 - - [26/Aug/2026:23:17:12 +0800] "GET /32745/wp-content/uploads/sites/1271/2023/01/1-696.jpeg HTTP/1.1" 200 8406 "https://2blog.ilc.edu.tw/32745/2023/01/23/page/5/" "Mozilla/5.0 AppleWebKit/537.36 (KHTML, like Gecko; compatible; GPTBot/1.4; +https://openai.com/gptbot)"
36.229.241.48 - - [26/Aug/2026:23:17:12 +0800] "GET /wp-content/uploads/sites/1678/2021/05/%E5%AE%9C%E8%98%AD%E7%B8%A3%E9%98%B2%E7%96%AB%E7%9F%AD%E7%89%87.mp4?_=2 HTTP/1.1" 200 4252381 "https://www.nses.ilc.edu.tw/?p=59" "Mozilla/5.0 (iPhone; CPU iPhone OS 17_3_1 like Mac OS X) AppleWebKit/605.1.15 (KHTML, like Gecko) Version/17.3.1 Mobile/15E148 Safari/604.1"
74.7.242.54 - - [26/Aug/2026:23:17:13 +0800] "GET /32745/wp-content/uploads/sites/1271/2024/09/1-206.jpeg HTTP/1.1" 200 42720 "https://2blog.ilc.edu.tw/32745/2024/09/14/page/5/" "Mozilla/5.0 AppleWebKit/537.36 (KHTML, like Gecko; compatible; GPTBot/1.4; +https://openai.com/gptbot)"
2001:288:a201::66:125 - - [26/Aug/2026:23:17:13 +0800] "GET /blog/active.php HTTP/1.1" 404 1084 "-" "-"
2001:288:a201::66:125 - - [26/Aug/2026:23:17:13 +0800] "GET /blog/active.php HTTP/1.1" 301 1026 "-" "-"
2001:41d0:303:1556::1 - - [26/Aug/2026:23:17:13 +0800] "GET /robots.txt HTTP/1.1" 200 5355 "-" "Mozilla/5.0 (compatible; MJ12bot/v1.4.8; http://mj12bot.com/)"
74.7.242.54 - - [26/Aug/2026:23:17:13 +0800] "GET /32745/wp-content/uploads/sites/1271/2026/01/1-169.jpeg HTTP/1.1" 200 19015 "https://2blog.ilc.edu.tw/32745/wp-json/oembed/1.0/embed?format=xml&url=https%3A%2F%2F2blog.ilc.edu.tw%2F32745%2F2026%2F01%2F03%2F%25e9%259b%25a3%25e5%25bf%2598%25e7%259a%2584%25e5%2588%259d%25e6%2588%2580%25e5%25a4%25a2%2F" "Mozilla/5.0 AppleWebKit/537.36 (KHTML, like Gecko; compatible; GPTBot/1.4; +https://openai.com/gptbot)"
2409:8702:548c:1f:120:255:24:21 - - [26/Aug/2026:23:17:13 +0800] "GET /2015/05/26/ HTTP/1.1" 200 15831 "-" "Mozilla/5.0 (Windows NT 10.0; Win64; x64) AppleWebKit/537.36 (KHTML, like Gecko) Chrome/144.0.0.0 Safari/537.36"
34.171.68.95 - - [26/Aug/2026:23:17:13 +0800] "GET /2018/10/ HTTP/1.1" 200 23406 "-" "Mozilla/5.0 (Macintosh; Intel Mac OS X 10_15_7) AppleWebKit/537.36 (KHTML, like Gecko) Chrome/120.0.0.0 Safari/537.36"
74.7.242.54 - - [26/Aug/2026:23:17:14 +0800] "GET /32745/wp-content/uploads/sites/1271/2025/08/1-193.jpeg HTTP/1.1" 200 14619 "https://2blog.ilc.edu.tw/32745/wp-json/oembed/1.0/embed?format=xml&url=https%3A%2F%2F2blog.ilc.edu.tw%2F32745%2F2025%2F08%2F20%2F%25e6%259d%258e%25e6%2584%259b%25e7%25b6%25ba%25e6%259d%258e%25e5%2598%2589vs%25e9%2599%25b3%25e6%2598%258e%25e7%25ab%25a0%2F" "Mozilla/5.0 AppleWebKit/537.36 (KHTML, like Gecko; compatible; GPTBot/1.4; +https://openai.com/gptbot)"
::1 - - [26/Aug/2026:23:17:14 +0800] "OPTIONS * HTTP/1.0" 200 110 "-" "Apache/2.4.68 (Ubuntu) OpenSSL/3.0.19 (internal dummy connection)"
74.7.242.54 - - [26/Aug/2026:23:17:14 +0800] "GET /32745/wp-content/uploads/sites/1271/2026/02/1-148.jpeg HTTP/1.1" 200 18640 "https://2blog.ilc.edu.tw/32745/wp-json/oembed/1.0/embed?format=xml&url=https%3A%2F%2F2blog.ilc.edu.tw%2F32745%2F2026%2F02%2F27%2F%25e5%2586%25b7%25e6%25b7%25a1%25e7%259a%2584%25e4%25ba%25ba%25e7%2594%259f%2F" "Mozilla/5.0 AppleWebKit/537.36 (KHTML, like Gecko; compatible; GPTBot/1.4; +https://openai.com/gptbot)"
66.249.79.164 - - [26/Aug/2026:23:17:14 +0800] "GET /24/wp-content/uploads/sites/1163/2022/08/%E3%84%85%E3%84%86%E3%84%87%E6%95%99%E5%AD%B8_%E5%8A%9B%E8%A1%8C%E5%BC%B5%E5%A6%82%E5%A9%B720220809.pdf HTTP/1.1" 200 4711537 "-" "Googlebot/2.1 (+http://www.google.com/bot.html)"
34.196.237.236 - - [26/Aug/2026:23:17:15 +0800] "GET /2864/wp-content/uploads/sites/2307/2022/02/110 HTTP/1.1" 404 5774 "-" "Mozilla/5.0 AppleWebKit/537.36 (KHTML, like Gecko; compatible; Amazonbot/0.1; +https://developer.amazon.com/support/amazonbot) Chrome/119.0.6045.214 Safari/537.36"
74.7.242.54 - - [26/Aug/2026:23:17:15 +0800] "GET /32745/wp-content/uploads/sites/1271/2023/01/1-480.jpeg HTTP/1.1" 200 10632 "https://2blog.ilc.edu.tw/32745/wp-json/oembed/1.0/embed?format=xml&url=https%3A%2F%2F2blog.ilc.edu.tw%2F32745%2F2023%2F01%2F21%2F%25e6%2597%25a9%25e8%25a9%25b2%25e6%2584%259b%25e8%2591%2597%25e4%25bd%25a0%2F" "Mozilla/5.0 AppleWebKit/537.36 (KHTML, like Gecko; compatible; GPTBot/1.4; +https://openai.com/gptbot)"
::1 - - [26/Aug/2026:23:17:15 +0800] "OPTIONS * HTTP/1.0" 200 110 "-" "Apache/2.4.68 (Ubuntu) OpenSSL/3.0.19 (internal dummy connection)"
140.111.67.10 - - [26/Aug/2026:23:17:15 +0800] "GET /" 301 273 "-" "-"
52.167.144.234 - - [26/Aug/2026:23:17:15 +0800] "GET /wp-content/uploads/sites/866/2021/09/%E6%95%99%E5%AD%B8.png HTTP/1.1" 200 92266 "-" "Mozilla/5.0 AppleWebKit/537.36 (KHTML, like Gecko; compatible; bingbot/2.0; +http://www.bing.com/bingbot.htm) Chrome/116.0.1938.76 Safari/537.36"
2001:41d0:303:1556::1 - - [26/Aug/2026:23:17:15 +0800] "GET /2018/02/21/%E8%8B%B1%E8%AA%9E%E5%96%AE%E5%AD%97%E7%8E%8B%E4%B8%89%E5%B9%B4%E7%B4%9A100%E5%AD%97/ HTTP/1.1" 200 27302 "-" "Mozilla/5.0 (compatible; MJ12bot/v1.4.8; http://mj12bot.com/)"
74.7.242.54 - - [26/Aug/2026:23:17:15 +0800] "GET /32745/wp-content/uploads/sites/1271/2023/01/1-668.jpeg HTTP/1.1" 200 23026 "https://2blog.ilc.edu.tw/32745/wp-json/oembed/1.0/embed?format=xml&url=https%3A%2F%2F2blog.ilc.edu.tw%2F32745%2F2023%2F01%2F23%2F%25e5%25b3%25b6%25e5%25b6%25bc%25e7%259a%2584%25e6%25ad%258c%25e8%2581%25b2%2F" "Mozilla/5.0 AppleWebKit/537.36 (KHTML, like Gecko; compatible; GPTBot/1.4; +https://openai.com/gptbot)"
::1 - - [26/Aug/2026:23:17:16 +0800] "OPTIONS * HTTP/1.0" 200 110 "-" "Apache/2.4.68 (Ubuntu) OpenSSL/3.0.19 (internal dummy connection)"
74.7.242.54 - - [26/Aug/2026:23:17:16 +0800] "GET /32745/wp-content/uploads/sites/1271/2026/01/1-579.jpeg HTTP/1.1" 200 15690 "https://2blog.ilc.edu.tw/32745/wp-json/oembed/1.0/embed?format=xml&url=https%3A%2F%2F2blog.ilc.edu.tw%2F32745%2F2026%2F01%2F31%2F%25e5%2590%2590%25e6%25b0%25a3%25e7%259a%2584%25e7%2594%25b7%25e6%2580%25a7%2F" "Mozilla/5.0 AppleWebKit/537.36 (KHTML, like Gecko; compatible; GPTBot/1.4; +https://openai.com/gptbot)"
74.7.242.54 - - [26/Aug/2026:23:17:16 +0800] "GET /32745/wp-content/uploads/sites/1271/2026/01/1-287.jpeg HTTP/1.1" 200 14808 "https://2blog.ilc.edu.tw/32745/wp-json/oembed/1.0/embed?format=xml&url=https%3A%2F%2F2blog.ilc.edu.tw%2F32745%2F2026%2F01%2F17%2F%25e6%25be%258e%25e6%25b9%2596%25e7%259a%2584%25e6%2595%2585%25e9%2584%2589%2F" "Mozilla/5.0 AppleWebKit/537.36 (KHTML, like Gecko; compatible; GPTBot/1.4; +https://openai.com/gptbot)"
::1 - - [26/Aug/2026:23:17:17 +0800] "OPTIONS * HTTP/1.0" 200 110 "-" "Apache/2.4.68 (Ubuntu) OpenSSL/3.0.19 (internal dummy connection)"
74.7.242.54 - - [26/Aug/2026:23:17:17 +0800] "GET /32745/wp-content/uploads/sites/1271/2023/01/1-749.jpeg HTTP/1.1" 200 27669 "https://2blog.ilc.edu.tw/32745/wp-json/oembed/1.0/embed?format=xml&url=https%3A%2F%2F2blog.ilc.edu.tw%2F32745%2F2023%2F01%2F24%2F%25e8%25b1%2590%25e6%2594%25b6%25e5%25a5%25bd%25e5%25b9%25b4%25e5%2586%25ac%2F" "Mozilla/5.0 AppleWebKit/537.36 (KHTML, like Gecko; compatible; GPTBot/1.4; +https://openai.com/gptbot)"
66.249.71.5 - - [26/Aug/2026:23:17:17 +0800] "GET /wp-content/themes/oceanwp/assets/js/vendors/magnific-popup.min.js HTTP/1.1" 200 13056 "https://www.cges.ilc.edu.tw/" "Mozilla/5.0 (Linux; Android 6.0.1; Nexus 5X Build/MMB29P) AppleWebKit/537.36 (KHTML, like Gecko) Chrome/151.0.7922.173 Mobile Safari/537.36 (compatible; Googlebot/2.1; +http://www.google.com/bot.html)"
74.7.242.54 - - [26/Aug/2026:23:17:17 +0800] "GET /32745/wp-content/uploads/sites/1271/2023/01/1-658.jpeg HTTP/1.1" 200 14606 "https://2blog.ilc.edu.tw/32745/wp-json/oembed/1.0/embed?format=xml&url=https%3A%2F%2F2blog.ilc.edu.tw%2F32745%2F2023%2F01%2F23%2F%25e5%2585%25a8%25e4%25b8%2596%25e7%2595%258c%25e6%2594%258f%25e5%2592%25a7%25e8%2590%25bd%25e9%259b%25a8%2F" "Mozilla/5.0 AppleWebKit/537.36 (KHTML, like Gecko; compatible; GPTBot/1.4; +https://openai.com/gptbot)"
2001:288:a201::66:125 - - [26/Aug/2026:23:17:18 +0800] "GET /blog/active.php HTTP/1.1" 301 1026 "-" "-"
2001:288:a201::66:125 - - [26/Aug/2026:23:17:18 +0800] "GET /blog/active.php HTTP/1.1" 404 1084 "-" "-"
34.56.53.225 - - [26/Aug/2026:23:17:17 +0800] "GET /28926/wp-json/oembed/1.0/embed?format=xml&url=https://2blog.ilc.edu.tw/28926/2021/03/30/109%25e5%25ad%25b8%25e5%25b9%25b4%25e5%25ba%25a6%25e7%25ac%25ac2%25e5%25ad%25b8%25e6%259c%259f4%25e6%259c%2588%25e9%25a4%2590%25e9%25bb%259e%25e8%25a1%25a8/ HTTP/1.1" 200 7209 "-" "Mozilla/5.0 (Macintosh; Intel Mac OS X 10_15_7) AppleWebKit/537.36 (KHTML, like Gecko) Chrome/120.0.0.0 Safari/537.36"
::1 - - [26/Aug/2026:23:17:18 +0800] "OPTIONS * HTTP/1.0" 200 110 "-" "Apache/2.4.68 (Ubuntu) OpenSSL/3.0.19 (internal dummy connection)"
74.7.242.54 - - [26/Aug/2026:23:17:18 +0800] "GET /32745/wp-content/uploads/sites/1271/2025/02/1-196.jpeg HTTP/1.1" 200 11442 "https://2blog.ilc.edu.tw/32745/wp-json/oembed/1.0/embed?format=xml&url=https%3A%2F%2F2blog.ilc.edu.tw%2F32745%2F2025%2F02%2F16%2F%25e8%2591%2597%25e9%25a9%259a%2F" "Mozilla/5.0 AppleWebKit/537.36 (KHTML, like Gecko; compatible; GPTBot/1.4; +https://openai.com/gptbot)"
2001:41d0:303:1556::1 - - [26/Aug/2026:23:17:18 +0800] "GET /2018/02/21/%E8%8B%B1%E8%AA%9E%E5%96%AE%E5%AD%97%E7%8E%8B%E5%9B%9B%E5%B9%B4%E7%B4%9A100%E5%AD%97/ HTTP/1.1" 200 27247 "-" "Mozilla/5.0 (compatible; MJ12bot/v1.4.8; http://mj12bot.com/)"
34.42.229.145 - - [26/Aug/2026:23:17:18 +0800] "GET /2226/wp-json/oembed/1.0/embed?url=https://2blog.ilc.edu.tw/2226/archives/720 HTTP/1.1" 200 8552 "-" "Mozilla/5.0 (Macintosh; Intel Mac OS X 10_15_7) AppleWebKit/537.36 (KHTML, like Gecko) Chrome/120.0.0.0 Safari/537.36"
34.57.162.91 - - [26/Aug/2026:23:17:18 +0800] "GET /wp-content/uploads/sites/2640/6569/6569-1956587.doc HTTP/1.1" 200 33753 "-" "Mozilla/5.0 (Macintosh; Intel Mac OS X 10_15_7) AppleWebKit/537.36 (KHTML, like Gecko) Chrome/120.0.0.0 Safari/537.36"
74.7.242.54 - - [26/Aug/2026:23:17:18 +0800] "GET /32745/wp-content/uploads/sites/1271/2024/09/1-149.jpeg HTTP/1.1" 200 11783 "https://2blog.ilc.edu.tw/32745/2024/09/14/%e6%9b%be/" "Mozilla/5.0 AppleWebKit/537.36 (KHTML, like Gecko; compatible; GPTBot/1.4; +https://openai.com/gptbot)"
54.147.238.89 - - [26/Aug/2026:23:17:19 +0800] "GET /wp-content/uploads/sites/698/2022/05/?C=M;O%3DA HTTP/1.1" 200 1113 "-" "Mozilla/5.0 AppleWebKit/537.36 (KHTML, like Gecko; compatible; Amazonbot/0.1; +https://developer.amazon.com/support/amazonbot) Chrome/119.0.6045.214 Safari/537.36"
34.56.53.225 - - [26/Aug/2026:23:17:18 +0800] "GET /lmmt/?p=27 HTTP/1.1" 301 5766 "-" "Mozilla/5.0 (Macintosh; Intel Mac OS X 10_15_7) AppleWebKit/537.36 (KHTML, like Gecko) Chrome/120.0.0.0 Safari/537.36"
182.234.146.129 - - [26/Aug/2026:23:17:19 +0800] "GET /868/47040/ HTTP/1.1" 200 22059 "https://www.google.com/" "Mozilla/5.0 (Macintosh; Intel Mac OS X 10_15_7) AppleWebKit/605.1.15 (KHTML, like Gecko) Version/18.5 Safari/605.1.15"
74.7.242.54 - - [26/Aug/2026:23:17:19 +0800] "GET /32745/wp-content/uploads/sites/1271/2026/01/1-383.jpeg HTTP/1.1" 200 9346 "https://2blog.ilc.edu.tw/32745/wp-json/oembed/1.0/embed?format=xml&url=https%3A%2F%2F2blog.ilc.edu.tw%2F32745%2F2026%2F01%2F24%2F%25e9%2596%25a3%25e4%25ba%2582%25e8%25ac%259b%2F" "Mozilla/5.0 AppleWebKit/537.36 (KHTML, like Gecko; compatible; GPTBot/1.4; +https://openai.com/gptbot)"
182.234.146.129 - - [26/Aug/2026:23:17:19 +0800] "GET /868/wp-content/cache/2blog.ilc.edu.tw/wpfc-minified/8lw6462p/5woku.css HTTP/1.1" 200 45678 "https://2blog.ilc.edu.tw/868/47040/" "Mozilla/5.0 (Macintosh; Intel Mac OS X 10_15_7) AppleWebKit/605.1.15 (KHTML, like Gecko) Version/18.5 Safari/605.1.15"
182.234.146.129 - - [26/Aug/2026:23:17:19 +0800] "GET /868/wp-content/cache/2blog.ilc.edu.tw/wpfc-minified/7nvg1c6t/5woku.css HTTP/1.1" 200 15980 "https://2blog.ilc.edu.tw/868/47040/" "Mozilla/5.0 (Macintosh; Intel Mac OS X 10_15_7) AppleWebKit/605.1.15 (KHTML, like Gecko) Version/18.5 Safari/605.1.15"
182.234.146.129 - - [26/Aug/2026:23:17:19 +0800] "GET /868/wp-content/themes/hueman/assets/front/webfonts/fa-brands-400.woff2?v=5.15.2 HTTP/1.1" 200 79499 "https://2blog.ilc.edu.tw/868/47040/" "Mozilla/5.0 (Macintosh; Intel Mac OS X 10_15_7) AppleWebKit/605.1.15 (KHTML, like Gecko) Version/18.5 Safari/605.1.15"
182.234.146.129 - - [26/Aug/2026:23:17:19 +0800] "GET /868/wp-content/themes/hueman/assets/front/webfonts/fa-regular-400.woff2?v=5.15.2 HTTP/1.1" 200 14439 "https://2blog.ilc.edu.tw/868/47040/" "Mozilla/5.0 (Macintosh; Intel Mac OS X 10_15_7) AppleWebKit/605.1.15 (KHTML, like Gecko) Version/18.5 Safari/605.1.15"
182.234.146.129 - - [26/Aug/2026:23:17:19 +0800] "GET /868/wp-content/cache/2blog.ilc.edu.tw/wpfc-minified/13m1ver4/5wob8.css HTTP/1.1" 200 23803 "https://2blog.ilc.edu.tw/868/47040/" "Mozilla/5.0 (Macintosh; Intel Mac OS X 10_15_7) AppleWebKit/605.1.15 (KHTML, like Gecko) Version/18.5 Safari/605.1.15"
182.234.146.129 - - [26/Aug/2026:23:17:19 +0800] "GET /868/wp-content/cache/2blog.ilc.edu.tw/wpfc-minified/dj3aok4x/5woku.js HTTP/1.1" 200 40356 "https://2blog.ilc.edu.tw/868/47040/" "Mozilla/5.0 (Macintosh; Intel Mac OS X 10_15_7) AppleWebKit/605.1.15 (KHTML, like Gecko) Version/18.5 Safari/605.1.15"
182.234.146.129 - - [26/Aug/2026:23:17:19 +0800] "GET /868/wp-content/cache/2blog.ilc.edu.tw/wpfc-minified/maqxx0v5/5woku.css HTTP/1.1" 200 18665 "https://2blog.ilc.edu.tw/868/47040/" "Mozilla/5.0 (Macintosh; Intel Mac OS X 10_15_7) AppleWebKit/605.1.15 (KHTML, like Gecko) Version/18.5 Safari/605.1.15"
182.234.146.129 - - [26/Aug/2026:23:17:19 +0800] "GET /868/wp-content/themes/hueman/assets/front/webfonts/fa-solid-900.woff2?v=5.15.2 HTTP/1.1" 200 81301 "https://2blog.ilc.edu.tw/868/47040/" "Mozilla/5.0 (Macintosh; Intel Mac OS X 10_15_7) AppleWebKit/605.1.15 (KHTML, like Gecko) Version/18.5 Safari/605.1.15"
182.234.146.129 - - [26/Aug/2026:23:17:19 +0800] "GET /868/wp-content/cache/2blog.ilc.edu.tw/wpfc-minified/1gd3zqn9/5wovy.js HTTP/1.1" 200 6436 "https://2blog.ilc.edu.tw/868/47040/" "Mozilla/5.0 (Macintosh; Intel Mac OS X 10_15_7) AppleWebKit/605.1.15 (KHTML, like Gecko) Version/18.5 Safari/605.1.15"
52.167.144.186 - - [26/Aug/2026:23:17:19 +0800] "GET /1003/?s=www.shionlib.com HTTP/1.1" 200 13721 "-" "Mozilla/5.0 AppleWebKit/537.36 (KHTML, like Gecko; compatible; bingbot/2.0; +http://www.bing.com/bingbot.htm) Chrome/116.0.1938.76 Safari/537.36"
182.234.146.129 - - [26/Aug/2026:23:17:19 +0800] "GET /868/wp-content/themes/hueman/assets/front/fonts/titillium-light-webfont.woff HTTP/1.1" 200 25606 "https://2blog.ilc.edu.tw/868/47040/" "Mozilla/5.0 (Macintosh; Intel Mac OS X 10_15_7) AppleWebKit/605.1.15 (KHTML, like Gecko) Version/18.5 Safari/605.1.15"
182.234.146.129 - - [26/Aug/2026:23:17:19 +0800] "GET /868/wp-content/themes/hueman/assets/front/fonts/titillium-lightitalic-webfont.woff HTTP/1.1" 200 27654 "https://2blog.ilc.edu.tw/868/47040/" "Mozilla/5.0 (Macintosh; Intel Mac OS X 10_15_7) AppleWebKit/605.1.15 (KHTML, like Gecko) Version/18.5 Safari/605.1.15"
182.234.146.129 - - [26/Aug/2026:23:17:19 +0800] "GET /868/wp-content/themes/hueman/assets/front/fonts/titillium-regular-webfont.woff HTTP/1.1" 200 25590 "https://2blog.ilc.edu.tw/868/47040/" "Mozilla/5.0 (Macintosh; Intel Mac OS X 10_15_7) AppleWebKit/605.1.15 (KHTML, like Gecko) Version/18.5 Safari/605.1.15"
182.234.146.129 - - [26/Aug/2026:23:17:19 +0800] "GET /868/wp-content/themes/hueman/assets/front/fonts/titillium-regularitalic-webfont.woff HTTP/1.1" 200 27482 "https://2blog.ilc.edu.tw/868/47040/" "Mozilla/5.0 (Macintosh; Intel Mac OS X 10_15_7) AppleWebKit/605.1.15 (KHTML, like Gecko) Version/18.5 Safari/605.1.15"
182.234.146.129 - - [26/Aug/2026:23:17:19 +0800] "GET /868/wp-content/themes/hueman/assets/front/fonts/titillium-semibold-webfont.woff HTTP/1.1" 200 25626 "https://2blog.ilc.edu.tw/868/47040/" "Mozilla/5.0 (Macintosh; Intel Mac OS X 10_15_7) AppleWebKit/605.1.15 (KHTML, like Gecko) Version/18.5 Safari/605.1.15"
182.234.146.129 - - [26/Aug/2026:23:17:19 +0800] "GET /868/wp-includes/js/hoverintent-js.min.js HTTP/1.1" 200 1597 "https://2blog.ilc.edu.tw/868/47040/" "Mozilla/5.0 (Macintosh; Intel Mac OS X 10_15_7) AppleWebKit/605.1.15 (KHTML, like Gecko) Version/18.5 Safari/605.1.15"
182.234.146.129 - - [26/Aug/2026:23:17:19 +0800] "GET /868/wp-content/uploads/sites/268/2025/03/%E5%9C%96%E7%89%872.png HTTP/1.1" 200 6637 "https://2blog.ilc.edu.tw/868/47040/" "Mozilla/5.0 (Macintosh; Intel Mac OS X 10_15_7) AppleWebKit/605.1.15 (KHTML, like Gecko) Version/18.5 Safari/605.1.15"
182.234.146.129 - - [26/Aug/2026:23:17:19 +0800] "GET /868/wp-includes/js/admin-bar.min.js HTTP/1.1" 200 2237 "https://2blog.ilc.edu.tw/868/47040/" "Mozilla/5.0 (Macintosh; Intel Mac OS X 10_15_7) AppleWebKit/605.1.15 (KHTML, like Gecko) Version/18.5 Safari/605.1.15"
182.234.146.129 - - [26/Aug/2026:23:17:19 +0800] "GET /868/wp-includes/js/underscore.min.js HTTP/1.1" 200 8191 "https://2blog.ilc.edu.tw/868/47040/" "Mozilla/5.0 (Macintosh; Intel Mac OS X 10_15_7) AppleWebKit/605.1.15 (KHTML, like Gecko) Version/18.5 Safari/605.1.15"
182.234.146.129 - - [26/Aug/2026:23:17:19 +0800] "GET /868/wp-content/themes/hueman/assets/front/js/scripts.min.js HTTP/1.1" 200 22643 "https://2blog.ilc.edu.tw/868/47040/" "Mozilla/5.0 (Macintosh; Intel Mac OS X 10_15_7) AppleWebKit/605.1.15 (KHTML, like Gecko) Version/18.5 Safari/605.1.15"
