74.7.242.54 - - [26/Aug/2026:23:14:23 +0800] "GET /32745/wp-content/uploads/sites/1271/2022/10/2020242631284213365-500x245.jpeg HTTP/1.1" 200 5217 "https://2blog.ilc.edu.tw/32745/2022/10/20/" "Mozilla/5.0 AppleWebKit/537.36 (KHTML, like Gecko; compatible; GPTBot/1.4; +https://openai.com/gptbot)"
44.194.139.149 - - [26/Aug/2026:23:14:22 +0800] "GET /amy6998/wp-content/uploads/sites/2364/2023/12/IMG_0159.jpg HTTP/1.1" 200 380521 "-" "Mozilla/5.0 AppleWebKit/537.36 (KHTML, like Gecko; compatible; Amazonbot/0.1; +https://developer.amazon.com/support/amazonbot) Chrome/119.0.6045.214 Safari/537.36"
::1 - - [26/Aug/2026:23:14:23 +0800] "OPTIONS * HTTP/1.0" 200 110 "-" "Apache/2.4.68 (Ubuntu) OpenSSL/3.0.19 (internal dummy connection)"
74.7.242.54 - - [26/Aug/2026:23:14:24 +0800] "GET /32745/wp-content/uploads/sites/1271/2022/10/9547074275547276059-500x245.jpeg HTTP/1.1" 200 37521 "https://2blog.ilc.edu.tw/32745/2022/10/23/page/2/" "Mozilla/5.0 AppleWebKit/537.36 (KHTML, like Gecko; compatible; GPTBot/1.4; +https://openai.com/gptbot)"
74.7.242.54 - - [26/Aug/2026:23:14:24 +0800] "GET /32745/wp-content/uploads/sites/1271/2022/12/2454377112860257317-500x245.jpeg HTTP/1.1" 200 26354 "https://2blog.ilc.edu.tw/32745/2022/12/14/page/4/" "Mozilla/5.0 AppleWebKit/537.36 (KHTML, like Gecko; compatible; GPTBot/1.4; +https://openai.com/gptbot)"
140.111.67.195 - - [26/Aug/2026:23:14:24 +0800] "GET /wp-admin/admin-post.php?action=steps_ad HTTP/1.1" 200 1973 "-" "node-fetch/1.0 (+https://github.com/bitinn/node-fetch)"
74.7.242.54 - - [26/Aug/2026:23:14:25 +0800] "GET /32745/wp-content/uploads/sites/1271/2022/10/3034041526602343750-500x245.jpeg HTTP/1.1" 200 25473 "https://2blog.ilc.edu.tw/32745/2025/11/26/%e6%9c%80%e5%be%8c%e7%9a%84%e7%b4%84%e6%9c%83/" "Mozilla/5.0 AppleWebKit/537.36 (KHTML, like Gecko; compatible; GPTBot/1.4; +https://openai.com/gptbot)"
140.111.67.10 - - [26/Aug/2026:23:14:25 +0800] "GET /" 301 273 "-" "-"
74.7.242.54 - - [26/Aug/2026:23:14:25 +0800] "GET /32745/wp-content/uploads/sites/1271/2022/10/9532942922729031735-500x245.jpeg HTTP/1.1" 200 26068 "https://2blog.ilc.edu.tw/32745/2022/10/12/page/3/" "Mozilla/5.0 AppleWebKit/537.36 (KHTML, like Gecko; compatible; GPTBot/1.4; +https://openai.com/gptbot)"
140.111.67.195 - - [26/Aug/2026:23:14:25 +0800] "GET /wp-admin/admin-post.php?action=steps_ad HTTP/1.1" 200 1649 "-" "node-fetch/1.0 (+https://github.com/bitinn/node-fetch)"
::1 - - [26/Aug/2026:23:14:25 +0800] "OPTIONS * HTTP/1.0" 200 110 "-" "Apache/2.4.68 (Ubuntu) OpenSSL/3.0.19 (internal dummy connection)"
74.7.242.54 - - [26/Aug/2026:23:14:26 +0800] "GET /32745/wp-content/uploads/sites/1271/2022/11/5741475227304675825-500x245.jpeg HTTP/1.1" 200 14488 "https://2blog.ilc.edu.tw/32745/2022/11/12/page/9/" "Mozilla/5.0 AppleWebKit/537.36 (KHTML, like Gecko; compatible; GPTBot/1.4; +https://openai.com/gptbot)"
2409:8714:e95:160:102::8 - - [26/Aug/2026:23:14:26 +0800] "GET /44289/2026/03/01 HTTP/1.1" 301 5767 "-" "Mozilla/5.0 (Windows NT 10.0; Win64; x64) AppleWebKit/537.36 (KHTML, like Gecko) Chrome/144.0.0.0 Safari/537.36"
74.7.242.54 - - [26/Aug/2026:23:14:26 +0800] "GET /32745/wp-content/uploads/sites/1271/2022/11/388030038414881872-480x245.jpeg HTTP/1.1" 200 30728 "https://2blog.ilc.edu.tw/32745/2022/11/30/page/3/" "Mozilla/5.0 AppleWebKit/537.36 (KHTML, like Gecko; compatible; GPTBot/1.4; +https://openai.com/gptbot)"
34.30.223.149 - - [26/Aug/2026:23:14:27 +0800] "GET /6422/2014/12/page/3/ HTTP/1.1" 200 15707 "-" "Mozilla/5.0 (Macintosh; Intel Mac OS X 10_15_7) AppleWebKit/537.36 (KHTML, like Gecko) Chrome/120.0.0.0 Safari/537.36"
74.7.242.54 - - [26/Aug/2026:23:14:27 +0800] "GET /32745/wp-content/uploads/sites/1271/2023/05/1-127-500x245.jpg HTTP/1.1" 200 10640 "https://2blog.ilc.edu.tw/32745/2023/05/12/%e5%90%8c%e6%9e%97%e9%b3%a5/" "Mozilla/5.0 AppleWebKit/537.36 (KHTML, like Gecko; compatible; GPTBot/1.4; +https://openai.com/gptbot)"
74.7.242.54 - - [26/Aug/2026:23:14:27 +0800] "GET /32745/wp-content/uploads/sites/1271/2023/05/1-245-500x245.jpg HTTP/1.1" 200 20235 "https://2blog.ilc.edu.tw/32745/2023/05/28/" "Mozilla/5.0 AppleWebKit/537.36 (KHTML, like Gecko; compatible; GPTBot/1.4; +https://openai.com/gptbot)"
2001:288:a201::66:125 - - [26/Aug/2026:23:14:28 +0800] "GET /blog/active.php HTTP/1.1" 301 1026 "-" "-"
18.214.186.220 - - [26/Aug/2026:23:14:27 +0800] "GET /wp-content/uploads/sites/2322/18278/18278-1541182.gif HTTP/1.1" 200 9846 "-" "Mozilla/5.0 AppleWebKit/537.36 (KHTML, like Gecko; compatible; Amazonbot/0.1; +https://developer.amazon.com/support/amazonbot) Chrome/119.0.6045.214 Safari/537.36"
2001:288:a201::66:125 - - [26/Aug/2026:23:14:28 +0800] "GET /blog/active.php HTTP/1.1" 404 1084 "-" "-"
74.7.242.54 - - [26/Aug/2026:23:14:28 +0800] "GET /32745/wp-content/uploads/sites/1271/2023/12/11-500x245.jpg HTTP/1.1" 200 29034 "https://2blog.ilc.edu.tw/32745/2023/12/11/" "Mozilla/5.0 AppleWebKit/537.36 (KHTML, like Gecko; compatible; GPTBot/1.4; +https://openai.com/gptbot)"
66.249.71.37 - - [26/Aug/2026:23:14:29 +0800] "GET /23475/wp-content/uploads/sites/2040/2023/04/111%E5%85%A8%E6%B0%91%E5%9C%8B%E9%98%B2%E5%9C%8B%E9%9A%9B%E5%B1%80%E5%8B%A2-%E7%83%8F%E4%BF%84%E6%88%B0%E7%88%AD%E8%88%87%E8%A3%B4%E6%B4%9B%E8%A5%BF%E8%A8%AA%E5%8F%B0-6-520x245.jpg HTTP/1.1" 304 5569 "-" "Googlebot-Image/1.0"
36.229.236.22 - - [26/Aug/2026:23:14:29 +0800] "GET / HTTP/1.1" 200 32483 "-" "Mozilla/5.0 (iPhone; CPU iPhone OS 26_6_0 like Mac OS X) AppleWebKit/605.1.15 (KHTML, like Gecko) CriOS/151.0.7922.112 Mobile/15E148 Safari/604.1"
74.7.242.54 - - [26/Aug/2026:23:14:28 +0800] "GET /32745/2021/08/20/%e9%82%a3%e5%a5%b4%e7%81%a3%e5%90%8d%e5%ad%97/ HTTP/1.1" 200 87588 "https://2blog.ilc.edu.tw/32745/2021/08/20/page/2/" "Mozilla/5.0 AppleWebKit/537.36 (KHTML, like Gecko; compatible; GPTBot/1.4; +https://openai.com/gptbot)"
18.213.70.100 - - [26/Aug/2026:23:14:26 +0800] "GET /26150/wp-json/oembed/1.0/embed?format=xml&url=https://2blog.ilc.edu.tw/26150/2016/01/28/%25e3%2580%258c%25e7%2588%25b6%25e6%25af%258d%25e5%25bf%2583-%25e8%25a6%25aa%25e8%2581%25b2%25e8%259c%259c%25e8%25aa%259e%25e3%2580%258d%25e5%25ad%25b8%25e7%25bf%2592%25e5%25b7%25a5%25e4%25bd%259c%25e5%259d%258a%25e6%2596%25bc105%25e5%25b9%25b43%25e6%259c%258826%25e6%2597%25a5%25e8%2587%25b327%25e6%2597%25a5%25e6%2598%259f/ HTTP/1.1" 200 7466 "-" "Mozilla/5.0 AppleWebKit/537.36 (KHTML, like Gecko; compatible; Amazonbot/0.1; +https://developer.amazon.com/support/amazonbot) Chrome/119.0.6045.214 Safari/537.36"
66.249.84.165 - - [26/Aug/2026:23:14:29 +0800] "GET /blog/gallery/3506/previews/3506-2749517.jpg HTTP/1.1" 301 1119 "-" "Mozilla/5.0 (Windows NT 5.1; rv:11.0) Gecko Firefox/11.0 (via ggpht.com GoogleImageProxy)"
66.249.84.165 - - [26/Aug/2026:23:14:29 +0800] "GET /blog/gallery/3506/previews/3506-2749514.jpg HTTP/1.1" 301 1119 "-" "Mozilla/5.0 (Windows NT 5.1; rv:11.0) Gecko Firefox/11.0 (via ggpht.com GoogleImageProxy)"
66.249.84.102 - - [26/Aug/2026:23:14:30 +0800] "GET /blog/gallery/3506/previews/3506-2749514.jpg HTTP/1.1" 404 25463 "-" "Mozilla/5.0 (Windows NT 5.1; rv:11.0) Gecko Firefox/11.0 (via ggpht.com GoogleImageProxy)"
140.111.67.10 - - [26/Aug/2026:23:14:30 +0800] "GET /" 301 273 "-" "-"
66.249.84.102 - - [26/Aug/2026:23:14:30 +0800] "GET /blog/gallery/3506/previews/3506-2749517.jpg HTTP/1.1" 404 25463 "-" "Mozilla/5.0 (Windows NT 5.1; rv:11.0) Gecko Firefox/11.0 (via ggpht.com GoogleImageProxy)"
2001:288:a201::67:82 - - [26/Aug/2026:23:14:28 +0800] "POST /26150/wp-json/oembed/1.0/embed?format=xml&url=https%3A%2F%2F2blog.ilc.edu.tw%2F26150%2F2016%2F01%2F28%2F%25e3%2580%258c%25e7%2588%25b6%25e6%25af%258d%25e5%25bf%2583-%25e8%25a6%25aa%25e8%2581%25b2%25e8%259c%259c%25e8%25aa%259e%25e3%2580%258d%25e5%25ad%25b8%25e7%25bf%2592%25e5%25b7%25a5%25e4%25bd%259c%25e5%259d%258a%25e6%2596%25bc105%25e5%25b9%25b43%25e6%259c%258826%25e6%2597%25a5%25e8%2587%25b327%25e6%2597%25a5%25e6%2598%259f%2F&fsm_edd_37394=c1289529a9bcaa289bc468274e839a84 HTTP/1.1" 404 6088 "-" "WordPress/6.6.7; https://2blog.ilc.edu.tw/26150"
74.7.242.54 - - [26/Aug/2026:23:14:30 +0800] "GET /32745/2020/07/21/%e9%a2%a8%e4%b8%ad%e4%b8%80%e7%b2%92%e6%b2%99/ HTTP/1.1" 200 87814 "https://2blog.ilc.edu.tw/32745/2020/07/11/%e8%a2%81%e5%b0%8f%e8%bf%aa/" "Mozilla/5.0 AppleWebKit/537.36 (KHTML, like Gecko; compatible; GPTBot/1.4; +https://openai.com/gptbot)"
66.249.79.165 - - [26/Aug/2026:23:14:30 +0800] "GET /wp-content/uploads/sites/2736/6540/6540-583349.doc HTTP/1.1" 200 35330 "-" "Mozilla/5.0 (Linux; Android 6.0.1; Nexus 5X Build/MMB29P) AppleWebKit/537.36 (KHTML, like Gecko) Chrome/151.0.7922.173 Mobile Safari/537.36 (compatible; Googlebot/2.1; +http://www.google.com/bot.html)"
74.7.242.54 - - [26/Aug/2026:23:14:31 +0800] "GET /32745/wp-json/oembed/1.0/embed?url=https%3A%2F%2F2blog.ilc.edu.tw%2F32745%2F2021%2F08%2F20%2F%25e9%2582%25a3%25e5%25a5%25b4%25e7%2581%25a3%25e5%2590%258d%25e5%25ad%2597%2F HTTP/1.1" 200 3549 "https://2blog.ilc.edu.tw/32745/2021/08/20/%e9%82%a3%e5%a5%b4%e7%81%a3%e5%90%8d%e5%ad%97/" "Mozilla/5.0 AppleWebKit/537.36 (KHTML, like Gecko; compatible; GPTBot/1.4; +https://openai.com/gptbot)"
66.249.71.169 - - [26/Aug/2026:23:14:31 +0800] "GET /blog/blog/2446/post/6774/722253 HTTP/1.1" 301 1095 "-" "Mozilla/5.0 (Linux; Android 6.0.1; Nexus 5X Build/MMB29P) AppleWebKit/537.36 (KHTML, like Gecko) Chrome/151.0.7922.173 Mobile Safari/537.36 (compatible; Googlebot/2.1; +http://www.google.com/bot.html)"
74.7.242.54 - - [26/Aug/2026:23:14:31 +0800] "GET /32745/wp-json/oembed/1.0/embed?format=xml&url=https%3A%2F%2F2blog.ilc.edu.tw%2F32745%2F2021%2F08%2F20%2F%25e9%2582%25a3%25e5%25a5%25b4%25e7%2581%25a3%25e5%2590%258d%25e5%25ad%2597%2F HTTP/1.1" 200 2315 "https://2blog.ilc.edu.tw/32745/2021/08/20/%e9%82%a3%e5%a5%b4%e7%81%a3%e5%90%8d%e5%ad%97/" "Mozilla/5.0 AppleWebKit/537.36 (KHTML, like Gecko; compatible; GPTBot/1.4; +https://openai.com/gptbot)"
74.7.242.54 - - [26/Aug/2026:23:14:32 +0800] "GET /32745/wp-json/wp/v2/posts/48252 HTTP/1.1" 200 13613 "https://2blog.ilc.edu.tw/32745/2021/08/20/%e9%82%a3%e5%a5%b4%e7%81%a3%e5%90%8d%e5%ad%97/" "Mozilla/5.0 AppleWebKit/537.36 (KHTML, like Gecko; compatible; GPTBot/1.4; +https://openai.com/gptbot)"
2407:4b00:4c01:9f2c:e3f9:8fd2:8ad0:d848 - - [26/Aug/2026:23:14:32 +0800] "GET / HTTP/1.1" 200 23795 "https://www.google.com/" "Mozilla/5.0 (Linux; Android 10; K) AppleWebKit/537.36 (KHTML, like Gecko) Chrome/151.0.0.0 Mobile Safari/537.36"
66.249.79.164 - - [26/Aug/2026:23:14:32 +0800] "GET /blog/blog/2446/post/6774/722253 HTTP/1.1" 404 25470 "-" "Mozilla/5.0 (Linux; Android 6.0.1; Nexus 5X Build/MMB29P) AppleWebKit/537.36 (KHTML, like Gecko) Chrome/151.0.7922.173 Mobile Safari/537.36 (compatible; Googlebot/2.1; +http://www.google.com/bot.html)"
2407:4b00:4c01:9f2c:e3f9:8fd2:8ad0:d848 - - [26/Aug/2026:23:14:32 +0800] "GET /wp-content/cache/www.ljjh.ilc.edu.tw/wpfc-minified/e6e18sv/6vx5.css HTTP/1.1" 200 45695 "https://www.ljjh.ilc.edu.tw/" "Mozilla/5.0 (Linux; Android 10; K) AppleWebKit/537.36 (KHTML, like Gecko) Chrome/151.0.0.0 Mobile Safari/537.36"
2407:4b00:4c01:9f2c:e3f9:8fd2:8ad0:d848 - - [26/Aug/2026:23:14:32 +0800] "GET /wp-content/cache/www.ljjh.ilc.edu.tw/wpfc-minified/lmthhj0k/6vx5.css HTTP/1.1" 200 15786 "https://www.ljjh.ilc.edu.tw/" "Mozilla/5.0 (Linux; Android 10; K) AppleWebKit/537.36 (KHTML, like Gecko) Chrome/151.0.0.0 Mobile Safari/537.36"
2407:4b00:4c01:9f2c:e3f9:8fd2:8ad0:d848 - - [26/Aug/2026:23:14:33 +0800] "GET /wp-content/cache/www.ljjh.ilc.edu.tw/wpfc-minified/7aiyuamq/6vx5.css HTTP/1.1" 200 1161 "https://www.ljjh.ilc.edu.tw/" "Mozilla/5.0 (Linux; Android 10; K) AppleWebKit/537.36 (KHTML, like Gecko) Chrome/151.0.0.0 Mobile Safari/537.36"
2407:4b00:4c01:9f2c:e3f9:8fd2:8ad0:d848 - - [26/Aug/2026:23:14:33 +0800] "GET /wp-content/cache/www.ljjh.ilc.edu.tw/wpfc-minified/d36tmf3p/412xn.css HTTP/1.1" 200 8180 "https://www.ljjh.ilc.edu.tw/" "Mozilla/5.0 (Linux; Android 10; K) AppleWebKit/537.36 (KHTML, like Gecko) Chrome/151.0.0.0 Mobile Safari/537.36"
2407:4b00:4c01:9f2c:e3f9:8fd2:8ad0:d848 - - [26/Aug/2026:23:14:33 +0800] "GET /wp-content/cache/www.ljjh.ilc.edu.tw/wpfc-minified/f5vft39a/412xn.css HTTP/1.1" 200 54317 "https://www.ljjh.ilc.edu.tw/" "Mozilla/5.0 (Linux; Android 10; K) AppleWebKit/537.36 (KHTML, like Gecko) Chrome/151.0.0.0 Mobile Safari/537.36"
2407:4b00:4c01:9f2c:e3f9:8fd2:8ad0:d848 - - [26/Aug/2026:23:14:33 +0800] "GET /wp-content/cache/www.ljjh.ilc.edu.tw/wpfc-minified/8mop01y2/6vx5.js HTTP/1.1" 200 35898 "https://www.ljjh.ilc.edu.tw/" "Mozilla/5.0 (Linux; Android 10; K) AppleWebKit/537.36 (KHTML, like Gecko) Chrome/151.0.0.0 Mobile Safari/537.36"
2407:4b00:4c01:9f2c:e3f9:8fd2:8ad0:d848 - - [26/Aug/2026:23:14:33 +0800] "GET /wp-content/cache/www.ljjh.ilc.edu.tw/wpfc-minified/213m4xqt/6vx5.js HTTP/1.1" 200 8254 "https://www.ljjh.ilc.edu.tw/" "Mozilla/5.0 (Linux; Android 10; K) AppleWebKit/537.36 (KHTML, like Gecko) Chrome/151.0.0.0 Mobile Safari/537.36"
2407:4b00:4c01:9f2c:e3f9:8fd2:8ad0:d848 - - [26/Aug/2026:23:14:33 +0800] "GET /wp-content/uploads/sites/3167/2023/09/%E6%95%AC%E5%B8%AB.jpg HTTP/1.1" 200 76650 "https://www.ljjh.ilc.edu.tw/" "Mozilla/5.0 (Linux; Android 10; K) AppleWebKit/537.36 (KHTML, like Gecko) Chrome/151.0.0.0 Mobile Safari/537.36"
2001:288:a201::66:125 - - [26/Aug/2026:23:14:33 +0800] "GET /blog/active.php HTTP/1.1" 301 1026 "-" "-"
2407:4b00:4c01:9f2c:e3f9:8fd2:8ad0:d848 - - [26/Aug/2026:23:14:33 +0800] "GET /wp-content/uploads/sites/3167/2026/03/logo2.jpg HTTP/1.1" 200 440901 "https://www.ljjh.ilc.edu.tw/" "Mozilla/5.0 (Linux; Android 10; K) AppleWebKit/537.36 (KHTML, like Gecko) Chrome/151.0.0.0 Mobile Safari/537.36"
2001:288:a201::66:125 - - [26/Aug/2026:23:14:33 +0800] "GET /blog/active.php HTTP/1.1" 404 1084 "-" "-"
2407:4b00:4c01:9f2c:e3f9:8fd2:8ad0:d848 - - [26/Aug/2026:23:14:33 +0800] "GET /wp-content/uploads/sites/3167/2024/08/%E6%A8%99%E6%BA%96%E5%AD%97-edited-1536x864.png HTTP/1.1" 200 173484 "https://www.ljjh.ilc.edu.tw/" "Mozilla/5.0 (Linux; Android 10; K) AppleWebKit/537.36 (KHTML, like Gecko) Chrome/151.0.0.0 Mobile Safari/537.36"
240e:910:e000:811::1463 - - [26/Aug/2026:23:14:33 +0800] "-" 408 339 "-" "-"
2407:4b00:4c01:9f2c:e3f9:8fd2:8ad0:d848 - - [26/Aug/2026:23:14:33 +0800] "GET /wp-includes/js/hoverintent-js.min.js HTTP/1.1" 200 1597 "https://www.ljjh.ilc.edu.tw/" "Mozilla/5.0 (Linux; Android 10; K) AppleWebKit/537.36 (KHTML, like Gecko) Chrome/151.0.0.0 Mobile Safari/537.36"
2407:4b00:4c01:9f2c:e3f9:8fd2:8ad0:d848 - - [26/Aug/2026:23:14:33 +0800] "GET /wp-includes/js/admin-bar.min.js HTTP/1.1" 200 2237 "https://www.ljjh.ilc.edu.tw/" "Mozilla/5.0 (Linux; Android 10; K) AppleWebKit/537.36 (KHTML, like Gecko) Chrome/151.0.0.0 Mobile Safari/537.36"
2407:4b00:4c01:9f2c:e3f9:8fd2:8ad0:d848 - - [26/Aug/2026:23:14:33 +0800] "GET /wp-includes/js/imagesloaded.min.js HTTP/1.1" 200 2683 "https://www.ljjh.ilc.edu.tw/" "Mozilla/5.0 (Linux; Android 10; K) AppleWebKit/537.36 (KHTML, like Gecko) Chrome/151.0.0.0 Mobile Safari/537.36"
2407:4b00:4c01:9f2c:e3f9:8fd2:8ad0:d848 - - [26/Aug/2026:23:14:33 +0800] "GET /wp-content/themes/oceanwp/assets/js/theme.min.js HTTP/1.1" 200 5130 "https://www.ljjh.ilc.edu.tw/" "Mozilla/5.0 (Linux; Android 10; K) AppleWebKit/537.36 (KHTML, like Gecko) Chrome/151.0.0.0 Mobile Safari/537.36"
74.7.242.54 - - [26/Aug/2026:23:14:33 +0800] "GET /32745/?p=48252 HTTP/1.1" 301 808 "https://2blog.ilc.edu.tw/32745/2021/08/20/%e9%82%a3%e5%a5%b4%e7%81%a3%e5%90%8d%e5%ad%97/" "Mozilla/5.0 AppleWebKit/537.36 (KHTML, like Gecko; compatible; GPTBot/1.4; +https://openai.com/gptbot)"
240e:f7:4f00:2509::5 - - [26/Aug/2026:23:14:31 +0800] "GET /2020/page/2 HTTP/1.1" 301 5774 "-" "Mozilla/5.0 (Windows NT 10.0; Win64; x64) AppleWebKit/537.36 (KHTML, like Gecko) Chrome/144.0.0.0 Safari/537.36"
2407:4b00:4c01:9f2c:e3f9:8fd2:8ad0:d848 - - [26/Aug/2026:23:14:33 +0800] "GET /wp-content/themes/oceanwp/assets/fonts/simple-line-icons/Simple-Line-Icons.woff2?v=2.4.0 HTTP/1.1" 200 30959 "https://www.ljjh.ilc.edu.tw/wp-content/cache/www.ljjh.ilc.edu.tw/wpfc-minified/f5vft39a/412xn.css" "Mozilla/5.0 (Linux; Android 10; K) AppleWebKit/537.36 (KHTML, like Gecko) Chrome/151.0.0.0 Mobile Safari/537.36"
2407:4b00:4c01:9f2c:e3f9:8fd2:8ad0:d848 - - [26/Aug/2026:23:14:33 +0800] "GET /wp-content/themes/oceanwp/assets/fonts/fontawesome/webfonts/fa-solid-900.woff2 HTTP/1.1" 200 151246 "https://www.ljjh.ilc.edu.tw/wp-content/cache/www.ljjh.ilc.edu.tw/wpfc-minified/f5vft39a/412xn.css" "Mozilla/5.0 (Linux; Android 10; K) AppleWebKit/537.36 (KHTML, like Gecko) Chrome/151.0.0.0 Mobile Safari/537.36"
2407:4b00:4c01:9f2c:e3f9:8fd2:8ad0:d848 - - [26/Aug/2026:23:14:33 +0800] "GET /wp-content/themes/oceanwp/assets/fonts/fontawesome/webfonts/fa-regular-400.woff2 HTTP/1.1" 200 25383 "https://www.ljjh.ilc.edu.tw/wp-content/cache/www.ljjh.ilc.edu.tw/wpfc-minified/f5vft39a/412xn.css" "Mozilla/5.0 (Linux; Android 10; K) AppleWebKit/537.36 (KHTML, like Gecko) Chrome/151.0.0.0 Mobile Safari/537.36"
2407:4b00:4c01:9f2c:e3f9:8fd2:8ad0:d848 - - [26/Aug/2026:23:14:33 +0800] "GET /wp-content/themes/oceanwp/assets/js/drop-down-mobile-menu.min.js HTTP/1.1" 200 4663 "https://www.ljjh.ilc.edu.tw/" "Mozilla/5.0 (Linux; Android 10; K) AppleWebKit/537.36 (KHTML, like Gecko) Chrome/151.0.0.0 Mobile Safari/537.36"
2407:4b00:4c01:9f2c:e3f9:8fd2:8ad0:d848 - - [26/Aug/2026:23:14:33 +0800] "GET /wp-content/themes/oceanwp/assets/js/drop-down-search.min.js HTTP/1.1" 200 2968 "https://www.ljjh.ilc.edu.tw/" "Mozilla/5.0 (Linux; Android 10; K) AppleWebKit/537.36 (KHTML, like Gecko) Chrome/151.0.0.0 Mobile Safari/537.36"
2407:4b00:4c01:9f2c:e3f9:8fd2:8ad0:d848 - - [26/Aug/2026:23:14:33 +0800] "GET /wp-content/uploads/sites/3167/2024/01/%E5%AE%9C%E8%98%AD%E7%B8%A3%E7%AB%8B%E5%88%A9%E6%BE%A4%E5%9C%8B%E6%B0%91%E4%B8%AD%E5%AD%B8-1.png HTTP/1.1" 200 802035 "https://www.ljjh.ilc.edu.tw/" "Mozilla/5.0 (Linux; Android 10; K) AppleWebKit/537.36 (KHTML, like Gecko) Chrome/151.0.0.0 Mobile Safari/537.36"
2407:4b00:4c01:9f2c:e3f9:8fd2:8ad0:d848 - - [26/Aug/2026:23:14:33 +0800] "GET /wp-content/themes/oceanwp/assets/js/ow-lightbox.min.js HTTP/1.1" 200 2321 "https://www.ljjh.ilc.edu.tw/" "Mozilla/5.0 (Linux; Android 10; K) AppleWebKit/537.36 (KHTML, like Gecko) Chrome/151.0.0.0 Mobile Safari/537.36"
2407:4b00:4c01:9f2c:e3f9:8fd2:8ad0:d848 - - [26/Aug/2026:23:14:33 +0800] "GET /wp-content/themes/oceanwp/assets/js/vendors/magnific-popup.min.js HTTP/1.1" 200 8270 "https://www.ljjh.ilc.edu.tw/" "Mozilla/5.0 (Linux; Android 10; K) AppleWebKit/537.36 (KHTML, like Gecko) Chrome/151.0.0.0 Mobile Safari/537.36"
2407:4b00:4c01:9f2c:e3f9:8fd2:8ad0:d848 - - [26/Aug/2026:23:14:33 +0800] "GET /wp-content/themes/oceanwp/assets/js/vendors/flickity.pkgd.min.js HTTP/1.1" 200 15048 "https://www.ljjh.ilc.edu.tw/" "Mozilla/5.0 (Linux; Android 10; K) AppleWebKit/537.36 (KHTML, like Gecko) Chrome/151.0.0.0 Mobile Safari/537.36"
2407:4b00:4c01:9f2c:e3f9:8fd2:8ad0:d848 - - [26/Aug/2026:23:14:33 +0800] "GET /wp-content/themes/oceanwp/assets/js/ow-slider.min.js HTTP/1.1" 200 1761 "https://www.ljjh.ilc.edu.tw/" "Mozilla/5.0 (Linux; Android 10; K) AppleWebKit/537.36 (KHTML, like Gecko) Chrome/151.0.0.0 Mobile Safari/537.36"
2407:4b00:4c01:9f2c:e3f9:8fd2:8ad0:d848 - - [26/Aug/2026:23:14:33 +0800] "GET /wp-content/themes/oceanwp/assets/js/scroll-effect.min.js HTTP/1.1" 200 4127 "https://www.ljjh.ilc.edu.tw/" "Mozilla/5.0 (Linux; Android 10; K) AppleWebKit/537.36 (KHTML, like Gecko) Chrome/151.0.0.0 Mobile Safari/537.36"
2407:4b00:4c01:9f2c:e3f9:8fd2:8ad0:d848 - - [26/Aug/2026:23:14:33 +0800] "GET /wp-content/themes/oceanwp/assets/js/select.min.js HTTP/1.1" 200 2408 "https://www.ljjh.ilc.edu.tw/" "Mozilla/5.0 (Linux; Android 10; K) AppleWebKit/537.36 (KHTML, like Gecko) Chrome/151.0.0.0 Mobile Safari/537.36"
2407:4b00:4c01:9f2c:e3f9:8fd2:8ad0:d848 - - [26/Aug/2026:23:14:33 +0800] "GET /wp-content/themes/oceanwp/assets/js/scroll-top.min.js HTTP/1.1" 200 3202 "https://www.ljjh.ilc.edu.tw/" "Mozilla/5.0 (Linux; Android 10; K) AppleWebKit/537.36 (KHTML, like Gecko) Chrome/151.0.0.0 Mobile Safari/537.36"
2407:4b00:4c01:9f2c:e3f9:8fd2:8ad0:d848 - - [26/Aug/2026:23:14:33 +0800] "GET /wp-content/plugins/ocean-extra/includes/widgets/js/flickr.min.js HTTP/1.1" 200 1319 "https://www.ljjh.ilc.edu.tw/" "Mozilla/5.0 (Linux; Android 10; K) AppleWebKit/537.36 (KHTML, like Gecko) Chrome/151.0.0.0 Mobile Safari/537.36"
240e:f7:4f00:2509::5 - - [26/Aug/2026:23:14:33 +0800] "GET /2020/page/2/ HTTP/1.1" 200 18983 "-" "Mozilla/5.0 (Windows NT 10.0; Win64; x64) AppleWebKit/537.36 (KHTML, like Gecko) Chrome/144.0.0.0 Safari/537.36"
74.7.242.54 - - [26/Aug/2026:23:14:33 +0800] "GET /32745/2022/11/11/%e6%b0%b8%e9%81%a0%e7%ad%89%e4%bd%87%e9%81%90/ HTTP/1.1" 200 87966 "https://2blog.ilc.edu.tw/32745/2020/08/10/%e7%86%b1%e5%82%b7%e9%a2%a8/" "Mozilla/5.0 AppleWebKit/537.36 (KHTML, like Gecko; compatible; GPTBot/1.4; +https://openai.com/gptbot)"
98.83.8.142 - - [26/Aug/2026:23:14:34 +0800] "GET /amy6998/wp-content/uploads/sites/2364/2025/10/1007ggg-300x224.jpg HTTP/1.1" 200 22548 "-" "Mozilla/5.0 AppleWebKit/537.36 (KHTML, like Gecko; compatible; Amazonbot/0.1; +https://developer.amazon.com/support/amazonbot) Chrome/119.0.6045.214 Safari/537.36"
52.225.38.131 - - [26/Aug/2026:23:14:34 +0800] "GET /6509/2017/02/ HTTP/1.1" 200 15117 "-" "Mozilla/5.0 (Macintosh; Intel Mac OS X 10_15_7) AppleWebKit/537.36 (KHTML, like Gecko) Chrome/133.0.0.0 Safari/537.36"
52.225.38.131 - - [26/Aug/2026:23:14:34 +0800] "GET /6509/2011/11/25/%E4%B8%89%E5%B9%B4%E7%B4%9A%E7%89%B9%E8%89%B2%E8%AA%B2%E7%A8%8B%E7%B5%90%E5%90%88%E7%92%B0%E5%A2%83%E6%95%99%E8%82%B2/ HTTP/1.1" 200 15840 "-" "Mozilla/5.0 (Macintosh; Intel Mac OS X 10_15_7) AppleWebKit/605.1.15 (KHTML, like Gecko) Version/16.0 Safari/605.1.15"
240e:f7:4f00:2509::5 - - [26/Aug/2026:23:14:34 +0800] "GET /wp-content/cache/www.cwjh.ilc.edu.tw/wpfc-minified/2mrmz3dm/77dd.css HTTP/1.1" 200 40884 "https://www.cwjh.ilc.edu.tw/2020/page/2/" "Mozilla/5.0 (Windows NT 10.0; Win64; x64) AppleWebKit/537.36 (KHTML, like Gecko) Chrome/144.0.0.0 Safari/537.36"
2407:4b00:4c01:9f2c:e3f9:8fd2:8ad0:d848 - - [26/Aug/2026:23:14:34 +0800] "GET /wp-content/uploads/sites/3167/2021/04/cropped-logo-2-192x192.jpg HTTP/1.1" 200 7831 "https://www.ljjh.ilc.edu.tw/" "Mozilla/5.0 (Linux; Android 10; K) AppleWebKit/537.36 (KHTML, like Gecko) Chrome/151.0.0.0 Mobile Safari/537.36"
2407:4b00:4c01:9f2c:e3f9:8fd2:8ad0:d848 - - [26/Aug/2026:23:14:34 +0800] "GET /wp-content/uploads/sites/3167/2021/04/cropped-logo-2-180x180.jpg HTTP/1.1" 200 7353 "https://www.ljjh.ilc.edu.tw/" "Mozilla/5.0 (Linux; Android 10; K) AppleWebKit/537.36 (KHTML, like Gecko) Chrome/151.0.0.0 Mobile Safari/537.36"
2409:252:95a0:d400:619a:665e:3833:fc89 - - [26/Aug/2026:23:14:35 +0800] "GET /wp-content/uploads/sites/233/1003/1003-2646317.jpg HTTP/1.1" 200 97718 "https://2blog.ilc.edu.tw/1003/2014/08/26/%e5%b0%8f%e4%b8%80%e9%96%8b%e5%ad%b8%e5%80%92%e6%95%b8%e7%ac%ac%e5%85%ad%e5%a4%a9/" "Mozilla/5.0 (iPhone; CPU iPhone OS 26_5_2 like Mac OS X) AppleWebKit/605.1.15 (KHTML, like Gecko) GSA/435.4.965413651 Mobile/15E148 Safari/604.1"
140.111.67.10 - - [26/Aug/2026:23:14:35 +0800] "GET /" 301 273 "-" "-"
74.7.242.54 - - [26/Aug/2026:23:14:34 +0800] "GET /32745/2022/03/13/%e6%b5%81%e6%b5%aa%e5%85%92%e6%88%80%e6%ad%8c/ HTTP/1.1" 200 87729 "https://2blog.ilc.edu.tw/32745/2022/03/13/page/9/" "Mozilla/5.0 AppleWebKit/537.36 (KHTML, like Gecko; compatible; GPTBot/1.4; +https://openai.com/gptbot)"
34.231.118.144 - - [26/Aug/2026:23:14:35 +0800] "GET /wp-content/uploads/sites/1896/elementor/ HTTP/1.1" 200 1115 "-" "Mozilla/5.0 AppleWebKit/537.36 (KHTML, like Gecko; compatible; Amazonbot/0.1; +https://developer.amazon.com/support/amazonbot) Chrome/119.0.6045.214 Safari/537.36"
34.57.162.91 - - [26/Aug/2026:23:14:35 +0800] "GET /wp-content/uploads/sites/2353/6439/6439-2807403.pdf HTTP/1.1" 200 291080 "-" "Mozilla/5.0 (Macintosh; Intel Mac OS X 10_15_7) AppleWebKit/537.36 (KHTML, like Gecko) Chrome/120.0.0.0 Safari/537.36"
74.7.242.54 - - [26/Aug/2026:23:14:36 +0800] "GET /32745/2025/08/02/%e6%83%b3%e4%bd%a0%e7%9a%84%e6%83%85%e6%ad%8c/ HTTP/1.1" 200 87250 "https://2blog.ilc.edu.tw/32745/2025/08/02/" "Mozilla/5.0 AppleWebKit/537.36 (KHTML, like Gecko; compatible; GPTBot/1.4; +https://openai.com/gptbot)"
20.125.101.194 - - [26/Aug/2026:23:14:35 +0800] "GET /26148/wp-content/uploads/sites/1077/2019/10/107%E5%85%89%E5%BE%A9%E7%B0%BD%E8%AD%89.pdf HTTP/1.1" 200 2874465 "-" "Mozilla/5.0 (compatible; MSR-Financial-PDF-Scorer/1.0)"
2408:8719:64:202:39:: - - [26/Aug/2026:23:14:33 +0800] "GET /linkc/2025/07/ HTTP/1.1" 200 18689 "-" "Mozilla/5.0 (Windows NT 10.0; Win64; x64) AppleWebKit/537.36 (KHTML, like Gecko) Chrome/144.0.0.0 Safari/537.36"
2408:8719:64:202:39:: - - [26/Aug/2026:23:14:37 +0800] "GET /linkc/wp-content/cache/2blog.ilc.edu.tw/wpfc-minified/d6lpyb4g/64unz.css HTTP/1.1" 200 40886 "https://2blog.ilc.edu.tw/linkc/2025/07/" "Mozilla/5.0 (Windows NT 10.0; Win64; x64) AppleWebKit/537.36 (KHTML, like Gecko) Chrome/144.0.0.0 Safari/537.36"
2001:288:a201::67:82 - - [26/Aug/2026:23:14:35 +0800] "POST /linkc/2025/07/?fsm_edd_37394=24d226895a1930b5ca404639402d3145 HTTP/1.1" 200 13008 "-" "WordPress/6.6.7; https://2blog.ilc.edu.tw/linkc"
2001:288:a201::66:125 - - [26/Aug/2026:23:14:38 +0800] "GET /blog/active.php HTTP/1.1" 301 1026 "-" "-"
74.7.242.54 - - [26/Aug/2026:23:14:37 +0800] "GET /32745/2026/02/15/%e7%b5%90%e5%ad%90%e9%96%a3%e9%96%8b%e8%8a%b1/ HTTP/1.1" 200 87452 "https://2blog.ilc.edu.tw/32745/2026/02/15/%e6%83%85%e8%b7%af%e9%98%ae%e6%af%8b%e9%a9%9a/" "Mozilla/5.0 AppleWebKit/537.36 (KHTML, like Gecko; compatible; GPTBot/1.4; +https://openai.com/gptbot)"
2001:288:a201::66:125 - - [26/Aug/2026:23:14:38 +0800] "GET /blog/active.php HTTP/1.1" 404 1084 "-" "-"
2408:8719:64:202:39:: - - [26/Aug/2026:23:14:38 +0800] "GET /linkc/wp-content/cache/2blog.ilc.edu.tw/wpfc-minified/6mrq6zn7/64unz.css HTTP/1.1" 200 15782 "https://2blog.ilc.edu.tw/linkc/2025/07/" "Mozilla/5.0 (Windows NT 10.0; Win64; x64) AppleWebKit/537.36 (KHTML, like Gecko) Chrome/144.0.0.0 Safari/537.36"
2408:8719:64:202:39:: - - [26/Aug/2026:23:14:38 +0800] "GET /linkc/wp-content/cache/2blog.ilc.edu.tw/wpfc-minified/77f2up7f/64unz.js HTTP/1.1" 200 8248 "https://2blog.ilc.edu.tw/linkc/2025/07/" "Mozilla/5.0 (Windows NT 10.0; Win64; x64) AppleWebKit/537.36 (KHTML, like Gecko) Chrome/144.0.0.0 Safari/537.36"
2408:8719:64:202:39:: - - [26/Aug/2026:23:14:38 +0800] "GET /linkc/wp-includes/js/hoverintent-js.min.js HTTP/1.1" 200 1597 "https://2blog.ilc.edu.tw/linkc/2025/07/" "Mozilla/5.0 (Windows NT 10.0; Win64; x64) AppleWebKit/537.36 (KHTML, like Gecko) Chrome/144.0.0.0 Safari/537.36"
74.7.242.54 - - [26/Aug/2026:23:14:38 +0800] "GET /32745/2022/05/21/%e7%ad%89%e4%bd%a0%e5%88%b0%e4%bd%95%e6%99%82/ HTTP/1.1" 200 87488 "https://2blog.ilc.edu.tw/32745/2023/06/04/%e6%88%80%e6%88%80%e7%97%b4%e6%83%85%e6%b8%af/" "Mozilla/5.0 AppleWebKit/537.36 (KHTML, like Gecko; compatible; GPTBot/1.4; +https://openai.com/gptbot)"
52.207.47.227 - - [26/Aug/2026:23:14:40 +0800] "GET /wp-content/uploads/sites/634/2020/11/ HTTP/1.1" 200 1112 "-" "Mozilla/5.0 AppleWebKit/537.36 (KHTML, like Gecko; compatible; Amazonbot/0.1; +https://developer.amazon.com/support/amazonbot) Chrome/119.0.6045.214 Safari/537.36"
2408:8719:64:202:39:: - - [26/Aug/2026:23:14:40 +0800] "GET /linkc/wp-content/themes/oceanwp/assets/js/drop-down-search.min.js HTTP/1.1" 200 2968 "https://2blog.ilc.edu.tw/linkc/2025/07/" "Mozilla/5.0 (Windows NT 10.0; Win64; x64) AppleWebKit/537.36 (KHTML, like Gecko) Chrome/144.0.0.0 Safari/537.36"
2408:8719:64:202:39:: - - [26/Aug/2026:23:14:40 +0800] "GET /linkc/wp-content/themes/oceanwp/assets/js/vendors/magnific-popup.min.js HTTP/1.1" 200 8270 "https://2blog.ilc.edu.tw/linkc/2025/07/" "Mozilla/5.0 (Windows NT 10.0; Win64; x64) AppleWebKit/537.36 (KHTML, like Gecko) Chrome/144.0.0.0 Safari/537.36"
140.111.67.10 - - [26/Aug/2026:23:14:40 +0800] "GET /" 301 273 "-" "-"
74.7.242.54 - - [26/Aug/2026:23:14:40 +0800] "GET /32745/2021/10/31/%e6%89%8b%e4%b8%ad%e4%b8%80%e7%b2%92%e6%b2%99/ HTTP/1.1" 200 87556 "https://2blog.ilc.edu.tw/32745/2020/12/26/%e5%82%85%e6%8c%af%e8%bc%9d/" "Mozilla/5.0 AppleWebKit/537.36 (KHTML, like Gecko; compatible; GPTBot/1.4; +https://openai.com/gptbot)"
2408:8719:64:202:39:: - - [26/Aug/2026:23:14:40 +0800] "GET /linkc/wp-content/themes/oceanwp/assets/js/scroll-effect.min.js HTTP/1.1" 200 4127 "https://2blog.ilc.edu.tw/linkc/2025/07/" "Mozilla/5.0 (Windows NT 10.0; Win64; x64) AppleWebKit/537.36 (KHTML, like Gecko) Chrome/144.0.0.0 Safari/537.36"
2408:8719:64:202:39:: - - [26/Aug/2026:23:14:40 +0800] "GET /linkc/wp-content/themes/oceanwp/assets/fonts/fontawesome/webfonts/fa-brands-400.woff2 HTTP/1.1" 200 110924 "https://2blog.ilc.edu.tw/linkc/wp-content/cache/2blog.ilc.edu.tw/wpfc-minified/1z5nufrt/64unz.css" "Mozilla/5.0 (Windows NT 10.0; Win64; x64) AppleWebKit/537.36 (KHTML, like Gecko) Chrome/144.0.0.0 Safari/537.36"
::1 - - [26/Aug/2026:23:14:40 +0800] "OPTIONS * HTTP/1.0" 200 110 "-" "Apache/2.4.68 (Ubuntu) OpenSSL/3.0.19 (internal dummy connection)"
2408:8719:64:202:39:: - - [26/Aug/2026:23:14:41 +0800] "GET /linkc/wp-content/plugins/ocean-extra/includes/widgets/js/flickr.min.js HTTP/1.1" 200 1319 "https://2blog.ilc.edu.tw/linkc/2025/07/" "Mozilla/5.0 (Windows NT 10.0; Win64; x64) AppleWebKit/537.36 (KHTML, like Gecko) Chrome/144.0.0.0 Safari/537.36"
66.249.79.137 - - [26/Aug/2026:23:14:39 +0800] "GET /wp-login.php?action=ilc_logout&_wpnonce=43754d0aad&redirect_to=http://lotos11.ru/creator/9055/ HTTP/1.1" 302 8245 "-" "Mozilla/5.0 (Linux; Android 6.0.1; Nexus 5X Build/MMB29P) AppleWebKit/537.36 (KHTML, like Gecko) Chrome/151.0.7922.173 Mobile Safari/537.36 (compatible; Googlebot/2.1; +http://www.google.com/bot.html)"
74.7.242.54 - - [26/Aug/2026:23:14:41 +0800] "GET /32745/?p=72481 HTTP/1.1" 301 808 "https://2blog.ilc.edu.tw/32745/2022/05/21/%e7%ad%89%e4%bd%a0%e5%88%b0%e4%bd%95%e6%99%82/" "Mozilla/5.0 AppleWebKit/537.36 (KHTML, like Gecko; compatible; GPTBot/1.4; +https://openai.com/gptbot)"
2001:b400:e23c:b43:7c6c:1dff:fea3:a074 - - [26/Aug/2026:23:14:41 +0800] "-" 408 4800 "-" "-"
::1 - - [26/Aug/2026:23:14:41 +0800] "OPTIONS * HTTP/1.0" 200 110 "-" "Apache/2.4.68 (Ubuntu) OpenSSL/3.0.19 (internal dummy connection)"
74.7.242.54 - - [26/Aug/2026:23:14:41 +0800] "GET /32745/wp-json/oembed/1.0/embed?format=xml&url=https%3A%2F%2F2blog.ilc.edu.tw%2F32745%2F2022%2F05%2F21%2F%25e7%25ad%2589%25e4%25bd%25a0%25e5%2588%25b0%25e4%25bd%2595%25e6%2599%2582%2F HTTP/1.1" 200 2325 "https://2blog.ilc.edu.tw/32745/2022/05/21/%e7%ad%89%e4%bd%a0%e5%88%b0%e4%bd%95%e6%99%82/" "Mozilla/5.0 AppleWebKit/537.36 (KHTML, like Gecko; compatible; GPTBot/1.4; +https://openai.com/gptbot)"
98.83.178.66 - - [26/Aug/2026:23:14:42 +0800] "GET /amy6998/wp-json/wp/v2/tags?post=26277 HTTP/1.1" 200 6013 "-" "Mozilla/5.0 AppleWebKit/537.36 (KHTML, like Gecko; compatible; Amazonbot/0.1; +https://developer.amazon.com/support/amazonbot) Chrome/119.0.6045.214 Safari/537.36"
74.7.242.54 - - [26/Aug/2026:23:14:42 +0800] "GET /32745/wp-json/wp/v2/posts/72481 HTTP/1.1" 200 13016 "https://2blog.ilc.edu.tw/32745/2022/05/21/%e7%ad%89%e4%bd%a0%e5%88%b0%e4%bd%95%e6%99%82/" "Mozilla/5.0 AppleWebKit/537.36 (KHTML, like Gecko; compatible; GPTBot/1.4; +https://openai.com/gptbot)"
::1 - - [26/Aug/2026:23:14:42 +0800] "OPTIONS * HTTP/1.0" 200 110 "-" "Apache/2.4.68 (Ubuntu) OpenSSL/3.0.19 (internal dummy connection)"
2001:288:a201::66:125 - - [26/Aug/2026:23:14:43 +0800] "GET /blog/active.php HTTP/1.1" 301 1026 "-" "-"
2001:288:a201::66:125 - - [26/Aug/2026:23:14:43 +0800] "GET /blog/active.php HTTP/1.1" 404 1084 "-" "-"
54.164.106.236 - - [26/Aug/2026:23:14:43 +0800] "GET /wp-content/uploads/sites/2581/2020/ HTTP/1.1" 200 1151 "-" "Mozilla/5.0 AppleWebKit/537.36 (KHTML, like Gecko; compatible; Amazonbot/0.1; +https://developer.amazon.com/support/amazonbot) Chrome/119.0.6045.214 Safari/537.36"
74.7.242.54 - - [26/Aug/2026:23:14:43 +0800] "GET /32745/wp-json/oembed/1.0/embed?url=https%3A%2F%2F2blog.ilc.edu.tw%2F32745%2F2022%2F05%2F21%2F%25e7%25ad%2589%25e4%25bd%25a0%25e5%2588%25b0%25e4%25bd%2595%25e6%2599%2582%2F HTTP/1.1" 200 3549 "https://2blog.ilc.edu.tw/32745/2022/05/21/%e7%ad%89%e4%bd%a0%e5%88%b0%e4%bd%95%e6%99%82/" "Mozilla/5.0 AppleWebKit/537.36 (KHTML, like Gecko; compatible; GPTBot/1.4; +https://openai.com/gptbot)"
140.111.67.195 - - [26/Aug/2026:23:14:43 +0800] "GET /wp-admin/admin-post.php?action=steps_ad HTTP/1.1" 200 1973 "-" "node-fetch/1.0 (+https://github.com/bitinn/node-fetch)"
::1 - - [26/Aug/2026:23:14:43 +0800] "OPTIONS * HTTP/1.0" 200 110 "-" "Apache/2.4.68 (Ubuntu) OpenSSL/3.0.19 (internal dummy connection)"
66.249.79.163 - - [26/Aug/2026:23:14:44 +0800] "GET /wp-content/uploads/sites/207/6043/6043-2874949.jpg HTTP/1.1" 200 27323 "-" "Googlebot-Image/1.0"
74.7.242.54 - - [26/Aug/2026:23:14:43 +0800] "GET /32745/2020/08/15/%e7%88%b6%e5%ad%90%e6%b5%81%e6%b5%aa%e8%a8%98/ HTTP/1.1" 200 87883 "https://2blog.ilc.edu.tw/32745/2020/08/15/page/2/" "Mozilla/5.0 AppleWebKit/537.36 (KHTML, like Gecko; compatible; GPTBot/1.4; +https://openai.com/gptbot)"
::1 - - [26/Aug/2026:23:14:44 +0800] "OPTIONS * HTTP/1.0" 200 110 "-" "Apache/2.4.68 (Ubuntu) OpenSSL/3.0.19 (internal dummy connection)"
140.111.67.195 - - [26/Aug/2026:23:14:44 +0800] "GET /wp-admin/admin-post.php?action=steps_ad HTTP/1.1" 200 1649 "-" "node-fetch/1.0 (+https://github.com/bitinn/node-fetch)"
34.42.229.145 - - [26/Aug/2026:23:14:44 +0800] "GET /32745/wp-json/wp/v2/posts/114913 HTTP/1.1" 200 16128 "-" "Mozilla/5.0 (Macintosh; Intel Mac OS X 10_15_7) AppleWebKit/537.36 (KHTML, like Gecko) Chrome/120.0.0.0 Safari/537.36"
74.7.242.54 - - [26/Aug/2026:23:14:44 +0800] "GET /32745/2025/02/28/%e6%88%91%e7%9a%84%e5%bf%83%e5%b7%b2%e7%b6%93%e7%a2%8e-2/ HTTP/1.1" 200 87232 "https://2blog.ilc.edu.tw/32745/2025/02/28/page/6/" "Mozilla/5.0 AppleWebKit/537.36 (KHTML, like Gecko; compatible; GPTBot/1.4; +https://openai.com/gptbot)"
140.111.67.10 - - [26/Aug/2026:23:14:45 +0800] "GET /" 301 273 "-" "-"
::1 - - [26/Aug/2026:23:14:45 +0800] "OPTIONS * HTTP/1.0" 200 110 "-" "Apache/2.4.68 (Ubuntu) OpenSSL/3.0.19 (internal dummy connection)"
74.7.242.54 - - [26/Aug/2026:23:14:46 +0800] "GET /32745/2022/10/21/%e4%bd%a0%e6%98%af%e6%88%91%e7%9a%84%e6%80%a7%e5%91%bd-3/ HTTP/1.1" 200 87456 "https://2blog.ilc.edu.tw/32745/2022/10/21/page/4/" "Mozilla/5.0 AppleWebKit/537.36 (KHTML, like Gecko; compatible; GPTBot/1.4; +https://openai.com/gptbot)"
52.167.144.18 - - [26/Aug/2026:23:14:44 +0800] "GET /26150/2020/02/05/ HTTP/1.1" 200 21604 "-" "Mozilla/5.0 AppleWebKit/537.36 (KHTML, like Gecko; compatible; bingbot/2.0; +http://www.bing.com/bingbot.htm) Chrome/116.0.1938.76 Safari/537.36"
::1 - - [26/Aug/2026:23:14:46 +0800] "OPTIONS * HTTP/1.0" 200 110 "-" "Apache/2.4.68 (Ubuntu) OpenSSL/3.0.19 (internal dummy connection)"
74.7.242.54 - - [26/Aug/2026:23:14:47 +0800] "GET /32745/wp-content/uploads/sites/1271/2021/10/safe_image-25-8-500x245.jpeg HTTP/1.1" 200 12369 "https://2blog.ilc.edu.tw/32745/2020/08/06/%e6%84%9b%e8%91%97%e8%bc%83%e6%85%98%e6%ad%bb/" "Mozilla/5.0 AppleWebKit/537.36 (KHTML, like Gecko; compatible; GPTBot/1.4; +https://openai.com/gptbot)"
44.194.134.53 - - [26/Aug/2026:23:14:46 +0800] "GET /wp-content/uploads/sites/2690/6505/6505-1060157.jpg HTTP/1.1" 200 613068 "-" "Mozilla/5.0 AppleWebKit/537.36 (KHTML, like Gecko; compatible; Amazonbot/0.1; +https://developer.amazon.com/support/amazonbot) Chrome/119.0.6045.214 Safari/537.36"
66.249.79.137 - - [26/Aug/2026:23:14:46 +0800] "GET /wp-login.php?action=ilc_logout&_wpnonce=43754d0aad&redirect_to=http://npatterns.ru/job/79118/ HTTP/1.1" 302 8244 "-" "Mozilla/5.0 (Linux; Android 6.0.1; Nexus 5X Build/MMB29P) AppleWebKit/537.36 (KHTML, like Gecko) Chrome/151.0.7922.173 Mobile Safari/537.36 (compatible; Googlebot/2.1; +http://www.google.com/bot.html)"
74.7.242.54 - - [26/Aug/2026:23:14:47 +0800] "GET /32745/wp-content/uploads/sites/1271/2026/01/1-247-500x245.jpeg HTTP/1.1" 200 17580 "https://2blog.ilc.edu.tw/32745/2020/08/06/%e6%84%9b%e8%91%97%e8%bc%83%e6%85%98%e6%ad%bb/" "Mozilla/5.0 AppleWebKit/537.36 (KHTML, like Gecko; compatible; GPTBot/1.4; +https://openai.com/gptbot)"
2408:8649:2300:7e::2 - - [26/Aug/2026:23:14:48 +0800] "GET / HTTP/1.1" 200 21597 "-" "Mozilla/5.0 (Windows NT 10.0; Win64; x64) AppleWebKit/537.36 (KHTML, like Gecko) Chrome/144.0.0.0 Safari/537.36"
2001:288:a201::66:125 - - [26/Aug/2026:23:14:48 +0800] "GET /blog/active.php HTTP/1.1" 301 1026 "-" "-"
2001:288:a201::66:125 - - [26/Aug/2026:23:14:48 +0800] "GET /blog/active.php HTTP/1.1" 404 1084 "-" "-"
74.7.242.54 - - [26/Aug/2026:23:14:48 +0800] "GET /32745/wp-content/uploads/sites/1271/2020/08/safe_image-47-2-480x245.jpg HTTP/1.1" 200 11810 "https://2blog.ilc.edu.tw/32745/2020/08/06/%e6%84%9b%e8%91%97%e8%bc%83%e6%85%98%e6%ad%bb/" "Mozilla/5.0 AppleWebKit/537.36 (KHTML, like Gecko; compatible; GPTBot/1.4; +https://openai.com/gptbot)"
2408:8649:2300:7e::2 - - [26/Aug/2026:23:14:48 +0800] "GET /wp-content/cache/www.wjes.ilc.edu.tw/wpfc-minified/esbdiskh/6whr.css HTTP/1.1" 200 40884 "https://www.wjes.ilc.edu.tw/" "Mozilla/5.0 (Windows NT 10.0; Win64; x64) AppleWebKit/537.36 (KHTML, like Gecko) Chrome/144.0.0.0 Safari/537.36"
::1 - - [26/Aug/2026:23:14:48 +0800] "OPTIONS * HTTP/1.0" 200 110 "-" "Apache/2.4.68 (Ubuntu) OpenSSL/3.0.19 (internal dummy connection)"
74.7.242.54 - - [26/Aug/2026:23:14:49 +0800] "GET /32745/wp-json/wp/v2/posts/48252 HTTP/1.1" 200 13613 "https://2blog.ilc.edu.tw/32745/2021/08/20/%e9%82%a3%e5%a5%b4%e7%81%a3%e5%90%8d%e5%ad%97/" "Mozilla/5.0 AppleWebKit/537.36 (KHTML, like Gecko; compatible; GPTBot/1.4; +https://openai.com/gptbot)"
2408:8649:2300:7e::2 - - [26/Aug/2026:23:14:49 +0800] "GET /wp-content/cache/www.wjes.ilc.edu.tw/wpfc-minified/1n0ay2w8/6whr.css HTTP/1.1" 200 1157 "https://www.wjes.ilc.edu.tw/" "Mozilla/5.0 (Windows NT 10.0; Win64; x64) AppleWebKit/537.36 (KHTML, like Gecko) Chrome/144.0.0.0 Safari/537.36"
66.249.79.137 - - [26/Aug/2026:23:14:47 +0800] "GET /wp-login.php?action=ilc_logout&_wpnonce=43754d0aad&redirect_to=http://victorymafia.ru/creator/85329/ HTTP/1.1" 302 3466 "-" "Mozilla/5.0 (Linux; Android 6.0.1; Nexus 5X Build/MMB29P) AppleWebKit/537.36 (KHTML, like Gecko) Chrome/151.0.7922.173 Mobile Safari/537.36 (compatible; Googlebot/2.1; +http://www.google.com/bot.html)"
2408:8649:2300:7e::2 - - [26/Aug/2026:23:14:49 +0800] "GET /wp-content/cache/www.wjes.ilc.edu.tw/wpfc-minified/1cb4vxzw/7jn0.css HTTP/1.1" 200 87448 "https://www.wjes.ilc.edu.tw/" "Mozilla/5.0 (Windows NT 10.0; Win64; x64) AppleWebKit/537.36 (KHTML, like Gecko) Chrome/144.0.0.0 Safari/537.36"
74.7.242.54 - - [26/Aug/2026:23:14:49 +0800] "GET /32745/wp-content/uploads/sites/1271/2021/08/safe_image-2-12.png HTTP/1.1" 200 131889 "https://2blog.ilc.edu.tw/32745/wp-json/oembed/1.0/embed?format=xml&url=https%3A%2F%2F2blog.ilc.edu.tw%2F32745%2F2021%2F08%2F20%2F%25e9%2582%25a3%25e5%25a5%25b4%25e7%2581%25a3%25e5%2590%258d%25e5%25ad%2597%2F" "Mozilla/5.0 AppleWebKit/537.36 (KHTML, like Gecko; compatible; GPTBot/1.4; +https://openai.com/gptbot)"
2408:8649:2300:7e::2 - - [26/Aug/2026:23:14:50 +0800] "GET /wp-includes/js/hoverintent-js.min.js HTTP/1.1" 200 1597 "https://www.wjes.ilc.edu.tw/" "Mozilla/5.0 (Windows NT 10.0; Win64; x64) AppleWebKit/537.36 (KHTML, like Gecko) Chrome/144.0.0.0 Safari/537.36"
140.111.67.10 - - [26/Aug/2026:23:14:50 +0800] "GET /" 301 273 "-" "-"
74.7.242.54 - - [26/Aug/2026:23:14:50 +0800] "GET /32745/wp-json/wp/v2/posts/80452 HTTP/1.1" 200 26877 "https://2blog.ilc.edu.tw/32745/2022/11/11/%e6%b0%b8%e9%81%a0%e7%ad%89%e4%bd%87%e9%81%90/" "Mozilla/5.0 AppleWebKit/537.36 (KHTML, like Gecko; compatible; GPTBot/1.4; +https://openai.com/gptbot)"
2408:8649:2300:7e::2 - - [26/Aug/2026:23:14:50 +0800] "GET /wp-includes/js/admin-bar.min.js HTTP/1.1" 200 2237 "https://www.wjes.ilc.edu.tw/" "Mozilla/5.0 (Windows NT 10.0; Win64; x64) AppleWebKit/537.36 (KHTML, like Gecko) Chrome/144.0.0.0 Safari/537.36"
::1 - - [26/Aug/2026:23:14:50 +0800] "OPTIONS * HTTP/1.0" 200 110 "-" "Apache/2.4.68 (Ubuntu) OpenSSL/3.0.19 (internal dummy connection)"
2408:8649:2300:7e::2 - - [26/Aug/2026:23:14:51 +0800] "GET /wp-includes/js/imagesloaded.min.js HTTP/1.1" 200 2683 "https://www.wjes.ilc.edu.tw/" "Mozilla/5.0 (Windows NT 10.0; Win64; x64) AppleWebKit/537.36 (KHTML, like Gecko) Chrome/144.0.0.0 Safari/537.36"
74.7.242.54 - - [26/Aug/2026:23:14:51 +0800] "GET /32745/wp-json/wp/v2/posts/66572 HTTP/1.1" 200 16780 "https://2blog.ilc.edu.tw/32745/2022/03/13/%e6%b5%81%e6%b5%aa%e5%85%92%e6%88%80%e6%ad%8c/" "Mozilla/5.0 AppleWebKit/537.36 (KHTML, like Gecko; compatible; GPTBot/1.4; +https://openai.com/gptbot)"
2408:8649:2300:7e::2 - - [26/Aug/2026:23:14:51 +0800] "GET /wp-content/themes/oceanwp/assets/fonts/fontawesome/webfonts/fa-solid-900.woff2 HTTP/1.1" 200 151246 "https://www.wjes.ilc.edu.tw/wp-content/cache/www.wjes.ilc.edu.tw/wpfc-minified/1cb4vxzw/7jn0.css" "Mozilla/5.0 (Windows NT 10.0; Win64; x64) AppleWebKit/537.36 (KHTML, like Gecko) Chrome/144.0.0.0 Safari/537.36"
34.123.149.87 - - [26/Aug/2026:23:14:51 +0800] "GET /6472/2019/11/19/108_%E4%BA%8C-2%E5%AE%9C%E8%98%AD%E7%B8%A3%E7%92%B0%E4%BF%9D%E5%B1%80-%E6%B0%B4%E5%9C%9F%E4%BF%9D%E6%8C%81-pdf/ HTTP/1.1" 200 15023 "-" "Mozilla/5.0 (Macintosh; Intel Mac OS X 10_15_7) AppleWebKit/537.36 (KHTML, like Gecko) Chrome/120.0.0.0 Safari/537.36"
49.216.173.20 - - [26/Aug/2026:23:14:51 +0800] "GET /wp-content/cache/www.tcjh.ilc.edu.tw/wpfc-minified/9l899bzc/72gq.css HTTP/1.1" 200 45685 "https://www.tcjh.ilc.edu.tw/" "Mozilla/5.0 (iPhone; CPU iPhone OS 26_6_1 like Mac OS X) AppleWebKit/605.1.15 (KHTML, like Gecko) CriOS/152.0.7977.40 Mobile/15E148 Safari/604.1"
49.216.173.20 - - [26/Aug/2026:23:14:51 +0800] "GET /wp-includes/js/dist/hooks.min.js HTTP/1.1" 200 2421 "https://www.tcjh.ilc.edu.tw/" "Mozilla/5.0 (iPhone; CPU iPhone OS 26_6_1 like Mac OS X) AppleWebKit/605.1.15 (KHTML, like Gecko) CriOS/152.0.7977.40 Mobile/15E148 Safari/604.1"
49.216.173.20 - - [26/Aug/2026:23:14:51 +0800] "GET /wp-includes/js/dist/i18n.min.js HTTP/1.1" 200 4547 "https://www.tcjh.ilc.edu.tw/" "Mozilla/5.0 (iPhone; CPU iPhone OS 26_6_1 like Mac OS X) AppleWebKit/605.1.15 (KHTML, like Gecko) CriOS/152.0.7977.40 Mobile/15E148 Safari/604.1"
74.7.242.54 - - [26/Aug/2026:23:14:51 +0800] "GET /32745/wp-json/oembed/1.0/embed?url=https%3A%2F%2F2blog.ilc.edu.tw%2F32745%2F2022%2F11%2F11%2F%25e6%25b0%25b8%25e9%2581%25a0%25e7%25ad%2589%25e4%25bd%2587%25e9%2581%2590%2F HTTP/1.1" 200 3554 "https://2blog.ilc.edu.tw/32745/2022/11/11/%e6%b0%b8%e9%81%a0%e7%ad%89%e4%bd%87%e9%81%90/" "Mozilla/5.0 AppleWebKit/537.36 (KHTML, like Gecko; compatible; GPTBot/1.4; +https://openai.com/gptbot)"
49.216.173.20 - - [26/Aug/2026:23:14:51 +0800] "GET /wp-content/cache/www.tcjh.ilc.edu.tw/wpfc-minified/g4l5gd3y/72gq.css HTTP/1.1" 200 5958 "https://www.tcjh.ilc.edu.tw/" "Mozilla/5.0 (iPhone; CPU iPhone OS 26_6_1 like Mac OS X) AppleWebKit/605.1.15 (KHTML, like Gecko) CriOS/152.0.7977.40 Mobile/15E148 Safari/604.1"
49.216.173.20 - - [26/Aug/2026:23:14:51 +0800] "GET /wp-content/plugins/elementor/assets/lib/waypoints/waypoints.min.js HTTP/1.1" 200 3873 "https://www.tcjh.ilc.edu.tw/" "Mozilla/5.0 (iPhone; CPU iPhone OS 26_6_1 like Mac OS X) AppleWebKit/605.1.15 (KHTML, like Gecko) CriOS/152.0.7977.40 Mobile/15E148 Safari/604.1"
49.216.173.20 - - [26/Aug/2026:23:14:51 +0800] "GET /wp-content/themes/hueman/assets/front/webfonts/fa-regular-400.woff2?v=5.15.2 HTTP/1.1" 200 19240 "https://www.tcjh.ilc.edu.tw/" "Mozilla/5.0 (iPhone; CPU iPhone OS 26_6_1 like Mac OS X) AppleWebKit/605.1.15 (KHTML, like Gecko) CriOS/152.0.7977.40 Mobile/15E148 Safari/604.1"
2408:8649:2300:7e::2 - - [26/Aug/2026:23:14:51 +0800] "GET /wp-content/themes/oceanwp/assets/js/scroll-top.min.js HTTP/1.1" 200 3202 "https://www.wjes.ilc.edu.tw/" "Mozilla/5.0 (Windows NT 10.0; Win64; x64) AppleWebKit/537.36 (KHTML, like Gecko) Chrome/144.0.0.0 Safari/537.36"
49.216.173.20 - - [26/Aug/2026:23:14:51 +0800] "GET /wp-content/themes/hueman/assets/front/fonts/titillium-regular-webfont.woff HTTP/1.1" 200 30391 "https://www.tcjh.ilc.edu.tw/" "Mozilla/5.0 (iPhone; CPU iPhone OS 26_6_1 like Mac OS X) AppleWebKit/605.1.15 (KHTML, like Gecko) CriOS/152.0.7977.40 Mobile/15E148 Safari/604.1"
49.216.173.20 - - [26/Aug/2026:23:14:51 +0800] "GET /wp-includes/js/hoverintent-js.min.js HTTP/1.1" 200 6398 "https://www.tcjh.ilc.edu.tw/" "Mozilla/5.0 (iPhone; CPU iPhone OS 26_6_1 like Mac OS X) AppleWebKit/605.1.15 (KHTML, like Gecko) CriOS/152.0.7977.40 Mobile/15E148 Safari/604.1"
49.216.173.20 - - [26/Aug/2026:23:14:51 +0800] "GET /wp-content/plugins/elementor/assets/js/webpack.runtime.min.js HTTP/1.1" 200 7896 "https://www.tcjh.ilc.edu.tw/" "Mozilla/5.0 (iPhone; CPU iPhone OS 26_6_1 like Mac OS X) AppleWebKit/605.1.15 (KHTML, like Gecko) CriOS/152.0.7977.40 Mobile/15E148 Safari/604.1"
49.216.173.20 - - [26/Aug/2026:23:14:51 +0800] "GET /wp-includes/js/jquery/ui/core.min.js HTTP/1.1" 200 7986 "https://www.tcjh.ilc.edu.tw/" "Mozilla/5.0 (iPhone; CPU iPhone OS 26_6_1 like Mac OS X) AppleWebKit/605.1.15 (KHTML, like Gecko) CriOS/152.0.7977.40 Mobile/15E148 Safari/604.1"
49.216.173.20 - - [26/Aug/2026:23:14:51 +0800] "GET /wp-content/plugins/elementor-pro/assets/js/elements-handlers.min.js HTTP/1.1" 200 10882 "https://www.tcjh.ilc.edu.tw/" "Mozilla/5.0 (iPhone; CPU iPhone OS 26_6_1 like Mac OS X) AppleWebKit/605.1.15 (KHTML, like Gecko) CriOS/152.0.7977.40 Mobile/15E148 Safari/604.1"
49.216.173.20 - - [26/Aug/2026:23:14:51 +0800] "GET /wp-content/themes/hueman/assets/front/fonts/titillium-light-webfont.svg HTTP/1.1" 200 56952 "https://www.tcjh.ilc.edu.tw/" "Mozilla/5.0 (iPhone; CPU iPhone OS 26_6_1 like Mac OS X) AppleWebKit/605.1.15 (KHTML, like Gecko) CriOS/152.0.7977.40 Mobile/15E148 Safari/604.1"
49.216.173.20 - - [26/Aug/2026:23:14:51 +0800] "GET /wp-includes/js/underscore.min.js HTTP/1.1" 200 8191 "https://www.tcjh.ilc.edu.tw/" "Mozilla/5.0 (iPhone; CPU iPhone OS 26_6_1 like Mac OS X) AppleWebKit/605.1.15 (KHTML, like Gecko) CriOS/152.0.7977.40 Mobile/15E148 Safari/604.1"
49.216.173.20 - - [26/Aug/2026:23:14:51 +0800] "GET /wp-content/themes/hueman/assets/front/fonts/titillium-regular-webfont.svg HTTP/1.1" 200 57056 "https://www.tcjh.ilc.edu.tw/" "Mozilla/5.0 (iPhone; CPU iPhone OS 26_6_1 like Mac OS X) AppleWebKit/605.1.15 (KHTML, like Gecko) CriOS/152.0.7977.40 Mobile/15E148 Safari/604.1"
34.171.68.95 - - [26/Aug/2026:23:14:51 +0800] "GET /?p=729 HTTP/1.1" 301 5816 "-" "Mozilla/5.0 (Macintosh; Intel Mac OS X 10_15_7) AppleWebKit/537.36 (KHTML, like Gecko) Chrome/120.0.0.0 Safari/537.36"
49.216.173.20 - - [26/Aug/2026:23:14:52 +0800] "GET /wp-content/uploads/sites/823/2026/04/S__29622283.jpg HTTP/1.1" 200 117638 "https://www.tcjh.ilc.edu.tw/" "Mozilla/5.0 (iPhone; CPU iPhone OS 26_6_1 like Mac OS X) AppleWebKit/605.1.15 (KHTML, like Gecko) CriOS/152.0.7977.40 Mobile/15E148 Safari/604.1"
74.7.242.54 - - [26/Aug/2026:23:14:52 +0800] "GET /32745/2026/01/24/%e4%bd%a0%e6%98%af%e6%88%91%e7%9a%84%e4%b8%80%e5%8d%8a-2/ HTTP/1.1" 200 87861 "https://2blog.ilc.edu.tw/32745/2026/01/24/page/2/" "Mozilla/5.0 AppleWebKit/537.36 (KHTML, like Gecko; compatible; GPTBot/1.4; +https://openai.com/gptbot)"
49.216.173.20 - - [26/Aug/2026:23:14:52 +0800] "GET /wp-content/uploads/sites/823/2026/04/S__29622282.jpg HTTP/1.1" 200 112784 "https://www.tcjh.ilc.edu.tw/" "Mozilla/5.0 (iPhone; CPU iPhone OS 26_6_1 like Mac OS X) AppleWebKit/605.1.15 (KHTML, like Gecko) CriOS/152.0.7977.40 Mobile/15E148 Safari/604.1"
192.178.8.128 - - [26/Aug/2026:23:14:52 +0800] "GET /blog/gallery/868/previews/868-3248303.jpg HTTP/1.1" 404 25463 "-" "Mozilla/5.0 (Windows NT 5.1; rv:11.0) Gecko Firefox/11.0 (via ggpht.com GoogleImageProxy)"
2408:8649:2300:7e::2 - - [26/Aug/2026:23:14:52 +0800] "GET /wp-content/plugins/elementor/assets/js/frontend-modules.min.js HTTP/1.1" 200 19416 "https://www.wjes.ilc.edu.tw/" "Mozilla/5.0 (Windows NT 10.0; Win64; x64) AppleWebKit/537.36 (KHTML, like Gecko) Chrome/144.0.0.0 Safari/537.36"
49.216.173.20 - - [26/Aug/2026:23:14:52 +0800] "GET /wp-content/uploads/sites/823/2026/04/S__29442052_0.jpg HTTP/1.1" 200 135790 "https://www.tcjh.ilc.edu.tw/" "Mozilla/5.0 (iPhone; CPU iPhone OS 26_6_1 like Mac OS X) AppleWebKit/605.1.15 (KHTML, like Gecko) CriOS/152.0.7977.40 Mobile/15E148 Safari/604.1"
49.216.173.20 - - [26/Aug/2026:23:14:52 +0800] "GET /wp-content/uploads/sites/823/2023/03/%E5%81%87%E6%B1%82%E8%81%B72.jpg HTTP/1.1" 200 88344 "https://www.tcjh.ilc.edu.tw/" "Mozilla/5.0 (iPhone; CPU iPhone OS 26_6_1 like Mac OS X) AppleWebKit/605.1.15 (KHTML, like Gecko) CriOS/152.0.7977.40 Mobile/15E148 Safari/604.1"
49.216.173.20 - - [26/Aug/2026:23:14:52 +0800] "GET /wp-content/uploads/sites/823/2023/03/%E8%A7%A3%E9%99%A4%E5%88%86%E6%9C%9F%E4%BB%98%E6%AC%BE2.png HTTP/1.1" 200 102927 "https://www.tcjh.ilc.edu.tw/" "Mozilla/5.0 (iPhone; CPU iPhone OS 26_6_1 like Mac OS X) AppleWebKit/605.1.15 (KHTML, like Gecko) CriOS/152.0.7977.40 Mobile/15E148 Safari/604.1"
49.216.173.20 - - [26/Aug/2026:23:14:52 +0800] "GET /wp-content/uploads/sites/823/2023/03/%E8%89%B2%E6%83%85%E6%87%89%E5%8F%AC%E8%A9%90%E9%A8%99%E8%A7%A3%E5%AF%86-1.jpg HTTP/1.1" 200 78226 "https://www.tcjh.ilc.edu.tw/" "Mozilla/5.0 (iPhone; CPU iPhone OS 26_6_1 like Mac OS X) AppleWebKit/605.1.15 (KHTML, like Gecko) CriOS/152.0.7977.40 Mobile/15E148 Safari/604.1"
49.216.173.20 - - [26/Aug/2026:23:14:52 +0800] "GET /wp-content/uploads/sites/823/2025/11/%E4%B8%8D%E8%BF%B7%E5%B0%8F%E7%B4%85%E6%9B%B8.jpg HTTP/1.1" 200 19105 "https://www.tcjh.ilc.edu.tw/" "Mozilla/5.0 (iPhone; CPU iPhone OS 26_6_1 like Mac OS X) AppleWebKit/605.1.15 (KHTML, like Gecko) CriOS/152.0.7977.40 Mobile/15E148 Safari/604.1"
49.216.173.20 - - [26/Aug/2026:23:14:52 +0800] "GET /wp-content/plugins/elementor/assets/lib/swiper/v8/swiper.min.js?ver=8.4.5 HTTP/1.1" 200 40708 "https://www.tcjh.ilc.edu.tw/" "Mozilla/5.0 (iPhone; CPU iPhone OS 26_6_1 like Mac OS X) AppleWebKit/605.1.15 (KHTML, like Gecko) CriOS/152.0.7977.40 Mobile/15E148 Safari/604.1"
