36.229.241.48 - - [26/Aug/2026:23:18:48 +0800] "GET /wp-content/uploads/sites/1678/2024/11/%E8%AA%B2%E7%A8%8B%E8%A8%88%E7%95%AB%E5%9C%96.png HTTP/1.1" 200 636515 "https://www.nses.ilc.edu.tw/" "Mozilla/5.0 (iPhone; CPU iPhone OS 17_3_1 like Mac OS X) AppleWebKit/605.1.15 (KHTML, like Gecko) Version/17.3.1 Mobile/15E148 Safari/604.1"
2409:8c7a:da12:b::f7 - - [26/Aug/2026:23:18:48 +0800] "GET /17160/wp-includes/js/jquery/jquery-migrate.min.js HTTP/1.1" 200 5752 "https://2blog.ilc.edu.tw/17160/2019/page/5/" "Mozilla/5.0 (Windows NT 10.0; Win64; x64) AppleWebKit/537.36 (KHTML, like Gecko) Chrome/144.0.0.0 Safari/537.36"
36.229.241.48 - - [26/Aug/2026:23:18:48 +0800] "GET /wp-content/uploads/sites/1678/2024/09/%E7%9B%B8%E7%B0%BF%E5%9C%96.png HTTP/1.1" 200 146519 "https://www.nses.ilc.edu.tw/" "Mozilla/5.0 (iPhone; CPU iPhone OS 17_3_1 like Mac OS X) AppleWebKit/605.1.15 (KHTML, like Gecko) Version/17.3.1 Mobile/15E148 Safari/604.1"
40.77.167.65 - - [26/Aug/2026:23:18:45 +0800] "GET /26150/2020/12/09/109%E5%B9%B4%E5%BA%A6%E5%B9%B8%E7%A6%8F%E5%AE%B6%E5%BA%AD%E7%A9%BA%E4%B8%AD%E8%AC%9B%E5%A0%82%E7%AC%AC34%E9%9B%86_%E4%BB%A3%E9%96%93%E5%88%86%E9%9B%A2%EF%BC%8C%E5%90%84%E5%AE%89%E5%85%B6%E5%A5%BD/ HTTP/1.1" 200 23045 "-" "Mozilla/5.0 AppleWebKit/537.36 (KHTML, like Gecko; compatible; bingbot/2.0; +http://www.bing.com/bingbot.htm) Chrome/116.0.1938.76 Safari/537.36"
74.7.242.54 - - [26/Aug/2026:23:18:48 +0800] "GET /32745/wp-content/uploads/sites/1271/2023/01/1-961.jpeg HTTP/1.1" 200 33552 "https://2blog.ilc.edu.tw/32745/wp-json/oembed/1.0/embed?format=xml&url=https%3A%2F%2F2blog.ilc.edu.tw%2F32745%2F2023%2F01%2F26%2F%25e6%25ad%25b2%25e9%25a6%2599%25e9%25a6%2599%2F" "Mozilla/5.0 AppleWebKit/537.36 (KHTML, like Gecko; compatible; GPTBot/1.4; +https://openai.com/gptbot)"
36.229.241.48 - - [26/Aug/2026:23:18:49 +0800] "GET /wp-content/uploads/sites/1678/2024/11/%E8%AA%B2%E7%A8%8B%E8%A8%88%E7%95%AB%E5%90%8C%E6%84%8F%E5%82%99%E6%9F%A5.png HTTP/1.1" 200 684206 "https://www.nses.ilc.edu.tw/" "Mozilla/5.0 (iPhone; CPU iPhone OS 17_3_1 like Mac OS X) AppleWebKit/605.1.15 (KHTML, like Gecko) Version/17.3.1 Mobile/15E148 Safari/604.1"
2408:8726:1001:19d:0:1:0:13 - - [26/Aug/2026:23:18:49 +0800] "GET /2864/author/phoebe HTTP/1.1" 301 5743 "-" "Mozilla/5.0 (Windows NT 10.0; Win64; x64) AppleWebKit/537.36 (KHTML, like Gecko) Chrome/144.0.0.0 Safari/537.36"
67.169.63.169 - - [26/Aug/2026:23:18:48 +0800] "GET /wp-content/themes/oceanwp/assets/fonts/fontawesome/webfonts/fa-solid-900.woff2 HTTP/1.1" 200 156047 "https://www.iljh.ilc.edu.tw/" "Mozilla/5.0 (iPhone; CPU iPhone OS 18_7 like Mac OS X) AppleWebKit/605.1.15 (KHTML, like Gecko) Version/26.5 Mobile/15E148 Safari/604.1"
74.7.242.54 - - [26/Aug/2026:23:18:49 +0800] "GET /32745/wp-content/uploads/sites/1271/2026/01/1-591.jpeg HTTP/1.1" 200 16448 "https://2blog.ilc.edu.tw/32745/wp-json/oembed/1.0/embed?format=xml&url=https%3A%2F%2F2blog.ilc.edu.tw%2F32745%2F2026%2F01%2F31%2F%25e5%2594%25b1%25e4%25ba%2588%25e5%25b0%2591%25e5%25b9%25b4%25e7%259a%2584%25e8%2581%25bd%2F" "Mozilla/5.0 AppleWebKit/537.36 (KHTML, like Gecko; compatible; GPTBot/1.4; +https://openai.com/gptbot)"
36.229.241.48 - - [26/Aug/2026:23:18:49 +0800] "GET /wp-content/uploads/sites/1678/2022/12/%E6%A0%A1%E5%9C%92%E5%82%B3%E6%9F%93%E7%97%85%E9%98%B2%E6%B2%BB-%E6%B0%B4%E7%97%98-724x1024.png HTTP/1.1" 200 403040 "https://www.nses.ilc.edu.tw/" "Mozilla/5.0 (iPhone; CPU iPhone OS 17_3_1 like Mac OS X) AppleWebKit/605.1.15 (KHTML, like Gecko) Version/17.3.1 Mobile/15E148 Safari/604.1"
2409:8c28:c05:16::146 - - [26/Aug/2026:23:18:49 +0800] "-" 408 4794 "-" "-"
34.10.180.98 - - [26/Aug/2026:23:18:49 +0800] "GET /32745/2021/10/11/%E7%99%BE%E8%B2%A8%E5%BA%97%E7%9A%84%E5%B0%8F%E5%A7%90/ HTTP/1.1" 200 92609 "-" "Mozilla/5.0 (Macintosh; Intel Mac OS X 10_15_7) AppleWebKit/537.36 (KHTML, like Gecko) Chrome/120.0.0.0 Safari/537.36"
2408:8726:1001:19d:0:1:0:13 - - [26/Aug/2026:23:18:49 +0800] "GET /2864/author/phoebe/ HTTP/1.1" 200 9658 "-" "Mozilla/5.0 (Windows NT 10.0; Win64; x64) AppleWebKit/537.36 (KHTML, like Gecko) Chrome/144.0.0.0 Safari/537.36"
2a03:2880:11ff:: - - [26/Aug/2026:23:18:49 +0800] "GET /index1.htm HTTP/1.1" 404 65165 "-" "meta-externalagent/1.1 (+https://developers.facebook.com/docs/sharing/webmasters/crawler)"
66.249.79.137 - - [26/Aug/2026:23:18:48 +0800] "GET /wp-login.php?key=1pv7b372&_wpnonce=&action=ilc_logout&redirect_to=https%3A%2F%2Fwww.linegames.org HTTP/1.1" 302 8239 "-" "Mozilla/5.0 (Linux; Android 6.0.1; Nexus 5X Build/MMB29P) AppleWebKit/537.36 (KHTML, like Gecko) Chrome/151.0.7922.173 Mobile Safari/537.36 (compatible; Googlebot/2.1; +http://www.google.com/bot.html)"
74.7.242.54 - - [26/Aug/2026:23:18:49 +0800] "GET /32745/wp-content/uploads/sites/1271/2023/01/1-688.jpeg HTTP/1.1" 200 8324 "https://2blog.ilc.edu.tw/32745/2023/01/23/page/5/" "Mozilla/5.0 AppleWebKit/537.36 (KHTML, like Gecko; compatible; GPTBot/1.4; +https://openai.com/gptbot)"
2409:8c7a:da12:b::f7 - - [26/Aug/2026:23:18:49 +0800] "GET /17160/wp-includes/js/hoverintent-js.min.js HTTP/1.1" 200 1597 "https://2blog.ilc.edu.tw/17160/2019/page/5/" "Mozilla/5.0 (Windows NT 10.0; Win64; x64) AppleWebKit/537.36 (KHTML, like Gecko) Chrome/144.0.0.0 Safari/537.36"
2001:288:a201::67:82 - - [26/Aug/2026:23:18:47 +0800] "POST /26150/2020/12/09/109%E5%B9%B4%E5%BA%A6%E5%B9%B8%E7%A6%8F%E5%AE%B6%E5%BA%AD%E7%A9%BA%E4%B8%AD%E8%AC%9B%E5%A0%82%E7%AC%AC34%E9%9B%86_%E4%BB%A3%E9%96%93%E5%88%86%E9%9B%A2%EF%BC%8C%E5%90%84%E5%AE%89%E5%85%B6%E5%A5%BD/?fsm_edd_37394=cf2974c0d87e77e6bc242b2356527222 HTTP/1.1" 200 13008 "-" "WordPress/6.6.7; https://2blog.ilc.edu.tw/26150"
36.229.241.48 - - [26/Aug/2026:23:18:50 +0800] "GET /wp-content/uploads/sites/1678/2025/08/1754978411289.jpg HTTP/1.1" 200 227696 "https://www.nses.ilc.edu.tw/" "Mozilla/5.0 (iPhone; CPU iPhone OS 17_3_1 like Mac OS X) AppleWebKit/605.1.15 (KHTML, like Gecko) Version/17.3.1 Mobile/15E148 Safari/604.1"
2408:8726:1001:19d:0:1:0:13 - - [26/Aug/2026:23:18:50 +0800] "GET /2864/wp-content/cache/2blog.ilc.edu.tw/wpfc-minified/deebbige/7u3bs.css HTTP/1.1" 200 40886 "https://2blog.ilc.edu.tw/2864/author/phoebe/" "Mozilla/5.0 (Windows NT 10.0; Win64; x64) AppleWebKit/537.36 (KHTML, like Gecko) Chrome/144.0.0.0 Safari/537.36"
::1 - - [26/Aug/2026:23:18:50 +0800] "OPTIONS * HTTP/1.0" 200 110 "-" "Apache/2.4.68 (Ubuntu) OpenSSL/3.0.19 (internal dummy connection)"
74.7.242.54 - - [26/Aug/2026:23:18:50 +0800] "GET /32745/wp-content/uploads/sites/1271/2024/08/1-249.jpeg HTTP/1.1" 200 31566 "https://2blog.ilc.edu.tw/32745/wp-json/oembed/1.0/embed?format=xml&url=https%3A%2F%2F2blog.ilc.edu.tw%2F32745%2F2024%2F08%2F10%2F%25e7%2597%25b4%25e6%2583%2585%25e9%2587%258e%25e5%25a5%25b3%25e9%2583%258e%2F" "Mozilla/5.0 AppleWebKit/537.36 (KHTML, like Gecko; compatible; GPTBot/1.4; +https://openai.com/gptbot)"
140.111.67.10 - - [26/Aug/2026:23:18:50 +0800] "GET /" 301 273 "-" "-"
2409:8c7a:da12:b::f7 - - [26/Aug/2026:23:18:50 +0800] "GET /17160/wp-includes/js/admin-bar.min.js HTTP/1.1" 200 2237 "https://2blog.ilc.edu.tw/17160/2019/page/5/" "Mozilla/5.0 (Windows NT 10.0; Win64; x64) AppleWebKit/537.36 (KHTML, like Gecko) Chrome/144.0.0.0 Safari/537.36"
36.229.241.48 - - [26/Aug/2026:23:18:50 +0800] "GET /wp-content/uploads/sites/1678/2025/08/1754978429167.jpg HTTP/1.1" 200 309542 "https://www.nses.ilc.edu.tw/" "Mozilla/5.0 (iPhone; CPU iPhone OS 17_3_1 like Mac OS X) AppleWebKit/605.1.15 (KHTML, like Gecko) Version/17.3.1 Mobile/15E148 Safari/604.1"
36.229.241.48 - - [26/Aug/2026:23:18:50 +0800] "GET /wp-content/uploads/sites/1678/2025/08/1754978455521.jpg HTTP/1.1" 200 297945 "https://www.nses.ilc.edu.tw/" "Mozilla/5.0 (iPhone; CPU iPhone OS 17_3_1 like Mac OS X) AppleWebKit/605.1.15 (KHTML, like Gecko) Version/17.3.1 Mobile/15E148 Safari/604.1"
2409:8c7a:da12:b::f7 - - [26/Aug/2026:23:18:50 +0800] "GET /17160/wp-includes/js/imagesloaded.min.js HTTP/1.1" 200 2683 "https://2blog.ilc.edu.tw/17160/2019/page/5/" "Mozilla/5.0 (Windows NT 10.0; Win64; x64) AppleWebKit/537.36 (KHTML, like Gecko) Chrome/144.0.0.0 Safari/537.36"
2408:8726:1001:19d:0:1:0:13 - - [26/Aug/2026:23:18:50 +0800] "GET /2864/wp-content/cache/2blog.ilc.edu.tw/wpfc-minified/7iph5x66/7u3bs.css HTTP/1.1" 200 15782 "https://2blog.ilc.edu.tw/2864/author/phoebe/" "Mozilla/5.0 (Windows NT 10.0; Win64; x64) AppleWebKit/537.36 (KHTML, like Gecko) Chrome/144.0.0.0 Safari/537.36"
74.7.242.54 - - [26/Aug/2026:23:18:50 +0800] "GET /32745/wp-content/uploads/sites/1271/2023/01/1-682.jpeg HTTP/1.1" 200 8166 "https://2blog.ilc.edu.tw/32745/2023/01/23/%e7%84%a1%e5%8f%af%e8%83%bd%e7%9a%84%e5%a4%a2/" "Mozilla/5.0 AppleWebKit/537.36 (KHTML, like Gecko; compatible; GPTBot/1.4; +https://openai.com/gptbot)"
36.229.241.48 - - [26/Aug/2026:23:18:51 +0800] "GET /wp-content/uploads/sites/1678/2024/11/%E7%B7%8A%E6%80%A5%E5%82%B7%E7%97%85%E8%99%95%E7%90%86.png HTTP/1.1" 200 837302 "https://www.nses.ilc.edu.tw/" "Mozilla/5.0 (iPhone; CPU iPhone OS 17_3_1 like Mac OS X) AppleWebKit/605.1.15 (KHTML, like Gecko) Version/17.3.1 Mobile/15E148 Safari/604.1"
::1 - - [26/Aug/2026:23:18:51 +0800] "OPTIONS * HTTP/1.0" 200 110 "-" "Apache/2.4.68 (Ubuntu) OpenSSL/3.0.19 (internal dummy connection)"
74.7.242.54 - - [26/Aug/2026:23:18:51 +0800] "GET /32745/wp-content/uploads/sites/1271/2024/09/1-239.jpeg HTTP/1.1" 200 16121 "https://2blog.ilc.edu.tw/32745/2024/09/14/" "Mozilla/5.0 AppleWebKit/537.36 (KHTML, like Gecko; compatible; GPTBot/1.4; +https://openai.com/gptbot)"
66.249.71.9 - - [26/Aug/2026:23:18:50 +0800] "GET /wp-login.php?key=sxykk379&_wpnonce=&action=ilc_logout&redirect_to=https%3A%2F%2Fwww.aayyy.com%2Fgames HTTP/1.1" 302 8241 "-" "Mozilla/5.0 (Linux; Android 6.0.1; Nexus 5X Build/MMB29P) AppleWebKit/537.36 (KHTML, like Gecko) Chrome/151.0.7922.173 Mobile Safari/537.36 (compatible; Googlebot/2.1; +http://www.google.com/bot.html)"
2409:8c7a:da12:b::f7 - - [26/Aug/2026:23:18:51 +0800] "GET /17160/wp-content/themes/oceanwp/assets/js/theme.min.js HTTP/1.1" 200 5130 "https://2blog.ilc.edu.tw/17160/2019/page/5/" "Mozilla/5.0 (Windows NT 10.0; Win64; x64) AppleWebKit/537.36 (KHTML, like Gecko) Chrome/144.0.0.0 Safari/537.36"
74.7.242.54 - - [26/Aug/2026:23:18:51 +0800] "GET /32745/wp-content/uploads/sites/1271/2026/01/1-399.jpeg HTTP/1.1" 200 21931 "https://2blog.ilc.edu.tw/32745/wp-json/oembed/1.0/embed?format=xml&url=https%3A%2F%2F2blog.ilc.edu.tw%2F32745%2F2026%2F01%2F24%2F%25e9%2598%25bf%25e5%25a7%25a8%25e6%2589%2593%2F" "Mozilla/5.0 AppleWebKit/537.36 (KHTML, like Gecko; compatible; GPTBot/1.4; +https://openai.com/gptbot)"
98.82.40.168 - - [26/Aug/2026:23:18:51 +0800] "GET /amy6998/2023/10/28/112%E5%B9%B410%E6%9C%8823%E6%97%A5%E8%A1%8C%E6%94%BF%E6%9C%83%E5%A0%B1/ HTTP/1.1" 200 17675 "-" "Mozilla/5.0 AppleWebKit/537.36 (KHTML, like Gecko; compatible; Amazonbot/0.1; +https://developer.amazon.com/support/amazonbot) Chrome/119.0.6045.214 Safari/537.36"
::1 - - [26/Aug/2026:23:18:52 +0800] "OPTIONS * HTTP/1.0" 200 110 "-" "Apache/2.4.68 (Ubuntu) OpenSSL/3.0.19 (internal dummy connection)"
74.7.242.54 - - [26/Aug/2026:23:18:52 +0800] "GET /32745/wp-content/uploads/sites/1271/2023/01/1-683.jpeg HTTP/1.1" 200 8048 "https://2blog.ilc.edu.tw/32745/2023/11/26/%e9%9b%a8%e6%b0%b4%e6%b2%83%e6%be%b9%e5%92%b1%e7%9a%84%e6%84%9b/" "Mozilla/5.0 AppleWebKit/537.36 (KHTML, like Gecko; compatible; GPTBot/1.4; +https://openai.com/gptbot)"
2409:8c7a:da12:b::f7 - - [26/Aug/2026:23:18:52 +0800] "GET /17160/wp-content/themes/oceanwp/assets/js/drop-down-mobile-menu.min.js HTTP/1.1" 200 4663 "https://2blog.ilc.edu.tw/17160/2019/page/5/" "Mozilla/5.0 (Windows NT 10.0; Win64; x64) AppleWebKit/537.36 (KHTML, like Gecko) Chrome/144.0.0.0 Safari/537.36"
74.7.242.54 - - [26/Aug/2026:23:18:53 +0800] "GET /32745/wp-content/uploads/sites/1271/2023/01/1-365.jpeg HTTP/1.1" 200 27998 "https://2blog.ilc.edu.tw/32745/wp-json/oembed/1.0/embed?format=xml&url=https%3A%2F%2F2blog.ilc.edu.tw%2F32745%2F2023%2F01%2F21%2F%25e5%258e%259f%25e9%2584%2589%2F" "Mozilla/5.0 AppleWebKit/537.36 (KHTML, like Gecko; compatible; GPTBot/1.4; +https://openai.com/gptbot)"
2409:8c7a:da12:b::f7 - - [26/Aug/2026:23:18:53 +0800] "GET /17160/wp-content/themes/oceanwp/assets/js/drop-down-search.min.js HTTP/1.1" 200 2968 "https://2blog.ilc.edu.tw/17160/2019/page/5/" "Mozilla/5.0 (Windows NT 10.0; Win64; x64) AppleWebKit/537.36 (KHTML, like Gecko) Chrome/144.0.0.0 Safari/537.36"
2001:288:a201::66:125 - - [26/Aug/2026:23:18:53 +0800] "GET /blog/active.php HTTP/1.1" 301 1026 "-" "-"
2001:288:a201::66:125 - - [26/Aug/2026:23:18:53 +0800] "GET /blog/active.php HTTP/1.1" 404 1084 "-" "-"
::1 - - [26/Aug/2026:23:18:53 +0800] "OPTIONS * HTTP/1.0" 200 110 "-" "Apache/2.4.68 (Ubuntu) OpenSSL/3.0.19 (internal dummy connection)"
2409:8c7a:da12:b::f7 - - [26/Aug/2026:23:18:53 +0800] "GET /17160/wp-content/themes/oceanwp/assets/js/vendors/magnific-popup.min.js HTTP/1.1" 200 8270 "https://2blog.ilc.edu.tw/17160/2019/page/5/" "Mozilla/5.0 (Windows NT 10.0; Win64; x64) AppleWebKit/537.36 (KHTML, like Gecko) Chrome/144.0.0.0 Safari/537.36"
74.7.242.54 - - [26/Aug/2026:23:18:53 +0800] "GET /32745/wp-content/uploads/sites/1271/2025/01/1-360.jpeg HTTP/1.1" 200 15141 "https://2blog.ilc.edu.tw/32745/wp-json/oembed/1.0/embed?format=xml&url=https%3A%2F%2F2blog.ilc.edu.tw%2F32745%2F2025%2F01%2F31%2F%25e9%2598%25bf%25e7%2588%25b8%25e7%259a%2584%25e9%25a2%25a8%25e5%2590%25b9%2F" "Mozilla/5.0 AppleWebKit/537.36 (KHTML, like Gecko; compatible; GPTBot/1.4; +https://openai.com/gptbot)"
74.7.242.54 - - [26/Aug/2026:23:18:54 +0800] "GET /32745/wp-content/uploads/sites/1271/2024/09/1-154.jpeg HTTP/1.1" 200 19147 "https://2blog.ilc.edu.tw/32745/2024/09/14/%e7%ab%a5/" "Mozilla/5.0 AppleWebKit/537.36 (KHTML, like Gecko; compatible; GPTBot/1.4; +https://openai.com/gptbot)"
::1 - - [26/Aug/2026:23:18:54 +0800] "OPTIONS * HTTP/1.0" 200 110 "-" "Apache/2.4.68 (Ubuntu) OpenSSL/3.0.19 (internal dummy connection)"
44.205.120.22 - - [26/Aug/2026:23:18:54 +0800] "GET /30728/2017/09/14/2017%E5%B9%B409%E6%9C%8813%E6%97%A5-%E5%89%B5%E6%84%8F%E6%89%8B%E4%BD%9C%E6%A1%8C%E7%87%88%E8%A8%AD%E8%A8%88%E8%88%87%E8%A3%BD%E4%BD%9C/ HTTP/1.1" 404 25485 "-" "Mozilla/5.0 AppleWebKit/537.36 (KHTML, like Gecko; compatible; Amazonbot/0.1; +https://developer.amazon.com/support/amazonbot) Chrome/119.0.6045.214 Safari/537.36"
74.7.242.54 - - [26/Aug/2026:23:18:54 +0800] "GET /32745/wp-content/uploads/sites/1271/2024/02/1-189.jpeg HTTP/1.1" 200 27003 "https://2blog.ilc.edu.tw/32745/wp-json/oembed/1.0/embed?format=xml&url=https%3A%2F%2F2blog.ilc.edu.tw%2F32745%2F2024%2F02%2F24%2F%25e8%2588%259e%25e8%2587%25ba%25e7%259a%2584%25e4%25ba%25ba%25e7%2594%259f-2%2F" "Mozilla/5.0 AppleWebKit/537.36 (KHTML, like Gecko; compatible; GPTBot/1.4; +https://openai.com/gptbot)"
2409:8c7a:da12:b::f7 - - [26/Aug/2026:23:18:55 +0800] "GET /17160/wp-content/themes/oceanwp/assets/js/ow-lightbox.min.js HTTP/1.1" 200 2321 "https://2blog.ilc.edu.tw/17160/2019/page/5/" "Mozilla/5.0 (Windows NT 10.0; Win64; x64) AppleWebKit/537.36 (KHTML, like Gecko) Chrome/144.0.0.0 Safari/537.36"
74.7.242.54 - - [26/Aug/2026:23:18:55 +0800] "GET /32745/wp-content/uploads/sites/1271/2026/01/1-593.jpeg HTTP/1.1" 200 22359 "https://2blog.ilc.edu.tw/32745/wp-json/oembed/1.0/embed?format=xml&url=https%3A%2F%2F2blog.ilc.edu.tw%2F32745%2F2026%2F01%2F31%2F%25e6%2584%259b%25e7%259a%2584%25e7%25be%2585%25e6%259b%25bc%25e5%258f%25b2%2F" "Mozilla/5.0 AppleWebKit/537.36 (KHTML, like Gecko; compatible; GPTBot/1.4; +https://openai.com/gptbot)"
::1 - - [26/Aug/2026:23:18:55 +0800] "OPTIONS * HTTP/1.0" 200 110 "-" "Apache/2.4.68 (Ubuntu) OpenSSL/3.0.19 (internal dummy connection)"
2409:8c7a:da12:b::f7 - - [26/Aug/2026:23:18:55 +0800] "GET /17160/wp-content/themes/oceanwp/assets/js/vendors/flickity.pkgd.min.js HTTP/1.1" 200 15048 "https://2blog.ilc.edu.tw/17160/2019/page/5/" "Mozilla/5.0 (Windows NT 10.0; Win64; x64) AppleWebKit/537.36 (KHTML, like Gecko) Chrome/144.0.0.0 Safari/537.36"
140.111.67.10 - - [26/Aug/2026:23:18:55 +0800] "GET /" 301 273 "-" "-"
2409:8c7a:da12:b::f7 - - [26/Aug/2026:23:18:55 +0800] "GET /17160/wp-content/themes/oceanwp/assets/js/ow-slider.min.js HTTP/1.1" 200 1761 "https://2blog.ilc.edu.tw/17160/2019/page/5/" "Mozilla/5.0 (Windows NT 10.0; Win64; x64) AppleWebKit/537.36 (KHTML, like Gecko) Chrome/144.0.0.0 Safari/537.36"
74.7.242.54 - - [26/Aug/2026:23:18:55 +0800] "GET /32745/wp-content/uploads/sites/1271/2023/01/1-583.jpeg HTTP/1.1" 200 13238 "https://2blog.ilc.edu.tw/32745/wp-json/oembed/1.0/embed?format=xml&url=https%3A%2F%2F2blog.ilc.edu.tw%2F32745%2F2023%2F01%2F22%2F%25e7%2584%25a1%25e6%25a0%25b9%25e7%259a%2584%25e6%2597%25a5%25e9%25a0%25ad%25e8%258a%25b1%2F" "Mozilla/5.0 AppleWebKit/537.36 (KHTML, like Gecko; compatible; GPTBot/1.4; +https://openai.com/gptbot)"
74.7.242.54 - - [26/Aug/2026:23:18:56 +0800] "GET /32745/wp-content/uploads/sites/1271/2024/09/1-157.jpeg HTTP/1.1" 200 26946 "https://2blog.ilc.edu.tw/32745/2024/09/14/%e7%90%b4/" "Mozilla/5.0 AppleWebKit/537.36 (KHTML, like Gecko; compatible; GPTBot/1.4; +https://openai.com/gptbot)"
::1 - - [26/Aug/2026:23:18:56 +0800] "OPTIONS * HTTP/1.0" 200 110 "-" "Apache/2.4.68 (Ubuntu) OpenSSL/3.0.19 (internal dummy connection)"
74.7.242.54 - - [26/Aug/2026:23:18:56 +0800] "GET /32745/wp-content/uploads/sites/1271/2024/07/1-136.jpeg HTTP/1.1" 200 28766 "https://2blog.ilc.edu.tw/32745/wp-json/oembed/1.0/embed?format=xml&url=https%3A%2F%2F2blog.ilc.edu.tw%2F32745%2F2024%2F07%2F21%2F%25e7%2599%25bd%25e9%25a0%25ad%25e7%259a%2584%25e9%2587%258d%25e9%2580%25a2%2F" "Mozilla/5.0 AppleWebKit/537.36 (KHTML, like Gecko; compatible; GPTBot/1.4; +https://openai.com/gptbot)"
74.7.242.54 - - [26/Aug/2026:23:18:57 +0800] "GET /32745/wp-content/uploads/sites/1271/2023/01/1-681.jpeg HTTP/1.1" 200 6803 "https://2blog.ilc.edu.tw/32745/2023/01/23/%e9%9b%a2%e5%88%a5%e7%9a%84%e8%8b%a6%e9%85%92/" "Mozilla/5.0 AppleWebKit/537.36 (KHTML, like Gecko; compatible; GPTBot/1.4; +https://openai.com/gptbot)"
::1 - - [26/Aug/2026:23:18:57 +0800] "OPTIONS * HTTP/1.0" 200 110 "-" "Apache/2.4.68 (Ubuntu) OpenSSL/3.0.19 (internal dummy connection)"
74.7.242.54 - - [26/Aug/2026:23:18:57 +0800] "GET /32745/wp-content/uploads/sites/1271/2026/01/1-296.jpeg HTTP/1.1" 200 14151 "https://2blog.ilc.edu.tw/32745/wp-json/oembed/1.0/embed?format=xml&url=https%3A%2F%2F2blog.ilc.edu.tw%2F32745%2F2026%2F01%2F17%2F%25e9%2585%25b8%25e7%25b1%25b3%25e8%258d%2589%2F" "Mozilla/5.0 AppleWebKit/537.36 (KHTML, like Gecko; compatible; GPTBot/1.4; +https://openai.com/gptbot)"
2001:288:a201::66:125 - - [26/Aug/2026:23:18:58 +0800] "GET /blog/active.php HTTP/1.1" 301 1026 "-" "-"
2001:288:a201::66:125 - - [26/Aug/2026:23:18:58 +0800] "GET /blog/active.php HTTP/1.1" 404 1084 "-" "-"
44.195.50.71 - - [26/Aug/2026:23:18:58 +0800] "GET /amy6998/wp-content/uploads/sites/2364/2026/07/IMG_5944ggg-768x576.jpg HTTP/1.1" 200 105748 "-" "Mozilla/5.0 AppleWebKit/537.36 (KHTML, like Gecko; compatible; Amazonbot/0.1; +https://developer.amazon.com/support/amazonbot) Chrome/119.0.6045.214 Safari/537.36"
74.7.242.54 - - [26/Aug/2026:23:18:58 +0800] "GET /32745/wp-content/uploads/sites/1271/2023/01/1-699.jpeg HTTP/1.1" 200 7735 "https://2blog.ilc.edu.tw/32745/2023/01/23/page/4/" "Mozilla/5.0 AppleWebKit/537.36 (KHTML, like Gecko; compatible; GPTBot/1.4; +https://openai.com/gptbot)"
::1 - - [26/Aug/2026:23:18:58 +0800] "OPTIONS * HTTP/1.0" 200 110 "-" "Apache/2.4.68 (Ubuntu) OpenSSL/3.0.19 (internal dummy connection)"
189.81.195.182 - - [26/Aug/2026:23:18:58 +0800] "GET /wp-content/uploads/sites/2081/697/previews-med/697-4031807.jpg HTTP/1.1" 200 53267 "-" "Mozilla/5.0 (compatible; crawler)"
74.7.242.54 - - [26/Aug/2026:23:18:58 +0800] "GET /32745/wp-content/uploads/sites/1271/2023/01/1-847.jpeg HTTP/1.1" 200 16548 "https://2blog.ilc.edu.tw/32745/wp-json/oembed/1.0/embed?format=xml&url=https%3A%2F%2F2blog.ilc.edu.tw%2F32745%2F2023%2F01%2F25%2F%25e7%2584%25a1%25e8%2581%25b2%25e5%2598%259b%25e6%2584%259f%25e8%25ac%259d%2F" "Mozilla/5.0 AppleWebKit/537.36 (KHTML, like Gecko; compatible; GPTBot/1.4; +https://openai.com/gptbot)"
52.203.152.231 - - [26/Aug/2026:23:18:58 +0800] "GET /wp-content/uploads/sites/2753/2020/?C=S;O%3DA HTTP/1.1" 200 1184 "-" "Mozilla/5.0 AppleWebKit/537.36 (KHTML, like Gecko; compatible; Amazonbot/0.1; +https://developer.amazon.com/support/amazonbot) Chrome/119.0.6045.214 Safari/537.36"
74.7.242.54 - - [26/Aug/2026:23:18:59 +0800] "GET /32745/wp-content/uploads/sites/1271/2024/09/1-189.jpeg HTTP/1.1" 200 29826 "https://2blog.ilc.edu.tw/32745/category/%e5%8d%81%e5%9b%9b%e5%8a%83/" "Mozilla/5.0 AppleWebKit/537.36 (KHTML, like Gecko; compatible; GPTBot/1.4; +https://openai.com/gptbot)"
::1 - - [26/Aug/2026:23:18:59 +0800] "OPTIONS * HTTP/1.0" 200 110 "-" "Apache/2.4.68 (Ubuntu) OpenSSL/3.0.19 (internal dummy connection)"
34.56.124.53 - - [26/Aug/2026:23:18:59 +0800] "GET /9536/wp-json/wp/v2/posts/57130 HTTP/1.1" 200 9903 "-" "Mozilla/5.0 (Macintosh; Intel Mac OS X 10_15_7) AppleWebKit/537.36 (KHTML, like Gecko) Chrome/120.0.0.0 Safari/537.36"
74.7.242.54 - - [26/Aug/2026:23:18:59 +0800] "GET /32745/wp-content/uploads/sites/1271/2024/08/1-173.jpeg HTTP/1.1" 200 11832 "https://2blog.ilc.edu.tw/32745/wp-json/oembed/1.0/embed?format=xml&url=https%3A%2F%2F2blog.ilc.edu.tw%2F32745%2F2024%2F08%2F09%2F%25e6%2595%2585%25e9%2584%2589%25e7%259a%2584%25e5%25b0%258f%25e7%2581%25ab%25e8%25bb%258a%2F" "Mozilla/5.0 AppleWebKit/537.36 (KHTML, like Gecko; compatible; GPTBot/1.4; +https://openai.com/gptbot)"
74.7.242.54 - - [26/Aug/2026:23:19:00 +0800] "GET /32745/wp-content/uploads/sites/1271/2024/07/1-183.jpeg HTTP/1.1" 200 13143 "https://2blog.ilc.edu.tw/32745/wp-json/oembed/1.0/embed?format=xml&url=https%3A%2F%2F2blog.ilc.edu.tw%2F32745%2F2024%2F07%2F24%2F%25e5%25ad%25a4%25e5%2596%25ae%25e4%25b8%2580%25e4%25b8%25aa%25e4%25ba%25ba%2F" "Mozilla/5.0 AppleWebKit/537.36 (KHTML, like Gecko; compatible; GPTBot/1.4; +https://openai.com/gptbot)"
::1 - - [26/Aug/2026:23:19:00 +0800] "OPTIONS * HTTP/1.0" 200 110 "-" "Apache/2.4.68 (Ubuntu) OpenSSL/3.0.19 (internal dummy connection)"
140.111.67.10 - - [26/Aug/2026:23:19:00 +0800] "GET /" 301 273 "-" "-"
::1 - - [26/Aug/2026:23:19:01 +0800] "OPTIONS * HTTP/1.0" 200 110 "-" "Apache/2.4.68 (Ubuntu) OpenSSL/3.0.19 (internal dummy connection)"
20.125.101.194 - - [26/Aug/2026:23:18:58 +0800] "GET /yletrc/wp-content/uploads/sites/3413/2023/02/1120210%E5%8F%A3%E8%AA%AA%E8%8B%B1%E8%AA%9E%E6%95%99%E5%AD%B8%E8%B3%87%E6%BA%90_%E7%A9%BA%E8%8B%B1Give-Me-10_%E7%A0%94%E7%BF%92%E5%A0%B1%E5%90%8D%E7%B0%A1%E7%AB%A0.pdf HTTP/1.1" 200 266918 "-" "Mozilla/5.0 (compatible; MSR-Financial-PDF-Scorer/1.0)"
74.7.242.54 - - [26/Aug/2026:23:19:00 +0800] "GET /32745/2024/05/08/%e5%bd%ad%e6%ad%a3vs%e8%98%87%e5%ae%a5%e8%93%89%e8%98%87%e8%b7%af/ HTTP/1.1" 200 86141 "https://2blog.ilc.edu.tw/32745/2024/09/14/%e5%bd%ad/" "Mozilla/5.0 AppleWebKit/537.36 (KHTML, like Gecko; compatible; GPTBot/1.4; +https://openai.com/gptbot)"
189.81.152.100 - - [26/Aug/2026:23:19:01 +0800] "GET /wp-content/uploads/sites/869/10994/previews-med/10994-2066498.jpg HTTP/1.1" 200 121310 "-" "Mozilla/5.0 (compatible; crawler)"
::1 - - [26/Aug/2026:23:19:02 +0800] "OPTIONS * HTTP/1.0" 200 110 "-" "Apache/2.4.68 (Ubuntu) OpenSSL/3.0.19 (internal dummy connection)"
3.89.170.186 - - [26/Aug/2026:23:19:02 +0800] "GET /6572/2010/10/11/%E4%BA%94%E5%B9%B4%E7%B4%9A%E7%A4%BE%E6%9C%83%E9%A0%98%E5%9F%9F%E8%9E%8D%E5%85%A5%E7%92%B0%E5%A2%83%E8%AD%B0%E9%A1%8C%E6%95%99%E5%AD%B8%E6%BA%96%E5%82%99%E7%AF%87/ HTTP/1.1" 200 16414 "-" "Mozilla/5.0 AppleWebKit/537.36 (KHTML, like Gecko; compatible; Amazonbot/0.1; +https://developer.amazon.com/support/amazonbot) Chrome/119.0.6045.214 Safari/537.36"
17.22.245.46 - - [26/Aug/2026:23:19:02 +0800] "GET /dasdsasad/sadsdaasd/asdasdasdas.com/test.com/x/?paged=19 HTTP/1.1" 200 28878 "-" "Mozilla/5.0 (Macintosh; Intel Mac OS X 10_15_7) AppleWebKit/605.1.15 (KHTML, like Gecko) Version/17.4 Safari/605.1.15 (Applebot/0.1; +http://www.apple.com/go/applebot)"
74.7.242.54 - - [26/Aug/2026:23:19:02 +0800] "GET /32745/2021/09/09/%e8%8e%8e%e8%8e%89vs%e6%96%b0%e5%b3%b0/ HTTP/1.1" 200 86136 "https://2blog.ilc.edu.tw/32745/2021/09/09/%e8%8e%8e%e8%8e%89/" "Mozilla/5.0 AppleWebKit/537.36 (KHTML, like Gecko; compatible; GPTBot/1.4; +https://openai.com/gptbot)"
2001:288:a201::66:125 - - [26/Aug/2026:23:19:03 +0800] "GET /blog/active.php HTTP/1.1" 301 1026 "-" "-"
2001:288:a201::66:125 - - [26/Aug/2026:23:19:03 +0800] "GET /blog/active.php HTTP/1.1" 404 1084 "-" "-"
2408:8719:3000:1a:1f:: - - [26/Aug/2026:23:19:03 +0800] "GET /3226/2008/09/04/%e7%a5%9e%e5%83%8f%e7%9a%84%e9%80%a0%e5%bd%a2 HTTP/1.1" 301 5812 "-" "Mozilla/5.0 (Windows NT 10.0; Win64; x64) AppleWebKit/537.36 (KHTML, like Gecko) Chrome/144.0.0.0 Safari/537.36"
::1 - - [26/Aug/2026:23:19:03 +0800] "OPTIONS * HTTP/1.0" 200 110 "-" "Apache/2.4.68 (Ubuntu) OpenSSL/3.0.19 (internal dummy connection)"
2408:8719:3000:1a:1f:: - - [26/Aug/2026:23:19:03 +0800] "GET /3226/2008/09/04/%e7%a5%9e%e5%83%8f%e7%9a%84%e9%80%a0%e5%bd%a2/ HTTP/1.1" 200 17858 "-" "Mozilla/5.0 (Windows NT 10.0; Win64; x64) AppleWebKit/537.36 (KHTML, like Gecko) Chrome/144.0.0.0 Safari/537.36"
34.56.124.53 - - [26/Aug/2026:23:19:03 +0800] "GET /17160/2017/11/07/ HTTP/1.1" 200 17547 "-" "Mozilla/5.0 (Macintosh; Intel Mac OS X 10_15_7) AppleWebKit/537.36 (KHTML, like Gecko) Chrome/120.0.0.0 Safari/537.36"
74.7.242.54 - - [26/Aug/2026:23:19:03 +0800] "GET /32745/2020/05/21/%e4%b8%83%e9%83%8evs%e4%b8%80%e7%b6%be/ HTTP/1.1" 200 86502 "https://2blog.ilc.edu.tw/32745/2020/05/21/page/3/" "Mozilla/5.0 AppleWebKit/537.36 (KHTML, like Gecko; compatible; GPTBot/1.4; +https://openai.com/gptbot)"
::1 - - [26/Aug/2026:23:19:04 +0800] "OPTIONS * HTTP/1.0" 200 110 "-" "Apache/2.4.68 (Ubuntu) OpenSSL/3.0.19 (internal dummy connection)"
2408:8719:3000:1a:1f:: - - [26/Aug/2026:23:19:05 +0800] "GET /3226/wp-content/cache/2blog.ilc.edu.tw/wpfc-minified/6wark3is/5wsxh.css HTTP/1.1" 200 40886 "https://2blog.ilc.edu.tw/3226/2008/09/04/%e7%a5%9e%e5%83%8f%e7%9a%84%e9%80%a0%e5%bd%a2/" "Mozilla/5.0 (Windows NT 10.0; Win64; x64) AppleWebKit/537.36 (KHTML, like Gecko) Chrome/144.0.0.0 Safari/537.36"
74.7.242.54 - - [26/Aug/2026:23:19:04 +0800] "GET /32745/2024/03/24/%e7%b4%94%e7%b4%94vs%e9%bb%8e%e6%98%8e/ HTTP/1.1" 200 86047 "https://2blog.ilc.edu.tw/32745/2022/10/28/%e5%a7%93%e6%b0%8f%e5%8d%81%e5%8a%83/" "Mozilla/5.0 AppleWebKit/537.36 (KHTML, like Gecko; compatible; GPTBot/1.4; +https://openai.com/gptbot)"
::1 - - [26/Aug/2026:23:19:05 +0800] "OPTIONS * HTTP/1.0" 200 110 "-" "Apache/2.4.68 (Ubuntu) OpenSSL/3.0.19 (internal dummy connection)"
140.111.67.10 - - [26/Aug/2026:23:19:05 +0800] "GET /" 301 273 "-" "-"
2408:8719:3000:1a:1f:: - - [26/Aug/2026:23:19:05 +0800] "GET /3226/wp-content/cache/2blog.ilc.edu.tw/wpfc-minified/7w0kxg7o/5wsxh.css HTTP/1.1" 200 15782 "https://2blog.ilc.edu.tw/3226/2008/09/04/%e7%a5%9e%e5%83%8f%e7%9a%84%e9%80%a0%e5%bd%a2/" "Mozilla/5.0 (Windows NT 10.0; Win64; x64) AppleWebKit/537.36 (KHTML, like Gecko) Chrome/144.0.0.0 Safari/537.36"
74.7.242.54 - - [26/Aug/2026:23:19:05 +0800] "GET /32745/wp-content/uploads/sites/1271/2022/06/safe_image-26.jpg HTTP/1.1" 200 17616 "https://2blog.ilc.edu.tw/32745/wp-json/oembed/1.0/embed?format=xml&url=https%3A%2F%2F2blog.ilc.edu.tw%2F32745%2F2022%2F06%2F01%2F%25e5%258f%25ab%25e8%2591%2597%25e5%25bf%2583%25e6%2584%259b%25e7%259a%2584%25e5%2590%258d%2F" "Mozilla/5.0 AppleWebKit/537.36 (KHTML, like Gecko; compatible; GPTBot/1.4; +https://openai.com/gptbot)"
74.7.242.54 - - [26/Aug/2026:23:19:06 +0800] "GET /32745/wp-content/uploads/sites/1271/2020/08/%E4%B8%8B%E8%BC%89-7-8.jpg HTTP/1.1" 200 7581 "https://2blog.ilc.edu.tw/32745/2020/08/29/page/5/" "Mozilla/5.0 AppleWebKit/537.36 (KHTML, like Gecko; compatible; GPTBot/1.4; +https://openai.com/gptbot)"
2408:862e:ff:ff0d::10b3 - - [26/Aug/2026:23:19:06 +0800] "GET /2012/02/21 HTTP/1.1" 301 5761 "-" "Mozilla/5.0 (Windows NT 10.0; Win64; x64) AppleWebKit/537.36 (KHTML, like Gecko) Chrome/144.0.0.0 Safari/537.36"
2408:8719:3000:1a:1f:: - - [26/Aug/2026:23:19:06 +0800] "GET /3226/wp-content/themes/oceanwp/assets/js/vendors/flickity.pkgd.min.js HTTP/1.1" 200 15048 "https://2blog.ilc.edu.tw/3226/2008/09/04/%e7%a5%9e%e5%83%8f%e7%9a%84%e9%80%a0%e5%bd%a2/" "Mozilla/5.0 (Windows NT 10.0; Win64; x64) AppleWebKit/537.36 (KHTML, like Gecko) Chrome/144.0.0.0 Safari/537.36"
2408:862e:ff:ff0d::10b3 - - [26/Aug/2026:23:19:06 +0800] "GET /2012/02/21/ HTTP/1.1" 200 10827 "-" "Mozilla/5.0 (Windows NT 10.0; Win64; x64) AppleWebKit/537.36 (KHTML, like Gecko) Chrome/144.0.0.0 Safari/537.36"
74.7.242.54 - - [26/Aug/2026:23:19:06 +0800] "GET /32745/wp-content/uploads/sites/1271/2020/06/%E4%B8%8B%E8%BC%89-8-2.jpg HTTP/1.1" 200 6446 "https://2blog.ilc.edu.tw/32745/2020/06/16/page/2/" "Mozilla/5.0 AppleWebKit/537.36 (KHTML, like Gecko; compatible; GPTBot/1.4; +https://openai.com/gptbot)"
2408:8719:3000:1a:1f:: - - [26/Aug/2026:23:19:07 +0800] "GET /3226/wp-content/themes/oceanwp/assets/js/scroll-top.min.js HTTP/1.1" 200 3202 "https://2blog.ilc.edu.tw/3226/2008/09/04/%e7%a5%9e%e5%83%8f%e7%9a%84%e9%80%a0%e5%bd%a2/" "Mozilla/5.0 (Windows NT 10.0; Win64; x64) AppleWebKit/537.36 (KHTML, like Gecko) Chrome/144.0.0.0 Safari/537.36"
2408:862e:ff:ff0d::10b3 - - [26/Aug/2026:23:19:07 +0800] "GET /wp-content/cache/ilta.ilc.edu.tw/wpfc-minified/30cml7nx/6wvk.css HTTP/1.1" 200 40877 "https://ilta.ilc.edu.tw/2012/02/21/" "Mozilla/5.0 (Windows NT 10.0; Win64; x64) AppleWebKit/537.36 (KHTML, like Gecko) Chrome/144.0.0.0 Safari/537.36"
74.7.242.54 - - [26/Aug/2026:23:19:07 +0800] "GET /32745/wp-content/uploads/sites/1271/2020/06/%E4%B8%8B%E8%BC%89-7-2.jpg HTTP/1.1" 200 12206 "https://2blog.ilc.edu.tw/32745/2020/06/05/page/2/" "Mozilla/5.0 AppleWebKit/537.36 (KHTML, like Gecko; compatible; GPTBot/1.4; +https://openai.com/gptbot)"
2408:862e:ff:ff0d::10b3 - - [26/Aug/2026:23:19:07 +0800] "GET /wp-content/cache/ilta.ilc.edu.tw/wpfc-minified/l07fx5lw/6wvk.css HTTP/1.1" 200 15782 "https://ilta.ilc.edu.tw/2012/02/21/" "Mozilla/5.0 (Windows NT 10.0; Win64; x64) AppleWebKit/537.36 (KHTML, like Gecko) Chrome/144.0.0.0 Safari/537.36"
74.7.242.54 - - [26/Aug/2026:23:19:07 +0800] "GET /32745/wp-content/uploads/sites/1271/2022/02/%E4%B8%8B%E8%BC%89-11.jpg HTTP/1.1" 200 7929 "https://2blog.ilc.edu.tw/32745/2022/02/20/" "Mozilla/5.0 AppleWebKit/537.36 (KHTML, like Gecko; compatible; GPTBot/1.4; +https://openai.com/gptbot)"
2001:288:a201::66:125 - - [26/Aug/2026:23:19:08 +0800] "GET /blog/active.php HTTP/1.1" 301 1026 "-" "-"
2408:862e:ff:ff0d::10b3 - - [26/Aug/2026:23:19:08 +0800] "GET /wp-includes/js/imagesloaded.min.js HTTP/1.1" 200 2683 "https://ilta.ilc.edu.tw/2012/02/21/" "Mozilla/5.0 (Windows NT 10.0; Win64; x64) AppleWebKit/537.36 (KHTML, like Gecko) Chrome/144.0.0.0 Safari/537.36"
2001:288:a201::66:125 - - [26/Aug/2026:23:19:08 +0800] "GET /blog/active.php HTTP/1.1" 404 1084 "-" "-"
74.7.242.54 - - [26/Aug/2026:23:19:08 +0800] "GET /32745/wp-content/uploads/sites/1271/2022/03/%E4%B8%8B%E8%BC%89-24.jpg HTTP/1.1" 200 12195 "https://2blog.ilc.edu.tw/32745/2021/04/06/%e5%ba%95%e7%89%87/" "Mozilla/5.0 AppleWebKit/537.36 (KHTML, like Gecko; compatible; GPTBot/1.4; +https://openai.com/gptbot)"
52.167.144.19 - - [26/Aug/2026:23:19:08 +0800] "GET /1003/?s=%E5%85%92%E7%AB%A5%E8%81%B7%E8%83%BD%E6%B2%BB%E7%99%82 HTTP/1.1" 200 13797 "-" "Mozilla/5.0 AppleWebKit/537.36 (KHTML, like Gecko; compatible; bingbot/2.0; +http://www.bing.com/bingbot.htm) Chrome/116.0.1938.76 Safari/537.36"
2408:862e:ff:ff0d::10b3 - - [26/Aug/2026:23:19:08 +0800] "GET /wp-content/themes/oceanwp/assets/js/vendors/magnific-popup.min.js HTTP/1.1" 200 8270 "https://ilta.ilc.edu.tw/2012/02/21/" "Mozilla/5.0 (Windows NT 10.0; Win64; x64) AppleWebKit/537.36 (KHTML, like Gecko) Chrome/144.0.0.0 Safari/537.36"
2408:862e:ff:ff0d::10b3 - - [26/Aug/2026:23:19:08 +0800] "GET /wp-content/themes/oceanwp/assets/js/scroll-top.min.js HTTP/1.1" 200 3202 "https://ilta.ilc.edu.tw/2012/02/21/" "Mozilla/5.0 (Windows NT 10.0; Win64; x64) AppleWebKit/537.36 (KHTML, like Gecko) Chrome/144.0.0.0 Safari/537.36"
74.7.242.54 - - [26/Aug/2026:23:19:08 +0800] "GET /32745/wp-content/uploads/sites/1271/2020/08/%E4%B8%8B%E8%BC%89-9-4.jpg HTTP/1.1" 200 10770 "https://2blog.ilc.edu.tw/32745/2020/08/22/" "Mozilla/5.0 AppleWebKit/537.36 (KHTML, like Gecko; compatible; GPTBot/1.4; +https://openai.com/gptbot)"
74.7.242.54 - - [26/Aug/2026:23:19:09 +0800] "GET /32745/wp-content/uploads/sites/1271/2021/01/%E4%B8%8B%E8%BC%89-4-3.jpg HTTP/1.1" 200 5820 "https://2blog.ilc.edu.tw/32745/2021/11/02/%e5%bf%83%e7%96%bc%e9%a9%97%e7%84%a1%e5%82%b7/" "Mozilla/5.0 AppleWebKit/537.36 (KHTML, like Gecko; compatible; GPTBot/1.4; +https://openai.com/gptbot)"
35.173.38.202 - - [26/Aug/2026:23:19:10 +0800] "GET /amy6998/wp-content/uploads/sites/2364/2025/02/IMG_1309gggjpg-300x225.jpg HTTP/1.1" 200 26954 "-" "Mozilla/5.0 AppleWebKit/537.36 (KHTML, like Gecko; compatible; Amazonbot/0.1; +https://developer.amazon.com/support/amazonbot) Chrome/119.0.6045.214 Safari/537.36"
74.7.242.54 - - [26/Aug/2026:23:19:10 +0800] "GET /32745/wp-json/wp/v2/posts/50231 HTTP/1.1" 200 3726 "https://2blog.ilc.edu.tw/32745/2021/09/09/%e8%8e%8e%e8%8e%89vs%e6%96%b0%e5%b3%b0/" "Mozilla/5.0 AppleWebKit/537.36 (KHTML, like Gecko; compatible; GPTBot/1.4; +https://openai.com/gptbot)"
2001:b011:e003:275:97f0:fb88:9aac:398b - - [26/Aug/2026:23:19:10 +0800] "GET / HTTP/1.0" 301 900 "-" "-"
140.111.67.10 - - [26/Aug/2026:23:19:10 +0800] "GET /" 301 273 "-" "-"
74.7.242.54 - - [26/Aug/2026:23:19:10 +0800] "GET /32745/wp-json/wp/v2/posts/11825 HTTP/1.1" 200 5434 "https://2blog.ilc.edu.tw/32745/2020/05/21/%e4%b8%83%e9%83%8evs%e4%b8%80%e7%b6%be/" "Mozilla/5.0 AppleWebKit/537.36 (KHTML, like Gecko; compatible; GPTBot/1.4; +https://openai.com/gptbot)"
2001:b011:e003:275:97f0:fb88:9aac:398b - - [26/Aug/2026:23:19:10 +0800] "GET / HTTP/1.0" 200 114581 "-" "-"
74.7.242.54 - - [26/Aug/2026:23:19:11 +0800] "GET /32745/wp-json/oembed/1.0/embed?url=https%3A%2F%2F2blog.ilc.edu.tw%2F32745%2F2021%2F09%2F09%2F%25e8%258e%258e%25e8%258e%2589vs%25e6%2596%25b0%25e5%25b3%25b0%2F HTTP/1.1" 200 3525 "https://2blog.ilc.edu.tw/32745/2021/09/09/%e8%8e%8e%e8%8e%89vs%e6%96%b0%e5%b3%b0/" "Mozilla/5.0 AppleWebKit/537.36 (KHTML, like Gecko; compatible; GPTBot/1.4; +https://openai.com/gptbot)"
74.7.242.54 - - [26/Aug/2026:23:19:11 +0800] "GET /32745/wp-json/oembed/1.0/embed?url=https%3A%2F%2F2blog.ilc.edu.tw%2F32745%2F2020%2F05%2F21%2F%25e4%25b8%2583%25e9%2583%258evs%25e4%25b8%2580%25e7%25b6%25be%2F HTTP/1.1" 200 3534 "https://2blog.ilc.edu.tw/32745/2020/05/21/%e4%b8%83%e9%83%8evs%e4%b8%80%e7%b6%be/" "Mozilla/5.0 AppleWebKit/537.36 (KHTML, like Gecko; compatible; GPTBot/1.4; +https://openai.com/gptbot)"
74.7.242.54 - - [26/Aug/2026:23:19:12 +0800] "GET /32745/wp-json/oembed/1.0/embed?format=xml&url=https%3A%2F%2F2blog.ilc.edu.tw%2F32745%2F2021%2F09%2F09%2F%25e8%258e%258e%25e8%258e%2589vs%25e6%2596%25b0%25e5%25b3%25b0%2F HTTP/1.1" 200 2314 "https://2blog.ilc.edu.tw/32745/2021/09/09/%e8%8e%8e%e8%8e%89vs%e6%96%b0%e5%b3%b0/" "Mozilla/5.0 AppleWebKit/537.36 (KHTML, like Gecko; compatible; GPTBot/1.4; +https://openai.com/gptbot)"
::1 - - [26/Aug/2026:23:19:12 +0800] "OPTIONS * HTTP/1.0" 200 110 "-" "Apache/2.4.68 (Ubuntu) OpenSSL/3.0.19 (internal dummy connection)"
74.7.242.54 - - [26/Aug/2026:23:19:12 +0800] "GET /32745/wp-content/uploads/sites/1271/2020/09/%E4%B8%8B%E8%BC%89-3-2.jpg HTTP/1.1" 200 6148 "https://2blog.ilc.edu.tw/32745/2020/09/13/%e7%84%a1%e8%81%b2%e7%9a%84%e7%96%bc/" "Mozilla/5.0 AppleWebKit/537.36 (KHTML, like Gecko; compatible; GPTBot/1.4; +https://openai.com/gptbot)"
2001:288:a201::66:125 - - [26/Aug/2026:23:19:13 +0800] "GET /blog/active.php HTTP/1.1" 301 1026 "-" "-"
2001:288:a201::66:125 - - [26/Aug/2026:23:19:13 +0800] "GET /blog/active.php HTTP/1.1" 404 1084 "-" "-"
74.7.242.54 - - [26/Aug/2026:23:19:13 +0800] "GET /32745/wp-content/uploads/sites/1271/2022/07/%E4%B8%8B%E8%BC%89-2-2.jpg HTTP/1.1" 200 11616 "https://2blog.ilc.edu.tw/32745/2022/07/09/" "Mozilla/5.0 AppleWebKit/537.36 (KHTML, like Gecko; compatible; GPTBot/1.4; +https://openai.com/gptbot)"
74.7.242.54 - - [26/Aug/2026:23:19:13 +0800] "GET /32745/wp-content/uploads/sites/1271/2020/05/%E4%B8%8B%E8%BC%89-3-8.jpg HTTP/1.1" 200 8867 "https://2blog.ilc.edu.tw/32745/2020/05/02/%e5%90%8d%e4%bb%bd/" "Mozilla/5.0 AppleWebKit/537.36 (KHTML, like Gecko; compatible; GPTBot/1.4; +https://openai.com/gptbot)"
74.7.242.54 - - [26/Aug/2026:23:19:14 +0800] "GET /32745/wp-content/uploads/sites/1271/2022/07/%E4%B8%8B%E8%BC%89-2-1.jpg HTTP/1.1" 200 12710 "https://2blog.ilc.edu.tw/32745/2022/07/08/%e6%b2%89%e9%87%8d%e7%9a%84%e5%bf%83%e8%81%b2/" "Mozilla/5.0 AppleWebKit/537.36 (KHTML, like Gecko; compatible; GPTBot/1.4; +https://openai.com/gptbot)"
2001:4860:7:510::fb - - [26/Aug/2026:23:19:14 +0800] "GET /8196/ HTTP/1.1" 200 23788 "https://www.google.com/" "Mozilla/5.0 (Windows NT 10.0; Win64; x64) AppleWebKit/537.36 (KHTML, like Gecko) Chrome/151.0.0.0 Safari/537.36"
::1 - - [26/Aug/2026:23:19:14 +0800] "OPTIONS * HTTP/1.0" 200 110 "-" "Apache/2.4.68 (Ubuntu) OpenSSL/3.0.19 (internal dummy connection)"
74.7.242.54 - - [26/Aug/2026:23:19:14 +0800] "GET /32745/wp-content/uploads/sites/1271/2022/05/%E4%B8%8B%E8%BC%89-27.jpg HTTP/1.1" 200 8906 "https://2blog.ilc.edu.tw/32745/2022/05/29/page/4/" "Mozilla/5.0 AppleWebKit/537.36 (KHTML, like Gecko; compatible; GPTBot/1.4; +https://openai.com/gptbot)"
66.249.71.37 - - [26/Aug/2026:23:19:14 +0800] "GET /41336/%E6%95%99%E5%AD%B8%E6%95%99%E6%9D%90109%E5%B9%B411%E6%9C%8818%E6%97%A5109%E5%AD%B8%E5%B9%B4%E5%BA%A6%E4%B8%8A%E5%AD%B8%E6%9C%9F%E5%A4%A7%E5%85%89%E5%9C%8B%E5%B0%8F%E8%B3%87%E6%BA%90%E7%8F%AD/ HTTP/1.1" 200 25624 "-" "Mozilla/5.0 (Linux; Android 6.0.1; Nexus 5X Build/MMB29P) AppleWebKit/537.36 (KHTML, like Gecko) Chrome/151.0.7922.173 Mobile Safari/537.36 (compatible; Googlebot/2.1; +http://www.google.com/bot.html)"
34.234.200.207 - - [26/Aug/2026:23:19:15 +0800] "GET /wp-content/uploads/sites/2852/2022/03/ HTTP/1.1" 200 1114 "-" "Mozilla/5.0 AppleWebKit/537.36 (KHTML, like Gecko; compatible; Amazonbot/0.1; +https://developer.amazon.com/support/amazonbot) Chrome/119.0.6045.214 Safari/537.36"
74.7.242.54 - - [26/Aug/2026:23:19:15 +0800] "GET /32745/wp-content/uploads/sites/1271/2020/07/%E4%B8%8B%E8%BC%89-4-1.jpg HTTP/1.1" 200 6433 "https://2blog.ilc.edu.tw/32745/2020/07/05/" "Mozilla/5.0 AppleWebKit/537.36 (KHTML, like Gecko; compatible; GPTBot/1.4; +https://openai.com/gptbot)"
140.111.67.10 - - [26/Aug/2026:23:19:15 +0800] "GET /" 301 273 "-" "-"
74.7.242.54 - - [26/Aug/2026:23:19:15 +0800] "GET /32745/wp-content/uploads/sites/1271/2020/09/%E4%B8%8B%E8%BC%89-1-3.jpg HTTP/1.1" 200 9340 "https://2blog.ilc.edu.tw/32745/2020/09/14/" "Mozilla/5.0 AppleWebKit/537.36 (KHTML, like Gecko; compatible; GPTBot/1.4; +https://openai.com/gptbot)"
74.7.242.54 - - [26/Aug/2026:23:19:16 +0800] "GET /32745/wp-content/uploads/sites/1271/2020/08/%E4%B8%8B%E8%BC%89-7-2.jpg HTTP/1.1" 200 6247 "https://2blog.ilc.edu.tw/32745/2020/08/09/%e7%84%a1%e7%b7%a3%e7%9a%84%e5%86%8d%e6%9c%83/" "Mozilla/5.0 AppleWebKit/537.36 (KHTML, like Gecko; compatible; GPTBot/1.4; +https://openai.com/gptbot)"
74.7.242.54 - - [26/Aug/2026:23:19:16 +0800] "GET /32745/wp-content/uploads/sites/1271/2020/08/%E4%B8%8B%E8%BC%89-41.jpg HTTP/1.1" 200 10509 "https://2blog.ilc.edu.tw/32745/2020/08/23/page/5/" "Mozilla/5.0 AppleWebKit/537.36 (KHTML, like Gecko; compatible; GPTBot/1.4; +https://openai.com/gptbot)"
34.56.124.53 - - [26/Aug/2026:23:19:17 +0800] "GET /1100202%E5%8D%97%E5%B1%B1%E5%9C%8B%E5%B0%8F%E5%AF%A6%E9%A9%97%E6%95%99%E8%82%B2%E8%AA%B2%E7%A8%8B%E5%8D%94%E4%BD%9C/ HTTP/1.1" 200 20153 "-" "Mozilla/5.0 (Macintosh; Intel Mac OS X 10_15_7) AppleWebKit/537.36 (KHTML, like Gecko) Chrome/120.0.0.0 Safari/537.36"
74.7.242.54 - - [26/Aug/2026:23:19:17 +0800] "GET /32745/wp-content/uploads/sites/1271/2020/06/%E4%B8%8B%E8%BC%89-4-2.jpg HTTP/1.1" 200 10695 "https://2blog.ilc.edu.tw/32745/2020/06/02/page/4/" "Mozilla/5.0 AppleWebKit/537.36 (KHTML, like Gecko; compatible; GPTBot/1.4; +https://openai.com/gptbot)"
52.167.144.19 - - [26/Aug/2026:23:19:17 +0800] "GET /1003/?s=central+telefonca+rvt HTTP/1.1" 200 13732 "-" "Mozilla/5.0 AppleWebKit/537.36 (KHTML, like Gecko; compatible; bingbot/2.0; +http://www.bing.com/bingbot.htm) Chrome/116.0.1938.76 Safari/537.36"
74.7.242.54 - - [26/Aug/2026:23:19:17 +0800] "GET /32745/wp-content/uploads/sites/1271/2021/10/safe_image-13-21.jpeg HTTP/1.1" 200 19242 "https://2blog.ilc.edu.tw/32745/wp-json/oembed/1.0/embed?format=xml&url=https%3A%2F%2F2blog.ilc.edu.tw%2F32745%2F2021%2F09%2F09%2F%25e8%258e%258e%25e8%258e%2589vs%25e6%2596%25b0%25e5%25b3%25b0%2F" "Mozilla/5.0 AppleWebKit/537.36 (KHTML, like Gecko; compatible; GPTBot/1.4; +https://openai.com/gptbot)"
2001:288:a201::66:125 - - [26/Aug/2026:23:19:18 +0800] "GET /blog/active.php HTTP/1.1" 301 1026 "-" "-"
2001:288:a201::66:125 - - [26/Aug/2026:23:19:18 +0800] "GET /blog/active.php HTTP/1.1" 404 1084 "-" "-"
34.123.149.87 - - [26/Aug/2026:23:19:18 +0800] "GET /16824/2020/03/26/109%E5%AD%B8%E5%B9%B4%E5%BA%A6%E5%AE%9C%E8%98%AD%E5%8D%80%E5%9C%8B%E4%B8%AD%E6%8A%80%E8%97%9D%E6%8A%80%E8%83%BD%E5%84%AA%E8%89%AF%E5%AD%B8%E7%94%9F%E7%94%84%E5%AF%A9%E5%85%A5%E5%AD%B8%E9%AB%98/ HTTP/1.1" 200 15151 "-" "Mozilla/5.0 (Macintosh; Intel Mac OS X 10_15_7) AppleWebKit/537.36 (KHTML, like Gecko) Chrome/120.0.0.0 Safari/537.36"
74.7.242.54 - - [26/Aug/2026:23:19:18 +0800] "GET /32745/wp-content/uploads/sites/1271/2020/08/%E4%B8%8B%E8%BC%89-49.jpg HTTP/1.1" 200 8708 "https://2blog.ilc.edu.tw/32745/2020/08/24/" "Mozilla/5.0 AppleWebKit/537.36 (KHTML, like Gecko; compatible; GPTBot/1.4; +https://openai.com/gptbot)"
74.7.242.54 - - [26/Aug/2026:23:19:18 +0800] "GET /32745/wp-content/uploads/sites/1271/2020/04/%E4%B8%8B%E8%BC%89-1-1.jpg HTTP/1.1" 200 6820 "https://2blog.ilc.edu.tw/32745/2021/06/22/%e6%9a%97%e7%88%bd%e5%9c%a8%e5%bf%83%e5%85%a7/" "Mozilla/5.0 AppleWebKit/537.36 (KHTML, like Gecko; compatible; GPTBot/1.4; +https://openai.com/gptbot)"
74.7.242.54 - - [26/Aug/2026:23:19:19 +0800] "GET /32745/wp-content/uploads/sites/1271/2020/08/%E4%B8%8B%E8%BC%89-50.jpg HTTP/1.1" 200 8276 "https://2blog.ilc.edu.tw/32745/2026/01/18/%e6%b0%b8%e9%81%a0%e8%8e%ab%e6%8f%90%e8%b5%b7/" "Mozilla/5.0 AppleWebKit/537.36 (KHTML, like Gecko; compatible; GPTBot/1.4; +https://openai.com/gptbot)"
74.7.242.54 - - [26/Aug/2026:23:19:20 +0800] "GET /32745/wp-content/uploads/sites/1271/2021/04/%E4%B8%8B%E8%BC%89-10.jpg HTTP/1.1" 200 6357 "https://2blog.ilc.edu.tw/32745/2023/11/18/%e7%84%a1%e6%80%a8/" "Mozilla/5.0 AppleWebKit/537.36 (KHTML, like Gecko; compatible; GPTBot/1.4; +https://openai.com/gptbot)"
140.111.67.10 - - [26/Aug/2026:23:19:20 +0800] "GET /" 301 273 "-" "-"
74.7.242.54 - - [26/Aug/2026:23:19:20 +0800] "GET /32745/wp-content/uploads/sites/1271/2020/06/%E4%B8%8B%E8%BC%89-4-6.jpg HTTP/1.1" 200 7694 "https://2blog.ilc.edu.tw/32745/2020/06/13/page/2/" "Mozilla/5.0 AppleWebKit/537.36 (KHTML, like Gecko; compatible; GPTBot/1.4; +https://openai.com/gptbot)"
74.7.242.54 - - [26/Aug/2026:23:19:21 +0800] "GET /32745/wp-content/uploads/sites/1271/2022/05/%E4%B8%8B%E8%BC%89-3-3.jpg HTTP/1.1" 200 9013 "https://2blog.ilc.edu.tw/32745/2022/05/12/page/3/" "Mozilla/5.0 AppleWebKit/537.36 (KHTML, like Gecko; compatible; GPTBot/1.4; +https://openai.com/gptbot)"
74.7.242.54 - - [26/Aug/2026:23:19:21 +0800] "GET /32745/wp-content/uploads/sites/1271/2020/07/%E4%B8%8B%E8%BC%89-21.jpg HTTP/1.1" 200 8676 "https://2blog.ilc.edu.tw/32745/2024/07/20/%e6%88%80%e6%84%9b%e5%9f%8e%e5%b8%82/" "Mozilla/5.0 AppleWebKit/537.36 (KHTML, like Gecko; compatible; GPTBot/1.4; +https://openai.com/gptbot)"
74.7.242.54 - - [26/Aug/2026:23:19:22 +0800] "GET /32745/wp-content/uploads/sites/1271/2021/01/%E4%B8%8B%E8%BC%89-19.jpg HTTP/1.1" 200 17680 "https://2blog.ilc.edu.tw/32745/2020/12/26/" "Mozilla/5.0 AppleWebKit/537.36 (KHTML, like Gecko; compatible; GPTBot/1.4; +https://openai.com/gptbot)"
74.7.242.54 - - [26/Aug/2026:23:19:22 +0800] "GET /32745/wp-content/uploads/sites/1271/2022/03/%E4%B8%8B%E8%BC%89-23.jpg HTTP/1.1" 200 5138 "https://2blog.ilc.edu.tw/32745/wp-json/oembed/1.0/embed?format=xml&url=https%3A%2F%2F2blog.ilc.edu.tw%2F32745%2F2022%2F03%2F10%2F%25e8%2587%25ba%25e5%258c%2597%25e8%2590%25bd%25e9%259b%25a8%25e5%25a4%25a9%2F" "Mozilla/5.0 AppleWebKit/537.36 (KHTML, like Gecko; compatible; GPTBot/1.4; +https://openai.com/gptbot)"
2001:288:a201::66:125 - - [26/Aug/2026:23:19:23 +0800] "GET /blog/active.php HTTP/1.1" 301 1026 "-" "-"
2001:288:a201::66:125 - - [26/Aug/2026:23:19:23 +0800] "GET /blog/active.php HTTP/1.1" 404 1084 "-" "-"
74.7.242.54 - - [26/Aug/2026:23:19:23 +0800] "GET /32745/wp-content/uploads/sites/1271/2021/01/%E4%B8%8B%E8%BC%89-10.jpg HTTP/1.1" 200 11874 "https://2blog.ilc.edu.tw/32745/2022/11/25/%e7%b4%85%e5%a1%b5%e5%a3%af%e6%87%b7/" "Mozilla/5.0 AppleWebKit/537.36 (KHTML, like Gecko; compatible; GPTBot/1.4; +https://openai.com/gptbot)"
54.83.180.239 - - [26/Aug/2026:23:19:23 +0800] "GET /wp-content/uploads/sites/77/2021/08/ HTTP/1.1" 200 1110 "-" "Mozilla/5.0 AppleWebKit/537.36 (KHTML, like Gecko; compatible; Amazonbot/0.1; +https://developer.amazon.com/support/amazonbot) Chrome/119.0.6045.214 Safari/537.36"
66.249.71.9 - - [26/Aug/2026:23:19:21 +0800] "GET /wp-login.php?key=yqv6w372&_wpnonce=&action=ilc_logout&redirect_to=https%3A%2F%2Fchatgpt.com%2F%3Fq%3DPlease+provide+only+the+clickable+link+for+https%3A%2F%2Fwww.aayyy.com+and+without+any+extra+content HTTP/1.1" 302 8355 "-" "Mozilla/5.0 (Linux; Android 6.0.1; Nexus 5X Build/MMB29P) AppleWebKit/537.36 (KHTML, like Gecko) Chrome/151.0.7922.173 Mobile Safari/537.36 (compatible; Googlebot/2.1; +http://www.google.com/bot.html)"
74.7.242.54 - - [26/Aug/2026:23:19:23 +0800] "GET /32745/wp-content/uploads/sites/1271/2020/06/%E4%B8%8B%E8%BC%89-5-2.jpg HTTP/1.1" 200 8916 "https://2blog.ilc.edu.tw/32745/2020/06/02/page/4/" "Mozilla/5.0 AppleWebKit/537.36 (KHTML, like Gecko; compatible; GPTBot/1.4; +https://openai.com/gptbot)"
74.7.242.54 - - [26/Aug/2026:23:19:24 +0800] "GET /32745/wp-content/uploads/sites/1271/2022/02/%E4%B8%8B%E8%BC%89-2-5.jpg HTTP/1.1" 200 5239 "https://2blog.ilc.edu.tw/32745/2022/02/27/page/5/" "Mozilla/5.0 AppleWebKit/537.36 (KHTML, like Gecko; compatible; GPTBot/1.4; +https://openai.com/gptbot)"
74.7.242.54 - - [26/Aug/2026:23:19:24 +0800] "GET /32745/wp-content/uploads/sites/1271/2021/04/%E4%B8%8B%E8%BC%89-4-6.jpg HTTP/1.1" 200 7437 "https://2blog.ilc.edu.tw/32745/2021/04/17/%e5%a4%a2%e9%86%92%e5%bf%83%e4%b9%9f%e7%a2%8e/" "Mozilla/5.0 AppleWebKit/537.36 (KHTML, like Gecko; compatible; GPTBot/1.4; +https://openai.com/gptbot)"
52.167.144.179 - - [26/Aug/2026:23:19:24 +0800] "GET /wp-json/wp/v2/pages/663 HTTP/1.1" 200 11172 "-" "Mozilla/5.0 AppleWebKit/537.36 (KHTML, like Gecko; compatible; bingbot/2.0; +http://www.bing.com/bingbot.htm) Chrome/116.0.1938.76 Safari/537.36"
74.7.242.54 - - [26/Aug/2026:23:19:25 +0800] "GET /32745/wp-content/uploads/sites/1271/2020/05/%E4%B8%8B%E8%BC%89-25.jpg HTTP/1.1" 200 13934 "https://2blog.ilc.edu.tw/32745/2020/05/18/page/4/" "Mozilla/5.0 AppleWebKit/537.36 (KHTML, like Gecko; compatible; GPTBot/1.4; +https://openai.com/gptbot)"
216.73.217.64 - - [26/Aug/2026:23:19:25 +0800] "GET /9536/2008/01/29/%e7%a4%be%e5%8d%80%e6%97%a5%e6%9b%86-%e5%a4%a7%e6%b4%b2%e7%a4%be%e5%8d%80-%e7%ac%ac%e4%b8%80%e6%86%a8%e6%8f%92%e7%94%98%e8%94%97%e4%b9%8e%e6%9c%83%e7%a4%be%e7%a3%85%e5%8f%b0%e8%aa%9e/ HTTP/1.1" 200 14664 "-" "Mozilla/5.0 AppleWebKit/537.36 (KHTML, like Gecko; compatible; ClaudeBot/1.0; +claudebot@anthropic.com)"
140.111.67.10 - - [26/Aug/2026:23:19:25 +0800] "GET /" 301 273 "-" "-"
216.73.217.64 - - [26/Aug/2026:23:19:25 +0800] "GET /9536/2010/05/22/%e7%a4%be%e5%8d%80%e6%97%a5%e6%9b%86-%e4%b8%89%e8%88%88%e7%a4%be%e5%8d%80-%e9%96%8b%e5%9f%ba%e7%81%b6%e5%90%9b%e5%bb%9f%e7%9c%81%e6%b0%91%e5%a0%82/ HTTP/1.1" 200 14825 "-" "Mozilla/5.0 AppleWebKit/537.36 (KHTML, like Gecko; compatible; ClaudeBot/1.0; +claudebot@anthropic.com)"
74.7.242.54 - - [26/Aug/2026:23:19:25 +0800] "GET /32745/wp-content/uploads/sites/1271/2021/04/%E4%B8%8B%E8%BC%89-18.jpg HTTP/1.1" 200 14617 "https://2blog.ilc.edu.tw/32745/2022/02/28/%e9%80%81%e4%bd%a0%e4%b8%8a%e5%b1%b1%e9%a0%ad/" "Mozilla/5.0 AppleWebKit/537.36 (KHTML, like Gecko; compatible; GPTBot/1.4; +https://openai.com/gptbot)"
3.223.181.32 - - [26/Aug/2026:23:19:26 +0800] "GET /amy6998/wp-content/uploads/sites/2364/2024/04/IMG_5425-1024x768.jpg HTTP/1.1" 200 189531 "-" "Mozilla/5.0 AppleWebKit/537.36 (KHTML, like Gecko; compatible; Amazonbot/0.1; +https://developer.amazon.com/support/amazonbot) Chrome/119.0.6045.214 Safari/537.36"
74.7.242.54 - - [26/Aug/2026:23:19:26 +0800] "GET /32745/wp-content/uploads/sites/1271/2026/01/1-107-500x245.jpeg HTTP/1.1" 200 11392 "https://2blog.ilc.edu.tw/32745/2026/01/01/%e9%ac%a5%e9%99%a3%e4%be%86%f0%a8%91%a8%e8%bf%8c/" "Mozilla/5.0 AppleWebKit/537.36 (KHTML, like Gecko; compatible; GPTBot/1.4; +https://openai.com/gptbot)"
74.7.242.54 - - [26/Aug/2026:23:19:26 +0800] "GET /32745/wp-content/uploads/sites/1271/2026/01/1-104-500x245.jpeg HTTP/1.1" 200 10823 "https://2blog.ilc.edu.tw/32745/2026/01/01/%e9%ac%a5%e9%99%a3%e4%be%86%f0%a8%91%a8%e8%bf%8c/" "Mozilla/5.0 AppleWebKit/537.36 (KHTML, like Gecko; compatible; GPTBot/1.4; +https://openai.com/gptbot)"
54.85.126.86 - - [26/Aug/2026:23:19:27 +0800] "GET /25287/wp-content/uploads/sites/1431/2026/05/u5ee3/u8208/u570b/u5c0f71/u5468/u5e74/u76f8/u7247/u6a94-404-300x200.jpg HTTP/1.1" 500 6121 "-" "Mozilla/5.0 AppleWebKit/537.36 (KHTML, like Gecko; compatible; Amazonbot/0.1; +https://developer.amazon.com/support/amazonbot) Chrome/119.0.6045.214 Safari/537.36"
34.56.53.225 - - [26/Aug/2026:23:19:26 +0800] "GET /32745/category/%E6%9D%8E%E8%8A%8A%E6%85%A7/page/2/ HTTP/1.1" 200 91216 "-" "Mozilla/5.0 (Macintosh; Intel Mac OS X 10_15_7) AppleWebKit/537.36 (KHTML, like Gecko) Chrome/120.0.0.0 Safari/537.36"
