74.7.242.54 - - [26/Aug/2026:23:11:58 +0800] "GET /32745/wp-content/uploads/sites/1271/2022/03/%E4%B8%8B%E8%BC%89-17-1.jpg HTTP/1.1" 200 5322 "https://2blog.ilc.edu.tw/32745/2021/04/06/peh%e5%b4%8e%e8%8b%a5%e8%90%bd%e5%b4%8e/" "Mozilla/5.0 AppleWebKit/537.36 (KHTML, like Gecko; compatible; GPTBot/1.4; +https://openai.com/gptbot)"
2409:8a00:790b:26e4:d04a:d391:c24b:b3e - - [26/Aug/2026:23:11:58 +0800] "GET /6422/wp-content/cache/2blog.ilc.edu.tw/wpfc-minified/d2nkh48v/5wv1k.js HTTP/1.1" 200 40358 "https://2blog.ilc.edu.tw/6422/page/6/" "Mozilla/5.0 (Windows NT 10.0; Win64; x64) AppleWebKit/537.36 (KHTML, like Gecko) Chrome/144.0.0.0 Safari/537.36"
2409:8a00:790b:26e4:d04a:d391:c24b:b3e - - [26/Aug/2026:23:11:58 +0800] "GET /6422/wp-content/cache/2blog.ilc.edu.tw/wpfc-minified/2zp8v9b7/5wv1k.css HTTP/1.1" 200 58430 "https://2blog.ilc.edu.tw/6422/page/6/" "Mozilla/5.0 (Windows NT 10.0; Win64; x64) AppleWebKit/537.36 (KHTML, like Gecko) Chrome/144.0.0.0 Safari/537.36"
74.7.242.54 - - [26/Aug/2026:23:11:59 +0800] "GET /32745/wp-content/uploads/sites/1271/2022/05/%E4%B8%8B%E8%BC%89-12-1.jpg HTTP/1.1" 200 4956 "https://2blog.ilc.edu.tw/32745/2022/05/07/%e8%8f%9c%e7%93%9c%e6%97%8b%e8%97%a4/" "Mozilla/5.0 AppleWebKit/537.36 (KHTML, like Gecko; compatible; GPTBot/1.4; +https://openai.com/gptbot)"
52.167.144.186 - - [26/Aug/2026:23:11:59 +0800] "GET /28/wp-content/cache/2blog.ilc.edu.tw/wpfc-minified/mmkjhztj/5wsks.css HTTP/1.1" 200 20821 "https://2blog.ilc.edu.tw/28/2024/08/19/daisy%E8%80%81%E5%B8%AB%E5%88%86%E4%BA%AB%E5%A6%82%E4%BD%95%E5%88%A9%E7%94%A8cool-english%E5%B9%B3%E5%8F%B0%E8%87%AA%E8%A3%BD%E8%8B%B1%E8%AA%9E%E8%81%BD%E5%8A%9B%E8%A9%A6%E9%A1%8C/" "Mozilla/5.0 AppleWebKit/537.36 (KHTML, like Gecko; compatible; bingbot/2.0; +http://www.bing.com/bingbot.htm) Chrome/136.0.0.0 Safari/537.36 AppleWebKit/537.36 (KHTML, like Gecko; compatible; bingbot/2.0; +http://www.bing.com/bingbot.htm) Chrome/116.0.1938.76 Safari/537.36"
74.7.242.54 - - [26/Aug/2026:23:11:59 +0800] "GET /32745/wp-content/uploads/sites/1271/2022/03/%E4%B8%8B%E8%BC%89-25-1.jpg HTTP/1.1" 200 11724 "https://2blog.ilc.edu.tw/32745/2022/03/13/%e7%9c%9f%e6%83%85%e7%9c%9f%e6%84%9b/" "Mozilla/5.0 AppleWebKit/537.36 (KHTML, like Gecko; compatible; GPTBot/1.4; +https://openai.com/gptbot)"
2409:8a00:790b:26e4:d04a:d391:c24b:b3e - - [26/Aug/2026:23:12:00 +0800] "GET /6422/wp-includes/js/hoverintent-js.min.js HTTP/1.1" 200 1597 "https://2blog.ilc.edu.tw/6422/page/6/" "Mozilla/5.0 (Windows NT 10.0; Win64; x64) AppleWebKit/537.36 (KHTML, like Gecko) Chrome/144.0.0.0 Safari/537.36"
74.7.242.54 - - [26/Aug/2026:23:12:00 +0800] "GET /32745/wp-content/uploads/sites/1271/2020/05/%E4%B8%8B%E8%BC%89-1-20.jpg HTTP/1.1" 200 4956 "https://2blog.ilc.edu.tw/32745/2020/05/06/%e6%94%be%e8%a2%82%e9%96%8b/" "Mozilla/5.0 AppleWebKit/537.36 (KHTML, like Gecko; compatible; GPTBot/1.4; +https://openai.com/gptbot)"
2001:4860:7:810::f8 - - [26/Aug/2026:23:12:00 +0800] "GET /11463/ HTTP/1.1" 200 27526 "https://www.google.com/" "Mozilla/5.0 (Windows NT 10.0; Win64; x64) AppleWebKit/537.36 (KHTML, like Gecko) Chrome/151.0.0.0 Safari/537.36"
2409:8a00:790b:26e4:d04a:d391:c24b:b3e - - [26/Aug/2026:23:12:00 +0800] "GET /6422/wp-includes/js/admin-bar.min.js HTTP/1.1" 200 2237 "https://2blog.ilc.edu.tw/6422/page/6/" "Mozilla/5.0 (Windows NT 10.0; Win64; x64) AppleWebKit/537.36 (KHTML, like Gecko) Chrome/144.0.0.0 Safari/537.36"
2409:8a00:790b:26e4:d04a:d391:c24b:b3e - - [26/Aug/2026:23:12:00 +0800] "GET /6422/wp-includes/js/imagesloaded.min.js HTTP/1.1" 200 7477 "https://2blog.ilc.edu.tw/6422/page/6/" "Mozilla/5.0 (Windows NT 10.0; Win64; x64) AppleWebKit/537.36 (KHTML, like Gecko) Chrome/144.0.0.0 Safari/537.36"
2409:8a00:790b:26e4:d04a:d391:c24b:b3e - - [26/Aug/2026:23:12:00 +0800] "GET /6422/wp-content/themes/oceanwp/assets/js/theme.min.js HTTP/1.1" 200 5130 "https://2blog.ilc.edu.tw/6422/page/6/" "Mozilla/5.0 (Windows NT 10.0; Win64; x64) AppleWebKit/537.36 (KHTML, like Gecko) Chrome/144.0.0.0 Safari/537.36"
2409:8a00:790b:26e4:d04a:d391:c24b:b3e - - [26/Aug/2026:23:12:00 +0800] "GET /6422/wp-content/themes/oceanwp/assets/js/drop-down-mobile-menu.min.js HTTP/1.1" 200 4663 "https://2blog.ilc.edu.tw/6422/page/6/" "Mozilla/5.0 (Windows NT 10.0; Win64; x64) AppleWebKit/537.36 (KHTML, like Gecko) Chrome/144.0.0.0 Safari/537.36"
140.111.67.10 - - [26/Aug/2026:23:12:00 +0800] "GET /" 301 273 "-" "-"
74.7.242.54 - - [26/Aug/2026:23:12:00 +0800] "GET /32745/wp-content/uploads/sites/1271/2020/06/%E4%B8%8B%E8%BC%89-3-15.jpg HTTP/1.1" 200 7911 "https://2blog.ilc.edu.tw/32745/2020/06/27/page/5/" "Mozilla/5.0 AppleWebKit/537.36 (KHTML, like Gecko; compatible; GPTBot/1.4; +https://openai.com/gptbot)"
2001:b400:e33f:3c93:81db:7260:c95e:aacb - - [26/Aug/2026:23:12:00 +0800] "-" 408 339 "-" "-"
2407:4b00:4c0a:8579:f1db:c267:98d4:6aa1 - - [26/Aug/2026:23:12:00 +0800] "GET /wp-content/cache/www.lses.ilc.edu.tw/wpfc-minified/eia6qrzc/7k9x.css HTTP/1.1" 200 5957 "-" "Mozilla/5.0 (Linux; Android 10; K) AppleWebKit/537.36 (KHTML, like Gecko) Chrome/151.0.0.0 Mobile Safari/537.36"
2407:4b00:4c0a:8579:f1db:c267:98d4:6aa1 - - [26/Aug/2026:23:12:00 +0800] "GET /wp-content/cache/www.lses.ilc.edu.tw/wpfc-minified/1qksxfjc/7k9x.css HTTP/1.1" 200 45684 "-" "Mozilla/5.0 (Linux; Android 10; K) AppleWebKit/537.36 (KHTML, like Gecko) Chrome/151.0.0.0 Mobile Safari/537.36"
2407:4b00:4c0a:8579:f1db:c267:98d4:6aa1 - - [26/Aug/2026:23:12:00 +0800] "GET / HTTP/1.1" 200 18927 "https://www.google.com/" "Mozilla/5.0 (Linux; Android 10; K) AppleWebKit/537.36 (KHTML, like Gecko) Chrome/151.0.0.0 Mobile Safari/537.36"
2407:4b00:4c0a:8579:f1db:c267:98d4:6aa1 - - [26/Aug/2026:23:12:00 +0800] "GET /wp-content/cache/www.lses.ilc.edu.tw/wpfc-minified/20gg51t2/7k9x.css HTTP/1.1" 200 59233 "-" "Mozilla/5.0 (Linux; Android 10; K) AppleWebKit/537.36 (KHTML, like Gecko) Chrome/151.0.0.0 Mobile Safari/537.36"
2409:8a00:790b:26e4:d04a:d391:c24b:b3e - - [26/Aug/2026:23:12:00 +0800] "GET /6422/wp-content/themes/oceanwp/assets/js/drop-down-search.min.js HTTP/1.1" 200 2968 "https://2blog.ilc.edu.tw/6422/page/6/" "Mozilla/5.0 (Windows NT 10.0; Win64; x64) AppleWebKit/537.36 (KHTML, like Gecko) Chrome/144.0.0.0 Safari/537.36"
2407:4b00:4c0a:8579:f1db:c267:98d4:6aa1 - - [26/Aug/2026:23:12:00 +0800] "GET /wp-content/uploads/sites/1062/elementor/css/post-397.css HTTP/1.1" 200 1269 "https://www.lses.ilc.edu.tw/" "Mozilla/5.0 (Linux; Android 10; K) AppleWebKit/537.36 (KHTML, like Gecko) Chrome/151.0.0.0 Mobile Safari/537.36"
2407:4b00:4c0a:8579:f1db:c267:98d4:6aa1 - - [26/Aug/2026:23:12:00 +0800] "GET /wp-content/cache/www.lses.ilc.edu.tw/wpfc-minified/kalqxv0a/7k9x.css HTTP/1.1" 200 35398 "https://www.lses.ilc.edu.tw/" "Mozilla/5.0 (Linux; Android 10; K) AppleWebKit/537.36 (KHTML, like Gecko) Chrome/151.0.0.0 Mobile Safari/537.36"
74.7.242.54 - - [26/Aug/2026:23:12:01 +0800] "GET /32745/wp-content/uploads/sites/1271/2020/06/%E4%B8%8B%E8%BC%89-11-3.jpg HTTP/1.1" 200 9759 "https://2blog.ilc.edu.tw/32745/2020/06/21/%e7%ac%ac%e4%ba%8c%e4%b8%aa%e6%95%85%e9%84%89/" "Mozilla/5.0 AppleWebKit/537.36 (KHTML, like Gecko; compatible; GPTBot/1.4; +https://openai.com/gptbot)"
2409:8a00:790b:26e4:d04a:d391:c24b:b3e - - [26/Aug/2026:23:12:01 +0800] "GET /6422/wp-content/themes/oceanwp/assets/js/vendors/magnific-popup.min.js HTTP/1.1" 200 8270 "https://2blog.ilc.edu.tw/6422/page/6/" "Mozilla/5.0 (Windows NT 10.0; Win64; x64) AppleWebKit/537.36 (KHTML, like Gecko) Chrome/144.0.0.0 Safari/537.36"
2407:4b00:4c0a:8579:f1db:c267:98d4:6aa1 - - [26/Aug/2026:23:12:01 +0800] "GET /wp-content/cache/www.lses.ilc.edu.tw/wpfc-minified/30com2ul/7k9x.css HTTP/1.1" 200 54062 "https://www.lses.ilc.edu.tw/" "Mozilla/5.0 (Linux; Android 10; K) AppleWebKit/537.36 (KHTML, like Gecko) Chrome/151.0.0.0 Mobile Safari/537.36"
2001:288:a201::67:85 - - [26/Aug/2026:23:12:01 +0800] "GET / HTTP/1.1" 200 56291 "-" "curl/7.81.0"
2407:4b00:4c0a:8579:f1db:c267:98d4:6aa1 - - [26/Aug/2026:23:12:01 +0800] "GET /wp-content/cache/www.lses.ilc.edu.tw/wpfc-minified/q4ytdfw/7k9x.js HTTP/1.1" 200 35896 "https://www.lses.ilc.edu.tw/" "Mozilla/5.0 (Linux; Android 10; K) AppleWebKit/537.36 (KHTML, like Gecko) Chrome/151.0.0.0 Mobile Safari/537.36"
2407:4b00:4c0a:8579:f1db:c267:98d4:6aa1 - - [26/Aug/2026:23:12:01 +0800] "GET /wp-content/cache/www.lses.ilc.edu.tw/wpfc-minified/ffy4864p/7k9x.js HTTP/1.1" 200 2698 "https://www.lses.ilc.edu.tw/" "Mozilla/5.0 (Linux; Android 10; K) AppleWebKit/537.36 (KHTML, like Gecko) Chrome/151.0.0.0 Mobile Safari/537.36"
2409:8a00:790b:26e4:d04a:d391:c24b:b3e - - [26/Aug/2026:23:12:01 +0800] "GET /6422/wp-content/themes/oceanwp/assets/js/ow-lightbox.min.js HTTP/1.1" 200 2321 "https://2blog.ilc.edu.tw/6422/page/6/" "Mozilla/5.0 (Windows NT 10.0; Win64; x64) AppleWebKit/537.36 (KHTML, like Gecko) Chrome/144.0.0.0 Safari/537.36"
2407:4b00:4c0a:8579:f1db:c267:98d4:6aa1 - - [26/Aug/2026:23:12:01 +0800] "GET /wp-content/uploads/sites/1062/2024/08/2.png HTTP/1.1" 200 20291 "https://www.lses.ilc.edu.tw/" "Mozilla/5.0 (Linux; Android 10; K) AppleWebKit/537.36 (KHTML, like Gecko) Chrome/151.0.0.0 Mobile Safari/537.36"
2407:4b00:4c0a:8579:f1db:c267:98d4:6aa1 - - [26/Aug/2026:23:12:01 +0800] "GET /wp-content/uploads/sites/1062/2024/08/4-1.png HTTP/1.1" 200 24252 "https://www.lses.ilc.edu.tw/" "Mozilla/5.0 (Linux; Android 10; K) AppleWebKit/537.36 (KHTML, like Gecko) Chrome/151.0.0.0 Mobile Safari/537.36"
2407:4b00:4c0a:8579:f1db:c267:98d4:6aa1 - - [26/Aug/2026:23:12:01 +0800] "GET /wp-content/uploads/sites/1062/2026/01/%E5%9C%96%E7%89%871-1536x798.jpg HTTP/1.1" 200 251992 "https://www.lses.ilc.edu.tw/" "Mozilla/5.0 (Linux; Android 10; K) AppleWebKit/537.36 (KHTML, like Gecko) Chrome/151.0.0.0 Mobile Safari/537.36"
2001:288:a201::67:82 - - [26/Aug/2026:23:12:01 +0800] "GET / HTTP/1.1" 200 56291 "-" "curl/7.81.0"
2407:4b00:4c0a:8579:f1db:c267:98d4:6aa1 - - [26/Aug/2026:23:12:01 +0800] "GET /wp-includes/js/hoverintent-js.min.js HTTP/1.1" 200 1597 "https://www.lses.ilc.edu.tw/" "Mozilla/5.0 (Linux; Android 10; K) AppleWebKit/537.36 (KHTML, like Gecko) Chrome/151.0.0.0 Mobile Safari/537.36"
2407:4b00:4c0a:8579:f1db:c267:98d4:6aa1 - - [26/Aug/2026:23:12:01 +0800] "GET /wp-includes/js/admin-bar.min.js HTTP/1.1" 200 2237 "https://www.lses.ilc.edu.tw/" "Mozilla/5.0 (Linux; Android 10; K) AppleWebKit/537.36 (KHTML, like Gecko) Chrome/151.0.0.0 Mobile Safari/537.36"
2407:4b00:4c0a:8579:f1db:c267:98d4:6aa1 - - [26/Aug/2026:23:12:01 +0800] "GET /wp-includes/js/imagesloaded.min.js HTTP/1.1" 200 2683 "https://www.lses.ilc.edu.tw/" "Mozilla/5.0 (Linux; Android 10; K) AppleWebKit/537.36 (KHTML, like Gecko) Chrome/151.0.0.0 Mobile Safari/537.36"
2407:4b00:4c0a:8579:f1db:c267:98d4:6aa1 - - [26/Aug/2026:23:12:01 +0800] "GET /wp-content/themes/oceanwp/assets/js/theme.min.js HTTP/1.1" 200 5130 "https://www.lses.ilc.edu.tw/" "Mozilla/5.0 (Linux; Android 10; K) AppleWebKit/537.36 (KHTML, like Gecko) Chrome/151.0.0.0 Mobile Safari/537.36"
74.7.242.54 - - [26/Aug/2026:23:12:01 +0800] "GET /32745/wp-content/uploads/sites/1271/2020/06/%E4%B8%8B%E8%BC%89-27-1.jpg HTTP/1.1" 200 7242 "https://2blog.ilc.edu.tw/32745/wp-json/oembed/1.0/embed?format=xml&url=https%3A%2F%2F2blog.ilc.edu.tw%2F32745%2F2020%2F06%2F21%2F%25e6%2588%2591%25e7%259a%2584%25e5%25bf%2583%25e4%25b8%25ad%2F" "Mozilla/5.0 AppleWebKit/537.36 (KHTML, like Gecko; compatible; GPTBot/1.4; +https://openai.com/gptbot)"
2407:4b00:4c0a:8579:f1db:c267:98d4:6aa1 - - [26/Aug/2026:23:12:01 +0800] "GET /wp-content/themes/oceanwp/assets/js/drop-down-mobile-menu.min.js HTTP/1.1" 200 4663 "https://www.lses.ilc.edu.tw/" "Mozilla/5.0 (Linux; Android 10; K) AppleWebKit/537.36 (KHTML, like Gecko) Chrome/151.0.0.0 Mobile Safari/537.36"
2407:4b00:4c0a:8579:f1db:c267:98d4:6aa1 - - [26/Aug/2026:23:12:01 +0800] "GET /wp-content/themes/oceanwp/assets/js/drop-down-search.min.js HTTP/1.1" 200 2968 "https://www.lses.ilc.edu.tw/" "Mozilla/5.0 (Linux; Android 10; K) AppleWebKit/537.36 (KHTML, like Gecko) Chrome/151.0.0.0 Mobile Safari/537.36"
2407:4b00:4c0a:8579:f1db:c267:98d4:6aa1 - - [26/Aug/2026:23:12:01 +0800] "GET /wp-content/themes/oceanwp/assets/fonts/fontawesome/webfonts/fa-solid-900.woff2 HTTP/1.1" 200 151246 "https://www.lses.ilc.edu.tw/wp-content/cache/www.lses.ilc.edu.tw/wpfc-minified/20gg51t2/7k9x.css" "Mozilla/5.0 (Linux; Android 10; K) AppleWebKit/537.36 (KHTML, like Gecko) Chrome/151.0.0.0 Mobile Safari/537.36"
2407:4b00:4c0a:8579:f1db:c267:98d4:6aa1 - - [26/Aug/2026:23:12:01 +0800] "GET /wp-content/uploads/sites/1062/2024/03/cropped-2024%E7%B6%B2%E9%A0%81%E6%A9%AB%E5%B9%85-scaled-1.jpg HTTP/1.1" 200 99754 "https://www.lses.ilc.edu.tw/" "Mozilla/5.0 (Linux; Android 10; K) AppleWebKit/537.36 (KHTML, like Gecko) Chrome/151.0.0.0 Mobile Safari/537.36"
2401:e180:8870:2173:3cff:a293:30e1:1bc7 - - [26/Aug/2026:23:12:01 +0800] "GET / HTTP/1.1" 200 25658 "https://www.google.com/" "Mozilla/5.0 (Linux; Android 10; K) AppleWebKit/537.36 (KHTML, like Gecko) Chrome/150.0.0.0 Mobile Safari/537.36"
2409:8a00:790b:26e4:d04a:d391:c24b:b3e - - [26/Aug/2026:23:12:01 +0800] "GET /6422/wp-content/themes/oceanwp/assets/js/ow-slider.min.js HTTP/1.1" 200 1761 "https://2blog.ilc.edu.tw/6422/page/6/" "Mozilla/5.0 (Windows NT 10.0; Win64; x64) AppleWebKit/537.36 (KHTML, like Gecko) Chrome/144.0.0.0 Safari/537.36"
2409:8a00:790b:26e4:d04a:d391:c24b:b3e - - [26/Aug/2026:23:12:01 +0800] "GET /6422/wp-content/themes/oceanwp/assets/js/vendors/flickity.pkgd.min.js HTTP/1.1" 200 15048 "https://2blog.ilc.edu.tw/6422/page/6/" "Mozilla/5.0 (Windows NT 10.0; Win64; x64) AppleWebKit/537.36 (KHTML, like Gecko) Chrome/144.0.0.0 Safari/537.36"
2409:8a00:790b:26e4:d04a:d391:c24b:b3e - - [26/Aug/2026:23:12:01 +0800] "GET /6422/wp-content/themes/oceanwp/assets/js/scroll-effect.min.js HTTP/1.1" 200 4127 "https://2blog.ilc.edu.tw/6422/page/6/" "Mozilla/5.0 (Windows NT 10.0; Win64; x64) AppleWebKit/537.36 (KHTML, like Gecko) Chrome/144.0.0.0 Safari/537.36"
2407:4b00:4c0a:8579:f1db:c267:98d4:6aa1 - - [26/Aug/2026:23:12:01 +0800] "GET /wp-content/themes/oceanwp/assets/js/ow-lightbox.min.js HTTP/1.1" 200 2321 "https://www.lses.ilc.edu.tw/" "Mozilla/5.0 (Linux; Android 10; K) AppleWebKit/537.36 (KHTML, like Gecko) Chrome/151.0.0.0 Mobile Safari/537.36"
2407:4b00:4c0a:8579:f1db:c267:98d4:6aa1 - - [26/Aug/2026:23:12:01 +0800] "GET /wp-content/themes/oceanwp/assets/js/vendors/magnific-popup.min.js HTTP/1.1" 200 8270 "https://www.lses.ilc.edu.tw/" "Mozilla/5.0 (Linux; Android 10; K) AppleWebKit/537.36 (KHTML, like Gecko) Chrome/151.0.0.0 Mobile Safari/537.36"
2407:4b00:4c0a:8579:f1db:c267:98d4:6aa1 - - [26/Aug/2026:23:12:01 +0800] "GET /wp-content/themes/oceanwp/assets/js/vendors/flickity.pkgd.min.js HTTP/1.1" 200 15387 "https://www.lses.ilc.edu.tw/" "Mozilla/5.0 (Linux; Android 10; K) AppleWebKit/537.36 (KHTML, like Gecko) Chrome/151.0.0.0 Mobile Safari/537.36"
2407:4b00:4c0a:8579:f1db:c267:98d4:6aa1 - - [26/Aug/2026:23:12:01 +0800] "GET /wp-content/themes/oceanwp/assets/js/ow-slider.min.js HTTP/1.1" 200 1761 "https://www.lses.ilc.edu.tw/" "Mozilla/5.0 (Linux; Android 10; K) AppleWebKit/537.36 (KHTML, like Gecko) Chrome/151.0.0.0 Mobile Safari/537.36"
2409:8a00:790b:26e4:d04a:d391:c24b:b3e - - [26/Aug/2026:23:12:01 +0800] "GET /6422/wp-content/themes/oceanwp/assets/js/scroll-top.min.js HTTP/1.1" 200 3202 "https://2blog.ilc.edu.tw/6422/page/6/" "Mozilla/5.0 (Windows NT 10.0; Win64; x64) AppleWebKit/537.36 (KHTML, like Gecko) Chrome/144.0.0.0 Safari/537.36"
2407:4b00:4c0a:8579:f1db:c267:98d4:6aa1 - - [26/Aug/2026:23:12:01 +0800] "GET /wp-content/uploads/sites/1062/2024/08/1.png HTTP/1.1" 200 16363 "https://www.lses.ilc.edu.tw/" "Mozilla/5.0 (Linux; Android 10; K) AppleWebKit/537.36 (KHTML, like Gecko) Chrome/151.0.0.0 Mobile Safari/537.36"
2407:4b00:4c0a:8579:f1db:c267:98d4:6aa1 - - [26/Aug/2026:23:12:02 +0800] "GET /wp-content/uploads/sites/1062/2024/08/6.png HTTP/1.1" 200 16145 "https://www.lses.ilc.edu.tw/" "Mozilla/5.0 (Linux; Android 10; K) AppleWebKit/537.36 (KHTML, like Gecko) Chrome/151.0.0.0 Mobile Safari/537.36"
2401:e180:8870:2173:3cff:a293:30e1:1bc7 - - [26/Aug/2026:23:12:02 +0800] "GET /wp-content/cache/www.jausips.ilc.edu.tw/wpfc-minified/mbx29a86/8b2r0.css HTTP/1.1" 304 5599 "https://www.jausips.ilc.edu.tw/" "Mozilla/5.0 (Linux; Android 10; K) AppleWebKit/537.36 (KHTML, like Gecko) Chrome/150.0.0.0 Mobile Safari/537.36"
2407:4b00:4c0a:8579:f1db:c267:98d4:6aa1 - - [26/Aug/2026:23:12:02 +0800] "GET /wp-content/themes/oceanwp/assets/js/scroll-top.min.js HTTP/1.1" 200 3202 "https://www.lses.ilc.edu.tw/" "Mozilla/5.0 (Linux; Android 10; K) AppleWebKit/537.36 (KHTML, like Gecko) Chrome/151.0.0.0 Mobile Safari/537.36"
2407:4b00:4c0a:8579:f1db:c267:98d4:6aa1 - - [26/Aug/2026:23:12:02 +0800] "GET /wp-content/uploads/sites/1062/2024/08/5.png HTTP/1.1" 200 16870 "https://www.lses.ilc.edu.tw/" "Mozilla/5.0 (Linux; Android 10; K) AppleWebKit/537.36 (KHTML, like Gecko) Chrome/151.0.0.0 Mobile Safari/537.36"
2407:4b00:4c0a:8579:f1db:c267:98d4:6aa1 - - [26/Aug/2026:23:12:02 +0800] "GET /wp-content/uploads/sites/1062/2024/08/3-1.png HTTP/1.1" 200 16369 "https://www.lses.ilc.edu.tw/" "Mozilla/5.0 (Linux; Android 10; K) AppleWebKit/537.36 (KHTML, like Gecko) Chrome/151.0.0.0 Mobile Safari/537.36"
2407:4b00:4c0a:8579:f1db:c267:98d4:6aa1 - - [26/Aug/2026:23:12:02 +0800] "GET /wp-content/themes/oceanwp/assets/js/scroll-effect.min.js HTTP/1.1" 200 4127 "https://www.lses.ilc.edu.tw/" "Mozilla/5.0 (Linux; Android 10; K) AppleWebKit/537.36 (KHTML, like Gecko) Chrome/151.0.0.0 Mobile Safari/537.36"
2407:4b00:4c0a:8579:f1db:c267:98d4:6aa1 - - [26/Aug/2026:23:12:02 +0800] "GET /wp-content/themes/oceanwp/assets/js/select.min.js HTTP/1.1" 200 2408 "https://www.lses.ilc.edu.tw/" "Mozilla/5.0 (Linux; Android 10; K) AppleWebKit/537.36 (KHTML, like Gecko) Chrome/151.0.0.0 Mobile Safari/537.36"
2407:4b00:4c0a:8579:f1db:c267:98d4:6aa1 - - [26/Aug/2026:23:12:02 +0800] "GET /wp-content/plugins/ocean-extra/includes/widgets/js/flickr.min.js HTTP/1.1" 200 1319 "https://www.lses.ilc.edu.tw/" "Mozilla/5.0 (Linux; Android 10; K) AppleWebKit/537.36 (KHTML, like Gecko) Chrome/151.0.0.0 Mobile Safari/537.36"
74.7.242.54 - - [26/Aug/2026:23:12:02 +0800] "GET /32745/wp-content/uploads/sites/1271/2021/04/%E4%B8%8B%E8%BC%89-1-11.jpg HTTP/1.1" 200 6233 "https://2blog.ilc.edu.tw/32745/2021/04/07/%e7%a2%8e%e5%bf%83%e8%8a%b1/" "Mozilla/5.0 AppleWebKit/537.36 (KHTML, like Gecko; compatible; GPTBot/1.4; +https://openai.com/gptbot)"
2409:8c28:250:300::36 - - [26/Aug/2026:23:12:02 +0800] "GET /6423/author/vflying HTTP/1.1" 301 5744 "-" "Mozilla/5.0 (Windows NT 10.0; Win64; x64) AppleWebKit/537.36 (KHTML, like Gecko) Chrome/144.0.0.0 Safari/537.36"
74.7.242.54 - - [26/Aug/2026:23:12:02 +0800] "GET /32745/wp-content/uploads/sites/1271/2022/03/%E4%B8%8B%E8%BC%89-23-1.jpg HTTP/1.1" 200 8626 "https://2blog.ilc.edu.tw/32745/2021/04/05/%e5%ad%a4%e5%96%ae%e9%85%92-2/" "Mozilla/5.0 AppleWebKit/537.36 (KHTML, like Gecko; compatible; GPTBot/1.4; +https://openai.com/gptbot)"
2001:288:a201::66:125 - - [26/Aug/2026:23:12:03 +0800] "GET /blog/active.php HTTP/1.1" 301 1026 "-" "-"
2001:288:a201::66:125 - - [26/Aug/2026:23:12:03 +0800] "GET /blog/active.php HTTP/1.1" 404 1084 "-" "-"
74.7.242.54 - - [26/Aug/2026:23:12:03 +0800] "GET /32745/wp-content/uploads/sites/1271/2020/06/%E4%B8%8B%E8%BC%89-2-13.jpg HTTP/1.1" 200 9042 "https://2blog.ilc.edu.tw/32745/2020/06/25/" "Mozilla/5.0 AppleWebKit/537.36 (KHTML, like Gecko; compatible; GPTBot/1.4; +https://openai.com/gptbot)"
2409:8a00:790b:26e4:d04a:d391:c24b:b3e - - [26/Aug/2026:23:12:03 +0800] "GET /6422/wp-content/themes/oceanwp/assets/js/select.min.js HTTP/1.1" 200 2408 "https://2blog.ilc.edu.tw/6422/page/6/" "Mozilla/5.0 (Windows NT 10.0; Win64; x64) AppleWebKit/537.36 (KHTML, like Gecko) Chrome/144.0.0.0 Safari/537.36"
52.54.95.127 - - [26/Aug/2026:23:12:03 +0800] "GET /1003/wp-json/wp/v2/posts/30074/revisions HTTP/1.1" 401 6197 "-" "Mozilla/5.0 AppleWebKit/537.36 (KHTML, like Gecko; compatible; Amazonbot/0.1; +https://developer.amazon.com/support/amazonbot) Chrome/119.0.6045.214 Safari/537.36"
17.246.15.180 - - [26/Aug/2026:23:12:03 +0800] "GET /5113/2012/01/18/%e6%a0%a1%e5%9c%92%e6%ad%a3%e7%a2%ba%e7%94%a8%e8%97%a5%e6%95%99%e8%82%b2%e8%a8%88%e7%95%ab-%e3%80%8c%e7%a4%be%e5%8d%80%e8%97%a5%e5%b1%80%e8%ab%ae%e8%a9%a2%e9%9b%bb%e8%a9%b1%e3%80%8d%e5%8f%8a%e3%80%8c/ HTTP/1.1" 200 14849 "-" "Mozilla/5.0 (Macintosh; Intel Mac OS X 10_15_7) AppleWebKit/605.1.15 (KHTML, like Gecko) Version/17.4 Safari/605.1.15 (Applebot/0.1; +http://www.apple.com/go/applebot)"
74.7.242.54 - - [26/Aug/2026:23:12:03 +0800] "GET /32745/wp-content/uploads/sites/1271/2020/06/%E4%B8%8B%E8%BC%89-2-15.jpg HTTP/1.1" 200 7865 "https://2blog.ilc.edu.tw/32745/2020/06/27/page/6/" "Mozilla/5.0 AppleWebKit/537.36 (KHTML, like Gecko; compatible; GPTBot/1.4; +https://openai.com/gptbot)"
74.7.242.54 - - [26/Aug/2026:23:12:04 +0800] "GET /32745/wp-content/uploads/sites/1271/2020/05/%E4%B8%8B%E8%BC%89-4-17.jpg HTTP/1.1" 200 10509 "https://2blog.ilc.edu.tw/32745/2020/05/31/page/8/" "Mozilla/5.0 AppleWebKit/537.36 (KHTML, like Gecko; compatible; GPTBot/1.4; +https://openai.com/gptbot)"
74.7.242.54 - - [26/Aug/2026:23:12:04 +0800] "GET /32745/wp-content/uploads/sites/1271/2020/08/%E4%B8%8B%E8%BC%89-3-14.jpg HTTP/1.1" 200 7712 "https://2blog.ilc.edu.tw/32745/2020/08/24/" "Mozilla/5.0 AppleWebKit/537.36 (KHTML, like Gecko; compatible; GPTBot/1.4; +https://openai.com/gptbot)"
2409:8c28:250:300::36 - - [26/Aug/2026:23:12:04 +0800] "GET /6423/author/vflying/ HTTP/1.1" 200 9988 "-" "Mozilla/5.0 (Windows NT 10.0; Win64; x64) AppleWebKit/537.36 (KHTML, like Gecko) Chrome/144.0.0.0 Safari/537.36"
74.7.242.54 - - [26/Aug/2026:23:12:05 +0800] "GET /32745/wp-content/uploads/sites/1271/2020/08/%E4%B8%8B%E8%BC%89-16-1.jpg HTTP/1.1" 200 8584 "https://2blog.ilc.edu.tw/32745/2020/08/09/" "Mozilla/5.0 AppleWebKit/537.36 (KHTML, like Gecko; compatible; GPTBot/1.4; +https://openai.com/gptbot)"
140.111.67.10 - - [26/Aug/2026:23:12:05 +0800] "GET /" 301 273 "-" "-"
74.7.242.54 - - [26/Aug/2026:23:12:05 +0800] "GET /32745/wp-content/uploads/sites/1271/2020/05/%E4%B8%8B%E8%BC%89-2-10.jpg HTTP/1.1" 200 6505 "https://2blog.ilc.edu.tw/32745/2020/05/16/" "Mozilla/5.0 AppleWebKit/537.36 (KHTML, like Gecko; compatible; GPTBot/1.4; +https://openai.com/gptbot)"
2407:4b00:4c0a:8579:f1db:c267:98d4:6aa1 - - [26/Aug/2026:23:12:05 +0800] "GET /wp-content/uploads/sites/1062/2024/03/cropped-%E5%9B%9B%E5%8A%9B%EF%BC%BF%E6%9C%89%E8%83%8C%E6%99%AF-scaled-1-192x192.jpg HTTP/1.1" 200 13587 "https://www.lses.ilc.edu.tw/" "Mozilla/5.0 (Linux; Android 10; K) AppleWebKit/537.36 (KHTML, like Gecko) Chrome/151.0.0.0 Mobile Safari/537.36"
2407:4b00:4c0a:8579:f1db:c267:98d4:6aa1 - - [26/Aug/2026:23:12:05 +0800] "GET /wp-content/uploads/sites/1062/2024/03/cropped-%E5%9B%9B%E5%8A%9B%EF%BC%BF%E6%9C%89%E8%83%8C%E6%99%AF-scaled-1-180x180.jpg HTTP/1.1" 200 12440 "https://www.lses.ilc.edu.tw/" "Mozilla/5.0 (Linux; Android 10; K) AppleWebKit/537.36 (KHTML, like Gecko) Chrome/151.0.0.0 Mobile Safari/537.36"
74.7.242.54 - - [26/Aug/2026:23:12:06 +0800] "GET /32745/wp-content/uploads/sites/1271/2020/07/%E4%B8%8B%E8%BC%89-12-1.jpg HTTP/1.1" 200 11808 "https://2blog.ilc.edu.tw/32745/2020/07/11/%e6%b5%aa%e6%ba%9c%e5%97%b9/" "Mozilla/5.0 AppleWebKit/537.36 (KHTML, like Gecko; compatible; GPTBot/1.4; +https://openai.com/gptbot)"
34.123.149.87 - - [26/Aug/2026:23:12:06 +0800] "GET /32745/?p=29128 HTTP/1.1" 301 5731 "-" "Mozilla/5.0 (Macintosh; Intel Mac OS X 10_15_7) AppleWebKit/537.36 (KHTML, like Gecko) Chrome/120.0.0.0 Safari/537.36"
2409:8a00:790b:26e4:d04a:d391:c24b:b3e - - [26/Aug/2026:23:12:06 +0800] "GET /6422/wp-content/themes/oceanwp/assets/fonts/simple-line-icons/Simple-Line-Icons.woff2?v=2.4.0 HTTP/1.1" 200 30959 "https://2blog.ilc.edu.tw/6422/wp-content/cache/2blog.ilc.edu.tw/wpfc-minified/2zp8v9b7/5wv1k.css" "Mozilla/5.0 (Windows NT 10.0; Win64; x64) AppleWebKit/537.36 (KHTML, like Gecko) Chrome/144.0.0.0 Safari/537.36"
74.7.242.54 - - [26/Aug/2026:23:12:06 +0800] "GET /32745/wp-content/uploads/sites/1271/2020/08/%E4%B8%8B%E8%BC%89-15-2.jpg HTTP/1.1" 200 13225 "https://2blog.ilc.edu.tw/32745/2020/08/29/page/4/" "Mozilla/5.0 AppleWebKit/537.36 (KHTML, like Gecko; compatible; GPTBot/1.4; +https://openai.com/gptbot)"
66.249.79.128 - - [26/Aug/2026:23:12:04 +0800] "GET /wp-login.php?action=ilc_logout&_wpnonce=43754d0aad&redirect_to=http://vasilisaluck.ru/join/31446/ HTTP/1.1" 302 8248 "-" "Mozilla/5.0 (Linux; Android 6.0.1; Nexus 5X Build/MMB29P) AppleWebKit/537.36 (KHTML, like Gecko) Chrome/151.0.7922.173 Mobile Safari/537.36 (compatible; Googlebot/2.1; +http://www.google.com/bot.html)"
34.234.206.30 - - [26/Aug/2026:23:12:07 +0800] "GET /wp-content/uploads/sites/1149/2022/?C=M;O%3DA HTTP/1.1" 200 1280 "-" "Mozilla/5.0 AppleWebKit/537.36 (KHTML, like Gecko; compatible; Amazonbot/0.1; +https://developer.amazon.com/support/amazonbot) Chrome/119.0.6045.214 Safari/537.36"
74.7.242.54 - - [26/Aug/2026:23:12:07 +0800] "GET /32745/wp-content/uploads/sites/1271/2020/06/%E4%B8%8B%E8%BC%89-1-12.jpg HTTP/1.1" 200 7334 "https://2blog.ilc.edu.tw/32745/2020/06/20/" "Mozilla/5.0 AppleWebKit/537.36 (KHTML, like Gecko; compatible; GPTBot/1.4; +https://openai.com/gptbot)"
54.235.191.179 - - [26/Aug/2026:23:12:07 +0800] "GET /tcjhlocallanguage/?p=35 HTTP/1.1" 301 5908 "-" "Mozilla/5.0 AppleWebKit/537.36 (KHTML, like Gecko; compatible; Amazonbot/0.1; +https://developer.amazon.com/support/amazonbot) Chrome/119.0.6045.214 Safari/537.36"
74.7.242.54 - - [26/Aug/2026:23:12:07 +0800] "GET /32745/wp-content/uploads/sites/1271/2020/06/%E4%B8%8B%E8%BC%89-30-1.jpg HTTP/1.1" 200 6608 "https://2blog.ilc.edu.tw/32745/2025/01/29/%e7%ac%91%e7%ac%91%e6%b1%9f%e6%b9%96%e8%a1%8c/" "Mozilla/5.0 AppleWebKit/537.36 (KHTML, like Gecko; compatible; GPTBot/1.4; +https://openai.com/gptbot)"
2001:288:a201::66:125 - - [26/Aug/2026:23:12:08 +0800] "GET /blog/active.php HTTP/1.1" 301 1026 "-" "-"
2001:288:a201::66:125 - - [26/Aug/2026:23:12:08 +0800] "GET /blog/active.php HTTP/1.1" 404 1084 "-" "-"
74.7.242.54 - - [26/Aug/2026:23:12:08 +0800] "GET /32745/wp-content/uploads/sites/1271/2022/03/%E4%B8%8B%E8%BC%89-13-1.jpg HTTP/1.1" 200 8624 "https://2blog.ilc.edu.tw/32745/2022/03/09/" "Mozilla/5.0 AppleWebKit/537.36 (KHTML, like Gecko; compatible; GPTBot/1.4; +https://openai.com/gptbot)"
34.206.249.188 - - [26/Aug/2026:23:12:08 +0800] "GET /tcjhlocallanguage/2022/12/17/111%E5%AD%B8%E5%B9%B4%E5%BA%A6%E6%9C%AC%E5%9C%9F%E8%AA%9E%E6%95%99%E5%AD%B8%E6%88%90%E6%9E%9C%E7%AB%B6%E8%B3%BD%E6%A6%AE%E7%8D%B2%E4%BD%B3%E7%B8%BE/ HTTP/1.1" 200 14193 "-" "Mozilla/5.0 AppleWebKit/537.36 (KHTML, like Gecko; compatible; Amazonbot/0.1; +https://developer.amazon.com/support/amazonbot) Chrome/119.0.6045.214 Safari/537.36"
52.167.144.186 - - [26/Aug/2026:23:12:08 +0800] "GET /28/wp-content/cache/2blog.ilc.edu.tw/wpfc-minified/kp7qs84w/5wu5u.js HTTP/1.1" 200 6481 "https://2blog.ilc.edu.tw/28/2024/08/19/daisy%E8%80%81%E5%B8%AB%E5%88%86%E4%BA%AB%E5%A6%82%E4%BD%95%E5%88%A9%E7%94%A8cool-english%E5%B9%B3%E5%8F%B0%E8%87%AA%E8%A3%BD%E8%8B%B1%E8%AA%9E%E8%81%BD%E5%8A%9B%E8%A9%A6%E9%A1%8C/" "Mozilla/5.0 AppleWebKit/537.36 (KHTML, like Gecko; compatible; bingbot/2.0; +http://www.bing.com/bingbot.htm) Chrome/136.0.0.0 Safari/537.36 AppleWebKit/537.36 (KHTML, like Gecko; compatible; bingbot/2.0; +http://www.bing.com/bingbot.htm) Chrome/116.0.1938.76 Safari/537.36"
34.123.149.87 - - [26/Aug/2026:23:12:08 +0800] "GET /wp-json/wp/v2/posts/6266 HTTP/1.1" 200 24837 "-" "Mozilla/5.0 (Macintosh; Intel Mac OS X 10_15_7) AppleWebKit/537.36 (KHTML, like Gecko) Chrome/120.0.0.0 Safari/537.36"
74.7.242.54 - - [26/Aug/2026:23:12:08 +0800] "GET /32745/wp-content/uploads/sites/1271/2020/08/%E4%B8%8B%E8%BC%89-13-1.jpg HTTP/1.1" 200 7494 "https://2blog.ilc.edu.tw/32745/2020/08/09/page/2/" "Mozilla/5.0 AppleWebKit/537.36 (KHTML, like Gecko; compatible; GPTBot/1.4; +https://openai.com/gptbot)"
2409:8a00:790b:26e4:d04a:d391:c24b:b3e - - [26/Aug/2026:23:12:06 +0800] "GET /6422/wp-content/themes/oceanwp/assets/fonts/fontawesome/webfonts/fa-solid-900.woff2 HTTP/1.1" 200 134608 "https://2blog.ilc.edu.tw/6422/wp-content/cache/2blog.ilc.edu.tw/wpfc-minified/2zp8v9b7/5wv1k.css" "Mozilla/5.0 (Windows NT 10.0; Win64; x64) AppleWebKit/537.36 (KHTML, like Gecko) Chrome/144.0.0.0 Safari/537.36"
74.7.242.54 - - [26/Aug/2026:23:12:09 +0800] "GET /32745/wp-content/uploads/sites/1271/2020/08/%E4%B8%8B%E8%BC%89-6-10.jpg HTTP/1.1" 200 6892 "https://2blog.ilc.edu.tw/32745/2020/08/30/page/9/" "Mozilla/5.0 AppleWebKit/537.36 (KHTML, like Gecko; compatible; GPTBot/1.4; +https://openai.com/gptbot)"
::1 - - [26/Aug/2026:23:12:09 +0800] "OPTIONS * HTTP/1.0" 200 110 "-" "Apache/2.4.68 (Ubuntu) OpenSSL/3.0.19 (internal dummy connection)"
74.7.242.54 - - [26/Aug/2026:23:12:09 +0800] "GET /32745/wp-content/uploads/sites/1271/2020/05/%E7%8E%8B%E4%BF%8A%E5%82%91-1.jpg HTTP/1.1" 200 12664 "https://2blog.ilc.edu.tw/32745/2020/05/23/page/3/" "Mozilla/5.0 AppleWebKit/537.36 (KHTML, like Gecko; compatible; GPTBot/1.4; +https://openai.com/gptbot)"
74.7.242.54 - - [26/Aug/2026:23:12:10 +0800] "GET /32745/wp-content/uploads/sites/1271/2021/04/%E4%B8%8B%E8%BC%89-1-10.jpg HTTP/1.1" 200 9731 "https://2blog.ilc.edu.tw/32745/2022/03/13/%e5%87%ba%e5%ab%81/" "Mozilla/5.0 AppleWebKit/537.36 (KHTML, like Gecko; compatible; GPTBot/1.4; +https://openai.com/gptbot)"
140.111.67.10 - - [26/Aug/2026:23:12:10 +0800] "GET /" 301 273 "-" "-"
66.249.79.164 - - [26/Aug/2026:23:12:09 +0800] "GET /wp-content/uploads/sites/233/1003/1003-4147369.jpg HTTP/1.1" 200 60750 "-" "Googlebot-Image/1.0"
::1 - - [26/Aug/2026:23:12:10 +0800] "OPTIONS * HTTP/1.0" 200 110 "-" "Apache/2.4.68 (Ubuntu) OpenSSL/3.0.19 (internal dummy connection)"
3.211.181.86 - - [26/Aug/2026:23:12:10 +0800] "GET /32745/wp-json/wp/v2/categories/1051 HTTP/1.1" 200 6723 "-" "Mozilla/5.0 AppleWebKit/537.36 (KHTML, like Gecko; compatible; Amazonbot/0.1; +https://developer.amazon.com/support/amazonbot) Chrome/119.0.6045.214 Safari/537.36"
74.7.242.54 - - [26/Aug/2026:23:12:11 +0800] "GET /32745/wp-content/uploads/sites/1271/2022/03/%E4%B8%8B%E8%BC%89-32-1.jpg HTTP/1.1" 200 6653 "https://2blog.ilc.edu.tw/32745/2022/03/10/%e4%bd%a0%e5%82%b7%e6%88%91%e5%a4%aa%e6%b7%b1/" "Mozilla/5.0 AppleWebKit/537.36 (KHTML, like Gecko; compatible; GPTBot/1.4; +https://openai.com/gptbot)"
34.123.149.87 - - [26/Aug/2026:23:12:10 +0800] "GET /32745/wp-json/wp/v2/posts/97221 HTTP/1.1" 200 16214 "-" "Mozilla/5.0 (Macintosh; Intel Mac OS X 10_15_7) AppleWebKit/537.36 (KHTML, like Gecko) Chrome/120.0.0.0 Safari/537.36"
2001:b400:e33f:3c93:81db:7260:c95e:aacb - - [26/Aug/2026:23:12:11 +0800] "-" 408 339 "-" "-"
74.7.242.54 - - [26/Aug/2026:23:12:11 +0800] "GET /32745/wp-content/uploads/sites/1271/2020/06/%E4%B8%8B%E8%BC%89-2-14.jpg HTTP/1.1" 200 9670 "https://2blog.ilc.edu.tw/32745/2020/06/21/%e6%9f%b3%e8%82%b2%e7%87%95/" "Mozilla/5.0 AppleWebKit/537.36 (KHTML, like Gecko; compatible; GPTBot/1.4; +https://openai.com/gptbot)"
::1 - - [26/Aug/2026:23:12:11 +0800] "OPTIONS * HTTP/1.0" 200 110 "-" "Apache/2.4.68 (Ubuntu) OpenSSL/3.0.19 (internal dummy connection)"
74.7.242.54 - - [26/Aug/2026:23:12:12 +0800] "GET /32745/wp-content/uploads/sites/1271/2022/03/%E4%B8%8B%E8%BC%89-10-1.jpg HTTP/1.1" 200 14688 "https://2blog.ilc.edu.tw/32745/2022/03/09/page/2/" "Mozilla/5.0 AppleWebKit/537.36 (KHTML, like Gecko; compatible; GPTBot/1.4; +https://openai.com/gptbot)"
74.7.242.54 - - [26/Aug/2026:23:12:12 +0800] "GET /32745/wp-content/uploads/sites/1271/2020/08/%E4%B8%8B%E8%BC%89-11-3.jpg HTTP/1.1" 200 6839 "https://2blog.ilc.edu.tw/32745/2020/08/10/page/3/" "Mozilla/5.0 AppleWebKit/537.36 (KHTML, like Gecko; compatible; GPTBot/1.4; +https://openai.com/gptbot)"
::1 - - [26/Aug/2026:23:12:12 +0800] "OPTIONS * HTTP/1.0" 200 110 "-" "Apache/2.4.68 (Ubuntu) OpenSSL/3.0.19 (internal dummy connection)"
34.30.223.149 - - [26/Aug/2026:23:12:12 +0800] "GET /6503/2010/10/15/%E7%92%B0%E6%95%99%E7%B0%A1%E4%BB%8B/ HTTP/1.1" 200 13294 "-" "Mozilla/5.0 (Macintosh; Intel Mac OS X 10_15_7) AppleWebKit/537.36 (KHTML, like Gecko) Chrome/120.0.0.0 Safari/537.36"
20.125.101.194 - - [26/Aug/2026:23:12:12 +0800] "GET /yilankindergartentest/wp-content/uploads/sites/3484/2022/09/111%E5%B9%B4%E5%BA%A6%E9%98%B2%E7%81%BD%E6%95%99%E8%82%B2%E5%B7%A5%E4%BD%9C%E8%87%AA%E8%A9%95%E6%8C%87%E6%A8%99.pdf HTTP/1.1" 200 337565 "-" "Mozilla/5.0 (compatible; MSR-Financial-PDF-Scorer/1.0)"
2001:288:a201::66:125 - - [26/Aug/2026:23:12:13 +0800] "GET /blog/active.php HTTP/1.1" 301 1026 "-" "-"
2001:288:a201::66:125 - - [26/Aug/2026:23:12:13 +0800] "GET /blog/active.php HTTP/1.1" 404 1084 "-" "-"
74.7.242.54 - - [26/Aug/2026:23:12:13 +0800] "GET /32745/wp-content/uploads/sites/1271/2020/08/%E4%B8%8B%E8%BC%89-2-11.jpg HTTP/1.1" 200 7468 "https://2blog.ilc.edu.tw/32745/2020/08/23/page/2/" "Mozilla/5.0 AppleWebKit/537.36 (KHTML, like Gecko; compatible; GPTBot/1.4; +https://openai.com/gptbot)"
74.7.242.54 - - [26/Aug/2026:23:12:13 +0800] "GET /32745/wp-content/uploads/sites/1271/2020/05/%E4%B8%8B%E8%BC%89-12-1.jpg HTTP/1.1" 200 10129 "https://2blog.ilc.edu.tw/32745/2020/05/06/" "Mozilla/5.0 AppleWebKit/537.36 (KHTML, like Gecko; compatible; GPTBot/1.4; +https://openai.com/gptbot)"
::1 - - [26/Aug/2026:23:12:13 +0800] "OPTIONS * HTTP/1.0" 200 110 "-" "Apache/2.4.68 (Ubuntu) OpenSSL/3.0.19 (internal dummy connection)"
34.42.229.145 - - [26/Aug/2026:23:12:13 +0800] "GET /a55555/2020/10/20/%E6%9C%AC%E5%9C%9F%E8%AA%9E%E8%A8%80%E6%95%99%E5%AD%B8%E5%85%AC%E9%96%8B%E8%AA%B2-%E5%BC%B5%E6%98%8E%E8%8A%B1%E8%80%81%E5%B8%AB/ HTTP/1.1" 200 16301 "-" "Mozilla/5.0 (Macintosh; Intel Mac OS X 10_15_7) AppleWebKit/537.36 (KHTML, like Gecko) Chrome/120.0.0.0 Safari/537.36"
2401:e180:8870:1c3a:9d74:91bb:d97a:5a54 - - [26/Aug/2026:23:12:12 +0800] "GET /35/wp-content/uploads/sites/1161/2022/09/2022-09-06_081424.png HTTP/1.1" 200 594838 "https://2blog.ilc.edu.tw/35/2022/09/06/%E5%B0%8F%E4%B8%80%E5%B0%8E%E5%B8%AB%E7%9A%84%E4%BA%94%E5%9B%9B%E4%B8%89%E5%BF%83%E5%BE%97%E5%88%86%E4%BA%AB/" "Mozilla/5.0 (Windows NT 10.0; Win64; x64) AppleWebKit/537.36 (KHTML, like Gecko) Chrome/151.0.0.0 Safari/537.36"
74.7.242.54 - - [26/Aug/2026:23:12:14 +0800] "GET /32745/wp-content/uploads/sites/1271/2020/05/%E4%B8%8B%E8%BC%89-2-17.jpg HTTP/1.1" 200 13895 "https://2blog.ilc.edu.tw/32745/2020/05/26/page/5/" "Mozilla/5.0 AppleWebKit/537.36 (KHTML, like Gecko; compatible; GPTBot/1.4; +https://openai.com/gptbot)"
74.7.242.54 - - [26/Aug/2026:23:12:14 +0800] "GET /32745/wp-content/uploads/sites/1271/2021/04/%E4%B8%8B%E8%BC%89-1-12.jpg HTTP/1.1" 200 7174 "https://2blog.ilc.edu.tw/32745/2021/04/06/%e9%b3%b3%e5%a8%98%e5%bc%b5%e8%89%be%e8%8e%89/" "Mozilla/5.0 AppleWebKit/537.36 (KHTML, like Gecko; compatible; GPTBot/1.4; +https://openai.com/gptbot)"
::1 - - [26/Aug/2026:23:12:14 +0800] "OPTIONS * HTTP/1.0" 200 110 "-" "Apache/2.4.68 (Ubuntu) OpenSSL/3.0.19 (internal dummy connection)"
74.7.242.54 - - [26/Aug/2026:23:12:15 +0800] "GET /32745/wp-content/uploads/sites/1271/2021/01/%E4%B8%8B%E8%BC%89-11-4.jpg HTTP/1.1" 200 6700 "https://2blog.ilc.edu.tw/32745/2021/01/17/page/3/" "Mozilla/5.0 AppleWebKit/537.36 (KHTML, like Gecko; compatible; GPTBot/1.4; +https://openai.com/gptbot)"
52.54.249.218 - - [26/Aug/2026:23:12:15 +0800] "GET /wp-content/uploads/sites/1071/2023/04/?C=M;O%3DA HTTP/1.1" 200 1113 "-" "Mozilla/5.0 AppleWebKit/537.36 (KHTML, like Gecko; compatible; Amazonbot/0.1; +https://developer.amazon.com/support/amazonbot) Chrome/119.0.6045.214 Safari/537.36"
140.111.67.10 - - [26/Aug/2026:23:12:15 +0800] "GET /" 301 273 "-" "-"
::1 - - [26/Aug/2026:23:12:15 +0800] "OPTIONS * HTTP/1.0" 200 110 "-" "Apache/2.4.68 (Ubuntu) OpenSSL/3.0.19 (internal dummy connection)"
74.7.242.54 - - [26/Aug/2026:23:12:15 +0800] "GET /32745/wp-content/uploads/sites/1271/2021/01/%E4%B8%8B%E8%BC%89-16-1.jpg HTTP/1.1" 200 6024 "https://2blog.ilc.edu.tw/32745/2021/01/03/page/3/" "Mozilla/5.0 AppleWebKit/537.36 (KHTML, like Gecko; compatible; GPTBot/1.4; +https://openai.com/gptbot)"
74.7.242.54 - - [26/Aug/2026:23:12:16 +0800] "GET /32745/wp-content/uploads/sites/1271/2020/06/%E4%B8%8B%E8%BC%89-31-1.jpg HTTP/1.1" 200 17760 "https://2blog.ilc.edu.tw/32745/2020/06/21/%e7%94%b7%e4%ba%ba%e6%b7%9a-2/" "Mozilla/5.0 AppleWebKit/537.36 (KHTML, like Gecko; compatible; GPTBot/1.4; +https://openai.com/gptbot)"
74.7.242.54 - - [26/Aug/2026:23:12:16 +0800] "GET /32745/wp-content/uploads/sites/1271/2020/08/%E4%B8%8B%E8%BC%89-16-3.jpg HTTP/1.1" 200 8760 "https://2blog.ilc.edu.tw/32745/2020/08/29/page/4/" "Mozilla/5.0 AppleWebKit/537.36 (KHTML, like Gecko; compatible; GPTBot/1.4; +https://openai.com/gptbot)"
20.125.101.194 - - [26/Aug/2026:23:12:13 +0800] "GET /wp-content/uploads/sites/2448/16771/16771-4207686.pdf HTTP/1.1" 200 206388 "-" "Mozilla/5.0 (compatible; MSR-Financial-PDF-Scorer/1.0)"
74.7.242.54 - - [26/Aug/2026:23:12:17 +0800] "GET /32745/wp-content/uploads/sites/1271/2020/06/%E4%B8%8B%E8%BC%89-5-14.jpg HTTP/1.1" 200 8525 "https://2blog.ilc.edu.tw/32745/2020/06/27/page/4/" "Mozilla/5.0 AppleWebKit/537.36 (KHTML, like Gecko; compatible; GPTBot/1.4; +https://openai.com/gptbot)"
2408:875c:1000:6:2000::81 - - [26/Aug/2026:23:12:17 +0800] "GET /4950/author/carl2005 HTTP/1.1" 301 5745 "-" "Mozilla/5.0 (Windows NT 10.0; Win64; x64) AppleWebKit/537.36 (KHTML, like Gecko) Chrome/144.0.0.0 Safari/537.36"
3.214.176.44 - - [26/Aug/2026:23:12:14 +0800] "GET /linkc/wp-json/wp/v2/comments?post=3698 HTTP/1.1" 200 6011 "-" "Mozilla/5.0 AppleWebKit/537.36 (KHTML, like Gecko; compatible; Amazonbot/0.1; +https://developer.amazon.com/support/amazonbot) Chrome/119.0.6045.214 Safari/537.36"
74.7.242.54 - - [26/Aug/2026:23:12:17 +0800] "GET /32745/wp-content/uploads/sites/1271/2020/05/%E4%BA%8E%E5%8F%B0%E7%85%99.jpg HTTP/1.1" 200 17698 "https://2blog.ilc.edu.tw/32745/2020/05/21/page/2/" "Mozilla/5.0 AppleWebKit/537.36 (KHTML, like Gecko; compatible; GPTBot/1.4; +https://openai.com/gptbot)"
2001:288:a201::66:125 - - [26/Aug/2026:23:12:18 +0800] "GET /blog/active.php HTTP/1.1" 301 1026 "-" "-"
2001:288:a201::66:125 - - [26/Aug/2026:23:12:18 +0800] "GET /blog/active.php HTTP/1.1" 404 1084 "-" "-"
74.7.242.54 - - [26/Aug/2026:23:12:18 +0800] "GET /32745/wp-content/uploads/sites/1271/2021/01/%E4%B8%8B%E8%BC%89-12-2.jpg HTTP/1.1" 200 9790 "https://2blog.ilc.edu.tw/32745/2021/10/30/%e9%9d%92%e6%98%a5%e9%85%b8%e7%94%98%e7%94%9c/" "Mozilla/5.0 AppleWebKit/537.36 (KHTML, like Gecko; compatible; GPTBot/1.4; +https://openai.com/gptbot)"
2001:288:a201::67:82 - - [26/Aug/2026:23:12:16 +0800] "POST /linkc/wp-json/wp/v2/comments?post=3698&fsm_edd_37394=0ce170786a674105ada1bc9d09dd104c HTTP/1.1" 401 6105 "-" "WordPress/6.6.7; https://2blog.ilc.edu.tw/linkc"
74.7.242.54 - - [26/Aug/2026:23:12:18 +0800] "GET /32745/wp-content/uploads/sites/1271/2020/05/%E4%B8%8B%E8%BC%89-3-17.jpg HTTP/1.1" 200 7599 "https://2blog.ilc.edu.tw/32745/2020/05/31/page/8/" "Mozilla/5.0 AppleWebKit/537.36 (KHTML, like Gecko; compatible; GPTBot/1.4; +https://openai.com/gptbot)"
18.215.49.176 - - [26/Aug/2026:23:12:19 +0800] "GET /wp-content/uploads/sites/1397/2022/07/?C=N;O%3DD HTTP/1.1" 200 1115 "-" "Mozilla/5.0 AppleWebKit/537.36 (KHTML, like Gecko; compatible; Amazonbot/0.1; +https://developer.amazon.com/support/amazonbot) Chrome/119.0.6045.214 Safari/537.36"
66.249.71.1 - - [26/Aug/2026:23:12:17 +0800] "GET /wp-login.php?action=ilc_logout&_wpnonce=43754d0aad&redirect_to=//evgeniyanemova.ru/creator/18959/ HTTP/1.1" 302 8248 "-" "Mozilla/5.0 (Linux; Android 6.0.1; Nexus 5X Build/MMB29P) AppleWebKit/537.36 (KHTML, like Gecko) Chrome/151.0.7922.173 Mobile Safari/537.36 (compatible; Googlebot/2.1; +http://www.google.com/bot.html)"
74.7.242.54 - - [26/Aug/2026:23:12:19 +0800] "GET /32745/wp-content/uploads/sites/1271/2020/08/%E4%B8%8B%E8%BC%89-10-6.jpg HTTP/1.1" 200 6182 "https://2blog.ilc.edu.tw/32745/2020/08/30/page/8/" "Mozilla/5.0 AppleWebKit/537.36 (KHTML, like Gecko; compatible; GPTBot/1.4; +https://openai.com/gptbot)"
::1 - - [26/Aug/2026:23:12:19 +0800] "OPTIONS * HTTP/1.0" 200 110 "-" "Apache/2.4.68 (Ubuntu) OpenSSL/3.0.19 (internal dummy connection)"
52.167.144.186 - - [26/Aug/2026:23:12:19 +0800] "GET /1003/?s=%E7%A4%81%E6%BA%AA%E9%95%B7%E6%A6%AE%E9%B3%B3%E5%87%B0%E9%85%92%E5%BA%97 HTTP/1.1" 200 13814 "-" "Mozilla/5.0 AppleWebKit/537.36 (KHTML, like Gecko; compatible; bingbot/2.0; +http://www.bing.com/bingbot.htm) Chrome/116.0.1938.76 Safari/537.36"
74.7.242.54 - - [26/Aug/2026:23:12:19 +0800] "GET /32745/wp-content/uploads/sites/1271/2020/08/%E4%B8%8B%E8%BC%89-5-12.jpg HTTP/1.1" 200 7212 "https://2blog.ilc.edu.tw/32745/2020/08/30/page/9/" "Mozilla/5.0 AppleWebKit/537.36 (KHTML, like Gecko; compatible; GPTBot/1.4; +https://openai.com/gptbot)"
2408:875c:1000:6:2000::81 - - [26/Aug/2026:23:12:20 +0800] "GET /4950/author/carl2005/ HTTP/1.1" 200 10929 "-" "Mozilla/5.0 (Windows NT 10.0; Win64; x64) AppleWebKit/537.36 (KHTML, like Gecko) Chrome/144.0.0.0 Safari/537.36"
52.167.144.186 - - [26/Aug/2026:23:12:20 +0800] "GET /28/wp-content/themes/sketch/js/skip-link-focus-fix.js HTTP/1.1" 200 1171 "https://2blog.ilc.edu.tw/28/2024/08/19/daisy%E8%80%81%E5%B8%AB%E5%88%86%E4%BA%AB%E5%A6%82%E4%BD%95%E5%88%A9%E7%94%A8cool-english%E5%B9%B3%E5%8F%B0%E8%87%AA%E8%A3%BD%E8%8B%B1%E8%AA%9E%E8%81%BD%E5%8A%9B%E8%A9%A6%E9%A1%8C/" "Mozilla/5.0 AppleWebKit/537.36 (KHTML, like Gecko; compatible; bingbot/2.0; +http://www.bing.com/bingbot.htm) Chrome/136.0.0.0 Safari/537.36 AppleWebKit/537.36 (KHTML, like Gecko; compatible; bingbot/2.0; +http://www.bing.com/bingbot.htm) Chrome/116.0.1938.76 Safari/537.36"
74.7.242.54 - - [26/Aug/2026:23:12:20 +0800] "GET /32745/wp-content/uploads/sites/1271/2021/01/%E4%B8%8B%E8%BC%89-12-5.jpg HTTP/1.1" 200 10689 "https://2blog.ilc.edu.tw/32745/2021/01/22/%e6%88%91%e6%84%9b%e4%bd%a0%e4%bd%95%e8%8b%a6/" "Mozilla/5.0 AppleWebKit/537.36 (KHTML, like Gecko; compatible; GPTBot/1.4; +https://openai.com/gptbot)"
140.111.67.10 - - [26/Aug/2026:23:12:20 +0800] "GET /" 301 273 "-" "-"
2408:875c:1000:6:2000::81 - - [26/Aug/2026:23:12:20 +0800] "GET /4950/wp-content/cache/2blog.ilc.edu.tw/wpfc-minified/loyv2q48/5wtrx.css HTTP/1.1" 200 40886 "https://2blog.ilc.edu.tw/4950/author/carl2005/" "Mozilla/5.0 (Windows NT 10.0; Win64; x64) AppleWebKit/537.36 (KHTML, like Gecko) Chrome/144.0.0.0 Safari/537.36"
74.7.242.54 - - [26/Aug/2026:23:12:20 +0800] "GET /32745/wp-content/uploads/sites/1271/2021/01/%E4%B8%8B%E8%BC%89-12-3.jpg HTTP/1.1" 200 9054 "https://2blog.ilc.edu.tw/32745/2021/01/10/page/4/" "Mozilla/5.0 AppleWebKit/537.36 (KHTML, like Gecko; compatible; GPTBot/1.4; +https://openai.com/gptbot)"
2408:875c:1000:6:2000::81 - - [26/Aug/2026:23:12:21 +0800] "GET /4950/wp-content/cache/2blog.ilc.edu.tw/wpfc-minified/1uousgp/5wtrx.css HTTP/1.1" 200 15782 "https://2blog.ilc.edu.tw/4950/author/carl2005/" "Mozilla/5.0 (Windows NT 10.0; Win64; x64) AppleWebKit/537.36 (KHTML, like Gecko) Chrome/144.0.0.0 Safari/537.36"
74.7.242.54 - - [26/Aug/2026:23:12:21 +0800] "GET /32745/wp-content/uploads/sites/1271/2020/08/%E4%B8%8B%E8%BC%89-18-1.jpg HTTP/1.1" 200 6177 "https://2blog.ilc.edu.tw/32745/2020/08/22/%e5%8f%af%e6%86%90%e7%9a%84%e9%85%92%e5%ae%b6%e7%94%b7/" "Mozilla/5.0 AppleWebKit/537.36 (KHTML, like Gecko; compatible; GPTBot/1.4; +https://openai.com/gptbot)"
2408:875c:1000:6:2000::81 - - [26/Aug/2026:23:12:21 +0800] "GET /4950/wp-content/cache/2blog.ilc.edu.tw/wpfc-minified/32p1gk86/5wtrx.css HTTP/1.1" 200 1157 "https://2blog.ilc.edu.tw/4950/author/carl2005/" "Mozilla/5.0 (Windows NT 10.0; Win64; x64) AppleWebKit/537.36 (KHTML, like Gecko) Chrome/144.0.0.0 Safari/537.36"
74.7.242.54 - - [26/Aug/2026:23:12:21 +0800] "GET /32745/wp-content/uploads/sites/1271/2020/08/%E4%B8%8B%E8%BC%89-2-15.jpg HTTP/1.1" 200 9342 "https://2blog.ilc.edu.tw/32745/2020/08/30/" "Mozilla/5.0 AppleWebKit/537.36 (KHTML, like Gecko; compatible; GPTBot/1.4; +https://openai.com/gptbot)"
74.7.242.54 - - [26/Aug/2026:23:12:22 +0800] "GET /32745/wp-content/uploads/sites/1271/2020/06/%E4%B8%8B%E8%BC%89-14-1.jpg HTTP/1.1" 200 7009 "https://2blog.ilc.edu.tw/32745/2021/08/09/%e6%8b%9c%e8%a8%97%e5%a4%a9%e5%85%ac%e7%a5%96/" "Mozilla/5.0 AppleWebKit/537.36 (KHTML, like Gecko; compatible; GPTBot/1.4; +https://openai.com/gptbot)"
2401:e180:8870:1c3a:9d74:91bb:d97a:5a54 - - [26/Aug/2026:23:12:22 +0800] "GET /35/wp-content/uploads/sites/1161/2022/09/96213-rotated.jpg HTTP/1.1" 200 209720 "https://2blog.ilc.edu.tw/35/2022/09/06/%E5%B0%8F%E4%B8%80%E5%B0%8E%E5%B8%AB%E7%9A%84%E4%BA%94%E5%9B%9B%E4%B8%89%E5%BF%83%E5%BE%97%E5%88%86%E4%BA%AB/" "Mozilla/5.0 (Windows NT 10.0; Win64; x64) AppleWebKit/537.36 (KHTML, like Gecko) Chrome/151.0.0.0 Safari/537.36"
74.7.242.54 - - [26/Aug/2026:23:12:22 +0800] "GET /32745/wp-content/uploads/sites/1271/2020/05/%E4%B8%8B%E8%BC%89-1-10.jpg HTTP/1.1" 200 13615 "https://2blog.ilc.edu.tw/32745/2020/05/11/page/5/" "Mozilla/5.0 AppleWebKit/537.36 (KHTML, like Gecko; compatible; GPTBot/1.4; +https://openai.com/gptbot)"
2001:288:a201::66:125 - - [26/Aug/2026:23:12:23 +0800] "GET /blog/active.php HTTP/1.1" 301 1026 "-" "-"
44.209.187.99 - - [26/Aug/2026:23:12:23 +0800] "GET /wp-content/uploads/sites/3544/2022/09/?C=N;O%3DD HTTP/1.1" 200 1114 "-" "Mozilla/5.0 AppleWebKit/537.36 (KHTML, like Gecko; compatible; Amazonbot/0.1; +https://developer.amazon.com/support/amazonbot) Chrome/119.0.6045.214 Safari/537.36"
2001:288:a201::66:125 - - [26/Aug/2026:23:12:23 +0800] "GET /blog/active.php HTTP/1.1" 404 1084 "-" "-"
74.7.242.54 - - [26/Aug/2026:23:12:23 +0800] "GET /32745/wp-content/uploads/sites/1271/2020/05/%E4%B8%8B%E8%BC%89-10-2.jpg HTTP/1.1" 200 7639 "https://2blog.ilc.edu.tw/32745/2020/05/19/page/4/" "Mozilla/5.0 AppleWebKit/537.36 (KHTML, like Gecko; compatible; GPTBot/1.4; +https://openai.com/gptbot)"
::1 - - [26/Aug/2026:23:12:23 +0800] "OPTIONS * HTTP/1.0" 200 110 "-" "Apache/2.4.68 (Ubuntu) OpenSSL/3.0.19 (internal dummy connection)"
34.10.180.98 - - [26/Aug/2026:23:12:22 +0800] "GET /8162/wp-content/uploads/sites/2313/2023/09/9.14-%E5%AE%9C%E8%98%AD%E7%B8%A3%E7%AB%8B%E5%A3%AF%E5%9C%8D%E5%9C%8B%E4%B8%AD112%E5%AD%B8%E5%B9%B4%E5%BA%A6%E7%AC%AC1%E5%AD%B8%E6%9C%9F%E6%9C%9F%E5%88%9D%E8%AA%B2%E7%99%BC%E6%9C%83_compressed.pdf HTTP/1.1" 200 800624 "-" "Mozilla/5.0 (Macintosh; Intel Mac OS X 10_15_7) AppleWebKit/537.36 (KHTML, like Gecko) Chrome/120.0.0.0 Safari/537.36"
74.7.242.54 - - [26/Aug/2026:23:12:24 +0800] "GET /32745/wp-content/uploads/sites/1271/2020/08/%E4%B8%8B%E8%BC%89-16-4.jpg HTTP/1.1" 200 7110 "https://2blog.ilc.edu.tw/32745/2020/08/30/page/6/" "Mozilla/5.0 AppleWebKit/537.36 (KHTML, like Gecko; compatible; GPTBot/1.4; +https://openai.com/gptbot)"
74.7.242.54 - - [26/Aug/2026:23:12:24 +0800] "GET /32745/wp-content/uploads/sites/1271/2020/05/%E4%B8%8B%E8%BC%89-3-13.jpg HTTP/1.1" 200 7088 "https://2blog.ilc.edu.tw/32745/2020/05/26/page/7/" "Mozilla/5.0 AppleWebKit/537.36 (KHTML, like Gecko; compatible; GPTBot/1.4; +https://openai.com/gptbot)"
74.7.242.54 - - [26/Aug/2026:23:12:25 +0800] "GET /32745/wp-content/uploads/sites/1271/2020/06/%E4%B8%8B%E8%BC%89-1-14.jpg HTTP/1.1" 200 7746 "https://2blog.ilc.edu.tw/32745/2020/06/25/%e6%9c%8b%e5%8f%8b%e6%84%9b%e4%ba%92%e7%9b%b8/" "Mozilla/5.0 AppleWebKit/537.36 (KHTML, like Gecko; compatible; GPTBot/1.4; +https://openai.com/gptbot)"
140.111.67.10 - - [26/Aug/2026:23:12:25 +0800] "GET /" 301 273 "-" "-"
74.7.242.54 - - [26/Aug/2026:23:12:25 +0800] "GET /32745/wp-content/uploads/sites/1271/2020/08/%E4%B8%8B%E8%BC%89-2-12.jpg HTTP/1.1" 200 8805 "https://2blog.ilc.edu.tw/32745/2020/08/24/" "Mozilla/5.0 AppleWebKit/537.36 (KHTML, like Gecko; compatible; GPTBot/1.4; +https://openai.com/gptbot)"
74.7.242.54 - - [26/Aug/2026:23:12:26 +0800] "GET /32745/wp-content/uploads/sites/1271/2020/08/%E4%B8%8B%E8%BC%89-19-3.jpg HTTP/1.1" 200 6876 "https://2blog.ilc.edu.tw/32745/2021/10/20/%e7%84%a1%e6%a2%9d%e4%bb%b6%e7%9a%84%e6%84%9b/" "Mozilla/5.0 AppleWebKit/537.36 (KHTML, like Gecko; compatible; GPTBot/1.4; +https://openai.com/gptbot)"
2409:8715:5880:e0::6 - - [26/Aug/2026:23:12:26 +0800] "GET /3044/wp-content/themes/oceanwp/assets/fonts/simple-line-icons/Simple-Line-Icons.woff2?v=2.4.0 HTTP/1.1" 200 35753 "https://2blog.ilc.edu.tw/3044/wp-content/cache/2blog.ilc.edu.tw/wpfc-minified/kbs0vbdh/83uk5.css" "Mozilla/5.0 (Windows NT 10.0; Win64; x64) AppleWebKit/537.36 (KHTML, like Gecko) Chrome/144.0.0.0 Safari/537.36"
34.56.53.225 - - [26/Aug/2026:23:12:26 +0800] "GET /24659/2013/05/page/3/ HTTP/1.1" 200 23308 "-" "Mozilla/5.0 (Macintosh; Intel Mac OS X 10_15_7) AppleWebKit/537.36 (KHTML, like Gecko) Chrome/120.0.0.0 Safari/537.36"
66.249.79.137 - - [26/Aug/2026:23:12:24 +0800] "GET /wp-login.php?action=ilc_logout&_wpnonce=43754d0aad&redirect_to=http://mariadveri.ru/job/75211/ HTTP/1.1" 302 8245 "-" "Mozilla/5.0 (Linux; Android 6.0.1; Nexus 5X Build/MMB29P) AppleWebKit/537.36 (KHTML, like Gecko) Chrome/151.0.7922.173 Mobile Safari/537.36 (compatible; Googlebot/2.1; +http://www.google.com/bot.html)"
74.7.242.54 - - [26/Aug/2026:23:12:26 +0800] "GET /32745/wp-content/uploads/sites/1271/2022/03/%E4%B8%8B%E8%BC%89-16-1.jpg HTTP/1.1" 200 10437 "https://2blog.ilc.edu.tw/32745/2022/03/09/" "Mozilla/5.0 AppleWebKit/537.36 (KHTML, like Gecko; compatible; GPTBot/1.4; +https://openai.com/gptbot)"
66.249.79.163 - - [26/Aug/2026:23:12:27 +0800] "GET /wp-content/uploads/sites/2823/6093/previews-med/6093-1552516.jpg HTTP/1.1" 304 5569 "-" "Googlebot-Image/1.0"
74.7.242.54 - - [26/Aug/2026:23:12:27 +0800] "GET /32745/wp-content/uploads/sites/1271/2020/08/%E4%B8%8B%E8%BC%89-10-5.jpg HTTP/1.1" 200 10883 "https://2blog.ilc.edu.tw/32745/2020/08/25/" "Mozilla/5.0 AppleWebKit/537.36 (KHTML, like Gecko; compatible; GPTBot/1.4; +https://openai.com/gptbot)"
74.7.242.54 - - [26/Aug/2026:23:12:27 +0800] "GET /32745/wp-content/uploads/sites/1271/2020/06/%E4%B8%8B%E8%BC%89-17-1.jpg HTTP/1.1" 200 2799 "https://2blog.ilc.edu.tw/32745/2020/06/02/" "Mozilla/5.0 AppleWebKit/537.36 (KHTML, like Gecko; compatible; GPTBot/1.4; +https://openai.com/gptbot)"
