2402:7500:59a:c3ea::c627:7f0a - - [26/Aug/2026:23:18:25 +0800] "GET /wp-content/cache/isupport.ilc.edu.tw/wpfc-minified/10m74ssp/ks8x.js HTTP/1.1" 200 35551 "https://isupport.ilc.edu.tw/4600/" "Mozilla/5.0 (Linux; Android 10; K) AppleWebKit/537.36 (KHTML, like Gecko) Chrome/148.0.0.0 Mobile Safari/537.36"
2402:7500:59a:c3ea::c627:7f0a - - [26/Aug/2026:23:18:26 +0800] "GET /wp-content/cache/isupport.ilc.edu.tw/wpfc-minified/fqv0eogw/ks8w.js HTTP/1.1" 200 1635 "https://isupport.ilc.edu.tw/4600/" "Mozilla/5.0 (Linux; Android 10; K) AppleWebKit/537.36 (KHTML, like Gecko) Chrome/148.0.0.0 Mobile Safari/537.36"
2402:7500:59a:c3ea::c627:7f0a - - [26/Aug/2026:23:18:26 +0800] "GET /wp-includes/js/hoverintent-js.min.js HTTP/1.1" 200 1597 "https://isupport.ilc.edu.tw/4600/" "Mozilla/5.0 (Linux; Android 10; K) AppleWebKit/537.36 (KHTML, like Gecko) Chrome/148.0.0.0 Mobile Safari/537.36"
2402:7500:59a:c3ea::c627:7f0a - - [26/Aug/2026:23:18:26 +0800] "GET /wp-includes/js/admin-bar.min.js HTTP/1.1" 200 2237 "https://isupport.ilc.edu.tw/4600/" "Mozilla/5.0 (Linux; Android 10; K) AppleWebKit/537.36 (KHTML, like Gecko) Chrome/148.0.0.0 Mobile Safari/537.36"
2402:7500:59a:c3ea::c627:7f0a - - [26/Aug/2026:23:18:26 +0800] "GET /wp-includes/js/imagesloaded.min.js HTTP/1.1" 200 2683 "https://isupport.ilc.edu.tw/4600/" "Mozilla/5.0 (Linux; Android 10; K) AppleWebKit/537.36 (KHTML, like Gecko) Chrome/148.0.0.0 Mobile Safari/537.36"
2402:7500:59a:c3ea::c627:7f0a - - [26/Aug/2026:23:18:26 +0800] "GET /wp-content/themes/oceanwp/assets/js/theme.min.js HTTP/1.1" 200 5130 "https://isupport.ilc.edu.tw/4600/" "Mozilla/5.0 (Linux; Android 10; K) AppleWebKit/537.36 (KHTML, like Gecko) Chrome/148.0.0.0 Mobile Safari/537.36"
2402:7500:59a:c3ea::c627:7f0a - - [26/Aug/2026:23:18:26 +0800] "GET /wp-content/themes/oceanwp/assets/js/vendors/sidr.js HTTP/1.1" 200 4102 "https://isupport.ilc.edu.tw/4600/" "Mozilla/5.0 (Linux; Android 10; K) AppleWebKit/537.36 (KHTML, like Gecko) Chrome/148.0.0.0 Mobile Safari/537.36"
2402:7500:59a:c3ea::c627:7f0a - - [26/Aug/2026:23:18:26 +0800] "GET /wp-content/themes/oceanwp/assets/js/sidebar-mobile-menu.min.js HTTP/1.1" 200 4731 "https://isupport.ilc.edu.tw/4600/" "Mozilla/5.0 (Linux; Android 10; K) AppleWebKit/537.36 (KHTML, like Gecko) Chrome/148.0.0.0 Mobile Safari/537.36"
2402:7500:59a:c3ea::c627:7f0a - - [26/Aug/2026:23:18:26 +0800] "GET /wp-content/themes/oceanwp/assets/js/drop-down-search.min.js HTTP/1.1" 200 2968 "https://isupport.ilc.edu.tw/4600/" "Mozilla/5.0 (Linux; Android 10; K) AppleWebKit/537.36 (KHTML, like Gecko) Chrome/148.0.0.0 Mobile Safari/537.36"
2402:7500:59a:c3ea::c627:7f0a - - [26/Aug/2026:23:18:26 +0800] "GET /wp-content/themes/oceanwp/assets/js/equal-height-elements.min.js HTTP/1.1" 200 2606 "https://isupport.ilc.edu.tw/4600/" "Mozilla/5.0 (Linux; Android 10; K) AppleWebKit/537.36 (KHTML, like Gecko) Chrome/148.0.0.0 Mobile Safari/537.36"
2402:7500:59a:c3ea::c627:7f0a - - [26/Aug/2026:23:18:26 +0800] "GET /wp-content/themes/oceanwp/assets/js/vendors/magnific-popup.min.js HTTP/1.1" 200 8270 "https://isupport.ilc.edu.tw/4600/" "Mozilla/5.0 (Linux; Android 10; K) AppleWebKit/537.36 (KHTML, like Gecko) Chrome/148.0.0.0 Mobile Safari/537.36"
2402:7500:59a:c3ea::c627:7f0a - - [26/Aug/2026:23:18:26 +0800] "GET /wp-content/themes/oceanwp/assets/fonts/fontawesome/webfonts/fa-solid-900.woff2 HTTP/1.1" 200 151246 "https://isupport.ilc.edu.tw/wp-content/cache/isupport.ilc.edu.tw/wpfc-minified/8jq1rsi9/ks8w.css" "Mozilla/5.0 (Linux; Android 10; K) AppleWebKit/537.36 (KHTML, like Gecko) Chrome/148.0.0.0 Mobile Safari/537.36"
2402:7500:59a:c3ea::c627:7f0a - - [26/Aug/2026:23:18:26 +0800] "GET /wp-content/themes/oceanwp/assets/fonts/simple-line-icons/Simple-Line-Icons.woff2?v=2.4.0 HTTP/1.1" 200 30959 "https://isupport.ilc.edu.tw/wp-content/cache/isupport.ilc.edu.tw/wpfc-minified/8jq1rsi9/ks8w.css" "Mozilla/5.0 (Linux; Android 10; K) AppleWebKit/537.36 (KHTML, like Gecko) Chrome/148.0.0.0 Mobile Safari/537.36"
2402:7500:59a:c3ea::c627:7f0a - - [26/Aug/2026:23:18:26 +0800] "GET /wp-content/themes/oceanwp/assets/js/ow-lightbox.min.js HTTP/1.1" 200 2321 "https://isupport.ilc.edu.tw/4600/" "Mozilla/5.0 (Linux; Android 10; K) AppleWebKit/537.36 (KHTML, like Gecko) Chrome/148.0.0.0 Mobile Safari/537.36"
74.7.242.54 - - [26/Aug/2026:23:18:26 +0800] "GET /32745/wp-content/uploads/sites/1271/2023/01/1-768.jpeg HTTP/1.1" 200 27541 "https://2blog.ilc.edu.tw/32745/wp-json/oembed/1.0/embed?format=xml&url=https%3A%2F%2F2blog.ilc.edu.tw%2F32745%2F2023%2F01%2F24%2F%25e7%259b%25b2%25e4%25ba%25ba%25e7%259a%2584%25e4%25b8%2580%25e7%2594%259f%2F" "Mozilla/5.0 AppleWebKit/537.36 (KHTML, like Gecko; compatible; GPTBot/1.4; +https://openai.com/gptbot)"
2402:7500:59a:c3ea::c627:7f0a - - [26/Aug/2026:23:18:26 +0800] "GET /wp-content/themes/oceanwp/assets/js/vendors/flickity.pkgd.min.js HTTP/1.1" 200 15048 "https://isupport.ilc.edu.tw/4600/" "Mozilla/5.0 (Linux; Android 10; K) AppleWebKit/537.36 (KHTML, like Gecko) Chrome/148.0.0.0 Mobile Safari/537.36"
2402:7500:59a:c3ea::c627:7f0a - - [26/Aug/2026:23:18:26 +0800] "GET /wp-content/uploads/sites/3591/2022/11/banner_%E6%96%87%E7%AB%A0%E5%85%A7%E5%AE%B9.jpg HTTP/1.1" 200 18255 "https://isupport.ilc.edu.tw/4600/" "Mozilla/5.0 (Linux; Android 10; K) AppleWebKit/537.36 (KHTML, like Gecko) Chrome/148.0.0.0 Mobile Safari/537.36"
2402:7500:59a:c3ea::c627:7f0a - - [26/Aug/2026:23:18:26 +0800] "POST /wp-json/ilc-summary/v1/popular-posts HTTP/1.1" 201 1399 "https://isupport.ilc.edu.tw/4600/" "Mozilla/5.0 (Linux; Android 10; K) AppleWebKit/537.36 (KHTML, like Gecko) Chrome/148.0.0.0 Mobile Safari/537.36"
2402:7500:59a:c3ea::c627:7f0a - - [26/Aug/2026:23:18:26 +0800] "GET /wp-content/uploads/sites/3591/2023/04/%E6%95%B8%E4%BD%8D%E5%AD%B8%E7%BF%92%E6%94%AF%E6%8C%81%E5%B9%B3%E5%8F%B0logo_50.png HTTP/1.1" 200 3861 "https://isupport.ilc.edu.tw/4600/" "Mozilla/5.0 (Linux; Android 10; K) AppleWebKit/537.36 (KHTML, like Gecko) Chrome/148.0.0.0 Mobile Safari/537.36"
2402:7500:59a:c3ea::c627:7f0a - - [26/Aug/2026:23:18:26 +0800] "GET /wp-content/themes/oceanwp/assets/fonts/fontawesome/webfonts/fa-regular-400.woff2 HTTP/1.1" 200 25383 "https://isupport.ilc.edu.tw/wp-content/cache/isupport.ilc.edu.tw/wpfc-minified/8jq1rsi9/ks8w.css" "Mozilla/5.0 (Linux; Android 10; K) AppleWebKit/537.36 (KHTML, like Gecko) Chrome/148.0.0.0 Mobile Safari/537.36"
2402:7500:59a:c3ea::c627:7f0a - - [26/Aug/2026:23:18:26 +0800] "GET /wp-content/themes/oceanwp/assets/js/ow-slider.min.js HTTP/1.1" 200 1761 "https://isupport.ilc.edu.tw/4600/" "Mozilla/5.0 (Linux; Android 10; K) AppleWebKit/537.36 (KHTML, like Gecko) Chrome/148.0.0.0 Mobile Safari/537.36"
2402:7500:59a:c3ea::c627:7f0a - - [26/Aug/2026:23:18:26 +0800] "GET /wp-content/themes/oceanwp/assets/js/scroll-effect.min.js HTTP/1.1" 200 4127 "https://isupport.ilc.edu.tw/4600/" "Mozilla/5.0 (Linux; Android 10; K) AppleWebKit/537.36 (KHTML, like Gecko) Chrome/148.0.0.0 Mobile Safari/537.36"
2402:7500:59a:c3ea::c627:7f0a - - [26/Aug/2026:23:18:26 +0800] "GET /wp-content/themes/oceanwp/assets/js/scroll-top.min.js HTTP/1.1" 200 3202 "https://isupport.ilc.edu.tw/4600/" "Mozilla/5.0 (Linux; Android 10; K) AppleWebKit/537.36 (KHTML, like Gecko) Chrome/148.0.0.0 Mobile Safari/537.36"
2402:7500:59a:c3ea::c627:7f0a - - [26/Aug/2026:23:18:26 +0800] "GET /wp-content/themes/oceanwp/assets/js/select.min.js HTTP/1.1" 200 2408 "https://isupport.ilc.edu.tw/4600/" "Mozilla/5.0 (Linux; Android 10; K) AppleWebKit/537.36 (KHTML, like Gecko) Chrome/148.0.0.0 Mobile Safari/537.36"
2402:7500:59a:c3ea::c627:7f0a - - [26/Aug/2026:23:18:26 +0800] "GET /wp-content/themes/oceanwp/assets/js/ow-infinite-scroll.min.js HTTP/1.1" 200 8588 "https://isupport.ilc.edu.tw/4600/" "Mozilla/5.0 (Linux; Android 10; K) AppleWebKit/537.36 (KHTML, like Gecko) Chrome/148.0.0.0 Mobile Safari/537.36"
2402:7500:59a:c3ea::c627:7f0a - - [26/Aug/2026:23:18:26 +0800] "GET /wp-content/plugins/ocean-extra/includes/widgets/js/flickr.min.js HTTP/1.1" 200 1319 "https://isupport.ilc.edu.tw/4600/" "Mozilla/5.0 (Linux; Android 10; K) AppleWebKit/537.36 (KHTML, like Gecko) Chrome/148.0.0.0 Mobile Safari/537.36"
2402:7500:59a:c3ea::c627:7f0a - - [26/Aug/2026:23:18:26 +0800] "GET /wp-content/plugins/elementor-pro/assets/js/webpack-pro.runtime.min.js HTTP/1.1" 200 3562 "https://isupport.ilc.edu.tw/4600/" "Mozilla/5.0 (Linux; Android 10; K) AppleWebKit/537.36 (KHTML, like Gecko) Chrome/148.0.0.0 Mobile Safari/537.36"
2402:7500:59a:c3ea::c627:7f0a - - [26/Aug/2026:23:18:26 +0800] "GET /wp-content/plugins/elementor/assets/js/webpack.runtime.min.js HTTP/1.1" 200 3095 "https://isupport.ilc.edu.tw/4600/" "Mozilla/5.0 (Linux; Android 10; K) AppleWebKit/537.36 (KHTML, like Gecko) Chrome/148.0.0.0 Mobile Safari/537.36"
2402:7500:59a:c3ea::c627:7f0a - - [26/Aug/2026:23:18:26 +0800] "GET /wp-content/plugins/elementor/assets/js/frontend-modules.min.js HTTP/1.1" 200 19416 "https://isupport.ilc.edu.tw/4600/" "Mozilla/5.0 (Linux; Android 10; K) AppleWebKit/537.36 (KHTML, like Gecko) Chrome/148.0.0.0 Mobile Safari/537.36"
2402:7500:59a:c3ea::c627:7f0a - - [26/Aug/2026:23:18:26 +0800] "GET /wp-includes/js/dist/hooks.min.js HTTP/1.1" 200 2421 "https://isupport.ilc.edu.tw/4600/" "Mozilla/5.0 (Linux; Android 10; K) AppleWebKit/537.36 (KHTML, like Gecko) Chrome/148.0.0.0 Mobile Safari/537.36"
2402:7500:59a:c3ea::c627:7f0a - - [26/Aug/2026:23:18:26 +0800] "GET /wp-includes/js/dist/i18n.min.js HTTP/1.1" 200 4547 "https://isupport.ilc.edu.tw/4600/" "Mozilla/5.0 (Linux; Android 10; K) AppleWebKit/537.36 (KHTML, like Gecko) Chrome/148.0.0.0 Mobile Safari/537.36"
2402:7500:59a:c3ea::c627:7f0a - - [26/Aug/2026:23:18:26 +0800] "GET /wp-content/plugins/elementor-pro/assets/js/frontend.min.js HTTP/1.1" 200 7574 "https://isupport.ilc.edu.tw/4600/" "Mozilla/5.0 (Linux; Android 10; K) AppleWebKit/537.36 (KHTML, like Gecko) Chrome/148.0.0.0 Mobile Safari/537.36"
2402:7500:59a:c3ea::c627:7f0a - - [26/Aug/2026:23:18:26 +0800] "GET /wp-content/plugins/elementor/assets/lib/waypoints/waypoints.min.js HTTP/1.1" 200 3873 "https://isupport.ilc.edu.tw/4600/" "Mozilla/5.0 (Linux; Android 10; K) AppleWebKit/537.36 (KHTML, like Gecko) Chrome/148.0.0.0 Mobile Safari/537.36"
2402:7500:59a:c3ea::c627:7f0a - - [26/Aug/2026:23:18:26 +0800] "GET /wp-includes/js/jquery/ui/core.min.js HTTP/1.1" 200 7986 "https://isupport.ilc.edu.tw/4600/" "Mozilla/5.0 (Linux; Android 10; K) AppleWebKit/537.36 (KHTML, like Gecko) Chrome/148.0.0.0 Mobile Safari/537.36"
2402:7500:59a:c3ea::c627:7f0a - - [26/Aug/2026:23:18:26 +0800] "GET /wp-content/plugins/elementor/assets/js/frontend.min.js HTTP/1.1" 200 13169 "https://isupport.ilc.edu.tw/4600/" "Mozilla/5.0 (Linux; Android 10; K) AppleWebKit/537.36 (KHTML, like Gecko) Chrome/148.0.0.0 Mobile Safari/537.36"
2402:7500:59a:c3ea::c627:7f0a - - [26/Aug/2026:23:18:26 +0800] "GET /wp-content/plugins/elementor-pro/assets/js/elements-handlers.min.js HTTP/1.1" 200 10882 "https://isupport.ilc.edu.tw/4600/" "Mozilla/5.0 (Linux; Android 10; K) AppleWebKit/537.36 (KHTML, like Gecko) Chrome/148.0.0.0 Mobile Safari/537.36"
74.7.242.54 - - [26/Aug/2026:23:18:26 +0800] "GET /32745/wp-content/uploads/sites/1271/2024/09/1-197.jpeg HTTP/1.1" 200 23844 "https://2blog.ilc.edu.tw/32745/2024/09/14/%e6%85%95/" "Mozilla/5.0 AppleWebKit/537.36 (KHTML, like Gecko; compatible; GPTBot/1.4; +https://openai.com/gptbot)"
2402:7500:59a:c3ea::c627:7f0a - - [26/Aug/2026:23:18:27 +0800] "GET /wp-content/plugins/elementor/assets/js/video.d11c91c1b2b642a34601.bundle.min.js HTTP/1.1" 200 2161 "https://isupport.ilc.edu.tw/4600/" "Mozilla/5.0 (Linux; Android 10; K) AppleWebKit/537.36 (KHTML, like Gecko) Chrome/148.0.0.0 Mobile Safari/537.36"
2402:7500:59a:c3ea::c627:7f0a - - [26/Aug/2026:23:18:27 +0800] "GET /wp-content/plugins/elementor/assets/js/text-editor.2c35aafbe5bf0e127950.bundle.min.js HTTP/1.1" 200 1545 "https://isupport.ilc.edu.tw/4600/" "Mozilla/5.0 (Linux; Android 10; K) AppleWebKit/537.36 (KHTML, like Gecko) Chrome/148.0.0.0 Mobile Safari/537.36"
74.7.242.54 - - [26/Aug/2026:23:18:27 +0800] "GET /32745/wp-content/uploads/sites/1271/2023/01/1-639.jpeg HTTP/1.1" 200 23104 "https://2blog.ilc.edu.tw/32745/wp-json/oembed/1.0/embed?format=xml&url=https%3A%2F%2F2blog.ilc.edu.tw%2F32745%2F2023%2F01%2F22%2F%25e8%2587%25ba%25e7%2581%25a3%25e6%2596%25b0%25e4%25b8%2596%25e7%25b4%2580%2F" "Mozilla/5.0 AppleWebKit/537.36 (KHTML, like Gecko; compatible; GPTBot/1.4; +https://openai.com/gptbot)"
2402:7500:59a:c3ea::c627:7f0a - - [26/Aug/2026:23:18:27 +0800] "GET /wp-content/uploads/sites/3591/2022/07/cropped-%E6%95%B8%E4%BD%8D%E5%AD%B8%E7%BF%92%E6%94%AF%E6%8C%81%E5%B9%B3%E5%8F%B0logo_lg-180x180.png HTTP/1.1" 200 8758 "https://isupport.ilc.edu.tw/4600/" "Mozilla/5.0 (Linux; Android 10; K) AppleWebKit/537.36 (KHTML, like Gecko) Chrome/148.0.0.0 Mobile Safari/537.36"
2402:7500:59a:c3ea::c627:7f0a - - [26/Aug/2026:23:18:27 +0800] "GET /wp-content/uploads/sites/3591/2022/07/cropped-%E6%95%B8%E4%BD%8D%E5%AD%B8%E7%BF%92%E6%94%AF%E6%8C%81%E5%B9%B3%E5%8F%B0logo_lg-192x192.png HTTP/1.1" 200 7119 "https://isupport.ilc.edu.tw/4600/" "Mozilla/5.0 (Linux; Android 10; K) AppleWebKit/537.36 (KHTML, like Gecko) Chrome/148.0.0.0 Mobile Safari/537.36"
74.7.242.54 - - [26/Aug/2026:23:18:27 +0800] "GET /32745/wp-content/uploads/sites/1271/2024/06/1-109.jpeg HTTP/1.1" 200 11835 "https://2blog.ilc.edu.tw/32745/wp-json/oembed/1.0/embed?format=xml&url=https%3A%2F%2F2blog.ilc.edu.tw%2F32745%2F2024%2F06%2F30%2F%25e7%2582%25ba%25e5%25a4%25a2%25e5%2590%2591%25e5%2589%258d%25e8%25a1%259d%2F" "Mozilla/5.0 AppleWebKit/537.36 (KHTML, like Gecko; compatible; GPTBot/1.4; +https://openai.com/gptbot)"
2001:288:a201::66:125 - - [26/Aug/2026:23:18:28 +0800] "GET /blog/active.php HTTP/1.1" 301 1026 "-" "-"
2001:288:a201::66:125 - - [26/Aug/2026:23:18:28 +0800] "GET /blog/active.php HTTP/1.1" 404 1084 "-" "-"
66.249.79.137 - - [26/Aug/2026:23:18:26 +0800] "GET /wp-login.php?action=ilc_logout&_wpnonce=43754d0aad&redirect_to=http://krismebrand.ru/gallery/5300/ HTTP/1.1" 302 3464 "-" "Mozilla/5.0 (Linux; Android 6.0.1; Nexus 5X Build/MMB29P) AppleWebKit/537.36 (KHTML, like Gecko) Chrome/151.0.7922.173 Mobile Safari/537.36 (compatible; Googlebot/2.1; +http://www.google.com/bot.html)"
74.7.242.54 - - [26/Aug/2026:23:18:28 +0800] "GET /32745/wp-content/uploads/sites/1271/2025/08/1-137.jpeg HTTP/1.1" 200 25949 "https://2blog.ilc.edu.tw/32745/wp-json/oembed/1.0/embed?format=xml&url=https%3A%2F%2F2blog.ilc.edu.tw%2F32745%2F2025%2F08%2F23%2F%25e8%2587%25ba%25e7%2581%25a3%25e4%25ba%25ba%25e5%25be%259b%25e8%25b5%25b7%25e4%25be%2586%2F" "Mozilla/5.0 AppleWebKit/537.36 (KHTML, like Gecko; compatible; GPTBot/1.4; +https://openai.com/gptbot)"
66.249.79.33 - - [26/Aug/2026:23:18:28 +0800] "GET /wp-content/themes/oceanwp/assets/js/select.min.js HTTP/1.1" 200 7194 "https://www.pces.ilc.edu.tw/" "Mozilla/5.0 (Linux; Android 6.0.1; Nexus 5X Build/MMB29P) AppleWebKit/537.36 (KHTML, like Gecko) Chrome/151.0.7922.173 Mobile Safari/537.36 (compatible; Googlebot/2.1; +http://www.google.com/bot.html)"
74.7.242.54 - - [26/Aug/2026:23:18:29 +0800] "GET /32745/wp-content/uploads/sites/1271/2024/03/1-136.jpeg HTTP/1.1" 200 14772 "https://2blog.ilc.edu.tw/32745/wp-json/oembed/1.0/embed?format=xml&url=https%3A%2F%2F2blog.ilc.edu.tw%2F32745%2F2024%2F03%2F09%2F%25e5%25be%258c%25e6%259c%2583%25e6%259c%2589%25e6%259c%259f-2%2F" "Mozilla/5.0 AppleWebKit/537.36 (KHTML, like Gecko; compatible; GPTBot/1.4; +https://openai.com/gptbot)"
74.7.242.54 - - [26/Aug/2026:23:18:29 +0800] "GET /32745/wp-content/uploads/sites/1271/2026/01/1-553.jpeg HTTP/1.1" 200 14948 "https://2blog.ilc.edu.tw/32745/wp-json/oembed/1.0/embed?format=xml&url=https%3A%2F%2F2blog.ilc.edu.tw%2F32745%2F2026%2F01%2F31%2F%25e5%2586%25b0%25e5%2586%25b7%25e7%259a%2584%25e5%2594%259a%2F" "Mozilla/5.0 AppleWebKit/537.36 (KHTML, like Gecko; compatible; GPTBot/1.4; +https://openai.com/gptbot)"
66.249.79.32 - - [26/Aug/2026:23:18:29 +0800] "GET /wp-includes/js/dist/hooks.min.js HTTP/1.1" 200 7207 "https://www.pces.ilc.edu.tw/" "Mozilla/5.0 (Linux; Android 6.0.1; Nexus 5X Build/MMB29P) AppleWebKit/537.36 (KHTML, like Gecko) Chrome/151.0.7922.173 Mobile Safari/537.36 (compatible; Googlebot/2.1; +http://www.google.com/bot.html)"
74.7.242.54 - - [26/Aug/2026:23:18:30 +0800] "GET /32745/wp-content/uploads/sites/1271/2024/09/1-133.jpeg HTTP/1.1" 200 24521 "https://2blog.ilc.edu.tw/32745/2024/09/14/%e9%99%b3/" "Mozilla/5.0 AppleWebKit/537.36 (KHTML, like Gecko; compatible; GPTBot/1.4; +https://openai.com/gptbot)"
34.56.124.53 - - [26/Aug/2026:23:18:30 +0800] "GET /6440/2010/10/11/98%E5%B9%B4%E5%BA%A6%E7%94%A8%E9%9B%BB%E7%B5%B1%E8%A8%88%E8%88%87%E6%AF%94%E8%BC%83/ HTTP/1.1" 200 15930 "-" "Mozilla/5.0 (Macintosh; Intel Mac OS X 10_15_7) AppleWebKit/537.36 (KHTML, like Gecko) Chrome/120.0.0.0 Safari/537.36"
140.111.67.10 - - [26/Aug/2026:23:18:30 +0800] "GET /" 301 273 "-" "-"
74.7.242.54 - - [26/Aug/2026:23:18:30 +0800] "GET /32745/wp-content/uploads/sites/1271/2026/01/1-578.jpeg HTTP/1.1" 200 23102 "https://2blog.ilc.edu.tw/32745/wp-json/oembed/1.0/embed?format=xml&url=https%3A%2F%2F2blog.ilc.edu.tw%2F32745%2F2026%2F01%2F31%2F%25e9%2585%2592%25e5%25a5%25b3%2F" "Mozilla/5.0 AppleWebKit/537.36 (KHTML, like Gecko; compatible; GPTBot/1.4; +https://openai.com/gptbot)"
2601:646:8903:a50:9c81:fe73:e25d:d4eb - - [26/Aug/2026:23:18:30 +0800] "GET /wp-content/plugins/elementor/assets/lib/font-awesome/webfonts/fa-solid-900.woff2 HTTP/1.1" 200 84024 "https://www.iljh.ilc.edu.tw/" "Mozilla/5.0 (iPhone; CPU iPhone OS 18_7 like Mac OS X) AppleWebKit/605.1.15 (KHTML, like Gecko) Version/26.5 Mobile/15E148 Safari/604.1"
216.73.217.64 - - [26/Aug/2026:23:18:30 +0800] "GET /9536/2008/02/01/%e7%a4%be%e5%8d%80%e6%97%a5%e6%9b%86-%e5%86%ac%e5%b1%b1%e7%a4%be%e5%8d%80-%e7%be%8e%e9%ba%97%e7%9a%84%e5%ae%b6%e9%84%89%e5%86%ac%e7%93%9c%e5%b1%b1/ HTTP/1.1" 200 14818 "-" "Mozilla/5.0 AppleWebKit/537.36 (KHTML, like Gecko; compatible; ClaudeBot/1.0; +claudebot@anthropic.com)"
74.7.242.54 - - [26/Aug/2026:23:18:31 +0800] "GET /32745/wp-content/uploads/sites/1271/2024/09/1-168.jpeg HTTP/1.1" 200 30205 "https://2blog.ilc.edu.tw/32745/category/%e5%8d%81%e4%b8%89%e5%8a%83/page/2/" "Mozilla/5.0 AppleWebKit/537.36 (KHTML, like Gecko; compatible; GPTBot/1.4; +https://openai.com/gptbot)"
2408:8000:b001:1:6e:75ff:f103:103 - - [26/Aug/2026:23:18:30 +0800] "GET /advertising/352 HTTP/1.1" 301 5777 "-" "Mozilla/5.0 (Windows NT 10.0; Win64; x64) AppleWebKit/537.36 (KHTML, like Gecko) Chrome/144.0.0.0 Safari/537.36"
::1 - - [26/Aug/2026:23:18:31 +0800] "OPTIONS * HTTP/1.0" 200 110 "-" "Apache/2.4.68 (Ubuntu) OpenSSL/3.0.19 (internal dummy connection)"
74.7.242.54 - - [26/Aug/2026:23:18:31 +0800] "GET /32745/wp-content/uploads/sites/1271/2024/08/1-229.jpeg HTTP/1.1" 200 32675 "https://2blog.ilc.edu.tw/32745/wp-json/oembed/1.0/embed?format=xml&url=https%3A%2F%2F2blog.ilc.edu.tw%2F32745%2F2024%2F07%2F20%2F%25e9%25ab%2598%25e9%2586%25ab%25e8%2581%25b2%25e6%25a8%2582%25e7%25a4%25be%2F" "Mozilla/5.0 AppleWebKit/537.36 (KHTML, like Gecko; compatible; GPTBot/1.4; +https://openai.com/gptbot)"
2408:8000:b001:1:6e:75ff:f103:103 - - [26/Aug/2026:23:18:31 +0800] "GET /advertising/352/ HTTP/1.1" 200 16312 "-" "Mozilla/5.0 (Windows NT 10.0; Win64; x64) AppleWebKit/537.36 (KHTML, like Gecko) Chrome/144.0.0.0 Safari/537.36"
74.7.242.54 - - [26/Aug/2026:23:18:32 +0800] "GET /32745/wp-content/uploads/sites/1271/2023/08/1-156.jpeg HTTP/1.1" 200 15636 "https://2blog.ilc.edu.tw/32745/wp-json/oembed/1.0/embed?format=xml&url=https%3A%2F%2F2blog.ilc.edu.tw%2F32745%2F2023%2F08%2F26%2F%25e7%2594%2598%25e9%259c%25b2%2F" "Mozilla/5.0 AppleWebKit/537.36 (KHTML, like Gecko; compatible; GPTBot/1.4; +https://openai.com/gptbot)"
::1 - - [26/Aug/2026:23:18:32 +0800] "OPTIONS * HTTP/1.0" 200 110 "-" "Apache/2.4.68 (Ubuntu) OpenSSL/3.0.19 (internal dummy connection)"
2408:8000:b001:1:6e:75ff:f103:103 - - [26/Aug/2026:23:18:32 +0800] "GET /wp-content/cache/www.sches.ilc.edu.tw/wpfc-minified/6zsms9b0/796y.css HTTP/1.1" 200 40896 "https://www.sches.ilc.edu.tw/advertising/352/" "Mozilla/5.0 (Windows NT 10.0; Win64; x64) AppleWebKit/537.36 (KHTML, like Gecko) Chrome/144.0.0.0 Safari/537.36"
74.7.242.54 - - [26/Aug/2026:23:18:32 +0800] "GET /32745/wp-content/uploads/sites/1271/2025/08/1-135.jpeg HTTP/1.1" 200 15696 "https://2blog.ilc.edu.tw/32745/wp-json/oembed/1.0/embed?format=xml&url=https%3A%2F%2F2blog.ilc.edu.tw%2F32745%2F2025%2F08%2F23%2F%25e7%2597%25b4%25e6%2583%2585%25e6%25af%258b%25e5%2580%25bc%25e9%258c%25a2%2F" "Mozilla/5.0 AppleWebKit/537.36 (KHTML, like Gecko; compatible; GPTBot/1.4; +https://openai.com/gptbot)"
2408:8000:b001:1:6e:75ff:f103:103 - - [26/Aug/2026:23:18:32 +0800] "GET /wp-content/cache/www.sches.ilc.edu.tw/wpfc-minified/8kyab7zo/796y.css HTTP/1.1" 200 16120 "https://www.sches.ilc.edu.tw/advertising/352/" "Mozilla/5.0 (Windows NT 10.0; Win64; x64) AppleWebKit/537.36 (KHTML, like Gecko) Chrome/144.0.0.0 Safari/537.36"
2408:8000:b001:1:6e:75ff:f103:103 - - [26/Aug/2026:23:18:32 +0800] "GET /wp-content/cache/www.sches.ilc.edu.tw/wpfc-minified/d6pqnqcv/796y.css HTTP/1.1" 200 5962 "https://www.sches.ilc.edu.tw/advertising/352/" "Mozilla/5.0 (Windows NT 10.0; Win64; x64) AppleWebKit/537.36 (KHTML, like Gecko) Chrome/144.0.0.0 Safari/537.36"
2408:8000:b001:1:6e:75ff:f103:103 - - [26/Aug/2026:23:18:32 +0800] "GET /wp-content/cache/www.sches.ilc.edu.tw/wpfc-minified/qvhk4q78/c0c79.css HTTP/1.1" 200 60809 "https://www.sches.ilc.edu.tw/advertising/352/" "Mozilla/5.0 (Windows NT 10.0; Win64; x64) AppleWebKit/537.36 (KHTML, like Gecko) Chrome/144.0.0.0 Safari/537.36"
2408:8000:b001:1:6e:75ff:f103:103 - - [26/Aug/2026:23:18:32 +0800] "GET /wp-content/cache/www.sches.ilc.edu.tw/wpfc-minified/105776i1/c0c79.css HTTP/1.1" 200 12641 "https://www.sches.ilc.edu.tw/advertising/352/" "Mozilla/5.0 (Windows NT 10.0; Win64; x64) AppleWebKit/537.36 (KHTML, like Gecko) Chrome/144.0.0.0 Safari/537.36"
2001:288:a201::66:125 - - [26/Aug/2026:23:18:33 +0800] "GET /blog/active.php HTTP/1.1" 301 1026 "-" "-"
2001:288:a201::66:125 - - [26/Aug/2026:23:18:33 +0800] "GET /blog/active.php HTTP/1.1" 404 1084 "-" "-"
2408:8000:b001:1:6e:75ff:f103:103 - - [26/Aug/2026:23:18:33 +0800] "GET /wp-content/cache/www.sches.ilc.edu.tw/wpfc-minified/mn2dv5dk/796y.js HTTP/1.1" 200 35559 "https://www.sches.ilc.edu.tw/advertising/352/" "Mozilla/5.0 (Windows NT 10.0; Win64; x64) AppleWebKit/537.36 (KHTML, like Gecko) Chrome/144.0.0.0 Safari/537.36"
74.7.242.54 - - [26/Aug/2026:23:18:33 +0800] "GET /32745/wp-content/uploads/sites/1271/2026/01/1-560.jpeg HTTP/1.1" 200 22188 "https://2blog.ilc.edu.tw/32745/wp-json/oembed/1.0/embed?format=xml&url=https%3A%2F%2F2blog.ilc.edu.tw%2F32745%2F2026%2F01%2F31%2F%25e5%25a4%259c%25e9%2596%2593%25e9%2583%25a8%25e5%2590%258c%25e5%25ad%25b8%2F" "Mozilla/5.0 AppleWebKit/537.36 (KHTML, like Gecko; compatible; GPTBot/1.4; +https://openai.com/gptbot)"
2408:8000:b001:1:6e:75ff:f103:103 - - [26/Aug/2026:23:18:33 +0800] "GET /wp-content/cache/www.sches.ilc.edu.tw/wpfc-minified/g0apozo0/796y.js HTTP/1.1" 200 3453 "https://www.sches.ilc.edu.tw/advertising/352/" "Mozilla/5.0 (Windows NT 10.0; Win64; x64) AppleWebKit/537.36 (KHTML, like Gecko) Chrome/144.0.0.0 Safari/537.36"
2408:8000:b001:1:6e:75ff:f103:103 - - [26/Aug/2026:23:18:33 +0800] "GET /wp-includes/js/hoverintent-js.min.js HTTP/1.1" 200 1597 "https://www.sches.ilc.edu.tw/advertising/352/" "Mozilla/5.0 (Windows NT 10.0; Win64; x64) AppleWebKit/537.36 (KHTML, like Gecko) Chrome/144.0.0.0 Safari/537.36"
66.249.79.163 - - [26/Aug/2026:23:18:33 +0800] "GET /1003/wp-content/uploads/sites/233/2021/10/25B704EE-665F-4000-A62A-5FCBEE4EF2BB-scaled-e1634277764780-300x225.jpeg HTTP/1.1" 304 5569 "-" "Googlebot-Image/1.0"
2408:8000:b001:1:6e:75ff:f103:103 - - [26/Aug/2026:23:18:33 +0800] "GET /wp-includes/js/admin-bar.min.js HTTP/1.1" 200 2237 "https://www.sches.ilc.edu.tw/advertising/352/" "Mozilla/5.0 (Windows NT 10.0; Win64; x64) AppleWebKit/537.36 (KHTML, like Gecko) Chrome/144.0.0.0 Safari/537.36"
2408:8000:b001:1:6e:75ff:f103:103 - - [26/Aug/2026:23:18:33 +0800] "GET /wp-includes/js/imagesloaded.min.js HTTP/1.1" 200 2683 "https://www.sches.ilc.edu.tw/advertising/352/" "Mozilla/5.0 (Windows NT 10.0; Win64; x64) AppleWebKit/537.36 (KHTML, like Gecko) Chrome/144.0.0.0 Safari/537.36"
74.7.242.54 - - [26/Aug/2026:23:18:33 +0800] "GET /32745/wp-content/uploads/sites/1271/2023/01/1-687.jpeg HTTP/1.1" 200 7328 "https://2blog.ilc.edu.tw/32745/2023/11/26/%e9%9b%a8%e6%b0%b4%e6%b2%83%e6%be%b9%e5%92%b1%e7%9a%84%e6%84%9b/" "Mozilla/5.0 AppleWebKit/537.36 (KHTML, like Gecko; compatible; GPTBot/1.4; +https://openai.com/gptbot)"
2408:8000:b001:1:6e:75ff:f103:103 - - [26/Aug/2026:23:18:33 +0800] "GET /wp-content/themes/oceanwp/assets/js/theme.min.js HTTP/1.1" 200 5130 "https://www.sches.ilc.edu.tw/advertising/352/" "Mozilla/5.0 (Windows NT 10.0; Win64; x64) AppleWebKit/537.36 (KHTML, like Gecko) Chrome/144.0.0.0 Safari/537.36"
2408:8000:b001:1:6e:75ff:f103:103 - - [26/Aug/2026:23:18:34 +0800] "GET /wp-content/themes/oceanwp/assets/js/vendors/magnific-popup.min.js HTTP/1.1" 200 8270 "https://www.sches.ilc.edu.tw/advertising/352/" "Mozilla/5.0 (Windows NT 10.0; Win64; x64) AppleWebKit/537.36 (KHTML, like Gecko) Chrome/144.0.0.0 Safari/537.36"
2408:8000:b001:1:6e:75ff:f103:103 - - [26/Aug/2026:23:18:34 +0800] "GET /wp-content/themes/oceanwp/assets/js/drop-down-mobile-menu.min.js HTTP/1.1" 200 4663 "https://www.sches.ilc.edu.tw/advertising/352/" "Mozilla/5.0 (Windows NT 10.0; Win64; x64) AppleWebKit/537.36 (KHTML, like Gecko) Chrome/144.0.0.0 Safari/537.36"
2408:8000:b001:1:6e:75ff:f103:103 - - [26/Aug/2026:23:18:34 +0800] "GET /wp-content/themes/oceanwp/assets/js/drop-down-search.min.js HTTP/1.1" 200 2968 "https://www.sches.ilc.edu.tw/advertising/352/" "Mozilla/5.0 (Windows NT 10.0; Win64; x64) AppleWebKit/537.36 (KHTML, like Gecko) Chrome/144.0.0.0 Safari/537.36"
2408:8000:b001:1:6e:75ff:f103:103 - - [26/Aug/2026:23:18:34 +0800] "GET /wp-content/themes/oceanwp/assets/js/ow-lightbox.min.js HTTP/1.1" 200 2321 "https://www.sches.ilc.edu.tw/advertising/352/" "Mozilla/5.0 (Windows NT 10.0; Win64; x64) AppleWebKit/537.36 (KHTML, like Gecko) Chrome/144.0.0.0 Safari/537.36"
74.7.242.54 - - [26/Aug/2026:23:18:34 +0800] "GET /32745/wp-content/uploads/sites/1271/2023/01/1-994.jpeg HTTP/1.1" 200 12173 "https://2blog.ilc.edu.tw/32745/wp-json/oembed/1.0/embed?format=xml&url=https%3A%2F%2F2blog.ilc.edu.tw%2F32745%2F2023%2F01%2F27%2F%25e8%25a8%2598%25e5%25be%2597%25e6%2588%2591%25e7%25b4%25b0%25e6%25bc%25a2%2F" "Mozilla/5.0 AppleWebKit/537.36 (KHTML, like Gecko; compatible; GPTBot/1.4; +https://openai.com/gptbot)"
2408:8000:b001:1:6e:75ff:f103:103 - - [26/Aug/2026:23:18:34 +0800] "GET /wp-content/themes/oceanwp/assets/fonts/simple-line-icons/Simple-Line-Icons.woff2?v=2.4.0 HTTP/1.1" 200 30959 "https://www.sches.ilc.edu.tw/wp-content/cache/www.sches.ilc.edu.tw/wpfc-minified/qvhk4q78/c0c79.css" "Mozilla/5.0 (Windows NT 10.0; Win64; x64) AppleWebKit/537.36 (KHTML, like Gecko) Chrome/144.0.0.0 Safari/537.36"
2408:8000:b001:1:6e:75ff:f103:103 - - [26/Aug/2026:23:18:34 +0800] "GET /wp-content/themes/oceanwp/assets/js/vendors/flickity.pkgd.min.js HTTP/1.1" 200 15048 "https://www.sches.ilc.edu.tw/advertising/352/" "Mozilla/5.0 (Windows NT 10.0; Win64; x64) AppleWebKit/537.36 (KHTML, like Gecko) Chrome/144.0.0.0 Safari/537.36"
2408:8000:b001:1:6e:75ff:f103:103 - - [26/Aug/2026:23:18:34 +0800] "GET /wp-content/themes/oceanwp/assets/js/ow-slider.min.js HTTP/1.1" 200 1761 "https://www.sches.ilc.edu.tw/advertising/352/" "Mozilla/5.0 (Windows NT 10.0; Win64; x64) AppleWebKit/537.36 (KHTML, like Gecko) Chrome/144.0.0.0 Safari/537.36"
2408:8000:b001:1:6e:75ff:f103:103 - - [26/Aug/2026:23:18:34 +0800] "GET /wp-content/themes/oceanwp/assets/js/scroll-effect.min.js HTTP/1.1" 200 4127 "https://www.sches.ilc.edu.tw/advertising/352/" "Mozilla/5.0 (Windows NT 10.0; Win64; x64) AppleWebKit/537.36 (KHTML, like Gecko) Chrome/144.0.0.0 Safari/537.36"
2408:8000:b001:1:6e:75ff:f103:103 - - [26/Aug/2026:23:18:34 +0800] "GET /wp-content/themes/oceanwp/assets/js/scroll-top.min.js HTTP/1.1" 200 3202 "https://www.sches.ilc.edu.tw/advertising/352/" "Mozilla/5.0 (Windows NT 10.0; Win64; x64) AppleWebKit/537.36 (KHTML, like Gecko) Chrome/144.0.0.0 Safari/537.36"
2408:8000:b001:1:6e:75ff:f103:103 - - [26/Aug/2026:23:18:34 +0800] "GET /wp-content/themes/oceanwp/assets/js/select.min.js HTTP/1.1" 200 2408 "https://www.sches.ilc.edu.tw/advertising/352/" "Mozilla/5.0 (Windows NT 10.0; Win64; x64) AppleWebKit/537.36 (KHTML, like Gecko) Chrome/144.0.0.0 Safari/537.36"
2408:8000:b001:1:6e:75ff:f103:103 - - [26/Aug/2026:23:18:34 +0800] "GET /wp-content/plugins/ocean-extra/includes/widgets/js/flickr.min.js HTTP/1.1" 200 1319 "https://www.sches.ilc.edu.tw/advertising/352/" "Mozilla/5.0 (Windows NT 10.0; Win64; x64) AppleWebKit/537.36 (KHTML, like Gecko) Chrome/144.0.0.0 Safari/537.36"
2408:8000:b001:1:6e:75ff:f103:103 - - [26/Aug/2026:23:18:34 +0800] "GET /wp-includes/js/dist/dom-ready.min.js HTTP/1.1" 200 1199 "https://www.sches.ilc.edu.tw/advertising/352/" "Mozilla/5.0 (Windows NT 10.0; Win64; x64) AppleWebKit/537.36 (KHTML, like Gecko) Chrome/144.0.0.0 Safari/537.36"
2408:8000:b001:1:6e:75ff:f103:103 - - [26/Aug/2026:23:18:34 +0800] "GET /wp-includes/js/dist/hooks.min.js HTTP/1.1" 200 2421 "https://www.sches.ilc.edu.tw/advertising/352/" "Mozilla/5.0 (Windows NT 10.0; Win64; x64) AppleWebKit/537.36 (KHTML, like Gecko) Chrome/144.0.0.0 Safari/537.36"
74.7.242.54 - - [26/Aug/2026:23:18:34 +0800] "GET /32745/wp-content/uploads/sites/1271/2026/01/1-530.jpeg HTTP/1.1" 200 12695 "https://2blog.ilc.edu.tw/32745/wp-json/oembed/1.0/embed?format=xml&url=https%3A%2F%2F2blog.ilc.edu.tw%2F32745%2F2025%2F03%2F01%2F%25e9%2599%25b3%25e5%2584%2580%25e7%2591%25be%2F" "Mozilla/5.0 AppleWebKit/537.36 (KHTML, like Gecko; compatible; GPTBot/1.4; +https://openai.com/gptbot)"
2408:8000:b001:1:6e:75ff:f103:103 - - [26/Aug/2026:23:18:34 +0800] "GET /wp-includes/js/dist/i18n.min.js HTTP/1.1" 200 4547 "https://www.sches.ilc.edu.tw/advertising/352/" "Mozilla/5.0 (Windows NT 10.0; Win64; x64) AppleWebKit/537.36 (KHTML, like Gecko) Chrome/144.0.0.0 Safari/537.36"
2408:8000:b001:1:6e:75ff:f103:103 - - [26/Aug/2026:23:18:35 +0800] "GET /wp-includes/js/dist/a11y.min.js HTTP/1.1" 200 1829 "https://www.sches.ilc.edu.tw/advertising/352/" "Mozilla/5.0 (Windows NT 10.0; Win64; x64) AppleWebKit/537.36 (KHTML, like Gecko) Chrome/144.0.0.0 Safari/537.36"
2408:8000:b001:1:6e:75ff:f103:103 - - [26/Aug/2026:23:18:35 +0800] "GET /wp-includes/js/wp-custom-header.min.js HTTP/1.1" 200 2488 "https://www.sches.ilc.edu.tw/advertising/352/" "Mozilla/5.0 (Windows NT 10.0; Win64; x64) AppleWebKit/537.36 (KHTML, like Gecko) Chrome/144.0.0.0 Safari/537.36"
74.7.242.54 - - [26/Aug/2026:23:18:35 +0800] "GET /32745/wp-content/uploads/sites/1271/2025/08/1-160.jpeg HTTP/1.1" 200 19750 "https://2blog.ilc.edu.tw/32745/wp-json/oembed/1.0/embed?format=xml&url=https%3A%2F%2F2blog.ilc.edu.tw%2F32745%2F2025%2F08%2F24%2F%25e4%25b8%2580%25e7%2594%259f%25e9%2599%25aa%25e4%25bd%25a0%25e8%25a1%258c%2F" "Mozilla/5.0 AppleWebKit/537.36 (KHTML, like Gecko; compatible; GPTBot/1.4; +https://openai.com/gptbot)"
140.111.67.10 - - [26/Aug/2026:23:18:35 +0800] "GET /" 301 273 "-" "-"
74.7.242.54 - - [26/Aug/2026:23:18:35 +0800] "GET /32745/wp-content/uploads/sites/1271/2023/01/1-667.jpeg HTTP/1.1" 200 13928 "https://2blog.ilc.edu.tw/32745/wp-json/oembed/1.0/embed?format=xml&url=https%3A%2F%2F2blog.ilc.edu.tw%2F32745%2F2023%2F01%2F23%2F%25e9%25ac%25a5%25e9%2599%25a3%25e4%25be%2586%25e5%2594%25b1%25e6%25ad%258c%2F" "Mozilla/5.0 AppleWebKit/537.36 (KHTML, like Gecko; compatible; GPTBot/1.4; +https://openai.com/gptbot)"
66.249.79.163 - - [26/Aug/2026:23:18:36 +0800] "POST /24/wp-json/ilc-summary/v1/popular-posts HTTP/1.1" 201 1270 "https://2blog.ilc.edu.tw/24/2005/09/28/%E5%AF%AB%E8%AE%80%E6%9B%B8%E5%A0%B1%E5%91%8A/" "Mozilla/5.0 (Linux; Android 6.0.1; Nexus 5X Build/MMB29P) AppleWebKit/537.36 (KHTML, like Gecko) Chrome/151.0.7922.137 Mobile Safari/537.36 (compatible; Googlebot/2.1; +http://www.google.com/bot.html)"
74.7.242.54 - - [26/Aug/2026:23:18:36 +0800] "GET /32745/wp-content/uploads/sites/1271/2026/01/1-190.jpeg HTTP/1.1" 200 19640 "https://2blog.ilc.edu.tw/32745/wp-json/oembed/1.0/embed?format=xml&url=https%3A%2F%2F2blog.ilc.edu.tw%2F32745%2F2026%2F01%2F04%2F%25e6%2594%25be%25e8%25a2%2582%25e8%2590%25bd%25e7%259a%2584%25e6%2584%259b%2F" "Mozilla/5.0 AppleWebKit/537.36 (KHTML, like Gecko; compatible; GPTBot/1.4; +https://openai.com/gptbot)"
::1 - - [26/Aug/2026:23:18:36 +0800] "OPTIONS * HTTP/1.0" 200 110 "-" "Apache/2.4.68 (Ubuntu) OpenSSL/3.0.19 (internal dummy connection)"
74.7.242.54 - - [26/Aug/2026:23:18:36 +0800] "GET /32745/wp-content/uploads/sites/1271/2026/01/1-391.jpeg HTTP/1.1" 200 23514 "https://2blog.ilc.edu.tw/32745/wp-json/oembed/1.0/embed?format=xml&url=https%3A%2F%2F2blog.ilc.edu.tw%2F32745%2F2026%2F01%2F24%2F%25e4%25bb%2599%25e5%25b1%25b1%25e8%258b%25a6%25e5%2591%25bd%25e9%2583%258e%2F" "Mozilla/5.0 AppleWebKit/537.36 (KHTML, like Gecko; compatible; GPTBot/1.4; +https://openai.com/gptbot)"
74.7.242.54 - - [26/Aug/2026:23:18:37 +0800] "GET /32745/wp-content/uploads/sites/1271/2023/01/1-483.jpeg HTTP/1.1" 200 20946 "https://2blog.ilc.edu.tw/32745/wp-json/oembed/1.0/embed?format=xml&url=https%3A%2F%2F2blog.ilc.edu.tw%2F32745%2F2023%2F01%2F21%2F%25e6%25af%258b%25e6%2595%25a2%25e8%25ac%259b%25e5%2586%258d%25e6%259c%2583%2F" "Mozilla/5.0 AppleWebKit/537.36 (KHTML, like Gecko; compatible; GPTBot/1.4; +https://openai.com/gptbot)"
2409:8c7a:da12:b::f7 - - [26/Aug/2026:23:18:37 +0800] "GET /17160/2019/page/5 HTTP/1.1" 301 5768 "-" "Mozilla/5.0 (Windows NT 10.0; Win64; x64) AppleWebKit/537.36 (KHTML, like Gecko) Chrome/144.0.0.0 Safari/537.36"
74.7.242.54 - - [26/Aug/2026:23:18:37 +0800] "GET /32745/wp-content/uploads/sites/1271/2023/01/1-963.jpeg HTTP/1.1" 200 14216 "https://2blog.ilc.edu.tw/32745/wp-json/oembed/1.0/embed?format=xml&url=https%3A%2F%2F2blog.ilc.edu.tw%2F32745%2F2023%2F01%2F26%2F%25e4%25b8%25bb-%25e6%2588%2591%25e7%259a%2584%25e4%25ba%25ba%25e7%2594%259f%2F" "Mozilla/5.0 AppleWebKit/537.36 (KHTML, like Gecko; compatible; GPTBot/1.4; +https://openai.com/gptbot)"
2a03:2880:24ff:: - - [26/Aug/2026:23:18:37 +0800] "GET /robots.txt HTTP/1.1" 301 1053 "-" "facebookexternalhit/1.1 (+http://www.facebook.com/externalhit_uatext.php)"
2001:288:a201::66:125 - - [26/Aug/2026:23:18:38 +0800] "GET /blog/active.php HTTP/1.1" 301 1026 "-" "-"
2001:288:a201::66:125 - - [26/Aug/2026:23:18:38 +0800] "GET /blog/active.php HTTP/1.1" 404 1084 "-" "-"
74.7.242.54 - - [26/Aug/2026:23:18:38 +0800] "GET /32745/wp-content/uploads/sites/1271/2026/01/1-196.jpeg HTTP/1.1" 200 16028 "https://2blog.ilc.edu.tw/32745/wp-json/oembed/1.0/embed?format=xml&url=https%3A%2F%2F2blog.ilc.edu.tw%2F32745%2F2026%2F01%2F04%2F%25e4%25ba%2588%25e9%2598%25bf%25e7%2588%25b8%25e7%259a%2584%25e6%25ad%258c%2F" "Mozilla/5.0 AppleWebKit/537.36 (KHTML, like Gecko; compatible; GPTBot/1.4; +https://openai.com/gptbot)"
35.239.46.197 - - [26/Aug/2026:23:18:38 +0800] "GET /.git/config HTTP/1.1" 302 5501 "-" "-"
2a03:2880:18ff:29:: - - [26/Aug/2026:23:18:38 +0800] "GET /will/ HTTP/1.1" 301 1043 "-" "meta-externalagent/1.1 (+https://developers.facebook.com/docs/sharing/webmasters/crawler)"
74.7.242.54 - - [26/Aug/2026:23:18:38 +0800] "GET /32745/wp-content/uploads/sites/1271/2023/01/1-691.jpeg HTTP/1.1" 200 6958 "https://2blog.ilc.edu.tw/32745/2023/01/23/page/5/" "Mozilla/5.0 AppleWebKit/537.36 (KHTML, like Gecko; compatible; GPTBot/1.4; +https://openai.com/gptbot)"
2408:8000:b001:1:6e:75ff:f103:103 - - [26/Aug/2026:23:18:38 +0800] "GET /wp-content/themes/oceanwp/assets/fonts/fontawesome/webfonts/fa-solid-900.woff2 HTTP/1.1" 200 151246 "https://www.sches.ilc.edu.tw/wp-content/cache/www.sches.ilc.edu.tw/wpfc-minified/qvhk4q78/c0c79.css" "Mozilla/5.0 (Windows NT 10.0; Win64; x64) AppleWebKit/537.36 (KHTML, like Gecko) Chrome/144.0.0.0 Safari/537.36"
98.83.178.66 - - [26/Aug/2026:23:18:39 +0800] "GET /wp-content/uploads/sites/752/2021/07/ HTTP/1.1" 200 1111 "-" "Mozilla/5.0 AppleWebKit/537.36 (KHTML, like Gecko; compatible; Amazonbot/0.1; +https://developer.amazon.com/support/amazonbot) Chrome/119.0.6045.214 Safari/537.36"
74.7.242.54 - - [26/Aug/2026:23:18:39 +0800] "GET /32745/wp-content/uploads/sites/1271/2026/01/1-618.jpeg HTTP/1.1" 200 25903 "https://2blog.ilc.edu.tw/32745/wp-json/oembed/1.0/embed?format=xml&url=https%3A%2F%2F2blog.ilc.edu.tw%2F32745%2F2026%2F01%2F31%2F%25e5%25af%2592%25e5%2586%25ac%25e7%259a%2584%25e6%259a%2597%25e6%259a%259d%2F" "Mozilla/5.0 AppleWebKit/537.36 (KHTML, like Gecko; compatible; GPTBot/1.4; +https://openai.com/gptbot)"
40.77.167.156 - - [26/Aug/2026:23:18:39 +0800] "GET /?s=2026 HTTP/1.1" 200 20437 "-" "Mozilla/5.0 AppleWebKit/537.36 (KHTML, like Gecko; compatible; bingbot/2.0; +http://www.bing.com/bingbot.htm) Chrome/116.0.1938.76 Safari/537.36"
74.7.242.54 - - [26/Aug/2026:23:18:39 +0800] "GET /32745/wp-content/uploads/sites/1271/2026/01/1-585.jpeg HTTP/1.1" 200 18024 "https://2blog.ilc.edu.tw/32745/wp-json/oembed/1.0/embed?format=xml&url=https%3A%2F%2F2blog.ilc.edu.tw%2F32745%2F2026%2F01%2F31%2F%25e6%2580%259d%25e5%25bf%25b5%25e4%25bd%25a0%25e7%259a%2584%25e6%2599%2582%2F" "Mozilla/5.0 AppleWebKit/537.36 (KHTML, like Gecko; compatible; GPTBot/1.4; +https://openai.com/gptbot)"
74.7.242.54 - - [26/Aug/2026:23:18:40 +0800] "GET /32745/wp-content/uploads/sites/1271/2023/08/1-144.jpeg HTTP/1.1" 200 15977 "https://2blog.ilc.edu.tw/32745/wp-json/oembed/1.0/embed?format=xml&url=https%3A%2F%2F2blog.ilc.edu.tw%2F32745%2F2023%2F08%2F26%2F%25e6%2583%25b3%25e4%25bd%25a0%25e7%259a%2584%25e6%259a%2597%25e6%259a%259d-4%2F" "Mozilla/5.0 AppleWebKit/537.36 (KHTML, like Gecko; compatible; GPTBot/1.4; +https://openai.com/gptbot)"
140.111.67.10 - - [26/Aug/2026:23:18:40 +0800] "GET /" 301 273 "-" "-"
74.7.242.54 - - [26/Aug/2026:23:18:40 +0800] "GET /32745/wp-content/uploads/sites/1271/2024/07/1-298.jpeg HTTP/1.1" 200 26207 "https://2blog.ilc.edu.tw/32745/wp-json/oembed/1.0/embed?format=xml&url=https%3A%2F%2F2blog.ilc.edu.tw%2F32745%2F2024%2F07%2F27%2F%25e8%2581%25bd%25e6%2588%2591%25e8%25ac%259b%25e4%25b8%2580%25e4%25b8%258b%2F" "Mozilla/5.0 AppleWebKit/537.36 (KHTML, like Gecko; compatible; GPTBot/1.4; +https://openai.com/gptbot)"
::1 - - [26/Aug/2026:23:18:41 +0800] "OPTIONS * HTTP/1.0" 200 110 "-" "Apache/2.4.68 (Ubuntu) OpenSSL/3.0.19 (internal dummy connection)"
74.7.242.54 - - [26/Aug/2026:23:18:41 +0800] "GET /32745/wp-content/uploads/sites/1271/2026/01/1-186.jpeg HTTP/1.1" 200 8762 "https://2blog.ilc.edu.tw/32745/wp-json/oembed/1.0/embed?format=xml&url=https%3A%2F%2F2blog.ilc.edu.tw%2F32745%2F2026%2F01%2F04%2F%25e6%25a8%2582%25e8%25a7%2580%25e7%259a%2584%25e5%25b0%258f%25e5%25a7%2590%2F" "Mozilla/5.0 AppleWebKit/537.36 (KHTML, like Gecko; compatible; GPTBot/1.4; +https://openai.com/gptbot)"
74.7.242.54 - - [26/Aug/2026:23:18:42 +0800] "GET /32745/wp-content/uploads/sites/1271/2023/01/1-835.jpeg HTTP/1.1" 200 32332 "https://2blog.ilc.edu.tw/32745/wp-json/oembed/1.0/embed?format=xml&url=https%3A%2F%2F2blog.ilc.edu.tw%2F32745%2F2023%2F01%2F25%2F%25e6%259e%2597%25e4%25bb%2581%25e7%2594%25b0%2F" "Mozilla/5.0 AppleWebKit/537.36 (KHTML, like Gecko; compatible; GPTBot/1.4; +https://openai.com/gptbot)"
::1 - - [26/Aug/2026:23:18:42 +0800] "OPTIONS * HTTP/1.0" 200 110 "-" "Apache/2.4.68 (Ubuntu) OpenSSL/3.0.19 (internal dummy connection)"
74.7.242.54 - - [26/Aug/2026:23:18:42 +0800] "GET /32745/wp-content/uploads/sites/1271/2023/08/1-157.jpeg HTTP/1.1" 200 25667 "https://2blog.ilc.edu.tw/32745/wp-json/oembed/1.0/embed?format=xml&url=https%3A%2F%2F2blog.ilc.edu.tw%2F32745%2F2023%2F08%2F20%2F%25e8%2594%25a1%25e6%2597%25bb%25e4%25bf%25ae%2F" "Mozilla/5.0 AppleWebKit/537.36 (KHTML, like Gecko; compatible; GPTBot/1.4; +https://openai.com/gptbot)"
2409:8c7a:da12:b::f7 - - [26/Aug/2026:23:18:42 +0800] "GET /17160/2019/page/5/ HTTP/1.1" 200 14559 "-" "Mozilla/5.0 (Windows NT 10.0; Win64; x64) AppleWebKit/537.36 (KHTML, like Gecko) Chrome/144.0.0.0 Safari/537.36"
18.207.79.144 - - [26/Aug/2026:23:18:43 +0800] "GET /wp-content/uploads/sites/3692/2023/04/ HTTP/1.1" 200 1114 "-" "Mozilla/5.0 AppleWebKit/537.36 (KHTML, like Gecko; compatible; Amazonbot/0.1; +https://developer.amazon.com/support/amazonbot) Chrome/119.0.6045.214 Safari/537.36"
2001:288:a201::66:125 - - [26/Aug/2026:23:18:43 +0800] "GET /blog/active.php HTTP/1.1" 301 1026 "-" "-"
74.7.242.54 - - [26/Aug/2026:23:18:43 +0800] "GET /32745/wp-content/uploads/sites/1271/2026/01/1-446.jpeg HTTP/1.1" 200 22622 "https://2blog.ilc.edu.tw/32745/wp-json/oembed/1.0/embed?format=xml&url=https%3A%2F%2F2blog.ilc.edu.tw%2F32745%2F2026%2F01%2F24%2F%25e4%25b8%2589%25e5%2585%25ab%25e4%25bd%25ae%25e5%25ad%259d%25e5%2591%2586%2F" "Mozilla/5.0 AppleWebKit/537.36 (KHTML, like Gecko; compatible; GPTBot/1.4; +https://openai.com/gptbot)"
2001:288:a201::66:125 - - [26/Aug/2026:23:18:43 +0800] "GET /blog/active.php HTTP/1.1" 404 1084 "-" "-"
::1 - - [26/Aug/2026:23:18:43 +0800] "OPTIONS * HTTP/1.0" 200 110 "-" "Apache/2.4.68 (Ubuntu) OpenSSL/3.0.19 (internal dummy connection)"
74.7.242.54 - - [26/Aug/2026:23:18:43 +0800] "GET /32745/wp-content/uploads/sites/1271/2024/09/1-163.jpeg HTTP/1.1" 200 14842 "https://2blog.ilc.edu.tw/32745/category/%e5%8d%81%e4%b8%89%e5%8a%83/page/3/" "Mozilla/5.0 AppleWebKit/537.36 (KHTML, like Gecko; compatible; GPTBot/1.4; +https://openai.com/gptbot)"
74.7.242.54 - - [26/Aug/2026:23:18:44 +0800] "GET /32745/wp-content/uploads/sites/1271/2026/01/1-138.jpeg HTTP/1.1" 200 20689 "https://2blog.ilc.edu.tw/32745/wp-json/oembed/1.0/embed?format=xml&url=https%3A%2F%2F2blog.ilc.edu.tw%2F32745%2F2026%2F01%2F03%2F%25e5%2589%25aa%25e6%2583%2585%25e7%25b5%25b2%2F" "Mozilla/5.0 AppleWebKit/537.36 (KHTML, like Gecko; compatible; GPTBot/1.4; +https://openai.com/gptbot)"
74.7.242.54 - - [26/Aug/2026:23:18:44 +0800] "GET /32745/wp-content/uploads/sites/1271/2024/09/1-126.jpeg HTTP/1.1" 200 23038 "https://2blog.ilc.edu.tw/32745/category/%e5%8d%81%e4%b8%80%e5%8a%83/page/3/" "Mozilla/5.0 AppleWebKit/537.36 (KHTML, like Gecko; compatible; GPTBot/1.4; +https://openai.com/gptbot)"
34.56.124.53 - - [26/Aug/2026:23:18:44 +0800] "GET /rainbow123/2024/11/18/%E6%88%B6%E5%A4%96%E6%95%99%E5%AD%B8%E5%A5%BD%E7%8E%A9%E7%9A%84%E6%AD%AA%E6%AD%AA%E7%90%83wild-wild-ball-%E4%B8%80%E7%B1%B3%E7%89%B9%E7%B1%B3%E9%A3%9F%E9%BB%9E%E5%BF%83%E8%A7%80%E5%85%89%E5%B7%A5/ HTTP/1.1" 200 19528 "-" "Mozilla/5.0 (Macintosh; Intel Mac OS X 10_15_7) AppleWebKit/537.36 (KHTML, like Gecko) Chrome/120.0.0.0 Safari/537.36"
2409:8c7a:da12:b::f7 - - [26/Aug/2026:23:18:45 +0800] "GET /17160/wp-includes/css/dashicons.min.css HTTP/1.1" 200 37075 "https://2blog.ilc.edu.tw/17160/2019/page/5/" "Mozilla/5.0 (Windows NT 10.0; Win64; x64) AppleWebKit/537.36 (KHTML, like Gecko) Chrome/144.0.0.0 Safari/537.36"
74.7.242.54 - - [26/Aug/2026:23:18:45 +0800] "GET /32745/wp-content/uploads/sites/1271/2023/01/1-809.jpeg HTTP/1.1" 200 17232 "https://2blog.ilc.edu.tw/32745/wp-json/oembed/1.0/embed?format=xml&url=https%3A%2F%2F2blog.ilc.edu.tw%2F32745%2F2023%2F01%2F25%2F%25e6%2584%259b%25e7%259a%2584%25e9%2581%25bf%25e9%25a2%25a8%25e6%25b8%25af%2F" "Mozilla/5.0 AppleWebKit/537.36 (KHTML, like Gecko; compatible; GPTBot/1.4; +https://openai.com/gptbot)"
140.111.67.10 - - [26/Aug/2026:23:18:45 +0800] "GET /" 301 273 "-" "-"
2409:8c7a:da12:b::f7 - - [26/Aug/2026:23:18:45 +0800] "GET /17160/wp-includes/css/admin-bar.min.css HTTP/1.1" 200 9479 "https://2blog.ilc.edu.tw/17160/2019/page/5/" "Mozilla/5.0 (Windows NT 10.0; Win64; x64) AppleWebKit/537.36 (KHTML, like Gecko) Chrome/144.0.0.0 Safari/537.36"
74.7.242.54 - - [26/Aug/2026:23:18:45 +0800] "GET /32745/wp-content/uploads/sites/1271/2024/09/1-165.jpeg HTTP/1.1" 200 13704 "https://2blog.ilc.edu.tw/32745/category/%e5%8d%81%e4%b8%89%e5%8a%83/page/3/" "Mozilla/5.0 AppleWebKit/537.36 (KHTML, like Gecko; compatible; GPTBot/1.4; +https://openai.com/gptbot)"
2409:8c7a:da12:b::f7 - - [26/Aug/2026:23:18:46 +0800] "GET /17160/wp-includes/css/dist/block-library/style.min.css HTTP/1.1" 200 20574 "https://2blog.ilc.edu.tw/17160/2019/page/5/" "Mozilla/5.0 (Windows NT 10.0; Win64; x64) AppleWebKit/537.36 (KHTML, like Gecko) Chrome/144.0.0.0 Safari/537.36"
2409:8c7a:da12:b::f7 - - [26/Aug/2026:23:18:46 +0800] "GET /17160/wp-content/plugins/google-drive-embedder/css/gdm-blocks.css HTTP/1.1" 200 1499 "https://2blog.ilc.edu.tw/17160/2019/page/5/" "Mozilla/5.0 (Windows NT 10.0; Win64; x64) AppleWebKit/537.36 (KHTML, like Gecko) Chrome/144.0.0.0 Safari/537.36"
74.7.242.54 - - [26/Aug/2026:23:18:46 +0800] "GET /32745/wp-content/uploads/sites/1271/2024/09/1-105.jpeg HTTP/1.1" 200 18437 "https://2blog.ilc.edu.tw/32745/2024/09/13/%e5%80%96/" "Mozilla/5.0 AppleWebKit/537.36 (KHTML, like Gecko; compatible; GPTBot/1.4; +https://openai.com/gptbot)"
34.122.173.216 - - [26/Aug/2026:23:18:46 +0800] "HEAD / HTTP/1.1" 301 918 "-" "Mozilla/5.0 AppleWebKit/537.36 (KHTML, like Gecko); compatible; ShapBot/0.1.0"
23.21.175.228 - - [26/Aug/2026:23:18:46 +0800] "GET /6423/wp-json/oembed/1.0/embed?format=xml&url=https://2blog.ilc.edu.tw/6423/2017/10/19/106_1-4-3-%25e7%2592%25b0%25e6%2595%2599%25e4%25ba%25ba%25e5%2593%25a1%25e6%258f%2590%25e5%2588%2597%25e8%25a8%2588%25e7%2595%25ab%25e7%2594%25b3%25e8%25ab%258b%25e8%25b3%2587%25e6%25ba%2590%25e5%259b%259e%25e6%2594%25b6%25e5%25b7%25a5%25e4%25bd%259c%25e7%25b6%2593%25e8%25b2%25bb%25e6%258e%25a8%25e5%258b%2595%25e8%25b3%2587/ HTTP/1.1" 200 7398 "-" "Mozilla/5.0 AppleWebKit/537.36 (KHTML, like Gecko; compatible; Amazonbot/0.1; +https://developer.amazon.com/support/amazonbot) Chrome/119.0.6045.214 Safari/537.36"
2409:8c7a:da12:b::f7 - - [26/Aug/2026:23:18:46 +0800] "GET /17160/wp-content/themes/oceanwp/assets/css/style.min.css HTTP/1.1" 200 28200 "https://2blog.ilc.edu.tw/17160/2019/page/5/" "Mozilla/5.0 (Windows NT 10.0; Win64; x64) AppleWebKit/537.36 (KHTML, like Gecko) Chrome/144.0.0.0 Safari/537.36"
34.122.173.216 - - [26/Aug/2026:23:18:46 +0800] "GET / HTTP/1.1" 301 937 "-" "Mozilla/5.0 AppleWebKit/537.36 (KHTML, like Gecko); compatible; ShapBot/0.1.0"
36.229.241.48 - - [26/Aug/2026:23:18:46 +0800] "GET /wp-content/uploads/sites/1678/2024/11/%E8%97%A5%E7%89%A9%E6%BF%AB%E7%94%A8%E5%AE%A3%E5%B0%8E-600x600.png HTTP/1.1" 200 550523 "https://www.nses.ilc.edu.tw/" "Mozilla/5.0 (iPhone; CPU iPhone OS 17_3_1 like Mac OS X) AppleWebKit/605.1.15 (KHTML, like Gecko) Version/17.3.1 Mobile/15E148 Safari/604.1"
74.7.242.54 - - [26/Aug/2026:23:18:46 +0800] "GET /32745/wp-content/uploads/sites/1271/2025/01/1-338.jpeg HTTP/1.1" 200 19198 "https://2blog.ilc.edu.tw/32745/wp-json/oembed/1.0/embed?format=xml&url=https%3A%2F%2F2blog.ilc.edu.tw%2F32745%2F2025%2F01%2F31%2F%25e6%2580%259d%25e5%25bf%25b5%25e7%259a%2584%25e9%259b%25a8%25e6%25b0%25b4%2F" "Mozilla/5.0 AppleWebKit/537.36 (KHTML, like Gecko; compatible; GPTBot/1.4; +https://openai.com/gptbot)"
2409:8c7a:da12:b::f7 - - [26/Aug/2026:23:18:47 +0800] "GET /17160/wp-content/themes/oceanwp-child-theme-master2/style.css HTTP/1.1" 200 1376 "https://2blog.ilc.edu.tw/17160/2019/page/5/" "Mozilla/5.0 (Windows NT 10.0; Win64; x64) AppleWebKit/537.36 (KHTML, like Gecko) Chrome/144.0.0.0 Safari/537.36"
2409:8c7a:da12:b::f7 - - [26/Aug/2026:23:18:47 +0800] "GET /17160/wp-content/themes/oceanwp/assets/fonts/fontawesome/css/all.min.css HTTP/1.1" 200 23385 "https://2blog.ilc.edu.tw/17160/2019/page/5/" "Mozilla/5.0 (Windows NT 10.0; Win64; x64) AppleWebKit/537.36 (KHTML, like Gecko) Chrome/144.0.0.0 Safari/537.36"
34.171.68.95 - - [26/Aug/2026:23:18:47 +0800] "GET /6525/wp-json/wp/v2/posts/1003 HTTP/1.1" 200 10233 "-" "Mozilla/5.0 (Macintosh; Intel Mac OS X 10_15_7) AppleWebKit/537.36 (KHTML, like Gecko) Chrome/120.0.0.0 Safari/537.36"
74.7.242.54 - - [26/Aug/2026:23:18:47 +0800] "GET /32745/wp-content/uploads/sites/1271/2026/01/1-568.jpeg HTTP/1.1" 200 21922 "https://2blog.ilc.edu.tw/32745/wp-json/oembed/1.0/embed?format=xml&url=https%3A%2F%2F2blog.ilc.edu.tw%2F32745%2F2026%2F01%2F31%2F%25e5%25bf%2583%25e7%25a2%258e%25e7%259b%25b8%25e6%2580%259d%25e6%25b7%259a%2F" "Mozilla/5.0 AppleWebKit/537.36 (KHTML, like Gecko; compatible; GPTBot/1.4; +https://openai.com/gptbot)"
2409:8c7a:da12:b::f7 - - [26/Aug/2026:23:18:47 +0800] "GET /17160/wp-content/themes/oceanwp/assets/css/third/simple-line-icons.min.css HTTP/1.1" 200 3321 "https://2blog.ilc.edu.tw/17160/2019/page/5/" "Mozilla/5.0 (Windows NT 10.0; Win64; x64) AppleWebKit/537.36 (KHTML, like Gecko) Chrome/144.0.0.0 Safari/537.36"
34.44.142.114 - - [26/Aug/2026:23:18:47 +0800] "HEAD / HTTP/1.1" 301 918 "-" "Mozilla/5.0 AppleWebKit/537.36 (KHTML, like Gecko); compatible; ShapBot/0.1.0"
34.44.142.114 - - [26/Aug/2026:23:18:47 +0800] "GET / HTTP/1.1" 301 937 "-" "Mozilla/5.0 AppleWebKit/537.36 (KHTML, like Gecko); compatible; ShapBot/0.1.0"
74.7.242.54 - - [26/Aug/2026:23:18:47 +0800] "GET /32745/wp-content/uploads/sites/1271/2024/09/1-181.jpeg HTTP/1.1" 200 22530 "https://2blog.ilc.edu.tw/32745/2024/09/14/%e6%bc%b3/" "Mozilla/5.0 AppleWebKit/537.36 (KHTML, like Gecko; compatible; GPTBot/1.4; +https://openai.com/gptbot)"
2001:288:a201::66:125 - - [26/Aug/2026:23:18:48 +0800] "GET /blog/active.php HTTP/1.1" 301 1026 "-" "-"
2001:288:a201::66:125 - - [26/Aug/2026:23:18:48 +0800] "GET /blog/active.php HTTP/1.1" 404 1084 "-" "-"
74.7.242.54 - - [26/Aug/2026:23:18:48 +0800] "GET /32745/wp-content/uploads/sites/1271/2024/08/1-179.jpeg HTTP/1.1" 200 12965 "https://2blog.ilc.edu.tw/32745/2024/08/09/page/2/" "Mozilla/5.0 AppleWebKit/537.36 (KHTML, like Gecko; compatible; GPTBot/1.4; +https://openai.com/gptbot)"
2409:8c7a:da12:b::f7 - - [26/Aug/2026:23:18:48 +0800] "GET /17160/wp-includes/js/jquery/jquery.min.js HTTP/1.1" 200 31359 "https://2blog.ilc.edu.tw/17160/2019/page/5/" "Mozilla/5.0 (Windows NT 10.0; Win64; x64) AppleWebKit/537.36 (KHTML, like Gecko) Chrome/144.0.0.0 Safari/537.36"
