17.241.75.38 - - [26/Aug/2026:23:10:57 +0800] "GET /6554/wp-content/cache/2blog.ilc.edu.tw/wpfc-minified/6j80ttip/5wucp.css HTTP/1.1" 200 53636 "https://2blog.ilc.edu.tw/6554/2013/06/17/" "Mozilla/5.0 (Macintosh; Intel Mac OS X 10_15_7) AppleWebKit/605.1.15 (KHTML, like Gecko) Version/17.4 Safari/605.1.15 (Applebot/0.1; +http://www.apple.com/go/applebot)"
::1 - - [26/Aug/2026:23:10:57 +0800] "OPTIONS * HTTP/1.0" 200 110 "-" "Apache/2.4.68 (Ubuntu) OpenSSL/3.0.19 (internal dummy connection)"
74.7.242.54 - - [26/Aug/2026:23:10:57 +0800] "GET /32745/wp-content/uploads/sites/1271/2021/01/%E4%B8%8B%E8%BC%89-17-1.jpg HTTP/1.1" 200 10335 "https://2blog.ilc.edu.tw/32745/2021/01/03/page/2/" "Mozilla/5.0 AppleWebKit/537.36 (KHTML, like Gecko; compatible; GPTBot/1.4; +https://openai.com/gptbot)"
2001:288:a201::66:125 - - [26/Aug/2026:23:10:58 +0800] "GET /blog/active.php HTTP/1.1" 301 1026 "-" "-"
2001:288:a201::66:125 - - [26/Aug/2026:23:10:58 +0800] "GET /blog/active.php HTTP/1.1" 404 1084 "-" "-"
74.7.242.54 - - [26/Aug/2026:23:10:58 +0800] "GET /32745/wp-content/uploads/sites/1271/2020/06/%E4%B8%8B%E8%BC%89-23-1.jpg HTTP/1.1" 200 9702 "https://2blog.ilc.edu.tw/32745/2020/06/21/%e6%ad%b9%e5%9b%9d%e7%9a%84%e5%bf%83%e8%81%b2/" "Mozilla/5.0 AppleWebKit/537.36 (KHTML, like Gecko; compatible; GPTBot/1.4; +https://openai.com/gptbot)"
::1 - - [26/Aug/2026:23:10:58 +0800] "OPTIONS * HTTP/1.0" 200 110 "-" "Apache/2.4.68 (Ubuntu) OpenSSL/3.0.19 (internal dummy connection)"
74.7.242.54 - - [26/Aug/2026:23:10:58 +0800] "GET /32745/wp-content/uploads/sites/1271/2020/07/%E4%B8%8B%E8%BC%89-2-10.jpg HTTP/1.1" 200 10116 "https://2blog.ilc.edu.tw/32745/2020/07/31/" "Mozilla/5.0 AppleWebKit/537.36 (KHTML, like Gecko; compatible; GPTBot/1.4; +https://openai.com/gptbot)"
17.241.75.38 - - [26/Aug/2026:23:10:58 +0800] "GET /6554/wp-content/themes/oceanwp/assets/js/theme.min.js HTTP/1.1" 200 5130 "https://2blog.ilc.edu.tw/6554/2013/06/17/" "Mozilla/5.0 (Macintosh; Intel Mac OS X 10_15_7) AppleWebKit/605.1.15 (KHTML, like Gecko) Version/17.4 Safari/605.1.15 (Applebot/0.1; +http://www.apple.com/go/applebot)"
2407:4b00:4c06:684:104d:47a8:2414:63bd - - [26/Aug/2026:23:10:58 +0800] "GET /wp-content/uploads/sites/411/2019/11/d08.jpg HTTP/1.1" 200 46264 "https://www.ltjh.ilc.edu.tw/?page_id=272" "Mozilla/5.0 (Linux; Android 10; K) AppleWebKit/537.36 (KHTML, like Gecko) Chrome/151.0.0.0 Mobile Safari/537.36"
2407:4b00:4c06:684:104d:47a8:2414:63bd - - [26/Aug/2026:23:10:58 +0800] "GET /wp-content/uploads/sites/411/2019/11/d09.jpg HTTP/1.1" 200 50560 "https://www.ltjh.ilc.edu.tw/?page_id=272" "Mozilla/5.0 (Linux; Android 10; K) AppleWebKit/537.36 (KHTML, like Gecko) Chrome/151.0.0.0 Mobile Safari/537.36"
74.7.242.54 - - [26/Aug/2026:23:10:59 +0800] "GET /32745/wp-content/uploads/sites/1271/2020/06/%E4%B8%8B%E8%BC%89-10-2.jpg HTTP/1.1" 200 6214 "https://2blog.ilc.edu.tw/32745/2020/06/16/page/2/" "Mozilla/5.0 AppleWebKit/537.36 (KHTML, like Gecko; compatible; GPTBot/1.4; +https://openai.com/gptbot)"
2a10:7b01:9648:3fa7:7250:de0f:9b12:5983 - - [26/Aug/2026:23:10:59 +0800] "GET /2341/2019/12/27/%E5%83%8F%E7%B4%A0%E5%9C%96%E8%A3%BD%E4%BD%9C/ HTTP/1.1" 200 15846 "-" "Mozilla/5.0 (Macintosh; Intel Mac OS X 10.15; rv:144.0) Gecko/20100101 Firefox/144.0"
::1 - - [26/Aug/2026:23:10:59 +0800] "OPTIONS * HTTP/1.0" 200 110 "-" "Apache/2.4.68 (Ubuntu) OpenSSL/3.0.19 (internal dummy connection)"
34.56.53.225 - - [26/Aug/2026:23:10:59 +0800] "GET /1003/?p=26914 HTTP/1.1" 301 5721 "-" "Mozilla/5.0 (Macintosh; Intel Mac OS X 10_15_7) AppleWebKit/537.36 (KHTML, like Gecko) Chrome/120.0.0.0 Safari/537.36"
100.24.167.60 - - [26/Aug/2026:23:10:59 +0800] "GET /wp-content/uploads/sites/1175/2021/01/ HTTP/1.1" 200 1113 "-" "Mozilla/5.0 AppleWebKit/537.36 (KHTML, like Gecko; compatible; Amazonbot/0.1; +https://developer.amazon.com/support/amazonbot) Chrome/119.0.6045.214 Safari/537.36"
74.7.242.54 - - [26/Aug/2026:23:10:59 +0800] "GET /32745/wp-content/uploads/sites/1271/2020/07/%E4%B8%8B%E8%BC%89-11-2.jpg HTTP/1.1" 200 7632 "https://2blog.ilc.edu.tw/32745/2020/07/19/page/3/" "Mozilla/5.0 AppleWebKit/537.36 (KHTML, like Gecko; compatible; GPTBot/1.4; +https://openai.com/gptbot)"
2407:4b00:4c06:684:104d:47a8:2414:63bd - - [26/Aug/2026:23:10:59 +0800] "GET /wp-content/uploads/sites/411/2019/11/d10.jpg HTTP/1.1" 200 65009 "https://www.ltjh.ilc.edu.tw/?page_id=272" "Mozilla/5.0 (Linux; Android 10; K) AppleWebKit/537.36 (KHTML, like Gecko) Chrome/151.0.0.0 Mobile Safari/537.36"
2407:4b00:4c06:684:104d:47a8:2414:63bd - - [26/Aug/2026:23:10:59 +0800] "GET /wp-content/uploads/sites/411/2019/11/d11.jpg HTTP/1.1" 200 85903 "https://www.ltjh.ilc.edu.tw/?page_id=272" "Mozilla/5.0 (Linux; Android 10; K) AppleWebKit/537.36 (KHTML, like Gecko) Chrome/151.0.0.0 Mobile Safari/537.36"
66.249.79.164 - - [26/Aug/2026:23:10:59 +0800] "GET /wp-content/uploads/sites/2823/6093/previews-med/6093-1552519.jpg HTTP/1.1" 304 5569 "-" "Googlebot-Image/1.0"
17.241.75.38 - - [26/Aug/2026:23:11:00 +0800] "GET /6554/wp-content/themes/oceanwp/assets/js/drop-down-mobile-menu.min.js HTTP/1.1" 200 4663 "https://2blog.ilc.edu.tw/6554/2013/06/17/" "Mozilla/5.0 (Macintosh; Intel Mac OS X 10_15_7) AppleWebKit/605.1.15 (KHTML, like Gecko) Version/17.4 Safari/605.1.15 (Applebot/0.1; +http://www.apple.com/go/applebot)"
122.100.115.233 - - [26/Aug/2026:23:11:00 +0800] "-" 408 4801 "-" "-"
122.100.115.233 - - [26/Aug/2026:23:11:00 +0800] "-" 408 4801 "-" "-"
74.7.242.54 - - [26/Aug/2026:23:11:00 +0800] "GET /32745/wp-content/uploads/sites/1271/2021/01/%E4%B8%8B%E8%BC%89-10-2.jpg HTTP/1.1" 200 6842 "https://2blog.ilc.edu.tw/32745/2021/01/02/page/4/" "Mozilla/5.0 AppleWebKit/537.36 (KHTML, like Gecko; compatible; GPTBot/1.4; +https://openai.com/gptbot)"
140.111.67.10 - - [26/Aug/2026:23:11:00 +0800] "GET /" 301 273 "-" "-"
2407:4b00:4c06:684:104d:47a8:2414:63bd - - [26/Aug/2026:23:11:00 +0800] "GET /wp-content/uploads/sites/411/2019/11/d13.jpg HTTP/1.1" 200 45223 "https://www.ltjh.ilc.edu.tw/?page_id=272" "Mozilla/5.0 (Linux; Android 10; K) AppleWebKit/537.36 (KHTML, like Gecko) Chrome/151.0.0.0 Mobile Safari/537.36"
44.216.172.204 - - [26/Aug/2026:23:11:00 +0800] "GET /amy6998/wp-content/uploads/sites/2364/2022/11/97E8E62E-8588-4F38-A430-4832125DC44B-1536x1152.jpg HTTP/1.1" 200 302773 "-" "Mozilla/5.0 AppleWebKit/537.36 (KHTML, like Gecko; compatible; Amazonbot/0.1; +https://developer.amazon.com/support/amazonbot) Chrome/119.0.6045.214 Safari/537.36"
::1 - - [26/Aug/2026:23:11:00 +0800] "OPTIONS * HTTP/1.0" 200 110 "-" "Apache/2.4.68 (Ubuntu) OpenSSL/3.0.19 (internal dummy connection)"
2a11:c45:b4d5:8b22:3ce7:3c54:e1b5:3a34 - - [26/Aug/2026:23:11:00 +0800] "GET /1003/2020/10/11/%E5%9C%96%E6%9B%B8%E9%A4%A8%E8%B3%87%E8%A8%8A%E5%88%A9%E7%94%A8%E6%95%99%E8%82%B2%E4%BA%8C%E5%B9%B4%E7%B4%9A%E9%87%8D%E8%BF%B0%E6%95%85%E4%BA%8B%E9%87%8D%E9%BB%9E%E5%B0%8F%E6%9B%B8%E4%B8%8B/ HTTP/1.1" 200 21912 "-" "Mozilla/5.0 (Windows NT 10.0; Win64; x64) AppleWebKit/537.36 (KHTML, like Gecko) Chrome/104.0.0.0 Safari/537.36"
74.7.242.54 - - [26/Aug/2026:23:11:00 +0800] "GET /32745/wp-content/uploads/sites/1271/2021/05/%E4%B8%8B%E8%BC%89-12-1.jpg HTTP/1.1" 200 7267 "https://2blog.ilc.edu.tw/32745/2021/05/29/" "Mozilla/5.0 AppleWebKit/537.36 (KHTML, like Gecko; compatible; GPTBot/1.4; +https://openai.com/gptbot)"
74.7.242.54 - - [26/Aug/2026:23:11:01 +0800] "GET /32745/wp-content/uploads/sites/1271/2020/05/%E4%B8%8B%E8%BC%89-1-22.jpg HTTP/1.1" 200 6112 "https://2blog.ilc.edu.tw/32745/2020/05/26/page/7/" "Mozilla/5.0 AppleWebKit/537.36 (KHTML, like Gecko; compatible; GPTBot/1.4; +https://openai.com/gptbot)"
::1 - - [26/Aug/2026:23:11:01 +0800] "OPTIONS * HTTP/1.0" 200 110 "-" "Apache/2.4.68 (Ubuntu) OpenSSL/3.0.19 (internal dummy connection)"
2407:4b00:4c06:684:104d:47a8:2414:63bd - - [26/Aug/2026:23:11:01 +0800] "GET /wp-content/uploads/sites/411/2019/11/d12.jpg HTTP/1.1" 200 92048 "https://www.ltjh.ilc.edu.tw/?page_id=272" "Mozilla/5.0 (Linux; Android 10; K) AppleWebKit/537.36 (KHTML, like Gecko) Chrome/151.0.0.0 Mobile Safari/537.36"
74.7.242.54 - - [26/Aug/2026:23:11:01 +0800] "GET /32745/wp-content/uploads/sites/1271/2020/06/%E4%B8%8B%E8%BC%89-3-11.jpg HTTP/1.1" 200 9150 "https://2blog.ilc.edu.tw/32745/wp-json/oembed/1.0/embed?format=xml&url=https%3A%2F%2F2blog.ilc.edu.tw%2F32745%2F2020%2F06%2F21%2F%25e6%2584%259b%25e6%2583%2585%25e6%2598%25af%25e5%2595%25a5%25e7%2589%25a9%2F" "Mozilla/5.0 AppleWebKit/537.36 (KHTML, like Gecko; compatible; GPTBot/1.4; +https://openai.com/gptbot)"
154.217.195.69 - - [26/Aug/2026:23:11:02 +0800] "GET /sun520/wp-content/uploads/sites/3900/2024/11/IMG_0457-300x200.jpg HTTP/1.1" 200 19916 "-" "Mozilla/5.0 (compatible; crawler)"
34.171.68.95 - - [26/Aug/2026:23:11:01 +0800] "GET /32745/wp-json/wp/v2/posts/22807 HTTP/1.1" 200 18964 "-" "Mozilla/5.0 (Macintosh; Intel Mac OS X 10_15_7) AppleWebKit/537.36 (KHTML, like Gecko) Chrome/120.0.0.0 Safari/537.36"
17.241.75.38 - - [26/Aug/2026:23:11:02 +0800] "GET /6554/wp-content/themes/oceanwp/assets/js/ow-slider.min.js HTTP/1.1" 200 1761 "https://2blog.ilc.edu.tw/6554/2013/06/17/" "Mozilla/5.0 (Macintosh; Intel Mac OS X 10_15_7) AppleWebKit/605.1.15 (KHTML, like Gecko) Version/17.4 Safari/605.1.15 (Applebot/0.1; +http://www.apple.com/go/applebot)"
74.7.242.54 - - [26/Aug/2026:23:11:02 +0800] "GET /32745/wp-content/uploads/sites/1271/2020/08/%E4%B8%8B%E8%BC%89-22-2.jpg HTTP/1.1" 200 11219 "https://2blog.ilc.edu.tw/32745/2020/08/29/page/4/" "Mozilla/5.0 AppleWebKit/537.36 (KHTML, like Gecko; compatible; GPTBot/1.4; +https://openai.com/gptbot)"
::1 - - [26/Aug/2026:23:11:02 +0800] "OPTIONS * HTTP/1.0" 200 110 "-" "Apache/2.4.68 (Ubuntu) OpenSSL/3.0.19 (internal dummy connection)"
74.7.242.54 - - [26/Aug/2026:23:11:02 +0800] "GET /32745/wp-content/uploads/sites/1271/2021/01/%E4%B8%8B%E8%BC%89-18-1.jpg HTTP/1.1" 200 4724 "https://2blog.ilc.edu.tw/32745/2021/01/03/page/2/" "Mozilla/5.0 AppleWebKit/537.36 (KHTML, like Gecko; compatible; GPTBot/1.4; +https://openai.com/gptbot)"
2001:288:a201::66:125 - - [26/Aug/2026:23:11:03 +0800] "GET /blog/active.php HTTP/1.1" 301 1026 "-" "-"
35.170.205.140 - - [26/Aug/2026:23:11:02 +0800] "GET /32745/wp-json/wp/v2/posts/107594 HTTP/1.1" 200 23528 "-" "Mozilla/5.0 AppleWebKit/537.36 (KHTML, like Gecko; compatible; Amazonbot/0.1; +https://developer.amazon.com/support/amazonbot) Chrome/119.0.6045.214 Safari/537.36"
2001:288:a201::66:125 - - [26/Aug/2026:23:11:03 +0800] "GET /blog/active.php HTTP/1.1" 404 1084 "-" "-"
23.23.214.190 - - [26/Aug/2026:23:11:03 +0800] "GET /wp-content/uploads/sites/904/2023/03/?C=M;O%3DA HTTP/1.1" 200 1111 "-" "Mozilla/5.0 AppleWebKit/537.36 (KHTML, like Gecko; compatible; Amazonbot/0.1; +https://developer.amazon.com/support/amazonbot) Chrome/119.0.6045.214 Safari/537.36"
74.7.242.54 - - [26/Aug/2026:23:11:03 +0800] "GET /32745/wp-content/uploads/sites/1271/2020/05/%E4%B8%8B%E8%BC%89-3-12.jpg HTTP/1.1" 200 5007 "https://2blog.ilc.edu.tw/32745/2020/05/06/%e7%8e%89%e8%98%ad%e8%8a%b1/" "Mozilla/5.0 AppleWebKit/537.36 (KHTML, like Gecko; compatible; GPTBot/1.4; +https://openai.com/gptbot)"
::1 - - [26/Aug/2026:23:11:03 +0800] "OPTIONS * HTTP/1.0" 200 110 "-" "Apache/2.4.68 (Ubuntu) OpenSSL/3.0.19 (internal dummy connection)"
17.241.75.38 - - [26/Aug/2026:23:11:03 +0800] "GET /6554/wp-content/themes/oceanwp/assets/js/scroll-top.min.js HTTP/1.1" 200 3202 "https://2blog.ilc.edu.tw/6554/2013/06/17/" "Mozilla/5.0 (Macintosh; Intel Mac OS X 10_15_7) AppleWebKit/605.1.15 (KHTML, like Gecko) Version/17.4 Safari/605.1.15 (Applebot/0.1; +http://www.apple.com/go/applebot)"
74.7.242.54 - - [26/Aug/2026:23:11:03 +0800] "GET /32745/wp-content/uploads/sites/1271/2020/06/%E4%B8%8B%E8%BC%89-15-1.jpg HTTP/1.1" 200 8461 "https://2blog.ilc.edu.tw/32745/2020/06/02/" "Mozilla/5.0 AppleWebKit/537.36 (KHTML, like Gecko; compatible; GPTBot/1.4; +https://openai.com/gptbot)"
2a01:f2c5:8ce9:593:3143:4897:38f8:fa9a - - [26/Aug/2026:23:11:04 +0800] "GET /868/43874/ HTTP/1.1" 200 19008 "-" "Mozilla/5.0 (Macintosh; Intel Mac OS X 10_15_7) AppleWebKit/537.36 (KHTML, like Gecko) Chrome/123.0.0.0 Safari/537.36"
52.167.144.18 - - [26/Aug/2026:23:11:04 +0800] "GET /1003/?s=doe HTTP/1.1" 200 13727 "-" "Mozilla/5.0 AppleWebKit/537.36 (KHTML, like Gecko; compatible; bingbot/2.0; +http://www.bing.com/bingbot.htm) Chrome/116.0.1938.76 Safari/537.36"
74.7.242.54 - - [26/Aug/2026:23:11:04 +0800] "GET /32745/wp-content/uploads/sites/1271/2021/01/%E4%B8%8B%E8%BC%89-16-2.jpg HTTP/1.1" 200 6142 "https://2blog.ilc.edu.tw/32745/2021/01/10/page/3/" "Mozilla/5.0 AppleWebKit/537.36 (KHTML, like Gecko; compatible; GPTBot/1.4; +https://openai.com/gptbot)"
::1 - - [26/Aug/2026:23:11:04 +0800] "OPTIONS * HTTP/1.0" 200 110 "-" "Apache/2.4.68 (Ubuntu) OpenSSL/3.0.19 (internal dummy connection)"
74.7.242.54 - - [26/Aug/2026:23:11:05 +0800] "GET /32745/wp-content/uploads/sites/1271/2020/08/%E4%B8%8B%E8%BC%89-2-14.jpg HTTP/1.1" 200 6124 "https://2blog.ilc.edu.tw/32745/2020/08/29/" "Mozilla/5.0 AppleWebKit/537.36 (KHTML, like Gecko; compatible; GPTBot/1.4; +https://openai.com/gptbot)"
17.241.75.38 - - [26/Aug/2026:23:11:05 +0800] "GET /6554/wp-content/themes/oceanwp/assets/js/select.min.js HTTP/1.1" 200 2408 "https://2blog.ilc.edu.tw/6554/2013/06/17/" "Mozilla/5.0 (Macintosh; Intel Mac OS X 10_15_7) AppleWebKit/605.1.15 (KHTML, like Gecko) Version/17.4 Safari/605.1.15 (Applebot/0.1; +http://www.apple.com/go/applebot)"
140.111.67.10 - - [26/Aug/2026:23:11:05 +0800] "GET /" 301 273 "-" "-"
34.10.180.98 - - [26/Aug/2026:23:11:02 +0800] "GET /?p=572 HTTP/1.1" 301 5907 "-" "Mozilla/5.0 (Macintosh; Intel Mac OS X 10_15_7) AppleWebKit/537.36 (KHTML, like Gecko) Chrome/120.0.0.0 Safari/537.36"
::1 - - [26/Aug/2026:23:11:05 +0800] "OPTIONS * HTTP/1.0" 200 110 "-" "Apache/2.4.68 (Ubuntu) OpenSSL/3.0.19 (internal dummy connection)"
74.7.242.54 - - [26/Aug/2026:23:11:05 +0800] "GET /32745/wp-content/uploads/sites/1271/2020/05/%E4%B8%8B%E8%BC%89-10-4.jpg HTTP/1.1" 200 10781 "https://2blog.ilc.edu.tw/32745/2020/05/05/%e7%b4%85%e9%a1%8f/" "Mozilla/5.0 AppleWebKit/537.36 (KHTML, like Gecko; compatible; GPTBot/1.4; +https://openai.com/gptbot)"
74.7.242.54 - - [26/Aug/2026:23:11:06 +0800] "GET /32745/wp-content/uploads/sites/1271/2020/06/%E4%B8%8B%E8%BC%89-11-4.jpg HTTP/1.1" 200 5235 "https://2blog.ilc.edu.tw/32745/2020/06/27/" "Mozilla/5.0 AppleWebKit/537.36 (KHTML, like Gecko; compatible; GPTBot/1.4; +https://openai.com/gptbot)"
140.111.67.195 - - [26/Aug/2026:23:11:06 +0800] "GET /wp-admin/admin-post.php?action=steps_ad HTTP/1.1" 200 1973 "-" "node-fetch/1.0 (+https://github.com/bitinn/node-fetch)"
111.241.248.251 - - [26/Aug/2026:23:11:06 +0800] "GET /wp-content/uploads/sites/3846/2026/08/%E8%BE%B2%E6%A5%AD%E9%83%A8%E5%BB%A3%E5%91%8A.jpg HTTP/1.1" 304 5581 "https://it.ilc.edu.tw/" "Mozilla/5.0 (Macintosh; Intel Mac OS X 10_15_7) AppleWebKit/605.1.15 (KHTML, like Gecko) Version/26.2 Safari/605.1.15"
140.111.67.195 - - [26/Aug/2026:23:11:06 +0800] "GET /wp-admin/admin-post.php?action=steps_ad HTTP/1.1" 200 1973 "-" "node-fetch/1.0 (+https://github.com/bitinn/node-fetch)"
::1 - - [26/Aug/2026:23:11:06 +0800] "OPTIONS * HTTP/1.0" 200 110 "-" "Apache/2.4.68 (Ubuntu) OpenSSL/3.0.19 (internal dummy connection)"
74.7.242.54 - - [26/Aug/2026:23:11:06 +0800] "GET /32745/wp-content/uploads/sites/1271/2021/01/%E4%B8%8B%E8%BC%89-10-1.jpg HTTP/1.1" 200 7996 "https://2blog.ilc.edu.tw/32745/2021/10/31/%e7%94%b7%e5%ad%90%e4%b8%ad%e7%9a%84%e7%94%b7%e5%ad%90%e6%bc%a2/" "Mozilla/5.0 AppleWebKit/537.36 (KHTML, like Gecko; compatible; GPTBot/1.4; +https://openai.com/gptbot)"
74.7.242.54 - - [26/Aug/2026:23:11:07 +0800] "GET /32745/wp-content/uploads/sites/1271/2021/05/%E4%B8%8B%E8%BC%89-11-1.jpg HTTP/1.1" 200 11607 "https://2blog.ilc.edu.tw/32745/2021/05/29/" "Mozilla/5.0 AppleWebKit/537.36 (KHTML, like Gecko; compatible; GPTBot/1.4; +https://openai.com/gptbot)"
74.7.242.54 - - [26/Aug/2026:23:11:07 +0800] "GET /32745/wp-content/uploads/sites/1271/2020/05/%E4%B8%8B%E8%BC%89-15-1.jpg HTTP/1.1" 200 12601 "https://2blog.ilc.edu.tw/32745/2020/05/06/" "Mozilla/5.0 AppleWebKit/537.36 (KHTML, like Gecko; compatible; GPTBot/1.4; +https://openai.com/gptbot)"
17.166.25.109 - - [26/Aug/2026:23:11:07 +0800] "GET /grtkotootkc.com/dsadsaads/fer/test.com/armormax.com/ajyal-hr.com/?paged=4 HTTP/1.1" 200 28310 "-" "Mozilla/5.0 (Macintosh; Intel Mac OS X 10_15_7) AppleWebKit/605.1.15 (KHTML, like Gecko) Version/17.4 Safari/605.1.15 (Applebot/0.1; +http://www.apple.com/go/applebot)"
2001:288:a201::66:125 - - [26/Aug/2026:23:11:08 +0800] "GET /blog/active.php HTTP/1.1" 301 1026 "-" "-"
74.7.242.54 - - [26/Aug/2026:23:11:08 +0800] "GET /32745/wp-content/uploads/sites/1271/2020/06/%E4%B8%8B%E8%BC%89-15-2.jpg HTTP/1.1" 200 5829 "https://2blog.ilc.edu.tw/32745/2020/06/21/%e6%80%a7%e5%91%bd%e7%9a%84%e6%98%a5%e5%a4%a9/" "Mozilla/5.0 AppleWebKit/537.36 (KHTML, like Gecko; compatible; GPTBot/1.4; +https://openai.com/gptbot)"
2001:288:a201::66:125 - - [26/Aug/2026:23:11:08 +0800] "GET /blog/active.php HTTP/1.1" 404 1084 "-" "-"
140.111.67.195 - - [26/Aug/2026:23:11:08 +0800] "GET /wp-admin/admin-post.php?action=steps_ad HTTP/1.1" 200 1649 "-" "node-fetch/1.0 (+https://github.com/bitinn/node-fetch)"
111.241.248.251 - - [26/Aug/2026:23:11:08 +0800] "GET /wp-content/uploads/sites/3846/2026/08/%E8%BE%B2%E6%A5%AD%E9%83%A8%E5%BB%A3%E5%91%8A.jpg HTTP/1.1" 304 790 "https://it.ilc.edu.tw/" "Mozilla/5.0 (Macintosh; Intel Mac OS X 10_15_7) AppleWebKit/605.1.15 (KHTML, like Gecko) Version/26.2 Safari/605.1.15"
2404:7c00:65:b1ae:1510:fe6e:dc60:d594 - - [26/Aug/2026:23:11:08 +0800] "GET /1003/2008/09/20/%E9%89%9B%E7%AD%86vs%E8%87%AA%E5%8B%95%E9%89%9B%E7%AD%86%E5%8E%9F%E5%A7%8B%E8%88%87%E7%8F%BE%E4%BB%A3%E4%B9%8B%E7%88%AD/ HTTP/1.1" 200 18011 "-" "Mozilla/5.0 (Windows NT 10.0; Win64; x64) AppleWebKit/537.36 (KHTML, like Gecko) Chrome/101.0.4951.64 Safari/537.36 Edg/101.0.1210.47"
74.7.242.54 - - [26/Aug/2026:23:11:08 +0800] "GET /32745/wp-content/uploads/sites/1271/2020/08/%E4%B8%8B%E8%BC%89-21-2.jpg HTTP/1.1" 200 7593 "https://2blog.ilc.edu.tw/32745/2020/08/29/page/4/" "Mozilla/5.0 AppleWebKit/537.36 (KHTML, like Gecko; compatible; GPTBot/1.4; +https://openai.com/gptbot)"
74.7.242.54 - - [26/Aug/2026:23:11:09 +0800] "GET /32745/wp-content/uploads/sites/1271/2020/08/%E4%B8%8B%E8%BC%89-23-1.jpg HTTP/1.1" 200 9338 "https://2blog.ilc.edu.tw/32745/2020/08/29/page/3/" "Mozilla/5.0 AppleWebKit/537.36 (KHTML, like Gecko; compatible; GPTBot/1.4; +https://openai.com/gptbot)"
74.7.242.54 - - [26/Aug/2026:23:11:09 +0800] "GET /32745/wp-content/uploads/sites/1271/2020/05/%E4%B8%8B%E8%BC%89-10-3.jpg HTTP/1.1" 200 9869 "https://2blog.ilc.edu.tw/32745/2020/05/19/" "Mozilla/5.0 AppleWebKit/537.36 (KHTML, like Gecko; compatible; GPTBot/1.4; +https://openai.com/gptbot)"
2a10:4a00:44a:955e:ac72:8337:e742:8644 - - [26/Aug/2026:23:11:09 +0800] "GET /26151/2014/02/26/%E6%96%B0%E7%89%88%E5%AE%9C%E8%98%AD%E7%B8%A3%E5%9C%8B%E6%B0%91%E4%B8%AD%E5%B0%8F%E5%AD%B8%E9%9A%8E%E6%AE%B5%E8%BA%AB%E5%BF%83%E9%9A%9C%E7%A4%99%E5%AD%B8%E7%94%9F%E5%BB%B6%E9%95%B7%E4%BF%AE%E6%A5%AD/ HTTP/1.1" 200 25357 "-" "Mozilla/5.0 (Macintosh; Intel Mac OS X 10_15_7) AppleWebKit/605.1.15 (KHTML, like Gecko) Version/18.0 Safari/605.1.15"
74.7.242.54 - - [26/Aug/2026:23:11:10 +0800] "GET /32745/wp-content/uploads/sites/1271/2020/06/%E4%B8%8B%E8%BC%89-21-1.jpg HTTP/1.1" 200 5805 "https://2blog.ilc.edu.tw/32745/wp-json/oembed/1.0/embed?format=xml&url=https%3A%2F%2F2blog.ilc.edu.tw%2F32745%2F2020%2F06%2F21%2F%25e6%25ad%25b9%25e5%259b%259d%25e7%259a%2584%25e5%25bf%2583%25e8%2581%25b2%2F" "Mozilla/5.0 AppleWebKit/537.36 (KHTML, like Gecko; compatible; GPTBot/1.4; +https://openai.com/gptbot)"
66.249.79.128 - - [26/Aug/2026:23:11:08 +0800] "GET /wp-login.php?action=ilc_logout&_wpnonce=43754d0aad&redirect_to=http://cafepuerto.ru/job/51591/ HTTP/1.1" 302 8245 "-" "Mozilla/5.0 (Linux; Android 6.0.1; Nexus 5X Build/MMB29P) AppleWebKit/537.36 (KHTML, like Gecko) Chrome/151.0.7922.173 Mobile Safari/537.36 (compatible; Googlebot/2.1; +http://www.google.com/bot.html)"
34.30.223.149 - - [26/Aug/2026:23:11:10 +0800] "GET /5882/?p=6732 HTTP/1.1" 301 5629 "-" "Mozilla/5.0 (Macintosh; Intel Mac OS X 10_15_7) AppleWebKit/537.36 (KHTML, like Gecko) Chrome/120.0.0.0 Safari/537.36"
100.25.120.246 - - [26/Aug/2026:23:11:10 +0800] "GET /32745/wp-content/uploads/sites/1271/2020/06/safe_image-48-1.jpg HTTP/1.1" 200 38287 "-" "Mozilla/5.0 AppleWebKit/537.36 (KHTML, like Gecko; compatible; Amazonbot/0.1; +https://developer.amazon.com/support/amazonbot) Chrome/119.0.6045.214 Safari/537.36"
140.111.67.10 - - [26/Aug/2026:23:11:10 +0800] "GET /" 301 273 "-" "-"
2001:b400:e24d:3a87:ef2b:6e89:10c8:c59f - - [26/Aug/2026:23:11:10 +0800] "GET /wp-content/uploads/sites/1482/2024/12/Blue-and-Gold-Simple-Congratulations-Instagram-Post-1.png HTTP/1.1" 200 450423 "https://www.chjh.ilc.edu.tw/" "Mozilla/5.0 (Linux; Android 10; K) AppleWebKit/537.36 (KHTML, like Gecko) Chrome/151.0.0.0 Mobile Safari/537.36"
74.7.242.54 - - [26/Aug/2026:23:11:10 +0800] "GET /32745/wp-content/uploads/sites/1271/2020/08/%E4%B8%8B%E8%BC%89-12-2.jpg HTTP/1.1" 200 6894 "https://2blog.ilc.edu.tw/32745/2020/08/10/%e5%bd%bc%e5%8f%a5%e8%a9%b1-2/" "Mozilla/5.0 AppleWebKit/537.36 (KHTML, like Gecko; compatible; GPTBot/1.4; +https://openai.com/gptbot)"
44.207.207.36 - - [26/Aug/2026:23:11:11 +0800] "GET /wp-content/uploads/sites/2179/2024/12/?C=M;O%3DD HTTP/1.1" 200 1574 "-" "Mozilla/5.0 AppleWebKit/537.36 (KHTML, like Gecko; compatible; Amazonbot/0.1; +https://developer.amazon.com/support/amazonbot) Chrome/119.0.6045.214 Safari/537.36"
2001:b400:e24d:3a87:ef2b:6e89:10c8:c59f - - [26/Aug/2026:23:11:10 +0800] "GET /wp-content/uploads/sites/1482/2025/02/%E5%9C%8B%E4%B8%AD%E6%A9%9F%E6%A7%8B%E7%B5%90%E6%A7%8B%E7%B5%84.png HTTP/1.1" 200 417316 "https://www.chjh.ilc.edu.tw/" "Mozilla/5.0 (Linux; Android 10; K) AppleWebKit/537.36 (KHTML, like Gecko) Chrome/151.0.0.0 Mobile Safari/537.36"
74.7.242.54 - - [26/Aug/2026:23:11:11 +0800] "GET /32745/wp-content/uploads/sites/1271/2021/10/safe_image-71-500x245.jpeg HTTP/1.1" 200 33345 "https://2blog.ilc.edu.tw/32745/2022/04/04/%e5%8f%aa%e6%9c%89%e6%84%9b%e8%91%97%e4%bd%a0%e4%b8%80%e4%b8%aa/" "Mozilla/5.0 AppleWebKit/537.36 (KHTML, like Gecko; compatible; GPTBot/1.4; +https://openai.com/gptbot)"
2001:b400:e24d:3a87:ef2b:6e89:10c8:c59f - - [26/Aug/2026:23:11:10 +0800] "GET /wp-content/uploads/sites/1482/2024/12/Light-blue-playful-santas-nice-list-certificate-1024x724.png HTTP/1.1" 200 416077 "https://www.chjh.ilc.edu.tw/" "Mozilla/5.0 (Linux; Android 10; K) AppleWebKit/537.36 (KHTML, like Gecko) Chrome/151.0.0.0 Mobile Safari/537.36"
2001:b400:e24d:3a87:ef2b:6e89:10c8:c59f - - [26/Aug/2026:23:11:10 +0800] "GET /wp-content/uploads/sites/1482/2025/03/12-1024x724.png HTTP/1.1" 200 569691 "https://www.chjh.ilc.edu.tw/" "Mozilla/5.0 (Linux; Android 10; K) AppleWebKit/537.36 (KHTML, like Gecko) Chrome/151.0.0.0 Mobile Safari/537.36"
2a10:4a00:a5a8:4fad:10dc:697e:5558:6136 - - [26/Aug/2026:23:11:11 +0800] "GET /868/44087/ HTTP/1.1" 200 20352 "-" "Mozilla/5.0 (Macintosh; Intel Mac OS X 10_15_7) AppleWebKit/605.1.15 (KHTML, like Gecko) Version/18.0 Safari/605.1.15"
74.7.242.54 - - [26/Aug/2026:23:11:11 +0800] "GET /32745/wp-content/uploads/sites/1271/2022/03/%E4%B8%8B%E8%BC%89-15-2.jpg HTTP/1.1" 200 7295 "https://2blog.ilc.edu.tw/32745/2022/12/01/%e5%a8%81%e5%a3%ab%e5%bf%8c/" "Mozilla/5.0 AppleWebKit/537.36 (KHTML, like Gecko; compatible; GPTBot/1.4; +https://openai.com/gptbot)"
74.7.242.54 - - [26/Aug/2026:23:11:12 +0800] "GET /32745/wp-content/uploads/sites/1271/2020/07/%E4%B8%8B%E8%BC%89-14-1.jpg HTTP/1.1" 200 7921 "https://2blog.ilc.edu.tw/32745/2020/07/19/" "Mozilla/5.0 AppleWebKit/537.36 (KHTML, like Gecko; compatible; GPTBot/1.4; +https://openai.com/gptbot)"
74.7.242.54 - - [26/Aug/2026:23:11:12 +0800] "GET /32745/wp-content/uploads/sites/1271/2022/05/%E4%B8%8B%E8%BC%89-12-2.jpg HTTP/1.1" 200 7753 "https://2blog.ilc.edu.tw/32745/2022/05/21/page/3/" "Mozilla/5.0 AppleWebKit/537.36 (KHTML, like Gecko; compatible; GPTBot/1.4; +https://openai.com/gptbot)"
2001:288:a201::66:125 - - [26/Aug/2026:23:11:13 +0800] "GET /blog/active.php HTTP/1.1" 301 1026 "-" "-"
2001:288:a201::66:125 - - [26/Aug/2026:23:11:13 +0800] "GET /blog/active.php HTTP/1.1" 404 1084 "-" "-"
74.7.242.54 - - [26/Aug/2026:23:11:13 +0800] "GET /32745/wp-content/uploads/sites/1271/2020/05/%E4%B8%8B%E8%BC%89-1-28.jpg HTTP/1.1" 200 7888 "https://2blog.ilc.edu.tw/32745/2020/05/31/page/3/" "Mozilla/5.0 AppleWebKit/537.36 (KHTML, like Gecko; compatible; GPTBot/1.4; +https://openai.com/gptbot)"
66.249.79.138 - - [26/Aug/2026:23:11:11 +0800] "GET /wp-login.php?key=qokby382&_wpnonce=&action=ilc_logout&redirect_to=https%3A%2F%2Fwww.aayyy.com%2Fgames HTTP/1.1" 302 8241 "-" "Mozilla/5.0 (Linux; Android 6.0.1; Nexus 5X Build/MMB29P) AppleWebKit/537.36 (KHTML, like Gecko) Chrome/151.0.7922.173 Mobile Safari/537.36 (compatible; Googlebot/2.1; +http://www.google.com/bot.html)"
74.7.242.54 - - [26/Aug/2026:23:11:13 +0800] "GET /32745/wp-content/uploads/sites/1271/2020/05/%E4%B8%8B%E8%BC%89-1-16.jpg HTTP/1.1" 200 8901 "https://2blog.ilc.edu.tw/32745/2020/05/24/%e5%90%91%e8%95%99%e7%8e%b2vs%e7%8e%8b%e4%b8%ad%e5%b9%b3/" "Mozilla/5.0 AppleWebKit/537.36 (KHTML, like Gecko; compatible; GPTBot/1.4; +https://openai.com/gptbot)"
2409:8715:5880:e0::6 - - [26/Aug/2026:23:11:13 +0800] "GET /3044/wp-content/cache/2blog.ilc.edu.tw/wpfc-minified/326qc1p/83uk5.css HTTP/1.1" 200 5951 "https://2blog.ilc.edu.tw/3044/2013/" "Mozilla/5.0 (Windows NT 10.0; Win64; x64) AppleWebKit/537.36 (KHTML, like Gecko) Chrome/144.0.0.0 Safari/537.36"
74.7.242.54 - - [26/Aug/2026:23:11:14 +0800] "GET /32745/wp-content/uploads/sites/1271/2020/05/%E4%B8%8B%E8%BC%89-2-22.jpg HTTP/1.1" 200 10376 "https://2blog.ilc.edu.tw/32745/wp-json/oembed/1.0/embed?format=xml&url=https%3A%2F%2F2blog.ilc.edu.tw%2F32745%2F2020%2F05%2F31%2F%25e7%2584%25a1%25e7%25b7%25a3%25e7%259a%2584%25e6%2583%2585%25e4%25ba%25ba%2F" "Mozilla/5.0 AppleWebKit/537.36 (KHTML, like Gecko; compatible; GPTBot/1.4; +https://openai.com/gptbot)"
34.61.96.6 - - [26/Aug/2026:23:11:14 +0800] "GET /funzone/2020/09/20/%E9%9D%A2%E5%B1%B1%E9%9D%A2%E6%B5%B7%E6%95%99%E8%82%B2%E8%AB%96%E5%A3%87%EF%BD%9E%E5%AE%9C%E8%98%AD%E5%A0%B4/ HTTP/1.1" 200 37321 "-" "Mozilla/5.0 (Macintosh; Intel Mac OS X 10_15_7) AppleWebKit/537.36 (KHTML, like Gecko) Chrome/120.0.0.0 Safari/537.36"
2409:8715:5880:e0::6 - - [26/Aug/2026:23:11:14 +0800] "GET /3044/wp-content/cache/2blog.ilc.edu.tw/wpfc-minified/k98ufey7/83uk5.js HTTP/1.1" 200 40357 "https://2blog.ilc.edu.tw/3044/2013/" "Mozilla/5.0 (Windows NT 10.0; Win64; x64) AppleWebKit/537.36 (KHTML, like Gecko) Chrome/144.0.0.0 Safari/537.36"
2409:8715:5880:e0::6 - - [26/Aug/2026:23:11:14 +0800] "GET /3044/wp-includes/js/hoverintent-js.min.js HTTP/1.1" 200 1597 "https://2blog.ilc.edu.tw/3044/2013/" "Mozilla/5.0 (Windows NT 10.0; Win64; x64) AppleWebKit/537.36 (KHTML, like Gecko) Chrome/144.0.0.0 Safari/537.36"
44.213.36.21 - - [26/Aug/2026:23:11:14 +0800] "GET /32745/2021/10/09/%E7%82%BA%E4%BD%95%E6%AC%BA%E9%A8%99%E6%88%91/embed/ HTTP/1.1" 200 12858 "-" "Mozilla/5.0 AppleWebKit/537.36 (KHTML, like Gecko; compatible; Amazonbot/0.1; +https://developer.amazon.com/support/amazonbot) Chrome/119.0.6045.214 Safari/537.36"
74.7.242.54 - - [26/Aug/2026:23:11:14 +0800] "GET /32745/wp-content/uploads/sites/1271/2022/03/%E4%B8%8B%E8%BC%89-10-2.jpg HTTP/1.1" 200 5798 "https://2blog.ilc.edu.tw/32745/2021/04/06/%e7%9c%9f%e6%84%9b%e7%ad%89%e4%b8%80%e4%b8%aa%e4%ba%ba/" "Mozilla/5.0 AppleWebKit/537.36 (KHTML, like Gecko; compatible; GPTBot/1.4; +https://openai.com/gptbot)"
2409:8715:5880:e0::6 - - [26/Aug/2026:23:11:15 +0800] "GET /3044/wp-includes/js/admin-bar.min.js HTTP/1.1" 200 7031 "https://2blog.ilc.edu.tw/3044/2013/" "Mozilla/5.0 (Windows NT 10.0; Win64; x64) AppleWebKit/537.36 (KHTML, like Gecko) Chrome/144.0.0.0 Safari/537.36"
18.214.251.19 - - [26/Aug/2026:23:11:15 +0800] "GET /wp-content/uploads/sites/1143/2021/11/?C=M;O%3DD HTTP/1.1" 200 1112 "-" "Mozilla/5.0 AppleWebKit/537.36 (KHTML, like Gecko; compatible; Amazonbot/0.1; +https://developer.amazon.com/support/amazonbot) Chrome/119.0.6045.214 Safari/537.36"
74.7.242.54 - - [26/Aug/2026:23:11:15 +0800] "GET /32745/wp-content/uploads/sites/1271/2020/06/%E4%B8%8B%E8%BC%89-1-13.jpg HTTP/1.1" 200 10880 "https://2blog.ilc.edu.tw/32745/2020/06/20/%e5%a4%a9%e7%81%bd%e4%ba%ba%e7%a6%8d%e5%bf%83%e6%b7%92%e6%b6%bc/" "Mozilla/5.0 AppleWebKit/537.36 (KHTML, like Gecko; compatible; GPTBot/1.4; +https://openai.com/gptbot)"
34.171.68.95 - - [26/Aug/2026:23:11:15 +0800] "GET /amy6998/wp-json/oembed/1.0/embed?format=xml&url=https://2blog.ilc.edu.tw/amy6998/2024/11/08/113%25e5%25b9%25b411%25e6%259c%258805%25e6%2597%25a5%25e5%2593%25a1%25e5%25b1%25b1%25e6%259c%2589%25e5%2593%2581/ HTTP/1.1" 200 7187 "-" "Mozilla/5.0 (Macintosh; Intel Mac OS X 10_15_7) AppleWebKit/537.36 (KHTML, like Gecko) Chrome/120.0.0.0 Safari/537.36"
140.111.67.10 - - [26/Aug/2026:23:11:15 +0800] "GET /" 301 273 "-" "-"
140.111.67.195 - - [26/Aug/2026:23:11:15 +0800] "GET /wp-admin/admin-post.php?action=steps_ad HTTP/1.1" 200 1973 "-" "node-fetch/1.0 (+https://github.com/bitinn/node-fetch)"
2a10:7b00:5423:37e1:30ae:365d:22a8:ba4a - - [26/Aug/2026:23:11:15 +0800] "GET /26064/%e5%8f%8b%e5%96%84%e6%a0%a1%e5%9c%92/ HTTP/1.1" 200 20901 "-" "Mozilla/5.0 (Macintosh; Intel Mac OS X 10_15_7) AppleWebKit/605.1.15 (KHTML, like Gecko) Version/15.3 Safari/605.1.15"
74.7.242.54 - - [26/Aug/2026:23:11:15 +0800] "GET /32745/wp-content/uploads/sites/1271/2020/05/%E4%B8%8B%E8%BC%89-1-17.jpg HTTP/1.1" 200 10193 "https://2blog.ilc.edu.tw/32745/2020/05/18/page/3/" "Mozilla/5.0 AppleWebKit/537.36 (KHTML, like Gecko; compatible; GPTBot/1.4; +https://openai.com/gptbot)"
66.249.79.138 - - [26/Aug/2026:23:11:13 +0800] "GET /wp-login.php?action=ilc_logout&_wpnonce=43754d0aad&redirect_to=http://katkovavideo.ru/creator/5752/ HTTP/1.1" 302 3465 "-" "Mozilla/5.0 (Linux; Android 6.0.1; Nexus 5X Build/MMB29P) AppleWebKit/537.36 (KHTML, like Gecko) Chrome/151.0.7922.173 Mobile Safari/537.36 (compatible; Googlebot/2.1; +http://www.google.com/bot.html)"
2409:8715:5880:e0::6 - - [26/Aug/2026:23:11:16 +0800] "GET /3044/wp-includes/js/imagesloaded.min.js HTTP/1.1" 200 2683 "https://2blog.ilc.edu.tw/3044/2013/" "Mozilla/5.0 (Windows NT 10.0; Win64; x64) AppleWebKit/537.36 (KHTML, like Gecko) Chrome/144.0.0.0 Safari/537.36"
74.7.242.54 - - [26/Aug/2026:23:11:16 +0800] "GET /32745/wp-content/uploads/sites/1271/2021/01/%E4%B8%8B%E8%BC%89-11-2.jpg HTTP/1.1" 200 6068 "https://2blog.ilc.edu.tw/32745/2021/01/02/page/4/" "Mozilla/5.0 AppleWebKit/537.36 (KHTML, like Gecko; compatible; GPTBot/1.4; +https://openai.com/gptbot)"
74.7.242.54 - - [26/Aug/2026:23:11:16 +0800] "GET /32745/wp-content/uploads/sites/1271/2021/01/%E4%B8%8B%E8%BC%89-10-4.jpg HTTP/1.1" 200 10374 "https://2blog.ilc.edu.tw/32745/2021/01/17/page/4/" "Mozilla/5.0 AppleWebKit/537.36 (KHTML, like Gecko; compatible; GPTBot/1.4; +https://openai.com/gptbot)"
2409:8715:5880:e0::6 - - [26/Aug/2026:23:11:17 +0800] "GET /3044/wp-content/themes/oceanwp/assets/js/theme.min.js HTTP/1.1" 200 5130 "https://2blog.ilc.edu.tw/3044/2013/" "Mozilla/5.0 (Windows NT 10.0; Win64; x64) AppleWebKit/537.36 (KHTML, like Gecko) Chrome/144.0.0.0 Safari/537.36"
74.7.242.54 - - [26/Aug/2026:23:11:17 +0800] "GET /32745/wp-content/uploads/sites/1271/2020/05/%E4%B8%8B%E8%BC%89-2-21.jpg HTTP/1.1" 200 18444 "https://2blog.ilc.edu.tw/32745/2024/08/04/%e6%85%b7%e6%85%a8%e4%bb%99/" "Mozilla/5.0 AppleWebKit/537.36 (KHTML, like Gecko; compatible; GPTBot/1.4; +https://openai.com/gptbot)"
2409:8715:5880:e0::6 - - [26/Aug/2026:23:11:17 +0800] "GET /3044/wp-content/themes/oceanwp/assets/js/drop-down-search.min.js HTTP/1.1" 200 2968 "https://2blog.ilc.edu.tw/3044/2013/" "Mozilla/5.0 (Windows NT 10.0; Win64; x64) AppleWebKit/537.36 (KHTML, like Gecko) Chrome/144.0.0.0 Safari/537.36"
74.7.242.54 - - [26/Aug/2026:23:11:18 +0800] "GET /32745/wp-content/uploads/sites/1271/2020/07/%E4%B8%8B%E8%BC%89-11-1.jpg HTTP/1.1" 200 9485 "https://2blog.ilc.edu.tw/32745/wp-json/oembed/1.0/embed?format=xml&url=https%3A%2F%2F2blog.ilc.edu.tw%2F32745%2F2020%2F07%2F11%2F%25e9%2580%2581%25e5%2590%259b%25e8%25a9%259e%2F" "Mozilla/5.0 AppleWebKit/537.36 (KHTML, like Gecko; compatible; GPTBot/1.4; +https://openai.com/gptbot)"
2001:288:a201::66:125 - - [26/Aug/2026:23:11:18 +0800] "GET /blog/active.php HTTP/1.1" 301 1026 "-" "-"
2001:288:a201::66:125 - - [26/Aug/2026:23:11:18 +0800] "GET /blog/active.php HTTP/1.1" 404 1084 "-" "-"
2409:8715:5880:e0::6 - - [26/Aug/2026:23:11:18 +0800] "GET /3044/wp-content/themes/oceanwp/assets/js/vendors/magnific-popup.min.js HTTP/1.1" 200 8270 "https://2blog.ilc.edu.tw/3044/2013/" "Mozilla/5.0 (Windows NT 10.0; Win64; x64) AppleWebKit/537.36 (KHTML, like Gecko) Chrome/144.0.0.0 Safari/537.36"
66.249.79.163 - - [26/Aug/2026:23:11:17 +0800] "GET /wp-content/uploads/sites/233/1003/1003-2553495.jpg HTTP/1.1" 200 34353 "-" "Googlebot-Image/1.0"
74.7.242.54 - - [26/Aug/2026:23:11:18 +0800] "GET /32745/wp-content/uploads/sites/1271/2020/09/%E4%B8%8B%E8%BC%89-11-1.jpg HTTP/1.1" 200 12356 "https://2blog.ilc.edu.tw/32745/2020/09/13/" "Mozilla/5.0 AppleWebKit/537.36 (KHTML, like Gecko; compatible; GPTBot/1.4; +https://openai.com/gptbot)"
2001:b400:e24d:3a87:ef2b:6e89:10c8:c59f - - [26/Aug/2026:23:11:10 +0800] "GET /wp-content/uploads/sites/1482/2025/02/%E5%9C%8B%E4%B8%ADAPP%E6%95%B8%E7%90%86%E8%A7%A3%E9%A1%8C%E7%B5%84.png HTTP/1.1" 200 376574 "https://www.chjh.ilc.edu.tw/" "Mozilla/5.0 (Linux; Android 10; K) AppleWebKit/537.36 (KHTML, like Gecko) Chrome/151.0.0.0 Mobile Safari/537.36"
2001:b400:e24d:3a87:ef2b:6e89:10c8:c59f - - [26/Aug/2026:23:11:11 +0800] "GET /wp-content/uploads/sites/1482/2024/12/31-1024x647.png HTTP/1.1" 200 200080 "https://www.chjh.ilc.edu.tw/" "Mozilla/5.0 (Linux; Android 10; K) AppleWebKit/537.36 (KHTML, like Gecko) Chrome/151.0.0.0 Mobile Safari/537.36"
2409:8715:5880:e0::6 - - [26/Aug/2026:23:11:18 +0800] "GET /3044/wp-content/themes/oceanwp/assets/js/vendors/flickity.pkgd.min.js HTTP/1.1" 200 15048 "https://2blog.ilc.edu.tw/3044/2013/" "Mozilla/5.0 (Windows NT 10.0; Win64; x64) AppleWebKit/537.36 (KHTML, like Gecko) Chrome/144.0.0.0 Safari/537.36"
2001:b400:e24d:3a87:ef2b:6e89:10c8:c59f - - [26/Aug/2026:23:11:10 +0800] "GET /wp-content/uploads/sites/1482/2025/03/23-1024x724.png HTTP/1.1" 200 470039 "https://www.chjh.ilc.edu.tw/" "Mozilla/5.0 (Linux; Android 10; K) AppleWebKit/537.36 (KHTML, like Gecko) Chrome/151.0.0.0 Mobile Safari/537.36"
74.7.242.54 - - [26/Aug/2026:23:11:19 +0800] "GET /32745/wp-content/uploads/sites/1271/2020/07/%E4%B8%8B%E8%BC%89-1-10.jpg HTTP/1.1" 200 8260 "https://2blog.ilc.edu.tw/32745/2021/10/09/only-you/" "Mozilla/5.0 AppleWebKit/537.36 (KHTML, like Gecko; compatible; GPTBot/1.4; +https://openai.com/gptbot)"
2a11:c40:71d8:d2b7:620e:42af:4874:476e - - [26/Aug/2026:23:11:18 +0800] "GET /28/2021/03/03/grace-%E4%BB%8B%E7%B4%B9-smores/ HTTP/1.1" 200 15318 "-" "Mozilla/5.0 (Macintosh; Intel Mac OS X 10_15_7) AppleWebKit/537.36 (KHTML, like Gecko) Chrome/145.0.0.0 Safari/537.36"
74.7.242.54 - - [26/Aug/2026:23:11:19 +0800] "GET /32745/wp-content/uploads/sites/1271/2020/06/%E4%B8%8B%E8%BC%89-10-3.jpg HTTP/1.1" 200 3875 "https://2blog.ilc.edu.tw/32745/2025/08/09/%e6%84%9b%e4%bd%a0%e7%9a%84%e5%bf%83%e6%af%8b%e7%9f%a5%e8%bc%95%e9%87%8d/" "Mozilla/5.0 AppleWebKit/537.36 (KHTML, like Gecko; compatible; GPTBot/1.4; +https://openai.com/gptbot)"
::1 - - [26/Aug/2026:23:11:19 +0800] "OPTIONS * HTTP/1.0" 200 110 "-" "Apache/2.4.68 (Ubuntu) OpenSSL/3.0.19 (internal dummy connection)"
98.83.72.38 - - [26/Aug/2026:23:11:19 +0800] "GET /wp-content/uploads/sites/2177/2021/04/?C=N;O%3DD HTTP/1.1" 200 1113 "-" "Mozilla/5.0 AppleWebKit/537.36 (KHTML, like Gecko; compatible; Amazonbot/0.1; +https://developer.amazon.com/support/amazonbot) Chrome/119.0.6045.214 Safari/537.36"
74.7.242.54 - - [26/Aug/2026:23:11:20 +0800] "GET /32745/wp-content/uploads/sites/1271/2020/05/%E4%B8%8B%E8%BC%89-13-1.jpg HTTP/1.1" 200 5600 "https://2blog.ilc.edu.tw/32745/2020/05/06/" "Mozilla/5.0 AppleWebKit/537.36 (KHTML, like Gecko; compatible; GPTBot/1.4; +https://openai.com/gptbot)"
140.111.67.10 - - [26/Aug/2026:23:11:20 +0800] "GET /" 301 273 "-" "-"
74.7.242.54 - - [26/Aug/2026:23:11:20 +0800] "GET /32745/wp-content/uploads/sites/1271/2021/01/%E4%B8%8B%E8%BC%89-12-4.jpg HTTP/1.1" 200 6979 "https://2blog.ilc.edu.tw/32745/2021/01/17/" "Mozilla/5.0 AppleWebKit/537.36 (KHTML, like Gecko; compatible; GPTBot/1.4; +https://openai.com/gptbot)"
::1 - - [26/Aug/2026:23:11:20 +0800] "OPTIONS * HTTP/1.0" 200 110 "-" "Apache/2.4.68 (Ubuntu) OpenSSL/3.0.19 (internal dummy connection)"
74.7.242.54 - - [26/Aug/2026:23:11:21 +0800] "GET /32745/wp-content/uploads/sites/1271/2020/08/%E4%B8%8B%E8%BC%89-24-2.jpg HTTP/1.1" 200 7394 "https://2blog.ilc.edu.tw/32745/2020/08/30/page/4/" "Mozilla/5.0 AppleWebKit/537.36 (KHTML, like Gecko; compatible; GPTBot/1.4; +https://openai.com/gptbot)"
2409:8715:5880:e0::6 - - [26/Aug/2026:23:11:21 +0800] "GET /3044/wp-content/themes/oceanwp/assets/js/scroll-top.min.js HTTP/1.1" 200 3202 "https://2blog.ilc.edu.tw/3044/2013/" "Mozilla/5.0 (Windows NT 10.0; Win64; x64) AppleWebKit/537.36 (KHTML, like Gecko) Chrome/144.0.0.0 Safari/537.36"
::1 - - [26/Aug/2026:23:11:21 +0800] "OPTIONS * HTTP/1.0" 200 110 "-" "Apache/2.4.68 (Ubuntu) OpenSSL/3.0.19 (internal dummy connection)"
74.7.242.54 - - [26/Aug/2026:23:11:21 +0800] "GET /32745/wp-content/uploads/sites/1271/2020/05/%E4%B8%8B%E8%BC%89-10-5.jpg HTTP/1.1" 200 4652 "https://2blog.ilc.edu.tw/32745/2020/05/31/page/4/" "Mozilla/5.0 AppleWebKit/537.36 (KHTML, like Gecko; compatible; GPTBot/1.4; +https://openai.com/gptbot)"
2409:8715:5880:e0::6 - - [26/Aug/2026:23:11:22 +0800] "GET /3044/wp-content/themes/oceanwp/assets/js/select.min.js HTTP/1.1" 200 2408 "https://2blog.ilc.edu.tw/3044/2013/" "Mozilla/5.0 (Windows NT 10.0; Win64; x64) AppleWebKit/537.36 (KHTML, like Gecko) Chrome/144.0.0.0 Safari/537.36"
74.7.242.54 - - [26/Aug/2026:23:11:22 +0800] "GET /32745/wp-content/uploads/sites/1271/2020/08/%E4%B8%8B%E8%BC%89-14-3.jpg HTTP/1.1" 200 11512 "https://2blog.ilc.edu.tw/32745/2020/08/25/" "Mozilla/5.0 AppleWebKit/537.36 (KHTML, like Gecko; compatible; GPTBot/1.4; +https://openai.com/gptbot)"
::1 - - [26/Aug/2026:23:11:22 +0800] "OPTIONS * HTTP/1.0" 200 110 "-" "Apache/2.4.68 (Ubuntu) OpenSSL/3.0.19 (internal dummy connection)"
74.7.242.54 - - [26/Aug/2026:23:11:22 +0800] "GET /32745/wp-content/uploads/sites/1271/2020/08/%E4%B8%8B%E8%BC%89-20-2.jpg HTTP/1.1" 200 7773 "https://2blog.ilc.edu.tw/32745/2020/08/25/%e8%81%bd%e6%88%91%e4%b8%80%e5%8f%a5%e8%a9%b1/" "Mozilla/5.0 AppleWebKit/537.36 (KHTML, like Gecko; compatible; GPTBot/1.4; +https://openai.com/gptbot)"
3.212.86.97 - - [26/Aug/2026:23:11:22 +0800] "GET /amy6998/wp-json/wp/v2/comments?post=31053 HTTP/1.1" 200 6013 "-" "Mozilla/5.0 AppleWebKit/537.36 (KHTML, like Gecko; compatible; Amazonbot/0.1; +https://developer.amazon.com/support/amazonbot) Chrome/119.0.6045.214 Safari/537.36"
2001:288:a201::66:125 - - [26/Aug/2026:23:11:23 +0800] "GET /blog/active.php HTTP/1.1" 301 1026 "-" "-"
2001:288:a201::66:125 - - [26/Aug/2026:23:11:23 +0800] "GET /blog/active.php HTTP/1.1" 404 1084 "-" "-"
74.7.242.54 - - [26/Aug/2026:23:11:23 +0800] "GET /32745/wp-content/uploads/sites/1271/2020/05/%E4%BA%94%E6%9C%88%E5%A4%A9.jpg HTTP/1.1" 200 26744 "https://2blog.ilc.edu.tw/32745/2020/05/22/page/2/" "Mozilla/5.0 AppleWebKit/537.36 (KHTML, like Gecko; compatible; GPTBot/1.4; +https://openai.com/gptbot)"
::1 - - [26/Aug/2026:23:11:23 +0800] "OPTIONS * HTTP/1.0" 200 110 "-" "Apache/2.4.68 (Ubuntu) OpenSSL/3.0.19 (internal dummy connection)"
52.204.174.139 - - [26/Aug/2026:23:11:23 +0800] "GET /wp-content/uploads/sites/1922/2021/08/?C=D;O%3DA HTTP/1.1" 200 1113 "-" "Mozilla/5.0 AppleWebKit/537.36 (KHTML, like Gecko; compatible; Amazonbot/0.1; +https://developer.amazon.com/support/amazonbot) Chrome/119.0.6045.214 Safari/537.36"
74.7.242.54 - - [26/Aug/2026:23:11:23 +0800] "GET /32745/wp-content/uploads/sites/1271/2020/05/%E4%B8%8B%E8%BC%89-2-20.jpg HTTP/1.1" 200 3175 "https://2blog.ilc.edu.tw/32745/2020/05/30/%e8%bf%b7%e5%88%b0%e7%84%a1%e8%97%a5%e9%86%ab/" "Mozilla/5.0 AppleWebKit/537.36 (KHTML, like Gecko; compatible; GPTBot/1.4; +https://openai.com/gptbot)"
2a03:2880:15ff:44:: - - [26/Aug/2026:23:11:24 +0800] "GET /robots.txt HTTP/1.1" 200 5603 "-" "facebookexternalhit/1.1 (+http://www.facebook.com/externalhit_uatext.php)"
74.7.242.54 - - [26/Aug/2026:23:11:24 +0800] "GET /32745/wp-content/uploads/sites/1271/2020/05/%E4%B8%8B%E8%BC%89-3-16.jpg HTTP/1.1" 200 9649 "https://2blog.ilc.edu.tw/32745/2020/05/30/%e8%83%ad%e8%84%82%e5%a4%a2/" "Mozilla/5.0 AppleWebKit/537.36 (KHTML, like Gecko; compatible; GPTBot/1.4; +https://openai.com/gptbot)"
2409:8c7a:c200:422::3 - - [26/Aug/2026:23:11:24 +0800] "GET /868/category/c-651 HTTP/1.1" 301 5743 "-" "Mozilla/5.0 (Windows NT 10.0; Win64; x64) AppleWebKit/537.36 (KHTML, like Gecko) Chrome/144.0.0.0 Safari/537.36"
::1 - - [26/Aug/2026:23:11:24 +0800] "OPTIONS * HTTP/1.0" 200 110 "-" "Apache/2.4.68 (Ubuntu) OpenSSL/3.0.19 (internal dummy connection)"
74.7.242.54 - - [26/Aug/2026:23:11:24 +0800] "GET /32745/wp-content/uploads/sites/1271/2020/05/%E4%B8%8B%E8%BC%89-5-11.jpg HTTP/1.1" 200 14878 "https://2blog.ilc.edu.tw/32745/2020/05/27/" "Mozilla/5.0 AppleWebKit/537.36 (KHTML, like Gecko; compatible; GPTBot/1.4; +https://openai.com/gptbot)"
74.7.242.54 - - [26/Aug/2026:23:11:25 +0800] "GET /32745/wp-content/uploads/sites/1271/2022/06/%E4%B8%8B%E8%BC%89-14-1.jpg HTTP/1.1" 200 7250 "https://2blog.ilc.edu.tw/32745/2022/06/04/page/4/" "Mozilla/5.0 AppleWebKit/537.36 (KHTML, like Gecko; compatible; GPTBot/1.4; +https://openai.com/gptbot)"
140.111.67.10 - - [26/Aug/2026:23:11:25 +0800] "GET /" 301 273 "-" "-"
::1 - - [26/Aug/2026:23:11:25 +0800] "OPTIONS * HTTP/1.0" 200 110 "-" "Apache/2.4.68 (Ubuntu) OpenSSL/3.0.19 (internal dummy connection)"
2a11:c41:9790:cd4d:11f2:314a:ea90:c98b - - [26/Aug/2026:23:11:25 +0800] "GET /2341/2011/11/16/%E5%9C%93%E5%91%A8%E8%A7%92%E8%88%87%E5%BC%A6%E5%88%87%E8%A7%92%E4%BA%8C%E9%A1%8C/ HTTP/1.1" 200 16096 "-" "Mozilla/5.0 (Windows NT 10.0; Win64; x64) AppleWebKit/537.36 (KHTML, like Gecko) Chrome/107.0.0.0 Safari/537.36"
74.7.242.54 - - [26/Aug/2026:23:11:25 +0800] "GET /32745/wp-content/uploads/sites/1271/2021/04/%E4%B8%8B%E8%BC%89-2-11.jpg HTTP/1.1" 200 7115 "https://2blog.ilc.edu.tw/32745/2021/04/06/page/3/" "Mozilla/5.0 AppleWebKit/537.36 (KHTML, like Gecko; compatible; GPTBot/1.4; +https://openai.com/gptbot)"
74.7.242.54 - - [26/Aug/2026:23:11:26 +0800] "GET /32745/wp-content/uploads/sites/1271/2020/08/%E4%B8%8B%E8%BC%89-13-5.jpg HTTP/1.1" 200 6116 "https://2blog.ilc.edu.tw/32745/2020/08/29/page/5/" "Mozilla/5.0 AppleWebKit/537.36 (KHTML, like Gecko; compatible; GPTBot/1.4; +https://openai.com/gptbot)"
::1 - - [26/Aug/2026:23:11:26 +0800] "OPTIONS * HTTP/1.0" 200 110 "-" "Apache/2.4.68 (Ubuntu) OpenSSL/3.0.19 (internal dummy connection)"
74.7.242.54 - - [26/Aug/2026:23:11:26 +0800] "GET /32745/wp-content/uploads/sites/1271/2020/07/%E4%B8%8B%E8%BC%89-12-2.jpg HTTP/1.1" 200 7643 "https://2blog.ilc.edu.tw/32745/2020/07/19/page/2/" "Mozilla/5.0 AppleWebKit/537.36 (KHTML, like Gecko; compatible; GPTBot/1.4; +https://openai.com/gptbot)"
66.249.79.137 - - [26/Aug/2026:23:11:24 +0800] "GET /wp-login.php?key=25o38375&_wpnonce=&action=ilc_logout&redirect_to=https%3A%2F%2Fplay.google.com%2Fstore%2Fapps%2Fdetails%3Fid%3Dcom.us.dyjycbt.google HTTP/1.1" 302 8281 "-" "Mozilla/5.0 (Linux; Android 6.0.1; Nexus 5X Build/MMB29P) AppleWebKit/537.36 (KHTML, like Gecko) Chrome/151.0.7922.173 Mobile Safari/537.36 (compatible; Googlebot/2.1; +http://www.google.com/bot.html)"
74.7.242.54 - - [26/Aug/2026:23:11:27 +0800] "GET /32745/wp-content/uploads/sites/1271/2021/01/%E4%B8%8B%E8%BC%89-11-1.jpg HTTP/1.1" 200 7924 "https://2blog.ilc.edu.tw/32745/2021/01/02/%e5%96%9c%e9%85%92%e7%94%9c%e8%8c%b6/" "Mozilla/5.0 AppleWebKit/537.36 (KHTML, like Gecko; compatible; GPTBot/1.4; +https://openai.com/gptbot)"
54.147.80.137 - - [26/Aug/2026:23:11:27 +0800] "GET /wp-content/uploads/sites/955/2023/?C=M;O%3DD HTTP/1.1" 200 1300 "-" "Mozilla/5.0 AppleWebKit/537.36 (KHTML, like Gecko; compatible; Amazonbot/0.1; +https://developer.amazon.com/support/amazonbot) Chrome/119.0.6045.214 Safari/537.36"
::1 - - [26/Aug/2026:23:11:27 +0800] "OPTIONS * HTTP/1.0" 200 110 "-" "Apache/2.4.68 (Ubuntu) OpenSSL/3.0.19 (internal dummy connection)"
140.111.67.195 - - [26/Aug/2026:23:11:27 +0800] "GET /wp-admin/admin-post.php?action=steps_ad HTTP/1.1" 200 1973 "-" "node-fetch/1.0 (+https://github.com/bitinn/node-fetch)"
74.7.242.54 - - [26/Aug/2026:23:11:28 +0800] "GET /32745/wp-content/uploads/sites/1271/2022/05/%E4%B8%8B%E8%BC%89-1-10.jpg HTTP/1.1" 200 5308 "https://2blog.ilc.edu.tw/32745/2022/05/29/" "Mozilla/5.0 AppleWebKit/537.36 (KHTML, like Gecko; compatible; GPTBot/1.4; +https://openai.com/gptbot)"
2001:288:a201::66:125 - - [26/Aug/2026:23:11:28 +0800] "GET /blog/active.php HTTP/1.1" 301 1026 "-" "-"
2001:288:a201::66:125 - - [26/Aug/2026:23:11:28 +0800] "GET /blog/active.php HTTP/1.1" 404 1084 "-" "-"
74.7.242.54 - - [26/Aug/2026:23:11:28 +0800] "GET /32745/wp-content/uploads/sites/1271/2020/06/%E4%B8%8B%E8%BC%89-3-13.jpg HTTP/1.1" 200 6511 "https://2blog.ilc.edu.tw/32745/2020/06/25/" "Mozilla/5.0 AppleWebKit/537.36 (KHTML, like Gecko; compatible; GPTBot/1.4; +https://openai.com/gptbot)"
34.42.229.145 - - [26/Aug/2026:23:11:28 +0800] "GET /6428/2014/11/24/4-11%E5%91%A8%E9%82%8A%E6%8E%A2%E6%9F%A5%E5%8F%8A%E5%AE%88%E8%AD%B7%E5%AE%B6%E5%9C%92%E6%9C%8D%E5%8B%99%E6%B4%BB%E5%8B%95/ HTTP/1.1" 200 15572 "-" "Mozilla/5.0 (Macintosh; Intel Mac OS X 10_15_7) AppleWebKit/537.36 (KHTML, like Gecko) Chrome/120.0.0.0 Safari/537.36"
74.7.242.54 - - [26/Aug/2026:23:11:29 +0800] "GET /32745/wp-content/uploads/sites/1271/2020/06/%E4%B8%8B%E8%BC%89-13-1.jpg HTTP/1.1" 200 6536 "https://2blog.ilc.edu.tw/32745/2020/06/02/page/2/" "Mozilla/5.0 AppleWebKit/537.36 (KHTML, like Gecko; compatible; GPTBot/1.4; +https://openai.com/gptbot)"
34.171.68.95 - - [26/Aug/2026:23:11:28 +0800] "GET /6542/wp-json/wp/v2/posts/5242 HTTP/1.1" 200 15519 "-" "Mozilla/5.0 (Macintosh; Intel Mac OS X 10_15_7) AppleWebKit/537.36 (KHTML, like Gecko) Chrome/120.0.0.0 Safari/537.36"
74.7.242.54 - - [26/Aug/2026:23:11:29 +0800] "GET /32745/wp-content/uploads/sites/1271/2021/04/%E4%B8%8B%E8%BC%89-2-10.jpg HTTP/1.1" 200 5124 "https://2blog.ilc.edu.tw/32745/2021/04/08/page/3/" "Mozilla/5.0 AppleWebKit/537.36 (KHTML, like Gecko; compatible; GPTBot/1.4; +https://openai.com/gptbot)"
66.249.71.9 - - [26/Aug/2026:23:11:27 +0800] "GET /wp-login.php?action=ilc_logout&_wpnonce=43754d0aad&redirect_to=//orehcity.ru/gallery/48847/ HTTP/1.1" 302 8242 "-" "Mozilla/5.0 (compatible; Googlebot/2.1; +http://www.google.com/bot.html)"
74.7.242.54 - - [26/Aug/2026:23:11:30 +0800] "GET /32745/wp-content/uploads/sites/1271/2020/08/%E4%B8%8B%E8%BC%89-1-13.jpg HTTP/1.1" 200 7418 "https://2blog.ilc.edu.tw/32745/2021/10/21/%e4%be%86%e5%8e%bb%e5%94%b1%e5%8d%a1%e6%8b%89/" "Mozilla/5.0 AppleWebKit/537.36 (KHTML, like Gecko; compatible; GPTBot/1.4; +https://openai.com/gptbot)"
140.111.67.10 - - [26/Aug/2026:23:11:30 +0800] "GET /" 301 273 "-" "-"
74.7.242.54 - - [26/Aug/2026:23:11:30 +0800] "GET /32745/wp-content/uploads/sites/1271/2020/08/%E4%B8%8B%E8%BC%89-18-2.jpg HTTP/1.1" 200 7343 "https://2blog.ilc.edu.tw/32745/2020/08/29/page/4/" "Mozilla/5.0 AppleWebKit/537.36 (KHTML, like Gecko; compatible; GPTBot/1.4; +https://openai.com/gptbot)"
3.226.106.93 - - [26/Aug/2026:23:11:31 +0800] "GET /wp-content/uploads/sites/2764/2021/01/ HTTP/1.1" 200 1114 "-" "Mozilla/5.0 AppleWebKit/537.36 (KHTML, like Gecko; compatible; Amazonbot/0.1; +https://developer.amazon.com/support/amazonbot) Chrome/119.0.6045.214 Safari/537.36"
74.7.242.54 - - [26/Aug/2026:23:11:31 +0800] "GET /32745/wp-content/uploads/sites/1271/2020/05/%E4%B8%8B%E8%BC%89-3-14.jpg HTTP/1.1" 200 5600 "https://2blog.ilc.edu.tw/32745/2020/05/26/page/4/" "Mozilla/5.0 AppleWebKit/537.36 (KHTML, like Gecko; compatible; GPTBot/1.4; +https://openai.com/gptbot)"
74.7.242.54 - - [26/Aug/2026:23:11:31 +0800] "GET /32745/wp-content/uploads/sites/1271/2020/05/%E4%B8%8B%E8%BC%89-3-10.jpg HTTP/1.1" 200 9815 "https://2blog.ilc.edu.tw/32745/2020/05/19/page/3/" "Mozilla/5.0 AppleWebKit/537.36 (KHTML, like Gecko; compatible; GPTBot/1.4; +https://openai.com/gptbot)"
74.7.242.54 - - [26/Aug/2026:23:11:32 +0800] "GET /32745/wp-content/uploads/sites/1271/2020/08/%E4%B8%8B%E8%BC%89-18-3.jpg HTTP/1.1" 200 9259 "https://2blog.ilc.edu.tw/32745/2021/10/25/%e5%a5%bd%e4%be%86%e5%a5%bd%e5%8e%bb-2/" "Mozilla/5.0 AppleWebKit/537.36 (KHTML, like Gecko; compatible; GPTBot/1.4; +https://openai.com/gptbot)"
122.100.65.38 - - [26/Aug/2026:23:11:32 +0800] "GET / HTTP/1.1" 200 20459 "-" "Mozilla/5.0 (Windows NT 10.0; Win64; x64) AppleWebKit/537.36 (KHTML, like Gecko) Chrome/151.0.0.0 Safari/537.36"
66.249.79.128 - - [26/Aug/2026:23:11:30 +0800] "GET /wp-login.php?action=ilc_logout&_wpnonce=43754d0aad&redirect_to=http://kolainform.ru/creator/17003/ HTTP/1.1" 302 3442 "-" "Mozilla/5.0 (compatible; Googlebot/2.1; +http://www.google.com/bot.html)"
122.100.65.38 - - [26/Aug/2026:23:11:32 +0800] "GET /wp-content/cache/www.nojh.ilc.edu.tw/wpfc-minified/lcph9ky1/72xy.css HTTP/1.1" 200 40884 "https://www.nojh.ilc.edu.tw/" "Mozilla/5.0 (Windows NT 10.0; Win64; x64) AppleWebKit/537.36 (KHTML, like Gecko) Chrome/151.0.0.0 Safari/537.36"
122.100.65.38 - - [26/Aug/2026:23:11:32 +0800] "GET /wp-content/cache/www.nojh.ilc.edu.tw/wpfc-minified/fghjj8wa/72xy.css HTTP/1.1" 200 5959 "https://www.nojh.ilc.edu.tw/" "Mozilla/5.0 (Windows NT 10.0; Win64; x64) AppleWebKit/537.36 (KHTML, like Gecko) Chrome/151.0.0.0 Safari/537.36"
