34.30.223.149 - - [26/Aug/2026:23:15:51 +0800] "GET /6526/2014/09/25/103%E5%B9%B4%E5%85%A8%E5%9C%8B%E5%9C%8B%E6%B0%91%E5%B0%8F%E5%AD%B8%E9%AB%98%E5%B9%B4%E7%B4%9A%E5%AD%B8%E7%94%9F%E7%AF%80%E8%83%BD%E5%88%AE%E5%88%AE%E6%A8%82%E7%B6%B2%E8%B7%AF%E6%B4%BB%E5%8B%95/ HTTP/1.1" 200 16402 "-" "Mozilla/5.0 (Macintosh; Intel Mac OS X 10_15_7) AppleWebKit/537.36 (KHTML, like Gecko) Chrome/120.0.0.0 Safari/537.36"
66.249.79.137 - - [26/Aug/2026:23:15:50 +0800] "GET /wp-login.php?action=ilc_logout&_wpnonce=43754d0aad&redirect_to=//revival24.ru/join/29856/ HTTP/1.1" 302 3455 "-" "Mozilla/5.0 (compatible; Googlebot/2.1; +http://www.google.com/bot.html)"
34.10.180.98 - - [26/Aug/2026:23:15:52 +0800] "GET /6572/2010/10/15/%E7%8D%8E%E5%8B%B5%E6%A9%9F%E5%88%B6%E5%AE%9C%E8%98%AD%E7%B8%A3%E4%B8%83%E8%B3%A2%E5%9C%8B%E5%B0%8F%E5%9E%83%E5%9C%BE%E6%B8%85%E9%81%8B%E5%8F%8A%E8%B3%87%E6%BA%90%E5%9B%9E%E6%94%B6%E5%AF%A6%E6%96%BD/ HTTP/1.1" 200 15771 "-" "Mozilla/5.0 (Macintosh; Intel Mac OS X 10_15_7) AppleWebKit/537.36 (KHTML, like Gecko) Chrome/120.0.0.0 Safari/537.36"
2001:4860:7:510::fc - - [26/Aug/2026:23:15:52 +0800] "GET /dashen/ HTTP/1.1" 200 18920 "https://www.google.com/" "Mozilla/5.0 (Windows NT 10.0; Win64; x64) AppleWebKit/537.36 (KHTML, like Gecko) Chrome/151.0.0.0 Safari/537.36"
2001:288:a201::67:82 - - [26/Aug/2026:23:15:50 +0800] "POST /26150/2017/05/16/%E5%8E%9F%E8%A8%82%E6%96%BC106%E5%B9%B45%E6%9C%8821%E6%97%A5%E3%80%816%E6%9C%8811%E6%97%A5%E3%80%817%E6%9C%8822%E6%97%A5%E3%80%818%E6%9C%886%E6%97%A5%E5%81%87%E6%9C%AC%E4%B8%AD%E5%BF%83%E8%BE%A6/?fsm_edd_37394=7e2943bdeb83c4448e003c42e3e6b590 HTTP/1.1" 200 13008 "-" "WordPress/6.6.7; https://2blog.ilc.edu.tw/26150"
2001:288:a201::66:125 - - [26/Aug/2026:23:15:53 +0800] "GET /blog/active.php HTTP/1.1" 301 1026 "-" "-"
74.7.242.54 - - [26/Aug/2026:23:15:52 +0800] "GET /32745/2024/11/25/%e9%a7%b1%e9%99%bdvsjojo/ HTTP/1.1" 200 85990 "https://2blog.ilc.edu.tw/32745/2024/11/25/" "Mozilla/5.0 AppleWebKit/537.36 (KHTML, like Gecko; compatible; GPTBot/1.4; +https://openai.com/gptbot)"
2001:288:a201::66:125 - - [26/Aug/2026:23:15:53 +0800] "GET /blog/active.php HTTP/1.1" 404 1084 "-" "-"
36.226.220.183 - - [26/Aug/2026:23:15:53 +0800] "GET /dashen/wp-content/cache/2blog.ilc.edu.tw/wpfc-minified/8ih85raf/5wou9.css HTTP/1.1" 200 45681 "https://2blog.ilc.edu.tw/dashen/" "Mozilla/5.0 (Windows NT 10.0; Win64; x64) AppleWebKit/537.36 (KHTML, like Gecko) Chrome/151.0.0.0 Safari/537.36"
36.226.220.183 - - [26/Aug/2026:23:15:53 +0800] "GET /dashen/wp-content/cache/2blog.ilc.edu.tw/wpfc-minified/fgg9n4wk/5wou9.css HTTP/1.1" 200 20774 "https://2blog.ilc.edu.tw/dashen/" "Mozilla/5.0 (Windows NT 10.0; Win64; x64) AppleWebKit/537.36 (KHTML, like Gecko) Chrome/151.0.0.0 Safari/537.36"
36.226.220.183 - - [26/Aug/2026:23:15:53 +0800] "GET /dashen/wp-content/cache/2blog.ilc.edu.tw/wpfc-minified/esxecno0/5wou9.css HTTP/1.1" 200 30658 "https://2blog.ilc.edu.tw/dashen/" "Mozilla/5.0 (Windows NT 10.0; Win64; x64) AppleWebKit/537.36 (KHTML, like Gecko) Chrome/151.0.0.0 Safari/537.36"
36.226.220.183 - - [26/Aug/2026:23:15:53 +0800] "GET /dashen/wp-content/cache/2blog.ilc.edu.tw/wpfc-minified/epzkfp19/5wou9.css HTTP/1.1" 200 13387 "https://2blog.ilc.edu.tw/dashen/" "Mozilla/5.0 (Windows NT 10.0; Win64; x64) AppleWebKit/537.36 (KHTML, like Gecko) Chrome/151.0.0.0 Safari/537.36"
36.226.220.183 - - [26/Aug/2026:23:15:53 +0800] "GET /dashen/wp-content/cache/2blog.ilc.edu.tw/wpfc-minified/lbnd883w/5wou9.js HTTP/1.1" 200 55787 "https://2blog.ilc.edu.tw/dashen/" "Mozilla/5.0 (Windows NT 10.0; Win64; x64) AppleWebKit/537.36 (KHTML, like Gecko) Chrome/151.0.0.0 Safari/537.36"
36.226.220.183 - - [26/Aug/2026:23:15:53 +0800] "GET /dashen/wp-content/uploads/sites/485/2023/02/cropped-%E5%A4%A7%E6%B2%88%E5%9C%93%E5%9C%93%E5%AD%97.png HTTP/1.1" 200 5338 "https://2blog.ilc.edu.tw/dashen/" "Mozilla/5.0 (Windows NT 10.0; Win64; x64) AppleWebKit/537.36 (KHTML, like Gecko) Chrome/151.0.0.0 Safari/537.36"
36.226.220.183 - - [26/Aug/2026:23:15:53 +0800] "GET /dashen/wp-content/uploads/sites/485/2024/03/434287654_1149273902772230_617516242542617922_n-600x400.jpg HTTP/1.1" 200 23416 "https://2blog.ilc.edu.tw/dashen/" "Mozilla/5.0 (Windows NT 10.0; Win64; x64) AppleWebKit/537.36 (KHTML, like Gecko) Chrome/151.0.0.0 Safari/537.36"
36.226.220.183 - - [26/Aug/2026:23:15:53 +0800] "GET /dashen/wp-content/uploads/sites/485/2022/10/%E6%8A%95%E5%BD%B1%E7%89%874-768x432.png HTTP/1.1" 200 334103 "https://2blog.ilc.edu.tw/dashen/" "Mozilla/5.0 (Windows NT 10.0; Win64; x64) AppleWebKit/537.36 (KHTML, like Gecko) Chrome/151.0.0.0 Safari/537.36"
36.226.220.183 - - [26/Aug/2026:23:15:54 +0800] "GET /dashen/wp-content/uploads/sites/485/2022/08/LINE%E7%BE%A4%E7%B5%84VSLINE-OFFICIAL-ACCOUNT-768x543.jpg HTTP/1.1" 200 77232 "https://2blog.ilc.edu.tw/dashen/" "Mozilla/5.0 (Windows NT 10.0; Win64; x64) AppleWebKit/537.36 (KHTML, like Gecko) Chrome/151.0.0.0 Safari/537.36"
36.226.220.183 - - [26/Aug/2026:23:15:54 +0800] "GET /dashen/wp-content/uploads/sites/485/2021/11/P_20211115_122854-768x1024.jpg HTTP/1.1" 200 121830 "https://2blog.ilc.edu.tw/dashen/" "Mozilla/5.0 (Windows NT 10.0; Win64; x64) AppleWebKit/537.36 (KHTML, like Gecko) Chrome/151.0.0.0 Safari/537.36"
36.226.220.183 - - [26/Aug/2026:23:15:54 +0800] "GET /dashen/wp-includes/js/hoverintent-js.min.js HTTP/1.1" 200 1597 "https://2blog.ilc.edu.tw/dashen/" "Mozilla/5.0 (Windows NT 10.0; Win64; x64) AppleWebKit/537.36 (KHTML, like Gecko) Chrome/151.0.0.0 Safari/537.36"
36.226.220.183 - - [26/Aug/2026:23:15:54 +0800] "GET /dashen/wp-includes/js/admin-bar.min.js HTTP/1.1" 200 2237 "https://2blog.ilc.edu.tw/dashen/" "Mozilla/5.0 (Windows NT 10.0; Win64; x64) AppleWebKit/537.36 (KHTML, like Gecko) Chrome/151.0.0.0 Safari/537.36"
74.7.242.54 - - [26/Aug/2026:23:15:53 +0800] "GET /32745/2021/09/23/%e4%b8%80%e6%ad%a5%e4%b8%80%e5%9b%9e%e9%a0%ad/ HTTP/1.1" 200 87390 "https://2blog.ilc.edu.tw/32745/2021/09/23/page/2/" "Mozilla/5.0 AppleWebKit/537.36 (KHTML, like Gecko; compatible; GPTBot/1.4; +https://openai.com/gptbot)"
36.226.220.183 - - [26/Aug/2026:23:15:54 +0800] "GET /dashen/wp-content/uploads/sites/485/2021/02/%E5%A4%A7%E6%B2%88%E7%94%9F%E5%AD%97%E8%AA%B2%E8%AD%98%E5%AD%97%E5%AF%AB%E5%AD%97%E5%AD%B8%E7%BF%92%E8%A1%A8%E7%8F%BE-768x432.jpg HTTP/1.1" 200 69117 "https://2blog.ilc.edu.tw/dashen/" "Mozilla/5.0 (Windows NT 10.0; Win64; x64) AppleWebKit/537.36 (KHTML, like Gecko) Chrome/151.0.0.0 Safari/537.36"
36.226.220.183 - - [26/Aug/2026:23:15:54 +0800] "GET /dashen/wp-content/uploads/sites/485/2020/12/%E8%81%96%E8%AA%95%E7%B0%A1%E7%AD%86%E7%95%AB-768x432.jpg HTTP/1.1" 200 35785 "https://2blog.ilc.edu.tw/dashen/" "Mozilla/5.0 (Windows NT 10.0; Win64; x64) AppleWebKit/537.36 (KHTML, like Gecko) Chrome/151.0.0.0 Safari/537.36"
36.226.220.183 - - [26/Aug/2026:23:15:54 +0800] "GET /dashen/wp-content/uploads/sites/485/2020/11/P_20201104_100541_vHDR_Auto-768x576.jpg HTTP/1.1" 200 81154 "https://2blog.ilc.edu.tw/dashen/" "Mozilla/5.0 (Windows NT 10.0; Win64; x64) AppleWebKit/537.36 (KHTML, like Gecko) Chrome/151.0.0.0 Safari/537.36"
36.226.220.183 - - [26/Aug/2026:23:15:54 +0800] "GET /dashen/wp-content/uploads/sites/485/2020/11/P_20201027_082154_vHDR_Auto-768x1024.jpg HTTP/1.1" 200 161611 "https://2blog.ilc.edu.tw/dashen/" "Mozilla/5.0 (Windows NT 10.0; Win64; x64) AppleWebKit/537.36 (KHTML, like Gecko) Chrome/151.0.0.0 Safari/537.36"
36.226.220.183 - - [26/Aug/2026:23:15:54 +0800] "GET /dashen/wp-content/uploads/sites/485/2023/02/20230121_102146.jpg HTTP/1.1" 200 383426 "https://2blog.ilc.edu.tw/dashen/" "Mozilla/5.0 (Windows NT 10.0; Win64; x64) AppleWebKit/537.36 (KHTML, like Gecko) Chrome/151.0.0.0 Safari/537.36"
66.249.79.137 - - [26/Aug/2026:23:15:52 +0800] "GET /wp-login.php?action=ilc_logout&_wpnonce=43754d0aad&redirect_to=//fin21.ru/gallery/21734/ HTTP/1.1" 302 3454 "-" "Mozilla/5.0 (compatible; Googlebot/2.1; +http://www.google.com/bot.html)"
74.7.242.54 - - [26/Aug/2026:23:15:54 +0800] "GET /32745/?p=66691 HTTP/1.1" 301 828 "https://2blog.ilc.edu.tw/32745/2022/03/13/%e6%bb%85%e7%81%ab%e5%99%a8%e6%a8%82%e5%9c%98vs%e9%98%bf%e7%bf%b0/" "Mozilla/5.0 AppleWebKit/537.36 (KHTML, like Gecko; compatible; GPTBot/1.4; +https://openai.com/gptbot)"
36.226.220.183 - - [26/Aug/2026:23:15:55 +0800] "GET /dashen/wp-content/themes/mynote/assets/webfonts/fa-solid-900.woff2 HTTP/1.1" 200 60555 "https://2blog.ilc.edu.tw/dashen/wp-content/cache/2blog.ilc.edu.tw/wpfc-minified/esxecno0/5wou9.css" "Mozilla/5.0 (Windows NT 10.0; Win64; x64) AppleWebKit/537.36 (KHTML, like Gecko) Chrome/151.0.0.0 Safari/537.36"
52.203.65.83 - - [26/Aug/2026:23:15:55 +0800] "GET /wp-content/uploads/sites/200/2020/06/ HTTP/1.1" 200 3073 "-" "Mozilla/5.0 AppleWebKit/537.36 (KHTML, like Gecko; compatible; Amazonbot/0.1; +https://developer.amazon.com/support/amazonbot) Chrome/119.0.6045.214 Safari/537.36"
36.226.220.183 - - [26/Aug/2026:23:15:55 +0800] "GET /dashen/wp-content/uploads/sites/485/2019/06/%E7%B0%BD%E5%90%8D%E5%9C%96-100x100.png HTTP/1.1" 200 16048 "https://2blog.ilc.edu.tw/dashen/" "Mozilla/5.0 (Windows NT 10.0; Win64; x64) AppleWebKit/537.36 (KHTML, like Gecko) Chrome/151.0.0.0 Safari/537.36"
140.111.67.10 - - [26/Aug/2026:23:15:55 +0800] "GET /" 301 273 "-" "-"
74.7.242.54 - - [26/Aug/2026:23:15:55 +0800] "GET /32745/?p=89994 HTTP/1.1" 301 808 "https://2blog.ilc.edu.tw/32745/2023/04/03/%e9%9b%a8%e5%a4%9c%e8%96%84%e5%91%bd%e8%8a%b1/" "Mozilla/5.0 AppleWebKit/537.36 (KHTML, like Gecko; compatible; GPTBot/1.4; +https://openai.com/gptbot)"
2409:8c02:21c:c0::44 - - [26/Aug/2026:23:15:55 +0800] "GET /wp-content/cache/isupport.ilc.edu.tw/wpfc-minified/kxdlh8d7/ks8w.css HTTP/1.1" 200 7701 "https://isupport.ilc.edu.tw/8383/" "Mozilla/5.0 (Windows NT 10.0; Win64; x64) AppleWebKit/537.36 (KHTML, like Gecko) Chrome/144.0.0.0 Safari/537.36"
2001:41d0:303:1556::1 - - [26/Aug/2026:23:15:55 +0800] "GET /robots.txt HTTP/1.1" 200 778 "-" "Mozilla/5.0 (compatible; MJ12bot/v1.4.8; http://mj12bot.com/)"
74.7.242.54 - - [26/Aug/2026:23:15:55 +0800] "GET /32745/?p=66640 HTTP/1.1" 301 808 "https://2blog.ilc.edu.tw/32745/2022/03/13/%e4%b8%80%e7%9b%b4%e7%82%ba%e4%bd%a0%e7%ad%89/" "Mozilla/5.0 AppleWebKit/537.36 (KHTML, like Gecko; compatible; GPTBot/1.4; +https://openai.com/gptbot)"
2409:8c02:21c:c0::44 - - [26/Aug/2026:23:15:56 +0800] "GET /wp-includes/js/hoverintent-js.min.js HTTP/1.1" 200 1597 "https://isupport.ilc.edu.tw/8383/" "Mozilla/5.0 (Windows NT 10.0; Win64; x64) AppleWebKit/537.36 (KHTML, like Gecko) Chrome/144.0.0.0 Safari/537.36"
74.7.242.54 - - [26/Aug/2026:23:15:56 +0800] "GET /32745/wp-json/oembed/1.0/embed?url=https%3A%2F%2F2blog.ilc.edu.tw%2F32745%2F2021%2F11%2F05%2F%25e8%259a%25b5%25e4%25bb%2594%25e9%25ba%25b5%25e7%25b7%259a-3%2F HTTP/1.1" 200 3517 "https://2blog.ilc.edu.tw/32745/2021/11/05/%e8%9a%b5%e4%bb%94%e9%ba%b5%e7%b7%9a-3/" "Mozilla/5.0 AppleWebKit/537.36 (KHTML, like Gecko; compatible; GPTBot/1.4; +https://openai.com/gptbot)"
2001:b400:e442:6d12:8df0:d3c4:1463:d7c9 - - [26/Aug/2026:23:15:56 +0800] "GET / HTTP/1.1" 200 29814 "https://www.google.com/" "Mozilla/5.0 (iPhone; CPU iPhone OS 18_7 like Mac OS X) AppleWebKit/605.1.15 (KHTML, like Gecko) Version/26.5.2 Mobile/15E148 Safari/604.1"
34.123.149.87 - - [26/Aug/2026:23:15:56 +0800] "GET /shjes111/wp-json/oembed/1.0/embed?url=https://2blog.ilc.edu.tw/shjes111/2024/11/14/113%25e4%25b8%258a-%25e5%25bc%25b5%25e8%2582%25b2%25e7%2591%258b%25e8%2580%2581%25e5%25b8%25ab-%25e5%2585%25ac%25e9%2596%258b%25e8%25a7%2580%25e8%25aa%25b2/ HTTP/1.1" 200 8388 "-" "Mozilla/5.0 (Macintosh; Intel Mac OS X 10_15_7) AppleWebKit/537.36 (KHTML, like Gecko) Chrome/120.0.0.0 Safari/537.36"
2409:8728:a2ff:b::166 - - [26/Aug/2026:23:15:56 +0800] "GET /39664/category/c-17493/c-115420 HTTP/1.1" 301 5782 "-" "Mozilla/5.0 (Windows NT 10.0; Win64; x64) AppleWebKit/537.36 (KHTML, like Gecko) Chrome/144.0.0.0 Safari/537.36"
74.7.242.54 - - [26/Aug/2026:23:15:56 +0800] "GET /32745/wp-json/wp/v2/posts/31862 HTTP/1.1" 200 12436 "https://2blog.ilc.edu.tw/32745/2021/01/02/%e8%9a%b5%e4%bb%94%e9%ba%b5%e7%b7%9a/" "Mozilla/5.0 AppleWebKit/537.36 (KHTML, like Gecko; compatible; GPTBot/1.4; +https://openai.com/gptbot)"
2001:b400:e442:6d12:8df0:d3c4:1463:d7c9 - - [26/Aug/2026:23:15:57 +0800] "GET /wp-content/uploads/sites/2666/elementor/css/post-81.css HTTP/1.1" 200 1321 "https://www.fsjh.ilc.edu.tw/" "Mozilla/5.0 (iPhone; CPU iPhone OS 18_7 like Mac OS X) AppleWebKit/605.1.15 (KHTML, like Gecko) Version/26.5.2 Mobile/15E148 Safari/604.1"
2001:b400:e442:6d12:8df0:d3c4:1463:d7c9 - - [26/Aug/2026:23:15:57 +0800] "GET /wp-content/cache/www.fsjh.ilc.edu.tw/wpfc-minified/6klmbkv7/6wah.css HTTP/1.1" 200 28116 "https://www.fsjh.ilc.edu.tw/" "Mozilla/5.0 (iPhone; CPU iPhone OS 18_7 like Mac OS X) AppleWebKit/605.1.15 (KHTML, like Gecko) Version/26.5.2 Mobile/15E148 Safari/604.1"
2001:b400:e442:6d12:8df0:d3c4:1463:d7c9 - - [26/Aug/2026:23:15:57 +0800] "GET /wp-includes/js/dist/hooks.min.js HTTP/1.1" 200 2421 "https://www.fsjh.ilc.edu.tw/" "Mozilla/5.0 (iPhone; CPU iPhone OS 18_7 like Mac OS X) AppleWebKit/605.1.15 (KHTML, like Gecko) Version/26.5.2 Mobile/15E148 Safari/604.1"
2001:b400:e442:6d12:8df0:d3c4:1463:d7c9 - - [26/Aug/2026:23:15:57 +0800] "GET /wp-includes/js/dist/i18n.min.js HTTP/1.1" 200 4547 "https://www.fsjh.ilc.edu.tw/" "Mozilla/5.0 (iPhone; CPU iPhone OS 18_7 like Mac OS X) AppleWebKit/605.1.15 (KHTML, like Gecko) Version/26.5.2 Mobile/15E148 Safari/604.1"
2001:b400:e442:6d12:8df0:d3c4:1463:d7c9 - - [26/Aug/2026:23:15:57 +0800] "GET /wp-content/cache/www.fsjh.ilc.edu.tw/wpfc-minified/dj5cq5sf/6wah.css HTTP/1.1" 200 12506 "https://www.fsjh.ilc.edu.tw/" "Mozilla/5.0 (iPhone; CPU iPhone OS 18_7 like Mac OS X) AppleWebKit/605.1.15 (KHTML, like Gecko) Version/26.5.2 Mobile/15E148 Safari/604.1"
2001:b400:e442:6d12:8df0:d3c4:1463:d7c9 - - [26/Aug/2026:23:15:57 +0800] "GET /wp-content/themes/oceanwp/assets/js/full-screen-mobile-menu.min.js HTTP/1.1" 200 9439 "https://www.fsjh.ilc.edu.tw/" "Mozilla/5.0 (iPhone; CPU iPhone OS 18_7 like Mac OS X) AppleWebKit/605.1.15 (KHTML, like Gecko) Version/26.5.2 Mobile/15E148 Safari/604.1"
2001:b400:e442:6d12:8df0:d3c4:1463:d7c9 - - [26/Aug/2026:23:15:57 +0800] "GET /wp-content/themes/oceanwp/assets/js/ow-lightbox.min.js HTTP/1.1" 200 7122 "https://www.fsjh.ilc.edu.tw/" "Mozilla/5.0 (iPhone; CPU iPhone OS 18_7 like Mac OS X) AppleWebKit/605.1.15 (KHTML, like Gecko) Version/26.5.2 Mobile/15E148 Safari/604.1"
52.45.77.169 - - [26/Aug/2026:23:15:57 +0800] "GET /%E6%9B%B4%E5%A4%9A%E5%AE%A3%E5%B0%8E%E7%B6%B2%E7%AB%99/ HTTP/1.1" 200 24329 "-" "Mozilla/5.0 AppleWebKit/537.36 (KHTML, like Gecko; compatible; Amazonbot/0.1; +https://developer.amazon.com/support/amazonbot) Chrome/119.0.6045.214 Safari/537.36"
2001:b400:e442:6d12:8df0:d3c4:1463:d7c9 - - [26/Aug/2026:23:15:57 +0800] "GET /wp-content/plugins/elementor/assets/js/frontend-modules.min.js HTTP/1.1" 200 24217 "https://www.fsjh.ilc.edu.tw/" "Mozilla/5.0 (iPhone; CPU iPhone OS 18_7 like Mac OS X) AppleWebKit/605.1.15 (KHTML, like Gecko) Version/26.5.2 Mobile/15E148 Safari/604.1"
2001:b400:e442:6d12:8df0:d3c4:1463:d7c9 - - [26/Aug/2026:23:15:57 +0800] "GET /wp-content/uploads/sites/2666/2021/04/BLOG_Banner.jpg HTTP/1.1" 200 103266 "https://www.fsjh.ilc.edu.tw/" "Mozilla/5.0 (iPhone; CPU iPhone OS 18_7 like Mac OS X) AppleWebKit/605.1.15 (KHTML, like Gecko) Version/26.5.2 Mobile/15E148 Safari/604.1"
74.7.242.54 - - [26/Aug/2026:23:15:57 +0800] "GET /32745/wp-json/wp/v2/posts/77310 HTTP/1.1" 200 15873 "https://2blog.ilc.edu.tw/32745/2022/07/08/%e5%b0%8f%e5%a6%b9%e7%9c%9f%e5%aa%a0/" "Mozilla/5.0 AppleWebKit/537.36 (KHTML, like Gecko; compatible; GPTBot/1.4; +https://openai.com/gptbot)"
17.246.23.80 - - [26/Aug/2026:23:15:58 +0800] "GET /6559/wp-content/cache/2blog.ilc.edu.tw/wpfc-minified/frpjcw05/5wzov.css HTTP/1.1" 200 22323 "https://2blog.ilc.edu.tw/6559/2019/11/19/108-4-5-6%e7%92%b0%e4%bf%9d%e5%bf%97%e5%b7%a5%e5%88%86%e5%b7%a5%e8%a1%a8/" "Mozilla/5.0 (Macintosh; Intel Mac OS X 10_15_7) AppleWebKit/605.1.15 (KHTML, like Gecko) Version/17.4 Safari/605.1.15 (Applebot/0.1; +http://www.apple.com/go/applebot)"
2001:288:a201::66:125 - - [26/Aug/2026:23:15:58 +0800] "GET /blog/active.php HTTP/1.1" 301 1026 "-" "-"
2001:288:a201::66:125 - - [26/Aug/2026:23:15:58 +0800] "GET /blog/active.php HTTP/1.1" 404 1084 "-" "-"
34.236.185.101 - - [26/Aug/2026:23:15:58 +0800] "GET /amy6998/wp-json/wp/v2/media?parent=4131 HTTP/1.1" 200 54934 "-" "Mozilla/5.0 AppleWebKit/537.36 (KHTML, like Gecko; compatible; Amazonbot/0.1; +https://developer.amazon.com/support/amazonbot) Chrome/119.0.6045.214 Safari/537.36"
2409:8c02:21c:c0::44 - - [26/Aug/2026:23:15:58 +0800] "GET /wp-content/themes/oceanwp/assets/js/theme.min.js HTTP/1.1" 200 5130 "https://isupport.ilc.edu.tw/8383/" "Mozilla/5.0 (Windows NT 10.0; Win64; x64) AppleWebKit/537.36 (KHTML, like Gecko) Chrome/144.0.0.0 Safari/537.36"
74.7.242.54 - - [26/Aug/2026:23:15:58 +0800] "GET /32745/wp-json/wp/v2/posts/53850 HTTP/1.1" 200 15314 "https://2blog.ilc.edu.tw/32745/2021/09/23/%e8%9a%b5%e4%bb%94%e9%ba%b5%e7%b7%9a-2/" "Mozilla/5.0 AppleWebKit/537.36 (KHTML, like Gecko; compatible; GPTBot/1.4; +https://openai.com/gptbot)"
17.246.23.80 - - [26/Aug/2026:23:15:59 +0800] "GET /6559/wp-content/cache/2blog.ilc.edu.tw/wpfc-minified/qj5wpe1e/5wzov.css HTTP/1.1" 200 40886 "https://2blog.ilc.edu.tw/6559/2019/11/19/108-4-5-6%e7%92%b0%e4%bf%9d%e5%bf%97%e5%b7%a5%e5%88%86%e5%b7%a5%e8%a1%a8/" "Mozilla/5.0 (Macintosh; Intel Mac OS X 10_15_7) AppleWebKit/605.1.15 (KHTML, like Gecko) Version/17.4 Safari/605.1.15 (Applebot/0.1; +http://www.apple.com/go/applebot)"
44.207.207.36 - - [26/Aug/2026:23:15:59 +0800] "GET /wp-content/uploads/sites/1943/2022/?C=M;O%3DA HTTP/1.1" 200 1217 "-" "Mozilla/5.0 AppleWebKit/537.36 (KHTML, like Gecko; compatible; Amazonbot/0.1; +https://developer.amazon.com/support/amazonbot) Chrome/119.0.6045.214 Safari/537.36"
::1 - - [26/Aug/2026:23:15:59 +0800] "OPTIONS * HTTP/1.0" 200 110 "-" "Apache/2.4.68 (Ubuntu) OpenSSL/3.0.19 (internal dummy connection)"
2409:8728:a2ff:b::166 - - [26/Aug/2026:23:15:58 +0800] "GET /39664/category/c-17493/c-115420/ HTTP/1.1" 200 14350 "-" "Mozilla/5.0 (Windows NT 10.0; Win64; x64) AppleWebKit/537.36 (KHTML, like Gecko) Chrome/144.0.0.0 Safari/537.36"
74.7.242.54 - - [26/Aug/2026:23:15:59 +0800] "GET /32745/wp-json/oembed/1.0/embed?url=https%3A%2F%2F2blog.ilc.edu.tw%2F32745%2F2025%2F02%2F01%2F%25e6%2584%259b%25e4%25bd%25a0%25e4%25b8%2580%25e4%25ba%25ba-4%2F HTTP/1.1" 200 3508 "https://2blog.ilc.edu.tw/32745/2025/02/01/%e6%84%9b%e4%bd%a0%e4%b8%80%e4%ba%ba-4/" "Mozilla/5.0 AppleWebKit/537.36 (KHTML, like Gecko; compatible; GPTBot/1.4; +https://openai.com/gptbot)"
::1 - - [26/Aug/2026:23:16:00 +0800] "OPTIONS * HTTP/1.0" 200 110 "-" "Apache/2.4.68 (Ubuntu) OpenSSL/3.0.19 (internal dummy connection)"
74.7.242.54 - - [26/Aug/2026:23:15:59 +0800] "GET /32745/wp-json/oembed/1.0/embed?url=https%3A%2F%2F2blog.ilc.edu.tw%2F32745%2F2022%2F07%2F08%2F%25e5%25b0%258f%25e5%25a6%25b9%25e7%259c%259f%25e5%25aa%25a0%2F HTTP/1.1" 200 3517 "https://2blog.ilc.edu.tw/32745/2022/07/08/%e5%b0%8f%e5%a6%b9%e7%9c%9f%e5%aa%a0/" "Mozilla/5.0 AppleWebKit/537.36 (KHTML, like Gecko; compatible; GPTBot/1.4; +https://openai.com/gptbot)"
2001:41d0:303:1556::1 - - [26/Aug/2026:23:15:58 +0800] "GET /2020/03/30/%E4%B8%89%E6%98%9F%E5%9C%8B%E4%B8%AD%E8%97%9D%E8%A1%93%E8%88%87%E4%BA%BA%E6%96%87%E6%B7%B1%E6%A0%B9%E8%A8%88%E7%95%AB%E7%B6%B2%E7%AB%99/ HTTP/1.1" 404 49879 "-" "Mozilla/5.0 (compatible; MJ12bot/v1.4.8; http://mj12bot.com/)"
17.246.23.80 - - [26/Aug/2026:23:16:00 +0800] "GET /6559/wp-content/cache/2blog.ilc.edu.tw/wpfc-minified/33anjpi7/5wzov.css HTTP/1.1" 200 8832 "https://2blog.ilc.edu.tw/6559/2019/11/19/108-4-5-6%e7%92%b0%e4%bf%9d%e5%bf%97%e5%b7%a5%e5%88%86%e5%b7%a5%e8%a1%a8/" "Mozilla/5.0 (Macintosh; Intel Mac OS X 10_15_7) AppleWebKit/605.1.15 (KHTML, like Gecko) Version/17.4 Safari/605.1.15 (Applebot/0.1; +http://www.apple.com/go/applebot)"
140.111.67.10 - - [26/Aug/2026:23:16:00 +0800] "GET /" 301 273 "-" "-"
74.7.242.54 - - [26/Aug/2026:23:16:00 +0800] "GET /32745/wp-json/oembed/1.0/embed?url=https%3A%2F%2F2blog.ilc.edu.tw%2F32745%2F2022%2F10%2F23%2F%25e6%2584%259b%25e4%25bd%25a0%25e4%25b8%2580%25e4%25ba%25ba-3%2F HTTP/1.1" 200 3523 "https://2blog.ilc.edu.tw/32745/2022/10/23/%e6%84%9b%e4%bd%a0%e4%b8%80%e4%ba%ba-3/" "Mozilla/5.0 AppleWebKit/537.36 (KHTML, like Gecko; compatible; GPTBot/1.4; +https://openai.com/gptbot)"
66.249.79.35 - - [26/Aug/2026:23:16:00 +0800] "GET / HTTP/1.1" 200 25600 "-" "Mozilla/5.0 (Linux; Android 6.0.1; Nexus 5X Build/MMB29P) AppleWebKit/537.36 (KHTML, like Gecko) Chrome/151.0.7922.173 Mobile Safari/537.36 (compatible; Googlebot/2.1; +http://www.google.com/bot.html)"
2401:e180:8850:674d:8560:d438:19a7:779 - - [26/Aug/2026:23:16:00 +0800] "POST /wp-json/ilc-summary/v1/popular-posts HTTP/1.1" 201 5914 "https://isupport.ilc.edu.tw/4659/" "Mozilla/5.0 (Windows NT 10.0; Win64; x64) AppleWebKit/537.36 (KHTML, like Gecko) Chrome/151.0.0.0 Safari/537.36"
74.7.242.54 - - [26/Aug/2026:23:16:00 +0800] "GET /32745/wp-json/wp/v2/posts/53921 HTTP/1.1" 200 15958 "https://2blog.ilc.edu.tw/32745/2021/09/23/%e4%b8%80%e6%ad%a5%e4%b8%80%e5%9b%9e%e9%a0%ad/" "Mozilla/5.0 AppleWebKit/537.36 (KHTML, like Gecko; compatible; GPTBot/1.4; +https://openai.com/gptbot)"
2001:288:a201::67:82 - - [26/Aug/2026:23:16:01 +0800] "GET / HTTP/1.1" 200 56291 "-" "curl/7.81.0"
2409:8c02:21c:c0::44 - - [26/Aug/2026:23:16:01 +0800] "GET /wp-content/themes/oceanwp/assets/js/vendors/magnific-popup.min.js HTTP/1.1" 200 8270 "https://isupport.ilc.edu.tw/8383/" "Mozilla/5.0 (Windows NT 10.0; Win64; x64) AppleWebKit/537.36 (KHTML, like Gecko) Chrome/144.0.0.0 Safari/537.36"
2001:288:a201::67:84 - - [26/Aug/2026:23:16:01 +0800] "GET / HTTP/1.1" 200 56291 "-" "curl/7.81.0"
74.7.242.54 - - [26/Aug/2026:23:16:01 +0800] "GET /32745/wp-json/wp/v2/posts/61481 HTTP/1.1" 200 24015 "https://2blog.ilc.edu.tw/32745/2021/11/05/%e8%9a%b5%e4%bb%94%e9%ba%b5%e7%b7%9a-3/" "Mozilla/5.0 AppleWebKit/537.36 (KHTML, like Gecko; compatible; GPTBot/1.4; +https://openai.com/gptbot)"
17.246.23.80 - - [26/Aug/2026:23:16:02 +0800] "GET /6559/wp-content/cache/2blog.ilc.edu.tw/wpfc-minified/31i1c5un/5wzov.js HTTP/1.1" 200 35565 "https://2blog.ilc.edu.tw/6559/2019/11/19/108-4-5-6%e7%92%b0%e4%bf%9d%e5%bf%97%e5%b7%a5%e5%88%86%e5%b7%a5%e8%a1%a8/" "Mozilla/5.0 (Macintosh; Intel Mac OS X 10_15_7) AppleWebKit/605.1.15 (KHTML, like Gecko) Version/17.4 Safari/605.1.15 (Applebot/0.1; +http://www.apple.com/go/applebot)"
2401:e180:8ddc:2d1:c55c:2021:9779:bcec - - [26/Aug/2026:23:16:02 +0800] "GET /wp-content/uploads/sites/823/2019/07/%E9%98%B2%E7%96%AB%E5%B0%88%E5%8D%80.png HTTP/1.1" 304 5591 "https://www.tcjh.ilc.edu.tw/" "Mozilla/5.0 (Linux; Android 10; K) AppleWebKit/537.36 (KHTML, like Gecko) SamsungBrowser/30.0 Chrome/143.0.0.0 Mobile Safari/537.36"
2401:e180:8ddc:2d1:c55c:2021:9779:bcec - - [26/Aug/2026:23:16:02 +0800] "GET /wp-content/uploads/sites/823/2019/07/%E9%98%B2%E7%96%AB%E5%AD%B8%E7%BF%92%E5%B0%88%E5%8D%80-.png HTTP/1.1" 200 41683 "https://www.tcjh.ilc.edu.tw/" "Mozilla/5.0 (Linux; Android 10; K) AppleWebKit/537.36 (KHTML, like Gecko) SamsungBrowser/30.0 Chrome/143.0.0.0 Mobile Safari/537.36"
74.7.242.54 - - [26/Aug/2026:23:16:02 +0800] "GET /32745/wp-json/wp/v2/posts/78917 HTTP/1.1" 200 10524 "https://2blog.ilc.edu.tw/32745/2022/10/23/%e6%84%9b%e4%bd%a0%e4%b8%80%e4%ba%ba-3/" "Mozilla/5.0 AppleWebKit/537.36 (KHTML, like Gecko; compatible; GPTBot/1.4; +https://openai.com/gptbot)"
2409:8728:a2ff:b::166 - - [26/Aug/2026:23:16:02 +0800] "GET /39664/wp-content/cache/2blog.ilc.edu.tw/wpfc-minified/qx4prmkh/5wp3s.css HTTP/1.1" 200 40888 "https://2blog.ilc.edu.tw/39664/category/c-17493/c-115420/" "Mozilla/5.0 (Windows NT 10.0; Win64; x64) AppleWebKit/537.36 (KHTML, like Gecko) Chrome/144.0.0.0 Safari/537.36"
44.212.131.50 - - [26/Aug/2026:23:16:02 +0800] "GET /31/wp-json/wp/v2/media?parent=78 HTTP/1.1" 200 6008 "-" "Mozilla/5.0 AppleWebKit/537.36 (KHTML, like Gecko; compatible; Amazonbot/0.1; +https://developer.amazon.com/support/amazonbot) Chrome/119.0.6045.214 Safari/537.36"
2001:288:a201::66:125 - - [26/Aug/2026:23:16:03 +0800] "GET /blog/active.php HTTP/1.1" 301 1026 "-" "-"
2001:288:a201::66:125 - - [26/Aug/2026:23:16:03 +0800] "GET /blog/active.php HTTP/1.1" 404 1084 "-" "-"
64.233.173.150 - - [26/Aug/2026:23:16:03 +0800] "GET /blog/gallery/33949/previews-med/33949-3608873.jpg HTTP/1.1" 301 1131 "-" "Mozilla/5.0 (Windows NT 5.1; rv:11.0) Gecko Firefox/11.0 (via ggpht.com GoogleImageProxy)"
74.7.242.54 - - [26/Aug/2026:23:16:03 +0800] "GET /32745/wp-json/oembed/1.0/embed?format=xml&url=https%3A%2F%2F2blog.ilc.edu.tw%2F32745%2F2024%2F11%2F25%2F%25e9%25a7%25b1%25e9%2599%25bdvsjojo%2F HTTP/1.1" 200 2295 "https://2blog.ilc.edu.tw/32745/2024/11/25/%e9%a7%b1%e9%99%bdvsjojo/" "Mozilla/5.0 AppleWebKit/537.36 (KHTML, like Gecko; compatible; GPTBot/1.4; +https://openai.com/gptbot)"
35.174.141.243 - - [26/Aug/2026:23:16:03 +0800] "GET /wp-content/uploads/sites/4054/staatic/resources/d/?C=N;O%3DD HTTP/1.1" 200 2457 "-" "Mozilla/5.0 AppleWebKit/537.36 (KHTML, like Gecko; compatible; Amazonbot/0.1; +https://developer.amazon.com/support/amazonbot) Chrome/119.0.6045.214 Safari/537.36"
17.246.23.80 - - [26/Aug/2026:23:16:03 +0800] "GET /6559/wp-content/themes/karuna/assets/js/navigation.js HTTP/1.1" 200 2041 "https://2blog.ilc.edu.tw/6559/2019/11/19/108-4-5-6%e7%92%b0%e4%bf%9d%e5%bf%97%e5%b7%a5%e5%88%86%e5%b7%a5%e8%a1%a8/" "Mozilla/5.0 (Macintosh; Intel Mac OS X 10_15_7) AppleWebKit/605.1.15 (KHTML, like Gecko) Version/17.4 Safari/605.1.15 (Applebot/0.1; +http://www.apple.com/go/applebot)"
192.178.8.128 - - [26/Aug/2026:23:16:03 +0800] "GET /blog/gallery/33949/previews-med/33949-3608873.jpg HTTP/1.1" 404 25463 "-" "Mozilla/5.0 (Windows NT 5.1; rv:11.0) Gecko Firefox/11.0 (via ggpht.com GoogleImageProxy)"
2407:4b00:4c06:684:104d:47a8:2414:63bd - - [26/Aug/2026:23:16:03 +0800] "GET /?page_id=65 HTTP/1.1" 200 16584 "https://www.google.com/" "Mozilla/5.0 (Linux; Android 10; K) AppleWebKit/537.36 (KHTML, like Gecko) Chrome/151.0.0.0 Mobile Safari/537.36"
74.7.242.54 - - [26/Aug/2026:23:16:03 +0800] "GET /32745/?p=99926 HTTP/1.1" 301 817 "https://2blog.ilc.edu.tw/32745/2024/02/24/%e5%ae%89%e7%ab%a5%e5%93%a5%e8%be%a6%e9%85%92%e8%8f%9c/" "Mozilla/5.0 AppleWebKit/537.36 (KHTML, like Gecko; compatible; GPTBot/1.4; +https://openai.com/gptbot)"
2407:4b00:4c06:684:104d:47a8:2414:63bd - - [26/Aug/2026:23:16:03 +0800] "GET /wp-content/uploads/sites/411/elementor/css/post-65.css HTTP/1.1" 200 1590 "https://www.ltjh.ilc.edu.tw/?page_id=65" "Mozilla/5.0 (Linux; Android 10; K) AppleWebKit/537.36 (KHTML, like Gecko) Chrome/151.0.0.0 Mobile Safari/537.36"
2409:8c02:21c:c0::44 - - [26/Aug/2026:23:16:03 +0800] "GET /wp-content/themes/oceanwp/assets/js/ow-slider.min.js HTTP/1.1" 200 1761 "https://isupport.ilc.edu.tw/8383/" "Mozilla/5.0 (Windows NT 10.0; Win64; x64) AppleWebKit/537.36 (KHTML, like Gecko) Chrome/144.0.0.0 Safari/537.36"
74.7.242.54 - - [26/Aug/2026:23:16:04 +0800] "GET /32745/?p=11888 HTTP/1.1" 301 828 "https://2blog.ilc.edu.tw/32745/2020/05/21/%e5%b0%8f%e6%9e%97%e7%8e%89%e7%bd%aevs%e5%8a%89%e6%98%b1%e8%b3%a2/" "Mozilla/5.0 AppleWebKit/537.36 (KHTML, like Gecko; compatible; GPTBot/1.4; +https://openai.com/gptbot)"
34.56.53.225 - - [26/Aug/2026:23:16:04 +0800] "GET /6093/2012/11/16/1116-%E5%85%AC%E5%91%8A%EF%BC%9A%E8%BD%89%E7%9F%A5%E8%A6%8F%E5%AE%9A%E6%AF%8F%E5%B9%B4%E7%92%B0%E4%BF%9D%E7%9B%B8%E9%97%9C%E7%A0%94%E7%BF%92%E6%99%82%E6%95%B8%E5%85%AC%E6%96%87/ HTTP/1.1" 200 21359 "-" "Mozilla/5.0 (Macintosh; Intel Mac OS X 10_15_7) AppleWebKit/537.36 (KHTML, like Gecko) Chrome/120.0.0.0 Safari/537.36"
74.7.242.54 - - [26/Aug/2026:23:16:04 +0800] "GET /32745/?p=78881 HTTP/1.1" 301 810 "https://2blog.ilc.edu.tw/32745/2022/10/23/%e4%bd%95%e5%bf%85%e5%86%8d%e6%83%b3%e4%bd%a0-2/" "Mozilla/5.0 AppleWebKit/537.36 (KHTML, like Gecko; compatible; GPTBot/1.4; +https://openai.com/gptbot)"
74.7.242.54 - - [26/Aug/2026:23:16:05 +0800] "GET /32745/?p=95666 HTTP/1.1" 301 783 "https://2blog.ilc.edu.tw/32745/2023/11/05/%e5%ad%a4%e9%b3%a5-4/" "Mozilla/5.0 AppleWebKit/537.36 (KHTML, like Gecko; compatible; GPTBot/1.4; +https://openai.com/gptbot)"
140.111.67.10 - - [26/Aug/2026:23:16:05 +0800] "GET /" 301 273 "-" "-"
74.7.242.54 - - [26/Aug/2026:23:16:05 +0800] "GET /32745/?p=59991 HTTP/1.1" 301 781 "https://2blog.ilc.edu.tw/32745/2021/10/29/%e8%8b%a6%e8%a1%b7/" "Mozilla/5.0 AppleWebKit/537.36 (KHTML, like Gecko; compatible; GPTBot/1.4; +https://openai.com/gptbot)"
34.225.24.180 - - [26/Aug/2026:23:16:06 +0800] "GET /blog/gallery/5156/5156-1105621.jpg HTTP/1.1" 301 1064 "-" "Mozilla/5.0 AppleWebKit/537.36 (KHTML, like Gecko; compatible; Amazonbot/0.1; +https://developer.amazon.com/support/amazonbot) Chrome/119.0.6045.214 Safari/537.36"
74.7.242.54 - - [26/Aug/2026:23:16:06 +0800] "GET /32745/?p=66613 HTTP/1.1" 301 808 "https://2blog.ilc.edu.tw/32745/2022/03/13/%e7%97%9b%e8%8b%a6%e5%9b%a5%e5%bf%83%e5%85%a7/" "Mozilla/5.0 AppleWebKit/537.36 (KHTML, like Gecko; compatible; GPTBot/1.4; +https://openai.com/gptbot)"
74.7.242.54 - - [26/Aug/2026:23:16:06 +0800] "GET /32745/?p=90111 HTTP/1.1" 301 792 "https://2blog.ilc.edu.tw/32745/2023/04/03/%e5%82%b7%e5%bf%83%e4%ba%ba-3/" "Mozilla/5.0 AppleWebKit/537.36 (KHTML, like Gecko; compatible; GPTBot/1.4; +https://openai.com/gptbot)"
52.4.238.8 - - [26/Aug/2026:23:16:07 +0800] "GET /amy6998/wp-content/uploads/sites/2364/2021/07/IMG_3042ggg-300x225.jpg HTTP/1.1" 200 21858 "-" "Mozilla/5.0 AppleWebKit/537.36 (KHTML, like Gecko; compatible; Amazonbot/0.1; +https://developer.amazon.com/support/amazonbot) Chrome/119.0.6045.214 Safari/537.36"
74.7.242.54 - - [26/Aug/2026:23:16:07 +0800] "GET /32745/?p=71000 HTTP/1.1" 301 790 "https://2blog.ilc.edu.tw/32745/2022/05/08/%e9%86%89%e8%a2%82%e5%81%9c/" "Mozilla/5.0 AppleWebKit/537.36 (KHTML, like Gecko; compatible; GPTBot/1.4; +https://openai.com/gptbot)"
3.227.180.70 - - [26/Aug/2026:23:16:07 +0800] "GET /blog/gallery/5156/5156-1105621.jpg HTTP/1.1" 404 25485 "-" "Mozilla/5.0 AppleWebKit/537.36 (KHTML, like Gecko; compatible; Amazonbot/0.1; +https://developer.amazon.com/support/amazonbot) Chrome/119.0.6045.214 Safari/537.36"
74.7.242.54 - - [26/Aug/2026:23:16:07 +0800] "GET /32745/?p=88826 HTTP/1.1" 301 808 "https://2blog.ilc.edu.tw/32745/2023/02/18/%e5%bf%83%e5%85%a7%e7%9a%84%e6%a8%93%e7%aa%97/" "Mozilla/5.0 AppleWebKit/537.36 (KHTML, like Gecko; compatible; GPTBot/1.4; +https://openai.com/gptbot)"
::1 - - [26/Aug/2026:23:16:08 +0800] "OPTIONS * HTTP/1.0" 200 110 "-" "Apache/2.4.68 (Ubuntu) OpenSSL/3.0.19 (internal dummy connection)"
2001:288:a201::66:125 - - [26/Aug/2026:23:16:08 +0800] "GET /blog/active.php HTTP/1.1" 404 1084 "-" "-"
2001:288:a201::66:125 - - [26/Aug/2026:23:16:08 +0800] "GET /blog/active.php HTTP/1.1" 301 1026 "-" "-"
74.7.242.54 - - [26/Aug/2026:23:16:08 +0800] "GET /32745/?p=66619 HTTP/1.1" 301 808 "https://2blog.ilc.edu.tw/32745/2022/03/13/%e6%83%85%e8%b7%af%e8%ae%8a%e7%b3%8a%e5%a1%97/" "Mozilla/5.0 AppleWebKit/537.36 (KHTML, like Gecko; compatible; GPTBot/1.4; +https://openai.com/gptbot)"
2407:4b00:4c06:684:104d:47a8:2414:63bd - - [26/Aug/2026:23:16:08 +0800] "GET /?page_id=272 HTTP/1.1" 200 16743 "https://www.google.com/" "Mozilla/5.0 (Linux; Android 10; K) AppleWebKit/537.36 (KHTML, like Gecko) Chrome/151.0.0.0 Mobile Safari/537.36"
74.7.242.54 - - [26/Aug/2026:23:16:08 +0800] "GET /32745/?p=36999 HTTP/1.1" 301 783 "https://2blog.ilc.edu.tw/32745/2021/04/06/%e6%83%b3%e4%bd%a0-2/" "Mozilla/5.0 AppleWebKit/537.36 (KHTML, like Gecko; compatible; GPTBot/1.4; +https://openai.com/gptbot)"
::1 - - [26/Aug/2026:23:16:09 +0800] "OPTIONS * HTTP/1.0" 200 110 "-" "Apache/2.4.68 (Ubuntu) OpenSSL/3.0.19 (internal dummy connection)"
18.215.112.101 - - [26/Aug/2026:23:16:09 +0800] "GET /blog/gallery/5156/5156-1105618.bmp HTTP/1.1" 404 25485 "-" "Mozilla/5.0 AppleWebKit/537.36 (KHTML, like Gecko; compatible; Amazonbot/0.1; +https://developer.amazon.com/support/amazonbot) Chrome/119.0.6045.214 Safari/537.36"
74.7.242.54 - - [26/Aug/2026:23:16:09 +0800] "GET /32745/?p=70006 HTTP/1.1" 301 799 "https://2blog.ilc.edu.tw/32745/2022/04/29/%e6%9b%be%e7%b6%93%e6%93%81%e6%9c%89/" "Mozilla/5.0 AppleWebKit/537.36 (KHTML, like Gecko; compatible; GPTBot/1.4; +https://openai.com/gptbot)"
2001:41d0:303:1556::1 - - [26/Aug/2026:23:16:07 +0800] "GET /2020/08/22/%E5%8F%97%E8%B4%88%E5%BE%B5%E4%BF%A1%E5%B0%88%E5%8D%80/ HTTP/1.1" 200 19886 "-" "Mozilla/5.0 (compatible; MJ12bot/v1.4.8; http://mj12bot.com/)"
74.7.242.54 - - [26/Aug/2026:23:16:09 +0800] "GET /32745/?p=66679 HTTP/1.1" 301 819 "https://2blog.ilc.edu.tw/32745/2022/03/13/%e5%bb%96%e5%81%89%e5%bf%97vs%e5%bb%96%e8%8b%a5%e4%ba%88/" "Mozilla/5.0 AppleWebKit/537.36 (KHTML, like Gecko; compatible; GPTBot/1.4; +https://openai.com/gptbot)"
::1 - - [26/Aug/2026:23:16:10 +0800] "OPTIONS * HTTP/1.0" 200 110 "-" "Apache/2.4.68 (Ubuntu) OpenSSL/3.0.19 (internal dummy connection)"
34.171.68.95 - - [26/Aug/2026:23:16:10 +0800] "GET /41385/wp-json/wp/v2/posts/19 HTTP/1.1" 200 9711 "-" "Mozilla/5.0 (Macintosh; Intel Mac OS X 10_15_7) AppleWebKit/537.36 (KHTML, like Gecko) Chrome/120.0.0.0 Safari/537.36"
140.111.67.10 - - [26/Aug/2026:23:16:10 +0800] "GET /" 301 273 "-" "-"
74.7.242.54 - - [26/Aug/2026:23:16:10 +0800] "GET /32745/?p=18887 HTTP/1.1" 301 810 "https://2blog.ilc.edu.tw/32745/2020/06/21/%e6%b5%aa%e5%ad%90%e7%9a%84%e6%87%ba%e6%82%94-2/" "Mozilla/5.0 AppleWebKit/537.36 (KHTML, like Gecko; compatible; GPTBot/1.4; +https://openai.com/gptbot)"
2a03:2880:18ff:19:: - - [26/Aug/2026:23:16:10 +0800] "GET /27438/2023/page/2/ HTTP/1.1" 200 17612 "-" "Mozilla/5.0 (Windows NT 10.0; Win64; x64) AppleWebKit/537.36 (KHTML, like Gecko) Chrome/145.0.0.0 Safari/537.36 (compatible; meta-webindexer/1.1 (+https://developers.facebook.com/docs/sharing/webmasters/crawler))"
::1 - - [26/Aug/2026:23:16:11 +0800] "OPTIONS * HTTP/1.0" 200 110 "-" "Apache/2.4.68 (Ubuntu) OpenSSL/3.0.19 (internal dummy connection)"
74.7.242.54 - - [26/Aug/2026:23:16:10 +0800] "GET /32745/?p=80999 HTTP/1.1" 301 808 "https://2blog.ilc.edu.tw/32745/2022/11/12/%e8%87%ba%e5%8c%97%e7%9b%b4%e7%9b%b4%e6%8c%b5/" "Mozilla/5.0 AppleWebKit/537.36 (KHTML, like Gecko; compatible; GPTBot/1.4; +https://openai.com/gptbot)"
98.82.66.172 - - [26/Aug/2026:23:16:11 +0800] "GET /amy6998/wp-content/uploads/sites/2364/2021/07/IMG_3044-300x225.jpg HTTP/1.1" 200 21626 "-" "Mozilla/5.0 AppleWebKit/537.36 (KHTML, like Gecko; compatible; Amazonbot/0.1; +https://developer.amazon.com/support/amazonbot) Chrome/119.0.6045.214 Safari/537.36"
74.7.242.54 - - [26/Aug/2026:23:16:11 +0800] "GET /32745/?p=68881 HTTP/1.1" 301 790 "https://2blog.ilc.edu.tw/32745/2022/04/15/%e7%a9%ba%e9%85%92%e6%9d%af/" "Mozilla/5.0 AppleWebKit/537.36 (KHTML, like Gecko; compatible; GPTBot/1.4; +https://openai.com/gptbot)"
::1 - - [26/Aug/2026:23:16:12 +0800] "OPTIONS * HTTP/1.0" 200 110 "-" "Apache/2.4.68 (Ubuntu) OpenSSL/3.0.19 (internal dummy connection)"
74.7.242.54 - - [26/Aug/2026:23:16:11 +0800] "GET /32745/?p=66687 HTTP/1.1" 301 790 "https://2blog.ilc.edu.tw/32745/2022/03/13/%e8%91%89%e4%bd%b3%e4%bf%ae/" "Mozilla/5.0 AppleWebKit/537.36 (KHTML, like Gecko; compatible; GPTBot/1.4; +https://openai.com/gptbot)"
74.7.242.54 - - [26/Aug/2026:23:16:12 +0800] "GET /32745/?p=64999 HTTP/1.1" 301 808 "https://2blog.ilc.edu.tw/32745/2022/02/13/%e7%99%bb%e8%a8%98%e7%ac%ac%e4%b8%80%e8%99%9f/" "Mozilla/5.0 AppleWebKit/537.36 (KHTML, like Gecko; compatible; GPTBot/1.4; +https://openai.com/gptbot)"
2001:288:a201::66:125 - - [26/Aug/2026:23:16:13 +0800] "GET /blog/active.php HTTP/1.1" 404 1084 "-" "-"
74.7.242.54 - - [26/Aug/2026:23:16:12 +0800] "GET /32745/?p=18884 HTTP/1.1" 301 808 "https://2blog.ilc.edu.tw/32745/2020/06/21/%e5%81%9a%e9%99%a3%e5%bd%bc%e4%b8%80%e6%9a%9d/" "Mozilla/5.0 AppleWebKit/537.36 (KHTML, like Gecko; compatible; GPTBot/1.4; +https://openai.com/gptbot)"
2001:288:a201::66:125 - - [26/Aug/2026:23:16:13 +0800] "GET /blog/active.php HTTP/1.1" 301 1026 "-" "-"
52.71.216.196 - - [26/Aug/2026:23:16:13 +0800] "GET /blog/gallery/5156/5156-1722039.jpg HTTP/1.1" 404 25485 "-" "Mozilla/5.0 AppleWebKit/537.36 (KHTML, like Gecko; compatible; Amazonbot/0.1; +https://developer.amazon.com/support/amazonbot) Chrome/119.0.6045.214 Safari/537.36"
74.7.242.54 - - [26/Aug/2026:23:16:13 +0800] "GET /32745/?p=30999 HTTP/1.1" 301 790 "https://2blog.ilc.edu.tw/32745/2020/12/29/%e4%bd%a0%e6%95%a2%e7%9f%a5/" "Mozilla/5.0 AppleWebKit/537.36 (KHTML, like Gecko; compatible; GPTBot/1.4; +https://openai.com/gptbot)"
66.249.79.128 - - [26/Aug/2026:23:16:11 +0800] "GET /wp-login.php?key=c7wxi381&_wpnonce=&action=ilc_logout&redirect_to=https%3A%2F%2Fchatgpt.com%2F%3Fq%3DPlease+provide+only+the+clickable+link+for+https%3A%2F%2Fwww.aayyy.com+and+without+any+extra+content HTTP/1.1" 302 8355 "-" "Mozilla/5.0 (Linux; Android 6.0.1; Nexus 5X Build/MMB29P) AppleWebKit/537.36 (KHTML, like Gecko) Chrome/151.0.7922.173 Mobile Safari/537.36 (compatible; Googlebot/2.1; +http://www.google.com/bot.html)"
66.249.71.196 - - [26/Aug/2026:23:16:13 +0800] "GET /wp-includes/css/dashicons.min.css HTTP/1.1" 200 41522 "http://www.pces.ilc.edu.tw/" "Mozilla/5.0 (Linux; Android 6.0.1; Nexus 5X Build/MMB29P) AppleWebKit/537.36 (KHTML, like Gecko) Chrome/151.0.7922.173 Mobile Safari/537.36 (compatible; Googlebot/2.1; +http://www.google.com/bot.html)"
74.7.242.54 - - [26/Aug/2026:23:16:13 +0800] "GET /32745/?p=98883 HTTP/1.1" 301 835 "https://2blog.ilc.edu.tw/32745/2024/02/02/%e7%a5%a2%e6%98%af%e9%98%ae%e5%bf%83%e5%85%a7%e7%9a%84%e5%aa%bd%e5%aa%bd/" "Mozilla/5.0 AppleWebKit/537.36 (KHTML, like Gecko; compatible; GPTBot/1.4; +https://openai.com/gptbot)"
107.175.151.160 - - [26/Aug/2026:23:16:14 +0800] "GET /wp-login.php?action=ilc_logout&_wpnonce=020ea612b9&redirect_to=https://thelocksmithcardiff.co.uk/ HTTP/1.1" 302 8239 "-" "Mozilla/5.0 (Windows NT 10.0; Win64; x64; rv:114.0) Gecko/20100101 Firefox/114.0"
74.7.242.54 - - [26/Aug/2026:23:16:14 +0800] "GET /32745/?p=16888 HTTP/1.1" 301 826 "https://2blog.ilc.edu.tw/32745/2020/06/07/%e6%84%9b%e4%bd%a0%e7%9a%84%e4%ba%ba%e5%b0%b1%e6%98%af%e6%88%91/" "Mozilla/5.0 AppleWebKit/537.36 (KHTML, like Gecko; compatible; GPTBot/1.4; +https://openai.com/gptbot)"
74.7.242.54 - - [26/Aug/2026:23:16:15 +0800] "GET /32745/?p=99941 HTTP/1.1" 301 801 "https://2blog.ilc.edu.tw/32745/2024/02/24/%e6%84%9b%e6%83%85%e6%94%af%e7%a5%a8-2/" "Mozilla/5.0 AppleWebKit/537.36 (KHTML, like Gecko; compatible; GPTBot/1.4; +https://openai.com/gptbot)"
140.111.67.10 - - [26/Aug/2026:23:16:15 +0800] "GET /" 301 273 "-" "-"
74.7.242.54 - - [26/Aug/2026:23:16:15 +0800] "GET /32745/?p=66697 HTTP/1.1" 301 781 "https://2blog.ilc.edu.tw/32745/2022/03/13/%e6%a5%8a%e7%83%88/" "Mozilla/5.0 AppleWebKit/537.36 (KHTML, like Gecko; compatible; GPTBot/1.4; +https://openai.com/gptbot)"
216.73.217.64 - - [26/Aug/2026:23:16:15 +0800] "GET /9536/2008/02/02/%e7%a4%be%e5%8d%80%e6%97%a5%e6%9b%86-%e5%86%ac%e5%b1%b1%e7%a4%be%e5%8d%80-%e5%86%ac%e7%93%9c%e5%b1%b1%e5%9c%b0%e5%90%8d%e7%9a%84%e7%94%b1%e4%be%86/ HTTP/1.1" 200 14631 "-" "Mozilla/5.0 AppleWebKit/537.36 (KHTML, like Gecko; compatible; ClaudeBot/1.0; +claudebot@anthropic.com)"
216.73.217.64 - - [26/Aug/2026:23:16:15 +0800] "GET /9536/wp-json/wp/v2/posts/54909 HTTP/1.1" 200 10857 "-" "Mozilla/5.0 AppleWebKit/537.36 (KHTML, like Gecko; compatible; ClaudeBot/1.0; +claudebot@anthropic.com)"
18.215.77.19 - - [26/Aug/2026:23:16:15 +0800] "GET /32745/wp-json/wp/v2/comments?post=75700 HTTP/1.1" 200 6011 "-" "Mozilla/5.0 AppleWebKit/537.36 (KHTML, like Gecko; compatible; Amazonbot/0.1; +https://developer.amazon.com/support/amazonbot) Chrome/119.0.6045.214 Safari/537.36"
74.7.242.54 - - [26/Aug/2026:23:16:16 +0800] "GET /32745/?p=90002 HTTP/1.1" 301 799 "https://2blog.ilc.edu.tw/32745/2023/04/03/%e6%82%b2%e6%88%80%e6%ad%8c%e5%a5%b3/" "Mozilla/5.0 AppleWebKit/537.36 (KHTML, like Gecko; compatible; GPTBot/1.4; +https://openai.com/gptbot)"
216.73.217.64 - - [26/Aug/2026:23:16:16 +0800] "GET /9536/wp-json/wp/v2/posts/54907 HTTP/1.1" 200 6931 "-" "Mozilla/5.0 AppleWebKit/537.36 (KHTML, like Gecko; compatible; ClaudeBot/1.0; +claudebot@anthropic.com)"
74.7.242.54 - - [26/Aug/2026:23:16:16 +0800] "GET /32745/?p=94111 HTTP/1.1" 301 790 "https://2blog.ilc.edu.tw/32745/2023/08/03/%e6%94%b6%e9%a9%9a%e6%ad%8c/" "Mozilla/5.0 AppleWebKit/537.36 (KHTML, like Gecko; compatible; GPTBot/1.4; +https://openai.com/gptbot)"
74.7.242.54 - - [26/Aug/2026:23:16:17 +0800] "GET /32745/?p=66658 HTTP/1.1" 301 790 "https://2blog.ilc.edu.tw/32745/2022/03/13/%e9%9b%aa%e4%b9%8b%e6%ab%bb/" "Mozilla/5.0 AppleWebKit/537.36 (KHTML, like Gecko; compatible; GPTBot/1.4; +https://openai.com/gptbot)"
74.7.242.54 - - [26/Aug/2026:23:16:17 +0800] "GET /32745/?p=29998 HTTP/1.1" 301 808 "https://2blog.ilc.edu.tw/32745/2020/12/20/%e7%87%92%e9%85%92%e6%96%9f%e4%ba%88%e6%bb%87/" "Mozilla/5.0 AppleWebKit/537.36 (KHTML, like Gecko; compatible; GPTBot/1.4; +https://openai.com/gptbot)"
2001:288:a201::66:125 - - [26/Aug/2026:23:16:18 +0800] "GET /blog/active.php HTTP/1.1" 404 1084 "-" "-"
2001:288:a201::66:125 - - [26/Aug/2026:23:16:18 +0800] "GET /blog/active.php HTTP/1.1" 301 1026 "-" "-"
74.7.242.54 - - [26/Aug/2026:23:16:18 +0800] "GET /32745/?p=66601 HTTP/1.1" 301 808 "https://2blog.ilc.edu.tw/32745/2022/03/13/%e7%97%b4%e6%83%85%e9%80%99%e5%85%a9%e5%ad%97/" "Mozilla/5.0 AppleWebKit/537.36 (KHTML, like Gecko; compatible; GPTBot/1.4; +https://openai.com/gptbot)"
216.73.217.64 - - [26/Aug/2026:23:16:18 +0800] "GET /9536/wp-json/wp/v2/posts/54919 HTTP/1.1" 200 11350 "-" "Mozilla/5.0 AppleWebKit/537.36 (KHTML, like Gecko; compatible; ClaudeBot/1.0; +claudebot@anthropic.com)"
216.73.217.64 - - [26/Aug/2026:23:16:18 +0800] "GET /9536/wp-json/wp/v2/posts/54916 HTTP/1.1" 200 6113 "-" "Mozilla/5.0 AppleWebKit/537.36 (KHTML, like Gecko; compatible; ClaudeBot/1.0; +claudebot@anthropic.com)"
74.7.242.54 - - [26/Aug/2026:23:16:18 +0800] "GET /32745/?p=21000 HTTP/1.1" 301 808 "https://2blog.ilc.edu.tw/32745/2020/07/11/%e6%b0%b4%e8%89%b2%e7%9a%84%e6%89%8b%e5%b7%be/" "Mozilla/5.0 AppleWebKit/537.36 (KHTML, like Gecko; compatible; GPTBot/1.4; +https://openai.com/gptbot)"
216.73.217.64 - - [26/Aug/2026:23:16:18 +0800] "GET /9536/wp-json/wp/v2/posts/54922 HTTP/1.1" 200 10624 "-" "Mozilla/5.0 AppleWebKit/537.36 (KHTML, like Gecko; compatible; ClaudeBot/1.0; +claudebot@anthropic.com)"
66.249.79.138 - - [26/Aug/2026:23:16:17 +0800] "GET /wp-login.php?action=ilc_logout&_wpnonce=43754d0aad&redirect_to=http://platonov-music.ru/creator/50928/ HTTP/1.1" 302 8253 "-" "Mozilla/5.0 (Linux; Android 6.0.1; Nexus 5X Build/MMB29P) AppleWebKit/537.36 (KHTML, like Gecko) Chrome/151.0.7922.173 Mobile Safari/537.36 (compatible; Googlebot/2.1; +http://www.google.com/bot.html)"
54.197.82.195 - - [26/Aug/2026:23:16:19 +0800] "GET /wp-content/uploads/sites/1762/2023/01/?C=D;O%3DA HTTP/1.1" 200 1114 "-" "Mozilla/5.0 AppleWebKit/537.36 (KHTML, like Gecko; compatible; Amazonbot/0.1; +https://developer.amazon.com/support/amazonbot) Chrome/119.0.6045.214 Safari/537.36"
34.225.138.57 - - [26/Aug/2026:23:16:19 +0800] "GET /amy6998/wp-content/uploads/sites/2364/2021/07/IMG_3046ggg-300x225.jpg HTTP/1.1" 200 21962 "-" "Mozilla/5.0 AppleWebKit/537.36 (KHTML, like Gecko; compatible; Amazonbot/0.1; +https://developer.amazon.com/support/amazonbot) Chrome/119.0.6045.214 Safari/537.36"
74.7.242.54 - - [26/Aug/2026:23:16:19 +0800] "GET /32745/?p=63888 HTTP/1.1" 301 817 "https://2blog.ilc.edu.tw/32745/2022/01/30/%e5%a5%b3%e5%85%ac%e5%ad%90%e8%b7%af%e5%85%89%e6%98%8e/" "Mozilla/5.0 AppleWebKit/537.36 (KHTML, like Gecko; compatible; GPTBot/1.4; +https://openai.com/gptbot)"
17.241.227.181 - - [26/Aug/2026:23:16:19 +0800] "GET /19648/wp-content/cache/2blog.ilc.edu.tw/wpfc-minified/e6htboqv/5wu4d.css HTTP/1.1" 200 45682 "https://2blog.ilc.edu.tw/19648/2024/12/05/%e5%95%8f%e5%80%99%e8%aa%9e%e9%a9%97%e6%94%b6/" "Mozilla/5.0 (Macintosh; Intel Mac OS X 10_15_7) AppleWebKit/605.1.15 (KHTML, like Gecko) Version/17.4 Safari/605.1.15 (Applebot/0.1; +http://www.apple.com/go/applebot)"
74.7.242.54 - - [26/Aug/2026:23:16:19 +0800] "GET /32745/?p=69111 HTTP/1.1" 301 819 "https://2blog.ilc.edu.tw/32745/2022/04/16/%e7%a8%ae%e5%8c%8f%e4%bb%94%e7%94%9f%e8%8f%9c%e7%93%9c-2/" "Mozilla/5.0 AppleWebKit/537.36 (KHTML, like Gecko; compatible; GPTBot/1.4; +https://openai.com/gptbot)"
17.241.227.181 - - [26/Aug/2026:23:16:20 +0800] "GET /19648/wp-content/cache/2blog.ilc.edu.tw/wpfc-minified/f5r1vmd4/5wu4d.css HTTP/1.1" 200 18318 "https://2blog.ilc.edu.tw/19648/2024/12/05/%e5%95%8f%e5%80%99%e8%aa%9e%e9%a9%97%e6%94%b6/" "Mozilla/5.0 (Macintosh; Intel Mac OS X 10_15_7) AppleWebKit/605.1.15 (KHTML, like Gecko) Version/17.4 Safari/605.1.15 (Applebot/0.1; +http://www.apple.com/go/applebot)"
140.111.67.10 - - [26/Aug/2026:23:16:20 +0800] "GET /" 301 273 "-" "-"
74.7.242.54 - - [26/Aug/2026:23:16:20 +0800] "GET /32745/?p=62888 HTTP/1.1" 301 808 "https://2blog.ilc.edu.tw/32745/2022/01/09/%e6%95%a3%e6%ad%a5%e5%95%89%e5%92%96%e5%95%a1/" "Mozilla/5.0 AppleWebKit/537.36 (KHTML, like Gecko; compatible; GPTBot/1.4; +https://openai.com/gptbot)"
2401:e180:8850:674d:8560:d438:19a7:779 - - [26/Aug/2026:23:16:20 +0800] "-" 408 4801 "-" "-"
147.92.179.113 - - [26/Aug/2026:23:16:20 +0800] "GET /1003/2014/09/17/%e5%b0%8f%e4%b8%80%e4%b8%8a%e7%ac%ac3%e9%80%b1%e5%a5%bd%e5%bf%99%e7%a2%8c%e7%9a%84%e9%96%8b%e5%ad%b8%e8%81%af%e7%b5%a1%e7%b0%bf%e7%b4%80%e9%8c%84/ HTTP/1.1" 200 19168 "-" "facebookexternalhit/1.1;line-poker/1.0"
2401:e180:8850:674d:8560:d438:19a7:779 - - [26/Aug/2026:23:16:20 +0800] "-" 408 4801 "-" "-"
74.7.242.54 - - [26/Aug/2026:23:16:20 +0800] "GET /32745/?p=19991 HTTP/1.1" 301 808 "https://2blog.ilc.edu.tw/32745/2020/06/27/%e4%bd%95%e6%99%82%e5%86%8d%e7%9b%b8%e9%80%a2/" "Mozilla/5.0 AppleWebKit/537.36 (KHTML, like Gecko; compatible; GPTBot/1.4; +https://openai.com/gptbot)"
74.7.242.54 - - [26/Aug/2026:23:16:21 +0800] "GET /32745/?p=69991 HTTP/1.1" 301 801 "https://2blog.ilc.edu.tw/32745/2022/04/29/%e9%80%b2%e9%80%80%e5%85%a9%e9%9b%a3-3/" "Mozilla/5.0 AppleWebKit/537.36 (KHTML, like Gecko; compatible; GPTBot/1.4; +https://openai.com/gptbot)"
147.92.179.116 - - [26/Aug/2026:23:16:21 +0800] "GET /1003/2013/07/29/%e7%8f%ad%e7%b4%9a%e7%b6%93%e7%87%9f%e5%b0%8f%e4%b8%80%e9%96%8b%e5%ad%b8%e7%9a%84%e7%9c%89%e7%9c%89%e8%a7%92%e8%a7%92/ HTTP/1.1" 200 22958 "-" "facebookexternalhit/1.1;line-poker/1.0"
17.241.227.181 - - [26/Aug/2026:23:16:21 +0800] "GET /19648/wp-content/cache/2blog.ilc.edu.tw/wpfc-minified/eevsl1hs/5wu4d.js HTTP/1.1" 200 1644 "https://2blog.ilc.edu.tw/19648/2024/12/05/%e5%95%8f%e5%80%99%e8%aa%9e%e9%a9%97%e6%94%b6/" "Mozilla/5.0 (Macintosh; Intel Mac OS X 10_15_7) AppleWebKit/605.1.15 (KHTML, like Gecko) Version/17.4 Safari/605.1.15 (Applebot/0.1; +http://www.apple.com/go/applebot)"
74.7.242.54 - - [26/Aug/2026:23:16:21 +0800] "GET /32745/?p=11184 HTTP/1.1" 301 799 "https://2blog.ilc.edu.tw/32745/2020/05/19/%e6%9d%af%e4%b8%ad%e6%88%80%e6%83%85/" "Mozilla/5.0 AppleWebKit/537.36 (KHTML, like Gecko; compatible; GPTBot/1.4; +https://openai.com/gptbot)"
74.7.242.54 - - [26/Aug/2026:23:16:22 +0800] "GET /32745/?p=41666 HTTP/1.1" 301 819 "https://2blog.ilc.edu.tw/32745/2021/06/04/%e8%8e%8a%e6%8c%af%e5%87%b1vs%e9%99%b3%e6%b7%91%e8%90%8d/" "Mozilla/5.0 AppleWebKit/537.36 (KHTML, like Gecko; compatible; GPTBot/1.4; +https://openai.com/gptbot)"
2407:4b00:4c06:8249:3bb6:2e8:6ec2:60d3 - - [26/Aug/2026:23:16:22 +0800] "-" 408 339 "-" "-"
2407:4b00:4c06:8249:3bb6:2e8:6ec2:60d3 - - [26/Aug/2026:23:16:22 +0800] "-" 408 339 "-" "-"
36.229.241.48 - - [26/Aug/2026:23:16:22 +0800] "GET / HTTP/1.1" 200 28264 "https://www.google.com/" "Mozilla/5.0 (iPhone; CPU iPhone OS 17_3_1 like Mac OS X) AppleWebKit/605.1.15 (KHTML, like Gecko) Version/17.3.1 Mobile/15E148 Safari/604.1"
36.229.241.48 - - [26/Aug/2026:23:16:22 +0800] "GET /wp-content/cache/www.nses.ilc.edu.tw/wpfc-minified/7mapdogu/72dd.css HTTP/1.1" 200 40884 "https://www.nses.ilc.edu.tw/" "Mozilla/5.0 (iPhone; CPU iPhone OS 17_3_1 like Mac OS X) AppleWebKit/605.1.15 (KHTML, like Gecko) Version/17.3.1 Mobile/15E148 Safari/604.1"
36.229.241.48 - - [26/Aug/2026:23:16:22 +0800] "GET /wp-includes/js/hoverintent-js.min.js HTTP/1.1" 200 1597 "https://www.nses.ilc.edu.tw/" "Mozilla/5.0 (iPhone; CPU iPhone OS 17_3_1 like Mac OS X) AppleWebKit/605.1.15 (KHTML, like Gecko) Version/17.3.1 Mobile/15E148 Safari/604.1"
36.229.241.48 - - [26/Aug/2026:23:16:22 +0800] "GET /wp-includes/js/admin-bar.min.js HTTP/1.1" 200 2237 "https://www.nses.ilc.edu.tw/" "Mozilla/5.0 (iPhone; CPU iPhone OS 17_3_1 like Mac OS X) AppleWebKit/605.1.15 (KHTML, like Gecko) Version/17.3.1 Mobile/15E148 Safari/604.1"
36.229.241.48 - - [26/Aug/2026:23:16:22 +0800] "GET /wp-content/cache/www.nses.ilc.edu.tw/wpfc-minified/jqf66u8t/72dd.css HTTP/1.1" 200 5959 "https://www.nses.ilc.edu.tw/" "Mozilla/5.0 (iPhone; CPU iPhone OS 17_3_1 like Mac OS X) AppleWebKit/605.1.15 (KHTML, like Gecko) Version/17.3.1 Mobile/15E148 Safari/604.1"
36.229.241.48 - - [26/Aug/2026:23:16:22 +0800] "GET /wp-content/cache/www.nses.ilc.edu.tw/wpfc-minified/moeabej5/72dd.css HTTP/1.1" 200 9124 "https://www.nses.ilc.edu.tw/" "Mozilla/5.0 (iPhone; CPU iPhone OS 17_3_1 like Mac OS X) AppleWebKit/605.1.15 (KHTML, like Gecko) Version/17.3.1 Mobile/15E148 Safari/604.1"
36.229.241.48 - - [26/Aug/2026:23:16:22 +0800] "GET /wp-includes/js/imagesloaded.min.js HTTP/1.1" 200 2683 "https://www.nses.ilc.edu.tw/" "Mozilla/5.0 (iPhone; CPU iPhone OS 17_3_1 like Mac OS X) AppleWebKit/605.1.15 (KHTML, like Gecko) Version/17.3.1 Mobile/15E148 Safari/604.1"
36.229.241.48 - - [26/Aug/2026:23:16:22 +0800] "GET /wp-content/cache/www.nses.ilc.edu.tw/wpfc-minified/e4asi92t/72dd.js HTTP/1.1" 200 40358 "https://www.nses.ilc.edu.tw/" "Mozilla/5.0 (iPhone; CPU iPhone OS 17_3_1 like Mac OS X) AppleWebKit/605.1.15 (KHTML, like Gecko) Version/17.3.1 Mobile/15E148 Safari/604.1"
