2408:8649:2300:7e::2 - - [26/Aug/2026:23:14:52 +0800] "GET /wp-content/plugins/elementor/assets/js/frontend.min.js HTTP/1.1" 200 13169 "https://www.wjes.ilc.edu.tw/" "Mozilla/5.0 (Windows NT 10.0; Win64; x64) AppleWebKit/537.36 (KHTML, like Gecko) Chrome/144.0.0.0 Safari/537.36"
74.7.242.54 - - [26/Aug/2026:23:14:52 +0800] "GET /32745/wp-json/wp/v2/posts/72481 HTTP/1.1" 200 13016 "https://2blog.ilc.edu.tw/32745/2022/05/21/%e7%ad%89%e4%bd%a0%e5%88%b0%e4%bd%95%e6%99%82/" "Mozilla/5.0 AppleWebKit/537.36 (KHTML, like Gecko; compatible; GPTBot/1.4; +https://openai.com/gptbot)"
2001:288:a201::66:125 - - [26/Aug/2026:23:14:53 +0800] "GET /blog/active.php HTTP/1.1" 301 1026 "-" "-"
2001:288:a201::66:125 - - [26/Aug/2026:23:14:53 +0800] "GET /blog/active.php HTTP/1.1" 404 1084 "-" "-"
74.7.242.54 - - [26/Aug/2026:23:14:53 +0800] "GET /32745/wp-json/wp/v2/posts/60729 HTTP/1.1" 200 12386 "https://2blog.ilc.edu.tw/32745/2021/10/31/%e6%89%8b%e4%b8%ad%e4%b8%80%e7%b2%92%e6%b2%99/" "Mozilla/5.0 AppleWebKit/537.36 (KHTML, like Gecko; compatible; GPTBot/1.4; +https://openai.com/gptbot)"
::1 - - [26/Aug/2026:23:14:53 +0800] "OPTIONS * HTTP/1.0" 200 110 "-" "Apache/2.4.68 (Ubuntu) OpenSSL/3.0.19 (internal dummy connection)"
74.7.242.54 - - [26/Aug/2026:23:14:53 +0800] "GET /32745/wp-json/wp/v2/posts/26711 HTTP/1.1" 200 20200 "https://2blog.ilc.edu.tw/32745/2020/08/15/%e7%88%b6%e5%ad%90%e6%b5%81%e6%b5%aa%e8%a8%98/" "Mozilla/5.0 AppleWebKit/537.36 (KHTML, like Gecko; compatible; GPTBot/1.4; +https://openai.com/gptbot)"
74.7.242.54 - - [26/Aug/2026:23:14:54 +0800] "GET /32745/2022/05/21/%e7%be%8e%e9%ba%97%e7%9a%84%e9%ab%98%e9%9b%84/ HTTP/1.1" 200 87536 "https://2blog.ilc.edu.tw/32745/2022/05/21/%e7%ad%89%e4%bd%a0%e5%88%b0%e4%bd%95%e6%99%82/" "Mozilla/5.0 AppleWebKit/537.36 (KHTML, like Gecko; compatible; GPTBot/1.4; +https://openai.com/gptbot)"
140.111.67.10 - - [26/Aug/2026:23:14:55 +0800] "GET /" 301 273 "-" "-"
66.249.71.9 - - [26/Aug/2026:23:14:54 +0800] "GET /wp-login.php?action=ilc_logout&_wpnonce=43754d0aad&redirect_to=//kaspiyskinvest.ru/job/23398/ HTTP/1.1" 302 8244 "-" "Mozilla/5.0 (Linux; Android 6.0.1; Nexus 5X Build/MMB29P) AppleWebKit/537.36 (KHTML, like Gecko) Chrome/151.0.7922.173 Mobile Safari/537.36 (compatible; Googlebot/2.1; +http://www.google.com/bot.html)"
74.7.242.54 - - [26/Aug/2026:23:14:55 +0800] "GET /32745/wp-json/wp/v2/posts/78560 HTTP/1.1" 200 12655 "https://2blog.ilc.edu.tw/32745/2022/10/21/%e4%bd%a0%e6%98%af%e6%88%91%e7%9a%84%e6%80%a7%e5%91%bd-3/" "Mozilla/5.0 AppleWebKit/537.36 (KHTML, like Gecko; compatible; GPTBot/1.4; +https://openai.com/gptbot)"
74.7.242.54 - - [26/Aug/2026:23:14:56 +0800] "GET /32745/wp-json/oembed/1.0/embed?format=xml&url=https%3A%2F%2F2blog.ilc.edu.tw%2F32745%2F2022%2F10%2F21%2F%25e4%25bd%25a0%25e6%2598%25af%25e6%2588%2591%25e7%259a%2584%25e6%2580%25a7%25e5%2591%25bd-3%2F HTTP/1.1" 200 2340 "https://2blog.ilc.edu.tw/32745/2022/10/21/%e4%bd%a0%e6%98%af%e6%88%91%e7%9a%84%e6%80%a7%e5%91%bd-3/" "Mozilla/5.0 AppleWebKit/537.36 (KHTML, like Gecko; compatible; GPTBot/1.4; +https://openai.com/gptbot)"
::1 - - [26/Aug/2026:23:14:56 +0800] "OPTIONS * HTTP/1.0" 200 110 "-" "Apache/2.4.68 (Ubuntu) OpenSSL/3.0.19 (internal dummy connection)"
74.7.242.54 - - [26/Aug/2026:23:14:57 +0800] "GET /32745/2026/01/18/%e5%8b%87%e6%95%a2%e7%9a%84%e6%9f%a5%e5%9f%94%e5%9b%9d-2/ HTTP/1.1" 200 87631 "https://2blog.ilc.edu.tw/32745/2026/01/18/%e6%80%9d%e5%bf%b5%e7%9a%84%e5%bd%a2%e5%bd%b1/" "Mozilla/5.0 AppleWebKit/537.36 (KHTML, like Gecko; compatible; GPTBot/1.4; +https://openai.com/gptbot)"
::1 - - [26/Aug/2026:23:14:57 +0800] "OPTIONS * HTTP/1.0" 200 110 "-" "Apache/2.4.68 (Ubuntu) OpenSSL/3.0.19 (internal dummy connection)"
2001:288:a201::66:125 - - [26/Aug/2026:23:14:58 +0800] "GET /blog/active.php HTTP/1.1" 301 1026 "-" "-"
2001:288:a201::66:125 - - [26/Aug/2026:23:14:58 +0800] "GET /blog/active.php HTTP/1.1" 404 1084 "-" "-"
66.249.79.137 - - [26/Aug/2026:23:14:56 +0800] "GET /wp-login.php?action=ilc_logout&_wpnonce=43754d0aad&redirect_to=//kaspiyskinvest.ru/gallery/45108/ HTTP/1.1" 302 8248 "-" "Mozilla/5.0 (Linux; Android 6.0.1; Nexus 5X Build/MMB29P) AppleWebKit/537.36 (KHTML, like Gecko) Chrome/151.0.7922.173 Mobile Safari/537.36 (compatible; Googlebot/2.1; +http://www.google.com/bot.html)"
74.7.242.54 - - [26/Aug/2026:23:14:58 +0800] "GET /32745/2023/04/02/%e4%bd%a0%e6%98%af%e6%88%91%e7%9a%84%e5%94%af%e4%b8%80-3/ HTTP/1.1" 200 87147 "https://2blog.ilc.edu.tw/32745/2023/04/02/page/8/" "Mozilla/5.0 AppleWebKit/537.36 (KHTML, like Gecko; compatible; GPTBot/1.4; +https://openai.com/gptbot)"
::1 - - [26/Aug/2026:23:14:58 +0800] "OPTIONS * HTTP/1.0" 200 110 "-" "Apache/2.4.68 (Ubuntu) OpenSSL/3.0.19 (internal dummy connection)"
54.88.84.219 - - [26/Aug/2026:23:14:59 +0800] "GET /wp-content/uploads/sites/158/2022/?C=M;O%3DA HTTP/1.1" 200 1270 "-" "Mozilla/5.0 AppleWebKit/537.36 (KHTML, like Gecko; compatible; Amazonbot/0.1; +https://developer.amazon.com/support/amazonbot) Chrome/119.0.6045.214 Safari/537.36"
34.10.180.98 - - [26/Aug/2026:23:14:59 +0800] "GET /24659/wp-json/oembed/1.0/embed?url=https://2blog.ilc.edu.tw/24659/2015/03/08/%25e5%25b0%25a4%25e5%25bf%2597%25e6%2581%25a9-%25e3%2580%2588%25e6%259f%259a%25e5%25ad%2590%25e3%2580%2589%25e7%259a%2584%25e7%2582%2592%25e9%25a3%25af/ HTTP/1.1" 200 8494 "-" "Mozilla/5.0 (Macintosh; Intel Mac OS X 10_15_7) AppleWebKit/537.36 (KHTML, like Gecko) Chrome/120.0.0.0 Safari/537.36"
2001:4860:7:510::f8 - - [26/Aug/2026:23:14:59 +0800] "GET /1003/2019/02/18/%E5%BE%9E%E8%AA%B2%E6%96%87%E5%AD%B8%E5%AF%AB%E4%BD%9C%E8%A8%98%E6%95%98%E6%96%87%E7%AC%AC%E4%B8%80%E6%AE%B5%E6%80%8E%E9%BA%BC%E5%AF%AB%EF%BC%9F/ HTTP/1.1" 200 19864 "https://www.google.com/" "Mozilla/5.0 (Windows NT 10.0; Win64; x64) AppleWebKit/537.36 (KHTML, like Gecko) Chrome/151.0.0.0 Safari/537.36"
2408:8649:2300:7e::2 - - [26/Aug/2026:23:14:59 +0800] "GET /wp-content/themes/oceanwp/assets/fonts/simple-line-icons/Simple-Line-Icons.woff2?v=2.4.0 HTTP/1.1" 200 35762 "https://www.wjes.ilc.edu.tw/wp-content/cache/www.wjes.ilc.edu.tw/wpfc-minified/1cb4vxzw/7jn0.css" "Mozilla/5.0 (Windows NT 10.0; Win64; x64) AppleWebKit/537.36 (KHTML, like Gecko) Chrome/144.0.0.0 Safari/537.36"
2a03:2880:18ff:15:: - - [26/Aug/2026:23:14:59 +0800] "GET /1003/2016/09/08/%e5%9b%9b%e4%b8%8a%e7%ac%ac2%e9%80%b1%e5%be%9e%e8%aa%b2%e6%96%87%e5%ad%b8%e5%af%a9%e9%a1%8c/ HTTP/1.1" 200 19014 "-" "Mozilla/5.0 (Macintosh; Intel Mac OS X 10_15_7) AppleWebKit/537.36 (KHTML, like Gecko) Chrome/145.0.0.0 Safari/537.36 (compatible; meta-webindexer/1.1 (+https://developers.facebook.com/docs/sharing/webmasters/crawler))"
74.7.242.54 - - [26/Aug/2026:23:14:59 +0800] "GET /32745/2024/04/04/%e6%84%9b%e8%91%97%e5%88%a5%e4%ba%ba%e7%9a%84%e7%bf%81-2/ HTTP/1.1" 200 87296 "https://2blog.ilc.edu.tw/32745/2021/01/22/%e8%a9%b9%e6%9b%bc%e9%88%b4/" "Mozilla/5.0 AppleWebKit/537.36 (KHTML, like Gecko; compatible; GPTBot/1.4; +https://openai.com/gptbot)"
140.111.67.10 - - [26/Aug/2026:23:15:00 +0800] "GET /" 301 273 "-" "-"
74.7.242.54 - - [26/Aug/2026:23:15:00 +0800] "GET /32745/2024/07/24/%e6%9c%89%e5%bf%97%e6%b0%a3%e7%9a%84%e7%94%b7%e6%80%a7-2/ HTTP/1.1" 200 87311 "https://2blog.ilc.edu.tw/32745/2024/07/24/page/6/" "Mozilla/5.0 AppleWebKit/537.36 (KHTML, like Gecko; compatible; GPTBot/1.4; +https://openai.com/gptbot)"
66.249.82.133 - - [26/Aug/2026:23:15:00 +0800] "GET /.well-known/traffic-advice HTTP/1.1" 404 58415 "-" "Chrome Privacy Preserving Prefetch Proxy"
66.249.79.137 - - [26/Aug/2026:23:14:59 +0800] "GET /wp-login.php?action=ilc_logout&_wpnonce=43754d0aad&redirect_to=http://elektr-on.ru/join/27438/ HTTP/1.1" 302 3460 "-" "Mozilla/5.0 (Linux; Android 6.0.1; Nexus 5X Build/MMB29P) AppleWebKit/537.36 (KHTML, like Gecko) Chrome/151.0.7922.173 Mobile Safari/537.36 (compatible; Googlebot/2.1; +http://www.google.com/bot.html)"
74.7.242.54 - - [26/Aug/2026:23:15:01 +0800] "GET /32745/wp-json/oembed/1.0/embed?format=xml&url=https%3A%2F%2F2blog.ilc.edu.tw%2F32745%2F2026%2F01%2F24%2F%25e4%25bd%25a0%25e6%2598%25af%25e6%2588%2591%25e7%259a%2584%25e4%25b8%2580%25e5%258d%258a-2%2F HTTP/1.1" 200 2330 "https://2blog.ilc.edu.tw/32745/2026/01/24/%e4%bd%a0%e6%98%af%e6%88%91%e7%9a%84%e4%b8%80%e5%8d%8a-2/" "Mozilla/5.0 AppleWebKit/537.36 (KHTML, like Gecko; compatible; GPTBot/1.4; +https://openai.com/gptbot)"
34.123.149.87 - - [26/Aug/2026:23:15:01 +0800] "GET /41795/wp-json/wp/v2/posts/517 HTTP/1.1" 200 8470 "-" "Mozilla/5.0 (Macintosh; Intel Mac OS X 10_15_7) AppleWebKit/537.36 (KHTML, like Gecko) Chrome/120.0.0.0 Safari/537.36"
140.111.67.195 - - [26/Aug/2026:23:15:02 +0800] "GET /wp-admin/admin-post.php?action=steps_ad HTTP/1.1" 200 1973 "-" "node-fetch/1.0 (+https://github.com/bitinn/node-fetch)"
34.171.68.95 - - [26/Aug/2026:23:15:02 +0800] "GET /32745/?p=13772 HTTP/1.1" 301 5731 "-" "Mozilla/5.0 (Macintosh; Intel Mac OS X 10_15_7) AppleWebKit/537.36 (KHTML, like Gecko) Chrome/120.0.0.0 Safari/537.36"
74.7.242.54 - - [26/Aug/2026:23:15:01 +0800] "GET /32745/2022/01/30/%e4%bd%a0%e6%98%af%e6%88%91%e7%9a%84%e5%94%af%e4%b8%80-2/ HTTP/1.1" 200 87483 "https://2blog.ilc.edu.tw/32745/2020/07/04/%e7%be%8e%e9%ba%97%e7%9a%84%e6%83%85%e6%ad%8c/" "Mozilla/5.0 AppleWebKit/537.36 (KHTML, like Gecko; compatible; GPTBot/1.4; +https://openai.com/gptbot)"
2001:288:a201::66:125 - - [26/Aug/2026:23:15:03 +0800] "GET /blog/active.php HTTP/1.1" 301 1026 "-" "-"
2001:288:a201::66:125 - - [26/Aug/2026:23:15:03 +0800] "GET /blog/active.php HTTP/1.1" 404 1084 "-" "-"
52.44.229.124 - - [26/Aug/2026:23:15:03 +0800] "GET /amy6998/wp-content/uploads/sites/2364/2020/10/20201021 HTTP/1.1" 404 5774 "-" "Mozilla/5.0 AppleWebKit/537.36 (KHTML, like Gecko; compatible; Amazonbot/0.1; +https://developer.amazon.com/support/amazonbot) Chrome/119.0.6045.214 Safari/537.36"
34.225.138.57 - - [26/Aug/2026:23:15:03 +0800] "GET /wp-content/uploads/sites/1288/2021/07/ HTTP/1.1" 200 1114 "-" "Mozilla/5.0 AppleWebKit/537.36 (KHTML, like Gecko; compatible; Amazonbot/0.1; +https://developer.amazon.com/support/amazonbot) Chrome/119.0.6045.214 Safari/537.36"
74.7.242.54 - - [26/Aug/2026:23:15:03 +0800] "GET /32745/2024/07/21/%e6%9c%89%e7%9b%ae%e5%b1%8e%e7%9a%84%e7%94%b7%e6%80%a7-2/ HTTP/1.1" 200 87493 "https://2blog.ilc.edu.tw/32745/2020/05/21/%e4%b8%83%e9%83%8e/" "Mozilla/5.0 AppleWebKit/537.36 (KHTML, like Gecko; compatible; GPTBot/1.4; +https://openai.com/gptbot)"
66.249.79.164 - - [26/Aug/2026:23:15:04 +0800] "GET /wp-content/uploads/sites/268/868/868-3991113.jpg HTTP/1.1" 200 103739 "-" "Googlebot-Image/1.0"
140.111.67.10 - - [26/Aug/2026:23:15:05 +0800] "GET /" 301 273 "-" "-"
74.7.242.54 - - [26/Aug/2026:23:15:04 +0800] "GET /32745/2022/01/30/%e5%8f%af%e6%86%90%e7%9a%84%e5%b0%8f%e5%a7%91%e5%a8%98-2/ HTTP/1.1" 200 87944 "https://2blog.ilc.edu.tw/32745/2022/01/30/%e5%8f%aa%e8%a6%81%e4%bd%a0%e5%b0%8d%e6%88%91%e5%a5%bd/" "Mozilla/5.0 AppleWebKit/537.36 (KHTML, like Gecko; compatible; GPTBot/1.4; +https://openai.com/gptbot)"
74.7.242.54 - - [26/Aug/2026:23:15:06 +0800] "GET /32745/wp-json/wp/v2/posts/72485 HTTP/1.1" 200 24803 "https://2blog.ilc.edu.tw/32745/2022/05/21/%e7%be%8e%e9%ba%97%e7%9a%84%e9%ab%98%e9%9b%84/" "Mozilla/5.0 AppleWebKit/537.36 (KHTML, like Gecko; compatible; GPTBot/1.4; +https://openai.com/gptbot)"
3.220.148.166 - - [26/Aug/2026:23:15:06 +0800] "GET /526/2010/02/24/%E6%AD%A3%E8%B2%A02%E5%BA%A6c%E5%BB%A3%E5%91%8A%E7%AF%87/ HTTP/1.1" 200 31285 "-" "Mozilla/5.0 AppleWebKit/537.36 (KHTML, like Gecko; compatible; Amazonbot/0.1; +https://developer.amazon.com/support/amazonbot) Chrome/119.0.6045.214 Safari/537.36"
74.7.242.54 - - [26/Aug/2026:23:15:06 +0800] "GET /32745/wp-json/oembed/1.0/embed?url=https%3A%2F%2F2blog.ilc.edu.tw%2F32745%2F2022%2F05%2F21%2F%25e7%25be%258e%25e9%25ba%2597%25e7%259a%2584%25e9%25ab%2598%25e9%259b%2584%2F HTTP/1.1" 200 3549 "https://2blog.ilc.edu.tw/32745/2022/05/21/%e7%be%8e%e9%ba%97%e7%9a%84%e9%ab%98%e9%9b%84/" "Mozilla/5.0 AppleWebKit/537.36 (KHTML, like Gecko; compatible; GPTBot/1.4; +https://openai.com/gptbot)"
127.0.0.1 - - [26/Aug/2026:23:15:07 +0800] "GET / HTTP/1.1" 301 977 "-" "curl/7.81.0"
127.0.0.1 - - [26/Aug/2026:23:15:07 +0800] "GET / HTTP/1.1" 302 5497 "-" "curl/7.81.0"
127.0.0.1 - - [26/Aug/2026:23:15:07 +0800] "HEAD / HTTP/1.1" 302 5478 "-" "curl/7.81.0"
192.178.15.32 - - [26/Aug/2026:23:15:08 +0800] "GET /wp-content/uploads/sites/252/5322/5322-3798554.jpg HTTP/1.1" 200 97283 "-" "Mozilla/5.0 (Windows NT 5.1; rv:11.0) Gecko Firefox/11.0 (via ggpht.com GoogleImageProxy)"
74.7.242.54 - - [26/Aug/2026:23:15:07 +0800] "GET /32745/2025/01/29/%e5%a5%b3%e6%80%a7%e8%aa%a4%e6%88%91%e4%b8%80%e7%94%9f-2/ HTTP/1.1" 200 87196 "https://2blog.ilc.edu.tw/32745/2025/01/29/page/3/" "Mozilla/5.0 AppleWebKit/537.36 (KHTML, like Gecko; compatible; GPTBot/1.4; +https://openai.com/gptbot)"
2001:288:a201::66:125 - - [26/Aug/2026:23:15:08 +0800] "GET /blog/active.php HTTP/1.1" 301 1026 "-" "-"
2001:288:a201::66:125 - - [26/Aug/2026:23:15:08 +0800] "GET /blog/active.php HTTP/1.1" 404 1084 "-" "-"
192.178.15.33 - - [26/Aug/2026:23:15:08 +0800] "GET /blog/gallery/5322/5322-3413451.png HTTP/1.1" 404 25463 "-" "Mozilla/5.0 (Windows NT 5.1; rv:11.0) Gecko Firefox/11.0 (via ggpht.com GoogleImageProxy)"
74.7.242.54 - - [26/Aug/2026:23:15:08 +0800] "GET /32745/wp-json/oembed/1.0/embed?format=xml&url=https%3A%2F%2F2blog.ilc.edu.tw%2F32745%2F2026%2F01%2F18%2F%25e5%258b%2587%25e6%2595%25a2%25e7%259a%2584%25e6%259f%25a5%25e5%259f%2594%25e5%259b%259d-2%2F HTTP/1.1" 200 2329 "https://2blog.ilc.edu.tw/32745/2026/01/18/%e5%8b%87%e6%95%a2%e7%9a%84%e6%9f%a5%e5%9f%94%e5%9b%9d-2/" "Mozilla/5.0 AppleWebKit/537.36 (KHTML, like Gecko; compatible; GPTBot/1.4; +https://openai.com/gptbot)"
2409:252:95a0:d400:619a:665e:3833:fc89 - - [26/Aug/2026:23:15:09 +0800] "GET /wp-content/uploads/sites/233/1003/1003-2646318.jpg HTTP/1.1" 200 64382 "https://2blog.ilc.edu.tw/1003/2014/08/26/%e5%b0%8f%e4%b8%80%e9%96%8b%e5%ad%b8%e5%80%92%e6%95%b8%e7%ac%ac%e5%85%ad%e5%a4%a9/" "Mozilla/5.0 (iPhone; CPU iPhone OS 26_5_2 like Mac OS X) AppleWebKit/605.1.15 (KHTML, like Gecko) GSA/435.4.965413651 Mobile/15E148 Safari/604.1"
74.7.242.54 - - [26/Aug/2026:23:15:09 +0800] "GET /32745/wp-json/wp/v2/posts/89676 HTTP/1.1" 200 11242 "https://2blog.ilc.edu.tw/32745/2023/04/02/%e4%bd%a0%e6%98%af%e6%88%91%e7%9a%84%e5%94%af%e4%b8%80-3/" "Mozilla/5.0 AppleWebKit/537.36 (KHTML, like Gecko; compatible; GPTBot/1.4; +https://openai.com/gptbot)"
114.33.8.94 - - [26/Aug/2026:23:15:09 +0800] "-" 408 4794 "-" "-"
74.7.242.54 - - [26/Aug/2026:23:15:09 +0800] "GET /32745/wp-json/oembed/1.0/embed?format=xml&url=https%3A%2F%2F2blog.ilc.edu.tw%2F32745%2F2024%2F04%2F04%2F%25e6%2584%259b%25e8%2591%2597%25e5%2588%25a5%25e4%25ba%25ba%25e7%259a%2584%25e7%25bf%2581-2%2F HTTP/1.1" 200 2328 "https://2blog.ilc.edu.tw/32745/2024/04/04/%e6%84%9b%e8%91%97%e5%88%a5%e4%ba%ba%e7%9a%84%e7%bf%81-2/" "Mozilla/5.0 AppleWebKit/537.36 (KHTML, like Gecko; compatible; GPTBot/1.4; +https://openai.com/gptbot)"
140.111.67.10 - - [26/Aug/2026:23:15:10 +0800] "GET /" 301 273 "-" "-"
74.7.242.54 - - [26/Aug/2026:23:15:10 +0800] "GET /32745/wp-json/oembed/1.0/embed?format=xml&url=https%3A%2F%2F2blog.ilc.edu.tw%2F32745%2F2024%2F07%2F24%2F%25e6%259c%2589%25e5%25bf%2597%25e6%25b0%25a3%25e7%259a%2584%25e7%2594%25b7%25e6%2580%25a7-2%2F HTTP/1.1" 200 2325 "https://2blog.ilc.edu.tw/32745/2024/07/24/%e6%9c%89%e5%bf%97%e6%b0%a3%e7%9a%84%e7%94%b7%e6%80%a7-2/" "Mozilla/5.0 AppleWebKit/537.36 (KHTML, like Gecko; compatible; GPTBot/1.4; +https://openai.com/gptbot)"
74.7.242.54 - - [26/Aug/2026:23:15:10 +0800] "GET /32745/wp-json/oembed/1.0/embed?format=xml&url=https%3A%2F%2F2blog.ilc.edu.tw%2F32745%2F2023%2F04%2F02%2F%25e4%25bd%25a0%25e6%2598%25af%25e6%2588%2591%25e7%259a%2584%25e5%2594%25af%25e4%25b8%2580-3%2F HTTP/1.1" 200 2328 "https://2blog.ilc.edu.tw/32745/2023/04/02/%e4%bd%a0%e6%98%af%e6%88%91%e7%9a%84%e5%94%af%e4%b8%80-3/" "Mozilla/5.0 AppleWebKit/537.36 (KHTML, like Gecko; compatible; GPTBot/1.4; +https://openai.com/gptbot)"
74.7.242.54 - - [26/Aug/2026:23:15:11 +0800] "GET /32745/wp-json/wp/v2/posts/63828 HTTP/1.1" 200 14450 "https://2blog.ilc.edu.tw/32745/2022/01/30/%e4%bd%a0%e6%98%af%e6%88%91%e7%9a%84%e5%94%af%e4%b8%80-2/" "Mozilla/5.0 AppleWebKit/537.36 (KHTML, like Gecko; compatible; GPTBot/1.4; +https://openai.com/gptbot)"
23.21.175.228 - - [26/Aug/2026:23:15:11 +0800] "GET /5192/?p=878 HTTP/1.1" 301 5813 "-" "Mozilla/5.0 AppleWebKit/537.36 (KHTML, like Gecko; compatible; Amazonbot/0.1; +https://developer.amazon.com/support/amazonbot) Chrome/119.0.6045.214 Safari/537.36"
74.7.242.54 - - [26/Aug/2026:23:15:12 +0800] "GET /32745/wp-json/oembed/1.0/embed?format=xml&url=https%3A%2F%2F2blog.ilc.edu.tw%2F32745%2F2024%2F07%2F21%2F%25e6%259c%2589%25e7%259b%25ae%25e5%25b1%258e%25e7%259a%2584%25e7%2594%25b7%25e6%2580%25a7-2%2F HTTP/1.1" 200 2327 "https://2blog.ilc.edu.tw/32745/2024/07/21/%e6%9c%89%e7%9b%ae%e5%b1%8e%e7%9a%84%e7%94%b7%e6%80%a7-2/" "Mozilla/5.0 AppleWebKit/537.36 (KHTML, like Gecko; compatible; GPTBot/1.4; +https://openai.com/gptbot)"
2001:288:a201::66:125 - - [26/Aug/2026:23:15:13 +0800] "GET /blog/active.php HTTP/1.1" 301 1026 "-" "-"
2001:288:a201::66:125 - - [26/Aug/2026:23:15:13 +0800] "GET /blog/active.php HTTP/1.1" 404 1084 "-" "-"
74.7.242.54 - - [26/Aug/2026:23:15:12 +0800] "GET /32745/wp-json/wp/v2/posts/63834 HTTP/1.1" 200 20382 "https://2blog.ilc.edu.tw/32745/2022/01/30/%e5%8f%af%e6%86%90%e7%9a%84%e5%b0%8f%e5%a7%91%e5%a8%98-2/" "Mozilla/5.0 AppleWebKit/537.36 (KHTML, like Gecko; compatible; GPTBot/1.4; +https://openai.com/gptbot)"
74.7.242.54 - - [26/Aug/2026:23:15:13 +0800] "GET /32745/2021/10/03/%e5%92%b1%e5%85%a9%e4%ba%ba%e7%9a%84%e5%b0%8f%e9%9b%a8%e5%82%98/ HTTP/1.1" 200 87505 "https://2blog.ilc.edu.tw/32745/2022/01/30/%e5%8f%af%e6%86%90%e7%9a%84%e5%b0%8f%e5%a7%91%e5%a8%98-2/" "Mozilla/5.0 AppleWebKit/537.36 (KHTML, like Gecko; compatible; GPTBot/1.4; +https://openai.com/gptbot)"
::1 - - [26/Aug/2026:23:15:13 +0800] "OPTIONS * HTTP/1.0" 200 110 "-" "Apache/2.4.68 (Ubuntu) OpenSSL/3.0.19 (internal dummy connection)"
74.7.242.54 - - [26/Aug/2026:23:15:14 +0800] "GET /32745/wp-json/oembed/1.0/embed?format=xml&url=https%3A%2F%2F2blog.ilc.edu.tw%2F32745%2F2022%2F01%2F30%2F%25e5%258f%25af%25e6%2586%2590%25e7%259a%2584%25e5%25b0%258f%25e5%25a7%2591%25e5%25a8%2598-2%2F HTTP/1.1" 200 2334 "https://2blog.ilc.edu.tw/32745/2022/01/30/%e5%8f%af%e6%86%90%e7%9a%84%e5%b0%8f%e5%a7%91%e5%a8%98-2/" "Mozilla/5.0 AppleWebKit/537.36 (KHTML, like Gecko; compatible; GPTBot/1.4; +https://openai.com/gptbot)"
74.7.242.54 - - [26/Aug/2026:23:15:14 +0800] "GET /32745/wp-content/uploads/sites/1271/2020/06/safe_image-11-20-520x245.jpg HTTP/1.1" 200 13511 "https://2blog.ilc.edu.tw/32745/2025/01/29/%e5%a5%b3%e6%80%a7%e8%aa%a4%e6%88%91%e4%b8%80%e7%94%9f-2/" "Mozilla/5.0 AppleWebKit/537.36 (KHTML, like Gecko; compatible; GPTBot/1.4; +https://openai.com/gptbot)"
140.111.67.10 - - [26/Aug/2026:23:15:15 +0800] "GET /" 301 273 "-" "-"
74.7.242.54 - - [26/Aug/2026:23:15:15 +0800] "GET /32745/wp-json/oembed/1.0/embed?format=xml&url=https%3A%2F%2F2blog.ilc.edu.tw%2F32745%2F2025%2F01%2F29%2F%25e5%25a5%25b3%25e6%2580%25a7%25e8%25aa%25a4%25e6%2588%2591%25e4%25b8%2580%25e7%2594%259f-2%2F HTTP/1.1" 200 2329 "https://2blog.ilc.edu.tw/32745/2025/01/29/%e5%a5%b3%e6%80%a7%e8%aa%a4%e6%88%91%e4%b8%80%e7%94%9f-2/" "Mozilla/5.0 AppleWebKit/537.36 (KHTML, like Gecko; compatible; GPTBot/1.4; +https://openai.com/gptbot)"
66.249.79.137 - - [26/Aug/2026:23:15:12 +0800] "GET /wp-login.php?action=ilc_logout&_wpnonce=43754d0aad&redirect_to=http://protivognya.ru/gallery/21949/ HTTP/1.1" 302 8250 "-" "Mozilla/5.0 (Linux; Android 6.0.1; Nexus 5X Build/MMB29P) AppleWebKit/537.36 (KHTML, like Gecko) Chrome/151.0.7922.173 Mobile Safari/537.36 (compatible; Googlebot/2.1; +http://www.google.com/bot.html)"
34.30.223.149 - - [26/Aug/2026:23:15:14 +0800] "GET /32745/category/%E8%94%A1%E5%AE%9C%E6%B1%9Dvs%E9%99%B3%E9%9B%AA%E8%90%8D/feed/ HTTP/1.1" 200 8050 "-" "Mozilla/5.0 (Macintosh; Intel Mac OS X 10_15_7) AppleWebKit/537.36 (KHTML, like Gecko) Chrome/120.0.0.0 Safari/537.36"
74.7.242.54 - - [26/Aug/2026:23:15:15 +0800] "GET /32745/wp-json/oembed/1.0/embed?format=xml&url=https%3A%2F%2F2blog.ilc.edu.tw%2F32745%2F2022%2F01%2F30%2F%25e4%25bd%25a0%25e6%2598%25af%25e6%2588%2591%25e7%259a%2584%25e5%2594%25af%25e4%25b8%2580-2%2F HTTP/1.1" 200 2336 "https://2blog.ilc.edu.tw/32745/2022/01/30/%e4%bd%a0%e6%98%af%e6%88%91%e7%9a%84%e5%94%af%e4%b8%80-2/" "Mozilla/5.0 AppleWebKit/537.36 (KHTML, like Gecko; compatible; GPTBot/1.4; +https://openai.com/gptbot)"
74.7.242.54 - - [26/Aug/2026:23:15:16 +0800] "GET /32745/wp-content/uploads/sites/1271/2024/04/1-30.jpeg HTTP/1.1" 200 25471 "https://2blog.ilc.edu.tw/32745/wp-json/oembed/1.0/embed?format=xml&url=https%3A%2F%2F2blog.ilc.edu.tw%2F32745%2F2024%2F04%2F04%2F%25e6%2584%259b%25e8%2591%2597%25e5%2588%25a5%25e4%25ba%25ba%25e7%259a%2584%25e7%25bf%2581-2%2F" "Mozilla/5.0 AppleWebKit/537.36 (KHTML, like Gecko; compatible; GPTBot/1.4; +https://openai.com/gptbot)"
17.22.237.139 - - [26/Aug/2026:23:15:16 +0800] "GET /asddsasadsadads/dsasadasdsad/asdsadsadsadas.com/tritonia.se/armormax.com/?paged=20 HTTP/1.1" 200 28918 "-" "Mozilla/5.0 (Macintosh; Intel Mac OS X 10_15_7) AppleWebKit/605.1.15 (KHTML, like Gecko) Version/17.4 Safari/605.1.15 (Applebot/0.1; +http://www.apple.com/go/applebot)"
74.7.242.54 - - [26/Aug/2026:23:15:16 +0800] "GET /32745/?p=134198 HTTP/1.1" 301 819 "https://2blog.ilc.edu.tw/32745/2026/01/18/%e5%8b%87%e6%95%a2%e7%9a%84%e6%9f%a5%e5%9f%94%e5%9b%9d-2/" "Mozilla/5.0 AppleWebKit/537.36 (KHTML, like Gecko; compatible; GPTBot/1.4; +https://openai.com/gptbot)"
18.206.47.187 - - [26/Aug/2026:23:15:17 +0800] "GET /wp-content/uploads/sites/459/2023/?C=N;O%3DD HTTP/1.1" 200 1214 "-" "Mozilla/5.0 AppleWebKit/537.36 (KHTML, like Gecko; compatible; Amazonbot/0.1; +https://developer.amazon.com/support/amazonbot) Chrome/119.0.6045.214 Safari/537.36"
74.7.242.54 - - [26/Aug/2026:23:15:17 +0800] "GET /32745/2021/04/09/%e5%8a%89%e7%87%95%e7%87%95/ HTTP/1.1" 200 87806 "https://2blog.ilc.edu.tw/32745/2021/04/09/page/2/" "Mozilla/5.0 AppleWebKit/537.36 (KHTML, like Gecko; compatible; GPTBot/1.4; +https://openai.com/gptbot)"
2001:288:a201::66:125 - - [26/Aug/2026:23:15:18 +0800] "GET /blog/active.php HTTP/1.1" 301 1026 "-" "-"
2001:288:a201::66:125 - - [26/Aug/2026:23:15:18 +0800] "GET /blog/active.php HTTP/1.1" 404 1084 "-" "-"
66.249.79.137 - - [26/Aug/2026:23:15:15 +0800] "GET /wp-login.php?action=ilc_logout&_wpnonce=43754d0aad&redirect_to=http://mariadveri.ru/creator/88822/ HTTP/1.1" 302 3464 "-" "Mozilla/5.0 (Linux; Android 6.0.1; Nexus 5X Build/MMB29P) AppleWebKit/537.36 (KHTML, like Gecko) Chrome/151.0.7922.173 Mobile Safari/537.36 (compatible; Googlebot/2.1; +http://www.google.com/bot.html)"
23.23.103.31 - - [26/Aug/2026:23:15:18 +0800] "GET /amy6998/wp-content/uploads/sites/2364/2025/06/IMG_6714ggg.jpg HTTP/1.1" 200 297540 "-" "Mozilla/5.0 AppleWebKit/537.36 (KHTML, like Gecko; compatible; Amazonbot/0.1; +https://developer.amazon.com/support/amazonbot) Chrome/119.0.6045.214 Safari/537.36"
74.7.242.54 - - [26/Aug/2026:23:15:18 +0800] "GET /32745/category/%e4%bd%95%e5%bf%b5%e5%ba%ad/ HTTP/1.1" 200 86426 "https://2blog.ilc.edu.tw/32745/2025/05/04/page/2/" "Mozilla/5.0 AppleWebKit/537.36 (KHTML, like Gecko; compatible; GPTBot/1.4; +https://openai.com/gptbot)"
2409:252:95a0:d400:619a:665e:3833:fc89 - - [26/Aug/2026:23:15:19 +0800] "GET /wp-content/uploads/sites/233/1003/1003-2661687.jpg HTTP/1.1" 200 37451 "https://2blog.ilc.edu.tw/1003/2014/08/26/%e5%b0%8f%e4%b8%80%e9%96%8b%e5%ad%b8%e5%80%92%e6%95%b8%e7%ac%ac%e5%85%ad%e5%a4%a9/" "Mozilla/5.0 (iPhone; CPU iPhone OS 26_5_2 like Mac OS X) AppleWebKit/605.1.15 (KHTML, like Gecko) GSA/435.4.965413651 Mobile/15E148 Safari/604.1"
140.111.67.10 - - [26/Aug/2026:23:15:20 +0800] "GET /" 301 273 "-" "-"
74.7.242.54 - - [26/Aug/2026:23:15:19 +0800] "GET /32745/2023/01/25/%e8%ae%8a%e8%ba%ab/ HTTP/1.1" 200 88171 "https://2blog.ilc.edu.tw/32745/2023/01/25/page/5/" "Mozilla/5.0 AppleWebKit/537.36 (KHTML, like Gecko; compatible; GPTBot/1.4; +https://openai.com/gptbot)"
2407:4b00:4c01:9f2c:e3f9:8fd2:8ad0:d848 - - [26/Aug/2026:23:15:21 +0800] "-" 408 339 "-" "-"
2001:4860:7:b10::ef - - [26/Aug/2026:23:15:21 +0800] "GET /3860/2024/01/01/%E8%87%BA%E8%AA%9E%E5%85%A7%E5%BA%95%E7%9A%84%E6%97%A5%E6%9C%AC%E5%A4%96%E4%BE%86%E8%AA%9E/ HTTP/1.1" 200 44109 "https://www.google.com/" "Mozilla/5.0 (Windows NT 10.0; Win64; x64) AppleWebKit/537.36 (KHTML, like Gecko) Chrome/151.0.0.0 Safari/537.36"
74.7.242.54 - - [26/Aug/2026:23:15:21 +0800] "GET /32745/2023/01/27/%e7%8a%af%e7%bd%aa/ HTTP/1.1" 200 87378 "https://2blog.ilc.edu.tw/32745/2023/01/26/%e7%be%85%e6%96%87%e8%81%b0/" "Mozilla/5.0 AppleWebKit/537.36 (KHTML, like Gecko; compatible; GPTBot/1.4; +https://openai.com/gptbot)"
74.7.242.54 - - [26/Aug/2026:23:15:22 +0800] "GET /32745/wp-json/wp/v2/posts/55027 HTTP/1.1" 200 16778 "https://2blog.ilc.edu.tw/32745/2021/10/03/%e5%92%b1%e5%85%a9%e4%ba%ba%e7%9a%84%e5%b0%8f%e9%9b%a8%e5%82%98/" "Mozilla/5.0 AppleWebKit/537.36 (KHTML, like Gecko; compatible; GPTBot/1.4; +https://openai.com/gptbot)"
140.111.67.195 - - [26/Aug/2026:23:15:22 +0800] "GET /wp-admin/admin-post.php?action=steps_ad HTTP/1.1" 200 1973 "-" "node-fetch/1.0 (+https://github.com/bitinn/node-fetch)"
34.42.229.145 - - [26/Aug/2026:23:15:21 +0800] "GET /wp-content/uploads/sites/1383/16891/16891-1276966.pdf HTTP/1.1" 200 692643 "-" "Mozilla/5.0 (Macintosh; Intel Mac OS X 10_15_7) AppleWebKit/537.36 (KHTML, like Gecko) Chrome/120.0.0.0 Safari/537.36"
74.7.242.54 - - [26/Aug/2026:23:15:22 +0800] "GET /32745/wp-content/uploads/sites/1271/2022/01/safe_image-53.jpg HTTP/1.1" 200 13877 "https://2blog.ilc.edu.tw/32745/wp-json/oembed/1.0/embed?format=xml&url=https%3A%2F%2F2blog.ilc.edu.tw%2F32745%2F2022%2F01%2F30%2F%25e5%258f%25af%25e6%2586%2590%25e7%259a%2584%25e5%25b0%258f%25e5%25a7%2591%25e5%25a8%2598-2%2F" "Mozilla/5.0 AppleWebKit/537.36 (KHTML, like Gecko; compatible; GPTBot/1.4; +https://openai.com/gptbot)"
2001:288:a201::66:125 - - [26/Aug/2026:23:15:23 +0800] "GET /blog/active.php HTTP/1.1" 301 1026 "-" "-"
2001:288:a201::66:125 - - [26/Aug/2026:23:15:23 +0800] "GET /blog/active.php HTTP/1.1" 404 1084 "-" "-"
74.7.242.54 - - [26/Aug/2026:23:15:23 +0800] "GET /32745/wp-json/oembed/1.0/embed?url=https%3A%2F%2F2blog.ilc.edu.tw%2F32745%2F2021%2F10%2F03%2F%25e5%2592%25b1%25e5%2585%25a9%25e4%25ba%25ba%25e7%259a%2584%25e5%25b0%258f%25e9%259b%25a8%25e5%2582%2598%2F HTTP/1.1" 200 3622 "https://2blog.ilc.edu.tw/32745/2021/10/03/%e5%92%b1%e5%85%a9%e4%ba%ba%e7%9a%84%e5%b0%8f%e9%9b%a8%e5%82%98/" "Mozilla/5.0 AppleWebKit/537.36 (KHTML, like Gecko; compatible; GPTBot/1.4; +https://openai.com/gptbot)"
34.239.197.197 - - [26/Aug/2026:23:15:23 +0800] "GET /wp-content/uploads/sites/727/2024/08/?C=N;O%3DD HTTP/1.1" 200 1112 "-" "Mozilla/5.0 AppleWebKit/537.36 (KHTML, like Gecko; compatible; Amazonbot/0.1; +https://developer.amazon.com/support/amazonbot) Chrome/119.0.6045.214 Safari/537.36"
74.7.242.54 - - [26/Aug/2026:23:15:24 +0800] "GET /32745/wp-json/oembed/1.0/embed?url=https%3A%2F%2F2blog.ilc.edu.tw%2F32745%2F2025%2F04%2F19%2F%25e6%2581%25ac%25e6%2581%25ac-3%2F HTTP/1.1" 200 3435 "https://2blog.ilc.edu.tw/32745/2025/04/19/%e6%81%ac%e6%81%ac-3/" "Mozilla/5.0 AppleWebKit/537.36 (KHTML, like Gecko; compatible; GPTBot/1.4; +https://openai.com/gptbot)"
2001:41d0:2:9bd7::1 - - [26/Aug/2026:23:15:22 +0800] "GET /index.php?rest_route=/wp/v2/posts/20989 HTTP/1.1" 200 12404 "-" "Mozilla/5.0 (Windows NT 10.0; Win64; x64; rv:148.0) Gecko/20100101 Firefox/148.0"
34.56.124.53 - - [26/Aug/2026:23:15:24 +0800] "GET /wp-content/uploads/sites/2808/6543/6543-2855231.xls HTTP/1.1" 200 24725 "-" "Mozilla/5.0 (Macintosh; Intel Mac OS X 10_15_7) AppleWebKit/537.36 (KHTML, like Gecko) Chrome/120.0.0.0 Safari/537.36"
74.7.242.54 - - [26/Aug/2026:23:15:24 +0800] "GET /32745/wp-content/uploads/sites/1271/2022/01/safe_image-51.jpg HTTP/1.1" 200 11754 "https://2blog.ilc.edu.tw/32745/wp-json/oembed/1.0/embed?format=xml&url=https%3A%2F%2F2blog.ilc.edu.tw%2F32745%2F2022%2F01%2F30%2F%25e4%25bd%25a0%25e6%2598%25af%25e6%2588%2591%25e7%259a%2584%25e5%2594%25af%25e4%25b8%2580-2%2F" "Mozilla/5.0 AppleWebKit/537.36 (KHTML, like Gecko; compatible; GPTBot/1.4; +https://openai.com/gptbot)"
140.111.67.10 - - [26/Aug/2026:23:15:25 +0800] "GET /" 301 273 "-" "-"
74.7.242.54 - - [26/Aug/2026:23:15:25 +0800] "GET /32745/2021/08/04/%e6%84%9b%e4%bd%a0%e4%b8%80%e4%ba%ba-2/ HTTP/1.1" 200 87344 "https://2blog.ilc.edu.tw/32745/2021/08/04/%e4%bd%a0%e7%9a%84%e5%bf%83/" "Mozilla/5.0 AppleWebKit/537.36 (KHTML, like Gecko; compatible; GPTBot/1.4; +https://openai.com/gptbot)"
34.171.68.95 - - [26/Aug/2026:23:15:25 +0800] "GET /24659/wp-json/wp/v2/categories/141 HTTP/1.1" 200 6571 "-" "Mozilla/5.0 (Macintosh; Intel Mac OS X 10_15_7) AppleWebKit/537.36 (KHTML, like Gecko) Chrome/120.0.0.0 Safari/537.36"
74.7.242.54 - - [26/Aug/2026:23:15:26 +0800] "GET /32745/2021/05/28/%e6%84%9b%e4%bd%a0%e4%b8%80%e4%ba%ba/ HTTP/1.1" 200 87146 "https://2blog.ilc.edu.tw/32745/2021/05/28/%e5%8d%83%e5%b9%b4%e8%90%ac%e5%b9%b4-3/" "Mozilla/5.0 AppleWebKit/537.36 (KHTML, like Gecko; compatible; GPTBot/1.4; +https://openai.com/gptbot)"
44.209.187.99 - - [26/Aug/2026:23:15:27 +0800] "GET /wp-content/uploads/sites/2364/2023/02/?C=N;O%3DD HTTP/1.1" 200 11735 "-" "Mozilla/5.0 AppleWebKit/537.36 (KHTML, like Gecko; compatible; Amazonbot/0.1; +https://developer.amazon.com/support/amazonbot) Chrome/119.0.6045.214 Safari/537.36"
2407:4b00:4c01:9f2c:e3f9:8fd2:8ad0:d848 - - [26/Aug/2026:23:15:27 +0800] "GET /wp-content/uploads/sites/3167/2026/02/image.png HTTP/1.1" 200 16421 "https://www.ljjh.ilc.edu.tw/" "Mozilla/5.0 (Linux; Android 10; K) AppleWebKit/537.36 (KHTML, like Gecko) Chrome/151.0.0.0 Mobile Safari/537.36"
74.7.242.54 - - [26/Aug/2026:23:15:27 +0800] "GET /32745/wp-json/wp/v2/posts/37625 HTTP/1.1" 200 12496 "https://2blog.ilc.edu.tw/32745/2021/04/09/%e5%8a%89%e7%87%95%e7%87%95/" "Mozilla/5.0 AppleWebKit/537.36 (KHTML, like Gecko; compatible; GPTBot/1.4; +https://openai.com/gptbot)"
2001:288:a201::66:125 - - [26/Aug/2026:23:15:28 +0800] "GET /blog/active.php HTTP/1.1" 301 1026 "-" "-"
2001:288:a201::66:125 - - [26/Aug/2026:23:15:28 +0800] "GET /blog/active.php HTTP/1.1" 404 1084 "-" "-"
74.7.242.54 - - [26/Aug/2026:23:15:28 +0800] "GET /32745/2022/04/16/%e7%b7%a3%e6%8a%95%e5%9b%a1%e4%bb%94%e5%a8%b6%e6%9f%90%e6%9c%aa/ HTTP/1.1" 200 87714 "https://2blog.ilc.edu.tw/32745/2021/04/09/%e5%8a%89%e7%87%95%e7%87%95/" "Mozilla/5.0 AppleWebKit/537.36 (KHTML, like Gecko; compatible; GPTBot/1.4; +https://openai.com/gptbot)"
74.7.242.54 - - [26/Aug/2026:23:15:29 +0800] "GET /32745/2022/04/16/%e7%9b%b8%e9%80%a2%e6%98%af%e9%9b%a2%e5%88%a5%e7%9a%84%e9%96%8b%e5%a7%8b-2/ HTTP/1.1" 200 87253 "https://2blog.ilc.edu.tw/32745/2021/04/09/%e5%8a%89%e7%87%95%e7%87%95/" "Mozilla/5.0 AppleWebKit/537.36 (KHTML, like Gecko; compatible; GPTBot/1.4; +https://openai.com/gptbot)"
140.111.67.10 - - [26/Aug/2026:23:15:30 +0800] "GET /" 301 273 "-" "-"
74.7.242.54 - - [26/Aug/2026:23:15:30 +0800] "GET /32745/wp-json/wp/v2/posts/87602 HTTP/1.1" 200 26201 "https://2blog.ilc.edu.tw/32745/2023/01/25/%e8%ae%8a%e8%ba%ab/" "Mozilla/5.0 AppleWebKit/537.36 (KHTML, like Gecko; compatible; GPTBot/1.4; +https://openai.com/gptbot)"
66.249.79.137 - - [26/Aug/2026:23:15:29 +0800] "GET /wp-login.php?action=ilc_logout&_wpnonce=43754d0aad&redirect_to=http://kolainform.ru/job/68125/ HTTP/1.1" 302 8245 "-" "Mozilla/5.0 (compatible; Googlebot/2.1; +http://www.google.com/bot.html)"
74.7.242.54 - - [26/Aug/2026:23:15:31 +0800] "GET /32745/wp-json/oembed/1.0/embed?url=https%3A%2F%2F2blog.ilc.edu.tw%2F32745%2F2021%2F04%2F09%2F%25e5%258a%2589%25e7%2587%2595%25e7%2587%2595%2F HTTP/1.1" 200 3477 "https://2blog.ilc.edu.tw/32745/2021/04/09/%e5%8a%89%e7%87%95%e7%87%95/" "Mozilla/5.0 AppleWebKit/537.36 (KHTML, like Gecko; compatible; GPTBot/1.4; +https://openai.com/gptbot)"
34.171.68.95 - - [26/Aug/2026:23:15:30 +0800] "GET /32745/2023/07/12/%E6%83%85%E6%B5%B7%E5%8F%AA%E8%B3%B0%E6%88%91/ HTTP/1.1" 200 92194 "-" "Mozilla/5.0 (Macintosh; Intel Mac OS X 10_15_7) AppleWebKit/537.36 (KHTML, like Gecko) Chrome/120.0.0.0 Safari/537.36"
74.7.242.54 - - [26/Aug/2026:23:15:31 +0800] "GET /32745/2022/04/16/%e9%85%92%e5%a5%b3%e6%98%a5%e5%a4%a2/ HTTP/1.1" 200 87646 "https://2blog.ilc.edu.tw/32745/2021/04/09/%e5%8a%89%e7%87%95%e7%87%95/" "Mozilla/5.0 AppleWebKit/537.36 (KHTML, like Gecko; compatible; GPTBot/1.4; +https://openai.com/gptbot)"
2001:288:a201::66:125 - - [26/Aug/2026:23:15:33 +0800] "GET /blog/active.php HTTP/1.1" 301 1026 "-" "-"
2001:288:a201::66:125 - - [26/Aug/2026:23:15:33 +0800] "GET /blog/active.php HTTP/1.1" 404 1084 "-" "-"
66.249.71.9 - - [26/Aug/2026:23:15:31 +0800] "GET /wp-login.php?action=ilc_logout&_wpnonce=43754d0aad&redirect_to=//vasilisaluck.ru/creator/59773/ HTTP/1.1" 302 8246 "-" "Mozilla/5.0 (Linux; Android 6.0.1; Nexus 5X Build/MMB29P) AppleWebKit/537.36 (KHTML, like Gecko) Chrome/151.0.7922.173 Mobile Safari/537.36 (compatible; Googlebot/2.1; +http://www.google.com/bot.html)"
74.7.242.54 - - [26/Aug/2026:23:15:33 +0800] "GET /32745/2022/04/16/%e7%a8%ae%e5%8c%8f%e4%bb%94%e7%94%9f%e8%8f%9c%e7%93%9c-2/ HTTP/1.1" 200 87589 "https://2blog.ilc.edu.tw/32745/2021/04/09/%e5%8a%89%e7%87%95%e7%87%95/" "Mozilla/5.0 AppleWebKit/537.36 (KHTML, like Gecko; compatible; GPTBot/1.4; +https://openai.com/gptbot)"
34.171.68.95 - - [26/Aug/2026:23:15:33 +0800] "GET /6421/2018/11/17/107-4-5-10-eco%E9%81%94%E4%BA%BA%E5%B7%A1%E8%BF%B4%E5%88%86%E4%BA%AB-%E5%B9%B4%E5%B9%B4%E6%9C%89%E9%AD%9A%E7%9A%84%E7%A5%95%E5%AF%86/ HTTP/1.1" 200 15870 "-" "Mozilla/5.0 (Macintosh; Intel Mac OS X 10_15_7) AppleWebKit/537.36 (KHTML, like Gecko) Chrome/120.0.0.0 Safari/537.36"
74.7.242.54 - - [26/Aug/2026:23:15:34 +0800] "GET /32745/2022/06/05/%e5%b1%b1%e9%a0%82%e7%9a%84%e8%83%a1%e5%b0%91%e7%88%ba/ HTTP/1.1" 200 87233 "https://2blog.ilc.edu.tw/32745/2021/04/09/%e5%8a%89%e7%87%95%e7%87%95/" "Mozilla/5.0 AppleWebKit/537.36 (KHTML, like Gecko; compatible; GPTBot/1.4; +https://openai.com/gptbot)"
100.28.118.16 - - [26/Aug/2026:23:15:35 +0800] "GET /wp-content/uploads/sites/2541/2023/10/ HTTP/1.1" 200 1113 "-" "Mozilla/5.0 AppleWebKit/537.36 (KHTML, like Gecko; compatible; Amazonbot/0.1; +https://developer.amazon.com/support/amazonbot) Chrome/119.0.6045.214 Safari/537.36"
54.225.81.20 - - [26/Aug/2026:23:15:35 +0800] "GET /32745/wp-json/oembed/1.0/embed?format=xml&url=https://2blog.ilc.edu.tw/32745/2025/02/22/%25e5%25a1%2597%25e5%25a2%25bc%25e5%258e%259d/ HTTP/1.1" 200 7277 "-" "Mozilla/5.0 AppleWebKit/537.36 (KHTML, like Gecko; compatible; Amazonbot/0.1; +https://developer.amazon.com/support/amazonbot) Chrome/119.0.6045.214 Safari/537.36"
140.111.67.10 - - [26/Aug/2026:23:15:35 +0800] "GET /" 301 273 "-" "-"
66.249.71.9 - - [26/Aug/2026:23:15:33 +0800] "GET /wp-login.php?action=ilc_logout&_wpnonce=43754d0aad&redirect_to=//restmanners.ru/join/20179/ HTTP/1.1" 302 3457 "-" "Mozilla/5.0 (compatible; Googlebot/2.1; +http://www.google.com/bot.html)"
74.7.242.54 - - [26/Aug/2026:23:15:35 +0800] "GET /32745/2022/04/16/%e6%b5%81%e6%98%9f%e7%9a%84%e5%91%bd%e9%81%8b/ HTTP/1.1" 200 87137 "https://2blog.ilc.edu.tw/32745/2021/04/09/%e5%8a%89%e7%87%95%e7%87%95/" "Mozilla/5.0 AppleWebKit/537.36 (KHTML, like Gecko; compatible; GPTBot/1.4; +https://openai.com/gptbot)"
2001:4860:7:510::ff - - [26/Aug/2026:23:15:36 +0800] "GET /4659/ HTTP/1.1" 200 23766 "https://www.google.com/" "Mozilla/5.0 (Windows NT 10.0; Win64; x64) AppleWebKit/537.36 (KHTML, like Gecko) Chrome/151.0.0.0 Safari/537.36"
74.7.242.54 - - [26/Aug/2026:23:15:36 +0800] "GET /32745/wp-json/oembed/1.0/embed?url=https%3A%2F%2F2blog.ilc.edu.tw%2F32745%2F2021%2F08%2F04%2F%25e6%2584%259b%25e4%25bd%25a0%25e4%25b8%2580%25e4%25ba%25ba-2%2F HTTP/1.1" 200 3515 "https://2blog.ilc.edu.tw/32745/2021/08/04/%e6%84%9b%e4%bd%a0%e4%b8%80%e4%ba%ba-2/" "Mozilla/5.0 AppleWebKit/537.36 (KHTML, like Gecko; compatible; GPTBot/1.4; +https://openai.com/gptbot)"
34.30.223.149 - - [26/Aug/2026:23:15:37 +0800] "GET /5026/category/c-50904/feed/ HTTP/1.1" 200 7712 "-" "Mozilla/5.0 (Macintosh; Intel Mac OS X 10_15_7) AppleWebKit/537.36 (KHTML, like Gecko) Chrome/120.0.0.0 Safari/537.36"
34.195.248.30 - - [26/Aug/2026:23:15:37 +0800] "GET /2021/04/02/%E5%85%AD%E5%B9%B4%E7%B4%9A%E5%BA%B7%E8%BB%92%E8%87%AA%E7%84%B6/ HTTP/1.1" 200 56532 "-" "Mozilla/5.0 AppleWebKit/537.36 (KHTML, like Gecko; compatible; Amazonbot/0.1; +https://developer.amazon.com/support/amazonbot) Chrome/119.0.6045.214 Safari/537.36"
74.7.242.54 - - [26/Aug/2026:23:15:37 +0800] "GET /32745/wp-json/wp/v2/posts/40251 HTTP/1.1" 200 18672 "https://2blog.ilc.edu.tw/32745/2021/05/28/%e6%84%9b%e4%bd%a0%e4%b8%80%e4%ba%ba/" "Mozilla/5.0 AppleWebKit/537.36 (KHTML, like Gecko; compatible; GPTBot/1.4; +https://openai.com/gptbot)"
66.249.71.9 - - [26/Aug/2026:23:15:36 +0800] "GET /wp-login.php?action=ilc_logout&_wpnonce=43754d0aad&redirect_to=http://durianshop.ru/join/50633/ HTTP/1.1" 302 3461 "-" "Mozilla/5.0 (Linux; Android 6.0.1; Nexus 5X Build/MMB29P) AppleWebKit/537.36 (KHTML, like Gecko) Chrome/151.0.7922.173 Mobile Safari/537.36 (compatible; Googlebot/2.1; +http://www.google.com/bot.html)"
2001:288:a201::66:125 - - [26/Aug/2026:23:15:38 +0800] "GET /blog/active.php HTTP/1.1" 301 1026 "-" "-"
2001:288:a201::66:125 - - [26/Aug/2026:23:15:38 +0800] "GET /blog/active.php HTTP/1.1" 404 1084 "-" "-"
74.7.242.54 - - [26/Aug/2026:23:15:37 +0800] "GET /32745/wp-json/oembed/1.0/embed?url=https%3A%2F%2F2blog.ilc.edu.tw%2F32745%2F2021%2F05%2F28%2F%25e6%2584%259b%25e4%25bd%25a0%25e4%25b8%2580%25e4%25ba%25ba%2F HTTP/1.1" 200 3511 "https://2blog.ilc.edu.tw/32745/2021/05/28/%e6%84%9b%e4%bd%a0%e4%b8%80%e4%ba%ba/" "Mozilla/5.0 AppleWebKit/537.36 (KHTML, like Gecko; compatible; GPTBot/1.4; +https://openai.com/gptbot)"
34.57.162.91 - - [26/Aug/2026:23:15:38 +0800] "GET /6568/wp-json/wp/v2/posts/1775 HTTP/1.1" 200 8541 "-" "Mozilla/5.0 (Macintosh; Intel Mac OS X 10_15_7) AppleWebKit/537.36 (KHTML, like Gecko) Chrome/120.0.0.0 Safari/537.36"
74.7.242.54 - - [26/Aug/2026:23:15:38 +0800] "GET /32745/wp-json/wp/v2/posts/69102 HTTP/1.1" 200 18775 "https://2blog.ilc.edu.tw/32745/2022/04/16/%e7%b7%a3%e6%8a%95%e5%9b%a1%e4%bb%94%e5%a8%b6%e6%9f%90%e6%9c%aa/" "Mozilla/5.0 AppleWebKit/537.36 (KHTML, like Gecko; compatible; GPTBot/1.4; +https://openai.com/gptbot)"
34.192.67.98 - - [26/Aug/2026:23:15:38 +0800] "GET /amy6998/wp-content/uploads/sites/2364/2022/11/IMG_1795-2-1536x1203.jpg HTTP/1.1" 200 311766 "-" "Mozilla/5.0 AppleWebKit/537.36 (KHTML, like Gecko; compatible; Amazonbot/0.1; +https://developer.amazon.com/support/amazonbot) Chrome/119.0.6045.214 Safari/537.36"
3.230.69.161 - - [26/Aug/2026:23:15:39 +0800] "GET /wp-content/uploads/sites/3810/2024/?C=S;O%3DA HTTP/1.1" 200 1308 "-" "Mozilla/5.0 AppleWebKit/537.36 (KHTML, like Gecko; compatible; Amazonbot/0.1; +https://developer.amazon.com/support/amazonbot) Chrome/119.0.6045.214 Safari/537.36"
74.7.242.54 - - [26/Aug/2026:23:15:39 +0800] "GET /32745/wp-json/wp/v2/posts/69099 HTTP/1.1" 200 10085 "https://2blog.ilc.edu.tw/32745/2022/04/16/%e7%9b%b8%e9%80%a2%e6%98%af%e9%9b%a2%e5%88%a5%e7%9a%84%e9%96%8b%e5%a7%8b-2/" "Mozilla/5.0 AppleWebKit/537.36 (KHTML, like Gecko; compatible; GPTBot/1.4; +https://openai.com/gptbot)"
2407:4b00:4c06:684:104d:47a8:2414:63bd - - [26/Aug/2026:23:15:39 +0800] "GET /?page_id=70 HTTP/1.1" 200 14830 "https://www.ltjh.ilc.edu.tw/" "Mozilla/5.0 (Linux; Android 10; K) AppleWebKit/537.36 (KHTML, like Gecko) Chrome/151.0.0.0 Mobile Safari/537.36"
2407:4b00:4c06:684:104d:47a8:2414:63bd - - [26/Aug/2026:23:15:39 +0800] "GET /wp-content/uploads/sites/411/elementor/css/post-70.css HTTP/1.1" 200 1309 "https://www.ltjh.ilc.edu.tw/?page_id=70" "Mozilla/5.0 (Linux; Android 10; K) AppleWebKit/537.36 (KHTML, like Gecko) Chrome/151.0.0.0 Mobile Safari/537.36"
52.167.144.186 - - [26/Aug/2026:23:15:39 +0800] "GET /1003/?s=%E5%BC%B5%E5%82%91%E9%8A%98%E8%80%81%E5%B8%AB HTTP/1.1" 200 13779 "-" "Mozilla/5.0 AppleWebKit/537.36 (KHTML, like Gecko; compatible; bingbot/2.0; +http://www.bing.com/bingbot.htm) Chrome/116.0.1938.76 Safari/537.36"
66.249.71.9 - - [26/Aug/2026:23:15:38 +0800] "GET /wp-login.php?action=ilc_logout&_wpnonce=43754d0aad&redirect_to=http://skladhd.ru/gallery/63350/ HTTP/1.1" 302 3461 "-" "Mozilla/5.0 (compatible; Googlebot/2.1; +http://www.google.com/bot.html)"
74.7.242.54 - - [26/Aug/2026:23:15:39 +0800] "GET /32745/wp-json/wp/v2/posts/46813 HTTP/1.1" 200 16468 "https://2blog.ilc.edu.tw/32745/2021/08/04/%e6%84%9b%e4%bd%a0%e4%b8%80%e4%ba%ba-2/" "Mozilla/5.0 AppleWebKit/537.36 (KHTML, like Gecko; compatible; GPTBot/1.4; +https://openai.com/gptbot)"
140.111.67.10 - - [26/Aug/2026:23:15:40 +0800] "GET /" 301 273 "-" "-"
74.7.242.54 - - [26/Aug/2026:23:15:40 +0800] "GET /32745/wp-content/uploads/sites/1271/2022/04/safe_image-14-4-500x245.jpeg HTTP/1.1" 200 23503 "https://2blog.ilc.edu.tw/32745/2022/04/16/%e7%b7%a3%e6%8a%95%e5%9b%a1%e4%bb%94%e5%a8%b6%e6%9f%90%e6%9c%aa/" "Mozilla/5.0 AppleWebKit/537.36 (KHTML, like Gecko; compatible; GPTBot/1.4; +https://openai.com/gptbot)"
66.249.79.164 - - [26/Aug/2026:23:15:40 +0800] "GET /112dongaopreschool/wp-content/uploads/sites/3905/2024/12/LINE_ALBUM_20241122_241122_5-300x225.jpg HTTP/1.1" 200 28370 "-" "Googlebot-Image/1.0"
74.7.242.54 - - [26/Aug/2026:23:15:41 +0800] "GET /32745/wp-json/oembed/1.0/embed?url=https%3A%2F%2F2blog.ilc.edu.tw%2F32745%2F2022%2F04%2F16%2F%25e9%2585%2592%25e5%25a5%25b3%25e6%2598%25a5%25e5%25a4%25a2%2F HTTP/1.1" 200 3515 "https://2blog.ilc.edu.tw/32745/2022/04/16/%e9%85%92%e5%a5%b3%e6%98%a5%e5%a4%a2/" "Mozilla/5.0 AppleWebKit/537.36 (KHTML, like Gecko; compatible; GPTBot/1.4; +https://openai.com/gptbot)"
74.7.242.54 - - [26/Aug/2026:23:15:41 +0800] "GET /32745/wp-json/oembed/1.0/embed?format=xml&url=https%3A%2F%2F2blog.ilc.edu.tw%2F32745%2F2022%2F04%2F16%2F%25e9%2585%2592%25e5%25a5%25b3%25e6%2598%25a5%25e5%25a4%25a2%2F HTTP/1.1" 200 2312 "https://2blog.ilc.edu.tw/32745/2022/04/16/%e9%85%92%e5%a5%b3%e6%98%a5%e5%a4%a2/" "Mozilla/5.0 AppleWebKit/537.36 (KHTML, like Gecko; compatible; GPTBot/1.4; +https://openai.com/gptbot)"
74.7.242.54 - - [26/Aug/2026:23:15:42 +0800] "GET /32745/wp-json/wp/v2/posts/75788 HTTP/1.1" 200 11625 "https://2blog.ilc.edu.tw/32745/2022/06/05/%e5%b1%b1%e9%a0%82%e7%9a%84%e8%83%a1%e5%b0%91%e7%88%ba/" "Mozilla/5.0 AppleWebKit/537.36 (KHTML, like Gecko; compatible; GPTBot/1.4; +https://openai.com/gptbot)"
74.7.242.54 - - [26/Aug/2026:23:15:42 +0800] "GET /32745/wp-json/oembed/1.0/embed?format=xml&url=https%3A%2F%2F2blog.ilc.edu.tw%2F32745%2F2022%2F04%2F16%2F%25e6%25b5%2581%25e6%2598%259f%25e7%259a%2584%25e5%2591%25bd%25e9%2581%258b%2F HTTP/1.1" 200 2329 "https://2blog.ilc.edu.tw/32745/2022/04/16/%e6%b5%81%e6%98%9f%e7%9a%84%e5%91%bd%e9%81%8b/" "Mozilla/5.0 AppleWebKit/537.36 (KHTML, like Gecko; compatible; GPTBot/1.4; +https://openai.com/gptbot)"
2001:288:a201::66:125 - - [26/Aug/2026:23:15:43 +0800] "GET /blog/active.php HTTP/1.1" 301 1026 "-" "-"
2001:288:a201::66:125 - - [26/Aug/2026:23:15:43 +0800] "GET /blog/active.php HTTP/1.1" 404 1084 "-" "-"
74.7.242.54 - - [26/Aug/2026:23:15:43 +0800] "GET /32745/wp-json/wp/v2/posts/69144 HTTP/1.1" 200 9605 "https://2blog.ilc.edu.tw/32745/2022/04/16/%e6%b5%81%e6%98%9f%e7%9a%84%e5%91%bd%e9%81%8b/" "Mozilla/5.0 AppleWebKit/537.36 (KHTML, like Gecko; compatible; GPTBot/1.4; +https://openai.com/gptbot)"
74.7.242.54 - - [26/Aug/2026:23:15:43 +0800] "GET /32745/wp-json/wp/v2/posts/69161 HTTP/1.1" 200 16003 "https://2blog.ilc.edu.tw/32745/2022/04/16/%e9%85%92%e5%a5%b3%e6%98%a5%e5%a4%a2/" "Mozilla/5.0 AppleWebKit/537.36 (KHTML, like Gecko; compatible; GPTBot/1.4; +https://openai.com/gptbot)"
66.249.79.137 - - [26/Aug/2026:23:15:42 +0800] "GET /wp-login.php?action=ilc_logout&_wpnonce=43754d0aad&redirect_to=//les-artfoto-studio.ru/gallery/89488/ HTTP/1.1" 302 8252 "-" "Mozilla/5.0 (Linux; Android 6.0.1; Nexus 5X Build/MMB29P) AppleWebKit/537.36 (KHTML, like Gecko) Chrome/151.0.7922.173 Mobile Safari/537.36 (compatible; Googlebot/2.1; +http://www.google.com/bot.html)"
40.77.167.49 - - [26/Aug/2026:23:15:44 +0800] "GET /?s=2027 HTTP/1.1" 200 22698 "-" "Mozilla/5.0 AppleWebKit/537.36 (KHTML, like Gecko; compatible; bingbot/2.0; +http://www.bing.com/bingbot.htm) Chrome/116.0.1938.76 Safari/537.36"
74.7.242.54 - - [26/Aug/2026:23:15:44 +0800] "GET /32745/wp-json/oembed/1.0/embed?url=https%3A%2F%2F2blog.ilc.edu.tw%2F32745%2F2022%2F04%2F16%2F%25e6%25b5%2581%25e6%2598%259f%25e7%259a%2584%25e5%2591%25bd%25e9%2581%258b%2F HTTP/1.1" 200 3551 "https://2blog.ilc.edu.tw/32745/2022/04/16/%e6%b5%81%e6%98%9f%e7%9a%84%e5%91%bd%e9%81%8b/" "Mozilla/5.0 AppleWebKit/537.36 (KHTML, like Gecko; compatible; GPTBot/1.4; +https://openai.com/gptbot)"
23.21.119.232 - - [26/Aug/2026:23:15:44 +0800] "GET /wp-content/uploads/sites/1585/staatic/resources/7/43fc20da50a5e84e3dfabe5385e7e6779ce2596 HTTP/1.1" 200 23884 "-" "Mozilla/5.0 AppleWebKit/537.36 (KHTML, like Gecko; compatible; Amazonbot/0.1; +https://developer.amazon.com/support/amazonbot) Chrome/119.0.6045.214 Safari/537.36"
140.111.67.10 - - [26/Aug/2026:23:15:45 +0800] "GET /" 301 273 "-" "-"
74.7.242.54 - - [26/Aug/2026:23:15:45 +0800] "GET /32745/2021/11/05/%e8%9a%b5%e4%bb%94%e9%ba%b5%e7%b7%9a-3/ HTTP/1.1" 200 87843 "https://2blog.ilc.edu.tw/32745/2021/11/05/page/3/" "Mozilla/5.0 AppleWebKit/537.36 (KHTML, like Gecko; compatible; GPTBot/1.4; +https://openai.com/gptbot)"
66.249.79.137 - - [26/Aug/2026:23:15:44 +0800] "GET /wp-login.php?action=ilc_logout&_wpnonce=43754d0aad&redirect_to=http://skladhd.ru/gallery/352/ HTTP/1.1" 302 3459 "-" "Mozilla/5.0 (compatible; Googlebot/2.1; +http://www.google.com/bot.html)"
74.7.242.54 - - [26/Aug/2026:23:15:46 +0800] "GET /32745/2021/01/02/%e8%9a%b5%e4%bb%94%e9%ba%b5%e7%b7%9a/ HTTP/1.1" 200 87576 "https://2blog.ilc.edu.tw/32745/2020/12/27/%e9%bb%83%e8%a5%bf%e7%94%b0/" "Mozilla/5.0 AppleWebKit/537.36 (KHTML, like Gecko; compatible; GPTBot/1.4; +https://openai.com/gptbot)"
18.214.186.220 - - [26/Aug/2026:23:15:47 +0800] "GET /wp-content/uploads/sites/2309/staatic/resources/2/2dae77abb1b9a445b60b780769509f3cbe3e0bb HTTP/1.1" 200 70630 "-" "Mozilla/5.0 AppleWebKit/537.36 (KHTML, like Gecko; compatible; Amazonbot/0.1; +https://developer.amazon.com/support/amazonbot) Chrome/119.0.6045.214 Safari/537.36"
2001:288:a201::66:125 - - [26/Aug/2026:23:15:48 +0800] "GET /blog/active.php HTTP/1.1" 301 1026 "-" "-"
2001:288:a201::66:125 - - [26/Aug/2026:23:15:48 +0800] "GET /blog/active.php HTTP/1.1" 404 1084 "-" "-"
74.7.242.54 - - [26/Aug/2026:23:15:47 +0800] "GET /32745/2022/07/08/%e5%b0%8f%e5%a6%b9%e7%9c%9f%e5%aa%a0/ HTTP/1.1" 200 87401 "https://2blog.ilc.edu.tw/32745/2022/07/08/" "Mozilla/5.0 AppleWebKit/537.36 (KHTML, like Gecko; compatible; GPTBot/1.4; +https://openai.com/gptbot)"
66.249.71.9 - - [26/Aug/2026:23:15:46 +0800] "GET /wp-login.php?action=ilc_logout&_wpnonce=43754d0aad&redirect_to=http://dallerkzn.ru/job/62685/ HTTP/1.1" 302 8244 "-" "Mozilla/5.0 (compatible; Googlebot/2.1; +http://www.google.com/bot.html)"
2409:8c02:21c:c0::44 - - [26/Aug/2026:23:15:49 +0800] "GET /?p=8383&preview=true HTTP/1.1" 301 5765 "-" "Mozilla/5.0 (Windows NT 10.0; Win64; x64) AppleWebKit/537.36 (KHTML, like Gecko) Chrome/144.0.0.0 Safari/537.36"
74.7.242.54 - - [26/Aug/2026:23:15:48 +0800] "GET /32745/2021/09/23/%e8%9a%b5%e4%bb%94%e9%ba%b5%e7%b7%9a-2/ HTTP/1.1" 200 87615 "https://2blog.ilc.edu.tw/32745/2021/09/23/page/4/" "Mozilla/5.0 AppleWebKit/537.36 (KHTML, like Gecko; compatible; GPTBot/1.4; +https://openai.com/gptbot)"
2409:8c02:21c:c0::44 - - [26/Aug/2026:23:15:49 +0800] "GET /8383/ HTTP/1.1" 200 18413 "-" "Mozilla/5.0 (Windows NT 10.0; Win64; x64) AppleWebKit/537.36 (KHTML, like Gecko) Chrome/144.0.0.0 Safari/537.36"
66.249.79.137 - - [26/Aug/2026:23:15:48 +0800] "GET /wp-login.php?action=ilc_logout&_wpnonce=43754d0aad&redirect_to=//photo-olbimak.ru/creator/47361/ HTTP/1.1" 302 3462 "-" "Mozilla/5.0 (compatible; Googlebot/2.1; +http://www.google.com/bot.html)"
140.111.67.10 - - [26/Aug/2026:23:15:50 +0800] "GET /" 301 273 "-" "-"
74.7.242.54 - - [26/Aug/2026:23:15:50 +0800] "GET /32745/2025/02/01/%e6%84%9b%e4%bd%a0%e4%b8%80%e4%ba%ba-4/ HTTP/1.1" 200 87406 "https://2blog.ilc.edu.tw/32745/2020/08/02/%e5%bc%b5%e7%a7%80%e5%8d%bf/" "Mozilla/5.0 AppleWebKit/537.36 (KHTML, like Gecko; compatible; GPTBot/1.4; +https://openai.com/gptbot)"
54.84.102.81 - - [26/Aug/2026:23:15:50 +0800] "GET /amy6998/wp-content/uploads/sites/2364/2022/08/IMG_6245.jpg HTTP/1.1" 200 174386 "-" "Mozilla/5.0 AppleWebKit/537.36 (KHTML, like Gecko; compatible; Amazonbot/0.1; +https://developer.amazon.com/support/amazonbot) Chrome/119.0.6045.214 Safari/537.36"
2409:8c02:21c:c0::44 - - [26/Aug/2026:23:15:51 +0800] "GET /wp-content/cache/isupport.ilc.edu.tw/wpfc-minified/fhgiw72a/ks8w.css HTTP/1.1" 200 40883 "https://isupport.ilc.edu.tw/8383/" "Mozilla/5.0 (Windows NT 10.0; Win64; x64) AppleWebKit/537.36 (KHTML, like Gecko) Chrome/144.0.0.0 Safari/537.36"
34.57.162.91 - - [26/Aug/2026:23:15:48 +0800] "GET /26150/2017/05/16/%E5%8E%9F%E8%A8%82%E6%96%BC106%E5%B9%B45%E6%9C%8821%E6%97%A5%E3%80%816%E6%9C%8811%E6%97%A5%E3%80%817%E6%9C%8822%E6%97%A5%E3%80%818%E6%9C%886%E6%97%A5%E5%81%87%E6%9C%AC%E4%B8%AD%E5%BF%83%E8%BE%A6/ HTTP/1.1" 200 23159 "-" "Mozilla/5.0 (Macintosh; Intel Mac OS X 10_15_7) AppleWebKit/537.36 (KHTML, like Gecko) Chrome/120.0.0.0 Safari/537.36"
74.7.242.54 - - [26/Aug/2026:23:15:51 +0800] "GET /32745/2022/10/23/%e6%84%9b%e4%bd%a0%e4%b8%80%e4%ba%ba-3/ HTTP/1.1" 200 87067 "https://2blog.ilc.edu.tw/32745/2022/10/23/page/3/" "Mozilla/5.0 AppleWebKit/537.36 (KHTML, like Gecko; compatible; GPTBot/1.4; +https://openai.com/gptbot)"
