2408:874c:0:36:ffff:ffff:ffff:151 - - [26/Aug/2026:23:13:06 +0800] "GET /31324/2015/06/25/ HTTP/1.1" 200 10078 "-" "Mozilla/5.0 (Windows NT 10.0; Win64; x64) AppleWebKit/537.36 (KHTML, like Gecko) Chrome/144.0.0.0 Safari/537.36"
2408:874c:0:36:ffff:ffff:ffff:151 - - [26/Aug/2026:23:13:06 +0800] "GET /31324/wp-content/cache/2blog.ilc.edu.tw/wpfc-minified/qupmdtqu/dthl5.css HTTP/1.1" 200 40888 "https://2blog.ilc.edu.tw/31324/2015/06/25/" "Mozilla/5.0 (Windows NT 10.0; Win64; x64) AppleWebKit/537.36 (KHTML, like Gecko) Chrome/144.0.0.0 Safari/537.36"
136.119.35.120 - - [26/Aug/2026:23:13:05 +0800] "GET /wp-content/uploads/sites/2745/6454/6454-956855.pdf HTTP/1.1" 200 886445 "-" "Mozilla/5.0 (Macintosh; Intel Mac OS X 10_15_7) AppleWebKit/537.36 (KHTML, like Gecko) Chrome/120.0.0.0 Safari/537.36"
52.200.58.199 - - [26/Aug/2026:23:13:07 +0800] "GET /wp-content/uploads/sites/1620/2021/11/?C=D;O%3DA HTTP/1.1" 200 1113 "-" "Mozilla/5.0 AppleWebKit/537.36 (KHTML, like Gecko; compatible; Amazonbot/0.1; +https://developer.amazon.com/support/amazonbot) Chrome/119.0.6045.214 Safari/537.36"
17.241.227.137 - - [26/Aug/2026:23:13:07 +0800] "GET /wp-content/cache/www.kkes.ilc.edu.tw/wpfc-minified/g1omb4oy/83o7.css HTTP/1.1" 200 40884 "https://www.kkes.ilc.edu.tw/" "Mozilla/5.0 (Macintosh; Intel Mac OS X 10_15_7) AppleWebKit/605.1.15 (KHTML, like Gecko) Version/17.4 Safari/605.1.15 (Applebot/0.1; +http://www.apple.com/go/applebot)"
66.249.71.2 - - [26/Aug/2026:23:13:05 +0800] "GET /wp-login.php?action=ilc_logout&_wpnonce=43754d0aad&redirect_to=//mariadveri.ru/gallery/54544/ HTTP/1.1" 302 8244 "-" "Mozilla/5.0 (Linux; Android 6.0.1; Nexus 5X Build/MMB29P) AppleWebKit/537.36 (KHTML, like Gecko) Chrome/151.0.7922.173 Mobile Safari/537.36 (compatible; Googlebot/2.1; +http://www.google.com/bot.html)"
74.7.242.54 - - [26/Aug/2026:23:13:06 +0800] "GET /32745/category/%e8%8b%97%e6%a0%97%e8%a5%bf%e6%b9%96%e5%9c%8b%e4%b8%ad%e9%9f%b3%e6%a8%82%e8%aa%b2%e6%ad%8c%e6%9b%b2%e5%89%b5%e4%bd%9c/ HTTP/1.1" 200 85722 "https://2blog.ilc.edu.tw/32745/2020/06/21/" "Mozilla/5.0 AppleWebKit/537.36 (KHTML, like Gecko; compatible; GPTBot/1.4; +https://openai.com/gptbot)"
2408:874c:0:36:ffff:ffff:ffff:151 - - [26/Aug/2026:23:13:07 +0800] "GET /31324/wp-content/cache/2blog.ilc.edu.tw/wpfc-minified/7vhs0ius/dthl5.css HTTP/1.1" 200 15782 "https://2blog.ilc.edu.tw/31324/2015/06/25/" "Mozilla/5.0 (Windows NT 10.0; Win64; x64) AppleWebKit/537.36 (KHTML, like Gecko) Chrome/144.0.0.0 Safari/537.36"
2408:874c:0:36:ffff:ffff:ffff:151 - - [26/Aug/2026:23:13:07 +0800] "GET /31324/wp-content/cache/2blog.ilc.edu.tw/wpfc-minified/edh1i2fk/dthl5.css HTTP/1.1" 200 1496 "https://2blog.ilc.edu.tw/31324/2015/06/25/" "Mozilla/5.0 (Windows NT 10.0; Win64; x64) AppleWebKit/537.36 (KHTML, like Gecko) Chrome/144.0.0.0 Safari/537.36"
2408:874c:0:36:ffff:ffff:ffff:151 - - [26/Aug/2026:23:13:07 +0800] "GET /31324/wp-content/cache/2blog.ilc.edu.tw/wpfc-minified/kng89kdg/dthl5.css HTTP/1.1" 200 53976 "https://2blog.ilc.edu.tw/31324/2015/06/25/" "Mozilla/5.0 (Windows NT 10.0; Win64; x64) AppleWebKit/537.36 (KHTML, like Gecko) Chrome/144.0.0.0 Safari/537.36"
2408:874c:0:36:ffff:ffff:ffff:151 - - [26/Aug/2026:23:13:07 +0800] "GET /31324/wp-content/cache/2blog.ilc.edu.tw/wpfc-minified/qxow200h/dthl5.js HTTP/1.1" 200 40359 "https://2blog.ilc.edu.tw/31324/2015/06/25/" "Mozilla/5.0 (Windows NT 10.0; Win64; x64) AppleWebKit/537.36 (KHTML, like Gecko) Chrome/144.0.0.0 Safari/537.36"
2408:874c:0:36:ffff:ffff:ffff:151 - - [26/Aug/2026:23:13:07 +0800] "GET /31324/wp-includes/js/hoverintent-js.min.js HTTP/1.1" 200 6391 "https://2blog.ilc.edu.tw/31324/2015/06/25/" "Mozilla/5.0 (Windows NT 10.0; Win64; x64) AppleWebKit/537.36 (KHTML, like Gecko) Chrome/144.0.0.0 Safari/537.36"
2408:874c:0:36:ffff:ffff:ffff:151 - - [26/Aug/2026:23:13:07 +0800] "GET /31324/wp-includes/js/admin-bar.min.js HTTP/1.1" 200 7031 "https://2blog.ilc.edu.tw/31324/2015/06/25/" "Mozilla/5.0 (Windows NT 10.0; Win64; x64) AppleWebKit/537.36 (KHTML, like Gecko) Chrome/144.0.0.0 Safari/537.36"
2a09:bac3:580e:323::50:a7 - - [26/Aug/2026:23:13:07 +0800] "GET /apple-touch-icon-precomposed.png HTTP/1.1" 404 25478 "-" "com.apple.WebKit.Networking/21624.2.5.11.4 Network/5812.121.1 macOS/26.5.1"
2408:874c:0:36:ffff:ffff:ffff:151 - - [26/Aug/2026:23:13:07 +0800] "GET /31324/wp-content/themes/oceanwp/assets/js/theme.min.js HTTP/1.1" 200 5130 "https://2blog.ilc.edu.tw/31324/2015/06/25/" "Mozilla/5.0 (Windows NT 10.0; Win64; x64) AppleWebKit/537.36 (KHTML, like Gecko) Chrome/144.0.0.0 Safari/537.36"
2408:874c:0:36:ffff:ffff:ffff:151 - - [26/Aug/2026:23:13:08 +0800] "GET /31324/wp-includes/js/imagesloaded.min.js HTTP/1.1" 200 2683 "https://2blog.ilc.edu.tw/31324/2015/06/25/" "Mozilla/5.0 (Windows NT 10.0; Win64; x64) AppleWebKit/537.36 (KHTML, like Gecko) Chrome/144.0.0.0 Safari/537.36"
2408:874c:0:36:ffff:ffff:ffff:151 - - [26/Aug/2026:23:13:08 +0800] "GET /31324/wp-content/themes/oceanwp/assets/js/drop-down-mobile-menu.min.js HTTP/1.1" 200 4663 "https://2blog.ilc.edu.tw/31324/2015/06/25/" "Mozilla/5.0 (Windows NT 10.0; Win64; x64) AppleWebKit/537.36 (KHTML, like Gecko) Chrome/144.0.0.0 Safari/537.36"
2408:874c:0:36:ffff:ffff:ffff:151 - - [26/Aug/2026:23:13:08 +0800] "GET /31324/wp-content/themes/oceanwp/assets/js/drop-down-search.min.js HTTP/1.1" 200 2968 "https://2blog.ilc.edu.tw/31324/2015/06/25/" "Mozilla/5.0 (Windows NT 10.0; Win64; x64) AppleWebKit/537.36 (KHTML, like Gecko) Chrome/144.0.0.0 Safari/537.36"
2a09:bac3:580e:323::50:a7 - - [26/Aug/2026:23:13:08 +0800] "GET /apple-touch-icon.png HTTP/1.1" 404 25478 "-" "com.apple.WebKit.Networking/21624.2.5.11.4 Network/5812.121.1 macOS/26.5.1"
2a09:bac3:580e:323::50:a7 - - [26/Aug/2026:23:13:08 +0800] "GET /wp-includes/images/w-logo-blue-white-bg.png HTTP/1.1" 200 4946 "-" "com.apple.WebKit.Networking/21624.2.5.11.4 Network/5812.121.1 macOS/26.5.1"
2001:288:a201::66:125 - - [26/Aug/2026:23:13:08 +0800] "GET /blog/active.php HTTP/1.1" 301 1026 "-" "-"
2001:288:a201::66:125 - - [26/Aug/2026:23:13:08 +0800] "GET /blog/active.php HTTP/1.1" 404 1084 "-" "-"
2408:874c:0:36:ffff:ffff:ffff:151 - - [26/Aug/2026:23:13:08 +0800] "GET /31324/wp-content/themes/oceanwp/assets/js/vendors/magnific-popup.min.js HTTP/1.1" 200 8270 "https://2blog.ilc.edu.tw/31324/2015/06/25/" "Mozilla/5.0 (Windows NT 10.0; Win64; x64) AppleWebKit/537.36 (KHTML, like Gecko) Chrome/144.0.0.0 Safari/537.36"
2408:874c:0:36:ffff:ffff:ffff:151 - - [26/Aug/2026:23:13:08 +0800] "GET /31324/wp-content/themes/oceanwp/assets/js/ow-lightbox.min.js HTTP/1.1" 200 2321 "https://2blog.ilc.edu.tw/31324/2015/06/25/" "Mozilla/5.0 (Windows NT 10.0; Win64; x64) AppleWebKit/537.36 (KHTML, like Gecko) Chrome/144.0.0.0 Safari/537.36"
2408:874c:0:36:ffff:ffff:ffff:151 - - [26/Aug/2026:23:13:08 +0800] "GET /31324/wp-content/themes/oceanwp/assets/js/vendors/flickity.pkgd.min.js HTTP/1.1" 200 15048 "https://2blog.ilc.edu.tw/31324/2015/06/25/" "Mozilla/5.0 (Windows NT 10.0; Win64; x64) AppleWebKit/537.36 (KHTML, like Gecko) Chrome/144.0.0.0 Safari/537.36"
2a09:bac3:580e:323::50:a7 - - [26/Aug/2026:23:13:08 +0800] "GET /ltjhinformation/wp-content/uploads/sites/1516/2022/08/S__140296201_thumb.jpg HTTP/1.1" 200 48704 "-" "com.apple.WebKit.Networking/21624.2.5.11.4 Network/5812.121.1 macOS/26.5.1"
2408:874c:0:36:ffff:ffff:ffff:151 - - [26/Aug/2026:23:13:08 +0800] "GET /31324/wp-content/themes/oceanwp/assets/js/ow-slider.min.js HTTP/1.1" 200 1761 "https://2blog.ilc.edu.tw/31324/2015/06/25/" "Mozilla/5.0 (Windows NT 10.0; Win64; x64) AppleWebKit/537.36 (KHTML, like Gecko) Chrome/144.0.0.0 Safari/537.36"
2a09:bac3:580e:323::50:a7 - - [26/Aug/2026:23:13:08 +0800] "GET /ltjhinformation/wp-content/uploads/sites/1516/2022/08/S__140296202_thumb.jpg HTTP/1.1" 200 79550 "-" "com.apple.WebKit.Networking/21624.2.5.11.4 Network/5812.121.1 macOS/26.5.1"
2408:874c:0:36:ffff:ffff:ffff:151 - - [26/Aug/2026:23:13:08 +0800] "GET /31324/wp-content/themes/oceanwp/assets/js/scroll-effect.min.js HTTP/1.1" 200 4127 "https://2blog.ilc.edu.tw/31324/2015/06/25/" "Mozilla/5.0 (Windows NT 10.0; Win64; x64) AppleWebKit/537.36 (KHTML, like Gecko) Chrome/144.0.0.0 Safari/537.36"
2408:874c:0:36:ffff:ffff:ffff:151 - - [26/Aug/2026:23:13:08 +0800] "GET /31324/wp-content/themes/oceanwp/assets/js/scroll-top.min.js HTTP/1.1" 200 3202 "https://2blog.ilc.edu.tw/31324/2015/06/25/" "Mozilla/5.0 (Windows NT 10.0; Win64; x64) AppleWebKit/537.36 (KHTML, like Gecko) Chrome/144.0.0.0 Safari/537.36"
74.7.242.54 - - [26/Aug/2026:23:13:08 +0800] "GET /32745/2024/01/06/%e4%b9%be%e6%9d%af%e4%b9%be%e6%9d%af/ HTTP/1.1" 200 88287 "https://2blog.ilc.edu.tw/32745/2024/01/06/page/2/" "Mozilla/5.0 AppleWebKit/537.36 (KHTML, like Gecko; compatible; GPTBot/1.4; +https://openai.com/gptbot)"
2408:874c:0:36:ffff:ffff:ffff:151 - - [26/Aug/2026:23:13:08 +0800] "GET /31324/wp-content/themes/oceanwp/assets/js/select.min.js HTTP/1.1" 200 2408 "https://2blog.ilc.edu.tw/31324/2015/06/25/" "Mozilla/5.0 (Windows NT 10.0; Win64; x64) AppleWebKit/537.36 (KHTML, like Gecko) Chrome/144.0.0.0 Safari/537.36"
2408:874c:0:36:ffff:ffff:ffff:151 - - [26/Aug/2026:23:13:08 +0800] "GET /31324/wp-content/themes/oceanwp/assets/fonts/fontawesome/webfonts/fa-solid-900.woff2 HTTP/1.1" 200 151246 "https://2blog.ilc.edu.tw/31324/wp-content/cache/2blog.ilc.edu.tw/wpfc-minified/kng89kdg/dthl5.css" "Mozilla/5.0 (Windows NT 10.0; Win64; x64) AppleWebKit/537.36 (KHTML, like Gecko) Chrome/144.0.0.0 Safari/537.36"
2408:874c:0:36:ffff:ffff:ffff:151 - - [26/Aug/2026:23:13:08 +0800] "GET /31324/wp-content/themes/oceanwp/assets/fonts/simple-line-icons/Simple-Line-Icons.woff2?v=2.4.0 HTTP/1.1" 200 30959 "https://2blog.ilc.edu.tw/31324/wp-content/cache/2blog.ilc.edu.tw/wpfc-minified/kng89kdg/dthl5.css" "Mozilla/5.0 (Windows NT 10.0; Win64; x64) AppleWebKit/537.36 (KHTML, like Gecko) Chrome/144.0.0.0 Safari/537.36"
17.241.227.137 - - [26/Aug/2026:23:13:08 +0800] "GET /wp-includes/js/hoverintent-js.min.js HTTP/1.1" 200 1597 "https://www.kkes.ilc.edu.tw/" "Mozilla/5.0 (Macintosh; Intel Mac OS X 10_15_7) AppleWebKit/605.1.15 (KHTML, like Gecko) Version/17.4 Safari/605.1.15 (Applebot/0.1; +http://www.apple.com/go/applebot)"
2408:874c:0:36:ffff:ffff:ffff:151 - - [26/Aug/2026:23:13:09 +0800] "GET /favicon.ico HTTP/1.1" 302 901 "https://2blog.ilc.edu.tw/31324/2015/06/25/" "Mozilla/5.0 (Windows NT 10.0; Win64; x64) AppleWebKit/537.36 (KHTML, like Gecko) Chrome/144.0.0.0 Safari/537.36"
74.7.242.54 - - [26/Aug/2026:23:13:09 +0800] "GET /32745/2021/10/31/%e4%bd%a0%e8%ac%9b%e4%bd%a0%e8%ac%9b/ HTTP/1.1" 200 87749 "https://2blog.ilc.edu.tw/32745/category/%e6%9b%be%e7%91%8b%e4%b8%advscrazy-zozi%e6%a8%82%e5%9c%98/" "Mozilla/5.0 AppleWebKit/537.36 (KHTML, like Gecko; compatible; GPTBot/1.4; +https://openai.com/gptbot)"
2408:874c:0:36:ffff:ffff:ffff:151 - - [26/Aug/2026:23:13:09 +0800] "GET /wp-includes/images/w-logo-blue-white-bg.png HTTP/1.1" 200 4946 "https://2blog.ilc.edu.tw/31324/2015/06/25/" "Mozilla/5.0 (Windows NT 10.0; Win64; x64) AppleWebKit/537.36 (KHTML, like Gecko) Chrome/144.0.0.0 Safari/537.36"
2001:288:a240:1:2ce0:d97f:6e8a:aef6 - - [26/Aug/2026:23:13:10 +0800] "-" 408 4800 "-" "-"
2001:288:a240:1:2ce0:d97f:6e8a:aef6 - - [26/Aug/2026:23:13:10 +0800] "-" 408 4800 "-" "-"
17.241.227.137 - - [26/Aug/2026:23:13:10 +0800] "GET /wp-includes/js/imagesloaded.min.js HTTP/1.1" 200 2683 "https://www.kkes.ilc.edu.tw/" "Mozilla/5.0 (Macintosh; Intel Mac OS X 10_15_7) AppleWebKit/605.1.15 (KHTML, like Gecko) Version/17.4 Safari/605.1.15 (Applebot/0.1; +http://www.apple.com/go/applebot)"
140.111.67.10 - - [26/Aug/2026:23:13:10 +0800] "GET /" 301 273 "-" "-"
74.7.242.54 - - [26/Aug/2026:23:13:10 +0800] "GET /32745/2024/08/04/%e9%a6%ac%e8%a5%bf%e9%a6%ac%e8%a5%bf-2/ HTTP/1.1" 200 88246 "https://2blog.ilc.edu.tw/32745/2024/08/04/page/9/" "Mozilla/5.0 AppleWebKit/537.36 (KHTML, like Gecko; compatible; GPTBot/1.4; +https://openai.com/gptbot)"
17.241.227.137 - - [26/Aug/2026:23:13:11 +0800] "GET /wp-content/themes/oceanwp/assets/js/drop-down-search.min.js HTTP/1.1" 200 2968 "https://www.kkes.ilc.edu.tw/" "Mozilla/5.0 (Macintosh; Intel Mac OS X 10_15_7) AppleWebKit/605.1.15 (KHTML, like Gecko) Version/17.4 Safari/605.1.15 (Applebot/0.1; +http://www.apple.com/go/applebot)"
2409:252:95a0:d400:619a:665e:3833:fc89 - - [26/Aug/2026:23:13:11 +0800] "GET /wp-content/uploads/sites/233/1003/1003-2646602.jpg HTTP/1.1" 200 78150 "https://2blog.ilc.edu.tw/1003/2014/08/27/%e5%b0%8f%e4%b8%80%e9%96%8b%e5%ad%b8%e5%80%92%e6%95%b8%e7%ac%ac%e4%ba%94%e5%a4%a9/" "Mozilla/5.0 (iPhone; CPU iPhone OS 26_5_2 like Mac OS X) AppleWebKit/605.1.15 (KHTML, like Gecko) GSA/435.4.965413651 Mobile/15E148 Safari/604.1"
3.210.114.189 - - [26/Aug/2026:23:13:11 +0800] "GET /wp-content/uploads/sites/1663/36430/previews/36430-3651512.gif HTTP/1.1" 200 9338 "-" "Mozilla/5.0 AppleWebKit/537.36 (KHTML, like Gecko; compatible; Amazonbot/0.1; +https://developer.amazon.com/support/amazonbot) Chrome/119.0.6045.214 Safari/537.36"
74.7.242.54 - - [26/Aug/2026:23:13:11 +0800] "GET /32745/2024/07/24/%e9%a6%ac%e8%a5%bf%e9%a6%ac%e8%a5%bf/ HTTP/1.1" 200 87404 "https://2blog.ilc.edu.tw/32745/2024/07/24/page/6/" "Mozilla/5.0 AppleWebKit/537.36 (KHTML, like Gecko; compatible; GPTBot/1.4; +https://openai.com/gptbot)"
2001:4860:7:510::f6 - - [26/Aug/2026:23:13:12 +0800] "GET /11463/ HTTP/1.1" 200 27526 "https://www.google.com/" "Mozilla/5.0 (X11; CrOS x86_64 14541.0.0) AppleWebKit/537.36 (KHTML, like Gecko) Chrome/150.0.0.0 Safari/537.36"
66.249.71.7 - - [26/Aug/2026:23:13:12 +0800] "GET /wp-content/uploads/sites/1361/2024/08/%E8%A1%8C%E4%BA%8B%E6%9B%86.pdf HTTP/1.1" 200 1154450 "-" "Googlebot/2.1 (+http://www.google.com/bot.html)"
::1 - - [26/Aug/2026:23:13:12 +0800] "OPTIONS * HTTP/1.0" 200 110 "-" "Apache/2.4.68 (Ubuntu) OpenSSL/3.0.19 (internal dummy connection)"
2001:288:a201::66:125 - - [26/Aug/2026:23:13:13 +0800] "GET /blog/active.php HTTP/1.1" 301 1026 "-" "-"
2001:288:a201::66:125 - - [26/Aug/2026:23:13:13 +0800] "GET /blog/active.php HTTP/1.1" 404 1084 "-" "-"
17.241.227.137 - - [26/Aug/2026:23:13:13 +0800] "GET /wp-content/themes/oceanwp/assets/js/ow-lightbox.min.js HTTP/1.1" 200 2321 "https://www.kkes.ilc.edu.tw/" "Mozilla/5.0 (Macintosh; Intel Mac OS X 10_15_7) AppleWebKit/605.1.15 (KHTML, like Gecko) Version/17.4 Safari/605.1.15 (Applebot/0.1; +http://www.apple.com/go/applebot)"
74.7.242.54 - - [26/Aug/2026:23:13:12 +0800] "GET /32745/2026/02/27/%e4%b9%be%e6%9d%af%e4%b9%be%e6%9d%af-3/ HTTP/1.1" 200 87001 "https://2blog.ilc.edu.tw/32745/2020/12/27/%e9%bb%83%e5%bf%97%e5%bc%b7/" "Mozilla/5.0 AppleWebKit/537.36 (KHTML, like Gecko; compatible; GPTBot/1.4; +https://openai.com/gptbot)"
2401:e180:8870:1c3a:9d74:91bb:d97a:5a54 - - [26/Aug/2026:23:13:13 +0800] "GET /35/wp-content/uploads/sites/1161/2022/09/302298379_1813305265686771_3870015214123548869_n-1536x1152.jpg HTTP/1.1" 200 434175 "https://2blog.ilc.edu.tw/35/2022/09/06/%E5%B0%8F%E4%B8%80%E5%B0%8E%E5%B8%AB%E7%9A%84%E4%BA%94%E5%9B%9B%E4%B8%89%E5%BF%83%E5%BE%97%E5%88%86%E4%BA%AB/" "Mozilla/5.0 (Windows NT 10.0; Win64; x64) AppleWebKit/537.36 (KHTML, like Gecko) Chrome/151.0.0.0 Safari/537.36"
::1 - - [26/Aug/2026:23:13:13 +0800] "OPTIONS * HTTP/1.0" 200 110 "-" "Apache/2.4.68 (Ubuntu) OpenSSL/3.0.19 (internal dummy connection)"
74.7.242.54 - - [26/Aug/2026:23:13:13 +0800] "GET /32745/2021/06/03/%e4%b8%81%e6%96%87%e6%a3%8bvs%e4%b8%81%e9%88%b4/ HTTP/1.1" 200 86043 "https://2blog.ilc.edu.tw/32745/2021/06/03/page/6/" "Mozilla/5.0 AppleWebKit/537.36 (KHTML, like Gecko; compatible; GPTBot/1.4; +https://openai.com/gptbot)"
17.241.227.137 - - [26/Aug/2026:23:13:14 +0800] "GET /wp-content/themes/oceanwp/assets/js/scroll-top.min.js HTTP/1.1" 200 3202 "https://www.kkes.ilc.edu.tw/" "Mozilla/5.0 (Macintosh; Intel Mac OS X 10_15_7) AppleWebKit/605.1.15 (KHTML, like Gecko) Version/17.4 Safari/605.1.15 (Applebot/0.1; +http://www.apple.com/go/applebot)"
74.7.242.54 - - [26/Aug/2026:23:13:14 +0800] "GET /32745/wp-json/wp/v2/posts/42040 HTTP/1.1" 200 3771 "https://2blog.ilc.edu.tw/32745/2021/06/05/%e8%91%89%e5%95%9f%e7%94%b0vs%e7%be%85%e6%99%82%e8%b1%90/" "Mozilla/5.0 AppleWebKit/537.36 (KHTML, like Gecko; compatible; GPTBot/1.4; +https://openai.com/gptbot)"
44.212.106.171 - - [26/Aug/2026:23:13:15 +0800] "GET /wp-content/uploads/sites/1143/2020/07/?C=S;O%3DA HTTP/1.1" 200 1113 "-" "Mozilla/5.0 AppleWebKit/537.36 (KHTML, like Gecko; compatible; Amazonbot/0.1; +https://developer.amazon.com/support/amazonbot) Chrome/119.0.6045.214 Safari/537.36"
34.171.68.95 - - [26/Aug/2026:23:13:14 +0800] "GET /32745/2023/11/11/%E9%A0%91%E7%9A%AE%E8%B1%B9vs%E5%A5%A7%E8%8E%89%E8%96%87/ HTTP/1.1" 200 91003 "-" "Mozilla/5.0 (Macintosh; Intel Mac OS X 10_15_7) AppleWebKit/537.36 (KHTML, like Gecko) Chrome/120.0.0.0 Safari/537.36"
140.111.67.10 - - [26/Aug/2026:23:13:15 +0800] "GET /" 301 273 "-" "-"
74.7.242.54 - - [26/Aug/2026:23:13:15 +0800] "GET /32745/wp-json/wp/v2/posts/10474 HTTP/1.1" 200 30126 "https://2blog.ilc.edu.tw/32745/2020/05/17/%e6%b4%97%e5%88%b7%e5%88%b7/" "Mozilla/5.0 AppleWebKit/537.36 (KHTML, like Gecko; compatible; GPTBot/1.4; +https://openai.com/gptbot)"
17.241.227.137 - - [26/Aug/2026:23:13:15 +0800] "GET /wp-content/themes/oceanwp/assets/js/select.min.js HTTP/1.1" 200 2408 "https://www.kkes.ilc.edu.tw/" "Mozilla/5.0 (Macintosh; Intel Mac OS X 10_15_7) AppleWebKit/605.1.15 (KHTML, like Gecko) Version/17.4 Safari/605.1.15 (Applebot/0.1; +http://www.apple.com/go/applebot)"
74.7.242.54 - - [26/Aug/2026:23:13:16 +0800] "GET /32745/wp-json/wp/v2/posts/99344 HTTP/1.1" 200 3687 "https://2blog.ilc.edu.tw/32745/2024/02/06/%e9%82%b1%e5%87%b1%e5%87%b1/" "Mozilla/5.0 AppleWebKit/537.36 (KHTML, like Gecko; compatible; GPTBot/1.4; +https://openai.com/gptbot)"
::1 - - [26/Aug/2026:23:13:16 +0800] "OPTIONS * HTTP/1.0" 200 110 "-" "Apache/2.4.68 (Ubuntu) OpenSSL/3.0.19 (internal dummy connection)"
2001:b011:7800:3bef:3458:c28e:9462:91ef - - [26/Aug/2026:23:13:16 +0800] "-" 408 4794 "-" "-"
74.7.242.54 - - [26/Aug/2026:23:13:16 +0800] "GET /32745/wp-json/wp/v2/posts/20786 HTTP/1.1" 200 22262 "https://2blog.ilc.edu.tw/32745/2020/07/05/%e6%97%a5%e6%97%a5%e7%b4%85/" "Mozilla/5.0 AppleWebKit/537.36 (KHTML, like Gecko; compatible; GPTBot/1.4; +https://openai.com/gptbot)"
17.241.227.137 - - [26/Aug/2026:23:13:17 +0800] "GET /wp-content/plugins/ocean-extra/includes/widgets/js/flickr.min.js HTTP/1.1" 200 1319 "https://www.kkes.ilc.edu.tw/" "Mozilla/5.0 (Macintosh; Intel Mac OS X 10_15_7) AppleWebKit/605.1.15 (KHTML, like Gecko) Version/17.4 Safari/605.1.15 (Applebot/0.1; +http://www.apple.com/go/applebot)"
74.7.242.54 - - [26/Aug/2026:23:13:17 +0800] "GET /32745/wp-json/oembed/1.0/embed?url=https%3A%2F%2F2blog.ilc.edu.tw%2F32745%2F2020%2F07%2F05%2F%25e6%2597%25a5%25e6%2597%25a5%25e7%25b4%2585%2F HTTP/1.1" 200 3477 "https://2blog.ilc.edu.tw/32745/2020/07/05/%e6%97%a5%e6%97%a5%e7%b4%85/" "Mozilla/5.0 AppleWebKit/537.36 (KHTML, like Gecko; compatible; GPTBot/1.4; +https://openai.com/gptbot)"
2001:288:a201::66:125 - - [26/Aug/2026:23:13:18 +0800] "GET /blog/active.php HTTP/1.1" 404 1084 "-" "-"
2001:288:a201::66:125 - - [26/Aug/2026:23:13:18 +0800] "GET /blog/active.php HTTP/1.1" 301 1026 "-" "-"
64.31.3.126 - - [26/Aug/2026:23:13:15 +0800] "GET / HTTP/1.0" 200 109257 "http://www.jwes.ilc.edu.tw/" "Mozilla/5.0 (Windows NT 10.0; Win64; x64) AppleWebKit/537.36 (KHTML, like Gecko) Chrome/131.0.0.0 Safari/537.36 Avast/131.0.0.0"
2001:41d0:303:1556::1 - - [26/Aug/2026:23:13:18 +0800] "GET /2018/06/26/%E6%AD%B7%E4%BB%BB%E6%A0%A1%E9%95%B7/ HTTP/1.1" 200 22150 "-" "Mozilla/5.0 (compatible; MJ12bot/v1.4.8; http://mj12bot.com/)"
140.111.67.195 - - [26/Aug/2026:23:13:18 +0800] "GET /wp-admin/admin-post.php?action=steps_ad HTTP/1.1" 200 1973 "-" "node-fetch/1.0 (+https://github.com/bitinn/node-fetch)"
74.7.242.54 - - [26/Aug/2026:23:13:18 +0800] "GET /32745/wp-json/wp/v2/posts/98546 HTTP/1.1" 200 24830 "https://2blog.ilc.edu.tw/32745/2024/01/06/%e4%b9%be%e6%9d%af%e4%b9%be%e6%9d%af/" "Mozilla/5.0 AppleWebKit/537.36 (KHTML, like Gecko; compatible; GPTBot/1.4; +https://openai.com/gptbot)"
17.241.227.137 - - [26/Aug/2026:23:13:18 +0800] "GET /wp-includes/js/mediaelement/mediaelement-and-player.min.js HTTP/1.1" 200 39802 "https://www.kkes.ilc.edu.tw/" "Mozilla/5.0 (Macintosh; Intel Mac OS X 10_15_7) AppleWebKit/605.1.15 (KHTML, like Gecko) Version/17.4 Safari/605.1.15 (Applebot/0.1; +http://www.apple.com/go/applebot)"
74.7.242.54 - - [26/Aug/2026:23:13:18 +0800] "GET /32745/wp-json/wp/v2/posts/60589 HTTP/1.1" 200 18941 "https://2blog.ilc.edu.tw/32745/2021/10/31/%e4%bd%a0%e8%ac%9b%e4%bd%a0%e8%ac%9b/" "Mozilla/5.0 AppleWebKit/537.36 (KHTML, like Gecko; compatible; GPTBot/1.4; +https://openai.com/gptbot)"
140.111.67.195 - - [26/Aug/2026:23:13:19 +0800] "GET /wp-admin/admin-post.php?action=steps_ad HTTP/1.1" 200 1649 "-" "node-fetch/1.0 (+https://github.com/bitinn/node-fetch)"
2001:b011:7803:36a0:e092:2234:ffd6:e1d0 - - [26/Aug/2026:23:13:19 +0800] "GET /wp-content/uploads/sites/3846/2026/08/%E8%BE%B2%E6%A5%AD%E9%83%A8%E5%BB%A3%E5%91%8A.jpg HTTP/1.1" 304 5581 "https://it.ilc.edu.tw/" "Mozilla/5.0 (iPhone; CPU iPhone OS 18_7_8 like Mac OS X) AppleWebKit/605.1.15 (KHTML, like Gecko) CriOS/151.0.7922.112 Mobile/15E148 Safari/604.1"
2001:b011:7803:36a0:e092:2234:ffd6:e1d0 - - [26/Aug/2026:23:13:19 +0800] "GET /wp-content/uploads/sites/3846/2026/02/%E9%81%BF%E5%85%8D%E8%AA%A4%E5%85%A5%E8%A9%90%E9%A8%99%E7%B6%B2%E7%AB%99APP%E5%B0%8F%E5%B8%B8%E8%AD%98.jpg HTTP/1.1" 304 5581 "https://it.ilc.edu.tw/" "Mozilla/5.0 (iPhone; CPU iPhone OS 18_7_8 like Mac OS X) AppleWebKit/605.1.15 (KHTML, like Gecko) CriOS/151.0.7922.112 Mobile/15E148 Safari/604.1"
74.7.242.54 - - [26/Aug/2026:23:13:19 +0800] "GET /32745/wp-json/oembed/1.0/embed?url=https%3A%2F%2F2blog.ilc.edu.tw%2F32745%2F2021%2F10%2F31%2F%25e4%25bd%25a0%25e8%25ac%259b%25e4%25bd%25a0%25e8%25ac%259b%2F HTTP/1.1" 200 3515 "https://2blog.ilc.edu.tw/32745/2021/10/31/%e4%bd%a0%e8%ac%9b%e4%bd%a0%e8%ac%9b/" "Mozilla/5.0 AppleWebKit/537.36 (KHTML, like Gecko; compatible; GPTBot/1.4; +https://openai.com/gptbot)"
17.241.227.137 - - [26/Aug/2026:23:13:20 +0800] "GET /wp-includes/js/mediaelement/renderers/vimeo.min.js HTTP/1.1" 200 3164 "https://www.kkes.ilc.edu.tw/" "Mozilla/5.0 (Macintosh; Intel Mac OS X 10_15_7) AppleWebKit/605.1.15 (KHTML, like Gecko) Version/17.4 Safari/605.1.15 (Applebot/0.1; +http://www.apple.com/go/applebot)"
74.7.242.54 - - [26/Aug/2026:23:13:20 +0800] "GET /32745/wp-json/oembed/1.0/embed?url=https%3A%2F%2F2blog.ilc.edu.tw%2F32745%2F2024%2F07%2F24%2F%25e9%25a6%25ac%25e8%25a5%25bf%25e9%25a6%25ac%25e8%25a5%25bf%2F HTTP/1.1" 200 3504 "https://2blog.ilc.edu.tw/32745/2024/07/24/%e9%a6%ac%e8%a5%bf%e9%a6%ac%e8%a5%bf/" "Mozilla/5.0 AppleWebKit/537.36 (KHTML, like Gecko; compatible; GPTBot/1.4; +https://openai.com/gptbot)"
140.111.67.10 - - [26/Aug/2026:23:13:20 +0800] "GET /" 301 273 "-" "-"
74.7.242.54 - - [26/Aug/2026:23:13:20 +0800] "GET /32745/wp-json/oembed/1.0/embed?url=https%3A%2F%2F2blog.ilc.edu.tw%2F32745%2F2026%2F02%2F27%2F%25e4%25b9%25be%25e6%259d%25af%25e4%25b9%25be%25e6%259d%25af-3%2F HTTP/1.1" 200 3508 "https://2blog.ilc.edu.tw/32745/2026/02/27/%e4%b9%be%e6%9d%af%e4%b9%be%e6%9d%af-3/" "Mozilla/5.0 AppleWebKit/537.36 (KHTML, like Gecko; compatible; GPTBot/1.4; +https://openai.com/gptbot)"
74.7.242.54 - - [26/Aug/2026:23:13:21 +0800] "GET /32745/wp-json/wp/v2/posts/40609 HTTP/1.1" 200 3759 "https://2blog.ilc.edu.tw/32745/2021/06/03/%e4%b8%81%e6%96%87%e6%a3%8bvs%e4%b8%81%e9%88%b4/" "Mozilla/5.0 AppleWebKit/537.36 (KHTML, like Gecko; compatible; GPTBot/1.4; +https://openai.com/gptbot)"
::1 - - [26/Aug/2026:23:13:21 +0800] "OPTIONS * HTTP/1.0" 200 110 "-" "Apache/2.4.68 (Ubuntu) OpenSSL/3.0.19 (internal dummy connection)"
74.7.242.54 - - [26/Aug/2026:23:13:21 +0800] "GET /32745/category/%e8%8b%97%e6%a0%97%e8%a5%bf%e6%b9%96%e5%9c%8b%e4%b8%ad%e9%9f%b3%e6%a8%82%e8%aa%b2%e6%ad%8c%e6%9b%b2%e5%89%b5%e4%bd%9c/feed/ HTTP/1.1" 200 3202 "https://2blog.ilc.edu.tw/32745/category/%e8%8b%97%e6%a0%97%e8%a5%bf%e6%b9%96%e5%9c%8b%e4%b8%ad%e9%9f%b3%e6%a8%82%e8%aa%b2%e6%ad%8c%e6%9b%b2%e5%89%b5%e4%bd%9c/" "Mozilla/5.0 AppleWebKit/537.36 (KHTML, like Gecko; compatible; GPTBot/1.4; +https://openai.com/gptbot)"
2001:288:a201::66:125 - - [26/Aug/2026:23:13:23 +0800] "GET /blog/active.php HTTP/1.1" 404 1084 "-" "-"
2001:288:a201::66:125 - - [26/Aug/2026:23:13:23 +0800] "GET /blog/active.php HTTP/1.1" 301 1026 "-" "-"
74.7.242.54 - - [26/Aug/2026:23:13:23 +0800] "GET /32745/wp-json/wp/v2/categories/667 HTTP/1.1" 200 1920 "https://2blog.ilc.edu.tw/32745/category/%e8%8b%97%e6%a0%97%e8%a5%bf%e6%b9%96%e5%9c%8b%e4%b8%ad%e9%9f%b3%e6%a8%82%e8%aa%b2%e6%ad%8c%e6%9b%b2%e5%89%b5%e4%bd%9c/" "Mozilla/5.0 AppleWebKit/537.36 (KHTML, like Gecko; compatible; GPTBot/1.4; +https://openai.com/gptbot)"
44.223.193.255 - - [26/Aug/2026:23:13:23 +0800] "GET /2027/wp-json/wp/v2/categories?post=60 HTTP/1.1" 200 6779 "-" "Mozilla/5.0 AppleWebKit/537.36 (KHTML, like Gecko; compatible; Amazonbot/0.1; +https://developer.amazon.com/support/amazonbot) Chrome/119.0.6045.214 Safari/537.36"
74.7.242.54 - - [26/Aug/2026:23:13:23 +0800] "GET /32745/2025/04/03/%e4%b8%81%e9%88%b4vs%e4%b8%81%e6%96%87%e6%a3%8b/ HTTP/1.1" 200 85971 "https://2blog.ilc.edu.tw/32745/2025/04/03/" "Mozilla/5.0 AppleWebKit/537.36 (KHTML, like Gecko; compatible; GPTBot/1.4; +https://openai.com/gptbot)"
34.56.124.53 - - [26/Aug/2026:23:13:24 +0800] "GET /32745/wp-json/wp/v2/posts/137293 HTTP/1.1" 200 28615 "-" "Mozilla/5.0 (Macintosh; Intel Mac OS X 10_15_7) AppleWebKit/537.36 (KHTML, like Gecko) Chrome/120.0.0.0 Safari/537.36"
2409:252:95a0:d400:619a:665e:3833:fc89 - - [26/Aug/2026:23:13:24 +0800] "GET /1003/2014/08/26/%e5%b0%8f%e4%b8%80%e9%96%8b%e5%ad%b8%e5%80%92%e6%95%b8%e7%ac%ac%e5%85%ad%e5%a4%a9/ HTTP/1.1" 200 19111 "https://2blog.ilc.edu.tw/1003/2014/08/27/%e5%b0%8f%e4%b8%80%e9%96%8b%e5%ad%b8%e5%80%92%e6%95%b8%e7%ac%ac%e4%ba%94%e5%a4%a9/" "Mozilla/5.0 (iPhone; CPU iPhone OS 26_5_2 like Mac OS X) AppleWebKit/605.1.15 (KHTML, like Gecko) GSA/435.4.965413651 Mobile/15E148 Safari/604.1"
2409:252:95a0:d400:619a:665e:3833:fc89 - - [26/Aug/2026:23:13:24 +0800] "GET /wp-content/uploads/sites/233/1003/1003-2646312.jpg HTTP/1.1" 200 96305 "https://2blog.ilc.edu.tw/1003/2014/08/26/%e5%b0%8f%e4%b8%80%e9%96%8b%e5%ad%b8%e5%80%92%e6%95%b8%e7%ac%ac%e5%85%ad%e5%a4%a9/" "Mozilla/5.0 (iPhone; CPU iPhone OS 26_5_2 like Mac OS X) AppleWebKit/605.1.15 (KHTML, like Gecko) GSA/435.4.965413651 Mobile/15E148 Safari/604.1"
2409:252:95a0:d400:619a:665e:3833:fc89 - - [26/Aug/2026:23:13:24 +0800] "POST /1003/wp-json/ilc-summary/v1/popular-posts HTTP/1.1" 201 6066 "https://2blog.ilc.edu.tw/1003/2014/08/26/%e5%b0%8f%e4%b8%80%e9%96%8b%e5%ad%b8%e5%80%92%e6%95%b8%e7%ac%ac%e5%85%ad%e5%a4%a9/" "Mozilla/5.0 (iPhone; CPU iPhone OS 26_5_2 like Mac OS X) AppleWebKit/605.1.15 (KHTML, like Gecko) GSA/435.4.965413651 Mobile/15E148 Safari/604.1"
2409:252:95a0:d400:619a:665e:3833:fc89 - - [26/Aug/2026:23:13:24 +0800] "GET /wp-content/uploads/sites/233/1003/1003-2646685.jpg HTTP/1.1" 200 18345 "https://2blog.ilc.edu.tw/1003/2014/08/26/%e5%b0%8f%e4%b8%80%e9%96%8b%e5%ad%b8%e5%80%92%e6%95%b8%e7%ac%ac%e5%85%ad%e5%a4%a9/" "Mozilla/5.0 (iPhone; CPU iPhone OS 26_5_2 like Mac OS X) AppleWebKit/605.1.15 (KHTML, like Gecko) GSA/435.4.965413651 Mobile/15E148 Safari/604.1"
54.147.80.137 - - [26/Aug/2026:23:13:23 +0800] "GET /wp-content/uploads/sites/1062/16709/16709-2053907.doc HTTP/1.1" 200 936155 "-" "Mozilla/5.0 AppleWebKit/537.36 (KHTML, like Gecko; compatible; Amazonbot/0.1; +https://developer.amazon.com/support/amazonbot) Chrome/119.0.6045.214 Safari/537.36"
2409:252:95a0:d400:619a:665e:3833:fc89 - - [26/Aug/2026:23:13:25 +0800] "GET /wp-content/uploads/sites/233/1003/1003-2646313.jpg HTTP/1.1" 200 87139 "https://2blog.ilc.edu.tw/1003/2014/08/26/%e5%b0%8f%e4%b8%80%e9%96%8b%e5%ad%b8%e5%80%92%e6%95%b8%e7%ac%ac%e5%85%ad%e5%a4%a9/" "Mozilla/5.0 (iPhone; CPU iPhone OS 26_5_2 like Mac OS X) AppleWebKit/605.1.15 (KHTML, like Gecko) GSA/435.4.965413651 Mobile/15E148 Safari/604.1"
74.7.242.54 - - [26/Aug/2026:23:13:24 +0800] "GET /32745/2020/05/07/%e4%bd%95%e5%8e%bb%e4%bd%95%e5%be%9e/ HTTP/1.1" 200 87481 "https://2blog.ilc.edu.tw/32745/2020/05/07/page/2/" "Mozilla/5.0 AppleWebKit/537.36 (KHTML, like Gecko; compatible; GPTBot/1.4; +https://openai.com/gptbot)"
140.111.67.10 - - [26/Aug/2026:23:13:25 +0800] "GET /" 301 273 "-" "-"
::1 - - [26/Aug/2026:23:13:25 +0800] "OPTIONS * HTTP/1.0" 200 110 "-" "Apache/2.4.68 (Ubuntu) OpenSSL/3.0.19 (internal dummy connection)"
2001:41d0:303:1556::1 - - [26/Aug/2026:23:13:26 +0800] "GET /2024/02/02/%E5%90%84%E8%99%95%E5%AE%A4%E8%B3%87%E6%96%99-%E8%B3%87%E8%A8%8A%E7%B5%84/ HTTP/1.1" 200 19689 "-" "Mozilla/5.0 (compatible; MJ12bot/v1.4.8; http://mj12bot.com/)"
34.56.53.225 - - [26/Aug/2026:23:13:26 +0800] "GET /32745/2023/12/18/%E7%86%8A%E7%BE%8E%E7%8E%B2/ HTTP/1.1" 200 90831 "-" "Mozilla/5.0 (Macintosh; Intel Mac OS X 10_15_7) AppleWebKit/537.36 (KHTML, like Gecko) Chrome/120.0.0.0 Safari/537.36"
74.7.242.54 - - [26/Aug/2026:23:13:26 +0800] "GET /32745/category/%e4%ba%8e%e7%be%8e%e4%ba%ba%e7%ad%89%e4%ba%ba/ HTTP/1.1" 200 85427 "https://2blog.ilc.edu.tw/32745/2020/05/21/page/2/" "Mozilla/5.0 AppleWebKit/537.36 (KHTML, like Gecko; compatible; GPTBot/1.4; +https://openai.com/gptbot)"
240e:971:2000:3001::3f9 - - [26/Aug/2026:23:13:27 +0800] "GET /2011/09/18 HTTP/1.1" 301 5773 "-" "Mozilla/5.0 (Windows NT 10.0; Win64; x64) AppleWebKit/537.36 (KHTML, like Gecko) Chrome/144.0.0.0 Safari/537.36"
3.81.253.213 - - [26/Aug/2026:23:13:27 +0800] "GET /wp-content/uploads/sites/904/2023/10/?C=N;O%3DD HTTP/1.1" 200 1112 "-" "Mozilla/5.0 AppleWebKit/537.36 (KHTML, like Gecko; compatible; Amazonbot/0.1; +https://developer.amazon.com/support/amazonbot) Chrome/119.0.6045.214 Safari/537.36"
2407:4b00:4c01:805b:41a5:5fab:9bf8:9005 - - [26/Aug/2026:23:13:27 +0800] "-" 408 4804 "-" "-"
2407:4b00:4c01:805b:41a5:5fab:9bf8:9005 - - [26/Aug/2026:23:13:27 +0800] "-" 408 4804 "-" "-"
74.7.242.54 - - [26/Aug/2026:23:13:27 +0800] "GET /32745/2026/02/09/%e6%88%87%e6%88%87-4/ HTTP/1.1" 200 88228 "https://2blog.ilc.edu.tw/32745/2026/02/09/" "Mozilla/5.0 AppleWebKit/537.36 (KHTML, like Gecko; compatible; GPTBot/1.4; +https://openai.com/gptbot)"
2001:288:a201::66:125 - - [26/Aug/2026:23:13:28 +0800] "GET /blog/active.php HTTP/1.1" 404 1084 "-" "-"
2001:288:a201::66:125 - - [26/Aug/2026:23:13:28 +0800] "GET /blog/active.php HTTP/1.1" 301 1026 "-" "-"
240e:971:2000:3001::3f9 - - [26/Aug/2026:23:13:28 +0800] "GET /2011/09/18/ HTTP/1.1" 200 10798 "-" "Mozilla/5.0 (Windows NT 10.0; Win64; x64) AppleWebKit/537.36 (KHTML, like Gecko) Chrome/144.0.0.0 Safari/537.36"
74.7.242.54 - - [26/Aug/2026:23:13:28 +0800] "GET /32745/wp-json/oembed/1.0/embed?url=https%3A%2F%2F2blog.ilc.edu.tw%2F32745%2F2021%2F08%2F20%2F%25e7%25b7%25a3%25e7%259b%25a1%25e6%2583%2585%25e4%25b9%259f%25e5%258e%25bb%2F HTTP/1.1" 200 3548 "https://2blog.ilc.edu.tw/32745/2021/08/20/%e7%b7%a3%e7%9b%a1%e6%83%85%e4%b9%9f%e5%8e%bb/" "Mozilla/5.0 AppleWebKit/537.36 (KHTML, like Gecko; compatible; GPTBot/1.4; +https://openai.com/gptbot)"
2402:7500:4e6:1e15::b15e:fe4d - - [26/Aug/2026:23:13:28 +0800] "GET /wp-content/cache/www.whjh.ilc.edu.tw/wpfc-minified/kxwq3nnq/6w61.css HTTP/1.1" 200 5961 "-" "Mozilla/5.0 (Linux; Android 10; K) AppleWebKit/537.36 (KHTML, like Gecko) Chrome/151.0.0.0 Mobile Safari/537.36"
2402:7500:4e6:1e15::b15e:fe4d - - [26/Aug/2026:23:13:28 +0800] "GET / HTTP/1.1" 200 22118 "https://www.google.com/" "Mozilla/5.0 (Linux; Android 10; K) AppleWebKit/537.36 (KHTML, like Gecko) Chrome/151.0.0.0 Mobile Safari/537.36"
2402:7500:4e6:1e15::b15e:fe4d - - [26/Aug/2026:23:13:28 +0800] "GET /wp-content/cache/www.whjh.ilc.edu.tw/wpfc-minified/6xj8bvty/6w61.css HTTP/1.1" 200 45688 "-" "Mozilla/5.0 (Linux; Android 10; K) AppleWebKit/537.36 (KHTML, like Gecko) Chrome/151.0.0.0 Mobile Safari/537.36"
2402:7500:4e6:1e15::b15e:fe4d - - [26/Aug/2026:23:13:28 +0800] "GET /wp-content/cache/www.whjh.ilc.edu.tw/wpfc-minified/7cam4p65/6w61.css HTTP/1.1" 200 19008 "-" "Mozilla/5.0 (Linux; Android 10; K) AppleWebKit/537.36 (KHTML, like Gecko) Chrome/151.0.0.0 Mobile Safari/537.36"
2001:41d0:303:1556::1 - - [26/Aug/2026:23:13:28 +0800] "GET /2024/02/19/%E6%9C%83%E8%AD%B0%E8%A8%98%E9%8C%84/ HTTP/1.1" 200 15261 "-" "Mozilla/5.0 (compatible; MJ12bot/v1.4.8; http://mj12bot.com/)"
2402:7500:4e6:1e15::b15e:fe4d - - [26/Aug/2026:23:13:29 +0800] "GET /wp-content/cache/www.whjh.ilc.edu.tw/wpfc-minified/kyohlat9/6w61.css HTTP/1.1" 200 46969 "https://www.whjh.ilc.edu.tw/" "Mozilla/5.0 (Linux; Android 10; K) AppleWebKit/537.36 (KHTML, like Gecko) Chrome/151.0.0.0 Mobile Safari/537.36"
2402:7500:4e6:1e15::b15e:fe4d - - [26/Aug/2026:23:13:29 +0800] "GET /wp-content/uploads/sites/944/elementor/css/post-836.css HTTP/1.1" 200 1269 "https://www.whjh.ilc.edu.tw/" "Mozilla/5.0 (Linux; Android 10; K) AppleWebKit/537.36 (KHTML, like Gecko) Chrome/151.0.0.0 Mobile Safari/537.36"
2402:7500:4e6:1e15::b15e:fe4d - - [26/Aug/2026:23:13:29 +0800] "GET /wp-content/cache/www.whjh.ilc.edu.tw/wpfc-minified/qjmkpdpq/6w61.css HTTP/1.1" 200 64946 "https://www.whjh.ilc.edu.tw/" "Mozilla/5.0 (Linux; Android 10; K) AppleWebKit/537.36 (KHTML, like Gecko) Chrome/151.0.0.0 Mobile Safari/537.36"
2402:7500:4e6:1e15::b15e:fe4d - - [26/Aug/2026:23:13:29 +0800] "GET /wp-content/uploads/sites/944/elementor/css/post-754.css HTTP/1.1" 200 1297 "https://www.whjh.ilc.edu.tw/" "Mozilla/5.0 (Linux; Android 10; K) AppleWebKit/537.36 (KHTML, like Gecko) Chrome/151.0.0.0 Mobile Safari/537.36"
2402:7500:4e6:1e15::b15e:fe4d - - [26/Aug/2026:23:13:29 +0800] "GET /wp-content/cache/www.whjh.ilc.edu.tw/wpfc-minified/8imirqcp/6w61.js HTTP/1.1" 200 21760 "https://www.whjh.ilc.edu.tw/" "Mozilla/5.0 (Linux; Android 10; K) AppleWebKit/537.36 (KHTML, like Gecko) Chrome/151.0.0.0 Mobile Safari/537.36"
2402:7500:4e6:1e15::b15e:fe4d - - [26/Aug/2026:23:13:29 +0800] "GET /wp-content/cache/www.whjh.ilc.edu.tw/wpfc-minified/1bwbd5u0/6w61.js HTTP/1.1" 200 35898 "https://www.whjh.ilc.edu.tw/" "Mozilla/5.0 (Linux; Android 10; K) AppleWebKit/537.36 (KHTML, like Gecko) Chrome/151.0.0.0 Mobile Safari/537.36"
2402:7500:4e6:1e15::b15e:fe4d - - [26/Aug/2026:23:13:29 +0800] "GET /wp-content/uploads/sites/944/2019/10/cropped-%E6%96%87%E4%B8%ADbanner1.jpg HTTP/1.1" 200 131750 "https://www.whjh.ilc.edu.tw/" "Mozilla/5.0 (Linux; Android 10; K) AppleWebKit/537.36 (KHTML, like Gecko) Chrome/151.0.0.0 Mobile Safari/537.36"
2402:7500:4e6:1e15::b15e:fe4d - - [26/Aug/2026:23:13:29 +0800] "GET /wp-content/themes/hueman/assets/front/webfonts/fa-regular-400.woff2?v=5.15.2 HTTP/1.1" 200 14439 "https://www.whjh.ilc.edu.tw/" "Mozilla/5.0 (Linux; Android 10; K) AppleWebKit/537.36 (KHTML, like Gecko) Chrome/151.0.0.0 Mobile Safari/537.36"
2402:7500:4e6:1e15::b15e:fe4d - - [26/Aug/2026:23:13:29 +0800] "GET /wp-content/themes/hueman/assets/front/webfonts/fa-solid-900.woff2?v=5.15.2 HTTP/1.1" 200 81301 "https://www.whjh.ilc.edu.tw/" "Mozilla/5.0 (Linux; Android 10; K) AppleWebKit/537.36 (KHTML, like Gecko) Chrome/151.0.0.0 Mobile Safari/537.36"
2402:7500:4e6:1e15::b15e:fe4d - - [26/Aug/2026:23:13:29 +0800] "GET /wp-content/themes/hueman/assets/front/webfonts/fa-brands-400.woff2?v=5.15.2 HTTP/1.1" 200 84303 "https://www.whjh.ilc.edu.tw/" "Mozilla/5.0 (Linux; Android 10; K) AppleWebKit/537.36 (KHTML, like Gecko) Chrome/151.0.0.0 Mobile Safari/537.36"
2402:7500:4e6:1e15::b15e:fe4d - - [26/Aug/2026:23:13:29 +0800] "GET /wp-content/themes/hueman/assets/front/fonts/titillium-light-webfont.woff HTTP/1.1" 200 25606 "https://www.whjh.ilc.edu.tw/" "Mozilla/5.0 (Linux; Android 10; K) AppleWebKit/537.36 (KHTML, like Gecko) Chrome/151.0.0.0 Mobile Safari/537.36"
2402:7500:4e6:1e15::b15e:fe4d - - [26/Aug/2026:23:13:29 +0800] "GET /wp-content/themes/hueman/assets/front/fonts/titillium-lightitalic-webfont.woff HTTP/1.1" 200 27654 "https://www.whjh.ilc.edu.tw/" "Mozilla/5.0 (Linux; Android 10; K) AppleWebKit/537.36 (KHTML, like Gecko) Chrome/151.0.0.0 Mobile Safari/537.36"
2402:7500:4e6:1e15::b15e:fe4d - - [26/Aug/2026:23:13:29 +0800] "GET /wp-content/themes/hueman/assets/front/fonts/titillium-regularitalic-webfont.woff HTTP/1.1" 200 27482 "https://www.whjh.ilc.edu.tw/" "Mozilla/5.0 (Linux; Android 10; K) AppleWebKit/537.36 (KHTML, like Gecko) Chrome/151.0.0.0 Mobile Safari/537.36"
2402:7500:4e6:1e15::b15e:fe4d - - [26/Aug/2026:23:13:29 +0800] "GET /wp-content/themes/hueman/assets/front/fonts/titillium-regular-webfont.woff HTTP/1.1" 200 25590 "https://www.whjh.ilc.edu.tw/" "Mozilla/5.0 (Linux; Android 10; K) AppleWebKit/537.36 (KHTML, like Gecko) Chrome/151.0.0.0 Mobile Safari/537.36"
2402:7500:4e6:1e15::b15e:fe4d - - [26/Aug/2026:23:13:29 +0800] "GET /wp-content/plugins/elementor/assets/lib/eicons/fonts/eicons.woff2?5.30.0 HTTP/1.1" 200 98225 "https://www.whjh.ilc.edu.tw/wp-content/cache/www.whjh.ilc.edu.tw/wpfc-minified/kyohlat9/6w61.css" "Mozilla/5.0 (Linux; Android 10; K) AppleWebKit/537.36 (KHTML, like Gecko) Chrome/151.0.0.0 Mobile Safari/537.36"
2402:7500:4e6:1e15::b15e:fe4d - - [26/Aug/2026:23:13:29 +0800] "GET /wp-content/plugins/elementor/assets/lib/font-awesome/webfonts/fa-solid-900.woff2 HTTP/1.1" 200 79223 "https://www.whjh.ilc.edu.tw/wp-content/cache/www.whjh.ilc.edu.tw/wpfc-minified/qjmkpdpq/6w61.css" "Mozilla/5.0 (Linux; Android 10; K) AppleWebKit/537.36 (KHTML, like Gecko) Chrome/151.0.0.0 Mobile Safari/537.36"
2402:7500:4e6:1e15::b15e:fe4d - - [26/Aug/2026:23:13:29 +0800] "GET /wp-content/plugins/elementor/assets/lib/font-awesome/webfonts/fa-brands-400.woff2 HTTP/1.1" 200 82661 "https://www.whjh.ilc.edu.tw/wp-content/cache/www.whjh.ilc.edu.tw/wpfc-minified/qjmkpdpq/6w61.css" "Mozilla/5.0 (Linux; Android 10; K) AppleWebKit/537.36 (KHTML, like Gecko) Chrome/151.0.0.0 Mobile Safari/537.36"
74.7.242.54 - - [26/Aug/2026:23:13:29 +0800] "GET /32745/wp-json/oembed/1.0/embed?format=xml&url=https%3A%2F%2F2blog.ilc.edu.tw%2F32745%2F2023%2F07%2F29%2F%25e6%2584%259f%25e5%258b%2595%25e5%25a4%25a9%25e4%25b9%259f%25e6%2584%259f%25e5%258b%2595%25e4%25bd%25a0%2F HTTP/1.1" 200 2321 "https://2blog.ilc.edu.tw/32745/2023/07/29/%e6%84%9f%e5%8b%95%e5%a4%a9%e4%b9%9f%e6%84%9f%e5%8b%95%e4%bd%a0/" "Mozilla/5.0 AppleWebKit/537.36 (KHTML, like Gecko; compatible; GPTBot/1.4; +https://openai.com/gptbot)"
2402:7500:4e6:1e15::b15e:fe4d - - [26/Aug/2026:23:13:29 +0800] "GET /wp-content/themes/hueman/assets/front/fonts/titillium-semibold-webfont.woff HTTP/1.1" 200 25626 "https://www.whjh.ilc.edu.tw/" "Mozilla/5.0 (Linux; Android 10; K) AppleWebKit/537.36 (KHTML, like Gecko) Chrome/151.0.0.0 Mobile Safari/537.36"
2402:7500:4e6:1e15::b15e:fe4d - - [26/Aug/2026:23:13:29 +0800] "GET /wp-content/uploads/sites/944/2019/10/%E6%9C%AC%E6%A0%A1%E6%A0%A1%E5%8F%8B%E9%BB%83%E5%87%A1%E7%8F%8A2018%E4%BA%9E%E9%81%8B%E5%A5%B3%E7%B1%83%E5%9C%8B%E6%89%8B_resized-150x150.jpg HTTP/1.1" 200 8515 "https://www.whjh.ilc.edu.tw/" "Mozilla/5.0 (Linux; Android 10; K) AppleWebKit/537.36 (KHTML, like Gecko) Chrome/151.0.0.0 Mobile Safari/537.36"
2402:7500:4e6:1e15::b15e:fe4d - - [26/Aug/2026:23:13:29 +0800] "GET /wp-content/uploads/sites/944/2019/10/%E8%82%9A%E7%9A%AE%E8%88%9E_resized-150x150.jpg HTTP/1.1" 200 8512 "https://www.whjh.ilc.edu.tw/" "Mozilla/5.0 (Linux; Android 10; K) AppleWebKit/537.36 (KHTML, like Gecko) Chrome/151.0.0.0 Mobile Safari/537.36"
2402:7500:4e6:1e15::b15e:fe4d - - [26/Aug/2026:23:13:29 +0800] "GET /wp-content/uploads/sites/944/2019/10/%E6%9C%AC%E6%A0%A1%E6%A0%A1%E5%8F%8B%E9%BB%83%E8%8A%9D%E9%B3%B3941016%E6%89%93%E7%A0%B4%E5%85%A8%E5%9C%8B%E5%A5%B3%E5%AD%90%E9%8F%88%E7%90%83%E5%85%A8%E5%9C%8B%E7%B4%80%E9%8C%8461.54%E7%B1%B3_resized-150x150.jpg HTTP/1.1" 200 10703 "https://www.whjh.ilc.edu.tw/" "Mozilla/5.0 (Linux; Android 10; K) AppleWebKit/537.36 (KHTML, like Gecko) Chrome/151.0.0.0 Mobile Safari/537.36"
2402:7500:4e6:1e15::b15e:fe4d - - [26/Aug/2026:23:13:29 +0800] "GET /wp-content/uploads/sites/944/2019/10/%E6%9C%AC%E6%A0%A1%E6%A0%A1%E5%8F%8B%E9%99%B3%E9%88%BA%E5%90%9B2018%E4%BA%9E%E9%81%8B%E5%A5%B3%E7%B1%83%E9%9A%8A%E9%95%B7_resized-150x150.jpg HTTP/1.1" 200 10375 "https://www.whjh.ilc.edu.tw/" "Mozilla/5.0 (Linux; Android 10; K) AppleWebKit/537.36 (KHTML, like Gecko) Chrome/151.0.0.0 Mobile Safari/537.36"
2402:7500:4e6:1e15::b15e:fe4d - - [26/Aug/2026:23:13:29 +0800] "GET /wp-includes/js/hoverintent-js.min.js HTTP/1.1" 200 1597 "https://www.whjh.ilc.edu.tw/" "Mozilla/5.0 (Linux; Android 10; K) AppleWebKit/537.36 (KHTML, like Gecko) Chrome/151.0.0.0 Mobile Safari/537.36"
2402:7500:4e6:1e15::b15e:fe4d - - [26/Aug/2026:23:13:29 +0800] "GET /wp-includes/js/admin-bar.min.js HTTP/1.1" 200 2237 "https://www.whjh.ilc.edu.tw/" "Mozilla/5.0 (Linux; Android 10; K) AppleWebKit/537.36 (KHTML, like Gecko) Chrome/151.0.0.0 Mobile Safari/537.36"
2402:7500:4e6:1e15::b15e:fe4d - - [26/Aug/2026:23:13:29 +0800] "GET /wp-includes/js/underscore.min.js HTTP/1.1" 200 8191 "https://www.whjh.ilc.edu.tw/" "Mozilla/5.0 (Linux; Android 10; K) AppleWebKit/537.36 (KHTML, like Gecko) Chrome/151.0.0.0 Mobile Safari/537.36"
2402:7500:4e6:1e15::b15e:fe4d - - [26/Aug/2026:23:13:29 +0800] "GET /wp-content/plugins/elementor/assets/js/webpack.runtime.min.js HTTP/1.1" 200 3095 "https://www.whjh.ilc.edu.tw/" "Mozilla/5.0 (Linux; Android 10; K) AppleWebKit/537.36 (KHTML, like Gecko) Chrome/151.0.0.0 Mobile Safari/537.36"
2402:7500:4e6:1e15::b15e:fe4d - - [26/Aug/2026:23:13:29 +0800] "GET /wp-content/plugins/elementor-pro/assets/js/webpack-pro.runtime.min.js HTTP/1.1" 200 3562 "https://www.whjh.ilc.edu.tw/" "Mozilla/5.0 (Linux; Android 10; K) AppleWebKit/537.36 (KHTML, like Gecko) Chrome/151.0.0.0 Mobile Safari/537.36"
2402:7500:4e6:1e15::b15e:fe4d - - [26/Aug/2026:23:13:29 +0800] "GET /wp-content/plugins/elementor/assets/js/frontend-modules.min.js HTTP/1.1" 200 19416 "https://www.whjh.ilc.edu.tw/" "Mozilla/5.0 (Linux; Android 10; K) AppleWebKit/537.36 (KHTML, like Gecko) Chrome/151.0.0.0 Mobile Safari/537.36"
2402:7500:4e6:1e15::b15e:fe4d - - [26/Aug/2026:23:13:29 +0800] "GET /wp-includes/js/dist/hooks.min.js HTTP/1.1" 200 2421 "https://www.whjh.ilc.edu.tw/" "Mozilla/5.0 (Linux; Android 10; K) AppleWebKit/537.36 (KHTML, like Gecko) Chrome/151.0.0.0 Mobile Safari/537.36"
2402:7500:4e6:1e15::b15e:fe4d - - [26/Aug/2026:23:13:29 +0800] "GET /wp-includes/js/dist/i18n.min.js HTTP/1.1" 200 4547 "https://www.whjh.ilc.edu.tw/" "Mozilla/5.0 (Linux; Android 10; K) AppleWebKit/537.36 (KHTML, like Gecko) Chrome/151.0.0.0 Mobile Safari/537.36"
2402:7500:4e6:1e15::b15e:fe4d - - [26/Aug/2026:23:13:29 +0800] "GET /wp-content/plugins/elementor/assets/lib/waypoints/waypoints.min.js HTTP/1.1" 200 3873 "https://www.whjh.ilc.edu.tw/" "Mozilla/5.0 (Linux; Android 10; K) AppleWebKit/537.36 (KHTML, like Gecko) Chrome/151.0.0.0 Mobile Safari/537.36"
2402:7500:4e6:1e15::b15e:fe4d - - [26/Aug/2026:23:13:29 +0800] "GET /wp-content/plugins/elementor-pro/assets/js/frontend.min.js HTTP/1.1" 200 7574 "https://www.whjh.ilc.edu.tw/" "Mozilla/5.0 (Linux; Android 10; K) AppleWebKit/537.36 (KHTML, like Gecko) Chrome/151.0.0.0 Mobile Safari/537.36"
2402:7500:4e6:1e15::b15e:fe4d - - [26/Aug/2026:23:13:29 +0800] "GET /wp-includes/js/jquery/ui/core.min.js HTTP/1.1" 200 7986 "https://www.whjh.ilc.edu.tw/" "Mozilla/5.0 (Linux; Android 10; K) AppleWebKit/537.36 (KHTML, like Gecko) Chrome/151.0.0.0 Mobile Safari/537.36"
2402:7500:4e6:1e15::b15e:fe4d - - [26/Aug/2026:23:13:29 +0800] "GET /wp-content/plugins/elementor/assets/js/frontend.min.js HTTP/1.1" 200 13169 "https://www.whjh.ilc.edu.tw/" "Mozilla/5.0 (Linux; Android 10; K) AppleWebKit/537.36 (KHTML, like Gecko) Chrome/151.0.0.0 Mobile Safari/537.36"
2402:7500:4e6:1e15::b15e:fe4d - - [26/Aug/2026:23:13:29 +0800] "GET /wp-content/plugins/elementor-pro/assets/js/elements-handlers.min.js HTTP/1.1" 200 10882 "https://www.whjh.ilc.edu.tw/" "Mozilla/5.0 (Linux; Android 10; K) AppleWebKit/537.36 (KHTML, like Gecko) Chrome/151.0.0.0 Mobile Safari/537.36"
2402:7500:4e6:1e15::b15e:fe4d - - [26/Aug/2026:23:13:29 +0800] "GET /wp-content/uploads/sites/944/2019/10/IMG20180314140232_resized-150x150.jpg HTTP/1.1" 200 8487 "https://www.whjh.ilc.edu.tw/" "Mozilla/5.0 (Linux; Android 10; K) AppleWebKit/537.36 (KHTML, like Gecko) Chrome/151.0.0.0 Mobile Safari/537.36"
2402:7500:4e6:1e15::b15e:fe4d - - [26/Aug/2026:23:13:29 +0800] "GET /wp-content/uploads/sites/944/2019/10/RED_2301_resized-150x150.jpg HTTP/1.1" 200 12226 "https://www.whjh.ilc.edu.tw/" "Mozilla/5.0 (Linux; Android 10; K) AppleWebKit/537.36 (KHTML, like Gecko) Chrome/151.0.0.0 Mobile Safari/537.36"
2402:7500:4e6:1e15::b15e:fe4d - - [26/Aug/2026:23:13:29 +0800] "GET /wp-content/uploads/sites/944/2019/10/DJI_0110.jpg HTTP/1.1" 200 4944839 "https://www.whjh.ilc.edu.tw/" "Mozilla/5.0 (Linux; Android 10; K) AppleWebKit/537.36 (KHTML, like Gecko) Chrome/151.0.0.0 Mobile Safari/537.36"
2402:7500:4e6:1e15::b15e:fe4d - - [26/Aug/2026:23:13:29 +0800] "GET /wp-content/uploads/sites/944/2019/10/IMG20180306112208_1_resized-150x150.jpg HTTP/1.1" 200 8676 "https://www.whjh.ilc.edu.tw/" "Mozilla/5.0 (Linux; Android 10; K) AppleWebKit/537.36 (KHTML, like Gecko) Chrome/151.0.0.0 Mobile Safari/537.36"
2402:7500:4e6:1e15::b15e:fe4d - - [26/Aug/2026:23:13:29 +0800] "GET /wp-content/uploads/sites/944/2019/10/IMG_7950_resized-150x150.jpg HTTP/1.1" 200 10173 "https://www.whjh.ilc.edu.tw/" "Mozilla/5.0 (Linux; Android 10; K) AppleWebKit/537.36 (KHTML, like Gecko) Chrome/151.0.0.0 Mobile Safari/537.36"
2402:7500:4e6:1e15::b15e:fe4d - - [26/Aug/2026:23:13:29 +0800] "GET /wp-content/uploads/sites/944/2019/10/IMG_5604_resized-150x150.jpg HTTP/1.1" 200 11270 "https://www.whjh.ilc.edu.tw/" "Mozilla/5.0 (Linux; Android 10; K) AppleWebKit/537.36 (KHTML, like Gecko) Chrome/151.0.0.0 Mobile Safari/537.36"
2402:7500:4e6:1e15::b15e:fe4d - - [26/Aug/2026:23:13:29 +0800] "GET /wp-content/uploads/sites/944/2019/10/IMG_2185_resized-150x150.jpg HTTP/1.1" 200 10009 "https://www.whjh.ilc.edu.tw/" "Mozilla/5.0 (Linux; Android 10; K) AppleWebKit/537.36 (KHTML, like Gecko) Chrome/151.0.0.0 Mobile Safari/537.36"
2402:7500:4e6:1e15::b15e:fe4d - - [26/Aug/2026:23:13:29 +0800] "GET /wp-content/uploads/sites/944/2019/10/IMG_1962_resized-150x150.jpg HTTP/1.1" 200 7818 "https://www.whjh.ilc.edu.tw/" "Mozilla/5.0 (Linux; Android 10; K) AppleWebKit/537.36 (KHTML, like Gecko) Chrome/151.0.0.0 Mobile Safari/537.36"
2402:7500:4e6:1e15::b15e:fe4d - - [26/Aug/2026:23:13:29 +0800] "GET /wp-content/uploads/sites/944/2019/10/IMG_0762_resized-150x150.jpg HTTP/1.1" 200 10691 "https://www.whjh.ilc.edu.tw/" "Mozilla/5.0 (Linux; Android 10; K) AppleWebKit/537.36 (KHTML, like Gecko) Chrome/151.0.0.0 Mobile Safari/537.36"
2402:7500:4e6:1e15::b15e:fe4d - - [26/Aug/2026:23:13:29 +0800] "GET /wp-content/uploads/sites/944/2019/10/IMG_1528_resized-150x150.jpg HTTP/1.1" 200 9758 "https://www.whjh.ilc.edu.tw/" "Mozilla/5.0 (Linux; Android 10; K) AppleWebKit/537.36 (KHTML, like Gecko) Chrome/151.0.0.0 Mobile Safari/537.36"
2402:7500:4e6:1e15::b15e:fe4d - - [26/Aug/2026:23:13:29 +0800] "GET /wp-content/uploads/sites/944/2019/10/IMG_0309_resized-150x150.jpg HTTP/1.1" 200 10421 "https://www.whjh.ilc.edu.tw/" "Mozilla/5.0 (Linux; Android 10; K) AppleWebKit/537.36 (KHTML, like Gecko) Chrome/151.0.0.0 Mobile Safari/537.36"
2402:7500:4e6:1e15::b15e:fe4d - - [26/Aug/2026:23:13:29 +0800] "GET /wp-content/uploads/sites/944/2019/10/IMG_0122_resized-150x150.jpg HTTP/1.1" 200 8553 "https://www.whjh.ilc.edu.tw/" "Mozilla/5.0 (Linux; Android 10; K) AppleWebKit/537.36 (KHTML, like Gecko) Chrome/151.0.0.0 Mobile Safari/537.36"
2402:7500:4e6:1e15::b15e:fe4d - - [26/Aug/2026:23:13:29 +0800] "GET /wp-content/uploads/sites/944/2019/10/IMG_0121_resized-150x150.jpg HTTP/1.1" 200 11185 "https://www.whjh.ilc.edu.tw/" "Mozilla/5.0 (Linux; Android 10; K) AppleWebKit/537.36 (KHTML, like Gecko) Chrome/151.0.0.0 Mobile Safari/537.36"
2402:7500:4e6:1e15::b15e:fe4d - - [26/Aug/2026:23:13:30 +0800] "GET /wp-content/uploads/sites/944/2019/10/DSCN2419_resized-150x150.jpg HTTP/1.1" 200 5116 "https://www.whjh.ilc.edu.tw/" "Mozilla/5.0 (Linux; Android 10; K) AppleWebKit/537.36 (KHTML, like Gecko) Chrome/151.0.0.0 Mobile Safari/537.36"
2402:7500:4e6:1e15::b15e:fe4d - - [26/Aug/2026:23:13:30 +0800] "GET /wp-content/uploads/sites/944/2019/10/DSC_6512_resized-150x150.jpg HTTP/1.1" 200 8238 "https://www.whjh.ilc.edu.tw/" "Mozilla/5.0 (Linux; Android 10; K) AppleWebKit/537.36 (KHTML, like Gecko) Chrome/151.0.0.0 Mobile Safari/537.36"
2402:7500:4e6:1e15::b15e:fe4d - - [26/Aug/2026:23:13:30 +0800] "GET /wp-content/uploads/sites/944/2019/10/DSC_6937_resized-150x150.jpg HTTP/1.1" 200 7796 "https://www.whjh.ilc.edu.tw/" "Mozilla/5.0 (Linux; Android 10; K) AppleWebKit/537.36 (KHTML, like Gecko) Chrome/151.0.0.0 Mobile Safari/537.36"
2402:7500:4e6:1e15::b15e:fe4d - - [26/Aug/2026:23:13:30 +0800] "GET /wp-content/uploads/sites/944/2019/10/DAY2_171204_0059_resized-150x150.jpg HTTP/1.1" 200 7539 "https://www.whjh.ilc.edu.tw/" "Mozilla/5.0 (Linux; Android 10; K) AppleWebKit/537.36 (KHTML, like Gecko) Chrome/151.0.0.0 Mobile Safari/537.36"
2402:7500:4e6:1e15::b15e:fe4d - - [26/Aug/2026:23:13:30 +0800] "GET /wp-content/uploads/sites/944/2019/10/DSC_5907_resized-150x150.jpg HTTP/1.1" 200 10636 "https://www.whjh.ilc.edu.tw/" "Mozilla/5.0 (Linux; Android 10; K) AppleWebKit/537.36 (KHTML, like Gecko) Chrome/151.0.0.0 Mobile Safari/537.36"
2402:7500:4e6:1e15::b15e:fe4d - - [26/Aug/2026:23:13:30 +0800] "GET /wp-content/uploads/sites/944/2019/10/IMG_0245-1_resized-150x150.jpg HTTP/1.1" 200 9296 "https://www.whjh.ilc.edu.tw/" "Mozilla/5.0 (Linux; Android 10; K) AppleWebKit/537.36 (KHTML, like Gecko) Chrome/151.0.0.0 Mobile Safari/537.36"
2402:7500:4e6:1e15::b15e:fe4d - - [26/Aug/2026:23:13:30 +0800] "GET /wp-content/uploads/sites/944/2019/10/AJN_7271_resized-150x150.jpg HTTP/1.1" 200 9173 "https://www.whjh.ilc.edu.tw/" "Mozilla/5.0 (Linux; Android 10; K) AppleWebKit/537.36 (KHTML, like Gecko) Chrome/151.0.0.0 Mobile Safari/537.36"
