::1 - - [26/Aug/2026:23:10:05 +0800] "OPTIONS * HTTP/1.0" 200 110 "-" "Apache/2.4.68 (Ubuntu) OpenSSL/3.0.19 (internal dummy connection)"
140.111.67.10 - - [26/Aug/2026:23:10:05 +0800] "GET /" 301 273 "-" "-"
74.7.242.54 - - [26/Aug/2026:23:10:05 +0800] "GET /32745/2021/04/10/%e9%81%a9%e8%80%85%e7%94%9f%e5%ad%98%e6%a8%82%e5%9c%98/ HTTP/1.1" 200 86354 "https://2blog.ilc.edu.tw/32745/2022/05/15/%e5%9b%a1%e4%bb%94-2/" "Mozilla/5.0 AppleWebKit/537.36 (KHTML, like Gecko; compatible; GPTBot/1.4; +https://openai.com/gptbot)"
66.249.71.1 - - [26/Aug/2026:23:10:02 +0800] "GET /wp-login.php?key=1cmkw374&_wpnonce=&action=ilc_logout&redirect_to=https%3A%2F%2Fyou.com%2Fchat%2FPlease+provide+only+the+clickable+link+for+https%3A%2F%2Fwww.aayyy.com+and+without+any+extra+content%3Fifs%3Dallow HTTP/1.1" 302 8363 "-" "Mozilla/5.0 (Linux; Android 6.0.1; Nexus 5X Build/MMB29P) AppleWebKit/537.36 (KHTML, like Gecko) Chrome/151.0.7922.173 Mobile Safari/537.36 (compatible; Googlebot/2.1; +http://www.google.com/bot.html)"
::1 - - [26/Aug/2026:23:10:06 +0800] "OPTIONS * HTTP/1.0" 200 110 "-" "Apache/2.4.68 (Ubuntu) OpenSSL/3.0.19 (internal dummy connection)"
44.206.93.215 - - [26/Aug/2026:23:10:06 +0800] "GET /amy6998/wp-json/wp/v2/media?parent=27717 HTTP/1.1" 200 14807 "-" "Mozilla/5.0 AppleWebKit/537.36 (KHTML, like Gecko; compatible; Amazonbot/0.1; +https://developer.amazon.com/support/amazonbot) Chrome/119.0.6045.214 Safari/537.36"
74.7.242.54 - - [26/Aug/2026:23:10:06 +0800] "GET /32745/category/%e6%9e%97%e8%89%af%e6%ad%a1%e3%80%80/page/2/ HTTP/1.1" 200 86539 "https://2blog.ilc.edu.tw/32745/category/%e6%9e%97%e8%89%af%e6%ad%a1%e3%80%80/" "Mozilla/5.0 AppleWebKit/537.36 (KHTML, like Gecko; compatible; GPTBot/1.4; +https://openai.com/gptbot)"
::1 - - [26/Aug/2026:23:10:07 +0800] "OPTIONS * HTTP/1.0" 200 110 "-" "Apache/2.4.68 (Ubuntu) OpenSSL/3.0.19 (internal dummy connection)"
74.7.242.54 - - [26/Aug/2026:23:10:07 +0800] "GET /32745/wp-json/oembed/1.0/embed?format=xml&url=https%3A%2F%2F2blog.ilc.edu.tw%2F32745%2F2021%2F10%2F23%2F%25e5%2594%2590%25e9%25a3%259bvs%25e9%2583%25ad%25e7%25be%258e%25e7%258f%25a0vs%25e8%2595%25ad%25e6%2583%25a0vs%25e6%25a5%258a%25e4%25bb%25b2%25e6%2581%25a9%2F HTTP/1.1" 200 2384 "https://2blog.ilc.edu.tw/32745/2021/10/23/%e5%94%90%e9%a3%9bvs%e9%83%ad%e7%be%8e%e7%8f%a0vs%e8%95%ad%e6%83%a0vs%e6%a5%8a%e4%bb%b2%e6%81%a9/" "Mozilla/5.0 AppleWebKit/537.36 (KHTML, like Gecko; compatible; GPTBot/1.4; +https://openai.com/gptbot)"
2001:288:a201::66:125 - - [26/Aug/2026:23:10:08 +0800] "GET /blog/active.php HTTP/1.1" 301 1026 "-" "-"
2001:288:a201::66:125 - - [26/Aug/2026:23:10:08 +0800] "GET /blog/active.php HTTP/1.1" 404 1084 "-" "-"
216.73.217.64 - - [26/Aug/2026:23:10:08 +0800] "GET /2226/archives/author/1124ying/page/33 HTTP/1.1" 200 16742 "-" "Mozilla/5.0 AppleWebKit/537.36 (KHTML, like Gecko; compatible; ClaudeBot/1.0; +claudebot@anthropic.com)"
::1 - - [26/Aug/2026:23:10:08 +0800] "OPTIONS * HTTP/1.0" 200 110 "-" "Apache/2.4.68 (Ubuntu) OpenSSL/3.0.19 (internal dummy connection)"
216.73.217.64 - - [26/Aug/2026:23:10:08 +0800] "GET /9536/?p=54906 HTTP/1.1" 301 1019 "-" "Mozilla/5.0 AppleWebKit/537.36 (KHTML, like Gecko; compatible; ClaudeBot/1.0; +claudebot@anthropic.com)"
216.73.217.64 - - [26/Aug/2026:23:10:08 +0800] "GET /9536/?p=54900 HTTP/1.1" 301 1220 "-" "Mozilla/5.0 AppleWebKit/537.36 (KHTML, like Gecko; compatible; ClaudeBot/1.0; +claudebot@anthropic.com)"
127.0.0.1 - - [26/Aug/2026:23:10:08 +0800] "GET / HTTP/1.1" 301 977 "-" "curl/7.81.0"
98.84.60.17 - - [26/Aug/2026:23:10:08 +0800] "GET /wp-content/uploads/sites/391/2025/10/?C=M;O%3DD HTTP/1.1" 200 1111 "-" "Mozilla/5.0 AppleWebKit/537.36 (KHTML, like Gecko; compatible; Amazonbot/0.1; +https://developer.amazon.com/support/amazonbot) Chrome/119.0.6045.214 Safari/537.36"
216.73.217.64 - - [26/Aug/2026:23:10:08 +0800] "GET /9536/2007/12/28/%e7%a4%be%e5%8d%80%e6%97%a5%e6%9b%86-%e6%b5%b7%e5%b2%b8%e7%a4%be%e5%8d%80-%e5%88%b0%e6%b5%b7%e5%b2%b8%e6%89%be%e8%9e%83%e8%9f%b9/ HTTP/1.1" 200 9767 "https://2blog.ilc.edu.tw/9536/?p=54906" "Mozilla/5.0 AppleWebKit/537.36 (KHTML, like Gecko; compatible; ClaudeBot/1.0; +claudebot@anthropic.com)"
127.0.0.1 - - [26/Aug/2026:23:10:08 +0800] "GET / HTTP/1.1" 302 5497 "-" "curl/7.81.0"
127.0.0.1 - - [26/Aug/2026:23:10:08 +0800] "HEAD / HTTP/1.1" 302 5478 "-" "curl/7.81.0"
216.73.217.64 - - [26/Aug/2026:23:10:08 +0800] "GET /9536/2007/12/22/%e7%a4%be%e5%8d%80%e6%97%a5%e6%9b%86-%e6%b5%b7%e5%b2%b8%e7%a4%be%e5%8d%80-%e5%a4%a7%e5%ae%b6%e7%9b%b8%e6%8b%9b%e4%be%86/ HTTP/1.1" 200 9897 "https://2blog.ilc.edu.tw/9536/?p=54900" "Mozilla/5.0 AppleWebKit/537.36 (KHTML, like Gecko; compatible; ClaudeBot/1.0; +claudebot@anthropic.com)"
66.249.79.164 - - [26/Aug/2026:23:10:07 +0800] "GET /wp-content/uploads/sites/1276/6038/6038-3041032.pdf HTTP/1.1" 200 1571016 "-" "Googlebot/2.1 (+http://www.google.com/bot.html)"
2401:e180:8870:1c3a:9d74:91bb:d97a:5a54 - - [26/Aug/2026:23:10:09 +0800] "-" 408 4794 "-" "-"
2a10:7b00:bbad:58d1:5fdd:fc01:eb22:d2a7 - - [26/Aug/2026:23:10:09 +0800] "GET /1279/2015/03/26/02-16-scratch-2-0-%E6%BB%91%E9%BC%A0%E8%88%87%E8%A7%92%E8%89%B2%E7%9A%84%E7%A7%BB%E5%8B%95-%E4%BD%A0%E8%BF%BD%E6%88%91%E8%B7%91/ HTTP/1.1" 200 18947 "-" "Mozilla/5.0 (Windows NT 10.0; Win64; x64) AppleWebKit/537.36 (KHTML, like Gecko) Chrome/101.0.4951.64 Safari/537.36 Edg/101.0.1210.47"
2a03:2880:11ff:4a:: - - [26/Aug/2026:23:10:10 +0800] "GET /wp-includes/js/mediaelement/mejs-controls.svg HTTP/1.1" 200 10230 "https://www.wfes.ilc.edu.tw/wp-content/cache/www.wfes.ilc.edu.tw/wpfc-minified/lzjw7qgp/7yuu.css" "Mozilla/5.0 (Windows NT 10.0; Win64; x64) AppleWebKit/537.36 (KHTML, like Gecko) Chrome/145.0.0.0 Safari/537.36 (compatible; meta-webindexer/1.1 (+https://developers.facebook.com/docs/sharing/webmasters/crawler))"
74.7.242.54 - - [26/Aug/2026:23:10:08 +0800] "GET /32745/category/%e6%9c%b1%e7%b4%84%e4%bf%a1%e8%b1%ac%e9%a0%ad%e7%9a%ae/feed/ HTTP/1.1" 200 18440 "https://2blog.ilc.edu.tw/32745/category/%e6%9c%b1%e7%b4%84%e4%bf%a1%e8%b1%ac%e9%a0%ad%e7%9a%ae/" "Mozilla/5.0 AppleWebKit/537.36 (KHTML, like Gecko; compatible; GPTBot/1.4; +https://openai.com/gptbot)"
2401:e180:8870:1c3a:9d74:91bb:d97a:5a54 - - [26/Aug/2026:23:10:10 +0800] "-" 408 339 "-" "-"
140.111.67.10 - - [26/Aug/2026:23:10:10 +0800] "GET /" 301 273 "-" "-"
74.7.242.54 - - [26/Aug/2026:23:10:10 +0800] "GET /32745/wp-json/wp/v2/posts/13269 HTTP/1.1" 200 14309 "https://2blog.ilc.edu.tw/32745/2020/05/27/%e5%91%bd%e9%81%8b%e7%9a%84%e9%9d%92%e7%b4%85%e7%87%88/" "Mozilla/5.0 AppleWebKit/537.36 (KHTML, like Gecko; compatible; GPTBot/1.4; +https://openai.com/gptbot)"
34.57.162.91 - - [26/Aug/2026:23:10:11 +0800] "GET /1003/2014/08/26/%E5%B0%8F%E4%B8%80%E9%96%8B%E5%AD%B8%E5%80%92%E6%95%B8%E7%AC%AC%E5%85%AD%E5%A4%A9/ HTTP/1.1" 200 19055 "-" "Mozilla/5.0 (Macintosh; Intel Mac OS X 10_15_7) AppleWebKit/537.36 (KHTML, like Gecko) Chrome/120.0.0.0 Safari/537.36"
74.7.242.54 - - [26/Aug/2026:23:10:11 +0800] "GET /32745/2023/10/29/%e8%87%ba%e5%8c%97%e5%ae%a4%e5%85%a7%e5%90%88%e5%94%b1%e5%9c%98vs%e8%87%ba%e5%8c%97%e8%8f%af%e6%96%b0%e5%85%92%e7%ab%a5%e5%90%88%e5%94%b1%e5%9c%98/ HTTP/1.1" 200 86168 "https://2blog.ilc.edu.tw/32745/2023/10/29/" "Mozilla/5.0 AppleWebKit/537.36 (KHTML, like Gecko; compatible; GPTBot/1.4; +https://openai.com/gptbot)"
18.207.89.138 - - [26/Aug/2026:23:10:12 +0800] "GET /wp-content/uploads/sites/3460/2024/05/?C=M;O%3DA HTTP/1.1" 200 1112 "-" "Mozilla/5.0 AppleWebKit/537.36 (KHTML, like Gecko; compatible; Amazonbot/0.1; +https://developer.amazon.com/support/amazonbot) Chrome/119.0.6045.214 Safari/537.36"
2408:8763:0:e02::20 - - [26/Aug/2026:23:10:12 +0800] "GET /ttest/category/uncategorized HTTP/1.1" 301 5753 "-" "Mozilla/5.0 (Windows NT 10.0; Win64; x64) AppleWebKit/537.36 (KHTML, like Gecko) Chrome/144.0.0.0 Safari/537.36"
140.111.67.195 - - [26/Aug/2026:23:10:12 +0800] "GET /wp-admin/admin-post.php?action=steps_ad HTTP/1.1" 200 1973 "-" "node-fetch/1.0 (+https://github.com/bitinn/node-fetch)"
66.249.79.137 - - [26/Aug/2026:23:10:09 +0800] "GET /wp-login.php?key=pndnv379&_wpnonce=&action=ilc_logout&redirect_to=https%3A%2F%2Fwww.aayyy.com HTTP/1.1" 302 8235 "-" "Mozilla/5.0 (Linux; Android 6.0.1; Nexus 5X Build/MMB29P) AppleWebKit/537.36 (KHTML, like Gecko) Chrome/151.0.7922.173 Mobile Safari/537.36 (compatible; Googlebot/2.1; +http://www.google.com/bot.html)"
1.169.53.92 - - [26/Aug/2026:23:10:13 +0800] "GET / HTTP/1.1" 200 29814 "https://www.google.com/" "Mozilla/5.0 (iPhone; CPU iPhone OS 18_7 like Mac OS X) AppleWebKit/605.1.15 (KHTML, like Gecko) Version/26.5 Mobile/15E148 Safari/604.1"
2001:288:a201::66:125 - - [26/Aug/2026:23:10:13 +0800] "GET /blog/active.php HTTP/1.1" 301 1026 "-" "-"
2407:4b00:4c06:684:104d:47a8:2414:63bd - - [26/Aug/2026:23:10:13 +0800] "GET / HTTP/1.1" 200 20466 "https://www.google.com/" "Mozilla/5.0 (Linux; Android 10; K) AppleWebKit/537.36 (KHTML, like Gecko) Chrome/151.0.0.0 Mobile Safari/537.36"
2001:288:a201::66:125 - - [26/Aug/2026:23:10:13 +0800] "GET /blog/active.php HTTP/1.1" 404 1084 "-" "-"
2407:4b00:4c06:684:104d:47a8:2414:63bd - - [26/Aug/2026:23:10:13 +0800] "GET /wp-content/cache/www.ltjh.ilc.edu.tw/wpfc-minified/7ll1qgx3/6vwn.css HTTP/1.1" 200 45685 "https://www.ltjh.ilc.edu.tw/" "Mozilla/5.0 (Linux; Android 10; K) AppleWebKit/537.36 (KHTML, like Gecko) Chrome/151.0.0.0 Mobile Safari/537.36"
2407:4b00:4c06:684:104d:47a8:2414:63bd - - [26/Aug/2026:23:10:13 +0800] "GET /wp-content/cache/www.ltjh.ilc.edu.tw/wpfc-minified/e5uoopy9/6vwn.css HTTP/1.1" 200 1157 "https://www.ltjh.ilc.edu.tw/" "Mozilla/5.0 (Linux; Android 10; K) AppleWebKit/537.36 (KHTML, like Gecko) Chrome/151.0.0.0 Mobile Safari/537.36"
2407:4b00:4c06:684:104d:47a8:2414:63bd - - [26/Aug/2026:23:10:13 +0800] "GET /wp-content/cache/www.ltjh.ilc.edu.tw/wpfc-minified/lojpp9tb/6vwn.css HTTP/1.1" 200 13815 "https://www.ltjh.ilc.edu.tw/" "Mozilla/5.0 (Linux; Android 10; K) AppleWebKit/537.36 (KHTML, like Gecko) Chrome/151.0.0.0 Mobile Safari/537.36"
2408:8763:0:e02::20 - - [26/Aug/2026:23:10:13 +0800] "GET /ttest/category/uncategorized/ HTTP/1.1" 200 31899 "-" "Mozilla/5.0 (Windows NT 10.0; Win64; x64) AppleWebKit/537.36 (KHTML, like Gecko) Chrome/144.0.0.0 Safari/537.36"
74.7.242.54 - - [26/Aug/2026:23:10:12 +0800] "GET /32745/category/%e7%8e%8b%e7%a7%80%e5%ae%b9vs%e6%9e%97%e5%b8%8c%e6%81%a9vs%e9%99%b3%e6%80%9d%e7%92%87vs%e9%99%b3%e5%a8%81%e9%9c%96vs%e9%99%b3%e6%9f%b3%e5%a6%8d/ HTTP/1.1" 200 85729 "https://2blog.ilc.edu.tw/32745/2025/11/26/" "Mozilla/5.0 AppleWebKit/537.36 (KHTML, like Gecko; compatible; GPTBot/1.4; +https://openai.com/gptbot)"
2407:4b00:4c06:684:104d:47a8:2414:63bd - - [26/Aug/2026:23:10:13 +0800] "GET /wp-content/cache/www.ltjh.ilc.edu.tw/wpfc-minified/7z2n64hl/6vwn.css HTTP/1.1" 200 56877 "https://www.ltjh.ilc.edu.tw/" "Mozilla/5.0 (Linux; Android 10; K) AppleWebKit/537.36 (KHTML, like Gecko) Chrome/151.0.0.0 Mobile Safari/537.36"
2407:4b00:4c06:684:104d:47a8:2414:63bd - - [26/Aug/2026:23:10:13 +0800] "GET /wp-content/uploads/sites/411/elementor/css/post-880.css HTTP/1.1" 200 6070 "https://www.ltjh.ilc.edu.tw/" "Mozilla/5.0 (Linux; Android 10; K) AppleWebKit/537.36 (KHTML, like Gecko) Chrome/151.0.0.0 Mobile Safari/537.36"
2407:4b00:4c06:684:104d:47a8:2414:63bd - - [26/Aug/2026:23:10:13 +0800] "GET /wp-content/uploads/sites/411/elementor/css/post-182.css HTTP/1.1" 200 5759 "https://www.ltjh.ilc.edu.tw/" "Mozilla/5.0 (Linux; Android 10; K) AppleWebKit/537.36 (KHTML, like Gecko) Chrome/151.0.0.0 Mobile Safari/537.36"
2407:4b00:4c06:684:104d:47a8:2414:63bd - - [26/Aug/2026:23:10:13 +0800] "GET /wp-content/cache/www.ltjh.ilc.edu.tw/wpfc-minified/21qwfrah/6vwn.css HTTP/1.1" 200 59369 "https://www.ltjh.ilc.edu.tw/" "Mozilla/5.0 (Linux; Android 10; K) AppleWebKit/537.36 (KHTML, like Gecko) Chrome/151.0.0.0 Mobile Safari/537.36"
2407:4b00:4c06:684:104d:47a8:2414:63bd - - [26/Aug/2026:23:10:13 +0800] "GET /wp-content/cache/www.ltjh.ilc.edu.tw/wpfc-minified/ladi6hp7/6vwn.js HTTP/1.1" 200 40359 "https://www.ltjh.ilc.edu.tw/" "Mozilla/5.0 (Linux; Android 10; K) AppleWebKit/537.36 (KHTML, like Gecko) Chrome/151.0.0.0 Mobile Safari/537.36"
2407:4b00:4c06:684:104d:47a8:2414:63bd - - [26/Aug/2026:23:10:13 +0800] "GET /wp-content/uploads/sites/411/2026/06/4-768x528.jpg HTTP/1.1" 200 69768 "https://www.ltjh.ilc.edu.tw/" "Mozilla/5.0 (Linux; Android 10; K) AppleWebKit/537.36 (KHTML, like Gecko) Chrome/151.0.0.0 Mobile Safari/537.36"
2407:4b00:4c06:684:104d:47a8:2414:63bd - - [26/Aug/2026:23:10:13 +0800] "GET /wp-includes/js/hoverintent-js.min.js HTTP/1.1" 200 1597 "https://www.ltjh.ilc.edu.tw/" "Mozilla/5.0 (Linux; Android 10; K) AppleWebKit/537.36 (KHTML, like Gecko) Chrome/151.0.0.0 Mobile Safari/537.36"
2407:4b00:4c06:684:104d:47a8:2414:63bd - - [26/Aug/2026:23:10:13 +0800] "GET /wp-includes/js/admin-bar.min.js HTTP/1.1" 200 7038 "https://www.ltjh.ilc.edu.tw/" "Mozilla/5.0 (Linux; Android 10; K) AppleWebKit/537.36 (KHTML, like Gecko) Chrome/151.0.0.0 Mobile Safari/537.36"
2407:4b00:4c06:684:104d:47a8:2414:63bd - - [26/Aug/2026:23:10:13 +0800] "GET /wp-content/uploads/sites/411/2026/08/1150729_science-2-768x432.png HTTP/1.1" 200 653635 "https://www.ltjh.ilc.edu.tw/" "Mozilla/5.0 (Linux; Android 10; K) AppleWebKit/537.36 (KHTML, like Gecko) Chrome/151.0.0.0 Mobile Safari/537.36"
2407:4b00:4c06:684:104d:47a8:2414:63bd - - [26/Aug/2026:23:10:13 +0800] "GET /wp-content/plugins/elementor/assets/lib/eicons/fonts/eicons.woff2?5.30.0 HTTP/1.1" 200 98225 "https://www.ltjh.ilc.edu.tw/wp-content/cache/www.ltjh.ilc.edu.tw/wpfc-minified/7z2n64hl/6vwn.css" "Mozilla/5.0 (Linux; Android 10; K) AppleWebKit/537.36 (KHTML, like Gecko) Chrome/151.0.0.0 Mobile Safari/537.36"
2407:4b00:4c06:684:104d:47a8:2414:63bd - - [26/Aug/2026:23:10:13 +0800] "GET /wp-content/themes/toujours/images/toujoursbackground20160105.png HTTP/1.1" 200 1387 "https://www.ltjh.ilc.edu.tw/" "Mozilla/5.0 (Linux; Android 10; K) AppleWebKit/537.36 (KHTML, like Gecko) Chrome/151.0.0.0 Mobile Safari/537.36"
2407:4b00:4c06:684:104d:47a8:2414:63bd - - [26/Aug/2026:23:10:13 +0800] "GET /wp-content/uploads/sites/411/2026/08/1150729_%E9%BB%9B%E8%90%8C%E4%B8%8D%E5%91%86-1-768x576.png HTTP/1.1" 200 868113 "https://www.ltjh.ilc.edu.tw/" "Mozilla/5.0 (Linux; Android 10; K) AppleWebKit/537.36 (KHTML, like Gecko) Chrome/151.0.0.0 Mobile Safari/537.36"
2407:4b00:4c06:684:104d:47a8:2414:63bd - - [26/Aug/2026:23:10:13 +0800] "GET /wp-content/themes/toujours/js/jquery.flexslider.js HTTP/1.1" 200 12795 "https://www.ltjh.ilc.edu.tw/" "Mozilla/5.0 (Linux; Android 10; K) AppleWebKit/537.36 (KHTML, like Gecko) Chrome/151.0.0.0 Mobile Safari/537.36"
2407:4b00:4c06:684:104d:47a8:2414:63bd - - [26/Aug/2026:23:10:13 +0800] "GET /wp-includes/js/imagesloaded.min.js HTTP/1.1" 200 2683 "https://www.ltjh.ilc.edu.tw/" "Mozilla/5.0 (Linux; Android 10; K) AppleWebKit/537.36 (KHTML, like Gecko) Chrome/151.0.0.0 Mobile Safari/537.36"
2407:4b00:4c06:684:104d:47a8:2414:63bd - - [26/Aug/2026:23:10:13 +0800] "GET /wp-content/themes/toujours/js/navigation.js HTTP/1.1" 200 1748 "https://www.ltjh.ilc.edu.tw/" "Mozilla/5.0 (Linux; Android 10; K) AppleWebKit/537.36 (KHTML, like Gecko) Chrome/151.0.0.0 Mobile Safari/537.36"
2407:4b00:4c06:684:104d:47a8:2414:63bd - - [26/Aug/2026:23:10:13 +0800] "GET /wp-content/themes/toujours/js/skip-link-focus-fix.js HTTP/1.1" 200 1344 "https://www.ltjh.ilc.edu.tw/" "Mozilla/5.0 (Linux; Android 10; K) AppleWebKit/537.36 (KHTML, like Gecko) Chrome/151.0.0.0 Mobile Safari/537.36"
2407:4b00:4c06:684:104d:47a8:2414:63bd - - [26/Aug/2026:23:10:13 +0800] "GET /wp-includes/js/masonry.min.js HTTP/1.1" 200 8306 "https://www.ltjh.ilc.edu.tw/" "Mozilla/5.0 (Linux; Android 10; K) AppleWebKit/537.36 (KHTML, like Gecko) Chrome/151.0.0.0 Mobile Safari/537.36"
2407:4b00:4c06:684:104d:47a8:2414:63bd - - [26/Aug/2026:23:10:13 +0800] "GET /wp-content/themes/toujours/js/global.js HTTP/1.1" 200 2171 "https://www.ltjh.ilc.edu.tw/" "Mozilla/5.0 (Linux; Android 10; K) AppleWebKit/537.36 (KHTML, like Gecko) Chrome/151.0.0.0 Mobile Safari/537.36"
2407:4b00:4c06:684:104d:47a8:2414:63bd - - [26/Aug/2026:23:10:13 +0800] "GET /wp-content/plugins/elementor-pro/assets/js/webpack-pro.runtime.min.js HTTP/1.1" 200 3562 "https://www.ltjh.ilc.edu.tw/" "Mozilla/5.0 (Linux; Android 10; K) AppleWebKit/537.36 (KHTML, like Gecko) Chrome/151.0.0.0 Mobile Safari/537.36"
2407:4b00:4c06:684:104d:47a8:2414:63bd - - [26/Aug/2026:23:10:14 +0800] "GET /wp-content/plugins/elementor/assets/js/webpack.runtime.min.js HTTP/1.1" 200 3095 "https://www.ltjh.ilc.edu.tw/" "Mozilla/5.0 (Linux; Android 10; K) AppleWebKit/537.36 (KHTML, like Gecko) Chrome/151.0.0.0 Mobile Safari/537.36"
2407:4b00:4c06:684:104d:47a8:2414:63bd - - [26/Aug/2026:23:10:14 +0800] "GET /wp-includes/js/dist/hooks.min.js HTTP/1.1" 200 2421 "https://www.ltjh.ilc.edu.tw/" "Mozilla/5.0 (Linux; Android 10; K) AppleWebKit/537.36 (KHTML, like Gecko) Chrome/151.0.0.0 Mobile Safari/537.36"
2407:4b00:4c06:684:104d:47a8:2414:63bd - - [26/Aug/2026:23:10:14 +0800] "GET /wp-content/plugins/elementor/assets/js/frontend-modules.min.js HTTP/1.1" 200 19416 "https://www.ltjh.ilc.edu.tw/" "Mozilla/5.0 (Linux; Android 10; K) AppleWebKit/537.36 (KHTML, like Gecko) Chrome/151.0.0.0 Mobile Safari/537.36"
2407:4b00:4c06:684:104d:47a8:2414:63bd - - [26/Aug/2026:23:10:13 +0800] "GET /wp-content/uploads/sites/411/2026/08/1150729_%E6%97%85%E9%81%8A%E8%B6%A3-1-768x432.png HTTP/1.1" 200 672861 "https://www.ltjh.ilc.edu.tw/" "Mozilla/5.0 (Linux; Android 10; K) AppleWebKit/537.36 (KHTML, like Gecko) Chrome/151.0.0.0 Mobile Safari/537.36"
2407:4b00:4c06:684:104d:47a8:2414:63bd - - [26/Aug/2026:23:10:14 +0800] "GET /wp-includes/js/dist/i18n.min.js HTTP/1.1" 200 4547 "https://www.ltjh.ilc.edu.tw/" "Mozilla/5.0 (Linux; Android 10; K) AppleWebKit/537.36 (KHTML, like Gecko) Chrome/151.0.0.0 Mobile Safari/537.36"
2407:4b00:4c06:684:104d:47a8:2414:63bd - - [26/Aug/2026:23:10:14 +0800] "GET /wp-content/plugins/elementor/assets/lib/waypoints/waypoints.min.js HTTP/1.1" 200 3873 "https://www.ltjh.ilc.edu.tw/" "Mozilla/5.0 (Linux; Android 10; K) AppleWebKit/537.36 (KHTML, like Gecko) Chrome/151.0.0.0 Mobile Safari/537.36"
2407:4b00:4c06:684:104d:47a8:2414:63bd - - [26/Aug/2026:23:10:14 +0800] "GET /wp-content/plugins/elementor-pro/assets/js/frontend.min.js HTTP/1.1" 200 7574 "https://www.ltjh.ilc.edu.tw/" "Mozilla/5.0 (Linux; Android 10; K) AppleWebKit/537.36 (KHTML, like Gecko) Chrome/151.0.0.0 Mobile Safari/537.36"
2407:4b00:4c06:684:104d:47a8:2414:63bd - - [26/Aug/2026:23:10:14 +0800] "GET /wp-includes/js/jquery/ui/core.min.js HTTP/1.1" 200 7986 "https://www.ltjh.ilc.edu.tw/" "Mozilla/5.0 (Linux; Android 10; K) AppleWebKit/537.36 (KHTML, like Gecko) Chrome/151.0.0.0 Mobile Safari/537.36"
2a13:f41:9816:6684:fca8:3f28:f192:db7c - - [26/Aug/2026:23:10:13 +0800] "GET /3860/2010/02/25/%E5%85%A8%E5%8F%B0%E8%A9%A9%E6%99%BA%E6%85%A7%E5%9E%8B%E7%9F%A5%E8%AD%98%E5%BA%AB/ HTTP/1.1" 200 33589 "-" "Mozilla/5.0 (Macintosh; Intel Mac OS X 10_15_7) AppleWebKit/605.1.15 (KHTML, like Gecko) Version/15.3 Safari/605.1.15"
2407:4b00:4c06:684:104d:47a8:2414:63bd - - [26/Aug/2026:23:10:14 +0800] "GET /wp-content/plugins/elementor/assets/js/frontend.min.js HTTP/1.1" 200 13169 "https://www.ltjh.ilc.edu.tw/" "Mozilla/5.0 (Linux; Android 10; K) AppleWebKit/537.36 (KHTML, like Gecko) Chrome/151.0.0.0 Mobile Safari/537.36"
2408:8763:0:e02::20 - - [26/Aug/2026:23:10:14 +0800] "GET /ttest/wp-content/cache/2blog.ilc.edu.tw/wpfc-minified/2dg3lk3h/dujco.css HTTP/1.1" 200 40887 "https://2blog.ilc.edu.tw/ttest/category/uncategorized/" "Mozilla/5.0 (Windows NT 10.0; Win64; x64) AppleWebKit/537.36 (KHTML, like Gecko) Chrome/144.0.0.0 Safari/537.36"
2407:4b00:4c06:684:104d:47a8:2414:63bd - - [26/Aug/2026:23:10:14 +0800] "GET /wp-content/plugins/elementor-pro/assets/js/elements-handlers.min.js HTTP/1.1" 200 10882 "https://www.ltjh.ilc.edu.tw/" "Mozilla/5.0 (Linux; Android 10; K) AppleWebKit/537.36 (KHTML, like Gecko) Chrome/151.0.0.0 Mobile Safari/537.36"
2407:4b00:4c06:684:104d:47a8:2414:63bd - - [26/Aug/2026:23:10:14 +0800] "GET /wp-content/uploads/sites/411/2026/06/6-768x528.jpg HTTP/1.1" 200 76801 "https://www.ltjh.ilc.edu.tw/" "Mozilla/5.0 (Linux; Android 10; K) AppleWebKit/537.36 (KHTML, like Gecko) Chrome/151.0.0.0 Mobile Safari/537.36"
2407:4b00:4c06:684:104d:47a8:2414:63bd - - [26/Aug/2026:23:10:14 +0800] "GET /wp-content/uploads/sites/411/2026/06/%E5%AD%B8%E6%A0%A1LED%E7%9C%8B%E6%9D%BF-1.png HTTP/1.1" 200 317195 "https://www.ltjh.ilc.edu.tw/" "Mozilla/5.0 (Linux; Android 10; K) AppleWebKit/537.36 (KHTML, like Gecko) Chrome/151.0.0.0 Mobile Safari/537.36"
2407:4b00:4c06:684:104d:47a8:2414:63bd - - [26/Aug/2026:23:10:14 +0800] "GET /wp-content/uploads/sites/411/2026/06/7-768x528.jpg HTTP/1.1" 200 74069 "https://www.ltjh.ilc.edu.tw/" "Mozilla/5.0 (Linux; Android 10; K) AppleWebKit/537.36 (KHTML, like Gecko) Chrome/151.0.0.0 Mobile Safari/537.36"
2407:4b00:4c06:684:104d:47a8:2414:63bd - - [26/Aug/2026:23:10:14 +0800] "GET /wp-content/uploads/sites/411/2026/06/8-768x528.jpg HTTP/1.1" 200 123588 "https://www.ltjh.ilc.edu.tw/" "Mozilla/5.0 (Linux; Android 10; K) AppleWebKit/537.36 (KHTML, like Gecko) Chrome/151.0.0.0 Mobile Safari/537.36"
2407:4b00:4c06:684:104d:47a8:2414:63bd - - [26/Aug/2026:23:10:14 +0800] "GET /wp-content/uploads/sites/411/2026/06/3-768x528.jpg HTTP/1.1" 200 130385 "https://www.ltjh.ilc.edu.tw/" "Mozilla/5.0 (Linux; Android 10; K) AppleWebKit/537.36 (KHTML, like Gecko) Chrome/151.0.0.0 Mobile Safari/537.36"
2407:4b00:4c06:684:104d:47a8:2414:63bd - - [26/Aug/2026:23:10:14 +0800] "GET /wp-content/uploads/sites/411/2026/06/9-768x528.jpg HTTP/1.1" 200 114799 "https://www.ltjh.ilc.edu.tw/" "Mozilla/5.0 (Linux; Android 10; K) AppleWebKit/537.36 (KHTML, like Gecko) Chrome/151.0.0.0 Mobile Safari/537.36"
2407:4b00:4c06:684:104d:47a8:2414:63bd - - [26/Aug/2026:23:10:14 +0800] "GET /wp-content/uploads/sites/411/2026/06/10-768x528.jpg HTTP/1.1" 200 109168 "https://www.ltjh.ilc.edu.tw/" "Mozilla/5.0 (Linux; Android 10; K) AppleWebKit/537.36 (KHTML, like Gecko) Chrome/151.0.0.0 Mobile Safari/537.36"
2407:4b00:4c06:684:104d:47a8:2414:63bd - - [26/Aug/2026:23:10:14 +0800] "GET /wp-content/uploads/sites/411/2025/11/376420000A_1140189696_ATTACH1.png HTTP/1.1" 200 18436 "https://www.ltjh.ilc.edu.tw/" "Mozilla/5.0 (Linux; Android 10; K) AppleWebKit/537.36 (KHTML, like Gecko) Chrome/151.0.0.0 Mobile Safari/537.36"
2407:4b00:4c06:684:104d:47a8:2414:63bd - - [26/Aug/2026:23:10:14 +0800] "GET /wp-content/uploads/sites/411/2025/06/%E9%98%B2%E6%B2%BB%E6%80%A7%E9%A8%B7.png HTTP/1.1" 200 196010 "https://www.ltjh.ilc.edu.tw/" "Mozilla/5.0 (Linux; Android 10; K) AppleWebKit/537.36 (KHTML, like Gecko) Chrome/151.0.0.0 Mobile Safari/537.36"
2407:4b00:4c06:684:104d:47a8:2414:63bd - - [26/Aug/2026:23:10:14 +0800] "GET /wp-content/plugins/elementor/assets/js/image-carousel.4455c6362492d9067512.bundle.min.js HTTP/1.1" 200 1176 "https://www.ltjh.ilc.edu.tw/" "Mozilla/5.0 (Linux; Android 10; K) AppleWebKit/537.36 (KHTML, like Gecko) Chrome/151.0.0.0 Mobile Safari/537.36"
74.7.242.54 - - [26/Aug/2026:23:10:14 +0800] "GET /32745/wp-json/oembed/1.0/embed?format=xml&url=https%3A%2F%2F2blog.ilc.edu.tw%2F32745%2F2021%2F01%2F22%2F%25e8%2591%2589%25e5%2595%259f%25e7%2594%25b0vs%25e5%258a%2589%25e7%2587%2595%25e7%2587%2595%2F HTTP/1.1" 200 2332 "https://2blog.ilc.edu.tw/32745/2021/01/22/%e8%91%89%e5%95%9f%e7%94%b0vs%e5%8a%89%e7%87%95%e7%87%95/" "Mozilla/5.0 AppleWebKit/537.36 (KHTML, like Gecko; compatible; GPTBot/1.4; +https://openai.com/gptbot)"
2407:4b00:4c06:684:104d:47a8:2414:63bd - - [26/Aug/2026:23:10:14 +0800] "GET /wp-content/plugins/elementor/assets/lib/swiper/v8/swiper.min.js?ver=8.4.5 HTTP/1.1" 200 40708 "https://www.ltjh.ilc.edu.tw/" "Mozilla/5.0 (Linux; Android 10; K) AppleWebKit/537.36 (KHTML, like Gecko) Chrome/151.0.0.0 Mobile Safari/537.36"
2408:8763:0:e02::20 - - [26/Aug/2026:23:10:14 +0800] "GET /ttest/wp-content/cache/2blog.ilc.edu.tw/wpfc-minified/2hae4vk/dujco.css HTTP/1.1" 200 15782 "https://2blog.ilc.edu.tw/ttest/category/uncategorized/" "Mozilla/5.0 (Windows NT 10.0; Win64; x64) AppleWebKit/537.36 (KHTML, like Gecko) Chrome/144.0.0.0 Safari/537.36"
240e:910:e000:811::11b8 - - [26/Aug/2026:23:10:14 +0800] "GET /6504/wp-content/cache/2blog.ilc.edu.tw/wpfc-minified/jzfjcfix/5x7ej.css HTTP/1.1" 200 45680 "https://2blog.ilc.edu.tw/6504/category/c-21865/" "Mozilla/5.0 (Windows NT 10.0; Win64; x64) AppleWebKit/537.36 (KHTML, like Gecko) Chrome/144.0.0.0 Safari/537.36"
2408:8763:0:e02::20 - - [26/Aug/2026:23:10:14 +0800] "GET /ttest/wp-content/cache/2blog.ilc.edu.tw/wpfc-minified/fdfgpo78/dujco.css HTTP/1.1" 200 1157 "https://2blog.ilc.edu.tw/ttest/category/uncategorized/" "Mozilla/5.0 (Windows NT 10.0; Win64; x64) AppleWebKit/537.36 (KHTML, like Gecko) Chrome/144.0.0.0 Safari/537.36"
240e:910:e000:811::11b8 - - [26/Aug/2026:23:10:14 +0800] "GET /6504/wp-content/cache/2blog.ilc.edu.tw/wpfc-minified/fdf930un/5x7ej.css HTTP/1.1" 200 5951 "https://2blog.ilc.edu.tw/6504/category/c-21865/" "Mozilla/5.0 (Windows NT 10.0; Win64; x64) AppleWebKit/537.36 (KHTML, like Gecko) Chrome/144.0.0.0 Safari/537.36"
74.7.242.54 - - [26/Aug/2026:23:10:14 +0800] "GET /32745/wp-json/wp/v2/posts/88038 HTTP/1.1" 200 3647 "https://2blog.ilc.edu.tw/32745/2023/01/26/%e6%ad%b2%e9%a6%99%e9%a6%99/" "Mozilla/5.0 AppleWebKit/537.36 (KHTML, like Gecko; compatible; GPTBot/1.4; +https://openai.com/gptbot)"
140.111.67.195 - - [26/Aug/2026:23:10:14 +0800] "GET /wp-admin/admin-post.php?action=steps_ad HTTP/1.1" 200 1649 "-" "node-fetch/1.0 (+https://github.com/bitinn/node-fetch)"
140.111.67.195 - - [26/Aug/2026:23:10:14 +0800] "GET /wp-admin/admin-post.php?action=steps_ad HTTP/1.1" 200 1973 "-" "node-fetch/1.0 (+https://github.com/bitinn/node-fetch)"
2408:8763:0:e02::20 - - [26/Aug/2026:23:10:15 +0800] "GET /ttest/wp-content/cache/2blog.ilc.edu.tw/wpfc-minified/mcj8fl46/dujco.css HTTP/1.1" 200 18318 "https://2blog.ilc.edu.tw/ttest/category/uncategorized/" "Mozilla/5.0 (Windows NT 10.0; Win64; x64) AppleWebKit/537.36 (KHTML, like Gecko) Chrome/144.0.0.0 Safari/537.36"
2407:4b00:4c06:684:104d:47a8:2414:63bd - - [26/Aug/2026:23:10:15 +0800] "GET /wp-content/uploads/sites/411/2019/08/cropped-ltjhicon-192x192.jpg HTTP/1.1" 200 14338 "https://www.ltjh.ilc.edu.tw/" "Mozilla/5.0 (Linux; Android 10; K) AppleWebKit/537.36 (KHTML, like Gecko) Chrome/151.0.0.0 Mobile Safari/537.36"
2407:4b00:4c06:684:104d:47a8:2414:63bd - - [26/Aug/2026:23:10:15 +0800] "GET /wp-content/uploads/sites/411/2019/08/cropped-ltjhicon-180x180.jpg HTTP/1.1" 200 13562 "https://www.ltjh.ilc.edu.tw/" "Mozilla/5.0 (Linux; Android 10; K) AppleWebKit/537.36 (KHTML, like Gecko) Chrome/151.0.0.0 Mobile Safari/537.36"
240e:910:e000:811::11b8 - - [26/Aug/2026:23:10:15 +0800] "GET /6504/wp-content/cache/2blog.ilc.edu.tw/wpfc-minified/1cwmlun7/5x7ej.css HTTP/1.1" 200 58430 "https://2blog.ilc.edu.tw/6504/category/c-21865/" "Mozilla/5.0 (Windows NT 10.0; Win64; x64) AppleWebKit/537.36 (KHTML, like Gecko) Chrome/144.0.0.0 Safari/537.36"
74.7.242.54 - - [26/Aug/2026:23:10:15 +0800] "GET /32745/wp-json/oembed/1.0/embed?url=https%3A%2F%2F2blog.ilc.edu.tw%2F32745%2F2021%2F01%2F22%2F%25e8%2591%2589%25e5%2595%259f%25e7%2594%25b0vs%25e5%258a%2589%25e7%2587%2595%25e7%2587%2595%2F HTTP/1.1" 200 3595 "https://2blog.ilc.edu.tw/32745/2021/01/22/%e8%91%89%e5%95%9f%e7%94%b0vs%e5%8a%89%e7%87%95%e7%87%95/" "Mozilla/5.0 AppleWebKit/537.36 (KHTML, like Gecko; compatible; GPTBot/1.4; +https://openai.com/gptbot)"
2408:8763:0:e02::20 - - [26/Aug/2026:23:10:15 +0800] "GET /ttest/wp-content/cache/2blog.ilc.edu.tw/wpfc-minified/2dxznlwn/dujco.js HTTP/1.1" 200 35560 "https://2blog.ilc.edu.tw/ttest/category/uncategorized/" "Mozilla/5.0 (Windows NT 10.0; Win64; x64) AppleWebKit/537.36 (KHTML, like Gecko) Chrome/144.0.0.0 Safari/537.36"
240e:910:e000:811::11b8 - - [26/Aug/2026:23:10:15 +0800] "GET /6504/wp-content/cache/2blog.ilc.edu.tw/wpfc-minified/2c9tgech/5x7ej.js HTTP/1.1" 200 35564 "https://2blog.ilc.edu.tw/6504/category/c-21865/" "Mozilla/5.0 (Windows NT 10.0; Win64; x64) AppleWebKit/537.36 (KHTML, like Gecko) Chrome/144.0.0.0 Safari/537.36"
2408:821b:9218:dd50::2 - - [26/Aug/2026:23:10:15 +0800] "GET /page/6 HTTP/1.1" 301 5716 "-" "Mozilla/5.0 (Windows NT 10.0; Win64; x64) AppleWebKit/537.36 (KHTML, like Gecko) Chrome/107.0.0.0 Safari/537.36"
2408:8763:0:e02::20 - - [26/Aug/2026:23:10:15 +0800] "GET /ttest/wp-includes/js/admin-bar.min.js HTTP/1.1" 200 2576 "https://2blog.ilc.edu.tw/ttest/category/uncategorized/" "Mozilla/5.0 (Windows NT 10.0; Win64; x64) AppleWebKit/537.36 (KHTML, like Gecko) Chrome/144.0.0.0 Safari/537.36"
2408:8763:0:e02::20 - - [26/Aug/2026:23:10:15 +0800] "GET /ttest/wp-includes/js/hoverintent-js.min.js HTTP/1.1" 200 1936 "https://2blog.ilc.edu.tw/ttest/category/uncategorized/" "Mozilla/5.0 (Windows NT 10.0; Win64; x64) AppleWebKit/537.36 (KHTML, like Gecko) Chrome/144.0.0.0 Safari/537.36"
140.111.67.10 - - [26/Aug/2026:23:10:15 +0800] "GET /" 301 273 "-" "-"
74.7.242.54 - - [26/Aug/2026:23:10:15 +0800] "GET /32745/wp-json/wp/v2/posts/31089 HTTP/1.1" 200 11263 "https://2blog.ilc.edu.tw/32745/2020/12/29/%e7%a5%95%e4%b8%ad%e7%a5%95/" "Mozilla/5.0 AppleWebKit/537.36 (KHTML, like Gecko; compatible; GPTBot/1.4; +https://openai.com/gptbot)"
3.221.50.71 - - [26/Aug/2026:23:10:16 +0800] "GET /wp-content/uploads/sites/3199/2023/04/?C=S;O%3DA HTTP/1.1" 200 1113 "-" "Mozilla/5.0 AppleWebKit/537.36 (KHTML, like Gecko; compatible; Amazonbot/0.1; +https://developer.amazon.com/support/amazonbot) Chrome/119.0.6045.214 Safari/537.36"
2408:8763:0:e02::20 - - [26/Aug/2026:23:10:16 +0800] "GET /ttest/wp-content/themes/twentyseventeen/assets/js/skip-link-focus-fix.js HTTP/1.1" 200 1295 "https://2blog.ilc.edu.tw/ttest/category/uncategorized/" "Mozilla/5.0 (Windows NT 10.0; Win64; x64) AppleWebKit/537.36 (KHTML, like Gecko) Chrome/144.0.0.0 Safari/537.36"
2408:8763:0:e02::20 - - [26/Aug/2026:23:10:16 +0800] "GET /ttest/wp-content/themes/twentyseventeen/assets/js/global.js HTTP/1.1" 200 3495 "https://2blog.ilc.edu.tw/ttest/category/uncategorized/" "Mozilla/5.0 (Windows NT 10.0; Win64; x64) AppleWebKit/537.36 (KHTML, like Gecko) Chrome/144.0.0.0 Safari/537.36"
240e:910:e000:811::11b8 - - [26/Aug/2026:23:10:16 +0800] "GET /6504/wp-includes/js/hoverintent-js.min.js HTTP/1.1" 200 6391 "https://2blog.ilc.edu.tw/6504/category/c-21865/" "Mozilla/5.0 (Windows NT 10.0; Win64; x64) AppleWebKit/537.36 (KHTML, like Gecko) Chrome/144.0.0.0 Safari/537.36"
2408:8763:0:e02::20 - - [26/Aug/2026:23:10:16 +0800] "GET /ttest/wp-content/themes/twentyseventeen/assets/js/jquery.scrollTo.js HTTP/1.1" 200 3289 "https://2blog.ilc.edu.tw/ttest/category/uncategorized/" "Mozilla/5.0 (Windows NT 10.0; Win64; x64) AppleWebKit/537.36 (KHTML, like Gecko) Chrome/144.0.0.0 Safari/537.36"
74.7.242.54 - - [26/Aug/2026:23:10:16 +0800] "GET /32745/wp-json/wp/v2/posts/37904 HTTP/1.1" 200 4628 "https://2blog.ilc.edu.tw/32745/2021/04/10/%e9%81%a9%e8%80%85%e7%94%9f%e5%ad%98%e6%a8%82%e5%9c%98/" "Mozilla/5.0 AppleWebKit/537.36 (KHTML, like Gecko; compatible; GPTBot/1.4; +https://openai.com/gptbot)"
240e:910:e000:811::11b8 - - [26/Aug/2026:23:10:17 +0800] "GET /6504/wp-includes/js/admin-bar.min.js HTTP/1.1" 200 2237 "https://2blog.ilc.edu.tw/6504/category/c-21865/" "Mozilla/5.0 (Windows NT 10.0; Win64; x64) AppleWebKit/537.36 (KHTML, like Gecko) Chrome/144.0.0.0 Safari/537.36"
240e:910:e000:811::11b8 - - [26/Aug/2026:23:10:17 +0800] "GET /6504/wp-includes/js/imagesloaded.min.js HTTP/1.1" 200 2683 "https://2blog.ilc.edu.tw/6504/category/c-21865/" "Mozilla/5.0 (Windows NT 10.0; Win64; x64) AppleWebKit/537.36 (KHTML, like Gecko) Chrome/144.0.0.0 Safari/537.36"
74.7.242.54 - - [26/Aug/2026:23:10:17 +0800] "GET /32745/wp-json/oembed/1.0/embed?url=https%3A%2F%2F2blog.ilc.edu.tw%2F32745%2F2023%2F01%2F26%2F%25e6%25ad%25b2%25e9%25a6%2599%25e9%25a6%2599%2F HTTP/1.1" 200 3468 "https://2blog.ilc.edu.tw/32745/2023/01/26/%e6%ad%b2%e9%a6%99%e9%a6%99/" "Mozilla/5.0 AppleWebKit/537.36 (KHTML, like Gecko; compatible; GPTBot/1.4; +https://openai.com/gptbot)"
2408:8763:0:e02::20 - - [26/Aug/2026:23:10:17 +0800] "GET /favicon.ico HTTP/1.1" 302 901 "https://2blog.ilc.edu.tw/ttest/category/uncategorized/" "Mozilla/5.0 (Windows NT 10.0; Win64; x64) AppleWebKit/537.36 (KHTML, like Gecko) Chrome/144.0.0.0 Safari/537.36"
240e:910:e000:811::11b8 - - [26/Aug/2026:23:10:17 +0800] "GET /6504/wp-content/themes/oceanwp/assets/js/theme.min.js HTTP/1.1" 200 5130 "https://2blog.ilc.edu.tw/6504/category/c-21865/" "Mozilla/5.0 (Windows NT 10.0; Win64; x64) AppleWebKit/537.36 (KHTML, like Gecko) Chrome/144.0.0.0 Safari/537.36"
240e:910:e000:811::11b8 - - [26/Aug/2026:23:10:17 +0800] "GET /6504/wp-content/themes/oceanwp/assets/js/drop-down-mobile-menu.min.js HTTP/1.1" 200 4663 "https://2blog.ilc.edu.tw/6504/category/c-21865/" "Mozilla/5.0 (Windows NT 10.0; Win64; x64) AppleWebKit/537.36 (KHTML, like Gecko) Chrome/144.0.0.0 Safari/537.36"
74.7.242.54 - - [26/Aug/2026:23:10:17 +0800] "GET /32745/wp-content/uploads/sites/1271/2021/10/safe_image-12-26.jpeg HTTP/1.1" 200 18685 "https://2blog.ilc.edu.tw/32745/wp-json/oembed/1.0/embed?format=xml&url=https%3A%2F%2F2blog.ilc.edu.tw%2F32745%2F2021%2F10%2F23%2F%25e5%2594%2590%25e9%25a3%259bvs%25e9%2583%25ad%25e7%25be%258e%25e7%258f%25a0vs%25e8%2595%25ad%25e6%2583%25a0vs%25e6%25a5%258a%25e4%25bb%25b2%25e6%2581%25a9%2F" "Mozilla/5.0 AppleWebKit/537.36 (KHTML, like Gecko; compatible; GPTBot/1.4; +https://openai.com/gptbot)"
240e:910:e000:811::11b8 - - [26/Aug/2026:23:10:17 +0800] "GET /6504/wp-content/themes/oceanwp/assets/js/drop-down-search.min.js HTTP/1.1" 200 3307 "https://2blog.ilc.edu.tw/6504/category/c-21865/" "Mozilla/5.0 (Windows NT 10.0; Win64; x64) AppleWebKit/537.36 (KHTML, like Gecko) Chrome/144.0.0.0 Safari/537.36"
2408:8763:0:e02::20 - - [26/Aug/2026:23:10:17 +0800] "GET /wp-includes/images/w-logo-blue-white-bg.png HTTP/1.1" 200 4946 "https://2blog.ilc.edu.tw/ttest/category/uncategorized/" "Mozilla/5.0 (Windows NT 10.0; Win64; x64) AppleWebKit/537.36 (KHTML, like Gecko) Chrome/144.0.0.0 Safari/537.36"
2001:288:a201::66:125 - - [26/Aug/2026:23:10:18 +0800] "GET /blog/active.php HTTP/1.1" 301 1026 "-" "-"
2001:288:a201::66:125 - - [26/Aug/2026:23:10:18 +0800] "GET /blog/active.php HTTP/1.1" 404 1084 "-" "-"
240e:910:e000:811::11b8 - - [26/Aug/2026:23:10:18 +0800] "GET /6504/wp-content/themes/oceanwp/assets/js/vendors/magnific-popup.min.js HTTP/1.1" 200 8270 "https://2blog.ilc.edu.tw/6504/category/c-21865/" "Mozilla/5.0 (Windows NT 10.0; Win64; x64) AppleWebKit/537.36 (KHTML, like Gecko) Chrome/144.0.0.0 Safari/537.36"
74.7.242.54 - - [26/Aug/2026:23:10:18 +0800] "GET /32745/wp-json/oembed/1.0/embed?url=https%3A%2F%2F2blog.ilc.edu.tw%2F32745%2F2026%2F01%2F11%2F%25e6%2588%25b2%25e4%25b8%25ad%25e6%2588%25b2%2F HTTP/1.1" 200 3468 "https://2blog.ilc.edu.tw/32745/2026/01/11/%e6%88%b2%e4%b8%ad%e6%88%b2/" "Mozilla/5.0 AppleWebKit/537.36 (KHTML, like Gecko; compatible; GPTBot/1.4; +https://openai.com/gptbot)"
240e:910:e000:811::11b8 - - [26/Aug/2026:23:10:18 +0800] "GET /6504/wp-content/themes/oceanwp/assets/js/vendors/flickity.pkgd.min.js HTTP/1.1" 200 15048 "https://2blog.ilc.edu.tw/6504/category/c-21865/" "Mozilla/5.0 (Windows NT 10.0; Win64; x64) AppleWebKit/537.36 (KHTML, like Gecko) Chrome/144.0.0.0 Safari/537.36"
74.7.242.54 - - [26/Aug/2026:23:10:18 +0800] "GET /32745/wp-content/uploads/sites/1271/2023/01/1-333.jpeg HTTP/1.1" 200 26675 "https://2blog.ilc.edu.tw/32745/wp-json/oembed/1.0/embed?format=xml&url=https%3A%2F%2F2blog.ilc.edu.tw%2F32745%2F2023%2F01%2F20%2F%25e8%258b%25a6%25e6%25b5%25b7%25e9%2581%2587%25e6%2583%2585%25e9%2583%258e%2F" "Mozilla/5.0 AppleWebKit/537.36 (KHTML, like Gecko; compatible; GPTBot/1.4; +https://openai.com/gptbot)"
2001:b400:e2a2:9d42:c6f:e2ff:fe54:ec3a - - [26/Aug/2026:23:10:18 +0800] "-" 408 4795 "-" "-"
240e:910:e000:811::11b8 - - [26/Aug/2026:23:10:18 +0800] "GET /6504/wp-content/themes/oceanwp/assets/js/ow-slider.min.js HTTP/1.1" 200 1761 "https://2blog.ilc.edu.tw/6504/category/c-21865/" "Mozilla/5.0 (Windows NT 10.0; Win64; x64) AppleWebKit/537.36 (KHTML, like Gecko) Chrome/144.0.0.0 Safari/537.36"
240e:910:e000:811::11b8 - - [26/Aug/2026:23:10:18 +0800] "GET /6504/wp-content/themes/oceanwp/assets/js/scroll-top.min.js HTTP/1.1" 200 3202 "https://2blog.ilc.edu.tw/6504/category/c-21865/" "Mozilla/5.0 (Windows NT 10.0; Win64; x64) AppleWebKit/537.36 (KHTML, like Gecko) Chrome/144.0.0.0 Safari/537.36"
240e:910:e000:811::11b8 - - [26/Aug/2026:23:10:19 +0800] "GET /6504/wp-content/themes/oceanwp/assets/js/select.min.js HTTP/1.1" 200 2408 "https://2blog.ilc.edu.tw/6504/category/c-21865/" "Mozilla/5.0 (Windows NT 10.0; Win64; x64) AppleWebKit/537.36 (KHTML, like Gecko) Chrome/144.0.0.0 Safari/537.36"
54.198.33.233 - - [26/Aug/2026:23:10:19 +0800] "GET /wp-content/uploads/sites/2729/2022/09/?C=M;O%3DA HTTP/1.1" 200 1526 "-" "Mozilla/5.0 AppleWebKit/537.36 (KHTML, like Gecko; compatible; Amazonbot/0.1; +https://developer.amazon.com/support/amazonbot) Chrome/119.0.6045.214 Safari/537.36"
34.194.165.45 - - [26/Aug/2026:23:10:15 +0800] "GET /linkc/wp-json/wp/v2/posts/3554 HTTP/1.1" 200 14700 "-" "Mozilla/5.0 AppleWebKit/537.36 (KHTML, like Gecko; compatible; Amazonbot/0.1; +https://developer.amazon.com/support/amazonbot) Chrome/119.0.6045.214 Safari/537.36"
74.7.242.54 - - [26/Aug/2026:23:10:19 +0800] "GET /32745/wp-json/wp/v2/posts/95434 HTTP/1.1" 200 4080 "https://2blog.ilc.edu.tw/32745/2023/10/29/%e8%87%ba%e5%8c%97%e5%ae%a4%e5%85%a7%e5%90%88%e5%94%b1%e5%9c%98vs%e8%87%ba%e5%8c%97%e8%8f%af%e6%96%b0%e5%85%92%e7%ab%a5%e5%90%88%e5%94%b1%e5%9c%98/" "Mozilla/5.0 AppleWebKit/537.36 (KHTML, like Gecko; compatible; GPTBot/1.4; +https://openai.com/gptbot)"
240e:910:e000:811::11b8 - - [26/Aug/2026:23:10:20 +0800] "GET /6504/wp-content/themes/oceanwp/assets/fonts/simple-line-icons/Simple-Line-Icons.woff2?v=2.4.0 HTTP/1.1" 200 30959 "https://2blog.ilc.edu.tw/6504/wp-content/cache/2blog.ilc.edu.tw/wpfc-minified/1cwmlun7/5x7ej.css" "Mozilla/5.0 (Windows NT 10.0; Win64; x64) AppleWebKit/537.36 (KHTML, like Gecko) Chrome/144.0.0.0 Safari/537.36"
2a11:c41:90b0:5029:e95f:40b7:ee6f:a612 - - [26/Aug/2026:23:10:20 +0800] "GET /3860/2017/10/25/%E5%9D%8E-%E5%B4%81-%E5%B5%8C/ HTTP/1.1" 200 34420 "-" "Mozilla/5.0 (Macintosh; Intel Mac OS X 10_15_7) AppleWebKit/605.1.15 (KHTML, like Gecko) Version/17.0 Safari/605.1.15"
::1 - - [26/Aug/2026:23:10:20 +0800] "OPTIONS * HTTP/1.0" 200 110 "-" "Apache/2.4.68 (Ubuntu) OpenSSL/3.0.19 (internal dummy connection)"
140.111.67.10 - - [26/Aug/2026:23:10:20 +0800] "GET /" 301 273 "-" "-"
74.7.242.54 - - [26/Aug/2026:23:10:19 +0800] "GET /32745/category/%e7%8e%8b%e7%a7%80%e5%ae%b9vs%e6%9e%97%e5%b8%8c%e6%81%a9vs%e9%99%b3%e6%80%9d%e7%92%87vs%e9%99%b3%e5%a8%81%e9%9c%96vs%e9%99%b3%e6%9f%b3%e5%a6%8d/feed/ HTTP/1.1" 200 3357 "https://2blog.ilc.edu.tw/32745/category/%e7%8e%8b%e7%a7%80%e5%ae%b9vs%e6%9e%97%e5%b8%8c%e6%81%a9vs%e9%99%b3%e6%80%9d%e7%92%87vs%e9%99%b3%e5%a8%81%e9%9c%96vs%e9%99%b3%e6%9f%b3%e5%a6%8d/" "Mozilla/5.0 AppleWebKit/537.36 (KHTML, like Gecko; compatible; GPTBot/1.4; +https://openai.com/gptbot)"
2001:288:a201::67:82 - - [26/Aug/2026:23:10:18 +0800] "POST /linkc/wp-json/wp/v2/posts/3554?fsm_edd_37394=50d99bf51c9650c9c596ef343a91cc20 HTTP/1.1" 401 6142 "-" "WordPress/6.6.7; https://2blog.ilc.edu.tw/linkc"
74.7.242.54 - - [26/Aug/2026:23:10:21 +0800] "GET /32745/wp-json/oembed/1.0/embed?format=xml&url=https%3A%2F%2F2blog.ilc.edu.tw%2F32745%2F2023%2F10%2F29%2F%25e8%2587%25ba%25e5%258c%2597%25e5%25ae%25a4%25e5%2585%25a7%25e5%2590%2588%25e5%2594%25b1%25e5%259c%2598vs%25e8%2587%25ba%25e5%258c%2597%25e8%258f%25af%25e6%2596%25b0%25e5%2585%2592%25e7%25ab%25a5%25e5%2590%2588%25e5%2594%25b1%25e5%259c%2598%2F HTTP/1.1" 200 2383 "https://2blog.ilc.edu.tw/32745/2023/10/29/%e8%87%ba%e5%8c%97%e5%ae%a4%e5%85%a7%e5%90%88%e5%94%b1%e5%9c%98vs%e8%87%ba%e5%8c%97%e8%8f%af%e6%96%b0%e5%85%92%e7%ab%a5%e5%90%88%e5%94%b1%e5%9c%98/" "Mozilla/5.0 AppleWebKit/537.36 (KHTML, like Gecko; compatible; GPTBot/1.4; +https://openai.com/gptbot)"
::1 - - [26/Aug/2026:23:10:21 +0800] "OPTIONS * HTTP/1.0" 200 110 "-" "Apache/2.4.68 (Ubuntu) OpenSSL/3.0.19 (internal dummy connection)"
2a10:4a00:77de:9796:2cac:676a:37f3:7d91 - - [26/Aug/2026:23:10:21 +0800] "GET /4950/2012/06/13/101%E5%B9%B4%E5%BA%A6%E5%AE%9C%E8%98%AD%E7%B8%A3%E6%95%99%E7%B6%B2%E4%B8%AD%E5%BF%83%E6%9A%91%E6%9C%9F%E9%96%8B%E8%AA%B2%E8%AA%B2%E7%A8%8B/ HTTP/1.1" 200 16982 "-" "Mozilla/5.0 (Macintosh; Intel Mac OS X 10.15; rv:133.0) Gecko/20100101 Firefox/133.0"
74.7.242.54 - - [26/Aug/2026:23:10:21 +0800] "GET /32745/wp-content/uploads/sites/1271/2024/02/1-111.jpeg HTTP/1.1" 200 14382 "https://2blog.ilc.edu.tw/32745/wp-json/oembed/1.0/embed?format=xml&url=https%3A%2F%2F2blog.ilc.edu.tw%2F32745%2F2024%2F02%2F04%2F%25e7%2596%25bc%25e6%2583%259c%25e5%2585%25a5%25e5%25bf%2583%25e8%2582%259d%2F" "Mozilla/5.0 AppleWebKit/537.36 (KHTML, like Gecko; compatible; GPTBot/1.4; +https://openai.com/gptbot)"
::1 - - [26/Aug/2026:23:10:22 +0800] "OPTIONS * HTTP/1.0" 200 110 "-" "Apache/2.4.68 (Ubuntu) OpenSSL/3.0.19 (internal dummy connection)"
140.111.67.195 - - [26/Aug/2026:23:10:22 +0800] "GET /wp-admin/admin-post.php?action=steps_ad HTTP/1.1" 200 1973 "-" "node-fetch/1.0 (+https://github.com/bitinn/node-fetch)"
54.84.102.81 - - [26/Aug/2026:23:10:22 +0800] "GET /32745/wp-json/wp/v2/categories?post=43581 HTTP/1.1" 200 6678 "-" "Mozilla/5.0 AppleWebKit/537.36 (KHTML, like Gecko; compatible; Amazonbot/0.1; +https://developer.amazon.com/support/amazonbot) Chrome/119.0.6045.214 Safari/537.36"
74.7.242.54 - - [26/Aug/2026:23:10:22 +0800] "GET /32745/2023/12/11/pride/ HTTP/1.1" 200 87834 "https://2blog.ilc.edu.tw/32745/2023/12/11/page/3/" "Mozilla/5.0 AppleWebKit/537.36 (KHTML, like Gecko; compatible; GPTBot/1.4; +https://openai.com/gptbot)"
2001:288:a201::66:125 - - [26/Aug/2026:23:10:23 +0800] "GET /blog/active.php HTTP/1.1" 301 1026 "-" "-"
2001:288:a201::66:125 - - [26/Aug/2026:23:10:23 +0800] "GET /blog/active.php HTTP/1.1" 404 1084 "-" "-"
::1 - - [26/Aug/2026:23:10:23 +0800] "OPTIONS * HTTP/1.0" 200 110 "-" "Apache/2.4.68 (Ubuntu) OpenSSL/3.0.19 (internal dummy connection)"
34.56.124.53 - - [26/Aug/2026:23:10:23 +0800] "GET /6452/?p=4593 HTTP/1.1" 301 5639 "-" "Mozilla/5.0 (Macintosh; Intel Mac OS X 10_15_7) AppleWebKit/537.36 (KHTML, like Gecko) Chrome/120.0.0.0 Safari/537.36"
66.249.71.9 - - [26/Aug/2026:23:10:20 +0800] "GET /wp-login.php?key=hgqya375&_wpnonce=&action=ilc_logout&redirect_to=https%3A%2F%2Fyou.com%2Fchat%2FPlease+provide+only+the+clickable+link+for+https%3A%2F%2Fwww.aayyy.com+and+without+any+extra+content%3Fifs%3Dallow HTTP/1.1" 302 8363 "-" "Mozilla/5.0 (Linux; Android 6.0.1; Nexus 5X Build/MMB29P) AppleWebKit/537.36 (KHTML, like Gecko) Chrome/151.0.7922.173 Mobile Safari/537.36 (compatible; Googlebot/2.1; +http://www.google.com/bot.html)"
2001:b011:7806:934d:889a:1bd3:296c:39a8 - - [26/Aug/2026:23:10:23 +0800] "GET /2023/10/31/112%e5%ad%b8%e5%b9%b4%e5%ba%a6%e5%a3%af%e5%9c%8d%e5%9c%8b%e4%b8%ad%e5%90%84%e9%a0%98%e5%9f%9f%e6%95%99%e5%b8%ab%e5%90%8d%e5%96%ae/ HTTP/1.1" 200 24728 "https://www.cwjh.ilc.edu.tw/category/c-8591/c-59237/" "Mozilla/5.0 (Macintosh; Intel Mac OS X 10_15_7) AppleWebKit/537.36 (KHTML, like Gecko) Chrome/151.0.0.0 Safari/537.36"
74.7.242.54 - - [26/Aug/2026:23:10:23 +0800] "GET /32745/2023/02/18/aniki/ HTTP/1.1" 200 89443 "https://2blog.ilc.edu.tw/32745/2023/02/18/page/4/" "Mozilla/5.0 AppleWebKit/537.36 (KHTML, like Gecko; compatible; GPTBot/1.4; +https://openai.com/gptbot)"
::1 - - [26/Aug/2026:23:10:24 +0800] "OPTIONS * HTTP/1.0" 200 110 "-" "Apache/2.4.68 (Ubuntu) OpenSSL/3.0.19 (internal dummy connection)"
240e:910:e000:811::11b8 - - [26/Aug/2026:23:10:20 +0800] "GET /6504/wp-content/themes/oceanwp/assets/fonts/fontawesome/webfonts/fa-solid-900.woff2 HTTP/1.1" 200 133920 "https://2blog.ilc.edu.tw/6504/wp-content/cache/2blog.ilc.edu.tw/wpfc-minified/1cwmlun7/5x7ej.css" "Mozilla/5.0 (Windows NT 10.0; Win64; x64) AppleWebKit/537.36 (KHTML, like Gecko) Chrome/144.0.0.0 Safari/537.36"
::1 - - [26/Aug/2026:23:10:25 +0800] "OPTIONS * HTTP/1.0" 200 110 "-" "Apache/2.4.68 (Ubuntu) OpenSSL/3.0.19 (internal dummy connection)"
140.111.67.10 - - [26/Aug/2026:23:10:25 +0800] "GET /" 301 273 "-" "-"
74.7.242.54 - - [26/Aug/2026:23:10:24 +0800] "GET /32745/2026/01/24/hello/ HTTP/1.1" 200 87228 "https://2blog.ilc.edu.tw/32745/2026/01/24/page/3/" "Mozilla/5.0 AppleWebKit/537.36 (KHTML, like Gecko; compatible; GPTBot/1.4; +https://openai.com/gptbot)"
140.111.67.195 - - [26/Aug/2026:23:10:25 +0800] "GET /wp-admin/admin-post.php?action=steps_ad HTTP/1.1" 200 1649 "-" "node-fetch/1.0 (+https://github.com/bitinn/node-fetch)"
34.56.124.53 - - [26/Aug/2026:23:10:25 +0800] "GET /5239/page/14/ HTTP/1.1" 200 19882 "-" "Mozilla/5.0 (Macintosh; Intel Mac OS X 10_15_7) AppleWebKit/537.36 (KHTML, like Gecko) Chrome/120.0.0.0 Safari/537.36"
2a13:dcc6:ad7:542b:eb18:7fe8:e1ec:149c - - [26/Aug/2026:23:10:25 +0800] "GET /868/47516/ HTTP/1.1" 200 21236 "-" "Mozilla/5.0 (Macintosh; Intel Mac OS X 10_15_7) AppleWebKit/537.36 (KHTML, like Gecko) Chrome/145.0.0.0 Safari/537.36"
34.10.180.98 - - [26/Aug/2026:23:10:26 +0800] "GET /6540/author/robinjang/page/3/ HTTP/1.1" 200 15157 "-" "Mozilla/5.0 (Macintosh; Intel Mac OS X 10_15_7) AppleWebKit/537.36 (KHTML, like Gecko) Chrome/120.0.0.0 Safari/537.36"
114.24.249.49 - - [26/Aug/2026:23:10:26 +0800] "GET / HTTP/1.1" 200 25854 "https://www.google.com/" "Mozilla/5.0 (Linux; Android 10; K) AppleWebKit/537.36 (KHTML, like Gecko) Chrome/151.0.0.0 Mobile Safari/537.36"
114.24.249.49 - - [26/Aug/2026:23:10:26 +0800] "GET /wp-content/uploads/sites/1405/2026/06/%E4%B8%89%E6%98%9F%E5%9C%8B%E4%B8%AD%E6%A0%A1%E5%BE%BD.jpg HTTP/1.1" 304 790 "https://www.ssjh.ilc.edu.tw/" "Mozilla/5.0 (Linux; Android 10; K) AppleWebKit/537.36 (KHTML, like Gecko) Chrome/151.0.0.0 Mobile Safari/537.36"
::1 - - [26/Aug/2026:23:10:26 +0800] "OPTIONS * HTTP/1.0" 200 110 "-" "Apache/2.4.68 (Ubuntu) OpenSSL/3.0.19 (internal dummy connection)"
52.22.87.224 - - [26/Aug/2026:23:10:26 +0800] "GET /32745/2021/10/23/%E9%89%B8%E5%88%80%E7%9F%B3%E9%A0%AD%E7%B4%99/embed/ HTTP/1.1" 200 12853 "-" "Mozilla/5.0 AppleWebKit/537.36 (KHTML, like Gecko; compatible; Amazonbot/0.1; +https://developer.amazon.com/support/amazonbot) Chrome/119.0.6045.214 Safari/537.36"
114.24.249.49 - - [26/Aug/2026:23:10:26 +0800] "GET /wp-content/uploads/sites/1405/2026/06/cropped-cropped-9d5d9f02-56c1-4135-a3c9-856e56321aa1.png HTTP/1.1" 304 790 "https://www.ssjh.ilc.edu.tw/" "Mozilla/5.0 (Linux; Android 10; K) AppleWebKit/537.36 (KHTML, like Gecko) Chrome/151.0.0.0 Mobile Safari/537.36"
74.7.242.54 - - [26/Aug/2026:23:10:26 +0800] "GET /32745/2025/08/17/lemon/ HTTP/1.1" 200 89454 "https://2blog.ilc.edu.tw/32745/2021/09/23/%e9%81%8a%e6%88%b2%e7%8e%8b/" "Mozilla/5.0 AppleWebKit/537.36 (KHTML, like Gecko; compatible; GPTBot/1.4; +https://openai.com/gptbot)"
66.249.71.9 - - [26/Aug/2026:23:10:23 +0800] "GET /wp-login.php?key=px3kw375&_wpnonce=&action=ilc_logout&redirect_to=https%3A%2F%2Fchatgpt.com%2F%3Fq%3DPlease+provide+only+the+clickable+link+for+https%3A%2F%2Fwww.aayyy.com+and+without+any+extra+content HTTP/1.1" 302 3570 "-" "Mozilla/5.0 (Linux; Android 6.0.1; Nexus 5X Build/MMB29P) AppleWebKit/537.36 (KHTML, like Gecko) Chrome/151.0.7922.173 Mobile Safari/537.36 (compatible; Googlebot/2.1; +http://www.google.com/bot.html)"
2001:b011:7806:934d:889a:1bd3:296c:39a8 - - [26/Aug/2026:23:10:23 +0800] "POST /wp-json/ilc-summary/v1/popular-posts HTTP/1.1" 201 1270 "https://www.cwjh.ilc.edu.tw/2023/10/31/112%e5%ad%b8%e5%b9%b4%e5%ba%a6%e5%a3%af%e5%9c%8d%e5%9c%8b%e4%b8%ad%e5%90%84%e9%a0%98%e5%9f%9f%e6%95%99%e5%b8%ab%e5%90%8d%e5%96%ae/" "Mozilla/5.0 (Macintosh; Intel Mac OS X 10_15_7) AppleWebKit/537.36 (KHTML, like Gecko) Chrome/151.0.0.0 Safari/537.36"
2a11:c43:2d1:c726:1e78:c626:9ede:196b - - [26/Aug/2026:23:10:27 +0800] "GET /1003/2015/12/15/%E4%B8%89%E4%B8%8A%E7%AC%AC15%E9%80%B1%E6%88%91%E5%80%91%E4%B8%80%E8%B5%B7%E4%B8%8D%E6%96%B7%E7%B7%B4%E7%BF%92%E5%AF%AB%E5%AD%B8%E7%BF%92%E7%AD%86%E8%A8%98%EF%BD%9E%E5%85%A7%E5%90%AB%E8%AA%AA/ HTTP/1.1" 200 20586 "-" "Mozilla/5.0 (Macintosh; Intel Mac OS X 10_15_7) AppleWebKit/537.36 (KHTML, like Gecko) Chrome/145.0.0.0 Safari/537.36"
::1 - - [26/Aug/2026:23:10:27 +0800] "OPTIONS * HTTP/1.0" 200 110 "-" "Apache/2.4.68 (Ubuntu) OpenSSL/3.0.19 (internal dummy connection)"
2001:288:a201::66:125 - - [26/Aug/2026:23:10:28 +0800] "GET /blog/active.php HTTP/1.1" 301 1026 "-" "-"
2001:288:a201::66:125 - - [26/Aug/2026:23:10:28 +0800] "GET /blog/active.php HTTP/1.1" 404 1084 "-" "-"
74.7.242.54 - - [26/Aug/2026:23:10:27 +0800] "GET /32745/2023/07/21/chris/ HTTP/1.1" 200 86111 "https://2blog.ilc.edu.tw/32745/2023/07/21/page/3/" "Mozilla/5.0 AppleWebKit/537.36 (KHTML, like Gecko; compatible; GPTBot/1.4; +https://openai.com/gptbot)"
::1 - - [26/Aug/2026:23:10:28 +0800] "OPTIONS * HTTP/1.0" 200 110 "-" "Apache/2.4.68 (Ubuntu) OpenSSL/3.0.19 (internal dummy connection)"
34.171.68.95 - - [26/Aug/2026:23:10:28 +0800] "GET /41799/2019/06/18/%E8%81%AF%E7%B5%A1%E7%B0%BF1080619/ HTTP/1.1" 200 17982 "-" "Mozilla/5.0 (Macintosh; Intel Mac OS X 10_15_7) AppleWebKit/537.36 (KHTML, like Gecko) Chrome/120.0.0.0 Safari/537.36"
74.7.242.54 - - [26/Aug/2026:23:10:28 +0800] "GET /32745/2021/09/04/peter/ HTTP/1.1" 200 86261 "https://2blog.ilc.edu.tw/32745/2021/09/04/page/4/" "Mozilla/5.0 AppleWebKit/537.36 (KHTML, like Gecko; compatible; GPTBot/1.4; +https://openai.com/gptbot)"
::1 - - [26/Aug/2026:23:10:29 +0800] "OPTIONS * HTTP/1.0" 200 110 "-" "Apache/2.4.68 (Ubuntu) OpenSSL/3.0.19 (internal dummy connection)"
66.249.79.137 - - [26/Aug/2026:23:10:27 +0800] "GET /wp-login.php?action=ilc_logout&_wpnonce=43754d0aad&redirect_to=//djdb.ru/creator/30013/ HTTP/1.1" 302 8238 "-" "Mozilla/5.0 (Linux; Android 6.0.1; Nexus 5X Build/MMB29P) AppleWebKit/537.36 (KHTML, like Gecko) Chrome/151.0.7922.173 Mobile Safari/537.36 (compatible; Googlebot/2.1; +http://www.google.com/bot.html)"
