122.100.65.38 - - [26/Aug/2026:23:11:32 +0800] "GET /wp-content/cache/www.nojh.ilc.edu.tw/wpfc-minified/f5x8hg78/7fy4.css HTTP/1.1" 200 139808 "https://www.nojh.ilc.edu.tw/" "Mozilla/5.0 (Windows NT 10.0; Win64; x64) AppleWebKit/537.36 (KHTML, like Gecko) Chrome/151.0.0.0 Safari/537.36"
34.10.180.98 - - [26/Aug/2026:23:11:30 +0800] "GET /wp-json/wp/v2/posts/358 HTTP/1.1" 200 59376 "-" "Mozilla/5.0 (Macintosh; Intel Mac OS X 10_15_7) AppleWebKit/537.36 (KHTML, like Gecko) Chrome/120.0.0.0 Safari/537.36"
74.7.242.54 - - [26/Aug/2026:23:11:32 +0800] "GET /32745/wp-content/uploads/sites/1271/2022/06/%E4%B8%8B%E8%BC%89-11-1.jpg HTTP/1.1" 200 6026 "https://2blog.ilc.edu.tw/32745/2022/06/04/page/6/" "Mozilla/5.0 AppleWebKit/537.36 (KHTML, like Gecko; compatible; GPTBot/1.4; +https://openai.com/gptbot)"
122.100.65.38 - - [26/Aug/2026:23:11:32 +0800] "GET /wp-content/cache/www.nojh.ilc.edu.tw/wpfc-minified/6me3b0wj/72xy.js HTTP/1.1" 200 35557 "https://www.nojh.ilc.edu.tw/" "Mozilla/5.0 (Windows NT 10.0; Win64; x64) AppleWebKit/537.36 (KHTML, like Gecko) Chrome/151.0.0.0 Safari/537.36"
122.100.65.38 - - [26/Aug/2026:23:11:32 +0800] "GET /wp-content/uploads/sites/859/4907/4907-4051442.png HTTP/1.1" 200 108078 "https://www.nojh.ilc.edu.tw/" "Mozilla/5.0 (Windows NT 10.0; Win64; x64) AppleWebKit/537.36 (KHTML, like Gecko) Chrome/151.0.0.0 Safari/537.36"
122.100.65.38 - - [26/Aug/2026:23:11:32 +0800] "GET /wp-content/uploads/sites/859/4907/4907-4051438.png HTTP/1.1" 200 67344 "https://www.nojh.ilc.edu.tw/" "Mozilla/5.0 (Windows NT 10.0; Win64; x64) AppleWebKit/537.36 (KHTML, like Gecko) Chrome/151.0.0.0 Safari/537.36"
122.100.65.38 - - [26/Aug/2026:23:11:32 +0800] "GET /wp-content/uploads/sites/859/2022/04/antidrug-logo.jpg HTTP/1.1" 200 32459 "https://www.nojh.ilc.edu.tw/" "Mozilla/5.0 (Windows NT 10.0; Win64; x64) AppleWebKit/537.36 (KHTML, like Gecko) Chrome/151.0.0.0 Safari/537.36"
122.100.65.38 - - [26/Aug/2026:23:11:33 +0800] "GET /wp-includes/js/hoverintent-js.min.js HTTP/1.1" 200 1597 "https://www.nojh.ilc.edu.tw/" "Mozilla/5.0 (Windows NT 10.0; Win64; x64) AppleWebKit/537.36 (KHTML, like Gecko) Chrome/151.0.0.0 Safari/537.36"
122.100.65.38 - - [26/Aug/2026:23:11:33 +0800] "GET /wp-includes/js/admin-bar.min.js HTTP/1.1" 200 2237 "https://www.nojh.ilc.edu.tw/" "Mozilla/5.0 (Windows NT 10.0; Win64; x64) AppleWebKit/537.36 (KHTML, like Gecko) Chrome/151.0.0.0 Safari/537.36"
122.100.65.38 - - [26/Aug/2026:23:11:33 +0800] "GET /wp-includes/js/imagesloaded.min.js HTTP/1.1" 200 2683 "https://www.nojh.ilc.edu.tw/" "Mozilla/5.0 (Windows NT 10.0; Win64; x64) AppleWebKit/537.36 (KHTML, like Gecko) Chrome/151.0.0.0 Safari/537.36"
122.100.65.38 - - [26/Aug/2026:23:11:33 +0800] "GET /wp-content/themes/oceanwp/assets/js/theme.min.js HTTP/1.1" 200 5130 "https://www.nojh.ilc.edu.tw/" "Mozilla/5.0 (Windows NT 10.0; Win64; x64) AppleWebKit/537.36 (KHTML, like Gecko) Chrome/151.0.0.0 Safari/537.36"
122.100.65.38 - - [26/Aug/2026:23:11:33 +0800] "GET /wp-content/themes/oceanwp/assets/js/drop-down-mobile-menu.min.js HTTP/1.1" 200 4663 "https://www.nojh.ilc.edu.tw/" "Mozilla/5.0 (Windows NT 10.0; Win64; x64) AppleWebKit/537.36 (KHTML, like Gecko) Chrome/151.0.0.0 Safari/537.36"
122.100.65.38 - - [26/Aug/2026:23:11:33 +0800] "GET /wp-content/themes/oceanwp/assets/js/drop-down-search.min.js HTTP/1.1" 200 2968 "https://www.nojh.ilc.edu.tw/" "Mozilla/5.0 (Windows NT 10.0; Win64; x64) AppleWebKit/537.36 (KHTML, like Gecko) Chrome/151.0.0.0 Safari/537.36"
122.100.65.38 - - [26/Aug/2026:23:11:33 +0800] "GET /wp-content/themes/oceanwp/assets/js/vendors/magnific-popup.min.js HTTP/1.1" 200 8270 "https://www.nojh.ilc.edu.tw/" "Mozilla/5.0 (Windows NT 10.0; Win64; x64) AppleWebKit/537.36 (KHTML, like Gecko) Chrome/151.0.0.0 Safari/537.36"
2001:288:a201::66:125 - - [26/Aug/2026:23:11:33 +0800] "GET /blog/active.php HTTP/1.1" 301 1026 "-" "-"
122.100.65.38 - - [26/Aug/2026:23:11:33 +0800] "GET /wp-content/themes/oceanwp/assets/js/ow-lightbox.min.js HTTP/1.1" 200 2321 "https://www.nojh.ilc.edu.tw/" "Mozilla/5.0 (Windows NT 10.0; Win64; x64) AppleWebKit/537.36 (KHTML, like Gecko) Chrome/151.0.0.0 Safari/537.36"
122.100.65.38 - - [26/Aug/2026:23:11:33 +0800] "GET /wp-content/themes/oceanwp/assets/js/vendors/flickity.pkgd.min.js HTTP/1.1" 200 15048 "https://www.nojh.ilc.edu.tw/" "Mozilla/5.0 (Windows NT 10.0; Win64; x64) AppleWebKit/537.36 (KHTML, like Gecko) Chrome/151.0.0.0 Safari/537.36"
122.100.65.38 - - [26/Aug/2026:23:11:33 +0800] "GET /wp-content/themes/oceanwp/assets/js/ow-slider.min.js HTTP/1.1" 200 1761 "https://www.nojh.ilc.edu.tw/" "Mozilla/5.0 (Windows NT 10.0; Win64; x64) AppleWebKit/537.36 (KHTML, like Gecko) Chrome/151.0.0.0 Safari/537.36"
122.100.65.38 - - [26/Aug/2026:23:11:33 +0800] "GET /wp-content/themes/oceanwp/assets/js/scroll-effect.min.js HTTP/1.1" 200 4127 "https://www.nojh.ilc.edu.tw/" "Mozilla/5.0 (Windows NT 10.0; Win64; x64) AppleWebKit/537.36 (KHTML, like Gecko) Chrome/151.0.0.0 Safari/537.36"
122.100.65.38 - - [26/Aug/2026:23:11:33 +0800] "GET /wp-content/themes/oceanwp/assets/js/scroll-top.min.js HTTP/1.1" 200 3202 "https://www.nojh.ilc.edu.tw/" "Mozilla/5.0 (Windows NT 10.0; Win64; x64) AppleWebKit/537.36 (KHTML, like Gecko) Chrome/151.0.0.0 Safari/537.36"
2001:288:a201::66:125 - - [26/Aug/2026:23:11:33 +0800] "GET /blog/active.php HTTP/1.1" 404 1084 "-" "-"
122.100.65.38 - - [26/Aug/2026:23:11:33 +0800] "GET /wp-content/plugins/ocean-extra/includes/widgets/js/flickr.min.js HTTP/1.1" 200 1319 "https://www.nojh.ilc.edu.tw/" "Mozilla/5.0 (Windows NT 10.0; Win64; x64) AppleWebKit/537.36 (KHTML, like Gecko) Chrome/151.0.0.0 Safari/537.36"
122.100.65.38 - - [26/Aug/2026:23:11:33 +0800] "GET /wp-content/plugins/elementor-pro/assets/js/webpack-pro.runtime.min.js HTTP/1.1" 200 3901 "https://www.nojh.ilc.edu.tw/" "Mozilla/5.0 (Windows NT 10.0; Win64; x64) AppleWebKit/537.36 (KHTML, like Gecko) Chrome/151.0.0.0 Safari/537.36"
122.100.65.38 - - [26/Aug/2026:23:11:33 +0800] "GET /wp-content/themes/oceanwp/assets/js/select.min.js HTTP/1.1" 200 2408 "https://www.nojh.ilc.edu.tw/" "Mozilla/5.0 (Windows NT 10.0; Win64; x64) AppleWebKit/537.36 (KHTML, like Gecko) Chrome/151.0.0.0 Safari/537.36"
122.100.65.38 - - [26/Aug/2026:23:11:33 +0800] "GET /wp-includes/js/dist/hooks.min.js HTTP/1.1" 200 2421 "https://www.nojh.ilc.edu.tw/" "Mozilla/5.0 (Windows NT 10.0; Win64; x64) AppleWebKit/537.36 (KHTML, like Gecko) Chrome/151.0.0.0 Safari/537.36"
122.100.65.38 - - [26/Aug/2026:23:11:33 +0800] "GET /wp-content/plugins/elementor/assets/js/webpack.runtime.min.js HTTP/1.1" 200 3095 "https://www.nojh.ilc.edu.tw/" "Mozilla/5.0 (Windows NT 10.0; Win64; x64) AppleWebKit/537.36 (KHTML, like Gecko) Chrome/151.0.0.0 Safari/537.36"
122.100.65.38 - - [26/Aug/2026:23:11:33 +0800] "GET /wp-content/plugins/elementor/assets/js/frontend-modules.min.js HTTP/1.1" 200 19416 "https://www.nojh.ilc.edu.tw/" "Mozilla/5.0 (Windows NT 10.0; Win64; x64) AppleWebKit/537.36 (KHTML, like Gecko) Chrome/151.0.0.0 Safari/537.36"
122.100.65.38 - - [26/Aug/2026:23:11:33 +0800] "GET /wp-includes/js/dist/i18n.min.js HTTP/1.1" 200 4547 "https://www.nojh.ilc.edu.tw/" "Mozilla/5.0 (Windows NT 10.0; Win64; x64) AppleWebKit/537.36 (KHTML, like Gecko) Chrome/151.0.0.0 Safari/537.36"
122.100.65.38 - - [26/Aug/2026:23:11:33 +0800] "GET /wp-content/plugins/elementor-pro/assets/js/frontend.min.js HTTP/1.1" 200 7574 "https://www.nojh.ilc.edu.tw/" "Mozilla/5.0 (Windows NT 10.0; Win64; x64) AppleWebKit/537.36 (KHTML, like Gecko) Chrome/151.0.0.0 Safari/537.36"
122.100.65.38 - - [26/Aug/2026:23:11:33 +0800] "GET /wp-content/plugins/elementor/assets/lib/waypoints/waypoints.min.js HTTP/1.1" 200 3873 "https://www.nojh.ilc.edu.tw/" "Mozilla/5.0 (Windows NT 10.0; Win64; x64) AppleWebKit/537.36 (KHTML, like Gecko) Chrome/151.0.0.0 Safari/537.36"
122.100.65.38 - - [26/Aug/2026:23:11:33 +0800] "GET /wp-includes/js/jquery/ui/core.min.js HTTP/1.1" 200 7986 "https://www.nojh.ilc.edu.tw/" "Mozilla/5.0 (Windows NT 10.0; Win64; x64) AppleWebKit/537.36 (KHTML, like Gecko) Chrome/151.0.0.0 Safari/537.36"
122.100.65.38 - - [26/Aug/2026:23:11:33 +0800] "GET /wp-content/plugins/elementor/assets/js/frontend.min.js HTTP/1.1" 200 13169 "https://www.nojh.ilc.edu.tw/" "Mozilla/5.0 (Windows NT 10.0; Win64; x64) AppleWebKit/537.36 (KHTML, like Gecko) Chrome/151.0.0.0 Safari/537.36"
122.100.65.38 - - [26/Aug/2026:23:11:33 +0800] "GET /wp-content/plugins/elementor-pro/assets/js/elements-handlers.min.js HTTP/1.1" 200 10882 "https://www.nojh.ilc.edu.tw/" "Mozilla/5.0 (Windows NT 10.0; Win64; x64) AppleWebKit/537.36 (KHTML, like Gecko) Chrome/151.0.0.0 Safari/537.36"
122.100.65.38 - - [26/Aug/2026:23:11:33 +0800] "GET /wp-content/uploads/sites/859/2022/04/%E9%98%B2%E7%96%AB%E5%B0%88%E5%8D%80-01-01.png HTTP/1.1" 200 7785 "https://www.nojh.ilc.edu.tw/" "Mozilla/5.0 (Windows NT 10.0; Win64; x64) AppleWebKit/537.36 (KHTML, like Gecko) Chrome/151.0.0.0 Safari/537.36"
122.100.65.38 - - [26/Aug/2026:23:11:33 +0800] "GET /wp-content/uploads/sites/859/2026/04/%E6%95%99%E5%B8%AB%E5%BE%B5%E6%89%8Dlogo.jpg HTTP/1.1" 200 26893 "https://www.nojh.ilc.edu.tw/" "Mozilla/5.0 (Windows NT 10.0; Win64; x64) AppleWebKit/537.36 (KHTML, like Gecko) Chrome/151.0.0.0 Safari/537.36"
74.7.242.54 - - [26/Aug/2026:23:11:33 +0800] "GET /32745/wp-content/uploads/sites/1271/2020/08/%E4%B8%8B%E8%BC%89-13-4.jpg HTTP/1.1" 200 10207 "https://2blog.ilc.edu.tw/32745/2020/08/25/" "Mozilla/5.0 AppleWebKit/537.36 (KHTML, like Gecko; compatible; GPTBot/1.4; +https://openai.com/gptbot)"
122.100.65.38 - - [26/Aug/2026:23:11:33 +0800] "GET /wp-content/uploads/sites/859/2023/12/%E6%80%A7%E5%B9%B3%E5%B0%88%E5%8D%80-2.jpg HTTP/1.1" 200 99831 "https://www.nojh.ilc.edu.tw/" "Mozilla/5.0 (Windows NT 10.0; Win64; x64) AppleWebKit/537.36 (KHTML, like Gecko) Chrome/151.0.0.0 Safari/537.36"
74.7.242.54 - - [26/Aug/2026:23:11:33 +0800] "GET /32745/wp-content/uploads/sites/1271/2020/06/%E4%B8%8B%E8%BC%89-4-13.jpg HTTP/1.1" 200 17394 "https://2blog.ilc.edu.tw/32745/2020/06/27/%e8%8a%b1%e7%b4%85%e7%9a%84%e6%89%8b%e5%b7%be/" "Mozilla/5.0 AppleWebKit/537.36 (KHTML, like Gecko; compatible; GPTBot/1.4; +https://openai.com/gptbot)"
216.73.217.64 - - [26/Aug/2026:23:11:33 +0800] "GET /9536/2008/01/12/%e7%a4%be%e5%8d%80%e6%97%a5%e6%9b%86-%e5%a4%a7%e6%b4%b2%e7%a4%be%e5%8d%80-%e5%81%a5%e5%ba%b7%e5%a5%bd%e5%90%83%e7%9a%84%e6%96%99%e7%90%86%e6%94%8f%e6%b2%bb%e9%98%ae%e5%ae%b6%e5%8f%b0%e8%aa%9e/ HTTP/1.1" 200 14677 "-" "Mozilla/5.0 AppleWebKit/537.36 (KHTML, like Gecko; compatible; ClaudeBot/1.0; +claudebot@anthropic.com)"
52.167.144.19 - - [26/Aug/2026:23:11:33 +0800] "GET /1003/?s=Kontol+mu+enak+sayang HTTP/1.1" 200 13753 "-" "Mozilla/5.0 AppleWebKit/537.36 (KHTML, like Gecko; compatible; bingbot/2.0; +http://www.bing.com/bingbot.htm) Chrome/116.0.1938.76 Safari/537.36"
122.100.65.38 - - [26/Aug/2026:23:11:34 +0800] "GET /wp-content/themes/oceanwp/assets/fonts/fontawesome/webfonts/fa-solid-900.woff2 HTTP/1.1" 200 151246 "https://www.nojh.ilc.edu.tw/wp-content/cache/www.nojh.ilc.edu.tw/wpfc-minified/f5x8hg78/7fy4.css" "Mozilla/5.0 (Windows NT 10.0; Win64; x64) AppleWebKit/537.36 (KHTML, like Gecko) Chrome/151.0.0.0 Safari/537.36"
122.100.65.38 - - [26/Aug/2026:23:11:34 +0800] "GET /wp-content/uploads/sites/859/2021/09/%E5%8D%97%E6%BE%B3%E9%AB%98%E4%B8%AD%E5%A4%A7%E9%96%805.jpg HTTP/1.1" 200 388550 "https://www.nojh.ilc.edu.tw/" "Mozilla/5.0 (Windows NT 10.0; Win64; x64) AppleWebKit/537.36 (KHTML, like Gecko) Chrome/151.0.0.0 Safari/537.36"
34.42.229.145 - - [26/Aug/2026:23:11:33 +0800] "GET /32745/2025/01/27/%E6%84%9B%E5%88%B0%E7%84%A1%E9%A0%AD%E7%A5%9E/ HTTP/1.1" 200 92471 "-" "Mozilla/5.0 (Macintosh; Intel Mac OS X 10_15_7) AppleWebKit/537.36 (KHTML, like Gecko) Chrome/120.0.0.0 Safari/537.36"
216.73.217.64 - - [26/Aug/2026:23:11:34 +0800] "GET /9536/2008/01/15/%e7%a4%be%e5%8d%80%e6%97%a5%e6%9b%86-%e5%a4%a7%e6%b4%b2%e7%a4%be%e5%8d%80-%e8%aa%bf%e7%af%80%e6%b0%b4%e6%b5%81%e7%9a%84%e5%88%86%e6%b4%aa%e5%a0%b0/ HTTP/1.1" 200 9942 "-" "Mozilla/5.0 AppleWebKit/537.36 (KHTML, like Gecko; compatible; ClaudeBot/1.0; +claudebot@anthropic.com)"
122.100.65.38 - - [26/Aug/2026:23:11:34 +0800] "GET /wp-content/uploads/sites/859/2022/04/Greenliving_Logo.png HTTP/1.1" 200 10055 "https://www.nojh.ilc.edu.tw/" "Mozilla/5.0 (Windows NT 10.0; Win64; x64) AppleWebKit/537.36 (KHTML, like Gecko) Chrome/151.0.0.0 Safari/537.36"
122.100.65.38 - - [26/Aug/2026:23:11:34 +0800] "GET /wp-content/uploads/sites/859/2022/04/%E5%A4%A7%E5%AD%B8%E5%95%8Flogo.png HTTP/1.1" 200 11441 "https://www.nojh.ilc.edu.tw/" "Mozilla/5.0 (Windows NT 10.0; Win64; x64) AppleWebKit/537.36 (KHTML, like Gecko) Chrome/151.0.0.0 Safari/537.36"
122.100.65.38 - - [26/Aug/2026:23:11:34 +0800] "GET /wp-content/uploads/sites/859/2022/04/noexamLogo3.jpg HTTP/1.1" 200 14746 "https://www.nojh.ilc.edu.tw/" "Mozilla/5.0 (Windows NT 10.0; Win64; x64) AppleWebKit/537.36 (KHTML, like Gecko) Chrome/151.0.0.0 Safari/537.36"
74.7.242.54 - - [26/Aug/2026:23:11:34 +0800] "GET /32745/wp-content/uploads/sites/1271/2020/05/%E4%B8%8B%E8%BC%89-4-15.jpg HTTP/1.1" 200 12367 "https://2blog.ilc.edu.tw/32745/2020/05/27/page/2/" "Mozilla/5.0 AppleWebKit/537.36 (KHTML, like Gecko; compatible; GPTBot/1.4; +https://openai.com/gptbot)"
122.100.65.38 - - [26/Aug/2026:23:11:34 +0800] "GET /wp-content/uploads/sites/859/2022/08/1953%E5%8F%8D%E9%9C%B8%E5%87%8C%E5%B0%88%E7%B7%9A-1.png HTTP/1.1" 200 8531 "https://www.nojh.ilc.edu.tw/" "Mozilla/5.0 (Windows NT 10.0; Win64; x64) AppleWebKit/537.36 (KHTML, like Gecko) Chrome/151.0.0.0 Safari/537.36"
122.100.65.38 - - [26/Aug/2026:23:11:34 +0800] "GET /wp-content/uploads/sites/859/2022/04/165logo.png HTTP/1.1" 200 44849 "https://www.nojh.ilc.edu.tw/" "Mozilla/5.0 (Windows NT 10.0; Win64; x64) AppleWebKit/537.36 (KHTML, like Gecko) Chrome/151.0.0.0 Safari/537.36"
122.100.65.38 - - [26/Aug/2026:23:11:34 +0800] "GET /wp-content/uploads/sites/859/4907/4907-706798.jpg HTTP/1.1" 200 10901 "https://www.nojh.ilc.edu.tw/" "Mozilla/5.0 (Windows NT 10.0; Win64; x64) AppleWebKit/537.36 (KHTML, like Gecko) Chrome/151.0.0.0 Safari/537.36"
122.100.65.38 - - [26/Aug/2026:23:11:34 +0800] "GET /wp-content/uploads/sites/859/2022/04/%E6%95%99%E5%B8%AB%E5%B0%88%E6%A5%AD%E7%99%BC%E5%B1%95logo1.png HTTP/1.1" 200 6615 "https://www.nojh.ilc.edu.tw/" "Mozilla/5.0 (Windows NT 10.0; Win64; x64) AppleWebKit/537.36 (KHTML, like Gecko) Chrome/151.0.0.0 Safari/537.36"
74.7.242.54 - - [26/Aug/2026:23:11:34 +0800] "GET /32745/wp-content/uploads/sites/1271/2020/08/%E4%B8%8B%E8%BC%89-1-12.jpg HTTP/1.1" 200 10676 "https://2blog.ilc.edu.tw/32745/2020/08/23/%e6%88%91%e5%af%a6%e5%9c%a8%e6%84%9b%e4%bd%a0/" "Mozilla/5.0 AppleWebKit/537.36 (KHTML, like Gecko; compatible; GPTBot/1.4; +https://openai.com/gptbot)"
66.249.71.9 - - [26/Aug/2026:23:11:32 +0800] "GET /wp-login.php?action=ilc_logout&_wpnonce=43754d0aad&redirect_to=http://bitorg-oil.ru/gallery/66658/ HTTP/1.1" 302 3464 "-" "Mozilla/5.0 (compatible; Googlebot/2.1; +http://www.google.com/bot.html)"
3.211.181.86 - - [26/Aug/2026:23:11:35 +0800] "GET /wp-content/uploads/sites/1599/2024/08/?C=M;O%3DA HTTP/1.1" 200 1113 "-" "Mozilla/5.0 AppleWebKit/537.36 (KHTML, like Gecko; compatible; Amazonbot/0.1; +https://developer.amazon.com/support/amazonbot) Chrome/119.0.6045.214 Safari/537.36"
74.7.242.54 - - [26/Aug/2026:23:11:35 +0800] "GET /32745/wp-content/uploads/sites/1271/2021/04/%E4%B8%8B%E8%BC%89-15-1.jpg HTTP/1.1" 200 7867 "https://2blog.ilc.edu.tw/32745/2021/04/06/page/3/" "Mozilla/5.0 AppleWebKit/537.36 (KHTML, like Gecko; compatible; GPTBot/1.4; +https://openai.com/gptbot)"
140.111.67.10 - - [26/Aug/2026:23:11:35 +0800] "GET /" 301 273 "-" "-"
34.57.162.91 - - [26/Aug/2026:23:11:35 +0800] "GET /32745/wp-json/wp/v2/posts/13200 HTTP/1.1" 200 15761 "-" "Mozilla/5.0 (Macintosh; Intel Mac OS X 10_15_7) AppleWebKit/537.36 (KHTML, like Gecko) Chrome/120.0.0.0 Safari/537.36"
34.56.124.53 - - [26/Aug/2026:23:11:35 +0800] "GET /3860/2010/09/29/0926%E4%BA%BA%E6%96%87%E5%9C%8B%E4%B8%AD%E5%B0%8F%E8%A1%A8%E6%BC%94%E7%B7%B4%E7%BF%92%E9%8C%84%E9%9F%B3%E6%AA%94/ HTTP/1.1" 200 35340 "-" "Mozilla/5.0 (Macintosh; Intel Mac OS X 10_15_7) AppleWebKit/537.36 (KHTML, like Gecko) Chrome/120.0.0.0 Safari/537.36"
74.7.242.54 - - [26/Aug/2026:23:11:35 +0800] "GET /32745/wp-content/uploads/sites/1271/2022/03/%E4%B8%8B%E8%BC%89-12-1.jpg HTTP/1.1" 200 6587 "https://2blog.ilc.edu.tw/32745/2022/03/09/" "Mozilla/5.0 AppleWebKit/537.36 (KHTML, like Gecko; compatible; GPTBot/1.4; +https://openai.com/gptbot)"
74.7.242.54 - - [26/Aug/2026:23:11:36 +0800] "GET /32745/wp-content/uploads/sites/1271/2020/05/%E4%B8%8B%E8%BC%89-12-2.jpg HTTP/1.1" 200 5117 "https://2blog.ilc.edu.tw/32745/2020/05/19/" "Mozilla/5.0 AppleWebKit/537.36 (KHTML, like Gecko; compatible; GPTBot/1.4; +https://openai.com/gptbot)"
::1 - - [26/Aug/2026:23:11:36 +0800] "OPTIONS * HTTP/1.0" 200 110 "-" "Apache/2.4.68 (Ubuntu) OpenSSL/3.0.19 (internal dummy connection)"
34.42.229.145 - - [26/Aug/2026:23:11:36 +0800] "GET /25948/?p=22 HTTP/1.1" 301 5733 "-" "Mozilla/5.0 (Macintosh; Intel Mac OS X 10_15_7) AppleWebKit/537.36 (KHTML, like Gecko) Chrome/120.0.0.0 Safari/537.36"
74.7.242.54 - - [26/Aug/2026:23:11:37 +0800] "GET /32745/wp-content/uploads/sites/1271/2020/05/%E4%B8%8B%E8%BC%89-4-13.jpg HTTP/1.1" 200 8607 "https://2blog.ilc.edu.tw/32745/2020/05/26/page/7/" "Mozilla/5.0 AppleWebKit/537.36 (KHTML, like Gecko; compatible; GPTBot/1.4; +https://openai.com/gptbot)"
66.249.71.9 - - [26/Aug/2026:23:11:35 +0800] "GET /wp-login.php?action=ilc_logout&_wpnonce=43754d0aad&redirect_to=//kover102.ru/join/40042/ HTTP/1.1" 302 3454 "-" "Mozilla/5.0 (compatible; Googlebot/2.1; +http://www.google.com/bot.html)"
122.100.65.38 - - [26/Aug/2026:23:11:34 +0800] "GET /wp-content/uploads/sites/859/4907/4907-843105.gif HTTP/1.1" 200 6609 "https://www.nojh.ilc.edu.tw/" "Mozilla/5.0 (Windows NT 10.0; Win64; x64) AppleWebKit/537.36 (KHTML, like Gecko) Chrome/151.0.0.0 Safari/537.36"
122.100.65.38 - - [26/Aug/2026:23:11:34 +0800] "GET /wp-content/uploads/sites/859/4907/4907-892983.jpg HTTP/1.1" 200 3237 "https://www.nojh.ilc.edu.tw/" "Mozilla/5.0 (Windows NT 10.0; Win64; x64) AppleWebKit/537.36 (KHTML, like Gecko) Chrome/151.0.0.0 Safari/537.36"
122.100.65.38 - - [26/Aug/2026:23:11:34 +0800] "GET /wp-content/uploads/sites/859/4907/4907-4050619.png HTTP/1.1" 200 160979 "https://www.nojh.ilc.edu.tw/" "Mozilla/5.0 (Windows NT 10.0; Win64; x64) AppleWebKit/537.36 (KHTML, like Gecko) Chrome/151.0.0.0 Safari/537.36"
74.7.242.54 - - [26/Aug/2026:23:11:37 +0800] "GET /32745/wp-content/uploads/sites/1271/2020/08/%E4%B8%8B%E8%BC%89-12-1.jpg HTTP/1.1" 200 5901 "https://2blog.ilc.edu.tw/32745/2020/08/02/%e8%8e%8a%e6%b7%91%e5%90%9b/" "Mozilla/5.0 AppleWebKit/537.36 (KHTML, like Gecko; compatible; GPTBot/1.4; +https://openai.com/gptbot)"
122.100.65.38 - - [26/Aug/2026:23:11:37 +0800] "GET /wp-content/uploads/sites/859/2019/07/nojh.png HTTP/1.1" 200 3984 "https://www.nojh.ilc.edu.tw/" "Mozilla/5.0 (Windows NT 10.0; Win64; x64) AppleWebKit/537.36 (KHTML, like Gecko) Chrome/151.0.0.0 Safari/537.36"
122.100.65.38 - - [26/Aug/2026:23:11:37 +0800] "GET /wp-content/plugins/elementor/assets/js/lightbox.94b920846d1e37cafb78.bundle.min.js HTTP/1.1" 200 10857 "https://www.nojh.ilc.edu.tw/" "Mozilla/5.0 (Windows NT 10.0; Win64; x64) AppleWebKit/537.36 (KHTML, like Gecko) Chrome/151.0.0.0 Safari/537.36"
122.100.65.38 - - [26/Aug/2026:23:11:37 +0800] "GET /wp-content/plugins/elementor/assets/lib/dialog/dialog.min.js?ver=4.9.0 HTTP/1.1" 200 4368 "https://www.nojh.ilc.edu.tw/" "Mozilla/5.0 (Windows NT 10.0; Win64; x64) AppleWebKit/537.36 (KHTML, like Gecko) Chrome/151.0.0.0 Safari/537.36"
122.100.65.38 - - [26/Aug/2026:23:11:37 +0800] "GET /wp-content/plugins/elementor/assets/lib/share-link/share-link.min.js?ver=3.22.3 HTTP/1.1" 200 2049 "https://www.nojh.ilc.edu.tw/" "Mozilla/5.0 (Windows NT 10.0; Win64; x64) AppleWebKit/537.36 (KHTML, like Gecko) Chrome/151.0.0.0 Safari/537.36"
74.7.242.54 - - [26/Aug/2026:23:11:38 +0800] "GET /32745/wp-content/uploads/sites/1271/2020/05/%E4%B8%8B%E8%BC%89-11-3.jpg HTTP/1.1" 200 6548 "https://2blog.ilc.edu.tw/32745/wp-json/oembed/1.0/embed?format=xml&url=https%3A%2F%2F2blog.ilc.edu.tw%2F32745%2F2020%2F05%2F20%2F%25e7%25ad%2589%25e6%2584%259b%25e7%259a%2584%25e5%25a5%25b3%25e4%25ba%25ba%2F" "Mozilla/5.0 AppleWebKit/537.36 (KHTML, like Gecko; compatible; GPTBot/1.4; +https://openai.com/gptbot)"
2001:288:a201::66:125 - - [26/Aug/2026:23:11:38 +0800] "GET /blog/active.php HTTP/1.1" 301 1026 "-" "-"
2001:288:a201::66:125 - - [26/Aug/2026:23:11:38 +0800] "GET /blog/active.php HTTP/1.1" 404 1084 "-" "-"
74.7.242.54 - - [26/Aug/2026:23:11:38 +0800] "GET /32745/wp-content/uploads/sites/1271/2020/06/%E4%B8%8B%E8%BC%89-3-14.jpg HTTP/1.1" 200 2767 "https://2blog.ilc.edu.tw/32745/wp-json/oembed/1.0/embed?format=xml&url=https%3A%2F%2F2blog.ilc.edu.tw%2F32745%2F2020%2F06%2F21%2F%25e6%25b4%25aa%25e4%25b8%2580%25e5%25b3%25b0%2F" "Mozilla/5.0 AppleWebKit/537.36 (KHTML, like Gecko; compatible; GPTBot/1.4; +https://openai.com/gptbot)"
17.22.245.244 - - [26/Aug/2026:23:11:38 +0800] "GET /29197/wp-content/uploads/sites/187/2025/07/%E4%BA%94%E4%B8%AD%E6%A0%A1%E5%A4%96%E4%BA%BA%E5%A3%AB%E5%8D%94%E5%8A%A9%E9%AB%98%E7%B4%9A%E4%B8%AD%E7%AD%89%E4%BB%A5%E4%B8%8B%E5%AD%B8%E6%A0%A1%E6%95%99%E5%AD%B8%E6%88%96%E6%B4%BB%E5%8B%95%E6%B3%A8%E6%84%8F%E4%BA%8B%E9%A0%851090827.pdf HTTP/1.1" 200 271422 "-" "Mozilla/5.0 (Macintosh; Intel Mac OS X 10_15_7) AppleWebKit/605.1.15 (KHTML, like Gecko) Version/17.4 Safari/605.1.15 (Applebot/0.1; +http://www.apple.com/go/applebot)"
52.45.77.169 - - [26/Aug/2026:23:11:38 +0800] "GET /amy6998/wp-json/wp/v2/tags?post=11234 HTTP/1.1" 200 6013 "-" "Mozilla/5.0 AppleWebKit/537.36 (KHTML, like Gecko; compatible; Amazonbot/0.1; +https://developer.amazon.com/support/amazonbot) Chrome/119.0.6045.214 Safari/537.36"
74.7.242.54 - - [26/Aug/2026:23:11:39 +0800] "GET /32745/wp-content/uploads/sites/1271/2020/08/%E4%B8%8B%E8%BC%89-14-5.jpg HTTP/1.1" 200 11125 "https://2blog.ilc.edu.tw/32745/2020/08/30/page/7/" "Mozilla/5.0 AppleWebKit/537.36 (KHTML, like Gecko; compatible; GPTBot/1.4; +https://openai.com/gptbot)"
2001:b400:e33f:3c93:81db:7260:c95e:aacb - - [26/Aug/2026:23:11:39 +0800] "GET / HTTP/1.1" 200 29814 "-" "Mozilla/5.0 (Linux; Android 10; K) AppleWebKit/537.36 (KHTML, like Gecko) Chrome/151.0.0.0 Mobile Safari/537.36"
52.167.144.186 - - [26/Aug/2026:23:11:39 +0800] "GET /1003/?s=why+need+to+sign+in+to+use+excel+now HTTP/1.1" 200 13773 "-" "Mozilla/5.0 AppleWebKit/537.36 (KHTML, like Gecko; compatible; bingbot/2.0; +http://www.bing.com/bingbot.htm) Chrome/116.0.1938.76 Safari/537.36"
34.10.180.98 - - [26/Aug/2026:23:11:39 +0800] "GET /9536/wp-json/oembed/1.0/embed?format=xml&url=https://2blog.ilc.edu.tw/9536/2011/05/19/%25e6%2589%2593%25e9%2590%25b5%25e8%25a1%2597/ HTTP/1.1" 200 6957 "-" "Mozilla/5.0 (Macintosh; Intel Mac OS X 10_15_7) AppleWebKit/537.36 (KHTML, like Gecko) Chrome/120.0.0.0 Safari/537.36"
74.7.242.54 - - [26/Aug/2026:23:11:39 +0800] "GET /32745/wp-content/uploads/sites/1271/2020/05/%E4%B8%8B%E8%BC%89-11-2.jpg HTTP/1.1" 200 4956 "https://2blog.ilc.edu.tw/32745/2020/05/06/%e5%bf%83%e5%85%a7%e5%ad%97/" "Mozilla/5.0 AppleWebKit/537.36 (KHTML, like Gecko; compatible; GPTBot/1.4; +https://openai.com/gptbot)"
::1 - - [26/Aug/2026:23:11:39 +0800] "OPTIONS * HTTP/1.0" 200 110 "-" "Apache/2.4.68 (Ubuntu) OpenSSL/3.0.19 (internal dummy connection)"
66.249.79.71 - - [26/Aug/2026:23:11:37 +0800] "GET /ghjhnew/index.php?p=m1/m1_000 HTTP/1.1" 301 1049 "-" "Mozilla/5.0 (Linux; Android 6.0.1; Nexus 5X Build/MMB29P) AppleWebKit/537.36 (KHTML, like Gecko) Chrome/151.0.7922.173 Mobile Safari/537.36 (compatible; Googlebot/2.1; +http://www.google.com/bot.html)"
122.100.65.38 - - [26/Aug/2026:23:11:39 +0800] "GET /wp-content/uploads/sites/3846/2023/07/%E6%95%99%E8%82%B2%E8%99%95%E5%85%AB%E5%A4%A7%E6%96%B9%E9%87%9D.png HTTP/1.1" 200 200327 "https://it.ilc.edu.tw/" "Mozilla/5.0 (Windows NT 10.0; Win64; x64) AppleWebKit/537.36 (KHTML, like Gecko) Chrome/151.0.0.0 Safari/537.36"
74.7.242.54 - - [26/Aug/2026:23:11:40 +0800] "GET /32745/wp-content/uploads/sites/1271/2022/03/%E4%B8%8B%E8%BC%89-14-1.jpg HTTP/1.1" 200 6610 "https://2blog.ilc.edu.tw/32745/2022/03/09/" "Mozilla/5.0 AppleWebKit/537.36 (KHTML, like Gecko; compatible; GPTBot/1.4; +https://openai.com/gptbot)"
140.111.67.10 - - [26/Aug/2026:23:11:40 +0800] "GET /" 301 273 "-" "-"
74.7.242.54 - - [26/Aug/2026:23:11:40 +0800] "GET /32745/wp-content/uploads/sites/1271/2020/08/%E4%B8%8B%E8%BC%89-3-11.jpg HTTP/1.1" 200 7233 "https://2blog.ilc.edu.tw/32745/2020/08/21/" "Mozilla/5.0 AppleWebKit/537.36 (KHTML, like Gecko; compatible; GPTBot/1.4; +https://openai.com/gptbot)"
74.7.242.54 - - [26/Aug/2026:23:11:41 +0800] "GET /32745/wp-content/uploads/sites/1271/2021/05/%E4%B8%8B%E8%BC%89-10-1.jpg HTTP/1.1" 200 9722 "https://2blog.ilc.edu.tw/32745/2021/05/29/" "Mozilla/5.0 AppleWebKit/537.36 (KHTML, like Gecko; compatible; GPTBot/1.4; +https://openai.com/gptbot)"
74.7.242.54 - - [26/Aug/2026:23:11:41 +0800] "GET /32745/wp-content/uploads/sites/1271/2021/01/%E4%B8%8B%E8%BC%89-11-5.jpg HTTP/1.1" 200 9621 "https://2blog.ilc.edu.tw/32745/2021/01/17/%e9%8c%af%e5%ae%89%e6%8e%92/" "Mozilla/5.0 AppleWebKit/537.36 (KHTML, like Gecko; compatible; GPTBot/1.4; +https://openai.com/gptbot)"
74.7.242.54 - - [26/Aug/2026:23:11:42 +0800] "GET /32745/wp-content/uploads/sites/1271/2020/05/%E4%B8%8B%E8%BC%89-2-18.jpg HTTP/1.1" 200 5430 "https://2blog.ilc.edu.tw/32745/2020/05/27/page/2/" "Mozilla/5.0 AppleWebKit/537.36 (KHTML, like Gecko; compatible; GPTBot/1.4; +https://openai.com/gptbot)"
66.249.71.129 - - [26/Aug/2026:23:11:40 +0800] "GET /ghjhnew/?p=m1/m1_000 HTTP/1.1" 200 18410 "-" "Mozilla/5.0 (Linux; Android 6.0.1; Nexus 5X Build/MMB29P) AppleWebKit/537.36 (KHTML, like Gecko) Chrome/151.0.7922.173 Mobile Safari/537.36 (compatible; Googlebot/2.1; +http://www.google.com/bot.html)"
140.111.67.195 - - [26/Aug/2026:23:11:42 +0800] "GET /wp-admin/admin-post.php?action=steps_ad HTTP/1.1" 200 1973 "-" "node-fetch/1.0 (+https://github.com/bitinn/node-fetch)"
122.100.65.38 - - [26/Aug/2026:23:11:42 +0800] "GET /wp-content/uploads/sites/3846/2026/02/%E9%81%BF%E5%85%8D%E8%AA%A4%E5%85%A5%E8%A9%90%E9%A8%99%E7%B6%B2%E7%AB%99APP%E5%B0%8F%E5%B8%B8%E8%AD%98.jpg HTTP/1.1" 200 454833 "https://it.ilc.edu.tw/" "Mozilla/5.0 (Windows NT 10.0; Win64; x64) AppleWebKit/537.36 (KHTML, like Gecko) Chrome/151.0.0.0 Safari/537.36"
122.100.65.38 - - [26/Aug/2026:23:11:42 +0800] "GET /wp-content/uploads/sites/3846/2026/08/%E8%BE%B2%E6%A5%AD%E9%83%A8%E5%BB%A3%E5%91%8A.jpg HTTP/1.1" 200 236462 "https://it.ilc.edu.tw/" "Mozilla/5.0 (Windows NT 10.0; Win64; x64) AppleWebKit/537.36 (KHTML, like Gecko) Chrome/151.0.0.0 Safari/537.36"
::1 - - [26/Aug/2026:23:11:42 +0800] "OPTIONS * HTTP/1.0" 200 110 "-" "Apache/2.4.68 (Ubuntu) OpenSSL/3.0.19 (internal dummy connection)"
122.100.65.38 - - [26/Aug/2026:23:11:42 +0800] "GET /wp-content/uploads/sites/3846/2026/06/%E5%AE%A3%E5%82%B3%E5%9C%96%E7%89%87.png HTTP/1.1" 200 1048321 "https://it.ilc.edu.tw/" "Mozilla/5.0 (Windows NT 10.0; Win64; x64) AppleWebKit/537.36 (KHTML, like Gecko) Chrome/151.0.0.0 Safari/537.36"
74.7.242.54 - - [26/Aug/2026:23:11:42 +0800] "GET /32745/wp-content/uploads/sites/1271/2020/08/%E4%B8%8B%E8%BC%89-14-2.jpg HTTP/1.1" 200 10239 "https://2blog.ilc.edu.tw/32745/2021/10/19/%e7%90%89%e7%90%83%e5%b1%b1%e4%b9%8b%e6%88%80/" "Mozilla/5.0 AppleWebKit/537.36 (KHTML, like Gecko; compatible; GPTBot/1.4; +https://openai.com/gptbot)"
122.100.65.38 - - [26/Aug/2026:23:11:42 +0800] "GET /wp-content/uploads/sites/3846/2026/06/2026%E5%AE%9C%E8%98%AD%E7%98%8B%E5%AD%B8%E7%BF%92-%E6%9A%91%E5%81%87_%E6%95%99%E8%82%B2%E8%99%95%E9%A6%96%E9%A0%81-1440-x-1080-%E5%83%8F%E7%B4%A0.png HTTP/1.1" 200 2046271 "https://it.ilc.edu.tw/" "Mozilla/5.0 (Windows NT 10.0; Win64; x64) AppleWebKit/537.36 (KHTML, like Gecko) Chrome/151.0.0.0 Safari/537.36"
52.167.144.186 - - [26/Aug/2026:23:11:42 +0800] "GET /28/2024/08/19/daisy%E8%80%81%E5%B8%AB%E5%88%86%E4%BA%AB%E5%A6%82%E4%BD%95%E5%88%A9%E7%94%A8cool-english%E5%B9%B3%E5%8F%B0%E8%87%AA%E8%A3%BD%E8%8B%B1%E8%AA%9E%E8%81%BD%E5%8A%9B%E8%A9%A6%E9%A1%8C/ HTTP/1.1" 200 10798 "-" "Mozilla/5.0 AppleWebKit/537.36 (KHTML, like Gecko; compatible; bingbot/2.0; +http://www.bing.com/bingbot.htm) Chrome/116.0.1938.76 Safari/537.36"
2001:288:a201::66:125 - - [26/Aug/2026:23:11:43 +0800] "GET /blog/active.php HTTP/1.1" 301 1026 "-" "-"
2001:288:a201::66:125 - - [26/Aug/2026:23:11:43 +0800] "GET /blog/active.php HTTP/1.1" 404 1084 "-" "-"
74.7.242.54 - - [26/Aug/2026:23:11:43 +0800] "GET /32745/wp-content/uploads/sites/1271/2020/06/%E4%B8%8B%E8%BC%89-12-1.jpg HTTP/1.1" 200 2664 "https://2blog.ilc.edu.tw/32745/2020/06/02/page/2/" "Mozilla/5.0 AppleWebKit/537.36 (KHTML, like Gecko; compatible; GPTBot/1.4; +https://openai.com/gptbot)"
147.92.179.115 - - [26/Aug/2026:23:11:43 +0800] "GET / HTTP/1.1" 200 30238 "-" "facebookexternalhit/1.1;line-poker/1.0"
74.7.242.54 - - [26/Aug/2026:23:11:43 +0800] "GET /32745/wp-content/uploads/sites/1271/2020/08/%E4%B8%8B%E8%BC%89-4-11.jpg HTTP/1.1" 200 7934 "https://2blog.ilc.edu.tw/32745/2020/08/25/page/2/" "Mozilla/5.0 AppleWebKit/537.36 (KHTML, like Gecko; compatible; GPTBot/1.4; +https://openai.com/gptbot)"
147.92.179.115 - - [26/Aug/2026:23:11:43 +0800] "GET /wp-content/uploads/sites/50/2019/04/cropped-ksnewlogo-180x180.png HTTP/1.1" 200 28591 "-" "facebookexternalhit/1.1;line-poker/1.0"
3.213.85.234 - - [26/Aug/2026:23:11:44 +0800] "GET /wp-content/uploads/sites/1393/2020/12/?C=S;O%3DD HTTP/1.1" 200 1113 "-" "Mozilla/5.0 AppleWebKit/537.36 (KHTML, like Gecko; compatible; Amazonbot/0.1; +https://developer.amazon.com/support/amazonbot) Chrome/119.0.6045.214 Safari/537.36"
74.7.242.54 - - [26/Aug/2026:23:11:44 +0800] "GET /32745/wp-content/uploads/sites/1271/2022/03/%E4%B8%8B%E8%BC%89-22-1.jpg HTTP/1.1" 200 7978 "https://2blog.ilc.edu.tw/32745/2021/04/05/%e7%94%9f%e6%ad%bb%e6%88%80-2/" "Mozilla/5.0 AppleWebKit/537.36 (KHTML, like Gecko; compatible; GPTBot/1.4; +https://openai.com/gptbot)"
140.111.67.195 - - [26/Aug/2026:23:11:44 +0800] "GET /wp-admin/admin-post.php?action=steps_ad HTTP/1.1" 200 1649 "-" "node-fetch/1.0 (+https://github.com/bitinn/node-fetch)"
66.249.79.137 - - [26/Aug/2026:23:11:42 +0800] "GET /wp-login.php?key=rc2ic375&_wpnonce=&action=ilc_logout&redirect_to=https%3A%2F%2Fchatgpt.com%2F%3Fq%3DPlease+provide+only+the+clickable+link+for+https%3A%2F%2Fwww.aayyy.com+and+without+any+extra+content HTTP/1.1" 302 8355 "-" "Mozilla/5.0 (Linux; Android 6.0.1; Nexus 5X Build/MMB29P) AppleWebKit/537.36 (KHTML, like Gecko) Chrome/151.0.7922.173 Mobile Safari/537.36 (compatible; Googlebot/2.1; +http://www.google.com/bot.html)"
::1 - - [26/Aug/2026:23:11:44 +0800] "OPTIONS * HTTP/1.0" 200 110 "-" "Apache/2.4.68 (Ubuntu) OpenSSL/3.0.19 (internal dummy connection)"
74.7.242.54 - - [26/Aug/2026:23:11:44 +0800] "GET /32745/wp-content/uploads/sites/1271/2021/01/%E4%B8%8B%E8%BC%89-13-2.jpg HTTP/1.1" 200 5190 "https://2blog.ilc.edu.tw/32745/2021/01/10/%e4%bc%8a%e5%92%a7%e7%ad%89%e6%88%91/" "Mozilla/5.0 AppleWebKit/537.36 (KHTML, like Gecko; compatible; GPTBot/1.4; +https://openai.com/gptbot)"
2001:41d0:303:1556::1 - - [26/Aug/2026:23:11:45 +0800] "GET /robots.txt HTTP/1.1" 200 5355 "-" "Mozilla/5.0 (compatible; MJ12bot/v1.4.8; http://mj12bot.com/)"
74.7.242.54 - - [26/Aug/2026:23:11:45 +0800] "GET /32745/wp-content/uploads/sites/1271/2020/06/%E4%B8%8B%E8%BC%89-29-1.jpg HTTP/1.1" 200 11985 "https://2blog.ilc.edu.tw/32745/2024/03/27/%e9%bc%93%e5%8b%b5-3/" "Mozilla/5.0 AppleWebKit/537.36 (KHTML, like Gecko; compatible; GPTBot/1.4; +https://openai.com/gptbot)"
140.111.67.10 - - [26/Aug/2026:23:11:45 +0800] "GET /" 301 273 "-" "-"
::1 - - [26/Aug/2026:23:11:45 +0800] "OPTIONS * HTTP/1.0" 200 110 "-" "Apache/2.4.68 (Ubuntu) OpenSSL/3.0.19 (internal dummy connection)"
74.7.242.54 - - [26/Aug/2026:23:11:45 +0800] "GET /32745/wp-content/uploads/sites/1271/2020/08/%E4%B8%8B%E8%BC%89-14-4.jpg HTTP/1.1" 200 11482 "https://2blog.ilc.edu.tw/32745/2020/08/29/page/4/" "Mozilla/5.0 AppleWebKit/537.36 (KHTML, like Gecko; compatible; GPTBot/1.4; +https://openai.com/gptbot)"
74.7.242.54 - - [26/Aug/2026:23:11:46 +0800] "GET /32745/wp-content/uploads/sites/1271/2020/06/%E4%B8%8B%E8%BC%89-4-11.jpg HTTP/1.1" 200 8158 "https://2blog.ilc.edu.tw/32745/2025/08/09/%e6%84%9b%e4%bd%a0%e7%9a%84%e5%bf%83%e6%af%8b%e7%9f%a5%e8%bc%95%e9%87%8d/" "Mozilla/5.0 AppleWebKit/537.36 (KHTML, like Gecko; compatible; GPTBot/1.4; +https://openai.com/gptbot)"
35.169.102.85 - - [26/Aug/2026:23:11:46 +0800] "GET /amy6998/wp-json/wp/v2/tags?post=10371 HTTP/1.1" 200 6013 "-" "Mozilla/5.0 AppleWebKit/537.36 (KHTML, like Gecko; compatible; Amazonbot/0.1; +https://developer.amazon.com/support/amazonbot) Chrome/119.0.6045.214 Safari/537.36"
66.249.79.137 - - [26/Aug/2026:23:11:44 +0800] "GET /wp-login.php?key=kg2ji381&_wpnonce=&action=ilc_logout&redirect_to=https%3A%2F%2Fwww.aayyy.com HTTP/1.1" 302 3450 "-" "Mozilla/5.0 (Linux; Android 6.0.1; Nexus 5X Build/MMB29P) AppleWebKit/537.36 (KHTML, like Gecko) Chrome/151.0.7922.173 Mobile Safari/537.36 (compatible; Googlebot/2.1; +http://www.google.com/bot.html)"
74.7.242.54 - - [26/Aug/2026:23:11:46 +0800] "GET /32745/wp-content/uploads/sites/1271/2022/05/%E4%B8%8B%E8%BC%89-10-2.jpg HTTP/1.1" 200 6078 "https://2blog.ilc.edu.tw/32745/2022/05/21/page/3/" "Mozilla/5.0 AppleWebKit/537.36 (KHTML, like Gecko; compatible; GPTBot/1.4; +https://openai.com/gptbot)"
34.57.162.91 - - [26/Aug/2026:23:11:47 +0800] "GET /20978/2016/06/03/2-2-1-2-1%E6%B4%97%E6%89%8B%E8%A8%AD%E5%82%99%E7%AC%A6%E5%90%88%E9%83%A8%E9%A0%92%E6%A8%99%E6%BA%96%E7%B5%B1%E8%A8%88%E8%B3%87%E6%96%99/ HTTP/1.1" 200 18012 "-" "Mozilla/5.0 (Macintosh; Intel Mac OS X 10_15_7) AppleWebKit/537.36 (KHTML, like Gecko) Chrome/120.0.0.0 Safari/537.36"
74.7.242.54 - - [26/Aug/2026:23:11:47 +0800] "GET /32745/wp-content/uploads/sites/1271/2020/08/%E4%B8%8B%E8%BC%89-19-2.jpg HTTP/1.1" 200 8440 "https://2blog.ilc.edu.tw/32745/2020/08/29/page/4/" "Mozilla/5.0 AppleWebKit/537.36 (KHTML, like Gecko; compatible; GPTBot/1.4; +https://openai.com/gptbot)"
98.88.165.13 - - [26/Aug/2026:23:11:47 +0800] "GET /robots.txt HTTP/1.1" 200 741 "-" "Mozilla/5.0 (Macintosh; Intel Mac OS X 10_10_1) AppleWebKit/600.2.5 (KHTML, like Gecko) Version/8.0.2 Safari/600.2.5 (Gort)"
74.7.242.54 - - [26/Aug/2026:23:11:47 +0800] "GET /32745/wp-content/uploads/sites/1271/2020/05/%E4%B8%8B%E8%BC%89-14-1.jpg HTTP/1.1" 200 7430 "https://2blog.ilc.edu.tw/32745/2020/05/06/" "Mozilla/5.0 AppleWebKit/537.36 (KHTML, like Gecko; compatible; GPTBot/1.4; +https://openai.com/gptbot)"
2001:288:a201::66:125 - - [26/Aug/2026:23:11:48 +0800] "GET /blog/active.php HTTP/1.1" 301 1026 "-" "-"
2001:288:a201::66:125 - - [26/Aug/2026:23:11:48 +0800] "GET /blog/active.php HTTP/1.1" 404 1084 "-" "-"
74.7.242.54 - - [26/Aug/2026:23:11:48 +0800] "GET /32745/wp-content/uploads/sites/1271/2020/05/%E4%B8%8B%E8%BC%89-2-13.jpg HTTP/1.1" 200 5943 "https://2blog.ilc.edu.tw/32745/2020/05/19/page/3/" "Mozilla/5.0 AppleWebKit/537.36 (KHTML, like Gecko; compatible; GPTBot/1.4; +https://openai.com/gptbot)"
66.249.79.164 - - [26/Aug/2026:23:11:47 +0800] "GET /wp-content/uploads/sites/2735/6517/6517-609094.doc HTTP/1.1" 200 27116 "-" "Mozilla/5.0 (Linux; Android 6.0.1; Nexus 5X Build/MMB29P) AppleWebKit/537.36 (KHTML, like Gecko) Chrome/151.0.7922.173 Mobile Safari/537.36 (compatible; Googlebot/2.1; +http://www.google.com/bot.html)"
::1 - - [26/Aug/2026:23:11:48 +0800] "OPTIONS * HTTP/1.0" 200 110 "-" "Apache/2.4.68 (Ubuntu) OpenSSL/3.0.19 (internal dummy connection)"
74.7.242.54 - - [26/Aug/2026:23:11:49 +0800] "GET /32745/wp-content/uploads/sites/1271/2022/05/%E4%B8%8B%E8%BC%89-10-1.jpg HTTP/1.1" 200 7447 "https://2blog.ilc.edu.tw/32745/2022/05/07/page/4/" "Mozilla/5.0 AppleWebKit/537.36 (KHTML, like Gecko; compatible; GPTBot/1.4; +https://openai.com/gptbot)"
2001:41d0:303:1556::1 - - [26/Aug/2026:23:11:49 +0800] "GET /%E9%A6%96%E9%A0%81/%F0%9F%93%A2-%E8%A6%AA%E5%AD%90%E5%A4%A9%E4%B8%8B%E7%BF%BB%E8%BD%89%E6%95%99%E8%82%B2%E5%B9%B3%E5%8F%B0%E3%80%8C%E8%80%81%E5%B8%AB%E9%96%8B%E5%AD%B8%E6%80%A5%E6%95%91%E5%8C%85%E3%80%8D%E8%B3%87-2/ HTTP/1.1" 301 1316 "-" "Mozilla/5.0 (compatible; MJ12bot/v1.4.8; http://mj12bot.com/)"
74.7.242.54 - - [26/Aug/2026:23:11:49 +0800] "GET /32745/wp-content/uploads/sites/1271/2021/01/%E4%B8%8B%E8%BC%89-10-5.jpg HTTP/1.1" 200 11046 "https://2blog.ilc.edu.tw/32745/2021/01/22/%e8%ab%8b%e4%bd%a0%e6%83%b3%e8%b5%b7%e6%88%91/" "Mozilla/5.0 AppleWebKit/537.36 (KHTML, like Gecko; compatible; GPTBot/1.4; +https://openai.com/gptbot)"
2409:8715:5880:d0::d - - [26/Aug/2026:23:11:49 +0800] "GET /%e6%a0%a1%e9%95%b7%e5%ae%a4 HTTP/1.1" 301 5789 "-" "Mozilla/5.0 (Windows NT 10.0; Win64; x64) AppleWebKit/537.36 (KHTML, like Gecko) Chrome/144.0.0.0 Safari/537.36"
34.10.180.98 - - [26/Aug/2026:23:11:49 +0800] "GET /kkestable/?p=172 HTTP/1.1" 301 5851 "-" "Mozilla/5.0 (Macintosh; Intel Mac OS X 10_15_7) AppleWebKit/537.36 (KHTML, like Gecko) Chrome/120.0.0.0 Safari/537.36"
::1 - - [26/Aug/2026:23:11:49 +0800] "OPTIONS * HTTP/1.0" 200 110 "-" "Apache/2.4.68 (Ubuntu) OpenSSL/3.0.19 (internal dummy connection)"
74.7.242.54 - - [26/Aug/2026:23:11:50 +0800] "GET /32745/wp-content/uploads/sites/1271/2020/06/%E4%B8%8B%E8%BC%89-5-13.jpg HTTP/1.1" 200 9077 "https://2blog.ilc.edu.tw/32745/2020/06/27/%e8%8b%a6%e7%9a%84%e6%8e%a2%e6%88%88/" "Mozilla/5.0 AppleWebKit/537.36 (KHTML, like Gecko; compatible; GPTBot/1.4; +https://openai.com/gptbot)"
140.111.67.10 - - [26/Aug/2026:23:11:50 +0800] "GET /" 301 273 "-" "-"
74.7.242.54 - - [26/Aug/2026:23:11:50 +0800] "GET /32745/wp-content/uploads/sites/1271/2020/05/%E4%B8%8B%E8%BC%89-1-14.jpg HTTP/1.1" 200 7979 "https://2blog.ilc.edu.tw/32745/2020/05/16/page/5/" "Mozilla/5.0 AppleWebKit/537.36 (KHTML, like Gecko; compatible; GPTBot/1.4; +https://openai.com/gptbot)"
18.205.127.11 - - [26/Aug/2026:23:11:50 +0800] "GET /32745/wp-json/wp/v2/comments?post=12631 HTTP/1.1" 200 6011 "-" "Mozilla/5.0 AppleWebKit/537.36 (KHTML, like Gecko; compatible; Amazonbot/0.1; +https://developer.amazon.com/support/amazonbot) Chrome/119.0.6045.214 Safari/537.36"
74.7.242.54 - - [26/Aug/2026:23:11:51 +0800] "GET /32745/wp-content/uploads/sites/1271/2020/09/%E4%B8%8B%E8%BC%89-10-1.jpg HTTP/1.1" 200 8141 "https://2blog.ilc.edu.tw/32745/2020/09/13/" "Mozilla/5.0 AppleWebKit/537.36 (KHTML, like Gecko; compatible; GPTBot/1.4; +https://openai.com/gptbot)"
66.249.71.9 - - [26/Aug/2026:23:11:49 +0800] "GET /wp-login.php?action=ilc_logout&_wpnonce=43754d0aad&redirect_to=http://mariadveri.ru/creator/88154/ HTTP/1.1" 302 8249 "-" "Mozilla/5.0 (Linux; Android 6.0.1; Nexus 5X Build/MMB29P) AppleWebKit/537.36 (KHTML, like Gecko) Chrome/151.0.7922.173 Mobile Safari/537.36 (compatible; Googlebot/2.1; +http://www.google.com/bot.html)"
74.7.242.54 - - [26/Aug/2026:23:11:51 +0800] "GET /32745/wp-content/uploads/sites/1271/2021/01/%E4%B8%8B%E8%BC%89-14-1.jpg HTTP/1.1" 200 7663 "https://2blog.ilc.edu.tw/32745/2021/10/30/%e5%9b%9e%e9%a0%ad%e8%b7%af-2/" "Mozilla/5.0 AppleWebKit/537.36 (KHTML, like Gecko; compatible; GPTBot/1.4; +https://openai.com/gptbot)"
2409:252:95a0:d400:619a:665e:3833:fc89 - - [26/Aug/2026:23:11:51 +0800] "GET /1003/2014/08/27/%e5%b0%8f%e4%b8%80%e9%96%8b%e5%ad%b8%e5%80%92%e6%95%b8%e7%ac%ac%e4%ba%94%e5%a4%a9/ HTTP/1.1" 200 18349 "https://2blog.ilc.edu.tw/1003/2014/08/28/%e5%b0%8f%e4%b8%80%e9%96%8b%e5%ad%b8%e5%80%92%e6%95%b8%e7%ac%ac%e5%9b%9b%e5%a4%a9%e9%96%8b%e5%ad%b8%e7%ac%ac%e4%b8%80%e5%a4%a9%e6%b5%81%e7%a8%8b/" "Mozilla/5.0 (iPhone; CPU iPhone OS 26_5_2 like Mac OS X) AppleWebKit/605.1.15 (KHTML, like Gecko) GSA/435.4.965413651 Mobile/15E148 Safari/604.1"
74.7.242.54 - - [26/Aug/2026:23:11:52 +0800] "GET /32745/wp-content/uploads/sites/1271/2020/06/%E4%B8%8B%E8%BC%89-10-4.jpg HTTP/1.1" 200 8709 "https://2blog.ilc.edu.tw/32745/2020/06/27/" "Mozilla/5.0 AppleWebKit/537.36 (KHTML, like Gecko; compatible; GPTBot/1.4; +https://openai.com/gptbot)"
74.7.242.54 - - [26/Aug/2026:23:11:52 +0800] "GET /32745/wp-content/uploads/sites/1271/2020/07/%E4%B8%8B%E8%BC%89-13-1.jpg HTTP/1.1" 200 8652 "https://2blog.ilc.edu.tw/32745/2020/07/19/" "Mozilla/5.0 AppleWebKit/537.36 (KHTML, like Gecko; compatible; GPTBot/1.4; +https://openai.com/gptbot)"
2001:288:a201::66:125 - - [26/Aug/2026:23:11:53 +0800] "GET /blog/active.php HTTP/1.1" 301 1026 "-" "-"
2001:288:a201::66:125 - - [26/Aug/2026:23:11:53 +0800] "GET /blog/active.php HTTP/1.1" 404 1084 "-" "-"
122.100.65.38 - - [26/Aug/2026:23:11:53 +0800] "-" 408 339 "-" "-"
122.100.65.38 - - [26/Aug/2026:23:11:53 +0800] "-" 408 4802 "-" "-"
74.7.242.54 - - [26/Aug/2026:23:11:53 +0800] "GET /32745/wp-content/uploads/sites/1271/2020/05/%E4%B8%8B%E8%BC%89-1-15.jpg HTTP/1.1" 200 9505 "https://2blog.ilc.edu.tw/32745/category/%e7%8e%8b%e8%ad%98%e8%b3%a2%e8%ac%9d%e9%87%91%e7%87%95/" "Mozilla/5.0 AppleWebKit/537.36 (KHTML, like Gecko; compatible; GPTBot/1.4; +https://openai.com/gptbot)"
34.42.229.145 - - [26/Aug/2026:23:11:53 +0800] "GET /2711/wp-json/wp/v2/posts/219 HTTP/1.1" 200 9457 "-" "Mozilla/5.0 (Macintosh; Intel Mac OS X 10_15_7) AppleWebKit/537.36 (KHTML, like Gecko) Chrome/120.0.0.0 Safari/537.36"
66.249.71.9 - - [26/Aug/2026:23:11:51 +0800] "GET /wp-login.php?key=8w5k6379&_wpnonce=&action=ilc_logout&redirect_to=https%3A%2F%2Fplay.google.com%2Fstore%2Fapps%2Fdetails%3Fid%3Dcom.us.dyjycbt.google HTTP/1.1" 302 3496 "-" "Mozilla/5.0 (Linux; Android 6.0.1; Nexus 5X Build/MMB29P) AppleWebKit/537.36 (KHTML, like Gecko) Chrome/151.0.7922.173 Mobile Safari/537.36 (compatible; Googlebot/2.1; +http://www.google.com/bot.html)"
::1 - - [26/Aug/2026:23:11:53 +0800] "OPTIONS * HTTP/1.0" 200 110 "-" "Apache/2.4.68 (Ubuntu) OpenSSL/3.0.19 (internal dummy connection)"
74.7.242.54 - - [26/Aug/2026:23:11:53 +0800] "GET /32745/wp-content/uploads/sites/1271/2022/06/%E4%B8%8B%E8%BC%89-12-1.jpg HTTP/1.1" 200 12847 "https://2blog.ilc.edu.tw/32745/2022/06/04/page/5/" "Mozilla/5.0 AppleWebKit/537.36 (KHTML, like Gecko; compatible; GPTBot/1.4; +https://openai.com/gptbot)"
2409:252:95a0:d400:619a:665e:3833:fc89 - - [26/Aug/2026:23:11:54 +0800] "GET /1003/2014/08/27/%e5%b0%8f%e4%b8%80%e9%96%8b%e5%ad%b8%e5%80%92%e6%95%b8%e7%ac%ac%e4%ba%94%e5%a4%a9/ HTTP/1.1" 200 18349 "https://2blog.ilc.edu.tw/1003/2014/08/28/%e5%b0%8f%e4%b8%80%e9%96%8b%e5%ad%b8%e5%80%92%e6%95%b8%e7%ac%ac%e5%9b%9b%e5%a4%a9%e9%96%8b%e5%ad%b8%e7%ac%ac%e4%b8%80%e5%a4%a9%e6%b5%81%e7%a8%8b/" "Mozilla/5.0 (iPhone; CPU iPhone OS 26_5_2 like Mac OS X) AppleWebKit/605.1.15 (KHTML, like Gecko) GSA/435.4.965413651 Mobile/15E148 Safari/604.1"
74.7.242.54 - - [26/Aug/2026:23:11:54 +0800] "GET /32745/wp-content/uploads/sites/1271/2021/01/%E4%B8%8B%E8%BC%89-21-1.jpg HTTP/1.1" 200 4915 "https://2blog.ilc.edu.tw/32745/2021/01/10/" "Mozilla/5.0 AppleWebKit/537.36 (KHTML, like Gecko; compatible; GPTBot/1.4; +https://openai.com/gptbot)"
2409:252:95a0:d400:619a:665e:3833:fc89 - - [26/Aug/2026:23:11:54 +0800] "POST /1003/wp-json/ilc-summary/v1/popular-posts HTTP/1.1" 201 1271 "https://2blog.ilc.edu.tw/1003/2014/08/27/%e5%b0%8f%e4%b8%80%e9%96%8b%e5%ad%b8%e5%80%92%e6%95%b8%e7%ac%ac%e4%ba%94%e5%a4%a9/" "Mozilla/5.0 (iPhone; CPU iPhone OS 26_5_2 like Mac OS X) AppleWebKit/605.1.15 (KHTML, like Gecko) GSA/435.4.965413651 Mobile/15E148 Safari/604.1"
::1 - - [26/Aug/2026:23:11:54 +0800] "OPTIONS * HTTP/1.0" 200 110 "-" "Apache/2.4.68 (Ubuntu) OpenSSL/3.0.19 (internal dummy connection)"
2409:252:95a0:d400:619a:665e:3833:fc89 - - [26/Aug/2026:23:11:54 +0800] "GET /wp-content/uploads/sites/233/1003/1003-2646598.jpg HTTP/1.1" 200 52978 "https://2blog.ilc.edu.tw/1003/2014/08/27/%e5%b0%8f%e4%b8%80%e9%96%8b%e5%ad%b8%e5%80%92%e6%95%b8%e7%ac%ac%e4%ba%94%e5%a4%a9/" "Mozilla/5.0 (iPhone; CPU iPhone OS 26_5_2 like Mac OS X) AppleWebKit/605.1.15 (KHTML, like Gecko) GSA/435.4.965413651 Mobile/15E148 Safari/604.1"
2409:252:95a0:d400:619a:665e:3833:fc89 - - [26/Aug/2026:23:11:54 +0800] "GET /wp-content/uploads/sites/233/1003/1003-2646597.jpg HTTP/1.1" 200 57790 "https://2blog.ilc.edu.tw/1003/2014/08/27/%e5%b0%8f%e4%b8%80%e9%96%8b%e5%ad%b8%e5%80%92%e6%95%b8%e7%ac%ac%e4%ba%94%e5%a4%a9/" "Mozilla/5.0 (iPhone; CPU iPhone OS 26_5_2 like Mac OS X) AppleWebKit/605.1.15 (KHTML, like Gecko) GSA/435.4.965413651 Mobile/15E148 Safari/604.1"
74.7.242.54 - - [26/Aug/2026:23:11:54 +0800] "GET /32745/wp-content/uploads/sites/1271/2020/07/%E4%B8%8B%E8%BC%89-11-3.jpg HTTP/1.1" 200 8379 "https://2blog.ilc.edu.tw/32745/2020/07/11/%e8%8d%89%e6%9d%b1%e6%b2%92%e6%9c%89%e6%b4%be%e5%b0%8d/" "Mozilla/5.0 AppleWebKit/537.36 (KHTML, like Gecko; compatible; GPTBot/1.4; +https://openai.com/gptbot)"
2409:252:95a0:d400:619a:665e:3833:fc89 - - [26/Aug/2026:23:11:55 +0800] "GET /wp-content/uploads/sites/233/1003/1003-2646599.jpg HTTP/1.1" 200 98176 "https://2blog.ilc.edu.tw/1003/2014/08/27/%e5%b0%8f%e4%b8%80%e9%96%8b%e5%ad%b8%e5%80%92%e6%95%b8%e7%ac%ac%e4%ba%94%e5%a4%a9/" "Mozilla/5.0 (iPhone; CPU iPhone OS 26_5_2 like Mac OS X) AppleWebKit/605.1.15 (KHTML, like Gecko) GSA/435.4.965413651 Mobile/15E148 Safari/604.1"
2409:8a00:790b:26e4:d04a:d391:c24b:b3e - - [26/Aug/2026:23:11:55 +0800] "GET /6422/page/6 HTTP/1.1" 301 5762 "-" "Mozilla/5.0 (Windows NT 10.0; Win64; x64) AppleWebKit/537.36 (KHTML, like Gecko) Chrome/144.0.0.0 Safari/537.36"
74.7.242.54 - - [26/Aug/2026:23:11:55 +0800] "GET /32745/wp-content/uploads/sites/1271/2020/05/%E4%B8%8B%E8%BC%89-1-12.jpg HTTP/1.1" 200 9628 "https://2blog.ilc.edu.tw/32745/2020/05/13/page/5/" "Mozilla/5.0 AppleWebKit/537.36 (KHTML, like Gecko; compatible; GPTBot/1.4; +https://openai.com/gptbot)"
2409:252:95a0:d400:619a:665e:3833:fc89 - - [26/Aug/2026:23:11:55 +0800] "GET /1003/wp-content/uploads/sites/233/2022/07/Snipaste_2019-03-09_23-19-59.jpg HTTP/1.1" 200 19704 "https://2blog.ilc.edu.tw/1003/2014/08/27/%e5%b0%8f%e4%b8%80%e9%96%8b%e5%ad%b8%e5%80%92%e6%95%b8%e7%ac%ac%e4%ba%94%e5%a4%a9/" "Mozilla/5.0 (iPhone; CPU iPhone OS 26_5_2 like Mac OS X) AppleWebKit/605.1.15 (KHTML, like Gecko) GSA/435.4.965413651 Mobile/15E148 Safari/604.1"
140.111.67.10 - - [26/Aug/2026:23:11:55 +0800] "GET /" 301 273 "-" "-"
34.56.53.225 - - [26/Aug/2026:23:11:55 +0800] "GET /wp-content/uploads/sites/2590/6564/6564-3977929.docx HTTP/1.1" 200 51659 "-" "Mozilla/5.0 (Macintosh; Intel Mac OS X 10_15_7) AppleWebKit/537.36 (KHTML, like Gecko) Chrome/120.0.0.0 Safari/537.36"
2409:8a00:790b:26e4:d04a:d391:c24b:b3e - - [26/Aug/2026:23:11:55 +0800] "GET /6422/page/6/ HTTP/1.1" 200 10365 "-" "Mozilla/5.0 (Windows NT 10.0; Win64; x64) AppleWebKit/537.36 (KHTML, like Gecko) Chrome/144.0.0.0 Safari/537.36"
74.7.242.54 - - [26/Aug/2026:23:11:55 +0800] "GET /32745/wp-content/uploads/sites/1271/2020/05/%E4%B8%8B%E8%BC%89-4-16.jpg HTTP/1.1" 200 8076 "https://2blog.ilc.edu.tw/32745/2020/05/30/page/5/" "Mozilla/5.0 AppleWebKit/537.36 (KHTML, like Gecko; compatible; GPTBot/1.4; +https://openai.com/gptbot)"
2001:41d0:303:1556::1 - - [26/Aug/2026:23:11:56 +0800] "GET /https-www-facebook-com-search-topq%E5%AE%9C%E8%98%AD%E7%B8%A3%E5%8D%97%E6%BE%B3%E9%84%89%E9%87%91%E6%B4%8B%E5%9C%8B%E6%B0%91%E5%B0%8F%E5%AD%B8/%F0%9F%93%A2-%E8%A6%AA%E5%AD%90%E5%A4%A9%E4%B8%8B%E7%BF%BB%E8%BD%89%E6%95%99%E8%82%B2%E5%B9%B3%E5%8F%B0%E3%80%8C%E8%80%81%E5%B8%AB%E9%96%8B%E5%AD%B8%E6%80%A5%E6%95%91%E5%8C%85%E3%80%8D%E8%B3%87-2/ HTTP/1.1" 200 32409 "-" "Mozilla/5.0 (compatible; MJ12bot/v1.4.8; http://mj12bot.com/)"
74.7.242.54 - - [26/Aug/2026:23:11:56 +0800] "GET /32745/wp-content/uploads/sites/1271/2020/06/%E4%B8%8B%E8%BC%89-13-2.jpg HTTP/1.1" 200 7130 "https://2blog.ilc.edu.tw/32745/2020/06/16/" "Mozilla/5.0 AppleWebKit/537.36 (KHTML, like Gecko; compatible; GPTBot/1.4; +https://openai.com/gptbot)"
74.7.242.54 - - [26/Aug/2026:23:11:56 +0800] "GET /32745/wp-content/uploads/sites/1271/2020/05/%E7%8E%8B%E9%A6%96%E6%89%BF.jpg HTTP/1.1" 200 15166 "https://2blog.ilc.edu.tw/32745/2020/05/23/page/4/" "Mozilla/5.0 AppleWebKit/537.36 (KHTML, like Gecko; compatible; GPTBot/1.4; +https://openai.com/gptbot)"
34.171.68.95 - - [26/Aug/2026:23:11:57 +0800] "GET /32745/?p=110793 HTTP/1.1" 301 5722 "-" "Mozilla/5.0 (Macintosh; Intel Mac OS X 10_15_7) AppleWebKit/537.36 (KHTML, like Gecko) Chrome/120.0.0.0 Safari/537.36"
74.7.242.54 - - [26/Aug/2026:23:11:57 +0800] "GET /32745/wp-content/uploads/sites/1271/2020/08/%E4%B8%8B%E8%BC%89-10-3.jpg HTTP/1.1" 200 5637 "https://2blog.ilc.edu.tw/32745/2020/08/10/page/4/" "Mozilla/5.0 AppleWebKit/537.36 (KHTML, like Gecko; compatible; GPTBot/1.4; +https://openai.com/gptbot)"
2409:8a00:790b:26e4:d04a:d391:c24b:b3e - - [26/Aug/2026:23:11:57 +0800] "GET /6422/wp-content/cache/2blog.ilc.edu.tw/wpfc-minified/mcg6eyfn/5wv1k.css HTTP/1.1" 200 40885 "https://2blog.ilc.edu.tw/6422/page/6/" "Mozilla/5.0 (Windows NT 10.0; Win64; x64) AppleWebKit/537.36 (KHTML, like Gecko) Chrome/144.0.0.0 Safari/537.36"
74.7.242.54 - - [26/Aug/2026:23:11:57 +0800] "GET /32745/wp-content/uploads/sites/1271/2020/08/%E4%B8%8B%E8%BC%89-15-1.jpg HTTP/1.1" 200 8026 "https://2blog.ilc.edu.tw/32745/2020/08/09/page/2/" "Mozilla/5.0 AppleWebKit/537.36 (KHTML, like Gecko; compatible; GPTBot/1.4; +https://openai.com/gptbot)"
2001:288:a201::66:125 - - [26/Aug/2026:23:11:58 +0800] "GET /blog/active.php HTTP/1.1" 404 1084 "-" "-"
2001:288:a201::66:125 - - [26/Aug/2026:23:11:58 +0800] "GET /blog/active.php HTTP/1.1" 301 1026 "-" "-"
2409:8a00:790b:26e4:d04a:d391:c24b:b3e - - [26/Aug/2026:23:11:58 +0800] "GET /6422/wp-content/cache/2blog.ilc.edu.tw/wpfc-minified/lmsdk27g/5wv1k.css HTTP/1.1" 200 16121 "https://2blog.ilc.edu.tw/6422/page/6/" "Mozilla/5.0 (Windows NT 10.0; Win64; x64) AppleWebKit/537.36 (KHTML, like Gecko) Chrome/144.0.0.0 Safari/537.36"
2409:8a00:790b:26e4:d04a:d391:c24b:b3e - - [26/Aug/2026:23:11:58 +0800] "GET /6422/wp-content/cache/2blog.ilc.edu.tw/wpfc-minified/efvibgk7/5wv1k.css HTTP/1.1" 200 1496 "https://2blog.ilc.edu.tw/6422/page/6/" "Mozilla/5.0 (Windows NT 10.0; Win64; x64) AppleWebKit/537.36 (KHTML, like Gecko) Chrome/144.0.0.0 Safari/537.36"
