[Wed Aug 26 03:11:02.607660 2026] [authz_core:debug] [pid 2266789:tid 2266789] mod_authz_core.c(815): [client 34.30.223.149:1536] AH01626: authorization result of Require all granted: granted
[Wed Aug 26 03:11:02.607671 2026] [authz_core:debug] [pid 2266789:tid 2266789] mod_authz_core.c(815): [client 34.30.223.149:1536] AH01626: authorization result of : granted
[Wed Aug 26 03:11:02.622221 2026] [deflate:debug] [pid 2270802:tid 2270802] mod_deflate.c(909): [client 52.7.33.248:18313] AH01384: Zlib: Compressed 56735 to 13415 : URL /index.php
[Wed Aug 26 03:11:02.622477 2026] [ssl:debug] [pid 2270802:tid 2270802] ssl_engine_io.c(1150): [client 52.7.33.248:18313] AH02001: Connection closed to child 44 with standard shutdown (server 2blog.ilc.edu.tw:443)
[Wed Aug 26 03:11:03.132008 2026] [ssl:info] [pid 2266900:tid 2266900] [client 2001:288:a201::66:125:16057] AH01964: Connection to child 24 established (server 2blog.ilc.edu.tw:443)
[Wed Aug 26 03:11:03.132265 2026] [ssl:debug] [pid 2266900:tid 2266900] ssl_engine_kernel.c(2252): [client 2001:288:a201::66:125:16057] AH02645: Server name not provided via TLS extension (using default/first virtual host)
[Wed Aug 26 03:11:03.132324 2026] [socache_shmcb:debug] [pid 2266900:tid 2266900] mod_socache_shmcb.c(545): AH00835: socache_shmcb_retrieve (0x9d -> subcache 29)
[Wed Aug 26 03:11:03.132348 2026] [socache_shmcb:debug] [pid 2266900:tid 2266900] mod_socache_shmcb.c(896): AH00849: match at idx=48, data=13419
[Wed Aug 26 03:11:03.132351 2026] [socache_shmcb:debug] [pid 2266900:tid 2266900] mod_socache_shmcb.c(556): AH00836: leaving socache_shmcb_retrieve successfully
[Wed Aug 26 03:11:03.133361 2026] [ssl:debug] [pid 2266900:tid 2266900] ssl_engine_kernel.c(2082): [client 2001:288:a201::66:125:16057] AH02041: Protocol: TLSv1.2, Cipher: ECDHE-RSA-AES256-GCM-SHA384 (256/256 bits)
[Wed Aug 26 03:11:03.133487 2026] [ssl:debug] [pid 2266900:tid 2266900] ssl_engine_kernel.c(254): [client 2001:288:a201::66:125:16057] AH02034: Initial (No.1) HTTPS request received for child 24 (server 2blog.ilc.edu.tw:443)
[Wed Aug 26 03:11:03.133694 2026] [authz_core:debug] [pid 2266900:tid 2266900] mod_authz_core.c(815): [client 2001:288:a201::66:125:16057] AH01626: authorization result of Require all granted: granted
[Wed Aug 26 03:11:03.133700 2026] [authz_core:debug] [pid 2266900:tid 2266900] mod_authz_core.c(815): [client 2001:288:a201::66:125:16057] AH01626: authorization result of : granted
[Wed Aug 26 03:11:03.133852 2026] [authz_core:debug] [pid 2266900:tid 2266900] mod_authz_core.c(815): [client 2001:288:a201::66:125:16057] AH01626: authorization result of Require all granted: granted
[Wed Aug 26 03:11:03.133862 2026] [authz_core:debug] [pid 2266900:tid 2266900] mod_authz_core.c(815): [client 2001:288:a201::66:125:16057] AH01626: authorization result of : granted
[Wed Aug 26 03:11:03.133874 2026] [php7:error] [pid 2266900:tid 2266900] [client 2001:288:a201::66:125:16057] script '/var/www/html/2blog/active.php' not found or unable to stat
[Wed Aug 26 03:11:03.133885 2026] [headers:debug] [pid 2266900:tid 2266900] mod_headers.c(900): AH01503: headers: ap_headers_error_filter()
[Wed Aug 26 03:11:03.134004 2026] [ssl:debug] [pid 2266900:tid 2266900] ssl_engine_io.c(1150): [client 2001:288:a201::66:125:16057] AH02001: Connection closed to child 24 with standard shutdown (server 2blog.ilc.edu.tw:443)
[Wed Aug 26 03:11:03.164157 2026] [ssl:info] [pid 2270797:tid 2270797] [client 17.246.19.244:57230] AH01964: Connection to child 39 established (server 2blog.ilc.edu.tw:443)
[Wed Aug 26 03:11:03.164364 2026] [ssl:debug] [pid 2270797:tid 2270797] ssl_engine_kernel.c(2222): [client 17.246.19.244:57230] AH02043: SSL virtual host for servername 2blog.ilc.edu.tw found
[Wed Aug 26 03:11:03.164431 2026] [core:debug] [pid 2270797:tid 2270797] protocol.c(2460): [client 17.246.19.244:57230] AH03155: select protocol from , choices=http/1.1,h2 for server 2blog.ilc.edu.tw
[Wed Aug 26 03:11:03.177203 2026] [headers:debug] [pid 2271590:tid 2271590] mod_headers.c(900): AH01503: headers: ap_headers_error_filter()
[Wed Aug 26 03:11:03.400551 2026] [ssl:debug] [pid 2270797:tid 2270797] ssl_engine_kernel.c(2082): [client 17.246.19.244:57230] AH02041: Protocol: TLSv1.3, Cipher: TLS_AES_256_GCM_SHA384 (256/256 bits)
[Wed Aug 26 03:11:03.400605 2026] [socache_shmcb:debug] [pid 2270797:tid 2270797] mod_socache_shmcb.c(508): AH00831: socache_shmcb_store (0x4a -> subcache 10)
[Wed Aug 26 03:11:03.400620 2026] [socache_shmcb:debug] [pid 2270797:tid 2270797] mod_socache_shmcb.c(745): AH00842: expiring 5 and reclaiming 0 removed socache entries
[Wed Aug 26 03:11:03.400623 2026] [socache_shmcb:debug] [pid 2270797:tid 2270797] mod_socache_shmcb.c(765): AH00843: we now have 26 socache entries
[Wed Aug 26 03:11:03.400626 2026] [socache_shmcb:debug] [pid 2270797:tid 2270797] mod_socache_shmcb.c(860): AH00847: insert happened at idx=13, data=(5656:5688)
[Wed Aug 26 03:11:03.400628 2026] [socache_shmcb:debug] [pid 2270797:tid 2270797] mod_socache_shmcb.c(863): AH00848: finished insert, subcache: idx_pos/idx_used=75/27, data_pos/data_used=13684/6061
[Wed Aug 26 03:11:03.400630 2026] [socache_shmcb:debug] [pid 2270797:tid 2270797] mod_socache_shmcb.c(530): AH00834: leaving socache_shmcb_store successfully
[Wed Aug 26 03:11:03.400691 2026] [socache_shmcb:debug] [pid 2270797:tid 2270797] mod_socache_shmcb.c(508): AH00831: socache_shmcb_store (0x59 -> subcache 25)
[Wed Aug 26 03:11:03.400697 2026] [socache_shmcb:debug] [pid 2270797:tid 2270797] mod_socache_shmcb.c(860): AH00847: insert happened at idx=42, data=(11948:11980)
[Wed Aug 26 03:11:03.400699 2026] [socache_shmcb:debug] [pid 2270797:tid 2270797] mod_socache_shmcb.c(863): AH00848: finished insert, subcache: idx_pos/idx_used=6/37, data_pos/data_used=3914/8260
[Wed Aug 26 03:11:03.400701 2026] [socache_shmcb:debug] [pid 2270797:tid 2270797] mod_socache_shmcb.c(530): AH00834: leaving socache_shmcb_store successfully
[Wed Aug 26 03:11:03.559516 2026] [ssl:info] [pid 2270450:tid 2270450] [client 3.101.8.174:42858] AH01964: Connection to child 12 established (server 2blog.ilc.edu.tw:443)
[Wed Aug 26 03:11:03.561790 2026] [ssl:debug] [pid 2270450:tid 2270450] ssl_engine_kernel.c(2222): [client 3.101.8.174:42858] AH02043: SSL virtual host for servername www.kles.ilc.edu.tw found
[Wed Aug 26 03:11:03.562300 2026] [core:debug] [pid 2270450:tid 2270450] protocol.c(2460): [client 3.101.8.174:42858] AH03155: select protocol from , choices=h2,http/1.1 for server www.kles.ilc.edu.tw
[Wed Aug 26 03:11:03.587620 2026] [ssl:debug] [pid 2270797:tid 2270797] ssl_engine_kernel.c(254): [client 17.246.19.244:57230] AH02034: Initial (No.1) HTTPS request received for child 39 (server 2blog.ilc.edu.tw:443)
[Wed Aug 26 03:11:03.587887 2026] [authz_core:debug] [pid 2270797:tid 2270797] mod_authz_core.c(815): [client 17.246.19.244:57230] AH01626: authorization result of Require all granted: granted
[Wed Aug 26 03:11:03.587895 2026] [authz_core:debug] [pid 2270797:tid 2270797] mod_authz_core.c(815): [client 17.246.19.244:57230] AH01626: authorization result of : granted
[Wed Aug 26 03:11:03.588042 2026] [authz_core:debug] [pid 2270797:tid 2270797] mod_authz_core.c(815): [client 17.246.19.244:57230] AH01626: authorization result of Require all granted: granted
[Wed Aug 26 03:11:03.588047 2026] [authz_core:debug] [pid 2270797:tid 2270797] mod_authz_core.c(815): [client 17.246.19.244:57230] AH01626: authorization result of : granted
[Wed Aug 26 03:11:03.724886 2026] [ssl:debug] [pid 2270450:tid 2270450] ssl_engine_kernel.c(2082): [client 3.101.8.174:42858] AH02041: Protocol: TLSv1.3, Cipher: TLS_AES_256_GCM_SHA384 (256/256 bits)
[Wed Aug 26 03:11:03.724982 2026] [socache_shmcb:debug] [pid 2270450:tid 2270450] mod_socache_shmcb.c(508): AH00831: socache_shmcb_store (0xb7 -> subcache 23)
[Wed Aug 26 03:11:03.725003 2026] [socache_shmcb:debug] [pid 2270450:tid 2270450] mod_socache_shmcb.c(745): AH00842: expiring 2 and reclaiming 0 removed socache entries
[Wed Aug 26 03:11:03.725007 2026] [socache_shmcb:debug] [pid 2270450:tid 2270450] mod_socache_shmcb.c(765): AH00843: we now have 43 socache entries
[Wed Aug 26 03:11:03.725010 2026] [socache_shmcb:debug] [pid 2270450:tid 2270450] mod_socache_shmcb.c(860): AH00847: insert happened at idx=2, data=(8925:8957)
[Wed Aug 26 03:11:03.725014 2026] [socache_shmcb:debug] [pid 2270450:tid 2270450] mod_socache_shmcb.c(863): AH00848: finished insert, subcache: idx_pos/idx_used=47/44, data_pos/data_used=13148/9869
[Wed Aug 26 03:11:03.725017 2026] [socache_shmcb:debug] [pid 2270450:tid 2270450] mod_socache_shmcb.c(530): AH00834: leaving socache_shmcb_store successfully
[Wed Aug 26 03:11:03.725127 2026] [socache_shmcb:debug] [pid 2270450:tid 2270450] mod_socache_shmcb.c(508): AH00831: socache_shmcb_store (0x9a -> subcache 26)
[Wed Aug 26 03:11:03.725135 2026] [socache_shmcb:debug] [pid 2270450:tid 2270450] mod_socache_shmcb.c(745): AH00842: expiring 1 and reclaiming 0 removed socache entries
[Wed Aug 26 03:11:03.725138 2026] [socache_shmcb:debug] [pid 2270450:tid 2270450] mod_socache_shmcb.c(765): AH00843: we now have 28 socache entries
[Wed Aug 26 03:11:03.725141 2026] [socache_shmcb:debug] [pid 2270450:tid 2270450] mod_socache_shmcb.c(860): AH00847: insert happened at idx=37, data=(2641:2673)
[Wed Aug 26 03:11:03.725144 2026] [socache_shmcb:debug] [pid 2270450:tid 2270450] mod_socache_shmcb.c(863): AH00848: finished insert, subcache: idx_pos/idx_used=9/29, data_pos/data_used=10278/6456
[Wed Aug 26 03:11:03.725146 2026] [socache_shmcb:debug] [pid 2270450:tid 2270450] mod_socache_shmcb.c(530): AH00834: leaving socache_shmcb_store successfully
[Wed Aug 26 03:11:03.725322 2026] [ssl:debug] [pid 2270450:tid 2270450] ssl_engine_kernel.c(254): [client 3.101.8.174:42858] AH02034: Initial (No.1) HTTPS request received for child 12 (server www.kles.ilc.edu.tw:443)
[Wed Aug 26 03:11:03.725568 2026] [authz_core:debug] [pid 2270450:tid 2270450] mod_authz_core.c(815): [client 3.101.8.174:42858] AH01626: authorization result of Require all granted: granted
[Wed Aug 26 03:11:03.725578 2026] [authz_core:debug] [pid 2270450:tid 2270450] mod_authz_core.c(815): [client 3.101.8.174:42858] AH01626: authorization result of : granted
[Wed Aug 26 03:11:03.725850 2026] [authz_core:debug] [pid 2270450:tid 2270450] mod_authz_core.c(815): [client 3.101.8.174:42858] AH01626: authorization result of Require all granted: granted
[Wed Aug 26 03:11:03.725876 2026] [authz_core:debug] [pid 2270450:tid 2270450] mod_authz_core.c(815): [client 3.101.8.174:42858] AH01626: authorization result of : granted
[Wed Aug 26 03:11:03.903890 2026] [ssl:debug] [pid 2270450:tid 2270450] ssl_engine_io.c(1150): [client 3.101.8.174:42858] AH02001: Connection closed to child 12 with standard shutdown (server www.kles.ilc.edu.tw:443)
[Wed Aug 26 03:11:03.998918 2026] [ssl:info] [pid 2270787:tid 2270787] [client 2401:e180:8c20:3b5c:d072:9d4e:b474:a2cc:55331] AH01964: Connection to child 32 established (server 2blog.ilc.edu.tw:443)
[Wed Aug 26 03:11:04.008121 2026] [ssl:debug] [pid 2270787:tid 2270787] ssl_engine_kernel.c(2222): [client 2401:e180:8c20:3b5c:d072:9d4e:b474:a2cc:55331] AH02043: SSL virtual host for servername www.csjh.ilc.edu.tw found
[Wed Aug 26 03:11:04.009810 2026] [core:debug] [pid 2270787:tid 2270787] protocol.c(2460): [client 2401:e180:8c20:3b5c:d072:9d4e:b474:a2cc:55331] AH03155: select protocol from , choices=h2,http/1.1 for server www.csjh.ilc.edu.tw
[Wed Aug 26 03:11:04.010839 2026] [ssl:debug] [pid 2270787:tid 2270787] ssl_util_stapling.c(819): AH01951: stapling_cb: OCSP Stapling callback called
[Wed Aug 26 03:11:04.010861 2026] [ssl:info] [pid 2270787:tid 2270787] AH01926: stapling_get_certinfo: stapling not supported for certificate
[Wed Aug 26 03:11:04.052827 2026] [ssl:debug] [pid 2270787:tid 2270787] ssl_engine_kernel.c(2082): [client 2401:e180:8c20:3b5c:d072:9d4e:b474:a2cc:55331] AH02041: Protocol: TLSv1.3, Cipher: TLS_AES_256_GCM_SHA384 (256/256 bits)
[Wed Aug 26 03:11:04.052886 2026] [socache_shmcb:debug] [pid 2270787:tid 2270787] mod_socache_shmcb.c(508): AH00831: socache_shmcb_store (0x26 -> subcache 6)
[Wed Aug 26 03:11:04.052894 2026] [socache_shmcb:debug] [pid 2270787:tid 2270787] mod_socache_shmcb.c(860): AH00847: insert happened at idx=52, data=(57:89)
[Wed Aug 26 03:11:04.052896 2026] [socache_shmcb:debug] [pid 2270787:tid 2270787] mod_socache_shmcb.c(863): AH00848: finished insert, subcache: idx_pos/idx_used=17/36, data_pos/data_used=6139/8011
[Wed Aug 26 03:11:04.052898 2026] [socache_shmcb:debug] [pid 2270787:tid 2270787] mod_socache_shmcb.c(530): AH00834: leaving socache_shmcb_store successfully
[Wed Aug 26 03:11:04.052982 2026] [socache_shmcb:debug] [pid 2270787:tid 2270787] mod_socache_shmcb.c(508): AH00831: socache_shmcb_store (0xa1 -> subcache 1)
[Wed Aug 26 03:11:04.052988 2026] [socache_shmcb:debug] [pid 2270787:tid 2270787] mod_socache_shmcb.c(745): AH00842: expiring 2 and reclaiming 0 removed socache entries
[Wed Aug 26 03:11:04.052990 2026] [socache_shmcb:debug] [pid 2270787:tid 2270787] mod_socache_shmcb.c(765): AH00843: we now have 58 socache entries
[Wed Aug 26 03:11:04.052992 2026] [socache_shmcb:debug] [pid 2270787:tid 2270787] mod_socache_shmcb.c(860): AH00847: insert happened at idx=30, data=(977:1009)
[Wed Aug 26 03:11:04.052994 2026] [socache_shmcb:debug] [pid 2270787:tid 2270787] mod_socache_shmcb.c(863): AH00848: finished insert, subcache: idx_pos/idx_used=60/59, data_pos/data_used=1926/13143
[Wed Aug 26 03:11:04.052995 2026] [socache_shmcb:debug] [pid 2270787:tid 2270787] mod_socache_shmcb.c(530): AH00834: leaving socache_shmcb_store successfully
[Wed Aug 26 03:11:04.079217 2026] [ssl:info] [pid 2270607:tid 2270607] [client 2401:e180:8c20:3b5c:d072:9d4e:b474:a2cc:55332] AH01964: Connection to child 14 established (server 2blog.ilc.edu.tw:443)
[Wed Aug 26 03:11:04.079460 2026] [ssl:debug] [pid 2270607:tid 2270607] ssl_engine_kernel.c(2222): [client 2401:e180:8c20:3b5c:d072:9d4e:b474:a2cc:55332] AH02043: SSL virtual host for servername www.csjh.ilc.edu.tw found
[Wed Aug 26 03:11:04.079535 2026] [core:debug] [pid 2270607:tid 2270607] protocol.c(2460): [client 2401:e180:8c20:3b5c:d072:9d4e:b474:a2cc:55332] AH03155: select protocol from , choices=http/1.1 for server www.csjh.ilc.edu.tw
[Wed Aug 26 03:11:04.079587 2026] [ssl:debug] [pid 2270607:tid 2270607] ssl_util_stapling.c(819): AH01951: stapling_cb: OCSP Stapling callback called
[Wed Aug 26 03:11:04.079594 2026] [ssl:info] [pid 2270607:tid 2270607] AH01926: stapling_get_certinfo: stapling not supported for certificate
[Wed Aug 26 03:11:04.114805 2026] [ssl:debug] [pid 2270607:tid 2270607] ssl_engine_kernel.c(2082): [client 2401:e180:8c20:3b5c:d072:9d4e:b474:a2cc:55332] AH02041: Protocol: TLSv1.3, Cipher: TLS_AES_256_GCM_SHA384 (256/256 bits)
[Wed Aug 26 03:11:04.114881 2026] [socache_shmcb:debug] [pid 2270607:tid 2270607] mod_socache_shmcb.c(508): AH00831: socache_shmcb_store (0x1a -> subcache 26)
[Wed Aug 26 03:11:04.114890 2026] [socache_shmcb:debug] [pid 2270607:tid 2270607] mod_socache_shmcb.c(860): AH00847: insert happened at idx=38, data=(2870:2902)
[Wed Aug 26 03:11:04.114893 2026] [socache_shmcb:debug] [pid 2270607:tid 2270607] mod_socache_shmcb.c(863): AH00848: finished insert, subcache: idx_pos/idx_used=9/30, data_pos/data_used=10278/6684
[Wed Aug 26 03:11:04.114895 2026] [socache_shmcb:debug] [pid 2270607:tid 2270607] mod_socache_shmcb.c(530): AH00834: leaving socache_shmcb_store successfully
[Wed Aug 26 03:11:04.114972 2026] [socache_shmcb:debug] [pid 2270607:tid 2270607] mod_socache_shmcb.c(508): AH00831: socache_shmcb_store (0x0a -> subcache 10)
[Wed Aug 26 03:11:04.114992 2026] [socache_shmcb:debug] [pid 2270607:tid 2270607] mod_socache_shmcb.c(860): AH00847: insert happened at idx=14, data=(5881:5913)
[Wed Aug 26 03:11:04.114995 2026] [socache_shmcb:debug] [pid 2270607:tid 2270607] mod_socache_shmcb.c(863): AH00848: finished insert, subcache: idx_pos/idx_used=75/28, data_pos/data_used=13684/6289
[Wed Aug 26 03:11:04.114998 2026] [socache_shmcb:debug] [pid 2270607:tid 2270607] mod_socache_shmcb.c(530): AH00834: leaving socache_shmcb_store successfully
[Wed Aug 26 03:11:04.118825 2026] [ssl:info] [pid 2270610:tid 2270610] [client 66.249.79.138:52806] AH01964: Connection to child 18 established (server 2blog.ilc.edu.tw:443)
[Wed Aug 26 03:11:04.119291 2026] [ssl:debug] [pid 2270610:tid 2270610] ssl_engine_kernel.c(2222): [client 66.249.79.138:52806] AH02043: SSL virtual host for servername www.jwes.ilc.edu.tw found
[Wed Aug 26 03:11:04.119388 2026] [ssl:debug] [pid 2270610:tid 2270610] ssl_util_stapling.c(819): AH01951: stapling_cb: OCSP Stapling callback called
[Wed Aug 26 03:11:04.119395 2026] [ssl:info] [pid 2270610:tid 2270610] AH01926: stapling_get_certinfo: stapling not supported for certificate
[Wed Aug 26 03:11:04.129033 2026] [ssl:debug] [pid 2270787:tid 2270787] ssl_engine_kernel.c(254): [client 2401:e180:8c20:3b5c:d072:9d4e:b474:a2cc:55331] AH02034: Initial (No.1) HTTPS request received for child 32 (server www.csjh.ilc.edu.tw:443), referer: https://www.google.com/
[Wed Aug 26 03:11:04.129233 2026] [authz_core:debug] [pid 2270787:tid 2270787] mod_authz_core.c(815): [client 2401:e180:8c20:3b5c:d072:9d4e:b474:a2cc:55331] AH01626: authorization result of Require all granted: granted, referer: https://www.google.com/
[Wed Aug 26 03:11:04.129238 2026] [authz_core:debug] [pid 2270787:tid 2270787] mod_authz_core.c(815): [client 2401:e180:8c20:3b5c:d072:9d4e:b474:a2cc:55331] AH01626: authorization result of : granted, referer: https://www.google.com/
[Wed Aug 26 03:11:04.129395 2026] [authz_core:debug] [pid 2270787:tid 2270787] mod_authz_core.c(815): [client 2401:e180:8c20:3b5c:d072:9d4e:b474:a2cc:55331] AH01626: authorization result of Require all granted: granted, referer: https://www.google.com/
[Wed Aug 26 03:11:04.129399 2026] [authz_core:debug] [pid 2270787:tid 2270787] mod_authz_core.c(815): [client 2401:e180:8c20:3b5c:d072:9d4e:b474:a2cc:55331] AH01626: authorization result of : granted, referer: https://www.google.com/
[Wed Aug 26 03:11:04.176653 2026] [deflate:debug] [pid 2270787:tid 2270787] mod_deflate.c(909): [client 2401:e180:8c20:3b5c:d072:9d4e:b474:a2cc:55331] AH01384: Zlib: Compressed 147425 to 24395 : URL /index.php, referer: https://www.google.com/
[Wed Aug 26 03:11:04.205105 2026] [ssl:debug] [pid 2270117:tid 2270117] ssl_engine_io.c(1150): [client 34.10.180.98:18945] AH02001: Connection closed to child 4 with standard shutdown (server 2blog.ilc.edu.tw:443)
[Wed Aug 26 03:11:04.232911 2026] [ssl:debug] [pid 2270607:tid 2270607] ssl_engine_kernel.c(254): [client 2401:e180:8c20:3b5c:d072:9d4e:b474:a2cc:55332] AH02034: Initial (No.1) HTTPS request received for child 14 (server www.csjh.ilc.edu.tw:443), referer: https://www.csjh.ilc.edu.tw/
[Wed Aug 26 03:11:04.235241 2026] [authz_core:debug] [pid 2270607:tid 2270607] mod_authz_core.c(815): [client 2401:e180:8c20:3b5c:d072:9d4e:b474:a2cc:55332] AH01626: authorization result of Require all granted: granted, referer: https://www.csjh.ilc.edu.tw/
[Wed Aug 26 03:11:04.235268 2026] [authz_core:debug] [pid 2270607:tid 2270607] mod_authz_core.c(815): [client 2401:e180:8c20:3b5c:d072:9d4e:b474:a2cc:55332] AH01626: authorization result of : granted, referer: https://www.csjh.ilc.edu.tw/
[Wed Aug 26 03:11:04.240980 2026] [ssl:debug] [pid 2270787:tid 2270787] ssl_engine_kernel.c(254): [client 2401:e180:8c20:3b5c:d072:9d4e:b474:a2cc:55331] AH02034: Subsequent (No.2) HTTPS request received for child 32 (server www.csjh.ilc.edu.tw:443), referer: https://www.csjh.ilc.edu.tw/
[Wed Aug 26 03:11:04.245651 2026] [authz_core:debug] [pid 2270787:tid 2270787] mod_authz_core.c(815): [client 2401:e180:8c20:3b5c:d072:9d4e:b474:a2cc:55331] AH01626: authorization result of Require all granted: granted, referer: https://www.csjh.ilc.edu.tw/
[Wed Aug 26 03:11:04.245671 2026] [authz_core:debug] [pid 2270787:tid 2270787] mod_authz_core.c(815): [client 2401:e180:8c20:3b5c:d072:9d4e:b474:a2cc:55331] AH01626: authorization result of : granted, referer: https://www.csjh.ilc.edu.tw/
[Wed Aug 26 03:11:04.247004 2026] [deflate:debug] [pid 2270607:tid 2270607] mod_deflate.c(909): [client 2401:e180:8c20:3b5c:d072:9d4e:b474:a2cc:55332] AH01384: Zlib: Compressed 639807 to 70477 : URL /wp-content/cache/www.csjh.ilc.edu.tw/wpfc-minified/9639mew6/789g.css, referer: https://www.csjh.ilc.edu.tw/
[Wed Aug 26 03:11:04.251033 2026] [ssl:debug] [pid 2270610:tid 2270610] ssl_engine_kernel.c(2082): [client 66.249.79.138:52806] AH02041: Protocol: TLSv1.3, Cipher: TLS_AES_256_GCM_SHA384 (256/256 bits)
[Wed Aug 26 03:11:04.251086 2026] [socache_shmcb:debug] [pid 2270610:tid 2270610] mod_socache_shmcb.c(508): AH00831: socache_shmcb_store (0x91 -> subcache 17)
[Wed Aug 26 03:11:04.251092 2026] [socache_shmcb:debug] [pid 2270610:tid 2270610] mod_socache_shmcb.c(745): AH00842: expiring 1 and reclaiming 0 removed socache entries
[Wed Aug 26 03:11:04.251095 2026] [socache_shmcb:debug] [pid 2270610:tid 2270610] mod_socache_shmcb.c(765): AH00843: we now have 41 socache entries
[Wed Aug 26 03:11:04.251097 2026] [socache_shmcb:debug] [pid 2270610:tid 2270610] mod_socache_shmcb.c(860): AH00847: insert happened at idx=81, data=(6774:6806)
[Wed Aug 26 03:11:04.251099 2026] [socache_shmcb:debug] [pid 2270610:tid 2270610] mod_socache_shmcb.c(863): AH00848: finished insert, subcache: idx_pos/idx_used=40/42, data_pos/data_used=11524/9331
[Wed Aug 26 03:11:04.251101 2026] [socache_shmcb:debug] [pid 2270610:tid 2270610] mod_socache_shmcb.c(530): AH00834: leaving socache_shmcb_store successfully
[Wed Aug 26 03:11:04.251151 2026] [socache_shmcb:debug] [pid 2270610:tid 2270610] mod_socache_shmcb.c(508): AH00831: socache_shmcb_store (0xdc -> subcache 28)
[Wed Aug 26 03:11:04.251164 2026] [socache_shmcb:debug] [pid 2270610:tid 2270610] mod_socache_shmcb.c(745): AH00842: expiring 6 and reclaiming 0 removed socache entries
[Wed Aug 26 03:11:04.251167 2026] [socache_shmcb:debug] [pid 2270610:tid 2270610] mod_socache_shmcb.c(765): AH00843: we now have 38 socache entries
[Wed Aug 26 03:11:04.251170 2026] [socache_shmcb:debug] [pid 2270610:tid 2270610] mod_socache_shmcb.c(860): AH00847: insert happened at idx=59, data=(7855:7887)
[Wed Aug 26 03:11:04.251173 2026] [socache_shmcb:debug] [pid 2270610:tid 2270610] mod_socache_shmcb.c(863): AH00848: finished insert, subcache: idx_pos/idx_used=21/39, data_pos/data_used=13219/8717
[Wed Aug 26 03:11:04.251175 2026] [socache_shmcb:debug] [pid 2270610:tid 2270610] mod_socache_shmcb.c(530): AH00834: leaving socache_shmcb_store successfully
[Wed Aug 26 03:11:04.251295 2026] [ssl:debug] [pid 2270610:tid 2270610] ssl_engine_kernel.c(254): [client 66.249.79.138:52806] AH02034: Initial (No.1) HTTPS request received for child 18 (server www.jwes.ilc.edu.tw:443)
[Wed Aug 26 03:11:04.251471 2026] [authz_core:debug] [pid 2270610:tid 2270610] mod_authz_core.c(815): [client 66.249.79.138:52806] AH01626: authorization result of Require all granted: granted
[Wed Aug 26 03:11:04.251486 2026] [authz_core:debug] [pid 2270610:tid 2270610] mod_authz_core.c(815): [client 66.249.79.138:52806] AH01626: authorization result of : granted
[Wed Aug 26 03:11:04.282009 2026] [ssl:info] [pid 2270801:tid 2270801] [client 2401:e180:8c20:3b5c:d072:9d4e:b474:a2cc:55333] AH01964: Connection to child 43 established (server 2blog.ilc.edu.tw:443)
[Wed Aug 26 03:11:04.282057 2026] [ssl:info] [pid 2261311:tid 2261311] [client 2401:e180:8c20:3b5c:d072:9d4e:b474:a2cc:55334] AH01964: Connection to child 2 established (server 2blog.ilc.edu.tw:443)
[Wed Aug 26 03:11:04.282263 2026] [ssl:debug] [pid 2270801:tid 2270801] ssl_engine_kernel.c(2222): [client 2401:e180:8c20:3b5c:d072:9d4e:b474:a2cc:55333] AH02043: SSL virtual host for servername www.csjh.ilc.edu.tw found
[Wed Aug 26 03:11:04.282277 2026] [ssl:debug] [pid 2261311:tid 2261311] ssl_engine_kernel.c(2222): [client 2401:e180:8c20:3b5c:d072:9d4e:b474:a2cc:55334] AH02043: SSL virtual host for servername www.csjh.ilc.edu.tw found
[Wed Aug 26 03:11:04.282342 2026] [core:debug] [pid 2261311:tid 2261311] protocol.c(2460): [client 2401:e180:8c20:3b5c:d072:9d4e:b474:a2cc:55334] AH03155: select protocol from , choices=http/1.1 for server www.csjh.ilc.edu.tw
[Wed Aug 26 03:11:04.282342 2026] [core:debug] [pid 2270801:tid 2270801] protocol.c(2460): [client 2401:e180:8c20:3b5c:d072:9d4e:b474:a2cc:55333] AH03155: select protocol from , choices=http/1.1 for server www.csjh.ilc.edu.tw
[Wed Aug 26 03:11:04.282391 2026] [ssl:debug] [pid 2261311:tid 2261311] ssl_util_stapling.c(819): AH01951: stapling_cb: OCSP Stapling callback called
[Wed Aug 26 03:11:04.282393 2026] [ssl:debug] [pid 2270801:tid 2270801] ssl_util_stapling.c(819): AH01951: stapling_cb: OCSP Stapling callback called
[Wed Aug 26 03:11:04.282398 2026] [ssl:info] [pid 2261311:tid 2261311] AH01926: stapling_get_certinfo: stapling not supported for certificate
[Wed Aug 26 03:11:04.282402 2026] [ssl:info] [pid 2270801:tid 2270801] AH01926: stapling_get_certinfo: stapling not supported for certificate
[Wed Aug 26 03:11:04.320977 2026] [ssl:debug] [pid 2261311:tid 2261311] ssl_engine_kernel.c(2082): [client 2401:e180:8c20:3b5c:d072:9d4e:b474:a2cc:55334] AH02041: Protocol: TLSv1.3, Cipher: TLS_AES_256_GCM_SHA384 (256/256 bits)
[Wed Aug 26 03:11:04.320977 2026] [ssl:debug] [pid 2270801:tid 2270801] ssl_engine_kernel.c(2082): [client 2401:e180:8c20:3b5c:d072:9d4e:b474:a2cc:55333] AH02041: Protocol: TLSv1.3, Cipher: TLS_AES_256_GCM_SHA384 (256/256 bits)
[Wed Aug 26 03:11:04.321037 2026] [socache_shmcb:debug] [pid 2261311:tid 2261311] mod_socache_shmcb.c(508): AH00831: socache_shmcb_store (0x74 -> subcache 20)
[Wed Aug 26 03:11:04.321046 2026] [socache_shmcb:debug] [pid 2261311:tid 2261311] mod_socache_shmcb.c(745): AH00842: expiring 3 and reclaiming 0 removed socache entries
[Wed Aug 26 03:11:04.321049 2026] [socache_shmcb:debug] [pid 2261311:tid 2261311] mod_socache_shmcb.c(765): AH00843: we now have 43 socache entries
[Wed Aug 26 03:11:04.321053 2026] [socache_shmcb:debug] [pid 2261311:tid 2261311] mod_socache_shmcb.c(860): AH00847: insert happened at idx=62, data=(2947:2979)
[Wed Aug 26 03:11:04.321056 2026] [socache_shmcb:debug] [pid 2261311:tid 2261311] mod_socache_shmcb.c(863): AH00848: finished insert, subcache: idx_pos/idx_used=19/44, data_pos/data_used=7179/9860
[Wed Aug 26 03:11:04.321059 2026] [socache_shmcb:debug] [pid 2261311:tid 2261311] mod_socache_shmcb.c(530): AH00834: leaving socache_shmcb_store successfully
[Wed Aug 26 03:11:04.321069 2026] [socache_shmcb:debug] [pid 2270801:tid 2270801] mod_socache_shmcb.c(508): AH00831: socache_shmcb_store (0xaf -> subcache 15)
[Wed Aug 26 03:11:04.321085 2026] [socache_shmcb:debug] [pid 2270801:tid 2270801] mod_socache_shmcb.c(745): AH00842: expiring 3 and reclaiming 0 removed socache entries
[Wed Aug 26 03:11:04.321088 2026] [socache_shmcb:debug] [pid 2270801:tid 2270801] mod_socache_shmcb.c(765): AH00843: we now have 51 socache entries
[Wed Aug 26 03:11:04.321090 2026] [socache_shmcb:debug] [pid 2270801:tid 2270801] mod_socache_shmcb.c(860): AH00847: insert happened at idx=51, data=(109:141)
[Wed Aug 26 03:11:04.321101 2026] [socache_shmcb:debug] [pid 2270801:tid 2270801] mod_socache_shmcb.c(863): AH00848: finished insert, subcache: idx_pos/idx_used=0/52, data_pos/data_used=2662/11539
[Wed Aug 26 03:11:04.321103 2026] [socache_shmcb:debug] [pid 2270801:tid 2270801] mod_socache_shmcb.c(530): AH00834: leaving socache_shmcb_store successfully
[Wed Aug 26 03:11:04.321126 2026] [socache_shmcb:debug] [pid 2261311:tid 2261311] mod_socache_shmcb.c(508): AH00831: socache_shmcb_store (0x86 -> subcache 6)
[Wed Aug 26 03:11:04.321132 2026] [socache_shmcb:debug] [pid 2261311:tid 2261311] mod_socache_shmcb.c(860): AH00847: insert happened at idx=53, data=(286:318)
[Wed Aug 26 03:11:04.321134 2026] [socache_shmcb:debug] [pid 2261311:tid 2261311] mod_socache_shmcb.c(863): AH00848: finished insert, subcache: idx_pos/idx_used=17/37, data_pos/data_used=6139/8239
[Wed Aug 26 03:11:04.321136 2026] [socache_shmcb:debug] [pid 2261311:tid 2261311] mod_socache_shmcb.c(530): AH00834: leaving socache_shmcb_store successfully
[Wed Aug 26 03:11:04.321149 2026] [socache_shmcb:debug] [pid 2270801:tid 2270801] mod_socache_shmcb.c(508): AH00831: socache_shmcb_store (0x1f -> subcache 31)
[Wed Aug 26 03:11:04.321155 2026] [socache_shmcb:debug] [pid 2270801:tid 2270801] mod_socache_shmcb.c(745): AH00842: expiring 9 and reclaiming 0 removed socache entries
[Wed Aug 26 03:11:04.321157 2026] [socache_shmcb:debug] [pid 2270801:tid 2270801] mod_socache_shmcb.c(765): AH00843: we now have 47 socache entries
[Wed Aug 26 03:11:04.321159 2026] [socache_shmcb:debug] [pid 2270801:tid 2270801] mod_socache_shmcb.c(860): AH00847: insert happened at idx=17, data=(6367:6399)
[Wed Aug 26 03:11:04.321160 2026] [socache_shmcb:debug] [pid 2270801:tid 2270801] mod_socache_shmcb.c(863): AH00848: finished insert, subcache: idx_pos/idx_used=58/48, data_pos/data_used=9714/10746
[Wed Aug 26 03:11:04.321162 2026] [socache_shmcb:debug] [pid 2270801:tid 2270801] mod_socache_shmcb.c(530): AH00834: leaving socache_shmcb_store successfully
[Wed Aug 26 03:11:04.321260 2026] [ssl:debug] [pid 2270801:tid 2270801] ssl_engine_kernel.c(254): [client 2401:e180:8c20:3b5c:d072:9d4e:b474:a2cc:55333] AH02034: Initial (No.1) HTTPS request received for child 43 (server www.csjh.ilc.edu.tw:443), referer: https://www.csjh.ilc.edu.tw/
[Wed Aug 26 03:11:04.321260 2026] [ssl:debug] [pid 2261311:tid 2261311] ssl_engine_kernel.c(254): [client 2401:e180:8c20:3b5c:d072:9d4e:b474:a2cc:55334] AH02034: Initial (No.1) HTTPS request received for child 2 (server www.csjh.ilc.edu.tw:443), referer: https://www.csjh.ilc.edu.tw/
[Wed Aug 26 03:11:04.322369 2026] [authz_core:debug] [pid 2270801:tid 2270801] mod_authz_core.c(815): [client 2401:e180:8c20:3b5c:d072:9d4e:b474:a2cc:55333] AH01626: authorization result of Require all granted: granted, referer: https://www.csjh.ilc.edu.tw/
[Wed Aug 26 03:11:04.322385 2026] [authz_core:debug] [pid 2270801:tid 2270801] mod_authz_core.c(815): [client 2401:e180:8c20:3b5c:d072:9d4e:b474:a2cc:55333] AH01626: authorization result of : granted, referer: https://www.csjh.ilc.edu.tw/
[Wed Aug 26 03:11:04.322934 2026] [deflate:debug] [pid 2270801:tid 2270801] mod_deflate.c(909): [client 2401:e180:8c20:3b5c:d072:9d4e:b474:a2cc:55333] AH01384: Zlib: Compressed 750 to 178 : URL /wp-content/uploads/sites/980/elementor/css/post-1985.css, referer: https://www.csjh.ilc.edu.tw/
[Wed Aug 26 03:11:04.322949 2026] [authz_core:debug] [pid 2261311:tid 2261311] mod_authz_core.c(815): [client 2401:e180:8c20:3b5c:d072:9d4e:b474:a2cc:55334] AH01626: authorization result of Require all granted: granted, referer: https://www.csjh.ilc.edu.tw/
[Wed Aug 26 03:11:04.322963 2026] [authz_core:debug] [pid 2261311:tid 2261311] mod_authz_core.c(815): [client 2401:e180:8c20:3b5c:d072:9d4e:b474:a2cc:55334] AH01626: authorization result of : granted, referer: https://www.csjh.ilc.edu.tw/
[Wed Aug 26 03:11:04.324650 2026] [deflate:debug] [pid 2261311:tid 2261311] mod_deflate.c(909): [client 2401:e180:8c20:3b5c:d072:9d4e:b474:a2cc:55334] AH01384: Zlib: Compressed 60279 to 13007 : URL /wp-content/cache/www.csjh.ilc.edu.tw/wpfc-minified/dpz4nko1/7160.css, referer: https://www.csjh.ilc.edu.tw/
[Wed Aug 26 03:11:04.362276 2026] [ssl:debug] [pid 2270787:tid 2270787] ssl_engine_kernel.c(254): [client 2401:e180:8c20:3b5c:d072:9d4e:b474:a2cc:55331] AH02034: Subsequent (No.3) HTTPS request received for child 32 (server www.csjh.ilc.edu.tw:443), referer: https://www.csjh.ilc.edu.tw/
[Wed Aug 26 03:11:04.368209 2026] [authz_core:debug] [pid 2270787:tid 2270787] mod_authz_core.c(815): [client 2401:e180:8c20:3b5c:d072:9d4e:b474:a2cc:55331] AH01626: authorization result of Require all granted: granted, referer: https://www.csjh.ilc.edu.tw/
[Wed Aug 26 03:11:04.368235 2026] [authz_core:debug] [pid 2270787:tid 2270787] mod_authz_core.c(815): [client 2401:e180:8c20:3b5c:d072:9d4e:b474:a2cc:55331] AH01626: authorization result of : granted, referer: https://www.csjh.ilc.edu.tw/
[Wed Aug 26 03:11:04.393170 2026] [ssl:debug] [pid 2270607:tid 2270607] ssl_engine_kernel.c(254): [client 2401:e180:8c20:3b5c:d072:9d4e:b474:a2cc:55332] AH02034: Subsequent (No.2) HTTPS request received for child 14 (server www.csjh.ilc.edu.tw:443), referer: https://www.csjh.ilc.edu.tw/
[Wed Aug 26 03:11:04.394777 2026] [authz_core:debug] [pid 2270607:tid 2270607] mod_authz_core.c(815): [client 2401:e180:8c20:3b5c:d072:9d4e:b474:a2cc:55332] AH01626: authorization result of Require all granted: granted, referer: https://www.csjh.ilc.edu.tw/
[Wed Aug 26 03:11:04.394798 2026] [authz_core:debug] [pid 2270607:tid 2270607] mod_authz_core.c(815): [client 2401:e180:8c20:3b5c:d072:9d4e:b474:a2cc:55332] AH01626: authorization result of : granted, referer: https://www.csjh.ilc.edu.tw/
[Wed Aug 26 03:11:04.453267 2026] [ssl:debug] [pid 2270801:tid 2270801] ssl_engine_kernel.c(254): [client 2401:e180:8c20:3b5c:d072:9d4e:b474:a2cc:55333] AH02034: Subsequent (No.2) HTTPS request received for child 43 (server www.csjh.ilc.edu.tw:443), referer: https://www.csjh.ilc.edu.tw/
[Wed Aug 26 03:11:04.453594 2026] [authz_core:debug] [pid 2270801:tid 2270801] mod_authz_core.c(815): [client 2401:e180:8c20:3b5c:d072:9d4e:b474:a2cc:55333] AH01626: authorization result of Require all granted: granted, referer: https://www.csjh.ilc.edu.tw/
[Wed Aug 26 03:11:04.453628 2026] [authz_core:debug] [pid 2270801:tid 2270801] mod_authz_core.c(815): [client 2401:e180:8c20:3b5c:d072:9d4e:b474:a2cc:55333] AH01626: authorization result of : granted, referer: https://www.csjh.ilc.edu.tw/
[Wed Aug 26 03:11:04.495037 2026] [ssl:debug] [pid 2261311:tid 2261311] ssl_engine_kernel.c(254): [client 2401:e180:8c20:3b5c:d072:9d4e:b474:a2cc:55334] AH02034: Subsequent (No.2) HTTPS request received for child 2 (server www.csjh.ilc.edu.tw:443), referer: https://www.csjh.ilc.edu.tw/
[Wed Aug 26 03:11:04.497456 2026] [authz_core:debug] [pid 2261311:tid 2261311] mod_authz_core.c(815): [client 2401:e180:8c20:3b5c:d072:9d4e:b474:a2cc:55334] AH01626: authorization result of Require all granted: granted, referer: https://www.csjh.ilc.edu.tw/
[Wed Aug 26 03:11:04.497475 2026] [authz_core:debug] [pid 2261311:tid 2261311] mod_authz_core.c(815): [client 2401:e180:8c20:3b5c:d072:9d4e:b474:a2cc:55334] AH01626: authorization result of : granted, referer: https://www.csjh.ilc.edu.tw/
[Wed Aug 26 03:11:04.513957 2026] [ssl:debug] [pid 2270787:tid 2270787] ssl_engine_kernel.c(254): [client 2401:e180:8c20:3b5c:d072:9d4e:b474:a2cc:55331] AH02034: Subsequent (No.4) HTTPS request received for child 32 (server www.csjh.ilc.edu.tw:443), referer: https://www.csjh.ilc.edu.tw/
[Wed Aug 26 03:11:04.513979 2026] [ssl:debug] [pid 2270607:tid 2270607] ssl_engine_kernel.c(254): [client 2401:e180:8c20:3b5c:d072:9d4e:b474:a2cc:55332] AH02034: Subsequent (No.3) HTTPS request received for child 14 (server www.csjh.ilc.edu.tw:443), referer: https://www.csjh.ilc.edu.tw/
[Wed Aug 26 03:11:04.516291 2026] [authz_core:debug] [pid 2270787:tid 2270787] mod_authz_core.c(815): [client 2401:e180:8c20:3b5c:d072:9d4e:b474:a2cc:55331] AH01626: authorization result of Require all granted: granted, referer: https://www.csjh.ilc.edu.tw/
[Wed Aug 26 03:11:04.516315 2026] [authz_core:debug] [pid 2270787:tid 2270787] mod_authz_core.c(815): [client 2401:e180:8c20:3b5c:d072:9d4e:b474:a2cc:55331] AH01626: authorization result of : granted, referer: https://www.csjh.ilc.edu.tw/
[Wed Aug 26 03:11:04.517553 2026] [authz_core:debug] [pid 2270607:tid 2270607] mod_authz_core.c(815): [client 2401:e180:8c20:3b5c:d072:9d4e:b474:a2cc:55332] AH01626: authorization result of Require all granted: granted, referer: https://www.csjh.ilc.edu.tw/
[Wed Aug 26 03:11:04.517567 2026] [authz_core:debug] [pid 2270607:tid 2270607] mod_authz_core.c(815): [client 2401:e180:8c20:3b5c:d072:9d4e:b474:a2cc:55332] AH01626: authorization result of : granted, referer: https://www.csjh.ilc.edu.tw/
[Wed Aug 26 03:11:04.569778 2026] [ssl:info] [pid 2270613:tid 2270613] [client 2401:e180:8c20:3b5c:d072:9d4e:b474:a2cc:55335] AH01964: Connection to child 25 established (server 2blog.ilc.edu.tw:443)
[Wed Aug 26 03:11:04.569981 2026] [ssl:debug] [pid 2270613:tid 2270613] ssl_engine_kernel.c(2222): [client 2401:e180:8c20:3b5c:d072:9d4e:b474:a2cc:55335] AH02043: SSL virtual host for servername www.csjh.ilc.edu.tw found
[Wed Aug 26 03:11:04.570043 2026] [core:debug] [pid 2270613:tid 2270613] protocol.c(2460): [client 2401:e180:8c20:3b5c:d072:9d4e:b474:a2cc:55335] AH03155: select protocol from , choices=http/1.1 for server www.csjh.ilc.edu.tw
[Wed Aug 26 03:11:04.570085 2026] [ssl:debug] [pid 2270613:tid 2270613] ssl_util_stapling.c(819): AH01951: stapling_cb: OCSP Stapling callback called