[Wed Aug 26 03:10:35.719997 2026] [authz_core:debug] [pid 2270618:tid 2270618] mod_authz_core.c(815): [client 2409:8c28:7ce0:109::34:40144] AH01626: authorization result of : granted, referer: https://2blog.ilc.edu.tw/41795/2024/12/page/2/
[Wed Aug 26 03:10:35.720265 2026] [authz_core:debug] [pid 2270618:tid 2270618] mod_authz_core.c(815): [client 2409:8c28:7ce0:109::34:40144] AH01626: authorization result of Require all granted: granted, referer: https://2blog.ilc.edu.tw/41795/2024/12/page/2/
[Wed Aug 26 03:10:35.720275 2026] [authz_core:debug] [pid 2270618:tid 2270618] mod_authz_core.c(815): [client 2409:8c28:7ce0:109::34:40144] AH01626: authorization result of : granted, referer: https://2blog.ilc.edu.tw/41795/2024/12/page/2/
[Wed Aug 26 03:10:35.723254 2026] [deflate:debug] [pid 2270618:tid 2270618] mod_deflate.c(909): [client 2409:8c28:7ce0:109::34:40144] AH01384: Zlib: Compressed 79267 to 39712 : URL /wp-content/cache/2blog.ilc.edu.tw/wpfc-minified/8uqv36xg/602iu.css, referer: https://2blog.ilc.edu.tw/41795/2024/12/page/2/
[Wed Aug 26 03:10:35.787119 2026] [ssl:debug] [pid 2270608:tid 2270608] ssl_engine_kernel.c(254): [client 216.73.216.242:50150] AH02034: Subsequent (No.18) HTTPS request received for child 15 (server 2blog.ilc.edu.tw:443)
[Wed Aug 26 03:10:35.787383 2026] [authz_core:debug] [pid 2270608:tid 2270608] mod_authz_core.c(815): [client 216.73.216.242:50150] AH01626: authorization result of Require all granted: granted
[Wed Aug 26 03:10:35.787389 2026] [authz_core:debug] [pid 2270608:tid 2270608] mod_authz_core.c(815): [client 216.73.216.242:50150] AH01626: authorization result of : granted
[Wed Aug 26 03:10:35.787584 2026] [authz_core:debug] [pid 2270608:tid 2270608] mod_authz_core.c(815): [client 216.73.216.242:50150] AH01626: authorization result of Require all granted: granted
[Wed Aug 26 03:10:35.787589 2026] [authz_core:debug] [pid 2270608:tid 2270608] mod_authz_core.c(815): [client 216.73.216.242:50150] AH01626: authorization result of : granted
[Wed Aug 26 03:10:35.877224 2026] [ssl:debug] [pid 2270269:tid 2270269] ssl_engine_kernel.c(254): [client 216.73.216.242:51734] AH02034: Subsequent (No.19) HTTPS request received for child 5 (server 2blog.ilc.edu.tw:443)
[Wed Aug 26 03:10:35.877409 2026] [authz_core:debug] [pid 2270269:tid 2270269] mod_authz_core.c(815): [client 216.73.216.242:51734] AH01626: authorization result of Require all granted: granted
[Wed Aug 26 03:10:35.877416 2026] [authz_core:debug] [pid 2270269:tid 2270269] mod_authz_core.c(815): [client 216.73.216.242:51734] AH01626: authorization result of : granted
[Wed Aug 26 03:10:35.877556 2026] [authz_core:debug] [pid 2270269:tid 2270269] mod_authz_core.c(815): [client 216.73.216.242:51734] AH01626: authorization result of Require all granted: granted
[Wed Aug 26 03:10:35.877560 2026] [authz_core:debug] [pid 2270269:tid 2270269] mod_authz_core.c(815): [client 216.73.216.242:51734] AH01626: authorization result of : granted
[Wed Aug 26 03:10:35.960697 2026] [ssl:debug] [pid 2270607:tid 2270607] ssl_engine_kernel.c(2082): [client 34.171.68.95:1537] AH02041: Protocol: TLSv1.3, Cipher: TLS_AES_256_GCM_SHA384 (256/256 bits)
[Wed Aug 26 03:10:35.960752 2026] [socache_shmcb:debug] [pid 2270607:tid 2270607] mod_socache_shmcb.c(508): AH00831: socache_shmcb_store (0xe1 -> subcache 1)
[Wed Aug 26 03:10:35.960760 2026] [socache_shmcb:debug] [pid 2270607:tid 2270607] mod_socache_shmcb.c(860): AH00847: insert happened at idx=21, data=(12832:12864)
[Wed Aug 26 03:10:35.960762 2026] [socache_shmcb:debug] [pid 2270607:tid 2270607] mod_socache_shmcb.c(863): AH00848: finished insert, subcache: idx_pos/idx_used=55/55, data_pos/data_used=792/12265
[Wed Aug 26 03:10:35.960764 2026] [socache_shmcb:debug] [pid 2270607:tid 2270607] mod_socache_shmcb.c(530): AH00834: leaving socache_shmcb_store successfully
[Wed Aug 26 03:10:35.960824 2026] [socache_shmcb:debug] [pid 2270607:tid 2270607] mod_socache_shmcb.c(508): AH00831: socache_shmcb_store (0xc5 -> subcache 5)
[Wed Aug 26 03:10:35.960830 2026] [socache_shmcb:debug] [pid 2270607:tid 2270607] mod_socache_shmcb.c(745): AH00842: expiring 6 and reclaiming 0 removed socache entries
[Wed Aug 26 03:10:35.960832 2026] [socache_shmcb:debug] [pid 2270607:tid 2270607] mod_socache_shmcb.c(765): AH00843: we now have 53 socache entries
[Wed Aug 26 03:10:35.960834 2026] [socache_shmcb:debug] [pid 2270607:tid 2270607] mod_socache_shmcb.c(860): AH00847: insert happened at idx=2, data=(8708:8740)
[Wed Aug 26 03:10:35.960836 2026] [socache_shmcb:debug] [pid 2270607:tid 2270607] mod_socache_shmcb.c(863): AH00848: finished insert, subcache: idx_pos/idx_used=37/54, data_pos/data_used=10681/12116
[Wed Aug 26 03:10:35.960838 2026] [socache_shmcb:debug] [pid 2270607:tid 2270607] mod_socache_shmcb.c(530): AH00834: leaving socache_shmcb_store successfully
[Wed Aug 26 03:10:35.961914 2026] [deflate:debug] [pid 2270608:tid 2270608] mod_deflate.c(909): [client 216.73.216.242:50150] AH01384: Zlib: Compressed 38131 to 9365 : URL /index.php
[Wed Aug 26 03:10:35.979155 2026] [ssl:debug] [pid 2270450:tid 2270450] ssl_engine_kernel.c(254): [client 216.73.216.242:10336] AH02034: Subsequent (No.18) HTTPS request received for child 12 (server 2blog.ilc.edu.tw:443)
[Wed Aug 26 03:10:35.979443 2026] [authz_core:debug] [pid 2270450:tid 2270450] mod_authz_core.c(815): [client 216.73.216.242:10336] AH01626: authorization result of Require all granted: granted
[Wed Aug 26 03:10:35.979460 2026] [authz_core:debug] [pid 2270450:tid 2270450] mod_authz_core.c(815): [client 216.73.216.242:10336] AH01626: authorization result of : granted
[Wed Aug 26 03:10:35.979653 2026] [authz_core:debug] [pid 2270450:tid 2270450] mod_authz_core.c(815): [client 216.73.216.242:10336] AH01626: authorization result of Require all granted: granted
[Wed Aug 26 03:10:35.979659 2026] [authz_core:debug] [pid 2270450:tid 2270450] mod_authz_core.c(815): [client 216.73.216.242:10336] AH01626: authorization result of : granted
[Wed Aug 26 03:10:35.995687 2026] [ssl:info] [pid 2266899:tid 2266899] (70014)End of file found: [client 2408:8726:2000:a::1328:42336] AH01992: SSL library error 6 reading data
[Wed Aug 26 03:10:35.995779 2026] [ssl:debug] [pid 2266899:tid 2266899] ssl_engine_io.c(1150): [client 2408:8726:2000:a::1328:42336] AH02001: Connection closed to child 23 with standard shutdown (server 2blog.ilc.edu.tw:443)
[Wed Aug 26 03:10:36.006924 2026] [ssl:info] [pid 2270612:tid 2270612] (70014)End of file found: [client 2408:8726:2000:a::1328:42344] AH01992: SSL library error 6 reading data
[Wed Aug 26 03:10:36.007025 2026] [ssl:debug] [pid 2270612:tid 2270612] ssl_engine_io.c(1150): [client 2408:8726:2000:a::1328:42344] AH02001: Connection closed to child 20 with standard shutdown (server 2blog.ilc.edu.tw:443)
[Wed Aug 26 03:10:36.009574 2026] [ssl:debug] [pid 2270607:tid 2270607] ssl_engine_kernel.c(254): [client 34.171.68.95:1537] AH02034: Initial (No.1) HTTPS request received for child 14 (server 2blog.ilc.edu.tw:443)
[Wed Aug 26 03:10:36.009789 2026] [authz_core:debug] [pid 2270607:tid 2270607] mod_authz_core.c(815): [client 34.171.68.95:1537] AH01626: authorization result of Require all granted: granted
[Wed Aug 26 03:10:36.009796 2026] [authz_core:debug] [pid 2270607:tid 2270607] mod_authz_core.c(815): [client 34.171.68.95:1537] AH01626: authorization result of : granted
[Wed Aug 26 03:10:36.009981 2026] [authz_core:debug] [pid 2270607:tid 2270607] mod_authz_core.c(815): [client 34.171.68.95:1537] AH01626: authorization result of Require all granted: granted
[Wed Aug 26 03:10:36.009987 2026] [authz_core:debug] [pid 2270607:tid 2270607] mod_authz_core.c(815): [client 34.171.68.95:1537] AH01626: authorization result of : granted
[Wed Aug 26 03:10:36.012428 2026] [ssl:info] [pid 2266667:tid 2266667] (70014)End of file found: [client 2408:8726:2000:a::1328:42334] AH01992: SSL library error 6 reading data
[Wed Aug 26 03:10:36.012511 2026] [ssl:debug] [pid 2266667:tid 2266667] ssl_engine_io.c(1150): [client 2408:8726:2000:a::1328:42334] AH02001: Connection closed to child 11 with standard shutdown (server 2blog.ilc.edu.tw:443)
[Wed Aug 26 03:10:36.012522 2026] [ssl:info] [pid 2266897:tid 2266897] (70014)End of file found: [client 2408:8726:2000:a::1328:42342] AH01992: SSL library error 6 reading data
[Wed Aug 26 03:10:36.012593 2026] [ssl:debug] [pid 2266897:tid 2266897] ssl_engine_io.c(1150): [client 2408:8726:2000:a::1328:42342] AH02001: Connection closed to child 22 with standard shutdown (server 2blog.ilc.edu.tw:443)
[Wed Aug 26 03:10:36.012922 2026] [ssl:info] [pid 2270788:tid 2270788] (70014)End of file found: [client 2408:8726:2000:a::1328:42340] AH01992: SSL library error 6 reading data
[Wed Aug 26 03:10:36.012986 2026] [ssl:debug] [pid 2270788:tid 2270788] ssl_engine_io.c(1150): [client 2408:8726:2000:a::1328:42340] AH02001: Connection closed to child 33 with standard shutdown (server 2blog.ilc.edu.tw:443)
[Wed Aug 26 03:10:36.075869 2026] [ssl:info] [pid 2270801:tid 2270801] [client 34.42.229.145:52736] AH01964: Connection to child 43 established (server 2blog.ilc.edu.tw:443)
[Wed Aug 26 03:10:36.076096 2026] [ssl:info] [pid 2270801:tid 2270801] (70014)End of file found: [client 34.42.229.145:52736] AH02006: SSL handshake stopped: connection was closed
[Wed Aug 26 03:10:36.076105 2026] [ssl:info] [pid 2270801:tid 2270801] [client 34.42.229.145:52736] AH01998: Connection closed to child 43 with abortive shutdown (server 2blog.ilc.edu.tw:443)
[Wed Aug 26 03:10:36.078455 2026] [ssl:debug] [pid 2270609:tid 2270609] ssl_engine_kernel.c(254): [client 216.73.216.242:17831] AH02034: Subsequent (No.16) HTTPS request received for child 17 (server 2blog.ilc.edu.tw:443)
[Wed Aug 26 03:10:36.078751 2026] [authz_core:debug] [pid 2270609:tid 2270609] mod_authz_core.c(815): [client 216.73.216.242:17831] AH01626: authorization result of Require all granted: granted
[Wed Aug 26 03:10:36.078783 2026] [authz_core:debug] [pid 2270609:tid 2270609] mod_authz_core.c(815): [client 216.73.216.242:17831] AH01626: authorization result of : granted
[Wed Aug 26 03:10:36.079083 2026] [authz_core:debug] [pid 2270609:tid 2270609] mod_authz_core.c(815): [client 216.73.216.242:17831] AH01626: authorization result of Require all granted: granted
[Wed Aug 26 03:10:36.079091 2026] [authz_core:debug] [pid 2270609:tid 2270609] mod_authz_core.c(815): [client 216.73.216.242:17831] AH01626: authorization result of : granted
[Wed Aug 26 03:10:36.148429 2026] [ssl:debug] [pid 2270618:tid 2270618] ssl_engine_kernel.c(254): [client 2409:8c28:7ce0:109::34:40144] AH02034: Subsequent (No.4) HTTPS request received for child 26 (server 2blog.ilc.edu.tw:443), referer: https://2blog.ilc.edu.tw/41795/2024/12/page/2/
[Wed Aug 26 03:10:36.148709 2026] [authz_core:debug] [pid 2270618:tid 2270618] mod_authz_core.c(815): [client 2409:8c28:7ce0:109::34:40144] AH01626: authorization result of Require all granted: granted, referer: https://2blog.ilc.edu.tw/41795/2024/12/page/2/
[Wed Aug 26 03:10:36.148726 2026] [authz_core:debug] [pid 2270618:tid 2270618] mod_authz_core.c(815): [client 2409:8c28:7ce0:109::34:40144] AH01626: authorization result of : granted, referer: https://2blog.ilc.edu.tw/41795/2024/12/page/2/
[Wed Aug 26 03:10:36.149039 2026] [authz_core:debug] [pid 2270618:tid 2270618] mod_authz_core.c(815): [client 2409:8c28:7ce0:109::34:40144] AH01626: authorization result of Require all granted: granted, referer: https://2blog.ilc.edu.tw/41795/2024/12/page/2/
[Wed Aug 26 03:10:36.149051 2026] [authz_core:debug] [pid 2270618:tid 2270618] mod_authz_core.c(815): [client 2409:8c28:7ce0:109::34:40144] AH01626: authorization result of : granted, referer: https://2blog.ilc.edu.tw/41795/2024/12/page/2/
[Wed Aug 26 03:10:36.152032 2026] [deflate:debug] [pid 2270618:tid 2270618] mod_deflate.c(909): [client 2409:8c28:7ce0:109::34:40144] AH01384: Zlib: Compressed 112915 to 15022 : URL /wp-content/cache/2blog.ilc.edu.tw/wpfc-minified/5gzzj9/602iu.css, referer: https://2blog.ilc.edu.tw/41795/2024/12/page/2/
[Wed Aug 26 03:10:36.180146 2026] [ssl:debug] [pid 2266896:tid 2266896] ssl_engine_kernel.c(254): [client 216.73.216.242:24692] AH02034: Subsequent (No.19) HTTPS request received for child 21 (server 2blog.ilc.edu.tw:443)
[Wed Aug 26 03:10:36.180355 2026] [authz_core:debug] [pid 2266896:tid 2266896] mod_authz_core.c(815): [client 216.73.216.242:24692] AH01626: authorization result of Require all granted: granted
[Wed Aug 26 03:10:36.180361 2026] [authz_core:debug] [pid 2266896:tid 2266896] mod_authz_core.c(815): [client 216.73.216.242:24692] AH01626: authorization result of : granted
[Wed Aug 26 03:10:36.180491 2026] [authz_core:debug] [pid 2266896:tid 2266896] mod_authz_core.c(815): [client 216.73.216.242:24692] AH01626: authorization result of Require all granted: granted
[Wed Aug 26 03:10:36.180495 2026] [authz_core:debug] [pid 2266896:tid 2266896] mod_authz_core.c(815): [client 216.73.216.242:24692] AH01626: authorization result of : granted
[Wed Aug 26 03:10:36.224189 2026] [deflate:debug] [pid 2270269:tid 2270269] mod_deflate.c(909): [client 216.73.216.242:51734] AH01384: Zlib: Compressed 2852 to 1277 : URL /index.php
[Wed Aug 26 03:10:36.283143 2026] [ssl:debug] [pid 2271590:tid 2271590] ssl_engine_kernel.c(254): [client 216.73.216.242:50854] AH02034: Subsequent (No.5) HTTPS request received for child 0 (server 2blog.ilc.edu.tw:443)
[Wed Aug 26 03:10:36.283399 2026] [authz_core:debug] [pid 2271590:tid 2271590] mod_authz_core.c(815): [client 216.73.216.242:50854] AH01626: authorization result of Require all granted: granted
[Wed Aug 26 03:10:36.283411 2026] [authz_core:debug] [pid 2271590:tid 2271590] mod_authz_core.c(815): [client 216.73.216.242:50854] AH01626: authorization result of : granted
[Wed Aug 26 03:10:36.283602 2026] [authz_core:debug] [pid 2271590:tid 2271590] mod_authz_core.c(815): [client 216.73.216.242:50854] AH01626: authorization result of Require all granted: granted
[Wed Aug 26 03:10:36.283612 2026] [authz_core:debug] [pid 2271590:tid 2271590] mod_authz_core.c(815): [client 216.73.216.242:50854] AH01626: authorization result of : granted
[Wed Aug 26 03:10:36.391910 2026] [ssl:debug] [pid 2270608:tid 2270608] ssl_engine_kernel.c(254): [client 216.73.216.242:50150] AH02034: Subsequent (No.19) HTTPS request received for child 15 (server 2blog.ilc.edu.tw:443)
[Wed Aug 26 03:10:36.392124 2026] [authz_core:debug] [pid 2270608:tid 2270608] mod_authz_core.c(815): [client 216.73.216.242:50150] AH01626: authorization result of Require all granted: granted
[Wed Aug 26 03:10:36.392130 2026] [authz_core:debug] [pid 2270608:tid 2270608] mod_authz_core.c(815): [client 216.73.216.242:50150] AH01626: authorization result of : granted
[Wed Aug 26 03:10:36.392260 2026] [authz_core:debug] [pid 2270608:tid 2270608] mod_authz_core.c(815): [client 216.73.216.242:50150] AH01626: authorization result of Require all granted: granted
[Wed Aug 26 03:10:36.392265 2026] [authz_core:debug] [pid 2270608:tid 2270608] mod_authz_core.c(815): [client 216.73.216.242:50150] AH01626: authorization result of : granted
[Wed Aug 26 03:10:36.392465 2026] [deflate:debug] [pid 2270609:tid 2270609] mod_deflate.c(909): [client 216.73.216.242:17831] AH01384: Zlib: Compressed 2842 to 1274 : URL /index.php
[Wed Aug 26 03:10:36.407420 2026] [ssl:info] [pid 2270449:tid 2270449] [client 34.56.124.53:35328] AH01964: Connection to child 10 established (server 2blog.ilc.edu.tw:443)
[Wed Aug 26 03:10:36.407658 2026] [ssl:debug] [pid 2270449:tid 2270449] ssl_engine_kernel.c(2222): [client 34.56.124.53:35328] AH02043: SSL virtual host for servername www.cwjh.ilc.edu.tw found
[Wed Aug 26 03:10:36.407721 2026] [core:debug] [pid 2270449:tid 2270449] protocol.c(2460): [client 34.56.124.53:35328] AH03155: select protocol from , choices=http/1.1 for server www.cwjh.ilc.edu.tw
[Wed Aug 26 03:10:36.445046 2026] [ssl:debug] [pid 2270797:tid 2270797] ssl_engine_io.c(1150): [client 2409:8c78:100:63::91:55208] AH02001: Connection closed to child 39 with standard shutdown (server 2blog.ilc.edu.tw:443)
[Wed Aug 26 03:10:36.445066 2026] [ssl:debug] [pid 2270791:tid 2270791] ssl_engine_io.c(1150): [client 2409:8c78:100:63::91:55218] AH02001: Connection closed to child 37 with standard shutdown (server 2blog.ilc.edu.tw:443)
[Wed Aug 26 03:10:36.483801 2026] [ssl:debug] [pid 2270269:tid 2270269] ssl_engine_kernel.c(254): [client 216.73.216.242:51734] AH02034: Subsequent (No.20) HTTPS request received for child 5 (server 2blog.ilc.edu.tw:443)
[Wed Aug 26 03:10:36.484002 2026] [authz_core:debug] [pid 2270269:tid 2270269] mod_authz_core.c(815): [client 216.73.216.242:51734] AH01626: authorization result of Require all granted: granted
[Wed Aug 26 03:10:36.484008 2026] [authz_core:debug] [pid 2270269:tid 2270269] mod_authz_core.c(815): [client 216.73.216.242:51734] AH01626: authorization result of : granted
[Wed Aug 26 03:10:36.484141 2026] [authz_core:debug] [pid 2270269:tid 2270269] mod_authz_core.c(815): [client 216.73.216.242:51734] AH01626: authorization result of Require all granted: granted
[Wed Aug 26 03:10:36.484147 2026] [authz_core:debug] [pid 2270269:tid 2270269] mod_authz_core.c(815): [client 216.73.216.242:51734] AH01626: authorization result of : granted
[Wed Aug 26 03:10:36.503940 2026] [deflate:debug] [pid 2270269:tid 2270269] mod_deflate.c(909): [client 216.73.216.242:51734] AH01384: Zlib: Compressed 40975 to 10056 : URL /index.php
[Wed Aug 26 03:10:36.584838 2026] [ssl:debug] [pid 2270450:tid 2270450] ssl_engine_kernel.c(254): [client 216.73.216.242:10336] AH02034: Subsequent (No.19) HTTPS request received for child 12 (server 2blog.ilc.edu.tw:443)
[Wed Aug 26 03:10:36.585078 2026] [authz_core:debug] [pid 2270450:tid 2270450] mod_authz_core.c(815): [client 216.73.216.242:10336] AH01626: authorization result of Require all granted: granted
[Wed Aug 26 03:10:36.585083 2026] [authz_core:debug] [pid 2270450:tid 2270450] mod_authz_core.c(815): [client 216.73.216.242:10336] AH01626: authorization result of : granted
[Wed Aug 26 03:10:36.585228 2026] [authz_core:debug] [pid 2270450:tid 2270450] mod_authz_core.c(815): [client 216.73.216.242:10336] AH01626: authorization result of Require all granted: granted
[Wed Aug 26 03:10:36.585242 2026] [authz_core:debug] [pid 2270450:tid 2270450] mod_authz_core.c(815): [client 216.73.216.242:10336] AH01626: authorization result of : granted
[Wed Aug 26 03:10:36.673129 2026] [ssl:debug] [pid 2270800:tid 2270800] ssl_engine_io.c(1150): [client 34.42.229.145:6144] AH02001: Connection closed to child 42 with standard shutdown (server 2blog.ilc.edu.tw:443)
[Wed Aug 26 03:10:36.685037 2026] [ssl:debug] [pid 2270609:tid 2270609] ssl_engine_kernel.c(254): [client 216.73.216.242:17831] AH02034: Subsequent (No.17) HTTPS request received for child 17 (server 2blog.ilc.edu.tw:443)
[Wed Aug 26 03:10:36.685307 2026] [authz_core:debug] [pid 2270609:tid 2270609] mod_authz_core.c(815): [client 216.73.216.242:17831] AH01626: authorization result of Require all granted: granted
[Wed Aug 26 03:10:36.685321 2026] [authz_core:debug] [pid 2270609:tid 2270609] mod_authz_core.c(815): [client 216.73.216.242:17831] AH01626: authorization result of : granted
[Wed Aug 26 03:10:36.685542 2026] [authz_core:debug] [pid 2270609:tid 2270609] mod_authz_core.c(815): [client 216.73.216.242:17831] AH01626: authorization result of Require all granted: granted
[Wed Aug 26 03:10:36.685548 2026] [authz_core:debug] [pid 2270609:tid 2270609] mod_authz_core.c(815): [client 216.73.216.242:17831] AH01626: authorization result of : granted
[Wed Aug 26 03:10:36.716599 2026] [ssl:debug] [pid 2266803:tid 2266803] ssl_engine_io.c(1150): [client 17.22.253.251:49560] AH02001: Connection closed to child 16 with standard shutdown (server 2blog.ilc.edu.tw:443)
[Wed Aug 26 03:10:36.720574 2026] [ssl:debug] [pid 2270449:tid 2270449] ssl_engine_kernel.c(2082): [client 34.56.124.53:35328] AH02041: Protocol: TLSv1.3, Cipher: TLS_AES_256_GCM_SHA384 (256/256 bits)
[Wed Aug 26 03:10:36.720629 2026] [socache_shmcb:debug] [pid 2270449:tid 2270449] mod_socache_shmcb.c(508): AH00831: socache_shmcb_store (0xdd -> subcache 29)
[Wed Aug 26 03:10:36.720646 2026] [socache_shmcb:debug] [pid 2270449:tid 2270449] mod_socache_shmcb.c(745): AH00842: expiring 2 and reclaiming 0 removed socache entries
[Wed Aug 26 03:10:36.720650 2026] [socache_shmcb:debug] [pid 2270449:tid 2270449] mod_socache_shmcb.c(765): AH00843: we now have 59 socache entries
[Wed Aug 26 03:10:36.720653 2026] [socache_shmcb:debug] [pid 2270449:tid 2270449] mod_socache_shmcb.c(860): AH00847: insert happened at idx=59, data=(1954:1986)
[Wed Aug 26 03:10:36.720656 2026] [socache_shmcb:debug] [pid 2270449:tid 2270449] mod_socache_shmcb.c(863): AH00848: finished insert, subcache: idx_pos/idx_used=0/60, data_pos/data_used=2677/13370
[Wed Aug 26 03:10:36.720659 2026] [socache_shmcb:debug] [pid 2270449:tid 2270449] mod_socache_shmcb.c(530): AH00834: leaving socache_shmcb_store successfully
[Wed Aug 26 03:10:36.720734 2026] [socache_shmcb:debug] [pid 2270449:tid 2270449] mod_socache_shmcb.c(508): AH00831: socache_shmcb_store (0xf3 -> subcache 19)
[Wed Aug 26 03:10:36.720741 2026] [socache_shmcb:debug] [pid 2270449:tid 2270449] mod_socache_shmcb.c(860): AH00847: insert happened at idx=32, data=(9534:9566)
[Wed Aug 26 03:10:36.720744 2026] [socache_shmcb:debug] [pid 2270449:tid 2270449] mod_socache_shmcb.c(863): AH00848: finished insert, subcache: idx_pos/idx_used=76/45, data_pos/data_used=13539/10088
[Wed Aug 26 03:10:36.720748 2026] [socache_shmcb:debug] [pid 2270449:tid 2270449] mod_socache_shmcb.c(530): AH00834: leaving socache_shmcb_store successfully
[Wed Aug 26 03:10:36.739921 2026] [ssl:debug] [pid 2270449:tid 2270449] ssl_engine_kernel.c(254): [client 34.56.124.53:35328] AH02034: Initial (No.1) HTTPS request received for child 10 (server www.cwjh.ilc.edu.tw:443)
[Wed Aug 26 03:10:36.740270 2026] [authz_core:debug] [pid 2270449:tid 2270449] mod_authz_core.c(815): [client 34.56.124.53:35328] AH01626: authorization result of Require all granted: granted
[Wed Aug 26 03:10:36.740282 2026] [authz_core:debug] [pid 2270449:tid 2270449] mod_authz_core.c(815): [client 34.56.124.53:35328] AH01626: authorization result of : granted
[Wed Aug 26 03:10:36.740921 2026] [authz_core:debug] [pid 2270449:tid 2270449] mod_authz_core.c(815): [client 34.56.124.53:35328] AH01626: authorization result of Require all granted: granted
[Wed Aug 26 03:10:36.740927 2026] [authz_core:debug] [pid 2270449:tid 2270449] mod_authz_core.c(815): [client 34.56.124.53:35328] AH01626: authorization result of : granted
[Wed Aug 26 03:10:36.785132 2026] [ssl:debug] [pid 2266900:tid 2266900] ssl_engine_io.c(1150): [client 2408:8763:0:f01::12:14810] AH02001: Connection closed to child 24 with standard shutdown (server 2blog.ilc.edu.tw:443)
[Wed Aug 26 03:10:36.786052 2026] [ssl:debug] [pid 2271590:tid 2271590] ssl_engine_kernel.c(254): [client 216.73.216.242:50854] AH02034: Subsequent (No.6) HTTPS request received for child 0 (server 2blog.ilc.edu.tw:443)
[Wed Aug 26 03:10:36.786357 2026] [authz_core:debug] [pid 2271590:tid 2271590] mod_authz_core.c(815): [client 216.73.216.242:50854] AH01626: authorization result of Require all granted: granted
[Wed Aug 26 03:10:36.786367 2026] [authz_core:debug] [pid 2271590:tid 2271590] mod_authz_core.c(815): [client 216.73.216.242:50854] AH01626: authorization result of : granted
[Wed Aug 26 03:10:36.786537 2026] [authz_core:debug] [pid 2271590:tid 2271590] mod_authz_core.c(815): [client 216.73.216.242:50854] AH01626: authorization result of Require all granted: granted
[Wed Aug 26 03:10:36.786543 2026] [authz_core:debug] [pid 2271590:tid 2271590] mod_authz_core.c(815): [client 216.73.216.242:50854] AH01626: authorization result of : granted
[Wed Aug 26 03:10:36.825084 2026] [ssl:debug] [pid 2270798:tid 2270798] ssl_engine_io.c(1150): [client 2408:8763:0:f01::12:14570] AH02001: Connection closed to child 40 with standard shutdown (server 2blog.ilc.edu.tw:443)
[Wed Aug 26 03:10:36.886817 2026] [ssl:debug] [pid 2266896:tid 2266896] ssl_engine_kernel.c(254): [client 216.73.216.242:24692] AH02034: Subsequent (No.20) HTTPS request received for child 21 (server 2blog.ilc.edu.tw:443)
[Wed Aug 26 03:10:36.887215 2026] [authz_core:debug] [pid 2266896:tid 2266896] mod_authz_core.c(815): [client 216.73.216.242:24692] AH01626: authorization result of Require all granted: granted
[Wed Aug 26 03:10:36.887234 2026] [authz_core:debug] [pid 2266896:tid 2266896] mod_authz_core.c(815): [client 216.73.216.242:24692] AH01626: authorization result of : granted
[Wed Aug 26 03:10:36.887522 2026] [authz_core:debug] [pid 2266896:tid 2266896] mod_authz_core.c(815): [client 216.73.216.242:24692] AH01626: authorization result of Require all granted: granted
[Wed Aug 26 03:10:36.887533 2026] [authz_core:debug] [pid 2266896:tid 2266896] mod_authz_core.c(815): [client 216.73.216.242:24692] AH01626: authorization result of : granted
[Wed Aug 26 03:10:36.897250 2026] [ssl:info] [pid 2270803:tid 2270803] (70014)End of file found: [client 66.249.71.9:56270] AH01992: SSL library error 6 reading data
[Wed Aug 26 03:10:36.904010 2026] [ssl:debug] [pid 2270803:tid 2270803] ssl_engine_io.c(1150): [client 66.249.71.9:56270] AH02001: Connection closed to child 45 with standard shutdown (server www.jwes.ilc.edu.tw:443)
[Wed Aug 26 03:10:36.932096 2026] [deflate:debug] [pid 2270449:tid 2270449] mod_deflate.c(909): [client 34.56.124.53:35328] AH01384: Zlib: Compressed 91455 to 16274 : URL /index.php
[Wed Aug 26 03:10:36.988558 2026] [ssl:debug] [pid 2270269:tid 2270269] ssl_engine_kernel.c(254): [client 216.73.216.242:51734] AH02034: Subsequent (No.21) HTTPS request received for child 5 (server 2blog.ilc.edu.tw:443)
[Wed Aug 26 03:10:36.988765 2026] [authz_core:debug] [pid 2270269:tid 2270269] mod_authz_core.c(815): [client 216.73.216.242:51734] AH01626: authorization result of Require all granted: granted
[Wed Aug 26 03:10:36.988771 2026] [authz_core:debug] [pid 2270269:tid 2270269] mod_authz_core.c(815): [client 216.73.216.242:51734] AH01626: authorization result of : granted
[Wed Aug 26 03:10:36.989011 2026] [authz_core:debug] [pid 2270269:tid 2270269] mod_authz_core.c(815): [client 216.73.216.242:51734] AH01626: authorization result of Require all granted: granted
[Wed Aug 26 03:10:36.989030 2026] [authz_core:debug] [pid 2270269:tid 2270269] mod_authz_core.c(815): [client 216.73.216.242:51734] AH01626: authorization result of : granted
[Wed Aug 26 03:10:37.021106 2026] [ssl:debug] [pid 2266902:tid 2266902] ssl_engine_io.c(1150): [client 2408:8763:0:f01::12:14814] AH02001: Connection closed to child 27 with standard shutdown (server 2blog.ilc.edu.tw:443)
[Wed Aug 26 03:10:37.076279 2026] [deflate:debug] [pid 2271590:tid 2271590] mod_deflate.c(909): [client 216.73.216.242:50854] AH01384: Zlib: Compressed 2842 to 1268 : URL /index.php
[Wed Aug 26 03:10:37.088393 2026] [ssl:debug] [pid 2261311:tid 2261311] ssl_engine_kernel.c(254): [client 216.73.216.242:4789] AH02034: Subsequent (No.19) HTTPS request received for child 2 (server 2blog.ilc.edu.tw:443)
[Wed Aug 26 03:10:37.088671 2026] [authz_core:debug] [pid 2261311:tid 2261311] mod_authz_core.c(815): [client 216.73.216.242:4789] AH01626: authorization result of Require all granted: granted
[Wed Aug 26 03:10:37.088683 2026] [authz_core:debug] [pid 2261311:tid 2261311] mod_authz_core.c(815): [client 216.73.216.242:4789] AH01626: authorization result of : granted
[Wed Aug 26 03:10:37.088887 2026] [authz_core:debug] [pid 2261311:tid 2261311] mod_authz_core.c(815): [client 216.73.216.242:4789] AH01626: authorization result of Require all granted: granted
[Wed Aug 26 03:10:37.088896 2026] [authz_core:debug] [pid 2261311:tid 2261311] mod_authz_core.c(815): [client 216.73.216.242:4789] AH01626: authorization result of : granted
[Wed Aug 26 03:10:37.095771 2026] [deflate:debug] [pid 2270608:tid 2270608] mod_deflate.c(909): [client 216.73.216.242:50150] AH01384: Zlib: Compressed 525458 to 84798 : URL /index.php
[Wed Aug 26 03:10:37.120392 2026] [deflate:debug] [pid 2270269:tid 2270269] mod_deflate.c(909): [client 216.73.216.242:51734] AH01384: Zlib: Compressed 32397 to 8646 : URL /index.php
[Wed Aug 26 03:10:37.190955 2026] [ssl:debug] [pid 2270450:tid 2270450] ssl_engine_kernel.c(254): [client 216.73.216.242:10336] AH02034: Subsequent (No.20) HTTPS request received for child 12 (server 2blog.ilc.edu.tw:443)
[Wed Aug 26 03:10:37.191182 2026] [authz_core:debug] [pid 2270450:tid 2270450] mod_authz_core.c(815): [client 216.73.216.242:10336] AH01626: authorization result of Require all granted: granted
[Wed Aug 26 03:10:37.191189 2026] [authz_core:debug] [pid 2270450:tid 2270450] mod_authz_core.c(815): [client 216.73.216.242:10336] AH01626: authorization result of : granted
[Wed Aug 26 03:10:37.191338 2026] [authz_core:debug] [pid 2270450:tid 2270450] mod_authz_core.c(815): [client 216.73.216.242:10336] AH01626: authorization result of Require all granted: granted
[Wed Aug 26 03:10:37.191345 2026] [authz_core:debug] [pid 2270450:tid 2270450] mod_authz_core.c(815): [client 216.73.216.242:10336] AH01626: authorization result of : granted
[Wed Aug 26 03:10:37.290989 2026] [ssl:debug] [pid 2271590:tid 2271590] ssl_engine_kernel.c(254): [client 216.73.216.242:50854] AH02034: Subsequent (No.7) HTTPS request received for child 0 (server 2blog.ilc.edu.tw:443)
[Wed Aug 26 03:10:37.291197 2026] [authz_core:debug] [pid 2271590:tid 2271590] mod_authz_core.c(815): [client 216.73.216.242:50854] AH01626: authorization result of Require all granted: granted
[Wed Aug 26 03:10:37.291204 2026] [authz_core:debug] [pid 2271590:tid 2271590] mod_authz_core.c(815): [client 216.73.216.242:50854] AH01626: authorization result of : granted
[Wed Aug 26 03:10:37.291349 2026] [authz_core:debug] [pid 2271590:tid 2271590] mod_authz_core.c(815): [client 216.73.216.242:50854] AH01626: authorization result of Require all granted: granted
[Wed Aug 26 03:10:37.291354 2026] [authz_core:debug] [pid 2271590:tid 2271590] mod_authz_core.c(815): [client 216.73.216.242:50854] AH01626: authorization result of : granted
[Wed Aug 26 03:10:37.392388 2026] [ssl:debug] [pid 2270269:tid 2270269] ssl_engine_kernel.c(254): [client 216.73.216.242:51734] AH02034: Subsequent (No.22) HTTPS request received for child 5 (server 2blog.ilc.edu.tw:443)
[Wed Aug 26 03:10:37.392617 2026] [authz_core:debug] [pid 2270269:tid 2270269] mod_authz_core.c(815): [client 216.73.216.242:51734] AH01626: authorization result of Require all granted: granted
[Wed Aug 26 03:10:37.392628 2026] [authz_core:debug] [pid 2270269:tid 2270269] mod_authz_core.c(815): [client 216.73.216.242:51734] AH01626: authorization result of : granted
[Wed Aug 26 03:10:37.392858 2026] [authz_core:debug] [pid 2270269:tid 2270269] mod_authz_core.c(815): [client 216.73.216.242:51734] AH01626: authorization result of Require all granted: granted
[Wed Aug 26 03:10:37.392871 2026] [authz_core:debug] [pid 2270269:tid 2270269] mod_authz_core.c(815): [client 216.73.216.242:51734] AH01626: authorization result of : granted
[Wed Aug 26 03:10:37.402942 2026] [deflate:debug] [pid 2261311:tid 2261311] mod_deflate.c(909): [client 216.73.216.242:4789] AH01384: Zlib: Compressed 2841 to 1275 : URL /index.php
[Wed Aug 26 03:10:37.469165 2026] [ssl:debug] [pid 2270448:tid 2270448] ssl_engine_io.c(1150): [client 34.30.223.149:30208] AH02001: Connection closed to child 8 with standard shutdown (server 2blog.ilc.edu.tw:443)
[Wed Aug 26 03:10:37.492818 2026] [ssl:debug] [pid 2266896:tid 2266896] ssl_engine_kernel.c(254): [client 216.73.216.242:24692] AH02034: Subsequent (No.21) HTTPS request received for child 21 (server 2blog.ilc.edu.tw:443)
[Wed Aug 26 03:10:37.493215 2026] [authz_core:debug] [pid 2266896:tid 2266896] mod_authz_core.c(815): [client 216.73.216.242:24692] AH01626: authorization result of Require all granted: granted
[Wed Aug 26 03:10:37.493236 2026] [authz_core:debug] [pid 2266896:tid 2266896] mod_authz_core.c(815): [client 216.73.216.242:24692] AH01626: authorization result of : granted
[Wed Aug 26 03:10:37.493525 2026] [authz_core:debug] [pid 2266896:tid 2266896] mod_authz_core.c(815): [client 216.73.216.242:24692] AH01626: authorization result of Require all granted: granted
[Wed Aug 26 03:10:37.493537 2026] [authz_core:debug] [pid 2266896:tid 2266896] mod_authz_core.c(815): [client 216.73.216.242:24692] AH01626: authorization result of : granted
[Wed Aug 26 03:10:37.505093 2026] [ssl:debug] [pid 2270610:tid 2270610] ssl_engine_io.c(1150): [client 34.30.223.149:36352] AH02001: Connection closed to child 18 with standard shutdown (server 2blog.ilc.edu.tw:443)
[Wed Aug 26 03:10:37.533061 2026] [ssl:info] [pid 2270792:tid 2270792] [client 17.22.245.55:37590] AH01964: Connection to child 38 established (server 2blog.ilc.edu.tw:443)
[Wed Aug 26 03:10:37.533307 2026] [ssl:debug] [pid 2270792:tid 2270792] ssl_engine_kernel.c(2222): [client 17.22.245.55:37590] AH02043: SSL virtual host for servername www.gfes.ilc.edu.tw found
[Wed Aug 26 03:10:37.533380 2026] [core:debug] [pid 2270792:tid 2270792] protocol.c(2460): [client 17.22.245.55:37590] AH03155: select protocol from , choices=http/1.1,h2 for server www.gfes.ilc.edu.tw
[Wed Aug 26 03:10:37.561097 2026] [deflate:debug] [pid 2271590:tid 2271590] mod_deflate.c(909): [client 216.73.216.242:50854] AH01384: Zlib: Compressed 2853 to 1281 : URL /index.php
[Wed Aug 26 03:10:37.594269 2026] [ssl:debug] [pid 2270609:tid 2270609] ssl_engine_kernel.c(254): [client 216.73.216.242:17831] AH02034: Subsequent (No.18) HTTPS request received for child 17 (server 2blog.ilc.edu.tw:443)
[Wed Aug 26 03:10:37.594489 2026] [authz_core:debug] [pid 2270609:tid 2270609] mod_authz_core.c(815): [client 216.73.216.242:17831] AH01626: authorization result of Require all granted: granted
[Wed Aug 26 03:10:37.594499 2026] [authz_core:debug] [pid 2270609:tid 2270609] mod_authz_core.c(815): [client 216.73.216.242:17831] AH01626: authorization result of : granted
[Wed Aug 26 03:10:37.594662 2026] [authz_core:debug] [pid 2270609:tid 2270609] mod_authz_core.c(815): [client 216.73.216.242:17831] AH01626: authorization result of Require all granted: granted
[Wed Aug 26 03:10:37.594679 2026] [authz_core:debug] [pid 2270609:tid 2270609] mod_authz_core.c(815): [client 216.73.216.242:17831] AH01626: authorization result of : granted
[Wed Aug 26 03:10:37.627750 2026] [deflate:debug] [pid 2266896:tid 2266896] mod_deflate.c(909): [client 216.73.216.242:24692] AH01384: Zlib: Compressed 31854 to 8573 : URL /index.php
[Wed Aug 26 03:10:37.696033 2026] [ssl:debug] [pid 2270450:tid 2270450] ssl_engine_kernel.c(254): [client 216.73.216.242:10336] AH02034: Subsequent (No.21) HTTPS request received for child 12 (server 2blog.ilc.edu.tw:443)
[Wed Aug 26 03:10:37.696237 2026] [authz_core:debug] [pid 2270450:tid 2270450] mod_authz_core.c(815): [client 216.73.216.242:10336] AH01626: authorization result of Require all granted: granted
[Wed Aug 26 03:10:37.696242 2026] [authz_core:debug] [pid 2270450:tid 2270450] mod_authz_core.c(815): [client 216.73.216.242:10336] AH01626: authorization result of : granted
[Wed Aug 26 03:10:37.696376 2026] [authz_core:debug] [pid 2270450:tid 2270450] mod_authz_core.c(815): [client 216.73.216.242:10336] AH01626: authorization result of Require all granted: granted
[Wed Aug 26 03:10:37.696380 2026] [authz_core:debug] [pid 2270450:tid 2270450] mod_authz_core.c(815): [client 216.73.216.242:10336] AH01626: authorization result of : granted
[Wed Aug 26 03:10:37.738387 2026] [deflate:debug] [pid 2270269:tid 2270269] mod_deflate.c(909): [client 216.73.216.242:51734] AH01384: Zlib: Compressed 2853 to 1288 : URL /index.php
[Wed Aug 26 03:10:37.757567 2026] [ssl:info] [pid 2266789:tid 2266789] [client 34.10.180.98:47617] AH01964: Connection to child 7 established (server 2blog.ilc.edu.tw:443)
[Wed Aug 26 03:10:37.757785 2026] [ssl:debug] [pid 2266789:tid 2266789] ssl_engine_kernel.c(2222): [client 34.10.180.98:47617] AH02043: SSL virtual host for servername 2blog.ilc.edu.tw found
[Wed Aug 26 03:10:37.758007 2026] [core:debug] [pid 2266789:tid 2266789] protocol.c(2460): [client 34.10.180.98:47617] AH03155: select protocol from , choices=http/1.1 for server 2blog.ilc.edu.tw
[Wed Aug 26 03:10:37.779951 2026] [ssl:debug] [pid 2270792:tid 2270792] ssl_engine_kernel.c(2082): [client 17.22.245.55:37590] AH02041: Protocol: TLSv1.3, Cipher: TLS_AES_256_GCM_SHA384 (256/256 bits)
[Wed Aug 26 03:10:37.780008 2026] [socache_shmcb:debug] [pid 2270792:tid 2270792] mod_socache_shmcb.c(508): AH00831: socache_shmcb_store (0x5b -> subcache 27)
[Wed Aug 26 03:10:37.780026 2026] [socache_shmcb:debug] [pid 2270792:tid 2270792] mod_socache_shmcb.c(745): AH00842: expiring 3 and reclaiming 0 removed socache entries
[Wed Aug 26 03:10:37.780029 2026] [socache_shmcb:debug] [pid 2270792:tid 2270792] mod_socache_shmcb.c(765): AH00843: we now have 51 socache entries
[Wed Aug 26 03:10:37.780031 2026] [socache_shmcb:debug] [pid 2270792:tid 2270792] mod_socache_shmcb.c(860): AH00847: insert happened at idx=51, data=(6011:6043)
[Wed Aug 26 03:10:37.780033 2026] [socache_shmcb:debug] [pid 2270792:tid 2270792] mod_socache_shmcb.c(863): AH00848: finished insert, subcache: idx_pos/idx_used=0/52, data_pos/data_used=8510/11594
[Wed Aug 26 03:10:37.780035 2026] [socache_shmcb:debug] [pid 2270792:tid 2270792] mod_socache_shmcb.c(530): AH00834: leaving socache_shmcb_store successfully
[Wed Aug 26 03:10:37.780095 2026] [socache_shmcb:debug] [pid 2270792:tid 2270792] mod_socache_shmcb.c(508): AH00831: socache_shmcb_store (0xf1 -> subcache 17)
[Wed Aug 26 03:10:37.780104 2026] [socache_shmcb:debug] [pid 2270792:tid 2270792] mod_socache_shmcb.c(745): AH00842: expiring 2 and reclaiming 0 removed socache entries
[Wed Aug 26 03:10:37.780106 2026] [socache_shmcb:debug] [pid 2270792:tid 2270792] mod_socache_shmcb.c(765): AH00843: we now have 40 socache entries
[Wed Aug 26 03:10:37.780108 2026] [socache_shmcb:debug] [pid 2270792:tid 2270792] mod_socache_shmcb.c(860): AH00847: insert happened at idx=75, data=(5429:5461)
[Wed Aug 26 03:10:37.780109 2026] [socache_shmcb:debug] [pid 2270792:tid 2270792] mod_socache_shmcb.c(863): AH00848: finished insert, subcache: idx_pos/idx_used=35/41, data_pos/data_used=10390/9132
[Wed Aug 26 03:10:37.780121 2026] [socache_shmcb:debug] [pid 2270792:tid 2270792] mod_socache_shmcb.c(530): AH00834: leaving socache_shmcb_store successfully
[Wed Aug 26 03:10:37.806818 2026] [ssl:debug] [pid 2270608:tid 2270608] ssl_engine_kernel.c(254): [client 216.73.216.242:50150] AH02034: Subsequent (No.20) HTTPS request received for child 15 (server 2blog.ilc.edu.tw:443)
[Wed Aug 26 03:10:37.807043 2026] [authz_core:debug] [pid 2270608:tid 2270608] mod_authz_core.c(815): [client 216.73.216.242:50150] AH01626: authorization result of Require all granted: granted
[Wed Aug 26 03:10:37.807051 2026] [authz_core:debug] [pid 2270608:tid 2270608] mod_authz_core.c(815): [client 216.73.216.242:50150] AH01626: authorization result of : granted
[Wed Aug 26 03:10:37.807197 2026] [authz_core:debug] [pid 2270608:tid 2270608] mod_authz_core.c(815): [client 216.73.216.242:50150] AH01626: authorization result of Require all granted: granted
[Wed Aug 26 03:10:37.807203 2026] [authz_core:debug] [pid 2270608:tid 2270608] mod_authz_core.c(815): [client 216.73.216.242:50150] AH01626: authorization result of : granted
[Wed Aug 26 03:10:37.897110 2026] [ssl:debug] [pid 2266896:tid 2266896] ssl_engine_kernel.c(254): [client 216.73.216.242:24692] AH02034: Subsequent (No.22) HTTPS request received for child 21 (server 2blog.ilc.edu.tw:443)
[Wed Aug 26 03:10:37.898956 2026] [authz_core:debug] [pid 2266896:tid 2266896] mod_authz_core.c(815): [client 216.73.216.242:24692] AH01626: authorization result of Require all granted: granted
[Wed Aug 26 03:10:37.898965 2026] [authz_core:debug] [pid 2266896:tid 2266896] mod_authz_core.c(815): [client 216.73.216.242:24692] AH01626: authorization result of : granted
[Wed Aug 26 03:10:37.899127 2026] [authz_core:debug] [pid 2266896:tid 2266896] mod_authz_core.c(815): [client 216.73.216.242:24692] AH01626: authorization result of Require all granted: granted
[Wed Aug 26 03:10:37.899132 2026] [authz_core:debug] [pid 2266896:tid 2266896] mod_authz_core.c(815): [client 216.73.216.242:24692] AH01626: authorization result of : granted
[Wed Aug 26 03:10:37.950297 2026] [ssl:debug] [pid 2270451:tid 2270451] ssl_engine_io.c(1150): [client 2409:8c78:100:63::91:55226] AH02001: Connection closed to child 13 with standard shutdown (server 2blog.ilc.edu.tw:443)
[Wed Aug 26 03:10:37.977801 2026] [ssl:debug] [pid 2270792:tid 2270792] ssl_engine_kernel.c(254): [client 17.22.245.55:37590] AH02034: Initial (No.1) HTTPS request received for child 38 (server www.gfes.ilc.edu.tw:443)
[Wed Aug 26 03:10:37.978081 2026] [authz_core:debug] [pid 2270792:tid 2270792] mod_authz_core.c(815): [client 17.22.245.55:37590] AH01626: authorization result of Require all granted: granted
[Wed Aug 26 03:10:37.978091 2026] [authz_core:debug] [pid 2270792:tid 2270792] mod_authz_core.c(815): [client 17.22.245.55:37590] AH01626: authorization result of : granted
[Wed Aug 26 03:10:37.978259 2026] [authz_core:debug] [pid 2270792:tid 2270792] mod_authz_core.c(815): [client 17.22.245.55:37590] AH01626: authorization result of Require all granted: granted
[Wed Aug 26 03:10:37.978263 2026] [authz_core:debug] [pid 2270792:tid 2270792] mod_authz_core.c(815): [client 17.22.245.55:37590] AH01626: authorization result of : granted
[Wed Aug 26 03:10:37.998366 2026] [ssl:debug] [pid 2270269:tid 2270269] ssl_engine_kernel.c(254): [client 216.73.216.242:51734] AH02034: Subsequent (No.23) HTTPS request received for child 5 (server 2blog.ilc.edu.tw:443)
[Wed Aug 26 03:10:37.998661 2026] [authz_core:debug] [pid 2270269:tid 2270269] mod_authz_core.c(815): [client 216.73.216.242:51734] AH01626: authorization result of Require all granted: granted
[Wed Aug 26 03:10:37.998673 2026] [authz_core:debug] [pid 2270269:tid 2270269] mod_authz_core.c(815): [client 216.73.216.242:51734] AH01626: authorization result of : granted
[Wed Aug 26 03:10:37.998883 2026] [authz_core:debug] [pid 2270269:tid 2270269] mod_authz_core.c(815): [client 216.73.216.242:51734] AH01626: authorization result of Require all granted: granted
[Wed Aug 26 03:10:37.998899 2026] [authz_core:debug] [pid 2270269:tid 2270269] mod_authz_core.c(815): [client 216.73.216.242:51734] AH01626: authorization result of : granted
[Wed Aug 26 03:10:37.998935 2026] [deflate:debug] [pid 2270792:tid 2270792] mod_deflate.c(909): [client 17.22.245.55:37590] AH01384: Zlib: Compressed 11919 to 3792 : URL /index.php
[Wed Aug 26 03:10:38.022121 2026] [deflate:debug] [pid 2270450:tid 2270450] mod_deflate.c(909): [client 216.73.216.242:10336] AH01384: Zlib: Compressed 2842 to 1276 : URL /index.php
[Wed Aug 26 03:10:38.099364 2026] [ssl:debug] [pid 2270609:tid 2270609] ssl_engine_kernel.c(254): [client 216.73.216.242:17831] AH02034: Subsequent (No.19) HTTPS request received for child 17 (server 2blog.ilc.edu.tw:443)
[Wed Aug 26 03:10:38.099570 2026] [authz_core:debug] [pid 2270609:tid 2270609] mod_authz_core.c(815): [client 216.73.216.242:17831] AH01626: authorization result of Require all granted: granted
[Wed Aug 26 03:10:38.099576 2026] [authz_core:debug] [pid 2270609:tid 2270609] mod_authz_core.c(815): [client 216.73.216.242:17831] AH01626: authorization result of : granted
[Wed Aug 26 03:10:38.099719 2026] [authz_core:debug] [pid 2270609:tid 2270609] mod_authz_core.c(815): [client 216.73.216.242:17831] AH01626: authorization result of Require all granted: granted
[Wed Aug 26 03:10:38.099724 2026] [authz_core:debug] [pid 2270609:tid 2270609] mod_authz_core.c(815): [client 216.73.216.242:17831] AH01626: authorization result of : granted
[Wed Aug 26 03:10:38.100046 2026] [ssl:info] [pid 2270612:tid 2270612] [client 2001:288:a201::66:125:58842] AH01964: Connection to child 20 established (server 2blog.ilc.edu.tw:443)
[Wed Aug 26 03:10:38.100198 2026] [ssl:debug] [pid 2270612:tid 2270612] ssl_engine_kernel.c(2252): [client 2001:288:a201::66:125:58842] AH02645: Server name not provided via TLS extension (using default/first virtual host)
[Wed Aug 26 03:10:38.100216 2026] [socache_shmcb:debug] [pid 2270612:tid 2270612] mod_socache_shmcb.c(545): AH00835: socache_shmcb_retrieve (0x9d -> subcache 29)
[Wed Aug 26 03:10:38.100221 2026] [socache_shmcb:debug] [pid 2270612:tid 2270612] mod_socache_shmcb.c(896): AH00849: match at idx=48, data=13419
[Wed Aug 26 03:10:38.100223 2026] [socache_shmcb:debug] [pid 2270612:tid 2270612] mod_socache_shmcb.c(556): AH00836: leaving socache_shmcb_retrieve successfully
[Wed Aug 26 03:10:38.100897 2026] [ssl:debug] [pid 2270612:tid 2270612] ssl_engine_kernel.c(2082): [client 2001:288:a201::66:125:58842] AH02041: Protocol: TLSv1.2, Cipher: ECDHE-RSA-AES256-GCM-SHA384 (256/256 bits)
[Wed Aug 26 03:10:38.101219 2026] [ssl:debug] [pid 2270612:tid 2270612] ssl_engine_kernel.c(254): [client 2001:288:a201::66:125:58842] AH02034: Initial (No.1) HTTPS request received for child 20 (server 2blog.ilc.edu.tw:443)
[Wed Aug 26 03:10:38.101390 2026] [authz_core:debug] [pid 2270612:tid 2270612] mod_authz_core.c(815): [client 2001:288:a201::66:125:58842] AH01626: authorization result of Require all granted: granted
[Wed Aug 26 03:10:38.101395 2026] [authz_core:debug] [pid 2270612:tid 2270612] mod_authz_core.c(815): [client 2001:288:a201::66:125:58842] AH01626: authorization result of : granted
[Wed Aug 26 03:10:38.101529 2026] [authz_core:debug] [pid 2270612:tid 2270612] mod_authz_core.c(815): [client 2001:288:a201::66:125:58842] AH01626: authorization result of Require all granted: granted
[Wed Aug 26 03:10:38.101535 2026] [authz_core:debug] [pid 2270612:tid 2270612] mod_authz_core.c(815): [client 2001:288:a201::66:125:58842] AH01626: authorization result of : granted
[Wed Aug 26 03:10:38.101549 2026] [php7:error] [pid 2270612:tid 2270612] [client 2001:288:a201::66:125:58842] script '/var/www/html/2blog/active.php' not found or unable to stat
[Wed Aug 26 03:10:38.101559 2026] [headers:debug] [pid 2270612:tid 2270612] mod_headers.c(900): AH01503: headers: ap_headers_error_filter()
[Wed Aug 26 03:10:38.101708 2026] [ssl:debug] [pid 2270612:tid 2270612] ssl_engine_io.c(1150): [client 2001:288:a201::66:125:58842] AH02001: Connection closed to child 20 with standard shutdown (server 2blog.ilc.edu.tw:443)
[Wed Aug 26 03:10:38.104486 2026] [headers:debug] [pid 2266667:tid 2266667] mod_headers.c(900): AH01503: headers: ap_headers_error_filter()
[Wed Aug 26 03:10:38.139728 2026] [ssl:debug] [pid 2266789:tid 2266789] ssl_engine_kernel.c(2082): [client 34.10.180.98:47617] AH02041: Protocol: TLSv1.3, Cipher: TLS_AES_256_GCM_SHA384 (256/256 bits)
[Wed Aug 26 03:10:38.139809 2026] [socache_shmcb:debug] [pid 2266789:tid 2266789] mod_socache_shmcb.c(508): AH00831: socache_shmcb_store (0x92 -> subcache 18)
[Wed Aug 26 03:10:38.139818 2026] [socache_shmcb:debug] [pid 2266789:tid 2266789] mod_socache_shmcb.c(860): AH00847: insert happened at idx=18, data=(6457:6489)
[Wed Aug 26 03:10:38.139822 2026] [socache_shmcb:debug] [pid 2266789:tid 2266789] mod_socache_shmcb.c(863): AH00848: finished insert, subcache: idx_pos/idx_used=60/47, data_pos/data_used=10023/10524
[Wed Aug 26 03:10:38.139825 2026] [socache_shmcb:debug] [pid 2266789:tid 2266789] mod_socache_shmcb.c(530): AH00834: leaving socache_shmcb_store successfully
[Wed Aug 26 03:10:38.139899 2026] [socache_shmcb:debug] [pid 2266789:tid 2266789] mod_socache_shmcb.c(508): AH00831: socache_shmcb_store (0x01 -> subcache 1)
[Wed Aug 26 03:10:38.139906 2026] [socache_shmcb:debug] [pid 2266789:tid 2266789] mod_socache_shmcb.c(860): AH00847: insert happened at idx=22, data=(13057:13089)
[Wed Aug 26 03:10:38.139909 2026] [socache_shmcb:debug] [pid 2266789:tid 2266789] mod_socache_shmcb.c(863): AH00848: finished insert, subcache: idx_pos/idx_used=55/56, data_pos/data_used=792/12491
[Wed Aug 26 03:10:38.139912 2026] [socache_shmcb:debug] [pid 2266789:tid 2266789] mod_socache_shmcb.c(530): AH00834: leaving socache_shmcb_store successfully
[Wed Aug 26 03:10:38.172198 2026] [deflate:debug] [pid 2270269:tid 2270269] mod_deflate.c(909): [client 216.73.216.242:51734] AH01384: Zlib: Compressed 34429 to 9827 : URL /index.php
[Wed Aug 26 03:10:38.200056 2026] [ssl:debug] [pid 2271590:tid 2271590] ssl_engine_kernel.c(254): [client 216.73.216.242:50854] AH02034: Subsequent (No.8) HTTPS request received for child 0 (server 2blog.ilc.edu.tw:443)
[Wed Aug 26 03:10:38.200258 2026] [authz_core:debug] [pid 2271590:tid 2271590] mod_authz_core.c(815): [client 216.73.216.242:50854] AH01626: authorization result of Require all granted: granted
[Wed Aug 26 03:10:38.200263 2026] [authz_core:debug] [pid 2271590:tid 2271590] mod_authz_core.c(815): [client 216.73.216.242:50854] AH01626: authorization result of : granted
[Wed Aug 26 03:10:38.200395 2026] [authz_core:debug] [pid 2271590:tid 2271590] mod_authz_core.c(815): [client 216.73.216.242:50854] AH01626: authorization result of Require all granted: granted
[Wed Aug 26 03:10:38.200399 2026] [authz_core:debug] [pid 2271590:tid 2271590] mod_authz_core.c(815): [client 216.73.216.242:50854] AH01626: authorization result of : granted
[Wed Aug 26 03:10:38.218338 2026] [ssl:debug] [pid 2266905:tid 2266905] ssl_engine_io.c(1150): [client 34.10.180.98:44034] AH02001: Connection closed to child 30 with standard shutdown (server 2blog.ilc.edu.tw:443)
[Wed Aug 26 03:10:38.301566 2026] [ssl:debug] [pid 2270450:tid 2270450] ssl_engine_kernel.c(254): [client 216.73.216.242:10336] AH02034: Subsequent (No.22) HTTPS request received for child 12 (server 2blog.ilc.edu.tw:443)
[Wed Aug 26 03:10:38.301842 2026] [authz_core:debug] [pid 2270450:tid 2270450] mod_authz_core.c(815): [client 216.73.216.242:10336] AH01626: authorization result of Require all granted: granted
