[Wed Aug 26 03:10:38.301854 2026] [authz_core:debug] [pid 2270450:tid 2270450] mod_authz_core.c(815): [client 216.73.216.242:10336] AH01626: authorization result of : granted
[Wed Aug 26 03:10:38.302087 2026] [authz_core:debug] [pid 2270450:tid 2270450] mod_authz_core.c(815): [client 216.73.216.242:10336] AH01626: authorization result of Require all granted: granted
[Wed Aug 26 03:10:38.302097 2026] [authz_core:debug] [pid 2270450:tid 2270450] mod_authz_core.c(815): [client 216.73.216.242:10336] AH01626: authorization result of : granted
[Wed Aug 26 03:10:38.341092 2026] [ssl:debug] [pid 2270117:tid 2270117] ssl_engine_io.c(1150): [client 216.73.216.242:7806] AH02001: Connection closed to child 4 with standard shutdown (server 2blog.ilc.edu.tw:443)
[Wed Aug 26 03:10:38.402171 2026] [ssl:debug] [pid 2266896:tid 2266896] ssl_engine_kernel.c(254): [client 216.73.216.242:24692] AH02034: Subsequent (No.23) HTTPS request received for child 21 (server 2blog.ilc.edu.tw:443)
[Wed Aug 26 03:10:38.402415 2026] [authz_core:debug] [pid 2266896:tid 2266896] mod_authz_core.c(815): [client 216.73.216.242:24692] AH01626: authorization result of Require all granted: granted
[Wed Aug 26 03:10:38.402424 2026] [authz_core:debug] [pid 2266896:tid 2266896] mod_authz_core.c(815): [client 216.73.216.242:24692] AH01626: authorization result of : granted
[Wed Aug 26 03:10:38.402606 2026] [authz_core:debug] [pid 2266896:tid 2266896] mod_authz_core.c(815): [client 216.73.216.242:24692] AH01626: authorization result of Require all granted: granted
[Wed Aug 26 03:10:38.402612 2026] [authz_core:debug] [pid 2266896:tid 2266896] mod_authz_core.c(815): [client 216.73.216.242:24692] AH01626: authorization result of : granted
[Wed Aug 26 03:10:38.503435 2026] [ssl:debug] [pid 2270269:tid 2270269] ssl_engine_kernel.c(254): [client 216.73.216.242:51734] AH02034: Subsequent (No.24) HTTPS request received for child 5 (server 2blog.ilc.edu.tw:443)
[Wed Aug 26 03:10:38.503696 2026] [authz_core:debug] [pid 2270269:tid 2270269] mod_authz_core.c(815): [client 216.73.216.242:51734] AH01626: authorization result of Require all granted: granted
[Wed Aug 26 03:10:38.503707 2026] [authz_core:debug] [pid 2270269:tid 2270269] mod_authz_core.c(815): [client 216.73.216.242:51734] AH01626: authorization result of : granted
[Wed Aug 26 03:10:38.503914 2026] [authz_core:debug] [pid 2270269:tid 2270269] mod_authz_core.c(815): [client 216.73.216.242:51734] AH01626: authorization result of Require all granted: granted
[Wed Aug 26 03:10:38.503923 2026] [authz_core:debug] [pid 2270269:tid 2270269] mod_authz_core.c(815): [client 216.73.216.242:51734] AH01626: authorization result of : granted
[Wed Aug 26 03:10:38.530817 2026] [ssl:info] [pid 2266897:tid 2266897] [client 66.249.71.9:58367] AH01964: Connection to child 22 established (server 2blog.ilc.edu.tw:443)
[Wed Aug 26 03:10:38.531050 2026] [ssl:debug] [pid 2266897:tid 2266897] ssl_engine_kernel.c(2222): [client 66.249.71.9:58367] AH02043: SSL virtual host for servername www.jwes.ilc.edu.tw found
[Wed Aug 26 03:10:38.531144 2026] [ssl:debug] [pid 2266897:tid 2266897] ssl_util_stapling.c(819): AH01951: stapling_cb: OCSP Stapling callback called
[Wed Aug 26 03:10:38.531151 2026] [ssl:info] [pid 2266897:tid 2266897] AH01926: stapling_get_certinfo: stapling not supported for certificate
[Wed Aug 26 03:10:38.538946 2026] [ssl:debug] [pid 2266897:tid 2266897] ssl_engine_kernel.c(2082): [client 66.249.71.9:58367] AH02041: Protocol: TLSv1.3, Cipher: TLS_AES_256_GCM_SHA384 (256/256 bits)
[Wed Aug 26 03:10:38.539000 2026] [socache_shmcb:debug] [pid 2266897:tid 2266897] mod_socache_shmcb.c(508): AH00831: socache_shmcb_store (0xc5 -> subcache 5)
[Wed Aug 26 03:10:38.539007 2026] [socache_shmcb:debug] [pid 2266897:tid 2266897] mod_socache_shmcb.c(860): AH00847: insert happened at idx=3, data=(8933:8965)
[Wed Aug 26 03:10:38.539010 2026] [socache_shmcb:debug] [pid 2266897:tid 2266897] mod_socache_shmcb.c(863): AH00848: finished insert, subcache: idx_pos/idx_used=37/55, data_pos/data_used=10681/12333
[Wed Aug 26 03:10:38.539012 2026] [socache_shmcb:debug] [pid 2266897:tid 2266897] mod_socache_shmcb.c(530): AH00834: leaving socache_shmcb_store successfully
[Wed Aug 26 03:10:38.539074 2026] [socache_shmcb:debug] [pid 2266897:tid 2266897] mod_socache_shmcb.c(508): AH00831: socache_shmcb_store (0x0e -> subcache 14)
[Wed Aug 26 03:10:38.539079 2026] [socache_shmcb:debug] [pid 2266897:tid 2266897] mod_socache_shmcb.c(745): AH00842: expiring 3 and reclaiming 0 removed socache entries
[Wed Aug 26 03:10:38.539088 2026] [socache_shmcb:debug] [pid 2266897:tid 2266897] mod_socache_shmcb.c(765): AH00843: we now have 41 socache entries
[Wed Aug 26 03:10:38.539091 2026] [socache_shmcb:debug] [pid 2266897:tid 2266897] mod_socache_shmcb.c(860): AH00847: insert happened at idx=79, data=(6444:6476)
[Wed Aug 26 03:10:38.539092 2026] [socache_shmcb:debug] [pid 2266897:tid 2266897] mod_socache_shmcb.c(863): AH00848: finished insert, subcache: idx_pos/idx_used=38/42, data_pos/data_used=11095/9429
[Wed Aug 26 03:10:38.539094 2026] [socache_shmcb:debug] [pid 2266897:tid 2266897] mod_socache_shmcb.c(530): AH00834: leaving socache_shmcb_store successfully
[Wed Aug 26 03:10:38.539218 2026] [ssl:debug] [pid 2266897:tid 2266897] ssl_engine_kernel.c(254): [client 66.249.71.9:58367] AH02034: Initial (No.1) HTTPS request received for child 22 (server www.jwes.ilc.edu.tw:443)
[Wed Aug 26 03:10:38.539390 2026] [authz_core:debug] [pid 2266897:tid 2266897] mod_authz_core.c(815): [client 66.249.71.9:58367] AH01626: authorization result of Require all granted: granted
[Wed Aug 26 03:10:38.539395 2026] [authz_core:debug] [pid 2266897:tid 2266897] mod_authz_core.c(815): [client 66.249.71.9:58367] AH01626: authorization result of : granted
[Wed Aug 26 03:10:38.561892 2026] [ssl:debug] [pid 2266789:tid 2266789] ssl_engine_kernel.c(254): [client 34.10.180.98:47617] AH02034: Initial (No.1) HTTPS request received for child 7 (server 2blog.ilc.edu.tw:443)
[Wed Aug 26 03:10:38.562073 2026] [authz_core:debug] [pid 2266789:tid 2266789] mod_authz_core.c(815): [client 34.10.180.98:47617] AH01626: authorization result of Require all granted: granted
[Wed Aug 26 03:10:38.562079 2026] [authz_core:debug] [pid 2266789:tid 2266789] mod_authz_core.c(815): [client 34.10.180.98:47617] AH01626: authorization result of : granted
[Wed Aug 26 03:10:38.562206 2026] [authz_core:debug] [pid 2266789:tid 2266789] mod_authz_core.c(815): [client 34.10.180.98:47617] AH01626: authorization result of Require all granted: granted
[Wed Aug 26 03:10:38.562210 2026] [authz_core:debug] [pid 2266789:tid 2266789] mod_authz_core.c(815): [client 34.10.180.98:47617] AH01626: authorization result of : granted
[Wed Aug 26 03:10:38.604173 2026] [ssl:debug] [pid 2261311:tid 2261311] ssl_engine_kernel.c(254): [client 216.73.216.242:4789] AH02034: Subsequent (No.20) HTTPS request received for child 2 (server 2blog.ilc.edu.tw:443)
[Wed Aug 26 03:10:38.604420 2026] [authz_core:debug] [pid 2261311:tid 2261311] mod_authz_core.c(815): [client 216.73.216.242:4789] AH01626: authorization result of Require all granted: granted
[Wed Aug 26 03:10:38.604431 2026] [authz_core:debug] [pid 2261311:tid 2261311] mod_authz_core.c(815): [client 216.73.216.242:4789] AH01626: authorization result of : granted
[Wed Aug 26 03:10:38.604587 2026] [authz_core:debug] [pid 2261311:tid 2261311] mod_authz_core.c(815): [client 216.73.216.242:4789] AH01626: authorization result of Require all granted: granted
[Wed Aug 26 03:10:38.604593 2026] [authz_core:debug] [pid 2261311:tid 2261311] mod_authz_core.c(815): [client 216.73.216.242:4789] AH01626: authorization result of : granted
[Wed Aug 26 03:10:38.641046 2026] [ssl:debug] [pid 2270613:tid 2270613] ssl_engine_io.c(1150): [client 34.61.96.6:56321] AH02001: Connection closed to child 25 with standard shutdown (server 2blog.ilc.edu.tw:443)
[Wed Aug 26 03:10:38.658720 2026] [deflate:debug] [pid 2270450:tid 2270450] mod_deflate.c(909): [client 216.73.216.242:10336] AH01384: Zlib: Compressed 2854 to 1288 : URL /index.php
[Wed Aug 26 03:10:38.697812 2026] [deflate:debug] [pid 2270608:tid 2270608] mod_deflate.c(909): [client 216.73.216.242:50150] AH01384: Zlib: Compressed 18410 to 2672 : URL /index.php
[Wed Aug 26 03:10:38.704462 2026] [ssl:debug] [pid 2270609:tid 2270609] ssl_engine_kernel.c(254): [client 216.73.216.242:17831] AH02034: Subsequent (No.20) HTTPS request received for child 17 (server 2blog.ilc.edu.tw:443)
[Wed Aug 26 03:10:38.704746 2026] [authz_core:debug] [pid 2270609:tid 2270609] mod_authz_core.c(815): [client 216.73.216.242:17831] AH01626: authorization result of Require all granted: granted
[Wed Aug 26 03:10:38.704758 2026] [authz_core:debug] [pid 2270609:tid 2270609] mod_authz_core.c(815): [client 216.73.216.242:17831] AH01626: authorization result of : granted
[Wed Aug 26 03:10:38.705005 2026] [authz_core:debug] [pid 2270609:tid 2270609] mod_authz_core.c(815): [client 216.73.216.242:17831] AH01626: authorization result of Require all granted: granted
[Wed Aug 26 03:10:38.705016 2026] [authz_core:debug] [pid 2270609:tid 2270609] mod_authz_core.c(815): [client 216.73.216.242:17831] AH01626: authorization result of : granted
[Wed Aug 26 03:10:38.806126 2026] [ssl:debug] [pid 2271590:tid 2271590] ssl_engine_kernel.c(254): [client 216.73.216.242:50854] AH02034: Subsequent (No.9) HTTPS request received for child 0 (server 2blog.ilc.edu.tw:443)
[Wed Aug 26 03:10:38.806391 2026] [authz_core:debug] [pid 2271590:tid 2271590] mod_authz_core.c(815): [client 216.73.216.242:50854] AH01626: authorization result of Require all granted: granted
[Wed Aug 26 03:10:38.806403 2026] [authz_core:debug] [pid 2271590:tid 2271590] mod_authz_core.c(815): [client 216.73.216.242:50854] AH01626: authorization result of : granted
[Wed Aug 26 03:10:38.806630 2026] [authz_core:debug] [pid 2271590:tid 2271590] mod_authz_core.c(815): [client 216.73.216.242:50854] AH01626: authorization result of Require all granted: granted
[Wed Aug 26 03:10:38.806641 2026] [authz_core:debug] [pid 2271590:tid 2271590] mod_authz_core.c(815): [client 216.73.216.242:50854] AH01626: authorization result of : granted
[Wed Aug 26 03:10:38.893045 2026] [deflate:debug] [pid 2261311:tid 2261311] mod_deflate.c(909): [client 216.73.216.242:4789] AH01384: Zlib: Compressed 2847 to 1277 : URL /index.php
[Wed Aug 26 03:10:38.907213 2026] [ssl:debug] [pid 2270450:tid 2270450] ssl_engine_kernel.c(254): [client 216.73.216.242:10336] AH02034: Subsequent (No.23) HTTPS request received for child 12 (server 2blog.ilc.edu.tw:443)
[Wed Aug 26 03:10:38.925001 2026] [authz_core:debug] [pid 2270450:tid 2270450] mod_authz_core.c(815): [client 216.73.216.242:10336] AH01626: authorization result of Require all granted: granted
[Wed Aug 26 03:10:38.925013 2026] [authz_core:debug] [pid 2270450:tid 2270450] mod_authz_core.c(815): [client 216.73.216.242:10336] AH01626: authorization result of : granted
[Wed Aug 26 03:10:38.925191 2026] [authz_core:debug] [pid 2270450:tid 2270450] mod_authz_core.c(815): [client 216.73.216.242:10336] AH01626: authorization result of Require all granted: granted
[Wed Aug 26 03:10:38.925198 2026] [authz_core:debug] [pid 2270450:tid 2270450] mod_authz_core.c(815): [client 216.73.216.242:10336] AH01626: authorization result of : granted
[Wed Aug 26 03:10:38.985837 2026] [ssl:info] [pid 2270802:tid 2270802] [client 34.56.53.225:58368] AH01964: Connection to child 44 established (server 2blog.ilc.edu.tw:443)
[Wed Aug 26 03:10:38.986063 2026] [ssl:debug] [pid 2270802:tid 2270802] ssl_engine_kernel.c(2222): [client 34.56.53.225:58368] AH02043: SSL virtual host for servername 2blog.ilc.edu.tw found
[Wed Aug 26 03:10:38.986122 2026] [core:debug] [pid 2270802:tid 2270802] protocol.c(2460): [client 34.56.53.225:58368] AH03155: select protocol from , choices=http/1.1 for server 2blog.ilc.edu.tw
[Wed Aug 26 03:10:38.992854 2026] [deflate:debug] [pid 2270609:tid 2270609] mod_deflate.c(909): [client 216.73.216.242:17831] AH01384: Zlib: Compressed 2853 to 1284 : URL /index.php
[Wed Aug 26 03:10:39.008145 2026] [ssl:debug] [pid 2270269:tid 2270269] ssl_engine_kernel.c(254): [client 216.73.216.242:51734] AH02034: Subsequent (No.25) HTTPS request received for child 5 (server 2blog.ilc.edu.tw:443)
[Wed Aug 26 03:10:39.008390 2026] [authz_core:debug] [pid 2270269:tid 2270269] mod_authz_core.c(815): [client 216.73.216.242:51734] AH01626: authorization result of Require all granted: granted
[Wed Aug 26 03:10:39.008399 2026] [authz_core:debug] [pid 2270269:tid 2270269] mod_authz_core.c(815): [client 216.73.216.242:51734] AH01626: authorization result of : granted
[Wed Aug 26 03:10:39.008557 2026] [authz_core:debug] [pid 2270269:tid 2270269] mod_authz_core.c(815): [client 216.73.216.242:51734] AH01626: authorization result of Require all granted: granted
[Wed Aug 26 03:10:39.008561 2026] [authz_core:debug] [pid 2270269:tid 2270269] mod_authz_core.c(815): [client 216.73.216.242:51734] AH01626: authorization result of : granted
[Wed Aug 26 03:10:39.108784 2026] [ssl:debug] [pid 2266896:tid 2266896] ssl_engine_kernel.c(254): [client 216.73.216.242:24692] AH02034: Subsequent (No.24) HTTPS request received for child 21 (server 2blog.ilc.edu.tw:443)
[Wed Aug 26 03:10:39.109038 2026] [authz_core:debug] [pid 2266896:tid 2266896] mod_authz_core.c(815): [client 216.73.216.242:24692] AH01626: authorization result of Require all granted: granted
[Wed Aug 26 03:10:39.109046 2026] [authz_core:debug] [pid 2266896:tid 2266896] mod_authz_core.c(815): [client 216.73.216.242:24692] AH01626: authorization result of : granted
[Wed Aug 26 03:10:39.109193 2026] [authz_core:debug] [pid 2266896:tid 2266896] mod_authz_core.c(815): [client 216.73.216.242:24692] AH01626: authorization result of Require all granted: granted
[Wed Aug 26 03:10:39.109200 2026] [authz_core:debug] [pid 2266896:tid 2266896] mod_authz_core.c(815): [client 216.73.216.242:24692] AH01626: authorization result of : granted
[Wed Aug 26 03:10:39.209155 2026] [ssl:debug] [pid 2261311:tid 2261311] ssl_engine_kernel.c(254): [client 216.73.216.242:4789] AH02034: Subsequent (No.21) HTTPS request received for child 2 (server 2blog.ilc.edu.tw:443)
[Wed Aug 26 03:10:39.209371 2026] [authz_core:debug] [pid 2261311:tid 2261311] mod_authz_core.c(815): [client 216.73.216.242:4789] AH01626: authorization result of Require all granted: granted
[Wed Aug 26 03:10:39.209378 2026] [authz_core:debug] [pid 2261311:tid 2261311] mod_authz_core.c(815): [client 216.73.216.242:4789] AH01626: authorization result of : granted
[Wed Aug 26 03:10:39.209529 2026] [authz_core:debug] [pid 2261311:tid 2261311] mod_authz_core.c(815): [client 216.73.216.242:4789] AH01626: authorization result of Require all granted: granted
[Wed Aug 26 03:10:39.209534 2026] [authz_core:debug] [pid 2261311:tid 2261311] mod_authz_core.c(815): [client 216.73.216.242:4789] AH01626: authorization result of : granted
[Wed Aug 26 03:10:39.311890 2026] [ssl:debug] [pid 2271590:tid 2271590] ssl_engine_kernel.c(254): [client 216.73.216.242:50854] AH02034: Subsequent (No.10) HTTPS request received for child 0 (server 2blog.ilc.edu.tw:443)
[Wed Aug 26 03:10:39.312146 2026] [authz_core:debug] [pid 2271590:tid 2271590] mod_authz_core.c(815): [client 216.73.216.242:50854] AH01626: authorization result of Require all granted: granted
[Wed Aug 26 03:10:39.312156 2026] [authz_core:debug] [pid 2271590:tid 2271590] mod_authz_core.c(815): [client 216.73.216.242:50854] AH01626: authorization result of : granted
[Wed Aug 26 03:10:39.312361 2026] [authz_core:debug] [pid 2271590:tid 2271590] mod_authz_core.c(815): [client 216.73.216.242:50854] AH01626: authorization result of Require all granted: granted
[Wed Aug 26 03:10:39.312369 2026] [authz_core:debug] [pid 2271590:tid 2271590] mod_authz_core.c(815): [client 216.73.216.242:50854] AH01626: authorization result of : granted
[Wed Aug 26 03:10:39.314974 2026] [ssl:debug] [pid 2270802:tid 2270802] ssl_engine_kernel.c(2082): [client 34.56.53.225:58368] AH02041: Protocol: TLSv1.3, Cipher: TLS_AES_256_GCM_SHA384 (256/256 bits)
[Wed Aug 26 03:10:39.315029 2026] [socache_shmcb:debug] [pid 2270802:tid 2270802] mod_socache_shmcb.c(508): AH00831: socache_shmcb_store (0x05 -> subcache 5)
[Wed Aug 26 03:10:39.315044 2026] [socache_shmcb:debug] [pid 2270802:tid 2270802] mod_socache_shmcb.c(860): AH00847: insert happened at idx=4, data=(9150:9182)
[Wed Aug 26 03:10:39.315047 2026] [socache_shmcb:debug] [pid 2270802:tid 2270802] mod_socache_shmcb.c(863): AH00848: finished insert, subcache: idx_pos/idx_used=37/56, data_pos/data_used=10681/12558
[Wed Aug 26 03:10:39.315057 2026] [socache_shmcb:debug] [pid 2270802:tid 2270802] mod_socache_shmcb.c(530): AH00834: leaving socache_shmcb_store successfully
[Wed Aug 26 03:10:39.315111 2026] [socache_shmcb:debug] [pid 2270802:tid 2270802] mod_socache_shmcb.c(508): AH00831: socache_shmcb_store (0xdf -> subcache 31)
[Wed Aug 26 03:10:39.315119 2026] [socache_shmcb:debug] [pid 2270802:tid 2270802] mod_socache_shmcb.c(745): AH00842: expiring 1 and reclaiming 0 removed socache entries
[Wed Aug 26 03:10:39.315122 2026] [socache_shmcb:debug] [pid 2270802:tid 2270802] mod_socache_shmcb.c(765): AH00843: we now have 54 socache entries
[Wed Aug 26 03:10:39.315124 2026] [socache_shmcb:debug] [pid 2270802:tid 2270802] mod_socache_shmcb.c(860): AH00847: insert happened at idx=15, data=(5915:5947)
[Wed Aug 26 03:10:39.315125 2026] [socache_shmcb:debug] [pid 2270802:tid 2270802] mod_socache_shmcb.c(863): AH00848: finished insert, subcache: idx_pos/idx_used=49/55, data_pos/data_used=7686/12319
[Wed Aug 26 03:10:39.315127 2026] [socache_shmcb:debug] [pid 2270802:tid 2270802] mod_socache_shmcb.c(530): AH00834: leaving socache_shmcb_store successfully
[Wed Aug 26 03:10:39.338911 2026] [deflate:debug] [pid 2261311:tid 2261311] mod_deflate.c(909): [client 216.73.216.242:4789] AH01384: Zlib: Compressed 44245 to 8703 : URL /index.php
[Wed Aug 26 03:10:39.412267 2026] [ssl:debug] [pid 2270609:tid 2270609] ssl_engine_kernel.c(254): [client 216.73.216.242:17831] AH02034: Subsequent (No.21) HTTPS request received for child 17 (server 2blog.ilc.edu.tw:443)
[Wed Aug 26 03:10:39.416564 2026] [authz_core:debug] [pid 2270609:tid 2270609] mod_authz_core.c(815): [client 216.73.216.242:17831] AH01626: authorization result of Require all granted: granted
[Wed Aug 26 03:10:39.416586 2026] [authz_core:debug] [pid 2270609:tid 2270609] mod_authz_core.c(815): [client 216.73.216.242:17831] AH01626: authorization result of : granted
[Wed Aug 26 03:10:39.416844 2026] [authz_core:debug] [pid 2270609:tid 2270609] mod_authz_core.c(815): [client 216.73.216.242:17831] AH01626: authorization result of Require all granted: granted
[Wed Aug 26 03:10:39.416855 2026] [authz_core:debug] [pid 2270609:tid 2270609] mod_authz_core.c(815): [client 216.73.216.242:17831] AH01626: authorization result of : granted
[Wed Aug 26 03:10:39.446356 2026] [ssl:debug] [pid 2270802:tid 2270802] ssl_engine_kernel.c(254): [client 34.56.53.225:58368] AH02034: Initial (No.1) HTTPS request received for child 44 (server 2blog.ilc.edu.tw:443)
[Wed Aug 26 03:10:39.446590 2026] [authz_core:debug] [pid 2270802:tid 2270802] mod_authz_core.c(815): [client 34.56.53.225:58368] AH01626: authorization result of Require all granted: granted
[Wed Aug 26 03:10:39.446598 2026] [authz_core:debug] [pid 2270802:tid 2270802] mod_authz_core.c(815): [client 34.56.53.225:58368] AH01626: authorization result of : granted
[Wed Aug 26 03:10:39.446782 2026] [authz_core:debug] [pid 2270802:tid 2270802] mod_authz_core.c(815): [client 34.56.53.225:58368] AH01626: authorization result of Require all granted: granted
[Wed Aug 26 03:10:39.446789 2026] [authz_core:debug] [pid 2270802:tid 2270802] mod_authz_core.c(815): [client 34.56.53.225:58368] AH01626: authorization result of : granted
[Wed Aug 26 03:10:39.513492 2026] [ssl:debug] [pid 2270269:tid 2270269] ssl_engine_kernel.c(254): [client 216.73.216.242:51734] AH02034: Subsequent (No.26) HTTPS request received for child 5 (server 2blog.ilc.edu.tw:443)
[Wed Aug 26 03:10:39.513693 2026] [authz_core:debug] [pid 2270269:tid 2270269] mod_authz_core.c(815): [client 216.73.216.242:51734] AH01626: authorization result of Require all granted: granted
[Wed Aug 26 03:10:39.513699 2026] [authz_core:debug] [pid 2270269:tid 2270269] mod_authz_core.c(815): [client 216.73.216.242:51734] AH01626: authorization result of : granted
[Wed Aug 26 03:10:39.513824 2026] [authz_core:debug] [pid 2270269:tid 2270269] mod_authz_core.c(815): [client 216.73.216.242:51734] AH01626: authorization result of Require all granted: granted
[Wed Aug 26 03:10:39.513835 2026] [authz_core:debug] [pid 2270269:tid 2270269] mod_authz_core.c(815): [client 216.73.216.242:51734] AH01626: authorization result of : granted
[Wed Aug 26 03:10:39.544268 2026] [deflate:debug] [pid 2270609:tid 2270609] mod_deflate.c(909): [client 216.73.216.242:17831] AH01384: Zlib: Compressed 32974 to 8966 : URL /index.php
[Wed Aug 26 03:10:39.601233 2026] [deflate:debug] [pid 2270802:tid 2270802] mod_deflate.c(909): [client 34.56.53.225:58368] AH01384: Zlib: Compressed 31874 to 8007 : URL /index.php
[Wed Aug 26 03:10:39.613312 2026] [ssl:debug] [pid 2261311:tid 2261311] ssl_engine_kernel.c(254): [client 216.73.216.242:4789] AH02034: Subsequent (No.22) HTTPS request received for child 2 (server 2blog.ilc.edu.tw:443)
[Wed Aug 26 03:10:39.613516 2026] [authz_core:debug] [pid 2261311:tid 2261311] mod_authz_core.c(815): [client 216.73.216.242:4789] AH01626: authorization result of Require all granted: granted
[Wed Aug 26 03:10:39.613523 2026] [authz_core:debug] [pid 2261311:tid 2261311] mod_authz_core.c(815): [client 216.73.216.242:4789] AH01626: authorization result of : granted
[Wed Aug 26 03:10:39.613680 2026] [authz_core:debug] [pid 2261311:tid 2261311] mod_authz_core.c(815): [client 216.73.216.242:4789] AH01626: authorization result of Require all granted: granted
[Wed Aug 26 03:10:39.613685 2026] [authz_core:debug] [pid 2261311:tid 2261311] mod_authz_core.c(815): [client 216.73.216.242:4789] AH01626: authorization result of : granted
[Wed Aug 26 03:10:39.661455 2026] [deflate:debug] [pid 2270269:tid 2270269] mod_deflate.c(909): [client 216.73.216.242:51734] AH01384: Zlib: Compressed 33583 to 8968 : URL /index.php
[Wed Aug 26 03:10:39.714636 2026] [ssl:debug] [pid 2266896:tid 2266896] ssl_engine_kernel.c(254): [client 216.73.216.242:24692] AH02034: Subsequent (No.25) HTTPS request received for child 21 (server 2blog.ilc.edu.tw:443)
[Wed Aug 26 03:10:39.714932 2026] [authz_core:debug] [pid 2266896:tid 2266896] mod_authz_core.c(815): [client 216.73.216.242:24692] AH01626: authorization result of Require all granted: granted
[Wed Aug 26 03:10:39.714941 2026] [authz_core:debug] [pid 2266896:tid 2266896] mod_authz_core.c(815): [client 216.73.216.242:24692] AH01626: authorization result of : granted
[Wed Aug 26 03:10:39.715178 2026] [authz_core:debug] [pid 2266896:tid 2266896] mod_authz_core.c(815): [client 216.73.216.242:24692] AH01626: authorization result of Require all granted: granted
[Wed Aug 26 03:10:39.715184 2026] [authz_core:debug] [pid 2266896:tid 2266896] mod_authz_core.c(815): [client 216.73.216.242:24692] AH01626: authorization result of : granted
[Wed Aug 26 03:10:39.816335 2026] [ssl:debug] [pid 2271590:tid 2271590] ssl_engine_kernel.c(254): [client 216.73.216.242:50854] AH02034: Subsequent (No.11) HTTPS request received for child 0 (server 2blog.ilc.edu.tw:443)
[Wed Aug 26 03:10:39.816597 2026] [authz_core:debug] [pid 2271590:tid 2271590] mod_authz_core.c(815): [client 216.73.216.242:50854] AH01626: authorization result of Require all granted: granted
[Wed Aug 26 03:10:39.816604 2026] [authz_core:debug] [pid 2271590:tid 2271590] mod_authz_core.c(815): [client 216.73.216.242:50854] AH01626: authorization result of : granted
[Wed Aug 26 03:10:39.816783 2026] [authz_core:debug] [pid 2271590:tid 2271590] mod_authz_core.c(815): [client 216.73.216.242:50854] AH01626: authorization result of Require all granted: granted
[Wed Aug 26 03:10:39.816790 2026] [authz_core:debug] [pid 2271590:tid 2271590] mod_authz_core.c(815): [client 216.73.216.242:50854] AH01626: authorization result of : granted
[Wed Aug 26 03:10:39.821258 2026] [ssl:debug] [pid 2267325:tid 2267325] ssl_engine_io.c(1150): [client 40.77.167.26:44488] AH02001: Connection closed to child 1 with standard shutdown (server 2blog.ilc.edu.tw:443)
[Wed Aug 26 03:10:39.824276 2026] [ssl:info] [pid 2270801:tid 2270801] [client 34.10.180.98:9728] AH01964: Connection to child 43 established (server 2blog.ilc.edu.tw:443)
[Wed Aug 26 03:10:39.824441 2026] [ssl:debug] [pid 2270801:tid 2270801] ssl_engine_kernel.c(2222): [client 34.10.180.98:9728] AH02043: SSL virtual host for servername 2blog.ilc.edu.tw found
[Wed Aug 26 03:10:39.824500 2026] [core:debug] [pid 2270801:tid 2270801] protocol.c(2460): [client 34.10.180.98:9728] AH03155: select protocol from , choices=http/1.1 for server 2blog.ilc.edu.tw
[Wed Aug 26 03:10:39.882861 2026] [deflate:debug] [pid 2261311:tid 2261311] mod_deflate.c(909): [client 216.73.216.242:4789] AH01384: Zlib: Compressed 2832 to 1285 : URL /index.php
[Wed Aug 26 03:10:39.917633 2026] [ssl:debug] [pid 2270269:tid 2270269] ssl_engine_kernel.c(254): [client 216.73.216.242:51734] AH02034: Subsequent (No.27) HTTPS request received for child 5 (server 2blog.ilc.edu.tw:443)
[Wed Aug 26 03:10:39.917835 2026] [authz_core:debug] [pid 2270269:tid 2270269] mod_authz_core.c(815): [client 216.73.216.242:51734] AH01626: authorization result of Require all granted: granted
[Wed Aug 26 03:10:39.917841 2026] [authz_core:debug] [pid 2270269:tid 2270269] mod_authz_core.c(815): [client 216.73.216.242:51734] AH01626: authorization result of : granted
[Wed Aug 26 03:10:39.917975 2026] [authz_core:debug] [pid 2270269:tid 2270269] mod_authz_core.c(815): [client 216.73.216.242:51734] AH01626: authorization result of Require all granted: granted
[Wed Aug 26 03:10:39.917979 2026] [authz_core:debug] [pid 2270269:tid 2270269] mod_authz_core.c(815): [client 216.73.216.242:51734] AH01626: authorization result of : granted
[Wed Aug 26 03:10:40.018057 2026] [ssl:debug] [pid 2270609:tid 2270609] ssl_engine_kernel.c(254): [client 216.73.216.242:17831] AH02034: Subsequent (No.22) HTTPS request received for child 17 (server 2blog.ilc.edu.tw:443)
[Wed Aug 26 03:10:40.018295 2026] [authz_core:debug] [pid 2270609:tid 2270609] mod_authz_core.c(815): [client 216.73.216.242:17831] AH01626: authorization result of Require all granted: granted
[Wed Aug 26 03:10:40.018304 2026] [authz_core:debug] [pid 2270609:tid 2270609] mod_authz_core.c(815): [client 216.73.216.242:17831] AH01626: authorization result of : granted
[Wed Aug 26 03:10:40.018450 2026] [authz_core:debug] [pid 2270609:tid 2270609] mod_authz_core.c(815): [client 216.73.216.242:17831] AH01626: authorization result of Require all granted: granted
[Wed Aug 26 03:10:40.018455 2026] [authz_core:debug] [pid 2270609:tid 2270609] mod_authz_core.c(815): [client 216.73.216.242:17831] AH01626: authorization result of : granted
[Wed Aug 26 03:10:40.103924 2026] [deflate:debug] [pid 2271590:tid 2271590] mod_deflate.c(909): [client 216.73.216.242:50854] AH01384: Zlib: Compressed 2843 to 1281 : URL /index.php
[Wed Aug 26 03:10:40.118912 2026] [ssl:debug] [pid 2261311:tid 2261311] ssl_engine_kernel.c(254): [client 216.73.216.242:4789] AH02034: Subsequent (No.23) HTTPS request received for child 2 (server 2blog.ilc.edu.tw:443)
[Wed Aug 26 03:10:40.119114 2026] [authz_core:debug] [pid 2261311:tid 2261311] mod_authz_core.c(815): [client 216.73.216.242:4789] AH01626: authorization result of Require all granted: granted
[Wed Aug 26 03:10:40.119119 2026] [authz_core:debug] [pid 2261311:tid 2261311] mod_authz_core.c(815): [client 216.73.216.242:4789] AH01626: authorization result of : granted
[Wed Aug 26 03:10:40.119257 2026] [authz_core:debug] [pid 2261311:tid 2261311] mod_authz_core.c(815): [client 216.73.216.242:4789] AH01626: authorization result of Require all granted: granted
[Wed Aug 26 03:10:40.119261 2026] [authz_core:debug] [pid 2261311:tid 2261311] mod_authz_core.c(815): [client 216.73.216.242:4789] AH01626: authorization result of : granted
[Wed Aug 26 03:10:40.141061 2026] [ssl:debug] [pid 2266890:tid 2266890] ssl_engine_io.c(1150): [client 34.171.68.95:58368] AH02001: Connection closed to child 3 with standard shutdown (server 2blog.ilc.edu.tw:443)
[Wed Aug 26 03:10:40.162391 2026] [ssl:debug] [pid 2270801:tid 2270801] ssl_engine_kernel.c(2082): [client 34.10.180.98:9728] AH02041: Protocol: TLSv1.3, Cipher: TLS_AES_256_GCM_SHA384 (256/256 bits)
[Wed Aug 26 03:10:40.162461 2026] [socache_shmcb:debug] [pid 2270801:tid 2270801] mod_socache_shmcb.c(508): AH00831: socache_shmcb_store (0x1f -> subcache 31)
[Wed Aug 26 03:10:40.162476 2026] [socache_shmcb:debug] [pid 2270801:tid 2270801] mod_socache_shmcb.c(860): AH00847: insert happened at idx=16, data=(6141:6173)
[Wed Aug 26 03:10:40.162478 2026] [socache_shmcb:debug] [pid 2270801:tid 2270801] mod_socache_shmcb.c(863): AH00848: finished insert, subcache: idx_pos/idx_used=49/56, data_pos/data_used=7686/12545
[Wed Aug 26 03:10:40.162481 2026] [socache_shmcb:debug] [pid 2270801:tid 2270801] mod_socache_shmcb.c(530): AH00834: leaving socache_shmcb_store successfully
[Wed Aug 26 03:10:40.162546 2026] [socache_shmcb:debug] [pid 2270801:tid 2270801] mod_socache_shmcb.c(508): AH00831: socache_shmcb_store (0xb7 -> subcache 23)
[Wed Aug 26 03:10:40.162552 2026] [socache_shmcb:debug] [pid 2270801:tid 2270801] mod_socache_shmcb.c(745): AH00842: expiring 4 and reclaiming 0 removed socache entries
[Wed Aug 26 03:10:40.162554 2026] [socache_shmcb:debug] [pid 2270801:tid 2270801] mod_socache_shmcb.c(765): AH00843: we now have 42 socache entries
[Wed Aug 26 03:10:40.162556 2026] [socache_shmcb:debug] [pid 2270801:tid 2270801] mod_socache_shmcb.c(860): AH00847: insert happened at idx=85, data=(7817:7849)
[Wed Aug 26 03:10:40.162557 2026] [socache_shmcb:debug] [pid 2270801:tid 2270801] mod_socache_shmcb.c(863): AH00848: finished insert, subcache: idx_pos/idx_used=43/43, data_pos/data_used=12258/9649
[Wed Aug 26 03:10:40.162559 2026] [socache_shmcb:debug] [pid 2270801:tid 2270801] mod_socache_shmcb.c(530): AH00834: leaving socache_shmcb_store successfully
[Wed Aug 26 03:10:40.191884 2026] [headers:debug] [pid 2270785:tid 2270785] mod_headers.c(900): AH01503: headers: ap_headers_error_filter()
[Wed Aug 26 03:10:40.219794 2026] [ssl:debug] [pid 2266896:tid 2266896] ssl_engine_kernel.c(254): [client 216.73.216.242:24692] AH02034: Subsequent (No.26) HTTPS request received for child 21 (server 2blog.ilc.edu.tw:443)
[Wed Aug 26 03:10:40.219990 2026] [authz_core:debug] [pid 2266896:tid 2266896] mod_authz_core.c(815): [client 216.73.216.242:24692] AH01626: authorization result of Require all granted: granted
[Wed Aug 26 03:10:40.219995 2026] [authz_core:debug] [pid 2266896:tid 2266896] mod_authz_core.c(815): [client 216.73.216.242:24692] AH01626: authorization result of : granted
[Wed Aug 26 03:10:40.220120 2026] [authz_core:debug] [pid 2266896:tid 2266896] mod_authz_core.c(815): [client 216.73.216.242:24692] AH01626: authorization result of Require all granted: granted
[Wed Aug 26 03:10:40.220124 2026] [authz_core:debug] [pid 2266896:tid 2266896] mod_authz_core.c(815): [client 216.73.216.242:24692] AH01626: authorization result of : granted
[Wed Aug 26 03:10:40.262428 2026] [ssl:debug] [pid 2270801:tid 2270801] ssl_engine_kernel.c(254): [client 34.10.180.98:9728] AH02034: Initial (No.1) HTTPS request received for child 43 (server 2blog.ilc.edu.tw:443)
[Wed Aug 26 03:10:40.262622 2026] [authz_core:debug] [pid 2270801:tid 2270801] mod_authz_core.c(815): [client 34.10.180.98:9728] AH01626: authorization result of Require all granted: granted
[Wed Aug 26 03:10:40.262628 2026] [authz_core:debug] [pid 2270801:tid 2270801] mod_authz_core.c(815): [client 34.10.180.98:9728] AH01626: authorization result of : granted
[Wed Aug 26 03:10:40.262778 2026] [authz_core:debug] [pid 2270801:tid 2270801] mod_authz_core.c(815): [client 34.10.180.98:9728] AH01626: authorization result of Require all granted: granted
[Wed Aug 26 03:10:40.262783 2026] [authz_core:debug] [pid 2270801:tid 2270801] mod_authz_core.c(815): [client 34.10.180.98:9728] AH01626: authorization result of : granted
[Wed Aug 26 03:10:40.322067 2026] [ssl:debug] [pid 2271590:tid 2271590] ssl_engine_kernel.c(254): [client 216.73.216.242:50854] AH02034: Subsequent (No.12) HTTPS request received for child 0 (server 2blog.ilc.edu.tw:443)
[Wed Aug 26 03:10:40.322254 2026] [authz_core:debug] [pid 2271590:tid 2271590] mod_authz_core.c(815): [client 216.73.216.242:50854] AH01626: authorization result of Require all granted: granted
[Wed Aug 26 03:10:40.322269 2026] [authz_core:debug] [pid 2271590:tid 2271590] mod_authz_core.c(815): [client 216.73.216.242:50854] AH01626: authorization result of : granted
[Wed Aug 26 03:10:40.322424 2026] [authz_core:debug] [pid 2271590:tid 2271590] mod_authz_core.c(815): [client 216.73.216.242:50854] AH01626: authorization result of Require all granted: granted
[Wed Aug 26 03:10:40.322431 2026] [authz_core:debug] [pid 2271590:tid 2271590] mod_authz_core.c(815): [client 216.73.216.242:50854] AH01626: authorization result of : granted
[Wed Aug 26 03:10:40.350652 2026] [deflate:debug] [pid 2270609:tid 2270609] mod_deflate.c(909): [client 216.73.216.242:17831] AH01384: Zlib: Compressed 2852 to 1287 : URL /index.php
[Wed Aug 26 03:10:40.423960 2026] [ssl:debug] [pid 2270269:tid 2270269] ssl_engine_kernel.c(254): [client 216.73.216.242:51734] AH02034: Subsequent (No.28) HTTPS request received for child 5 (server 2blog.ilc.edu.tw:443)
[Wed Aug 26 03:10:40.424420 2026] [authz_core:debug] [pid 2270269:tid 2270269] mod_authz_core.c(815): [client 216.73.216.242:51734] AH01626: authorization result of Require all granted: granted
[Wed Aug 26 03:10:40.424439 2026] [authz_core:debug] [pid 2270269:tid 2270269] mod_authz_core.c(815): [client 216.73.216.242:51734] AH01626: authorization result of : granted
[Wed Aug 26 03:10:40.424692 2026] [authz_core:debug] [pid 2270269:tid 2270269] mod_authz_core.c(815): [client 216.73.216.242:51734] AH01626: authorization result of Require all granted: granted
[Wed Aug 26 03:10:40.424699 2026] [authz_core:debug] [pid 2270269:tid 2270269] mod_authz_core.c(815): [client 216.73.216.242:51734] AH01626: authorization result of : granted
[Wed Aug 26 03:10:40.465090 2026] [ssl:debug] [pid 2266930:tid 2266930] ssl_engine_io.c(1150): [client 34.123.149.87:6657] AH02001: Connection closed to child 9 with standard shutdown (server 2blog.ilc.edu.tw:443)
[Wed Aug 26 03:10:40.483752 2026] [deflate:debug] [pid 2266896:tid 2266896] mod_deflate.c(909): [client 216.73.216.242:24692] AH01384: Zlib: Compressed 2855 to 1279 : URL /index.php
[Wed Aug 26 03:10:40.510518 2026] [ssl:info] [pid 2270803:tid 2270803] [client 140.111.67.10:39378] AH01964: Connection to child 45 established (server 2blog.ilc.edu.tw:443)
[Wed Aug 26 03:10:40.510672 2026] [ssl:info] [pid 2270803:tid 2270803] (70014)End of file found: [client 140.111.67.10:39378] AH02006: SSL handshake stopped: connection was closed
[Wed Aug 26 03:10:40.510680 2026] [ssl:info] [pid 2270803:tid 2270803] [client 140.111.67.10:39378] AH01998: Connection closed to child 45 with abortive shutdown (server 2blog.ilc.edu.tw:443)
[Wed Aug 26 03:10:40.524487 2026] [ssl:debug] [pid 2270450:tid 2270450] ssl_engine_kernel.c(254): [client 216.73.216.242:10336] AH02034: Subsequent (No.24) HTTPS request received for child 12 (server 2blog.ilc.edu.tw:443)
[Wed Aug 26 03:10:40.524682 2026] [authz_core:debug] [pid 2270450:tid 2270450] mod_authz_core.c(815): [client 216.73.216.242:10336] AH01626: authorization result of Require all granted: granted
[Wed Aug 26 03:10:40.524687 2026] [authz_core:debug] [pid 2270450:tid 2270450] mod_authz_core.c(815): [client 216.73.216.242:10336] AH01626: authorization result of : granted
[Wed Aug 26 03:10:40.524811 2026] [authz_core:debug] [pid 2270450:tid 2270450] mod_authz_core.c(815): [client 216.73.216.242:10336] AH01626: authorization result of Require all granted: granted
[Wed Aug 26 03:10:40.524815 2026] [authz_core:debug] [pid 2270450:tid 2270450] mod_authz_core.c(815): [client 216.73.216.242:10336] AH01626: authorization result of : granted
[Wed Aug 26 03:10:40.555865 2026] [deflate:debug] [pid 2270801:tid 2270801] mod_deflate.c(909): [client 34.10.180.98:9728] AH01384: Zlib: Compressed 60283 to 11960 : URL /index.php
[Wed Aug 26 03:10:40.609062 2026] [ssl:debug] [pid 2266182:tid 2266182] ssl_engine_io.c(1150): [client 2409:8c78:100:63::91:55210] AH02001: Connection closed to child 50 with standard shutdown (server 2blog.ilc.edu.tw:443)
[Wed Aug 26 03:10:40.627007 2026] [ssl:debug] [pid 2261311:tid 2261311] ssl_engine_kernel.c(254): [client 216.73.216.242:4789] AH02034: Subsequent (No.24) HTTPS request received for child 2 (server 2blog.ilc.edu.tw:443)
[Wed Aug 26 03:10:40.627200 2026] [authz_core:debug] [pid 2261311:tid 2261311] mod_authz_core.c(815): [client 216.73.216.242:4789] AH01626: authorization result of Require all granted: granted
[Wed Aug 26 03:10:40.627205 2026] [authz_core:debug] [pid 2261311:tid 2261311] mod_authz_core.c(815): [client 216.73.216.242:4789] AH01626: authorization result of : granted
[Wed Aug 26 03:10:40.627331 2026] [authz_core:debug] [pid 2261311:tid 2261311] mod_authz_core.c(815): [client 216.73.216.242:4789] AH01626: authorization result of Require all granted: granted
[Wed Aug 26 03:10:40.627334 2026] [authz_core:debug] [pid 2261311:tid 2261311] mod_authz_core.c(815): [client 216.73.216.242:4789] AH01626: authorization result of : granted
[Wed Aug 26 03:10:40.726418 2026] [ssl:debug] [pid 2266896:tid 2266896] ssl_engine_kernel.c(254): [client 216.73.216.242:24692] AH02034: Subsequent (No.27) HTTPS request received for child 21 (server 2blog.ilc.edu.tw:443)
[Wed Aug 26 03:10:40.726614 2026] [authz_core:debug] [pid 2266896:tid 2266896] mod_authz_core.c(815): [client 216.73.216.242:24692] AH01626: authorization result of Require all granted: granted
[Wed Aug 26 03:10:40.726620 2026] [authz_core:debug] [pid 2266896:tid 2266896] mod_authz_core.c(815): [client 216.73.216.242:24692] AH01626: authorization result of : granted
[Wed Aug 26 03:10:40.726748 2026] [authz_core:debug] [pid 2266896:tid 2266896] mod_authz_core.c(815): [client 216.73.216.242:24692] AH01626: authorization result of Require all granted: granted
[Wed Aug 26 03:10:40.726751 2026] [authz_core:debug] [pid 2266896:tid 2266896] mod_authz_core.c(815): [client 216.73.216.242:24692] AH01626: authorization result of : granted
[Wed Aug 26 03:10:40.826833 2026] [ssl:debug] [pid 2271590:tid 2271590] ssl_engine_kernel.c(254): [client 216.73.216.242:50854] AH02034: Subsequent (No.13) HTTPS request received for child 0 (server 2blog.ilc.edu.tw:443)
[Wed Aug 26 03:10:40.827025 2026] [authz_core:debug] [pid 2271590:tid 2271590] mod_authz_core.c(815): [client 216.73.216.242:50854] AH01626: authorization result of Require all granted: granted
[Wed Aug 26 03:10:40.827030 2026] [authz_core:debug] [pid 2271590:tid 2271590] mod_authz_core.c(815): [client 216.73.216.242:50854] AH01626: authorization result of : granted
[Wed Aug 26 03:10:40.827154 2026] [authz_core:debug] [pid 2271590:tid 2271590] mod_authz_core.c(815): [client 216.73.216.242:50854] AH01626: authorization result of Require all granted: granted
[Wed Aug 26 03:10:40.827159 2026] [authz_core:debug] [pid 2271590:tid 2271590] mod_authz_core.c(815): [client 216.73.216.242:50854] AH01626: authorization result of : granted
[Wed Aug 26 03:10:40.929022 2026] [ssl:debug] [pid 2270269:tid 2270269] ssl_engine_kernel.c(254): [client 216.73.216.242:51734] AH02034: Subsequent (No.29) HTTPS request received for child 5 (server 2blog.ilc.edu.tw:443)
[Wed Aug 26 03:10:40.929240 2026] [authz_core:debug] [pid 2270269:tid 2270269] mod_authz_core.c(815): [client 216.73.216.242:51734] AH01626: authorization result of Require all granted: granted
[Wed Aug 26 03:10:40.929246 2026] [authz_core:debug] [pid 2270269:tid 2270269] mod_authz_core.c(815): [client 216.73.216.242:51734] AH01626: authorization result of : granted
[Wed Aug 26 03:10:40.929381 2026] [authz_core:debug] [pid 2270269:tid 2270269] mod_authz_core.c(815): [client 216.73.216.242:51734] AH01626: authorization result of Require all granted: granted
[Wed Aug 26 03:10:40.929391 2026] [authz_core:debug] [pid 2270269:tid 2270269] mod_authz_core.c(815): [client 216.73.216.242:51734] AH01626: authorization result of : granted
[Wed Aug 26 03:10:40.986214 2026] [deflate:debug] [pid 2266896:tid 2266896] mod_deflate.c(909): [client 216.73.216.242:24692] AH01384: Zlib: Compressed 2843 to 1273 : URL /index.php
[Wed Aug 26 03:10:40.990465 2026] [ssl:debug] [pid 2270270:tid 2270270] ssl_engine_kernel.c(254): [client 2409:8c78:100:63::91:55220] AH02034: Initial (No.1) HTTPS request received for child 6 (server 2blog.ilc.edu.tw:443), referer: https://2blog.ilc.edu.tw/57/2012/10/
[Wed Aug 26 03:10:40.990736 2026] [authz_core:debug] [pid 2270270:tid 2270270] mod_authz_core.c(815): [client 2409:8c78:100:63::91:55220] AH01626: authorization result of Require all granted: granted, referer: https://2blog.ilc.edu.tw/57/2012/10/
[Wed Aug 26 03:10:40.990745 2026] [authz_core:debug] [pid 2270270:tid 2270270] mod_authz_core.c(815): [client 2409:8c78:100:63::91:55220] AH01626: authorization result of : granted, referer: https://2blog.ilc.edu.tw/57/2012/10/
[Wed Aug 26 03:10:40.990896 2026] [authz_core:debug] [pid 2270270:tid 2270270] mod_authz_core.c(815): [client 2409:8c78:100:63::91:55220] AH01626: authorization result of Require all granted: granted, referer: https://2blog.ilc.edu.tw/57/2012/10/
[Wed Aug 26 03:10:40.990900 2026] [authz_core:debug] [pid 2270270:tid 2270270] mod_authz_core.c(815): [client 2409:8c78:100:63::91:55220] AH01626: authorization result of : granted, referer: https://2blog.ilc.edu.tw/57/2012/10/
[Wed Aug 26 03:10:41.028694 2026] [ssl:debug] [pid 2270450:tid 2270450] ssl_engine_kernel.c(254): [client 216.73.216.242:10336] AH02034: Subsequent (No.25) HTTPS request received for child 12 (server 2blog.ilc.edu.tw:443)
[Wed Aug 26 03:10:41.028945 2026] [authz_core:debug] [pid 2270450:tid 2270450] mod_authz_core.c(815): [client 216.73.216.242:10336] AH01626: authorization result of Require all granted: granted
[Wed Aug 26 03:10:41.028968 2026] [authz_core:debug] [pid 2270450:tid 2270450] mod_authz_core.c(815): [client 216.73.216.242:10336] AH01626: authorization result of : granted
[Wed Aug 26 03:10:41.029167 2026] [authz_core:debug] [pid 2270450:tid 2270450] mod_authz_core.c(815): [client 216.73.216.242:10336] AH01626: authorization result of Require all granted: granted
[Wed Aug 26 03:10:41.029174 2026] [authz_core:debug] [pid 2270450:tid 2270450] mod_authz_core.c(815): [client 216.73.216.242:10336] AH01626: authorization result of : granted
[Wed Aug 26 03:10:41.092385 2026] [ssl:info] [pid 2266900:tid 2266900] [client 34.10.180.98:9729] AH01964: Connection to child 24 established (server 2blog.ilc.edu.tw:443)
[Wed Aug 26 03:10:41.092592 2026] [ssl:debug] [pid 2266900:tid 2266900] ssl_engine_kernel.c(2222): [client 34.10.180.98:9729] AH02043: SSL virtual host for servername 2blog.ilc.edu.tw found
[Wed Aug 26 03:10:41.092671 2026] [core:debug] [pid 2266900:tid 2266900] protocol.c(2460): [client 34.10.180.98:9729] AH03155: select protocol from , choices=http/1.1 for server 2blog.ilc.edu.tw
[Wed Aug 26 03:10:41.102240 2026] [deflate:debug] [pid 2271590:tid 2271590] mod_deflate.c(909): [client 216.73.216.242:50854] AH01384: Zlib: Compressed 2843 to 1275 : URL /index.php
[Wed Aug 26 03:10:41.128879 2026] [ssl:debug] [pid 2261311:tid 2261311] ssl_engine_kernel.c(254): [client 216.73.216.242:4789] AH02034: Subsequent (No.25) HTTPS request received for child 2 (server 2blog.ilc.edu.tw:443)
[Wed Aug 26 03:10:41.129110 2026] [authz_core:debug] [pid 2261311:tid 2261311] mod_authz_core.c(815): [client 216.73.216.242:4789] AH01626: authorization result of Require all granted: granted
[Wed Aug 26 03:10:41.129116 2026] [authz_core:debug] [pid 2261311:tid 2261311] mod_authz_core.c(815): [client 216.73.216.242:4789] AH01626: authorization result of : granted
[Wed Aug 26 03:10:41.129251 2026] [authz_core:debug] [pid 2261311:tid 2261311] mod_authz_core.c(815): [client 216.73.216.242:4789] AH01626: authorization result of Require all granted: granted
[Wed Aug 26 03:10:41.129256 2026] [authz_core:debug] [pid 2261311:tid 2261311] mod_authz_core.c(815): [client 216.73.216.242:4789] AH01626: authorization result of : granted
[Wed Aug 26 03:10:41.153084 2026] [ssl:debug] [pid 2270618:tid 2270618] ssl_engine_io.c(1150): [client 2409:8c28:7ce0:109::34:40144] AH02001: Connection closed to child 26 with standard shutdown (server 2blog.ilc.edu.tw:443)
[Wed Aug 26 03:10:41.229795 2026] [ssl:debug] [pid 2266896:tid 2266896] ssl_engine_kernel.c(254): [client 216.73.216.242:24692] AH02034: Subsequent (No.28) HTTPS request received for child 21 (server 2blog.ilc.edu.tw:443)
[Wed Aug 26 03:10:41.230012 2026] [authz_core:debug] [pid 2266896:tid 2266896] mod_authz_core.c(815): [client 216.73.216.242:24692] AH01626: authorization result of Require all granted: granted
[Wed Aug 26 03:10:41.230019 2026] [authz_core:debug] [pid 2266896:tid 2266896] mod_authz_core.c(815): [client 216.73.216.242:24692] AH01626: authorization result of : granted
[Wed Aug 26 03:10:41.230154 2026] [authz_core:debug] [pid 2266896:tid 2266896] mod_authz_core.c(815): [client 216.73.216.242:24692] AH01626: authorization result of Require all granted: granted
[Wed Aug 26 03:10:41.230158 2026] [authz_core:debug] [pid 2266896:tid 2266896] mod_authz_core.c(815): [client 216.73.216.242:24692] AH01626: authorization result of : granted
[Wed Aug 26 03:10:41.269111 2026] [ssl:debug] [pid 2270607:tid 2270607] ssl_engine_io.c(1150): [client 34.171.68.95:1537] AH02001: Connection closed to child 14 with standard shutdown (server 2blog.ilc.edu.tw:443)
[Wed Aug 26 03:10:41.305188 2026] [ssl:debug] [pid 2266900:tid 2266900] ssl_engine_kernel.c(2082): [client 34.10.180.98:9729] AH02041: Protocol: TLSv1.3, Cipher: TLS_AES_256_GCM_SHA384 (256/256 bits)
[Wed Aug 26 03:10:41.305242 2026] [socache_shmcb:debug] [pid 2266900:tid 2266900] mod_socache_shmcb.c(508): AH00831: socache_shmcb_store (0x92 -> subcache 18)
[Wed Aug 26 03:10:41.305248 2026] [socache_shmcb:debug] [pid 2266900:tid 2266900] mod_socache_shmcb.c(860): AH00847: insert happened at idx=19, data=(6683:6715)
[Wed Aug 26 03:10:41.305250 2026] [socache_shmcb:debug] [pid 2266900:tid 2266900] mod_socache_shmcb.c(863): AH00848: finished insert, subcache: idx_pos/idx_used=60/48, data_pos/data_used=10023/10750
[Wed Aug 26 03:10:41.305253 2026] [socache_shmcb:debug] [pid 2266900:tid 2266900] mod_socache_shmcb.c(530): AH00834: leaving socache_shmcb_store successfully
[Wed Aug 26 03:10:41.305301 2026] [socache_shmcb:debug] [pid 2266900:tid 2266900] mod_socache_shmcb.c(508): AH00831: socache_shmcb_store (0xa3 -> subcache 3)
[Wed Aug 26 03:10:41.305305 2026] [socache_shmcb:debug] [pid 2266900:tid 2266900] mod_socache_shmcb.c(745): AH00842: expiring 3 and reclaiming 0 removed socache entries
[Wed Aug 26 03:10:41.305308 2026] [socache_shmcb:debug] [pid 2266900:tid 2266900] mod_socache_shmcb.c(765): AH00843: we now have 36 socache entries
[Wed Aug 26 03:10:41.305310 2026] [socache_shmcb:debug] [pid 2266900:tid 2266900] mod_socache_shmcb.c(860): AH00847: insert happened at idx=4, data=(3652:3684)
[Wed Aug 26 03:10:41.305312 2026] [socache_shmcb:debug] [pid 2266900:tid 2266900] mod_socache_shmcb.c(863): AH00848: finished insert, subcache: idx_pos/idx_used=56/37, data_pos/data_used=9483/8258
[Wed Aug 26 03:10:41.305313 2026] [socache_shmcb:debug] [pid 2266900:tid 2266900] mod_socache_shmcb.c(530): AH00834: leaving socache_shmcb_store successfully
[Wed Aug 26 03:10:41.331622 2026] [ssl:debug] [pid 2271590:tid 2271590] ssl_engine_kernel.c(254): [client 216.73.216.242:50854] AH02034: Subsequent (No.14) HTTPS request received for child 0 (server 2blog.ilc.edu.tw:443)
[Wed Aug 26 03:10:41.331818 2026] [authz_core:debug] [pid 2271590:tid 2271590] mod_authz_core.c(815): [client 216.73.216.242:50854] AH01626: authorization result of Require all granted: granted
[Wed Aug 26 03:10:41.331824 2026] [authz_core:debug] [pid 2271590:tid 2271590] mod_authz_core.c(815): [client 216.73.216.242:50854] AH01626: authorization result of : granted
[Wed Aug 26 03:10:41.331943 2026] [authz_core:debug] [pid 2271590:tid 2271590] mod_authz_core.c(815): [client 216.73.216.242:50854] AH01626: authorization result of Require all granted: granted
[Wed Aug 26 03:10:41.331947 2026] [authz_core:debug] [pid 2271590:tid 2271590] mod_authz_core.c(815): [client 216.73.216.242:50854] AH01626: authorization result of : granted
[Wed Aug 26 03:10:41.359005 2026] [headers:debug] [pid 2270798:tid 2270798] mod_headers.c(900): AH01503: headers: ap_headers_error_filter()
[Wed Aug 26 03:10:41.359946 2026] [deflate:debug] [pid 2271590:tid 2271590] mod_deflate.c(909): [client 216.73.216.242:50854] AH01384: Zlib: Compressed 36389 to 9005 : URL /index.php
[Wed Aug 26 03:10:41.383806 2026] [headers:debug] [pid 2270800:tid 2270800] mod_headers.c(900): AH01503: headers: ap_headers_error_filter()
[Wed Aug 26 03:10:41.432198 2026] [ssl:debug] [pid 2270269:tid 2270269] ssl_engine_kernel.c(254): [client 216.73.216.242:51734] AH02034: Subsequent (No.30) HTTPS request received for child 5 (server 2blog.ilc.edu.tw:443)
[Wed Aug 26 03:10:41.432406 2026] [authz_core:debug] [pid 2270269:tid 2270269] mod_authz_core.c(815): [client 216.73.216.242:51734] AH01626: authorization result of Require all granted: granted
[Wed Aug 26 03:10:41.432412 2026] [authz_core:debug] [pid 2270269:tid 2270269] mod_authz_core.c(815): [client 216.73.216.242:51734] AH01626: authorization result of : granted
