[Wed Aug 26 03:10:23.183858 2026] [deflate:debug] [pid 2270269:tid 2270269] mod_deflate.c(909): [client 216.73.216.242:51734] AH01384: Zlib: Compressed 32107 to 8610 : URL /index.php
[Wed Aug 26 03:10:23.198381 2026] [ssl:debug] [pid 2266896:tid 2266896] ssl_engine_kernel.c(2082): [client 216.73.216.242:24692] AH02041: Protocol: TLSv1.3, Cipher: TLS_AES_256_GCM_SHA384 (256/256 bits)
[Wed Aug 26 03:10:23.198464 2026] [socache_shmcb:debug] [pid 2266896:tid 2266896] mod_socache_shmcb.c(508): AH00831: socache_shmcb_store (0x6d -> subcache 13)
[Wed Aug 26 03:10:23.198472 2026] [socache_shmcb:debug] [pid 2266896:tid 2266896] mod_socache_shmcb.c(860): AH00847: insert happened at idx=40, data=(11742:11774)
[Wed Aug 26 03:10:23.198475 2026] [socache_shmcb:debug] [pid 2266896:tid 2266896] mod_socache_shmcb.c(863): AH00848: finished insert, subcache: idx_pos/idx_used=79/50, data_pos/data_used=777/11191
[Wed Aug 26 03:10:23.198478 2026] [socache_shmcb:debug] [pid 2266896:tid 2266896] mod_socache_shmcb.c(530): AH00834: leaving socache_shmcb_store successfully
[Wed Aug 26 03:10:23.201484 2026] [ssl:debug] [pid 2266896:tid 2266896] ssl_engine_kernel.c(254): [client 216.73.216.242:24692] AH02034: Initial (No.1) HTTPS request received for child 21 (server 2blog.ilc.edu.tw:443)
[Wed Aug 26 03:10:23.201705 2026] [authz_core:debug] [pid 2266896:tid 2266896] mod_authz_core.c(815): [client 216.73.216.242:24692] AH01626: authorization result of Require all granted: granted
[Wed Aug 26 03:10:23.201713 2026] [authz_core:debug] [pid 2266896:tid 2266896] mod_authz_core.c(815): [client 216.73.216.242:24692] AH01626: authorization result of : granted
[Wed Aug 26 03:10:23.201857 2026] [authz_core:debug] [pid 2266896:tid 2266896] mod_authz_core.c(815): [client 216.73.216.242:24692] AH01626: authorization result of Require all granted: granted
[Wed Aug 26 03:10:23.201862 2026] [authz_core:debug] [pid 2266896:tid 2266896] mod_authz_core.c(815): [client 216.73.216.242:24692] AH01626: authorization result of : granted
[Wed Aug 26 03:10:23.243165 2026] [deflate:debug] [pid 2270451:tid 2270451] mod_deflate.c(909): [client 34.30.223.149:2560] AH01384: Zlib: Compressed 58195 to 11663 : URL /index.php
[Wed Aug 26 03:10:23.290855 2026] [ssl:debug] [pid 2261311:tid 2261311] ssl_engine_kernel.c(2082): [client 216.73.216.242:4789] AH02041: Protocol: TLSv1.3, Cipher: TLS_AES_256_GCM_SHA384 (256/256 bits)
[Wed Aug 26 03:10:23.290926 2026] [socache_shmcb:debug] [pid 2261311:tid 2261311] mod_socache_shmcb.c(508): AH00831: socache_shmcb_store (0x7e -> subcache 30)
[Wed Aug 26 03:10:23.290937 2026] [socache_shmcb:debug] [pid 2261311:tid 2261311] mod_socache_shmcb.c(745): AH00842: expiring 3 and reclaiming 0 removed socache entries
[Wed Aug 26 03:10:23.290940 2026] [socache_shmcb:debug] [pid 2261311:tid 2261311] mod_socache_shmcb.c(765): AH00843: we now have 52 socache entries
[Wed Aug 26 03:10:23.290943 2026] [socache_shmcb:debug] [pid 2261311:tid 2261311] mod_socache_shmcb.c(860): AH00847: insert happened at idx=2, data=(9003:9035)
[Wed Aug 26 03:10:23.290946 2026] [socache_shmcb:debug] [pid 2261311:tid 2261311] mod_socache_shmcb.c(863): AH00848: finished insert, subcache: idx_pos/idx_used=38/53, data_pos/data_used=11248/11845
[Wed Aug 26 03:10:23.290958 2026] [socache_shmcb:debug] [pid 2261311:tid 2261311] mod_socache_shmcb.c(530): AH00834: leaving socache_shmcb_store successfully
[Wed Aug 26 03:10:23.305002 2026] [ssl:debug] [pid 2261311:tid 2261311] ssl_engine_kernel.c(254): [client 216.73.216.242:4789] AH02034: Initial (No.1) HTTPS request received for child 2 (server 2blog.ilc.edu.tw:443)
[Wed Aug 26 03:10:23.305345 2026] [authz_core:debug] [pid 2261311:tid 2261311] mod_authz_core.c(815): [client 216.73.216.242:4789] AH01626: authorization result of Require all granted: granted
[Wed Aug 26 03:10:23.305366 2026] [authz_core:debug] [pid 2261311:tid 2261311] mod_authz_core.c(815): [client 216.73.216.242:4789] AH01626: authorization result of : granted
[Wed Aug 26 03:10:23.305607 2026] [authz_core:debug] [pid 2261311:tid 2261311] mod_authz_core.c(815): [client 216.73.216.242:4789] AH01626: authorization result of Require all granted: granted
[Wed Aug 26 03:10:23.305617 2026] [authz_core:debug] [pid 2261311:tid 2261311] mod_authz_core.c(815): [client 216.73.216.242:4789] AH01626: authorization result of : granted
[Wed Aug 26 03:10:23.418482 2026] [ssl:debug] [pid 2267325:tid 2267325] ssl_engine_kernel.c(254): [client 216.73.216.242:21189] AH02034: Subsequent (No.5) HTTPS request received for child 1 (server 2blog.ilc.edu.tw:443)
[Wed Aug 26 03:10:23.418785 2026] [authz_core:debug] [pid 2267325:tid 2267325] mod_authz_core.c(815): [client 216.73.216.242:21189] AH01626: authorization result of Require all granted: granted
[Wed Aug 26 03:10:23.418794 2026] [authz_core:debug] [pid 2267325:tid 2267325] mod_authz_core.c(815): [client 216.73.216.242:21189] AH01626: authorization result of : granted
[Wed Aug 26 03:10:23.419010 2026] [authz_core:debug] [pid 2267325:tid 2267325] mod_authz_core.c(815): [client 216.73.216.242:21189] AH01626: authorization result of Require all granted: granted
[Wed Aug 26 03:10:23.419016 2026] [authz_core:debug] [pid 2267325:tid 2267325] mod_authz_core.c(815): [client 216.73.216.242:21189] AH01626: authorization result of : granted
[Wed Aug 26 03:10:23.506675 2026] [ssl:debug] [pid 2270117:tid 2270117] ssl_engine_kernel.c(254): [client 216.73.216.242:7806] AH02034: Subsequent (No.5) HTTPS request received for child 4 (server 2blog.ilc.edu.tw:443)
[Wed Aug 26 03:10:23.506954 2026] [authz_core:debug] [pid 2270117:tid 2270117] mod_authz_core.c(815): [client 216.73.216.242:7806] AH01626: authorization result of Require all granted: granted
[Wed Aug 26 03:10:23.506963 2026] [authz_core:debug] [pid 2270117:tid 2270117] mod_authz_core.c(815): [client 216.73.216.242:7806] AH01626: authorization result of : granted
[Wed Aug 26 03:10:23.507202 2026] [authz_core:debug] [pid 2270117:tid 2270117] mod_authz_core.c(815): [client 216.73.216.242:7806] AH01626: authorization result of Require all granted: granted
[Wed Aug 26 03:10:23.507209 2026] [authz_core:debug] [pid 2270117:tid 2270117] mod_authz_core.c(815): [client 216.73.216.242:7806] AH01626: authorization result of : granted
[Wed Aug 26 03:10:23.610411 2026] [ssl:debug] [pid 2270269:tid 2270269] ssl_engine_kernel.c(254): [client 216.73.216.242:51734] AH02034: Subsequent (No.4) HTTPS request received for child 5 (server 2blog.ilc.edu.tw:443)
[Wed Aug 26 03:10:23.610667 2026] [authz_core:debug] [pid 2270269:tid 2270269] mod_authz_core.c(815): [client 216.73.216.242:51734] AH01626: authorization result of Require all granted: granted
[Wed Aug 26 03:10:23.610678 2026] [authz_core:debug] [pid 2270269:tid 2270269] mod_authz_core.c(815): [client 216.73.216.242:51734] AH01626: authorization result of : granted
[Wed Aug 26 03:10:23.610828 2026] [authz_core:debug] [pid 2270269:tid 2270269] mod_authz_core.c(815): [client 216.73.216.242:51734] AH01626: authorization result of Require all granted: granted
[Wed Aug 26 03:10:23.610832 2026] [authz_core:debug] [pid 2270269:tid 2270269] mod_authz_core.c(815): [client 216.73.216.242:51734] AH01626: authorization result of : granted
[Wed Aug 26 03:10:23.711215 2026] [ssl:debug] [pid 2270450:tid 2270450] ssl_engine_kernel.c(254): [client 216.73.216.242:10336] AH02034: Subsequent (No.2) HTTPS request received for child 12 (server 2blog.ilc.edu.tw:443)
[Wed Aug 26 03:10:23.711435 2026] [authz_core:debug] [pid 2270450:tid 2270450] mod_authz_core.c(815): [client 216.73.216.242:10336] AH01626: authorization result of Require all granted: granted
[Wed Aug 26 03:10:23.711442 2026] [authz_core:debug] [pid 2270450:tid 2270450] mod_authz_core.c(815): [client 216.73.216.242:10336] AH01626: authorization result of : granted
[Wed Aug 26 03:10:23.711648 2026] [authz_core:debug] [pid 2270450:tid 2270450] mod_authz_core.c(815): [client 216.73.216.242:10336] AH01626: authorization result of Require all granted: granted
[Wed Aug 26 03:10:23.711655 2026] [authz_core:debug] [pid 2270450:tid 2270450] mod_authz_core.c(815): [client 216.73.216.242:10336] AH01626: authorization result of : granted
[Wed Aug 26 03:10:23.763162 2026] [mpm_prefork:info] [pid 42267:tid 42267] AH00162: server seems busy, (you may need to increase StartServers, or Min/MaxSpareServers), spawning 8 children, there are 0 idle, and 23 total children
[Wed Aug 26 03:10:23.768851 2026] [watchdog:debug] [pid 2270607:tid 2270607] mod_watchdog.c(559): AH02980: Watchdog: nothing configured?
[Wed Aug 26 03:10:23.769127 2026] [ssl:info] [pid 2270607:tid 2270607] [client 34.56.53.225:39936] AH01964: Connection to child 14 established (server 2blog.ilc.edu.tw:443)
[Wed Aug 26 03:10:23.769581 2026] [ssl:debug] [pid 2270607:tid 2270607] ssl_engine_kernel.c(2222): [client 34.56.53.225:39936] AH02043: SSL virtual host for servername 2blog.ilc.edu.tw found
[Wed Aug 26 03:10:23.769746 2026] [core:debug] [pid 2270607:tid 2270607] protocol.c(2460): [client 34.56.53.225:39936] AH03155: select protocol from , choices=http/1.1 for server 2blog.ilc.edu.tw
[Wed Aug 26 03:10:23.772305 2026] [watchdog:debug] [pid 2270608:tid 2270608] mod_watchdog.c(559): AH02980: Watchdog: nothing configured?
[Wed Aug 26 03:10:23.772560 2026] [ssl:info] [pid 2270608:tid 2270608] [client 216.73.216.242:50150] AH01964: Connection to child 15 established (server 2blog.ilc.edu.tw:443)
[Wed Aug 26 03:10:23.773045 2026] [ssl:debug] [pid 2270608:tid 2270608] ssl_engine_kernel.c(2222): [client 216.73.216.242:50150] AH02043: SSL virtual host for servername 2blog.ilc.edu.tw found
[Wed Aug 26 03:10:23.773099 2026] [socache_shmcb:debug] [pid 2270608:tid 2270608] mod_socache_shmcb.c(545): AH00835: socache_shmcb_retrieve (0xf2 -> subcache 18)
[Wed Aug 26 03:10:23.773114 2026] [socache_shmcb:debug] [pid 2270608:tid 2270608] mod_socache_shmcb.c(896): AH00849: match at idx=13, data=5328
[Wed Aug 26 03:10:23.773117 2026] [socache_shmcb:debug] [pid 2270608:tid 2270608] mod_socache_shmcb.c(556): AH00836: leaving socache_shmcb_retrieve successfully
[Wed Aug 26 03:10:23.773669 2026] [core:debug] [pid 2270608:tid 2270608] protocol.c(2460): [client 216.73.216.242:50150] AH03155: select protocol from , choices=h2,http/1.1 for server 2blog.ilc.edu.tw
[Wed Aug 26 03:10:23.775385 2026] [watchdog:debug] [pid 2270609:tid 2270609] mod_watchdog.c(559): AH02980: Watchdog: nothing configured?
[Wed Aug 26 03:10:23.775602 2026] [ssl:info] [pid 2270609:tid 2270609] [client 216.73.216.242:17831] AH01964: Connection to child 17 established (server 2blog.ilc.edu.tw:443)
[Wed Aug 26 03:10:23.775955 2026] [ssl:debug] [pid 2270609:tid 2270609] ssl_engine_kernel.c(2222): [client 216.73.216.242:17831] AH02043: SSL virtual host for servername 2blog.ilc.edu.tw found
[Wed Aug 26 03:10:23.776004 2026] [socache_shmcb:debug] [pid 2270609:tid 2270609] mod_socache_shmcb.c(545): AH00835: socache_shmcb_retrieve (0x76 -> subcache 22)
[Wed Aug 26 03:10:23.776017 2026] [socache_shmcb:debug] [pid 2270609:tid 2270609] mod_socache_shmcb.c(896): AH00849: match at idx=38, data=2625
[Wed Aug 26 03:10:23.776019 2026] [socache_shmcb:debug] [pid 2270609:tid 2270609] mod_socache_shmcb.c(556): AH00836: leaving socache_shmcb_retrieve successfully
[Wed Aug 26 03:10:23.776472 2026] [core:debug] [pid 2270609:tid 2270609] protocol.c(2460): [client 216.73.216.242:17831] AH03155: select protocol from , choices=h2,http/1.1 for server 2blog.ilc.edu.tw
[Wed Aug 26 03:10:23.779080 2026] [watchdog:debug] [pid 2270610:tid 2270610] mod_watchdog.c(559): AH02980: Watchdog: nothing configured?
[Wed Aug 26 03:10:23.780185 2026] [ssl:info] [pid 2270610:tid 2270610] [client 17.241.75.100:54902] AH01964: Connection to child 18 established (server 2blog.ilc.edu.tw:443)
[Wed Aug 26 03:10:23.780878 2026] [ssl:debug] [pid 2270610:tid 2270610] ssl_engine_kernel.c(2222): [client 17.241.75.100:54902] AH02043: SSL virtual host for servername isupport.ilc.edu.tw found
[Wed Aug 26 03:10:23.781092 2026] [core:debug] [pid 2270610:tid 2270610] protocol.c(2460): [client 17.241.75.100:54902] AH03155: select protocol from , choices=http/1.1,h2 for server isupport.ilc.edu.tw
[Wed Aug 26 03:10:23.781356 2026] [watchdog:debug] [pid 2270611:tid 2270611] mod_watchdog.c(559): AH02980: Watchdog: nothing configured?
[Wed Aug 26 03:10:23.781576 2026] [ssl:info] [pid 2270611:tid 2270611] [client 34.206.212.24:30875] AH01964: Connection to child 19 established (server 2blog.ilc.edu.tw:443)
[Wed Aug 26 03:10:23.781936 2026] [ssl:debug] [pid 2270611:tid 2270611] ssl_engine_kernel.c(2222): [client 34.206.212.24:30875] AH02043: SSL virtual host for servername 2blog.ilc.edu.tw found
[Wed Aug 26 03:10:23.785370 2026] [watchdog:debug] [pid 2270612:tid 2270612] mod_watchdog.c(559): AH02980: Watchdog: nothing configured?
[Wed Aug 26 03:10:23.785616 2026] [ssl:info] [pid 2270612:tid 2270612] [client 2001:288:a201::66:125:15608] AH01964: Connection to child 20 established (server 2blog.ilc.edu.tw:443)
[Wed Aug 26 03:10:23.786677 2026] [ssl:debug] [pid 2270612:tid 2270612] ssl_engine_kernel.c(2252): [client 2001:288:a201::66:125:15608] AH02645: Server name not provided via TLS extension (using default/first virtual host)
[Wed Aug 26 03:10:23.786736 2026] [socache_shmcb:debug] [pid 2270612:tid 2270612] mod_socache_shmcb.c(545): AH00835: socache_shmcb_retrieve (0x9d -> subcache 29)
[Wed Aug 26 03:10:23.786749 2026] [socache_shmcb:debug] [pid 2270612:tid 2270612] mod_socache_shmcb.c(896): AH00849: match at idx=48, data=13419
[Wed Aug 26 03:10:23.786752 2026] [socache_shmcb:debug] [pid 2270612:tid 2270612] mod_socache_shmcb.c(556): AH00836: leaving socache_shmcb_retrieve successfully
[Wed Aug 26 03:10:23.788000 2026] [ssl:debug] [pid 2270612:tid 2270612] ssl_engine_kernel.c(2082): [client 2001:288:a201::66:125:15608] AH02041: Protocol: TLSv1.2, Cipher: ECDHE-RSA-AES256-GCM-SHA384 (256/256 bits)
[Wed Aug 26 03:10:23.788583 2026] [watchdog:debug] [pid 2270613:tid 2270613] mod_watchdog.c(559): AH02980: Watchdog: nothing configured?
[Wed Aug 26 03:10:23.788679 2026] [ssl:debug] [pid 2270612:tid 2270612] ssl_engine_kernel.c(254): [client 2001:288:a201::66:125:15608] AH02034: Initial (No.1) HTTPS request received for child 20 (server 2blog.ilc.edu.tw:443)
[Wed Aug 26 03:10:23.788823 2026] [ssl:info] [pid 2270613:tid 2270613] [client 34.10.180.98:47616] AH01964: Connection to child 25 established (server 2blog.ilc.edu.tw:443)
[Wed Aug 26 03:10:23.789009 2026] [deflate:debug] [pid 2270269:tid 2270269] mod_deflate.c(909): [client 216.73.216.242:51734] AH01384: Zlib: Compressed 39586 to 9069 : URL /index.php
[Wed Aug 26 03:10:23.789142 2026] [ssl:info] [pid 2270613:tid 2270613] (70014)End of file found: [client 34.10.180.98:47616] AH02006: SSL handshake stopped: connection was closed
[Wed Aug 26 03:10:23.789155 2026] [ssl:info] [pid 2270613:tid 2270613] [client 34.10.180.98:47616] AH01998: Connection closed to child 25 with abortive shutdown (server 2blog.ilc.edu.tw:443)
[Wed Aug 26 03:10:23.789193 2026] [authz_core:debug] [pid 2270612:tid 2270612] mod_authz_core.c(815): [client 2001:288:a201::66:125:15608] AH01626: authorization result of Require all granted: granted
[Wed Aug 26 03:10:23.789204 2026] [authz_core:debug] [pid 2270612:tid 2270612] mod_authz_core.c(815): [client 2001:288:a201::66:125:15608] AH01626: authorization result of : granted
[Wed Aug 26 03:10:23.789377 2026] [headers:debug] [pid 2270613:tid 2270613] mod_headers.c(900): AH01503: headers: ap_headers_error_filter()
[Wed Aug 26 03:10:23.790302 2026] [authz_core:debug] [pid 2270612:tid 2270612] mod_authz_core.c(815): [client 2001:288:a201::66:125:15608] AH01626: authorization result of Require all granted: granted
[Wed Aug 26 03:10:23.790313 2026] [authz_core:debug] [pid 2270612:tid 2270612] mod_authz_core.c(815): [client 2001:288:a201::66:125:15608] AH01626: authorization result of : granted
[Wed Aug 26 03:10:23.790329 2026] [php7:error] [pid 2270612:tid 2270612] [client 2001:288:a201::66:125:15608] script '/var/www/html/2blog/active.php' not found or unable to stat
[Wed Aug 26 03:10:23.790342 2026] [headers:debug] [pid 2270612:tid 2270612] mod_headers.c(900): AH01503: headers: ap_headers_error_filter()
[Wed Aug 26 03:10:23.790518 2026] [ssl:debug] [pid 2270612:tid 2270612] ssl_engine_io.c(1150): [client 2001:288:a201::66:125:15608] AH02001: Connection closed to child 20 with standard shutdown (server 2blog.ilc.edu.tw:443)
[Wed Aug 26 03:10:23.791814 2026] [watchdog:debug] [pid 2270618:tid 2270618] mod_watchdog.c(559): AH02980: Watchdog: nothing configured?
[Wed Aug 26 03:10:23.812411 2026] [ssl:debug] [pid 2266896:tid 2266896] ssl_engine_kernel.c(254): [client 216.73.216.242:24692] AH02034: Subsequent (No.2) HTTPS request received for child 21 (server 2blog.ilc.edu.tw:443)
[Wed Aug 26 03:10:23.812729 2026] [authz_core:debug] [pid 2266896:tid 2266896] mod_authz_core.c(815): [client 216.73.216.242:24692] AH01626: authorization result of Require all granted: granted
[Wed Aug 26 03:10:23.812738 2026] [authz_core:debug] [pid 2266896:tid 2266896] mod_authz_core.c(815): [client 216.73.216.242:24692] AH01626: authorization result of : granted
[Wed Aug 26 03:10:23.813070 2026] [authz_core:debug] [pid 2266896:tid 2266896] mod_authz_core.c(815): [client 216.73.216.242:24692] AH01626: authorization result of Require all granted: granted
[Wed Aug 26 03:10:23.813083 2026] [authz_core:debug] [pid 2266896:tid 2266896] mod_authz_core.c(815): [client 216.73.216.242:24692] AH01626: authorization result of : granted
[Wed Aug 26 03:10:23.900291 2026] [ssl:info] [pid 2266905:tid 2266905] (70014)End of file found: [client 66.249.71.9:39435] AH01992: SSL library error 6 reading data
[Wed Aug 26 03:10:23.900379 2026] [ssl:debug] [pid 2266905:tid 2266905] ssl_engine_io.c(1150): [client 66.249.71.9:39435] AH02001: Connection closed to child 30 with standard shutdown (server www.jwes.ilc.edu.tw:443)
[Wed Aug 26 03:10:23.912509 2026] [ssl:debug] [pid 2261311:tid 2261311] ssl_engine_kernel.c(254): [client 216.73.216.242:4789] AH02034: Subsequent (No.2) HTTPS request received for child 2 (server 2blog.ilc.edu.tw:443)
[Wed Aug 26 03:10:23.912707 2026] [authz_core:debug] [pid 2261311:tid 2261311] mod_authz_core.c(815): [client 216.73.216.242:4789] AH01626: authorization result of Require all granted: granted
[Wed Aug 26 03:10:23.912713 2026] [authz_core:debug] [pid 2261311:tid 2261311] mod_authz_core.c(815): [client 216.73.216.242:4789] AH01626: authorization result of : granted
[Wed Aug 26 03:10:23.912842 2026] [authz_core:debug] [pid 2261311:tid 2261311] mod_authz_core.c(815): [client 216.73.216.242:4789] AH01626: authorization result of Require all granted: granted
[Wed Aug 26 03:10:23.912846 2026] [authz_core:debug] [pid 2261311:tid 2261311] mod_authz_core.c(815): [client 216.73.216.242:4789] AH01626: authorization result of : granted
[Wed Aug 26 03:10:23.974661 2026] [ssl:debug] [pid 2270610:tid 2270610] ssl_engine_kernel.c(2082): [client 17.241.75.100:54902] AH02041: Protocol: TLSv1.3, Cipher: TLS_AES_256_GCM_SHA384 (256/256 bits)
[Wed Aug 26 03:10:23.974756 2026] [socache_shmcb:debug] [pid 2270610:tid 2270610] mod_socache_shmcb.c(508): AH00831: socache_shmcb_store (0x80 -> subcache 0)
[Wed Aug 26 03:10:23.974769 2026] [socache_shmcb:debug] [pid 2270610:tid 2270610] mod_socache_shmcb.c(745): AH00842: expiring 1 and reclaiming 0 removed socache entries
[Wed Aug 26 03:10:23.974785 2026] [socache_shmcb:debug] [pid 2270610:tid 2270610] mod_socache_shmcb.c(765): AH00843: we now have 45 socache entries
[Wed Aug 26 03:10:23.974796 2026] [socache_shmcb:debug] [pid 2270610:tid 2270610] mod_socache_shmcb.c(860): AH00847: insert happened at idx=68, data=(4043:4075)
[Wed Aug 26 03:10:23.974799 2026] [socache_shmcb:debug] [pid 2270610:tid 2270610] mod_socache_shmcb.c(863): AH00848: finished insert, subcache: idx_pos/idx_used=23/46, data_pos/data_used=7848/10287
[Wed Aug 26 03:10:23.974802 2026] [socache_shmcb:debug] [pid 2270610:tid 2270610] mod_socache_shmcb.c(530): AH00834: leaving socache_shmcb_store successfully
[Wed Aug 26 03:10:23.974882 2026] [socache_shmcb:debug] [pid 2270610:tid 2270610] mod_socache_shmcb.c(508): AH00831: socache_shmcb_store (0x72 -> subcache 18)
[Wed Aug 26 03:10:23.974894 2026] [socache_shmcb:debug] [pid 2270610:tid 2270610] mod_socache_shmcb.c(745): AH00842: expiring 2 and reclaiming 0 removed socache entries
[Wed Aug 26 03:10:23.974898 2026] [socache_shmcb:debug] [pid 2270610:tid 2270610] mod_socache_shmcb.c(765): AH00843: we now have 47 socache entries
[Wed Aug 26 03:10:23.974901 2026] [socache_shmcb:debug] [pid 2270610:tid 2270610] mod_socache_shmcb.c(860): AH00847: insert happened at idx=14, data=(5553:5585)
[Wed Aug 26 03:10:23.974903 2026] [socache_shmcb:debug] [pid 2270610:tid 2270610] mod_socache_shmcb.c(863): AH00848: finished insert, subcache: idx_pos/idx_used=55/48, data_pos/data_used=8893/10753
[Wed Aug 26 03:10:23.974906 2026] [socache_shmcb:debug] [pid 2270610:tid 2270610] mod_socache_shmcb.c(530): AH00834: leaving socache_shmcb_store successfully
[Wed Aug 26 03:10:23.975122 2026] [ssl:debug] [pid 2270610:tid 2270610] ssl_engine_kernel.c(254): [client 17.241.75.100:54902] AH02034: Initial (No.1) HTTPS request received for child 18 (server isupport.ilc.edu.tw:443)
[Wed Aug 26 03:10:23.975513 2026] [authz_core:debug] [pid 2270610:tid 2270610] mod_authz_core.c(815): [client 17.241.75.100:54902] AH01626: authorization result of Require all granted: granted
[Wed Aug 26 03:10:23.975527 2026] [authz_core:debug] [pid 2270610:tid 2270610] mod_authz_core.c(815): [client 17.241.75.100:54902] AH01626: authorization result of : granted
[Wed Aug 26 03:10:23.995673 2026] [ssl:debug] [pid 2270609:tid 2270609] ssl_engine_kernel.c(2082): [client 216.73.216.242:17831] AH02041: Protocol: TLSv1.3, Cipher: TLS_AES_256_GCM_SHA384 (256/256 bits)
[Wed Aug 26 03:10:23.995737 2026] [socache_shmcb:debug] [pid 2270609:tid 2270609] mod_socache_shmcb.c(508): AH00831: socache_shmcb_store (0x81 -> subcache 1)
[Wed Aug 26 03:10:23.995748 2026] [socache_shmcb:debug] [pid 2270609:tid 2270609] mod_socache_shmcb.c(860): AH00847: insert happened at idx=18, data=(12166:12198)
[Wed Aug 26 03:10:23.995750 2026] [socache_shmcb:debug] [pid 2270609:tid 2270609] mod_socache_shmcb.c(863): AH00848: finished insert, subcache: idx_pos/idx_used=53/54, data_pos/data_used=339/12053
[Wed Aug 26 03:10:23.995752 2026] [socache_shmcb:debug] [pid 2270609:tid 2270609] mod_socache_shmcb.c(530): AH00834: leaving socache_shmcb_store successfully
[Wed Aug 26 03:10:24.010986 2026] [ssl:debug] [pid 2270608:tid 2270608] ssl_engine_kernel.c(2082): [client 216.73.216.242:50150] AH02041: Protocol: TLSv1.3, Cipher: TLS_AES_256_GCM_SHA384 (256/256 bits)
[Wed Aug 26 03:10:24.011137 2026] [socache_shmcb:debug] [pid 2270608:tid 2270608] mod_socache_shmcb.c(508): AH00831: socache_shmcb_store (0xd8 -> subcache 24)
[Wed Aug 26 03:10:24.011175 2026] [socache_shmcb:debug] [pid 2270608:tid 2270608] mod_socache_shmcb.c(745): AH00842: expiring 3 and reclaiming 0 removed socache entries
[Wed Aug 26 03:10:24.011181 2026] [socache_shmcb:debug] [pid 2270608:tid 2270608] mod_socache_shmcb.c(765): AH00843: we now have 42 socache entries
[Wed Aug 26 03:10:24.011184 2026] [socache_shmcb:debug] [pid 2270608:tid 2270608] mod_socache_shmcb.c(860): AH00847: insert happened at idx=51, data=(88:120)
[Wed Aug 26 03:10:24.011187 2026] [socache_shmcb:debug] [pid 2270608:tid 2270608] mod_socache_shmcb.c(863): AH00848: finished insert, subcache: idx_pos/idx_used=9/43, data_pos/data_used=4613/9564
[Wed Aug 26 03:10:24.011203 2026] [socache_shmcb:debug] [pid 2270608:tid 2270608] mod_socache_shmcb.c(530): AH00834: leaving socache_shmcb_store successfully
[Wed Aug 26 03:10:24.014053 2026] [ssl:debug] [pid 2270611:tid 2270611] ssl_engine_kernel.c(2082): [client 34.206.212.24:30875] AH02041: Protocol: TLSv1.3, Cipher: TLS_AES_256_GCM_SHA384 (256/256 bits)
[Wed Aug 26 03:10:24.014197 2026] [socache_shmcb:debug] [pid 2270611:tid 2270611] mod_socache_shmcb.c(508): AH00831: socache_shmcb_store (0xe2 -> subcache 2)
[Wed Aug 26 03:10:24.014209 2026] [socache_shmcb:debug] [pid 2270611:tid 2270611] mod_socache_shmcb.c(860): AH00847: insert happened at idx=55, data=(789:821)
[Wed Aug 26 03:10:24.014211 2026] [socache_shmcb:debug] [pid 2270611:tid 2270611] mod_socache_shmcb.c(863): AH00848: finished insert, subcache: idx_pos/idx_used=12/44, data_pos/data_used=5032/9834
[Wed Aug 26 03:10:24.014213 2026] [socache_shmcb:debug] [pid 2270611:tid 2270611] mod_socache_shmcb.c(530): AH00834: leaving socache_shmcb_store successfully
[Wed Aug 26 03:10:24.014383 2026] [socache_shmcb:debug] [pid 2270611:tid 2270611] mod_socache_shmcb.c(508): AH00831: socache_shmcb_store (0x37 -> subcache 23)
[Wed Aug 26 03:10:24.014401 2026] [socache_shmcb:debug] [pid 2270611:tid 2270611] mod_socache_shmcb.c(745): AH00842: expiring 9 and reclaiming 0 removed socache entries
[Wed Aug 26 03:10:24.014404 2026] [socache_shmcb:debug] [pid 2270611:tid 2270611] mod_socache_shmcb.c(765): AH00843: we now have 45 socache entries
[Wed Aug 26 03:10:24.014407 2026] [socache_shmcb:debug] [pid 2270611:tid 2270611] mod_socache_shmcb.c(860): AH00847: insert happened at idx=83, data=(7378:7410)
[Wed Aug 26 03:10:24.014410 2026] [socache_shmcb:debug] [pid 2270611:tid 2270611] mod_socache_shmcb.c(863): AH00848: finished insert, subcache: idx_pos/idx_used=38/46, data_pos/data_used=11125/10331
[Wed Aug 26 03:10:24.014413 2026] [socache_shmcb:debug] [pid 2270611:tid 2270611] mod_socache_shmcb.c(530): AH00834: leaving socache_shmcb_store successfully
[Wed Aug 26 03:10:24.014620 2026] [ssl:debug] [pid 2270611:tid 2270611] ssl_engine_kernel.c(254): [client 34.206.212.24:30875] AH02034: Initial (No.1) HTTPS request received for child 19 (server 2blog.ilc.edu.tw:443)
[Wed Aug 26 03:10:24.023537 2026] [authz_core:debug] [pid 2270611:tid 2270611] mod_authz_core.c(815): [client 34.206.212.24:30875] AH01626: authorization result of Require all granted: granted
[Wed Aug 26 03:10:24.023560 2026] [authz_core:debug] [pid 2270611:tid 2270611] mod_authz_core.c(815): [client 34.206.212.24:30875] AH01626: authorization result of : granted
[Wed Aug 26 03:10:24.024384 2026] [ssl:debug] [pid 2270608:tid 2270608] ssl_engine_kernel.c(254): [client 216.73.216.242:50150] AH02034: Initial (No.1) HTTPS request received for child 15 (server 2blog.ilc.edu.tw:443)
[Wed Aug 26 03:10:24.024743 2026] [authz_core:debug] [pid 2270608:tid 2270608] mod_authz_core.c(815): [client 216.73.216.242:50150] AH01626: authorization result of Require all granted: granted
[Wed Aug 26 03:10:24.024756 2026] [authz_core:debug] [pid 2270608:tid 2270608] mod_authz_core.c(815): [client 216.73.216.242:50150] AH01626: authorization result of : granted
[Wed Aug 26 03:10:24.025456 2026] [authz_core:debug] [pid 2270608:tid 2270608] mod_authz_core.c(815): [client 216.73.216.242:50150] AH01626: authorization result of Require all granted: granted
[Wed Aug 26 03:10:24.025466 2026] [authz_core:debug] [pid 2270608:tid 2270608] mod_authz_core.c(815): [client 216.73.216.242:50150] AH01626: authorization result of : granted
[Wed Aug 26 03:10:24.027486 2026] [ssl:debug] [pid 2270611:tid 2270611] ssl_engine_io.c(1150): [client 34.206.212.24:30875] AH02001: Connection closed to child 19 with standard shutdown (server 2blog.ilc.edu.tw:443)
[Wed Aug 26 03:10:24.077085 2026] [ssl:debug] [pid 2266497:tid 2266497] ssl_engine_io.c(1150): [client 34.10.180.98:47105] AH02001: Connection closed to child 0 with standard shutdown (server 2blog.ilc.edu.tw:443)
[Wed Aug 26 03:10:24.091509 2026] [deflate:debug] [pid 2261311:tid 2261311] mod_deflate.c(909): [client 216.73.216.242:4789] AH01384: Zlib: Compressed 33976 to 8280 : URL /index.php
[Wed Aug 26 03:10:24.100406 2026] [ssl:debug] [pid 2270607:tid 2270607] ssl_engine_kernel.c(2082): [client 34.56.53.225:39936] AH02041: Protocol: TLSv1.3, Cipher: TLS_AES_256_GCM_SHA384 (256/256 bits)
[Wed Aug 26 03:10:24.100499 2026] [socache_shmcb:debug] [pid 2270607:tid 2270607] mod_socache_shmcb.c(508): AH00831: socache_shmcb_store (0x95 -> subcache 21)
[Wed Aug 26 03:10:24.100512 2026] [socache_shmcb:debug] [pid 2270607:tid 2270607] mod_socache_shmcb.c(860): AH00847: insert happened at idx=5, data=(9813:9845)
[Wed Aug 26 03:10:24.100514 2026] [socache_shmcb:debug] [pid 2270607:tid 2270607] mod_socache_shmcb.c(863): AH00848: finished insert, subcache: idx_pos/idx_used=33/61, data_pos/data_used=10297/13606
[Wed Aug 26 03:10:24.100517 2026] [socache_shmcb:debug] [pid 2270607:tid 2270607] mod_socache_shmcb.c(530): AH00834: leaving socache_shmcb_store successfully
[Wed Aug 26 03:10:24.100576 2026] [socache_shmcb:debug] [pid 2270607:tid 2270607] mod_socache_shmcb.c(508): AH00831: socache_shmcb_store (0x59 -> subcache 25)
[Wed Aug 26 03:10:24.100584 2026] [socache_shmcb:debug] [pid 2270607:tid 2270607] mod_socache_shmcb.c(860): AH00847: insert happened at idx=35, data=(10402:10434)
[Wed Aug 26 03:10:24.100586 2026] [socache_shmcb:debug] [pid 2270607:tid 2270607] mod_socache_shmcb.c(863): AH00848: finished insert, subcache: idx_pos/idx_used=2/34, data_pos/data_used=3024/7604
[Wed Aug 26 03:10:24.100666 2026] [socache_shmcb:debug] [pid 2270607:tid 2270607] mod_socache_shmcb.c(530): AH00834: leaving socache_shmcb_store successfully
[Wed Aug 26 03:10:24.115776 2026] [ssl:debug] [pid 2270117:tid 2270117] ssl_engine_kernel.c(254): [client 216.73.216.242:7806] AH02034: Subsequent (No.6) HTTPS request received for child 4 (server 2blog.ilc.edu.tw:443)
[Wed Aug 26 03:10:24.116047 2026] [authz_core:debug] [pid 2270117:tid 2270117] mod_authz_core.c(815): [client 216.73.216.242:7806] AH01626: authorization result of Require all granted: granted
[Wed Aug 26 03:10:24.116058 2026] [authz_core:debug] [pid 2270117:tid 2270117] mod_authz_core.c(815): [client 216.73.216.242:7806] AH01626: authorization result of : granted
[Wed Aug 26 03:10:24.116371 2026] [authz_core:debug] [pid 2270117:tid 2270117] mod_authz_core.c(815): [client 216.73.216.242:7806] AH01626: authorization result of Require all granted: granted
[Wed Aug 26 03:10:24.116384 2026] [authz_core:debug] [pid 2270117:tid 2270117] mod_authz_core.c(815): [client 216.73.216.242:7806] AH01626: authorization result of : granted
[Wed Aug 26 03:10:24.216376 2026] [ssl:debug] [pid 2270269:tid 2270269] ssl_engine_kernel.c(254): [client 216.73.216.242:51734] AH02034: Subsequent (No.5) HTTPS request received for child 5 (server 2blog.ilc.edu.tw:443)
[Wed Aug 26 03:10:24.216596 2026] [authz_core:debug] [pid 2270269:tid 2270269] mod_authz_core.c(815): [client 216.73.216.242:51734] AH01626: authorization result of Require all granted: granted
[Wed Aug 26 03:10:24.216604 2026] [authz_core:debug] [pid 2270269:tid 2270269] mod_authz_core.c(815): [client 216.73.216.242:51734] AH01626: authorization result of : granted
[Wed Aug 26 03:10:24.216805 2026] [authz_core:debug] [pid 2270269:tid 2270269] mod_authz_core.c(815): [client 216.73.216.242:51734] AH01626: authorization result of Require all granted: granted
[Wed Aug 26 03:10:24.216813 2026] [authz_core:debug] [pid 2270269:tid 2270269] mod_authz_core.c(815): [client 216.73.216.242:51734] AH01626: authorization result of : granted
[Wed Aug 26 03:10:24.225488 2026] [ssl:debug] [pid 2270610:tid 2270610] ssl_engine_kernel.c(254): [client 17.241.75.100:54902] AH02034: Subsequent (No.2) HTTPS request received for child 18 (server isupport.ilc.edu.tw:443)
[Wed Aug 26 03:10:24.225781 2026] [authz_core:debug] [pid 2270610:tid 2270610] mod_authz_core.c(815): [client 17.241.75.100:54902] AH01626: authorization result of Require all granted: granted
[Wed Aug 26 03:10:24.225803 2026] [authz_core:debug] [pid 2270610:tid 2270610] mod_authz_core.c(815): [client 17.241.75.100:54902] AH01626: authorization result of : granted
[Wed Aug 26 03:10:24.226012 2026] [authz_core:debug] [pid 2270610:tid 2270610] mod_authz_core.c(815): [client 17.241.75.100:54902] AH01626: authorization result of Require all granted: granted
[Wed Aug 26 03:10:24.226058 2026] [authz_core:debug] [pid 2270610:tid 2270610] mod_authz_core.c(815): [client 17.241.75.100:54902] AH01626: authorization result of : granted
[Wed Aug 26 03:10:24.236222 2026] [ssl:debug] [pid 2270607:tid 2270607] ssl_engine_kernel.c(254): [client 34.56.53.225:39936] AH02034: Initial (No.1) HTTPS request received for child 14 (server 2blog.ilc.edu.tw:443)
[Wed Aug 26 03:10:24.236734 2026] [authz_core:debug] [pid 2270607:tid 2270607] mod_authz_core.c(815): [client 34.56.53.225:39936] AH01626: authorization result of Require all granted: granted
[Wed Aug 26 03:10:24.236752 2026] [authz_core:debug] [pid 2270607:tid 2270607] mod_authz_core.c(815): [client 34.56.53.225:39936] AH01626: authorization result of : granted
[Wed Aug 26 03:10:24.237046 2026] [ssl:debug] [pid 2266900:tid 2266900] ssl_engine_io.c(1150): [client 136.119.35.120:2049] AH02001: Connection closed to child 24 with standard shutdown (server 2blog.ilc.edu.tw:443)
[Wed Aug 26 03:10:24.237539 2026] [authz_core:debug] [pid 2270607:tid 2270607] mod_authz_core.c(815): [client 34.56.53.225:39936] AH01626: authorization result of Require all granted: granted
[Wed Aug 26 03:10:24.237553 2026] [authz_core:debug] [pid 2270607:tid 2270607] mod_authz_core.c(815): [client 34.56.53.225:39936] AH01626: authorization result of : granted
[Wed Aug 26 03:10:24.258803 2026] [deflate:debug] [pid 2270610:tid 2270610] mod_deflate.c(909): [client 17.241.75.100:54902] AH01384: Zlib: Compressed 7836 to 2580 : URL /index.php
[Wed Aug 26 03:10:24.306716 2026] [deflate:debug] [pid 2270608:tid 2270608] mod_deflate.c(909): [client 216.73.216.242:50150] AH01384: Zlib: Compressed 47574 to 10531 : URL /index.php
[Wed Aug 26 03:10:24.317054 2026] [ssl:debug] [pid 2261311:tid 2261311] ssl_engine_kernel.c(254): [client 216.73.216.242:4789] AH02034: Subsequent (No.3) HTTPS request received for child 2 (server 2blog.ilc.edu.tw:443)
[Wed Aug 26 03:10:24.317247 2026] [authz_core:debug] [pid 2261311:tid 2261311] mod_authz_core.c(815): [client 216.73.216.242:4789] AH01626: authorization result of Require all granted: granted
[Wed Aug 26 03:10:24.317255 2026] [authz_core:debug] [pid 2261311:tid 2261311] mod_authz_core.c(815): [client 216.73.216.242:4789] AH01626: authorization result of : granted
[Wed Aug 26 03:10:24.317463 2026] [authz_core:debug] [pid 2261311:tid 2261311] mod_authz_core.c(815): [client 216.73.216.242:4789] AH01626: authorization result of Require all granted: granted
[Wed Aug 26 03:10:24.317475 2026] [authz_core:debug] [pid 2261311:tid 2261311] mod_authz_core.c(815): [client 216.73.216.242:4789] AH01626: authorization result of : granted
[Wed Aug 26 03:10:24.418870 2026] [ssl:debug] [pid 2266896:tid 2266896] ssl_engine_kernel.c(254): [client 216.73.216.242:24692] AH02034: Subsequent (No.3) HTTPS request received for child 21 (server 2blog.ilc.edu.tw:443)
[Wed Aug 26 03:10:24.419137 2026] [authz_core:debug] [pid 2266896:tid 2266896] mod_authz_core.c(815): [client 216.73.216.242:24692] AH01626: authorization result of Require all granted: granted
[Wed Aug 26 03:10:24.419144 2026] [authz_core:debug] [pid 2266896:tid 2266896] mod_authz_core.c(815): [client 216.73.216.242:24692] AH01626: authorization result of : granted
[Wed Aug 26 03:10:24.419356 2026] [authz_core:debug] [pid 2266896:tid 2266896] mod_authz_core.c(815): [client 216.73.216.242:24692] AH01626: authorization result of Require all granted: granted
[Wed Aug 26 03:10:24.419362 2026] [authz_core:debug] [pid 2266896:tid 2266896] mod_authz_core.c(815): [client 216.73.216.242:24692] AH01626: authorization result of : granted
[Wed Aug 26 03:10:24.436491 2026] [deflate:debug] [pid 2270607:tid 2270607] mod_deflate.c(909): [client 34.56.53.225:39936] AH01384: Zlib: Compressed 45344 to 9084 : URL /index.php
[Wed Aug 26 03:10:24.503097 2026] [ssl:info] [pid 2270613:tid 2270613] [client 52.167.144.166:64842] AH01964: Connection to child 25 established (server 2blog.ilc.edu.tw:443)
[Wed Aug 26 03:10:24.503368 2026] [ssl:debug] [pid 2270613:tid 2270613] ssl_engine_kernel.c(2222): [client 52.167.144.166:64842] AH02043: SSL virtual host for servername 2blog.ilc.edu.tw found
[Wed Aug 26 03:10:24.520702 2026] [ssl:debug] [pid 2270450:tid 2270450] ssl_engine_kernel.c(254): [client 216.73.216.242:10336] AH02034: Subsequent (No.3) HTTPS request received for child 12 (server 2blog.ilc.edu.tw:443)
[Wed Aug 26 03:10:24.520926 2026] [authz_core:debug] [pid 2270450:tid 2270450] mod_authz_core.c(815): [client 216.73.216.242:10336] AH01626: authorization result of Require all granted: granted
[Wed Aug 26 03:10:24.520935 2026] [authz_core:debug] [pid 2270450:tid 2270450] mod_authz_core.c(815): [client 216.73.216.242:10336] AH01626: authorization result of : granted
[Wed Aug 26 03:10:24.521114 2026] [authz_core:debug] [pid 2270450:tid 2270450] mod_authz_core.c(815): [client 216.73.216.242:10336] AH01626: authorization result of Require all granted: granted
[Wed Aug 26 03:10:24.521120 2026] [authz_core:debug] [pid 2270450:tid 2270450] mod_authz_core.c(815): [client 216.73.216.242:10336] AH01626: authorization result of : granted
[Wed Aug 26 03:10:24.546894 2026] [deflate:debug] [pid 2261311:tid 2261311] mod_deflate.c(909): [client 216.73.216.242:4789] AH01384: Zlib: Compressed 32277 to 8718 : URL /index.php
[Wed Aug 26 03:10:24.631649 2026] [ssl:debug] [pid 2270608:tid 2270608] ssl_engine_kernel.c(254): [client 216.73.216.242:50150] AH02034: Subsequent (No.2) HTTPS request received for child 15 (server 2blog.ilc.edu.tw:443)
[Wed Aug 26 03:10:24.631920 2026] [authz_core:debug] [pid 2270608:tid 2270608] mod_authz_core.c(815): [client 216.73.216.242:50150] AH01626: authorization result of Require all granted: granted
[Wed Aug 26 03:10:24.631930 2026] [authz_core:debug] [pid 2270608:tid 2270608] mod_authz_core.c(815): [client 216.73.216.242:50150] AH01626: authorization result of : granted
[Wed Aug 26 03:10:24.632150 2026] [authz_core:debug] [pid 2270608:tid 2270608] mod_authz_core.c(815): [client 216.73.216.242:50150] AH01626: authorization result of Require all granted: granted
[Wed Aug 26 03:10:24.632159 2026] [authz_core:debug] [pid 2270608:tid 2270608] mod_authz_core.c(815): [client 216.73.216.242:50150] AH01626: authorization result of : granted
[Wed Aug 26 03:10:24.697984 2026] [ssl:debug] [pid 2270613:tid 2270613] ssl_engine_kernel.c(2082): [client 52.167.144.166:64842] AH02041: Protocol: TLSv1.3, Cipher: TLS_AES_256_GCM_SHA384 (256/256 bits)
[Wed Aug 26 03:10:24.698073 2026] [socache_shmcb:debug] [pid 2270613:tid 2270613] mod_socache_shmcb.c(508): AH00831: socache_shmcb_store (0xac -> subcache 12)
[Wed Aug 26 03:10:24.698094 2026] [socache_shmcb:debug] [pid 2270613:tid 2270613] mod_socache_shmcb.c(745): AH00842: expiring 6 and reclaiming 0 removed socache entries
[Wed Aug 26 03:10:24.698098 2026] [socache_shmcb:debug] [pid 2270613:tid 2270613] mod_socache_shmcb.c(765): AH00843: we now have 40 socache entries
[Wed Aug 26 03:10:24.698100 2026] [socache_shmcb:debug] [pid 2270613:tid 2270613] mod_socache_shmcb.c(860): AH00847: insert happened at idx=58, data=(1864:1896)
[Wed Aug 26 03:10:24.698103 2026] [socache_shmcb:debug] [pid 2270613:tid 2270613] mod_socache_shmcb.c(863): AH00848: finished insert, subcache: idx_pos/idx_used=18/41, data_pos/data_used=6772/9170
[Wed Aug 26 03:10:24.698106 2026] [socache_shmcb:debug] [pid 2270613:tid 2270613] mod_socache_shmcb.c(530): AH00834: leaving socache_shmcb_store successfully
[Wed Aug 26 03:10:24.698183 2026] [socache_shmcb:debug] [pid 2270613:tid 2270613] mod_socache_shmcb.c(508): AH00831: socache_shmcb_store (0x69 -> subcache 9)
[Wed Aug 26 03:10:24.698205 2026] [socache_shmcb:debug] [pid 2270613:tid 2270613] mod_socache_shmcb.c(745): AH00842: expiring 6 and reclaiming 0 removed socache entries
[Wed Aug 26 03:10:24.698207 2026] [socache_shmcb:debug] [pid 2270613:tid 2270613] mod_socache_shmcb.c(765): AH00843: we now have 47 socache entries
[Wed Aug 26 03:10:24.698209 2026] [socache_shmcb:debug] [pid 2270613:tid 2270613] mod_socache_shmcb.c(860): AH00847: insert happened at idx=53, data=(571:603)
[Wed Aug 26 03:10:24.698210 2026] [socache_shmcb:debug] [pid 2270613:tid 2270613] mod_socache_shmcb.c(863): AH00848: finished insert, subcache: idx_pos/idx_used=6/48, data_pos/data_used=3903/10745
[Wed Aug 26 03:10:24.698212 2026] [socache_shmcb:debug] [pid 2270613:tid 2270613] mod_socache_shmcb.c(530): AH00834: leaving socache_shmcb_store successfully
[Wed Aug 26 03:10:24.698514 2026] [ssl:debug] [pid 2270613:tid 2270613] ssl_engine_kernel.c(254): [client 52.167.144.166:64842] AH02034: Initial (No.1) HTTPS request received for child 25 (server 2blog.ilc.edu.tw:443)
[Wed Aug 26 03:10:24.698822 2026] [authz_core:debug] [pid 2270613:tid 2270613] mod_authz_core.c(815): [client 52.167.144.166:64842] AH01626: authorization result of Require all granted: granted
[Wed Aug 26 03:10:24.698832 2026] [authz_core:debug] [pid 2270613:tid 2270613] mod_authz_core.c(815): [client 52.167.144.166:64842] AH01626: authorization result of : granted
[Wed Aug 26 03:10:24.699524 2026] [authz_core:debug] [pid 2270613:tid 2270613] mod_authz_core.c(815): [client 52.167.144.166:64842] AH01626: authorization result of Require all granted: granted
[Wed Aug 26 03:10:24.699535 2026] [authz_core:debug] [pid 2270613:tid 2270613] mod_authz_core.c(815): [client 52.167.144.166:64842] AH01626: authorization result of : granted
[Wed Aug 26 03:10:24.722489 2026] [ssl:debug] [pid 2270269:tid 2270269] ssl_engine_kernel.c(254): [client 216.73.216.242:51734] AH02034: Subsequent (No.6) HTTPS request received for child 5 (server 2blog.ilc.edu.tw:443)
[Wed Aug 26 03:10:24.722723 2026] [authz_core:debug] [pid 2270269:tid 2270269] mod_authz_core.c(815): [client 216.73.216.242:51734] AH01626: authorization result of Require all granted: granted
[Wed Aug 26 03:10:24.722736 2026] [authz_core:debug] [pid 2270269:tid 2270269] mod_authz_core.c(815): [client 216.73.216.242:51734] AH01626: authorization result of : granted
[Wed Aug 26 03:10:24.723136 2026] [authz_core:debug] [pid 2270269:tid 2270269] mod_authz_core.c(815): [client 216.73.216.242:51734] AH01626: authorization result of Require all granted: granted
[Wed Aug 26 03:10:24.723149 2026] [authz_core:debug] [pid 2270269:tid 2270269] mod_authz_core.c(815): [client 216.73.216.242:51734] AH01626: authorization result of : granted
[Wed Aug 26 03:10:24.791201 2026] [mpm_prefork:info] [pid 42267:tid 42267] AH00162: server seems busy, (you may need to increase StartServers, or Min/MaxSpareServers), spawning 16 children, there are 4 idle, and 31 total children
[Wed Aug 26 03:10:24.797426 2026] [watchdog:debug] [pid 2270780:tid 2270780] mod_watchdog.c(559): AH02980: Watchdog: nothing configured?
[Wed Aug 26 03:10:24.801364 2026] [watchdog:debug] [pid 2270785:tid 2270785] mod_watchdog.c(559): AH02980: Watchdog: nothing configured?
[Wed Aug 26 03:10:24.807539 2026] [watchdog:debug] [pid 2270786:tid 2270786] mod_watchdog.c(559): AH02980: Watchdog: nothing configured?
[Wed Aug 26 03:10:24.809799 2026] [watchdog:debug] [pid 2270787:tid 2270787] mod_watchdog.c(559): AH02980: Watchdog: nothing configured?
[Wed Aug 26 03:10:24.813542 2026] [watchdog:debug] [pid 2270788:tid 2270788] mod_watchdog.c(559): AH02980: Watchdog: nothing configured?
[Wed Aug 26 03:10:24.818771 2026] [watchdog:debug] [pid 2270789:tid 2270789] mod_watchdog.c(559): AH02980: Watchdog: nothing configured?
[Wed Aug 26 03:10:24.821834 2026] [watchdog:debug] [pid 2270790:tid 2270790] mod_watchdog.c(559): AH02980: Watchdog: nothing configured?
[Wed Aug 26 03:10:24.823351 2026] [ssl:debug] [pid 2261311:tid 2261311] ssl_engine_kernel.c(254): [client 216.73.216.242:4789] AH02034: Subsequent (No.4) HTTPS request received for child 2 (server 2blog.ilc.edu.tw:443)
[Wed Aug 26 03:10:24.823564 2026] [authz_core:debug] [pid 2261311:tid 2261311] mod_authz_core.c(815): [client 216.73.216.242:4789] AH01626: authorization result of Require all granted: granted
[Wed Aug 26 03:10:24.823570 2026] [authz_core:debug] [pid 2261311:tid 2261311] mod_authz_core.c(815): [client 216.73.216.242:4789] AH01626: authorization result of : granted
[Wed Aug 26 03:10:24.823732 2026] [authz_core:debug] [pid 2261311:tid 2261311] mod_authz_core.c(815): [client 216.73.216.242:4789] AH01626: authorization result of Require all granted: granted
[Wed Aug 26 03:10:24.823737 2026] [authz_core:debug] [pid 2261311:tid 2261311] mod_authz_core.c(815): [client 216.73.216.242:4789] AH01626: authorization result of : granted
[Wed Aug 26 03:10:24.824553 2026] [watchdog:debug] [pid 2270791:tid 2270791] mod_watchdog.c(559): AH02980: Watchdog: nothing configured?
[Wed Aug 26 03:10:24.832719 2026] [watchdog:debug] [pid 2270792:tid 2270792] mod_watchdog.c(559): AH02980: Watchdog: nothing configured?
[Wed Aug 26 03:10:24.836451 2026] [watchdog:debug] [pid 2270797:tid 2270797] mod_watchdog.c(559): AH02980: Watchdog: nothing configured?
[Wed Aug 26 03:10:24.840144 2026] [watchdog:debug] [pid 2270798:tid 2270798] mod_watchdog.c(559): AH02980: Watchdog: nothing configured?
[Wed Aug 26 03:10:24.844482 2026] [watchdog:debug] [pid 2270799:tid 2270799] mod_watchdog.c(559): AH02980: Watchdog: nothing configured?
[Wed Aug 26 03:10:24.849506 2026] [watchdog:debug] [pid 2270800:tid 2270800] mod_watchdog.c(559): AH02980: Watchdog: nothing configured?
[Wed Aug 26 03:10:24.855134 2026] [watchdog:debug] [pid 2270801:tid 2270801] mod_watchdog.c(559): AH02980: Watchdog: nothing configured?
[Wed Aug 26 03:10:24.856531 2026] [watchdog:debug] [pid 2270802:tid 2270802] mod_watchdog.c(559): AH02980: Watchdog: nothing configured?
[Wed Aug 26 03:10:24.860038 2026] [watchdog:debug] [pid 2270803:tid 2270803] mod_watchdog.c(559): AH02980: Watchdog: nothing configured?
[Wed Aug 26 03:10:24.863994 2026] [ssl:info] [pid 2270612:tid 2270612] [client 71.79.52.1:59750] AH01964: Connection to child 20 established (server 2blog.ilc.edu.tw:443)
[Wed Aug 26 03:10:24.864199 2026] [ssl:debug] [pid 2270612:tid 2270612] ssl_engine_kernel.c(2222): [client 71.79.52.1:59750] AH02043: SSL virtual host for servername 2blog.ilc.edu.tw found
[Wed Aug 26 03:10:24.864300 2026] [core:debug] [pid 2270612:tid 2270612] protocol.c(2460): [client 71.79.52.1:59750] AH03155: select protocol from , choices=http/1.1 for server 2blog.ilc.edu.tw
[Wed Aug 26 03:10:24.864362 2026] [ssl:debug] [pid 2270612:tid 2270612] ssl_util_stapling.c(819): AH01951: stapling_cb: OCSP Stapling callback called
[Wed Aug 26 03:10:24.864370 2026] [ssl:info] [pid 2270612:tid 2270612] AH01926: stapling_get_certinfo: stapling not supported for certificate
[Wed Aug 26 03:10:24.890932 2026] [deflate:debug] [pid 2270613:tid 2270613] mod_deflate.c(909): [client 52.167.144.166:64842] AH01384: Zlib: Compressed 38569 to 9180 : URL /index.php
[Wed Aug 26 03:10:24.923886 2026] [ssl:debug] [pid 2270117:tid 2270117] ssl_engine_kernel.c(254): [client 216.73.216.242:7806] AH02034: Subsequent (No.7) HTTPS request received for child 4 (server 2blog.ilc.edu.tw:443)
[Wed Aug 26 03:10:24.924087 2026] [authz_core:debug] [pid 2270117:tid 2270117] mod_authz_core.c(815): [client 216.73.216.242:7806] AH01626: authorization result of Require all granted: granted
[Wed Aug 26 03:10:24.924095 2026] [authz_core:debug] [pid 2270117:tid 2270117] mod_authz_core.c(815): [client 216.73.216.242:7806] AH01626: authorization result of : granted
[Wed Aug 26 03:10:24.924260 2026] [authz_core:debug] [pid 2270117:tid 2270117] mod_authz_core.c(815): [client 216.73.216.242:7806] AH01626: authorization result of Require all granted: granted
[Wed Aug 26 03:10:24.924266 2026] [authz_core:debug] [pid 2270117:tid 2270117] mod_authz_core.c(815): [client 216.73.216.242:7806] AH01626: authorization result of : granted
[Wed Aug 26 03:10:25.025221 2026] [ssl:debug] [pid 2266896:tid 2266896] ssl_engine_kernel.c(254): [client 216.73.216.242:24692] AH02034: Subsequent (No.4) HTTPS request received for child 21 (server 2blog.ilc.edu.tw:443)
[Wed Aug 26 03:10:25.025413 2026] [authz_core:debug] [pid 2266896:tid 2266896] mod_authz_core.c(815): [client 216.73.216.242:24692] AH01626: authorization result of Require all granted: granted
[Wed Aug 26 03:10:25.025418 2026] [authz_core:debug] [pid 2266896:tid 2266896] mod_authz_core.c(815): [client 216.73.216.242:24692] AH01626: authorization result of : granted
[Wed Aug 26 03:10:25.025543 2026] [authz_core:debug] [pid 2266896:tid 2266896] mod_authz_core.c(815): [client 216.73.216.242:24692] AH01626: authorization result of Require all granted: granted
[Wed Aug 26 03:10:25.025546 2026] [authz_core:debug] [pid 2266896:tid 2266896] mod_authz_core.c(815): [client 216.73.216.242:24692] AH01626: authorization result of : granted
[Wed Aug 26 03:10:25.126600 2026] [ssl:debug] [pid 2270450:tid 2270450] ssl_engine_kernel.c(254): [client 216.73.216.242:10336] AH02034: Subsequent (No.4) HTTPS request received for child 12 (server 2blog.ilc.edu.tw:443)
[Wed Aug 26 03:10:25.126850 2026] [authz_core:debug] [pid 2270450:tid 2270450] mod_authz_core.c(815): [client 216.73.216.242:10336] AH01626: authorization result of Require all granted: granted
[Wed Aug 26 03:10:25.126859 2026] [authz_core:debug] [pid 2270450:tid 2270450] mod_authz_core.c(815): [client 216.73.216.242:10336] AH01626: authorization result of : granted
[Wed Aug 26 03:10:25.127027 2026] [authz_core:debug] [pid 2270450:tid 2270450] mod_authz_core.c(815): [client 216.73.216.242:10336] AH01626: authorization result of Require all granted: granted
[Wed Aug 26 03:10:25.127033 2026] [authz_core:debug] [pid 2270450:tid 2270450] mod_authz_core.c(815): [client 216.73.216.242:10336] AH01626: authorization result of : granted
[Wed Aug 26 03:10:25.167693 2026] [deflate:debug] [pid 2261311:tid 2261311] mod_deflate.c(909): [client 216.73.216.242:4789] AH01384: Zlib: Compressed 2851 to 1285 : URL /index.php
[Wed Aug 26 03:10:25.217156 2026] [headers:debug] [pid 2270618:tid 2270618] mod_headers.c(900): AH01503: headers: ap_headers_error_filter()
