[Wed Aug 26 03:10:33.798378 2026] [socache_shmcb:debug] [pid 2270270:tid 2270270] mod_socache_shmcb.c(863): AH00848: finished insert, subcache: idx_pos/idx_used=13/44, data_pos/data_used=5830/9864
[Wed Aug 26 03:10:33.798381 2026] [socache_shmcb:debug] [pid 2270270:tid 2270270] mod_socache_shmcb.c(530): AH00834: leaving socache_shmcb_store successfully
[Wed Aug 26 03:10:33.798455 2026] [socache_shmcb:debug] [pid 2270270:tid 2270270] mod_socache_shmcb.c(508): AH00831: socache_shmcb_store (0xaf -> subcache 15)
[Wed Aug 26 03:10:33.798483 2026] [socache_shmcb:debug] [pid 2270270:tid 2270270] mod_socache_shmcb.c(860): AH00847: insert happened at idx=46, data=(12881:12913)
[Wed Aug 26 03:10:33.798486 2026] [socache_shmcb:debug] [pid 2270270:tid 2270270] mod_socache_shmcb.c(863): AH00848: finished insert, subcache: idx_pos/idx_used=82/53, data_pos/data_used=1317/11790
[Wed Aug 26 03:10:33.798489 2026] [socache_shmcb:debug] [pid 2270270:tid 2270270] mod_socache_shmcb.c(530): AH00834: leaving socache_shmcb_store successfully
[Wed Aug 26 03:10:33.833270 2026] [deflate:debug] [pid 2261311:tid 2261311] mod_deflate.c(909): [client 216.73.216.242:4789] AH01384: Zlib: Compressed 2857 to 1286 : URL /index.php
[Wed Aug 26 03:10:33.848866 2026] [ssl:debug] [pid 2266896:tid 2266896] ssl_engine_kernel.c(254): [client 216.73.216.242:24692] AH02034: Subsequent (No.15) HTTPS request received for child 21 (server 2blog.ilc.edu.tw:443)
[Wed Aug 26 03:10:33.849107 2026] [authz_core:debug] [pid 2266896:tid 2266896] mod_authz_core.c(815): [client 216.73.216.242:24692] AH01626: authorization result of Require all granted: granted
[Wed Aug 26 03:10:33.849115 2026] [authz_core:debug] [pid 2266896:tid 2266896] mod_authz_core.c(815): [client 216.73.216.242:24692] AH01626: authorization result of : granted
[Wed Aug 26 03:10:33.849277 2026] [authz_core:debug] [pid 2266896:tid 2266896] mod_authz_core.c(815): [client 216.73.216.242:24692] AH01626: authorization result of Require all granted: granted
[Wed Aug 26 03:10:33.849284 2026] [authz_core:debug] [pid 2266896:tid 2266896] mod_authz_core.c(815): [client 216.73.216.242:24692] AH01626: authorization result of : granted
[Wed Aug 26 03:10:33.861131 2026] [ssl:debug] [pid 2270792:tid 2270792] ssl_engine_io.c(1150): [client 34.123.149.87:48128] AH02001: Connection closed to child 38 with standard shutdown (server 2blog.ilc.edu.tw:443)
[Wed Aug 26 03:10:33.934390 2026] [deflate:debug] [pid 2270269:tid 2270269] mod_deflate.c(909): [client 216.73.216.242:51734] AH01384: Zlib: Compressed 2853 to 1283 : URL /index.php
[Wed Aug 26 03:10:33.950388 2026] [ssl:debug] [pid 2270450:tid 2270450] ssl_engine_kernel.c(254): [client 216.73.216.242:10336] AH02034: Subsequent (No.15) HTTPS request received for child 12 (server 2blog.ilc.edu.tw:443)
[Wed Aug 26 03:10:33.950855 2026] [authz_core:debug] [pid 2270450:tid 2270450] mod_authz_core.c(815): [client 216.73.216.242:10336] AH01626: authorization result of Require all granted: granted
[Wed Aug 26 03:10:33.950867 2026] [authz_core:debug] [pid 2270450:tid 2270450] mod_authz_core.c(815): [client 216.73.216.242:10336] AH01626: authorization result of : granted
[Wed Aug 26 03:10:33.951081 2026] [authz_core:debug] [pid 2270450:tid 2270450] mod_authz_core.c(815): [client 216.73.216.242:10336] AH01626: authorization result of Require all granted: granted
[Wed Aug 26 03:10:33.951098 2026] [authz_core:debug] [pid 2270450:tid 2270450] mod_authz_core.c(815): [client 216.73.216.242:10336] AH01626: authorization result of : granted
[Wed Aug 26 03:10:34.020617 2026] [ssl:info] [pid 2270785:tid 2270785] (70014)End of file found: [client 66.249.79.138:51130] AH01992: SSL library error 6 reading data
[Wed Aug 26 03:10:34.020711 2026] [ssl:debug] [pid 2270785:tid 2270785] ssl_engine_io.c(1150): [client 66.249.79.138:51130] AH02001: Connection closed to child 29 with standard shutdown (server www.jwes.ilc.edu.tw:443)
[Wed Aug 26 03:10:34.050391 2026] [ssl:debug] [pid 2261311:tid 2261311] ssl_engine_kernel.c(254): [client 216.73.216.242:4789] AH02034: Subsequent (No.17) HTTPS request received for child 2 (server 2blog.ilc.edu.tw:443)
[Wed Aug 26 03:10:34.050617 2026] [authz_core:debug] [pid 2261311:tid 2261311] mod_authz_core.c(815): [client 216.73.216.242:4789] AH01626: authorization result of Require all granted: granted
[Wed Aug 26 03:10:34.050624 2026] [authz_core:debug] [pid 2261311:tid 2261311] mod_authz_core.c(815): [client 216.73.216.242:4789] AH01626: authorization result of : granted
[Wed Aug 26 03:10:34.050824 2026] [authz_core:debug] [pid 2261311:tid 2261311] mod_authz_core.c(815): [client 216.73.216.242:4789] AH01626: authorization result of Require all granted: granted
[Wed Aug 26 03:10:34.050832 2026] [authz_core:debug] [pid 2261311:tid 2261311] mod_authz_core.c(815): [client 216.73.216.242:4789] AH01626: authorization result of : granted
[Wed Aug 26 03:10:34.069112 2026] [ssl:info] [pid 2270607:tid 2270607] [client 54.197.178.107:56289] AH01964: Connection to child 14 established (server 2blog.ilc.edu.tw:443)
[Wed Aug 26 03:10:34.069286 2026] [ssl:debug] [pid 2270607:tid 2270607] ssl_engine_kernel.c(2222): [client 54.197.178.107:56289] AH02043: SSL virtual host for servername 2blog.ilc.edu.tw found
[Wed Aug 26 03:10:34.121875 2026] [deflate:debug] [pid 2270450:tid 2270450] mod_deflate.c(909): [client 216.73.216.242:10336] AH01384: Zlib: Compressed 39733 to 9383 : URL /index.php
[Wed Aug 26 03:10:34.157118 2026] [ssl:debug] [pid 2270269:tid 2270269] ssl_engine_kernel.c(254): [client 216.73.216.242:51734] AH02034: Subsequent (No.16) HTTPS request received for child 5 (server 2blog.ilc.edu.tw:443)
[Wed Aug 26 03:10:34.157353 2026] [authz_core:debug] [pid 2270269:tid 2270269] mod_authz_core.c(815): [client 216.73.216.242:51734] AH01626: authorization result of Require all granted: granted
[Wed Aug 26 03:10:34.157360 2026] [authz_core:debug] [pid 2270269:tid 2270269] mod_authz_core.c(815): [client 216.73.216.242:51734] AH01626: authorization result of : granted
[Wed Aug 26 03:10:34.157650 2026] [authz_core:debug] [pid 2270269:tid 2270269] mod_authz_core.c(815): [client 216.73.216.242:51734] AH01626: authorization result of Require all granted: granted
[Wed Aug 26 03:10:34.157673 2026] [authz_core:debug] [pid 2270269:tid 2270269] mod_authz_core.c(815): [client 216.73.216.242:51734] AH01626: authorization result of : granted
[Wed Aug 26 03:10:34.260353 2026] [ssl:debug] [pid 2270609:tid 2270609] ssl_engine_kernel.c(254): [client 216.73.216.242:17831] AH02034: Subsequent (No.13) HTTPS request received for child 17 (server 2blog.ilc.edu.tw:443)
[Wed Aug 26 03:10:34.260577 2026] [authz_core:debug] [pid 2270609:tid 2270609] mod_authz_core.c(815): [client 216.73.216.242:17831] AH01626: authorization result of Require all granted: granted
[Wed Aug 26 03:10:34.260583 2026] [authz_core:debug] [pid 2270609:tid 2270609] mod_authz_core.c(815): [client 216.73.216.242:17831] AH01626: authorization result of : granted
[Wed Aug 26 03:10:34.260747 2026] [authz_core:debug] [pid 2270609:tid 2270609] mod_authz_core.c(815): [client 216.73.216.242:17831] AH01626: authorization result of Require all granted: granted
[Wed Aug 26 03:10:34.260752 2026] [authz_core:debug] [pid 2270609:tid 2270609] mod_authz_core.c(815): [client 216.73.216.242:17831] AH01626: authorization result of : granted
[Wed Aug 26 03:10:34.284998 2026] [ssl:debug] [pid 2270607:tid 2270607] ssl_engine_kernel.c(2082): [client 54.197.178.107:56289] AH02041: Protocol: TLSv1.3, Cipher: TLS_AES_256_GCM_SHA384 (256/256 bits)
[Wed Aug 26 03:10:34.285083 2026] [socache_shmcb:debug] [pid 2270607:tid 2270607] mod_socache_shmcb.c(508): AH00831: socache_shmcb_store (0x04 -> subcache 4)
[Wed Aug 26 03:10:34.285107 2026] [socache_shmcb:debug] [pid 2270607:tid 2270607] mod_socache_shmcb.c(860): AH00847: insert happened at idx=46, data=(13359:13391)
[Wed Aug 26 03:10:34.285111 2026] [socache_shmcb:debug] [pid 2270607:tid 2270607] mod_socache_shmcb.c(863): AH00848: finished insert, subcache: idx_pos/idx_used=4/43, data_pos/data_used=3943/9629
[Wed Aug 26 03:10:34.285114 2026] [socache_shmcb:debug] [pid 2270607:tid 2270607] mod_socache_shmcb.c(530): AH00834: leaving socache_shmcb_store successfully
[Wed Aug 26 03:10:34.285185 2026] [socache_shmcb:debug] [pid 2270607:tid 2270607] mod_socache_shmcb.c(508): AH00831: socache_shmcb_store (0x6f -> subcache 15)
[Wed Aug 26 03:10:34.285198 2026] [socache_shmcb:debug] [pid 2270607:tid 2270607] mod_socache_shmcb.c(860): AH00847: insert happened at idx=47, data=(13107:13139)
[Wed Aug 26 03:10:34.285202 2026] [socache_shmcb:debug] [pid 2270607:tid 2270607] mod_socache_shmcb.c(863): AH00848: finished insert, subcache: idx_pos/idx_used=82/54, data_pos/data_used=1317/12003
[Wed Aug 26 03:10:34.285205 2026] [socache_shmcb:debug] [pid 2270607:tid 2270607] mod_socache_shmcb.c(530): AH00834: leaving socache_shmcb_store successfully
[Wed Aug 26 03:10:34.285437 2026] [ssl:debug] [pid 2270607:tid 2270607] ssl_engine_kernel.c(254): [client 54.197.178.107:56289] AH02034: Initial (No.1) HTTPS request received for child 14 (server 2blog.ilc.edu.tw:443)
[Wed Aug 26 03:10:34.285739 2026] [authz_core:debug] [pid 2270607:tid 2270607] mod_authz_core.c(815): [client 54.197.178.107:56289] AH01626: authorization result of Require all granted: granted
[Wed Aug 26 03:10:34.285746 2026] [authz_core:debug] [pid 2270607:tid 2270607] mod_authz_core.c(815): [client 54.197.178.107:56289] AH01626: authorization result of : granted
[Wed Aug 26 03:10:34.285901 2026] [authz_core:debug] [pid 2270607:tid 2270607] mod_authz_core.c(815): [client 54.197.178.107:56289] AH01626: authorization result of Require all granted: granted
[Wed Aug 26 03:10:34.285905 2026] [authz_core:debug] [pid 2270607:tid 2270607] mod_authz_core.c(815): [client 54.197.178.107:56289] AH01626: authorization result of : granted
[Wed Aug 26 03:10:34.361120 2026] [ssl:debug] [pid 2271590:tid 2271590] ssl_engine_kernel.c(254): [client 216.73.216.242:50854] AH02034: Subsequent (No.2) HTTPS request received for child 0 (server 2blog.ilc.edu.tw:443)
[Wed Aug 26 03:10:34.361331 2026] [authz_core:debug] [pid 2271590:tid 2271590] mod_authz_core.c(815): [client 216.73.216.242:50854] AH01626: authorization result of Require all granted: granted
[Wed Aug 26 03:10:34.361338 2026] [authz_core:debug] [pid 2271590:tid 2271590] mod_authz_core.c(815): [client 216.73.216.242:50854] AH01626: authorization result of : granted
[Wed Aug 26 03:10:34.361492 2026] [authz_core:debug] [pid 2271590:tid 2271590] mod_authz_core.c(815): [client 216.73.216.242:50854] AH01626: authorization result of Require all granted: granted
[Wed Aug 26 03:10:34.361498 2026] [authz_core:debug] [pid 2271590:tid 2271590] mod_authz_core.c(815): [client 216.73.216.242:50854] AH01626: authorization result of : granted
[Wed Aug 26 03:10:34.407483 2026] [deflate:debug] [pid 2270607:tid 2270607] mod_deflate.c(909): [client 54.197.178.107:56289] AH01384: Zlib: Compressed 20125 to 6392 : URL /index.php
[Wed Aug 26 03:10:34.407892 2026] [ssl:debug] [pid 2270607:tid 2270607] ssl_engine_io.c(1150): [client 54.197.178.107:56289] AH02001: Connection closed to child 14 with standard shutdown (server 2blog.ilc.edu.tw:443)
[Wed Aug 26 03:10:34.435258 2026] [deflate:debug] [pid 2270269:tid 2270269] mod_deflate.c(909): [client 216.73.216.242:51734] AH01384: Zlib: Compressed 2897 to 1287 : URL /index.php
[Wed Aug 26 03:10:34.461949 2026] [ssl:debug] [pid 2266896:tid 2266896] ssl_engine_kernel.c(254): [client 216.73.216.242:24692] AH02034: Subsequent (No.16) HTTPS request received for child 21 (server 2blog.ilc.edu.tw:443)
[Wed Aug 26 03:10:34.462235 2026] [authz_core:debug] [pid 2266896:tid 2266896] mod_authz_core.c(815): [client 216.73.216.242:24692] AH01626: authorization result of Require all granted: granted
[Wed Aug 26 03:10:34.462243 2026] [authz_core:debug] [pid 2266896:tid 2266896] mod_authz_core.c(815): [client 216.73.216.242:24692] AH01626: authorization result of : granted
[Wed Aug 26 03:10:34.462443 2026] [authz_core:debug] [pid 2266896:tid 2266896] mod_authz_core.c(815): [client 216.73.216.242:24692] AH01626: authorization result of Require all granted: granted
[Wed Aug 26 03:10:34.462448 2026] [authz_core:debug] [pid 2266896:tid 2266896] mod_authz_core.c(815): [client 216.73.216.242:24692] AH01626: authorization result of : granted
[Wed Aug 26 03:10:34.546474 2026] [deflate:debug] [pid 2270609:tid 2270609] mod_deflate.c(909): [client 216.73.216.242:17831] AH01384: Zlib: Compressed 2853 to 1284 : URL /index.php
[Wed Aug 26 03:10:34.562805 2026] [ssl:debug] [pid 2261311:tid 2261311] ssl_engine_kernel.c(254): [client 216.73.216.242:4789] AH02034: Subsequent (No.18) HTTPS request received for child 2 (server 2blog.ilc.edu.tw:443)
[Wed Aug 26 03:10:34.563108 2026] [authz_core:debug] [pid 2261311:tid 2261311] mod_authz_core.c(815): [client 216.73.216.242:4789] AH01626: authorization result of Require all granted: granted
[Wed Aug 26 03:10:34.563118 2026] [authz_core:debug] [pid 2261311:tid 2261311] mod_authz_core.c(815): [client 216.73.216.242:4789] AH01626: authorization result of : granted
[Wed Aug 26 03:10:34.563284 2026] [authz_core:debug] [pid 2261311:tid 2261311] mod_authz_core.c(815): [client 216.73.216.242:4789] AH01626: authorization result of Require all granted: granted
[Wed Aug 26 03:10:34.563291 2026] [authz_core:debug] [pid 2261311:tid 2261311] mod_authz_core.c(815): [client 216.73.216.242:4789] AH01626: authorization result of : granted
[Wed Aug 26 03:10:34.564637 2026] [ssl:info] [pid 2266890:tid 2266890] [client 34.171.68.95:58368] AH01964: Connection to child 3 established (server 2blog.ilc.edu.tw:443)
[Wed Aug 26 03:10:34.564811 2026] [ssl:debug] [pid 2266890:tid 2266890] ssl_engine_kernel.c(2222): [client 34.171.68.95:58368] AH02043: SSL virtual host for servername 2blog.ilc.edu.tw found
[Wed Aug 26 03:10:34.564887 2026] [core:debug] [pid 2266890:tid 2266890] protocol.c(2460): [client 34.171.68.95:58368] AH03155: select protocol from , choices=http/1.1 for server 2blog.ilc.edu.tw
[Wed Aug 26 03:10:34.569818 2026] [ssl:info] [pid 2266789:tid 2266789] [client 85.208.96.200:29088] AH01964: Connection to child 7 established (server 2blog.ilc.edu.tw:443)
[Wed Aug 26 03:10:34.570041 2026] [ssl:debug] [pid 2266789:tid 2266789] ssl_engine_kernel.c(2222): [client 85.208.96.200:29088] AH02043: SSL virtual host for servername 2blog.ilc.edu.tw found
[Wed Aug 26 03:10:34.588908 2026] [ssl:debug] [pid 2270801:tid 2270801] ssl_engine_io.c(1150): [client 34.30.223.149:18944] AH02001: Connection closed to child 43 with standard shutdown (server 2blog.ilc.edu.tw:443)
[Wed Aug 26 03:10:34.596879 2026] [ssl:info] [pid 2267325:tid 2267325] [client 40.77.167.26:44488] AH01964: Connection to child 1 established (server 2blog.ilc.edu.tw:443)
[Wed Aug 26 03:10:34.597115 2026] [ssl:debug] [pid 2267325:tid 2267325] ssl_engine_kernel.c(2222): [client 40.77.167.26:44488] AH02043: SSL virtual host for servername 2blog.ilc.edu.tw found
[Wed Aug 26 03:10:34.597268 2026] [core:debug] [pid 2267325:tid 2267325] protocol.c(2460): [client 40.77.167.26:44488] AH03155: select protocol from , choices=h2,http/1.1 for server 2blog.ilc.edu.tw
[Wed Aug 26 03:10:34.640743 2026] [deflate:debug] [pid 2266896:tid 2266896] mod_deflate.c(909): [client 216.73.216.242:24692] AH01384: Zlib: Compressed 40486 to 9775 : URL /index.php
[Wed Aug 26 03:10:34.664781 2026] [ssl:debug] [pid 2270269:tid 2270269] ssl_engine_kernel.c(254): [client 216.73.216.242:51734] AH02034: Subsequent (No.17) HTTPS request received for child 5 (server 2blog.ilc.edu.tw:443)
[Wed Aug 26 03:10:34.665019 2026] [authz_core:debug] [pid 2270269:tid 2270269] mod_authz_core.c(815): [client 216.73.216.242:51734] AH01626: authorization result of Require all granted: granted
[Wed Aug 26 03:10:34.665026 2026] [authz_core:debug] [pid 2270269:tid 2270269] mod_authz_core.c(815): [client 216.73.216.242:51734] AH01626: authorization result of : granted
[Wed Aug 26 03:10:34.665199 2026] [authz_core:debug] [pid 2270269:tid 2270269] mod_authz_core.c(815): [client 216.73.216.242:51734] AH01626: authorization result of Require all granted: granted
[Wed Aug 26 03:10:34.665207 2026] [authz_core:debug] [pid 2270269:tid 2270269] mod_authz_core.c(815): [client 216.73.216.242:51734] AH01626: authorization result of : granted
[Wed Aug 26 03:10:34.766180 2026] [ssl:debug] [pid 2270450:tid 2270450] ssl_engine_kernel.c(254): [client 216.73.216.242:10336] AH02034: Subsequent (No.16) HTTPS request received for child 12 (server 2blog.ilc.edu.tw:443)
[Wed Aug 26 03:10:34.766406 2026] [authz_core:debug] [pid 2270450:tid 2270450] mod_authz_core.c(815): [client 216.73.216.242:10336] AH01626: authorization result of Require all granted: granted
[Wed Aug 26 03:10:34.766412 2026] [authz_core:debug] [pid 2270450:tid 2270450] mod_authz_core.c(815): [client 216.73.216.242:10336] AH01626: authorization result of : granted
[Wed Aug 26 03:10:34.766559 2026] [authz_core:debug] [pid 2270450:tid 2270450] mod_authz_core.c(815): [client 216.73.216.242:10336] AH01626: authorization result of Require all granted: granted
[Wed Aug 26 03:10:34.766564 2026] [authz_core:debug] [pid 2270450:tid 2270450] mod_authz_core.c(815): [client 216.73.216.242:10336] AH01626: authorization result of : granted
[Wed Aug 26 03:10:34.779451 2026] [ssl:debug] [pid 2266890:tid 2266890] ssl_engine_kernel.c(2082): [client 34.171.68.95:58368] AH02041: Protocol: TLSv1.3, Cipher: TLS_AES_256_GCM_SHA384 (256/256 bits)
[Wed Aug 26 03:10:34.779543 2026] [socache_shmcb:debug] [pid 2266890:tid 2266890] mod_socache_shmcb.c(508): AH00831: socache_shmcb_store (0xc8 -> subcache 8)
[Wed Aug 26 03:10:34.779586 2026] [socache_shmcb:debug] [pid 2266890:tid 2266890] mod_socache_shmcb.c(745): AH00842: expiring 1 and reclaiming 0 removed socache entries
[Wed Aug 26 03:10:34.779589 2026] [socache_shmcb:debug] [pid 2266890:tid 2266890] mod_socache_shmcb.c(765): AH00843: we now have 43 socache entries
[Wed Aug 26 03:10:34.779593 2026] [socache_shmcb:debug] [pid 2266890:tid 2266890] mod_socache_shmcb.c(860): AH00847: insert happened at idx=35, data=(10731:10763)
[Wed Aug 26 03:10:34.779596 2026] [socache_shmcb:debug] [pid 2266890:tid 2266890] mod_socache_shmcb.c(863): AH00848: finished insert, subcache: idx_pos/idx_used=80/44, data_pos/data_used=1090/9866
[Wed Aug 26 03:10:34.779599 2026] [socache_shmcb:debug] [pid 2266890:tid 2266890] mod_socache_shmcb.c(530): AH00834: leaving socache_shmcb_store successfully
[Wed Aug 26 03:10:34.779708 2026] [socache_shmcb:debug] [pid 2266890:tid 2266890] mod_socache_shmcb.c(508): AH00831: socache_shmcb_store (0x6d -> subcache 13)
[Wed Aug 26 03:10:34.779715 2026] [socache_shmcb:debug] [pid 2266890:tid 2266890] mod_socache_shmcb.c(745): AH00842: expiring 4 and reclaiming 0 removed socache entries
[Wed Aug 26 03:10:34.779717 2026] [socache_shmcb:debug] [pid 2266890:tid 2266890] mod_socache_shmcb.c(765): AH00843: we now have 46 socache entries
[Wed Aug 26 03:10:34.779719 2026] [socache_shmcb:debug] [pid 2266890:tid 2266890] mod_socache_shmcb.c(860): AH00847: insert happened at idx=41, data=(11968:12000)
[Wed Aug 26 03:10:34.779720 2026] [socache_shmcb:debug] [pid 2266890:tid 2266890] mod_socache_shmcb.c(863): AH00848: finished insert, subcache: idx_pos/idx_used=83/47, data_pos/data_used=1682/10511
[Wed Aug 26 03:10:34.779722 2026] [socache_shmcb:debug] [pid 2266890:tid 2266890] mod_socache_shmcb.c(530): AH00834: leaving socache_shmcb_store successfully
[Wed Aug 26 03:10:34.793802 2026] [ssl:debug] [pid 2267325:tid 2267325] ssl_engine_kernel.c(2082): [client 40.77.167.26:44488] AH02041: Protocol: TLSv1.3, Cipher: TLS_AES_256_GCM_SHA384 (256/256 bits)
[Wed Aug 26 03:10:34.793856 2026] [socache_shmcb:debug] [pid 2267325:tid 2267325] mod_socache_shmcb.c(508): AH00831: socache_shmcb_store (0x14 -> subcache 20)
[Wed Aug 26 03:10:34.793874 2026] [socache_shmcb:debug] [pid 2267325:tid 2267325] mod_socache_shmcb.c(860): AH00847: insert happened at idx=57, data=(1830:1862)
[Wed Aug 26 03:10:34.793877 2026] [socache_shmcb:debug] [pid 2267325:tid 2267325] mod_socache_shmcb.c(863): AH00848: finished insert, subcache: idx_pos/idx_used=13/45, data_pos/data_used=5830/10090
[Wed Aug 26 03:10:34.793879 2026] [socache_shmcb:debug] [pid 2267325:tid 2267325] mod_socache_shmcb.c(530): AH00834: leaving socache_shmcb_store successfully
[Wed Aug 26 03:10:34.793941 2026] [socache_shmcb:debug] [pid 2267325:tid 2267325] mod_socache_shmcb.c(508): AH00831: socache_shmcb_store (0xcd -> subcache 13)
[Wed Aug 26 03:10:34.793951 2026] [socache_shmcb:debug] [pid 2267325:tid 2267325] mod_socache_shmcb.c(860): AH00847: insert happened at idx=42, data=(12193:12225)
[Wed Aug 26 03:10:34.793953 2026] [socache_shmcb:debug] [pid 2267325:tid 2267325] mod_socache_shmcb.c(863): AH00848: finished insert, subcache: idx_pos/idx_used=83/48, data_pos/data_used=1682/10736
[Wed Aug 26 03:10:34.793955 2026] [socache_shmcb:debug] [pid 2267325:tid 2267325] mod_socache_shmcb.c(530): AH00834: leaving socache_shmcb_store successfully
[Wed Aug 26 03:10:34.794618 2026] [ssl:debug] [pid 2267325:tid 2267325] ssl_engine_kernel.c(254): [client 40.77.167.26:44488] AH02034: Initial (No.1) HTTPS request received for child 1 (server 2blog.ilc.edu.tw:443)
[Wed Aug 26 03:10:34.794855 2026] [authz_core:debug] [pid 2267325:tid 2267325] mod_authz_core.c(815): [client 40.77.167.26:44488] AH01626: authorization result of Require all granted: granted
[Wed Aug 26 03:10:34.794863 2026] [authz_core:debug] [pid 2267325:tid 2267325] mod_authz_core.c(815): [client 40.77.167.26:44488] AH01626: authorization result of : granted
[Wed Aug 26 03:10:34.795085 2026] [authz_core:debug] [pid 2267325:tid 2267325] mod_authz_core.c(815): [client 40.77.167.26:44488] AH01626: authorization result of Require all granted: granted
[Wed Aug 26 03:10:34.795090 2026] [authz_core:debug] [pid 2267325:tid 2267325] mod_authz_core.c(815): [client 40.77.167.26:44488] AH01626: authorization result of : granted
[Wed Aug 26 03:10:34.806247 2026] [ssl:debug] [pid 2266789:tid 2266789] ssl_engine_kernel.c(2082): [client 85.208.96.200:29088] AH02041: Protocol: TLSv1.3, Cipher: TLS_AES_256_GCM_SHA384 (256/256 bits)
[Wed Aug 26 03:10:34.806337 2026] [socache_shmcb:debug] [pid 2266789:tid 2266789] mod_socache_shmcb.c(508): AH00831: socache_shmcb_store (0xe7 -> subcache 7)
[Wed Aug 26 03:10:34.806349 2026] [socache_shmcb:debug] [pid 2266789:tid 2266789] mod_socache_shmcb.c(860): AH00847: insert happened at idx=60, data=(1938:1970)
[Wed Aug 26 03:10:34.806353 2026] [socache_shmcb:debug] [pid 2266789:tid 2266789] mod_socache_shmcb.c(863): AH00848: finished insert, subcache: idx_pos/idx_used=11/50, data_pos/data_used=4812/11203
[Wed Aug 26 03:10:34.806356 2026] [socache_shmcb:debug] [pid 2266789:tid 2266789] mod_socache_shmcb.c(530): AH00834: leaving socache_shmcb_store successfully
[Wed Aug 26 03:10:34.806431 2026] [socache_shmcb:debug] [pid 2266789:tid 2266789] mod_socache_shmcb.c(508): AH00831: socache_shmcb_store (0xa3 -> subcache 3)
[Wed Aug 26 03:10:34.806436 2026] [socache_shmcb:debug] [pid 2266789:tid 2266789] mod_socache_shmcb.c(860): AH00847: insert happened at idx=3, data=(3438:3470)
[Wed Aug 26 03:10:34.806438 2026] [socache_shmcb:debug] [pid 2266789:tid 2266789] mod_socache_shmcb.c(863): AH00848: finished insert, subcache: idx_pos/idx_used=53/39, data_pos/data_used=8801/8715
[Wed Aug 26 03:10:34.806440 2026] [socache_shmcb:debug] [pid 2266789:tid 2266789] mod_socache_shmcb.c(530): AH00834: leaving socache_shmcb_store successfully
[Wed Aug 26 03:10:34.815798 2026] [deflate:debug] [pid 2267325:tid 2267325] mod_deflate.c(909): [client 40.77.167.26:44488] AH01384: Zlib: Compressed 53620 to 12259 : URL /index.php
[Wed Aug 26 03:10:34.865818 2026] [ssl:debug] [pid 2270609:tid 2270609] ssl_engine_kernel.c(254): [client 216.73.216.242:17831] AH02034: Subsequent (No.14) HTTPS request received for child 17 (server 2blog.ilc.edu.tw:443)
[Wed Aug 26 03:10:34.866161 2026] [authz_core:debug] [pid 2270609:tid 2270609] mod_authz_core.c(815): [client 216.73.216.242:17831] AH01626: authorization result of Require all granted: granted
[Wed Aug 26 03:10:34.866173 2026] [authz_core:debug] [pid 2270609:tid 2270609] mod_authz_core.c(815): [client 216.73.216.242:17831] AH01626: authorization result of : granted
[Wed Aug 26 03:10:34.866403 2026] [authz_core:debug] [pid 2270609:tid 2270609] mod_authz_core.c(815): [client 216.73.216.242:17831] AH01626: authorization result of Require all granted: granted
[Wed Aug 26 03:10:34.866411 2026] [authz_core:debug] [pid 2270609:tid 2270609] mod_authz_core.c(815): [client 216.73.216.242:17831] AH01626: authorization result of : granted
[Wed Aug 26 03:10:34.914711 2026] [ssl:debug] [pid 2266890:tid 2266890] ssl_engine_kernel.c(254): [client 34.171.68.95:58368] AH02034: Initial (No.1) HTTPS request received for child 3 (server 2blog.ilc.edu.tw:443)
[Wed Aug 26 03:10:34.914916 2026] [authz_core:debug] [pid 2266890:tid 2266890] mod_authz_core.c(815): [client 34.171.68.95:58368] AH01626: authorization result of Require all granted: granted
[Wed Aug 26 03:10:34.914922 2026] [authz_core:debug] [pid 2266890:tid 2266890] mod_authz_core.c(815): [client 34.171.68.95:58368] AH01626: authorization result of : granted
[Wed Aug 26 03:10:34.915085 2026] [authz_core:debug] [pid 2266890:tid 2266890] mod_authz_core.c(815): [client 34.171.68.95:58368] AH01626: authorization result of Require all granted: granted
[Wed Aug 26 03:10:34.915090 2026] [authz_core:debug] [pid 2266890:tid 2266890] mod_authz_core.c(815): [client 34.171.68.95:58368] AH01626: authorization result of : granted
[Wed Aug 26 03:10:34.920407 2026] [ssl:debug] [pid 2270618:tid 2270618] ssl_engine_kernel.c(254): [client 2409:8c28:7ce0:109::34:40144] AH02034: Subsequent (No.2) HTTPS request received for child 26 (server 2blog.ilc.edu.tw:443)
[Wed Aug 26 03:10:34.920649 2026] [authz_core:debug] [pid 2270618:tid 2270618] mod_authz_core.c(815): [client 2409:8c28:7ce0:109::34:40144] AH01626: authorization result of Require all granted: granted
[Wed Aug 26 03:10:34.920657 2026] [authz_core:debug] [pid 2270618:tid 2270618] mod_authz_core.c(815): [client 2409:8c28:7ce0:109::34:40144] AH01626: authorization result of : granted
[Wed Aug 26 03:10:34.920866 2026] [authz_core:debug] [pid 2270618:tid 2270618] mod_authz_core.c(815): [client 2409:8c28:7ce0:109::34:40144] AH01626: authorization result of Require all granted: granted
[Wed Aug 26 03:10:34.920873 2026] [authz_core:debug] [pid 2270618:tid 2270618] mod_authz_core.c(815): [client 2409:8c28:7ce0:109::34:40144] AH01626: authorization result of : granted
[Wed Aug 26 03:10:34.967662 2026] [ssl:debug] [pid 2271590:tid 2271590] ssl_engine_kernel.c(254): [client 216.73.216.242:50854] AH02034: Subsequent (No.3) HTTPS request received for child 0 (server 2blog.ilc.edu.tw:443)
[Wed Aug 26 03:10:34.967889 2026] [authz_core:debug] [pid 2271590:tid 2271590] mod_authz_core.c(815): [client 216.73.216.242:50854] AH01626: authorization result of Require all granted: granted
[Wed Aug 26 03:10:34.967896 2026] [authz_core:debug] [pid 2271590:tid 2271590] mod_authz_core.c(815): [client 216.73.216.242:50854] AH01626: authorization result of : granted
[Wed Aug 26 03:10:34.968066 2026] [authz_core:debug] [pid 2271590:tid 2271590] mod_authz_core.c(815): [client 216.73.216.242:50854] AH01626: authorization result of Require all granted: granted
[Wed Aug 26 03:10:34.968070 2026] [authz_core:debug] [pid 2271590:tid 2271590] mod_authz_core.c(815): [client 216.73.216.242:50854] AH01626: authorization result of : granted
[Wed Aug 26 03:10:34.984518 2026] [ssl:info] [pid 2266930:tid 2266930] [client 34.123.149.87:6657] AH01964: Connection to child 9 established (server 2blog.ilc.edu.tw:443)
[Wed Aug 26 03:10:34.984733 2026] [ssl:debug] [pid 2266930:tid 2266930] ssl_engine_kernel.c(2222): [client 34.123.149.87:6657] AH02043: SSL virtual host for servername 2blog.ilc.edu.tw found
[Wed Aug 26 03:10:34.984823 2026] [core:debug] [pid 2266930:tid 2266930] protocol.c(2460): [client 34.123.149.87:6657] AH03155: select protocol from , choices=http/1.1 for server 2blog.ilc.edu.tw
[Wed Aug 26 03:10:35.039317 2026] [ssl:debug] [pid 2266789:tid 2266789] ssl_engine_kernel.c(254): [client 85.208.96.200:29088] AH02034: Initial (No.1) HTTPS request received for child 7 (server 2blog.ilc.edu.tw:443)
[Wed Aug 26 03:10:35.039586 2026] [authz_core:debug] [pid 2266789:tid 2266789] mod_authz_core.c(815): [client 85.208.96.200:29088] AH01626: authorization result of Require all granted: granted
[Wed Aug 26 03:10:35.039598 2026] [authz_core:debug] [pid 2266789:tid 2266789] mod_authz_core.c(815): [client 85.208.96.200:29088] AH01626: authorization result of : granted
[Wed Aug 26 03:10:35.039852 2026] [authz_core:debug] [pid 2266789:tid 2266789] mod_authz_core.c(815): [client 85.208.96.200:29088] AH01626: authorization result of Require all granted: granted
[Wed Aug 26 03:10:35.039863 2026] [authz_core:debug] [pid 2266789:tid 2266789] mod_authz_core.c(815): [client 85.208.96.200:29088] AH01626: authorization result of : granted
[Wed Aug 26 03:10:35.049484 2026] [deflate:debug] [pid 2270609:tid 2270609] mod_deflate.c(909): [client 216.73.216.242:17831] AH01384: Zlib: Compressed 81356 to 24444 : URL /index.php
[Wed Aug 26 03:10:35.069311 2026] [ssl:debug] [pid 2266896:tid 2266896] ssl_engine_kernel.c(254): [client 216.73.216.242:24692] AH02034: Subsequent (No.17) HTTPS request received for child 21 (server 2blog.ilc.edu.tw:443)
[Wed Aug 26 03:10:35.069554 2026] [authz_core:debug] [pid 2266896:tid 2266896] mod_authz_core.c(815): [client 216.73.216.242:24692] AH01626: authorization result of Require all granted: granted
[Wed Aug 26 03:10:35.069562 2026] [authz_core:debug] [pid 2266896:tid 2266896] mod_authz_core.c(815): [client 216.73.216.242:24692] AH01626: authorization result of : granted
[Wed Aug 26 03:10:35.069826 2026] [authz_core:debug] [pid 2266896:tid 2266896] mod_authz_core.c(815): [client 216.73.216.242:24692] AH01626: authorization result of Require all granted: granted
[Wed Aug 26 03:10:35.069843 2026] [authz_core:debug] [pid 2266896:tid 2266896] mod_authz_core.c(815): [client 216.73.216.242:24692] AH01626: authorization result of : granted
[Wed Aug 26 03:10:35.137967 2026] [deflate:debug] [pid 2266890:tid 2266890] mod_deflate.c(909): [client 34.171.68.95:58368] AH01384: Zlib: Compressed 56978 to 10941 : URL /index.php
[Wed Aug 26 03:10:35.164632 2026] [deflate:debug] [pid 2270618:tid 2270618] mod_deflate.c(909): [client 2409:8c28:7ce0:109::34:40144] AH01384: Zlib: Compressed 59845 to 11433 : URL /index.php
[Wed Aug 26 03:10:35.167602 2026] [deflate:debug] [pid 2271590:tid 2271590] mod_deflate.c(909): [client 216.73.216.242:50854] AH01384: Zlib: Compressed 33146 to 8694 : URL /index.php
[Wed Aug 26 03:10:35.179791 2026] [ssl:debug] [pid 2270608:tid 2270608] ssl_engine_kernel.c(254): [client 216.73.216.242:50150] AH02034: Subsequent (No.17) HTTPS request received for child 15 (server 2blog.ilc.edu.tw:443)
[Wed Aug 26 03:10:35.180003 2026] [authz_core:debug] [pid 2270608:tid 2270608] mod_authz_core.c(815): [client 216.73.216.242:50150] AH01626: authorization result of Require all granted: granted
[Wed Aug 26 03:10:35.180009 2026] [authz_core:debug] [pid 2270608:tid 2270608] mod_authz_core.c(815): [client 216.73.216.242:50150] AH01626: authorization result of : granted
[Wed Aug 26 03:10:35.180167 2026] [authz_core:debug] [pid 2270608:tid 2270608] mod_authz_core.c(815): [client 216.73.216.242:50150] AH01626: authorization result of Require all granted: granted
[Wed Aug 26 03:10:35.180174 2026] [authz_core:debug] [pid 2270608:tid 2270608] mod_authz_core.c(815): [client 216.73.216.242:50150] AH01626: authorization result of : granted
[Wed Aug 26 03:10:35.214108 2026] [headers:debug] [pid 2270449:tid 2270449] mod_headers.c(900): AH01503: headers: ap_headers_error_filter()
[Wed Aug 26 03:10:35.214811 2026] [ssl:debug] [pid 2266930:tid 2266930] ssl_engine_kernel.c(2082): [client 34.123.149.87:6657] AH02041: Protocol: TLSv1.3, Cipher: TLS_AES_256_GCM_SHA384 (256/256 bits)
[Wed Aug 26 03:10:35.214870 2026] [socache_shmcb:debug] [pid 2266930:tid 2266930] mod_socache_shmcb.c(508): AH00831: socache_shmcb_store (0xea -> subcache 10)
[Wed Aug 26 03:10:35.214876 2026] [socache_shmcb:debug] [pid 2266930:tid 2266930] mod_socache_shmcb.c(745): AH00842: expiring 1 and reclaiming 0 removed socache entries
[Wed Aug 26 03:10:35.214879 2026] [socache_shmcb:debug] [pid 2266930:tid 2266930] mod_socache_shmcb.c(765): AH00843: we now have 31 socache entries
[Wed Aug 26 03:10:35.214881 2026] [socache_shmcb:debug] [pid 2266930:tid 2266930] mod_socache_shmcb.c(860): AH00847: insert happened at idx=10, data=(5003:5035)
[Wed Aug 26 03:10:35.214883 2026] [socache_shmcb:debug] [pid 2266930:tid 2266930] mod_socache_shmcb.c(863): AH00848: finished insert, subcache: idx_pos/idx_used=67/32, data_pos/data_used=11865/7228
[Wed Aug 26 03:10:35.214885 2026] [socache_shmcb:debug] [pid 2266930:tid 2266930] mod_socache_shmcb.c(530): AH00834: leaving socache_shmcb_store successfully
[Wed Aug 26 03:10:35.214933 2026] [socache_shmcb:debug] [pid 2266930:tid 2266930] mod_socache_shmcb.c(508): AH00831: socache_shmcb_store (0x79 -> subcache 25)
[Wed Aug 26 03:10:35.214937 2026] [socache_shmcb:debug] [pid 2266930:tid 2266930] mod_socache_shmcb.c(745): AH00842: expiring 1 and reclaiming 0 removed socache entries
[Wed Aug 26 03:10:35.214939 2026] [socache_shmcb:debug] [pid 2266930:tid 2266930] mod_socache_shmcb.c(765): AH00843: we now have 33 socache entries
[Wed Aug 26 03:10:35.214940 2026] [socache_shmcb:debug] [pid 2266930:tid 2266930] mod_socache_shmcb.c(860): AH00847: insert happened at idx=36, data=(10628:10660)
[Wed Aug 26 03:10:35.214942 2026] [socache_shmcb:debug] [pid 2266930:tid 2266930] mod_socache_shmcb.c(863): AH00848: finished insert, subcache: idx_pos/idx_used=3/34, data_pos/data_used=3238/7615
[Wed Aug 26 03:10:35.214944 2026] [socache_shmcb:debug] [pid 2266930:tid 2266930] mod_socache_shmcb.c(530): AH00834: leaving socache_shmcb_store successfully
[Wed Aug 26 03:10:35.237197 2026] [deflate:debug] [pid 2266896:tid 2266896] mod_deflate.c(909): [client 216.73.216.242:24692] AH01384: Zlib: Compressed 35725 to 8868 : URL /index.php
[Wed Aug 26 03:10:35.251804 2026] [ssl:debug] [pid 2266930:tid 2266930] ssl_engine_kernel.c(254): [client 34.123.149.87:6657] AH02034: Initial (No.1) HTTPS request received for child 9 (server 2blog.ilc.edu.tw:443)
[Wed Aug 26 03:10:35.252020 2026] [authz_core:debug] [pid 2266930:tid 2266930] mod_authz_core.c(815): [client 34.123.149.87:6657] AH01626: authorization result of Require all granted: granted
[Wed Aug 26 03:10:35.252027 2026] [authz_core:debug] [pid 2266930:tid 2266930] mod_authz_core.c(815): [client 34.123.149.87:6657] AH01626: authorization result of : granted
[Wed Aug 26 03:10:35.252242 2026] [authz_core:debug] [pid 2266930:tid 2266930] mod_authz_core.c(815): [client 34.123.149.87:6657] AH01626: authorization result of Require all granted: granted
[Wed Aug 26 03:10:35.252250 2026] [authz_core:debug] [pid 2266930:tid 2266930] mod_authz_core.c(815): [client 34.123.149.87:6657] AH01626: authorization result of : granted
[Wed Aug 26 03:10:35.270474 2026] [ssl:debug] [pid 2270269:tid 2270269] ssl_engine_kernel.c(254): [client 216.73.216.242:51734] AH02034: Subsequent (No.18) HTTPS request received for child 5 (server 2blog.ilc.edu.tw:443)
[Wed Aug 26 03:10:35.270683 2026] [authz_core:debug] [pid 2270269:tid 2270269] mod_authz_core.c(815): [client 216.73.216.242:51734] AH01626: authorization result of Require all granted: granted
[Wed Aug 26 03:10:35.270689 2026] [authz_core:debug] [pid 2270269:tid 2270269] mod_authz_core.c(815): [client 216.73.216.242:51734] AH01626: authorization result of : granted
[Wed Aug 26 03:10:35.270832 2026] [authz_core:debug] [pid 2270269:tid 2270269] mod_authz_core.c(815): [client 216.73.216.242:51734] AH01626: authorization result of Require all granted: granted
[Wed Aug 26 03:10:35.270836 2026] [authz_core:debug] [pid 2270269:tid 2270269] mod_authz_core.c(815): [client 216.73.216.242:51734] AH01626: authorization result of : granted
[Wed Aug 26 03:10:35.356638 2026] [deflate:debug] [pid 2266789:tid 2266789] mod_deflate.c(909): [client 85.208.96.200:29088] AH01384: Zlib: Compressed 72877 to 14095 : URL /index.php
[Wed Aug 26 03:10:35.356978 2026] [ssl:debug] [pid 2266789:tid 2266789] ssl_engine_io.c(1150): [client 85.208.96.200:29088] AH02001: Connection closed to child 7 with standard shutdown (server 2blog.ilc.edu.tw:443)
[Wed Aug 26 03:10:35.371254 2026] [ssl:debug] [pid 2270450:tid 2270450] ssl_engine_kernel.c(254): [client 216.73.216.242:10336] AH02034: Subsequent (No.17) HTTPS request received for child 12 (server 2blog.ilc.edu.tw:443)
[Wed Aug 26 03:10:35.371519 2026] [authz_core:debug] [pid 2270450:tid 2270450] mod_authz_core.c(815): [client 216.73.216.242:10336] AH01626: authorization result of Require all granted: granted
[Wed Aug 26 03:10:35.371526 2026] [authz_core:debug] [pid 2270450:tid 2270450] mod_authz_core.c(815): [client 216.73.216.242:10336] AH01626: authorization result of : granted
[Wed Aug 26 03:10:35.371730 2026] [authz_core:debug] [pid 2270450:tid 2270450] mod_authz_core.c(815): [client 216.73.216.242:10336] AH01626: authorization result of Require all granted: granted
[Wed Aug 26 03:10:35.371737 2026] [authz_core:debug] [pid 2270450:tid 2270450] mod_authz_core.c(815): [client 216.73.216.242:10336] AH01626: authorization result of : granted
[Wed Aug 26 03:10:35.405201 2026] [ssl:debug] [pid 2270611:tid 2270611] ssl_engine_io.c(1150): [client 34.42.229.145:53760] AH02001: Connection closed to child 19 with standard shutdown (server 2blog.ilc.edu.tw:443)
[Wed Aug 26 03:10:35.448007 2026] [ssl:info] [pid 2270785:tid 2270785] [client 60.248.142.179:19549] AH01964: Connection to child 29 established (server 2blog.ilc.edu.tw:443)
[Wed Aug 26 03:10:35.448151 2026] [ssl:debug] [pid 2270785:tid 2270785] ssl_engine_kernel.c(2222): [client 60.248.142.179:19549] AH02043: SSL virtual host for servername 2blog.ilc.edu.tw found
[Wed Aug 26 03:10:35.450825 2026] [ssl:debug] [pid 2270785:tid 2270785] ssl_engine_kernel.c(2082): [client 60.248.142.179:19549] AH02041: Protocol: TLSv1.3, Cipher: TLS_AES_256_GCM_SHA384 (256/256 bits)
[Wed Aug 26 03:10:35.450867 2026] [socache_shmcb:debug] [pid 2270785:tid 2270785] mod_socache_shmcb.c(508): AH00831: socache_shmcb_store (0x16 -> subcache 22)
[Wed Aug 26 03:10:35.450874 2026] [socache_shmcb:debug] [pid 2270785:tid 2270785] mod_socache_shmcb.c(860): AH00847: insert happened at idx=43, data=(3744:3776)
[Wed Aug 26 03:10:35.450876 2026] [socache_shmcb:debug] [pid 2270785:tid 2270785] mod_socache_shmcb.c(863): AH00848: finished insert, subcache: idx_pos/idx_used=73/59, data_pos/data_used=4692/13130
[Wed Aug 26 03:10:35.450879 2026] [socache_shmcb:debug] [pid 2270785:tid 2270785] mod_socache_shmcb.c(530): AH00834: leaving socache_shmcb_store successfully
[Wed Aug 26 03:10:35.450912 2026] [socache_shmcb:debug] [pid 2270785:tid 2270785] mod_socache_shmcb.c(508): AH00831: socache_shmcb_store (0xb9 -> subcache 25)
[Wed Aug 26 03:10:35.450926 2026] [socache_shmcb:debug] [pid 2270785:tid 2270785] mod_socache_shmcb.c(860): AH00847: insert happened at idx=37, data=(10853:10885)
[Wed Aug 26 03:10:35.450928 2026] [socache_shmcb:debug] [pid 2270785:tid 2270785] mod_socache_shmcb.c(863): AH00848: finished insert, subcache: idx_pos/idx_used=3/35, data_pos/data_used=3238/7829
[Wed Aug 26 03:10:35.450930 2026] [socache_shmcb:debug] [pid 2270785:tid 2270785] mod_socache_shmcb.c(530): AH00834: leaving socache_shmcb_store successfully
[Wed Aug 26 03:10:35.450860 2026] [ssl:info] [pid 2270786:tid 2270786] [client 60.248.142.179:58214] AH01964: Connection to child 31 established (server 2blog.ilc.edu.tw:443)
[Wed Aug 26 03:10:35.450960 2026] [ssl:info] [pid 2270785:tid 2270785] (70014)End of file found: [client 60.248.142.179:19549] AH01992: SSL library error 6 reading data
[Wed Aug 26 03:10:35.450986 2026] [ssl:debug] [pid 2270785:tid 2270785] ssl_engine_io.c(1150): [client 60.248.142.179:19549] AH02001: Connection closed to child 29 with standard shutdown (server 2blog.ilc.edu.tw:443)
[Wed Aug 26 03:10:35.451098 2026] [ssl:debug] [pid 2270786:tid 2270786] ssl_engine_kernel.c(2222): [client 60.248.142.179:58214] AH02043: SSL virtual host for servername 2blog.ilc.edu.tw found
[Wed Aug 26 03:10:35.451159 2026] [core:debug] [pid 2270786:tid 2270786] protocol.c(2460): [client 60.248.142.179:58214] AH03155: select protocol from , choices=h2,http/1.1 for server 2blog.ilc.edu.tw
[Wed Aug 26 03:10:35.459370 2026] [ssl:debug] [pid 2270786:tid 2270786] ssl_engine_kernel.c(2082): [client 60.248.142.179:58214] AH02041: Protocol: TLSv1.3, Cipher: TLS_AES_256_GCM_SHA384 (256/256 bits)
[Wed Aug 26 03:10:35.459456 2026] [socache_shmcb:debug] [pid 2270786:tid 2270786] mod_socache_shmcb.c(508): AH00831: socache_shmcb_store (0xe7 -> subcache 7)
[Wed Aug 26 03:10:35.459476 2026] [socache_shmcb:debug] [pid 2270786:tid 2270786] mod_socache_shmcb.c(860): AH00847: insert happened at idx=61, data=(2151:2183)
[Wed Aug 26 03:10:35.459478 2026] [socache_shmcb:debug] [pid 2270786:tid 2270786] mod_socache_shmcb.c(863): AH00848: finished insert, subcache: idx_pos/idx_used=11/51, data_pos/data_used=4812/11428
[Wed Aug 26 03:10:35.459481 2026] [socache_shmcb:debug] [pid 2270786:tid 2270786] mod_socache_shmcb.c(530): AH00834: leaving socache_shmcb_store successfully
[Wed Aug 26 03:10:35.459562 2026] [socache_shmcb:debug] [pid 2270786:tid 2270786] mod_socache_shmcb.c(508): AH00831: socache_shmcb_store (0xc8 -> subcache 8)
[Wed Aug 26 03:10:35.459573 2026] [socache_shmcb:debug] [pid 2270786:tid 2270786] mod_socache_shmcb.c(860): AH00847: insert happened at idx=36, data=(10956:10988)
[Wed Aug 26 03:10:35.459575 2026] [socache_shmcb:debug] [pid 2270786:tid 2270786] mod_socache_shmcb.c(863): AH00848: finished insert, subcache: idx_pos/idx_used=80/45, data_pos/data_used=1090/10091
[Wed Aug 26 03:10:35.459577 2026] [socache_shmcb:debug] [pid 2270786:tid 2270786] mod_socache_shmcb.c(530): AH00834: leaving socache_shmcb_store successfully
[Wed Aug 26 03:10:35.459702 2026] [ssl:debug] [pid 2270786:tid 2270786] ssl_engine_kernel.c(254): [client 60.248.142.179:58214] AH02034: Initial (No.1) HTTPS request received for child 31 (server 2blog.ilc.edu.tw:443)
[Wed Aug 26 03:10:35.459902 2026] [authz_core:debug] [pid 2270786:tid 2270786] mod_authz_core.c(815): [client 60.248.142.179:58214] AH01626: authorization result of Require all granted: granted
[Wed Aug 26 03:10:35.459909 2026] [authz_core:debug] [pid 2270786:tid 2270786] mod_authz_core.c(815): [client 60.248.142.179:58214] AH01626: authorization result of : granted
[Wed Aug 26 03:10:35.460115 2026] [authz_core:debug] [pid 2270786:tid 2270786] mod_authz_core.c(815): [client 60.248.142.179:58214] AH01626: authorization result of Require all granted: granted
[Wed Aug 26 03:10:35.460124 2026] [authz_core:debug] [pid 2270786:tid 2270786] mod_authz_core.c(815): [client 60.248.142.179:58214] AH01626: authorization result of : granted
[Wed Aug 26 03:10:35.463341 2026] [deflate:debug] [pid 2266930:tid 2266930] mod_deflate.c(909): [client 34.123.149.87:6657] AH01384: Zlib: Compressed 2513 to 1153 : URL /index.php
[Wed Aug 26 03:10:35.472058 2026] [ssl:debug] [pid 2266896:tid 2266896] ssl_engine_kernel.c(254): [client 216.73.216.242:24692] AH02034: Subsequent (No.18) HTTPS request received for child 21 (server 2blog.ilc.edu.tw:443)
[Wed Aug 26 03:10:35.472265 2026] [authz_core:debug] [pid 2266896:tid 2266896] mod_authz_core.c(815): [client 216.73.216.242:24692] AH01626: authorization result of Require all granted: granted
[Wed Aug 26 03:10:35.472272 2026] [authz_core:debug] [pid 2266896:tid 2266896] mod_authz_core.c(815): [client 216.73.216.242:24692] AH01626: authorization result of : granted
[Wed Aug 26 03:10:35.472495 2026] [authz_core:debug] [pid 2266896:tid 2266896] mod_authz_core.c(815): [client 216.73.216.242:24692] AH01626: authorization result of Require all granted: granted
[Wed Aug 26 03:10:35.472504 2026] [authz_core:debug] [pid 2266896:tid 2266896] mod_authz_core.c(815): [client 216.73.216.242:24692] AH01626: authorization result of : granted
[Wed Aug 26 03:10:35.479554 2026] [ssl:debug] [pid 2270786:tid 2270786] ssl_engine_io.c(1150): [client 60.248.142.179:58214] AH02001: Connection closed to child 31 with standard shutdown (server 2blog.ilc.edu.tw:443)
[Wed Aug 26 03:10:35.503780 2026] [ssl:info] [pid 2270792:tid 2270792] [client 140.111.67.10:52018] AH01964: Connection to child 38 established (server 2blog.ilc.edu.tw:443)
[Wed Aug 26 03:10:35.503985 2026] [ssl:info] [pid 2270792:tid 2270792] (70014)End of file found: [client 140.111.67.10:52018] AH02006: SSL handshake stopped: connection was closed
[Wed Aug 26 03:10:35.503996 2026] [ssl:info] [pid 2270792:tid 2270792] [client 140.111.67.10:52018] AH01998: Connection closed to child 38 with abortive shutdown (server 2blog.ilc.edu.tw:443)
[Wed Aug 26 03:10:35.515342 2026] [deflate:debug] [pid 2261311:tid 2261311] mod_deflate.c(909): [client 216.73.216.242:4789] AH01384: Zlib: Compressed 9324 to 2173 : URL /index.php
[Wed Aug 26 03:10:35.572624 2026] [ssl:debug] [pid 2270609:tid 2270609] ssl_engine_kernel.c(254): [client 216.73.216.242:17831] AH02034: Subsequent (No.15) HTTPS request received for child 17 (server 2blog.ilc.edu.tw:443)
[Wed Aug 26 03:10:35.572863 2026] [authz_core:debug] [pid 2270609:tid 2270609] mod_authz_core.c(815): [client 216.73.216.242:17831] AH01626: authorization result of Require all granted: granted
[Wed Aug 26 03:10:35.572872 2026] [authz_core:debug] [pid 2270609:tid 2270609] mod_authz_core.c(815): [client 216.73.216.242:17831] AH01626: authorization result of : granted
[Wed Aug 26 03:10:35.573042 2026] [authz_core:debug] [pid 2270609:tid 2270609] mod_authz_core.c(815): [client 216.73.216.242:17831] AH01626: authorization result of Require all granted: granted
[Wed Aug 26 03:10:35.573048 2026] [authz_core:debug] [pid 2270609:tid 2270609] mod_authz_core.c(815): [client 216.73.216.242:17831] AH01626: authorization result of : granted
[Wed Aug 26 03:10:35.603930 2026] [ssl:debug] [pid 2266182:tid 2266182] ssl_engine_kernel.c(254): [client 2409:8c78:100:63::91:55210] AH02034: Subsequent (No.4) HTTPS request received for child 50 (server 2blog.ilc.edu.tw:443), referer: https://2blog.ilc.edu.tw/57/2012/10/
[Wed Aug 26 03:10:35.604125 2026] [authz_core:debug] [pid 2266182:tid 2266182] mod_authz_core.c(815): [client 2409:8c78:100:63::91:55210] AH01626: authorization result of Require all granted: granted, referer: https://2blog.ilc.edu.tw/57/2012/10/
[Wed Aug 26 03:10:35.604130 2026] [authz_core:debug] [pid 2266182:tid 2266182] mod_authz_core.c(815): [client 2409:8c78:100:63::91:55210] AH01626: authorization result of : granted, referer: https://2blog.ilc.edu.tw/57/2012/10/
[Wed Aug 26 03:10:35.604291 2026] [authz_core:debug] [pid 2266182:tid 2266182] mod_authz_core.c(815): [client 2409:8c78:100:63::91:55210] AH01626: authorization result of Require all granted: granted, referer: https://2blog.ilc.edu.tw/57/2012/10/
[Wed Aug 26 03:10:35.604295 2026] [authz_core:debug] [pid 2266182:tid 2266182] mod_authz_core.c(815): [client 2409:8c78:100:63::91:55210] AH01626: authorization result of : granted, referer: https://2blog.ilc.edu.tw/57/2012/10/
[Wed Aug 26 03:10:35.604394 2026] [deflate:debug] [pid 2266182:tid 2266182] mod_deflate.c(909): [client 2409:8c78:100:63::91:55210] AH01384: Zlib: Compressed 683 to 398 : URL /wp-content/themes/dara/assets/js/skip-link-focus-fix.js, referer: https://2blog.ilc.edu.tw/57/2012/10/
[Wed Aug 26 03:10:35.646279 2026] [ssl:info] [pid 2270607:tid 2270607] [client 34.171.68.95:1537] AH01964: Connection to child 14 established (server 2blog.ilc.edu.tw:443)
[Wed Aug 26 03:10:35.646505 2026] [ssl:debug] [pid 2270607:tid 2270607] ssl_engine_kernel.c(2222): [client 34.171.68.95:1537] AH02043: SSL virtual host for servername 2blog.ilc.edu.tw found
[Wed Aug 26 03:10:35.646566 2026] [core:debug] [pid 2270607:tid 2270607] protocol.c(2460): [client 34.171.68.95:1537] AH03155: select protocol from , choices=http/1.1 for server 2blog.ilc.edu.tw
[Wed Aug 26 03:10:35.662274 2026] [ssl:debug] [pid 2270802:tid 2270802] ssl_engine_io.c(1150): [client 2409:8c78:100:63::91:54838] AH02001: Connection closed to child 44 with standard shutdown (server 2blog.ilc.edu.tw:443)
[Wed Aug 26 03:10:35.675104 2026] [ssl:debug] [pid 2271590:tid 2271590] ssl_engine_kernel.c(254): [client 216.73.216.242:50854] AH02034: Subsequent (No.4) HTTPS request received for child 0 (server 2blog.ilc.edu.tw:443)
[Wed Aug 26 03:10:35.675440 2026] [authz_core:debug] [pid 2271590:tid 2271590] mod_authz_core.c(815): [client 216.73.216.242:50854] AH01626: authorization result of Require all granted: granted
[Wed Aug 26 03:10:35.675459 2026] [authz_core:debug] [pid 2271590:tid 2271590] mod_authz_core.c(815): [client 216.73.216.242:50854] AH01626: authorization result of : granted
[Wed Aug 26 03:10:35.675664 2026] [authz_core:debug] [pid 2271590:tid 2271590] mod_authz_core.c(815): [client 216.73.216.242:50854] AH01626: authorization result of Require all granted: granted
[Wed Aug 26 03:10:35.675673 2026] [authz_core:debug] [pid 2271590:tid 2271590] mod_authz_core.c(815): [client 216.73.216.242:50854] AH01626: authorization result of : granted
[Wed Aug 26 03:10:35.719721 2026] [ssl:debug] [pid 2270618:tid 2270618] ssl_engine_kernel.c(254): [client 2409:8c28:7ce0:109::34:40144] AH02034: Subsequent (No.3) HTTPS request received for child 26 (server 2blog.ilc.edu.tw:443), referer: https://2blog.ilc.edu.tw/41795/2024/12/page/2/
[Wed Aug 26 03:10:35.719983 2026] [authz_core:debug] [pid 2270618:tid 2270618] mod_authz_core.c(815): [client 2409:8c28:7ce0:109::34:40144] AH01626: authorization result of Require all granted: granted, referer: https://2blog.ilc.edu.tw/41795/2024/12/page/2/
