[Wed Aug 26 03:10:50.955541 2026] [ssl:info] [pid 2270610:tid 2270610] [client 34.123.149.87:8192] AH01964: Connection to child 18 established (server 2blog.ilc.edu.tw:443)
[Wed Aug 26 03:10:50.955703 2026] [ssl:info] [pid 2270610:tid 2270610] (70014)End of file found: [client 34.123.149.87:8192] AH02006: SSL handshake stopped: connection was closed
[Wed Aug 26 03:10:50.955711 2026] [ssl:info] [pid 2270610:tid 2270610] [client 34.123.149.87:8192] AH01998: Connection closed to child 18 with abortive shutdown (server 2blog.ilc.edu.tw:443)
[Wed Aug 26 03:10:50.972276 2026] [ssl:info] [pid 2266900:tid 2266900] [client 240e:971:6000:1::72:47524] AH01964: Connection to child 24 established (server 2blog.ilc.edu.tw:443)
[Wed Aug 26 03:10:50.972497 2026] [ssl:debug] [pid 2266900:tid 2266900] ssl_engine_kernel.c(2222): [client 240e:971:6000:1::72:47524] AH02043: SSL virtual host for servername www.sjes.ilc.edu.tw found
[Wed Aug 26 03:10:50.974129 2026] [core:debug] [pid 2266900:tid 2266900] protocol.c(2460): [client 240e:971:6000:1::72:47524] AH03155: select protocol from , choices=h2,http/1.1 for server www.sjes.ilc.edu.tw
[Wed Aug 26 03:10:50.974222 2026] [ssl:debug] [pid 2266900:tid 2266900] ssl_util_stapling.c(819): AH01951: stapling_cb: OCSP Stapling callback called
[Wed Aug 26 03:10:50.974234 2026] [ssl:info] [pid 2266900:tid 2266900] AH01926: stapling_get_certinfo: stapling not supported for certificate
[Wed Aug 26 03:10:50.984684 2026] [deflate:debug] [pid 2270450:tid 2270450] mod_deflate.c(909): [client 216.73.216.242:10336] AH01384: Zlib: Compressed 2833 to 1284 : URL /index.php
[Wed Aug 26 03:10:50.996343 2026] [ssl:debug] [pid 2266896:tid 2266896] ssl_engine_kernel.c(254): [client 216.73.216.242:24692] AH02034: Subsequent (No.44) HTTPS request received for child 21 (server 2blog.ilc.edu.tw:443)
[Wed Aug 26 03:10:50.996560 2026] [authz_core:debug] [pid 2266896:tid 2266896] mod_authz_core.c(815): [client 216.73.216.242:24692] AH01626: authorization result of Require all granted: granted
[Wed Aug 26 03:10:50.996566 2026] [authz_core:debug] [pid 2266896:tid 2266896] mod_authz_core.c(815): [client 216.73.216.242:24692] AH01626: authorization result of : granted
[Wed Aug 26 03:10:50.996709 2026] [authz_core:debug] [pid 2266896:tid 2266896] mod_authz_core.c(815): [client 216.73.216.242:24692] AH01626: authorization result of Require all granted: granted
[Wed Aug 26 03:10:50.996713 2026] [authz_core:debug] [pid 2266896:tid 2266896] mod_authz_core.c(815): [client 216.73.216.242:24692] AH01626: authorization result of : granted
[Wed Aug 26 03:10:51.027737 2026] [deflate:debug] [pid 2261311:tid 2261311] mod_deflate.c(909): [client 216.73.216.242:4789] AH01384: Zlib: Compressed 32495 to 8682 : URL /index.php
[Wed Aug 26 03:10:51.107704 2026] [ssl:debug] [pid 2270608:tid 2270608] ssl_engine_kernel.c(254): [client 216.73.216.242:50150] AH02034: Subsequent (No.34) HTTPS request received for child 15 (server 2blog.ilc.edu.tw:443)
[Wed Aug 26 03:10:51.107935 2026] [authz_core:debug] [pid 2270608:tid 2270608] mod_authz_core.c(815): [client 216.73.216.242:50150] AH01626: authorization result of Require all granted: granted
[Wed Aug 26 03:10:51.107944 2026] [authz_core:debug] [pid 2270608:tid 2270608] mod_authz_core.c(815): [client 216.73.216.242:50150] AH01626: authorization result of : granted
[Wed Aug 26 03:10:51.108119 2026] [authz_core:debug] [pid 2270608:tid 2270608] mod_authz_core.c(815): [client 216.73.216.242:50150] AH01626: authorization result of Require all granted: granted
[Wed Aug 26 03:10:51.108127 2026] [authz_core:debug] [pid 2270608:tid 2270608] mod_authz_core.c(815): [client 216.73.216.242:50150] AH01626: authorization result of : granted
[Wed Aug 26 03:10:51.300217 2026] [ssl:debug] [pid 2261311:tid 2261311] ssl_engine_kernel.c(254): [client 216.73.216.242:4789] AH02034: Subsequent (No.44) HTTPS request received for child 2 (server 2blog.ilc.edu.tw:443)
[Wed Aug 26 03:10:51.300421 2026] [authz_core:debug] [pid 2261311:tid 2261311] mod_authz_core.c(815): [client 216.73.216.242:4789] AH01626: authorization result of Require all granted: granted
[Wed Aug 26 03:10:51.300427 2026] [authz_core:debug] [pid 2261311:tid 2261311] mod_authz_core.c(815): [client 216.73.216.242:4789] AH01626: authorization result of : granted
[Wed Aug 26 03:10:51.300555 2026] [authz_core:debug] [pid 2261311:tid 2261311] mod_authz_core.c(815): [client 216.73.216.242:4789] AH01626: authorization result of Require all granted: granted
[Wed Aug 26 03:10:51.300559 2026] [authz_core:debug] [pid 2261311:tid 2261311] mod_authz_core.c(815): [client 216.73.216.242:4789] AH01626: authorization result of : granted
[Wed Aug 26 03:10:51.304864 2026] [ssl:debug] [pid 2266900:tid 2266900] ssl_engine_kernel.c(2082): [client 240e:971:6000:1::72:47524] AH02041: Protocol: TLSv1.3, Cipher: TLS_AES_256_GCM_SHA384 (256/256 bits)
[Wed Aug 26 03:10:51.304936 2026] [socache_shmcb:debug] [pid 2266900:tid 2266900] mod_socache_shmcb.c(508): AH00831: socache_shmcb_store (0x81 -> subcache 1)
[Wed Aug 26 03:10:51.304982 2026] [socache_shmcb:debug] [pid 2266900:tid 2266900] mod_socache_shmcb.c(860): AH00847: insert happened at idx=24, data=(13508:13540)
[Wed Aug 26 03:10:51.304985 2026] [socache_shmcb:debug] [pid 2266900:tid 2266900] mod_socache_shmcb.c(863): AH00848: finished insert, subcache: idx_pos/idx_used=57/56, data_pos/data_used=1244/12493
[Wed Aug 26 03:10:51.304987 2026] [socache_shmcb:debug] [pid 2266900:tid 2266900] mod_socache_shmcb.c(530): AH00834: leaving socache_shmcb_store successfully
[Wed Aug 26 03:10:51.305062 2026] [socache_shmcb:debug] [pid 2266900:tid 2266900] mod_socache_shmcb.c(508): AH00831: socache_shmcb_store (0x39 -> subcache 25)
[Wed Aug 26 03:10:51.305069 2026] [socache_shmcb:debug] [pid 2266900:tid 2266900] mod_socache_shmcb.c(860): AH00847: insert happened at idx=39, data=(11281:11313)
[Wed Aug 26 03:10:51.305071 2026] [socache_shmcb:debug] [pid 2266900:tid 2266900] mod_socache_shmcb.c(863): AH00848: finished insert, subcache: idx_pos/idx_used=6/34, data_pos/data_used=3914/7595
[Wed Aug 26 03:10:51.305074 2026] [socache_shmcb:debug] [pid 2266900:tid 2266900] mod_socache_shmcb.c(530): AH00834: leaving socache_shmcb_store successfully
[Wed Aug 26 03:10:51.305239 2026] [ssl:debug] [pid 2266900:tid 2266900] ssl_engine_kernel.c(254): [client 240e:971:6000:1::72:47524] AH02034: Initial (No.1) HTTPS request received for child 24 (server www.sjes.ilc.edu.tw:443)
[Wed Aug 26 03:10:51.305439 2026] [authz_core:debug] [pid 2266900:tid 2266900] mod_authz_core.c(815): [client 240e:971:6000:1::72:47524] AH01626: authorization result of Require all granted: granted
[Wed Aug 26 03:10:51.305446 2026] [authz_core:debug] [pid 2266900:tid 2266900] mod_authz_core.c(815): [client 240e:971:6000:1::72:47524] AH01626: authorization result of : granted
[Wed Aug 26 03:10:51.305673 2026] [authz_core:debug] [pid 2266900:tid 2266900] mod_authz_core.c(815): [client 240e:971:6000:1::72:47524] AH01626: authorization result of Require all granted: granted
[Wed Aug 26 03:10:51.305688 2026] [authz_core:debug] [pid 2266900:tid 2266900] mod_authz_core.c(815): [client 240e:971:6000:1::72:47524] AH01626: authorization result of : granted
[Wed Aug 26 03:10:51.401644 2026] [ssl:debug] [pid 2270609:tid 2270609] ssl_engine_kernel.c(254): [client 216.73.216.242:17831] AH02034: Subsequent (No.37) HTTPS request received for child 17 (server 2blog.ilc.edu.tw:443)
[Wed Aug 26 03:10:51.401919 2026] [authz_core:debug] [pid 2270609:tid 2270609] mod_authz_core.c(815): [client 216.73.216.242:17831] AH01626: authorization result of Require all granted: granted
[Wed Aug 26 03:10:51.401930 2026] [authz_core:debug] [pid 2270609:tid 2270609] mod_authz_core.c(815): [client 216.73.216.242:17831] AH01626: authorization result of : granted
[Wed Aug 26 03:10:51.402078 2026] [authz_core:debug] [pid 2270609:tid 2270609] mod_authz_core.c(815): [client 216.73.216.242:17831] AH01626: authorization result of Require all granted: granted
[Wed Aug 26 03:10:51.402082 2026] [authz_core:debug] [pid 2270609:tid 2270609] mod_authz_core.c(815): [client 216.73.216.242:17831] AH01626: authorization result of : granted
[Wed Aug 26 03:10:51.468372 2026] [deflate:debug] [pid 2261311:tid 2261311] mod_deflate.c(909): [client 216.73.216.242:4789] AH01384: Zlib: Compressed 99644 to 26392 : URL /index.php
[Wed Aug 26 03:10:51.470701 2026] [ssl:info] [pid 2270613:tid 2270613] [client 34.171.68.95:3073] AH01964: Connection to child 25 established (server 2blog.ilc.edu.tw:443)
[Wed Aug 26 03:10:51.470881 2026] [ssl:debug] [pid 2270613:tid 2270613] ssl_engine_kernel.c(2222): [client 34.171.68.95:3073] AH02043: SSL virtual host for servername 2blog.ilc.edu.tw found
[Wed Aug 26 03:10:51.470937 2026] [core:debug] [pid 2270613:tid 2270613] protocol.c(2460): [client 34.171.68.95:3073] AH03155: select protocol from , choices=http/1.1 for server 2blog.ilc.edu.tw
[Wed Aug 26 03:10:51.502815 2026] [ssl:debug] [pid 2266896:tid 2266896] ssl_engine_kernel.c(254): [client 216.73.216.242:24692] AH02034: Subsequent (No.45) HTTPS request received for child 21 (server 2blog.ilc.edu.tw:443)
[Wed Aug 26 03:10:51.503194 2026] [authz_core:debug] [pid 2266896:tid 2266896] mod_authz_core.c(815): [client 216.73.216.242:24692] AH01626: authorization result of Require all granted: granted
[Wed Aug 26 03:10:51.503210 2026] [authz_core:debug] [pid 2266896:tid 2266896] mod_authz_core.c(815): [client 216.73.216.242:24692] AH01626: authorization result of : granted
[Wed Aug 26 03:10:51.503482 2026] [authz_core:debug] [pid 2266896:tid 2266896] mod_authz_core.c(815): [client 216.73.216.242:24692] AH01626: authorization result of Require all granted: granted
[Wed Aug 26 03:10:51.503504 2026] [authz_core:debug] [pid 2266896:tid 2266896] mod_authz_core.c(815): [client 216.73.216.242:24692] AH01626: authorization result of : granted
[Wed Aug 26 03:10:51.615623 2026] [ssl:debug] [pid 2270608:tid 2270608] ssl_engine_kernel.c(254): [client 216.73.216.242:50150] AH02034: Subsequent (No.35) HTTPS request received for child 15 (server 2blog.ilc.edu.tw:443)
[Wed Aug 26 03:10:51.615834 2026] [authz_core:debug] [pid 2270608:tid 2270608] mod_authz_core.c(815): [client 216.73.216.242:50150] AH01626: authorization result of Require all granted: granted
[Wed Aug 26 03:10:51.615840 2026] [authz_core:debug] [pid 2270608:tid 2270608] mod_authz_core.c(815): [client 216.73.216.242:50150] AH01626: authorization result of : granted
[Wed Aug 26 03:10:51.616011 2026] [authz_core:debug] [pid 2270608:tid 2270608] mod_authz_core.c(815): [client 216.73.216.242:50150] AH01626: authorization result of Require all granted: granted
[Wed Aug 26 03:10:51.616018 2026] [authz_core:debug] [pid 2270608:tid 2270608] mod_authz_core.c(815): [client 216.73.216.242:50150] AH01626: authorization result of : granted
[Wed Aug 26 03:10:51.665137 2026] [ssl:debug] [pid 2270607:tid 2270607] ssl_engine_io.c(1150): [client 34.10.180.98:28673] AH02001: Connection closed to child 14 with standard shutdown (server 2blog.ilc.edu.tw:443)
[Wed Aug 26 03:10:51.686284 2026] [deflate:debug] [pid 2270609:tid 2270609] mod_deflate.c(909): [client 216.73.216.242:17831] AH01384: Zlib: Compressed 2847 to 1282 : URL /index.php
[Wed Aug 26 03:10:51.784271 2026] [ssl:debug] [pid 2270613:tid 2270613] ssl_engine_kernel.c(2082): [client 34.171.68.95:3073] AH02041: Protocol: TLSv1.3, Cipher: TLS_AES_256_GCM_SHA384 (256/256 bits)
[Wed Aug 26 03:10:51.784367 2026] [socache_shmcb:debug] [pid 2270613:tid 2270613] mod_socache_shmcb.c(508): AH00831: socache_shmcb_store (0x35 -> subcache 21)
[Wed Aug 26 03:10:51.784376 2026] [socache_shmcb:debug] [pid 2270613:tid 2270613] mod_socache_shmcb.c(798): AH00845: about to force-expire, subcache: idx_used=62, data_used=13816
[Wed Aug 26 03:10:51.784378 2026] [socache_shmcb:debug] [pid 2270613:tid 2270613] mod_socache_shmcb.c(824): AH00846: finished force-expire, subcache: idx_used=61, data_used=13588
[Wed Aug 26 03:10:51.784388 2026] [socache_shmcb:debug] [pid 2270613:tid 2270613] mod_socache_shmcb.c(860): AH00847: insert happened at idx=11, data=(11145:11177)
[Wed Aug 26 03:10:51.784404 2026] [socache_shmcb:debug] [pid 2270613:tid 2270613] mod_socache_shmcb.c(863): AH00848: finished insert, subcache: idx_pos/idx_used=38/62, data_pos/data_used=11421/13814
[Wed Aug 26 03:10:51.784407 2026] [socache_shmcb:debug] [pid 2270613:tid 2270613] mod_socache_shmcb.c(530): AH00834: leaving socache_shmcb_store successfully
[Wed Aug 26 03:10:51.784475 2026] [socache_shmcb:debug] [pid 2270613:tid 2270613] mod_socache_shmcb.c(508): AH00831: socache_shmcb_store (0x71 -> subcache 17)
[Wed Aug 26 03:10:51.784481 2026] [socache_shmcb:debug] [pid 2270613:tid 2270613] mod_socache_shmcb.c(860): AH00847: insert happened at idx=79, data=(6334:6366)
[Wed Aug 26 03:10:51.784483 2026] [socache_shmcb:debug] [pid 2270613:tid 2270613] mod_socache_shmcb.c(863): AH00848: finished insert, subcache: idx_pos/idx_used=37/43, data_pos/data_used=10844/9580
[Wed Aug 26 03:10:51.784485 2026] [socache_shmcb:debug] [pid 2270613:tid 2270613] mod_socache_shmcb.c(530): AH00834: leaving socache_shmcb_store successfully
[Wed Aug 26 03:10:51.811689 2026] [ssl:debug] [pid 2270450:tid 2270450] ssl_engine_kernel.c(254): [client 216.73.216.242:10336] AH02034: Subsequent (No.41) HTTPS request received for child 12 (server 2blog.ilc.edu.tw:443)
[Wed Aug 26 03:10:51.811897 2026] [authz_core:debug] [pid 2270450:tid 2270450] mod_authz_core.c(815): [client 216.73.216.242:10336] AH01626: authorization result of Require all granted: granted
[Wed Aug 26 03:10:51.811902 2026] [authz_core:debug] [pid 2270450:tid 2270450] mod_authz_core.c(815): [client 216.73.216.242:10336] AH01626: authorization result of : granted
[Wed Aug 26 03:10:51.812026 2026] [authz_core:debug] [pid 2270450:tid 2270450] mod_authz_core.c(815): [client 216.73.216.242:10336] AH01626: authorization result of Require all granted: granted
[Wed Aug 26 03:10:51.812030 2026] [authz_core:debug] [pid 2270450:tid 2270450] mod_authz_core.c(815): [client 216.73.216.242:10336] AH01626: authorization result of : granted
[Wed Aug 26 03:10:51.814816 2026] [deflate:debug] [pid 2266896:tid 2266896] mod_deflate.c(909): [client 216.73.216.242:24692] AH01384: Zlib: Compressed 2857 to 1286 : URL /index.php
[Wed Aug 26 03:10:51.872019 2026] [ssl:debug] [pid 2270613:tid 2270613] ssl_engine_kernel.c(254): [client 34.171.68.95:3073] AH02034: Initial (No.1) HTTPS request received for child 25 (server 2blog.ilc.edu.tw:443)
[Wed Aug 26 03:10:51.872246 2026] [authz_core:debug] [pid 2270613:tid 2270613] mod_authz_core.c(815): [client 34.171.68.95:3073] AH01626: authorization result of Require all granted: granted
[Wed Aug 26 03:10:51.872257 2026] [authz_core:debug] [pid 2270613:tid 2270613] mod_authz_core.c(815): [client 34.171.68.95:3073] AH01626: authorization result of : granted
[Wed Aug 26 03:10:51.872418 2026] [authz_core:debug] [pid 2270613:tid 2270613] mod_authz_core.c(815): [client 34.171.68.95:3073] AH01626: authorization result of Require all granted: granted
[Wed Aug 26 03:10:51.872424 2026] [authz_core:debug] [pid 2270613:tid 2270613] mod_authz_core.c(815): [client 34.171.68.95:3073] AH01626: authorization result of : granted
[Wed Aug 26 03:10:51.903210 2026] [deflate:debug] [pid 2270613:tid 2270613] mod_deflate.c(909): [client 34.171.68.95:3073] AH01384: Zlib: Compressed 537221 to 86226 : URL /index.php
[Wed Aug 26 03:10:51.912615 2026] [ssl:debug] [pid 2270609:tid 2270609] ssl_engine_kernel.c(254): [client 216.73.216.242:17831] AH02034: Subsequent (No.38) HTTPS request received for child 17 (server 2blog.ilc.edu.tw:443)
[Wed Aug 26 03:10:51.912817 2026] [authz_core:debug] [pid 2270609:tid 2270609] mod_authz_core.c(815): [client 216.73.216.242:17831] AH01626: authorization result of Require all granted: granted
[Wed Aug 26 03:10:51.912825 2026] [authz_core:debug] [pid 2270609:tid 2270609] mod_authz_core.c(815): [client 216.73.216.242:17831] AH01626: authorization result of : granted
[Wed Aug 26 03:10:51.912998 2026] [authz_core:debug] [pid 2270609:tid 2270609] mod_authz_core.c(815): [client 216.73.216.242:17831] AH01626: authorization result of Require all granted: granted
[Wed Aug 26 03:10:51.913004 2026] [authz_core:debug] [pid 2270609:tid 2270609] mod_authz_core.c(815): [client 216.73.216.242:17831] AH01626: authorization result of : granted
[Wed Aug 26 03:10:52.000749 2026] [ssl:debug] [pid 2266900:tid 2266900] ssl_engine_kernel.c(254): [client 240e:971:6000:1::72:47524] AH02034: Subsequent (No.2) HTTPS request received for child 24 (server www.sjes.ilc.edu.tw:443)
[Wed Aug 26 03:10:52.001073 2026] [authz_core:debug] [pid 2266900:tid 2266900] mod_authz_core.c(815): [client 240e:971:6000:1::72:47524] AH01626: authorization result of Require all granted: granted
[Wed Aug 26 03:10:52.001084 2026] [authz_core:debug] [pid 2266900:tid 2266900] mod_authz_core.c(815): [client 240e:971:6000:1::72:47524] AH01626: authorization result of : granted
[Wed Aug 26 03:10:52.001283 2026] [authz_core:debug] [pid 2266900:tid 2266900] mod_authz_core.c(815): [client 240e:971:6000:1::72:47524] AH01626: authorization result of Require all granted: granted
[Wed Aug 26 03:10:52.001298 2026] [authz_core:debug] [pid 2266900:tid 2266900] mod_authz_core.c(815): [client 240e:971:6000:1::72:47524] AH01626: authorization result of : granted
[Wed Aug 26 03:10:52.012900 2026] [ssl:debug] [pid 2261311:tid 2261311] ssl_engine_kernel.c(254): [client 216.73.216.242:4789] AH02034: Subsequent (No.45) HTTPS request received for child 2 (server 2blog.ilc.edu.tw:443)
[Wed Aug 26 03:10:52.013339 2026] [authz_core:debug] [pid 2261311:tid 2261311] mod_authz_core.c(815): [client 216.73.216.242:4789] AH01626: authorization result of Require all granted: granted
[Wed Aug 26 03:10:52.013356 2026] [authz_core:debug] [pid 2261311:tid 2261311] mod_authz_core.c(815): [client 216.73.216.242:4789] AH01626: authorization result of : granted
[Wed Aug 26 03:10:52.013578 2026] [authz_core:debug] [pid 2261311:tid 2261311] mod_authz_core.c(815): [client 216.73.216.242:4789] AH01626: authorization result of Require all granted: granted
[Wed Aug 26 03:10:52.013585 2026] [authz_core:debug] [pid 2261311:tid 2261311] mod_authz_core.c(815): [client 216.73.216.242:4789] AH01626: authorization result of : granted
[Wed Aug 26 03:10:52.031039 2026] [deflate:debug] [pid 2266900:tid 2266900] mod_deflate.c(909): [client 240e:971:6000:1::72:47524] AH01384: Zlib: Compressed 104275 to 16481 : URL /index.php
[Wed Aug 26 03:10:52.085069 2026] [ssl:debug] [pid 2270792:tid 2270792] ssl_engine_io.c(1150): [client 34.10.180.98:51200] AH02001: Connection closed to child 38 with standard shutdown (server 2blog.ilc.edu.tw:443)
[Wed Aug 26 03:10:52.102563 2026] [ssl:info] [pid 2266182:tid 2266182] [client 34.171.68.95:29184] AH01964: Connection to child 50 established (server 2blog.ilc.edu.tw:443)
[Wed Aug 26 03:10:52.102722 2026] [ssl:info] [pid 2266182:tid 2266182] (70014)End of file found: [client 34.171.68.95:29184] AH02006: SSL handshake stopped: connection was closed
[Wed Aug 26 03:10:52.102730 2026] [ssl:info] [pid 2266182:tid 2266182] [client 34.171.68.95:29184] AH01998: Connection closed to child 50 with abortive shutdown (server 2blog.ilc.edu.tw:443)
[Wed Aug 26 03:10:52.127655 2026] [ssl:debug] [pid 2270608:tid 2270608] ssl_engine_kernel.c(254): [client 216.73.216.242:50150] AH02034: Subsequent (No.36) HTTPS request received for child 15 (server 2blog.ilc.edu.tw:443)
[Wed Aug 26 03:10:52.127925 2026] [authz_core:debug] [pid 2270608:tid 2270608] mod_authz_core.c(815): [client 216.73.216.242:50150] AH01626: authorization result of Require all granted: granted
[Wed Aug 26 03:10:52.127932 2026] [authz_core:debug] [pid 2270608:tid 2270608] mod_authz_core.c(815): [client 216.73.216.242:50150] AH01626: authorization result of : granted
[Wed Aug 26 03:10:52.128339 2026] [authz_core:debug] [pid 2270608:tid 2270608] mod_authz_core.c(815): [client 216.73.216.242:50150] AH01626: authorization result of Require all granted: granted
[Wed Aug 26 03:10:52.128354 2026] [authz_core:debug] [pid 2270608:tid 2270608] mod_authz_core.c(815): [client 216.73.216.242:50150] AH01626: authorization result of : granted
[Wed Aug 26 03:10:52.319335 2026] [ssl:debug] [pid 2266789:tid 2266789] ssl_engine_io.c(1150): [client 23.230.255.68:38351] AH02001: Connection closed to child 7 with standard shutdown (server 2blog.ilc.edu.tw:443)
[Wed Aug 26 03:10:52.321719 2026] [ssl:debug] [pid 2266896:tid 2266896] ssl_engine_kernel.c(254): [client 216.73.216.242:24692] AH02034: Subsequent (No.46) HTTPS request received for child 21 (server 2blog.ilc.edu.tw:443)
[Wed Aug 26 03:10:52.321951 2026] [authz_core:debug] [pid 2266896:tid 2266896] mod_authz_core.c(815): [client 216.73.216.242:24692] AH01626: authorization result of Require all granted: granted
[Wed Aug 26 03:10:52.321959 2026] [authz_core:debug] [pid 2266896:tid 2266896] mod_authz_core.c(815): [client 216.73.216.242:24692] AH01626: authorization result of : granted
[Wed Aug 26 03:10:52.322128 2026] [authz_core:debug] [pid 2266896:tid 2266896] mod_authz_core.c(815): [client 216.73.216.242:24692] AH01626: authorization result of Require all granted: granted
[Wed Aug 26 03:10:52.322142 2026] [authz_core:debug] [pid 2266896:tid 2266896] mod_authz_core.c(815): [client 216.73.216.242:24692] AH01626: authorization result of : granted
[Wed Aug 26 03:10:52.324079 2026] [deflate:debug] [pid 2261311:tid 2261311] mod_deflate.c(909): [client 216.73.216.242:4789] AH01384: Zlib: Compressed 2853 to 1279 : URL /index.php
[Wed Aug 26 03:10:52.337756 2026] [ssl:debug] [pid 2270802:tid 2270802] ssl_engine_io.c(1150): [client 50.118.242.137:56495] AH02001: Connection closed to child 44 with standard shutdown (server 2blog.ilc.edu.tw:443)
[Wed Aug 26 03:10:52.647364 2026] [ssl:debug] [pid 2266900:tid 2266900] ssl_engine_kernel.c(254): [client 240e:971:6000:1::72:47524] AH02034: Subsequent (No.3) HTTPS request received for child 24 (server www.sjes.ilc.edu.tw:443), referer: https://www.sjes.ilc.edu.tw/category/c-66777/
[Wed Aug 26 03:10:52.653604 2026] [authz_core:debug] [pid 2266900:tid 2266900] mod_authz_core.c(815): [client 240e:971:6000:1::72:47524] AH01626: authorization result of Require all granted: granted, referer: https://www.sjes.ilc.edu.tw/category/c-66777/
[Wed Aug 26 03:10:52.653630 2026] [authz_core:debug] [pid 2266900:tid 2266900] mod_authz_core.c(815): [client 240e:971:6000:1::72:47524] AH01626: authorization result of : granted, referer: https://www.sjes.ilc.edu.tw/category/c-66777/
[Wed Aug 26 03:10:52.656437 2026] [deflate:debug] [pid 2266900:tid 2266900] mod_deflate.c(909): [client 240e:971:6000:1::72:47524] AH01384: Zlib: Compressed 79258 to 39708 : URL /wp-content/cache/www.sjes.ilc.edu.tw/wpfc-minified/d3su66jp/73w9.css, referer: https://www.sjes.ilc.edu.tw/category/c-66777/
[Wed Aug 26 03:10:52.726446 2026] [ssl:debug] [pid 2270785:tid 2270785] ssl_engine_io.c(1150): [client 34.30.223.149:18432] AH02001: Connection closed to child 29 with standard shutdown (server 2blog.ilc.edu.tw:443)
[Wed Aug 26 03:10:52.849312 2026] [deflate:debug] [pid 2270608:tid 2270608] mod_deflate.c(909): [client 216.73.216.242:50150] AH01384: Zlib: Compressed 533117 to 86017 : URL /index.php
[Wed Aug 26 03:10:52.894527 2026] [ssl:info] [pid 2266930:tid 2266930] [client 34.61.96.6:47617] AH01964: Connection to child 9 established (server 2blog.ilc.edu.tw:443)
[Wed Aug 26 03:10:52.894746 2026] [ssl:debug] [pid 2266930:tid 2266930] ssl_engine_kernel.c(2222): [client 34.61.96.6:47617] AH02043: SSL virtual host for servername 2blog.ilc.edu.tw found
[Wed Aug 26 03:10:52.894832 2026] [core:debug] [pid 2266930:tid 2266930] protocol.c(2460): [client 34.61.96.6:47617] AH03155: select protocol from , choices=http/1.1 for server 2blog.ilc.edu.tw
[Wed Aug 26 03:10:53.099232 2026] [ssl:info] [pid 2270618:tid 2270618] [client 34.61.96.6:2561] AH01964: Connection to child 26 established (server 2blog.ilc.edu.tw:443)
[Wed Aug 26 03:10:53.099416 2026] [ssl:info] [pid 2270618:tid 2270618] (70014)End of file found: [client 34.61.96.6:2561] AH02006: SSL handshake stopped: connection was closed
[Wed Aug 26 03:10:53.099425 2026] [ssl:info] [pid 2270618:tid 2270618] [client 34.61.96.6:2561] AH01998: Connection closed to child 26 with abortive shutdown (server 2blog.ilc.edu.tw:443)
[Wed Aug 26 03:10:53.119146 2026] [headers:debug] [pid 2270803:tid 2270803] mod_headers.c(900): AH01503: headers: ap_headers_error_filter()
[Wed Aug 26 03:10:53.122892 2026] [ssl:info] [pid 2270269:tid 2270269] [client 2001:288:a201::66:125:15974] AH01964: Connection to child 5 established (server 2blog.ilc.edu.tw:443)
[Wed Aug 26 03:10:53.123059 2026] [ssl:debug] [pid 2270269:tid 2270269] ssl_engine_kernel.c(2252): [client 2001:288:a201::66:125:15974] AH02645: Server name not provided via TLS extension (using default/first virtual host)
[Wed Aug 26 03:10:53.123080 2026] [socache_shmcb:debug] [pid 2270269:tid 2270269] mod_socache_shmcb.c(545): AH00835: socache_shmcb_retrieve (0x9d -> subcache 29)
[Wed Aug 26 03:10:53.123091 2026] [socache_shmcb:debug] [pid 2270269:tid 2270269] mod_socache_shmcb.c(896): AH00849: match at idx=48, data=13419
[Wed Aug 26 03:10:53.123100 2026] [socache_shmcb:debug] [pid 2270269:tid 2270269] mod_socache_shmcb.c(556): AH00836: leaving socache_shmcb_retrieve successfully
[Wed Aug 26 03:10:53.124270 2026] [ssl:debug] [pid 2270269:tid 2270269] ssl_engine_kernel.c(2082): [client 2001:288:a201::66:125:15974] AH02041: Protocol: TLSv1.2, Cipher: ECDHE-RSA-AES256-GCM-SHA384 (256/256 bits)
[Wed Aug 26 03:10:53.124354 2026] [ssl:debug] [pid 2270269:tid 2270269] ssl_engine_kernel.c(254): [client 2001:288:a201::66:125:15974] AH02034: Initial (No.1) HTTPS request received for child 5 (server 2blog.ilc.edu.tw:443)
[Wed Aug 26 03:10:53.124517 2026] [authz_core:debug] [pid 2270269:tid 2270269] mod_authz_core.c(815): [client 2001:288:a201::66:125:15974] AH01626: authorization result of Require all granted: granted
[Wed Aug 26 03:10:53.124521 2026] [authz_core:debug] [pid 2270269:tid 2270269] mod_authz_core.c(815): [client 2001:288:a201::66:125:15974] AH01626: authorization result of : granted
[Wed Aug 26 03:10:53.124647 2026] [authz_core:debug] [pid 2270269:tid 2270269] mod_authz_core.c(815): [client 2001:288:a201::66:125:15974] AH01626: authorization result of Require all granted: granted
[Wed Aug 26 03:10:53.124651 2026] [authz_core:debug] [pid 2270269:tid 2270269] mod_authz_core.c(815): [client 2001:288:a201::66:125:15974] AH01626: authorization result of : granted
[Wed Aug 26 03:10:53.124665 2026] [php7:error] [pid 2270269:tid 2270269] [client 2001:288:a201::66:125:15974] script '/var/www/html/2blog/active.php' not found or unable to stat
[Wed Aug 26 03:10:53.124677 2026] [headers:debug] [pid 2270269:tid 2270269] mod_headers.c(900): AH01503: headers: ap_headers_error_filter()
[Wed Aug 26 03:10:53.124807 2026] [ssl:debug] [pid 2270269:tid 2270269] ssl_engine_io.c(1150): [client 2001:288:a201::66:125:15974] AH02001: Connection closed to child 5 with standard shutdown (server 2blog.ilc.edu.tw:443)
[Wed Aug 26 03:10:53.136411 2026] [ssl:info] [pid 2266902:tid 2266902] [client 72.63.159.64:51778] AH01964: Connection to child 27 established (server 2blog.ilc.edu.tw:443)
[Wed Aug 26 03:10:53.136588 2026] [ssl:debug] [pid 2266902:tid 2266902] ssl_engine_kernel.c(2222): [client 72.63.159.64:51778] AH02043: SSL virtual host for servername 2blog.ilc.edu.tw found
[Wed Aug 26 03:10:53.136649 2026] [core:debug] [pid 2266902:tid 2266902] protocol.c(2460): [client 72.63.159.64:51778] AH03155: select protocol from , choices=http/1.1 for server 2blog.ilc.edu.tw
[Wed Aug 26 03:10:53.143359 2026] [ssl:debug] [pid 2266930:tid 2266930] ssl_engine_kernel.c(2082): [client 34.61.96.6:47617] AH02041: Protocol: TLSv1.3, Cipher: TLS_AES_256_GCM_SHA384 (256/256 bits)
[Wed Aug 26 03:10:53.143409 2026] [socache_shmcb:debug] [pid 2266930:tid 2266930] mod_socache_shmcb.c(508): AH00831: socache_shmcb_store (0x41 -> subcache 1)
[Wed Aug 26 03:10:53.143415 2026] [socache_shmcb:debug] [pid 2266930:tid 2266930] mod_socache_shmcb.c(745): AH00842: expiring 1 and reclaiming 0 removed socache entries
[Wed Aug 26 03:10:53.143418 2026] [socache_shmcb:debug] [pid 2266930:tid 2266930] mod_socache_shmcb.c(765): AH00843: we now have 55 socache entries
[Wed Aug 26 03:10:53.143420 2026] [socache_shmcb:debug] [pid 2266930:tid 2266930] mod_socache_shmcb.c(860): AH00847: insert happened at idx=25, data=(13737:13769)
[Wed Aug 26 03:10:53.143422 2026] [socache_shmcb:debug] [pid 2266930:tid 2266930] mod_socache_shmcb.c(863): AH00848: finished insert, subcache: idx_pos/idx_used=58/56, data_pos/data_used=1470/12493
[Wed Aug 26 03:10:53.143424 2026] [socache_shmcb:debug] [pid 2266930:tid 2266930] mod_socache_shmcb.c(530): AH00834: leaving socache_shmcb_store successfully
[Wed Aug 26 03:10:53.143465 2026] [socache_shmcb:debug] [pid 2266930:tid 2266930] mod_socache_shmcb.c(508): AH00831: socache_shmcb_store (0x41 -> subcache 1)
[Wed Aug 26 03:10:53.143469 2026] [socache_shmcb:debug] [pid 2266930:tid 2266930] mod_socache_shmcb.c(860): AH00847: insert happened at idx=26, data=(99:131)
[Wed Aug 26 03:10:53.143470 2026] [socache_shmcb:debug] [pid 2266930:tid 2266930] mod_socache_shmcb.c(863): AH00848: finished insert, subcache: idx_pos/idx_used=58/57, data_pos/data_used=1470/12719
[Wed Aug 26 03:10:53.143481 2026] [socache_shmcb:debug] [pid 2266930:tid 2266930] mod_socache_shmcb.c(530): AH00834: leaving socache_shmcb_store successfully
[Wed Aug 26 03:10:53.264801 2026] [ssl:debug] [pid 2266930:tid 2266930] ssl_engine_kernel.c(254): [client 34.61.96.6:47617] AH02034: Initial (No.1) HTTPS request received for child 9 (server 2blog.ilc.edu.tw:443)
[Wed Aug 26 03:10:53.265015 2026] [authz_core:debug] [pid 2266930:tid 2266930] mod_authz_core.c(815): [client 34.61.96.6:47617] AH01626: authorization result of Require all granted: granted
[Wed Aug 26 03:10:53.265020 2026] [authz_core:debug] [pid 2266930:tid 2266930] mod_authz_core.c(815): [client 34.61.96.6:47617] AH01626: authorization result of : granted
[Wed Aug 26 03:10:53.265149 2026] [authz_core:debug] [pid 2266930:tid 2266930] mod_authz_core.c(815): [client 34.61.96.6:47617] AH01626: authorization result of Require all granted: granted
[Wed Aug 26 03:10:53.265153 2026] [authz_core:debug] [pid 2266930:tid 2266930] mod_authz_core.c(815): [client 34.61.96.6:47617] AH01626: authorization result of : granted
[Wed Aug 26 03:10:53.271988 2026] [ssl:debug] [pid 2266900:tid 2266900] ssl_engine_kernel.c(254): [client 240e:971:6000:1::72:47524] AH02034: Subsequent (No.4) HTTPS request received for child 24 (server www.sjes.ilc.edu.tw:443), referer: https://www.sjes.ilc.edu.tw/category/c-66777/
[Wed Aug 26 03:10:53.273399 2026] [authz_core:debug] [pid 2266900:tid 2266900] mod_authz_core.c(815): [client 240e:971:6000:1::72:47524] AH01626: authorization result of Require all granted: granted, referer: https://www.sjes.ilc.edu.tw/category/c-66777/
[Wed Aug 26 03:10:53.273424 2026] [authz_core:debug] [pid 2266900:tid 2266900] mod_authz_core.c(815): [client 240e:971:6000:1::72:47524] AH01626: authorization result of : granted, referer: https://www.sjes.ilc.edu.tw/category/c-66777/
[Wed Aug 26 03:10:53.274376 2026] [deflate:debug] [pid 2266900:tid 2266900] mod_deflate.c(909): [client 240e:971:6000:1::72:47524] AH01384: Zlib: Compressed 3810 to 1461 : URL /wp-content/cache/www.sjes.ilc.edu.tw/wpfc-minified/q11gd49/73w9.js, referer: https://www.sjes.ilc.edu.tw/category/c-66777/
[Wed Aug 26 03:10:53.513544 2026] [authz_core:debug] [pid 2270610:tid 2270610] mod_authz_core.c(815): [client 40.77.167.62:18769] AH01626: authorization result of Require all granted: granted
[Wed Aug 26 03:10:53.513567 2026] [authz_core:debug] [pid 2270610:tid 2270610] mod_authz_core.c(815): [client 40.77.167.62:18769] AH01626: authorization result of : granted
[Wed Aug 26 03:10:53.513732 2026] [authz_core:debug] [pid 2270610:tid 2270610] mod_authz_core.c(815): [client 40.77.167.62:18769] AH01626: authorization result of Require all granted: granted
[Wed Aug 26 03:10:53.513736 2026] [authz_core:debug] [pid 2270610:tid 2270610] mod_authz_core.c(815): [client 40.77.167.62:18769] AH01626: authorization result of : granted
[Wed Aug 26 03:10:53.533691 2026] [authz_core:debug] [pid 2270801:tid 2270801] mod_authz_core.c(815): [client 66.249.79.128:41588] AH01626: authorization result of Require all granted: granted
[Wed Aug 26 03:10:53.533716 2026] [authz_core:debug] [pid 2270801:tid 2270801] mod_authz_core.c(815): [client 66.249.79.128:41588] AH01626: authorization result of : granted
[Wed Aug 26 03:10:53.600530 2026] [ssl:debug] [pid 2266900:tid 2266900] ssl_engine_kernel.c(254): [client 240e:971:6000:1::72:47524] AH02034: Subsequent (No.5) HTTPS request received for child 24 (server www.sjes.ilc.edu.tw:443), referer: https://www.sjes.ilc.edu.tw/category/c-66777/
[Wed Aug 26 03:10:53.600928 2026] [authz_core:debug] [pid 2266900:tid 2266900] mod_authz_core.c(815): [client 240e:971:6000:1::72:47524] AH01626: authorization result of Require all granted: granted, referer: https://www.sjes.ilc.edu.tw/category/c-66777/
[Wed Aug 26 03:10:53.600943 2026] [authz_core:debug] [pid 2266900:tid 2266900] mod_authz_core.c(815): [client 240e:971:6000:1::72:47524] AH01626: authorization result of : granted, referer: https://www.sjes.ilc.edu.tw/category/c-66777/
[Wed Aug 26 03:10:53.601483 2026] [deflate:debug] [pid 2266900:tid 2266900] mod_deflate.c(909): [client 240e:971:6000:1::72:47524] AH01384: Zlib: Compressed 5520 to 1785 : URL /wp-includes/js/imagesloaded.min.js, referer: https://www.sjes.ilc.edu.tw/category/c-66777/
[Wed Aug 26 03:10:53.688938 2026] [ssl:debug] [pid 2266902:tid 2266902] ssl_engine_kernel.c(2082): [client 72.63.159.64:51778] AH02041: Protocol: TLSv1.3, Cipher: TLS_AES_256_GCM_SHA384 (256/256 bits)
[Wed Aug 26 03:10:53.689099 2026] [socache_shmcb:debug] [pid 2266902:tid 2266902] mod_socache_shmcb.c(508): AH00831: socache_shmcb_store (0x1b -> subcache 27)
[Wed Aug 26 03:10:53.689113 2026] [socache_shmcb:debug] [pid 2266902:tid 2266902] mod_socache_shmcb.c(745): AH00842: expiring 1 and reclaiming 0 removed socache entries
[Wed Aug 26 03:10:53.689116 2026] [socache_shmcb:debug] [pid 2266902:tid 2266902] mod_socache_shmcb.c(765): AH00843: we now have 50 socache entries
[Wed Aug 26 03:10:53.689119 2026] [socache_shmcb:debug] [pid 2266902:tid 2266902] mod_socache_shmcb.c(860): AH00847: insert happened at idx=55, data=(6917:6949)
[Wed Aug 26 03:10:53.689122 2026] [socache_shmcb:debug] [pid 2266902:tid 2266902] mod_socache_shmcb.c(863): AH00848: finished insert, subcache: idx_pos/idx_used=5/51, data_pos/data_used=9627/11380
[Wed Aug 26 03:10:53.689126 2026] [socache_shmcb:debug] [pid 2266902:tid 2266902] mod_socache_shmcb.c(530): AH00834: leaving socache_shmcb_store successfully
[Wed Aug 26 03:10:53.689243 2026] [socache_shmcb:debug] [pid 2266902:tid 2266902] mod_socache_shmcb.c(508): AH00831: socache_shmcb_store (0xfe -> subcache 30)
[Wed Aug 26 03:10:53.689253 2026] [socache_shmcb:debug] [pid 2266902:tid 2266902] mod_socache_shmcb.c(860): AH00847: insert happened at idx=6, data=(9905:9937)
[Wed Aug 26 03:10:53.689256 2026] [socache_shmcb:debug] [pid 2266902:tid 2266902] mod_socache_shmcb.c(863): AH00848: finished insert, subcache: idx_pos/idx_used=46/49, data_pos/data_used=13056/10939
[Wed Aug 26 03:10:53.689259 2026] [socache_shmcb:debug] [pid 2266902:tid 2266902] mod_socache_shmcb.c(530): AH00834: leaving socache_shmcb_store successfully
[Wed Aug 26 03:10:53.709523 2026] [ssl:debug] [pid 2266902:tid 2266902] ssl_engine_kernel.c(254): [client 72.63.159.64:51778] AH02034: Initial (No.1) HTTPS request received for child 27 (server 2blog.ilc.edu.tw:443)
[Wed Aug 26 03:10:53.709755 2026] [authz_core:debug] [pid 2266902:tid 2266902] mod_authz_core.c(815): [client 72.63.159.64:51778] AH01626: authorization result of Require all granted: granted
[Wed Aug 26 03:10:53.709763 2026] [authz_core:debug] [pid 2266902:tid 2266902] mod_authz_core.c(815): [client 72.63.159.64:51778] AH01626: authorization result of : granted
[Wed Aug 26 03:10:53.712255 2026] [authz_core:debug] [pid 2266902:tid 2266902] mod_authz_core.c(815): [client 72.63.159.64:51778] AH01626: authorization result of Require all granted: granted
[Wed Aug 26 03:10:53.712281 2026] [authz_core:debug] [pid 2266902:tid 2266902] mod_authz_core.c(815): [client 72.63.159.64:51778] AH01626: authorization result of : granted
[Wed Aug 26 03:10:53.888304 2026] [ssl:info] [pid 2270607:tid 2270607] [client 34.123.149.87:51201] AH01964: Connection to child 14 established (server 2blog.ilc.edu.tw:443)
[Wed Aug 26 03:10:53.888491 2026] [ssl:info] [pid 2270607:tid 2270607] (70014)End of file found: [client 34.123.149.87:51201] AH02006: SSL handshake stopped: connection was closed
[Wed Aug 26 03:10:53.888500 2026] [ssl:info] [pid 2270607:tid 2270607] [client 34.123.149.87:51201] AH01998: Connection closed to child 14 with abortive shutdown (server 2blog.ilc.edu.tw:443)
[Wed Aug 26 03:10:53.928217 2026] [ssl:debug] [pid 2266900:tid 2266900] ssl_engine_kernel.c(254): [client 240e:971:6000:1::72:47524] AH02034: Subsequent (No.6) HTTPS request received for child 24 (server www.sjes.ilc.edu.tw:443), referer: https://www.sjes.ilc.edu.tw/category/c-66777/
[Wed Aug 26 03:10:53.928532 2026] [authz_core:debug] [pid 2266900:tid 2266900] mod_authz_core.c(815): [client 240e:971:6000:1::72:47524] AH01626: authorization result of Require all granted: granted, referer: https://www.sjes.ilc.edu.tw/category/c-66777/
[Wed Aug 26 03:10:53.928546 2026] [authz_core:debug] [pid 2266900:tid 2266900] mod_authz_core.c(815): [client 240e:971:6000:1::72:47524] AH01626: authorization result of : granted, referer: https://www.sjes.ilc.edu.tw/category/c-66777/
[Wed Aug 26 03:10:53.928943 2026] [deflate:debug] [pid 2266900:tid 2266900] mod_deflate.c(909): [client 240e:971:6000:1::72:47524] AH01384: Zlib: Compressed 4111 to 1423 : URL /wp-content/themes/oceanwp/assets/js/ow-lightbox.min.js, referer: https://www.sjes.ilc.edu.tw/category/c-66777/
[Wed Aug 26 03:10:54.195948 2026] [headers:debug] [pid 2266182:tid 2266182] mod_headers.c(900): AH01503: headers: ap_headers_error_filter()
[Wed Aug 26 03:10:54.203985 2026] [headers:debug] [pid 2270791:tid 2270791] mod_headers.c(900): AH01503: headers: ap_headers_error_filter()
[Wed Aug 26 03:10:54.207115 2026] [headers:debug] [pid 2266789:tid 2266789] mod_headers.c(900): AH01503: headers: ap_headers_error_filter()
[Wed Aug 26 03:10:54.254764 2026] [ssl:debug] [pid 2266900:tid 2266900] ssl_engine_kernel.c(254): [client 240e:971:6000:1::72:47524] AH02034: Subsequent (No.7) HTTPS request received for child 24 (server www.sjes.ilc.edu.tw:443), referer: https://www.sjes.ilc.edu.tw/wp-content/cache/www.sjes.ilc.edu.tw/wpfc-minified/1qegi0bx/av4s.css
[Wed Aug 26 03:10:54.255059 2026] [authz_core:debug] [pid 2266900:tid 2266900] mod_authz_core.c(815): [client 240e:971:6000:1::72:47524] AH01626: authorization result of Require all granted: granted, referer: https://www.sjes.ilc.edu.tw/wp-content/cache/www.sjes.ilc.edu.tw/wpfc-minified/1qegi0bx/av4s.css
[Wed Aug 26 03:10:54.255065 2026] [authz_core:debug] [pid 2266900:tid 2266900] mod_authz_core.c(815): [client 240e:971:6000:1::72:47524] AH01626: authorization result of : granted, referer: https://www.sjes.ilc.edu.tw/wp-content/cache/www.sjes.ilc.edu.tw/wpfc-minified/1qegi0bx/av4s.css
[Wed Aug 26 03:10:54.493919 2026] [ssl:debug] [pid 2270117:tid 2270117] ssl_engine_io.c(1150): [client 34.56.53.225:10240] AH02001: Connection closed to child 4 with standard shutdown (server 2blog.ilc.edu.tw:443)
[Wed Aug 26 03:10:54.497633 2026] [headers:debug] [pid 2270802:tid 2270802] mod_headers.c(900): AH01503: headers: ap_headers_error_filter()
[Wed Aug 26 03:10:54.515437 2026] [ssl:info] [pid 2266902:tid 2266902] (70014)End of file found: [client 72.63.159.64:51778] AH01992: SSL library error 6 reading data
[Wed Aug 26 03:10:54.515535 2026] [ssl:debug] [pid 2266902:tid 2266902] ssl_engine_io.c(1150): [client 72.63.159.64:51778] AH02001: Connection closed to child 27 with standard shutdown (server 2blog.ilc.edu.tw:443)
[Wed Aug 26 03:10:54.553855 2026] [ssl:debug] [pid 2271590:tid 2271590] ssl_engine_io.c(1150): [client 216.73.216.242:50854] AH02001: Connection closed to child 0 with standard shutdown (server 2blog.ilc.edu.tw:443)
[Wed Aug 26 03:10:54.633026 2026] [ssl:info] [pid 2270797:tid 2270797] (70014)End of file found: [client 66.249.79.138:54528] AH01992: SSL library error 6 reading data
[Wed Aug 26 03:10:54.633114 2026] [ssl:debug] [pid 2270797:tid 2270797] ssl_engine_io.c(1150): [client 66.249.79.138:54528] AH02001: Connection closed to child 39 with standard shutdown (server www.jwes.ilc.edu.tw:443)
[Wed Aug 26 03:10:55.209073 2026] [headers:debug] [pid 2270618:tid 2270618] mod_headers.c(900): AH01503: headers: ap_headers_error_filter()
[Wed Aug 26 03:10:55.281099 2026] [ssl:debug] [pid 2270787:tid 2270787] ssl_engine_io.c(1150): [client 34.61.96.6:32258] AH02001: Connection closed to child 32 with standard shutdown (server 2blog.ilc.edu.tw:443)
[Wed Aug 26 03:10:55.335272 2026] [ssl:debug] [pid 2270612:tid 2270612] ssl_engine_io.c(1150): [client 34.42.229.145:34817] AH02001: Connection closed to child 20 with standard shutdown (server 2blog.ilc.edu.tw:443)
[Wed Aug 26 03:10:55.527680 2026] [ssl:info] [pid 2270803:tid 2270803] [client 140.111.67.10:58940] AH01964: Connection to child 45 established (server 2blog.ilc.edu.tw:443)
[Wed Aug 26 03:10:55.527867 2026] [ssl:info] [pid 2270803:tid 2270803] (70014)End of file found: [client 140.111.67.10:58940] AH02006: SSL handshake stopped: connection was closed
[Wed Aug 26 03:10:55.527874 2026] [ssl:info] [pid 2270803:tid 2270803] [client 140.111.67.10:58940] AH01998: Connection closed to child 45 with abortive shutdown (server 2blog.ilc.edu.tw:443)
[Wed Aug 26 03:10:56.086589 2026] [authz_core:debug] [pid 2270785:tid 2270785] mod_authz_core.c(815): [client 66.249.79.128:45133] AH01626: authorization result of Require all granted: granted
[Wed Aug 26 03:10:56.086624 2026] [authz_core:debug] [pid 2270785:tid 2270785] mod_authz_core.c(815): [client 66.249.79.128:45133] AH01626: authorization result of : granted
[Wed Aug 26 03:10:56.161667 2026] [ssl:info] [pid 2270607:tid 2270607] [client 104.248.50.109:58342] AH01964: Connection to child 14 established (server 2blog.ilc.edu.tw:443)
[Wed Aug 26 03:10:56.161863 2026] [ssl:debug] [pid 2270607:tid 2270607] ssl_engine_kernel.c(2222): [client 104.248.50.109:58342] AH02043: SSL virtual host for servername 2blog.ilc.edu.tw found
[Wed Aug 26 03:10:56.161963 2026] [ssl:debug] [pid 2270607:tid 2270607] ssl_util_stapling.c(819): AH01951: stapling_cb: OCSP Stapling callback called
[Wed Aug 26 03:10:56.161971 2026] [ssl:info] [pid 2270607:tid 2270607] AH01926: stapling_get_certinfo: stapling not supported for certificate
[Wed Aug 26 03:10:56.329620 2026] [ssl:info] [pid 2266182:tid 2266182] [client 34.123.149.87:53760] AH01964: Connection to child 50 established (server 2blog.ilc.edu.tw:443)
[Wed Aug 26 03:10:56.329819 2026] [ssl:debug] [pid 2266182:tid 2266182] ssl_engine_kernel.c(2222): [client 34.123.149.87:53760] AH02043: SSL virtual host for servername 2blog.ilc.edu.tw found
[Wed Aug 26 03:10:56.329879 2026] [core:debug] [pid 2266182:tid 2266182] protocol.c(2460): [client 34.123.149.87:53760] AH03155: select protocol from , choices=http/1.1 for server 2blog.ilc.edu.tw
[Wed Aug 26 03:10:56.615272 2026] [ssl:debug] [pid 2266182:tid 2266182] ssl_engine_kernel.c(2082): [client 34.123.149.87:53760] AH02041: Protocol: TLSv1.3, Cipher: TLS_AES_256_GCM_SHA384 (256/256 bits)
[Wed Aug 26 03:10:56.615330 2026] [socache_shmcb:debug] [pid 2266182:tid 2266182] mod_socache_shmcb.c(508): AH00831: socache_shmcb_store (0x73 -> subcache 19)
[Wed Aug 26 03:10:56.615336 2026] [socache_shmcb:debug] [pid 2266182:tid 2266182] mod_socache_shmcb.c(745): AH00842: expiring 2 and reclaiming 0 removed socache entries
[Wed Aug 26 03:10:56.615339 2026] [socache_shmcb:debug] [pid 2266182:tid 2266182] mod_socache_shmcb.c(765): AH00843: we now have 45 socache entries
[Wed Aug 26 03:10:56.615341 2026] [socache_shmcb:debug] [pid 2266182:tid 2266182] mod_socache_shmcb.c(860): AH00847: insert happened at idx=35, data=(10190:10222)
[Wed Aug 26 03:10:56.615343 2026] [socache_shmcb:debug] [pid 2266182:tid 2266182] mod_socache_shmcb.c(863): AH00848: finished insert, subcache: idx_pos/idx_used=78/46, data_pos/data_used=134/10281
[Wed Aug 26 03:10:56.615345 2026] [socache_shmcb:debug] [pid 2266182:tid 2266182] mod_socache_shmcb.c(530): AH00834: leaving socache_shmcb_store successfully
[Wed Aug 26 03:10:56.615401 2026] [socache_shmcb:debug] [pid 2266182:tid 2266182] mod_socache_shmcb.c(508): AH00831: socache_shmcb_store (0x46 -> subcache 6)
[Wed Aug 26 03:10:56.615406 2026] [socache_shmcb:debug] [pid 2266182:tid 2266182] mod_socache_shmcb.c(860): AH00847: insert happened at idx=49, data=(13270:13302)
[Wed Aug 26 03:10:56.615408 2026] [socache_shmcb:debug] [pid 2266182:tid 2266182] mod_socache_shmcb.c(863): AH00848: finished insert, subcache: idx_pos/idx_used=16/34, data_pos/data_used=5911/7584
[Wed Aug 26 03:10:56.615410 2026] [socache_shmcb:debug] [pid 2266182:tid 2266182] mod_socache_shmcb.c(530): AH00834: leaving socache_shmcb_store successfully
[Wed Aug 26 03:10:56.634216 2026] [ssl:debug] [pid 2266182:tid 2266182] ssl_engine_kernel.c(254): [client 34.123.149.87:53760] AH02034: Initial (No.1) HTTPS request received for child 50 (server 2blog.ilc.edu.tw:443)
[Wed Aug 26 03:10:56.635243 2026] [authz_core:debug] [pid 2266182:tid 2266182] mod_authz_core.c(815): [client 34.123.149.87:53760] AH01626: authorization result of Require all granted: granted
[Wed Aug 26 03:10:56.635267 2026] [authz_core:debug] [pid 2266182:tid 2266182] mod_authz_core.c(815): [client 34.123.149.87:53760] AH01626: authorization result of : granted
[Wed Aug 26 03:10:56.635476 2026] [authz_core:debug] [pid 2266182:tid 2266182] mod_authz_core.c(815): [client 34.123.149.87:53760] AH01626: authorization result of Require all granted: granted
[Wed Aug 26 03:10:56.635483 2026] [authz_core:debug] [pid 2266182:tid 2266182] mod_authz_core.c(815): [client 34.123.149.87:53760] AH01626: authorization result of : granted
[Wed Aug 26 03:10:56.700236 2026] [ssl:debug] [pid 2270607:tid 2270607] ssl_engine_kernel.c(2082): [client 104.248.50.109:58342] AH02041: Protocol: TLSv1.3, Cipher: TLS_AES_256_GCM_SHA384 (256/256 bits)
[Wed Aug 26 03:10:56.700313 2026] [socache_shmcb:debug] [pid 2270607:tid 2270607] mod_socache_shmcb.c(508): AH00831: socache_shmcb_store (0xed -> subcache 13)
[Wed Aug 26 03:10:56.700324 2026] [socache_shmcb:debug] [pid 2270607:tid 2270607] mod_socache_shmcb.c(860): AH00847: insert happened at idx=44, data=(12643:12675)
[Wed Aug 26 03:10:56.700327 2026] [socache_shmcb:debug] [pid 2270607:tid 2270607] mod_socache_shmcb.c(863): AH00848: finished insert, subcache: idx_pos/idx_used=85/48, data_pos/data_used=2120/10736
[Wed Aug 26 03:10:56.700330 2026] [socache_shmcb:debug] [pid 2270607:tid 2270607] mod_socache_shmcb.c(530): AH00834: leaving socache_shmcb_store successfully
[Wed Aug 26 03:10:56.700408 2026] [socache_shmcb:debug] [pid 2270607:tid 2270607] mod_socache_shmcb.c(508): AH00831: socache_shmcb_store (0x54 -> subcache 20)
[Wed Aug 26 03:10:56.700416 2026] [socache_shmcb:debug] [pid 2270607:tid 2270607] mod_socache_shmcb.c(860): AH00847: insert happened at idx=60, data=(2508:2540)
[Wed Aug 26 03:10:56.700419 2026] [socache_shmcb:debug] [pid 2270607:tid 2270607] mod_socache_shmcb.c(863): AH00848: finished insert, subcache: idx_pos/idx_used=14/47, data_pos/data_used=6059/10527
[Wed Aug 26 03:10:56.700422 2026] [socache_shmcb:debug] [pid 2270607:tid 2270607] mod_socache_shmcb.c(530): AH00834: leaving socache_shmcb_store successfully
[Wed Aug 26 03:10:56.700599 2026] [ssl:debug] [pid 2270607:tid 2270607] ssl_engine_kernel.c(254): [client 104.248.50.109:58342] AH02034: Initial (No.1) HTTPS request received for child 14 (server 2blog.ilc.edu.tw:443), referer: http://blog.ilc.edu.tw/
[Wed Aug 26 03:10:56.700851 2026] [authz_core:debug] [pid 2270607:tid 2270607] mod_authz_core.c(815): [client 104.248.50.109:58342] AH01626: authorization result of Require all granted: granted, referer: http://blog.ilc.edu.tw/
[Wed Aug 26 03:10:56.700863 2026] [authz_core:debug] [pid 2270607:tid 2270607] mod_authz_core.c(815): [client 104.248.50.109:58342] AH01626: authorization result of : granted, referer: http://blog.ilc.edu.tw/
[Wed Aug 26 03:10:56.701127 2026] [authz_core:debug] [pid 2270607:tid 2270607] mod_authz_core.c(815): [client 104.248.50.109:58342] AH01626: authorization result of Require all granted: granted, referer: http://blog.ilc.edu.tw/
[Wed Aug 26 03:10:56.701140 2026] [authz_core:debug] [pid 2270607:tid 2270607] mod_authz_core.c(815): [client 104.248.50.109:58342] AH01626: authorization result of : granted, referer: http://blog.ilc.edu.tw/
[Wed Aug 26 03:10:56.803312 2026] [ssl:debug] [pid 2270607:tid 2270607] ssl_engine_io.c(1150): [client 104.248.50.109:58342] AH02001: Connection closed to child 14 with standard shutdown (server 2blog.ilc.edu.tw:443)
[Wed Aug 26 03:10:56.908504 2026] [ssl:debug] [pid 2270613:tid 2270613] ssl_engine_io.c(1150): [client 34.171.68.95:3073] AH02001: Connection closed to child 25 with standard shutdown (server 2blog.ilc.edu.tw:443)
[Wed Aug 26 03:10:57.112079 2026] [ssl:debug] [pid 2270450:tid 2270450] ssl_engine_io.c(1150): [client 216.73.216.242:10336] AH02001: Connection closed to child 12 with standard shutdown (server 2blog.ilc.edu.tw:443)
[Wed Aug 26 03:10:57.197079 2026] [ssl:debug] [pid 2270609:tid 2270609] ssl_engine_io.c(1150): [client 216.73.216.242:17831] AH02001: Connection closed to child 17 with standard shutdown (server 2blog.ilc.edu.tw:443)
