[Wed Aug 26 03:10:48.122279 2026] [authz_core:debug] [pid 2266182:tid 2266182] mod_authz_core.c(815): [client 2001:288:a201::66:125:50198] AH01626: authorization result of : granted
[Wed Aug 26 03:10:48.122294 2026] [php7:error] [pid 2266182:tid 2266182] [client 2001:288:a201::66:125:50198] script '/var/www/html/2blog/active.php' not found or unable to stat
[Wed Aug 26 03:10:48.122307 2026] [headers:debug] [pid 2266182:tid 2266182] mod_headers.c(900): AH01503: headers: ap_headers_error_filter()
[Wed Aug 26 03:10:48.122464 2026] [ssl:debug] [pid 2266182:tid 2266182] ssl_engine_io.c(1150): [client 2001:288:a201::66:125:50198] AH02001: Connection closed to child 50 with standard shutdown (server 2blog.ilc.edu.tw:443)
[Wed Aug 26 03:10:48.131120 2026] [ssl:debug] [pid 2270608:tid 2270608] ssl_engine_kernel.c(254): [client 216.73.216.242:50150] AH02034: Subsequent (No.29) HTTPS request received for child 15 (server 2blog.ilc.edu.tw:443)
[Wed Aug 26 03:10:48.131350 2026] [authz_core:debug] [pid 2270608:tid 2270608] mod_authz_core.c(815): [client 216.73.216.242:50150] AH01626: authorization result of Require all granted: granted
[Wed Aug 26 03:10:48.131357 2026] [authz_core:debug] [pid 2270608:tid 2270608] mod_authz_core.c(815): [client 216.73.216.242:50150] AH01626: authorization result of : granted
[Wed Aug 26 03:10:48.131509 2026] [authz_core:debug] [pid 2270608:tid 2270608] mod_authz_core.c(815): [client 216.73.216.242:50150] AH01626: authorization result of Require all granted: granted
[Wed Aug 26 03:10:48.131513 2026] [authz_core:debug] [pid 2270608:tid 2270608] mod_authz_core.c(815): [client 216.73.216.242:50150] AH01626: authorization result of : granted
[Wed Aug 26 03:10:48.167281 2026] [deflate:debug] [pid 2266896:tid 2266896] mod_deflate.c(909): [client 216.73.216.242:24692] AH01384: Zlib: Compressed 2843 to 1275 : URL /index.php
[Wed Aug 26 03:10:48.212036 2026] [deflate:debug] [pid 2261311:tid 2261311] mod_deflate.c(909): [client 216.73.216.242:4789] AH01384: Zlib: Compressed 2843 to 1278 : URL /index.php
[Wed Aug 26 03:10:48.222161 2026] [ssl:debug] [pid 2271590:tid 2271590] ssl_engine_kernel.c(254): [client 216.73.216.242:50854] AH02034: Subsequent (No.27) HTTPS request received for child 0 (server 2blog.ilc.edu.tw:443)
[Wed Aug 26 03:10:48.222400 2026] [authz_core:debug] [pid 2271590:tid 2271590] mod_authz_core.c(815): [client 216.73.216.242:50854] AH01626: authorization result of Require all granted: granted
[Wed Aug 26 03:10:48.222415 2026] [authz_core:debug] [pid 2271590:tid 2271590] mod_authz_core.c(815): [client 216.73.216.242:50854] AH01626: authorization result of : granted
[Wed Aug 26 03:10:48.222606 2026] [authz_core:debug] [pid 2271590:tid 2271590] mod_authz_core.c(815): [client 216.73.216.242:50854] AH01626: authorization result of Require all granted: granted
[Wed Aug 26 03:10:48.222613 2026] [authz_core:debug] [pid 2271590:tid 2271590] mod_authz_core.c(815): [client 216.73.216.242:50854] AH01626: authorization result of : granted
[Wed Aug 26 03:10:48.291397 2026] [ssl:info] [pid 2266930:tid 2266930] [client 34.171.68.95:4097] AH01964: Connection to child 9 established (server 2blog.ilc.edu.tw:443)
[Wed Aug 26 03:10:48.291594 2026] [ssl:info] [pid 2266930:tid 2266930] (70014)End of file found: [client 34.171.68.95:4097] AH02006: SSL handshake stopped: connection was closed
[Wed Aug 26 03:10:48.291603 2026] [ssl:info] [pid 2266930:tid 2266930] [client 34.171.68.95:4097] AH01998: Connection closed to child 9 with abortive shutdown (server 2blog.ilc.edu.tw:443)
[Wed Aug 26 03:10:48.322847 2026] [ssl:debug] [pid 2270609:tid 2270609] ssl_engine_kernel.c(254): [client 216.73.216.242:17831] AH02034: Subsequent (No.33) HTTPS request received for child 17 (server 2blog.ilc.edu.tw:443)
[Wed Aug 26 03:10:48.323048 2026] [authz_core:debug] [pid 2270609:tid 2270609] mod_authz_core.c(815): [client 216.73.216.242:17831] AH01626: authorization result of Require all granted: granted
[Wed Aug 26 03:10:48.323053 2026] [authz_core:debug] [pid 2270609:tid 2270609] mod_authz_core.c(815): [client 216.73.216.242:17831] AH01626: authorization result of : granted
[Wed Aug 26 03:10:48.323310 2026] [authz_core:debug] [pid 2270609:tid 2270609] mod_authz_core.c(815): [client 216.73.216.242:17831] AH01626: authorization result of Require all granted: granted
[Wed Aug 26 03:10:48.323321 2026] [authz_core:debug] [pid 2270609:tid 2270609] mod_authz_core.c(815): [client 216.73.216.242:17831] AH01626: authorization result of : granted
[Wed Aug 26 03:10:48.424271 2026] [ssl:debug] [pid 2261311:tid 2261311] ssl_engine_kernel.c(254): [client 216.73.216.242:4789] AH02034: Subsequent (No.38) HTTPS request received for child 2 (server 2blog.ilc.edu.tw:443)
[Wed Aug 26 03:10:48.424500 2026] [authz_core:debug] [pid 2261311:tid 2261311] mod_authz_core.c(815): [client 216.73.216.242:4789] AH01626: authorization result of Require all granted: granted
[Wed Aug 26 03:10:48.424507 2026] [authz_core:debug] [pid 2261311:tid 2261311] mod_authz_core.c(815): [client 216.73.216.242:4789] AH01626: authorization result of : granted
[Wed Aug 26 03:10:48.424703 2026] [authz_core:debug] [pid 2261311:tid 2261311] mod_authz_core.c(815): [client 216.73.216.242:4789] AH01626: authorization result of Require all granted: granted
[Wed Aug 26 03:10:48.424709 2026] [authz_core:debug] [pid 2261311:tid 2261311] mod_authz_core.c(815): [client 216.73.216.242:4789] AH01626: authorization result of : granted
[Wed Aug 26 03:10:48.526937 2026] [ssl:debug] [pid 2270450:tid 2270450] ssl_engine_kernel.c(254): [client 216.73.216.242:10336] AH02034: Subsequent (No.37) HTTPS request received for child 12 (server 2blog.ilc.edu.tw:443)
[Wed Aug 26 03:10:48.527199 2026] [authz_core:debug] [pid 2270450:tid 2270450] mod_authz_core.c(815): [client 216.73.216.242:10336] AH01626: authorization result of Require all granted: granted
[Wed Aug 26 03:10:48.527207 2026] [authz_core:debug] [pid 2270450:tid 2270450] mod_authz_core.c(815): [client 216.73.216.242:10336] AH01626: authorization result of : granted
[Wed Aug 26 03:10:48.527344 2026] [authz_core:debug] [pid 2270450:tid 2270450] mod_authz_core.c(815): [client 216.73.216.242:10336] AH01626: authorization result of Require all granted: granted
[Wed Aug 26 03:10:48.527350 2026] [authz_core:debug] [pid 2270450:tid 2270450] mod_authz_core.c(815): [client 216.73.216.242:10336] AH01626: authorization result of : granted
[Wed Aug 26 03:10:48.627332 2026] [ssl:debug] [pid 2266896:tid 2266896] ssl_engine_kernel.c(254): [client 216.73.216.242:24692] AH02034: Subsequent (No.40) HTTPS request received for child 21 (server 2blog.ilc.edu.tw:443)
[Wed Aug 26 03:10:48.627600 2026] [authz_core:debug] [pid 2266896:tid 2266896] mod_authz_core.c(815): [client 216.73.216.242:24692] AH01626: authorization result of Require all granted: granted
[Wed Aug 26 03:10:48.627612 2026] [authz_core:debug] [pid 2266896:tid 2266896] mod_authz_core.c(815): [client 216.73.216.242:24692] AH01626: authorization result of : granted
[Wed Aug 26 03:10:48.627826 2026] [authz_core:debug] [pid 2266896:tid 2266896] mod_authz_core.c(815): [client 216.73.216.242:24692] AH01626: authorization result of Require all granted: granted
[Wed Aug 26 03:10:48.627834 2026] [authz_core:debug] [pid 2266896:tid 2266896] mod_authz_core.c(815): [client 216.73.216.242:24692] AH01626: authorization result of : granted
[Wed Aug 26 03:10:48.704658 2026] [deflate:debug] [pid 2261311:tid 2261311] mod_deflate.c(909): [client 216.73.216.242:4789] AH01384: Zlib: Compressed 2842 to 1257 : URL /index.php
[Wed Aug 26 03:10:48.728758 2026] [ssl:debug] [pid 2271590:tid 2271590] ssl_engine_kernel.c(254): [client 216.73.216.242:50854] AH02034: Subsequent (No.28) HTTPS request received for child 0 (server 2blog.ilc.edu.tw:443)
[Wed Aug 26 03:10:48.728983 2026] [authz_core:debug] [pid 2271590:tid 2271590] mod_authz_core.c(815): [client 216.73.216.242:50854] AH01626: authorization result of Require all granted: granted
[Wed Aug 26 03:10:48.728989 2026] [authz_core:debug] [pid 2271590:tid 2271590] mod_authz_core.c(815): [client 216.73.216.242:50854] AH01626: authorization result of : granted
[Wed Aug 26 03:10:48.729114 2026] [authz_core:debug] [pid 2271590:tid 2271590] mod_authz_core.c(815): [client 216.73.216.242:50854] AH01626: authorization result of Require all granted: granted
[Wed Aug 26 03:10:48.729118 2026] [authz_core:debug] [pid 2271590:tid 2271590] mod_authz_core.c(815): [client 216.73.216.242:50854] AH01626: authorization result of : granted
[Wed Aug 26 03:10:48.787385 2026] [deflate:debug] [pid 2270450:tid 2270450] mod_deflate.c(909): [client 216.73.216.242:10336] AH01384: Zlib: Compressed 2842 to 1273 : URL /index.php
[Wed Aug 26 03:10:48.833302 2026] [ssl:debug] [pid 2270798:tid 2270798] ssl_engine_io.c(1150): [client 34.56.53.225:46592] AH02001: Connection closed to child 40 with standard shutdown (server 2blog.ilc.edu.tw:443)
[Wed Aug 26 03:10:48.840687 2026] [ssl:debug] [pid 2270608:tid 2270608] ssl_engine_kernel.c(254): [client 216.73.216.242:50150] AH02034: Subsequent (No.30) HTTPS request received for child 15 (server 2blog.ilc.edu.tw:443)
[Wed Aug 26 03:10:48.840888 2026] [authz_core:debug] [pid 2270608:tid 2270608] mod_authz_core.c(815): [client 216.73.216.242:50150] AH01626: authorization result of Require all granted: granted
[Wed Aug 26 03:10:48.840893 2026] [authz_core:debug] [pid 2270608:tid 2270608] mod_authz_core.c(815): [client 216.73.216.242:50150] AH01626: authorization result of : granted
[Wed Aug 26 03:10:48.841051 2026] [authz_core:debug] [pid 2270608:tid 2270608] mod_authz_core.c(815): [client 216.73.216.242:50150] AH01626: authorization result of Require all granted: granted
[Wed Aug 26 03:10:48.841057 2026] [authz_core:debug] [pid 2270608:tid 2270608] mod_authz_core.c(815): [client 216.73.216.242:50150] AH01626: authorization result of : granted
[Wed Aug 26 03:10:48.930793 2026] [ssl:debug] [pid 2261311:tid 2261311] ssl_engine_kernel.c(254): [client 216.73.216.242:4789] AH02034: Subsequent (No.39) HTTPS request received for child 2 (server 2blog.ilc.edu.tw:443)
[Wed Aug 26 03:10:48.933414 2026] [authz_core:debug] [pid 2261311:tid 2261311] mod_authz_core.c(815): [client 216.73.216.242:4789] AH01626: authorization result of Require all granted: granted
[Wed Aug 26 03:10:48.933429 2026] [authz_core:debug] [pid 2261311:tid 2261311] mod_authz_core.c(815): [client 216.73.216.242:4789] AH01626: authorization result of : granted
[Wed Aug 26 03:10:48.933677 2026] [authz_core:debug] [pid 2261311:tid 2261311] mod_authz_core.c(815): [client 216.73.216.242:4789] AH01626: authorization result of Require all granted: granted
[Wed Aug 26 03:10:48.933687 2026] [authz_core:debug] [pid 2261311:tid 2261311] mod_authz_core.c(815): [client 216.73.216.242:4789] AH01626: authorization result of : granted
[Wed Aug 26 03:10:48.934770 2026] [deflate:debug] [pid 2271590:tid 2271590] mod_deflate.c(909): [client 216.73.216.242:50854] AH01384: Zlib: Compressed 37403 to 9299 : URL /index.php
[Wed Aug 26 03:10:48.977011 2026] [ssl:info] [pid 2266789:tid 2266789] [client 23.230.255.68:38351] AH01964: Connection to child 7 established (server 2blog.ilc.edu.tw:443)
[Wed Aug 26 03:10:48.977286 2026] [ssl:debug] [pid 2266789:tid 2266789] ssl_engine_kernel.c(2222): [client 23.230.255.68:38351] AH02043: SSL virtual host for servername 2blog.ilc.edu.tw found
[Wed Aug 26 03:10:48.977369 2026] [core:debug] [pid 2266789:tid 2266789] protocol.c(2460): [client 23.230.255.68:38351] AH03155: select protocol from , choices=h2,http/1.1 for server 2blog.ilc.edu.tw
[Wed Aug 26 03:10:48.977418 2026] [ssl:debug] [pid 2266789:tid 2266789] ssl_util_stapling.c(819): AH01951: stapling_cb: OCSP Stapling callback called
[Wed Aug 26 03:10:48.977425 2026] [ssl:info] [pid 2266789:tid 2266789] AH01926: stapling_get_certinfo: stapling not supported for certificate
[Wed Aug 26 03:10:49.019425 2026] [deflate:debug] [pid 2270609:tid 2270609] mod_deflate.c(909): [client 216.73.216.242:17831] AH01384: Zlib: Compressed 534946 to 86104 : URL /index.php
[Wed Aug 26 03:10:49.032222 2026] [ssl:debug] [pid 2270450:tid 2270450] ssl_engine_kernel.c(254): [client 216.73.216.242:10336] AH02034: Subsequent (No.38) HTTPS request received for child 12 (server 2blog.ilc.edu.tw:443)
[Wed Aug 26 03:10:49.032434 2026] [authz_core:debug] [pid 2270450:tid 2270450] mod_authz_core.c(815): [client 216.73.216.242:10336] AH01626: authorization result of Require all granted: granted
[Wed Aug 26 03:10:49.032440 2026] [authz_core:debug] [pid 2270450:tid 2270450] mod_authz_core.c(815): [client 216.73.216.242:10336] AH01626: authorization result of : granted
[Wed Aug 26 03:10:49.032573 2026] [authz_core:debug] [pid 2270450:tid 2270450] mod_authz_core.c(815): [client 216.73.216.242:10336] AH01626: authorization result of Require all granted: granted
[Wed Aug 26 03:10:49.032577 2026] [authz_core:debug] [pid 2270450:tid 2270450] mod_authz_core.c(815): [client 216.73.216.242:10336] AH01626: authorization result of : granted
[Wed Aug 26 03:10:49.142345 2026] [ssl:debug] [pid 2266896:tid 2266896] ssl_engine_kernel.c(254): [client 216.73.216.242:24692] AH02034: Subsequent (No.41) HTTPS request received for child 21 (server 2blog.ilc.edu.tw:443)
[Wed Aug 26 03:10:49.143207 2026] [authz_core:debug] [pid 2266896:tid 2266896] mod_authz_core.c(815): [client 216.73.216.242:24692] AH01626: authorization result of Require all granted: granted
[Wed Aug 26 03:10:49.143223 2026] [authz_core:debug] [pid 2266896:tid 2266896] mod_authz_core.c(815): [client 216.73.216.242:24692] AH01626: authorization result of : granted
[Wed Aug 26 03:10:49.143377 2026] [authz_core:debug] [pid 2266896:tid 2266896] mod_authz_core.c(815): [client 216.73.216.242:24692] AH01626: authorization result of Require all granted: granted
[Wed Aug 26 03:10:49.143381 2026] [authz_core:debug] [pid 2266896:tid 2266896] mod_authz_core.c(815): [client 216.73.216.242:24692] AH01626: authorization result of : granted
[Wed Aug 26 03:10:49.205951 2026] [deflate:debug] [pid 2261311:tid 2261311] mod_deflate.c(909): [client 216.73.216.242:4789] AH01384: Zlib: Compressed 2850 to 1283 : URL /index.php
[Wed Aug 26 03:10:49.243895 2026] [ssl:debug] [pid 2271590:tid 2271590] ssl_engine_kernel.c(254): [client 216.73.216.242:50854] AH02034: Subsequent (No.29) HTTPS request received for child 0 (server 2blog.ilc.edu.tw:443)
[Wed Aug 26 03:10:49.244115 2026] [authz_core:debug] [pid 2271590:tid 2271590] mod_authz_core.c(815): [client 216.73.216.242:50854] AH01626: authorization result of Require all granted: granted
[Wed Aug 26 03:10:49.244133 2026] [authz_core:debug] [pid 2271590:tid 2271590] mod_authz_core.c(815): [client 216.73.216.242:50854] AH01626: authorization result of : granted
[Wed Aug 26 03:10:49.244324 2026] [authz_core:debug] [pid 2271590:tid 2271590] mod_authz_core.c(815): [client 216.73.216.242:50854] AH01626: authorization result of Require all granted: granted
[Wed Aug 26 03:10:49.244330 2026] [authz_core:debug] [pid 2271590:tid 2271590] mod_authz_core.c(815): [client 216.73.216.242:50854] AH01626: authorization result of : granted
[Wed Aug 26 03:10:49.265534 2026] [ssl:info] [pid 2270802:tid 2270802] [client 50.118.242.137:56495] AH01964: Connection to child 44 established (server 2blog.ilc.edu.tw:443)
[Wed Aug 26 03:10:49.265715 2026] [ssl:debug] [pid 2270802:tid 2270802] ssl_engine_kernel.c(2222): [client 50.118.242.137:56495] AH02043: SSL virtual host for servername 2blog.ilc.edu.tw found
[Wed Aug 26 03:10:49.265785 2026] [core:debug] [pid 2270802:tid 2270802] protocol.c(2460): [client 50.118.242.137:56495] AH03155: select protocol from , choices=h2,http/1.1 for server 2blog.ilc.edu.tw
[Wed Aug 26 03:10:49.265824 2026] [ssl:debug] [pid 2270802:tid 2270802] ssl_util_stapling.c(819): AH01951: stapling_cb: OCSP Stapling callback called
[Wed Aug 26 03:10:49.265829 2026] [ssl:info] [pid 2270802:tid 2270802] AH01926: stapling_get_certinfo: stapling not supported for certificate
[Wed Aug 26 03:10:49.287900 2026] [ssl:debug] [pid 2270117:tid 2270117] ssl_engine_kernel.c(254): [client 34.56.53.225:10240] AH02034: Subsequent (No.2) HTTPS request received for child 4 (server 2blog.ilc.edu.tw:443)
[Wed Aug 26 03:10:49.288118 2026] [authz_core:debug] [pid 2270117:tid 2270117] mod_authz_core.c(815): [client 34.56.53.225:10240] AH01626: authorization result of Require all granted: granted
[Wed Aug 26 03:10:49.288126 2026] [authz_core:debug] [pid 2270117:tid 2270117] mod_authz_core.c(815): [client 34.56.53.225:10240] AH01626: authorization result of : granted
[Wed Aug 26 03:10:49.288277 2026] [authz_core:debug] [pid 2270117:tid 2270117] mod_authz_core.c(815): [client 34.56.53.225:10240] AH01626: authorization result of Require all granted: granted
[Wed Aug 26 03:10:49.288284 2026] [authz_core:debug] [pid 2270117:tid 2270117] mod_authz_core.c(815): [client 34.56.53.225:10240] AH01626: authorization result of : granted
[Wed Aug 26 03:10:49.391885 2026] [ssl:debug] [pid 2270608:tid 2270608] ssl_engine_kernel.c(254): [client 216.73.216.242:50150] AH02034: Subsequent (No.31) HTTPS request received for child 15 (server 2blog.ilc.edu.tw:443)
[Wed Aug 26 03:10:49.392096 2026] [authz_core:debug] [pid 2270608:tid 2270608] mod_authz_core.c(815): [client 216.73.216.242:50150] AH01626: authorization result of Require all granted: granted
[Wed Aug 26 03:10:49.392101 2026] [authz_core:debug] [pid 2270608:tid 2270608] mod_authz_core.c(815): [client 216.73.216.242:50150] AH01626: authorization result of : granted
[Wed Aug 26 03:10:49.392228 2026] [authz_core:debug] [pid 2270608:tid 2270608] mod_authz_core.c(815): [client 216.73.216.242:50150] AH01626: authorization result of Require all granted: granted
[Wed Aug 26 03:10:49.392232 2026] [authz_core:debug] [pid 2270608:tid 2270608] mod_authz_core.c(815): [client 216.73.216.242:50150] AH01626: authorization result of : granted
[Wed Aug 26 03:10:49.448211 2026] [ssl:debug] [pid 2266789:tid 2266789] ssl_engine_kernel.c(2082): [client 23.230.255.68:38351] AH02041: Protocol: TLSv1.3, Cipher: TLS_AES_256_GCM_SHA384 (256/256 bits)
[Wed Aug 26 03:10:49.448284 2026] [socache_shmcb:debug] [pid 2266789:tid 2266789] mod_socache_shmcb.c(508): AH00831: socache_shmcb_store (0x58 -> subcache 24)
[Wed Aug 26 03:10:49.448291 2026] [socache_shmcb:debug] [pid 2266789:tid 2266789] mod_socache_shmcb.c(745): AH00842: expiring 4 and reclaiming 0 removed socache entries
[Wed Aug 26 03:10:49.448294 2026] [socache_shmcb:debug] [pid 2266789:tid 2266789] mod_socache_shmcb.c(765): AH00843: we now have 37 socache entries
[Wed Aug 26 03:10:49.448304 2026] [socache_shmcb:debug] [pid 2266789:tid 2266789] mod_socache_shmcb.c(860): AH00847: insert happened at idx=53, data=(539:571)
[Wed Aug 26 03:10:49.448306 2026] [socache_shmcb:debug] [pid 2266789:tid 2266789] mod_socache_shmcb.c(863): AH00848: finished insert, subcache: idx_pos/idx_used=16/38, data_pos/data_used=6183/8445
[Wed Aug 26 03:10:49.448308 2026] [socache_shmcb:debug] [pid 2266789:tid 2266789] mod_socache_shmcb.c(530): AH00834: leaving socache_shmcb_store successfully
[Wed Aug 26 03:10:49.448360 2026] [socache_shmcb:debug] [pid 2266789:tid 2266789] mod_socache_shmcb.c(508): AH00831: socache_shmcb_store (0x3e -> subcache 30)
[Wed Aug 26 03:10:49.448366 2026] [socache_shmcb:debug] [pid 2266789:tid 2266789] mod_socache_shmcb.c(860): AH00847: insert happened at idx=5, data=(9680:9712)
[Wed Aug 26 03:10:49.448367 2026] [socache_shmcb:debug] [pid 2266789:tid 2266789] mod_socache_shmcb.c(863): AH00848: finished insert, subcache: idx_pos/idx_used=46/48, data_pos/data_used=13056/10713
[Wed Aug 26 03:10:49.448369 2026] [socache_shmcb:debug] [pid 2266789:tid 2266789] mod_socache_shmcb.c(530): AH00834: leaving socache_shmcb_store successfully
[Wed Aug 26 03:10:49.448521 2026] [ssl:debug] [pid 2266789:tid 2266789] ssl_engine_kernel.c(254): [client 23.230.255.68:38351] AH02034: Initial (No.1) HTTPS request received for child 7 (server 2blog.ilc.edu.tw:443), referer: https://2blog.ilc.edu.tw/afterschool/
[Wed Aug 26 03:10:49.448732 2026] [authz_core:debug] [pid 2266789:tid 2266789] mod_authz_core.c(815): [client 23.230.255.68:38351] AH01626: authorization result of Require all granted: granted, referer: https://2blog.ilc.edu.tw/afterschool/
[Wed Aug 26 03:10:49.448740 2026] [authz_core:debug] [pid 2266789:tid 2266789] mod_authz_core.c(815): [client 23.230.255.68:38351] AH01626: authorization result of : granted, referer: https://2blog.ilc.edu.tw/afterschool/
[Wed Aug 26 03:10:49.450674 2026] [ssl:debug] [pid 2261311:tid 2261311] ssl_engine_kernel.c(254): [client 216.73.216.242:4789] AH02034: Subsequent (No.40) HTTPS request received for child 2 (server 2blog.ilc.edu.tw:443)
[Wed Aug 26 03:10:49.450847 2026] [authz_core:debug] [pid 2261311:tid 2261311] mod_authz_core.c(815): [client 216.73.216.242:4789] AH01626: authorization result of Require all granted: granted
[Wed Aug 26 03:10:49.450852 2026] [authz_core:debug] [pid 2261311:tid 2261311] mod_authz_core.c(815): [client 216.73.216.242:4789] AH01626: authorization result of : granted
[Wed Aug 26 03:10:49.450977 2026] [authz_core:debug] [pid 2261311:tid 2261311] mod_authz_core.c(815): [client 216.73.216.242:4789] AH01626: authorization result of Require all granted: granted
[Wed Aug 26 03:10:49.450981 2026] [authz_core:debug] [pid 2261311:tid 2261311] mod_authz_core.c(815): [client 216.73.216.242:4789] AH01626: authorization result of : granted
[Wed Aug 26 03:10:49.454217 2026] [authz_core:debug] [pid 2266789:tid 2266789] mod_authz_core.c(815): [client 23.230.255.68:38351] AH01626: authorization result of Require all granted: granted, referer: https://2blog.ilc.edu.tw/afterschool/
[Wed Aug 26 03:10:49.454238 2026] [authz_core:debug] [pid 2266789:tid 2266789] mod_authz_core.c(815): [client 23.230.255.68:38351] AH01626: authorization result of : granted, referer: https://2blog.ilc.edu.tw/afterschool/
[Wed Aug 26 03:10:49.502929 2026] [ssl:debug] [pid 2270802:tid 2270802] ssl_engine_kernel.c(2082): [client 50.118.242.137:56495] AH02041: Protocol: TLSv1.3, Cipher: TLS_AES_256_GCM_SHA384 (256/256 bits)
[Wed Aug 26 03:10:49.502988 2026] [socache_shmcb:debug] [pid 2270802:tid 2270802] mod_socache_shmcb.c(508): AH00831: socache_shmcb_store (0x94 -> subcache 20)
[Wed Aug 26 03:10:49.503011 2026] [socache_shmcb:debug] [pid 2270802:tid 2270802] mod_socache_shmcb.c(860): AH00847: insert happened at idx=59, data=(2282:2314)
[Wed Aug 26 03:10:49.503014 2026] [socache_shmcb:debug] [pid 2270802:tid 2270802] mod_socache_shmcb.c(863): AH00848: finished insert, subcache: idx_pos/idx_used=14/46, data_pos/data_used=6059/10313
[Wed Aug 26 03:10:49.503028 2026] [socache_shmcb:debug] [pid 2270802:tid 2270802] mod_socache_shmcb.c(530): AH00834: leaving socache_shmcb_store successfully
[Wed Aug 26 03:10:49.503081 2026] [socache_shmcb:debug] [pid 2270802:tid 2270802] mod_socache_shmcb.c(508): AH00831: socache_shmcb_store (0xd5 -> subcache 21)
[Wed Aug 26 03:10:49.503086 2026] [socache_shmcb:debug] [pid 2270802:tid 2270802] mod_socache_shmcb.c(798): AH00845: about to force-expire, subcache: idx_used=62, data_used=13805
[Wed Aug 26 03:10:49.503089 2026] [socache_shmcb:debug] [pid 2270802:tid 2270802] mod_socache_shmcb.c(824): AH00846: finished force-expire, subcache: idx_used=61, data_used=13591
[Wed Aug 26 03:10:49.503090 2026] [socache_shmcb:debug] [pid 2270802:tid 2270802] mod_socache_shmcb.c(860): AH00847: insert happened at idx=10, data=(10920:10952)
[Wed Aug 26 03:10:49.503092 2026] [socache_shmcb:debug] [pid 2270802:tid 2270802] mod_socache_shmcb.c(863): AH00848: finished insert, subcache: idx_pos/idx_used=37/62, data_pos/data_used=11193/13816
[Wed Aug 26 03:10:49.503094 2026] [socache_shmcb:debug] [pid 2270802:tid 2270802] mod_socache_shmcb.c(530): AH00834: leaving socache_shmcb_store successfully
[Wed Aug 26 03:10:49.503389 2026] [ssl:debug] [pid 2270802:tid 2270802] ssl_engine_kernel.c(254): [client 50.118.242.137:56495] AH02034: Initial (No.1) HTTPS request received for child 44 (server 2blog.ilc.edu.tw:443), referer: https://2blog.ilc.edu.tw/afterschool/
[Wed Aug 26 03:10:49.503607 2026] [authz_core:debug] [pid 2270802:tid 2270802] mod_authz_core.c(815): [client 50.118.242.137:56495] AH01626: authorization result of Require all granted: granted, referer: https://2blog.ilc.edu.tw/afterschool/
[Wed Aug 26 03:10:49.503616 2026] [authz_core:debug] [pid 2270802:tid 2270802] mod_authz_core.c(815): [client 50.118.242.137:56495] AH01626: authorization result of : granted, referer: https://2blog.ilc.edu.tw/afterschool/
[Wed Aug 26 03:10:49.505133 2026] [authz_core:debug] [pid 2270802:tid 2270802] mod_authz_core.c(815): [client 50.118.242.137:56495] AH01626: authorization result of Require all granted: granted, referer: https://2blog.ilc.edu.tw/afterschool/
[Wed Aug 26 03:10:49.505151 2026] [authz_core:debug] [pid 2270802:tid 2270802] mod_authz_core.c(815): [client 50.118.242.137:56495] AH01626: authorization result of : granted, referer: https://2blog.ilc.edu.tw/afterschool/
[Wed Aug 26 03:10:49.552855 2026] [ssl:debug] [pid 2270450:tid 2270450] ssl_engine_kernel.c(254): [client 216.73.216.242:10336] AH02034: Subsequent (No.39) HTTPS request received for child 12 (server 2blog.ilc.edu.tw:443)
[Wed Aug 26 03:10:49.553116 2026] [authz_core:debug] [pid 2270450:tid 2270450] mod_authz_core.c(815): [client 216.73.216.242:10336] AH01626: authorization result of Require all granted: granted
[Wed Aug 26 03:10:49.553128 2026] [authz_core:debug] [pid 2270450:tid 2270450] mod_authz_core.c(815): [client 216.73.216.242:10336] AH01626: authorization result of : granted
[Wed Aug 26 03:10:49.553346 2026] [authz_core:debug] [pid 2270450:tid 2270450] mod_authz_core.c(815): [client 216.73.216.242:10336] AH01626: authorization result of Require all granted: granted
[Wed Aug 26 03:10:49.553355 2026] [authz_core:debug] [pid 2270450:tid 2270450] mod_authz_core.c(815): [client 216.73.216.242:10336] AH01626: authorization result of : granted
[Wed Aug 26 03:10:49.611573 2026] [deflate:debug] [pid 2261311:tid 2261311] mod_deflate.c(909): [client 216.73.216.242:4789] AH01384: Zlib: Compressed 32113 to 8610 : URL /index.php
[Wed Aug 26 03:10:49.652798 2026] [ssl:debug] [pid 2266896:tid 2266896] ssl_engine_kernel.c(254): [client 216.73.216.242:24692] AH02034: Subsequent (No.42) HTTPS request received for child 21 (server 2blog.ilc.edu.tw:443)
[Wed Aug 26 03:10:49.653169 2026] [authz_core:debug] [pid 2266896:tid 2266896] mod_authz_core.c(815): [client 216.73.216.242:24692] AH01626: authorization result of Require all granted: granted
[Wed Aug 26 03:10:49.653192 2026] [authz_core:debug] [pid 2266896:tid 2266896] mod_authz_core.c(815): [client 216.73.216.242:24692] AH01626: authorization result of : granted
[Wed Aug 26 03:10:49.653395 2026] [authz_core:debug] [pid 2266896:tid 2266896] mod_authz_core.c(815): [client 216.73.216.242:24692] AH01626: authorization result of Require all granted: granted
[Wed Aug 26 03:10:49.653402 2026] [authz_core:debug] [pid 2266896:tid 2266896] mod_authz_core.c(815): [client 216.73.216.242:24692] AH01626: authorization result of : granted
[Wed Aug 26 03:10:49.665583 2026] [deflate:debug] [pid 2270608:tid 2270608] mod_deflate.c(909): [client 216.73.216.242:50150] AH01384: Zlib: Compressed 2855 to 1291 : URL /index.php
[Wed Aug 26 03:10:49.734984 2026] [ssl:info] [pid 2270612:tid 2270612] [client 34.42.229.145:34817] AH01964: Connection to child 20 established (server 2blog.ilc.edu.tw:443)
[Wed Aug 26 03:10:49.735162 2026] [ssl:debug] [pid 2270612:tid 2270612] ssl_engine_kernel.c(2222): [client 34.42.229.145:34817] AH02043: SSL virtual host for servername 2blog.ilc.edu.tw found
[Wed Aug 26 03:10:49.735220 2026] [core:debug] [pid 2270612:tid 2270612] protocol.c(2460): [client 34.42.229.145:34817] AH03155: select protocol from , choices=http/1.1 for server 2blog.ilc.edu.tw
[Wed Aug 26 03:10:49.754043 2026] [ssl:debug] [pid 2270609:tid 2270609] ssl_engine_kernel.c(254): [client 216.73.216.242:17831] AH02034: Subsequent (No.34) HTTPS request received for child 17 (server 2blog.ilc.edu.tw:443)
[Wed Aug 26 03:10:49.754238 2026] [authz_core:debug] [pid 2270609:tid 2270609] mod_authz_core.c(815): [client 216.73.216.242:17831] AH01626: authorization result of Require all granted: granted
[Wed Aug 26 03:10:49.754244 2026] [authz_core:debug] [pid 2270609:tid 2270609] mod_authz_core.c(815): [client 216.73.216.242:17831] AH01626: authorization result of : granted
[Wed Aug 26 03:10:49.754387 2026] [authz_core:debug] [pid 2270609:tid 2270609] mod_authz_core.c(815): [client 216.73.216.242:17831] AH01626: authorization result of Require all granted: granted
[Wed Aug 26 03:10:49.754391 2026] [authz_core:debug] [pid 2270609:tid 2270609] mod_authz_core.c(815): [client 216.73.216.242:17831] AH01626: authorization result of : granted
[Wed Aug 26 03:10:49.769064 2026] [ssl:debug] [pid 2266902:tid 2266902] ssl_engine_io.c(1150): [client 34.56.124.53:55297] AH02001: Connection closed to child 27 with standard shutdown (server 2blog.ilc.edu.tw:443)
[Wed Aug 26 03:10:49.848729 2026] [ssl:info] [pid 2270787:tid 2270787] [client 34.61.96.6:32258] AH01964: Connection to child 32 established (server 2blog.ilc.edu.tw:443)
[Wed Aug 26 03:10:49.848936 2026] [ssl:debug] [pid 2270787:tid 2270787] ssl_engine_kernel.c(2222): [client 34.61.96.6:32258] AH02043: SSL virtual host for servername 2blog.ilc.edu.tw found
[Wed Aug 26 03:10:49.849027 2026] [core:debug] [pid 2270787:tid 2270787] protocol.c(2460): [client 34.61.96.6:32258] AH03155: select protocol from , choices=http/1.1 for server 2blog.ilc.edu.tw
[Wed Aug 26 03:10:49.860211 2026] [ssl:debug] [pid 2261311:tid 2261311] ssl_engine_kernel.c(254): [client 216.73.216.242:4789] AH02034: Subsequent (No.41) HTTPS request received for child 2 (server 2blog.ilc.edu.tw:443)
[Wed Aug 26 03:10:49.860428 2026] [authz_core:debug] [pid 2261311:tid 2261311] mod_authz_core.c(815): [client 216.73.216.242:4789] AH01626: authorization result of Require all granted: granted
[Wed Aug 26 03:10:49.860437 2026] [authz_core:debug] [pid 2261311:tid 2261311] mod_authz_core.c(815): [client 216.73.216.242:4789] AH01626: authorization result of : granted
[Wed Aug 26 03:10:49.860572 2026] [authz_core:debug] [pid 2261311:tid 2261311] mod_authz_core.c(815): [client 216.73.216.242:4789] AH01626: authorization result of Require all granted: granted
[Wed Aug 26 03:10:49.860576 2026] [authz_core:debug] [pid 2261311:tid 2261311] mod_authz_core.c(815): [client 216.73.216.242:4789] AH01626: authorization result of : granted
[Wed Aug 26 03:10:49.933359 2026] [ssl:debug] [pid 2270612:tid 2270612] ssl_engine_kernel.c(2082): [client 34.42.229.145:34817] AH02041: Protocol: TLSv1.3, Cipher: TLS_AES_256_GCM_SHA384 (256/256 bits)
[Wed Aug 26 03:10:49.961813 2026] [socache_shmcb:debug] [pid 2270612:tid 2270612] mod_socache_shmcb.c(508): AH00831: socache_shmcb_store (0x11 -> subcache 17)
[Wed Aug 26 03:10:49.961835 2026] [socache_shmcb:debug] [pid 2270612:tid 2270612] mod_socache_shmcb.c(860): AH00847: insert happened at idx=78, data=(6108:6140)
[Wed Aug 26 03:10:49.961838 2026] [socache_shmcb:debug] [pid 2270612:tid 2270612] mod_socache_shmcb.c(863): AH00848: finished insert, subcache: idx_pos/idx_used=37/42, data_pos/data_used=10844/9354
[Wed Aug 26 03:10:49.961840 2026] [socache_shmcb:debug] [pid 2270612:tid 2270612] mod_socache_shmcb.c(530): AH00834: leaving socache_shmcb_store successfully
[Wed Aug 26 03:10:49.961922 2026] [socache_shmcb:debug] [pid 2270612:tid 2270612] mod_socache_shmcb.c(508): AH00831: socache_shmcb_store (0x6f -> subcache 15)
[Wed Aug 26 03:10:49.961930 2026] [socache_shmcb:debug] [pid 2270612:tid 2270612] mod_socache_shmcb.c(860): AH00847: insert happened at idx=50, data=(13748:13780)
[Wed Aug 26 03:10:49.961932 2026] [socache_shmcb:debug] [pid 2270612:tid 2270612] mod_socache_shmcb.c(863): AH00848: finished insert, subcache: idx_pos/idx_used=85/54, data_pos/data_used=1997/11976
[Wed Aug 26 03:10:49.961935 2026] [socache_shmcb:debug] [pid 2270612:tid 2270612] mod_socache_shmcb.c(530): AH00834: leaving socache_shmcb_store successfully
[Wed Aug 26 03:10:49.971273 2026] [ssl:debug] [pid 2270608:tid 2270608] ssl_engine_kernel.c(254): [client 216.73.216.242:50150] AH02034: Subsequent (No.32) HTTPS request received for child 15 (server 2blog.ilc.edu.tw:443)
[Wed Aug 26 03:10:49.971470 2026] [authz_core:debug] [pid 2270608:tid 2270608] mod_authz_core.c(815): [client 216.73.216.242:50150] AH01626: authorization result of Require all granted: granted
[Wed Aug 26 03:10:49.971475 2026] [authz_core:debug] [pid 2270608:tid 2270608] mod_authz_core.c(815): [client 216.73.216.242:50150] AH01626: authorization result of : granted
[Wed Aug 26 03:10:49.971601 2026] [authz_core:debug] [pid 2270608:tid 2270608] mod_authz_core.c(815): [client 216.73.216.242:50150] AH01626: authorization result of Require all granted: granted
[Wed Aug 26 03:10:49.971605 2026] [authz_core:debug] [pid 2270608:tid 2270608] mod_authz_core.c(815): [client 216.73.216.242:50150] AH01626: authorization result of : granted
[Wed Aug 26 03:10:50.013181 2026] [deflate:debug] [pid 2270609:tid 2270609] mod_deflate.c(909): [client 216.73.216.242:17831] AH01384: Zlib: Compressed 2853 to 1286 : URL /index.php
[Wed Aug 26 03:10:50.047357 2026] [ssl:debug] [pid 2270787:tid 2270787] ssl_engine_kernel.c(2082): [client 34.61.96.6:32258] AH02041: Protocol: TLSv1.3, Cipher: TLS_AES_256_GCM_SHA384 (256/256 bits)
[Wed Aug 26 03:10:50.047420 2026] [socache_shmcb:debug] [pid 2270787:tid 2270787] mod_socache_shmcb.c(508): AH00831: socache_shmcb_store (0xa1 -> subcache 1)
[Wed Aug 26 03:10:50.047427 2026] [socache_shmcb:debug] [pid 2270787:tid 2270787] mod_socache_shmcb.c(745): AH00842: expiring 2 and reclaiming 0 removed socache entries
[Wed Aug 26 03:10:50.047429 2026] [socache_shmcb:debug] [pid 2270787:tid 2270787] mod_socache_shmcb.c(765): AH00843: we now have 54 socache entries
[Wed Aug 26 03:10:50.047431 2026] [socache_shmcb:debug] [pid 2270787:tid 2270787] mod_socache_shmcb.c(860): AH00847: insert happened at idx=23, data=(13283:13315)
[Wed Aug 26 03:10:50.047433 2026] [socache_shmcb:debug] [pid 2270787:tid 2270787] mod_socache_shmcb.c(863): AH00848: finished insert, subcache: idx_pos/idx_used=57/55, data_pos/data_used=1244/12264
[Wed Aug 26 03:10:50.047435 2026] [socache_shmcb:debug] [pid 2270787:tid 2270787] mod_socache_shmcb.c(530): AH00834: leaving socache_shmcb_store successfully
[Wed Aug 26 03:10:50.047489 2026] [socache_shmcb:debug] [pid 2270787:tid 2270787] mod_socache_shmcb.c(508): AH00831: socache_shmcb_store (0x3b -> subcache 27)
[Wed Aug 26 03:10:50.047501 2026] [socache_shmcb:debug] [pid 2270787:tid 2270787] mod_socache_shmcb.c(860): AH00847: insert happened at idx=54, data=(6692:6724)
[Wed Aug 26 03:10:50.047512 2026] [socache_shmcb:debug] [pid 2270787:tid 2270787] mod_socache_shmcb.c(863): AH00848: finished insert, subcache: idx_pos/idx_used=4/51, data_pos/data_used=9413/11368
[Wed Aug 26 03:10:50.047514 2026] [socache_shmcb:debug] [pid 2270787:tid 2270787] mod_socache_shmcb.c(530): AH00834: leaving socache_shmcb_store successfully
[Wed Aug 26 03:10:50.092733 2026] [ssl:info] [pid 2270801:tid 2270801] [client 54.89.90.224:13257] AH01964: Connection to child 43 established (server 2blog.ilc.edu.tw:443)
[Wed Aug 26 03:10:50.093005 2026] [ssl:debug] [pid 2270801:tid 2270801] ssl_engine_kernel.c(2222): [client 54.89.90.224:13257] AH02043: SSL virtual host for servername 2blog.ilc.edu.tw found
[Wed Aug 26 03:10:50.115608 2026] [ssl:debug] [pid 2270612:tid 2270612] ssl_engine_kernel.c(254): [client 34.42.229.145:34817] AH02034: Initial (No.1) HTTPS request received for child 20 (server 2blog.ilc.edu.tw:443)
[Wed Aug 26 03:10:50.115826 2026] [authz_core:debug] [pid 2270612:tid 2270612] mod_authz_core.c(815): [client 34.42.229.145:34817] AH01626: authorization result of Require all granted: granted
[Wed Aug 26 03:10:50.115832 2026] [authz_core:debug] [pid 2270612:tid 2270612] mod_authz_core.c(815): [client 34.42.229.145:34817] AH01626: authorization result of : granted
[Wed Aug 26 03:10:50.115986 2026] [authz_core:debug] [pid 2270612:tid 2270612] mod_authz_core.c(815): [client 34.42.229.145:34817] AH01626: authorization result of Require all granted: granted
[Wed Aug 26 03:10:50.115995 2026] [authz_core:debug] [pid 2270612:tid 2270612] mod_authz_core.c(815): [client 34.42.229.145:34817] AH01626: authorization result of : granted
[Wed Aug 26 03:10:50.188684 2026] [headers:debug] [pid 2270618:tid 2270618] mod_headers.c(900): AH01503: headers: ap_headers_error_filter()
[Wed Aug 26 03:10:50.249006 2026] [ssl:debug] [pid 2270787:tid 2270787] ssl_engine_kernel.c(254): [client 34.61.96.6:32258] AH02034: Initial (No.1) HTTPS request received for child 32 (server 2blog.ilc.edu.tw:443)
[Wed Aug 26 03:10:50.249251 2026] [authz_core:debug] [pid 2270787:tid 2270787] mod_authz_core.c(815): [client 34.61.96.6:32258] AH01626: authorization result of Require all granted: granted
[Wed Aug 26 03:10:50.249259 2026] [authz_core:debug] [pid 2270787:tid 2270787] mod_authz_core.c(815): [client 34.61.96.6:32258] AH01626: authorization result of : granted
[Wed Aug 26 03:10:50.249437 2026] [authz_core:debug] [pid 2270787:tid 2270787] mod_authz_core.c(815): [client 34.61.96.6:32258] AH01626: authorization result of Require all granted: granted
[Wed Aug 26 03:10:50.249443 2026] [authz_core:debug] [pid 2270787:tid 2270787] mod_authz_core.c(815): [client 34.61.96.6:32258] AH01626: authorization result of : granted
[Wed Aug 26 03:10:50.275946 2026] [deflate:debug] [pid 2270787:tid 2270787] mod_deflate.c(909): [client 34.61.96.6:32258] AH01384: Zlib: Compressed 66534 to 12185 : URL /index.php
[Wed Aug 26 03:10:50.278844 2026] [ssl:debug] [pid 2270609:tid 2270609] ssl_engine_kernel.c(254): [client 216.73.216.242:17831] AH02034: Subsequent (No.35) HTTPS request received for child 17 (server 2blog.ilc.edu.tw:443)
[Wed Aug 26 03:10:50.279116 2026] [authz_core:debug] [pid 2270609:tid 2270609] mod_authz_core.c(815): [client 216.73.216.242:17831] AH01626: authorization result of Require all granted: granted
[Wed Aug 26 03:10:50.279131 2026] [authz_core:debug] [pid 2270609:tid 2270609] mod_authz_core.c(815): [client 216.73.216.242:17831] AH01626: authorization result of : granted
[Wed Aug 26 03:10:50.279282 2026] [authz_core:debug] [pid 2270609:tid 2270609] mod_authz_core.c(815): [client 216.73.216.242:17831] AH01626: authorization result of Require all granted: granted
[Wed Aug 26 03:10:50.279286 2026] [authz_core:debug] [pid 2270609:tid 2270609] mod_authz_core.c(815): [client 216.73.216.242:17831] AH01626: authorization result of : granted
[Wed Aug 26 03:10:50.323710 2026] [ssl:debug] [pid 2270801:tid 2270801] ssl_engine_kernel.c(2082): [client 54.89.90.224:13257] AH02041: Protocol: TLSv1.3, Cipher: TLS_AES_256_GCM_SHA384 (256/256 bits)
[Wed Aug 26 03:10:50.323784 2026] [socache_shmcb:debug] [pid 2270801:tid 2270801] mod_socache_shmcb.c(508): AH00831: socache_shmcb_store (0xa8 -> subcache 8)
[Wed Aug 26 03:10:50.323804 2026] [socache_shmcb:debug] [pid 2270801:tid 2270801] mod_socache_shmcb.c(745): AH00842: expiring 3 and reclaiming 0 removed socache entries
[Wed Aug 26 03:10:50.323808 2026] [socache_shmcb:debug] [pid 2270801:tid 2270801] mod_socache_shmcb.c(765): AH00843: we now have 43 socache entries
[Wed Aug 26 03:10:50.323811 2026] [socache_shmcb:debug] [pid 2270801:tid 2270801] mod_socache_shmcb.c(860): AH00847: insert happened at idx=38, data=(11394:11426)
[Wed Aug 26 03:10:50.323814 2026] [socache_shmcb:debug] [pid 2270801:tid 2270801] mod_socache_shmcb.c(863): AH00848: finished insert, subcache: idx_pos/idx_used=83/44, data_pos/data_used=1772/9835
[Wed Aug 26 03:10:50.323817 2026] [socache_shmcb:debug] [pid 2270801:tid 2270801] mod_socache_shmcb.c(530): AH00834: leaving socache_shmcb_store successfully
[Wed Aug 26 03:10:50.323877 2026] [socache_shmcb:debug] [pid 2270801:tid 2270801] mod_socache_shmcb.c(508): AH00831: socache_shmcb_store (0x03 -> subcache 3)
[Wed Aug 26 03:10:50.323884 2026] [socache_shmcb:debug] [pid 2270801:tid 2270801] mod_socache_shmcb.c(860): AH00847: insert happened at idx=6, data=(4106:4138)
[Wed Aug 26 03:10:50.323887 2026] [socache_shmcb:debug] [pid 2270801:tid 2270801] mod_socache_shmcb.c(863): AH00848: finished insert, subcache: idx_pos/idx_used=56/39, data_pos/data_used=9483/8700
[Wed Aug 26 03:10:50.323890 2026] [socache_shmcb:debug] [pid 2270801:tid 2270801] mod_socache_shmcb.c(530): AH00834: leaving socache_shmcb_store successfully
[Wed Aug 26 03:10:50.324015 2026] [ssl:debug] [pid 2270801:tid 2270801] ssl_engine_kernel.c(254): [client 54.89.90.224:13257] AH02034: Initial (No.1) HTTPS request received for child 43 (server 2blog.ilc.edu.tw:443)
[Wed Aug 26 03:10:50.324230 2026] [authz_core:debug] [pid 2270801:tid 2270801] mod_authz_core.c(815): [client 54.89.90.224:13257] AH01626: authorization result of Require all granted: granted
[Wed Aug 26 03:10:50.324236 2026] [authz_core:debug] [pid 2270801:tid 2270801] mod_authz_core.c(815): [client 54.89.90.224:13257] AH01626: authorization result of : granted
[Wed Aug 26 03:10:50.324414 2026] [authz_core:debug] [pid 2270801:tid 2270801] mod_authz_core.c(815): [client 54.89.90.224:13257] AH01626: authorization result of Require all granted: granted
[Wed Aug 26 03:10:50.324420 2026] [authz_core:debug] [pid 2270801:tid 2270801] mod_authz_core.c(815): [client 54.89.90.224:13257] AH01626: authorization result of : granted
[Wed Aug 26 03:10:50.375215 2026] [ssl:info] [pid 2270803:tid 2270803] [client 136.119.35.120:13312] AH01964: Connection to child 45 established (server 2blog.ilc.edu.tw:443)
[Wed Aug 26 03:10:50.375360 2026] [ssl:info] [pid 2270803:tid 2270803] (70014)End of file found: [client 136.119.35.120:13312] AH02006: SSL handshake stopped: connection was closed
[Wed Aug 26 03:10:50.375366 2026] [ssl:info] [pid 2270803:tid 2270803] [client 136.119.35.120:13312] AH01998: Connection closed to child 45 with abortive shutdown (server 2blog.ilc.edu.tw:443)
[Wed Aug 26 03:10:50.380793 2026] [ssl:debug] [pid 2261311:tid 2261311] ssl_engine_kernel.c(254): [client 216.73.216.242:4789] AH02034: Subsequent (No.42) HTTPS request received for child 2 (server 2blog.ilc.edu.tw:443)
[Wed Aug 26 03:10:50.381115 2026] [authz_core:debug] [pid 2261311:tid 2261311] mod_authz_core.c(815): [client 216.73.216.242:4789] AH01626: authorization result of Require all granted: granted
[Wed Aug 26 03:10:50.381129 2026] [authz_core:debug] [pid 2261311:tid 2261311] mod_authz_core.c(815): [client 216.73.216.242:4789] AH01626: authorization result of : granted
[Wed Aug 26 03:10:50.381330 2026] [authz_core:debug] [pid 2261311:tid 2261311] mod_authz_core.c(815): [client 216.73.216.242:4789] AH01626: authorization result of Require all granted: granted
[Wed Aug 26 03:10:50.381346 2026] [authz_core:debug] [pid 2261311:tid 2261311] mod_authz_core.c(815): [client 216.73.216.242:4789] AH01626: authorization result of : granted
[Wed Aug 26 03:10:50.491800 2026] [ssl:debug] [pid 2270608:tid 2270608] ssl_engine_kernel.c(254): [client 216.73.216.242:50150] AH02034: Subsequent (No.33) HTTPS request received for child 15 (server 2blog.ilc.edu.tw:443)
[Wed Aug 26 03:10:50.492002 2026] [authz_core:debug] [pid 2270608:tid 2270608] mod_authz_core.c(815): [client 216.73.216.242:50150] AH01626: authorization result of Require all granted: granted
[Wed Aug 26 03:10:50.492007 2026] [authz_core:debug] [pid 2270608:tid 2270608] mod_authz_core.c(815): [client 216.73.216.242:50150] AH01626: authorization result of : granted
[Wed Aug 26 03:10:50.492179 2026] [authz_core:debug] [pid 2270608:tid 2270608] mod_authz_core.c(815): [client 216.73.216.242:50150] AH01626: authorization result of Require all granted: granted
[Wed Aug 26 03:10:50.492186 2026] [authz_core:debug] [pid 2270608:tid 2270608] mod_authz_core.c(815): [client 216.73.216.242:50150] AH01626: authorization result of : granted
[Wed Aug 26 03:10:50.498960 2026] [ssl:debug] [pid 2266897:tid 2266897] ssl_engine_kernel.c(254): [client 66.249.71.9:58367] AH02034: Subsequent (No.3) HTTPS request received for child 22 (server www.jwes.ilc.edu.tw:443)
[Wed Aug 26 03:10:50.499146 2026] [authz_core:debug] [pid 2266897:tid 2266897] mod_authz_core.c(815): [client 66.249.71.9:58367] AH01626: authorization result of Require all granted: granted
[Wed Aug 26 03:10:50.499152 2026] [authz_core:debug] [pid 2266897:tid 2266897] mod_authz_core.c(815): [client 66.249.71.9:58367] AH01626: authorization result of : granted
[Wed Aug 26 03:10:50.512256 2026] [ssl:debug] [pid 2270801:tid 2270801] ssl_engine_io.c(1150): [client 54.89.90.224:13257] AH02001: Connection closed to child 43 with standard shutdown (server 2blog.ilc.edu.tw:443)
[Wed Aug 26 03:10:50.512768 2026] [deflate:debug] [pid 2270609:tid 2270609] mod_deflate.c(909): [client 216.73.216.242:17831] AH01384: Zlib: Compressed 39854 to 9689 : URL /index.php
[Wed Aug 26 03:10:50.530288 2026] [ssl:info] [pid 2270269:tid 2270269] [client 140.111.67.10:15886] AH01964: Connection to child 5 established (server 2blog.ilc.edu.tw:443)
[Wed Aug 26 03:10:50.530433 2026] [ssl:info] [pid 2270269:tid 2270269] (70014)End of file found: [client 140.111.67.10:15886] AH02006: SSL handshake stopped: connection was closed
[Wed Aug 26 03:10:50.530440 2026] [ssl:info] [pid 2270269:tid 2270269] [client 140.111.67.10:15886] AH01998: Connection closed to child 5 with abortive shutdown (server 2blog.ilc.edu.tw:443)
[Wed Aug 26 03:10:50.582719 2026] [ssl:debug] [pid 2266896:tid 2266896] ssl_engine_kernel.c(254): [client 216.73.216.242:24692] AH02034: Subsequent (No.43) HTTPS request received for child 21 (server 2blog.ilc.edu.tw:443)
[Wed Aug 26 03:10:50.582929 2026] [authz_core:debug] [pid 2266896:tid 2266896] mod_authz_core.c(815): [client 216.73.216.242:24692] AH01626: authorization result of Require all granted: granted
[Wed Aug 26 03:10:50.582934 2026] [authz_core:debug] [pid 2266896:tid 2266896] mod_authz_core.c(815): [client 216.73.216.242:24692] AH01626: authorization result of : granted
[Wed Aug 26 03:10:50.583096 2026] [authz_core:debug] [pid 2266896:tid 2266896] mod_authz_core.c(815): [client 216.73.216.242:24692] AH01626: authorization result of Require all granted: granted
[Wed Aug 26 03:10:50.583101 2026] [authz_core:debug] [pid 2266896:tid 2266896] mod_authz_core.c(815): [client 216.73.216.242:24692] AH01626: authorization result of : granted
[Wed Aug 26 03:10:50.692432 2026] [ssl:debug] [pid 2270450:tid 2270450] ssl_engine_kernel.c(254): [client 216.73.216.242:10336] AH02034: Subsequent (No.40) HTTPS request received for child 12 (server 2blog.ilc.edu.tw:443)
[Wed Aug 26 03:10:50.692632 2026] [authz_core:debug] [pid 2270450:tid 2270450] mod_authz_core.c(815): [client 216.73.216.242:10336] AH01626: authorization result of Require all granted: granted
[Wed Aug 26 03:10:50.692645 2026] [authz_core:debug] [pid 2270450:tid 2270450] mod_authz_core.c(815): [client 216.73.216.242:10336] AH01626: authorization result of : granted
[Wed Aug 26 03:10:50.692794 2026] [authz_core:debug] [pid 2270450:tid 2270450] mod_authz_core.c(815): [client 216.73.216.242:10336] AH01626: authorization result of Require all granted: granted
[Wed Aug 26 03:10:50.692798 2026] [authz_core:debug] [pid 2270450:tid 2270450] mod_authz_core.c(815): [client 216.73.216.242:10336] AH01626: authorization result of : granted
[Wed Aug 26 03:10:50.754554 2026] [deflate:debug] [pid 2270608:tid 2270608] mod_deflate.c(909): [client 216.73.216.242:50150] AH01384: Zlib: Compressed 2843 to 1278 : URL /index.php
[Wed Aug 26 03:10:50.765135 2026] [deflate:debug] [pid 2266896:tid 2266896] mod_deflate.c(909): [client 216.73.216.242:24692] AH01384: Zlib: Compressed 65046 to 13199 : URL /index.php
[Wed Aug 26 03:10:50.792886 2026] [ssl:debug] [pid 2270609:tid 2270609] ssl_engine_kernel.c(254): [client 216.73.216.242:17831] AH02034: Subsequent (No.36) HTTPS request received for child 17 (server 2blog.ilc.edu.tw:443)
[Wed Aug 26 03:10:50.793171 2026] [authz_core:debug] [pid 2270609:tid 2270609] mod_authz_core.c(815): [client 216.73.216.242:17831] AH01626: authorization result of Require all granted: granted
[Wed Aug 26 03:10:50.793182 2026] [authz_core:debug] [pid 2270609:tid 2270609] mod_authz_core.c(815): [client 216.73.216.242:17831] AH01626: authorization result of : granted
[Wed Aug 26 03:10:50.793391 2026] [authz_core:debug] [pid 2270609:tid 2270609] mod_authz_core.c(815): [client 216.73.216.242:17831] AH01626: authorization result of Require all granted: granted
[Wed Aug 26 03:10:50.793399 2026] [authz_core:debug] [pid 2270609:tid 2270609] mod_authz_core.c(815): [client 216.73.216.242:17831] AH01626: authorization result of : granted
[Wed Aug 26 03:10:50.797112 2026] [ssl:debug] [pid 2270791:tid 2270791] ssl_engine_io.c(1150): [client 52.167.144.161:9619] AH02001: Connection closed to child 37 with standard shutdown (server www.smps.ilc.edu.tw:443)
[Wed Aug 26 03:10:50.894387 2026] [ssl:debug] [pid 2261311:tid 2261311] ssl_engine_kernel.c(254): [client 216.73.216.242:4789] AH02034: Subsequent (No.43) HTTPS request received for child 2 (server 2blog.ilc.edu.tw:443)
[Wed Aug 26 03:10:50.894635 2026] [authz_core:debug] [pid 2261311:tid 2261311] mod_authz_core.c(815): [client 216.73.216.242:4789] AH01626: authorization result of Require all granted: granted
[Wed Aug 26 03:10:50.894643 2026] [authz_core:debug] [pid 2261311:tid 2261311] mod_authz_core.c(815): [client 216.73.216.242:4789] AH01626: authorization result of : granted
[Wed Aug 26 03:10:50.894821 2026] [authz_core:debug] [pid 2261311:tid 2261311] mod_authz_core.c(815): [client 216.73.216.242:4789] AH01626: authorization result of Require all granted: granted
[Wed Aug 26 03:10:50.894827 2026] [authz_core:debug] [pid 2261311:tid 2261311] mod_authz_core.c(815): [client 216.73.216.242:4789] AH01626: authorization result of : granted
