::1 - - [26/Aug/2026:21:00:04 +0800] "OPTIONS * HTTP/1.0" 200 110 "-" "Apache/2.4.68 (Ubuntu) OpenSSL/3.0.19 (internal dummy connection)"
66.249.71.9 - - [26/Aug/2026:21:00:00 +0800] "GET /wp-login.php?key=vz561379&_wpnonce=&action=ilc_logout&redirect_to=https%3A%2F%2Fplay.google.com%2Fstore%2Fapps%2Fdetails%3Fid%3Dcom.us.dyjycbt.google HTTP/1.1" 302 8281 "-" "Mozilla/5.0 (Linux; Android 6.0.1; Nexus 5X Build/MMB29P) AppleWebKit/537.36 (KHTML, like Gecko) Chrome/151.0.7922.173 Mobile Safari/537.36 (compatible; Googlebot/2.1; +http://www.google.com/bot.html)"
::1 - - [26/Aug/2026:21:00:05 +0800] "OPTIONS * HTTP/1.0" 200 110 "-" "Apache/2.4.68 (Ubuntu) OpenSSL/3.0.19 (internal dummy connection)"
49.158.150.122 - - [26/Aug/2026:21:00:05 +0800] "-" 408 4803 "-" "-"
49.158.150.122 - - [26/Aug/2026:21:00:05 +0800] "-" 408 4803 "-" "-"
140.111.67.10 - - [26/Aug/2026:21:00:05 +0800] "GET /" 301 273 "-" "-"
::1 - - [26/Aug/2026:21:00:06 +0800] "OPTIONS * HTTP/1.0" 200 110 "-" "Apache/2.4.68 (Ubuntu) OpenSSL/3.0.19 (internal dummy connection)"
111.241.206.99 - - [26/Aug/2026:21:00:06 +0800] "GET /2528/wp-content/uploads/sites/471/2024/12/4.jpg HTTP/1.1" 200 506475 "https://2blog.ilc.edu.tw/2528/" "Mozilla/5.0 (Windows NT 10.0; Win64; x64) AppleWebKit/537.36 (KHTML, like Gecko) Chrome/151.0.0.0 Safari/537.36"
2407:4b00:1c0f:89d8:b0d5:de82:3770:72a4 - - [26/Aug/2026:21:00:06 +0800] "GET /wp-content/uploads/sites/3846/2025/07/%E6%95%99%E8%82%B2%E8%99%95%E9%A6%96%E9%A0%81_%E5%B0%8Fbanner_%E5%AE%9C%E8%98%AD%E7%B8%A3%E6%94%BF%E5%BA%9C%E5%9C%8B%E4%B8%AD%E5%B0%8F%E6%AD%A3%E5%B8%B8%E6%95%99%E5%AD%B8%E8%A6%96%E5%B0%8E-1.png HTTP/1.1" 200 8670 "https://www.ilc.edu.tw/" "Mozilla/5.0 (Linux; Android 10; K) AppleWebKit/537.36 (KHTML, like Gecko) Chrome/151.0.0.0 Mobile Safari/537.36"
2407:4b00:1c0f:89d8:b0d5:de82:3770:72a4 - - [26/Aug/2026:21:00:07 +0800] "GET /wp-content/uploads/sites/3846/2025/09/%E6%95%99%E8%82%B2%E8%99%95%E6%B4%BB%E5%8B%95%E5%B0%88%E5%8D%80%E5%B0%8F%E5%9C%96-2-3.png HTTP/1.1" 200 9664 "https://www.ilc.edu.tw/" "Mozilla/5.0 (Linux; Android 10; K) AppleWebKit/537.36 (KHTML, like Gecko) Chrome/151.0.0.0 Mobile Safari/537.36"
2407:4b00:1c0f:89d8:b0d5:de82:3770:72a4 - - [26/Aug/2026:21:00:07 +0800] "GET /wp-content/uploads/sites/3846/2026/08/%E6%95%99%E8%82%B2%E8%99%95%E6%B4%BB%E5%8B%95%E5%B0%88%E5%8D%80%E5%B0%8F%E5%9C%96-7.png HTTP/1.1" 200 12851 "https://www.ilc.edu.tw/" "Mozilla/5.0 (Linux; Android 10; K) AppleWebKit/537.36 (KHTML, like Gecko) Chrome/151.0.0.0 Mobile Safari/537.36"
127.0.0.1 - - [26/Aug/2026:21:00:07 +0800] "GET / HTTP/1.1" 301 977 "-" "curl/7.81.0"
2407:4b00:1c0f:89d8:b0d5:de82:3770:72a4 - - [26/Aug/2026:21:00:07 +0800] "GET /wp-content/uploads/sites/3846/2025/09/%E6%95%99%E8%82%B2%E8%99%95%E6%B4%BB%E5%8B%95%E5%B0%88%E5%8D%80%E5%B0%8F%E5%9C%96-2-2.png HTTP/1.1" 200 11337 "https://www.ilc.edu.tw/" "Mozilla/5.0 (Linux; Android 10; K) AppleWebKit/537.36 (KHTML, like Gecko) Chrome/151.0.0.0 Mobile Safari/537.36"
127.0.0.1 - - [26/Aug/2026:21:00:07 +0800] "GET / HTTP/1.1" 302 5497 "-" "curl/7.81.0"
127.0.0.1 - - [26/Aug/2026:21:00:07 +0800] "HEAD / HTTP/1.1" 302 5478 "-" "curl/7.81.0"
::1 - - [26/Aug/2026:21:00:07 +0800] "OPTIONS * HTTP/1.0" 200 110 "-" "Apache/2.4.68 (Ubuntu) OpenSSL/3.0.19 (internal dummy connection)"
184.72.84.154 - - [26/Aug/2026:21:00:06 +0800] "GET /wp-content/uploads/sites/1213/11/11-453788.ppt HTTP/1.1" 200 1306575 "-" "Mozilla/5.0 AppleWebKit/537.36 (KHTML, like Gecko; compatible; Amazonbot/0.1; +https://developer.amazon.com/support/amazonbot) Chrome/119.0.6045.214 Safari/537.36"
2001:288:a201::66:125 - - [26/Aug/2026:21:00:08 +0800] "GET /blog/active.php HTTP/1.1" 301 1026 "-" "-"
2001:288:a201::66:125 - - [26/Aug/2026:21:00:08 +0800] "GET /blog/active.php HTTP/1.1" 404 1084 "-" "-"
111.241.206.99 - - [26/Aug/2026:21:00:08 +0800] "GET /2528/wp-content/uploads/sites/471/2024/12/20241205_1111552-1152x1536.jpg HTTP/1.1" 200 625027 "https://2blog.ilc.edu.tw/2528/" "Mozilla/5.0 (Windows NT 10.0; Win64; x64) AppleWebKit/537.36 (KHTML, like Gecko) Chrome/151.0.0.0 Safari/537.36"
::1 - - [26/Aug/2026:21:00:08 +0800] "OPTIONS * HTTP/1.0" 200 110 "-" "Apache/2.4.68 (Ubuntu) OpenSSL/3.0.19 (internal dummy connection)"
44.194.134.53 - - [26/Aug/2026:21:00:08 +0800] "GET /wp-content/uploads/sites/3342/2022/05/?C=N;O%3DA HTTP/1.1" 200 1112 "-" "Mozilla/5.0 AppleWebKit/537.36 (KHTML, like Gecko; compatible; Amazonbot/0.1; +https://developer.amazon.com/support/amazonbot) Chrome/119.0.6045.214 Safari/537.36"
34.30.223.149 - - [26/Aug/2026:21:00:08 +0800] "GET /32745/category/%E7%8E%9F%E9%9D%88/page/2/ HTTP/1.1" 200 91142 "-" "Mozilla/5.0 (Macintosh; Intel Mac OS X 10_15_7) AppleWebKit/537.36 (KHTML, like Gecko) Chrome/120.0.0.0 Safari/537.36"
::1 - - [26/Aug/2026:21:00:09 +0800] "OPTIONS * HTTP/1.0" 200 110 "-" "Apache/2.4.68 (Ubuntu) OpenSSL/3.0.19 (internal dummy connection)"
111.241.252.3 - - [26/Aug/2026:21:00:09 +0800] "GET /?page_id=71 HTTP/1.1" 200 18690 "https://www.ltjh.ilc.edu.tw/?page_id=70" "Mozilla/5.0 (Windows NT 10.0; Win64; x64) AppleWebKit/537.36 (KHTML, like Gecko) Chrome/151.0.0.0 Safari/537.36"
111.241.252.3 - - [26/Aug/2026:21:00:09 +0800] "GET /wp-content/uploads/sites/411/elementor/css/post-71.css HTTP/1.1" 200 939 "https://www.ltjh.ilc.edu.tw/?page_id=71" "Mozilla/5.0 (Windows NT 10.0; Win64; x64) AppleWebKit/537.36 (KHTML, like Gecko) Chrome/151.0.0.0 Safari/537.36"
111.241.206.99 - - [26/Aug/2026:21:00:10 +0800] "GET /2528/wp-content/uploads/sites/471/2024/12/1-1-1024x819.jpg HTTP/1.1" 200 241262 "https://2blog.ilc.edu.tw/2528/" "Mozilla/5.0 (Windows NT 10.0; Win64; x64) AppleWebKit/537.36 (KHTML, like Gecko) Chrome/151.0.0.0 Safari/537.36"
66.249.79.128 - - [26/Aug/2026:21:00:07 +0800] "GET /wp-login.php?action=ilc_logout&_wpnonce=43754d0aad&redirect_to=http://orehcity.ru/join/6696/ HTTP/1.1" 302 3436 "-" "Mozilla/5.0 (Linux; Android 6.0.1; Nexus 5X Build/MMB29P) AppleWebKit/537.36 (KHTML, like Gecko) Chrome/151.0.7922.173 Mobile Safari/537.36 (compatible; GoogleOther)"
::1 - - [26/Aug/2026:21:00:10 +0800] "OPTIONS * HTTP/1.0" 200 110 "-" "Apache/2.4.68 (Ubuntu) OpenSSL/3.0.19 (internal dummy connection)"
3.94.156.104 - - [26/Aug/2026:21:00:10 +0800] "GET /526/2026/08/20/%E5%AE%9C%E8%98%AD%E7%B8%A3%E5%9C%8B%E6%B0%91%E6%95%99%E8%82%B2%E8%BC%94%E5%B0%8E%E5%9C%98115%E5%AD%B8%E5%B9%B4%E5%BA%A6%E5%9C%8B%E5%B0%8F%E8%87%AA%E7%84%B6%E7%A7%91%E5%AD%B8%E9%A0%98%E5%9F%9F/1150817-0818%E9%9D%9E%E5%B0%88%E9%95%B7%E6%95%99%E5%B8%AB%E7%A0%94%E7%BF%92-51/embed/ HTTP/1.1" 200 12610 "-" "Mozilla/5.0 AppleWebKit/537.36 (KHTML, like Gecko; compatible; Amazonbot/0.1; +https://developer.amazon.com/support/amazonbot) Chrome/119.0.6045.214 Safari/537.36"
140.111.67.10 - - [26/Aug/2026:21:00:10 +0800] "GET /" 301 273 "-" "-"
34.10.180.98 - - [26/Aug/2026:21:00:10 +0800] "GET /6461/?p=5402 HTTP/1.1" 301 5662 "-" "Mozilla/5.0 (Macintosh; Intel Mac OS X 10_15_7) AppleWebKit/537.36 (KHTML, like Gecko) Chrome/120.0.0.0 Safari/537.36"
54.156.55.147 - - [26/Aug/2026:21:00:11 +0800] "GET /32745/wp-content/uploads/sites/1271/2021/01/safe_image-40-6-480x245.jpg HTTP/1.1" 200 18778 "-" "Mozilla/5.0 AppleWebKit/537.36 (KHTML, like Gecko; compatible; Amazonbot/0.1; +https://developer.amazon.com/support/amazonbot) Chrome/119.0.6045.214 Safari/537.36"
34.57.162.91 - - [26/Aug/2026:21:00:10 +0800] "GET /wp-json/wp/v2/posts/981 HTTP/1.1" 200 39266 "-" "Mozilla/5.0 (Macintosh; Intel Mac OS X 10_15_7) AppleWebKit/537.36 (KHTML, like Gecko) Chrome/120.0.0.0 Safari/537.36"
54.225.148.123 - - [26/Aug/2026:21:00:11 +0800] "GET /wp-content/uploads/sites/1879/2025/08/?C=N;O%3DA HTTP/1.1" 200 1280 "-" "Mozilla/5.0 AppleWebKit/537.36 (KHTML, like Gecko; compatible; Amazonbot/0.1; +https://developer.amazon.com/support/amazonbot) Chrome/119.0.6045.214 Safari/537.36"
::1 - - [26/Aug/2026:21:00:11 +0800] "OPTIONS * HTTP/1.0" 200 110 "-" "Apache/2.4.68 (Ubuntu) OpenSSL/3.0.19 (internal dummy connection)"
::1 - - [26/Aug/2026:21:00:12 +0800] "OPTIONS * HTTP/1.0" 200 110 "-" "Apache/2.4.68 (Ubuntu) OpenSSL/3.0.19 (internal dummy connection)"
66.249.79.162 - - [26/Aug/2026:21:00:12 +0800] "GET /wp-content/themes/oceanwp/assets/js/vendors/flickity.pkgd.min.js HTTP/1.1" 200 19835 "https://www.nses.ilc.edu.tw/sogukasfalt.com/wwwjojobet990.com/sultanbet-casino.com/ensina.ai/sva.school/ensina.ai/?paged=6" "Mozilla/5.0 (Linux; Android 6.0.1; Nexus 5X Build/MMB29P) AppleWebKit/537.36 (KHTML, like Gecko) Chrome/151.0.7922.173 Mobile Safari/537.36 (compatible; Googlebot/2.1; +http://www.google.com/bot.html)"
111.241.206.99 - - [26/Aug/2026:21:00:12 +0800] "GET /2528/wp-content/uploads/sites/471/2024/12/4-1.jpg HTTP/1.1" 200 380617 "https://2blog.ilc.edu.tw/2528/" "Mozilla/5.0 (Windows NT 10.0; Win64; x64) AppleWebKit/537.36 (KHTML, like Gecko) Chrome/151.0.0.0 Safari/537.36"
2001:288:a201::66:125 - - [26/Aug/2026:21:00:13 +0800] "GET /blog/active.php HTTP/1.1" 301 1026 "-" "-"
2001:288:a201::66:125 - - [26/Aug/2026:21:00:13 +0800] "GET /blog/active.php HTTP/1.1" 404 1084 "-" "-"
216.73.217.64 - - [26/Aug/2026:21:00:13 +0800] "GET /9536/2007/01/30/%e7%a4%be%e5%8d%80%e6%97%a5%e6%9b%86-%e6%b8%af%e5%8f%a3%e7%a4%be%e5%8d%80-%e6%bc%81%e8%b2%a8%e7%9b%b4%e9%8a%b7%e4%b8%ad%e5%bf%83/ShowPhoto.asp?picture_filename=YCEF20070130-02.jpg HTTP/1.1" 404 30229 "-" "Mozilla/5.0 AppleWebKit/537.36 (KHTML, like Gecko; compatible; ClaudeBot/1.0; +claudebot@anthropic.com)"
::1 - - [26/Aug/2026:21:00:13 +0800] "OPTIONS * HTTP/1.0" 200 110 "-" "Apache/2.4.68 (Ubuntu) OpenSSL/3.0.19 (internal dummy connection)"
34.123.149.87 - - [26/Aug/2026:21:00:13 +0800] "GET /32745/wp-json/oembed/1.0/embed?url=https://2blog.ilc.edu.tw/32745/2024/09/12/%25e4%25bd%25a0-5/ HTTP/1.1" 200 8192 "-" "Mozilla/5.0 (Macintosh; Intel Mac OS X 10_15_7) AppleWebKit/537.36 (KHTML, like Gecko) Chrome/120.0.0.0 Safari/537.36"
2401:e180:8d82:1848:5c2d:3699:3e37:78c3 - - [26/Aug/2026:21:00:13 +0800] "POST /wp-json/wp-statistics/v2/online HTTP/1.1" 200 1422 "https://www.npes.ilc.edu.tw/" "Mozilla/5.0 (Windows NT 10.0; Win64; x64) AppleWebKit/537.36 (KHTML, like Gecko) Chrome/151.0.0.0 Safari/537.36"
::1 - - [26/Aug/2026:21:00:14 +0800] "OPTIONS * HTTP/1.0" 200 110 "-" "Apache/2.4.68 (Ubuntu) OpenSSL/3.0.19 (internal dummy connection)"
54.84.250.51 - - [26/Aug/2026:21:00:14 +0800] "GET /6572/2015/10/22/104_3-7-2_%E8%BE%A6%E7%90%86%E9%A3%9F%E8%BE%B2%E6%95%99%E8%82%B2%E5%AE%A3%E5%B0%8E%EF%BC%8C%E5%AE%A3%E5%B0%8E%E6%9C%89%E6%A9%9F%E9%A3%B2%E9%A3%9F/ HTTP/1.1" 200 16020 "-" "Mozilla/5.0 AppleWebKit/537.36 (KHTML, like Gecko; compatible; Amazonbot/0.1; +https://developer.amazon.com/support/amazonbot) Chrome/119.0.6045.214 Safari/537.36"
66.249.79.162 - - [26/Aug/2026:21:00:14 +0800] "GET /starzbetxresmi/a/sportsbettingontario.org/reliable-sports-betting-sites/?paged=19 HTTP/1.1" 200 24156 "-" "Mozilla/5.0 (Linux; Android 6.0.1; Nexus 5X Build/MMB29P) AppleWebKit/537.36 (KHTML, like Gecko) Chrome/151.0.7922.173 Mobile Safari/537.36 (compatible; Googlebot/2.1; +http://www.google.com/bot.html)"
35.171.117.160 - - [26/Aug/2026:21:00:15 +0800] "GET /wp-content/uploads/sites/2518/6572/6572-4188277.jpg HTTP/1.1" 200 35701 "-" "Mozilla/5.0 AppleWebKit/537.36 (KHTML, like Gecko; compatible; Amazonbot/0.1; +https://developer.amazon.com/support/amazonbot) Chrome/119.0.6045.214 Safari/537.36"
::1 - - [26/Aug/2026:21:00:15 +0800] "OPTIONS * HTTP/1.0" 200 110 "-" "Apache/2.4.68 (Ubuntu) OpenSSL/3.0.19 (internal dummy connection)"
111.241.206.99 - - [26/Aug/2026:21:00:15 +0800] "GET /2528/wp-content/uploads/sites/471/2024/12/20241205_120938-1024x576.jpg HTTP/1.1" 200 76245 "https://2blog.ilc.edu.tw/2528/" "Mozilla/5.0 (Windows NT 10.0; Win64; x64) AppleWebKit/537.36 (KHTML, like Gecko) Chrome/151.0.0.0 Safari/537.36"
140.111.67.10 - - [26/Aug/2026:21:00:15 +0800] "GET /" 301 273 "-" "-"
66.249.79.232 - - [26/Aug/2026:21:00:15 +0800] "GET / HTTP/1.1" 200 22423 "-" "Mozilla/5.0 (Linux; Android 6.0.1; Nexus 5X Build/MMB29P) AppleWebKit/537.36 (KHTML, like Gecko) Chrome/151.0.7922.173 Mobile Safari/537.36 (compatible; Googlebot/2.1; +http://www.google.com/bot.html)"
::1 - - [26/Aug/2026:21:00:16 +0800] "OPTIONS * HTTP/1.0" 200 110 "-" "Apache/2.4.68 (Ubuntu) OpenSSL/3.0.19 (internal dummy connection)"
::1 - - [26/Aug/2026:21:00:17 +0800] "OPTIONS * HTTP/1.0" 200 110 "-" "Apache/2.4.68 (Ubuntu) OpenSSL/3.0.19 (internal dummy connection)"
34.30.223.149 - - [26/Aug/2026:21:00:16 +0800] "GET /ssjhnl/wp-content/uploads/sites/4164/2025/12/IMG_0929-scaled.jpg HTTP/1.1" 200 754643 "-" "Mozilla/5.0 (Macintosh; Intel Mac OS X 10_15_7) AppleWebKit/537.36 (KHTML, like Gecko) Chrome/120.0.0.0 Safari/537.36"
111.241.206.99 - - [26/Aug/2026:21:00:18 +0800] "GET /2528/wp-content/uploads/sites/471/2024/12/2-1-1024x819.jpg HTTP/1.1" 200 199228 "https://2blog.ilc.edu.tw/2528/" "Mozilla/5.0 (Windows NT 10.0; Win64; x64) AppleWebKit/537.36 (KHTML, like Gecko) Chrome/151.0.0.0 Safari/537.36"
2001:288:a201::66:125 - - [26/Aug/2026:21:00:18 +0800] "GET /blog/active.php HTTP/1.1" 301 1026 "-" "-"
2001:288:a201::66:125 - - [26/Aug/2026:21:00:18 +0800] "GET /blog/active.php HTTP/1.1" 404 1084 "-" "-"
::1 - - [26/Aug/2026:21:00:18 +0800] "OPTIONS * HTTP/1.0" 200 110 "-" "Apache/2.4.68 (Ubuntu) OpenSSL/3.0.19 (internal dummy connection)"
2001:4860:7:50c::f1 - - [26/Aug/2026:21:00:18 +0800] "GET /11524/ HTTP/1.1" 200 22159 "https://www.google.com/" "Mozilla/5.0 (Windows NT 10.0; Win64; x64) AppleWebKit/537.36 (KHTML, like Gecko) Chrome/151.0.0.0 Safari/537.36"
52.200.58.199 - - [26/Aug/2026:21:00:18 +0800] "GET /wp-content/uploads/sites/1144/2025/?C=S;O%3DD HTTP/1.1" 200 1305 "-" "Mozilla/5.0 AppleWebKit/537.36 (KHTML, like Gecko; compatible; Amazonbot/0.1; +https://developer.amazon.com/support/amazonbot) Chrome/119.0.6045.214 Safari/537.36"
52.73.6.26 - - [26/Aug/2026:21:00:19 +0800] "GET /32745/2021/10/09/%E6%AF%8F%E4%B8%80%E5%86%AC%E7%9A%84%E6%AF%8F%E4%B8%80%E6%97%A5/embed/ HTTP/1.1" 200 12846 "-" "Mozilla/5.0 AppleWebKit/537.36 (KHTML, like Gecko; compatible; Amazonbot/0.1; +https://developer.amazon.com/support/amazonbot) Chrome/119.0.6045.214 Safari/537.36"
66.249.71.9 - - [26/Aug/2026:21:00:17 +0800] "GET /wp-login.php?action=ilc_logout&_wpnonce=43754d0aad&redirect_to=http://uristnews.ru/gallery/6240/ HTTP/1.1" 302 8247 "-" "Mozilla/5.0 (Linux; Android 6.0.1; Nexus 5X Build/MMB29P) AppleWebKit/537.36 (KHTML, like Gecko) Chrome/151.0.7922.173 Mobile Safari/537.36 (compatible; GoogleOther)"
111.241.206.99 - - [26/Aug/2026:21:00:19 +0800] "GET /2528/wp-content/uploads/sites/471/2024/12/3-1.jpg HTTP/1.1" 200 1272359 "https://2blog.ilc.edu.tw/2528/" "Mozilla/5.0 (Windows NT 10.0; Win64; x64) AppleWebKit/537.36 (KHTML, like Gecko) Chrome/151.0.0.0 Safari/537.36"
66.249.79.163 - - [26/Aug/2026:21:00:20 +0800] "GET /wp-content/themes/oceanwp/assets/css/third/simple-line-icons.min.css HTTP/1.1" 200 8108 "https://www.nses.ilc.edu.tw/starzbetxresmi/a/sportsbettingontario.org/reliable-sports-betting-sites/?paged=19" "Mozilla/5.0 (Linux; Android 6.0.1; Nexus 5X Build/MMB29P) AppleWebKit/537.36 (KHTML, like Gecko) Chrome/151.0.7922.173 Mobile Safari/537.36 (compatible; Googlebot/2.1; +http://www.google.com/bot.html)"
34.123.149.87 - - [26/Aug/2026:21:00:19 +0800] "GET /kses1093a/2021/09/02/ HTTP/1.1" 200 17998 "-" "Mozilla/5.0 (Macintosh; Intel Mac OS X 10_15_7) AppleWebKit/537.36 (KHTML, like Gecko) Chrome/120.0.0.0 Safari/537.36"
1.169.4.52 - - [26/Aug/2026:21:00:20 +0800] "-" 408 4803 "-" "-"
140.111.67.10 - - [26/Aug/2026:21:00:20 +0800] "GET /" 301 273 "-" "-"
111.241.206.99 - - [26/Aug/2026:21:00:21 +0800] "GET /2528/wp-content/uploads/sites/471/2024/12/5-1-1024x819.jpg HTTP/1.1" 200 189542 "https://2blog.ilc.edu.tw/2528/" "Mozilla/5.0 (Windows NT 10.0; Win64; x64) AppleWebKit/537.36 (KHTML, like Gecko) Chrome/151.0.0.0 Safari/537.36"
44.210.204.255 - - [26/Aug/2026:21:00:19 +0800] "GET /wp-content/uploads/sites/2518/6572/6572-1579198.jpg HTTP/1.1" 200 25182 "-" "Mozilla/5.0 AppleWebKit/537.36 (KHTML, like Gecko; compatible; Amazonbot/0.1; +https://developer.amazon.com/support/amazonbot) Chrome/119.0.6045.214 Safari/537.36"
::1 - - [26/Aug/2026:21:00:21 +0800] "OPTIONS * HTTP/1.0" 200 110 "-" "Apache/2.4.68 (Ubuntu) OpenSSL/3.0.19 (internal dummy connection)"
2001:b400:e297:6d76:2d2b:ebfd:bb5a:4144 - - [26/Aug/2026:21:00:21 +0800] "GET / HTTP/1.1" 200 20252 "https://www.google.com/" "Mozilla/5.0 (iPhone; CPU iPhone OS 18_7 like Mac OS X) AppleWebKit/605.1.15 (KHTML, like Gecko) Version/26.6 Mobile/15E148 Safari/604.1"
2001:b400:e297:6d76:2d2b:ebfd:bb5a:4144 - - [26/Aug/2026:21:00:21 +0800] "GET /wp-content/cache/www.kfps.ilc.edu.tw/wpfc-minified/20f8bduk/6wlp.css HTTP/1.1" 200 40884 "https://www.kfps.ilc.edu.tw/" "Mozilla/5.0 (iPhone; CPU iPhone OS 18_7 like Mac OS X) AppleWebKit/605.1.15 (KHTML, like Gecko) Version/26.6 Mobile/15E148 Safari/604.1"
2001:b400:e297:6d76:2d2b:ebfd:bb5a:4144 - - [26/Aug/2026:21:00:21 +0800] "GET /wp-content/uploads/sites/1158/2026/03/%E7%A9%BA%E6%B0%A3%E5%93%81%E8%B3%AALOGO.png HTTP/1.1" 200 28267 "https://www.kfps.ilc.edu.tw/" "Mozilla/5.0 (iPhone; CPU iPhone OS 18_7 like Mac OS X) AppleWebKit/605.1.15 (KHTML, like Gecko) Version/26.6 Mobile/15E148 Safari/604.1"
2001:b400:e297:6d76:2d2b:ebfd:bb5a:4144 - - [26/Aug/2026:21:00:21 +0800] "GET /wp-content/cache/www.kfps.ilc.edu.tw/wpfc-minified/8jjt1ger/6wlp.css HTTP/1.1" 200 20581 "https://www.kfps.ilc.edu.tw/" "Mozilla/5.0 (iPhone; CPU iPhone OS 18_7 like Mac OS X) AppleWebKit/605.1.15 (KHTML, like Gecko) Version/26.6 Mobile/15E148 Safari/604.1"
2001:b400:e297:6d76:2d2b:ebfd:bb5a:4144 - - [26/Aug/2026:21:00:21 +0800] "GET /wp-content/cache/www.kfps.ilc.edu.tw/wpfc-minified/7kbdfhho/6wlp.js HTTP/1.1" 200 40362 "https://www.kfps.ilc.edu.tw/" "Mozilla/5.0 (iPhone; CPU iPhone OS 18_7 like Mac OS X) AppleWebKit/605.1.15 (KHTML, like Gecko) Version/26.6 Mobile/15E148 Safari/604.1"
2001:b400:e297:6d76:2d2b:ebfd:bb5a:4144 - - [26/Aug/2026:21:00:21 +0800] "GET /wp-content/cache/www.kfps.ilc.edu.tw/wpfc-minified/e6237202/6wlp.css HTTP/1.1" 200 5961 "https://www.kfps.ilc.edu.tw/" "Mozilla/5.0 (iPhone; CPU iPhone OS 18_7 like Mac OS X) AppleWebKit/605.1.15 (KHTML, like Gecko) Version/26.6 Mobile/15E148 Safari/604.1"
2001:b400:e297:6d76:2d2b:ebfd:bb5a:4144 - - [26/Aug/2026:21:00:21 +0800] "GET /wp-includes/js/hoverintent-js.min.js HTTP/1.1" 200 1597 "https://www.kfps.ilc.edu.tw/" "Mozilla/5.0 (iPhone; CPU iPhone OS 18_7 like Mac OS X) AppleWebKit/605.1.15 (KHTML, like Gecko) Version/26.6 Mobile/15E148 Safari/604.1"
2001:b400:e297:6d76:2d2b:ebfd:bb5a:4144 - - [26/Aug/2026:21:00:21 +0800] "GET /wp-includes/js/admin-bar.min.js HTTP/1.1" 200 2237 "https://www.kfps.ilc.edu.tw/" "Mozilla/5.0 (iPhone; CPU iPhone OS 18_7 like Mac OS X) AppleWebKit/605.1.15 (KHTML, like Gecko) Version/26.6 Mobile/15E148 Safari/604.1"
2001:b400:e297:6d76:2d2b:ebfd:bb5a:4144 - - [26/Aug/2026:21:00:21 +0800] "GET /wp-includes/js/imagesloaded.min.js HTTP/1.1" 200 2683 "https://www.kfps.ilc.edu.tw/" "Mozilla/5.0 (iPhone; CPU iPhone OS 18_7 like Mac OS X) AppleWebKit/605.1.15 (KHTML, like Gecko) Version/26.6 Mobile/15E148 Safari/604.1"
2001:b400:e297:6d76:2d2b:ebfd:bb5a:4144 - - [26/Aug/2026:21:00:21 +0800] "GET /wp-content/themes/oceanwp/assets/js/theme.min.js HTTP/1.1" 200 5130 "https://www.kfps.ilc.edu.tw/" "Mozilla/5.0 (iPhone; CPU iPhone OS 18_7 like Mac OS X) AppleWebKit/605.1.15 (KHTML, like Gecko) Version/26.6 Mobile/15E148 Safari/604.1"
2001:b400:e297:6d76:2d2b:ebfd:bb5a:4144 - - [26/Aug/2026:21:00:21 +0800] "GET /wp-content/themes/oceanwp/assets/js/drop-down-mobile-menu.min.js HTTP/1.1" 200 4663 "https://www.kfps.ilc.edu.tw/" "Mozilla/5.0 (iPhone; CPU iPhone OS 18_7 like Mac OS X) AppleWebKit/605.1.15 (KHTML, like Gecko) Version/26.6 Mobile/15E148 Safari/604.1"
2001:b400:e297:6d76:2d2b:ebfd:bb5a:4144 - - [26/Aug/2026:21:00:21 +0800] "GET /wp-content/themes/oceanwp/assets/js/drop-down-search.min.js HTTP/1.1" 200 2968 "https://www.kfps.ilc.edu.tw/" "Mozilla/5.0 (iPhone; CPU iPhone OS 18_7 like Mac OS X) AppleWebKit/605.1.15 (KHTML, like Gecko) Version/26.6 Mobile/15E148 Safari/604.1"
2001:b400:e297:6d76:2d2b:ebfd:bb5a:4144 - - [26/Aug/2026:21:00:21 +0800] "GET /wp-content/themes/oceanwp/assets/js/ow-lightbox.min.js HTTP/1.1" 200 2321 "https://www.kfps.ilc.edu.tw/" "Mozilla/5.0 (iPhone; CPU iPhone OS 18_7 like Mac OS X) AppleWebKit/605.1.15 (KHTML, like Gecko) Version/26.6 Mobile/15E148 Safari/604.1"
2001:b400:e297:6d76:2d2b:ebfd:bb5a:4144 - - [26/Aug/2026:21:00:21 +0800] "GET /wp-content/themes/oceanwp/assets/js/vendors/magnific-popup.min.js HTTP/1.1" 200 8270 "https://www.kfps.ilc.edu.tw/" "Mozilla/5.0 (iPhone; CPU iPhone OS 18_7 like Mac OS X) AppleWebKit/605.1.15 (KHTML, like Gecko) Version/26.6 Mobile/15E148 Safari/604.1"
2001:b400:e297:6d76:2d2b:ebfd:bb5a:4144 - - [26/Aug/2026:21:00:21 +0800] "GET /wp-content/themes/oceanwp/assets/js/vendors/flickity.pkgd.min.js HTTP/1.1" 200 15048 "https://www.kfps.ilc.edu.tw/" "Mozilla/5.0 (iPhone; CPU iPhone OS 18_7 like Mac OS X) AppleWebKit/605.1.15 (KHTML, like Gecko) Version/26.6 Mobile/15E148 Safari/604.1"
2001:b400:e297:6d76:2d2b:ebfd:bb5a:4144 - - [26/Aug/2026:21:00:21 +0800] "GET /wp-content/themes/oceanwp/assets/js/ow-slider.min.js HTTP/1.1" 200 1761 "https://www.kfps.ilc.edu.tw/" "Mozilla/5.0 (iPhone; CPU iPhone OS 18_7 like Mac OS X) AppleWebKit/605.1.15 (KHTML, like Gecko) Version/26.6 Mobile/15E148 Safari/604.1"
2001:b400:e297:6d76:2d2b:ebfd:bb5a:4144 - - [26/Aug/2026:21:00:22 +0800] "GET /wp-content/themes/oceanwp/assets/js/select.min.js HTTP/1.1" 200 2408 "https://www.kfps.ilc.edu.tw/" "Mozilla/5.0 (iPhone; CPU iPhone OS 18_7 like Mac OS X) AppleWebKit/605.1.15 (KHTML, like Gecko) Version/26.6 Mobile/15E148 Safari/604.1"
2001:b400:e297:6d76:2d2b:ebfd:bb5a:4144 - - [26/Aug/2026:21:00:22 +0800] "GET /wp-content/themes/oceanwp/assets/js/scroll-effect.min.js HTTP/1.1" 200 4127 "https://www.kfps.ilc.edu.tw/" "Mozilla/5.0 (iPhone; CPU iPhone OS 18_7 like Mac OS X) AppleWebKit/605.1.15 (KHTML, like Gecko) Version/26.6 Mobile/15E148 Safari/604.1"
2001:b400:e297:6d76:2d2b:ebfd:bb5a:4144 - - [26/Aug/2026:21:00:22 +0800] "GET /wp-content/themes/oceanwp/assets/js/scroll-top.min.js HTTP/1.1" 200 3202 "https://www.kfps.ilc.edu.tw/" "Mozilla/5.0 (iPhone; CPU iPhone OS 18_7 like Mac OS X) AppleWebKit/605.1.15 (KHTML, like Gecko) Version/26.6 Mobile/15E148 Safari/604.1"
2001:b400:e297:6d76:2d2b:ebfd:bb5a:4144 - - [26/Aug/2026:21:00:22 +0800] "GET /wp-content/plugins/ocean-extra/includes/widgets/js/flickr.min.js HTTP/1.1" 200 1319 "https://www.kfps.ilc.edu.tw/" "Mozilla/5.0 (iPhone; CPU iPhone OS 18_7 like Mac OS X) AppleWebKit/605.1.15 (KHTML, like Gecko) Version/26.6 Mobile/15E148 Safari/604.1"
2001:b400:e297:6d76:2d2b:ebfd:bb5a:4144 - - [26/Aug/2026:21:00:22 +0800] "GET /wp-content/cache/www.kfps.ilc.edu.tw/wpfc-minified/6mqw62g3/6wlp.css HTTP/1.1" 200 66109 "https://www.kfps.ilc.edu.tw/" "Mozilla/5.0 (iPhone; CPU iPhone OS 18_7 like Mac OS X) AppleWebKit/605.1.15 (KHTML, like Gecko) Version/26.6 Mobile/15E148 Safari/604.1"
100.29.63.24 - - [26/Aug/2026:21:00:22 +0800] "GET /wp-content/uploads/sites/1175/2024/05/?C=M;O%3DA HTTP/1.1" 200 1113 "-" "Mozilla/5.0 AppleWebKit/537.36 (KHTML, like Gecko; compatible; Amazonbot/0.1; +https://developer.amazon.com/support/amazonbot) Chrome/119.0.6045.214 Safari/537.36"
2001:288:a201::66:125 - - [26/Aug/2026:21:00:23 +0800] "GET /blog/active.php HTTP/1.1" 301 1026 "-" "-"
2001:288:a201::66:125 - - [26/Aug/2026:21:00:23 +0800] "GET /blog/active.php HTTP/1.1" 404 1084 "-" "-"
::1 - - [26/Aug/2026:21:00:23 +0800] "OPTIONS * HTTP/1.0" 200 110 "-" "Apache/2.4.68 (Ubuntu) OpenSSL/3.0.19 (internal dummy connection)"
111.241.206.99 - - [26/Aug/2026:21:00:23 +0800] "GET /2528/wp-content/uploads/sites/471/2024/12/6-1024x819.jpg HTTP/1.1" 200 176167 "https://2blog.ilc.edu.tw/2528/" "Mozilla/5.0 (Windows NT 10.0; Win64; x64) AppleWebKit/537.36 (KHTML, like Gecko) Chrome/151.0.0.0 Safari/537.36"
111.241.206.99 - - [26/Aug/2026:21:00:24 +0800] "GET /2528/wp-content/uploads/sites/471/2024/12/8-1024x819.jpg HTTP/1.1" 200 210265 "https://2blog.ilc.edu.tw/2528/" "Mozilla/5.0 (Windows NT 10.0; Win64; x64) AppleWebKit/537.36 (KHTML, like Gecko) Chrome/151.0.0.0 Safari/537.36"
::1 - - [26/Aug/2026:21:00:24 +0800] "OPTIONS * HTTP/1.0" 200 110 "-" "Apache/2.4.68 (Ubuntu) OpenSSL/3.0.19 (internal dummy connection)"
2001:b400:e297:6d76:2d2b:ebfd:bb5a:4144 - - [26/Aug/2026:21:00:24 +0800] "GET /wp-content/themes/oceanwp/assets/fonts/fontawesome/webfonts/fa-regular-400.woff2 HTTP/1.1" 200 30187 "https://www.kfps.ilc.edu.tw/" "Mozilla/5.0 (iPhone; CPU iPhone OS 18_7 like Mac OS X) AppleWebKit/605.1.15 (KHTML, like Gecko) Version/26.6 Mobile/15E148 Safari/604.1"
2001:b400:e297:6d76:2d2b:ebfd:bb5a:4144 - - [26/Aug/2026:21:00:24 +0800] "GET /wp-content/themes/oceanwp/assets/fonts/fontawesome/webfonts/fa-solid-900.woff2 HTTP/1.1" 200 156050 "https://www.kfps.ilc.edu.tw/" "Mozilla/5.0 (iPhone; CPU iPhone OS 18_7 like Mac OS X) AppleWebKit/605.1.15 (KHTML, like Gecko) Version/26.6 Mobile/15E148 Safari/604.1"
34.10.180.98 - - [26/Aug/2026:21:00:24 +0800] "GET /6421/2013/11/08/%E4%BA%8C%E3%80%815%E7%B5%90%E5%90%88%E6%B0%91%E9%96%93%E5%9C%98%E9%AB%94%E3%80%81%E5%9C%B0%E6%96%B9%E7%94%A2%E6%A5%AD%E5%92%8C%E7%A4%BE%E5%8D%80%E8%B3%87%E6%BA%90%E8%BE%A6%E7%90%86%E7%92%B0%E5%A2%83/ HTTP/1.1" 200 16310 "-" "Mozilla/5.0 (Macintosh; Intel Mac OS X 10_15_7) AppleWebKit/537.36 (KHTML, like Gecko) Chrome/120.0.0.0 Safari/537.36"
111.241.206.99 - - [26/Aug/2026:21:00:25 +0800] "GET /2528/wp-content/uploads/sites/471/2024/12/7.jpg HTTP/1.1" 200 445714 "https://2blog.ilc.edu.tw/2528/" "Mozilla/5.0 (Windows NT 10.0; Win64; x64) AppleWebKit/537.36 (KHTML, like Gecko) Chrome/151.0.0.0 Safari/537.36"
140.111.67.10 - - [26/Aug/2026:21:00:25 +0800] "GET /" 301 273 "-" "-"
61.64.162.61 - - [26/Aug/2026:21:00:24 +0800] "GET /wp-content/uploads/sites/893/1279/1279-3544480.png HTTP/1.1" 200 116171 "https://www.google.com/" "Mozilla/5.0 (Macintosh; Intel Mac OS X 10_15_7) AppleWebKit/605.1.15 (KHTML, like Gecko) Version/17.4.1 Safari/605.1.15"
66.249.79.231 - - [26/Aug/2026:21:00:26 +0800] "GET /wp-content/cache/www.waldorf.ilc.edu.tw/wpfc-minified/g1ne7hpx/6xg3.css HTTP/1.1" 200 53150 "https://www.waldorf.ilc.edu.tw/" "Mozilla/5.0 (Linux; Android 6.0.1; Nexus 5X Build/MMB29P) AppleWebKit/537.36 (KHTML, like Gecko) Chrome/151.0.7922.173 Mobile Safari/537.36 (compatible; Googlebot/2.1; +http://www.google.com/bot.html)"
2407:4b00:1c0f:89d8:b0d5:de82:3770:72a4 - - [26/Aug/2026:21:00:27 +0800] "-" 408 339 "-" "-"
111.241.206.99 - - [26/Aug/2026:21:00:27 +0800] "GET /2528/wp-content/uploads/sites/471/2024/12/9.jpg HTTP/1.1" 200 407231 "https://2blog.ilc.edu.tw/2528/" "Mozilla/5.0 (Windows NT 10.0; Win64; x64) AppleWebKit/537.36 (KHTML, like Gecko) Chrome/151.0.0.0 Safari/537.36"
40.77.167.28 - - [26/Aug/2026:21:00:25 +0800] "GET /26150/2014/07/07/ HTTP/1.1" 200 21469 "-" "Mozilla/5.0 AppleWebKit/537.36 (KHTML, like Gecko; compatible; bingbot/2.0; +http://www.bing.com/bingbot.htm) Chrome/116.0.1938.76 Safari/537.36"
2001:288:a201::66:125 - - [26/Aug/2026:21:00:28 +0800] "GET /blog/active.php HTTP/1.1" 301 1026 "-" "-"
2001:288:a201::66:125 - - [26/Aug/2026:21:00:28 +0800] "GET /blog/active.php HTTP/1.1" 404 1084 "-" "-"
111.241.252.3 - - [26/Aug/2026:21:00:29 +0800] "-" 408 339 "-" "-"
2001:b400:e297:6d76:2d2b:ebfd:bb5a:4144 - - [26/Aug/2026:21:00:24 +0800] "GET /wp-content/uploads/sites/1158/2024/10/%E5%85%89%E5%BE%A9%E9%A6%96%E9%A0%812.jpg HTTP/1.1" 200 584590 "https://www.kfps.ilc.edu.tw/" "Mozilla/5.0 (iPhone; CPU iPhone OS 18_7 like Mac OS X) AppleWebKit/605.1.15 (KHTML, like Gecko) Version/26.6 Mobile/15E148 Safari/604.1"
2407:4b00:4c0c:8321:80a6:37b0:ba7c:64c - - [26/Aug/2026:21:00:29 +0800] "GET / HTTP/1.1" 200 24669 "-" "Mozilla/5.0 (Windows NT 10.0; Win64; x64) AppleWebKit/537.36 (KHTML, like Gecko) Chrome/151.0.0.0 Safari/537.36"
2402:7500:469:2445:79d4:dba0:f147:a3c7 - - [26/Aug/2026:21:00:29 +0800] "GET / HTTP/1.1" 200 20715 "-" "Mozilla/5.0 (iPhone; CPU iPhone OS 18_7 like Mac OS X) AppleWebKit/605.1.15 (KHTML, like Gecko) Version/18.7.5 Mobile/15E148 Safari/604.1"
140.111.67.10 - - [26/Aug/2026:21:00:30 +0800] "GET /" 301 273 "-" "-"
52.73.142.41 - - [26/Aug/2026:21:00:31 +0800] "GET /wp-content/uploads/sites/2518/6572/6572-3261748.jpg HTTP/1.1" 200 28734 "-" "Mozilla/5.0 AppleWebKit/537.36 (KHTML, like Gecko; compatible; Amazonbot/0.1; +https://developer.amazon.com/support/amazonbot) Chrome/119.0.6045.214 Safari/537.36"
111.241.206.99 - - [26/Aug/2026:21:00:31 +0800] "GET /2528/wp-content/uploads/sites/471/2024/12/IMG_9630-EDIT-1024x769.jpg HTTP/1.1" 200 121439 "https://2blog.ilc.edu.tw/2528/" "Mozilla/5.0 (Windows NT 10.0; Win64; x64) AppleWebKit/537.36 (KHTML, like Gecko) Chrome/151.0.0.0 Safari/537.36"
2001:b400:e297:6d76:2d2b:ebfd:bb5a:4144 - - [26/Aug/2026:21:00:31 +0800] "GET /wp-content/uploads/sites/1158/2020/08/cropped-kfps.LOGO_.transparent-2-32x32.png HTTP/1.1" 200 8201 "https://www.kfps.ilc.edu.tw/" "Mozilla/5.0 (iPhone; CPU iPhone OS 18_7 like Mac OS X) AppleWebKit/605.1.15 (KHTML, like Gecko) Version/26.6 Mobile/15E148 Safari/604.1"
2001:b400:e297:6d76:2d2b:ebfd:bb5a:4144 - - [26/Aug/2026:21:00:32 +0800] "GET /wp-content/uploads/sites/1158/2020/08/cropped-kfps.LOGO_.transparent-2-192x192.png HTTP/1.1" 200 40729 "https://www.kfps.ilc.edu.tw/" "Mozilla/5.0 (iPhone; CPU iPhone OS 18_7 like Mac OS X) AppleWebKit/605.1.15 (KHTML, like Gecko) Version/26.6 Mobile/15E148 Safari/604.1"
34.123.149.87 - - [26/Aug/2026:21:00:32 +0800] "GET /25915/2013/10/%E4%BE%BF%E5%AE%9C%E6%96%B9%E4%BE%BF%E5%A5%BD%E7%94%A8%E7%9A%84%E8%A7%A3%E5%89%96%E9%A1%AF%E5%BE%AE%E9%8F%A1/ HTTP/1.1" 200 17467 "-" "Mozilla/5.0 (Macintosh; Intel Mac OS X 10_15_7) AppleWebKit/537.36 (KHTML, like Gecko) Chrome/120.0.0.0 Safari/537.36"
198.46.154.22 - - [26/Aug/2026:21:00:32 +0800] "GET /wp-login.php?redirect_to=https://www.kles.ilc.edu.tw/wp-admin&ilc_multi=Y&ilc_blog_id=1317 HTTP/1.1" 200 20217 "-" "Mozilla/5.0 (Windows NT 6.1; Win64; x64) AppleWebKit/537.36 (KHTML, like Gecko) Chrome/46.0.2490.22 Safari/537.36"
2001:288:a201::66:125 - - [26/Aug/2026:21:00:33 +0800] "GET /blog/active.php HTTP/1.1" 301 1026 "-" "-"
2001:288:a201::66:125 - - [26/Aug/2026:21:00:33 +0800] "GET /blog/active.php HTTP/1.1" 404 1084 "-" "-"
108.167.161.148 - - [26/Aug/2026:21:00:33 +0800] "GET /sitemap.xml HTTP/1.1" 301 5746 "-" "Mozilla/5.0 (Windows NT 10.0; Win64; x64) AppleWebKit/537.36 (KHTML, like Gecko) Chrome/151.0.0.0 Safari/537.36, Mozilla/5.0 (Windows NT 10.0; Win64; x64) AppleWebKit/537.36 (KHTML, like Gecko) Chrome/151.0.0.0 Safari/537.36"
54.166.126.132 - - [26/Aug/2026:21:00:35 +0800] "GET /6423/2019/11/19/108_2-2-8%E5%88%86%E9%A1%9E%E6%9C%80%E5%9C%A8%E8%A1%8C/embed/ HTTP/1.1" 200 12318 "-" "Mozilla/5.0 AppleWebKit/537.36 (KHTML, like Gecko; compatible; Amazonbot/0.1; +https://developer.amazon.com/support/amazonbot) Chrome/119.0.6045.214 Safari/537.36"
140.111.67.10 - - [26/Aug/2026:21:00:35 +0800] "GET /" 301 273 "-" "-"
216.73.217.64 - - [26/Aug/2026:21:00:36 +0800] "GET /9536/wp-json/wp/v2/posts/54555 HTTP/1.1" 200 10405 "-" "Mozilla/5.0 AppleWebKit/537.36 (KHTML, like Gecko; compatible; ClaudeBot/1.0; +claudebot@anthropic.com)"
216.73.217.64 - - [26/Aug/2026:21:00:36 +0800] "GET /32745/2021/09/page/74/ HTTP/1.1" 200 91374 "-" "Mozilla/5.0 AppleWebKit/537.36 (KHTML, like Gecko; compatible; ClaudeBot/1.0; +claudebot@anthropic.com)"
1.169.11.173 - - [26/Aug/2026:21:00:37 +0800] "-" 408 4791 "-" "-"
108.167.161.148 - - [26/Aug/2026:21:00:36 +0800] "GET /sitemap.xml/ HTTP/1.1" 200 15634 "-" "Mozilla/5.0 (Windows NT 10.0; Win64; x64) AppleWebKit/537.36 (KHTML, like Gecko) Chrome/151.0.0.0 Safari/537.36, Mozilla/5.0 (Windows NT 10.0; Win64; x64) AppleWebKit/537.36 (KHTML, like Gecko) Chrome/151.0.0.0 Safari/537.36"
52.44.148.203 - - [26/Aug/2026:21:00:35 +0800] "GET /wp-content/uploads/sites/2518/6572/6572-3261750.jpg HTTP/1.1" 200 33185 "-" "Mozilla/5.0 AppleWebKit/537.36 (KHTML, like Gecko; compatible; Amazonbot/0.1; +https://developer.amazon.com/support/amazonbot) Chrome/119.0.6045.214 Safari/537.36"
216.73.217.64 - - [26/Aug/2026:21:00:37 +0800] "GET /9536/wp-json/wp/v2/posts/54567 HTTP/1.1" 200 5833 "-" "Mozilla/5.0 AppleWebKit/537.36 (KHTML, like Gecko; compatible; ClaudeBot/1.0; +claudebot@anthropic.com)"
216.73.217.64 - - [26/Aug/2026:21:00:37 +0800] "GET /9536/wp-json/wp/v2/posts/54553 HTTP/1.1" 200 5845 "-" "Mozilla/5.0 AppleWebKit/537.36 (KHTML, like Gecko; compatible; ClaudeBot/1.0; +claudebot@anthropic.com)"
185.191.171.1 - - [26/Aug/2026:21:00:37 +0800] "GET /17160/2019/06/13/%E3%80%90g56%E3%80%91%E4%BA%BA%E6%96%87%E5%B0%88%E9%A1%8C-%E6%88%90%E6%9E%9C%E7%99%BC%E8%A1%A8%E6%9C%83/ HTTP/1.1" 200 18963 "-" "Mozilla/5.0 (compatible; SemrushBot/7~bl; +http://www.semrush.com/bot.html)"
111.241.206.99 - - [26/Aug/2026:21:00:38 +0800] "GET /2528/wp-content/uploads/sites/471/2024/12/IMG_9805-EDIT-1024x769.jpg HTTP/1.1" 200 123764 "https://2blog.ilc.edu.tw/2528/" "Mozilla/5.0 (Windows NT 10.0; Win64; x64) AppleWebKit/537.36 (KHTML, like Gecko) Chrome/151.0.0.0 Safari/537.36"
2001:288:a201::66:125 - - [26/Aug/2026:21:00:38 +0800] "GET /blog/active.php HTTP/1.1" 301 1026 "-" "-"
2001:288:a201::66:125 - - [26/Aug/2026:21:00:38 +0800] "GET /blog/active.php HTTP/1.1" 404 1084 "-" "-"
216.73.217.64 - - [26/Aug/2026:21:00:38 +0800] "GET /9536/wp-json/wp/v2/posts/54569 HTTP/1.1" 200 6034 "-" "Mozilla/5.0 AppleWebKit/537.36 (KHTML, like Gecko; compatible; ClaudeBot/1.0; +claudebot@anthropic.com)"
66.249.71.9 - - [26/Aug/2026:21:00:35 +0800] "GET /wp-login.php?action=ilc_logout&_wpnonce=43754d0aad&redirect_to=http://uristnews.ru/join/50636/ HTTP/1.1" 302 3438 "-" "Mozilla/5.0 (Linux; Android 6.0.1; Nexus 5X Build/MMB29P) AppleWebKit/537.36 (KHTML, like Gecko) Chrome/151.0.7922.173 Mobile Safari/537.36 (compatible; GoogleOther)"
3.216.86.144 - - [26/Aug/2026:21:00:38 +0800] "GET /11/wp-json/wp/v2/posts/1105 HTTP/1.1" 200 11196 "-" "Mozilla/5.0 AppleWebKit/537.36 (KHTML, like Gecko; compatible; Amazonbot/0.1; +https://developer.amazon.com/support/amazonbot) Chrome/119.0.6045.214 Safari/537.36"
111.241.206.99 - - [26/Aug/2026:21:00:38 +0800] "GET /2528/wp-content/uploads/sites/471/2024/12/IMG_9671-EDIT-1024x769.jpg HTTP/1.1" 200 317935 "https://2blog.ilc.edu.tw/2528/" "Mozilla/5.0 (Windows NT 10.0; Win64; x64) AppleWebKit/537.36 (KHTML, like Gecko) Chrome/151.0.0.0 Safari/537.36"
111.241.206.99 - - [26/Aug/2026:21:00:38 +0800] "GET /2528/wp-content/uploads/sites/471/2024/12/%E6%8E%83%E6%8F%8F_20241201-1149x1536.jpg HTTP/1.1" 200 291724 "https://2blog.ilc.edu.tw/2528/" "Mozilla/5.0 (Windows NT 10.0; Win64; x64) AppleWebKit/537.36 (KHTML, like Gecko) Chrome/151.0.0.0 Safari/537.36"
216.73.217.64 - - [26/Aug/2026:21:00:38 +0800] "GET /9536/wp-json/wp/v2/posts/54573 HTTP/1.1" 200 6058 "-" "Mozilla/5.0 AppleWebKit/537.36 (KHTML, like Gecko; compatible; ClaudeBot/1.0; +claudebot@anthropic.com)"
111.71.85.51 - - [26/Aug/2026:21:00:38 +0800] "GET / HTTP/1.1" 200 28987 "https://www.google.com/" "Mozilla/5.0 (iPhone; CPU iPhone OS 18_7 like Mac OS X) AppleWebKit/605.1.15 (KHTML, like Gecko) Version/26.5.2 Mobile/15E148 Safari/604.1"
3.90.73.206 - - [26/Aug/2026:21:00:39 +0800] "GET /wp-content/uploads/sites/2518/6572/6572-4188269.jpg HTTP/1.1" 200 35758 "-" "Mozilla/5.0 AppleWebKit/537.36 (KHTML, like Gecko; compatible; Amazonbot/0.1; +https://developer.amazon.com/support/amazonbot) Chrome/119.0.6045.214 Safari/537.36"
111.241.206.99 - - [26/Aug/2026:21:00:39 +0800] "GET /2528/wp-content/uploads/sites/471/2024/06/qq.jpg HTTP/1.1" 200 711891 "https://2blog.ilc.edu.tw/2528/" "Mozilla/5.0 (Windows NT 10.0; Win64; x64) AppleWebKit/537.36 (KHTML, like Gecko) Chrome/151.0.0.0 Safari/537.36"
161.153.113.113 - - [26/Aug/2026:21:00:39 +0800] "GET /526/wp-content/uploads/sites/1318/2020/05/20200505_141750.jpg HTTP/1.1" 200 3565369 "-" "Mozilla/5.0 (X11; Linux x86_64) AppleWebKit/537.36 (KHTML, like Gecko) Chrome/126.0.0.0 Safari/537.36 (compatible; AionBot/1.0)"
66.249.79.163 - - [26/Aug/2026:21:00:39 +0800] "GET /27438/2021/11/25/110%E5%AD%B8%E5%B9%B4%E5%BA%A6%E6%9C%AC%E5%9C%9F%E8%AA%9E%E6%96%87%E6%95%99%E5%AD%B8%E6%88%90%E6%9E%9C%E7%AB%B6%E8%B3%BD%E6%9A%A8%E7%99%BC%E8%A1%A8%E6%B4%BB%E5%8B%95%E5%A0%B1%E5%90%8D/ HTTP/1.1" 200 22055 "-" "Mozilla/5.0 (Linux; Android 6.0.1; Nexus 5X Build/MMB29P) AppleWebKit/537.36 (KHTML, like Gecko) Chrome/151.0.7922.173 Mobile Safari/537.36 (compatible; Googlebot/2.1; +http://www.google.com/bot.html)"
111.71.85.51 - - [26/Aug/2026:21:00:40 +0800] "GET /wp-content/cache/www.gjes.ilc.edu.tw/wpfc-minified/fu08zcmx/72cw.css HTTP/1.1" 200 40884 "https://www.gjes.ilc.edu.tw/" "Mozilla/5.0 (iPhone; CPU iPhone OS 18_7 like Mac OS X) AppleWebKit/605.1.15 (KHTML, like Gecko) Version/26.5.2 Mobile/15E148 Safari/604.1"
111.71.85.51 - - [26/Aug/2026:21:00:40 +0800] "GET /wp-content/cache/www.gjes.ilc.edu.tw/wpfc-minified/lnsg96io/72cw.js HTTP/1.1" 200 2359 "https://www.gjes.ilc.edu.tw/" "Mozilla/5.0 (iPhone; CPU iPhone OS 18_7 like Mac OS X) AppleWebKit/605.1.15 (KHTML, like Gecko) Version/26.5.2 Mobile/15E148 Safari/604.1"
111.71.85.51 - - [26/Aug/2026:21:00:40 +0800] "GET /wp-content/cache/www.gjes.ilc.edu.tw/wpfc-minified/loik9v0j/72cw.css HTTP/1.1" 200 5957 "https://www.gjes.ilc.edu.tw/" "Mozilla/5.0 (iPhone; CPU iPhone OS 18_7 like Mac OS X) AppleWebKit/605.1.15 (KHTML, like Gecko) Version/26.5.2 Mobile/15E148 Safari/604.1"
111.71.85.51 - - [26/Aug/2026:21:00:40 +0800] "GET /wp-content/cache/www.gjes.ilc.edu.tw/wpfc-minified/jp72otdk/72cw.js HTTP/1.1" 200 40358 "https://www.gjes.ilc.edu.tw/" "Mozilla/5.0 (iPhone; CPU iPhone OS 18_7 like Mac OS X) AppleWebKit/605.1.15 (KHTML, like Gecko) Version/26.5.2 Mobile/15E148 Safari/604.1"
111.71.85.51 - - [26/Aug/2026:21:00:40 +0800] "GET /wp-content/uploads/sites/1664/elementor/css/post-2.css HTTP/1.1" 200 7396 "https://www.gjes.ilc.edu.tw/" "Mozilla/5.0 (iPhone; CPU iPhone OS 18_7 like Mac OS X) AppleWebKit/605.1.15 (KHTML, like Gecko) Version/26.5.2 Mobile/15E148 Safari/604.1"
111.71.85.51 - - [26/Aug/2026:21:00:40 +0800] "GET /wp-content/cache/www.gjes.ilc.edu.tw/wpfc-minified/lw8arvsy/72cw.css HTTP/1.1" 200 59850 "https://www.gjes.ilc.edu.tw/" "Mozilla/5.0 (iPhone; CPU iPhone OS 18_7 like Mac OS X) AppleWebKit/605.1.15 (KHTML, like Gecko) Version/26.5.2 Mobile/15E148 Safari/604.1"
111.71.85.51 - - [26/Aug/2026:21:00:40 +0800] "GET /wp-content/cache/www.gjes.ilc.edu.tw/wpfc-minified/d3mrt8qj/72cw.css HTTP/1.1" 200 85034 "https://www.gjes.ilc.edu.tw/" "Mozilla/5.0 (iPhone; CPU iPhone OS 18_7 like Mac OS X) AppleWebKit/605.1.15 (KHTML, like Gecko) Version/26.5.2 Mobile/15E148 Safari/604.1"
111.71.85.51 - - [26/Aug/2026:21:00:40 +0800] "GET /wp-content/uploads/sites/1664/2021/09/%E6%88%AA%E5%9C%96-2021-09-12-%E4%B8%8A%E5%8D%8811.55.37-1536x611.png HTTP/1.1" 200 232797 "https://www.gjes.ilc.edu.tw/" "Mozilla/5.0 (iPhone; CPU iPhone OS 18_7 like Mac OS X) AppleWebKit/605.1.15 (KHTML, like Gecko) Version/26.5.2 Mobile/15E148 Safari/604.1"
111.71.85.51 - - [26/Aug/2026:21:00:40 +0800] "GET /wp-content/cache/www.gjes.ilc.edu.tw/wpfc-minified/jomxhdgo/72cw.css HTTP/1.1" 200 6815 "https://www.gjes.ilc.edu.tw/" "Mozilla/5.0 (iPhone; CPU iPhone OS 18_7 like Mac OS X) AppleWebKit/605.1.15 (KHTML, like Gecko) Version/26.5.2 Mobile/15E148 Safari/604.1"
111.71.85.51 - - [26/Aug/2026:21:00:40 +0800] "GET /wp-includes/js/hoverintent-js.min.js HTTP/1.1" 200 1597 "https://www.gjes.ilc.edu.tw/" "Mozilla/5.0 (iPhone; CPU iPhone OS 18_7 like Mac OS X) AppleWebKit/605.1.15 (KHTML, like Gecko) Version/26.5.2 Mobile/15E148 Safari/604.1"
111.71.85.51 - - [26/Aug/2026:21:00:40 +0800] "GET /wp-includes/js/admin-bar.min.js HTTP/1.1" 200 2237 "https://www.gjes.ilc.edu.tw/" "Mozilla/5.0 (iPhone; CPU iPhone OS 18_7 like Mac OS X) AppleWebKit/605.1.15 (KHTML, like Gecko) Version/26.5.2 Mobile/15E148 Safari/604.1"
111.71.85.51 - - [26/Aug/2026:21:00:40 +0800] "GET /wp-content/plugins/wp-statistics/assets/js/tracker.js HTTP/1.1" 200 2247 "https://www.gjes.ilc.edu.tw/" "Mozilla/5.0 (iPhone; CPU iPhone OS 18_7 like Mac OS X) AppleWebKit/605.1.15 (KHTML, like Gecko) Version/26.5.2 Mobile/15E148 Safari/604.1"
111.71.85.51 - - [26/Aug/2026:21:00:40 +0800] "GET /wp-includes/js/imagesloaded.min.js HTTP/1.1" 200 2683 "https://www.gjes.ilc.edu.tw/" "Mozilla/5.0 (iPhone; CPU iPhone OS 18_7 like Mac OS X) AppleWebKit/605.1.15 (KHTML, like Gecko) Version/26.5.2 Mobile/15E148 Safari/604.1"
111.71.85.51 - - [26/Aug/2026:21:00:40 +0800] "GET /wp-content/themes/oceanwp/assets/js/drop-down-mobile-menu.min.js HTTP/1.1" 200 4663 "https://www.gjes.ilc.edu.tw/" "Mozilla/5.0 (iPhone; CPU iPhone OS 18_7 like Mac OS X) AppleWebKit/605.1.15 (KHTML, like Gecko) Version/26.5.2 Mobile/15E148 Safari/604.1"
111.71.85.51 - - [26/Aug/2026:21:00:40 +0800] "GET /wp-content/themes/oceanwp/assets/js/drop-down-search.min.js HTTP/1.1" 200 2968 "https://www.gjes.ilc.edu.tw/" "Mozilla/5.0 (iPhone; CPU iPhone OS 18_7 like Mac OS X) AppleWebKit/605.1.15 (KHTML, like Gecko) Version/26.5.2 Mobile/15E148 Safari/604.1"
111.71.85.51 - - [26/Aug/2026:21:00:40 +0800] "GET /wp-content/themes/oceanwp/assets/js/vendors/magnific-popup.min.js HTTP/1.1" 200 8270 "https://www.gjes.ilc.edu.tw/" "Mozilla/5.0 (iPhone; CPU iPhone OS 18_7 like Mac OS X) AppleWebKit/605.1.15 (KHTML, like Gecko) Version/26.5.2 Mobile/15E148 Safari/604.1"
111.71.85.51 - - [26/Aug/2026:21:00:40 +0800] "GET /wp-content/themes/oceanwp/assets/js/ow-lightbox.min.js HTTP/1.1" 200 2321 "https://www.gjes.ilc.edu.tw/" "Mozilla/5.0 (iPhone; CPU iPhone OS 18_7 like Mac OS X) AppleWebKit/605.1.15 (KHTML, like Gecko) Version/26.5.2 Mobile/15E148 Safari/604.1"
111.71.85.51 - - [26/Aug/2026:21:00:40 +0800] "GET /wp-content/themes/oceanwp/assets/js/vendors/flickity.pkgd.min.js HTTP/1.1" 200 15048 "https://www.gjes.ilc.edu.tw/" "Mozilla/5.0 (iPhone; CPU iPhone OS 18_7 like Mac OS X) AppleWebKit/605.1.15 (KHTML, like Gecko) Version/26.5.2 Mobile/15E148 Safari/604.1"
111.71.85.51 - - [26/Aug/2026:21:00:40 +0800] "GET /wp-content/themes/oceanwp/assets/js/ow-slider.min.js HTTP/1.1" 200 1761 "https://www.gjes.ilc.edu.tw/" "Mozilla/5.0 (iPhone; CPU iPhone OS 18_7 like Mac OS X) AppleWebKit/605.1.15 (KHTML, like Gecko) Version/26.5.2 Mobile/15E148 Safari/604.1"
111.71.85.51 - - [26/Aug/2026:21:00:40 +0800] "GET /wp-content/themes/oceanwp/assets/js/scroll-effect.min.js HTTP/1.1" 200 4127 "https://www.gjes.ilc.edu.tw/" "Mozilla/5.0 (iPhone; CPU iPhone OS 18_7 like Mac OS X) AppleWebKit/605.1.15 (KHTML, like Gecko) Version/26.5.2 Mobile/15E148 Safari/604.1"
111.71.85.51 - - [26/Aug/2026:21:00:40 +0800] "GET /wp-content/themes/oceanwp/assets/js/scroll-top.min.js HTTP/1.1" 200 3202 "https://www.gjes.ilc.edu.tw/" "Mozilla/5.0 (iPhone; CPU iPhone OS 18_7 like Mac OS X) AppleWebKit/605.1.15 (KHTML, like Gecko) Version/26.5.2 Mobile/15E148 Safari/604.1"
111.71.85.51 - - [26/Aug/2026:21:00:40 +0800] "GET /wp-content/themes/oceanwp/assets/js/select.min.js HTTP/1.1" 200 2408 "https://www.gjes.ilc.edu.tw/" "Mozilla/5.0 (iPhone; CPU iPhone OS 18_7 like Mac OS X) AppleWebKit/605.1.15 (KHTML, like Gecko) Version/26.5.2 Mobile/15E148 Safari/604.1"
111.71.85.51 - - [26/Aug/2026:21:00:40 +0800] "GET /wp-includes/js/mediaelement/mediaelement-and-player.min.js HTTP/1.1" 200 39802 "https://www.gjes.ilc.edu.tw/" "Mozilla/5.0 (iPhone; CPU iPhone OS 18_7 like Mac OS X) AppleWebKit/605.1.15 (KHTML, like Gecko) Version/26.5.2 Mobile/15E148 Safari/604.1"
111.71.85.51 - - [26/Aug/2026:21:00:40 +0800] "GET /wp-includes/js/mediaelement/wp-mediaelement.min.js HTTP/1.1" 200 1417 "https://www.gjes.ilc.edu.tw/" "Mozilla/5.0 (iPhone; CPU iPhone OS 18_7 like Mac OS X) AppleWebKit/605.1.15 (KHTML, like Gecko) Version/26.5.2 Mobile/15E148 Safari/604.1"
111.71.85.51 - - [26/Aug/2026:21:00:40 +0800] "GET /wp-content/plugins/elementor/assets/js/webpack.runtime.min.js HTTP/1.1" 200 3095 "https://www.gjes.ilc.edu.tw/" "Mozilla/5.0 (iPhone; CPU iPhone OS 18_7 like Mac OS X) AppleWebKit/605.1.15 (KHTML, like Gecko) Version/26.5.2 Mobile/15E148 Safari/604.1"
111.71.85.51 - - [26/Aug/2026:21:00:40 +0800] "GET /wp-includes/js/mediaelement/mediaelement-migrate.min.js HTTP/1.1" 200 1419 "https://www.gjes.ilc.edu.tw/" "Mozilla/5.0 (iPhone; CPU iPhone OS 18_7 like Mac OS X) AppleWebKit/605.1.15 (KHTML, like Gecko) Version/26.5.2 Mobile/15E148 Safari/604.1"
111.71.85.51 - - [26/Aug/2026:21:00:40 +0800] "GET /wp-content/plugins/elementor-pro/assets/js/webpack-pro.runtime.min.js HTTP/1.1" 200 3562 "https://www.gjes.ilc.edu.tw/" "Mozilla/5.0 (iPhone; CPU iPhone OS 18_7 like Mac OS X) AppleWebKit/605.1.15 (KHTML, like Gecko) Version/26.5.2 Mobile/15E148 Safari/604.1"
111.71.85.51 - - [26/Aug/2026:21:00:40 +0800] "GET /wp-includes/js/dist/hooks.min.js HTTP/1.1" 200 2421 "https://www.gjes.ilc.edu.tw/" "Mozilla/5.0 (iPhone; CPU iPhone OS 18_7 like Mac OS X) AppleWebKit/605.1.15 (KHTML, like Gecko) Version/26.5.2 Mobile/15E148 Safari/604.1"
111.71.85.51 - - [26/Aug/2026:21:00:40 +0800] "GET /wp-content/plugins/elementor/assets/js/frontend-modules.min.js HTTP/1.1" 200 19416 "https://www.gjes.ilc.edu.tw/" "Mozilla/5.0 (iPhone; CPU iPhone OS 18_7 like Mac OS X) AppleWebKit/605.1.15 (KHTML, like Gecko) Version/26.5.2 Mobile/15E148 Safari/604.1"
111.71.85.51 - - [26/Aug/2026:21:00:40 +0800] "GET /wp-includes/js/dist/i18n.min.js HTTP/1.1" 200 4547 "https://www.gjes.ilc.edu.tw/" "Mozilla/5.0 (iPhone; CPU iPhone OS 18_7 like Mac OS X) AppleWebKit/605.1.15 (KHTML, like Gecko) Version/26.5.2 Mobile/15E148 Safari/604.1"
111.71.85.51 - - [26/Aug/2026:21:00:40 +0800] "GET /wp-content/plugins/elementor-pro/assets/js/frontend.min.js HTTP/1.1" 200 7574 "https://www.gjes.ilc.edu.tw/" "Mozilla/5.0 (iPhone; CPU iPhone OS 18_7 like Mac OS X) AppleWebKit/605.1.15 (KHTML, like Gecko) Version/26.5.2 Mobile/15E148 Safari/604.1"
111.71.85.51 - - [26/Aug/2026:21:00:40 +0800] "GET /wp-content/plugins/elementor/assets/lib/waypoints/waypoints.min.js HTTP/1.1" 200 3873 "https://www.gjes.ilc.edu.tw/" "Mozilla/5.0 (iPhone; CPU iPhone OS 18_7 like Mac OS X) AppleWebKit/605.1.15 (KHTML, like Gecko) Version/26.5.2 Mobile/15E148 Safari/604.1"
111.71.85.51 - - [26/Aug/2026:21:00:40 +0800] "GET /wp-content/plugins/elementor/assets/js/frontend.min.js HTTP/1.1" 200 13169 "https://www.gjes.ilc.edu.tw/" "Mozilla/5.0 (iPhone; CPU iPhone OS 18_7 like Mac OS X) AppleWebKit/605.1.15 (KHTML, like Gecko) Version/26.5.2 Mobile/15E148 Safari/604.1"
111.71.85.51 - - [26/Aug/2026:21:00:40 +0800] "GET /wp-content/plugins/elementor-pro/assets/js/elements-handlers.min.js HTTP/1.1" 200 10882 "https://www.gjes.ilc.edu.tw/" "Mozilla/5.0 (iPhone; CPU iPhone OS 18_7 like Mac OS X) AppleWebKit/605.1.15 (KHTML, like Gecko) Version/26.5.2 Mobile/15E148 Safari/604.1"
111.71.85.51 - - [26/Aug/2026:21:00:40 +0800] "GET /wp-content/uploads/sites/1664/2021/08/%E6%88%AA%E5%9C%96-2021-08-14-%E4%B8%8A%E5%8D%889.22.52-1024x223.png HTTP/1.1" 200 74776 "https://www.gjes.ilc.edu.tw/" "Mozilla/5.0 (iPhone; CPU iPhone OS 18_7 like Mac OS X) AppleWebKit/605.1.15 (KHTML, like Gecko) Version/26.5.2 Mobile/15E148 Safari/604.1"
111.71.85.51 - - [26/Aug/2026:21:00:40 +0800] "GET /wp-content/uploads/sites/1664/2021/08/%E6%88%AA%E5%9C%96-2021-08-14-%E4%B8%8A%E5%8D%889.23.05-1024x217.png HTTP/1.1" 200 55350 "https://www.gjes.ilc.edu.tw/" "Mozilla/5.0 (iPhone; CPU iPhone OS 18_7 like Mac OS X) AppleWebKit/605.1.15 (KHTML, like Gecko) Version/26.5.2 Mobile/15E148 Safari/604.1"
108.167.161.148 - - [26/Aug/2026:21:00:40 +0800] "GET /wp-json/wc/v3/customers?per_page=100&_fields=username,email HTTP/1.1" 301 5794 "-" "Mozilla/5.0 (Windows NT 10.0; Win64; x64) AppleWebKit/537.36 (KHTML, like Gecko) Chrome/151.0.0.0 Safari/537.36, Mozilla/5.0 (Macintosh; Intel Mac OS X 10_15_7) AppleWebKit/537.36 (KHTML, like Gecko) Chrome/151.0.0.0 Safari/537.36"
34.171.68.95 - - [26/Aug/2026:21:00:40 +0800] "GET /30841/page/5/ HTTP/1.1" 200 17125 "-" "Mozilla/5.0 (Macintosh; Intel Mac OS X 10_15_7) AppleWebKit/537.36 (KHTML, like Gecko) Chrome/120.0.0.0 Safari/537.36"
111.71.85.51 - - [26/Aug/2026:21:00:41 +0800] "GET /wp-content/plugins/elementor/assets/lib/eicons/fonts/eicons.woff2?5.30.0 HTTP/1.1" 200 98225 "https://www.gjes.ilc.edu.tw/" "Mozilla/5.0 (iPhone; CPU iPhone OS 18_7 like Mac OS X) AppleWebKit/605.1.15 (KHTML, like Gecko) Version/26.5.2 Mobile/15E148 Safari/604.1"
111.71.85.51 - - [26/Aug/2026:21:00:41 +0800] "GET /wp-content/uploads/sites/1664/2022/08/cropped-2222-1-scaled-1.jpg HTTP/1.1" 200 82748 "https://www.gjes.ilc.edu.tw/" "Mozilla/5.0 (iPhone; CPU iPhone OS 18_7 like Mac OS X) AppleWebKit/605.1.15 (KHTML, like Gecko) Version/26.5.2 Mobile/15E148 Safari/604.1"
111.71.85.51 - - [26/Aug/2026:21:00:41 +0800] "GET /wp-content/uploads/sites/1664/2020/04/1090419%E5%85%AC%E6%AD%A3%E5%9C%8B%E5%B0%8F70%E9%80%B1%E5%B9%B4%E6%A0%A1%E6%85%B6%E7%B1%8C%E5%82%99%E6%9C%83_200423_0059.jpg HTTP/1.1" 200 1108290 "https://www.gjes.ilc.edu.tw/" "Mozilla/5.0 (iPhone; CPU iPhone OS 18_7 like Mac OS X) AppleWebKit/605.1.15 (KHTML, like Gecko) Version/26.5.2 Mobile/15E148 Safari/604.1"
111.71.85.51 - - [26/Aug/2026:21:00:41 +0800] "GET /wp-content/plugins/elementor/assets/lib/share-link/share-link.min.js?ver=3.22.3 HTTP/1.1" 200 2049 "https://www.gjes.ilc.edu.tw/" "Mozilla/5.0 (iPhone; CPU iPhone OS 18_7 like Mac OS X) AppleWebKit/605.1.15 (KHTML, like Gecko) Version/26.5.2 Mobile/15E148 Safari/604.1"
111.71.85.51 - - [26/Aug/2026:21:00:41 +0800] "GET /wp-content/plugins/elementor/assets/lib/dialog/dialog.min.js?ver=4.9.0 HTTP/1.1" 200 4368 "https://www.gjes.ilc.edu.tw/" "Mozilla/5.0 (iPhone; CPU iPhone OS 18_7 like Mac OS X) AppleWebKit/605.1.15 (KHTML, like Gecko) Version/26.5.2 Mobile/15E148 Safari/604.1"
