114.24.250.167 - - [26/Aug/2026:21:06:30 +0800] "GET /wp-content/plugins/elementor-pro/assets/js/posts.caaf3e27e57db8207afc.bundle.min.js HTTP/1.1" 200 2145 "https://www.ksjh.ilc.edu.tw/" "Mozilla/5.0 (Windows NT 10.0; Win64; x64) AppleWebKit/537.36 (KHTML, like Gecko) Chrome/151.0.0.0 Safari/537.36"
114.24.250.167 - - [26/Aug/2026:21:06:30 +0800] "GET /wp-content/plugins/elementor-pro/assets/js/nav-menu.e65811186e94a386ba7b.bundle.min.js HTTP/1.1" 200 2690 "https://www.ksjh.ilc.edu.tw/" "Mozilla/5.0 (Windows NT 10.0; Win64; x64) AppleWebKit/537.36 (KHTML, like Gecko) Chrome/151.0.0.0 Safari/537.36"
114.24.250.167 - - [26/Aug/2026:21:06:30 +0800] "GET /wp-content/plugins/elementor-pro/assets/js/social.2d2e44e8608690943f29.bundle.min.js HTTP/1.1" 200 1433 "https://www.ksjh.ilc.edu.tw/" "Mozilla/5.0 (Windows NT 10.0; Win64; x64) AppleWebKit/537.36 (KHTML, like Gecko) Chrome/151.0.0.0 Safari/537.36"
17.22.245.147 - - [26/Aug/2026:21:06:30 +0800] "POST /6523/wp-json/ilc-summary/v1/popular-posts HTTP/1.1" 201 1401 "https://2blog.ilc.edu.tw/6523/2014/11/20/103-5-4-1%e7%af%80%e8%83%bd%e7%9c%81%e7%a2%b3%e5%a4%a7%e6%af%94%e8%bc%83%e7%a0%94%e7%bf%92/" "Mozilla/5.0 (Macintosh; Intel Mac OS X 10_15_7) AppleWebKit/605.1.15 (KHTML, like Gecko) Version/17.4 Safari/605.1.15 (Applebot/0.1; +http://www.apple.com/go/applebot)"
140.111.67.10 - - [26/Aug/2026:21:06:30 +0800] "GET /" 301 273 "-" "-"
66.249.71.1 - - [26/Aug/2026:21:06:29 +0800] "GET /wp-login.php?action=ilc_logout&_wpnonce=43754d0aad&redirect_to=//leiniweadupur.tk/113wwwjwesilcedutwBsC651 HTTP/1.1" 302 8257 "-" "Mozilla/5.0 (Linux; Android 6.0.1; Nexus 5X Build/MMB29P) AppleWebKit/537.36 (KHTML, like Gecko) Chrome/151.0.7922.173 Mobile Safari/537.36 (compatible; Googlebot/2.1; +http://www.google.com/bot.html)"
216.73.217.64 - - [26/Aug/2026:21:06:31 +0800] "GET /9536/?p=54541 HTTP/1.1" 301 5786 "-" "Mozilla/5.0 AppleWebKit/537.36 (KHTML, like Gecko; compatible; ClaudeBot/1.0; +claudebot@anthropic.com)"
216.73.217.64 - - [26/Aug/2026:21:06:32 +0800] "GET /9536/2007/02/05/%e7%a4%be%e5%8d%80%e6%97%a5%e6%9b%86-%e5%bb%a3%e8%88%88%e7%a4%be%e5%8d%80-%e9%95%b7%e9%9d%92%e6%9c%83/ HTTP/1.1" 200 9405 "https://2blog.ilc.edu.tw/9536/?p=54541" "Mozilla/5.0 AppleWebKit/537.36 (KHTML, like Gecko; compatible; ClaudeBot/1.0; +claudebot@anthropic.com)"
2001:b011:7801:bff9:7d1a:1f03:5c91:9578 - - [26/Aug/2026:21:06:33 +0800] "-" 408 4794 "-" "-"
2001:288:a201::66:125 - - [26/Aug/2026:21:06:33 +0800] "GET /blog/active.php HTTP/1.1" 301 1026 "-" "-"
34.123.149.87 - - [26/Aug/2026:21:06:30 +0800] "GET /wp-json/oembed/1.0/embed?format=xml&url=https://www.cwjh.ilc.edu.tw/2016/12/20/%25e5%25bf%25ab%25e4%25be%2586%25e6%258b%25af%25e6%2595%2591%25e8%258e%258a%25e5%259c%2592%25e6%2595%25b8%25e5%25ad%25b8%25e5%25a5%25b3%25e7%258e%258b%25e5%2590%25a7/ HTTP/1.1" 200 7075 "-" "Mozilla/5.0 (Macintosh; Intel Mac OS X 10_15_7) AppleWebKit/537.36 (KHTML, like Gecko) Chrome/120.0.0.0 Safari/537.36"
2001:288:a201::66:125 - - [26/Aug/2026:21:06:33 +0800] "GET /blog/active.php HTTP/1.1" 404 1084 "-" "-"
2001:b011:7801:bff9:7d1a:1f03:5c91:9578 - - [26/Aug/2026:21:06:33 +0800] "-" 408 4794 "-" "-"
154.29.235.19 - - [26/Aug/2026:21:06:32 +0800] "GET /jm_style.css HTTP/1.1" 301 5628 "https://www.jwes.ilc.edu.tw" "Mozilla/5.0 (Windows NT 10.0; Win64; x64) AppleWebKit/537.36 (KHTML, like Gecko) Chrome/149.0.0.0 Safari/537.36"
35.171.117.160 - - [26/Aug/2026:21:06:34 +0800] "GET /32745/2021/10/31/%E5%8F%AF%E6%84%9B%E7%9A%84%E8%B3%A3%E6%AA%A8%E5%A7%91%E5%A8%98/ HTTP/1.1" 200 92670 "-" "Mozilla/5.0 AppleWebKit/537.36 (KHTML, like Gecko; compatible; Amazonbot/0.1; +https://developer.amazon.com/support/amazonbot) Chrome/119.0.6045.214 Safari/537.36"
34.225.243.131 - - [26/Aug/2026:21:06:35 +0800] "GET /wp-content/uploads/sites/2353/2022/05/?C=M;O%3DD HTTP/1.1" 200 1112 "-" "Mozilla/5.0 AppleWebKit/537.36 (KHTML, like Gecko; compatible; Amazonbot/0.1; +https://developer.amazon.com/support/amazonbot) Chrome/119.0.6045.214 Safari/537.36"
140.111.67.10 - - [26/Aug/2026:21:06:35 +0800] "GET /" 301 273 "-" "-"
34.57.162.91 - - [26/Aug/2026:21:06:31 +0800] "GET /wp-content/uploads/sites/2924/5882/5882-4062538.pdf HTTP/1.1" 200 419997 "-" "Mozilla/5.0 (Macintosh; Intel Mac OS X 10_15_7) AppleWebKit/537.36 (KHTML, like Gecko) Chrome/120.0.0.0 Safari/537.36"
::1 - - [26/Aug/2026:21:06:36 +0800] "OPTIONS * HTTP/1.0" 200 110 "-" "Apache/2.4.68 (Ubuntu) OpenSSL/3.0.19 (internal dummy connection)"
114.24.248.183 - - [26/Aug/2026:21:06:36 +0800] "-" 408 4803 "-" "-"
114.24.248.183 - - [26/Aug/2026:21:06:36 +0800] "-" 408 339 "-" "-"
::1 - - [26/Aug/2026:21:06:37 +0800] "OPTIONS * HTTP/1.0" 200 110 "-" "Apache/2.4.68 (Ubuntu) OpenSSL/3.0.19 (internal dummy connection)"
154.29.235.19 - - [26/Aug/2026:21:06:34 +0800] "GET /jm_style.css/ HTTP/1.1" 200 28195 "https://www.jwes.ilc.edu.tw/jm_style.css" "Mozilla/5.0 (Windows NT 10.0; Win64; x64) AppleWebKit/537.36 (KHTML, like Gecko) Chrome/149.0.0.0 Safari/537.36"
198.46.154.22 - - [26/Aug/2026:21:06:32 +0800] "GET /wp-content/uploads/sites/1317/2025/12/%E6%A0%A1%E5%88%8A%E6%A8%A1%E6%9D%BF-%E5%9B%9B%E5%BF%A0_compressed.pdf HTTP/1.1" 200 2644570 "-" "Mozilla/5.0 (Windows NT 6.1; Win64; x64) AppleWebKit/537.36 (KHTML, like Gecko) Chrome/46.0.2490.22 Safari/537.36"
154.29.235.19 - - [26/Aug/2026:21:06:37 +0800] "GET / HTTP/1.1" 200 28208 "https://www.jwes.ilc.edu.tw" "Mozilla/5.0 (Windows NT 10.0; Win64; x64) AppleWebKit/537.36 (KHTML, like Gecko) Chrome/149.0.0.0 Safari/537.36"
::1 - - [26/Aug/2026:21:06:38 +0800] "OPTIONS * HTTP/1.0" 200 110 "-" "Apache/2.4.68 (Ubuntu) OpenSSL/3.0.19 (internal dummy connection)"
2001:288:a201::66:125 - - [26/Aug/2026:21:06:38 +0800] "GET /blog/active.php HTTP/1.1" 301 1026 "-" "-"
2001:288:a201::66:125 - - [26/Aug/2026:21:06:38 +0800] "GET /blog/active.php HTTP/1.1" 404 1084 "-" "-"
::1 - - [26/Aug/2026:21:06:39 +0800] "OPTIONS * HTTP/1.0" 200 110 "-" "Apache/2.4.68 (Ubuntu) OpenSSL/3.0.19 (internal dummy connection)"
::1 - - [26/Aug/2026:21:06:40 +0800] "OPTIONS * HTTP/1.0" 200 110 "-" "Apache/2.4.68 (Ubuntu) OpenSSL/3.0.19 (internal dummy connection)"
154.29.235.19 - - [26/Aug/2026:21:06:38 +0800] "POST /?mode=comment HTTP/1.1" 404 75877 "https://www.jwes.ilc.edu.tw" "Mozilla/5.0 (Windows NT 10.0; Win64; x64) AppleWebKit/537.36 (KHTML, like Gecko) Chrome/134.0.0.0 YaBrowser/25.4.0.0 Safari/537.36"
140.111.67.10 - - [26/Aug/2026:21:06:40 +0800] "GET /" 301 273 "-" "-"
::1 - - [26/Aug/2026:21:06:41 +0800] "OPTIONS * HTTP/1.0" 200 110 "-" "Apache/2.4.68 (Ubuntu) OpenSSL/3.0.19 (internal dummy connection)"
::1 - - [26/Aug/2026:21:06:42 +0800] "OPTIONS * HTTP/1.0" 200 110 "-" "Apache/2.4.68 (Ubuntu) OpenSSL/3.0.19 (internal dummy connection)"
136.119.35.120 - - [26/Aug/2026:21:06:39 +0800] "GET /?p=483 HTTP/1.1" 301 5803 "-" "Mozilla/5.0 (Macintosh; Intel Mac OS X 10_15_7) AppleWebKit/537.36 (KHTML, like Gecko) Chrome/120.0.0.0 Safari/537.36"
23.21.250.48 - - [26/Aug/2026:21:06:42 +0800] "GET /32745/2024/07/24/%E8%A6%AA%E8%A6%AA%E5%94%9A%E5%94%9A/ HTTP/1.1" 200 92348 "-" "Mozilla/5.0 AppleWebKit/537.36 (KHTML, like Gecko; compatible; Amazonbot/0.1; +https://developer.amazon.com/support/amazonbot) Chrome/119.0.6045.214 Safari/537.36"
2001:288:a201::66:125 - - [26/Aug/2026:21:06:43 +0800] "GET /blog/active.php HTTP/1.1" 301 1026 "-" "-"
2001:288:a201::66:125 - - [26/Aug/2026:21:06:43 +0800] "GET /blog/active.php HTTP/1.1" 404 1084 "-" "-"
154.29.235.19 - - [26/Aug/2026:21:06:41 +0800] "POST /?mode=comment HTTP/1.1" 404 75877 "https://www.jwes.ilc.edu.tw" "Mozilla/5.0 (Windows NT 10.0; Win64; x64) AppleWebKit/537.36 (KHTML, like Gecko) Chrome/134.0.0.0 YaBrowser/25.4.0.0 Safari/537.36"
18.210.58.238 - - [26/Aug/2026:21:06:43 +0800] "GET /wp-content/uploads/sites/2589/2023/07/?C=N;O%3DA HTTP/1.1" 200 1114 "-" "Mozilla/5.0 AppleWebKit/537.36 (KHTML, like Gecko; compatible; Amazonbot/0.1; +https://developer.amazon.com/support/amazonbot) Chrome/119.0.6045.214 Safari/537.36"
66.249.71.37 - - [26/Aug/2026:21:06:41 +0800] "GET /wp-content/uploads/sites/1360/25948/25948-3303792.jpg HTTP/1.1" 200 188510 "-" "Googlebot-Image/1.0"
::1 - - [26/Aug/2026:21:06:45 +0800] "OPTIONS * HTTP/1.0" 200 110 "-" "Apache/2.4.68 (Ubuntu) OpenSSL/3.0.19 (internal dummy connection)"
140.111.67.10 - - [26/Aug/2026:21:06:45 +0800] "GET /" 301 273 "-" "-"
2001:4860:7:410::f - - [26/Aug/2026:21:06:45 +0800] "GET /4785/ HTTP/1.1" 200 24304 "https://www.google.com/" "Mozilla/5.0 (Windows NT 10.0; Win64; x64) AppleWebKit/537.36 (KHTML, like Gecko) Chrome/151.0.0.0 Safari/537.36"
98.82.39.241 - - [26/Aug/2026:21:06:46 +0800] "GET /6030/wp-json/oembed/1.0/embed?format=xml&url=https://2blog.ilc.edu.tw/6030/2012/05/22/3-1-1-100%25e5%25b9%25b4%25e5%25ba%25a6%25e6%25be%25b3%25e8%258a%25b1%25e5%259c%258b%25e5%25b0%258f%25e7%259b%25ae%25e7%259d%25b9%25e5%25ae%25b6%25e6%259a%25b4%25e5%2585%2592%25e7%25ab%25a5%25e5%259c%2598%25e9%25ab%2594%25e8%25bc%2594%25e5%25b0%258e%25e8%25a8%2588%25e7%2595%25ab/ HTTP/1.1" 200 7364 "-" "Mozilla/5.0 AppleWebKit/537.36 (KHTML, like Gecko; compatible; Amazonbot/0.1; +https://developer.amazon.com/support/amazonbot) Chrome/119.0.6045.214 Safari/537.36"
154.29.235.19 - - [26/Aug/2026:21:06:44 +0800] "POST /?mode=comment HTTP/1.1" 404 75877 "https://www.jwes.ilc.edu.tw" "Mozilla/5.0 (Windows NT 10.0; Win64; x64) AppleWebKit/537.36 (KHTML, like Gecko) Chrome/134.0.0.0 YaBrowser/25.4.0.0 Safari/537.36"
3.93.211.16 - - [26/Aug/2026:21:06:47 +0800] "GET /wp-content/uploads/sites/360/2019/08/?C=N;O%3DA HTTP/1.1" 200 1113 "-" "Mozilla/5.0 AppleWebKit/537.36 (KHTML, like Gecko; compatible; Amazonbot/0.1; +https://developer.amazon.com/support/amazonbot) Chrome/119.0.6045.214 Safari/537.36"
66.249.79.128 - - [26/Aug/2026:21:06:45 +0800] "GET /wp-login.php?action=ilc_logout&_wpnonce=43754d0aad&redirect_to=http://orehcity.ru/job/43727/ HTTP/1.1" 302 3436 "-" "Mozilla/5.0 (compatible; Googlebot/2.1; +http://www.google.com/bot.html)"
2001:288:a201::66:125 - - [26/Aug/2026:21:06:48 +0800] "GET /blog/active.php HTTP/1.1" 301 1026 "-" "-"
2001:288:a201::66:125 - - [26/Aug/2026:21:06:48 +0800] "GET /blog/active.php HTTP/1.1" 404 1084 "-" "-"
2001:4860:7:510::f0 - - [26/Aug/2026:21:06:47 +0800] "GET /6043/category/c-7408/c-50688/ HTTP/1.1" 200 29490 "https://www.google.com/" "Mozilla/5.0 (Windows NT 10.0; Win64; x64) AppleWebKit/537.36 (KHTML, like Gecko) Chrome/151.0.0.0 Safari/537.36"
147.92.179.114 - - [26/Aug/2026:21:06:48 +0800] "GET /24/2012/10/08/%E9%96%B1%E8%AE%80%E7%90%86%E8%A7%A3%E6%96%87%E7%AB%A0%E7%AF%84%E4%BE%8Bword%E6%AA%94%E5%88%86%E4%BA%AB/ HTTP/1.1" 200 45053 "-" "facebookexternalhit/1.1;line-poker/1.0"
147.92.179.114 - - [26/Aug/2026:21:06:48 +0800] "GET /24/wp-content/uploads/sites/1163/2020/08/cropped-%E6%84%8F%E8%B1%A1%E5%9C%96new2-removebg-preview-180x180.png HTTP/1.1" 200 25815 "-" "facebookexternalhit/1.1;line-poker/1.0"
34.171.68.95 - - [26/Aug/2026:21:06:49 +0800] "GET /6486/?p=4024 HTTP/1.1" 301 5649 "-" "Mozilla/5.0 (Macintosh; Intel Mac OS X 10_15_7) AppleWebKit/537.36 (KHTML, like Gecko) Chrome/120.0.0.0 Safari/537.36"
2001:b011:7803:10fc:7c63:84e7:1648:c858 - - [26/Aug/2026:21:06:49 +0800] "GET / HTTP/1.1" 200 23067 "-" "Mozilla/5.0 (Windows NT 10.0; Win64; x64) AppleWebKit/537.36 (KHTML, like Gecko) Chrome/151.0.0.0 Safari/537.36"
2001:b011:7803:10fc:7c63:84e7:1648:c858 - - [26/Aug/2026:21:06:49 +0800] "GET /wp-content/uploads/sites/1252/elementor/css/post-277.css HTTP/1.1" 304 790 "https://www.dsjh.ilc.edu.tw/" "Mozilla/5.0 (Windows NT 10.0; Win64; x64) AppleWebKit/537.36 (KHTML, like Gecko) Chrome/151.0.0.0 Safari/537.36"
66.249.79.137 - - [26/Aug/2026:21:06:47 +0800] "GET /wp-login.php?action=ilc_logout&_wpnonce=43754d0aad&redirect_to=//mosups.ru/job/8760/ HTTP/1.1" 302 8235 "-" "Mozilla/5.0 (compatible; Googlebot/2.1; +http://www.google.com/bot.html)"
2402:7500:5dc:79f0:610b:ecf9:fc14:1d96 - - [26/Aug/2026:21:06:49 +0800] "GET /wp-content/uploads/sites/3157/2021/04/cropped-ghjhnew02-32x32.png HTTP/1.1" 200 8215 "-" "NetworkingExtension/8624.2.5.10.8 Network/5812.122.1 iOS/26.5.2"
2402:7500:5dc:79f0:610b:ecf9:fc14:1d96 - - [26/Aug/2026:21:06:50 +0800] "GET /wp-content/uploads/sites/3157/2021/04/cropped-ghjhnew02-32x32.png HTTP/1.1" 200 8215 "-" "NetworkingExtension/8624.2.5.10.8 Network/5812.122.1 iOS/26.5.2"
154.29.235.19 - - [26/Aug/2026:21:06:47 +0800] "POST /?mode=comment HTTP/1.1" 404 75877 "https://www.jwes.ilc.edu.tw" "Mozilla/5.0 (Windows NT 10.0; Win64; x64) AppleWebKit/537.36 (KHTML, like Gecko) Chrome/134.0.0.0 YaBrowser/25.4.0.0 Safari/537.36"
2402:7500:5dc:79f0:610b:ecf9:fc14:1d96 - - [26/Aug/2026:21:06:50 +0800] "GET /wp-content/uploads/sites/3157/2021/04/cropped-ghjhnew02-192x192.png HTTP/1.1" 200 55201 "-" "NetworkingExtension/8624.2.5.10.8 Network/5812.122.1 iOS/26.5.2"
2402:7500:5dc:79f0:610b:ecf9:fc14:1d96 - - [26/Aug/2026:21:06:50 +0800] "GET /wp-content/uploads/sites/3157/2021/04/cropped-ghjhnew02-180x180.png HTTP/1.1" 200 50373 "-" "NetworkingExtension/8624.2.5.10.8 Network/5812.122.1 iOS/26.5.2"
140.111.67.10 - - [26/Aug/2026:21:06:50 +0800] "GET /" 301 273 "-" "-"
3.212.205.90 - - [26/Aug/2026:21:06:50 +0800] "GET /amy6998/wp-json/oembed/1.0/embed?format=xml&url=https://2blog.ilc.edu.tw/amy6998/2025/05/17/114%25e5%25b9%25b44%25e6%259c%258825%25e6%2597%25a5%25e8%25ac%259d%25e8%25ac%259d%25e6%259c%25b1%25e5%2589%25af%25e6%259c%2583%25e9%2595%25b7%25e9%25bc%2593%25e5%258b%25b5%25e7%258f%25ad%25e7%25b4%259a%25e5%25ad%25b8%25e7%2594%259f/ HTTP/1.1" 200 7323 "-" "Mozilla/5.0 AppleWebKit/537.36 (KHTML, like Gecko; compatible; Amazonbot/0.1; +https://developer.amazon.com/support/amazonbot) Chrome/119.0.6045.214 Safari/537.36"
52.1.157.90 - - [26/Aug/2026:21:06:51 +0800] "GET /wp-content/uploads/sites/1417/2019/?C=N;O%3DA HTTP/1.1" 200 1149 "-" "Mozilla/5.0 AppleWebKit/537.36 (KHTML, like Gecko; compatible; Amazonbot/0.1; +https://developer.amazon.com/support/amazonbot) Chrome/119.0.6045.214 Safari/537.36"
66.249.79.128 - - [26/Aug/2026:21:06:50 +0800] "GET /wp-login.php?action=ilc_logout&_wpnonce=43754d0aad&redirect_to=http://rosdao.ru/job/45210/ HTTP/1.1" 302 3434 "-" "Mozilla/5.0 (compatible; Googlebot/2.1; +http://www.google.com/bot.html)"
23.94.27.130 - - [26/Aug/2026:21:06:51 +0800] "GET /wp-login.php?action=ilc_logout&_wpnonce=43754d0aad&redirect_to=https://nanyasore.jugem.cc/%3Feid=616 HTTP/1.1" 302 8249 "-" "Mozilla/5.0 (compatible; Googlebot/2.1; +http://www.google.com/bot.html)"
2001:288:a201::66:125 - - [26/Aug/2026:21:06:53 +0800] "GET /blog/active.php HTTP/1.1" 301 1026 "-" "-"
2001:288:a201::66:125 - - [26/Aug/2026:21:06:53 +0800] "GET /blog/active.php HTTP/1.1" 404 1084 "-" "-"
85.208.96.207 - - [26/Aug/2026:21:06:53 +0800] "GET /yleerc/author/yvonne0120/page/3/ HTTP/1.1" 200 23937 "-" "Mozilla/5.0 (compatible; SemrushBot/7~bl; +http://www.semrush.com/bot.html)"
66.249.71.9 - - [26/Aug/2026:21:06:52 +0800] "GET /wp-login.php?action=ilc_logout&_wpnonce=43754d0aad&redirect_to=http://orehcity.ru/gallery/42784/ HTTP/1.1" 302 8247 "-" "Mozilla/5.0 (compatible; Googlebot/2.1; +http://www.google.com/bot.html)"
3.93.98.99 - - [26/Aug/2026:21:06:54 +0800] "GET /32745/wp-json/wp/v2/posts/53507/revisions HTTP/1.1" 401 6198 "-" "Mozilla/5.0 AppleWebKit/537.36 (KHTML, like Gecko; compatible; Amazonbot/0.1; +https://developer.amazon.com/support/amazonbot) Chrome/119.0.6045.214 Safari/537.36"
100.29.34.97 - - [26/Aug/2026:21:06:55 +0800] "GET /wp-content/uploads/sites/3811/2024/05/?C=S;O%3DA HTTP/1.1" 200 1113 "-" "Mozilla/5.0 AppleWebKit/537.36 (KHTML, like Gecko; compatible; Amazonbot/0.1; +https://developer.amazon.com/support/amazonbot) Chrome/119.0.6045.214 Safari/537.36"
140.111.67.10 - - [26/Aug/2026:21:06:55 +0800] "GET /" 301 273 "-" "-"
66.249.79.137 - - [26/Aug/2026:21:06:53 +0800] "GET /wp-login.php?action=ilc_logout&_wpnonce=43754d0aad&redirect_to=http://fin21.ru/job/21023/ HTTP/1.1" 302 3455 "-" "Mozilla/5.0 (compatible; Googlebot/2.1; +http://www.google.com/bot.html)"
54.210.155.69 - - [26/Aug/2026:21:06:56 +0800] "GET /wp-json/oembed/1.0/embed?url=https://www.daes.ilc.edu.tw/2022/10/17/%25e8%25b3%2580-%25e6%259c%25ac%25e6%25a0%25a1%25e5%258f%2583%25e5%258a%25a0%25e5%25ae%259c%25e8%2598%25ad%25e7%25b8%25a312%25e5%25b1%2586%25e6%2597%258f%25e8%25aa%259e%25e6%2588%25b2%25e5%258a%2587%25e6%25af%2594%25e8%25b3%25bd%25e7%25ac%25ac%25e4%25b8%2580%25e5%2590%258d/ HTTP/1.1" 200 8825 "-" "Mozilla/5.0 AppleWebKit/537.36 (KHTML, like Gecko; compatible; Amazonbot/0.1; +https://developer.amazon.com/support/amazonbot) Chrome/119.0.6045.214 Safari/537.36"
216.73.217.64 - - [26/Aug/2026:21:06:57 +0800] "GET /9536/?p=54535 HTTP/1.1" 301 5795 "-" "Mozilla/5.0 AppleWebKit/537.36 (KHTML, like Gecko; compatible; ClaudeBot/1.0; +claudebot@anthropic.com)"
66.249.79.128 - - [26/Aug/2026:21:06:56 +0800] "GET /wp-login.php?action=ilc_logout&_wpnonce=43754d0aad&redirect_to=http://uristnews.ru/join/71588/ HTTP/1.1" 302 3438 "-" "Mozilla/5.0 (compatible; Googlebot/2.1; +http://www.google.com/bot.html)"
216.73.217.64 - - [26/Aug/2026:21:06:57 +0800] "GET /9536/2007/02/02/%e7%a4%be%e5%8d%80%e6%97%a5%e6%9b%86-%e5%bb%a3%e8%88%88%e7%a4%be%e5%8d%80-%e7%b4%b0%e8%aa%aa%e5%bb%a3%e8%88%88/ HTTP/1.1" 200 9465 "https://2blog.ilc.edu.tw/9536/?p=54535" "Mozilla/5.0 AppleWebKit/537.36 (KHTML, like Gecko; compatible; ClaudeBot/1.0; +claudebot@anthropic.com)"
2001:288:a201::66:125 - - [26/Aug/2026:21:06:58 +0800] "GET /blog/active.php HTTP/1.1" 301 1026 "-" "-"
2001:288:a201::66:125 - - [26/Aug/2026:21:06:58 +0800] "GET /blog/active.php HTTP/1.1" 404 1084 "-" "-"
34.206.212.24 - - [26/Aug/2026:21:06:59 +0800] "GET /wp-content/uploads/sites/14/2022/03/?C=N;O%3DA HTTP/1.1" 200 1109 "-" "Mozilla/5.0 AppleWebKit/537.36 (KHTML, like Gecko; compatible; Amazonbot/0.1; +https://developer.amazon.com/support/amazonbot) Chrome/119.0.6045.214 Safari/537.36"
3.225.45.252 - - [26/Aug/2026:21:06:58 +0800] "GET /32745/2023/01/01/%E8%93%AE%E8%97%95%E5%BF%83/ HTTP/1.1" 200 92148 "-" "Mozilla/5.0 AppleWebKit/537.36 (KHTML, like Gecko; compatible; Amazonbot/0.1; +https://developer.amazon.com/support/amazonbot) Chrome/119.0.6045.214 Safari/537.36"
2001:4860:7:810::f0 - - [26/Aug/2026:21:06:59 +0800] "GET / HTTP/1.1" 200 30318 "https://www.google.com/" "Mozilla/5.0 (Linux; Android 10; K) AppleWebKit/537.36 (KHTML, like Gecko) Chrome/151.0.0.0 Mobile Safari/537.36"
2001:b011:7800:12ec:c63d:e4b6:2b67:7c24 - - [26/Aug/2026:21:06:59 +0800] "GET /wp-content/cache/www.mses.ilc.edu.tw/wpfc-minified/1cvel6vb/6wwm.css HTTP/1.1" 200 45687 "https://www.mses.ilc.edu.tw/" "Mozilla/5.0 (Linux; Android 10; K) AppleWebKit/537.36 (KHTML, like Gecko) Chrome/151.0.0.0 Mobile Safari/537.36"
2001:b011:7800:12ec:c63d:e4b6:2b67:7c24 - - [26/Aug/2026:21:06:59 +0800] "GET /wp-content/cache/www.mses.ilc.edu.tw/wpfc-minified/8wh4urzh/6wwm.css HTTP/1.1" 200 5960 "https://www.mses.ilc.edu.tw/" "Mozilla/5.0 (Linux; Android 10; K) AppleWebKit/537.36 (KHTML, like Gecko) Chrome/151.0.0.0 Mobile Safari/537.36"
2001:b011:7800:12ec:c63d:e4b6:2b67:7c24 - - [26/Aug/2026:21:06:59 +0800] "GET /wp-content/cache/www.mses.ilc.edu.tw/wpfc-minified/ehukj29q/6wwm.css HTTP/1.1" 200 18538 "https://www.mses.ilc.edu.tw/" "Mozilla/5.0 (Linux; Android 10; K) AppleWebKit/537.36 (KHTML, like Gecko) Chrome/151.0.0.0 Mobile Safari/537.36"
2001:b011:7800:12ec:c63d:e4b6:2b67:7c24 - - [26/Aug/2026:21:06:59 +0800] "GET /wp-content/cache/www.mses.ilc.edu.tw/wpfc-minified/8azsz6qh/6wwm.css HTTP/1.1" 200 45292 "https://www.mses.ilc.edu.tw/" "Mozilla/5.0 (Linux; Android 10; K) AppleWebKit/537.36 (KHTML, like Gecko) Chrome/151.0.0.0 Mobile Safari/537.36"
2001:b011:7800:12ec:c63d:e4b6:2b67:7c24 - - [26/Aug/2026:21:06:59 +0800] "GET /wp-content/uploads/sites/2550/elementor/css/post-77.css HTTP/1.1" 200 1732 "https://www.mses.ilc.edu.tw/" "Mozilla/5.0 (Linux; Android 10; K) AppleWebKit/537.36 (KHTML, like Gecko) Chrome/151.0.0.0 Mobile Safari/537.36"
2001:b011:7800:12ec:c63d:e4b6:2b67:7c24 - - [26/Aug/2026:21:06:59 +0800] "GET /wp-content/cache/www.mses.ilc.edu.tw/wpfc-minified/99g2lm8a/6wwm.css HTTP/1.1" 200 2159 "https://www.mses.ilc.edu.tw/" "Mozilla/5.0 (Linux; Android 10; K) AppleWebKit/537.36 (KHTML, like Gecko) Chrome/151.0.0.0 Mobile Safari/537.36"
2001:b011:7800:12ec:c63d:e4b6:2b67:7c24 - - [26/Aug/2026:21:06:59 +0800] "GET /wp-content/uploads/sites/2550/elementor/css/post-177.css HTTP/1.1" 200 5826 "https://www.mses.ilc.edu.tw/" "Mozilla/5.0 (Linux; Android 10; K) AppleWebKit/537.36 (KHTML, like Gecko) Chrome/151.0.0.0 Mobile Safari/537.36"
2001:b011:7800:12ec:c63d:e4b6:2b67:7c24 - - [26/Aug/2026:21:06:59 +0800] "GET /wp-content/cache/www.mses.ilc.edu.tw/wpfc-minified/ld4xvbll/6wwm.js HTTP/1.1" 200 40360 "https://www.mses.ilc.edu.tw/" "Mozilla/5.0 (Linux; Android 10; K) AppleWebKit/537.36 (KHTML, like Gecko) Chrome/151.0.0.0 Mobile Safari/537.36"
2001:b011:7800:12ec:c63d:e4b6:2b67:7c24 - - [26/Aug/2026:21:06:59 +0800] "GET /wp-content/cache/www.mses.ilc.edu.tw/wpfc-minified/lpp3o6gl/6wwm.js HTTP/1.1" 200 16795 "https://www.mses.ilc.edu.tw/" "Mozilla/5.0 (Linux; Android 10; K) AppleWebKit/537.36 (KHTML, like Gecko) Chrome/151.0.0.0 Mobile Safari/537.36"
2001:b011:7800:12ec:c63d:e4b6:2b67:7c24 - - [26/Aug/2026:21:06:59 +0800] "GET /wp-content/uploads/sites/2550/2026/02/%E6%A0%A1%E5%9C%92%E9%A3%9F%E6%9D%90%E7%99%BB%E5%85%A5%E5%B9%B3%E8%87%BA-ICON-1536x378.jpg HTTP/1.1" 200 123429 "https://www.mses.ilc.edu.tw/" "Mozilla/5.0 (Linux; Android 10; K) AppleWebKit/537.36 (KHTML, like Gecko) Chrome/151.0.0.0 Mobile Safari/537.36"
66.249.79.128 - - [26/Aug/2026:21:06:58 +0800] "GET /wp-login.php?action=ilc_logout&_wpnonce=43754d0aad&redirect_to=http://bitorg-oil.ru/creator/39740/ HTTP/1.1" 302 3442 "-" "Mozilla/5.0 (compatible; Googlebot/2.1; +http://www.google.com/bot.html)"
2001:b011:7800:12ec:c63d:e4b6:2b67:7c24 - - [26/Aug/2026:21:06:59 +0800] "GET /wp-content/uploads/sites/2550/2024/03/U10%E5%A4%A9%E5%9C%B0.jpg HTTP/1.1" 200 138573 "https://www.mses.ilc.edu.tw/" "Mozilla/5.0 (Linux; Android 10; K) AppleWebKit/537.36 (KHTML, like Gecko) Chrome/151.0.0.0 Mobile Safari/537.36"
2001:b011:7800:12ec:c63d:e4b6:2b67:7c24 - - [26/Aug/2026:21:06:59 +0800] "GET /wp-content/uploads/sites/2550/2021/08/%E5%AD%B8%E6%A0%A1%E7%B0%A1%E4%BB%8B.png HTTP/1.1" 200 66095 "https://www.mses.ilc.edu.tw/" "Mozilla/5.0 (Linux; Android 10; K) AppleWebKit/537.36 (KHTML, like Gecko) Chrome/151.0.0.0 Mobile Safari/537.36"
2001:b011:7800:12ec:c63d:e4b6:2b67:7c24 - - [26/Aug/2026:21:06:59 +0800] "GET /wp-content/uploads/sites/2550/2021/08/%E5%AD%B8%E6%A0%A1%E5%B9%B3%E9%9D%A2%E5%9C%96.png HTTP/1.1" 200 57487 "https://www.mses.ilc.edu.tw/" "Mozilla/5.0 (Linux; Android 10; K) AppleWebKit/537.36 (KHTML, like Gecko) Chrome/151.0.0.0 Mobile Safari/537.36"
2001:b011:7800:12ec:c63d:e4b6:2b67:7c24 - - [26/Aug/2026:21:07:00 +0800] "GET /wp-includes/js/hoverintent-js.min.js HTTP/1.1" 200 1597 "https://www.mses.ilc.edu.tw/" "Mozilla/5.0 (Linux; Android 10; K) AppleWebKit/537.36 (KHTML, like Gecko) Chrome/151.0.0.0 Mobile Safari/537.36"
2001:b011:7800:12ec:c63d:e4b6:2b67:7c24 - - [26/Aug/2026:21:06:59 +0800] "GET /wp-content/uploads/sites/2550/2026/07/%E9%A6%AC%E8%B3%BD%E5%9C%8B%E5%B0%8F%E9%A6%96%E9%A0%81%E6%A9%AB%E5%B9%852026.png HTTP/1.1" 200 394873 "https://www.mses.ilc.edu.tw/" "Mozilla/5.0 (Linux; Android 10; K) AppleWebKit/537.36 (KHTML, like Gecko) Chrome/151.0.0.0 Mobile Safari/537.36"
2001:b011:7800:12ec:c63d:e4b6:2b67:7c24 - - [26/Aug/2026:21:07:00 +0800] "GET /wp-content/themes/huemanilc/assets/front/webfonts/fa-solid-900.woff2?v=5.5.0 HTTP/1.1" 200 74879 "https://www.mses.ilc.edu.tw/wp-content/cache/www.mses.ilc.edu.tw/wpfc-minified/8azsz6qh/6wwm.css" "Mozilla/5.0 (Linux; Android 10; K) AppleWebKit/537.36 (KHTML, like Gecko) Chrome/151.0.0.0 Mobile Safari/537.36"
2001:b011:7800:12ec:c63d:e4b6:2b67:7c24 - - [26/Aug/2026:21:07:00 +0800] "GET /wp-content/plugins/elementor/assets/lib/eicons/fonts/eicons.woff2?5.30.0 HTTP/1.1" 200 98225 "https://www.mses.ilc.edu.tw/wp-content/cache/www.mses.ilc.edu.tw/wpfc-minified/8azsz6qh/6wwm.css" "Mozilla/5.0 (Linux; Android 10; K) AppleWebKit/537.36 (KHTML, like Gecko) Chrome/151.0.0.0 Mobile Safari/537.36"
2001:b011:7800:12ec:c63d:e4b6:2b67:7c24 - - [26/Aug/2026:21:07:00 +0800] "GET /wp-content/themes/huemanilc/assets/front/webfonts/fa-brands-400.woff2?v=5.5.0 HTTP/1.1" 200 70613 "https://www.mses.ilc.edu.tw/wp-content/cache/www.mses.ilc.edu.tw/wpfc-minified/8azsz6qh/6wwm.css" "Mozilla/5.0 (Linux; Android 10; K) AppleWebKit/537.36 (KHTML, like Gecko) Chrome/151.0.0.0 Mobile Safari/537.36"
2001:b011:7800:12ec:c63d:e4b6:2b67:7c24 - - [26/Aug/2026:21:07:00 +0800] "GET /wp-includes/js/admin-bar.min.js HTTP/1.1" 200 2237 "https://www.mses.ilc.edu.tw/" "Mozilla/5.0 (Linux; Android 10; K) AppleWebKit/537.36 (KHTML, like Gecko) Chrome/151.0.0.0 Mobile Safari/537.36"
2001:b011:7800:12ec:c63d:e4b6:2b67:7c24 - - [26/Aug/2026:21:07:00 +0800] "GET /wp-includes/js/underscore.min.js HTTP/1.1" 200 8191 "https://www.mses.ilc.edu.tw/" "Mozilla/5.0 (Linux; Android 10; K) AppleWebKit/537.36 (KHTML, like Gecko) Chrome/151.0.0.0 Mobile Safari/537.36"
2001:b011:7800:12ec:c63d:e4b6:2b67:7c24 - - [26/Aug/2026:21:07:00 +0800] "GET /wp-content/themes/huemanilc/assets/front/js/scripts.min.js HTTP/1.1" 200 27001 "https://www.mses.ilc.edu.tw/" "Mozilla/5.0 (Linux; Android 10; K) AppleWebKit/537.36 (KHTML, like Gecko) Chrome/151.0.0.0 Mobile Safari/537.36"
2001:b011:7800:12ec:c63d:e4b6:2b67:7c24 - - [26/Aug/2026:21:07:00 +0800] "GET /wp-content/plugins/elementor/assets/js/webpack.runtime.min.js HTTP/1.1" 200 3095 "https://www.mses.ilc.edu.tw/" "Mozilla/5.0 (Linux; Android 10; K) AppleWebKit/537.36 (KHTML, like Gecko) Chrome/151.0.0.0 Mobile Safari/537.36"
2001:b011:7800:12ec:c63d:e4b6:2b67:7c24 - - [26/Aug/2026:21:07:00 +0800] "GET /wp-content/plugins/elementor/assets/js/frontend-modules.min.js HTTP/1.1" 200 19416 "https://www.mses.ilc.edu.tw/" "Mozilla/5.0 (Linux; Android 10; K) AppleWebKit/537.36 (KHTML, like Gecko) Chrome/151.0.0.0 Mobile Safari/537.36"
140.111.67.10 - - [26/Aug/2026:21:07:00 +0800] "GET /" 301 273 "-" "-"
2001:b011:7800:12ec:c63d:e4b6:2b67:7c24 - - [26/Aug/2026:21:07:00 +0800] "GET /wp-includes/js/jquery/ui/core.min.js HTTP/1.1" 200 7986 "https://www.mses.ilc.edu.tw/" "Mozilla/5.0 (Linux; Android 10; K) AppleWebKit/537.36 (KHTML, like Gecko) Chrome/151.0.0.0 Mobile Safari/537.36"
2001:b011:7800:12ec:c63d:e4b6:2b67:7c24 - - [26/Aug/2026:21:07:00 +0800] "GET /wp-content/plugins/elementor/assets/js/frontend.min.js HTTP/1.1" 200 13169 "https://www.mses.ilc.edu.tw/" "Mozilla/5.0 (Linux; Android 10; K) AppleWebKit/537.36 (KHTML, like Gecko) Chrome/151.0.0.0 Mobile Safari/537.36"
2001:b011:7800:12ec:c63d:e4b6:2b67:7c24 - - [26/Aug/2026:21:07:00 +0800] "GET /wp-content/uploads/sites/2550/2021/08/%E9%A6%AC%E8%B3%BD%E6%A0%A1%E5%8F%B2.png HTTP/1.1" 200 62941 "https://www.mses.ilc.edu.tw/" "Mozilla/5.0 (Linux; Android 10; K) AppleWebKit/537.36 (KHTML, like Gecko) Chrome/151.0.0.0 Mobile Safari/537.36"
2001:b011:7800:12ec:c63d:e4b6:2b67:7c24 - - [26/Aug/2026:21:07:00 +0800] "GET /wp-content/uploads/sites/2550/2021/08/ABOUT-SCHOOL.png HTTP/1.1" 200 71303 "https://www.mses.ilc.edu.tw/" "Mozilla/5.0 (Linux; Android 10; K) AppleWebKit/537.36 (KHTML, like Gecko) Chrome/151.0.0.0 Mobile Safari/537.36"
2001:b011:7800:12ec:c63d:e4b6:2b67:7c24 - - [26/Aug/2026:21:07:00 +0800] "GET /wp-content/uploads/sites/2550/2021/08/%E9%A6%AC%E8%B3%BD%E6%A0%A1%E6%AD%8C.png HTTP/1.1" 200 64708 "https://www.mses.ilc.edu.tw/" "Mozilla/5.0 (Linux; Android 10; K) AppleWebKit/537.36 (KHTML, like Gecko) Chrome/151.0.0.0 Mobile Safari/537.36"
2001:b011:7800:12ec:c63d:e4b6:2b67:7c24 - - [26/Aug/2026:21:07:00 +0800] "GET /wp-content/uploads/sites/2550/2021/08/%E6%A0%A1%E5%90%8D%E7%94%B1%E4%BE%86.png HTTP/1.1" 200 62186 "https://www.mses.ilc.edu.tw/" "Mozilla/5.0 (Linux; Android 10; K) AppleWebKit/537.36 (KHTML, like Gecko) Chrome/151.0.0.0 Mobile Safari/537.36"
2001:b011:7800:12ec:c63d:e4b6:2b67:7c24 - - [26/Aug/2026:21:07:00 +0800] "GET /wp-content/uploads/sites/2550/2021/08/%E6%A0%A1%E5%9C%92%E5%BB%BA%E7%AF%89%E5%8F%B2.png HTTP/1.1" 200 74386 "https://www.mses.ilc.edu.tw/" "Mozilla/5.0 (Linux; Android 10; K) AppleWebKit/537.36 (KHTML, like Gecko) Chrome/151.0.0.0 Mobile Safari/537.36"
216.73.217.64 - - [26/Aug/2026:21:07:00 +0800] "GET /9536/?p=54537 HTTP/1.1" 301 5813 "-" "Mozilla/5.0 AppleWebKit/537.36 (KHTML, like Gecko; compatible; ClaudeBot/1.0; +claudebot@anthropic.com)"
2001:b011:7800:12ec:c63d:e4b6:2b67:7c24 - - [26/Aug/2026:21:07:01 +0800] "GET /wp-content/uploads/sites/2550/elementor/thumbs/-rh8smjbiqbjbl3adcc082hbroh3u4khi0qah6deyrm.jpg HTTP/1.1" 200 103828 "https://www.mses.ilc.edu.tw/" "Mozilla/5.0 (Linux; Android 10; K) AppleWebKit/537.36 (KHTML, like Gecko) Chrome/151.0.0.0 Mobile Safari/537.36"
185.191.171.8 - - [26/Aug/2026:21:07:01 +0800] "GET /blog/blog/25870/post/74666/429674 HTTP/1.1" 404 25426 "-" "Mozilla/5.0 (compatible; SemrushBot/7~bl; +http://www.semrush.com/bot.html)"
216.73.217.64 - - [26/Aug/2026:21:07:01 +0800] "GET /9536/2007/02/03/%e7%a4%be%e5%8d%80%e6%97%a5%e6%9b%86-%e5%bb%a3%e8%88%88%e7%a4%be%e5%8d%80-%e7%a4%be%e5%8d%80%e6%b4%bb%e5%8b%95%e4%b8%ad%e5%bf%83/ HTTP/1.1" 200 9483 "https://2blog.ilc.edu.tw/9536/?p=54537" "Mozilla/5.0 AppleWebKit/537.36 (KHTML, like Gecko; compatible; ClaudeBot/1.0; +claudebot@anthropic.com)"
2001:b011:7800:12ec:c63d:e4b6:2b67:7c24 - - [26/Aug/2026:21:07:01 +0800] "GET /wp-content/uploads/sites/2550/elementor/thumbs/114%E5%AD%B8%E5%B9%B4%E5%BA%A6%E5%AE%9C%E8%98%AD%E7%B8%A3%E4%B8%AD%E5%B0%8F%E5%AD%B8%E6%B0%91%E4%BF%97%E9%AB%94%E8%82%B2%E9%8C%A6%E6%A8%99%E8%B3%BD--rndk2n90hrkjl5jbk18n730dceowfpf2530nfby8bk.png HTTP/1.1" 200 329121 "https://www.mses.ilc.edu.tw/" "Mozilla/5.0 (Linux; Android 10; K) AppleWebKit/537.36 (KHTML, like Gecko) Chrome/151.0.0.0 Mobile Safari/537.36"
2001:b011:7800:12ec:c63d:e4b6:2b67:7c24 - - [26/Aug/2026:21:07:00 +0800] "GET /wp-content/uploads/sites/2550/2026/01/%E6%96%B0%E7%94%9F%E5%A0%B1%E5%88%B0%E5%9B%89-1-1-1536x768.png HTTP/1.1" 200 317187 "https://www.mses.ilc.edu.tw/" "Mozilla/5.0 (Linux; Android 10; K) AppleWebKit/537.36 (KHTML, like Gecko) Chrome/151.0.0.0 Mobile Safari/537.36"
2001:b011:7800:12ec:c63d:e4b6:2b67:7c24 - - [26/Aug/2026:21:07:01 +0800] "GET /wp-content/uploads/sites/2550/elementor/thumbs/Cool-English%E8%8B%B1%E8%81%BD%E7%8E%8B%E6%AF%94%E8%B3%BD-rndk1c9301s7gnfl6gxaqevbn54jqu8hamedfhvwyo.png HTTP/1.1" 200 326345 "https://www.mses.ilc.edu.tw/" "Mozilla/5.0 (Linux; Android 10; K) AppleWebKit/537.36 (KHTML, like Gecko) Chrome/151.0.0.0 Mobile Safari/537.36"
2001:b011:7800:12ec:c63d:e4b6:2b67:7c24 - - [26/Aug/2026:21:07:01 +0800] "GET /wp-content/uploads/sites/2550/elementor/thumbs/2026%E7%BE%A4%E5%B2%B3%E7%9B%83%E5%85%A8%E5%9C%8B%E7%BE%BD%E7%90%83%E9%8C%A6%E6%A8%99%E8%B3%BD-rndk1ogzgw8xnkxu747g4tsbd5gbiwkzoavoo3dsps.png HTTP/1.1" 200 434795 "https://www.mses.ilc.edu.tw/" "Mozilla/5.0 (Linux; Android 10; K) AppleWebKit/537.36 (KHTML, like Gecko) Chrome/151.0.0.0 Mobile Safari/537.36"
66.249.79.128 - - [26/Aug/2026:21:07:00 +0800] "GET /wp-login.php?action=ilc_logout&_wpnonce=43754d0aad&redirect_to=http://pravovoj-sovetnik.ru/gallery/27679/ HTTP/1.1" 302 3449 "-" "Mozilla/5.0 (Linux; Android 6.0.1; Nexus 5X Build/MMB29P) AppleWebKit/537.36 (KHTML, like Gecko) Chrome/151.0.7922.173 Mobile Safari/537.36 (compatible; GoogleOther)"
100.28.118.16 - - [26/Aug/2026:21:07:02 +0800] "GET /wp-content/uploads/sites/1062/2022/04/?C=S;O%3DA HTTP/1.1" 200 1113 "-" "Mozilla/5.0 AppleWebKit/537.36 (KHTML, like Gecko; compatible; Amazonbot/0.1; +https://developer.amazon.com/support/amazonbot) Chrome/119.0.6045.214 Safari/537.36"
2001:b011:7800:12ec:c63d:e4b6:2b67:7c24 - - [26/Aug/2026:21:07:01 +0800] "GET /wp-content/uploads/sites/2550/elementor/thumbs/Cool-English%E5%8F%A3%E8%AA%AA%E5%AD%B8%E8%8B%B1%E6%96%87-rndk1gy9y7yn2p8rf0yfkvomm2hdtbr4z9nstvoy3k.png HTTP/1.1" 200 312698 "https://www.mses.ilc.edu.tw/" "Mozilla/5.0 (Linux; Android 10; K) AppleWebKit/537.36 (KHTML, like Gecko) Chrome/151.0.0.0 Mobile Safari/537.36"
2001:288:a201::66:125 - - [26/Aug/2026:21:07:03 +0800] "GET /blog/active.php HTTP/1.1" 301 1026 "-" "-"
2001:288:a201::66:125 - - [26/Aug/2026:21:07:03 +0800] "GET /blog/active.php HTTP/1.1" 404 1084 "-" "-"
52.73.142.41 - - [26/Aug/2026:21:07:03 +0800] "GET /32745/wp-content/uploads/sites/1271/2023/01/1-52-500x245.jpeg HTTP/1.1" 200 17983 "-" "Mozilla/5.0 AppleWebKit/537.36 (KHTML, like Gecko; compatible; Amazonbot/0.1; +https://developer.amazon.com/support/amazonbot) Chrome/119.0.6045.214 Safari/537.36"
2001:b011:7800:12ec:c63d:e4b6:2b67:7c24 - - [26/Aug/2026:21:07:03 +0800] "GET /wp-content/uploads/sites/2550/elementor/thumbs/115%E5%B9%B4%E5%AE%9C%E8%98%AD%E7%B8%A3%E4%B8%BB%E5%A7%94%E7%9B%83%E7%9F%AD%E6%B0%B4%E9%81%93%E6%B8%B8%E6%B3%B3%E9%8C%A6%E6%A8%99%E8%B3%BD--rndk1wxj6ekik2ljtpv399ngpmamg6ikpgr1zl195s.png HTTP/1.1" 200 414391 "https://www.mses.ilc.edu.tw/" "Mozilla/5.0 (Linux; Android 10; K) AppleWebKit/537.36 (KHTML, like Gecko) Chrome/151.0.0.0 Mobile Safari/537.36"
2001:b011:7800:12ec:c63d:e4b6:2b67:7c24 - - [26/Aug/2026:21:07:02 +0800] "GET /wp-content/uploads/sites/2550/elementor/thumbs/400%E5%96%AE%E5%AD%97%E7%8E%8B-30%E9%A1%8C-rndk1s8c88e2y0sdl5tyesu5qoxsdozx0thml7880w.png HTTP/1.1" 200 401615 "https://www.mses.ilc.edu.tw/" "Mozilla/5.0 (Linux; Android 10; K) AppleWebKit/537.36 (KHTML, like Gecko) Chrome/151.0.0.0 Mobile Safari/537.36"
2001:b011:7800:12ec:c63d:e4b6:2b67:7c24 - - [26/Aug/2026:21:07:03 +0800] "GET /wp-content/uploads/sites/2550/elementor/thumbs/-rkfaye6m9ytx46n8o43q5rsem3f65c30kbgiypf1cw.jpg HTTP/1.1" 200 80756 "https://www.mses.ilc.edu.tw/" "Mozilla/5.0 (Linux; Android 10; K) AppleWebKit/537.36 (KHTML, like Gecko) Chrome/151.0.0.0 Mobile Safari/537.36"
2001:b011:7800:12ec:c63d:e4b6:2b67:7c24 - - [26/Aug/2026:21:07:02 +0800] "GET /wp-content/uploads/sites/2550/elementor/thumbs/114%E5%AD%B8%E5%B9%B4%E6%A0%A1%E5%85%A7%E8%AA%9E%E6%96%87%E7%AB%B6%E8%B3%BD%E6%88%90%E7%B8%BE-%E4%BA%94%E5%B9%B4%E7%B4%9A%E7%B5%84-rndk2dumlf7od1wz2x6di5drejz8aqdqrshsmkc61s.png HTTP/1.1" 200 450024 "https://www.mses.ilc.edu.tw/" "Mozilla/5.0 (Linux; Android 10; K) AppleWebKit/537.36 (KHTML, like Gecko) Chrome/151.0.0.0 Mobile Safari/537.36"
2001:b011:7800:12ec:c63d:e4b6:2b67:7c24 - - [26/Aug/2026:21:07:03 +0800] "GET /wp-content/uploads/sites/2550/elementor/thumbs/114%E5%AD%B8%E5%B9%B4%E5%BA%A6%E4%B8%AD%E5%B0%8F%E5%AD%B8%E9%81%8B%E5%8B%95%E6%9C%83-1-rkfchifx18a7x0kztft5vd2gmhr0idwdt4mj1toyhs.jpg HTTP/1.1" 200 89392 "https://www.mses.ilc.edu.tw/" "Mozilla/5.0 (Linux; Android 10; K) AppleWebKit/537.36 (KHTML, like Gecko) Chrome/151.0.0.0 Mobile Safari/537.36"
140.111.67.195 - - [26/Aug/2026:21:07:03 +0800] "GET /wp-admin/admin-post.php?action=steps_ad HTTP/1.1" 200 1973 "-" "node-fetch/1.0 (+https://github.com/bitinn/node-fetch)"
2001:b011:7800:12ec:c63d:e4b6:2b67:7c24 - - [26/Aug/2026:21:07:04 +0800] "GET /wp-content/uploads/sites/2550/elementor/thumbs/edited_1773365546327-rkfcfg6o1bgkftkuv1pmwdt1p1x0mapl6x364yr25c.jpg HTTP/1.1" 200 98044 "https://www.mses.ilc.edu.tw/" "Mozilla/5.0 (Linux; Android 10; K) AppleWebKit/537.36 (KHTML, like Gecko) Chrome/151.0.0.0 Mobile Safari/537.36"
2001:b011:7800:12ec:c63d:e4b6:2b67:7c24 - - [26/Aug/2026:21:07:04 +0800] "GET /wp-content/uploads/sites/2550/elementor/thumbs/2026%E8%98%87%E6%BE%B3%E9%8E%AE%E9%95%B7%E7%9B%83%E7%BE%BD%E7%90%83%E9%8C%A6%E6%A8%99%E8%B3%BD-rkfayivt850cq8gewo4v08lpl0s07tlo8ypyd382hs.jpg HTTP/1.1" 200 76842 "https://www.mses.ilc.edu.tw/" "Mozilla/5.0 (Linux; Android 10; K) AppleWebKit/537.36 (KHTML, like Gecko) Chrome/151.0.0.0 Mobile Safari/537.36"
66.249.79.137 - - [26/Aug/2026:21:07:02 +0800] "GET /wp-login.php?action=ilc_logout&_wpnonce=43754d0aad&redirect_to=http://artkust.ru/creator/3660/ HTTP/1.1" 302 8245 "-" "Mozilla/5.0 (compatible; Googlebot/2.1; +http://www.google.com/bot.html)"
2001:4860:7:510::f3 - - [26/Aug/2026:21:07:04 +0800] "GET /2341/2010/10/18/%E6%A0%B9%E5%BC%8F%E7%9A%84%E4%B9%98%E6%B3%95/ HTTP/1.1" 200 15693 "https://www.google.com/" "Mozilla/5.0 (Windows NT 10.0; Win64; x64) AppleWebKit/537.36 (KHTML, like Gecko) Chrome/151.0.0.0 Safari/537.36"
2001:b011:7800:12ec:c63d:e4b6:2b67:7c24 - - [26/Aug/2026:21:07:04 +0800] "GET /wp-content/uploads/sites/2550/elementor/thumbs/104%E8%97%8D%E4%BB%A5%E5%96%AC%E8%98%AD%E9%99%BD%E8%87%AA%E7%94%B1%E7%9B%83%E6%BB%91%E6%AD%A5%E8%BB%8A%E7%AB%B6%E8%B3%BD-ricnxermdmo2qkp9cqzf204garzhqcud0i20q4dkm8.png HTTP/1.1" 200 464869 "https://www.mses.ilc.edu.tw/" "Mozilla/5.0 (Linux; Android 10; K) AppleWebKit/537.36 (KHTML, like Gecko) Chrome/151.0.0.0 Mobile Safari/537.36"
2001:b011:7800:12ec:c63d:e4b6:2b67:7c24 - - [26/Aug/2026:21:07:04 +0800] "GET /wp-content/uploads/sites/2550/elementor/thumbs/Cool-English%E8%87%AA%E4%B8%BB%E5%AD%B8%E7%BF%92%E6%B4%BB%E5%8B%95%E8%87%AA%E5%AD%B8%E9%81%94%E4%BA%BA%E7%8D%8E-ricnxtt1ez8nwc3ewxhg5wbtsxxd5ii2ekhsejr9uo.png HTTP/1.1" 200 500192 "https://www.mses.ilc.edu.tw/" "Mozilla/5.0 (Linux; Android 10; K) AppleWebKit/537.36 (KHTML, like Gecko) Chrome/151.0.0.0 Mobile Safari/537.36"
2001:b011:7800:12ec:c63d:e4b6:2b67:7c24 - - [26/Aug/2026:21:07:04 +0800] "GET /wp-content/uploads/sites/2550/elementor/thumbs/604%E9%99%B3%E5%93%81%E5%96%86-ricnxmabwaydbgec4u8fly851uyffxo7pj9wkc2f8g.png HTTP/1.1" 200 448047 "https://www.mses.ilc.edu.tw/" "Mozilla/5.0 (Linux; Android 10; K) AppleWebKit/537.36 (KHTML, like Gecko) Chrome/151.0.0.0 Mobile Safari/537.36"
2001:b011:7800:12ec:c63d:e4b6:2b67:7c24 - - [26/Aug/2026:21:07:04 +0800] "GET /wp-content/uploads/sites/2550/elementor/thumbs/-ricnx86r1sf2haytf6512js852vx8h48nlhmd6nbts.png HTTP/1.1" 200 478360 "https://www.mses.ilc.edu.tw/" "Mozilla/5.0 (Linux; Android 10; K) AppleWebKit/537.36 (KHTML, like Gecko) Chrome/151.0.0.0 Mobile Safari/537.36"
140.111.67.10 - - [26/Aug/2026:21:07:05 +0800] "GET /" 301 273 "-" "-"
2001:b400:e3a0:a411:f0b5:f8ea:e1fa:61a9 - - [26/Aug/2026:21:07:05 +0800] "GET / HTTP/1.1" 200 29814 "https://www.google.com/url?q=https://www.fsjh.ilc.edu.tw/&sa=U&sqi=2&ved=2ahUKEwj3obOorr6WAxUWjOEIHY3IEiEQFnoECB8QAQ&usg=AOvVaw1xuA5OSCaGGlEXhJ2Hl0Dj" "Mozilla/5.0 (iPhone; CPU iPhone OS 26_6_1 like Mac OS X) AppleWebKit/605.1.15 (KHTML, like Gecko) GSA/433.5.957829776 Mobile/15E148 Safari/604.1"
2001:b011:7800:12ec:c63d:e4b6:2b67:7c24 - - [26/Aug/2026:21:07:04 +0800] "GET /wp-content/uploads/sites/2550/elementor/thumbs/301%E6%9C%B1%E5%BB%B7%E8%BB%92%E4%B8%BB%E5%A7%94%E7%9B%83%E8%B7%86%E6%8B%B3%E9%81%93%E9%8C%A6%E6%A8%99%E8%B3%BD-ricnx0o1j44rwf9qn2w0ilojdzwziwadyk9qiyyh7k.png HTTP/1.1" 200 430820 "https://www.mses.ilc.edu.tw/" "Mozilla/5.0 (Linux; Android 10; K) AppleWebKit/537.36 (KHTML, like Gecko) Chrome/151.0.0.0 Mobile Safari/537.36"
2001:b400:e3a0:a411:f0b5:f8ea:e1fa:61a9 - - [26/Aug/2026:21:07:05 +0800] "GET /wp-content/cache/www.fsjh.ilc.edu.tw/wpfc-minified/k1jimmmj/6wah.css HTTP/1.1" 200 45695 "https://www.fsjh.ilc.edu.tw/" "Mozilla/5.0 (iPhone; CPU iPhone OS 26_6_1 like Mac OS X) AppleWebKit/605.1.15 (KHTML, like Gecko) GSA/433.5.957829776 Mobile/15E148 Safari/604.1"
66.249.84.101 - - [26/Aug/2026:21:07:05 +0800] "GET /35/2020/08/27/%E9%96%8B%E5%AD%B9%E5%89%8D%E7%9A%84%E6%BA%96%E5%82%99-%E6%95%99%E5%AE%A4%E3%80%81%E6%95%99%E6%9D%90%E3%80%81%E7%8F%AD%E7%B4%9A%E7%B6%93%E7%87%9F%E5%B0%8F%E6%92%87%E6%AD%A5/ HTTP/1.1" 404 42233 "-" "Google-NotebookLM"
2001:b400:e3a0:a411:f0b5:f8ea:e1fa:61a9 - - [26/Aug/2026:21:07:05 +0800] "GET /wp-content/cache/www.fsjh.ilc.edu.tw/wpfc-minified/6ke5b2m4/6wah.css HTTP/1.1" 200 47303 "https://www.fsjh.ilc.edu.tw/" "Mozilla/5.0 (iPhone; CPU iPhone OS 26_6_1 like Mac OS X) AppleWebKit/605.1.15 (KHTML, like Gecko) GSA/433.5.957829776 Mobile/15E148 Safari/604.1"
2001:b011:7800:12ec:c63d:e4b6:2b67:7c24 - - [26/Aug/2026:21:07:05 +0800] "GET /wp-content/uploads/sites/2550/elementor/thumbs/114%E5%AE%9C%E7%B8%A3%E4%B8%AD%E5%B0%8F%E9%81%8B%E7%BE%BD%E7%90%831-rh6yy7xw4kkfvdtuwqp2alfj2ck2oavwj57bniw334.png HTTP/1.1" 200 322793 "https://www.mses.ilc.edu.tw/" "Mozilla/5.0 (Linux; Android 10; K) AppleWebKit/537.36 (KHTML, like Gecko) Chrome/151.0.0.0 Mobile Safari/537.36"
66.249.84.101 - - [26/Aug/2026:21:07:06 +0800] "GET /35/wp-content/themes/dara/style.css HTTP/1.1" 200 11551 "https://2blog.ilc.edu.tw/35/2020/08/27/%E9%96%8B%E5%AD%B9%E5%89%8D%E7%9A%84%E6%BA%96%E5%82%99-%E6%95%99%E5%AE%A4%E3%80%81%E6%95%99%E6%9D%90%E3%80%81%E7%8F%AD%E7%B4%9A%E7%B6%93%E7%87%9F%E5%B0%8F%E6%92%87%E6%AD%A5/" "Google-NotebookLM"
2001:b400:e3a0:a411:f0b5:f8ea:e1fa:61a9 - - [26/Aug/2026:21:07:06 +0800] "GET /wp-content/uploads/sites/2666/elementor/css/post-103.css HTTP/1.1" 200 1004 "https://www.fsjh.ilc.edu.tw/" "Mozilla/5.0 (iPhone; CPU iPhone OS 26_6_1 like Mac OS X) AppleWebKit/605.1.15 (KHTML, like Gecko) GSA/433.5.957829776 Mobile/15E148 Safari/604.1"
2001:b400:e3a0:a411:f0b5:f8ea:e1fa:61a9 - - [26/Aug/2026:21:07:06 +0800] "GET /wp-content/cache/www.fsjh.ilc.edu.tw/wpfc-minified/lm0klrml/6wah.css HTTP/1.1" 200 93589 "https://www.fsjh.ilc.edu.tw/" "Mozilla/5.0 (iPhone; CPU iPhone OS 26_6_1 like Mac OS X) AppleWebKit/605.1.15 (KHTML, like Gecko) GSA/433.5.957829776 Mobile/15E148 Safari/604.1"
2001:b400:e3a0:a411:f0b5:f8ea:e1fa:61a9 - - [26/Aug/2026:21:07:06 +0800] "GET /wp-content/cache/www.fsjh.ilc.edu.tw/wpfc-minified/qkv37ig4/6wah.css HTTP/1.1" 200 5962 "https://www.fsjh.ilc.edu.tw/" "Mozilla/5.0 (iPhone; CPU iPhone OS 26_6_1 like Mac OS X) AppleWebKit/605.1.15 (KHTML, like Gecko) GSA/433.5.957829776 Mobile/15E148 Safari/604.1"
2001:b400:e3a0:a411:f0b5:f8ea:e1fa:61a9 - - [26/Aug/2026:21:07:06 +0800] "GET /wp-content/cache/www.fsjh.ilc.edu.tw/wpfc-minified/6klmbkv7/6wah.css HTTP/1.1" 200 28116 "https://www.fsjh.ilc.edu.tw/" "Mozilla/5.0 (iPhone; CPU iPhone OS 26_6_1 like Mac OS X) AppleWebKit/605.1.15 (KHTML, like Gecko) GSA/433.5.957829776 Mobile/15E148 Safari/604.1"
2001:b011:7800:12ec:c63d:e4b6:2b67:7c24 - - [26/Aug/2026:21:07:06 +0800] "GET /wp-content/uploads/sites/2550/elementor/thumbs/114%E5%AE%9C%E7%B8%A3%E4%B8%AD%E5%B0%8F%E9%81%8B%E7%BE%BD%E7%90%833-rh6yyl3ms92gdxaqrwdu9i3zdqr7o2c58yc4decko0.png HTTP/1.1" 200 324225 "https://www.mses.ilc.edu.tw/" "Mozilla/5.0 (Linux; Android 10; K) AppleWebKit/537.36 (KHTML, like Gecko) Chrome/151.0.0.0 Mobile Safari/537.36"
2001:b400:e3a0:a411:f0b5:f8ea:e1fa:61a9 - - [26/Aug/2026:21:07:06 +0800] "GET /wp-content/cache/www.fsjh.ilc.edu.tw/wpfc-minified/dj5cq5sf/6wah.css HTTP/1.1" 200 7705 "https://www.fsjh.ilc.edu.tw/" "Mozilla/5.0 (iPhone; CPU iPhone OS 26_6_1 like Mac OS X) AppleWebKit/605.1.15 (KHTML, like Gecko) GSA/433.5.957829776 Mobile/15E148 Safari/604.1"
2001:b400:e3a0:a411:f0b5:f8ea:e1fa:61a9 - - [26/Aug/2026:21:07:06 +0800] "GET /wp-content/uploads/sites/2666/elementor/css/post-81.css HTTP/1.1" 200 6122 "https://www.fsjh.ilc.edu.tw/" "Mozilla/5.0 (iPhone; CPU iPhone OS 26_6_1 like Mac OS X) AppleWebKit/605.1.15 (KHTML, like Gecko) GSA/433.5.957829776 Mobile/15E148 Safari/604.1"
2001:b011:7800:12ec:c63d:e4b6:2b67:7c24 - - [26/Aug/2026:21:07:05 +0800] "GET /wp-content/uploads/sites/2550/elementor/thumbs/401%E6%B1%9F%E5%BA%AD%E7%B6%AD%E4%B8%BB%E5%A7%94%E7%9B%83%E8%B7%86%E6%8B%B3%E9%81%93%E9%8C%A6%E6%A8%99%E8%B3%BD-ricnwv10e3x1yrhxk0g93n3rtoos8pnzxsctnb6u8w.png HTTP/1.1" 200 442236 "https://www.mses.ilc.edu.tw/" "Mozilla/5.0 (Linux; Android 10; K) AppleWebKit/537.36 (KHTML, like Gecko) Chrome/151.0.0.0 Mobile Safari/537.36"
2001:b400:e3a0:a411:f0b5:f8ea:e1fa:61a9 - - [26/Aug/2026:21:07:06 +0800] "GET /wp-content/cache/www.fsjh.ilc.edu.tw/wpfc-minified/qa4zgiv7/6wah.css HTTP/1.1" 200 1138 "https://www.fsjh.ilc.edu.tw/" "Mozilla/5.0 (iPhone; CPU iPhone OS 26_6_1 like Mac OS X) AppleWebKit/605.1.15 (KHTML, like Gecko) GSA/433.5.957829776 Mobile/15E148 Safari/604.1"
2001:b400:e3a0:a411:f0b5:f8ea:e1fa:61a9 - - [26/Aug/2026:21:07:06 +0800] "GET /wp-content/cache/www.fsjh.ilc.edu.tw/wpfc-minified/7z76wlqj/6wah.js HTTP/1.1" 200 35559 "https://www.fsjh.ilc.edu.tw/" "Mozilla/5.0 (iPhone; CPU iPhone OS 26_6_1 like Mac OS X) AppleWebKit/605.1.15 (KHTML, like Gecko) GSA/433.5.957829776 Mobile/15E148 Safari/604.1"
2001:b400:e3a0:a411:f0b5:f8ea:e1fa:61a9 - - [26/Aug/2026:21:07:06 +0800] "GET /wp-includes/js/hoverintent-js.min.js HTTP/1.1" 200 1597 "https://www.fsjh.ilc.edu.tw/" "Mozilla/5.0 (iPhone; CPU iPhone OS 26_6_1 like Mac OS X) AppleWebKit/605.1.15 (KHTML, like Gecko) GSA/433.5.957829776 Mobile/15E148 Safari/604.1"
2001:b400:e3a0:a411:f0b5:f8ea:e1fa:61a9 - - [26/Aug/2026:21:07:06 +0800] "GET /wp-content/cache/www.fsjh.ilc.edu.tw/wpfc-minified/lco27ft0/6wah.js HTTP/1.1" 200 3453 "https://www.fsjh.ilc.edu.tw/" "Mozilla/5.0 (iPhone; CPU iPhone OS 26_6_1 like Mac OS X) AppleWebKit/605.1.15 (KHTML, like Gecko) GSA/433.5.957829776 Mobile/15E148 Safari/604.1"
2001:b400:e3a0:a411:f0b5:f8ea:e1fa:61a9 - - [26/Aug/2026:21:07:06 +0800] "GET /wp-includes/js/admin-bar.min.js HTTP/1.1" 200 2237 "https://www.fsjh.ilc.edu.tw/" "Mozilla/5.0 (iPhone; CPU iPhone OS 26_6_1 like Mac OS X) AppleWebKit/605.1.15 (KHTML, like Gecko) GSA/433.5.957829776 Mobile/15E148 Safari/604.1"
2001:b011:7800:12ec:c63d:e4b6:2b67:7c24 - - [26/Aug/2026:21:07:05 +0800] "GET /wp-content/uploads/sites/2550/elementor/thumbs/404%E6%B1%9F%E5%BA%AD%E7%91%9C%E4%B8%BB%E5%A7%94%E7%9B%83%E8%B7%86%E6%8B%B3%E9%81%93%E9%8C%A6%E6%A8%99%E8%B3%BD-ricnwog529o1phrhmflv46rjnzl7qtxvkvsfadglgg.png HTTP/1.1" 200 451472 "https://www.mses.ilc.edu.tw/" "Mozilla/5.0 (Linux; Android 10; K) AppleWebKit/537.36 (KHTML, like Gecko) Chrome/151.0.0.0 Mobile Safari/537.36"
52.21.62.139 - - [26/Aug/2026:21:07:06 +0800] "GET /amy6998/wp-content/uploads/sites/2364/2022/05/IMG_3820-1024x768.jpg HTTP/1.1" 200 164667 "-" "Mozilla/5.0 AppleWebKit/537.36 (KHTML, like Gecko; compatible; Amazonbot/0.1; +https://developer.amazon.com/support/amazonbot) Chrome/119.0.6045.214 Safari/537.36"
2001:b400:e3a0:a411:f0b5:f8ea:e1fa:61a9 - - [26/Aug/2026:21:07:06 +0800] "GET /wp-includes/js/imagesloaded.min.js HTTP/1.1" 200 2683 "https://www.fsjh.ilc.edu.tw/" "Mozilla/5.0 (iPhone; CPU iPhone OS 26_6_1 like Mac OS X) AppleWebKit/605.1.15 (KHTML, like Gecko) GSA/433.5.957829776 Mobile/15E148 Safari/604.1"
2001:b400:e3a0:a411:f0b5:f8ea:e1fa:61a9 - - [26/Aug/2026:21:07:06 +0800] "GET /wp-content/themes/oceanwp/assets/js/theme.min.js HTTP/1.1" 200 5130 "https://www.fsjh.ilc.edu.tw/" "Mozilla/5.0 (iPhone; CPU iPhone OS 26_6_1 like Mac OS X) AppleWebKit/605.1.15 (KHTML, like Gecko) GSA/433.5.957829776 Mobile/15E148 Safari/604.1"
2001:b400:e3a0:a411:f0b5:f8ea:e1fa:61a9 - - [26/Aug/2026:21:07:06 +0800] "GET /wp-content/themes/oceanwp/assets/js/full-screen-mobile-menu.min.js HTTP/1.1" 200 4638 "https://www.fsjh.ilc.edu.tw/" "Mozilla/5.0 (iPhone; CPU iPhone OS 26_6_1 like Mac OS X) AppleWebKit/605.1.15 (KHTML, like Gecko) GSA/433.5.957829776 Mobile/15E148 Safari/604.1"
2001:b400:e3a0:a411:f0b5:f8ea:e1fa:61a9 - - [26/Aug/2026:21:07:07 +0800] "GET /wp-content/themes/oceanwp/assets/js/drop-down-search.min.js HTTP/1.1" 200 2968 "https://www.fsjh.ilc.edu.tw/" "Mozilla/5.0 (iPhone; CPU iPhone OS 26_6_1 like Mac OS X) AppleWebKit/605.1.15 (KHTML, like Gecko) GSA/433.5.957829776 Mobile/15E148 Safari/604.1"
2001:b400:e3a0:a411:f0b5:f8ea:e1fa:61a9 - - [26/Aug/2026:21:07:07 +0800] "GET /wp-content/themes/oceanwp/assets/js/vendors/magnific-popup.min.js HTTP/1.1" 200 8270 "https://www.fsjh.ilc.edu.tw/" "Mozilla/5.0 (iPhone; CPU iPhone OS 26_6_1 like Mac OS X) AppleWebKit/605.1.15 (KHTML, like Gecko) GSA/433.5.957829776 Mobile/15E148 Safari/604.1"
2001:b011:7800:12ec:c63d:e4b6:2b67:7c24 - - [26/Aug/2026:21:07:06 +0800] "GET /wp-content/uploads/sites/2550/elementor/thumbs/114%E5%AE%9C%E7%B8%A3%E4%B8%AD%E5%B0%8F%E9%81%8B%E7%BE%BD%E7%90%832-rh6yyeirgetg4nkaubjga1rr81nn66m0w1rq0gmbvk.png HTTP/1.1" 200 327150 "https://www.mses.ilc.edu.tw/" "Mozilla/5.0 (Linux; Android 10; K) AppleWebKit/537.36 (KHTML, like Gecko) Chrome/151.0.0.0 Mobile Safari/537.36"
2001:b400:e3a0:a411:f0b5:f8ea:e1fa:61a9 - - [26/Aug/2026:21:07:07 +0800] "GET /wp-content/themes/oceanwp/assets/js/ow-lightbox.min.js HTTP/1.1" 200 2321 "https://www.fsjh.ilc.edu.tw/" "Mozilla/5.0 (iPhone; CPU iPhone OS 26_6_1 like Mac OS X) AppleWebKit/605.1.15 (KHTML, like Gecko) GSA/433.5.957829776 Mobile/15E148 Safari/604.1"
2001:b011:7800:12ec:c63d:e4b6:2b67:7c24 - - [26/Aug/2026:21:07:06 +0800] "GET /wp-content/uploads/sites/2550/elementor/thumbs/114%E5%AE%9C%E7%B8%A3%E4%B8%AD%E5%B0%8F%E9%81%8B%E8%B7%86%E6%8B%B3%E9%81%931-rgpbf0iin2nqap5ieku2pl001n94bp0txl55n049ls.png HTTP/1.1" 200 395418 "https://www.mses.ilc.edu.tw/" "Mozilla/5.0 (Linux; Android 10; K) AppleWebKit/537.36 (KHTML, like Gecko) Chrome/151.0.0.0 Mobile Safari/537.36"
2001:b400:e3a0:a411:f0b5:f8ea:e1fa:61a9 - - [26/Aug/2026:21:07:07 +0800] "GET /wp-content/themes/oceanwp/assets/js/ow-slider.min.js HTTP/1.1" 200 1761 "https://www.fsjh.ilc.edu.tw/" "Mozilla/5.0 (iPhone; CPU iPhone OS 26_6_1 like Mac OS X) AppleWebKit/605.1.15 (KHTML, like Gecko) GSA/433.5.957829776 Mobile/15E148 Safari/604.1"
2001:b400:e3a0:a411:f0b5:f8ea:e1fa:61a9 - - [26/Aug/2026:21:07:07 +0800] "GET /wp-content/themes/oceanwp/assets/js/vendors/flickity.pkgd.min.js HTTP/1.1" 200 15048 "https://www.fsjh.ilc.edu.tw/" "Mozilla/5.0 (iPhone; CPU iPhone OS 26_6_1 like Mac OS X) AppleWebKit/605.1.15 (KHTML, like Gecko) GSA/433.5.957829776 Mobile/15E148 Safari/604.1"
2001:b400:e3a0:a411:f0b5:f8ea:e1fa:61a9 - - [26/Aug/2026:21:07:07 +0800] "GET /wp-content/themes/oceanwp/assets/js/scroll-effect.min.js HTTP/1.1" 200 4127 "https://www.fsjh.ilc.edu.tw/" "Mozilla/5.0 (iPhone; CPU iPhone OS 26_6_1 like Mac OS X) AppleWebKit/605.1.15 (KHTML, like Gecko) GSA/433.5.957829776 Mobile/15E148 Safari/604.1"
2001:b400:e3a0:a411:f0b5:f8ea:e1fa:61a9 - - [26/Aug/2026:21:07:07 +0800] "GET /wp-content/themes/oceanwp/assets/js/scroll-top.min.js HTTP/1.1" 200 3202 "https://www.fsjh.ilc.edu.tw/" "Mozilla/5.0 (iPhone; CPU iPhone OS 26_6_1 like Mac OS X) AppleWebKit/605.1.15 (KHTML, like Gecko) GSA/433.5.957829776 Mobile/15E148 Safari/604.1"
