204.48.30.154 - - [26/Aug/2026:21:07:31 +0800] "GET /blog/gallery/6341/6341-2607435.jpg HTTP/1.1" 301 1064 "http://blog.ilc.edu.tw/" "Mozilla/5.0 (Windows NT 10.0; Win64; x64) AppleWebKit/537.36 (KHTML, like Gecko) Chrome/103.0.0.0 Safari/537.36"
110.28.121.101 - - [26/Aug/2026:21:07:32 +0800] "GET /wp-content/uploads/sites/1482/elementor/css/post-2.css HTTP/1.1" 200 5950 "https://www.chjh.ilc.edu.tw/" "Mozilla/5.0 (Linux; Android 10; K) AppleWebKit/537.36 (KHTML, like Gecko) Chrome/151.0.0.0 Mobile Safari/537.36"
110.28.121.101 - - [26/Aug/2026:21:07:32 +0800] "GET /wp-content/cache/www.chjh.ilc.edu.tw/wpfc-minified/78jy2wn7/6vy4.css HTTP/1.1" 200 5957 "https://www.chjh.ilc.edu.tw/" "Mozilla/5.0 (Linux; Android 10; K) AppleWebKit/537.36 (KHTML, like Gecko) Chrome/151.0.0.0 Mobile Safari/537.36"
110.28.121.101 - - [26/Aug/2026:21:07:32 +0800] "GET /wp-content/cache/www.chjh.ilc.edu.tw/wpfc-minified/4uxh7t9/6vy4.css HTTP/1.1" 200 6511 "https://www.chjh.ilc.edu.tw/" "Mozilla/5.0 (Linux; Android 10; K) AppleWebKit/537.36 (KHTML, like Gecko) Chrome/151.0.0.0 Mobile Safari/537.36"
110.28.121.101 - - [26/Aug/2026:21:07:32 +0800] "GET /wp-content/cache/www.chjh.ilc.edu.tw/wpfc-minified/ee8a0dvs/6vy4.css HTTP/1.1" 200 45684 "https://www.chjh.ilc.edu.tw/" "Mozilla/5.0 (Linux; Android 10; K) AppleWebKit/537.36 (KHTML, like Gecko) Chrome/151.0.0.0 Mobile Safari/537.36"
110.28.121.101 - - [26/Aug/2026:21:07:32 +0800] "GET /wp-content/uploads/sites/1482/elementor/css/post-309.css HTTP/1.1" 200 6092 "https://www.chjh.ilc.edu.tw/" "Mozilla/5.0 (Linux; Android 10; K) AppleWebKit/537.36 (KHTML, like Gecko) Chrome/151.0.0.0 Mobile Safari/537.36"
110.28.121.101 - - [26/Aug/2026:21:07:32 +0800] "GET /wp-content/cache/www.chjh.ilc.edu.tw/wpfc-minified/e1voqedy/6vy4.css HTTP/1.1" 200 50093 "https://www.chjh.ilc.edu.tw/" "Mozilla/5.0 (Linux; Android 10; K) AppleWebKit/537.36 (KHTML, like Gecko) Chrome/151.0.0.0 Mobile Safari/537.36"
110.28.121.101 - - [26/Aug/2026:21:07:32 +0800] "GET /wp-content/uploads/sites/1482/2026/06/115%E6%9C%83%E8%80%83.jpg HTTP/1.1" 200 103282 "https://www.chjh.ilc.edu.tw/" "Mozilla/5.0 (Linux; Android 10; K) AppleWebKit/537.36 (KHTML, like Gecko) Chrome/151.0.0.0 Mobile Safari/537.36"
110.28.121.101 - - [26/Aug/2026:21:07:32 +0800] "GET /wp-content/cache/www.chjh.ilc.edu.tw/wpfc-minified/9iyqo13s/6vy4.css HTTP/1.1" 200 18539 "https://www.chjh.ilc.edu.tw/" "Mozilla/5.0 (Linux; Android 10; K) AppleWebKit/537.36 (KHTML, like Gecko) Chrome/151.0.0.0 Mobile Safari/537.36"
110.28.121.101 - - [26/Aug/2026:21:07:32 +0800] "GET /wp-content/cache/www.chjh.ilc.edu.tw/wpfc-minified/mc2crcdt/6vy4.js HTTP/1.1" 200 35559 "https://www.chjh.ilc.edu.tw/" "Mozilla/5.0 (Linux; Android 10; K) AppleWebKit/537.36 (KHTML, like Gecko) Chrome/151.0.0.0 Mobile Safari/537.36"
2409:8c04:110e:8::143 - - [26/Aug/2026:21:07:32 +0800] "GET /wp-includes/js/admin-bar.min.js HTTP/1.1" 200 7032 "https://ilta.ilc.edu.tw/2011/04/page/7/" "Mozilla/5.0 (Windows NT 10.0; Win64; x64) AppleWebKit/537.36 (KHTML, like Gecko) Chrome/144.0.0.0 Safari/537.36"
110.28.121.101 - - [26/Aug/2026:21:07:32 +0800] "GET /wp-content/uploads/sites/1482/2023/07/%E8%B3%87%E5%AE%89%E7%A0%94%E7%BF%92.png HTTP/1.1" 200 7369 "https://www.chjh.ilc.edu.tw/" "Mozilla/5.0 (Linux; Android 10; K) AppleWebKit/537.36 (KHTML, like Gecko) Chrome/151.0.0.0 Mobile Safari/537.36"
110.28.121.101 - - [26/Aug/2026:21:07:32 +0800] "GET /wp-includes/js/hoverintent-js.min.js HTTP/1.1" 200 1597 "https://www.chjh.ilc.edu.tw/" "Mozilla/5.0 (Linux; Android 10; K) AppleWebKit/537.36 (KHTML, like Gecko) Chrome/151.0.0.0 Mobile Safari/537.36"
110.28.121.101 - - [26/Aug/2026:21:07:32 +0800] "GET /wp-includes/js/admin-bar.min.js HTTP/1.1" 200 2237 "https://www.chjh.ilc.edu.tw/" "Mozilla/5.0 (Linux; Android 10; K) AppleWebKit/537.36 (KHTML, like Gecko) Chrome/151.0.0.0 Mobile Safari/537.36"
110.28.121.101 - - [26/Aug/2026:21:07:32 +0800] "GET /wp-content/uploads/sites/1482/2026/05/114%E5%AD%B8%E5%B9%B4%E5%BA%A6%E8%81%AF%E8%B3%BD%E6%88%90%E7%B8%BE.jpg HTTP/1.1" 200 123683 "https://www.chjh.ilc.edu.tw/" "Mozilla/5.0 (Linux; Android 10; K) AppleWebKit/537.36 (KHTML, like Gecko) Chrome/151.0.0.0 Mobile Safari/537.36"
110.28.121.101 - - [26/Aug/2026:21:07:32 +0800] "GET /wp-content/uploads/sites/1482/2024/12/White-Minimalist-Library-Open-Hours-Instagram-Story-576x1024.png HTTP/1.1" 200 493801 "https://www.chjh.ilc.edu.tw/" "Mozilla/5.0 (Linux; Android 10; K) AppleWebKit/537.36 (KHTML, like Gecko) Chrome/151.0.0.0 Mobile Safari/537.36"
2409:8c04:110e:8::143 - - [26/Aug/2026:21:07:32 +0800] "GET /wp-content/cache/ilta.ilc.edu.tw/wpfc-minified/1qjpbzp9/6wvk.js HTTP/1.1" 200 40344 "https://ilta.ilc.edu.tw/2011/04/page/7/" "Mozilla/5.0 (Windows NT 10.0; Win64; x64) AppleWebKit/537.36 (KHTML, like Gecko) Chrome/144.0.0.0 Safari/537.36"
110.28.121.101 - - [26/Aug/2026:21:07:32 +0800] "GET /wp-content/plugins/elementor/assets/lib/eicons/fonts/eicons.woff2?5.30.0 HTTP/1.1" 200 98225 "https://www.chjh.ilc.edu.tw/wp-content/cache/www.chjh.ilc.edu.tw/wpfc-minified/e1voqedy/6vy4.css" "Mozilla/5.0 (Linux; Android 10; K) AppleWebKit/537.36 (KHTML, like Gecko) Chrome/151.0.0.0 Mobile Safari/537.36"
110.28.121.101 - - [26/Aug/2026:21:07:32 +0800] "GET /wp-content/themes/huemanilc/assets/front/webfonts/fa-solid-900.woff2?v=5.5.0 HTTP/1.1" 200 74879 "https://www.chjh.ilc.edu.tw/wp-content/cache/www.chjh.ilc.edu.tw/wpfc-minified/e1voqedy/6vy4.css" "Mozilla/5.0 (Linux; Android 10; K) AppleWebKit/537.36 (KHTML, like Gecko) Chrome/151.0.0.0 Mobile Safari/537.36"
110.28.121.101 - - [26/Aug/2026:21:07:32 +0800] "GET /wp-includes/js/underscore.min.js HTTP/1.1" 200 8191 "https://www.chjh.ilc.edu.tw/" "Mozilla/5.0 (Linux; Android 10; K) AppleWebKit/537.36 (KHTML, like Gecko) Chrome/151.0.0.0 Mobile Safari/537.36"
110.28.121.101 - - [26/Aug/2026:21:07:32 +0800] "GET /wp-content/themes/huemanilc/assets/front/js/scripts.min.js HTTP/1.1" 200 27001 "https://www.chjh.ilc.edu.tw/" "Mozilla/5.0 (Linux; Android 10; K) AppleWebKit/537.36 (KHTML, like Gecko) Chrome/151.0.0.0 Mobile Safari/537.36"
111.241.206.99 - - [26/Aug/2026:21:07:32 +0800] "GET /2528/2023/10/22/%e5%ae%9c%e8%98%ad%e7%9a%84%e6%9c%9d%e8%81%96%e4%b9%8b%e8%b7%af%e8%a5%bf%e5%9c%8b%e4%b8%89%e5%8d%81%e4%b8%89%e6%89%80%e8%a7%80%e9%9f%b3%e9%9d%88%e5%a0%b4%e4%b8%8b/ HTTP/1.1" 200 12408 "https://2blog.ilc.edu.tw/2528/page/2/" "Mozilla/5.0 (Windows NT 10.0; Win64; x64) AppleWebKit/537.36 (KHTML, like Gecko) Chrome/151.0.0.0 Safari/537.36"
49.158.154.139 - - [26/Aug/2026:21:07:32 +0800] "GET /favicon.ico HTTP/1.1" 302 5875 "-" "NetworkingExtension/8624.4.5.10.5 Network/5812.160.9 iOS/26.6"
110.28.121.101 - - [26/Aug/2026:21:07:32 +0800] "GET /wp-content/plugins/elementor/assets/js/webpack.runtime.min.js HTTP/1.1" 200 3095 "https://www.chjh.ilc.edu.tw/" "Mozilla/5.0 (Linux; Android 10; K) AppleWebKit/537.36 (KHTML, like Gecko) Chrome/151.0.0.0 Mobile Safari/537.36"
110.28.121.101 - - [26/Aug/2026:21:07:32 +0800] "GET /wp-content/plugins/elementor/assets/js/frontend-modules.min.js HTTP/1.1" 200 19416 "https://www.chjh.ilc.edu.tw/" "Mozilla/5.0 (Linux; Android 10; K) AppleWebKit/537.36 (KHTML, like Gecko) Chrome/151.0.0.0 Mobile Safari/537.36"
204.48.30.169 - - [26/Aug/2026:21:07:32 +0800] "GET /blog/gallery/6341/6341-2398768.jpg HTTP/1.1" 404 25426 "http://blog.ilc.edu.tw/" "Mozilla/5.0 (Windows NT 10.0; Win64; x64) AppleWebKit/537.36 (KHTML, like Gecko) Chrome/103.0.0.0 Safari/537.36"
49.158.154.139 - - [26/Aug/2026:21:07:32 +0800] "GET /apple-touch-icon-precomposed.png HTTP/1.1" 404 55768 "-" "NetworkingExtension/8624.4.5.10.5 Network/5812.160.9 iOS/26.6"
204.48.30.154 - - [26/Aug/2026:21:07:32 +0800] "GET /blog/gallery/6341/6341-2607469.jpg HTTP/1.1" 301 1064 "http://blog.ilc.edu.tw/" "Mozilla/5.0 (Windows NT 10.0; Win64; x64) AppleWebKit/537.36 (KHTML, like Gecko) Chrome/103.0.0.0 Safari/537.36"
49.158.154.139 - - [26/Aug/2026:21:07:32 +0800] "GET /apple-touch-icon.png HTTP/1.1" 404 55768 "-" "NetworkingExtension/8624.4.5.10.5 Network/5812.160.9 iOS/26.6"
49.158.154.139 - - [26/Aug/2026:21:07:32 +0800] "GET /wp-content/uploads/sites/1668/28341/28341-2522621.jpg HTTP/1.1" 200 24573 "-" "NetworkingExtension/8624.4.5.10.5 Network/5812.160.9 iOS/26.6"
110.28.121.101 - - [26/Aug/2026:21:07:32 +0800] "GET /wp-content/plugins/elementor/assets/lib/waypoints/waypoints.min.js HTTP/1.1" 200 3873 "https://www.chjh.ilc.edu.tw/" "Mozilla/5.0 (Linux; Android 10; K) AppleWebKit/537.36 (KHTML, like Gecko) Chrome/151.0.0.0 Mobile Safari/537.36"
111.241.206.99 - - [26/Aug/2026:21:07:32 +0800] "GET /2528/wp-content/uploads/sites/471/2023/10/20231003_133909-EDIT-scaled.jpg HTTP/1.1" 200 1391417 "https://2blog.ilc.edu.tw/2528/2023/10/22/%e5%ae%9c%e8%98%ad%e7%9a%84%e6%9c%9d%e8%81%96%e4%b9%8b%e8%b7%af%e8%a5%bf%e5%9c%8b%e4%b8%89%e5%8d%81%e4%b8%89%e6%89%80%e8%a7%80%e9%9f%b3%e9%9d%88%e5%a0%b4%e4%b8%8b/" "Mozilla/5.0 (Windows NT 10.0; Win64; x64) AppleWebKit/537.36 (KHTML, like Gecko) Chrome/151.0.0.0 Safari/537.36"
110.28.121.101 - - [26/Aug/2026:21:07:32 +0800] "GET /wp-includes/js/jquery/ui/core.min.js HTTP/1.1" 200 7986 "https://www.chjh.ilc.edu.tw/" "Mozilla/5.0 (Linux; Android 10; K) AppleWebKit/537.36 (KHTML, like Gecko) Chrome/151.0.0.0 Mobile Safari/537.36"
49.158.154.139 - - [26/Aug/2026:21:07:32 +0800] "GET / HTTP/1.1" 200 22454 "-" "Mozilla/5.0 (Macintosh; Intel Mac OS X 10_11_1) AppleWebKit/601.2.4 (KHTML, like Gecko) Version/9.0.1 Safari/601.2.4 facebookexternalhit/1.1 Facebot Twitterbot/1.0"
110.28.121.101 - - [26/Aug/2026:21:07:32 +0800] "GET /wp-content/uploads/sites/1482/2026/05/115%E5%85%A8%E4%B8%AD%E9%81%8B%E6%88%90%E7%B8%BE.jpg HTTP/1.1" 200 125380 "https://www.chjh.ilc.edu.tw/" "Mozilla/5.0 (Linux; Android 10; K) AppleWebKit/537.36 (KHTML, like Gecko) Chrome/151.0.0.0 Mobile Safari/537.36"
110.28.121.101 - - [26/Aug/2026:21:07:32 +0800] "GET /wp-content/plugins/elementor/assets/js/frontend.min.js HTTP/1.1" 200 13169 "https://www.chjh.ilc.edu.tw/" "Mozilla/5.0 (Linux; Android 10; K) AppleWebKit/537.36 (KHTML, like Gecko) Chrome/151.0.0.0 Mobile Safari/537.36"
110.28.121.101 - - [26/Aug/2026:21:07:32 +0800] "GET /wp-content/uploads/sites/1482/2026/04/%E8%AE%80%E8%80%85%E5%8A%87%E5%A0%B4%E7%A5%9D%E8%B3%80%E6%B5%B7%E5%A0%B1_page-0001_0-1024x576.jpg HTTP/1.1" 200 87594 "https://www.chjh.ilc.edu.tw/" "Mozilla/5.0 (Linux; Android 10; K) AppleWebKit/537.36 (KHTML, like Gecko) Chrome/151.0.0.0 Mobile Safari/537.36"
110.28.121.101 - - [26/Aug/2026:21:07:32 +0800] "GET /wp-content/uploads/sites/1482/2026/04/%E6%AD%8C%E5%94%B1%E6%AF%94%E8%B3%BD%E7%A5%9D%E8%B3%80%E6%B5%B7%E5%A0%B1_page-0001_0-1024x576.jpg HTTP/1.1" 200 88311 "https://www.chjh.ilc.edu.tw/" "Mozilla/5.0 (Linux; Android 10; K) AppleWebKit/537.36 (KHTML, like Gecko) Chrome/151.0.0.0 Mobile Safari/537.36"
49.158.154.139 - - [26/Aug/2026:21:07:32 +0800] "GET /wp-content/uploads/sites/1668/28341/28341-2522621.jpg HTTP/1.1" 200 24573 "-" "NetworkingExtension/8624.4.5.10.5 Network/5812.160.9 iOS/26.6"
143.198.179.178 - - [26/Aug/2026:21:07:32 +0800] "GET /blog/gallery/6341/6341-2369446.jpg HTTP/1.1" 404 25426 "http://blog.ilc.edu.tw/" "Mozilla/5.0 (Windows NT 10.0; Win64; x64) AppleWebKit/537.36 (KHTML, like Gecko) Chrome/103.0.0.0 Safari/537.36"
49.158.154.139 - - [26/Aug/2026:21:07:32 +0800] "GET /wp-content/uploads/sites/1668/28341/28341-2522621.jpg HTTP/1.1" 200 29376 "-" "NetworkingExtension/8624.4.5.10.5 Network/5812.160.9 iOS/26.6"
49.158.154.139 - - [26/Aug/2026:21:07:32 +0800] "GET /wp-content/uploads/sites/1668/28341/28341-2522621.jpg HTTP/1.1" 200 29376 "-" "NetworkingExtension/8624.4.5.10.5 Network/5812.160.9 iOS/26.6"
110.28.121.101 - - [26/Aug/2026:21:07:32 +0800] "GET /wp-content/uploads/sites/1482/2026/04/%E5%96%AE%E5%AD%97%E7%8E%8B%E7%A5%9D%E8%B3%80%E6%B5%B7%E5%A0%B1_page-0001_0-1024x576.jpg HTTP/1.1" 200 105740 "https://www.chjh.ilc.edu.tw/" "Mozilla/5.0 (Linux; Android 10; K) AppleWebKit/537.36 (KHTML, like Gecko) Chrome/151.0.0.0 Mobile Safari/537.36"
206.81.9.253 - - [26/Aug/2026:21:07:32 +0800] "GET /blog/gallery/6341/6341-2369492.jpg HTTP/1.1" 301 1064 "http://blog.ilc.edu.tw/" "Mozilla/5.0 (Windows NT 10.0; Win64; x64) AppleWebKit/537.36 (KHTML, like Gecko) Chrome/103.0.0.0 Safari/537.36"
2409:8c04:110e:8::143 - - [26/Aug/2026:21:07:32 +0800] "GET /wp-includes/js/hoverintent-js.min.js HTTP/1.1" 200 6392 "https://ilta.ilc.edu.tw/2011/04/page/7/" "Mozilla/5.0 (Windows NT 10.0; Win64; x64) AppleWebKit/537.36 (KHTML, like Gecko) Chrome/144.0.0.0 Safari/537.36"
2409:8c04:110e:8::143 - - [26/Aug/2026:21:07:33 +0800] "GET /wp-includes/js/imagesloaded.min.js HTTP/1.1" 200 2683 "https://ilta.ilc.edu.tw/2011/04/page/7/" "Mozilla/5.0 (Windows NT 10.0; Win64; x64) AppleWebKit/537.36 (KHTML, like Gecko) Chrome/144.0.0.0 Safari/537.36"
111.241.206.99 - - [26/Aug/2026:21:07:32 +0800] "POST /2528/wp-json/ilc-summary/v1/popular-posts HTTP/1.1" 201 1609 "https://2blog.ilc.edu.tw/2528/2023/10/22/%e5%ae%9c%e8%98%ad%e7%9a%84%e6%9c%9d%e8%81%96%e4%b9%8b%e8%b7%af%e8%a5%bf%e5%9c%8b%e4%b8%89%e5%8d%81%e4%b8%89%e6%89%80%e8%a7%80%e9%9f%b3%e9%9d%88%e5%a0%b4%e4%b8%8b/" "Mozilla/5.0 (Windows NT 10.0; Win64; x64) AppleWebKit/537.36 (KHTML, like Gecko) Chrome/151.0.0.0 Safari/537.36"
110.28.121.101 - - [26/Aug/2026:21:07:32 +0800] "GET /wp-content/uploads/sites/1482/2026/04/%E7%A7%91%E5%B1%95%E7%AB%B6%E8%B3%BD%E6%B5%B7%E5%A0%B1-1024x572.png HTTP/1.1" 200 727375 "https://www.chjh.ilc.edu.tw/" "Mozilla/5.0 (Linux; Android 10; K) AppleWebKit/537.36 (KHTML, like Gecko) Chrome/151.0.0.0 Mobile Safari/537.36"
2001:288:a201::66:125 - - [26/Aug/2026:21:07:33 +0800] "GET /blog/active.php HTTP/1.1" 301 1026 "-" "-"
110.28.121.101 - - [26/Aug/2026:21:07:33 +0800] "GET /wp-content/uploads/sites/1482/2026/03/%E3%80%8C114%E5%AD%B8%E5%B9%B4%E5%BA%A6%E5%85%A8%E5%9C%8B%E5%AD%B8%E7%94%9F%E9%9F%B3%E6%A8%82%E6%AF%94%E8%B3%BD%E3%80%8D%E5%80%8B%E4%BA%BA%E9%A0%85%E7%9B%AE%E5%85%A8%E5%8D%80%E6%B1%BA%E8%B3%BD-%E6%88%90%E7%B8%BE%E5%85%AC%E5%91%8A-%E5%80%8B%E4%BA%BA-1024x576.jpg HTTP/1.1" 200 105028 "https://www.chjh.ilc.edu.tw/" "Mozilla/5.0 (Linux; Android 10; K) AppleWebKit/537.36 (KHTML, like Gecko) Chrome/151.0.0.0 Mobile Safari/537.36"
2001:288:a201::66:125 - - [26/Aug/2026:21:07:33 +0800] "GET /blog/active.php HTTP/1.1" 404 1084 "-" "-"
110.28.121.101 - - [26/Aug/2026:21:07:33 +0800] "GET /wp-content/uploads/sites/1482/2026/01/%E7%A7%91%E6%8A%80%E7%AB%B6%E8%B3%BD%E6%B5%B7%E5%A0%B1.png HTTP/1.1" 200 872970 "https://www.chjh.ilc.edu.tw/" "Mozilla/5.0 (Linux; Android 10; K) AppleWebKit/537.36 (KHTML, like Gecko) Chrome/151.0.0.0 Mobile Safari/537.36"
::1 - - [26/Aug/2026:21:07:33 +0800] "OPTIONS * HTTP/1.0" 200 110 "-" "Apache/2.4.68 (Ubuntu) OpenSSL/3.0.19 (internal dummy connection)"
110.28.121.101 - - [26/Aug/2026:21:07:33 +0800] "GET /wp-content/uploads/sites/1482/2026/03/%E9%87%91%E9%A0%AD%E8%85%A6-1024x571.png HTTP/1.1" 200 925785 "https://www.chjh.ilc.edu.tw/" "Mozilla/5.0 (Linux; Android 10; K) AppleWebKit/537.36 (KHTML, like Gecko) Chrome/151.0.0.0 Mobile Safari/537.36"
110.28.121.101 - - [26/Aug/2026:21:07:33 +0800] "GET /wp-content/uploads/sites/1482/2025/12/114%E5%AD%B8%E5%B9%B4%E7%B0%A1%E5%A0%B1%E9%81%94%E4%BA%BA%E5%85%AC%E5%91%8A.jpg HTTP/1.1" 200 104018 "https://www.chjh.ilc.edu.tw/" "Mozilla/5.0 (Linux; Android 10; K) AppleWebKit/537.36 (KHTML, like Gecko) Chrome/151.0.0.0 Mobile Safari/537.36"
140.111.67.195 - - [26/Aug/2026:21:07:33 +0800] "GET /wp-admin/admin-post.php?action=steps_ad HTTP/1.1" 200 1649 "-" "node-fetch/1.0 (+https://github.com/bitinn/node-fetch)"
2407:4b00:4c02:802b:f17d:499:8fa8:b37a - - [26/Aug/2026:21:07:33 +0800] "GET /wp-content/plugins/elementor/assets/js/image-carousel.4455c6362492d9067512.bundle.min.js HTTP/1.1" 200 1515 "https://www.chjh.ilc.edu.tw/" "Mozilla/5.0 (Macintosh; Intel Mac OS X 10_15_7) AppleWebKit/537.36 (KHTML, like Gecko) Chrome/138.0.0.0 Safari/537.36"
134.209.117.54 - - [26/Aug/2026:21:07:33 +0800] "GET /blog/gallery/6341/6341-2615453.jpg HTTP/1.1" 404 25426 "http://blog.ilc.edu.tw/" "Mozilla/5.0 (Windows NT 10.0; Win64; x64) AppleWebKit/537.36 (KHTML, like Gecko) Chrome/103.0.0.0 Safari/537.36"
110.28.121.101 - - [26/Aug/2026:21:07:33 +0800] "GET /wp-content/uploads/sites/1482/2025/11/114%E5%AD%B8%E5%B9%B4%E5%BA%A6%E5%AE%9C%E8%98%AD%E7%B8%A3%E5%AD%B8%E7%94%9F%E9%9F%B3%E6%A8%82%E6%9A%A8%E5%B8%AB%E7%94%9F%E9%84%89%E5%9C%9F%E6%AD%8C%E8%AC%A0%E6%AF%94%E8%B3%BD-%E6%88%90%E7%B8%BE%E5%85%AC%E5%91%8A%E5%9C%98%E9%AB%94_0-1024x576.jpg HTTP/1.1" 200 92532 "https://www.chjh.ilc.edu.tw/" "Mozilla/5.0 (Linux; Android 10; K) AppleWebKit/537.36 (KHTML, like Gecko) Chrome/151.0.0.0 Mobile Safari/537.36"
2407:4b00:4c02:802b:f17d:499:8fa8:b37a - - [26/Aug/2026:21:07:33 +0800] "GET /wp-content/plugins/elementor/assets/lib/swiper/v8/swiper.min.js?ver=8.4.5 HTTP/1.1" 200 40708 "https://www.chjh.ilc.edu.tw/" "Mozilla/5.0 (Macintosh; Intel Mac OS X 10_15_7) AppleWebKit/537.36 (KHTML, like Gecko) Chrome/138.0.0.0 Safari/537.36"
2409:8c04:110e:8::143 - - [26/Aug/2026:21:07:33 +0800] "GET /wp-content/themes/oceanwp/assets/js/theme.min.js HTTP/1.1" 200 5130 "https://ilta.ilc.edu.tw/2011/04/page/7/" "Mozilla/5.0 (Windows NT 10.0; Win64; x64) AppleWebKit/537.36 (KHTML, like Gecko) Chrome/144.0.0.0 Safari/537.36"
2001:4860:7:510::f - - [26/Aug/2026:21:07:33 +0800] "GET /4659/ HTTP/1.1" 200 23766 "https://www.google.com/" "Mozilla/5.0 (Windows NT 10.0; Win64; x64) AppleWebKit/537.36 (KHTML, like Gecko) Chrome/151.0.0.0 Safari/537.36"
110.28.121.101 - - [26/Aug/2026:21:07:33 +0800] "GET /wp-content/uploads/sites/1482/2025/11/114%E5%AD%B8%E5%B9%B4%E5%BA%A6%E5%AE%9C%E8%98%AD%E7%B8%A3%E5%AD%B8%E7%94%9F%E9%9F%B3%E6%A8%82%E6%9A%A8%E5%B8%AB%E7%94%9F%E9%84%89%E5%9C%9F%E6%AD%8C%E8%AC%A0%E6%AF%94%E8%B3%BD-%E6%88%90%E7%B8%BE%E5%85%AC%E5%91%8A-%E5%80%8B%E4%BA%BA_0-1024x576.jpg HTTP/1.1" 200 128004 "https://www.chjh.ilc.edu.tw/" "Mozilla/5.0 (Linux; Android 10; K) AppleWebKit/537.36 (KHTML, like Gecko) Chrome/151.0.0.0 Mobile Safari/537.36"
110.28.121.101 - - [26/Aug/2026:21:07:33 +0800] "GET /wp-content/uploads/sites/1482/2025/11/%E7%A5%9D%E8%B3%80%E6%B5%B7%E5%A0%B1_712%E8%91%89%E5%AE%87%E7%BF%94-1024x576.jpg HTTP/1.1" 200 77480 "https://www.chjh.ilc.edu.tw/" "Mozilla/5.0 (Linux; Android 10; K) AppleWebKit/537.36 (KHTML, like Gecko) Chrome/151.0.0.0 Mobile Safari/537.36"
110.28.121.101 - - [26/Aug/2026:21:07:33 +0800] "GET /wp-content/uploads/sites/1482/2025/11/Hanover-and-Tyke-High-School-Present-724x1024.png HTTP/1.1" 200 267038 "https://www.chjh.ilc.edu.tw/" "Mozilla/5.0 (Linux; Android 10; K) AppleWebKit/537.36 (KHTML, like Gecko) Chrome/151.0.0.0 Mobile Safari/537.36"
2409:8c04:110e:8::143 - - [26/Aug/2026:21:07:33 +0800] "GET /wp-content/themes/oceanwp/assets/js/drop-down-mobile-menu.min.js HTTP/1.1" 200 4663 "https://ilta.ilc.edu.tw/2011/04/page/7/" "Mozilla/5.0 (Windows NT 10.0; Win64; x64) AppleWebKit/537.36 (KHTML, like Gecko) Chrome/144.0.0.0 Safari/537.36"
110.28.121.101 - - [26/Aug/2026:21:07:34 +0800] "GET /wp-content/uploads/sites/1482/2025/10/%E7%8D%B2%E7%8D%8E%E5%85%AC%E5%91%8A114%E7%BE%8E%E8%A1%93%E6%AF%94%E8%B3%BD.jpg HTTP/1.1" 200 178023 "https://www.chjh.ilc.edu.tw/" "Mozilla/5.0 (Linux; Android 10; K) AppleWebKit/537.36 (KHTML, like Gecko) Chrome/151.0.0.0 Mobile Safari/537.36"
::1 - - [26/Aug/2026:21:07:34 +0800] "OPTIONS * HTTP/1.0" 200 110 "-" "Apache/2.4.68 (Ubuntu) OpenSSL/3.0.19 (internal dummy connection)"
34.171.68.95 - - [26/Aug/2026:21:07:34 +0800] "GET /gangibetshai/wp-json/oembed/1.0/embed?format=xml&url=https://2blog.ilc.edu.tw/gangibetshai/2024/11/03/%25e4%25b8%25bb%25e5%25b8%25ad%25e5%25b0%25b1%25e4%25bd%258d%25e5%258f%25b0%25e4%25b8%25ad/ HTTP/1.1" 200 7049 "-" "Mozilla/5.0 (Macintosh; Intel Mac OS X 10_15_7) AppleWebKit/537.36 (KHTML, like Gecko) Chrome/120.0.0.0 Safari/537.36"
110.28.121.101 - - [26/Aug/2026:21:07:34 +0800] "GET /wp-content/uploads/sites/1482/2025/09/33-1024x576.jpg HTTP/1.1" 200 87435 "https://www.chjh.ilc.edu.tw/" "Mozilla/5.0 (Linux; Android 10; K) AppleWebKit/537.36 (KHTML, like Gecko) Chrome/151.0.0.0 Mobile Safari/537.36"
110.28.121.101 - - [26/Aug/2026:21:07:34 +0800] "GET /wp-content/uploads/sites/1482/2025/09/23-1024x576.jpg HTTP/1.1" 200 96415 "https://www.chjh.ilc.edu.tw/" "Mozilla/5.0 (Linux; Android 10; K) AppleWebKit/537.36 (KHTML, like Gecko) Chrome/151.0.0.0 Mobile Safari/537.36"
110.28.121.101 - - [26/Aug/2026:21:07:34 +0800] "GET /wp-content/uploads/sites/1482/2025/09/13-1024x576.jpg HTTP/1.1" 200 89010 "https://www.chjh.ilc.edu.tw/" "Mozilla/5.0 (Linux; Android 10; K) AppleWebKit/537.36 (KHTML, like Gecko) Chrome/151.0.0.0 Mobile Safari/537.36"
110.28.121.101 - - [26/Aug/2026:21:07:34 +0800] "GET /wp-content/uploads/sites/1482/2025/08/36-1024x724.png HTTP/1.1" 200 171953 "https://www.chjh.ilc.edu.tw/" "Mozilla/5.0 (Linux; Android 10; K) AppleWebKit/537.36 (KHTML, like Gecko) Chrome/151.0.0.0 Mobile Safari/537.36"
2409:8c04:110e:8::143 - - [26/Aug/2026:21:07:34 +0800] "GET /wp-content/themes/oceanwp/assets/js/drop-down-search.min.js HTTP/1.1" 200 2968 "https://ilta.ilc.edu.tw/2011/04/page/7/" "Mozilla/5.0 (Windows NT 10.0; Win64; x64) AppleWebKit/537.36 (KHTML, like Gecko) Chrome/144.0.0.0 Safari/537.36"
110.28.121.101 - - [26/Aug/2026:21:07:34 +0800] "GET /wp-content/uploads/sites/1482/2025/08/26-1024x724.png HTTP/1.1" 200 164697 "https://www.chjh.ilc.edu.tw/" "Mozilla/5.0 (Linux; Android 10; K) AppleWebKit/537.36 (KHTML, like Gecko) Chrome/151.0.0.0 Mobile Safari/537.36"
110.28.121.101 - - [26/Aug/2026:21:07:34 +0800] "GET /wp-content/uploads/sites/1482/2025/08/14-1024x724.png HTTP/1.1" 200 163205 "https://www.chjh.ilc.edu.tw/" "Mozilla/5.0 (Linux; Android 10; K) AppleWebKit/537.36 (KHTML, like Gecko) Chrome/151.0.0.0 Mobile Safari/537.36"
110.28.121.101 - - [26/Aug/2026:21:07:34 +0800] "GET /wp-content/uploads/sites/1482/2025/08/7-1024x724.png HTTP/1.1" 200 274608 "https://www.chjh.ilc.edu.tw/" "Mozilla/5.0 (Linux; Android 10; K) AppleWebKit/537.36 (KHTML, like Gecko) Chrome/151.0.0.0 Mobile Safari/537.36"
110.28.121.101 - - [26/Aug/2026:21:07:34 +0800] "GET /wp-content/uploads/sites/1482/2025/08/6-1024x724.png HTTP/1.1" 200 283705 "https://www.chjh.ilc.edu.tw/" "Mozilla/5.0 (Linux; Android 10; K) AppleWebKit/537.36 (KHTML, like Gecko) Chrome/151.0.0.0 Mobile Safari/537.36"
34.171.68.95 - - [26/Aug/2026:21:07:34 +0800] "GET /6486/2010/09/23/%E5%9C%A8%E4%BB%96%E5%80%91%E5%96%AE%E7%B4%94%E7%9A%84%E7%9C%BC%E8%A3%A1%EF%BC%8C%E6%88%91%E5%80%91%E7%9C%8B%E5%88%B0%E6%9C%80%E7%BE%8E%E7%9A%84%E4%B8%96%E7%95%8C%E6%89%8B%E6%84%9F%E6%A0%A1%E5%9C%92/ HTTP/1.1" 200 16423 "-" "Mozilla/5.0 (Macintosh; Intel Mac OS X 10_15_7) AppleWebKit/537.36 (KHTML, like Gecko) Chrome/120.0.0.0 Safari/537.36"
110.28.121.101 - - [26/Aug/2026:21:07:34 +0800] "GET /wp-content/uploads/sites/1482/2025/08/5-1024x724.png HTTP/1.1" 200 276868 "https://www.chjh.ilc.edu.tw/" "Mozilla/5.0 (Linux; Android 10; K) AppleWebKit/537.36 (KHTML, like Gecko) Chrome/151.0.0.0 Mobile Safari/537.36"
137.184.142.69 - - [26/Aug/2026:21:07:34 +0800] "GET /blog/gallery/6341/6341-2360058.jpg HTTP/1.1" 301 1064 "http://blog.ilc.edu.tw/" "Mozilla/5.0 (Windows NT 10.0; Win64; x64) AppleWebKit/537.36 (KHTML, like Gecko) Chrome/103.0.0.0 Safari/537.36"
110.28.121.101 - - [26/Aug/2026:21:07:34 +0800] "GET /wp-content/uploads/sites/1482/2025/08/4-1024x724.png HTTP/1.1" 200 273492 "https://www.chjh.ilc.edu.tw/" "Mozilla/5.0 (Linux; Android 10; K) AppleWebKit/537.36 (KHTML, like Gecko) Chrome/151.0.0.0 Mobile Safari/537.36"
2407:4b00:4c02:802b:f17d:499:8fa8:b37a - - [26/Aug/2026:21:07:34 +0800] "GET /favicon.ico HTTP/1.1" 302 1036 "https://www.chjh.ilc.edu.tw/" "Mozilla/5.0 (Macintosh; Intel Mac OS X 10_15_7) AppleWebKit/537.36 (KHTML, like Gecko) Chrome/138.0.0.0 Safari/537.36"
110.28.121.101 - - [26/Aug/2026:21:07:35 +0800] "GET /wp-content/uploads/sites/1482/2025/05/4_3-1024x724.png HTTP/1.1" 200 396610 "https://www.chjh.ilc.edu.tw/" "Mozilla/5.0 (Linux; Android 10; K) AppleWebKit/537.36 (KHTML, like Gecko) Chrome/151.0.0.0 Mobile Safari/537.36"
2407:4b00:4c02:802b:f17d:499:8fa8:b37a - - [26/Aug/2026:21:07:35 +0800] "GET /wp-includes/images/w-logo-blue-white-bg.png HTTP/1.1" 200 4946 "https://www.chjh.ilc.edu.tw/" "Mozilla/5.0 (Macintosh; Intel Mac OS X 10_15_7) AppleWebKit/537.36 (KHTML, like Gecko) Chrome/138.0.0.0 Safari/537.36"
110.28.121.101 - - [26/Aug/2026:21:07:35 +0800] "GET /wp-content/uploads/sites/1482/2025/05/35-1-1024x724.png HTTP/1.1" 200 395898 "https://www.chjh.ilc.edu.tw/" "Mozilla/5.0 (Linux; Android 10; K) AppleWebKit/537.36 (KHTML, like Gecko) Chrome/151.0.0.0 Mobile Safari/537.36"
110.28.121.101 - - [26/Aug/2026:21:07:35 +0800] "GET /wp-content/uploads/sites/1482/2025/05/25-1024x724.png HTTP/1.1" 200 399654 "https://www.chjh.ilc.edu.tw/" "Mozilla/5.0 (Linux; Android 10; K) AppleWebKit/537.36 (KHTML, like Gecko) Chrome/151.0.0.0 Mobile Safari/537.36"
110.28.121.101 - - [26/Aug/2026:21:07:35 +0800] "GET /wp-content/uploads/sites/1482/2025/04/113%E5%AD%B8%E5%B9%B4%E7%B0%A1%E5%A0%B1%E9%81%94%E4%BA%BA%E5%85%AC%E5%91%8A.png HTTP/1.1" 200 255245 "https://www.chjh.ilc.edu.tw/" "Mozilla/5.0 (Linux; Android 10; K) AppleWebKit/537.36 (KHTML, like Gecko) Chrome/151.0.0.0 Mobile Safari/537.36"
140.111.67.10 - - [26/Aug/2026:21:07:35 +0800] "GET /" 301 273 "-" "-"
2409:8c04:110e:8::143 - - [26/Aug/2026:21:07:35 +0800] "GET /wp-content/themes/oceanwp/assets/js/vendors/magnific-popup.min.js HTTP/1.1" 200 8270 "https://ilta.ilc.edu.tw/2011/04/page/7/" "Mozilla/5.0 (Windows NT 10.0; Win64; x64) AppleWebKit/537.36 (KHTML, like Gecko) Chrome/144.0.0.0 Safari/537.36"
110.28.121.101 - - [26/Aug/2026:21:07:35 +0800] "GET /wp-content/uploads/sites/1482/2025/04/34-1024x724.png HTTP/1.1" 200 626196 "https://www.chjh.ilc.edu.tw/" "Mozilla/5.0 (Linux; Android 10; K) AppleWebKit/537.36 (KHTML, like Gecko) Chrome/151.0.0.0 Mobile Safari/537.36"
134.122.125.154 - - [26/Aug/2026:21:07:35 +0800] "GET /blog/gallery/6341/6341-2360050.jpg HTTP/1.1" 404 25426 "http://blog.ilc.edu.tw/" "Mozilla/5.0 (Windows NT 10.0; Win64; x64) AppleWebKit/537.36 (KHTML, like Gecko) Chrome/103.0.0.0 Safari/537.36"
110.28.121.101 - - [26/Aug/2026:21:07:35 +0800] "GET /wp-content/uploads/sites/1482/2025/04/13-1024x724.png HTTP/1.1" 200 586132 "https://www.chjh.ilc.edu.tw/" "Mozilla/5.0 (Linux; Android 10; K) AppleWebKit/537.36 (KHTML, like Gecko) Chrome/151.0.0.0 Mobile Safari/537.36"
110.28.121.101 - - [26/Aug/2026:21:07:35 +0800] "GET /wp-content/uploads/sites/1482/2025/04/4_2-1024x724.png HTTP/1.1" 200 622434 "https://www.chjh.ilc.edu.tw/" "Mozilla/5.0 (Linux; Android 10; K) AppleWebKit/537.36 (KHTML, like Gecko) Chrome/151.0.0.0 Mobile Safari/537.36"
2409:8c04:110e:8::143 - - [26/Aug/2026:21:07:36 +0800] "GET /wp-content/themes/oceanwp/assets/js/vendors/flickity.pkgd.min.js HTTP/1.1" 200 15048 "https://ilta.ilc.edu.tw/2011/04/page/7/" "Mozilla/5.0 (Windows NT 10.0; Win64; x64) AppleWebKit/537.36 (KHTML, like Gecko) Chrome/144.0.0.0 Safari/537.36"
2409:8c04:110e:8::143 - - [26/Aug/2026:21:07:36 +0800] "GET /wp-content/themes/oceanwp/assets/js/ow-lightbox.min.js HTTP/1.1" 200 2321 "https://ilta.ilc.edu.tw/2011/04/page/7/" "Mozilla/5.0 (Windows NT 10.0; Win64; x64) AppleWebKit/537.36 (KHTML, like Gecko) Chrome/144.0.0.0 Safari/537.36"
110.28.121.101 - - [26/Aug/2026:21:07:35 +0800] "GET /wp-content/uploads/sites/1482/2025/04/24-1024x724.png HTTP/1.1" 200 635836 "https://www.chjh.ilc.edu.tw/" "Mozilla/5.0 (Linux; Android 10; K) AppleWebKit/537.36 (KHTML, like Gecko) Chrome/151.0.0.0 Mobile Safari/537.36"
146.190.212.180 - - [26/Aug/2026:21:07:35 +0800] "GET /blog/gallery/6341/6341-2932082.jpg HTTP/1.1" 404 25426 "http://blog.ilc.edu.tw/" "Mozilla/5.0 (Windows NT 10.0; Win64; x64) AppleWebKit/537.36 (KHTML, like Gecko) Chrome/103.0.0.0 Safari/537.36"
110.28.121.101 - - [26/Aug/2026:21:07:36 +0800] "GET /wp-content/uploads/sites/1482/2025/04/911%E4%BD%B3%E4%BD%9C-1024x724.jpg HTTP/1.1" 200 134650 "https://www.chjh.ilc.edu.tw/" "Mozilla/5.0 (Linux; Android 10; K) AppleWebKit/537.36 (KHTML, like Gecko) Chrome/151.0.0.0 Mobile Safari/537.36"
68.183.18.101 - - [26/Aug/2026:21:07:36 +0800] "GET /blog/gallery/6341/6341-2337508.jpg HTTP/1.1" 301 1064 "http://blog.ilc.edu.tw/" "Mozilla/5.0 (Windows NT 10.0; Win64; x64) AppleWebKit/537.36 (KHTML, like Gecko) Chrome/103.0.0.0 Safari/537.36"
110.28.121.101 - - [26/Aug/2026:21:07:36 +0800] "GET /wp-content/uploads/sites/1482/2025/04/Yellow-Black-and-White-Modern-Congratulations-A4-1024x724.png HTTP/1.1" 200 313832 "https://www.chjh.ilc.edu.tw/" "Mozilla/5.0 (Linux; Android 10; K) AppleWebKit/537.36 (KHTML, like Gecko) Chrome/151.0.0.0 Mobile Safari/537.36"
110.28.121.101 - - [26/Aug/2026:21:07:36 +0800] "GET /wp-content/uploads/sites/1482/2025/03/12-1024x724.png HTTP/1.1" 200 569352 "https://www.chjh.ilc.edu.tw/" "Mozilla/5.0 (Linux; Android 10; K) AppleWebKit/537.36 (KHTML, like Gecko) Chrome/151.0.0.0 Mobile Safari/537.36"
134.209.117.22 - - [26/Aug/2026:21:07:36 +0800] "GET /blog/gallery/6341/6341-2607439.jpg HTTP/1.1" 404 25426 "http://blog.ilc.edu.tw/" "Mozilla/5.0 (Windows NT 10.0; Win64; x64) AppleWebKit/537.36 (KHTML, like Gecko) Chrome/103.0.0.0 Safari/537.36"
134.209.114.29 - - [26/Aug/2026:21:07:36 +0800] "GET /blog/gallery/6341/6341-2360058.jpg HTTP/1.1" 404 25426 "http://blog.ilc.edu.tw/" "Mozilla/5.0 (Windows NT 10.0; Win64; x64) AppleWebKit/537.36 (KHTML, like Gecko) Chrome/103.0.0.0 Safari/537.36"
110.28.121.101 - - [26/Aug/2026:21:07:36 +0800] "GET /wp-content/uploads/sites/1482/2025/03/33-1024x724.png HTTP/1.1" 200 549165 "https://www.chjh.ilc.edu.tw/" "Mozilla/5.0 (Linux; Android 10; K) AppleWebKit/537.36 (KHTML, like Gecko) Chrome/151.0.0.0 Mobile Safari/537.36"
110.28.121.101 - - [26/Aug/2026:21:07:36 +0800] "GET /wp-content/uploads/sites/1482/2025/03/23-1024x724.png HTTP/1.1" 200 548809 "https://www.chjh.ilc.edu.tw/" "Mozilla/5.0 (Linux; Android 10; K) AppleWebKit/537.36 (KHTML, like Gecko) Chrome/151.0.0.0 Mobile Safari/537.36"
206.189.226.171 - - [26/Aug/2026:21:07:37 +0800] "GET /blog/gallery/6341/6341-2932084.jpg HTTP/1.1" 301 1064 "http://blog.ilc.edu.tw/" "Mozilla/5.0 (Windows NT 10.0; Win64; x64) AppleWebKit/537.36 (KHTML, like Gecko) Chrome/103.0.0.0 Safari/537.36"
110.28.121.101 - - [26/Aug/2026:21:07:37 +0800] "GET /wp-content/uploads/sites/1482/2025/02/%E6%9E%97%E7%87%88%E7%9B%83%E7%A7%91%E5%AD%B8%E7%AB%B6%E8%B3%BD-1024x683.png HTTP/1.1" 200 323756 "https://www.chjh.ilc.edu.tw/" "Mozilla/5.0 (Linux; Android 10; K) AppleWebKit/537.36 (KHTML, like Gecko) Chrome/151.0.0.0 Mobile Safari/537.36"
185.191.171.14 - - [26/Aug/2026:21:07:36 +0800] "GET /6093/2014/11/09/103_1-7_%E7%92%B0%E4%BF%9D%E5%B0%8F%E5%B1%80%E9%95%B7%E7%8E%87%E9%A0%98%E5%B0%8F%E5%B0%96%E5%85%B5%E6%B8%85%E7%90%86%E8%81%9A%E5%AF%B6%E5%B1%8B/ HTTP/1.1" 200 20044 "-" "Mozilla/5.0 (compatible; SemrushBot/7~bl; +http://www.semrush.com/bot.html)"
110.28.121.101 - - [26/Aug/2026:21:07:37 +0800] "GET /wp-content/uploads/sites/1482/2025/02/Blue-and-White-Simple-Congratulations-Card-3-1024x683.png HTTP/1.1" 200 281534 "https://www.chjh.ilc.edu.tw/" "Mozilla/5.0 (Linux; Android 10; K) AppleWebKit/537.36 (KHTML, like Gecko) Chrome/151.0.0.0 Mobile Safari/537.36"
110.28.121.101 - - [26/Aug/2026:21:07:37 +0800] "GET /wp-content/uploads/sites/1482/2024/12/Blue-and-Gold-Simple-Congratulations-Instagram-Post-1.png HTTP/1.1" 200 445623 "https://www.chjh.ilc.edu.tw/" "Mozilla/5.0 (Linux; Android 10; K) AppleWebKit/537.36 (KHTML, like Gecko) Chrome/151.0.0.0 Mobile Safari/537.36"
34.10.180.98 - - [26/Aug/2026:21:07:37 +0800] "GET /6173/?p=3315 HTTP/1.1" 301 5655 "-" "Mozilla/5.0 (Macintosh; Intel Mac OS X 10_15_7) AppleWebKit/537.36 (KHTML, like Gecko) Chrome/120.0.0.0 Safari/537.36"
110.28.121.101 - - [26/Aug/2026:21:07:37 +0800] "GET /wp-content/uploads/sites/1482/2025/02/%E5%9C%8B%E4%B8%ADScratch%E7%94%9F%E6%B4%BB%E6%87%89%E7%94%A8%E7%B5%84.png HTTP/1.1" 200 475327 "https://www.chjh.ilc.edu.tw/" "Mozilla/5.0 (Linux; Android 10; K) AppleWebKit/537.36 (KHTML, like Gecko) Chrome/151.0.0.0 Mobile Safari/537.36"
110.28.121.101 - - [26/Aug/2026:21:07:37 +0800] "GET /wp-content/uploads/sites/1482/2025/02/%E5%9C%8B%E4%B8%ADAPP%E6%95%B8%E7%90%86%E8%A7%A3%E9%A1%8C%E7%B5%84.png HTTP/1.1" 200 432973 "https://www.chjh.ilc.edu.tw/" "Mozilla/5.0 (Linux; Android 10; K) AppleWebKit/537.36 (KHTML, like Gecko) Chrome/151.0.0.0 Mobile Safari/537.36"
110.28.121.101 - - [26/Aug/2026:21:07:37 +0800] "GET /wp-content/uploads/sites/1482/2025/02/%E5%9C%8B%E4%B8%AD%E6%A9%9F%E6%A7%8B%E7%B5%90%E6%A7%8B%E7%B5%84.png HTTP/1.1" 200 412516 "https://www.chjh.ilc.edu.tw/" "Mozilla/5.0 (Linux; Android 10; K) AppleWebKit/537.36 (KHTML, like Gecko) Chrome/151.0.0.0 Mobile Safari/537.36"
159.89.233.32 - - [26/Aug/2026:21:07:37 +0800] "GET /blog/gallery/6341/6341-2337502.jpg HTTP/1.1" 404 25426 "http://blog.ilc.edu.tw/" "Mozilla/5.0 (Windows NT 10.0; Win64; x64) AppleWebKit/537.36 (KHTML, like Gecko) Chrome/103.0.0.0 Safari/537.36"
110.28.121.101 - - [26/Aug/2026:21:07:37 +0800] "GET /wp-content/uploads/sites/1482/2024/12/31-1024x647.png HTTP/1.1" 200 328814 "https://www.chjh.ilc.edu.tw/" "Mozilla/5.0 (Linux; Android 10; K) AppleWebKit/537.36 (KHTML, like Gecko) Chrome/151.0.0.0 Mobile Safari/537.36"
110.28.121.101 - - [26/Aug/2026:21:07:37 +0800] "GET /wp-content/uploads/sites/1482/2024/12/Light-blue-playful-santas-nice-list-certificate-1024x724.png HTTP/1.1" 200 415738 "https://www.chjh.ilc.edu.tw/" "Mozilla/5.0 (Linux; Android 10; K) AppleWebKit/537.36 (KHTML, like Gecko) Chrome/151.0.0.0 Mobile Safari/537.36"
2001:288:a201::66:125 - - [26/Aug/2026:21:07:38 +0800] "GET /blog/active.php HTTP/1.1" 301 1026 "-" "-"
2001:288:a201::66:125 - - [26/Aug/2026:21:07:38 +0800] "GET /blog/active.php HTTP/1.1" 404 1084 "-" "-"
110.28.121.101 - - [26/Aug/2026:21:07:38 +0800] "GET /wp-content/uploads/sites/1482/2024/12/21-1024x647.png HTTP/1.1" 200 347177 "https://www.chjh.ilc.edu.tw/" "Mozilla/5.0 (Linux; Android 10; K) AppleWebKit/537.36 (KHTML, like Gecko) Chrome/151.0.0.0 Mobile Safari/537.36"
::1 - - [26/Aug/2026:21:07:38 +0800] "OPTIONS * HTTP/1.0" 200 110 "-" "Apache/2.4.68 (Ubuntu) OpenSSL/3.0.19 (internal dummy connection)"
110.28.121.101 - - [26/Aug/2026:21:07:38 +0800] "GET /wp-content/uploads/sites/1482/2024/12/11-1024x647.png HTTP/1.1" 200 352051 "https://www.chjh.ilc.edu.tw/" "Mozilla/5.0 (Linux; Android 10; K) AppleWebKit/537.36 (KHTML, like Gecko) Chrome/151.0.0.0 Mobile Safari/537.36"
157.245.141.111 - - [26/Aug/2026:21:07:38 +0800] "GET /blog/gallery/6341/6341-2337564.jpg HTTP/1.1" 404 25426 "http://blog.ilc.edu.tw/" "Mozilla/5.0 (Windows NT 10.0; Win64; x64) AppleWebKit/537.36 (KHTML, like Gecko) Chrome/103.0.0.0 Safari/537.36"
192.241.158.213 - - [26/Aug/2026:21:07:38 +0800] "GET /blog/gallery/6341/6341-2337508.jpg HTTP/1.1" 404 25426 "http://blog.ilc.edu.tw/" "Mozilla/5.0 (Windows NT 10.0; Win64; x64) AppleWebKit/537.36 (KHTML, like Gecko) Chrome/103.0.0.0 Safari/537.36"
110.28.121.101 - - [26/Aug/2026:21:07:38 +0800] "GET /wp-content/uploads/sites/1482/2024/11/messageImage_1732610199011-1024x576.jpg HTTP/1.1" 200 160539 "https://www.chjh.ilc.edu.tw/" "Mozilla/5.0 (Linux; Android 10; K) AppleWebKit/537.36 (KHTML, like Gecko) Chrome/151.0.0.0 Mobile Safari/537.36"
110.28.121.101 - - [26/Aug/2026:21:07:38 +0800] "GET /wp-content/uploads/sites/1482/2024/12/4_1-1024x647.png HTTP/1.1" 200 309706 "https://www.chjh.ilc.edu.tw/" "Mozilla/5.0 (Linux; Android 10; K) AppleWebKit/537.36 (KHTML, like Gecko) Chrome/151.0.0.0 Mobile Safari/537.36"
110.28.121.101 - - [26/Aug/2026:21:07:38 +0800] "GET /wp-content/uploads/sites/1482/2024/11/113%E5%AD%B8%E5%B9%B4%E5%BA%A6%E5%AE%9C%E8%98%AD%E7%B8%A3%E9%9F%B3%E6%A8%82%E6%AF%94%E8%B3%BD%E6%A6%9C%E5%96%AE-1024x576.jpg HTTP/1.1" 200 139607 "https://www.chjh.ilc.edu.tw/" "Mozilla/5.0 (Linux; Android 10; K) AppleWebKit/537.36 (KHTML, like Gecko) Chrome/151.0.0.0 Mobile Safari/537.36"
110.28.121.101 - - [26/Aug/2026:21:07:38 +0800] "GET /wp-content/uploads/sites/1482/2024/11/messageImage_1732607904017-1024x578.jpg HTTP/1.1" 200 107824 "https://www.chjh.ilc.edu.tw/" "Mozilla/5.0 (Linux; Android 10; K) AppleWebKit/537.36 (KHTML, like Gecko) Chrome/151.0.0.0 Mobile Safari/537.36"
110.28.121.101 - - [26/Aug/2026:21:07:38 +0800] "GET /wp-content/uploads/sites/1482/2024/11/113%E5%AD%B8%E5%B9%B4%E5%BA%A6%E5%AE%9C%E8%98%AD%E7%B8%A3%E9%9F%B3%E6%A8%82%E6%AF%94%E8%B3%BD%E5%80%8B%E4%BA%BA%E8%B3%BD%E6%A6%9C%E5%96%AE-1024x576.png HTTP/1.1" 200 680770 "https://www.chjh.ilc.edu.tw/" "Mozilla/5.0 (Linux; Android 10; K) AppleWebKit/537.36 (KHTML, like Gecko) Chrome/151.0.0.0 Mobile Safari/537.36"
110.28.121.101 - - [26/Aug/2026:21:07:38 +0800] "GET /wp-content/uploads/sites/1482/2024/11/22-1024x576.jpg HTTP/1.1" 200 87947 "https://www.chjh.ilc.edu.tw/" "Mozilla/5.0 (Linux; Android 10; K) AppleWebKit/537.36 (KHTML, like Gecko) Chrome/151.0.0.0 Mobile Safari/537.36"
110.28.121.101 - - [26/Aug/2026:21:07:38 +0800] "GET /wp-content/uploads/sites/1482/2024/11/12-1024x576.jpg HTTP/1.1" 200 88002 "https://www.chjh.ilc.edu.tw/" "Mozilla/5.0 (Linux; Android 10; K) AppleWebKit/537.36 (KHTML, like Gecko) Chrome/151.0.0.0 Mobile Safari/537.36"
110.28.121.101 - - [26/Aug/2026:21:07:38 +0800] "GET /wp-content/uploads/sites/1482/2024/11/32-1024x576.jpg HTTP/1.1" 200 87986 "https://www.chjh.ilc.edu.tw/" "Mozilla/5.0 (Linux; Android 10; K) AppleWebKit/537.36 (KHTML, like Gecko) Chrome/151.0.0.0 Mobile Safari/537.36"
110.28.121.101 - - [26/Aug/2026:21:07:38 +0800] "GET /wp-content/uploads/sites/1482/2024/11/4-1024x576.jpg HTTP/1.1" 200 88028 "https://www.chjh.ilc.edu.tw/" "Mozilla/5.0 (Linux; Android 10; K) AppleWebKit/537.36 (KHTML, like Gecko) Chrome/151.0.0.0 Mobile Safari/537.36"
110.28.121.101 - - [26/Aug/2026:21:07:38 +0800] "GET /wp-content/uploads/sites/1482/2024/10/113%E7%B8%A3%E9%95%B7%E7%9B%83%E6%88%90%E7%B8%BE.jpg HTTP/1.1" 200 132560 "https://www.chjh.ilc.edu.tw/" "Mozilla/5.0 (Linux; Android 10; K) AppleWebKit/537.36 (KHTML, like Gecko) Chrome/151.0.0.0 Mobile Safari/537.36"
110.28.121.101 - - [26/Aug/2026:21:07:38 +0800] "GET /wp-content/uploads/sites/1482/2024/10/113%E5%AD%B8%E5%B9%B4%E5%BA%A6%E5%AE%9C%E8%98%AD%E7%B8%A3%E5%AD%B8%E7%94%9F%E7%BE%8E%E8%A1%93%E6%AF%94%E8%B3%BD%E5%BE%97%E7%8D%8E%E5%90%8D%E5%96%AE-1-1024x576.jpg HTTP/1.1" 200 118326 "https://www.chjh.ilc.edu.tw/" "Mozilla/5.0 (Linux; Android 10; K) AppleWebKit/537.36 (KHTML, like Gecko) Chrome/151.0.0.0 Mobile Safari/537.36"
110.28.121.101 - - [26/Aug/2026:21:07:38 +0800] "GET /wp-content/uploads/sites/1482/2024/10/19F91BED-BADA-4B34-952C-7B19F9B13D83_0.jpg HTTP/1.1" 200 155029 "https://www.chjh.ilc.edu.tw/" "Mozilla/5.0 (Linux; Android 10; K) AppleWebKit/537.36 (KHTML, like Gecko) Chrome/151.0.0.0 Mobile Safari/537.36"
110.28.121.101 - - [26/Aug/2026:21:07:39 +0800] "GET /wp-content/uploads/sites/1482/2024/10/6B7BC776-21DF-4913-A28E-9B3F623A6260_0.jpg HTTP/1.1" 200 169132 "https://www.chjh.ilc.edu.tw/" "Mozilla/5.0 (Linux; Android 10; K) AppleWebKit/537.36 (KHTML, like Gecko) Chrome/151.0.0.0 Mobile Safari/537.36"
110.28.121.101 - - [26/Aug/2026:21:07:39 +0800] "GET /wp-content/uploads/sites/1482/2024/10/4A3AFCFD-4705-4649-A6BD-0E07373961C8_0.jpg HTTP/1.1" 200 147173 "https://www.chjh.ilc.edu.tw/" "Mozilla/5.0 (Linux; Android 10; K) AppleWebKit/537.36 (KHTML, like Gecko) Chrome/151.0.0.0 Mobile Safari/537.36"
110.28.121.101 - - [26/Aug/2026:21:07:39 +0800] "GET /wp-content/uploads/sites/1482/2024/10/C0CC2755-4AFC-4F12-947D-FF0EDD733123_0.jpg HTTP/1.1" 200 174535 "https://www.chjh.ilc.edu.tw/" "Mozilla/5.0 (Linux; Android 10; K) AppleWebKit/537.36 (KHTML, like Gecko) Chrome/151.0.0.0 Mobile Safari/537.36"
110.28.121.101 - - [26/Aug/2026:21:07:38 +0800] "GET /wp-content/uploads/sites/1482/2024/11/special-offer-1-1024x819.png HTTP/1.1" 200 1303147 "https://www.chjh.ilc.edu.tw/" "Mozilla/5.0 (Linux; Android 10; K) AppleWebKit/537.36 (KHTML, like Gecko) Chrome/151.0.0.0 Mobile Safari/537.36"
::1 - - [26/Aug/2026:21:07:39 +0800] "OPTIONS * HTTP/1.0" 200 110 "-" "Apache/2.4.68 (Ubuntu) OpenSSL/3.0.19 (internal dummy connection)"
110.28.121.101 - - [26/Aug/2026:21:07:39 +0800] "GET /wp-content/uploads/sites/1482/2024/09/112%E5%AD%B8%E5%B9%B4%E5%BA%A6%E7%B8%BE%E5%84%AA%E5%AE%B6%E9%95%B7%E6%9C%83-1024x576.jpg HTTP/1.1" 200 92294 "https://www.chjh.ilc.edu.tw/" "Mozilla/5.0 (Linux; Android 10; K) AppleWebKit/537.36 (KHTML, like Gecko) Chrome/151.0.0.0 Mobile Safari/537.36"
110.28.121.101 - - [26/Aug/2026:21:07:39 +0800] "GET /wp-content/uploads/sites/1482/2024/09/11-1024x576.jpg HTTP/1.1" 200 109667 "https://www.chjh.ilc.edu.tw/" "Mozilla/5.0 (Linux; Android 10; K) AppleWebKit/537.36 (KHTML, like Gecko) Chrome/151.0.0.0 Mobile Safari/537.36"
40.77.167.28 - - [26/Aug/2026:21:07:36 +0800] "GET /26150/2018/07/05/107%E5%AD%B8%E5%B9%B4%E5%BA%A6%E5%AE%B6%E5%BA%AD%E6%95%99%E8%82%B2%E5%8A%87%E5%9C%98%E5%B7%A1%E6%BC%94%E8%A8%88%E7%95%AB%E5%8F%8A%E6%97%A5%E7%A8%8B%E8%A1%A8pdf%E6%AA%94/ HTTP/1.1" 200 23107 "-" "Mozilla/5.0 AppleWebKit/537.36 (KHTML, like Gecko; compatible; bingbot/2.0; +http://www.bing.com/bingbot.htm) Chrome/116.0.1938.76 Safari/537.36"
110.28.121.101 - - [26/Aug/2026:21:07:39 +0800] "GET /wp-content/uploads/sites/1482/2024/09/21-1024x576.jpg HTTP/1.1" 200 110653 "https://www.chjh.ilc.edu.tw/" "Mozilla/5.0 (Linux; Android 10; K) AppleWebKit/537.36 (KHTML, like Gecko) Chrome/151.0.0.0 Mobile Safari/537.36"
31.76.145.145 - - [26/Aug/2026:21:07:39 +0800] "GET /2373/wp-content/uploads/sites/1282/2023/05/20230527_112130-320x320.jpg HTTP/1.1" 200 77730 "-" "Mozilla/5.0 (compatible; crawler)"
110.28.121.101 - - [26/Aug/2026:21:07:39 +0800] "GET /wp-content/uploads/sites/1482/2024/09/6_0-1024x576.jpg HTTP/1.1" 200 107138 "https://www.chjh.ilc.edu.tw/" "Mozilla/5.0 (Linux; Android 10; K) AppleWebKit/537.36 (KHTML, like Gecko) Chrome/151.0.0.0 Mobile Safari/537.36"
110.28.121.101 - - [26/Aug/2026:21:07:39 +0800] "GET /wp-content/uploads/sites/1482/2024/09/5_0-1024x576.jpg HTTP/1.1" 200 112387 "https://www.chjh.ilc.edu.tw/" "Mozilla/5.0 (Linux; Android 10; K) AppleWebKit/537.36 (KHTML, like Gecko) Chrome/151.0.0.0 Mobile Safari/537.36"
110.28.121.101 - - [26/Aug/2026:21:07:39 +0800] "GET /wp-content/uploads/sites/1482/2024/09/4_0-1024x576.jpg HTTP/1.1" 200 107126 "https://www.chjh.ilc.edu.tw/" "Mozilla/5.0 (Linux; Android 10; K) AppleWebKit/537.36 (KHTML, like Gecko) Chrome/151.0.0.0 Mobile Safari/537.36"
110.28.121.101 - - [26/Aug/2026:21:07:39 +0800] "GET /wp-content/uploads/sites/1482/2024/09/31-1024x576.jpg HTTP/1.1" 200 105049 "https://www.chjh.ilc.edu.tw/" "Mozilla/5.0 (Linux; Android 10; K) AppleWebKit/537.36 (KHTML, like Gecko) Chrome/151.0.0.0 Mobile Safari/537.36"
110.28.121.101 - - [26/Aug/2026:21:07:39 +0800] "GET /wp-content/uploads/sites/1482/2024/09/7_0-1024x576.jpg HTTP/1.1" 200 112262 "https://www.chjh.ilc.edu.tw/" "Mozilla/5.0 (Linux; Android 10; K) AppleWebKit/537.36 (KHTML, like Gecko) Chrome/151.0.0.0 Mobile Safari/537.36"
110.28.121.101 - - [26/Aug/2026:21:07:39 +0800] "GET /wp-content/uploads/sites/1482/2024/09/%E5%85%A8%E5%9C%8B%E7%A7%91%E5%B1%95%E6%81%AD%E8%B3%80%E6%B5%B7%E5%A0%B1-1024x724.jpg HTTP/1.1" 200 121729 "https://www.chjh.ilc.edu.tw/" "Mozilla/5.0 (Linux; Android 10; K) AppleWebKit/537.36 (KHTML, like Gecko) Chrome/151.0.0.0 Mobile Safari/537.36"
110.28.121.101 - - [26/Aug/2026:21:07:39 +0800] "GET /wp-content/uploads/sites/1482/2024/09/%E4%B8%AD%E8%8F%AF%E5%9C%8B%E4%B8%AD113%E5%B9%B4%E7%89%B9%E6%AE%8A%E5%84%AA%E8%89%AF%E6%95%99%E5%B8%AB%E6%A9%AB1-1024x576.jpg HTTP/1.1" 200 119919 "https://www.chjh.ilc.edu.tw/" "Mozilla/5.0 (Linux; Android 10; K) AppleWebKit/537.36 (KHTML, like Gecko) Chrome/151.0.0.0 Mobile Safari/537.36"
110.28.121.101 - - [26/Aug/2026:21:07:39 +0800] "GET /wp-content/uploads/sites/1482/2024/09/%E6%84%9B%E5%BF%83%E5%BF%97%E5%B7%A5%E7%8D%B2%E7%8D%8E-1024x576.jpg HTTP/1.1" 200 107730 "https://www.chjh.ilc.edu.tw/" "Mozilla/5.0 (Linux; Android 10; K) AppleWebKit/537.36 (KHTML, like Gecko) Chrome/151.0.0.0 Mobile Safari/537.36"
110.28.121.101 - - [26/Aug/2026:21:07:39 +0800] "GET /wp-content/uploads/sites/1482/2024/08/42-1-1024x724.png HTTP/1.1" 200 224086 "https://www.chjh.ilc.edu.tw/" "Mozilla/5.0 (Linux; Android 10; K) AppleWebKit/537.36 (KHTML, like Gecko) Chrome/151.0.0.0 Mobile Safari/537.36"
110.28.121.101 - - [26/Aug/2026:21:07:39 +0800] "GET /wp-content/uploads/sites/1482/2024/08/51-1024x724.png HTTP/1.1" 200 262375 "https://www.chjh.ilc.edu.tw/" "Mozilla/5.0 (Linux; Android 10; K) AppleWebKit/537.36 (KHTML, like Gecko) Chrome/151.0.0.0 Mobile Safari/537.36"
110.28.121.101 - - [26/Aug/2026:21:07:39 +0800] "GET /wp-content/uploads/sites/1482/2024/08/113-%E5%AF%A6%E9%A9%97%E7%8F%AD%E6%A6%9C%E5%96%AE_0-1-1024x724.png HTTP/1.1" 200 259428 "https://www.chjh.ilc.edu.tw/" "Mozilla/5.0 (Linux; Android 10; K) AppleWebKit/537.36 (KHTML, like Gecko) Chrome/151.0.0.0 Mobile Safari/537.36"
110.28.121.101 - - [26/Aug/2026:21:07:40 +0800] "GET /wp-content/uploads/sites/1482/2024/07/messageImage_1720946569567.jpg HTTP/1.1" 200 114602 "https://www.chjh.ilc.edu.tw/" "Mozilla/5.0 (Linux; Android 10; K) AppleWebKit/537.36 (KHTML, like Gecko) Chrome/151.0.0.0 Mobile Safari/537.36"
110.28.121.101 - - [26/Aug/2026:21:07:40 +0800] "GET /wp-content/uploads/sites/1482/2024/07/U13.%E6%9D%8E%E5%B0%9A%E6%BE%A4-%E5%AE%89%E6%9B%BC.%E9%98%BF%E6%8B%89%E6%9C%A8%E5%9C%96.jpg HTTP/1.1" 200 127219 "https://www.chjh.ilc.edu.tw/" "Mozilla/5.0 (Linux; Android 10; K) AppleWebKit/537.36 (KHTML, like Gecko) Chrome/151.0.0.0 Mobile Safari/537.36"
2001:288:a201::67:82 - - [26/Aug/2026:21:07:38 +0800] "POST /26150/2018/07/05/107%E5%AD%B8%E5%B9%B4%E5%BA%A6%E5%AE%B6%E5%BA%AD%E6%95%99%E8%82%B2%E5%8A%87%E5%9C%98%E5%B7%A1%E6%BC%94%E8%A8%88%E7%95%AB%E5%8F%8A%E6%97%A5%E7%A8%8B%E8%A1%A8pdf%E6%AA%94/?fsm_edd_37394=efe23e5abb800e3678310dc4c23fc120 HTTP/1.1" 200 13008 "-" "WordPress/6.6.7; https://2blog.ilc.edu.tw/26150"
110.28.121.101 - - [26/Aug/2026:21:07:40 +0800] "GET /wp-content/uploads/sites/1482/2024/05/U13.%E6%9D%8E%E5%B0%9A%E6%BE%A4.jpg HTTP/1.1" 200 112278 "https://www.chjh.ilc.edu.tw/" "Mozilla/5.0 (Linux; Android 10; K) AppleWebKit/537.36 (KHTML, like Gecko) Chrome/151.0.0.0 Mobile Safari/537.36"
::1 - - [26/Aug/2026:21:07:40 +0800] "OPTIONS * HTTP/1.0" 200 110 "-" "Apache/2.4.68 (Ubuntu) OpenSSL/3.0.19 (internal dummy connection)"
110.28.121.101 - - [26/Aug/2026:21:07:40 +0800] "GET /wp-content/uploads/sites/1482/2024/05/113%E5%9C%8B%E4%B8%AD%E7%B1%83%E7%90%83%E8%81%AF%E8%B3%BD%E6%88%90%E7%B8%BE.jpg HTTP/1.1" 200 109608 "https://www.chjh.ilc.edu.tw/" "Mozilla/5.0 (Linux; Android 10; K) AppleWebKit/537.36 (KHTML, like Gecko) Chrome/151.0.0.0 Mobile Safari/537.36"
110.28.121.101 - - [26/Aug/2026:21:07:40 +0800] "GET /wp-content/uploads/sites/1482/2024/05/113%E5%85%A8%E4%B8%AD%E9%81%8B%E6%88%90%E7%B8%BE.jpg HTTP/1.1" 200 107339 "https://www.chjh.ilc.edu.tw/" "Mozilla/5.0 (Linux; Android 10; K) AppleWebKit/537.36 (KHTML, like Gecko) Chrome/151.0.0.0 Mobile Safari/537.36"
110.28.121.101 - - [26/Aug/2026:21:07:40 +0800] "GET /wp-content/uploads/sites/1482/2024/04/%E7%B0%A1%E5%A0%B1%E9%81%94%E4%BA%BA%E7%AB%B6%E8%B3%BD%E6%A6%9C%E5%96%AE-1024x724.png HTTP/1.1" 200 208408 "https://www.chjh.ilc.edu.tw/" "Mozilla/5.0 (Linux; Android 10; K) AppleWebKit/537.36 (KHTML, like Gecko) Chrome/151.0.0.0 Mobile Safari/537.36"
110.28.121.101 - - [26/Aug/2026:21:07:40 +0800] "GET /wp-content/uploads/sites/1482/2024/04/1-1024x576.png HTTP/1.1" 200 352712 "https://www.chjh.ilc.edu.tw/" "Mozilla/5.0 (Linux; Android 10; K) AppleWebKit/537.36 (KHTML, like Gecko) Chrome/151.0.0.0 Mobile Safari/537.36"
110.28.121.101 - - [26/Aug/2026:21:07:40 +0800] "GET /wp-content/uploads/sites/1482/2024/04/2-1024x576.png HTTP/1.1" 200 331850 "https://www.chjh.ilc.edu.tw/" "Mozilla/5.0 (Linux; Android 10; K) AppleWebKit/537.36 (KHTML, like Gecko) Chrome/151.0.0.0 Mobile Safari/537.36"
110.28.121.101 - - [26/Aug/2026:21:07:40 +0800] "GET /wp-content/uploads/sites/1482/2024/04/%E6%A6%9C%E5%96%AE1-1024x724.png HTTP/1.1" 200 206501 "https://www.chjh.ilc.edu.tw/" "Mozilla/5.0 (Linux; Android 10; K) AppleWebKit/537.36 (KHTML, like Gecko) Chrome/151.0.0.0 Mobile Safari/537.36"
110.28.121.101 - - [26/Aug/2026:21:07:40 +0800] "GET /wp-content/uploads/sites/1482/2024/04/1-1024x724.jpg HTTP/1.1" 200 153314 "https://www.chjh.ilc.edu.tw/" "Mozilla/5.0 (Linux; Android 10; K) AppleWebKit/537.36 (KHTML, like Gecko) Chrome/151.0.0.0 Mobile Safari/537.36"
110.28.121.101 - - [26/Aug/2026:21:07:40 +0800] "GET /wp-content/uploads/sites/1482/2024/04/%E5%96%AE%E5%AD%97%E7%8E%8B-1024x724.jpg HTTP/1.1" 200 154840 "https://www.chjh.ilc.edu.tw/" "Mozilla/5.0 (Linux; Android 10; K) AppleWebKit/537.36 (KHTML, like Gecko) Chrome/151.0.0.0 Mobile Safari/537.36"
110.28.121.101 - - [26/Aug/2026:21:07:40 +0800] "GET /wp-content/uploads/sites/1482/2024/04/2-1024x724.jpg HTTP/1.1" 200 153494 "https://www.chjh.ilc.edu.tw/" "Mozilla/5.0 (Linux; Android 10; K) AppleWebKit/537.36 (KHTML, like Gecko) Chrome/151.0.0.0 Mobile Safari/537.36"
140.111.67.10 - - [26/Aug/2026:21:07:40 +0800] "GET /" 301 273 "-" "-"
110.28.121.101 - - [26/Aug/2026:21:07:40 +0800] "GET /wp-content/uploads/sites/1482/2024/03/%E9%99%B3%E6%98%B1%E7%91%8B%E5%85%A8%E5%9C%8B-%E9%AB%98%E8%83%A1-1024x576.jpg HTTP/1.1" 200 102800 "https://www.chjh.ilc.edu.tw/" "Mozilla/5.0 (Linux; Android 10; K) AppleWebKit/537.36 (KHTML, like Gecko) Chrome/151.0.0.0 Mobile Safari/537.36"
110.28.121.101 - - [26/Aug/2026:21:07:40 +0800] "GET /wp-content/uploads/sites/1482/2024/03/%E7%8F%BE%E4%BB%A3%E8%88%9E-1024x576.jpg HTTP/1.1" 200 79157 "https://www.chjh.ilc.edu.tw/" "Mozilla/5.0 (Linux; Android 10; K) AppleWebKit/537.36 (KHTML, like Gecko) Chrome/151.0.0.0 Mobile Safari/537.36"
110.28.121.101 - - [26/Aug/2026:21:07:40 +0800] "GET /wp-content/uploads/sites/1482/2024/03/%E7%B5%B2%E7%AB%B9%E7%89%B9%E5%84%AA-1024x576.jpg HTTP/1.1" 200 89021 "https://www.chjh.ilc.edu.tw/" "Mozilla/5.0 (Linux; Android 10; K) AppleWebKit/537.36 (KHTML, like Gecko) Chrome/151.0.0.0 Mobile Safari/537.36"
