66.249.79.163 - - [26/Aug/2026:21:04:47 +0800] "POST /23475/wp-json/ilc-summary/v1/popular-posts HTTP/1.1" 201 6052 "https://2blog.ilc.edu.tw/23475/2014/10/29/%E3%80%90%E6%B4%BB%E5%8B%95%E5%A0%B1%E7%88%86%E3%80%91%E9%AB%94%E9%A9%97%E6%B0%91%E4%B8%BB%EF%BC%81%E5%8F%83%E8%88%87%E5%8A%9B%E8%A1%8C%E8%87%AA%E6%B2%BB%E5%B8%82%E9%95%B7%E3%80%81%E7%92%B0%E4%BF%9D/" "Mozilla/5.0 (Linux; Android 6.0.1; Nexus 5X Build/MMB29P) AppleWebKit/537.36 (KHTML, like Gecko) Chrome/151.0.7922.173 Mobile Safari/537.36 (compatible; Googlebot/2.1; +http://www.google.com/bot.html)"
2001:288:a201::66:125 - - [26/Aug/2026:21:04:48 +0800] "GET /blog/active.php HTTP/1.1" 301 1026 "-" "-"
2001:288:a201::66:125 - - [26/Aug/2026:21:04:48 +0800] "GET /blog/active.php HTTP/1.1" 404 1084 "-" "-"
34.42.229.145 - - [26/Aug/2026:21:04:47 +0800] "GET /26884/2014/04/15/ HTTP/1.1" 200 15067 "-" "Mozilla/5.0 (Macintosh; Intel Mac OS X 10_15_7) AppleWebKit/537.36 (KHTML, like Gecko) Chrome/120.0.0.0 Safari/537.36"
2407:4b00:4c06:89a0:c858:3a68:809d:17d4 - - [26/Aug/2026:21:04:48 +0800] "GET /wp-content/uploads/sites/1663/2026/02/%E5%8F%B0%E6%97%A5%E4%BA%A4%E6%B5%81%E5%BE%BD%E7%AB%A02025-2-150x150.png HTTP/1.1" 200 12494 "https://www.pces.ilc.edu.tw/" "Mozilla/5.0 (iPhone; CPU iPhone OS 26_6_0 like Mac OS X) AppleWebKit/605.1.15 (KHTML, like Gecko) GSA/435.4.965413651 Mobile/15E148 Safari/604.1"
185.191.171.4 - - [26/Aug/2026:21:04:49 +0800] "GET /17160/2023/04/18/ HTTP/1.1" 200 17754 "-" "Mozilla/5.0 (compatible; SemrushBot/7~bl; +http://www.semrush.com/bot.html)"
2402:7500:a01:ff3c:edf1:cc99:3e78:be97 - - [26/Aug/2026:21:04:50 +0800] "GET /ltjhinformation/wp-content/uploads/sites/1516/2022/08/SUSS01_thumb.jpg HTTP/1.1" 200 57168 "https://2blog.ilc.edu.tw/ltjhinformation/2022/08/05/%E5%B0%8E%E5%B8%AB%E7%9A%84%E5%A5%BD%E5%B9%AB%E6%89%8B_line%E5%AE%98%E6%96%B9%E5%B8%B3%E8%99%9F%E7%9A%84%E7%94%B3%E8%AB%8B%E8%A8%AD%E5%AE%9A%E8%88%87%E4%BD%BF%E7%94%A8/" "Mozilla/5.0 (iPhone; CPU iPhone OS 18_7 like Mac OS X) AppleWebKit/605.1.15 (KHTML, like Gecko) Version/26.6 Mobile/15E148 Safari/604.1"
66.249.79.138 - - [26/Aug/2026:21:04:48 +0800] "GET /wp-login.php?action=ilc_logout&_wpnonce=43754d0aad&redirect_to=http://health2beauty.ru/gallery/22557/ HTTP/1.1" 302 8252 "-" "Mozilla/5.0 (compatible; Googlebot/2.1; +http://www.google.com/bot.html)"
140.111.67.10 - - [26/Aug/2026:21:04:50 +0800] "GET /" 301 273 "-" "-"
34.57.162.91 - - [26/Aug/2026:21:04:50 +0800] "GET /9536/2012/12/17/%E7%A4%BE%E5%8D%80%E6%97%A5%E6%9B%86-%E8%93%81%E5%B7%B7%E7%A4%BE%E5%8D%80-%E8%8A%8B%E9%A6%99%E7%AF%80/ HTTP/1.1" 200 14575 "-" "Mozilla/5.0 (Macintosh; Intel Mac OS X 10_15_7) AppleWebKit/537.36 (KHTML, like Gecko) Chrome/120.0.0.0 Safari/537.36"
2402:7500:a01:ff3c:edf1:cc99:3e78:be97 - - [26/Aug/2026:21:04:51 +0800] "GET /ltjhinformation/wp-content/uploads/sites/1516/2022/08/SUSS02_thumb.jpg HTTP/1.1" 200 72759 "https://2blog.ilc.edu.tw/ltjhinformation/2022/08/05/%E5%B0%8E%E5%B8%AB%E7%9A%84%E5%A5%BD%E5%B9%AB%E6%89%8B_line%E5%AE%98%E6%96%B9%E5%B8%B3%E8%99%9F%E7%9A%84%E7%94%B3%E8%AB%8B%E8%A8%AD%E5%AE%9A%E8%88%87%E4%BD%BF%E7%94%A8/" "Mozilla/5.0 (iPhone; CPU iPhone OS 18_7 like Mac OS X) AppleWebKit/605.1.15 (KHTML, like Gecko) Version/26.6 Mobile/15E148 Safari/604.1"
85.208.96.199 - - [26/Aug/2026:21:04:51 +0800] "GET /2341/2018/09/08/%E5%88%86%E7%B5%84%E5%90%88%E4%BD%9C%E5%AD%B8%E7%BF%92-%E6%95%99%E5%AD%B8%E6%97%A5%E8%AA%8C-2-%E6%95%B8%E7%9A%84%E5%A4%A7%E5%B0%8F%E6%8E%92%E5%88%97/ HTTP/1.1" 200 16869 "-" "Mozilla/5.0 (compatible; SemrushBot/7~bl; +http://www.semrush.com/bot.html)"
66.249.79.129 - - [26/Aug/2026:21:04:50 +0800] "GET /wp-login.php?action=ilc_logout&_wpnonce=43754d0aad&redirect_to=http://homeplusdesign.ru/job/79235/ HTTP/1.1" 302 3442 "-" "Mozilla/5.0 (compatible; Googlebot/2.1; +http://www.google.com/bot.html)"
136.119.35.120 - - [26/Aug/2026:21:04:52 +0800] "GET /6554/category/c-86773/page/6/ HTTP/1.1" 200 16124 "-" "Mozilla/5.0 (Macintosh; Intel Mac OS X 10_15_7) AppleWebKit/537.36 (KHTML, like Gecko) Chrome/120.0.0.0 Safari/537.36"
52.167.144.166 - - [26/Aug/2026:21:04:52 +0800] "GET /1003/?s=6967%E6%AD%B7%E5%8F%B2%E8%82%A1%E5%83%B9 HTTP/1.1" 200 13782 "-" "Mozilla/5.0 AppleWebKit/537.36 (KHTML, like Gecko; compatible; bingbot/2.0; +http://www.bing.com/bingbot.htm) Chrome/116.0.1938.76 Safari/537.36"
2001:288:a201::66:125 - - [26/Aug/2026:21:04:53 +0800] "GET /blog/active.php HTTP/1.1" 301 1026 "-" "-"
2001:288:a201::66:125 - - [26/Aug/2026:21:04:53 +0800] "GET /blog/active.php HTTP/1.1" 404 1084 "-" "-"
85.208.96.208 - - [26/Aug/2026:21:04:54 +0800] "GET /6509/2014/04/02/103-%E5%9B%9B-7%E5%86%AC%E5%B1%B1%E6%B2%B3%E6%A3%AE%E6%9E%97%E5%85%AC%E5%9C%92%E6%89%8B%E6%84%9F%E6%A3%B2%E5%9C%B0%E5%B0%91%E5%B9%B4%E9%AB%94%E9%A9%97%E7%87%9F/ HTTP/1.1" 200 16928 "-" "Mozilla/5.0 (compatible; SemrushBot/7~bl; +http://www.semrush.com/bot.html)"
52.203.65.83 - - [26/Aug/2026:21:04:54 +0800] "GET /schooolplant/wp-json/oembed/1.0/embed?format=xml&url=https://2blog.ilc.edu.tw/schooolplant/2021/10/03/%25e8%2592%259c%25e9%25a6%2599%25e8%2597%25a4/ HTTP/1.1" 200 7276 "-" "Mozilla/5.0 AppleWebKit/537.36 (KHTML, like Gecko; compatible; Amazonbot/0.1; +https://developer.amazon.com/support/amazonbot) Chrome/119.0.6045.214 Safari/537.36"
140.111.67.10 - - [26/Aug/2026:21:04:55 +0800] "GET /" 301 273 "-" "-"
178.171.80.211 - - [26/Aug/2026:21:04:56 +0800] "GET /robots.txt HTTP/1.1" 200 5607 "-" "Mozilla/5.0 (Windows NT 10.0; Win64; x64) AppleWebKit/537.36 (KHTML, like Gecko) Chrome/151.0.0.0 Safari/537.36"
::1 - - [26/Aug/2026:21:04:56 +0800] "OPTIONS * HTTP/1.0" 200 110 "-" "Apache/2.4.68 (Ubuntu) OpenSSL/3.0.19 (internal dummy connection)"
66.249.79.163 - - [26/Aug/2026:21:04:54 +0800] "GET /technology/2014/04/01/%E6%9C%89%E4%BD%A0%E7%9C%9F%E5%A5%BD-%E6%95%99%E7%B6%B2%E9%83%A8%E8%90%BD%E6%A0%BC%E9%81%8B%E7%94%A8%E5%AF%A6%E4%BE%8B/ HTTP/1.1" 200 22837 "-" "Mozilla/5.0 (Linux; Android 6.0.1; Nexus 5X Build/MMB29P) AppleWebKit/537.36 (KHTML, like Gecko) Chrome/151.0.7922.173 Mobile Safari/537.36 (compatible; Googlebot/2.1; +http://www.google.com/bot.html)"
66.249.71.37 - - [26/Aug/2026:21:04:57 +0800] "GET /amy6998/2023/01/10/111%E5%B9%B412%E6%9C%888%E6%97%A5%E6%A0%A1%E4%BA%8B%E6%9C%83%E8%AD%B0%E7%A0%94%E7%BF%92/ HTTP/1.1" 200 17819 "-" "Mozilla/5.0 (Linux; Android 6.0.1; Nexus 5X Build/MMB29P) AppleWebKit/537.36 (KHTML, like Gecko) Chrome/151.0.7922.173 Mobile Safari/537.36 (compatible; Googlebot/2.1; +http://www.google.com/bot.html)"
2001:288:a201::66:125 - - [26/Aug/2026:21:04:58 +0800] "GET /blog/active.php HTTP/1.1" 301 1026 "-" "-"
111.241.206.99 - - [26/Aug/2026:21:04:58 +0800] "GET /2528/2024/01/11/%e7%83%8f%e8%87%bc/ HTTP/1.1" 200 11777 "https://2blog.ilc.edu.tw/2528/page/2/" "Mozilla/5.0 (Windows NT 10.0; Win64; x64) AppleWebKit/537.36 (KHTML, like Gecko) Chrome/151.0.0.0 Safari/537.36"
2001:288:a201::66:125 - - [26/Aug/2026:21:04:58 +0800] "GET /blog/active.php HTTP/1.1" 404 1084 "-" "-"
111.241.206.99 - - [26/Aug/2026:21:04:58 +0800] "GET /2528/wp-content/uploads/sites/471/2024/01/20230108_1625022-scaled.jpg HTTP/1.1" 200 1569839 "https://2blog.ilc.edu.tw/2528/2024/01/11/%e7%83%8f%e8%87%bc/" "Mozilla/5.0 (Windows NT 10.0; Win64; x64) AppleWebKit/537.36 (KHTML, like Gecko) Chrome/151.0.0.0 Safari/537.36"
3.213.213.161 - - [26/Aug/2026:21:04:58 +0800] "GET /6030/wp-json/oembed/1.0/embed?format=xml&url=https://2blog.ilc.edu.tw/6030/2013/05/13/1-1-1%25e6%2595%2599%25e8%2582%25b2%25e8%25a8%25ad%25e5%2582%2599%25e9%2581%25b8%25e8%25b3%25bc%25e5%2599%25a8%25e6%259d%2590%25e8%25a6%258f%25e6%25a0%25bc%25e5%258e%259f%25e5%2589%2587/ HTTP/1.1" 200 7319 "-" "Mozilla/5.0 AppleWebKit/537.36 (KHTML, like Gecko; compatible; Amazonbot/0.1; +https://developer.amazon.com/support/amazonbot) Chrome/119.0.6045.214 Safari/537.36"
111.241.206.99 - - [26/Aug/2026:21:04:58 +0800] "POST /2528/wp-json/ilc-summary/v1/popular-posts HTTP/1.1" 201 1609 "https://2blog.ilc.edu.tw/2528/2024/01/11/%e7%83%8f%e8%87%bc/" "Mozilla/5.0 (Windows NT 10.0; Win64; x64) AppleWebKit/537.36 (KHTML, like Gecko) Chrome/151.0.0.0 Safari/537.36"
20.125.101.194 - - [26/Aug/2026:21:04:55 +0800] "GET /108math/wp-content/uploads/sites/1192/2021/09/%E7%AC%AC%E4%B8%80%E9%A1%9E%E8%AA%B2%E7%A8%8B110%E5%AD%B8%E5%B9%B4%E5%BA%A6%E5%9C%8B%E9%9A%9B%E6%95%99%E8%82%B2%E8%AA%B2%E7%A8%8B%E8%A8%88%E7%95%AB-%E4%B8%83%E4%B8%8B0803.pdf HTTP/1.1" 200 684835 "-" "Mozilla/5.0 (compatible; MSR-Financial-PDF-Scorer/1.0)"
34.123.149.87 - - [26/Aug/2026:21:04:59 +0800] "GET /4604/2020/11/03/%E7%AC%AC%E4%B8%83%E5%B1%86%E5%85%A8%E5%9C%8B%E5%8D%B0%E8%B1%A1%E6%B0%B8%E5%BA%B7%E3%80%90%E5%B8%95%E5%B8%95%E6%8B%89%E5%A4%8F%E3%80%91%E5%BE%B5%E7%95%AB%E6%AF%94%E8%B3%BD%E9%A0%92%E7%8D%8E%E5%85%B8/ HTTP/1.1" 200 20296 "-" "Mozilla/5.0 (Macintosh; Intel Mac OS X 10_15_7) AppleWebKit/537.36 (KHTML, like Gecko) Chrome/120.0.0.0 Safari/537.36"
140.111.67.10 - - [26/Aug/2026:21:05:00 +0800] "GET /" 301 273 "-" "-"
66.249.79.137 - - [26/Aug/2026:21:04:59 +0800] "GET /wp-login.php?key=vqnyw381&_wpnonce=&action=ilc_logout&redirect_to=https%3A%2F%2Fwww.aayyy.net HTTP/1.1" 302 8235 "-" "Mozilla/5.0 (Linux; Android 6.0.1; Nexus 5X Build/MMB29P) AppleWebKit/537.36 (KHTML, like Gecko) Chrome/151.0.7922.173 Mobile Safari/537.36 (compatible; Googlebot/2.1; +http://www.google.com/bot.html)"
66.249.79.164 - - [26/Aug/2026:21:05:02 +0800] "POST /amy6998/wp-json/ilc-summary/v1/popular-posts HTTP/1.1" 201 6055 "https://2blog.ilc.edu.tw/amy6998/2023/01/10/111%E5%B9%B412%E6%9C%888%E6%97%A5%E6%A0%A1%E4%BA%8B%E6%9C%83%E8%AD%B0%E7%A0%94%E7%BF%92/" "Mozilla/5.0 (Linux; Android 6.0.1; Nexus 5X Build/MMB29P) AppleWebKit/537.36 (KHTML, like Gecko) Chrome/151.0.7922.173 Mobile Safari/537.36 (compatible; Googlebot/2.1; +http://www.google.com/bot.html)"
2001:288:a201::66:125 - - [26/Aug/2026:21:05:03 +0800] "GET /blog/active.php HTTP/1.1" 301 1026 "-" "-"
101.12.148.10 - - [26/Aug/2026:21:05:03 +0800] "GET / HTTP/1.1" 200 25996 "https://www.google.com/" "Mozilla/5.0 (iPad; CPU OS 26_5_2 like Mac OS X) AppleWebKit/605.1.15 (KHTML, like Gecko) CriOS/151.0.7922.112 Mobile/15E148 Safari/604.1"
2001:288:a201::66:125 - - [26/Aug/2026:21:05:03 +0800] "GET /blog/active.php HTTP/1.1" 404 1084 "-" "-"
101.12.148.10 - - [26/Aug/2026:21:05:03 +0800] "GET /wp-content/cache/www.iljh.ilc.edu.tw/wpfc-minified/g37rvqkn/6x5k.css HTTP/1.1" 200 45684 "https://www.iljh.ilc.edu.tw/" "Mozilla/5.0 (iPad; CPU OS 26_5_2 like Mac OS X) AppleWebKit/605.1.15 (KHTML, like Gecko) CriOS/151.0.7922.112 Mobile/15E148 Safari/604.1"
101.12.148.10 - - [26/Aug/2026:21:05:03 +0800] "GET /wp-content/cache/www.iljh.ilc.edu.tw/wpfc-minified/kzrkedox/6x5k.css HTTP/1.1" 200 1137 "https://www.iljh.ilc.edu.tw/" "Mozilla/5.0 (iPad; CPU OS 26_5_2 like Mac OS X) AppleWebKit/605.1.15 (KHTML, like Gecko) CriOS/151.0.7922.112 Mobile/15E148 Safari/604.1"
101.12.148.10 - - [26/Aug/2026:21:05:03 +0800] "GET /wp-content/cache/www.iljh.ilc.edu.tw/wpfc-minified/lpq7ontm/6x5k.js HTTP/1.1" 200 35557 "https://www.iljh.ilc.edu.tw/" "Mozilla/5.0 (iPad; CPU OS 26_5_2 like Mac OS X) AppleWebKit/605.1.15 (KHTML, like Gecko) CriOS/151.0.7922.112 Mobile/15E148 Safari/604.1"
101.12.148.10 - - [26/Aug/2026:21:05:03 +0800] "GET /wp-content/cache/www.iljh.ilc.edu.tw/wpfc-minified/6o4f8d1p/9jhti.css HTTP/1.1" 200 12503 "https://www.iljh.ilc.edu.tw/" "Mozilla/5.0 (iPad; CPU OS 26_5_2 like Mac OS X) AppleWebKit/605.1.15 (KHTML, like Gecko) CriOS/151.0.7922.112 Mobile/15E148 Safari/604.1"
101.12.148.10 - - [26/Aug/2026:21:05:03 +0800] "GET /wp-content/cache/www.iljh.ilc.edu.tw/wpfc-minified/kq8d2w4m/6x5k.css HTTP/1.1" 200 27342 "https://www.iljh.ilc.edu.tw/" "Mozilla/5.0 (iPad; CPU OS 26_5_2 like Mac OS X) AppleWebKit/605.1.15 (KHTML, like Gecko) CriOS/151.0.7922.112 Mobile/15E148 Safari/604.1"
101.12.148.10 - - [26/Aug/2026:21:05:03 +0800] "GET /wp-content/uploads/sites/399/elementor/css/post-123.css HTTP/1.1" 200 6023 "https://www.iljh.ilc.edu.tw/" "Mozilla/5.0 (iPad; CPU OS 26_5_2 like Mac OS X) AppleWebKit/605.1.15 (KHTML, like Gecko) CriOS/151.0.7922.112 Mobile/15E148 Safari/604.1"
101.12.148.10 - - [26/Aug/2026:21:05:03 +0800] "GET /wp-content/uploads/sites/399/elementor/css/post-177.css HTTP/1.1" 200 6069 "https://www.iljh.ilc.edu.tw/" "Mozilla/5.0 (iPad; CPU OS 26_5_2 like Mac OS X) AppleWebKit/605.1.15 (KHTML, like Gecko) CriOS/151.0.7922.112 Mobile/15E148 Safari/604.1"
101.12.148.10 - - [26/Aug/2026:21:05:03 +0800] "GET /wp-content/cache/www.iljh.ilc.edu.tw/wpfc-minified/l08hupu6/6x5k.css HTTP/1.1" 304 790 "https://www.iljh.ilc.edu.tw/" "Mozilla/5.0 (iPad; CPU OS 26_5_2 like Mac OS X) AppleWebKit/605.1.15 (KHTML, like Gecko) CriOS/151.0.7922.112 Mobile/15E148 Safari/604.1"
101.12.148.10 - - [26/Aug/2026:21:05:03 +0800] "GET /wp-content/cache/www.iljh.ilc.edu.tw/wpfc-minified/ko19z0ao/68c0s.js HTTP/1.1" 200 5165 "https://www.iljh.ilc.edu.tw/" "Mozilla/5.0 (iPad; CPU OS 26_5_2 like Mac OS X) AppleWebKit/605.1.15 (KHTML, like Gecko) CriOS/151.0.7922.112 Mobile/15E148 Safari/604.1"
101.12.148.10 - - [26/Aug/2026:21:05:03 +0800] "GET /wp-content/cache/www.iljh.ilc.edu.tw/wpfc-minified/2nbn6vpt/9jhti.css HTTP/1.1" 304 790 "https://www.iljh.ilc.edu.tw/" "Mozilla/5.0 (iPad; CPU OS 26_5_2 like Mac OS X) AppleWebKit/605.1.15 (KHTML, like Gecko) CriOS/151.0.7922.112 Mobile/15E148 Safari/604.1"
101.12.148.10 - - [26/Aug/2026:21:05:03 +0800] "GET /wp-content/cache/www.iljh.ilc.edu.tw/wpfc-minified/f1u5yfdd/6x5k.js HTTP/1.1" 304 790 "https://www.iljh.ilc.edu.tw/" "Mozilla/5.0 (iPad; CPU OS 26_5_2 like Mac OS X) AppleWebKit/605.1.15 (KHTML, like Gecko) CriOS/151.0.7922.112 Mobile/15E148 Safari/604.1"
101.12.148.10 - - [26/Aug/2026:21:05:03 +0800] "GET /wp-content/uploads/sites/399/2026/07/%E9%BB%83%E8%89%B2%E7%B4%85%E8%89%B2%E5%95%A1%E8%89%B2%E6%9C%89%E8%B6%A3%E7%9A%84%E6%85%B6%E5%85%B8%E5%BC%8F%E5%82%B3%E7%B5%B1%E7%95%A2%E6%A5%AD%E6%A9%AB%E9%A1%8D-2048x1024.png HTTP/1.1" 200 192522 "https://www.iljh.ilc.edu.tw/" "Mozilla/5.0 (iPad; CPU OS 26_5_2 like Mac OS X) AppleWebKit/605.1.15 (KHTML, like Gecko) CriOS/151.0.7922.112 Mobile/15E148 Safari/604.1"
101.12.148.10 - - [26/Aug/2026:21:05:04 +0800] "GET /wp-includes/js/admin-bar.min.js HTTP/1.1" 200 2237 "https://www.iljh.ilc.edu.tw/" "Mozilla/5.0 (iPad; CPU OS 26_5_2 like Mac OS X) AppleWebKit/605.1.15 (KHTML, like Gecko) CriOS/151.0.7922.112 Mobile/15E148 Safari/604.1"
101.12.148.10 - - [26/Aug/2026:21:05:04 +0800] "GET /wp-content/uploads/sites/1364/2020/02/main.h1.gif HTTP/1.1" 200 11567 "https://www.iljh.ilc.edu.tw/" "Mozilla/5.0 (iPad; CPU OS 26_5_2 like Mac OS X) AppleWebKit/605.1.15 (KHTML, like Gecko) CriOS/151.0.7922.112 Mobile/15E148 Safari/604.1"
101.12.148.10 - - [26/Aug/2026:21:05:04 +0800] "GET /wp-includes/js/imagesloaded.min.js HTTP/1.1" 200 2683 "https://www.iljh.ilc.edu.tw/" "Mozilla/5.0 (iPad; CPU OS 26_5_2 like Mac OS X) AppleWebKit/605.1.15 (KHTML, like Gecko) CriOS/151.0.7922.112 Mobile/15E148 Safari/604.1"
101.12.148.10 - - [26/Aug/2026:21:05:04 +0800] "GET /wp-content/themes/oceanwp/assets/js/drop-down-mobile-menu.min.js HTTP/1.1" 200 4663 "https://www.iljh.ilc.edu.tw/" "Mozilla/5.0 (iPad; CPU OS 26_5_2 like Mac OS X) AppleWebKit/605.1.15 (KHTML, like Gecko) CriOS/151.0.7922.112 Mobile/15E148 Safari/604.1"
101.12.148.10 - - [26/Aug/2026:21:05:04 +0800] "GET /wp-content/themes/oceanwp/assets/js/theme.min.js HTTP/1.1" 200 5130 "https://www.iljh.ilc.edu.tw/" "Mozilla/5.0 (iPad; CPU OS 26_5_2 like Mac OS X) AppleWebKit/605.1.15 (KHTML, like Gecko) CriOS/151.0.7922.112 Mobile/15E148 Safari/604.1"
101.12.148.10 - - [26/Aug/2026:21:05:04 +0800] "GET /wp-content/themes/oceanwp/assets/js/drop-down-search.min.js HTTP/1.1" 200 2968 "https://www.iljh.ilc.edu.tw/" "Mozilla/5.0 (iPad; CPU OS 26_5_2 like Mac OS X) AppleWebKit/605.1.15 (KHTML, like Gecko) CriOS/151.0.7922.112 Mobile/15E148 Safari/604.1"
101.12.148.10 - - [26/Aug/2026:21:05:04 +0800] "GET /wp-content/themes/oceanwp/assets/js/vendors/magnific-popup.min.js HTTP/1.1" 200 8270 "https://www.iljh.ilc.edu.tw/" "Mozilla/5.0 (iPad; CPU OS 26_5_2 like Mac OS X) AppleWebKit/605.1.15 (KHTML, like Gecko) CriOS/151.0.7922.112 Mobile/15E148 Safari/604.1"
101.12.148.10 - - [26/Aug/2026:21:05:04 +0800] "GET /wp-content/themes/oceanwp/assets/js/ow-slider.min.js HTTP/1.1" 200 1761 "https://www.iljh.ilc.edu.tw/" "Mozilla/5.0 (iPad; CPU OS 26_5_2 like Mac OS X) AppleWebKit/605.1.15 (KHTML, like Gecko) CriOS/151.0.7922.112 Mobile/15E148 Safari/604.1"
101.12.148.10 - - [26/Aug/2026:21:05:04 +0800] "GET /wp-content/themes/oceanwp/assets/js/scroll-effect.min.js HTTP/1.1" 200 4127 "https://www.iljh.ilc.edu.tw/" "Mozilla/5.0 (iPad; CPU OS 26_5_2 like Mac OS X) AppleWebKit/605.1.15 (KHTML, like Gecko) CriOS/151.0.7922.112 Mobile/15E148 Safari/604.1"
101.12.148.10 - - [26/Aug/2026:21:05:04 +0800] "GET /wp-content/themes/oceanwp/assets/js/select.min.js HTTP/1.1" 200 2408 "https://www.iljh.ilc.edu.tw/" "Mozilla/5.0 (iPad; CPU OS 26_5_2 like Mac OS X) AppleWebKit/605.1.15 (KHTML, like Gecko) CriOS/151.0.7922.112 Mobile/15E148 Safari/604.1"
101.12.148.10 - - [26/Aug/2026:21:05:04 +0800] "GET /wp-content/plugins/ocean-extra/includes/widgets/js/flickr.min.js HTTP/1.1" 200 1319 "https://www.iljh.ilc.edu.tw/" "Mozilla/5.0 (iPad; CPU OS 26_5_2 like Mac OS X) AppleWebKit/605.1.15 (KHTML, like Gecko) CriOS/151.0.7922.112 Mobile/15E148 Safari/604.1"
101.12.148.10 - - [26/Aug/2026:21:05:04 +0800] "GET /wp-content/plugins/elementor/assets/js/webpack.runtime.min.js HTTP/1.1" 200 3095 "https://www.iljh.ilc.edu.tw/" "Mozilla/5.0 (iPad; CPU OS 26_5_2 like Mac OS X) AppleWebKit/605.1.15 (KHTML, like Gecko) CriOS/151.0.7922.112 Mobile/15E148 Safari/604.1"
101.12.148.10 - - [26/Aug/2026:21:05:04 +0800] "GET /wp-includes/js/dist/hooks.min.js HTTP/1.1" 200 2421 "https://www.iljh.ilc.edu.tw/" "Mozilla/5.0 (iPad; CPU OS 26_5_2 like Mac OS X) AppleWebKit/605.1.15 (KHTML, like Gecko) CriOS/151.0.7922.112 Mobile/15E148 Safari/604.1"
101.12.148.10 - - [26/Aug/2026:21:05:04 +0800] "GET /wp-includes/js/jquery/ui/core.min.js HTTP/1.1" 200 7986 "https://www.iljh.ilc.edu.tw/" "Mozilla/5.0 (iPad; CPU OS 26_5_2 like Mac OS X) AppleWebKit/605.1.15 (KHTML, like Gecko) CriOS/151.0.7922.112 Mobile/15E148 Safari/604.1"
101.12.148.10 - - [26/Aug/2026:21:05:04 +0800] "GET /wp-content/plugins/elementor-pro/assets/js/frontend.min.js HTTP/1.1" 200 7574 "https://www.iljh.ilc.edu.tw/" "Mozilla/5.0 (iPad; CPU OS 26_5_2 like Mac OS X) AppleWebKit/605.1.15 (KHTML, like Gecko) CriOS/151.0.7922.112 Mobile/15E148 Safari/604.1"
101.12.148.10 - - [26/Aug/2026:21:05:04 +0800] "GET /wp-content/uploads/sites/399/2025/05/%E6%96%B0%E5%A2%9E%E5%B0%88%E6%A1%88-1-1.jpg HTTP/1.1" 304 790 "https://www.iljh.ilc.edu.tw/" "Mozilla/5.0 (iPad; CPU OS 26_5_2 like Mac OS X) AppleWebKit/605.1.15 (KHTML, like Gecko) CriOS/151.0.7922.112 Mobile/15E148 Safari/604.1"
101.12.148.10 - - [26/Aug/2026:21:05:05 +0800] "GET /wp-content/plugins/elementor/assets/js/lightbox.94b920846d1e37cafb78.bundle.min.js HTTP/1.1" 200 10857 "https://www.iljh.ilc.edu.tw/" "Mozilla/5.0 (iPad; CPU OS 26_5_2 like Mac OS X) AppleWebKit/605.1.15 (KHTML, like Gecko) CriOS/151.0.7922.112 Mobile/15E148 Safari/604.1"
101.12.148.10 - - [26/Aug/2026:21:05:05 +0800] "GET /wp-content/plugins/elementor/assets/lib/share-link/share-link.min.js?ver=3.22.3 HTTP/1.1" 200 2049 "https://www.iljh.ilc.edu.tw/" "Mozilla/5.0 (iPad; CPU OS 26_5_2 like Mac OS X) AppleWebKit/605.1.15 (KHTML, like Gecko) CriOS/151.0.7922.112 Mobile/15E148 Safari/604.1"
101.12.148.10 - - [26/Aug/2026:21:05:05 +0800] "GET /wp-content/plugins/elementor/assets/lib/dialog/dialog.min.js?ver=4.9.0 HTTP/1.1" 200 4368 "https://www.iljh.ilc.edu.tw/" "Mozilla/5.0 (iPad; CPU OS 26_5_2 like Mac OS X) AppleWebKit/605.1.15 (KHTML, like Gecko) CriOS/151.0.7922.112 Mobile/15E148 Safari/604.1"
101.12.148.10 - - [26/Aug/2026:21:05:05 +0800] "GET /wp-content/plugins/elementor/assets/js/text-editor.2c35aafbe5bf0e127950.bundle.min.js HTTP/1.1" 200 1545 "https://www.iljh.ilc.edu.tw/" "Mozilla/5.0 (iPad; CPU OS 26_5_2 like Mac OS X) AppleWebKit/605.1.15 (KHTML, like Gecko) CriOS/151.0.7922.112 Mobile/15E148 Safari/604.1"
101.12.148.10 - - [26/Aug/2026:21:05:05 +0800] "GET /wp-content/uploads/sites/399/2020/10/%E3%80%90%E6%96%B0%E3%80%91%E5%A0%B4%E5%9C%B0%E9%A0%90%E7%B4%84.jpg HTTP/1.1" 200 10203 "https://www.iljh.ilc.edu.tw/" "Mozilla/5.0 (iPad; CPU OS 26_5_2 like Mac OS X) AppleWebKit/605.1.15 (KHTML, like Gecko) CriOS/151.0.7922.112 Mobile/15E148 Safari/604.1"
140.111.67.10 - - [26/Aug/2026:21:05:05 +0800] "GET /" 301 273 "-" "-"
101.12.148.10 - - [26/Aug/2026:21:05:05 +0800] "GET /wp-content/uploads/sites/399/2019/06/406467821_7388977591120447_7556267014640184717_n-768x576.jpg HTTP/1.1" 200 124405 "https://www.iljh.ilc.edu.tw/" "Mozilla/5.0 (iPad; CPU OS 26_5_2 like Mac OS X) AppleWebKit/605.1.15 (KHTML, like Gecko) CriOS/151.0.7922.112 Mobile/15E148 Safari/604.1"
101.12.148.10 - - [26/Aug/2026:21:05:05 +0800] "GET /wp-content/uploads/sites/399/2022/03/%E8%98%AD%E4%B8%AD%E7%9B%B8%E7%B0%BF.jpg HTTP/1.1" 200 47709 "https://www.iljh.ilc.edu.tw/" "Mozilla/5.0 (iPad; CPU OS 26_5_2 like Mac OS X) AppleWebKit/605.1.15 (KHTML, like Gecko) CriOS/151.0.7922.112 Mobile/15E148 Safari/604.1"
101.12.148.10 - - [26/Aug/2026:21:05:05 +0800] "GET /wp-content/uploads/sites/399/2026/06/c89be951-26ff-4770-a5e5-5df647053831.jpg HTTP/1.1" 200 244087 "https://www.iljh.ilc.edu.tw/" "Mozilla/5.0 (iPad; CPU OS 26_5_2 like Mac OS X) AppleWebKit/605.1.15 (KHTML, like Gecko) CriOS/151.0.7922.112 Mobile/15E148 Safari/604.1"
101.12.148.10 - - [26/Aug/2026:21:05:05 +0800] "GET /wp-content/uploads/sites/399/2026/02/unnamed-12.jpg HTTP/1.1" 200 245291 "https://www.iljh.ilc.edu.tw/" "Mozilla/5.0 (iPad; CPU OS 26_5_2 like Mac OS X) AppleWebKit/605.1.15 (KHTML, like Gecko) CriOS/151.0.7922.112 Mobile/15E148 Safari/604.1"
101.12.148.10 - - [26/Aug/2026:21:05:05 +0800] "GET /wp-content/uploads/sites/399/2025/08/114%E5%B9%B4%E3%80%8C%E6%9A%91%E6%9C%9F%E4%BF%9D%E8%AD%B7%E9%9D%92%E5%B0%91%E5%B9%B4-%E9%9D%92%E6%98%A5%E5%B0%88%E6%A1%88%E3%80%8D%E5%AE%A3%E5%B0%8E-%E4%B8%80%E3%80%81-%E6%8B%92%E7%B5%95%E5%85%92%E7%AB%A5%E5%8F%8A%E9%9D%92%E5%B0%91%E5%B9%B4%E9%81%AD%E5%8F%97%E6%80%A7%E5%89%9D%E5%89%8A%E3%80%82-%E4%BA%8C%E3%80%81-%E4%BB%BB%E4%BD%95%E4%BA%BA-1.png HTTP/1.1" 200 734459 "https://www.iljh.ilc.edu.tw/" "Mozilla/5.0 (iPad; CPU OS 26_5_2 like Mac OS X) AppleWebKit/605.1.15 (KHTML, like Gecko) CriOS/151.0.7922.112 Mobile/15E148 Safari/604.1"
101.12.148.10 - - [26/Aug/2026:21:05:05 +0800] "GET /wp-content/uploads/sites/399/2025/06/6064c312_E775167_4a519498-removebg-preview.png HTTP/1.1" 200 90554 "https://www.iljh.ilc.edu.tw/" "Mozilla/5.0 (iPad; CPU OS 26_5_2 like Mac OS X) AppleWebKit/605.1.15 (KHTML, like Gecko) CriOS/151.0.7922.112 Mobile/15E148 Safari/604.1"
101.12.148.10 - - [26/Aug/2026:21:05:06 +0800] "GET /wp-content/uploads/sites/399/2025/07/searching.png HTTP/1.1" 200 2685 "https://www.iljh.ilc.edu.tw/" "Mozilla/5.0 (iPad; CPU OS 26_5_2 like Mac OS X) AppleWebKit/605.1.15 (KHTML, like Gecko) CriOS/151.0.7922.112 Mobile/15E148 Safari/604.1"
127.0.0.1 - - [26/Aug/2026:21:05:06 +0800] "GET / HTTP/1.1" 301 977 "-" "curl/7.81.0"
127.0.0.1 - - [26/Aug/2026:21:05:06 +0800] "GET / HTTP/1.1" 302 5497 "-" "curl/7.81.0"
127.0.0.1 - - [26/Aug/2026:21:05:06 +0800] "HEAD / HTTP/1.1" 302 5478 "-" "curl/7.81.0"
2407:4b00:4c06:89a0:c858:3a68:809d:17d4 - - [26/Aug/2026:21:05:07 +0800] "-" 408 4801 "-" "-"
66.249.79.165 - - [26/Aug/2026:21:05:03 +0800] "POST /technology/wp-json/ilc-summary/v1/popular-posts HTTP/1.1" 201 6057 "https://2blog.ilc.edu.tw/technology/2014/04/01/%E6%9C%89%E4%BD%A0%E7%9C%9F%E5%A5%BD-%E6%95%99%E7%B6%B2%E9%83%A8%E8%90%BD%E6%A0%BC%E9%81%8B%E7%94%A8%E5%AF%A6%E4%BE%8B/" "Mozilla/5.0 (Linux; Android 6.0.1; Nexus 5X Build/MMB29P) AppleWebKit/537.36 (KHTML, like Gecko) Chrome/151.0.7922.173 Mobile Safari/537.36 (compatible; Googlebot/2.1; +http://www.google.com/bot.html)"
185.191.171.7 - - [26/Aug/2026:21:05:07 +0800] "GET /newone/category/%E6%95%99%E8%82%B2%E8%B3%87%E8%A8%8A%E7%AB%99/ HTTP/1.1" 200 13988 "-" "Mozilla/5.0 (compatible; SemrushBot/7~bl; +http://www.semrush.com/bot.html)"
::1 - - [26/Aug/2026:21:05:07 +0800] "OPTIONS * HTTP/1.0" 200 110 "-" "Apache/2.4.68 (Ubuntu) OpenSSL/3.0.19 (internal dummy connection)"
2001:288:a201::66:125 - - [26/Aug/2026:21:05:08 +0800] "GET /blog/active.php HTTP/1.1" 301 1026 "-" "-"
66.249.71.38 - - [26/Aug/2026:21:05:07 +0800] "GET /6093/2011/02/01/%E6%AA%A2%E9%80%81%E3%80%8C%E5%AE%9C%E8%98%AD%E7%B8%A3%E7%92%B0%E5%A2%83%E6%95%99%E8%82%B2%E7%A8%AE%E5%AD%90%E6%95%99%E5%B8%AB%E5%A2%9E%E8%83%BD%E7%A0%94%E7%BF%92%E3%80%8D%E4%B9%99%E4%BB%BD%EF%BC%8C/ HTTP/1.1" 200 21288 "-" "Mozilla/5.0 (Linux; Android 6.0.1; Nexus 5X Build/MMB29P) AppleWebKit/537.36 (KHTML, like Gecko) Chrome/151.0.7922.173 Mobile Safari/537.36 (compatible; Googlebot/2.1; +http://www.google.com/bot.html)"
2001:288:a201::66:125 - - [26/Aug/2026:21:05:08 +0800] "GET /blog/active.php HTTP/1.1" 404 1084 "-" "-"
34.171.68.95 - - [26/Aug/2026:21:05:08 +0800] "GET /32745/2022/06/04/%E7%B7%A3%E8%96%84%E6%83%85%E6%B7%B1-2/ HTTP/1.1" 200 91838 "-" "Mozilla/5.0 (Macintosh; Intel Mac OS X 10_15_7) AppleWebKit/537.36 (KHTML, like Gecko) Chrome/120.0.0.0 Safari/537.36"
::1 - - [26/Aug/2026:21:05:08 +0800] "OPTIONS * HTTP/1.0" 200 110 "-" "Apache/2.4.68 (Ubuntu) OpenSSL/3.0.19 (internal dummy connection)"
::1 - - [26/Aug/2026:21:05:09 +0800] "OPTIONS * HTTP/1.0" 200 110 "-" "Apache/2.4.68 (Ubuntu) OpenSSL/3.0.19 (internal dummy connection)"
3.218.103.254 - - [26/Aug/2026:21:05:10 +0800] "GET /24/wp-json/wp/v2/posts/5469/revisions/5472 HTTP/1.1" 401 6195 "-" "Mozilla/5.0 AppleWebKit/537.36 (KHTML, like Gecko; compatible; Amazonbot/0.1; +https://developer.amazon.com/support/amazonbot) Chrome/119.0.6045.214 Safari/537.36"
140.111.67.10 - - [26/Aug/2026:21:05:10 +0800] "GET /" 301 273 "-" "-"
185.191.171.9 - - [26/Aug/2026:21:05:10 +0800] "GET /6418/category/%E7%92%B0%E5%A2%83%E7%AE%A1%E7%90%86%E5%8F%8A%E9%85%8D%E5%90%88%E6%8E%AA%E6%96%BD/c-21276/page/3/ HTTP/1.1" 200 16390 "-" "Mozilla/5.0 (compatible; SemrushBot/7~bl; +http://www.semrush.com/bot.html)"
::1 - - [26/Aug/2026:21:05:10 +0800] "OPTIONS * HTTP/1.0" 200 110 "-" "Apache/2.4.68 (Ubuntu) OpenSSL/3.0.19 (internal dummy connection)"
::1 - - [26/Aug/2026:21:05:11 +0800] "OPTIONS * HTTP/1.0" 200 110 "-" "Apache/2.4.68 (Ubuntu) OpenSSL/3.0.19 (internal dummy connection)"
66.249.79.163 - - [26/Aug/2026:21:05:12 +0800] "POST /6093/wp-json/ilc-summary/v1/popular-posts HTTP/1.1" 201 6052 "https://2blog.ilc.edu.tw/6093/2011/02/01/%E6%AA%A2%E9%80%81%E3%80%8C%E5%AE%9C%E8%98%AD%E7%B8%A3%E7%92%B0%E5%A2%83%E6%95%99%E8%82%B2%E7%A8%AE%E5%AD%90%E6%95%99%E5%B8%AB%E5%A2%9E%E8%83%BD%E7%A0%94%E7%BF%92%E3%80%8D%E4%B9%99%E4%BB%BD%EF%BC%8C/" "Mozilla/5.0 (Linux; Android 6.0.1; Nexus 5X Build/MMB29P) AppleWebKit/537.36 (KHTML, like Gecko) Chrome/151.0.7922.173 Mobile Safari/537.36 (compatible; Googlebot/2.1; +http://www.google.com/bot.html)"
::1 - - [26/Aug/2026:21:05:12 +0800] "OPTIONS * HTTP/1.0" 200 110 "-" "Apache/2.4.68 (Ubuntu) OpenSSL/3.0.19 (internal dummy connection)"
2001:288:a201::66:125 - - [26/Aug/2026:21:05:13 +0800] "GET /blog/active.php HTTP/1.1" 301 1026 "-" "-"
2001:288:a201::66:125 - - [26/Aug/2026:21:05:13 +0800] "GET /blog/active.php HTTP/1.1" 404 1084 "-" "-"
2401:e180:8d82:1848:5c2d:3699:3e37:78c3 - - [26/Aug/2026:21:05:13 +0800] "POST /wp-json/wp-statistics/v2/online HTTP/1.1" 200 1422 "https://www.npes.ilc.edu.tw/" "Mozilla/5.0 (Windows NT 10.0; Win64; x64) AppleWebKit/537.36 (KHTML, like Gecko) Chrome/151.0.0.0 Safari/537.36"
::1 - - [26/Aug/2026:21:05:14 +0800] "OPTIONS * HTTP/1.0" 200 110 "-" "Apache/2.4.68 (Ubuntu) OpenSSL/3.0.19 (internal dummy connection)"
140.111.67.10 - - [26/Aug/2026:21:05:15 +0800] "GET /" 301 273 "-" "-"
85.208.96.211 - - [26/Aug/2026:21:05:17 +0800] "GET /pcesee/2020/09/13/109_3-1-1-3_%E6%A0%A1%E5%9C%92%E7%B6%A0%E5%8C%96%E7%BE%8E%E5%8C%96%E6%83%85%E5%BD%A2%E6%A4%8D%E7%89%A9%E7%9A%84%E6%A8%99%E7%A4%BA%E8%A7%A3%E8%AA%AA%E6%83%85%E5%BD%A2/ HTTP/1.1" 200 16058 "-" "Mozilla/5.0 (compatible; SemrushBot/7~bl; +http://www.semrush.com/bot.html)"
2001:b011:7806:799c:65c5:e35e:428d:fea2 - - [26/Aug/2026:21:05:17 +0800] "-" 408 4803 "-" "-"
2001:288:a201::66:125 - - [26/Aug/2026:21:05:18 +0800] "GET /blog/active.php HTTP/1.1" 301 1026 "-" "-"
66.249.71.37 - - [26/Aug/2026:21:05:17 +0800] "GET /3860/2014/02/14/1-%E5%90%91-ann-%E3%80%80-2-%E5%90%91-hiann-%E3%80%80-3-%E5%90%91-hiong-%E3%80%80-4-%E5%90%91-%C7%B9g-%E3%80%80-5-%E5%90%91-hiang-%E3%80%80/ HTTP/1.1" 200 30158 "-" "Mozilla/5.0 (Linux; Android 6.0.1; Nexus 5X Build/MMB29P) AppleWebKit/537.36 (KHTML, like Gecko) Chrome/151.0.7922.173 Mobile Safari/537.36 (compatible; Googlebot/2.1; +http://www.google.com/bot.html)"
2001:288:a201::66:125 - - [26/Aug/2026:21:05:18 +0800] "GET /blog/active.php HTTP/1.1" 404 1084 "-" "-"
52.200.58.199 - - [26/Aug/2026:21:05:18 +0800] "GET /saps/?p=16 HTTP/1.1" 301 1016 "-" "Mozilla/5.0 AppleWebKit/537.36 (KHTML, like Gecko; compatible; Amazonbot/0.1; +https://developer.amazon.com/support/amazonbot) Chrome/119.0.6045.214 Safari/537.36"
18.214.138.148 - - [26/Aug/2026:21:05:18 +0800] "GET /wp-content/uploads/sites/3565/2024/05/?C=N;O%3DA HTTP/1.1" 200 1113 "-" "Mozilla/5.0 AppleWebKit/537.36 (KHTML, like Gecko; compatible; Amazonbot/0.1; +https://developer.amazon.com/support/amazonbot) Chrome/119.0.6045.214 Safari/537.36"
2402:7500:a01:ff3c:edf1:cc99:3e78:be97 - - [26/Aug/2026:21:05:19 +0800] "POST /ltjhinformation/wp-json/ilc-summary/v1/popular-posts HTTP/1.1" 201 5920 "https://2blog.ilc.edu.tw/ltjhinformation/2022/08/05/%E5%B0%8E%E5%B8%AB%E7%9A%84%E5%A5%BD%E5%B9%AB%E6%89%8B_line%E5%AE%98%E6%96%B9%E5%B8%B3%E8%99%9F%E7%9A%84%E7%94%B3%E8%AB%8B%E8%A8%AD%E5%AE%9A%E8%88%87%E4%BD%BF%E7%94%A8/" "Mozilla/5.0 (iPhone; CPU iPhone OS 18_7 like Mac OS X) AppleWebKit/605.1.15 (KHTML, like Gecko) Version/26.6 Mobile/15E148 Safari/604.1"
34.171.68.95 - - [26/Aug/2026:21:05:19 +0800] "GET /6547/wp-json/wp/v2/posts/513 HTTP/1.1" 200 8143 "-" "Mozilla/5.0 (Macintosh; Intel Mac OS X 10_15_7) AppleWebKit/537.36 (KHTML, like Gecko) Chrome/120.0.0.0 Safari/537.36"
140.111.67.10 - - [26/Aug/2026:21:05:20 +0800] "GET /" 301 273 "-" "-"
2001:b011:c00a:bdd9:33a9:ff1d:618f:fffe - - [26/Aug/2026:21:05:21 +0800] "-" 408 4794 "-" "-"
185.191.171.13 - - [26/Aug/2026:21:05:19 +0800] "GET /technology/2016/06/24/wfduino%E9%A1%8F%E8%89%B2%E7%8C%9C%E7%8C%9C%E6%A9%9F%E7%AC%AC8-1%E8%AA%B2/ HTTP/1.1" 200 23575 "-" "Mozilla/5.0 (compatible; SemrushBot/7~bl; +http://www.semrush.com/bot.html)"
66.249.79.137 - - [26/Aug/2026:21:05:20 +0800] "GET /wp-login.php?key=sutip381&_wpnonce=&action=ilc_logout&redirect_to=https%3A%2F%2Fwww.aayyy.com%2Fgames HTTP/1.1" 302 8241 "-" "Mozilla/5.0 (Linux; Android 6.0.1; Nexus 5X Build/MMB29P) AppleWebKit/537.36 (KHTML, like Gecko) Chrome/151.0.7922.173 Mobile Safari/537.36 (compatible; Googlebot/2.1; +http://www.google.com/bot.html)"
2001:288:a201::66:125 - - [26/Aug/2026:21:05:23 +0800] "GET /blog/active.php HTTP/1.1" 301 1026 "-" "-"
2001:288:a201::66:125 - - [26/Aug/2026:21:05:23 +0800] "GET /blog/active.php HTTP/1.1" 404 1084 "-" "-"
44.206.65.8 - - [26/Aug/2026:21:05:22 +0800] "GET /32745/2021/08/08/%E5%B0%91%E5%A5%B3%E7%9A%84%E5%BF%83%E8%81%B2-2/ HTTP/1.1" 200 92731 "-" "Mozilla/5.0 AppleWebKit/537.36 (KHTML, like Gecko; compatible; Amazonbot/0.1; +https://developer.amazon.com/support/amazonbot) Chrome/119.0.6045.214 Safari/537.36"
216.73.217.64 - - [26/Aug/2026:21:05:23 +0800] "GET /9536/wp-json/wp/v2/posts/54557 HTTP/1.1" 200 10670 "-" "Mozilla/5.0 AppleWebKit/537.36 (KHTML, like Gecko; compatible; ClaudeBot/1.0; +claudebot@anthropic.com)"
216.73.217.64 - - [26/Aug/2026:21:05:23 +0800] "GET /9536/wp-json/wp/v2/posts/54566 HTTP/1.1" 200 11066 "-" "Mozilla/5.0 AppleWebKit/537.36 (KHTML, like Gecko; compatible; ClaudeBot/1.0; +claudebot@anthropic.com)"
66.249.79.137 - - [26/Aug/2026:21:05:22 +0800] "GET /wp-login.php?action=ilc_logout&_wpnonce=43754d0aad&redirect_to=http://vasilisaluck.ru/join/4534/ HTTP/1.1" 302 3462 "-" "Mozilla/5.0 (Linux; Android 6.0.1; Nexus 5X Build/MMB29P) AppleWebKit/537.36 (KHTML, like Gecko) Chrome/151.0.7922.173 Mobile Safari/537.36 (compatible; Googlebot/2.1; +http://www.google.com/bot.html)"
140.111.67.10 - - [26/Aug/2026:21:05:25 +0800] "GET /" 301 273 "-" "-"
73.165.99.217 - - [26/Aug/2026:21:05:19 +0800] "GET /wp-content/uploads/sites/286/28/28-321359.doc HTTP/1.1" 200 41967 "-" "Mozilla/5.0 (Macintosh; Intel Mac OS X 10_15_7) AppleWebKit/537.36 (KHTML, like Gecko) Chrome/148.0.0.0 Safari/537.36 Edg/148.0.0.0"
66.249.71.37 - - [26/Aug/2026:21:05:25 +0800] "GET /wp-content/uploads/sites/1236/39192/39192-4182196.jpg HTTP/1.1" 200 120230 "-" "Googlebot-Image/1.0"
2001:b011:7801:d681:e28f:3fcc:4b29:1e0f - - [26/Aug/2026:21:05:25 +0800] "-" 408 4803 "-" "-"
66.249.71.37 - - [26/Aug/2026:21:05:26 +0800] "POST /3860/wp-json/ilc-summary/v1/popular-posts HTTP/1.1" 201 1273 "https://2blog.ilc.edu.tw/3860/2014/02/14/1-%E5%90%91-ann-%E3%80%80-2-%E5%90%91-hiann-%E3%80%80-3-%E5%90%91-hiong-%E3%80%80-4-%E5%90%91-%C7%B9g-%E3%80%80-5-%E5%90%91-hiang-%E3%80%80/" "Mozilla/5.0 (Linux; Android 6.0.1; Nexus 5X Build/MMB29P) AppleWebKit/537.36 (KHTML, like Gecko) Chrome/151.0.7922.173 Mobile Safari/537.36 (compatible; Googlebot/2.1; +http://www.google.com/bot.html)"
185.191.171.3 - - [26/Aug/2026:21:05:26 +0800] "GET /ysjhgsroom/2020/08/18/%E8%BE%A6%E7%90%86%E5%AD%B8%E6%A0%A1%E5%8D%88%E9%A4%90%E6%87%89%E6%B3%A8%E6%84%8F%E4%BA%8B%E9%A0%85/%E7%8F%BE%E8%A1%8C%E5%8D%88%E9%A4%90%E6%9A%A8%E6%A0%A1%E5%9C%92%E9%A3%9F%E5%93%81%E7%9B%B8%E9%97%9C%E6%B3%95%E8%A6%8F03-2/ HTTP/1.1" 200 16429 "-" "Mozilla/5.0 (compatible; SemrushBot/7~bl; +http://www.semrush.com/bot.html)"
44.193.102.198 - - [26/Aug/2026:21:05:27 +0800] "GET /wp-content/uploads/sites/3271/2024/04/?C=S;O%3DA HTTP/1.1" 200 1113 "-" "Mozilla/5.0 AppleWebKit/537.36 (KHTML, like Gecko; compatible; Amazonbot/0.1; +https://developer.amazon.com/support/amazonbot) Chrome/119.0.6045.214 Safari/537.36"
::1 - - [26/Aug/2026:21:05:27 +0800] "OPTIONS * HTTP/1.0" 200 110 "-" "Apache/2.4.68 (Ubuntu) OpenSSL/3.0.19 (internal dummy connection)"
2001:288:a201::66:125 - - [26/Aug/2026:21:05:28 +0800] "GET /blog/active.php HTTP/1.1" 301 1026 "-" "-"
2001:288:a201::66:125 - - [26/Aug/2026:21:05:28 +0800] "GET /blog/active.php HTTP/1.1" 404 1084 "-" "-"
66.249.79.163 - - [26/Aug/2026:21:05:28 +0800] "GET /kses115101/sample-page/ HTTP/1.1" 200 13494 "-" "Mozilla/5.0 (Linux; Android 6.0.1; Nexus 5X Build/MMB29P) AppleWebKit/537.36 (KHTML, like Gecko) Chrome/151.0.7922.173 Mobile Safari/537.36 (compatible; Googlebot/2.1; +http://www.google.com/bot.html)"
2001:4860:7:810::eb - - [26/Aug/2026:21:05:29 +0800] "GET /2528/2013/08/ HTTP/1.1" 200 15968 "https://www.google.com/" "Mozilla/5.0 (Windows NT 10.0; Win64; x64) AppleWebKit/537.36 (KHTML, like Gecko) Chrome/151.0.0.0 Safari/537.36"
140.111.67.195 - - [26/Aug/2026:21:05:29 +0800] "GET /wp-admin/admin-post.php?action=steps_ad HTTP/1.1" 200 1973 "-" "node-fetch/1.0 (+https://github.com/bitinn/node-fetch)"
140.111.67.10 - - [26/Aug/2026:21:05:30 +0800] "GET /" 301 273 "-" "-"
67.218.5.194 - - [26/Aug/2026:21:05:30 +0800] "GET /wp-login.php?action=ilc_logout&_wpnonce=43754d0aad&redirect_to=https://nychumor.blogspot.com/2026/07/celtexit-creates-four-national-power.html HTTP/1.1" 302 8052 "https://pedraopedras.com.br/gallery/gallery-3-2/" "Mozilla/5.0 (Windows NT 6.3; Win64; x64) AppleWebKit/537.36 (KHTML, like Gecko) Chrome/103.0.0.0 Safari/537.36"
3.224.104.67 - - [26/Aug/2026:21:05:30 +0800] "GET /wp-content/uploads/sites/2193/6030/6030-1856488.jpg HTTP/1.1" 200 20638 "-" "Mozilla/5.0 AppleWebKit/537.36 (KHTML, like Gecko; compatible; Amazonbot/0.1; +https://developer.amazon.com/support/amazonbot) Chrome/119.0.6045.214 Safari/537.36"
::1 - - [26/Aug/2026:21:05:32 +0800] "OPTIONS * HTTP/1.0" 200 110 "-" "Apache/2.4.68 (Ubuntu) OpenSSL/3.0.19 (internal dummy connection)"
2001:288:a201::66:125 - - [26/Aug/2026:21:05:33 +0800] "GET /blog/active.php HTTP/1.1" 301 1026 "-" "-"
34.123.149.87 - - [26/Aug/2026:21:05:32 +0800] "GET /6428/wp-json/oembed/1.0/embed?url=https://2blog.ilc.edu.tw/6428/2016/11/16/3-3%25e6%25a0%25a1%25e5%259c%2592%25e7%25b6%25a0%25e7%25be%258e%25e5%258c%2596/ HTTP/1.1" 200 8184 "-" "Mozilla/5.0 (Macintosh; Intel Mac OS X 10_15_7) AppleWebKit/537.36 (KHTML, like Gecko) Chrome/120.0.0.0 Safari/537.36"
2001:288:a201::66:125 - - [26/Aug/2026:21:05:33 +0800] "GET /blog/active.php HTTP/1.1" 404 1084 "-" "-"
2001:b011:7801:d681:e28f:3fcc:4b29:1e0f - - [26/Aug/2026:21:05:33 +0800] "-" 408 4794 "-" "-"
66.249.71.9 - - [26/Aug/2026:21:05:32 +0800] "GET /wp-login.php?action=ilc_logout&_wpnonce=43754d0aad&redirect_to=//aladea.ru/join/9428/ HTTP/1.1" 302 8236 "-" "Mozilla/5.0 (Linux; Android 6.0.1; Nexus 5X Build/MMB29P) AppleWebKit/537.36 (KHTML, like Gecko) Chrome/151.0.7922.173 Mobile Safari/537.36 (compatible; Googlebot/2.1; +http://www.google.com/bot.html)"
54.84.250.51 - - [26/Aug/2026:21:05:34 +0800] "GET /32745/wp-json/oembed/1.0/embed?url=https://2blog.ilc.edu.tw/32745/2022/03/31/%25e8%2590%25ac%25e9%2587%258c%25e6%258f%25a3%25e5%25aa%25bd%25e5%2592%25aa/ HTTP/1.1" 200 8534 "-" "Mozilla/5.0 AppleWebKit/537.36 (KHTML, like Gecko; compatible; Amazonbot/0.1; +https://developer.amazon.com/support/amazonbot) Chrome/119.0.6045.214 Safari/537.36"
2001:4860:7:b10::f9 - - [26/Aug/2026:21:05:34 +0800] "GET / HTTP/1.1" 200 19321 "https://www.google.com/" "Mozilla/5.0 (Linux; Android 10; K) AppleWebKit/537.36 (KHTML, like Gecko) Chrome/151.0.0.0 Mobile Safari/537.36"
216.73.217.64 - - [26/Aug/2026:21:05:34 +0800] "GET /4950/page/25/ HTTP/1.1" 200 35957 "-" "Mozilla/5.0 AppleWebKit/537.36 (KHTML, like Gecko; compatible; ClaudeBot/1.0; +claudebot@anthropic.com)"
66.249.79.163 - - [26/Aug/2026:21:05:34 +0800] "GET /kses115101/wp-content/themes/sketch/js/skip-link-focus-fix.js HTTP/1.1" 200 5994 "https://2blog.ilc.edu.tw/kses115101/sample-page/" "Mozilla/5.0 (Linux; Android 6.0.1; Nexus 5X Build/MMB29P) AppleWebKit/537.36 (KHTML, like Gecko) Chrome/151.0.7922.173 Mobile Safari/537.36 (compatible; Googlebot/2.1; +http://www.google.com/bot.html)"
140.111.67.10 - - [26/Aug/2026:21:05:35 +0800] "GET /" 301 273 "-" "-"
66.249.79.163 - - [26/Aug/2026:21:05:35 +0800] "GET /kses115101/wp-includes/js/admin-bar.min.js HTTP/1.1" 200 2237 "https://2blog.ilc.edu.tw/kses115101/sample-page/" "Mozilla/5.0 (Linux; Android 6.0.1; Nexus 5X Build/MMB29P) AppleWebKit/537.36 (KHTML, like Gecko) Chrome/151.0.7922.173 Mobile Safari/537.36 (compatible; Googlebot/2.1; +http://www.google.com/bot.html)"
2001:b011:7803:3e13:6489:3865:c2ad:aa17 - - [26/Aug/2026:21:05:36 +0800] "-" 408 4801 "-" "-"
::1 - - [26/Aug/2026:21:05:36 +0800] "OPTIONS * HTTP/1.0" 200 110 "-" "Apache/2.4.68 (Ubuntu) OpenSSL/3.0.19 (internal dummy connection)"
2001:288:a201::66:125 - - [26/Aug/2026:21:05:38 +0800] "GET /blog/active.php HTTP/1.1" 301 1026 "-" "-"
140.111.67.195 - - [26/Aug/2026:21:05:37 +0800] "GET /wp-admin/admin-post.php?action=steps_ad HTTP/1.1" 200 1973 "-" "node-fetch/1.0 (+https://github.com/bitinn/node-fetch)"
2001:288:a201::66:125 - - [26/Aug/2026:21:05:38 +0800] "GET /blog/active.php HTTP/1.1" 404 1084 "-" "-"
54.89.90.224 - - [26/Aug/2026:21:05:38 +0800] "GET /amy6998/wp-json/wp/v2/posts/20919/revisions HTTP/1.1" 401 6200 "-" "Mozilla/5.0 AppleWebKit/537.36 (KHTML, like Gecko; compatible; Amazonbot/0.1; +https://developer.amazon.com/support/amazonbot) Chrome/119.0.6045.214 Safari/537.36"
::1 - - [26/Aug/2026:21:05:38 +0800] "OPTIONS * HTTP/1.0" 200 110 "-" "Apache/2.4.68 (Ubuntu) OpenSSL/3.0.19 (internal dummy connection)"
34.10.180.98 - - [26/Aug/2026:21:05:39 +0800] "GET /category/c-8678/page/15/ HTTP/1.1" 200 23961 "-" "Mozilla/5.0 (Macintosh; Intel Mac OS X 10_15_7) AppleWebKit/537.36 (KHTML, like Gecko) Chrome/120.0.0.0 Safari/537.36"
140.111.67.195 - - [26/Aug/2026:21:05:39 +0800] "GET /wp-admin/admin-post.php?action=steps_ad HTTP/1.1" 200 1649 "-" "node-fetch/1.0 (+https://github.com/bitinn/node-fetch)"
140.111.67.10 - - [26/Aug/2026:21:05:40 +0800] "GET /" 301 273 "-" "-"
::1 - - [26/Aug/2026:21:05:40 +0800] "OPTIONS * HTTP/1.0" 200 110 "-" "Apache/2.4.68 (Ubuntu) OpenSSL/3.0.19 (internal dummy connection)"
142.250.32.33 - - [26/Aug/2026:21:05:41 +0800] "GET /blog/gallery/21570/21570-1322694.jpg HTTP/1.1" 404 25463 "-" "Mozilla/5.0 (Windows NT 5.1; rv:11.0) Gecko Firefox/11.0 (via ggpht.com GoogleImageProxy)"
111.241.206.99 - - [26/Aug/2026:21:05:41 +0800] "GET /2528/wp-content/uploads/sites/471/2023/11/20230813_180602-1024x768.jpg HTTP/1.1" 200 226176 "https://2blog.ilc.edu.tw/2528/page/2/" "Mozilla/5.0 (Windows NT 10.0; Win64; x64) AppleWebKit/537.36 (KHTML, like Gecko) Chrome/151.0.0.0 Safari/537.36"
111.241.206.99 - - [26/Aug/2026:21:05:41 +0800] "GET /2528/wp-content/uploads/sites/471/2023/11/20230814_150137-1152x1536.jpg HTTP/1.1" 200 658922 "https://2blog.ilc.edu.tw/2528/page/2/" "Mozilla/5.0 (Windows NT 10.0; Win64; x64) AppleWebKit/537.36 (KHTML, like Gecko) Chrome/151.0.0.0 Safari/537.36"
111.241.206.99 - - [26/Aug/2026:21:05:41 +0800] "GET /2528/wp-content/uploads/sites/471/2023/11/20230814_152458-1152x1536.jpg HTTP/1.1" 200 387966 "https://2blog.ilc.edu.tw/2528/page/2/" "Mozilla/5.0 (Windows NT 10.0; Win64; x64) AppleWebKit/537.36 (KHTML, like Gecko) Chrome/151.0.0.0 Safari/537.36"
111.241.206.99 - - [26/Aug/2026:21:05:41 +0800] "GET /2528/wp-content/uploads/sites/471/2023/11/20230814_162026-1152x1536.jpg HTTP/1.1" 200 495570 "https://2blog.ilc.edu.tw/2528/page/2/" "Mozilla/5.0 (Windows NT 10.0; Win64; x64) AppleWebKit/537.36 (KHTML, like Gecko) Chrome/151.0.0.0 Safari/537.36"
111.241.206.99 - - [26/Aug/2026:21:05:42 +0800] "GET /2528/wp-content/uploads/sites/471/2023/11/20230814_164042-1152x1536.jpg HTTP/1.1" 200 339138 "https://2blog.ilc.edu.tw/2528/page/2/" "Mozilla/5.0 (Windows NT 10.0; Win64; x64) AppleWebKit/537.36 (KHTML, like Gecko) Chrome/151.0.0.0 Safari/537.36"
111.241.206.99 - - [26/Aug/2026:21:05:42 +0800] "GET /2528/wp-content/uploads/sites/471/2023/11/IMG_3848-1024x1536.jpg HTTP/1.1" 200 332757 "https://2blog.ilc.edu.tw/2528/page/2/" "Mozilla/5.0 (Windows NT 10.0; Win64; x64) AppleWebKit/537.36 (KHTML, like Gecko) Chrome/151.0.0.0 Safari/537.36"
111.241.252.3 - - [26/Aug/2026:21:05:42 +0800] "GET /wp-content/themes/oceanwp/assets/fonts/fontawesome/webfonts/fa-solid-900.woff2 HTTP/1.1" 200 151585 "https://www.fsjh.ilc.edu.tw/wp-content/cache/www.fsjh.ilc.edu.tw/wpfc-minified/lm0klrml/6wah.css" "Mozilla/5.0 (Windows NT 10.0; Win64; x64) AppleWebKit/537.36 (KHTML, like Gecko) Chrome/151.0.0.0 Safari/537.36"
111.241.206.99 - - [26/Aug/2026:21:05:42 +0800] "GET /2528/wp-content/uploads/sites/471/2023/11/20230816_153759-1024x768.jpg HTTP/1.1" 200 243314 "https://2blog.ilc.edu.tw/2528/page/2/" "Mozilla/5.0 (Windows NT 10.0; Win64; x64) AppleWebKit/537.36 (KHTML, like Gecko) Chrome/151.0.0.0 Safari/537.36"
111.241.206.99 - - [26/Aug/2026:21:05:43 +0800] "GET /2528/wp-content/uploads/sites/471/2023/11/20230817_082824-1024x768.jpg HTTP/1.1" 200 244090 "https://2blog.ilc.edu.tw/2528/page/2/" "Mozilla/5.0 (Windows NT 10.0; Win64; x64) AppleWebKit/537.36 (KHTML, like Gecko) Chrome/151.0.0.0 Safari/537.36"
2001:288:a201::66:125 - - [26/Aug/2026:21:05:43 +0800] "GET /blog/active.php HTTP/1.1" 301 1026 "-" "-"
2001:288:a201::66:125 - - [26/Aug/2026:21:05:43 +0800] "GET /blog/active.php HTTP/1.1" 404 1084 "-" "-"
111.241.206.99 - - [26/Aug/2026:21:05:43 +0800] "GET /2528/wp-content/uploads/sites/471/2023/11/20230816_145530-1152x1536.jpg HTTP/1.1" 200 379025 "https://2blog.ilc.edu.tw/2528/page/2/" "Mozilla/5.0 (Windows NT 10.0; Win64; x64) AppleWebKit/537.36 (KHTML, like Gecko) Chrome/151.0.0.0 Safari/537.36"
111.241.206.99 - - [26/Aug/2026:21:05:43 +0800] "GET /2528/wp-content/uploads/sites/471/2023/11/20230813_174120-1024x768.jpg HTTP/1.1" 200 268043 "https://2blog.ilc.edu.tw/2528/page/2/" "Mozilla/5.0 (Windows NT 10.0; Win64; x64) AppleWebKit/537.36 (KHTML, like Gecko) Chrome/151.0.0.0 Safari/537.36"
34.123.149.87 - - [26/Aug/2026:21:05:43 +0800] "GET /6030/2014/04/25/3-4-1_102%E6%BE%B3%E8%8A%B1%E5%9C%8B%E5%B0%8F%E9%96%B1%E8%AE%80%E7%A8%AE%E5%AD%90%E5%BF%97%E5%B7%A5%E6%9C%9F%E4%B8%AD%E6%9C%83%E8%AD%B0/ HTTP/1.1" 200 15060 "-" "Mozilla/5.0 (Macintosh; Intel Mac OS X 10_15_7) AppleWebKit/537.36 (KHTML, like Gecko) Chrome/120.0.0.0 Safari/537.36"
216.73.217.64 - - [26/Aug/2026:21:05:43 +0800] "GET /32745/page/77/ HTTP/1.1" 200 91256 "-" "Mozilla/5.0 AppleWebKit/537.36 (KHTML, like Gecko; compatible; ClaudeBot/1.0; +claudebot@anthropic.com)"
34.10.180.98 - - [26/Aug/2026:21:05:44 +0800] "GET /32745/2023/01/24/%E7%A5%9D%E8%B3%80%E6%96%B0%E5%B9%B4/ HTTP/1.1" 200 92154 "-" "Mozilla/5.0 (Macintosh; Intel Mac OS X 10_15_7) AppleWebKit/537.36 (KHTML, like Gecko) Chrome/120.0.0.0 Safari/537.36"
111.241.206.99 - - [26/Aug/2026:21:05:45 +0800] "GET /2528/wp-content/uploads/sites/471/2023/11/mapimage-1024x687.jpg HTTP/1.1" 200 148665 "https://2blog.ilc.edu.tw/2528/page/2/" "Mozilla/5.0 (Windows NT 10.0; Win64; x64) AppleWebKit/537.36 (KHTML, like Gecko) Chrome/151.0.0.0 Safari/537.36"
66.249.71.9 - - [26/Aug/2026:21:05:43 +0800] "GET /wp-login.php?action=ilc_logout&_wpnonce=43754d0aad&redirect_to=//hldosaaf.ru/join/44564/ HTTP/1.1" 302 8239 "-" "Mozilla/5.0 (Linux; Android 6.0.1; Nexus 5X Build/MMB29P) AppleWebKit/537.36 (KHTML, like Gecko) Chrome/151.0.7922.173 Mobile Safari/537.36 (compatible; Googlebot/2.1; +http://www.google.com/bot.html)"
140.111.67.10 - - [26/Aug/2026:21:05:45 +0800] "GET /" 301 273 "-" "-"
40.77.167.28 - - [26/Aug/2026:21:05:45 +0800] "GET /1003/?s=constant+hazard+allocation%E6%98%AF%E6%8C%87%E4%BB%80%E4%B9%88 HTTP/1.1" 200 13798 "-" "Mozilla/5.0 AppleWebKit/537.36 (KHTML, like Gecko; compatible; bingbot/2.0; +http://www.bing.com/bingbot.htm) Chrome/116.0.1938.76 Safari/537.36"
111.241.206.99 - - [26/Aug/2026:21:05:45 +0800] "GET /2528/wp-content/uploads/sites/471/2023/11/20231114_132843_%E5%89%AF%E6%9C%AC-1024x768.jpg HTTP/1.1" 200 270492 "https://2blog.ilc.edu.tw/2528/page/2/" "Mozilla/5.0 (Windows NT 10.0; Win64; x64) AppleWebKit/537.36 (KHTML, like Gecko) Chrome/151.0.0.0 Safari/537.36"
111.241.206.99 - - [26/Aug/2026:21:05:45 +0800] "GET /2528/wp-content/uploads/sites/471/2023/11/20231114_133343_%E5%89%AF%E6%9C%AC-1152x1536.jpg HTTP/1.1" 200 259830 "https://2blog.ilc.edu.tw/2528/page/2/" "Mozilla/5.0 (Windows NT 10.0; Win64; x64) AppleWebKit/537.36 (KHTML, like Gecko) Chrome/151.0.0.0 Safari/537.36"
34.233.114.237 - - [26/Aug/2026:21:05:46 +0800] "GET /6450/2013/11/07/102%E5%B9%B4%E5%BA%A6-%E8%A1%8C%E6%94%BF%E8%88%87%E7%AE%A1%E7%90%86-%E7%92%B0%E5%A2%83%E6%95%99%E8%82%B2%E4%B8%89%E5%B9%B4%E8%A8%88%E7%95%AB/embed/ HTTP/1.1" 200 12604 "-" "Mozilla/5.0 AppleWebKit/537.36 (KHTML, like Gecko; compatible; Amazonbot/0.1; +https://developer.amazon.com/support/amazonbot) Chrome/119.0.6045.214 Safari/537.36"
34.194.233.48 - - [26/Aug/2026:21:05:47 +0800] "GET /wp-content/uploads/sites/3265/2021/09/?C=D;O%3DD HTTP/1.1" 200 1115 "-" "Mozilla/5.0 AppleWebKit/537.36 (KHTML, like Gecko; compatible; Amazonbot/0.1; +https://developer.amazon.com/support/amazonbot) Chrome/119.0.6045.214 Safari/537.36"
2001:288:a201::66:125 - - [26/Aug/2026:21:05:48 +0800] "GET /blog/active.php HTTP/1.1" 301 1026 "-" "-"
2001:288:a201::66:125 - - [26/Aug/2026:21:05:48 +0800] "GET /blog/active.php HTTP/1.1" 404 1084 "-" "-"
128.241.76.248 - - [26/Aug/2026:21:05:47 +0800] "GET /wp-content/uploads/sites/1724/2114/2114-3839116.pdf HTTP/1.1" 200 785750 "-" "Mozilla/5.0 (Windows NT 10.0; Win64; x64) AppleWebKit/537.36 (KHTML, like Gecko) Chrome/149.0.0.0 Safari/537.36"
34.30.223.149 - - [26/Aug/2026:21:05:48 +0800] "GET /6514/wp-json/wp/v2/posts/19655 HTTP/1.1" 200 23554 "-" "Mozilla/5.0 (Macintosh; Intel Mac OS X 10_15_7) AppleWebKit/537.36 (KHTML, like Gecko) Chrome/120.0.0.0 Safari/537.36"
66.249.68.97 - - [26/Aug/2026:21:05:49 +0800] "GET /page/254/ HTTP/1.1" 200 16905 "-" "Mozilla/5.0 (Linux; Android 6.0.1; Nexus 5X Build/MMB29P) AppleWebKit/537.36 (KHTML, like Gecko) Chrome/151.0.7922.173 Mobile Safari/537.36 (compatible; Googlebot/2.1; +http://www.google.com/bot.html)"
140.111.67.195 - - [26/Aug/2026:21:05:49 +0800] "GET /wp-admin/admin-post.php?action=steps_ad HTTP/1.1" 200 1973 "-" "node-fetch/1.0 (+https://github.com/bitinn/node-fetch)"
140.111.67.10 - - [26/Aug/2026:21:05:50 +0800] "GET /" 301 273 "-" "-"
35.170.205.140 - - [26/Aug/2026:21:05:51 +0800] "GET /wp-content/uploads/sites/2995/2020/?C=M;O%3DD HTTP/1.1" 200 1150 "-" "Mozilla/5.0 AppleWebKit/537.36 (KHTML, like Gecko; compatible; Amazonbot/0.1; +https://developer.amazon.com/support/amazonbot) Chrome/119.0.6045.214 Safari/537.36"
2001:288:a201::66:125 - - [26/Aug/2026:21:05:53 +0800] "GET /blog/active.php HTTP/1.1" 301 1026 "-" "-"
66.249.79.163 - - [26/Aug/2026:21:05:52 +0800] "GET /26151/2022/03/15/ HTTP/1.1" 200 21268 "-" "Mozilla/5.0 (Linux; Android 6.0.1; Nexus 5X Build/MMB29P) AppleWebKit/537.36 (KHTML, like Gecko) Chrome/151.0.7922.173 Mobile Safari/537.36 (compatible; Googlebot/2.1; +http://www.google.com/bot.html)"
2001:288:a201::66:125 - - [26/Aug/2026:21:05:53 +0800] "GET /blog/active.php HTTP/1.1" 404 1084 "-" "-"
111.241.206.99 - - [26/Aug/2026:21:05:53 +0800] "GET /2528/2023/11/16/%e8%98%ad%e5%9f%8e%e7%9f%b3%e6%95%a2%e7%95%b6%e5%a3%af%e5%9c%8d%e7%9f%b3%e6%95%a2%e7%95%b6%e5%b7%a1%e7%a6%ae/ HTTP/1.1" 200 12404 "https://2blog.ilc.edu.tw/2528/page/2/" "Mozilla/5.0 (Windows NT 10.0; Win64; x64) AppleWebKit/537.36 (KHTML, like Gecko) Chrome/151.0.0.0 Safari/537.36"
111.241.206.99 - - [26/Aug/2026:21:05:53 +0800] "GET /2528/wp-content/uploads/sites/471/2023/11/20231114_140303_%E5%89%AF%E6%9C%AC-scaled.jpg HTTP/1.1" 200 1307723 "https://2blog.ilc.edu.tw/2528/2023/11/16/%e8%98%ad%e5%9f%8e%e7%9f%b3%e6%95%a2%e7%95%b6%e5%a3%af%e5%9c%8d%e7%9f%b3%e6%95%a2%e7%95%b6%e5%b7%a1%e7%a6%ae/" "Mozilla/5.0 (Windows NT 10.0; Win64; x64) AppleWebKit/537.36 (KHTML, like Gecko) Chrome/151.0.0.0 Safari/537.36"
