61.61.220.191 - - [26/Aug/2026:21:02:41 +0800] "GET /wp-content/uploads/sites/1252/2026/05/Gemini_Generated_Image_812m7c812m7c812m.png HTTP/1.1" 200 2169258 "https://www.dsjh.ilc.edu.tw/wp-content/uploads/sites/1252/elementor/css/post-277.css" "Mozilla/5.0 (Linux; Android 10; K) AppleWebKit/537.36 (KHTML, like Gecko) Chrome/151.0.0.0 Mobile Safari/537.36"
61.61.220.191 - - [26/Aug/2026:21:02:41 +0800] "GET /wp-content/uploads/sites/1252/2026/04/Gemini_Generated_Image_ykaxs2ykaxs2ykax.png HTTP/1.1" 200 2554966 "https://www.dsjh.ilc.edu.tw/wp-content/uploads/sites/1252/elementor/css/post-277.css" "Mozilla/5.0 (Linux; Android 10; K) AppleWebKit/537.36 (KHTML, like Gecko) Chrome/151.0.0.0 Mobile Safari/537.36"
61.61.220.191 - - [26/Aug/2026:21:02:41 +0800] "GET /wp-content/uploads/sites/1252/2026/04/Gemini_Generated_Image_9pk7ix9pk7ix9pk7.png HTTP/1.1" 200 2370453 "https://www.dsjh.ilc.edu.tw/wp-content/uploads/sites/1252/elementor/css/post-277.css" "Mozilla/5.0 (Linux; Android 10; K) AppleWebKit/537.36 (KHTML, like Gecko) Chrome/151.0.0.0 Mobile Safari/537.36"
111.241.206.99 - - [26/Aug/2026:21:02:42 +0800] "GET /2528/wp-content/uploads/sites/471/2024/03/20230227_1907503-1024x550.jpg HTTP/1.1" 200 105498 "https://2blog.ilc.edu.tw/2528/" "Mozilla/5.0 (Windows NT 10.0; Win64; x64) AppleWebKit/537.36 (KHTML, like Gecko) Chrome/151.0.0.0 Safari/537.36"
2001:288:a201::66:125 - - [26/Aug/2026:21:02:43 +0800] "GET /blog/active.php HTTP/1.1" 301 1026 "-" "-"
2001:288:a201::66:125 - - [26/Aug/2026:21:02:43 +0800] "GET /blog/active.php HTTP/1.1" 404 1084 "-" "-"
3.224.104.67 - - [26/Aug/2026:21:02:43 +0800] "GET /wp-content/uploads/sites/2827/6513/6513-2776477.jpg HTTP/1.1" 200 15070 "-" "Mozilla/5.0 AppleWebKit/537.36 (KHTML, like Gecko; compatible; Amazonbot/0.1; +https://developer.amazon.com/support/amazonbot) Chrome/119.0.6045.214 Safari/537.36"
140.111.67.10 - - [26/Aug/2026:21:02:45 +0800] "GET /" 301 273 "-" "-"
::1 - - [26/Aug/2026:21:02:45 +0800] "OPTIONS * HTTP/1.0" 200 110 "-" "Apache/2.4.68 (Ubuntu) OpenSSL/3.0.19 (internal dummy connection)"
34.30.223.149 - - [26/Aug/2026:21:02:45 +0800] "GET /2009/10/26/%E6%AD%B7%E5%B1%86%E7%8F%AD%E7%B4%9A/ HTTP/1.1" 200 30092 "-" "Mozilla/5.0 (Macintosh; Intel Mac OS X 10_15_7) AppleWebKit/537.36 (KHTML, like Gecko) Chrome/120.0.0.0 Safari/537.36"
::1 - - [26/Aug/2026:21:02:46 +0800] "OPTIONS * HTTP/1.0" 200 110 "-" "Apache/2.4.68 (Ubuntu) OpenSSL/3.0.19 (internal dummy connection)"
66.249.79.137 - - [26/Aug/2026:21:02:45 +0800] "GET /wp-login.php?action=ilc_logout&_wpnonce=43754d0aad&redirect_to=//artkust.ru/join/22704/ HTTP/1.1" 302 8238 "-" "Mozilla/5.0 (compatible; Googlebot/2.1; +http://www.google.com/bot.html)"
::1 - - [26/Aug/2026:21:02:47 +0800] "OPTIONS * HTTP/1.0" 200 110 "-" "Apache/2.4.68 (Ubuntu) OpenSSL/3.0.19 (internal dummy connection)"
2001:288:a201::66:125 - - [26/Aug/2026:21:02:48 +0800] "GET /blog/active.php HTTP/1.1" 301 1026 "-" "-"
2001:288:a201::66:125 - - [26/Aug/2026:21:02:48 +0800] "GET /blog/active.php HTTP/1.1" 404 1084 "-" "-"
::1 - - [26/Aug/2026:21:02:48 +0800] "OPTIONS * HTTP/1.0" 200 110 "-" "Apache/2.4.68 (Ubuntu) OpenSSL/3.0.19 (internal dummy connection)"
34.56.53.225 - - [26/Aug/2026:21:02:49 +0800] "GET /6573/2014/11/26/103%E5%B9%B4%E7%92%B0%E4%BF%9D%E8%80%83%E8%A9%95%E8%87%AA%E8%A9%95%E8%A1%A8-%E5%AD%B8%E6%A0%A1%E5%AF%A6%E6%96%BD%E7%92%B0%E5%A2%83%E6%95%99%E8%82%B2%E7%9A%84%E5%9B%B0%E9%9B%A3%E3%80%81/ HTTP/1.1" 200 14648 "-" "Mozilla/5.0 (Macintosh; Intel Mac OS X 10_15_7) AppleWebKit/537.36 (KHTML, like Gecko) Chrome/120.0.0.0 Safari/537.36"
::1 - - [26/Aug/2026:21:02:49 +0800] "OPTIONS * HTTP/1.0" 200 110 "-" "Apache/2.4.68 (Ubuntu) OpenSSL/3.0.19 (internal dummy connection)"
66.249.79.163 - - [26/Aug/2026:21:02:47 +0800] "GET /technology/2017/07/27/ HTTP/1.1" 200 21140 "-" "Mozilla/5.0 (Linux; Android 6.0.1; Nexus 5X Build/MMB29P) AppleWebKit/537.36 (KHTML, like Gecko) Chrome/151.0.7922.173 Mobile Safari/537.36 (compatible; Googlebot/2.1; +http://www.google.com/bot.html)"
111.241.206.99 - - [26/Aug/2026:21:02:50 +0800] "GET /2528/wp-content/uploads/sites/471/2024/03/20240229_130451-EDIT-1024x768.jpg HTTP/1.1" 200 166738 "https://2blog.ilc.edu.tw/2528/" "Mozilla/5.0 (Windows NT 10.0; Win64; x64) AppleWebKit/537.36 (KHTML, like Gecko) Chrome/151.0.0.0 Safari/537.36"
140.111.67.10 - - [26/Aug/2026:21:02:50 +0800] "GET /" 301 273 "-" "-"
::1 - - [26/Aug/2026:21:02:50 +0800] "OPTIONS * HTTP/1.0" 200 110 "-" "Apache/2.4.68 (Ubuntu) OpenSSL/3.0.19 (internal dummy connection)"
111.241.206.99 - - [26/Aug/2026:21:02:50 +0800] "GET /2528/wp-content/uploads/sites/471/2024/03/IMG_7230_%E5%89%AF%E6%9C%AC_%E5%89%AF%E6%9C%AC_%E5%89%AF%E6%9C%AC-1024x640.jpg HTTP/1.1" 200 145818 "https://2blog.ilc.edu.tw/2528/" "Mozilla/5.0 (Windows NT 10.0; Win64; x64) AppleWebKit/537.36 (KHTML, like Gecko) Chrome/151.0.0.0 Safari/537.36"
::1 - - [26/Aug/2026:21:02:51 +0800] "OPTIONS * HTTP/1.0" 200 110 "-" "Apache/2.4.68 (Ubuntu) OpenSSL/3.0.19 (internal dummy connection)"
66.249.71.9 - - [26/Aug/2026:21:02:50 +0800] "GET /wp-login.php?action=ilc_logout&_wpnonce=43754d0aad&redirect_to=//akmovent.ru/job/10578/ HTTP/1.1" 302 8238 "-" "Mozilla/5.0 (compatible; Googlebot/2.1; +http://www.google.com/bot.html)"
2401:e180:88b1:9fbe:400a:d42c:aa91:a654 - - [26/Aug/2026:21:02:51 +0800] "GET /wp-content/uploads/sites/893/1279/1279-3544480.png HTTP/1.1" 200 116171 "https://www.google.com/" "Mozilla/5.0 (Linux; Android 16; SM-A1760 Build/BP2A.250605.031.A3; wv) AppleWebKit/537.36 (KHTML, like Gecko) Version/4.0 Chrome/150.0.7871.181 Mobile Safari/537.36 GoogleApp/17.44.15.ve.arm64"
111.241.206.99 - - [26/Aug/2026:21:02:52 +0800] "GET /2528/wp-content/uploads/sites/471/2024/03/NeoImage_%E5%89%AF%E6%9C%AC-1024x819.jpg HTTP/1.1" 200 192596 "https://2blog.ilc.edu.tw/2528/" "Mozilla/5.0 (Windows NT 10.0; Win64; x64) AppleWebKit/537.36 (KHTML, like Gecko) Chrome/151.0.0.0 Safari/537.36"
2001:288:a201::66:125 - - [26/Aug/2026:21:02:53 +0800] "GET /blog/active.php HTTP/1.1" 301 1026 "-" "-"
2001:288:a201::66:125 - - [26/Aug/2026:21:02:53 +0800] "GET /blog/active.php HTTP/1.1" 404 1084 "-" "-"
198.46.154.22 - - [26/Aug/2026:21:02:50 +0800] "GET /wp-content/uploads/sites/1317/2025/12/%E6%A0%A1%E5%88%8A%E6%A8%A1%E6%9D%BF-%E4%B8%80%E5%BF%A0_compressed-2.pdf HTTP/1.1" 200 3393282 "-" "Mozilla/5.0 (Windows NT 6.1; Win64; x64) AppleWebKit/537.36 (KHTML, like Gecko) Chrome/46.0.2490.22 Safari/537.36"
140.111.67.195 - - [26/Aug/2026:21:02:54 +0800] "GET /wp-admin/admin-post.php?action=steps_ad HTTP/1.1" 200 6425 "-" "node-fetch/1.0 (+https://github.com/bitinn/node-fetch)"
66.249.79.137 - - [26/Aug/2026:21:02:52 +0800] "GET /wp-login.php?action=ilc_logout&_wpnonce=43754d0aad&redirect_to=//health2beauty.ru/job/53167/ HTTP/1.1" 302 8243 "-" "Mozilla/5.0 (compatible; Googlebot/2.1; +http://www.google.com/bot.html)"
66.249.68.37 - - [26/Aug/2026:21:02:54 +0800] "GET /box/reader.asp HTTP/1.1" 404 44290 "-" "Mozilla/5.0 (Linux; Android 6.0.1; Nexus 5X Build/MMB29P) AppleWebKit/537.36 (KHTML, like Gecko) Chrome/151.0.7922.173 Mobile Safari/537.36 (compatible; Googlebot/2.1; +http://www.google.com/bot.html)"
140.111.67.10 - - [26/Aug/2026:21:02:55 +0800] "GET /" 301 273 "-" "-"
66.249.71.37 - - [26/Aug/2026:21:02:56 +0800] "GET /technology/wp-content/cache/2blog.ilc.edu.tw/wpfc-minified/faimvau/5wohy.css HTTP/1.1" 200 137688 "https://2blog.ilc.edu.tw/technology/2017/07/27/" "Mozilla/5.0 (Linux; Android 6.0.1; Nexus 5X Build/MMB29P) AppleWebKit/537.36 (KHTML, like Gecko) Chrome/151.0.7922.173 Mobile Safari/537.36 (compatible; Googlebot/2.1; +http://www.google.com/bot.html)"
140.111.67.195 - - [26/Aug/2026:21:02:56 +0800] "GET /wp-admin/admin-post.php?action=steps_ad HTTP/1.1" 200 1649 "-" "node-fetch/1.0 (+https://github.com/bitinn/node-fetch)"
49.158.155.150 - - [26/Aug/2026:21:02:56 +0800] "GET /wp-content/uploads/sites/3846/2026/08/%E8%BE%B2%E6%A5%AD%E9%83%A8%E5%BB%A3%E5%91%8A.jpg HTTP/1.1" 304 5581 "https://it.ilc.edu.tw/" "Mozilla/5.0 (iPhone; CPU iPhone OS 26_6_0 like Mac OS X) AppleWebKit/605.1.15 (KHTML, like Gecko) CriOS/151.0.7922.112 Mobile/15E148 Safari/604.1"
2001:288:a201::66:125 - - [26/Aug/2026:21:02:58 +0800] "GET /blog/active.php HTTP/1.1" 301 1026 "-" "-"
2001:288:a201::66:125 - - [26/Aug/2026:21:02:58 +0800] "GET /blog/active.php HTTP/1.1" 404 1084 "-" "-"
54.85.109.140 - - [26/Aug/2026:21:02:58 +0800] "GET /32745/2021/10/01/%E9%98%AE%E6%98%AF%E8%80%81%E9%98%BF%E4%BC%AF/embed/ HTTP/1.1" 200 12852 "-" "Mozilla/5.0 AppleWebKit/537.36 (KHTML, like Gecko; compatible; Amazonbot/0.1; +https://developer.amazon.com/support/amazonbot) Chrome/119.0.6045.214 Safari/537.36"
85.208.96.197 - - [26/Aug/2026:21:02:59 +0800] "GET /39664/2023/10/20/114g5md05-1/114g5%E5%AA%92%E8%A8%AD_%E4%BA%A4%E6%B5%81%E5%BE%BD%E7%AB%A0%E8%A8%AD%E8%A8%88_blog_08/ HTTP/1.1" 200 16952 "-" "Mozilla/5.0 (compatible; SemrushBot/7~bl; +http://www.semrush.com/bot.html)"
2001:b400:e2f0:3b3b:93a2:5fa0:8949:5319 - - [26/Aug/2026:21:03:00 +0800] "GET /wp-content/uploads/sites/2666/2020/10/cropped-040628%E5%BE%A9%E8%88%88%E5%9C%8B%E4%B8%ADlogo-only-FSblue-2.gif HTTP/1.1" 200 16142 "https://myactivity.google.com/" "Mozilla/5.0 (Linux; Android 10; K) AppleWebKit/537.36 (KHTML, like Gecko) Chrome/151.0.0.0 Mobile Safari/537.36"
140.111.67.10 - - [26/Aug/2026:21:03:00 +0800] "GET /" 301 273 "-" "-"
::1 - - [26/Aug/2026:21:03:00 +0800] "OPTIONS * HTTP/1.0" 200 110 "-" "Apache/2.4.68 (Ubuntu) OpenSSL/3.0.19 (internal dummy connection)"
::1 - - [26/Aug/2026:21:03:01 +0800] "OPTIONS * HTTP/1.0" 200 110 "-" "Apache/2.4.68 (Ubuntu) OpenSSL/3.0.19 (internal dummy connection)"
44.196.118.6 - - [26/Aug/2026:21:03:02 +0800] "GET /7986/wp-content/uploads/sites/1621/2021/10/u4e94/u5fe0/u5bb6/u8a2a/u8abf/u67e5/u8868.pdf HTTP/1.1" 500 6121 "-" "Mozilla/5.0 AppleWebKit/537.36 (KHTML, like Gecko; compatible; Amazonbot/0.1; +https://developer.amazon.com/support/amazonbot) Chrome/119.0.6045.214 Safari/537.36"
::1 - - [26/Aug/2026:21:03:02 +0800] "OPTIONS * HTTP/1.0" 200 110 "-" "Apache/2.4.68 (Ubuntu) OpenSSL/3.0.19 (internal dummy connection)"
2001:288:a201::66:125 - - [26/Aug/2026:21:03:03 +0800] "GET /blog/active.php HTTP/1.1" 301 1026 "-" "-"
2001:288:a201::66:125 - - [26/Aug/2026:21:03:03 +0800] "GET /blog/active.php HTTP/1.1" 404 1084 "-" "-"
44.207.252.58 - - [26/Aug/2026:21:03:03 +0800] "GET /wp-content/uploads/sites/2518/6572/6572-3261740.jpg HTTP/1.1" 200 37712 "-" "Mozilla/5.0 AppleWebKit/537.36 (KHTML, like Gecko; compatible; Amazonbot/0.1; +https://developer.amazon.com/support/amazonbot) Chrome/119.0.6045.214 Safari/537.36"
87.56.9.191 - - [26/Aug/2026:21:03:03 +0800] "GET /wp-content/uploads/sites/2144/4452/4452-3512959.jpg HTTP/1.1" 200 28875 "-" "Mozilla/5.0 (compatible; crawler)"
216.73.217.64 - - [26/Aug/2026:21:03:04 +0800] "GET /9536/2007/03/04/%e7%a4%be%e5%8d%80%e6%97%a5%e6%9b%86-%e6%b9%96%e5%8c%97%e7%a4%be%e5%8d%80-%e5%85%ab%e5%8d%81%e4%bd%83/ HTTP/1.1" 200 14493 "-" "Mozilla/5.0 AppleWebKit/537.36 (KHTML, like Gecko; compatible; ClaudeBot/1.0; +claudebot@anthropic.com)"
216.73.217.64 - - [26/Aug/2026:21:03:04 +0800] "GET /9536/2007/02/25/%e7%a4%be%e5%8d%80%e6%97%a5%e6%9b%86-%e5%bb%a3%e8%88%88%e7%a4%be%e5%8d%80-%e7%be%8e%e9%a3%9f%e4%b8%80%e6%a2%9d%e8%a1%97/ HTTP/1.1" 200 14591 "-" "Mozilla/5.0 AppleWebKit/537.36 (KHTML, like Gecko; compatible; ClaudeBot/1.0; +claudebot@anthropic.com)"
216.73.217.64 - - [26/Aug/2026:21:03:04 +0800] "GET /9536/2007/03/01/%e7%a4%be%e5%8d%80%e6%97%a5%e6%9b%86-%e6%b9%96%e5%8c%97%e7%a4%be%e5%8d%80-%e4%bd%8d%e7%bd%ae%e7%b0%a1%e4%bb%8b/ HTTP/1.1" 200 9600 "-" "Mozilla/5.0 AppleWebKit/537.36 (KHTML, like Gecko; compatible; ClaudeBot/1.0; +claudebot@anthropic.com)"
140.111.67.10 - - [26/Aug/2026:21:03:05 +0800] "GET /" 301 273 "-" "-"
216.73.217.64 - - [26/Aug/2026:21:03:05 +0800] "GET /9536/2007/03/13/%e7%a4%be%e5%8d%80%e6%97%a5%e6%9b%86-%e6%b9%96%e5%8c%97%e7%a4%be%e5%8d%80-%e6%b5%ae%e6%a9%8b/ HTTP/1.1" 200 9479 "-" "Mozilla/5.0 AppleWebKit/537.36 (KHTML, like Gecko; compatible; ClaudeBot/1.0; +claudebot@anthropic.com)"
::1 - - [26/Aug/2026:21:03:05 +0800] "OPTIONS * HTTP/1.0" 200 110 "-" "Apache/2.4.68 (Ubuntu) OpenSSL/3.0.19 (internal dummy connection)"
216.73.217.64 - - [26/Aug/2026:21:03:05 +0800] "GET /9536/2007/03/12/%e7%a4%be%e5%8d%80%e6%97%a5%e6%9b%86-%e6%b9%96%e5%8c%97%e7%a4%be%e5%8d%80-%e6%b2%b9%e8%bb%8a/ HTTP/1.1" 200 9296 "-" "Mozilla/5.0 AppleWebKit/537.36 (KHTML, like Gecko; compatible; ClaudeBot/1.0; +claudebot@anthropic.com)"
66.249.79.168 - - [26/Aug/2026:21:03:06 +0800] "GET /wp-content/uploads/sites/1493/3639/3639-1692756.png HTTP/1.1" 301 1135 "-" "Googlebot-Image/1.0"
34.123.149.87 - - [26/Aug/2026:21:03:06 +0800] "GET /4604/wp-json/wp/v2/posts/152 HTTP/1.1" 200 12375 "-" "Mozilla/5.0 (Macintosh; Intel Mac OS X 10_15_7) AppleWebKit/537.36 (KHTML, like Gecko) Chrome/120.0.0.0 Safari/537.36"
52.6.232.201 - - [26/Aug/2026:21:03:07 +0800] "GET /wp-content/uploads/sites/2518/6572/6572-1579202.jpg HTTP/1.1" 200 32469 "-" "Mozilla/5.0 AppleWebKit/537.36 (KHTML, like Gecko; compatible; Amazonbot/0.1; +https://developer.amazon.com/support/amazonbot) Chrome/119.0.6045.214 Safari/537.36"
66.249.79.163 - - [26/Aug/2026:21:03:07 +0800] "GET /wp-content/uploads/sites/1493/3639/3639-1692756.png HTTP/1.1" 500 6062 "-" "Googlebot-Image/1.0"
2001:288:a201::66:125 - - [26/Aug/2026:21:03:08 +0800] "GET /blog/active.php HTTP/1.1" 301 1026 "-" "-"
2001:288:a201::66:125 - - [26/Aug/2026:21:03:08 +0800] "GET /blog/active.php HTTP/1.1" 404 1084 "-" "-"
140.111.67.10 - - [26/Aug/2026:21:03:10 +0800] "GET /" 301 273 "-" "-"
2a03:b0c0:1:d0::c6d:c001 - - [26/Aug/2026:21:03:11 +0800] "\x16\x03\x01\x05\xe2\x01" 400 946 "-" "-"
2604:a880:400:d0::24f2:4001 - - [26/Aug/2026:21:03:11 +0800] "LEAKIX" 400 5755 "-" "-"
216.73.217.64 - - [26/Aug/2026:21:03:11 +0800] "GET /9536/2007/02/24/%e7%a4%be%e5%8d%80%e6%97%a5%e6%9b%86-%e5%bb%a3%e8%88%88%e7%a4%be%e5%8d%80-%e7%be%8e%e9%a3%9f%e5%98%89%e5%b9%b4%e8%8f%af/ HTTP/1.1" 200 14604 "-" "Mozilla/5.0 AppleWebKit/537.36 (KHTML, like Gecko; compatible; ClaudeBot/1.0; +claudebot@anthropic.com)"
2a03:b0c0:1:d0::c6d:c001 - - [26/Aug/2026:21:03:11 +0800] "LEAKIX" 400 946 "-" "-"
111.241.206.99 - - [26/Aug/2026:21:03:11 +0800] "GET /2528/2024/04/17/%e8%98%ad%e9%99%bd%e5%b9%b3%e5%8e%9f%e7%9a%84%e6%a9%8b/ HTTP/1.1" 200 14336 "https://2blog.ilc.edu.tw/2528/" "Mozilla/5.0 (Windows NT 10.0; Win64; x64) AppleWebKit/537.36 (KHTML, like Gecko) Chrome/151.0.0.0 Safari/537.36"
111.241.206.99 - - [26/Aug/2026:21:03:11 +0800] "GET /2528/wp-content/uploads/sites/471/2024/04/20240328_150308-EDIT_%E5%89%AF%E6%9C%AC-2000x1125.jpg HTTP/1.1" 200 270457 "https://2blog.ilc.edu.tw/2528/2024/04/17/%e8%98%ad%e9%99%bd%e5%b9%b3%e5%8e%9f%e7%9a%84%e6%a9%8b/" "Mozilla/5.0 (Windows NT 10.0; Win64; x64) AppleWebKit/537.36 (KHTML, like Gecko) Chrome/151.0.0.0 Safari/537.36"
216.73.217.64 - - [26/Aug/2026:21:03:11 +0800] "GET /9536/2007/03/11/%e7%a4%be%e5%8d%80%e6%97%a5%e6%9b%86-%e6%b9%96%e5%8c%97%e7%a4%be%e5%8d%80-%e8%88%b9%e4%bb%94%e9%a0%ad/ HTTP/1.1" 200 9656 "-" "Mozilla/5.0 AppleWebKit/537.36 (KHTML, like Gecko; compatible; ClaudeBot/1.0; +claudebot@anthropic.com)"
216.73.217.64 - - [26/Aug/2026:21:03:11 +0800] "GET /9536/2007/03/10/%e7%a4%be%e5%8d%80%e6%97%a5%e6%9b%86-%e6%b9%96%e5%8c%97%e7%a4%be%e5%8d%80-%e6%98%8e%e5%85%89%e5%af%ba/ HTTP/1.1" 200 14330 "-" "Mozilla/5.0 AppleWebKit/537.36 (KHTML, like Gecko; compatible; ClaudeBot/1.0; +claudebot@anthropic.com)"
2604:a880:400:d0::24f2:4001 - - [26/Aug/2026:21:03:11 +0800] "GET / HTTP/1.1" 200 109264 "-" "Mozilla/5.0 (l9scan/2.0.2383a37363a3a313032316a3838323a313030323; +https://leakix.net)"
111.241.206.99 - - [26/Aug/2026:21:03:11 +0800] "POST /2528/wp-json/ilc-summary/v1/popular-posts HTTP/1.1" 201 1609 "https://2blog.ilc.edu.tw/2528/2024/04/17/%e8%98%ad%e9%99%bd%e5%b9%b3%e5%8e%9f%e7%9a%84%e6%a9%8b/" "Mozilla/5.0 (Windows NT 10.0; Win64; x64) AppleWebKit/537.36 (KHTML, like Gecko) Chrome/151.0.0.0 Safari/537.36"
140.111.67.195 - - [26/Aug/2026:21:03:12 +0800] "GET /wp-admin/admin-post.php?action=steps_ad HTTP/1.1" 200 1973 "-" "node-fetch/1.0 (+https://github.com/bitinn/node-fetch)"
216.73.217.64 - - [26/Aug/2026:21:03:12 +0800] "GET /9536/2007/03/07/%e7%a4%be%e5%8d%80%e6%97%a5%e6%9b%86-%e6%b9%96%e5%8c%97%e7%a4%be%e5%8d%80-%e6%b0%b4%e4%bb%99%e7%8e%8b%e5%85%ac%e5%bb%9f/ HTTP/1.1" 200 9680 "-" "Mozilla/5.0 AppleWebKit/537.36 (KHTML, like Gecko; compatible; ClaudeBot/1.0; +claudebot@anthropic.com)"
216.73.217.64 - - [26/Aug/2026:21:03:12 +0800] "GET /9536/2007/02/22/%e7%a4%be%e5%8d%80%e6%97%a5%e6%9b%86-%e5%bb%a3%e8%88%88%e7%a4%be%e5%8d%80-%e5%bb%a3%e8%88%88%e5%a4%a7%e6%a9%8b/ HTTP/1.1" 200 9709 "-" "Mozilla/5.0 AppleWebKit/537.36 (KHTML, like Gecko; compatible; ClaudeBot/1.0; +claudebot@anthropic.com)"
2001:288:a201::66:125 - - [26/Aug/2026:21:03:13 +0800] "GET /blog/active.php HTTP/1.1" 301 1026 "-" "-"
2001:288:a201::66:125 - - [26/Aug/2026:21:03:13 +0800] "GET /blog/active.php HTTP/1.1" 404 1084 "-" "-"
216.73.217.64 - - [26/Aug/2026:21:03:13 +0800] "GET /9536/2007/03/02/%e7%a4%be%e5%8d%80%e6%97%a5%e6%9b%86-%e6%b9%96%e5%8c%97%e7%a4%be%e5%8d%80-%e5%a4%a7%e6%b9%96%e5%ba%95%e4%ba%ba%e5%86%8d%e7%8f%be/ HTTP/1.1" 200 14358 "-" "Mozilla/5.0 AppleWebKit/537.36 (KHTML, like Gecko; compatible; ClaudeBot/1.0; +claudebot@anthropic.com)"
2401:e180:8d82:1848:5c2d:3699:3e37:78c3 - - [26/Aug/2026:21:03:13 +0800] "POST /wp-json/wp-statistics/v2/online HTTP/1.1" 200 1422 "https://www.npes.ilc.edu.tw/" "Mozilla/5.0 (Windows NT 10.0; Win64; x64) AppleWebKit/537.36 (KHTML, like Gecko) Chrome/151.0.0.0 Safari/537.36"
85.208.96.209 - - [26/Aug/2026:21:03:13 +0800] "GET /lmeslang/2022/08/ HTTP/1.1" 200 12962 "-" "Mozilla/5.0 (compatible; SemrushBot/7~bl; +http://www.semrush.com/bot.html)"
216.73.217.64 - - [26/Aug/2026:21:03:13 +0800] "GET /9536/2007/03/06/%e7%a4%be%e5%8d%80%e6%97%a5%e6%9b%86-%e6%b9%96%e5%8c%97%e7%a4%be%e5%8d%80-%e9%87%91%e5%a4%a7%e5%ae%89%e5%9c%b3/ HTTP/1.1" 200 9784 "-" "Mozilla/5.0 AppleWebKit/537.36 (KHTML, like Gecko; compatible; ClaudeBot/1.0; +claudebot@anthropic.com)"
34.61.96.6 - - [26/Aug/2026:21:03:13 +0800] "GET /amy6998/wp-json/wp/v2/posts/5144 HTTP/1.1" 200 19829 "-" "Mozilla/5.0 (Macintosh; Intel Mac OS X 10_15_7) AppleWebKit/537.36 (KHTML, like Gecko) Chrome/120.0.0.0 Safari/537.36"
216.73.217.64 - - [26/Aug/2026:21:03:13 +0800] "GET /9536/2007/02/23/%e7%a4%be%e5%8d%80%e6%97%a5%e6%9b%86-%e5%bb%a3%e8%88%88%e7%a4%be%e5%8d%80-%e9%98%b2%e6%b1%9b%e9%81%93%e8%b7%af/ HTTP/1.1" 200 9999 "-" "Mozilla/5.0 AppleWebKit/537.36 (KHTML, like Gecko; compatible; ClaudeBot/1.0; +claudebot@anthropic.com)"
2a03:b0c0:1:d0::c6d:c001 - - [26/Aug/2026:21:03:12 +0800] "GET / HTTP/1.1" 301 900 "-" "Mozilla/5.0 (l9scan/2.0.2383a37363a3a313032316a3838323a313030323; +https://leakix.net)"
216.73.217.64 - - [26/Aug/2026:21:03:14 +0800] "GET /9536/2007/02/28/%e7%a4%be%e5%8d%80%e6%97%a5%e6%9b%86-%e5%bb%a3%e8%88%88%e7%a4%be%e5%8d%80-%e6%9c%aa%e4%be%86%e5%b1%95%e6%9c%9b/ HTTP/1.1" 200 9792 "-" "Mozilla/5.0 AppleWebKit/537.36 (KHTML, like Gecko; compatible; ClaudeBot/1.0; +claudebot@anthropic.com)"
216.73.217.64 - - [26/Aug/2026:21:03:14 +0800] "GET /9536/2007/03/09/%e7%a4%be%e5%8d%80%e6%97%a5%e6%9b%86-%e6%b9%96%e5%8c%97%e7%a4%be%e5%8d%80-%e5%9c%9f%e5%9c%b0%e5%85%ac%e5%bb%9f/ HTTP/1.1" 200 9532 "-" "Mozilla/5.0 AppleWebKit/537.36 (KHTML, like Gecko; compatible; ClaudeBot/1.0; +claudebot@anthropic.com)"
34.56.124.53 - - [26/Aug/2026:21:03:15 +0800] "GET /526/wp-json/wp/v2/posts/312 HTTP/1.1" 200 8983 "-" "Mozilla/5.0 (Macintosh; Intel Mac OS X 10_15_7) AppleWebKit/537.36 (KHTML, like Gecko) Chrome/120.0.0.0 Safari/537.36"
140.111.67.10 - - [26/Aug/2026:21:03:15 +0800] "GET /" 301 273 "-" "-"
140.111.67.195 - - [26/Aug/2026:21:03:15 +0800] "GET /wp-admin/admin-post.php?action=steps_ad HTTP/1.1" 200 1649 "-" "node-fetch/1.0 (+https://github.com/bitinn/node-fetch)"
140.111.67.195 - - [26/Aug/2026:21:03:15 +0800] "GET /wp-admin/admin-post.php?action=steps_ad HTTP/1.1" 200 1649 "-" "node-fetch/1.0 (+https://github.com/bitinn/node-fetch)"
54.204.62.163 - - [26/Aug/2026:21:03:15 +0800] "GET /wp-content/uploads/sites/2827/6513/6513-2776468.jpg HTTP/1.1" 200 7917 "-" "Mozilla/5.0 AppleWebKit/537.36 (KHTML, like Gecko; compatible; Amazonbot/0.1; +https://developer.amazon.com/support/amazonbot) Chrome/119.0.6045.214 Safari/537.36"
140.111.67.195 - - [26/Aug/2026:21:03:16 +0800] "GET /wp-admin/admin-post.php?action=steps_ad HTTP/1.1" 200 1649 "-" "node-fetch/1.0 (+https://github.com/bitinn/node-fetch)"
34.171.68.95 - - [26/Aug/2026:21:03:17 +0800] "GET /5882/2014/03/31/%E5%81%A5%E4%BF%83%E8%A8%88%E7%95%AB%E6%A0%A1%E5%8B%99%E6%9C%83%E8%AD%B0%E5%AF%A9%E8%AD%B0%E9%80%9A%E9%81%8E/ HTTP/1.1" 200 14347 "-" "Mozilla/5.0 (Macintosh; Intel Mac OS X 10_15_7) AppleWebKit/537.36 (KHTML, like Gecko) Chrome/120.0.0.0 Safari/537.36"
140.111.67.195 - - [26/Aug/2026:21:03:17 +0800] "GET /wp-admin/admin-post.php?action=steps_ad HTTP/1.1" 200 1649 "-" "node-fetch/1.0 (+https://github.com/bitinn/node-fetch)"
2001:288:a201::66:125 - - [26/Aug/2026:21:03:18 +0800] "GET /blog/active.php HTTP/1.1" 301 1026 "-" "-"
2001:288:a201::66:125 - - [26/Aug/2026:21:03:18 +0800] "GET /blog/active.php HTTP/1.1" 404 1084 "-" "-"
54.83.180.239 - - [26/Aug/2026:21:03:18 +0800] "GET /kkes603/wp-json/wp/v2/media/606 HTTP/1.1" 200 9890 "-" "Mozilla/5.0 AppleWebKit/537.36 (KHTML, like Gecko; compatible; Amazonbot/0.1; +https://developer.amazon.com/support/amazonbot) Chrome/119.0.6045.214 Safari/537.36"
::1 - - [26/Aug/2026:21:03:19 +0800] "OPTIONS * HTTP/1.0" 200 110 "-" "Apache/2.4.68 (Ubuntu) OpenSSL/3.0.19 (internal dummy connection)"
66.249.79.164 - - [26/Aug/2026:21:03:19 +0800] "GET /read1/2023/09/25/%E5%B1%AC%E6%96%BC%E8%80%81%E5%B8%AB%E7%9A%84%E6%97%A5%E5%AD%90%E5%B0%B1%E8%A6%81%E5%B0%8D%E8%80%81%E5%B8%AB%E8%AA%AA-%E6%84%9B%E8%80%81%E5%B8%AB/ HTTP/1.1" 200 15738 "-" "Mozilla/5.0 (Linux; Android 6.0.1; Nexus 5X Build/MMB29P) AppleWebKit/537.36 (KHTML, like Gecko) Chrome/151.0.7922.173 Mobile Safari/537.36 (compatible; Googlebot/2.1; +http://www.google.com/bot.html)"
140.111.67.10 - - [26/Aug/2026:21:03:20 +0800] "GET /" 301 273 "-" "-"
17.246.19.221 - - [26/Aug/2026:21:03:20 +0800] "GET /feed/ HTTP/1.1" 200 20430 "-" "Mozilla/5.0 (Macintosh; Intel Mac OS X 10_15_7) AppleWebKit/605.1.15 (KHTML, like Gecko) Version/17.4 Safari/605.1.15 (Applebot/0.1; +http://www.apple.com/go/applebot)"
::1 - - [26/Aug/2026:21:03:20 +0800] "OPTIONS * HTTP/1.0" 200 110 "-" "Apache/2.4.68 (Ubuntu) OpenSSL/3.0.19 (internal dummy connection)"
::1 - - [26/Aug/2026:21:03:21 +0800] "OPTIONS * HTTP/1.0" 200 110 "-" "Apache/2.4.68 (Ubuntu) OpenSSL/3.0.19 (internal dummy connection)"
129.146.202.195 - - [26/Aug/2026:21:03:22 +0800] "GET /9658 HTTP/1.1" 301 5694 "-" "Mozilla/5.0 (X11; Linux aarch64) AppleWebKit/537.36 (KHTML, like Gecko) Chrome/139.0.0.0 Safari/537.36"
52.167.144.216 - - [26/Aug/2026:21:03:22 +0800] "GET /1003/?s=2344%E8%82%A1%E5%83%B9 HTTP/1.1" 200 13757 "-" "Mozilla/5.0 AppleWebKit/537.36 (KHTML, like Gecko; compatible; bingbot/2.0; +http://www.bing.com/bingbot.htm) Chrome/116.0.1938.76 Safari/537.36"
129.146.202.195 - - [26/Aug/2026:21:03:22 +0800] "GET /9658/ HTTP/1.1" 200 18596 "https://isupport.ilc.edu.tw/9658" "Mozilla/5.0 (X11; Linux aarch64) AppleWebKit/537.36 (KHTML, like Gecko) Chrome/139.0.0.0 Safari/537.36"
2001:288:a201::66:125 - - [26/Aug/2026:21:03:23 +0800] "GET /blog/active.php HTTP/1.1" 301 1026 "-" "-"
2001:288:a201::66:125 - - [26/Aug/2026:21:03:23 +0800] "GET /blog/active.php HTTP/1.1" 404 1084 "-" "-"
98.84.60.17 - - [26/Aug/2026:21:03:23 +0800] "GET /wp-content/uploads/sites/2827/6513/6513-2776439.jpg HTTP/1.1" 200 7917 "-" "Mozilla/5.0 AppleWebKit/537.36 (KHTML, like Gecko; compatible; Amazonbot/0.1; +https://developer.amazon.com/support/amazonbot) Chrome/119.0.6045.214 Safari/537.36"
66.249.79.164 - - [26/Aug/2026:21:03:23 +0800] "POST /read1/wp-json/ilc-summary/v1/popular-posts HTTP/1.1" 201 1272 "https://2blog.ilc.edu.tw/read1/2023/09/25/%E5%B1%AC%E6%96%BC%E8%80%81%E5%B8%AB%E7%9A%84%E6%97%A5%E5%AD%90%E5%B0%B1%E8%A6%81%E5%B0%8D%E8%80%81%E5%B8%AB%E8%AA%AA-%E6%84%9B%E8%80%81%E5%B8%AB/" "Mozilla/5.0 (Linux; Android 6.0.1; Nexus 5X Build/MMB29P) AppleWebKit/537.36 (KHTML, like Gecko) Chrome/151.0.7922.173 Mobile Safari/537.36 (compatible; Googlebot/2.1; +http://www.google.com/bot.html)"
::1 - - [26/Aug/2026:21:03:24 +0800] "OPTIONS * HTTP/1.0" 200 110 "-" "Apache/2.4.68 (Ubuntu) OpenSSL/3.0.19 (internal dummy connection)"
140.111.67.10 - - [26/Aug/2026:21:03:25 +0800] "GET /" 301 273 "-" "-"
44.217.177.142 - - [26/Aug/2026:21:03:26 +0800] "GET /32745/2020/05/01/%E7%94%A8%E5%BF%83%E4%BE%86%E4%BA%A4%E9%99%AA/ HTTP/1.1" 200 92173 "-" "Mozilla/5.0 AppleWebKit/537.36 (KHTML, like Gecko; compatible; Amazonbot/0.1; +https://developer.amazon.com/support/amazonbot) Chrome/119.0.6045.214 Safari/537.36"
44.193.115.232 - - [26/Aug/2026:21:03:27 +0800] "GET /wp-content/uploads/sites/2518/6572/6572-3617984.jpg HTTP/1.1" 200 99579 "-" "Mozilla/5.0 AppleWebKit/537.36 (KHTML, like Gecko; compatible; Amazonbot/0.1; +https://developer.amazon.com/support/amazonbot) Chrome/119.0.6045.214 Safari/537.36"
2001:288:a201::66:125 - - [26/Aug/2026:21:03:28 +0800] "GET /blog/active.php HTTP/1.1" 301 1026 "-" "-"
34.57.162.91 - - [26/Aug/2026:21:03:27 +0800] "GET /6511/2017/11/17/106_%E4%BA%8C_1-3%E5%A4%A7%E6%A8%B9%E7%A2%B3%E9%9A%AA%E9%9A%8A%E8%AA%B2%E7%A8%8B/ HTTP/1.1" 200 17936 "-" "Mozilla/5.0 (Macintosh; Intel Mac OS X 10_15_7) AppleWebKit/537.36 (KHTML, like Gecko) Chrome/120.0.0.0 Safari/537.36"
2001:288:a201::66:125 - - [26/Aug/2026:21:03:28 +0800] "GET /blog/active.php HTTP/1.1" 404 1084 "-" "-"
::1 - - [26/Aug/2026:21:03:28 +0800] "OPTIONS * HTTP/1.0" 200 110 "-" "Apache/2.4.68 (Ubuntu) OpenSSL/3.0.19 (internal dummy connection)"
34.57.162.91 - - [26/Aug/2026:21:03:27 +0800] "GET /wp-json/wp/v2/users/1584 HTTP/1.1" 200 6530 "-" "Mozilla/5.0 (Macintosh; Intel Mac OS X 10_15_7) AppleWebKit/537.36 (KHTML, like Gecko) Chrome/120.0.0.0 Safari/537.36"
2001:b011:7802:1b96:cc8c:470c:7c05:4324 - - [26/Aug/2026:21:03:29 +0800] "GET / HTTP/1.1" 200 19183 "-" "Mozilla/5.0 (iPhone; CPU iPhone OS 18_5 like Mac OS X) AppleWebKit/605.1.15 (KHTML, like Gecko) Mobile/15E148"
2001:b011:7802:1b96:cc8c:470c:7c05:4324 - - [26/Aug/2026:21:03:29 +0800] "GET /wp-content/cache/www.jses.ilc.edu.tw/wpfc-minified/q6o125yj/716j.css HTTP/1.1" 200 1157 "https://www.jses.ilc.edu.tw/" "Mozilla/5.0 (iPhone; CPU iPhone OS 18_5 like Mac OS X) AppleWebKit/605.1.15 (KHTML, like Gecko) Mobile/15E148"
2001:b011:7802:1b96:cc8c:470c:7c05:4324 - - [26/Aug/2026:21:03:29 +0800] "GET /wp-content/cache/www.jses.ilc.edu.tw/wpfc-minified/g4fuqysw/716j.css HTTP/1.1" 200 45685 "https://www.jses.ilc.edu.tw/" "Mozilla/5.0 (iPhone; CPU iPhone OS 18_5 like Mac OS X) AppleWebKit/605.1.15 (KHTML, like Gecko) Mobile/15E148"
2001:b011:7802:1b96:cc8c:470c:7c05:4324 - - [26/Aug/2026:21:03:29 +0800] "GET /wp-content/cache/www.jses.ilc.edu.tw/wpfc-minified/8hw98awr/716j.css HTTP/1.1" 200 58863 "https://www.jses.ilc.edu.tw/" "Mozilla/5.0 (iPhone; CPU iPhone OS 18_5 like Mac OS X) AppleWebKit/605.1.15 (KHTML, like Gecko) Mobile/15E148"
2001:b011:7802:1b96:cc8c:470c:7c05:4324 - - [26/Aug/2026:21:03:29 +0800] "GET /wp-content/cache/www.jses.ilc.edu.tw/wpfc-minified/r9fwgsx/716j.css HTTP/1.1" 200 5938 "https://www.jses.ilc.edu.tw/" "Mozilla/5.0 (iPhone; CPU iPhone OS 18_5 like Mac OS X) AppleWebKit/605.1.15 (KHTML, like Gecko) Mobile/15E148"
2001:b011:7802:1b96:cc8c:470c:7c05:4324 - - [26/Aug/2026:21:03:29 +0800] "GET /wp-content/uploads/sites/1016/elementor/css/post-105.css HTTP/1.1" 200 6069 "https://www.jses.ilc.edu.tw/" "Mozilla/5.0 (iPhone; CPU iPhone OS 18_5 like Mac OS X) AppleWebKit/605.1.15 (KHTML, like Gecko) Mobile/15E148"
2001:b011:7802:1b96:cc8c:470c:7c05:4324 - - [26/Aug/2026:21:03:29 +0800] "GET /wp-content/cache/www.jses.ilc.edu.tw/wpfc-minified/e5ez1kvs/716j.css HTTP/1.1" 200 93002 "https://www.jses.ilc.edu.tw/" "Mozilla/5.0 (iPhone; CPU iPhone OS 18_5 like Mac OS X) AppleWebKit/605.1.15 (KHTML, like Gecko) Mobile/15E148"
2001:b011:7802:1b96:cc8c:470c:7c05:4324 - - [26/Aug/2026:21:03:29 +0800] "GET /wp-content/uploads/sites/1016/2020/10/%E5%AD%B8%E6%A0%A1%E7%89%B9%E8%89%B2.png HTTP/1.1" 200 4255 "https://www.jses.ilc.edu.tw/" "Mozilla/5.0 (iPhone; CPU iPhone OS 18_5 like Mac OS X) AppleWebKit/605.1.15 (KHTML, like Gecko) Mobile/15E148"
2001:b011:7802:1b96:cc8c:470c:7c05:4324 - - [26/Aug/2026:21:03:30 +0800] "GET /wp-content/uploads/sites/1016/2020/10/%E8%AA%B2%E7%A8%8B%E6%95%99%E5%AD%B8.png HTTP/1.1" 200 4519 "https://www.jses.ilc.edu.tw/" "Mozilla/5.0 (iPhone; CPU iPhone OS 18_5 like Mac OS X) AppleWebKit/605.1.15 (KHTML, like Gecko) Mobile/15E148"
2001:b011:7802:1b96:cc8c:470c:7c05:4324 - - [26/Aug/2026:21:03:30 +0800] "GET /wp-content/uploads/sites/1016/2020/10/%E5%AD%B8%E7%94%9F%E5%AD%B8%E7%BF%92.png HTTP/1.1" 200 3533 "https://www.jses.ilc.edu.tw/" "Mozilla/5.0 (iPhone; CPU iPhone OS 18_5 like Mac OS X) AppleWebKit/605.1.15 (KHTML, like Gecko) Mobile/15E148"
2001:b011:7802:1b96:cc8c:470c:7c05:4324 - - [26/Aug/2026:21:03:30 +0800] "GET /wp-content/uploads/sites/1016/2020/11/%E5%AD%B8%E6%A0%A1%E7%89%B9%E8%89%B2.png HTTP/1.1" 200 4390 "https://www.jses.ilc.edu.tw/" "Mozilla/5.0 (iPhone; CPU iPhone OS 18_5 like Mac OS X) AppleWebKit/605.1.15 (KHTML, like Gecko) Mobile/15E148"
2001:b011:7802:1b96:cc8c:470c:7c05:4324 - - [26/Aug/2026:21:03:30 +0800] "GET /wp-content/uploads/sites/1016/2020/10/covid.png HTTP/1.1" 200 3901 "https://www.jses.ilc.edu.tw/" "Mozilla/5.0 (iPhone; CPU iPhone OS 18_5 like Mac OS X) AppleWebKit/605.1.15 (KHTML, like Gecko) Mobile/15E148"
2001:b011:7802:1b96:cc8c:470c:7c05:4324 - - [26/Aug/2026:21:03:30 +0800] "GET /wp-content/uploads/sites/1016/2020/10/%E7%B6%B2%E8%B7%AF%E6%9C%8D%E5%8B%99.png HTTP/1.1" 200 4913 "https://www.jses.ilc.edu.tw/" "Mozilla/5.0 (iPhone; CPU iPhone OS 18_5 like Mac OS X) AppleWebKit/605.1.15 (KHTML, like Gecko) Mobile/15E148"
2001:b011:7802:1b96:cc8c:470c:7c05:4324 - - [26/Aug/2026:21:03:30 +0800] "GET /wp-content/uploads/sites/1016/2020/12/BAFA38A8-E27E-4B09-AA35-95FC50384AE3.jpeg HTTP/1.1" 200 33320 "https://www.jses.ilc.edu.tw/" "Mozilla/5.0 (iPhone; CPU iPhone OS 18_5 like Mac OS X) AppleWebKit/605.1.15 (KHTML, like Gecko) Mobile/15E148"
2001:b011:7802:1b96:cc8c:470c:7c05:4324 - - [26/Aug/2026:21:03:30 +0800] "GET /jhongshaninformation/wp-content/uploads/sites/1016/2020/11/cropped-%E8%83%8C%E6%99%AF%E5%B9%95%E5%B8%86%E5%B8%832020109%E5%B0%8F%E4%B8%80%E6%96%B0%E7%94%9F-scaled-1.jpg HTTP/1.1" 200 866760 "https://www.jses.ilc.edu.tw/" "Mozilla/5.0 (iPhone; CPU iPhone OS 18_5 like Mac OS X) AppleWebKit/605.1.15 (KHTML, like Gecko) Mobile/15E148"
140.111.67.10 - - [26/Aug/2026:21:03:30 +0800] "GET /" 301 273 "-" "-"
2407:4b00:4c0d:d51:6d31:95fa:c9c3:d8ed - - [26/Aug/2026:21:03:30 +0800] "-" 408 4801 "-" "-"
2a03:2880:18ff:51:: - - [26/Aug/2026:21:03:31 +0800] "GET /yleerc/?p=2013 HTTP/1.1" 301 5822 "-" "Mozilla/5.0 (Macintosh; Intel Mac OS X 10_15_7) AppleWebKit/537.36 (KHTML, like Gecko) Chrome/145.0.0.0 Safari/537.36 (compatible; meta-webindexer/1.1 (+https://developers.facebook.com/docs/sharing/webmasters/crawler))"
34.10.180.98 - - [26/Aug/2026:21:03:31 +0800] "GET /6430/2016/11/12/105-%E4%BA%94-2-1%E6%8E%A8%E5%BB%A3%E6%AF%8F%E9%80%B1%E4%B8%80%E6%97%A5%E8%94%AC%E9%A3%9F/ HTTP/1.1" 200 15140 "-" "Mozilla/5.0 (Macintosh; Intel Mac OS X 10_15_7) AppleWebKit/537.36 (KHTML, like Gecko) Chrome/120.0.0.0 Safari/537.36"
173.252.95.20 - - [26/Aug/2026:21:03:32 +0800] "GET /yleerc/2022/10/14/etrc-regular-meeting-in-september-academic-year-of-111/ HTTP/1.1" 200 22888 "-" "Mozilla/5.0 (Macintosh; Intel Mac OS X 10_15_7) AppleWebKit/537.36 (KHTML, like Gecko) Chrome/145.0.0.0 Safari/537.36 (compatible; meta-webindexer/1.1 (+https://developers.facebook.com/docs/sharing/webmasters/crawler))"
::1 - - [26/Aug/2026:21:03:32 +0800] "OPTIONS * HTTP/1.0" 200 110 "-" "Apache/2.4.68 (Ubuntu) OpenSSL/3.0.19 (internal dummy connection)"
2001:288:a201::66:125 - - [26/Aug/2026:21:03:33 +0800] "GET /blog/active.php HTTP/1.1" 301 1026 "-" "-"
2001:288:a201::66:125 - - [26/Aug/2026:21:03:33 +0800] "GET /blog/active.php HTTP/1.1" 404 1084 "-" "-"
::1 - - [26/Aug/2026:21:03:33 +0800] "OPTIONS * HTTP/1.0" 200 110 "-" "Apache/2.4.68 (Ubuntu) OpenSSL/3.0.19 (internal dummy connection)"
240e:935:a04:5403:0:1:0:13 - - [26/Aug/2026:21:03:33 +0800] "GET /2021/09/07 HTTP/1.1" 301 5772 "-" "Mozilla/5.0 (Windows NT 10.0; Win64; x64) AppleWebKit/537.36 (KHTML, like Gecko) Chrome/144.0.0.0 Safari/537.36"
34.10.180.98 - - [26/Aug/2026:21:03:33 +0800] "GET /6517/category/c-21894/page/28/ HTTP/1.1" 200 32600 "-" "Mozilla/5.0 (Macintosh; Intel Mac OS X 10_15_7) AppleWebKit/537.36 (KHTML, like Gecko) Chrome/120.0.0.0 Safari/537.36"
240e:935:a04:5403:0:1:0:13 - - [26/Aug/2026:21:03:34 +0800] "GET /2021/09/07/ HTTP/1.1" 200 42061 "-" "Mozilla/5.0 (Windows NT 10.0; Win64; x64) AppleWebKit/537.36 (KHTML, like Gecko) Chrome/144.0.0.0 Safari/537.36"
3.221.50.71 - - [26/Aug/2026:21:03:34 +0800] "GET /5239/2015/11/08/%E5%88%A5%E6%AC%A0%E8%BA%AB%E9%AB%94%E7%9D%A1%E7%9C%A0%E5%82%B5%E3%80%80%E6%85%A2%E6%80%A7%E5%A4%B1%E7%9C%A0%E6%82%A3%E6%86%82%E9%AC%B1%E7%97%87%E6%A9%9F%E7%8E%87%E5%80%8D%E5%A2%9E/embed/ HTTP/1.1" 200 12662 "-" "Mozilla/5.0 AppleWebKit/537.36 (KHTML, like Gecko; compatible; Amazonbot/0.1; +https://developer.amazon.com/support/amazonbot) Chrome/119.0.6045.214 Safari/537.36"
::1 - - [26/Aug/2026:21:03:34 +0800] "OPTIONS * HTTP/1.0" 200 110 "-" "Apache/2.4.68 (Ubuntu) OpenSSL/3.0.19 (internal dummy connection)"
240e:935:a04:5403:0:1:0:13 - - [26/Aug/2026:21:03:35 +0800] "GET /wp-content/cache/www.najh.ilc.edu.tw/wpfc-minified/kz7ju7r3/6wh9.css HTTP/1.1" 200 1157 "https://www.najh.ilc.edu.tw/2021/09/07/" "Mozilla/5.0 (Windows NT 10.0; Win64; x64) AppleWebKit/537.36 (KHTML, like Gecko) Chrome/144.0.0.0 Safari/537.36"
140.111.67.10 - - [26/Aug/2026:21:03:35 +0800] "GET /" 301 273 "-" "-"
::1 - - [26/Aug/2026:21:03:35 +0800] "OPTIONS * HTTP/1.0" 200 110 "-" "Apache/2.4.68 (Ubuntu) OpenSSL/3.0.19 (internal dummy connection)"
34.10.180.98 - - [26/Aug/2026:21:03:35 +0800] "GET /32745/wp-json/wp/v2/posts/142079 HTTP/1.1" 200 3269 "-" "Mozilla/5.0 (Macintosh; Intel Mac OS X 10_15_7) AppleWebKit/537.36 (KHTML, like Gecko) Chrome/120.0.0.0 Safari/537.36"
240e:935:a04:5403:0:1:0:13 - - [26/Aug/2026:21:03:36 +0800] "GET /wp-content/cache/www.najh.ilc.edu.tw/wpfc-minified/87xhsi2d/6wh9.css HTTP/1.1" 200 4322 "https://www.najh.ilc.edu.tw/2021/09/07/" "Mozilla/5.0 (Windows NT 10.0; Win64; x64) AppleWebKit/537.36 (KHTML, like Gecko) Chrome/144.0.0.0 Safari/537.36"
2001:b011:7803:5b51:e8ec:1a:6101:8e10 - - [26/Aug/2026:21:03:37 +0800] "GET / HTTP/1.1" 200 29814 "https://www.google.com/" "Mozilla/5.0 (Linux; Android 10; K) AppleWebKit/537.36 (KHTML, like Gecko) Chrome/151.0.0.0 Mobile Safari/537.36"
240e:935:a04:5403:0:1:0:13 - - [26/Aug/2026:21:03:37 +0800] "GET /wp-includes/js/admin-bar.min.js HTTP/1.1" 200 2237 "https://www.najh.ilc.edu.tw/2021/09/07/" "Mozilla/5.0 (Windows NT 10.0; Win64; x64) AppleWebKit/537.36 (KHTML, like Gecko) Chrome/144.0.0.0 Safari/537.36"
240e:935:a04:5403:0:1:0:13 - - [26/Aug/2026:21:03:37 +0800] "GET /wp-includes/js/imagesloaded.min.js HTTP/1.1" 200 2683 "https://www.najh.ilc.edu.tw/2021/09/07/" "Mozilla/5.0 (Windows NT 10.0; Win64; x64) AppleWebKit/537.36 (KHTML, like Gecko) Chrome/144.0.0.0 Safari/537.36"
240e:935:a04:5403:0:1:0:13 - - [26/Aug/2026:21:03:37 +0800] "GET /wp-content/themes/oceanwp/assets/js/theme.min.js HTTP/1.1" 200 5130 "https://www.najh.ilc.edu.tw/2021/09/07/" "Mozilla/5.0 (Windows NT 10.0; Win64; x64) AppleWebKit/537.36 (KHTML, like Gecko) Chrome/144.0.0.0 Safari/537.36"
2001:288:a201::66:125 - - [26/Aug/2026:21:03:38 +0800] "GET /blog/active.php HTTP/1.1" 404 1084 "-" "-"
2001:288:a201::66:125 - - [26/Aug/2026:21:03:38 +0800] "GET /blog/active.php HTTP/1.1" 301 1026 "-" "-"
35.173.38.202 - - [26/Aug/2026:21:03:38 +0800] "GET /27124/wp-json/wp/v2/posts?categories=24 HTTP/1.1" 200 163348 "-" "Mozilla/5.0 AppleWebKit/537.36 (KHTML, like Gecko; compatible; Amazonbot/0.1; +https://developer.amazon.com/support/amazonbot) Chrome/119.0.6045.214 Safari/537.36"
240e:935:a04:5403:0:1:0:13 - - [26/Aug/2026:21:03:39 +0800] "GET /wp-content/themes/oceanwp/assets/js/vendors/magnific-popup.min.js HTTP/1.1" 200 8270 "https://www.najh.ilc.edu.tw/2021/09/07/" "Mozilla/5.0 (Windows NT 10.0; Win64; x64) AppleWebKit/537.36 (KHTML, like Gecko) Chrome/144.0.0.0 Safari/537.36"
240e:935:a04:5403:0:1:0:13 - - [26/Aug/2026:21:03:39 +0800] "GET /wp-content/themes/oceanwp/assets/js/vendors/flickity.pkgd.min.js HTTP/1.1" 200 15048 "https://www.najh.ilc.edu.tw/2021/09/07/" "Mozilla/5.0 (Windows NT 10.0; Win64; x64) AppleWebKit/537.36 (KHTML, like Gecko) Chrome/144.0.0.0 Safari/537.36"
2001:4860:7:b0c::ef - - [26/Aug/2026:21:03:40 +0800] "GET / HTTP/1.1" 200 30637 "https://www.google.com/" "Mozilla/5.0 (Windows NT 10.0; Win64; x64) AppleWebKit/537.36 (KHTML, like Gecko) Chrome/5.0.0.0 Safari/537.36"
140.111.67.10 - - [26/Aug/2026:21:03:40 +0800] "GET /" 301 273 "-" "-"
240e:935:a04:5403:0:1:0:13 - - [26/Aug/2026:21:03:41 +0800] "GET /wp-includes/js/mediaelement/mediaelement-and-player.min.js HTTP/1.1" 200 39802 "https://www.najh.ilc.edu.tw/2021/09/07/" "Mozilla/5.0 (Windows NT 10.0; Win64; x64) AppleWebKit/537.36 (KHTML, like Gecko) Chrome/144.0.0.0 Safari/537.36"
111.241.206.99 - - [26/Aug/2026:21:03:41 +0800] "GET /2528/2024/04/17/%e8%98%ad%e9%99%bd%e5%b9%b3%e5%8e%9f%e7%9a%84%e6%a9%8b/ HTTP/1.1" 200 14107 "-" "Mozilla/5.0 (Windows NT 10.0; Win64; x64) AppleWebKit/537.36 (KHTML, like Gecko) Chrome/151.0.0.0 Safari/537.36"
111.241.206.99 - - [26/Aug/2026:21:03:41 +0800] "POST /2528/wp-json/ilc-summary/v1/popular-posts HTTP/1.1" 201 1115 "https://2blog.ilc.edu.tw/2528/2024/04/17/%e8%98%ad%e9%99%bd%e5%b9%b3%e5%8e%9f%e7%9a%84%e6%a9%8b/" "Mozilla/5.0 (Windows NT 10.0; Win64; x64) AppleWebKit/537.36 (KHTML, like Gecko) Chrome/151.0.0.0 Safari/537.36"
240e:935:a04:5403:0:1:0:13 - - [26/Aug/2026:21:03:42 +0800] "GET /wp-includes/js/mediaelement/mediaelement-migrate.min.js HTTP/1.1" 200 6221 "https://www.najh.ilc.edu.tw/2021/09/07/" "Mozilla/5.0 (Windows NT 10.0; Win64; x64) AppleWebKit/537.36 (KHTML, like Gecko) Chrome/144.0.0.0 Safari/537.36"
3.209.174.110 - - [26/Aug/2026:21:03:42 +0800] "GET /7986/wp-json/wp/v2/categories?post=2163 HTTP/1.1" 200 6782 "-" "Mozilla/5.0 AppleWebKit/537.36 (KHTML, like Gecko; compatible; Amazonbot/0.1; +https://developer.amazon.com/support/amazonbot) Chrome/119.0.6045.214 Safari/537.36"
240e:935:a04:5403:0:1:0:13 - - [26/Aug/2026:21:03:42 +0800] "GET /wp-includes/js/mediaelement/wp-mediaelement.min.js HTTP/1.1" 200 6219 "https://www.najh.ilc.edu.tw/2021/09/07/" "Mozilla/5.0 (Windows NT 10.0; Win64; x64) AppleWebKit/537.36 (KHTML, like Gecko) Chrome/144.0.0.0 Safari/537.36"
240e:935:a04:5403:0:1:0:13 - - [26/Aug/2026:21:03:42 +0800] "GET /wp-content/themes/oceanwp/assets/js/select.min.js HTTP/1.1" 200 2408 "https://www.najh.ilc.edu.tw/2021/09/07/" "Mozilla/5.0 (Windows NT 10.0; Win64; x64) AppleWebKit/537.36 (KHTML, like Gecko) Chrome/144.0.0.0 Safari/537.36"
34.171.68.95 - - [26/Aug/2026:21:03:42 +0800] "GET /6553/2017/10/19/ HTTP/1.1" 200 13805 "-" "Mozilla/5.0 (Macintosh; Intel Mac OS X 10_15_7) AppleWebKit/537.36 (KHTML, like Gecko) Chrome/120.0.0.0 Safari/537.36"
2001:288:a201::66:125 - - [26/Aug/2026:21:03:43 +0800] "GET /blog/active.php HTTP/1.1" 301 1026 "-" "-"
2001:288:a201::66:125 - - [26/Aug/2026:21:03:43 +0800] "GET /blog/active.php HTTP/1.1" 404 1084 "-" "-"
240e:935:a04:5403:0:1:0:13 - - [26/Aug/2026:21:03:43 +0800] "GET /wp-includes/js/mediaelement/renderers/vimeo.min.js HTTP/1.1" 200 3164 "https://www.najh.ilc.edu.tw/2021/09/07/" "Mozilla/5.0 (Windows NT 10.0; Win64; x64) AppleWebKit/537.36 (KHTML, like Gecko) Chrome/144.0.0.0 Safari/537.36"
216.73.217.64 - - [26/Aug/2026:21:03:43 +0800] "GET /9536/2007/03/03/%e7%a4%be%e5%8d%80%e6%97%a5%e6%9b%86-%e6%b9%96%e5%8c%97%e7%a4%be%e5%8d%80-%e5%a4%a7%e6%b9%96%e5%ba%95%e4%ba%ba%e7%9a%84%e5%85%88%e6%b0%91/ HTTP/1.1" 200 14727 "-" "Mozilla/5.0 AppleWebKit/537.36 (KHTML, like Gecko; compatible; ClaudeBot/1.0; +claudebot@anthropic.com)"
216.73.217.64 - - [26/Aug/2026:21:03:43 +0800] "GET /9536/2007/02/27/%e7%a4%be%e5%8d%80%e6%97%a5%e6%9b%86-%e5%bb%a3%e8%88%88%e7%a4%be%e5%8d%80-%e5%81%a5%e5%ba%b7%e7%be%8e%e9%ba%97%e5%bf%ab%e6%a8%82%ef%bc%8d%e7%94%9f%e7%89%a9%e7%a7%91%e6%8a%80/ HTTP/1.1" 200 9881 "-" "Mozilla/5.0 AppleWebKit/537.36 (KHTML, like Gecko; compatible; ClaudeBot/1.0; +claudebot@anthropic.com)"
66.249.79.163 - - [26/Aug/2026:21:03:43 +0800] "GET /blog/blog/6454/post/21094/358492 HTTP/1.1" 404 25470 "-" "Mozilla/5.0 (Linux; Android 6.0.1; Nexus 5X Build/MMB29P) AppleWebKit/537.36 (KHTML, like Gecko) Chrome/151.0.7922.173 Mobile Safari/537.36 (compatible; Googlebot/2.1; +http://www.google.com/bot.html)"
216.73.217.64 - - [26/Aug/2026:21:03:43 +0800] "GET /9536/2007/02/26/%e7%a4%be%e5%8d%80%e6%97%a5%e6%9b%86-%e5%bb%a3%e8%88%88%e7%a4%be%e5%8d%80-%e6%a0%b9%e7%95%99%e5%8f%b0%e7%81%a3%e5%89%8d%e9%80%b2%e5%a4%a7%e9%99%b8/ HTTP/1.1" 200 10208 "-" "Mozilla/5.0 AppleWebKit/537.36 (KHTML, like Gecko; compatible; ClaudeBot/1.0; +claudebot@anthropic.com)"
116.241.128.31 - - [26/Aug/2026:21:03:44 +0800] "GET /1003/2014/11/27/%E5%B0%8F%E4%B8%80%E4%B8%8A%E7%AC%AC11%E9%80%B1%E5%AF%AB%E5%AD%97%E6%95%99%E5%AD%B8%E7%AC%AC%E4%B8%80%E9%80%B1/ HTTP/1.1" 200 21797 "https://www.google.com/" "Mozilla/5.0 (Windows NT 10.0; Win64; x64) AppleWebKit/537.36 (KHTML, like Gecko) Chrome/151.0.0.0 Safari/537.36"
116.241.128.31 - - [26/Aug/2026:21:03:44 +0800] "GET /1003/wp-content/cache/2blog.ilc.edu.tw/wpfc-minified/mknpejql/5woub.css HTTP/1.1" 200 40886 "https://2blog.ilc.edu.tw/1003/2014/11/27/%E5%B0%8F%E4%B8%80%E4%B8%8A%E7%AC%AC11%E9%80%B1%E5%AF%AB%E5%AD%97%E6%95%99%E5%AD%B8%E7%AC%AC%E4%B8%80%E9%80%B1/" "Mozilla/5.0 (Windows NT 10.0; Win64; x64) AppleWebKit/537.36 (KHTML, like Gecko) Chrome/151.0.0.0 Safari/537.36"
116.241.128.31 - - [26/Aug/2026:21:03:44 +0800] "GET /1003/wp-content/cache/2blog.ilc.edu.tw/wpfc-minified/8x7tn0v6/5wohd.css HTTP/1.1" 200 20774 "https://2blog.ilc.edu.tw/1003/2014/11/27/%E5%B0%8F%E4%B8%80%E4%B8%8A%E7%AC%AC11%E9%80%B1%E5%AF%AB%E5%AD%97%E6%95%99%E5%AD%B8%E7%AC%AC%E4%B8%80%E9%80%B1/" "Mozilla/5.0 (Windows NT 10.0; Win64; x64) AppleWebKit/537.36 (KHTML, like Gecko) Chrome/151.0.0.0 Safari/537.36"
116.241.128.31 - - [26/Aug/2026:21:03:44 +0800] "GET /1003/wp-content/cache/2blog.ilc.edu.tw/wpfc-minified/lx5sg0nx/5wohd.css HTTP/1.1" 200 18290 "https://2blog.ilc.edu.tw/1003/2014/11/27/%E5%B0%8F%E4%B8%80%E4%B8%8A%E7%AC%AC11%E9%80%B1%E5%AF%AB%E5%AD%97%E6%95%99%E5%AD%B8%E7%AC%AC%E4%B8%80%E9%80%B1/" "Mozilla/5.0 (Windows NT 10.0; Win64; x64) AppleWebKit/537.36 (KHTML, like Gecko) Chrome/151.0.0.0 Safari/537.36"
116.241.128.31 - - [26/Aug/2026:21:03:44 +0800] "GET /1003/wp-content/cache/2blog.ilc.edu.tw/wpfc-minified/7jci0eqx/5woub.js HTTP/1.1" 200 35901 "https://2blog.ilc.edu.tw/1003/2014/11/27/%E5%B0%8F%E4%B8%80%E4%B8%8A%E7%AC%AC11%E9%80%B1%E5%AF%AB%E5%AD%97%E6%95%99%E5%AD%B8%E7%AC%AC%E4%B8%80%E9%80%B1/" "Mozilla/5.0 (Windows NT 10.0; Win64; x64) AppleWebKit/537.36 (KHTML, like Gecko) Chrome/151.0.0.0 Safari/537.36"
116.241.128.31 - - [26/Aug/2026:21:03:44 +0800] "GET /1003/wp-content/cache/2blog.ilc.edu.tw/wpfc-minified/q8iljgfz/5woub.js HTTP/1.1" 200 3455 "https://2blog.ilc.edu.tw/1003/2014/11/27/%E5%B0%8F%E4%B8%80%E4%B8%8A%E7%AC%AC11%E9%80%B1%E5%AF%AB%E5%AD%97%E6%95%99%E5%AD%B8%E7%AC%AC%E4%B8%80%E9%80%B1/" "Mozilla/5.0 (Windows NT 10.0; Win64; x64) AppleWebKit/537.36 (KHTML, like Gecko) Chrome/151.0.0.0 Safari/537.36"
116.241.128.31 - - [26/Aug/2026:21:03:44 +0800] "GET /1003/wp-content/cache/2blog.ilc.edu.tw/wpfc-minified/6jx87ldu/5wohd.js HTTP/1.1" 200 1980 "https://2blog.ilc.edu.tw/1003/2014/11/27/%E5%B0%8F%E4%B8%80%E4%B8%8A%E7%AC%AC11%E9%80%B1%E5%AF%AB%E5%AD%97%E6%95%99%E5%AD%B8%E7%AC%AC%E4%B8%80%E9%80%B1/" "Mozilla/5.0 (Windows NT 10.0; Win64; x64) AppleWebKit/537.36 (KHTML, like Gecko) Chrome/151.0.0.0 Safari/537.36"
216.73.217.64 - - [26/Aug/2026:21:03:44 +0800] "GET /9536/2007/03/08/%e7%a4%be%e5%8d%80%e6%97%a5%e6%9b%86-%e6%b9%96%e5%8c%97%e7%a4%be%e5%8d%80-%e4%bd%9b%e7%a5%96%e5%bb%9f%e9%96%80%e9%96%8b%e5%90%91%e8%a5%bf/ HTTP/1.1" 200 9894 "-" "Mozilla/5.0 AppleWebKit/537.36 (KHTML, like Gecko; compatible; ClaudeBot/1.0; +claudebot@anthropic.com)"
116.241.128.31 - - [26/Aug/2026:21:03:44 +0800] "POST /1003/wp-json/ilc-summary/v1/popular-posts HTTP/1.1" 201 1401 "https://2blog.ilc.edu.tw/1003/2014/11/27/%E5%B0%8F%E4%B8%80%E4%B8%8A%E7%AC%AC11%E9%80%B1%E5%AF%AB%E5%AD%97%E6%95%99%E5%AD%B8%E7%AC%AC%E4%B8%80%E9%80%B1/" "Mozilla/5.0 (Windows NT 10.0; Win64; x64) AppleWebKit/537.36 (KHTML, like Gecko) Chrome/151.0.0.0 Safari/537.36"
116.241.128.31 - - [26/Aug/2026:21:03:44 +0800] "GET /1003/wp-includes/js/hoverintent-js.min.js HTTP/1.1" 200 1597 "https://2blog.ilc.edu.tw/1003/2014/11/27/%E5%B0%8F%E4%B8%80%E4%B8%8A%E7%AC%AC11%E9%80%B1%E5%AF%AB%E5%AD%97%E6%95%99%E5%AD%B8%E7%AC%AC%E4%B8%80%E9%80%B1/" "Mozilla/5.0 (Windows NT 10.0; Win64; x64) AppleWebKit/537.36 (KHTML, like Gecko) Chrome/151.0.0.0 Safari/537.36"
116.241.128.31 - - [26/Aug/2026:21:03:44 +0800] "GET /1003/wp-content/uploads/sites/233/2023/04/338250713_886939739267121_7258247398763374813_n.jpg HTTP/1.1" 200 101554 "https://2blog.ilc.edu.tw/1003/2014/11/27/%E5%B0%8F%E4%B8%80%E4%B8%8A%E7%AC%AC11%E9%80%B1%E5%AF%AB%E5%AD%97%E6%95%99%E5%AD%B8%E7%AC%AC%E4%B8%80%E9%80%B1/" "Mozilla/5.0 (Windows NT 10.0; Win64; x64) AppleWebKit/537.36 (KHTML, like Gecko) Chrome/151.0.0.0 Safari/537.36"
116.241.128.31 - - [26/Aug/2026:21:03:44 +0800] "GET /1003/wp-includes/js/admin-bar.min.js HTTP/1.1" 200 7031 "https://2blog.ilc.edu.tw/1003/2014/11/27/%E5%B0%8F%E4%B8%80%E4%B8%8A%E7%AC%AC11%E9%80%B1%E5%AF%AB%E5%AD%97%E6%95%99%E5%AD%B8%E7%AC%AC%E4%B8%80%E9%80%B1/" "Mozilla/5.0 (Windows NT 10.0; Win64; x64) AppleWebKit/537.36 (KHTML, like Gecko) Chrome/151.0.0.0 Safari/537.36"
116.241.128.31 - - [26/Aug/2026:21:03:44 +0800] "GET /1003/wp-content/themes/textbook/assets/js/jquery.flexslider.js HTTP/1.1" 200 17595 "https://2blog.ilc.edu.tw/1003/2014/11/27/%E5%B0%8F%E4%B8%80%E4%B8%8A%E7%AC%AC11%E9%80%B1%E5%AF%AB%E5%AD%97%E6%95%99%E5%AD%B8%E7%AC%AC%E4%B8%80%E9%80%B1/" "Mozilla/5.0 (Windows NT 10.0; Win64; x64) AppleWebKit/537.36 (KHTML, like Gecko) Chrome/151.0.0.0 Safari/537.36"
116.241.128.31 - - [26/Aug/2026:21:03:44 +0800] "GET /1003/wp-content/themes/textbook/assets/js/functions.js HTTP/1.1" 200 1934 "https://2blog.ilc.edu.tw/1003/2014/11/27/%E5%B0%8F%E4%B8%80%E4%B8%8A%E7%AC%AC11%E9%80%B1%E5%AF%AB%E5%AD%97%E6%95%99%E5%AD%B8%E7%AC%AC%E4%B8%80%E9%80%B1/" "Mozilla/5.0 (Windows NT 10.0; Win64; x64) AppleWebKit/537.36 (KHTML, like Gecko) Chrome/151.0.0.0 Safari/537.36"
116.241.128.31 - - [26/Aug/2026:21:03:44 +0800] "GET /1003/wp-content/themes/textbook/assets/js/navigation.js HTTP/1.1" 200 2931 "https://2blog.ilc.edu.tw/1003/2014/11/27/%E5%B0%8F%E4%B8%80%E4%B8%8A%E7%AC%AC11%E9%80%B1%E5%AF%AB%E5%AD%97%E6%95%99%E5%AD%B8%E7%AC%AC%E4%B8%80%E9%80%B1/" "Mozilla/5.0 (Windows NT 10.0; Win64; x64) AppleWebKit/537.36 (KHTML, like Gecko) Chrome/151.0.0.0 Safari/537.36"
116.241.128.31 - - [26/Aug/2026:21:03:44 +0800] "GET /1003/wp-content/themes/textbook/assets/js/skip-link-focus-fix.js HTTP/1.1" 200 1351 "https://2blog.ilc.edu.tw/1003/2014/11/27/%E5%B0%8F%E4%B8%80%E4%B8%8A%E7%AC%AC11%E9%80%B1%E5%AF%AB%E5%AD%97%E6%95%99%E5%AD%B8%E7%AC%AC%E4%B8%80%E9%80%B1/" "Mozilla/5.0 (Windows NT 10.0; Win64; x64) AppleWebKit/537.36 (KHTML, like Gecko) Chrome/151.0.0.0 Safari/537.36"
116.241.128.31 - - [26/Aug/2026:21:03:44 +0800] "GET /1003/wp-content/uploads/sites/233/2024/03/Snipaste_2024-03-11_23-36-51-768x536.png HTTP/1.1" 200 435058 "https://2blog.ilc.edu.tw/1003/2014/11/27/%E5%B0%8F%E4%B8%80%E4%B8%8A%E7%AC%AC11%E9%80%B1%E5%AF%AB%E5%AD%97%E6%95%99%E5%AD%B8%E7%AC%AC%E4%B8%80%E9%80%B1/" "Mozilla/5.0 (Windows NT 10.0; Win64; x64) AppleWebKit/537.36 (KHTML, like Gecko) Chrome/151.0.0.0 Safari/537.36"
116.241.128.31 - - [26/Aug/2026:21:03:44 +0800] "GET /1003/wp-content/uploads/sites/233/2019/05/84-768x768.png HTTP/1.1" 200 143126 "https://2blog.ilc.edu.tw/1003/2014/11/27/%E5%B0%8F%E4%B8%80%E4%B8%8A%E7%AC%AC11%E9%80%B1%E5%AF%AB%E5%AD%97%E6%95%99%E5%AD%B8%E7%AC%AC%E4%B8%80%E9%80%B1/" "Mozilla/5.0 (Windows NT 10.0; Win64; x64) AppleWebKit/537.36 (KHTML, like Gecko) Chrome/151.0.0.0 Safari/537.36"
116.241.128.31 - - [26/Aug/2026:21:03:44 +0800] "GET /1003/wp-content/uploads/sites/233/2019/08/Snipaste_2019-08-25_21-24-17-1-768x381.jpg HTTP/1.1" 200 41004 "https://2blog.ilc.edu.tw/1003/2014/11/27/%E5%B0%8F%E4%B8%80%E4%B8%8A%E7%AC%AC11%E9%80%B1%E5%AF%AB%E5%AD%97%E6%95%99%E5%AD%B8%E7%AC%AC%E4%B8%80%E9%80%B1/" "Mozilla/5.0 (Windows NT 10.0; Win64; x64) AppleWebKit/537.36 (KHTML, like Gecko) Chrome/151.0.0.0 Safari/537.36"
116.241.128.31 - - [26/Aug/2026:21:03:44 +0800] "GET /1003/wp-content/uploads/sites/233/2023/04/sp230410_141707.png HTTP/1.1" 200 109778 "https://2blog.ilc.edu.tw/1003/2014/11/27/%E5%B0%8F%E4%B8%80%E4%B8%8A%E7%AC%AC11%E9%80%B1%E5%AF%AB%E5%AD%97%E6%95%99%E5%AD%B8%E7%AC%AC%E4%B8%80%E9%80%B1/" "Mozilla/5.0 (Windows NT 10.0; Win64; x64) AppleWebKit/537.36 (KHTML, like Gecko) Chrome/151.0.0.0 Safari/537.36"
216.73.217.64 - - [26/Aug/2026:21:03:44 +0800] "GET /9536/2007/03/05/%e7%a4%be%e5%8d%80%e6%97%a5%e6%9b%86-%e6%b9%96%e5%8c%97%e7%a4%be%e5%8d%80-%e9%97%9c%e6%96%bc%e6%b9%96%e5%8c%97/ HTTP/1.1" 200 9578 "-" "Mozilla/5.0 AppleWebKit/537.36 (KHTML, like Gecko; compatible; ClaudeBot/1.0; +claudebot@anthropic.com)"
116.241.128.31 - - [26/Aug/2026:21:03:44 +0800] "GET /wp-content/uploads/sites/233/1003/1003-2827352.jpg HTTP/1.1" 200 31087 "https://2blog.ilc.edu.tw/1003/2014/11/27/%E5%B0%8F%E4%B8%80%E4%B8%8A%E7%AC%AC11%E9%80%B1%E5%AF%AB%E5%AD%97%E6%95%99%E5%AD%B8%E7%AC%AC%E4%B8%80%E9%80%B1/" "Mozilla/5.0 (Windows NT 10.0; Win64; x64) AppleWebKit/537.36 (KHTML, like Gecko) Chrome/151.0.0.0 Safari/537.36"
