2407:4b00:4c0d:252:68d6:cde2:6171:2abf - - [26/Aug/2026:21:01:23 +0800] "GET /wp-content/uploads/sites/944/2019/10/1121a0083_resized-150x150.jpg HTTP/1.1" 200 8417 "https://www.whjh.ilc.edu.tw/" "Mozilla/5.0 (Windows NT 10.0; Win64; x64) AppleWebKit/537.36 (KHTML, like Gecko) Chrome/151.0.0.0 Safari/537.36"
2407:4b00:4c0d:252:68d6:cde2:6171:2abf - - [26/Aug/2026:21:01:23 +0800] "GET /wp-content/uploads/sites/944/2019/10/064_resized-150x150.jpg HTTP/1.1" 200 8351 "https://www.whjh.ilc.edu.tw/" "Mozilla/5.0 (Windows NT 10.0; Win64; x64) AppleWebKit/537.36 (KHTML, like Gecko) Chrome/151.0.0.0 Safari/537.36"
2407:4b00:4c0d:252:68d6:cde2:6171:2abf - - [26/Aug/2026:21:01:23 +0800] "GET /wp-content/themes/hueman/assets/front/js/scripts.min.js HTTP/1.1" 200 22643 "https://www.whjh.ilc.edu.tw/" "Mozilla/5.0 (Windows NT 10.0; Win64; x64) AppleWebKit/537.36 (KHTML, like Gecko) Chrome/151.0.0.0 Safari/537.36"
2407:4b00:4c0d:252:68d6:cde2:6171:2abf - - [26/Aug/2026:21:01:23 +0800] "GET /wp-includes/images/rss.png HTTP/1.1" 200 1434 "https://www.whjh.ilc.edu.tw/" "Mozilla/5.0 (Windows NT 10.0; Win64; x64) AppleWebKit/537.36 (KHTML, like Gecko) Chrome/151.0.0.0 Safari/537.36"
2407:4b00:4c0d:252:68d6:cde2:6171:2abf - - [26/Aug/2026:21:01:23 +0800] "GET /wp-content/uploads/sites/944/2019/10/DJI_0110.jpg HTTP/1.1" 200 4944839 "https://www.whjh.ilc.edu.tw/" "Mozilla/5.0 (Windows NT 10.0; Win64; x64) AppleWebKit/537.36 (KHTML, like Gecko) Chrome/151.0.0.0 Safari/537.36"
136.119.35.120 - - [26/Aug/2026:21:01:23 +0800] "GET /6096/?p=2486 HTTP/1.1" 301 5777 "-" "Mozilla/5.0 (Macintosh; Intel Mac OS X 10_15_7) AppleWebKit/537.36 (KHTML, like Gecko) Chrome/120.0.0.0 Safari/537.36"
2407:4b00:4c0d:252:68d6:cde2:6171:2abf - - [26/Aug/2026:21:01:24 +0800] "GET /wp-content/plugins/elementor/assets/js/image-carousel.4455c6362492d9067512.bundle.min.js HTTP/1.1" 200 1176 "https://www.whjh.ilc.edu.tw/" "Mozilla/5.0 (Windows NT 10.0; Win64; x64) AppleWebKit/537.36 (KHTML, like Gecko) Chrome/151.0.0.0 Safari/537.36"
2407:4b00:4c0d:252:68d6:cde2:6171:2abf - - [26/Aug/2026:21:01:24 +0800] "GET /wp-content/plugins/elementor-pro/assets/js/social.2d2e44e8608690943f29.bundle.min.js HTTP/1.1" 200 1433 "https://www.whjh.ilc.edu.tw/" "Mozilla/5.0 (Windows NT 10.0; Win64; x64) AppleWebKit/537.36 (KHTML, like Gecko) Chrome/151.0.0.0 Safari/537.36"
2407:4b00:4c0d:252:68d6:cde2:6171:2abf - - [26/Aug/2026:21:01:24 +0800] "GET /wp-content/plugins/elementor/assets/lib/swiper/v8/swiper.min.js?ver=8.4.5 HTTP/1.1" 200 40708 "https://www.whjh.ilc.edu.tw/" "Mozilla/5.0 (Windows NT 10.0; Win64; x64) AppleWebKit/537.36 (KHTML, like Gecko) Chrome/151.0.0.0 Safari/537.36"
2407:4b00:4c0d:252:68d6:cde2:6171:2abf - - [26/Aug/2026:21:01:24 +0800] "GET /wp-content/uploads/sites/944/2019/10/cropped-%E6%96%87%E4%B8%AD%E7%B6%B2%E9%A0%81logo-32x32.jpg HTTP/1.1" 200 2092 "https://www.whjh.ilc.edu.tw/" "Mozilla/5.0 (Windows NT 10.0; Win64; x64) AppleWebKit/537.36 (KHTML, like Gecko) Chrome/151.0.0.0 Safari/537.36"
140.111.67.10 - - [26/Aug/2026:21:01:25 +0800] "GET /" 301 273 "-" "-"
66.249.79.138 - - [26/Aug/2026:21:01:23 +0800] "GET /wp-login.php?key=67474381&_wpnonce=&action=ilc_logout&redirect_to=https%3A%2F%2Fwww.aayyy.com HTTP/1.1" 302 8235 "-" "Mozilla/5.0 (Linux; Android 6.0.1; Nexus 5X Build/MMB29P) AppleWebKit/537.36 (KHTML, like Gecko) Chrome/151.0.7922.173 Mobile Safari/537.36 (compatible; Googlebot/2.1; +http://www.google.com/bot.html)"
66.249.71.37 - - [26/Aug/2026:21:01:25 +0800] "GET /yilankindergartentest/2023/09/21/%E5%A4%A7%E8%B1%A1%E5%B9%BC%E5%85%92%E5%9C%92112%E5%AD%B8%E5%B9%B4%E5%BA%A6%E4%B8%8A%E5%AD%B8%E6%9C%9F%E9%98%B2%E7%81%BD%E6%BC%94%E7%B7%B4%E8%85%B3%E6%9C%AC%E8%87%AA%E8%A9%95%E8%A1%A8/ HTTP/1.1" 200 31959 "-" "Mozilla/5.0 (Linux; Android 6.0.1; Nexus 5X Build/MMB29P) AppleWebKit/537.36 (KHTML, like Gecko) Chrome/151.0.7922.173 Mobile Safari/537.36 (compatible; Googlebot/2.1; +http://www.google.com/bot.html)"
18.205.91.101 - - [26/Aug/2026:21:01:26 +0800] "GET /amy6998/wp-json/wp/v2/posts/14130/revisions HTTP/1.1" 401 6200 "-" "Mozilla/5.0 AppleWebKit/537.36 (KHTML, like Gecko; compatible; Amazonbot/0.1; +https://developer.amazon.com/support/amazonbot) Chrome/119.0.6045.214 Safari/537.36"
162.144.21.160 - - [26/Aug/2026:21:01:26 +0800] "GET /wp-json/ldlms/v2/users HTTP/1.1" 301 5757 "-" "Mozilla/5.0 (Windows NT 10.0; Win64; x64) AppleWebKit/537.36 (KHTML, like Gecko) Chrome/151.0.0.0 Safari/537.36, Mozilla/5.0 (X11; Linux x86_64) AppleWebKit/537.36 (KHTML, like Gecko) Chrome/151.0.0.0 Safari/537.36"
185.191.171.15 - - [26/Aug/2026:21:01:26 +0800] "GET /39664/category/c-17494/leader/page/5/ HTTP/1.1" 200 18660 "-" "Mozilla/5.0 (compatible; SemrushBot/7~bl; +http://www.semrush.com/bot.html)"
132.255.129.105 - - [26/Aug/2026:21:01:27 +0800] "GET /6460/2018/09/29/107_2-1-3%E5%8F%B0%E7%81%A3%E6%88%B2%E5%8A%87%E9%A4%A8%E7%92%B0%E5%A2%83%E6%95%99%E8%82%B2%E8%AA%B2%E7%A8%8B%E2%94%80%E2%94%80%E6%88%B2%E6%9B%B2%E6%8E%A2%E7%B4%A2%E4%B9%8B%E6%97%85/ HTTP/1.1" 200 16317 "-" "Mozilla/5.0 (Windows NT 10.0; Win64; x64) AppleWebKit/537.36 (KHTML, like Gecko) Chrome/110.0.0.0 Safari/537.36"
2001:288:a201::66:125 - - [26/Aug/2026:21:01:28 +0800] "GET /blog/active.php HTTP/1.1" 404 1084 "-" "-"
2001:288:a201::66:125 - - [26/Aug/2026:21:01:28 +0800] "GET /blog/active.php HTTP/1.1" 301 1026 "-" "-"
2a03:2880:24ff:5f:: - - [26/Aug/2026:21:01:28 +0800] "GET /868/44403/ HTTP/1.1" 200 21947 "-" "Mozilla/5.0 (Windows NT 10.0; Win64; x64) AppleWebKit/537.36 (KHTML, like Gecko) Chrome/145.0.0.0 Safari/537.36 (compatible; meta-webindexer/1.1 (+https://developers.facebook.com/docs/sharing/webmasters/crawler))"
2a03:2880:24ff:5b:: - - [26/Aug/2026:21:01:30 +0800] "POST /868/wp-json/ilc-summary/v1/popular-posts HTTP/1.1" 201 6065 "https://2blog.ilc.edu.tw/868/44403/" "Mozilla/5.0 (Windows NT 10.0; Win64; x64) AppleWebKit/537.36 (KHTML, like Gecko) Chrome/145.0.0.0 Safari/537.36 (compatible; meta-webindexer/1.1 (+https://developers.facebook.com/docs/sharing/webmasters/crawler))"
140.111.67.10 - - [26/Aug/2026:21:01:30 +0800] "GET /" 301 273 "-" "-"
3.213.106.226 - - [26/Aug/2026:21:01:30 +0800] "GET /amy6998/2025/10/10/114%E5%B9%B410%E6%9C%888%E6%97%A5%E5%89%AF%E6%9C%83%E9%95%B7%E5%A7%94%E5%93%A1%E5%B0%8D%E5%8D%88%E9%A4%90%E7%94%A8%E5%BF%83/embed/ HTTP/1.1" 200 12694 "-" "Mozilla/5.0 AppleWebKit/537.36 (KHTML, like Gecko; compatible; Amazonbot/0.1; +https://developer.amazon.com/support/amazonbot) Chrome/119.0.6045.214 Safari/537.36"
66.249.71.39 - - [26/Aug/2026:21:01:30 +0800] "GET /ksespreschool/2024/03/01/113%E5%B9%B43%E6%9C%88%E9%A4%90%E9%BB%9E%E8%A1%A8/ HTTP/1.1" 200 13854 "-" "Mozilla/5.0 (Linux; Android 6.0.1; Nexus 5X Build/MMB29P) AppleWebKit/537.36 (KHTML, like Gecko) Chrome/151.0.7922.173 Mobile Safari/537.36 (compatible; Googlebot/2.1; +http://www.google.com/bot.html)"
2a03:2880:10ff:43:: - - [26/Aug/2026:21:01:30 +0800] "GET /wp-content/uploads/sites/268/868/868-3666715.png HTTP/1.1" 200 24415 "https://2blog.ilc.edu.tw/868/44403/" "Mozilla/5.0 (Windows NT 10.0; Win64; x64) AppleWebKit/537.36 (KHTML, like Gecko) Chrome/145.0.0.0 Safari/537.36 (compatible; meta-webindexer/1.1 (+https://developers.facebook.com/docs/sharing/webmasters/crawler))"
2a03:2880:18ff:7:: - - [26/Aug/2026:21:01:30 +0800] "GET /wp-content/uploads/sites/268/868/868-3666384.png HTTP/1.1" 200 24384 "https://2blog.ilc.edu.tw/868/44403/" "Mozilla/5.0 (Windows NT 10.0; Win64; x64) AppleWebKit/537.36 (KHTML, like Gecko) Chrome/145.0.0.0 Safari/537.36 (compatible; meta-webindexer/1.1 (+https://developers.facebook.com/docs/sharing/webmasters/crawler))"
52.204.174.139 - - [26/Aug/2026:21:01:31 +0800] "GET /wp-content/uploads/sites/517/?C=M;O%3DD HTTP/1.1" 200 1300 "-" "Mozilla/5.0 AppleWebKit/537.36 (KHTML, like Gecko; compatible; Amazonbot/0.1; +https://developer.amazon.com/support/amazonbot) Chrome/119.0.6045.214 Safari/537.36"
44.193.102.198 - - [26/Aug/2026:21:01:31 +0800] "GET /wp-content/uploads/sites/2518/6572/6572-2696488.jpg HTTP/1.1" 200 59249 "-" "Mozilla/5.0 AppleWebKit/537.36 (KHTML, like Gecko; compatible; Amazonbot/0.1; +https://developer.amazon.com/support/amazonbot) Chrome/119.0.6045.214 Safari/537.36"
::1 - - [26/Aug/2026:21:01:31 +0800] "OPTIONS * HTTP/1.0" 200 110 "-" "Apache/2.4.68 (Ubuntu) OpenSSL/3.0.19 (internal dummy connection)"
2001:4860:7:810::f8 - - [26/Aug/2026:21:01:31 +0800] "GET / HTTP/1.1" 200 31681 "https://www.google.com/" "Mozilla/5.0 (X11; Linux x86_64) AppleWebKit/537.36 (KHTML, like Gecko) Chrome/146.0.0.0 Safari/537.36"
2a03:2880:18ff:9:: - - [26/Aug/2026:21:01:30 +0800] "GET /wp-content/uploads/sites/268/868/868-3666579.png HTTP/1.1" 200 297639 "https://2blog.ilc.edu.tw/868/44403/" "Mozilla/5.0 (Windows NT 10.0; Win64; x64) AppleWebKit/537.36 (KHTML, like Gecko) Chrome/145.0.0.0 Safari/537.36 (compatible; meta-webindexer/1.1 (+https://developers.facebook.com/docs/sharing/webmasters/crawler))"
34.57.162.91 - - [26/Aug/2026:21:01:31 +0800] "GET /6472/wp-json/oembed/1.0/embed?url=https://2blog.ilc.edu.tw/6472/2019/11/21/108%25e5%25ad%25b8%25e5%25b9%25b4%25e5%25ba%25a6%25e7%2592%25b0%25e5%25a2%2583%25e6%2595%2599%25e8%2582%25b2-%25e8%2587%25aa%25e8%25a9%2595%25e8%25a1%25a8/ HTTP/1.1" 200 8394 "-" "Mozilla/5.0 (Macintosh; Intel Mac OS X 10_15_7) AppleWebKit/537.36 (KHTML, like Gecko) Chrome/120.0.0.0 Safari/537.36"
2a03:2880:24ff:73:: - - [26/Aug/2026:21:01:30 +0800] "GET /wp-content/uploads/sites/268/868/868-3666701.png HTTP/1.1" 200 315312 "https://2blog.ilc.edu.tw/868/44403/" "Mozilla/5.0 (Windows NT 10.0; Win64; x64) AppleWebKit/537.36 (KHTML, like Gecko) Chrome/145.0.0.0 Safari/537.36 (compatible; meta-webindexer/1.1 (+https://developers.facebook.com/docs/sharing/webmasters/crawler))"
34.56.53.225 - - [26/Aug/2026:21:01:32 +0800] "GET /6093/2014/11/17/103_2-4_%E5%8F%B0%E7%A9%8D%E9%9B%BB%E7%BE%8E%E8%82%B2%E4%B9%8B%E6%97%85%E5%AD%B8%E7%94%9F%E5%9B%9E%E9%A5%8B%E5%BF%83%E5%BE%97/ HTTP/1.1" 200 20202 "-" "Mozilla/5.0 (Macintosh; Intel Mac OS X 10_15_7) AppleWebKit/537.36 (KHTML, like Gecko) Chrome/120.0.0.0 Safari/537.36"
::1 - - [26/Aug/2026:21:01:32 +0800] "OPTIONS * HTTP/1.0" 200 110 "-" "Apache/2.4.68 (Ubuntu) OpenSSL/3.0.19 (internal dummy connection)"
2407:4b00:4c0d:252:68d6:cde2:6171:2abf - - [26/Aug/2026:21:01:32 +0800] "GET /%e6%95%99%e5%8b%99%e8%99%95/ HTTP/1.1" 200 14491 "https://www.whjh.ilc.edu.tw/" "Mozilla/5.0 (Windows NT 10.0; Win64; x64) AppleWebKit/537.36 (KHTML, like Gecko) Chrome/151.0.0.0 Safari/537.36"
2407:4b00:4c0d:252:68d6:cde2:6171:2abf - - [26/Aug/2026:21:01:32 +0800] "GET /wp-content/cache/www.whjh.ilc.edu.tw/wpfc-minified/md6l1czn/6w61.css HTTP/1.1" 200 14211 "https://www.whjh.ilc.edu.tw/%e6%95%99%e5%8b%99%e8%99%95/" "Mozilla/5.0 (Windows NT 10.0; Win64; x64) AppleWebKit/537.36 (KHTML, like Gecko) Chrome/151.0.0.0 Safari/537.36"
2407:4b00:4c0d:252:68d6:cde2:6171:2abf - - [26/Aug/2026:21:01:32 +0800] "GET /wp-content/cache/www.whjh.ilc.edu.tw/wpfc-minified/216oqize/bbts.css HTTP/1.1" 200 15980 "https://www.whjh.ilc.edu.tw/%e6%95%99%e5%8b%99%e8%99%95/" "Mozilla/5.0 (Windows NT 10.0; Win64; x64) AppleWebKit/537.36 (KHTML, like Gecko) Chrome/151.0.0.0 Safari/537.36"
2407:4b00:4c0d:252:68d6:cde2:6171:2abf - - [26/Aug/2026:21:01:32 +0800] "GET /wp-content/cache/www.whjh.ilc.edu.tw/wpfc-minified/qkurvrd/bib8.js HTTP/1.1" 200 17347 "https://www.whjh.ilc.edu.tw/%e6%95%99%e5%8b%99%e8%99%95/" "Mozilla/5.0 (Windows NT 10.0; Win64; x64) AppleWebKit/537.36 (KHTML, like Gecko) Chrome/151.0.0.0 Safari/537.36"
2001:288:a201::66:125 - - [26/Aug/2026:21:01:33 +0800] "GET /blog/active.php HTTP/1.1" 301 1026 "-" "-"
2001:288:a201::66:125 - - [26/Aug/2026:21:01:33 +0800] "GET /blog/active.php HTTP/1.1" 404 1084 "-" "-"
34.30.223.149 - - [26/Aug/2026:21:01:33 +0800] "GET /6488/category/c-21786/page/2/ HTTP/1.1" 200 16306 "-" "Mozilla/5.0 (Macintosh; Intel Mac OS X 10_15_7) AppleWebKit/537.36 (KHTML, like Gecko) Chrome/120.0.0.0 Safari/537.36"
2401:e180:8c30:1194:bccd:9a85:9a04:9df1 - - [26/Aug/2026:21:01:34 +0800] "GET / HTTP/1.1" 200 25132 "https://www.google.com/" "Mozilla/5.0 (iPhone; CPU iPhone OS 18_7 like Mac OS X) AppleWebKit/605.1.15 (KHTML, like Gecko) Version/26.5.2 Mobile/15E148 Safari/604.1"
2401:e180:8c30:1194:bccd:9a85:9a04:9df1 - - [26/Aug/2026:21:01:35 +0800] "GET /wp-content/cache/www.tkjh.ilc.edu.tw/wpfc-minified/mbw4bt68/6vyr.css HTTP/1.1" 200 1157 "https://www.tkjh.ilc.edu.tw/" "Mozilla/5.0 (iPhone; CPU iPhone OS 18_7 like Mac OS X) AppleWebKit/605.1.15 (KHTML, like Gecko) Version/26.5.2 Mobile/15E148 Safari/604.1"
2401:e180:8c30:1194:bccd:9a85:9a04:9df1 - - [26/Aug/2026:21:01:35 +0800] "GET /wp-content/cache/www.tkjh.ilc.edu.tw/wpfc-minified/lxbefab0/6vyr.css HTTP/1.1" 200 45687 "https://www.tkjh.ilc.edu.tw/" "Mozilla/5.0 (iPhone; CPU iPhone OS 18_7 like Mac OS X) AppleWebKit/605.1.15 (KHTML, like Gecko) Version/26.5.2 Mobile/15E148 Safari/604.1"
173.252.69.17 - - [26/Aug/2026:21:01:35 +0800] "GET /868/wp-includes/js/hoverintent-js.min.js HTTP/1.1" 200 6391 "https://2blog.ilc.edu.tw/868/44403/" "Mozilla/5.0 (Windows NT 10.0; Win64; x64) AppleWebKit/537.36 (KHTML, like Gecko) Chrome/145.0.0.0 Safari/537.36 (compatible; meta-webindexer/1.1 (+https://developers.facebook.com/docs/sharing/webmasters/crawler))"
2401:e180:8c30:1194:bccd:9a85:9a04:9df1 - - [26/Aug/2026:21:01:35 +0800] "GET /wp-content/cache/www.tkjh.ilc.edu.tw/wpfc-minified/6wws96go/6vyr.css HTTP/1.1" 200 3465 "https://www.tkjh.ilc.edu.tw/" "Mozilla/5.0 (iPhone; CPU iPhone OS 18_7 like Mac OS X) AppleWebKit/605.1.15 (KHTML, like Gecko) Version/26.5.2 Mobile/15E148 Safari/604.1"
2401:e180:8c30:1194:bccd:9a85:9a04:9df1 - - [26/Aug/2026:21:01:35 +0800] "GET /wp-content/cache/www.tkjh.ilc.edu.tw/wpfc-minified/k24nck6h/6vyr.js HTTP/1.1" 200 40362 "https://www.tkjh.ilc.edu.tw/" "Mozilla/5.0 (iPhone; CPU iPhone OS 18_7 like Mac OS X) AppleWebKit/605.1.15 (KHTML, like Gecko) Version/26.5.2 Mobile/15E148 Safari/604.1"
2401:e180:8c30:1194:bccd:9a85:9a04:9df1 - - [26/Aug/2026:21:01:35 +0800] "GET /wp-content/uploads/sites/888/elementor/css/post-552.css HTTP/1.1" 200 6071 "https://www.tkjh.ilc.edu.tw/" "Mozilla/5.0 (iPhone; CPU iPhone OS 18_7 like Mac OS X) AppleWebKit/605.1.15 (KHTML, like Gecko) Version/26.5.2 Mobile/15E148 Safari/604.1"
2401:e180:8c30:1194:bccd:9a85:9a04:9df1 - - [26/Aug/2026:21:01:35 +0800] "GET /wp-content/uploads/sites/888/elementor/css/post-64.css HTTP/1.1" 200 6509 "https://www.tkjh.ilc.edu.tw/" "Mozilla/5.0 (iPhone; CPU iPhone OS 18_7 like Mac OS X) AppleWebKit/605.1.15 (KHTML, like Gecko) Version/26.5.2 Mobile/15E148 Safari/604.1"
2401:e180:8c30:1194:bccd:9a85:9a04:9df1 - - [26/Aug/2026:21:01:35 +0800] "GET /wp-content/cache/www.tkjh.ilc.edu.tw/wpfc-minified/e5cup82p/6vyr.css HTTP/1.1" 200 23342 "https://www.tkjh.ilc.edu.tw/" "Mozilla/5.0 (iPhone; CPU iPhone OS 18_7 like Mac OS X) AppleWebKit/605.1.15 (KHTML, like Gecko) Version/26.5.2 Mobile/15E148 Safari/604.1"
2401:e180:8c30:1194:bccd:9a85:9a04:9df1 - - [26/Aug/2026:21:01:35 +0800] "GET /wp-content/uploads/sites/888/2026/01/%E5%AE%9C%E8%98%AD%E5%8D%80%E6%A9%9F%E9%97%9C%E7%8E%8B%E5%A4%A7%E8%B3%BD.png HTTP/1.1" 200 410703 "https://www.tkjh.ilc.edu.tw/" "Mozilla/5.0 (iPhone; CPU iPhone OS 18_7 like Mac OS X) AppleWebKit/605.1.15 (KHTML, like Gecko) Version/26.5.2 Mobile/15E148 Safari/604.1"
52.70.123.241 - - [26/Aug/2026:21:01:35 +0800] "GET /wp-content/uploads/sites/2518/6572/6572-3261738.jpg HTTP/1.1" 200 35057 "-" "Mozilla/5.0 AppleWebKit/537.36 (KHTML, like Gecko; compatible; Amazonbot/0.1; +https://developer.amazon.com/support/amazonbot) Chrome/119.0.6045.214 Safari/537.36"
2401:e180:8c30:1194:bccd:9a85:9a04:9df1 - - [26/Aug/2026:21:01:35 +0800] "GET /wp-includes/js/admin-bar.min.js HTTP/1.1" 200 2237 "https://www.tkjh.ilc.edu.tw/" "Mozilla/5.0 (iPhone; CPU iPhone OS 18_7 like Mac OS X) AppleWebKit/605.1.15 (KHTML, like Gecko) Version/26.5.2 Mobile/15E148 Safari/604.1"
2401:e180:8c30:1194:bccd:9a85:9a04:9df1 - - [26/Aug/2026:21:01:35 +0800] "GET /wp-content/uploads/sites/888/elementor/css/post-441.css HTTP/1.1" 200 1085 "https://www.tkjh.ilc.edu.tw/" "Mozilla/5.0 (iPhone; CPU iPhone OS 18_7 like Mac OS X) AppleWebKit/605.1.15 (KHTML, like Gecko) Version/26.5.2 Mobile/15E148 Safari/604.1"
2401:e180:8c30:1194:bccd:9a85:9a04:9df1 - - [26/Aug/2026:21:01:35 +0800] "GET /wp-includes/js/hoverintent-js.min.js HTTP/1.1" 200 1597 "https://www.tkjh.ilc.edu.tw/" "Mozilla/5.0 (iPhone; CPU iPhone OS 18_7 like Mac OS X) AppleWebKit/605.1.15 (KHTML, like Gecko) Version/26.5.2 Mobile/15E148 Safari/604.1"
23.20.178.124 - - [26/Aug/2026:21:01:35 +0800] "GET /wp-content/uploads/sites/2764/elementor/?C=N;O%3DA HTTP/1.1" 200 1115 "-" "Mozilla/5.0 AppleWebKit/537.36 (KHTML, like Gecko; compatible; Amazonbot/0.1; +https://developer.amazon.com/support/amazonbot) Chrome/119.0.6045.214 Safari/537.36"
2401:e180:8c30:1194:bccd:9a85:9a04:9df1 - - [26/Aug/2026:21:01:35 +0800] "GET /wp-includes/js/underscore.min.js HTTP/1.1" 200 8191 "https://www.tkjh.ilc.edu.tw/" "Mozilla/5.0 (iPhone; CPU iPhone OS 18_7 like Mac OS X) AppleWebKit/605.1.15 (KHTML, like Gecko) Version/26.5.2 Mobile/15E148 Safari/604.1"
2401:e180:8c30:1194:bccd:9a85:9a04:9df1 - - [26/Aug/2026:21:01:35 +0800] "GET /wp-includes/js/imagesloaded.min.js HTTP/1.1" 200 2683 "https://www.tkjh.ilc.edu.tw/" "Mozilla/5.0 (iPhone; CPU iPhone OS 18_7 like Mac OS X) AppleWebKit/605.1.15 (KHTML, like Gecko) Version/26.5.2 Mobile/15E148 Safari/604.1"
2401:e180:8c30:1194:bccd:9a85:9a04:9df1 - - [26/Aug/2026:21:01:35 +0800] "GET /wp-content/plugins/elementor/assets/js/webpack.runtime.min.js HTTP/1.1" 200 3095 "https://www.tkjh.ilc.edu.tw/" "Mozilla/5.0 (iPhone; CPU iPhone OS 18_7 like Mac OS X) AppleWebKit/605.1.15 (KHTML, like Gecko) Version/26.5.2 Mobile/15E148 Safari/604.1"
2401:e180:8c30:1194:bccd:9a85:9a04:9df1 - - [26/Aug/2026:21:01:35 +0800] "GET /wp-content/plugins/elementor-pro/assets/js/webpack-pro.runtime.min.js HTTP/1.1" 200 3562 "https://www.tkjh.ilc.edu.tw/" "Mozilla/5.0 (iPhone; CPU iPhone OS 18_7 like Mac OS X) AppleWebKit/605.1.15 (KHTML, like Gecko) Version/26.5.2 Mobile/15E148 Safari/604.1"
2401:e180:8c30:1194:bccd:9a85:9a04:9df1 - - [26/Aug/2026:21:01:35 +0800] "GET /wp-includes/js/dist/hooks.min.js HTTP/1.1" 200 2421 "https://www.tkjh.ilc.edu.tw/" "Mozilla/5.0 (iPhone; CPU iPhone OS 18_7 like Mac OS X) AppleWebKit/605.1.15 (KHTML, like Gecko) Version/26.5.2 Mobile/15E148 Safari/604.1"
2401:e180:8c30:1194:bccd:9a85:9a04:9df1 - - [26/Aug/2026:21:01:35 +0800] "GET /wp-includes/js/dist/i18n.min.js HTTP/1.1" 200 4547 "https://www.tkjh.ilc.edu.tw/" "Mozilla/5.0 (iPhone; CPU iPhone OS 18_7 like Mac OS X) AppleWebKit/605.1.15 (KHTML, like Gecko) Version/26.5.2 Mobile/15E148 Safari/604.1"
2401:e180:8c30:1194:bccd:9a85:9a04:9df1 - - [26/Aug/2026:21:01:35 +0800] "GET /wp-content/plugins/elementor/assets/lib/waypoints/waypoints.min.js HTTP/1.1" 200 3873 "https://www.tkjh.ilc.edu.tw/" "Mozilla/5.0 (iPhone; CPU iPhone OS 18_7 like Mac OS X) AppleWebKit/605.1.15 (KHTML, like Gecko) Version/26.5.2 Mobile/15E148 Safari/604.1"
2401:e180:8c30:1194:bccd:9a85:9a04:9df1 - - [26/Aug/2026:21:01:35 +0800] "GET /wp-content/plugins/elementor-pro/assets/js/frontend.min.js HTTP/1.1" 200 7574 "https://www.tkjh.ilc.edu.tw/" "Mozilla/5.0 (iPhone; CPU iPhone OS 18_7 like Mac OS X) AppleWebKit/605.1.15 (KHTML, like Gecko) Version/26.5.2 Mobile/15E148 Safari/604.1"
2401:e180:8c30:1194:bccd:9a85:9a04:9df1 - - [26/Aug/2026:21:01:35 +0800] "GET /wp-content/plugins/elementor/assets/js/frontend.min.js HTTP/1.1" 200 13169 "https://www.tkjh.ilc.edu.tw/" "Mozilla/5.0 (iPhone; CPU iPhone OS 18_7 like Mac OS X) AppleWebKit/605.1.15 (KHTML, like Gecko) Version/26.5.2 Mobile/15E148 Safari/604.1"
2401:e180:8c30:1194:bccd:9a85:9a04:9df1 - - [26/Aug/2026:21:01:35 +0800] "GET /wp-content/plugins/elementor-pro/assets/js/elements-handlers.min.js HTTP/1.1" 200 10882 "https://www.tkjh.ilc.edu.tw/" "Mozilla/5.0 (iPhone; CPU iPhone OS 18_7 like Mac OS X) AppleWebKit/605.1.15 (KHTML, like Gecko) Version/26.5.2 Mobile/15E148 Safari/604.1"
2401:e180:8c30:1194:bccd:9a85:9a04:9df1 - - [26/Aug/2026:21:01:35 +0800] "GET /wp-content/uploads/sites/888/2019/07/108.7.30-banner.jpg HTTP/1.1" 200 478174 "https://www.tkjh.ilc.edu.tw/" "Mozilla/5.0 (iPhone; CPU iPhone OS 18_7 like Mac OS X) AppleWebKit/605.1.15 (KHTML, like Gecko) Version/26.5.2 Mobile/15E148 Safari/604.1"
2401:e180:8c30:1194:bccd:9a85:9a04:9df1 - - [26/Aug/2026:21:01:35 +0800] "GET /wp-content/uploads/sites/888/2023/03/1111104-60-LOGO-1024x626.jpg HTTP/1.1" 200 119194 "https://www.tkjh.ilc.edu.tw/" "Mozilla/5.0 (iPhone; CPU iPhone OS 18_7 like Mac OS X) AppleWebKit/605.1.15 (KHTML, like Gecko) Version/26.5.2 Mobile/15E148 Safari/604.1"
140.111.67.10 - - [26/Aug/2026:21:01:35 +0800] "GET /" 301 273 "-" "-"
2401:e180:8c30:1194:bccd:9a85:9a04:9df1 - - [26/Aug/2026:21:01:35 +0800] "GET /wp-content/plugins/elementor/assets/lib/eicons/fonts/eicons.woff2?5.30.0 HTTP/1.1" 200 98225 "https://www.tkjh.ilc.edu.tw/" "Mozilla/5.0 (iPhone; CPU iPhone OS 18_7 like Mac OS X) AppleWebKit/605.1.15 (KHTML, like Gecko) Version/26.5.2 Mobile/15E148 Safari/604.1"
2401:e180:8c30:1194:bccd:9a85:9a04:9df1 - - [26/Aug/2026:21:01:35 +0800] "GET /wp-content/plugins/elementor/assets/lib/swiper/v8/swiper.min.js?ver=8.4.5 HTTP/1.1" 200 40708 "https://www.tkjh.ilc.edu.tw/" "Mozilla/5.0 (iPhone; CPU iPhone OS 18_7 like Mac OS X) AppleWebKit/605.1.15 (KHTML, like Gecko) Version/26.5.2 Mobile/15E148 Safari/604.1"
2401:e180:8c30:1194:bccd:9a85:9a04:9df1 - - [26/Aug/2026:21:01:35 +0800] "GET /wp-content/uploads/sites/888/2026/08/115%E6%A6%AE%E8%AD%BD%E6%A6%9C%E6%A8%A1%E6%9D%BF-%E7%99%BC%E6%98%8E%E5%B1%95.png HTTP/1.1" 200 1582164 "https://www.tkjh.ilc.edu.tw/" "Mozilla/5.0 (iPhone; CPU iPhone OS 18_7 like Mac OS X) AppleWebKit/605.1.15 (KHTML, like Gecko) Version/26.5.2 Mobile/15E148 Safari/604.1"
66.249.71.38 - - [26/Aug/2026:21:01:36 +0800] "GET /26362/2013/09/16/%E6%81%AD%E5%96%9C%EF%BC%81/ HTTP/1.1" 200 22335 "-" "Mozilla/5.0 (Linux; Android 6.0.1; Nexus 5X Build/MMB29P) AppleWebKit/537.36 (KHTML, like Gecko) Chrome/151.0.7922.173 Mobile Safari/537.36 (compatible; Googlebot/2.1; +http://www.google.com/bot.html)"
2401:e180:8c30:1194:bccd:9a85:9a04:9df1 - - [26/Aug/2026:21:01:36 +0800] "GET /wp-content/uploads/sites/888/2026/07/115%E7%89%B9%E6%AE%8A%E5%84%AA%E8%89%AF%E6%95%99%E5%B8%AB.png HTTP/1.1" 200 1164955 "https://www.tkjh.ilc.edu.tw/" "Mozilla/5.0 (iPhone; CPU iPhone OS 18_7 like Mac OS X) AppleWebKit/605.1.15 (KHTML, like Gecko) Version/26.5.2 Mobile/15E148 Safari/604.1"
2401:e180:8c30:1194:bccd:9a85:9a04:9df1 - - [26/Aug/2026:21:01:35 +0800] "GET /wp-content/uploads/sites/888/2026/08/115%E6%A6%AE%E8%AD%BD%E6%A6%9C%E6%A8%A1%E6%9D%BF-%E8%98%AD%E9%A6%A8%E7%8D%8E.png HTTP/1.1" 200 1201655 "https://www.tkjh.ilc.edu.tw/" "Mozilla/5.0 (iPhone; CPU iPhone OS 18_7 like Mac OS X) AppleWebKit/605.1.15 (KHTML, like Gecko) Version/26.5.2 Mobile/15E148 Safari/604.1"
216.73.217.64 - - [26/Aug/2026:21:01:37 +0800] "GET /9536/?p=54543 HTTP/1.1" 301 5840 "-" "Mozilla/5.0 AppleWebKit/537.36 (KHTML, like Gecko; compatible; ClaudeBot/1.0; +claudebot@anthropic.com)"
216.73.217.64 - - [26/Aug/2026:21:01:37 +0800] "GET /9536/2007/02/06/%e7%a4%be%e5%8d%80%e6%97%a5%e6%9b%86-%e5%bb%a3%e8%88%88%e7%a4%be%e5%8d%80-%e7%be%8e%e9%ba%97%e5%81%a5%e5%ba%b7%e7%9a%84%e7%a4%be%e5%8d%80%e5%9c%98%e9%9a%8a/ HTTP/1.1" 200 14178 "https://2blog.ilc.edu.tw/9536/?p=54543" "Mozilla/5.0 AppleWebKit/537.36 (KHTML, like Gecko; compatible; ClaudeBot/1.0; +claudebot@anthropic.com)"
216.73.217.64 - - [26/Aug/2026:21:01:37 +0800] "GET /9536/?p=54539 HTTP/1.1" 301 1010 "-" "Mozilla/5.0 AppleWebKit/537.36 (KHTML, like Gecko; compatible; ClaudeBot/1.0; +claudebot@anthropic.com)"
2001:b400:e28e:2c88:c452:4aff:fec0:b42a - - [26/Aug/2026:21:01:37 +0800] "GET /ltjh/wp-content/uploads/sites/411/2019/04/cropped-slide_7_1.jpg HTTP/1.1" 200 70102 "https://www.ltjh.ilc.edu.tw/?page_id=154" "Mozilla/5.0 (Linux; Android 10; K) AppleWebKit/537.36 (KHTML, like Gecko) Chrome/151.0.0.0 Mobile Safari/537.36"
216.73.217.64 - - [26/Aug/2026:21:01:37 +0800] "GET /9536/2007/02/04/%e7%a4%be%e5%8d%80%e6%97%a5%e6%9b%86-%e5%bb%a3%e8%88%88%e7%a4%be%e5%8d%80-%e5%8d%81%e5%85%ab%e5%bc%8f%e6%b0%a3%e5%8a%9f/ HTTP/1.1" 200 9412 "https://2blog.ilc.edu.tw/9536/?p=54539" "Mozilla/5.0 AppleWebKit/537.36 (KHTML, like Gecko; compatible; ClaudeBot/1.0; +claudebot@anthropic.com)"
2001:b400:e28e:2c88:c452:4aff:fec0:b42a - - [26/Aug/2026:21:01:37 +0800] "GET /ltjh/wp-content/uploads/sites/411/2019/08/ltjh_fans.jpg HTTP/1.1" 200 13342 "https://www.ltjh.ilc.edu.tw/?page_id=154" "Mozilla/5.0 (Linux; Android 10; K) AppleWebKit/537.36 (KHTML, like Gecko) Chrome/151.0.0.0 Mobile Safari/537.36"
66.249.79.163 - - [26/Aug/2026:21:01:37 +0800] "POST /yilankindergartentest/wp-json/ilc-summary/v1/popular-posts HTTP/1.1" 201 6068 "https://2blog.ilc.edu.tw/yilankindergartentest/2023/09/21/%E5%A4%A7%E8%B1%A1%E5%B9%BC%E5%85%92%E5%9C%92112%E5%AD%B8%E5%B9%B4%E5%BA%A6%E4%B8%8A%E5%AD%B8%E6%9C%9F%E9%98%B2%E7%81%BD%E6%BC%94%E7%B7%B4%E8%85%B3%E6%9C%AC%E8%87%AA%E8%A9%95%E8%A1%A8/" "Mozilla/5.0 (Linux; Android 6.0.1; Nexus 5X Build/MMB29P) AppleWebKit/537.36 (KHTML, like Gecko) Chrome/151.0.7922.173 Mobile Safari/537.36 (compatible; Googlebot/2.1; +http://www.google.com/bot.html)"
34.30.223.149 - - [26/Aug/2026:21:01:37 +0800] "GET /amy6998/wp-json/wp/v2/posts/27196 HTTP/1.1" 200 10145 "-" "Mozilla/5.0 (Macintosh; Intel Mac OS X 10_15_7) AppleWebKit/537.36 (KHTML, like Gecko) Chrome/120.0.0.0 Safari/537.36"
216.73.217.64 - - [26/Aug/2026:21:01:37 +0800] "GET /9536/?p=54559 HTTP/1.1" 301 917 "-" "Mozilla/5.0 AppleWebKit/537.36 (KHTML, like Gecko; compatible; ClaudeBot/1.0; +claudebot@anthropic.com)"
2401:e180:8c30:1194:bccd:9a85:9a04:9df1 - - [26/Aug/2026:21:01:37 +0800] "GET /wp-content/uploads/sites/888/2026/03/114%E5%8F%A3%E7%90%B4%E5%90%88%E5%A5%8F%E5%85%A8%E5%9C%8B%E7%89%B9%E5%84%AA.png HTTP/1.1" 200 1566535 "https://www.tkjh.ilc.edu.tw/" "Mozilla/5.0 (iPhone; CPU iPhone OS 18_7 like Mac OS X) AppleWebKit/605.1.15 (KHTML, like Gecko) Version/26.5.2 Mobile/15E148 Safari/604.1"
2001:288:a201::66:125 - - [26/Aug/2026:21:01:38 +0800] "GET /blog/active.php HTTP/1.1" 404 1084 "-" "-"
2001:288:a201::66:125 - - [26/Aug/2026:21:01:38 +0800] "GET /blog/active.php HTTP/1.1" 301 1026 "-" "-"
216.73.217.64 - - [26/Aug/2026:21:01:38 +0800] "GET /9536/2007/02/14/%e7%a4%be%e5%8d%80%e6%97%a5%e6%9b%86-%e5%bb%a3%e8%88%88%e7%a4%be%e5%8d%80-%e5%b7%a5%e6%a5%ad%e6%8a%80%e8%a1%93%e4%ba%ba%e6%89%8d%e7%9a%84%e6%90%96%e7%b1%83/ HTTP/1.1" 200 9589 "https://2blog.ilc.edu.tw/9536/?p=54559" "Mozilla/5.0 AppleWebKit/537.36 (KHTML, like Gecko; compatible; ClaudeBot/1.0; +claudebot@anthropic.com)"
216.73.217.64 - - [26/Aug/2026:21:01:38 +0800] "GET /9536/?p=54545 HTTP/1.1" 301 1211 "-" "Mozilla/5.0 AppleWebKit/537.36 (KHTML, like Gecko; compatible; ClaudeBot/1.0; +claudebot@anthropic.com)"
54.225.148.123 - - [26/Aug/2026:21:01:38 +0800] "GET /6423/wp-json/wp/v2/categories/3 HTTP/1.1" 200 6609 "-" "Mozilla/5.0 AppleWebKit/537.36 (KHTML, like Gecko; compatible; Amazonbot/0.1; +https://developer.amazon.com/support/amazonbot) Chrome/119.0.6045.214 Safari/537.36"
216.73.217.64 - - [26/Aug/2026:21:01:38 +0800] "GET /9536/2007/02/07/%e7%a4%be%e5%8d%80%e6%97%a5%e6%9b%86-%e5%bb%a3%e8%88%88%e7%a4%be%e5%8d%80-%e5%bb%a3%e5%9c%b0%e5%bf%85%e8%88%88/ HTTP/1.1" 200 9470 "https://2blog.ilc.edu.tw/9536/?p=54545" "Mozilla/5.0 AppleWebKit/537.36 (KHTML, like Gecko; compatible; ClaudeBot/1.0; +claudebot@anthropic.com)"
2401:e180:8c30:1194:bccd:9a85:9a04:9df1 - - [26/Aug/2026:21:01:36 +0800] "GET /wp-content/uploads/sites/888/2026/05/114%E9%96%B1%E8%AE%80%E7%8D%8E.png HTTP/1.1" 200 1601192 "https://www.tkjh.ilc.edu.tw/" "Mozilla/5.0 (iPhone; CPU iPhone OS 18_7 like Mac OS X) AppleWebKit/605.1.15 (KHTML, like Gecko) Version/26.5.2 Mobile/15E148 Safari/604.1"
2401:e180:8c30:1194:bccd:9a85:9a04:9df1 - - [26/Aug/2026:21:01:36 +0800] "GET /wp-content/uploads/sites/888/2026/07/115%E7%B7%9A%E4%B8%8A%E9%96%B1%E8%AE%80%E7%89%B9%E5%84%AA.png HTTP/1.1" 200 1605494 "https://www.tkjh.ilc.edu.tw/" "Mozilla/5.0 (iPhone; CPU iPhone OS 18_7 like Mac OS X) AppleWebKit/605.1.15 (KHTML, like Gecko) Version/26.5.2 Mobile/15E148 Safari/604.1"
2401:e180:8c30:1194:bccd:9a85:9a04:9df1 - - [26/Aug/2026:21:01:37 +0800] "GET /wp-content/uploads/sites/888/2026/04/114%E8%AE%80%E8%80%85%E5%8A%87%E5%A0%B4.png HTTP/1.1" 200 1708348 "https://www.tkjh.ilc.edu.tw/" "Mozilla/5.0 (iPhone; CPU iPhone OS 18_7 like Mac OS X) AppleWebKit/605.1.15 (KHTML, like Gecko) Version/26.5.2 Mobile/15E148 Safari/604.1"
2001:4860:7:810::ff - - [26/Aug/2026:21:01:38 +0800] "GET /1003/2013/07/29/%E7%8F%AD%E7%B4%9A%E7%B6%93%E7%87%9F%E5%B0%8F%E4%B8%80%E9%96%8B%E5%AD%B8%E7%9A%84%E7%9C%89%E7%9C%89%E8%A7%92%E8%A7%92/ HTTP/1.1" 200 23128 "https://www.google.com/" "Mozilla/5.0 (Windows NT 10.0; Win64; x64) AppleWebKit/537.36 (KHTML, like Gecko) Chrome/151.0.0.0 Safari/537.36"
66.249.79.165 - - [26/Aug/2026:21:01:38 +0800] "POST /ksespreschool/wp-json/ilc-summary/v1/popular-posts HTTP/1.1" 201 6060 "https://2blog.ilc.edu.tw/ksespreschool/2024/03/01/113%E5%B9%B43%E6%9C%88%E9%A4%90%E9%BB%9E%E8%A1%A8/" "Mozilla/5.0 (Linux; Android 6.0.1; Nexus 5X Build/MMB29P) AppleWebKit/537.36 (KHTML, like Gecko) Chrome/151.0.7922.173 Mobile Safari/537.36 (compatible; Googlebot/2.1; +http://www.google.com/bot.html)"
216.73.217.64 - - [26/Aug/2026:21:01:38 +0800] "GET /9536/?p=54550 HTTP/1.1" 301 899 "-" "Mozilla/5.0 AppleWebKit/537.36 (KHTML, like Gecko; compatible; ClaudeBot/1.0; +claudebot@anthropic.com)"
2401:e180:8c30:1194:bccd:9a85:9a04:9df1 - - [26/Aug/2026:21:01:37 +0800] "GET /wp-content/uploads/sites/888/2026/03/114%E7%A7%91%E6%8A%80%E7%AB%B6%E8%B3%BD.png HTTP/1.1" 200 1448388 "https://www.tkjh.ilc.edu.tw/" "Mozilla/5.0 (iPhone; CPU iPhone OS 18_7 like Mac OS X) AppleWebKit/605.1.15 (KHTML, like Gecko) Version/26.5.2 Mobile/15E148 Safari/604.1"
2401:e180:8c30:1194:bccd:9a85:9a04:9df1 - - [26/Aug/2026:21:01:37 +0800] "GET /wp-content/uploads/sites/888/2026/03/114%E8%88%9E%E8%B9%88%E5%85%A8%E5%9C%8B%E8%B3%BD.jpg HTTP/1.1" 200 883781 "https://www.tkjh.ilc.edu.tw/" "Mozilla/5.0 (iPhone; CPU iPhone OS 18_7 like Mac OS X) AppleWebKit/605.1.15 (KHTML, like Gecko) Version/26.5.2 Mobile/15E148 Safari/604.1"
216.73.217.64 - - [26/Aug/2026:21:01:39 +0800] "GET /9536/2007/02/09/%e7%a4%be%e5%8d%80%e6%97%a5%e6%9b%86-%e5%bb%a3%e8%88%88%e7%a4%be%e5%8d%80-%e7%b6%a0%e8%94%ad%e9%81%ae%e5%a4%a9%e7%9a%84%e5%a4%a7%e6%a8%b9/ HTTP/1.1" 200 9461 "https://2blog.ilc.edu.tw/9536/?p=54550" "Mozilla/5.0 AppleWebKit/537.36 (KHTML, like Gecko; compatible; ClaudeBot/1.0; +claudebot@anthropic.com)"
2401:e180:8c30:1194:bccd:9a85:9a04:9df1 - - [26/Aug/2026:21:01:39 +0800] "GET /wp-content/uploads/sites/888/2025/11/S__4079629_0.jpg HTTP/1.1" 200 339900 "https://www.tkjh.ilc.edu.tw/" "Mozilla/5.0 (iPhone; CPU iPhone OS 18_7 like Mac OS X) AppleWebKit/605.1.15 (KHTML, like Gecko) Version/26.5.2 Mobile/15E148 Safari/604.1"
184.73.167.217 - - [26/Aug/2026:21:01:39 +0800] "GET /wp-content/uploads/sites/3572/2023/04/?C=N;O%3DD HTTP/1.1" 200 1114 "-" "Mozilla/5.0 AppleWebKit/537.36 (KHTML, like Gecko; compatible; Amazonbot/0.1; +https://developer.amazon.com/support/amazonbot) Chrome/119.0.6045.214 Safari/537.36"
2401:e180:8c30:1194:bccd:9a85:9a04:9df1 - - [26/Aug/2026:21:01:39 +0800] "GET /wp-content/uploads/sites/888/2025/11/114%E5%85%AC%E7%9B%8A%E8%A1%8C%E5%8B%95.png HTTP/1.1" 200 1087798 "https://www.tkjh.ilc.edu.tw/" "Mozilla/5.0 (iPhone; CPU iPhone OS 18_7 like Mac OS X) AppleWebKit/605.1.15 (KHTML, like Gecko) Version/26.5.2 Mobile/15E148 Safari/604.1"
54.84.147.79 - - [26/Aug/2026:21:01:39 +0800] "GET /wp-content/uploads/sites/2518/6572/6572-3243952.jpg HTTP/1.1" 200 154316 "-" "Mozilla/5.0 AppleWebKit/537.36 (KHTML, like Gecko; compatible; Amazonbot/0.1; +https://developer.amazon.com/support/amazonbot) Chrome/119.0.6045.214 Safari/537.36"
66.249.79.163 - - [26/Aug/2026:21:01:40 +0800] "POST /26362/wp-json/ilc-summary/v1/popular-posts HTTP/1.1" 201 1270 "https://2blog.ilc.edu.tw/26362/2013/09/16/%E6%81%AD%E5%96%9C%EF%BC%81/" "Mozilla/5.0 (Linux; Android 6.0.1; Nexus 5X Build/MMB29P) AppleWebKit/537.36 (KHTML, like Gecko) Chrome/151.0.7922.173 Mobile Safari/537.36 (compatible; Googlebot/2.1; +http://www.google.com/bot.html)"
140.111.67.10 - - [26/Aug/2026:21:01:40 +0800] "GET /" 301 273 "-" "-"
66.249.79.163 - - [26/Aug/2026:21:01:41 +0800] "GET /26362/wp-content/cache/2blog.ilc.edu.tw/wpfc-minified/fe2cwgem/5wp3o.css HTTP/1.1" 200 4324 "https://2blog.ilc.edu.tw/26362/2013/09/16/%E6%81%AD%E5%96%9C%EF%BC%81/" "Mozilla/5.0 (Linux; Android 6.0.1; Nexus 5X Build/MMB29P) AppleWebKit/537.36 (KHTML, like Gecko) Chrome/151.0.7922.173 Mobile Safari/537.36 (compatible; Googlebot/2.1; +http://www.google.com/bot.html)"
::1 - - [26/Aug/2026:21:01:41 +0800] "OPTIONS * HTTP/1.0" 200 110 "-" "Apache/2.4.68 (Ubuntu) OpenSSL/3.0.19 (internal dummy connection)"
2401:e180:8c30:1194:bccd:9a85:9a04:9df1 - - [26/Aug/2026:21:01:40 +0800] "GET /wp-content/uploads/sites/888/2025/11/114%E7%99%BC%E6%98%8E%E5%B1%95.png HTTP/1.1" 200 2408247 "https://www.tkjh.ilc.edu.tw/" "Mozilla/5.0 (iPhone; CPU iPhone OS 18_7 like Mac OS X) AppleWebKit/605.1.15 (KHTML, like Gecko) Version/26.5.2 Mobile/15E148 Safari/604.1"
2401:e180:8c30:1194:bccd:9a85:9a04:9df1 - - [26/Aug/2026:21:01:39 +0800] "GET /wp-content/uploads/sites/888/2025/11/114%E5%9C%8B%E6%A8%82%E5%84%AA%E8%89%AF.png HTTP/1.1" 200 2621059 "https://www.tkjh.ilc.edu.tw/" "Mozilla/5.0 (iPhone; CPU iPhone OS 18_7 like Mac OS X) AppleWebKit/605.1.15 (KHTML, like Gecko) Version/26.5.2 Mobile/15E148 Safari/604.1"
2401:e180:8c30:1194:bccd:9a85:9a04:9df1 - - [26/Aug/2026:21:01:39 +0800] "GET /wp-content/uploads/sites/888/2025/11/114%E5%8E%9F%E4%BD%8F%E6%B0%91%E6%96%87%E5%8C%96%E7%A4%BE%E5%9C%98.png HTTP/1.1" 200 2999353 "https://www.tkjh.ilc.edu.tw/" "Mozilla/5.0 (iPhone; CPU iPhone OS 18_7 like Mac OS X) AppleWebKit/605.1.15 (KHTML, like Gecko) Version/26.5.2 Mobile/15E148 Safari/604.1"
2407:4b00:4c0d:252:68d6:cde2:6171:2abf - - [26/Aug/2026:21:01:42 +0800] "-" 408 4804 "-" "-"
2407:4b00:4c0d:252:68d6:cde2:6171:2abf - - [26/Aug/2026:21:01:42 +0800] "-" 408 4804 "-" "-"
2401:e180:8c30:1194:bccd:9a85:9a04:9df1 - - [26/Aug/2026:21:01:39 +0800] "GET /wp-content/uploads/sites/888/2025/11/114%E7%B5%B2%E7%AB%B9%E5%84%AA%E8%89%AF.png HTTP/1.1" 200 2404954 "https://www.tkjh.ilc.edu.tw/" "Mozilla/5.0 (iPhone; CPU iPhone OS 18_7 like Mac OS X) AppleWebKit/605.1.15 (KHTML, like Gecko) Version/26.5.2 Mobile/15E148 Safari/604.1"
49.159.183.237 - - [26/Aug/2026:21:01:42 +0800] "-" 408 0 "-" "-"
49.159.183.237 - - [26/Aug/2026:21:01:42 +0800] "-" 408 0 "-" "-"
2001:288:a201::66:125 - - [26/Aug/2026:21:01:43 +0800] "GET /blog/active.php HTTP/1.1" 301 1026 "-" "-"
2001:288:a201::66:125 - - [26/Aug/2026:21:01:43 +0800] "GET /blog/active.php HTTP/1.1" 404 1084 "-" "-"
2401:e180:8c30:1194:bccd:9a85:9a04:9df1 - - [26/Aug/2026:21:01:39 +0800] "GET /wp-content/uploads/sites/888/2026/01/115%E7%99%BC%E6%98%8E%E5%B1%95%E7%8D%B2%E7%8D%8E.png HTTP/1.1" 200 1949026 "https://www.tkjh.ilc.edu.tw/" "Mozilla/5.0 (iPhone; CPU iPhone OS 18_7 like Mac OS X) AppleWebKit/605.1.15 (KHTML, like Gecko) Version/26.5.2 Mobile/15E148 Safari/604.1"
::1 - - [26/Aug/2026:21:01:43 +0800] "OPTIONS * HTTP/1.0" 200 110 "-" "Apache/2.4.68 (Ubuntu) OpenSSL/3.0.19 (internal dummy connection)"
66.249.79.129 - - [26/Aug/2026:21:01:42 +0800] "GET /wp-login.php?action=ilc_logout&_wpnonce=43754d0aad&redirect_to=http://ipkzashita.ru/gallery/80461/ HTTP/1.1" 302 3442 "-" "Mozilla/5.0 (Linux; Android 6.0.1; Nexus 5X Build/MMB29P) AppleWebKit/537.36 (KHTML, like Gecko) Chrome/151.0.7922.173 Mobile Safari/537.36 (compatible; GoogleOther)"
::1 - - [26/Aug/2026:21:01:44 +0800] "OPTIONS * HTTP/1.0" 200 110 "-" "Apache/2.4.68 (Ubuntu) OpenSSL/3.0.19 (internal dummy connection)"
2a03:2880:25ff:: - - [26/Aug/2026:21:01:45 +0800] "GET /blog/gallery/29301/29301-3928061.jpg HTTP/1.1" 301 1105 "-" "facebookexternalhit/1.1 (+http://www.facebook.com/externalhit_uatext.php)"
::1 - - [26/Aug/2026:21:01:45 +0800] "OPTIONS * HTTP/1.0" 200 110 "-" "Apache/2.4.68 (Ubuntu) OpenSSL/3.0.19 (internal dummy connection)"
140.111.67.10 - - [26/Aug/2026:21:01:45 +0800] "GET /" 301 273 "-" "-"
2a03:2880:25ff:: - - [26/Aug/2026:21:01:45 +0800] "GET /blog/gallery/29301/29301-3928061.jpg HTTP/1.1" 404 25478 "-" "facebookexternalhit/1.1 (+http://www.facebook.com/externalhit_uatext.php)"
173.252.87.6 - - [26/Aug/2026:21:01:45 +0800] "GET /blog/gallery/29301/29301-3928061.jpg HTTP/1.1" 404 25478 "-" "facebookexternalhit/1.1 (+http://www.facebook.com/externalhit_uatext.php)"
34.227.156.153 - - [26/Aug/2026:21:01:46 +0800] "GET /32745/wp-json/oembed/1.0/embed?format=xml&url=https://2blog.ilc.edu.tw/32745/2022/05/31/%25e6%2589%25af%25e4%25ba%2588%25e9%259b%25a2/ HTTP/1.1" 200 7291 "-" "Mozilla/5.0 AppleWebKit/537.36 (KHTML, like Gecko; compatible; Amazonbot/0.1; +https://developer.amazon.com/support/amazonbot) Chrome/119.0.6045.214 Safari/537.36"
::1 - - [26/Aug/2026:21:01:46 +0800] "OPTIONS * HTTP/1.0" 200 110 "-" "Apache/2.4.68 (Ubuntu) OpenSSL/3.0.19 (internal dummy connection)"
161.153.113.113 - - [26/Aug/2026:21:01:47 +0800] "GET /wp-login.php?action=ilc_logout&_wpnonce=020ea612b9&redirect_to=https://prat.uk/funny-news-this-week/ HTTP/1.1" 302 8201 "-" "Mozilla/5.0 (X11; Linux x86_64) AppleWebKit/537.36 (KHTML, like Gecko) Chrome/126.0.0.0 Safari/537.36 (compatible; AionBot/1.0)"
::1 - - [26/Aug/2026:21:01:47 +0800] "OPTIONS * HTTP/1.0" 200 110 "-" "Apache/2.4.68 (Ubuntu) OpenSSL/3.0.19 (internal dummy connection)"
34.30.223.149 - - [26/Aug/2026:21:01:47 +0800] "GET /32745/wp-json/wp/v2/posts/100878 HTTP/1.1" 200 8582 "-" "Mozilla/5.0 (Macintosh; Intel Mac OS X 10_15_7) AppleWebKit/537.36 (KHTML, like Gecko) Chrome/120.0.0.0 Safari/537.36"
2001:288:a201::66:125 - - [26/Aug/2026:21:01:48 +0800] "GET /blog/active.php HTTP/1.1" 301 1026 "-" "-"
2001:288:a201::66:125 - - [26/Aug/2026:21:01:48 +0800] "GET /blog/active.php HTTP/1.1" 404 1084 "-" "-"
216.73.217.64 - - [26/Aug/2026:21:01:48 +0800] "GET /9536/?p=54551 HTTP/1.1" 301 5831 "-" "Mozilla/5.0 AppleWebKit/537.36 (KHTML, like Gecko; compatible; ClaudeBot/1.0; +claudebot@anthropic.com)"
::1 - - [26/Aug/2026:21:01:48 +0800] "OPTIONS * HTTP/1.0" 200 110 "-" "Apache/2.4.68 (Ubuntu) OpenSSL/3.0.19 (internal dummy connection)"
216.73.217.64 - - [26/Aug/2026:21:01:48 +0800] "GET /4950/author/rainlan/page/20/ HTTP/1.1" 200 11690 "-" "Mozilla/5.0 AppleWebKit/537.36 (KHTML, like Gecko; compatible; ClaudeBot/1.0; +claudebot@anthropic.com)"
216.73.217.64 - - [26/Aug/2026:21:01:48 +0800] "GET /9536/2007/02/10/%e7%a4%be%e5%8d%80%e6%97%a5%e6%9b%86-%e5%bb%a3%e8%88%88%e7%a4%be%e5%8d%80-%e4%bd%9b%e6%95%99%e8%81%96%e5%9c%b0%ef%bc%8d%e7%99%bd%e8%93%ae%e5%af%ba/ HTTP/1.1" 200 10212 "https://2blog.ilc.edu.tw/9536/?p=54551" "Mozilla/5.0 AppleWebKit/537.36 (KHTML, like Gecko; compatible; ClaudeBot/1.0; +claudebot@anthropic.com)"
34.10.180.98 - - [26/Aug/2026:21:01:48 +0800] "GET /6538/author/lien/page/4/ HTTP/1.1" 200 14864 "-" "Mozilla/5.0 (Macintosh; Intel Mac OS X 10_15_7) AppleWebKit/537.36 (KHTML, like Gecko) Chrome/120.0.0.0 Safari/537.36"
216.73.217.64 - - [26/Aug/2026:21:01:49 +0800] "GET /9536/?p=54561 HTTP/1.1" 301 5711 "-" "Mozilla/5.0 AppleWebKit/537.36 (KHTML, like Gecko; compatible; ClaudeBot/1.0; +claudebot@anthropic.com)"
216.73.217.64 - - [26/Aug/2026:21:01:49 +0800] "GET /9536/2007/02/15/%e7%a4%be%e5%8d%80%e6%97%a5%e6%9b%86-%e5%bb%a3%e8%88%88%e7%a4%be%e5%8d%80-%e5%9f%b9%e8%82%b2%e8%8b%b1%e6%89%8d%ef%bc%8d%e5%bb%a3%e8%88%88%e5%9c%8b%e5%b0%8f/ HTTP/1.1" 200 9536 "https://2blog.ilc.edu.tw/9536/?p=54561" "Mozilla/5.0 AppleWebKit/537.36 (KHTML, like Gecko; compatible; ClaudeBot/1.0; +claudebot@anthropic.com)"
::1 - - [26/Aug/2026:21:01:49 +0800] "OPTIONS * HTTP/1.0" 200 110 "-" "Apache/2.4.68 (Ubuntu) OpenSSL/3.0.19 (internal dummy connection)"
216.73.217.64 - - [26/Aug/2026:21:01:50 +0800] "GET /9536/?p=55795 HTTP/1.1" 301 945 "-" "Mozilla/5.0 AppleWebKit/537.36 (KHTML, like Gecko; compatible; ClaudeBot/1.0; +claudebot@anthropic.com)"
216.73.217.64 - - [26/Aug/2026:21:01:50 +0800] "GET /9536/2010/06/04/%e7%a4%be%e5%8d%80%e6%97%a5%e6%9b%86-%e5%90%8c%e6%a8%82%e7%a4%be%e5%8d%80-%e6%95%ac%e8%80%81%e5%b4%87%e5%ad%9d-%e7%9b%b8%e6%84%9b%e4%b9%9d%e4%b9%9d%e5%81%a5%e5%ba%b7%e4%b9%85%e4%b9%85/ HTTP/1.1" 200 9751 "https://2blog.ilc.edu.tw/9536/?p=55795" "Mozilla/5.0 AppleWebKit/537.36 (KHTML, like Gecko; compatible; ClaudeBot/1.0; +claudebot@anthropic.com)"
189.104.18.96 - - [26/Aug/2026:21:01:49 +0800] "GET /wp-content/uploads/sites/1869/20184/20184-3539977.jpg HTTP/1.1" 200 32103 "-" "Mozilla/5.0 (compatible; crawler)"
140.111.67.10 - - [26/Aug/2026:21:01:50 +0800] "GET /" 301 273 "-" "-"
::1 - - [26/Aug/2026:21:01:50 +0800] "OPTIONS * HTTP/1.0" 200 110 "-" "Apache/2.4.68 (Ubuntu) OpenSSL/3.0.19 (internal dummy connection)"
34.231.118.144 - - [26/Aug/2026:21:01:50 +0800] "GET /17160/wp-json/oembed/1.0/embed?format=xml&url=https://2blog.ilc.edu.tw/17160/2026/04/28/%25e3%2580%2590g5%25e3%2580%2591%25e5%25b0%2588%25e9%25a1%258c%25e7%25a0%2594%25e7%25a9%25b6-%25e6%2588%2590%25e6%259e%259c%25e7%2599%25bc%25e8%25a1%25a8%25e6%259c%2583-3/img_4884/ HTTP/1.1" 200 7296 "-" "Mozilla/5.0 AppleWebKit/537.36 (KHTML, like Gecko; compatible; Amazonbot/0.1; +https://developer.amazon.com/support/amazonbot) Chrome/119.0.6045.214 Safari/537.36"
216.73.217.64 - - [26/Aug/2026:21:01:49 +0800] "GET /32745/2020/08/page/71/ HTTP/1.1" 200 86359 "-" "Mozilla/5.0 AppleWebKit/537.36 (KHTML, like Gecko; compatible; ClaudeBot/1.0; +claudebot@anthropic.com)"
66.249.79.164 - - [26/Aug/2026:21:01:51 +0800] "GET /2341/2018/02/ HTTP/1.1" 200 13766 "-" "Mozilla/5.0 (Linux; Android 6.0.1; Nexus 5X Build/MMB29P) AppleWebKit/537.36 (KHTML, like Gecko) Chrome/151.0.7922.173 Mobile Safari/537.36 (compatible; Googlebot/2.1; +http://www.google.com/bot.html)"
::1 - - [26/Aug/2026:21:01:51 +0800] "OPTIONS * HTTP/1.0" 200 110 "-" "Apache/2.4.68 (Ubuntu) OpenSSL/3.0.19 (internal dummy connection)"
::1 - - [26/Aug/2026:21:01:52 +0800] "OPTIONS * HTTP/1.0" 200 110 "-" "Apache/2.4.68 (Ubuntu) OpenSSL/3.0.19 (internal dummy connection)"
23.21.225.190 - - [26/Aug/2026:21:01:51 +0800] "GET /wp-content/uploads/sites/2827/6513/6513-2776434.jpg HTTP/1.1" 200 7501 "-" "Mozilla/5.0 AppleWebKit/537.36 (KHTML, like Gecko; compatible; Amazonbot/0.1; +https://developer.amazon.com/support/amazonbot) Chrome/119.0.6045.214 Safari/537.36"
2407:4b00:4c0d:252:68d6:cde2:6171:2abf - - [26/Aug/2026:21:01:52 +0800] "-" 408 339 "-" "-"
2001:454e:c010:101::146 - - [26/Aug/2026:21:01:52 +0800] "GET / HTTP/1.1" 301 996 "-" "Mozilla/4.0 (compatible; MSIE 8.0; Windows NT 6.1)"
2001:454e:c010:101::146 - - [26/Aug/2026:21:01:52 +0800] "GET / HTTP/1.1" 301 996 "-" "Mozilla/4.0 (compatible; MSIE 8.0; Windows NT 6.1)"
2001:288:a201::66:125 - - [26/Aug/2026:21:01:53 +0800] "GET /blog/active.php HTTP/1.1" 301 1026 "-" "-"
2001:288:a201::66:125 - - [26/Aug/2026:21:01:53 +0800] "GET /blog/active.php HTTP/1.1" 404 1084 "-" "-"
66.249.79.163 - - [26/Aug/2026:21:01:53 +0800] "GET /5798/category/c-84898/page/22/ HTTP/1.1" 200 28010 "-" "Mozilla/5.0 (Linux; Android 6.0.1; Nexus 5X Build/MMB29P) AppleWebKit/537.36 (KHTML, like Gecko) Chrome/151.0.7922.173 Mobile Safari/537.36 (compatible; Googlebot/2.1; +http://www.google.com/bot.html)"
::1 - - [26/Aug/2026:21:01:53 +0800] "OPTIONS * HTTP/1.0" 200 110 "-" "Apache/2.4.68 (Ubuntu) OpenSSL/3.0.19 (internal dummy connection)"
::1 - - [26/Aug/2026:21:01:54 +0800] "OPTIONS * HTTP/1.0" 200 110 "-" "Apache/2.4.68 (Ubuntu) OpenSSL/3.0.19 (internal dummy connection)"
3.221.244.28 - - [26/Aug/2026:21:01:55 +0800] "GET /wp-content/uploads/sites/2827/6513/6513-2776472.jpg HTTP/1.1" 200 24278 "-" "Mozilla/5.0 AppleWebKit/537.36 (KHTML, like Gecko; compatible; Amazonbot/0.1; +https://developer.amazon.com/support/amazonbot) Chrome/119.0.6045.214 Safari/537.36"
::1 - - [26/Aug/2026:21:01:55 +0800] "OPTIONS * HTTP/1.0" 200 110 "-" "Apache/2.4.68 (Ubuntu) OpenSSL/3.0.19 (internal dummy connection)"
140.111.67.10 - - [26/Aug/2026:21:01:55 +0800] "GET /" 301 273 "-" "-"
129.146.79.72 - - [26/Aug/2026:21:01:55 +0800] "GET /2012/12/28/%E3%80%90%E6%9C%83%E8%AD%B0%E7%B4%80%E9%8C%84%E3%80%91%E5%AE%9C%E8%98%AD%E7%B8%A3%E6%95%99%E5%B8%AB%E8%81%B7%E6%A5%AD%E5%B7%A5%E6%9C%83%E7%AC%AC1%E5%B1%86%E7%AC%AC7%E6%AC%A1%E7%90%86%E4%BA%8B%E6%9C%83 HTTP/1.1" 301 5891 "-" "Mozilla/5.0 (X11; Linux aarch64) AppleWebKit/537.36 (KHTML, like Gecko) Chrome/139.0.0.0 Safari/537.36"
129.146.79.72 - - [26/Aug/2026:21:01:55 +0800] "GET /2012/12/28/%E3%80%90%E6%9C%83%E8%AD%B0%E7%B4%80%E9%8C%84%E3%80%91%E5%AE%9C%E8%98%AD%E7%B8%A3%E6%95%99%E5%B8%AB%E8%81%B7%E6%A5%AD%E5%B7%A5%E6%9C%83%E7%AC%AC1%E5%B1%86%E7%AC%AC7%E6%AC%A1%E7%90%86%E4%BA%8B%E6%9C%83/ HTTP/1.1" 200 11302 "https://ilta.ilc.edu.tw/2012/12/28/%E3%80%90%E6%9C%83%E8%AD%B0%E7%B4%80%E9%8C%84%E3%80%91%E5%AE%9C%E8%98%AD%E7%B8%A3%E6%95%99%E5%B8%AB%E8%81%B7%E6%A5%AD%E5%B7%A5%E6%9C%83%E7%AC%AC1%E5%B1%86%E7%AC%AC7%E6%AC%A1%E7%90%86%E4%BA%8B%E6%9C%83" "Mozilla/5.0 (X11; Linux aarch64) AppleWebKit/537.36 (KHTML, like Gecko) Chrome/139.0.0.0 Safari/537.36"
::1 - - [26/Aug/2026:21:01:56 +0800] "OPTIONS * HTTP/1.0" 200 110 "-" "Apache/2.4.68 (Ubuntu) OpenSSL/3.0.19 (internal dummy connection)"
2a03:2880:11ff:4:: - - [26/Aug/2026:21:01:56 +0800] "GET / HTTP/1.1" 200 101214 "-" "meta-externalagent/1.1 (+https://developers.facebook.com/docs/sharing/webmasters/crawler)"
114.24.236.4 - - [26/Aug/2026:21:01:56 +0800] "-" 408 4801 "-" "-"
114.24.236.4 - - [26/Aug/2026:21:01:56 +0800] "-" 408 4801 "-" "-"
2001:b400:e28e:2c88:c452:4aff:fec0:b42a - - [26/Aug/2026:21:01:57 +0800] "-" 408 4801 "-" "-"
::1 - - [26/Aug/2026:21:01:57 +0800] "OPTIONS * HTTP/1.0" 200 110 "-" "Apache/2.4.68 (Ubuntu) OpenSSL/3.0.19 (internal dummy connection)"
2001:b011:7801:f013:c12c:ff4:b328:fbe4 - - [26/Aug/2026:21:01:57 +0800] "-" 408 4801 "-" "-"
2001:288:a201::66:125 - - [26/Aug/2026:21:01:58 +0800] "GET /blog/active.php HTTP/1.1" 301 1026 "-" "-"
2001:288:a201::66:125 - - [26/Aug/2026:21:01:58 +0800] "GET /blog/active.php HTTP/1.1" 404 1084 "-" "-"
::1 - - [26/Aug/2026:21:01:58 +0800] "OPTIONS * HTTP/1.0" 200 110 "-" "Apache/2.4.68 (Ubuntu) OpenSSL/3.0.19 (internal dummy connection)"
::1 - - [26/Aug/2026:21:01:59 +0800] "OPTIONS * HTTP/1.0" 200 110 "-" "Apache/2.4.68 (Ubuntu) OpenSSL/3.0.19 (internal dummy connection)"
34.61.96.6 - - [26/Aug/2026:21:02:00 +0800] "GET /2025/09/26/114%E5%B9%B410%E6%9C%88%E4%BB%BD%E5%AD%B8%E6%A0%A1%E5%8D%88%E9%A4%90%E8%8F%9C%E5%96%AE%E5%85%AC%E5%91%8A/ HTTP/1.1" 200 29190 "-" "Mozilla/5.0 (Macintosh; Intel Mac OS X 10_15_7) AppleWebKit/537.36 (KHTML, like Gecko) Chrome/120.0.0.0 Safari/537.36"
178.171.81.165 - - [26/Aug/2026:21:02:00 +0800] "GET /6456/2010/09/28/%E5%BB%A2%E9%9B%BB%E6%B1%A0%E5%9B%9E%E6%94%B6%E8%BE%A6%E6%B3%95/ HTTP/1.1" 200 14344 "https://2blog.ilc.edu.tw/" "Mozilla/5.0 (Windows NT 10.0; Win64; x64) AppleWebKit/537.36 (KHTML, like Gecko) Chrome/151.0.0.0 Safari/537.36"
140.111.67.10 - - [26/Aug/2026:21:02:00 +0800] "GET /" 301 273 "-" "-"
::1 - - [26/Aug/2026:21:02:00 +0800] "OPTIONS * HTTP/1.0" 200 110 "-" "Apache/2.4.68 (Ubuntu) OpenSSL/3.0.19 (internal dummy connection)"
2001:288:a201::67:84 - - [26/Aug/2026:21:02:01 +0800] "GET / HTTP/1.1" 200 56291 "-" "curl/7.81.0"
2001:288:a201::67:82 - - [26/Aug/2026:21:02:01 +0800] "GET / HTTP/1.1" 200 56291 "-" "curl/7.81.0"
::1 - - [26/Aug/2026:21:02:01 +0800] "OPTIONS * HTTP/1.0" 200 110 "-" "Apache/2.4.68 (Ubuntu) OpenSSL/3.0.19 (internal dummy connection)"
128.241.75.74 - - [26/Aug/2026:21:02:01 +0800] "GET /6456/wp-content/cache/2blog.ilc.edu.tw/wpfc-minified/m9ny5wko/8by8b.css HTTP/1.1" 200 45680 "https://2blog.ilc.edu.tw/6456/2010/09/28/%E5%BB%A2%E9%9B%BB%E6%B1%A0%E5%9B%9E%E6%94%B6%E8%BE%A6%E6%B3%95/" "Mozilla/5.0 (iPhone; CPU iPhone OS 18_6 like Mac OS X) AppleWebKit/605.1.15 (KHTML, like Gecko) CriOS/150.0.0.0 Mobile/15E148 Safari/604.1"
2001:288:a201::67:85 - - [26/Aug/2026:21:02:01 +0800] "GET / HTTP/1.1" 200 56291 "-" "curl/7.81.0"
128.241.124.99 - - [26/Aug/2026:21:02:01 +0800] "GET /6456/wp-content/cache/2blog.ilc.edu.tw/wpfc-minified/f2rcszye/8by8b.css HTTP/1.1" 200 20774 "https://2blog.ilc.edu.tw/6456/2010/09/28/%E5%BB%A2%E9%9B%BB%E6%B1%A0%E5%9B%9E%E6%94%B6%E8%BE%A6%E6%B3%95/" "Mozilla/5.0 (iPhone; CPU iPhone OS 18_6 like Mac OS X) AppleWebKit/605.1.15 (KHTML, like Gecko) CriOS/150.0.0.0 Mobile/15E148 Safari/604.1"
128.241.124.99 - - [26/Aug/2026:21:02:02 +0800] "GET /6456/wp-content/cache/2blog.ilc.edu.tw/wpfc-minified/8xqm71to/8by8b.css HTTP/1.1" 200 11551 "https://2blog.ilc.edu.tw/6456/2010/09/28/%E5%BB%A2%E9%9B%BB%E6%B1%A0%E5%9B%9E%E6%94%B6%E8%BE%A6%E6%B3%95/" "Mozilla/5.0 (iPhone; CPU iPhone OS 18_6 like Mac OS X) AppleWebKit/605.1.15 (KHTML, like Gecko) CriOS/150.0.0.0 Mobile/15E148 Safari/604.1"
128.241.75.74 - - [26/Aug/2026:21:02:02 +0800] "GET /6456/wp-content/cache/2blog.ilc.edu.tw/wpfc-minified/eesca335/8by8b.css HTTP/1.1" 200 17636 "https://2blog.ilc.edu.tw/6456/2010/09/28/%E5%BB%A2%E9%9B%BB%E6%B1%A0%E5%9B%9E%E6%94%B6%E8%BE%A6%E6%B3%95/" "Mozilla/5.0 (iPhone; CPU iPhone OS 18_6 like Mac OS X) AppleWebKit/605.1.15 (KHTML, like Gecko) CriOS/150.0.0.0 Mobile/15E148 Safari/604.1"
128.241.124.99 - - [26/Aug/2026:21:02:02 +0800] "GET /6456/wp-content/cache/2blog.ilc.edu.tw/wpfc-minified/d4c7x5wb/8by8b.js HTTP/1.1" 200 35563 "https://2blog.ilc.edu.tw/6456/2010/09/28/%E5%BB%A2%E9%9B%BB%E6%B1%A0%E5%9B%9E%E6%94%B6%E8%BE%A6%E6%B3%95/" "Mozilla/5.0 (iPhone; CPU iPhone OS 18_6 like Mac OS X) AppleWebKit/605.1.15 (KHTML, like Gecko) CriOS/150.0.0.0 Mobile/15E148 Safari/604.1"
