2a09:bac2:5808:323::50:194 - - [26/Aug/2026:21:00:55 +0800] "GET /wp-content/uploads/sites/3846/2026/08/%E8%BE%B2%E6%A5%AD%E9%83%A8%E5%BB%A3%E5%91%8A.jpg HTTP/1.1" 304 5581 "https://it.ilc.edu.tw/" "Mozilla/5.0 (iPhone; CPU iPhone OS 18_7 like Mac OS X) AppleWebKit/605.1.15 (KHTML, like Gecko) Version/26.5.2 Mobile/15E148 Safari/604.1"
140.111.67.10 - - [26/Aug/2026:21:00:55 +0800] "GET /" 301 273 "-" "-"
2a09:bac2:5808:323::50:194 - - [26/Aug/2026:21:00:55 +0800] "GET /wp-content/uploads/sites/3846/2026/06/%E5%AE%A3%E5%82%B3%E5%9C%96%E7%89%87.png HTTP/1.1" 304 5581 "https://it.ilc.edu.tw/" "Mozilla/5.0 (iPhone; CPU iPhone OS 18_7 like Mac OS X) AppleWebKit/605.1.15 (KHTML, like Gecko) Version/26.5.2 Mobile/15E148 Safari/604.1"
66.249.71.33 - - [26/Aug/2026:21:00:55 +0800] "GET /wp-content/uploads/sites/1517/2022/09/cropped-%E6%88%AA%E5%9C%96-2022-09-01-15_0.59.21-180x180.png HTTP/1.1" 200 15039 "-" "Googlebot-Image/1.0"
34.61.96.6 - - [26/Aug/2026:21:00:55 +0800] "GET /6461/wp-json/oembed/1.0/embed?format=xml&url=https://2blog.ilc.edu.tw/6461/2013/12/01/102-%25e8%2587%25aa%25e8%25a9%2595%25e8%25a1%25a8-1/ HTTP/1.1" 200 6988 "-" "Mozilla/5.0 (Macintosh; Intel Mac OS X 10_15_7) AppleWebKit/537.36 (KHTML, like Gecko) Chrome/120.0.0.0 Safari/537.36"
2001:4860:7:410::f6 - - [26/Aug/2026:21:00:56 +0800] "GET /41336/12%E5%B9%B4%E5%9C%8B%E6%95%99%E8%BA%AB%E5%BF%83%E9%9A%9C%E7%A4%99%E7%9B%B8%E9%97%9C%E7%89%B9%E6%AE%8A%E9%9C%80%E6%B1%82%E9%A0%98%E5%9F%9F%E8%AA%B2%E7%B6%B1%E8%AA%B2%E7%A8%8B%E6%89%8B%E5%86%8A/ HTTP/1.1" 200 24396 "https://www.google.com/" "Mozilla/5.0 (Windows NT 10.0; Win64; x64) AppleWebKit/537.36 (KHTML, like Gecko) Chrome/151.0.0.0 Safari/537.36"
2407:4b00:1c0f:89d8:b0d5:de82:3770:72a4 - - [26/Aug/2026:21:00:56 +0800] "-" 408 339 "-" "-"
2407:4b00:1c0f:89d8:b0d5:de82:3770:72a4 - - [26/Aug/2026:21:00:56 +0800] "-" 408 339 "-" "-"
::1 - - [26/Aug/2026:21:00:56 +0800] "OPTIONS * HTTP/1.0" 200 110 "-" "Apache/2.4.68 (Ubuntu) OpenSSL/3.0.19 (internal dummy connection)"
34.30.223.149 - - [26/Aug/2026:21:00:56 +0800] "GET /?p=413 HTTP/1.1" 301 5882 "-" "Mozilla/5.0 (Macintosh; Intel Mac OS X 10_15_7) AppleWebKit/537.36 (KHTML, like Gecko) Chrome/120.0.0.0 Safari/537.36"
2001:288:a201::66:125 - - [26/Aug/2026:21:00:58 +0800] "GET /blog/active.php HTTP/1.1" 301 1026 "-" "-"
2001:288:a201::66:125 - - [26/Aug/2026:21:00:58 +0800] "GET /blog/active.php HTTP/1.1" 404 1084 "-" "-"
::1 - - [26/Aug/2026:21:00:58 +0800] "OPTIONS * HTTP/1.0" 200 110 "-" "Apache/2.4.68 (Ubuntu) OpenSSL/3.0.19 (internal dummy connection)"
44.206.93.215 - - [26/Aug/2026:21:00:58 +0800] "GET /kses101/wp-json/wp/v2/tags?post=29 HTTP/1.1" 200 6013 "-" "Mozilla/5.0 AppleWebKit/537.36 (KHTML, like Gecko; compatible; Amazonbot/0.1; +https://developer.amazon.com/support/amazonbot) Chrome/119.0.6045.214 Safari/537.36"
66.249.79.137 - - [26/Aug/2026:21:00:56 +0800] "GET /wp-login.php?action=ilc_logout&_wpnonce=43754d0aad&redirect_to=//bitorg-oil.ru/gallery/34996/ HTTP/1.1" 302 8244 "-" "Mozilla/5.0 (compatible; Googlebot/2.1; +http://www.google.com/bot.html)"
18.232.11.247 - - [26/Aug/2026:21:00:59 +0800] "GET /wp-content/uploads/sites/2518/6572/6572-3261752.jpg HTTP/1.1" 200 36661 "-" "Mozilla/5.0 AppleWebKit/537.36 (KHTML, like Gecko; compatible; Amazonbot/0.1; +https://developer.amazon.com/support/amazonbot) Chrome/119.0.6045.214 Safari/537.36"
::1 - - [26/Aug/2026:21:00:59 +0800] "OPTIONS * HTTP/1.0" 200 110 "-" "Apache/2.4.68 (Ubuntu) OpenSSL/3.0.19 (internal dummy connection)"
66.249.79.230 - - [26/Aug/2026:21:00:59 +0800] "GET /wp-content/uploads/sites/1517/2022/09/cropped-%E6%88%AA%E5%9C%96-2022-09-01-15_0.59.21-32x32.png HTTP/1.1" 200 6723 "-" "Googlebot-Image/1.0"
185.191.171.19 - - [26/Aug/2026:21:00:57 +0800] "GET /technology/2016/06/24/wfduino%E7%AC%AC%E5%8D%81%E4%B8%89%E8%AA%B2%E7%B9%BC%E9%9B%BB%E5%99%A8/ HTTP/1.1" 200 27144 "-" "Mozilla/5.0 (compatible; SemrushBot/7~bl; +http://www.semrush.com/bot.html)"
34.57.162.91 - - [26/Aug/2026:21:00:59 +0800] "GET /32745/2021/04/04/%E6%88%80%E6%88%80%E4%B8%8D%E6%8D%A8/ HTTP/1.1" 200 91959 "-" "Mozilla/5.0 (Macintosh; Intel Mac OS X 10_15_7) AppleWebKit/537.36 (KHTML, like Gecko) Chrome/120.0.0.0 Safari/537.36"
66.249.71.98 - - [26/Aug/2026:21:01:00 +0800] "GET /2011/03/15/%E3%80%90%E5%85%A8%E6%95%99%E6%9C%83%E8%A8%8A%E6%81%AF%E3%80%91%E7%A7%81%E6%A0%A1%E5%85%AC%E4%BF%9D%E5%B9%B4%E9%87%91%E5%BB%A3%E5%91%8A%E6%96%87%E5%AE%A3/ HTTP/1.1" 200 17191 "-" "Mozilla/5.0 (Linux; Android 6.0.1; Nexus 5X Build/MMB29P) AppleWebKit/537.36 (KHTML, like Gecko) Chrome/151.0.7922.173 Mobile Safari/537.36 (compatible; Googlebot/2.1; +http://www.google.com/bot.html)"
::1 - - [26/Aug/2026:21:01:00 +0800] "OPTIONS * HTTP/1.0" 200 110 "-" "Apache/2.4.68 (Ubuntu) OpenSSL/3.0.19 (internal dummy connection)"
140.111.67.10 - - [26/Aug/2026:21:01:00 +0800] "GET /" 301 273 "-" "-"
34.123.149.87 - - [26/Aug/2026:21:01:00 +0800] "GET /26150/2013/12/10/%E5%AE%9C%E8%98%AD%E7%B8%A3%E5%AE%B6%E5%BA%AD%E6%95%99%E8%82%B2%E8%AB%AE%E8%A9%A2%E5%A7%94%E5%93%A1%E6%9C%83%E8%A8%AD%E7%BD%AE%E8%A6%81%E9%BB%9E/ HTTP/1.1" 200 22144 "-" "Mozilla/5.0 (Macintosh; Intel Mac OS X 10_15_7) AppleWebKit/537.36 (KHTML, like Gecko) Chrome/120.0.0.0 Safari/537.36"
66.249.71.39 - - [26/Aug/2026:21:01:01 +0800] "GET /suscratch/wp-content/cache/2blog.ilc.edu.tw/wpfc-minified/7ipei77w/5xzui.css HTTP/1.1" 200 45672 "https://2blog.ilc.edu.tw/suscratch/2024/10/30/chi%E5%B0%8D%E8%A9%B1/" "Mozilla/5.0 (Linux; Android 6.0.1; Nexus 5X Build/MMB29P) AppleWebKit/537.36 (KHTML, like Gecko) Chrome/151.0.7922.173 Mobile Safari/537.36 (compatible; Googlebot/2.1; +http://www.google.com/bot.html)"
40.77.167.28 - - [26/Aug/2026:21:01:01 +0800] "GET /1003/?s=%E5%8D%83%E9%B3%A5+%E3%82%A2%E3%83%B3%E3%82%AC%E3%83%BC%E3%83%AB%E3%82%BA+%E3%81%A9%E3%81%A3%E3%81%A1%E3%81%8C%E5%85%88%E8%BC%A9 HTTP/1.1" 200 13853 "-" "Mozilla/5.0 AppleWebKit/537.36 (KHTML, like Gecko; compatible; bingbot/2.0; +http://www.bing.com/bingbot.htm) Chrome/116.0.1938.76 Safari/537.36"
185.191.171.10 - - [26/Aug/2026:21:01:01 +0800] "GET /3860/2010/11/28/%E8%90%BD-lak-%E8%90%BD-lau-%E8%90%BD-loh-%E8%90%BD-lo%CC%8Dh-%E8%90%BD-lo%CC%8Dk-%E8%90%BD-la%CC%8Duh/ HTTP/1.1" 200 31732 "-" "Mozilla/5.0 (compatible; SemrushBot/7~bl; +http://www.semrush.com/bot.html)"
2407:4b00:4c02:868d:b901:f60f:da36:eb3d - - [26/Aug/2026:21:01:02 +0800] "GET / HTTP/1.1" 200 29814 "https://www.google.com/url?q=https://www.fsjh.ilc.edu.tw/&sa=U&sqi=2&ved=2ahUKEwj3roT8rL6WAxUgjOEIHU-JLqkQFnoECCMQAQ&usg=AOvVaw3AIR8fPuzJs753awJdnzRU" "Mozilla/5.0 (iPhone; CPU iPhone OS 18_5_0 like Mac OS X) AppleWebKit/605.1.15 (KHTML, like Gecko) GSA/372.0.765951532 Mobile/15E148 Safari/604.1"
192.185.82.187 - - [26/Aug/2026:21:01:02 +0800] "GET /wp-sitemap-users-1.xml HTTP/1.1" 200 5807 "-" "Mozilla/5.0 (Windows NT 10.0; Win64; x64) AppleWebKit/537.36 (KHTML, like Gecko) Chrome/151.0.0.0 Safari/537.36, Mozilla/5.0 (Windows NT 10.0; Win64; x64) AppleWebKit/537.36 (KHTML, like Gecko) Chrome/151.0.0.0 Safari/537.36"
66.249.79.165 - - [26/Aug/2026:21:01:02 +0800] "GET /27438/2019/08/ HTTP/1.1" 200 16056 "-" "Mozilla/5.0 (Linux; Android 6.0.1; Nexus 5X Build/MMB29P) AppleWebKit/537.36 (KHTML, like Gecko) Chrome/151.0.7922.173 Mobile Safari/537.36 (compatible; Googlebot/2.1; +http://www.google.com/bot.html)"
23.23.99.55 - - [26/Aug/2026:21:01:02 +0800] "GET /32745/wp-json/wp/v2/posts/72016/revisions HTTP/1.1" 401 6198 "-" "Mozilla/5.0 AppleWebKit/537.36 (KHTML, like Gecko; compatible; Amazonbot/0.1; +https://developer.amazon.com/support/amazonbot) Chrome/119.0.6045.214 Safari/537.36"
2001:288:a201::66:125 - - [26/Aug/2026:21:01:03 +0800] "GET /blog/active.php HTTP/1.1" 301 1026 "-" "-"
2001:288:a201::66:125 - - [26/Aug/2026:21:01:03 +0800] "GET /blog/active.php HTTP/1.1" 404 1084 "-" "-"
111.241.206.99 - - [26/Aug/2026:21:01:03 +0800] "-" 408 339 "-" "-"
::1 - - [26/Aug/2026:21:01:03 +0800] "OPTIONS * HTTP/1.0" 200 110 "-" "Apache/2.4.68 (Ubuntu) OpenSSL/3.0.19 (internal dummy connection)"
52.21.62.139 - - [26/Aug/2026:21:01:04 +0800] "GET /wp-content/uploads/sites/346/2022/09/?C=N;O%3DA HTTP/1.1" 200 1112 "-" "Mozilla/5.0 AppleWebKit/537.36 (KHTML, like Gecko; compatible; Amazonbot/0.1; +https://developer.amazon.com/support/amazonbot) Chrome/119.0.6045.214 Safari/537.36"
::1 - - [26/Aug/2026:21:01:04 +0800] "OPTIONS * HTTP/1.0" 200 110 "-" "Apache/2.4.68 (Ubuntu) OpenSSL/3.0.19 (internal dummy connection)"
66.249.71.9 - - [26/Aug/2026:21:01:02 +0800] "GET /wp-login.php?action=ilc_logout&_wpnonce=43754d0aad&redirect_to=http://asladosti.ru/join/80752/ HTTP/1.1" 302 8245 "-" "Mozilla/5.0 (compatible; Googlebot/2.1; +http://www.google.com/bot.html)"
::1 - - [26/Aug/2026:21:01:05 +0800] "OPTIONS * HTTP/1.0" 200 110 "-" "Apache/2.4.68 (Ubuntu) OpenSSL/3.0.19 (internal dummy connection)"
140.111.67.10 - - [26/Aug/2026:21:01:05 +0800] "GET /" 301 273 "-" "-"
66.249.68.97 - - [26/Aug/2026:21:01:05 +0800] "POST /wp-json/ilc-summary/v1/popular-posts HTTP/1.1" 201 6175 "https://ilta.ilc.edu.tw/2011/03/15/%E3%80%90%E5%85%A8%E6%95%99%E6%9C%83%E8%A8%8A%E6%81%AF%E3%80%91%E7%A7%81%E6%A0%A1%E5%85%AC%E4%BF%9D%E5%B9%B4%E9%87%91%E5%BB%A3%E5%91%8A%E6%96%87%E5%AE%A3/" "Mozilla/5.0 (Linux; Android 6.0.1; Nexus 5X Build/MMB29P) AppleWebKit/537.36 (KHTML, like Gecko) Chrome/151.0.7922.173 Mobile Safari/537.36 (compatible; Googlebot/2.1; +http://www.google.com/bot.html)"
::1 - - [26/Aug/2026:21:01:06 +0800] "OPTIONS * HTTP/1.0" 200 110 "-" "Apache/2.4.68 (Ubuntu) OpenSSL/3.0.19 (internal dummy connection)"
66.249.79.164 - - [26/Aug/2026:21:01:06 +0800] "POST /suscratch/wp-json/wp-statistics/v2/hit HTTP/1.1" 200 5893 "https://2blog.ilc.edu.tw/suscratch/2024/10/30/chi%E5%B0%8D%E8%A9%B1/" "Mozilla/5.0 (Linux; Android 6.0.1; Nexus 5X Build/MMB29P) AppleWebKit/537.36 (KHTML, like Gecko) Chrome/151.0.7922.173 Mobile Safari/537.36 (compatible; Googlebot/2.1; +http://www.google.com/bot.html)"
35.171.117.160 - - [26/Aug/2026:21:01:07 +0800] "GET /wp-content/uploads/sites/1431/2024/12/?C=D;O%3DA HTTP/1.1" 200 1113 "-" "Mozilla/5.0 AppleWebKit/537.36 (KHTML, like Gecko; compatible; Amazonbot/0.1; +https://developer.amazon.com/support/amazonbot) Chrome/119.0.6045.214 Safari/537.36"
17.22.253.235 - - [26/Aug/2026:21:01:07 +0800] "GET /wp-includes/css/dist/block-library/style.min.css HTTP/1.1" 200 20582 "https://www.nses.ilc.edu.tw/bosfirma1.com/herabetgunceladresi.com/dsadsaads/dsadsaads/asdsadsadsadas.com/?paged=31" "Mozilla/5.0 (Macintosh; Intel Mac OS X 10_15_7) AppleWebKit/605.1.15 (KHTML, like Gecko) Version/17.4 Safari/605.1.15 (Applebot/0.1; +http://www.apple.com/go/applebot)"
2001:288:a201::66:125 - - [26/Aug/2026:21:01:08 +0800] "GET /blog/active.php HTTP/1.1" 301 1026 "-" "-"
2001:288:a201::66:125 - - [26/Aug/2026:21:01:08 +0800] "GET /blog/active.php HTTP/1.1" 404 1084 "-" "-"
::1 - - [26/Aug/2026:21:01:08 +0800] "OPTIONS * HTTP/1.0" 200 110 "-" "Apache/2.4.68 (Ubuntu) OpenSSL/3.0.19 (internal dummy connection)"
34.123.149.87 - - [26/Aug/2026:21:01:08 +0800] "GET /6096/?p=2530 HTTP/1.1" 301 5721 "-" "Mozilla/5.0 (Macintosh; Intel Mac OS X 10_15_7) AppleWebKit/537.36 (KHTML, like Gecko) Chrome/120.0.0.0 Safari/537.36"
66.249.79.128 - - [26/Aug/2026:21:01:07 +0800] "GET /wp-login.php?action=ilc_logout&_wpnonce=43754d0aad&redirect_to=http://skladhd.ru/join/24608/ HTTP/1.1" 302 8243 "-" "Mozilla/5.0 (Linux; Android 6.0.1; Nexus 5X Build/MMB29P) AppleWebKit/537.36 (KHTML, like Gecko) Chrome/151.0.7922.173 Mobile Safari/537.36 (compatible; GoogleOther)"
34.57.162.91 - - [26/Aug/2026:21:01:07 +0800] "GET /5192/wp-content/uploads/sites/870/2021/12/1101025-%E7%AC%AC45%E6%9C%9F%E8%88%87%E5%87%B1%E6%97%8B%E6%9C%89%E7%B4%84_%E5%AE%9A%E7%A8%BF%E7%89%88%E6%9C%AC_A4_-%E9%A0%81%E9%9D%A2-5-8.pdf HTTP/1.1" 200 8485370 "-" "Mozilla/5.0 (Macintosh; Intel Mac OS X 10_15_7) AppleWebKit/537.36 (KHTML, like Gecko) Chrome/120.0.0.0 Safari/537.36"
66.249.71.38 - - [26/Aug/2026:21:01:10 +0800] "POST /suscratch/wp-json/ilc-summary/v1/popular-posts HTTP/1.1" 201 6055 "https://2blog.ilc.edu.tw/suscratch/2024/10/30/chi%E5%B0%8D%E8%A9%B1/" "Mozilla/5.0 (Linux; Android 6.0.1; Nexus 5X Build/MMB29P) AppleWebKit/537.36 (KHTML, like Gecko) Chrome/151.0.7922.173 Mobile Safari/537.36 (compatible; Googlebot/2.1; +http://www.google.com/bot.html)"
140.111.67.10 - - [26/Aug/2026:21:01:10 +0800] "GET /" 301 273 "-" "-"
111.241.252.3 - - [26/Aug/2026:21:01:10 +0800] "GET / HTTP/1.1" 200 17084 "https://www.google.com/" "Mozilla/5.0 (Windows NT 10.0; Win64; x64) AppleWebKit/537.36 (KHTML, like Gecko) Chrome/151.0.0.0 Safari/537.36"
111.241.252.3 - - [26/Aug/2026:21:01:10 +0800] "GET /wp-content/cache/www.ghjh.ilc.edu.tw/wpfc-minified/9a7r7kpk/6vxl.css HTTP/1.1" 200 45696 "https://www.ghjh.ilc.edu.tw/" "Mozilla/5.0 (Windows NT 10.0; Win64; x64) AppleWebKit/537.36 (KHTML, like Gecko) Chrome/151.0.0.0 Safari/537.36"
111.241.252.3 - - [26/Aug/2026:21:01:10 +0800] "GET /wp-content/cache/www.ghjh.ilc.edu.tw/wpfc-minified/eenfdh94/6vxl.css HTTP/1.1" 200 15786 "https://www.ghjh.ilc.edu.tw/" "Mozilla/5.0 (Windows NT 10.0; Win64; x64) AppleWebKit/537.36 (KHTML, like Gecko) Chrome/151.0.0.0 Safari/537.36"
111.241.252.3 - - [26/Aug/2026:21:01:10 +0800] "GET /wp-content/cache/www.ghjh.ilc.edu.tw/wpfc-minified/qgo2hbb/6vxl.css HTTP/1.1" 200 1500 "https://www.ghjh.ilc.edu.tw/" "Mozilla/5.0 (Windows NT 10.0; Win64; x64) AppleWebKit/537.36 (KHTML, like Gecko) Chrome/151.0.0.0 Safari/537.36"
111.241.252.3 - - [26/Aug/2026:21:01:10 +0800] "GET /wp-content/cache/www.ghjh.ilc.edu.tw/wpfc-minified/7z1v8m27/6vxl.js HTTP/1.1" 200 3453 "https://www.ghjh.ilc.edu.tw/" "Mozilla/5.0 (Windows NT 10.0; Win64; x64) AppleWebKit/537.36 (KHTML, like Gecko) Chrome/151.0.0.0 Safari/537.36"
111.241.252.3 - - [26/Aug/2026:21:01:10 +0800] "GET /wp-content/uploads/sites/3157/2021/04/m1_01t01.png HTTP/1.1" 200 17504 "https://www.ghjh.ilc.edu.tw/" "Mozilla/5.0 (Windows NT 10.0; Win64; x64) AppleWebKit/537.36 (KHTML, like Gecko) Chrome/151.0.0.0 Safari/537.36"
111.241.252.3 - - [26/Aug/2026:21:01:10 +0800] "GET /wp-content/cache/www.ghjh.ilc.edu.tw/wpfc-minified/d6oxvho1/6vxl.js HTTP/1.1" 200 40361 "https://www.ghjh.ilc.edu.tw/" "Mozilla/5.0 (Windows NT 10.0; Win64; x64) AppleWebKit/537.36 (KHTML, like Gecko) Chrome/151.0.0.0 Safari/537.36"
111.241.252.3 - - [26/Aug/2026:21:01:10 +0800] "GET /wp-content/uploads/sites/3157/2021/04/m1_01t02.png HTTP/1.1" 200 11116 "https://www.ghjh.ilc.edu.tw/" "Mozilla/5.0 (Windows NT 10.0; Win64; x64) AppleWebKit/537.36 (KHTML, like Gecko) Chrome/151.0.0.0 Safari/537.36"
111.241.252.3 - - [26/Aug/2026:21:01:10 +0800] "GET /wp-content/cache/www.ghjh.ilc.edu.tw/wpfc-minified/fqg4yllu/6vxl.css HTTP/1.1" 200 63127 "https://www.ghjh.ilc.edu.tw/" "Mozilla/5.0 (Windows NT 10.0; Win64; x64) AppleWebKit/537.36 (KHTML, like Gecko) Chrome/151.0.0.0 Safari/537.36"
111.241.252.3 - - [26/Aug/2026:21:01:11 +0800] "GET /wp-includes/js/hoverintent-js.min.js HTTP/1.1" 200 1597 "https://www.ghjh.ilc.edu.tw/" "Mozilla/5.0 (Windows NT 10.0; Win64; x64) AppleWebKit/537.36 (KHTML, like Gecko) Chrome/151.0.0.0 Safari/537.36"
111.241.252.3 - - [26/Aug/2026:21:01:11 +0800] "GET /wp-includes/js/admin-bar.min.js HTTP/1.1" 200 2237 "https://www.ghjh.ilc.edu.tw/" "Mozilla/5.0 (Windows NT 10.0; Win64; x64) AppleWebKit/537.36 (KHTML, like Gecko) Chrome/151.0.0.0 Safari/537.36"
111.241.252.3 - - [26/Aug/2026:21:01:11 +0800] "GET /wp-includes/js/imagesloaded.min.js HTTP/1.1" 200 2683 "https://www.ghjh.ilc.edu.tw/" "Mozilla/5.0 (Windows NT 10.0; Win64; x64) AppleWebKit/537.36 (KHTML, like Gecko) Chrome/151.0.0.0 Safari/537.36"
114.24.246.218 - - [26/Aug/2026:21:01:11 +0800] "-" 408 4801 "-" "-"
111.241.252.3 - - [26/Aug/2026:21:01:11 +0800] "GET /wp-content/themes/oceanwp/assets/js/theme.min.js HTTP/1.1" 200 5130 "https://www.ghjh.ilc.edu.tw/" "Mozilla/5.0 (Windows NT 10.0; Win64; x64) AppleWebKit/537.36 (KHTML, like Gecko) Chrome/151.0.0.0 Safari/537.36"
111.241.252.3 - - [26/Aug/2026:21:01:11 +0800] "GET /wp-content/themes/oceanwp/assets/js/full-screen-menu.min.js HTTP/1.1" 200 4064 "https://www.ghjh.ilc.edu.tw/" "Mozilla/5.0 (Windows NT 10.0; Win64; x64) AppleWebKit/537.36 (KHTML, like Gecko) Chrome/151.0.0.0 Safari/537.36"
2001:4860:7:510::f5 - - [26/Aug/2026:21:01:11 +0800] "GET / HTTP/1.1" 200 17084 "https://www.google.com/" "Mozilla/5.0 (Windows NT 10.0; Win64; x64) AppleWebKit/537.36 (KHTML, like Gecko) Chrome/151.0.0.0 Safari/537.36"
111.241.252.3 - - [26/Aug/2026:21:01:11 +0800] "GET /wp-content/themes/oceanwp/assets/js/drop-down-mobile-menu.min.js HTTP/1.1" 200 4663 "https://www.ghjh.ilc.edu.tw/" "Mozilla/5.0 (Windows NT 10.0; Win64; x64) AppleWebKit/537.36 (KHTML, like Gecko) Chrome/151.0.0.0 Safari/537.36"
111.241.252.3 - - [26/Aug/2026:21:01:11 +0800] "GET /wp-content/themes/oceanwp/assets/js/drop-down-search.min.js HTTP/1.1" 200 2968 "https://www.ghjh.ilc.edu.tw/" "Mozilla/5.0 (Windows NT 10.0; Win64; x64) AppleWebKit/537.36 (KHTML, like Gecko) Chrome/151.0.0.0 Safari/537.36"
111.241.252.3 - - [26/Aug/2026:21:01:11 +0800] "GET /wp-content/themes/oceanwp/assets/js/ow-lightbox.min.js HTTP/1.1" 200 2321 "https://www.ghjh.ilc.edu.tw/" "Mozilla/5.0 (Windows NT 10.0; Win64; x64) AppleWebKit/537.36 (KHTML, like Gecko) Chrome/151.0.0.0 Safari/537.36"
111.241.252.3 - - [26/Aug/2026:21:01:11 +0800] "GET /wp-content/themes/oceanwp/assets/js/vendors/magnific-popup.min.js HTTP/1.1" 200 8270 "https://www.ghjh.ilc.edu.tw/" "Mozilla/5.0 (Windows NT 10.0; Win64; x64) AppleWebKit/537.36 (KHTML, like Gecko) Chrome/151.0.0.0 Safari/537.36"
111.241.252.3 - - [26/Aug/2026:21:01:11 +0800] "GET /wp-content/themes/oceanwp/assets/js/ow-slider.min.js HTTP/1.1" 200 1761 "https://www.ghjh.ilc.edu.tw/" "Mozilla/5.0 (Windows NT 10.0; Win64; x64) AppleWebKit/537.36 (KHTML, like Gecko) Chrome/151.0.0.0 Safari/537.36"
111.241.252.3 - - [26/Aug/2026:21:01:11 +0800] "GET /wp-content/themes/oceanwp/assets/js/vendors/flickity.pkgd.min.js HTTP/1.1" 200 15048 "https://www.ghjh.ilc.edu.tw/" "Mozilla/5.0 (Windows NT 10.0; Win64; x64) AppleWebKit/537.36 (KHTML, like Gecko) Chrome/151.0.0.0 Safari/537.36"
111.241.252.3 - - [26/Aug/2026:21:01:11 +0800] "GET /wp-content/themes/oceanwp/assets/js/scroll-effect.min.js HTTP/1.1" 200 4127 "https://www.ghjh.ilc.edu.tw/" "Mozilla/5.0 (Windows NT 10.0; Win64; x64) AppleWebKit/537.36 (KHTML, like Gecko) Chrome/151.0.0.0 Safari/537.36"
111.241.252.3 - - [26/Aug/2026:21:01:11 +0800] "GET /wp-content/themes/oceanwp/assets/js/scroll-top.min.js HTTP/1.1" 200 3202 "https://www.ghjh.ilc.edu.tw/" "Mozilla/5.0 (Windows NT 10.0; Win64; x64) AppleWebKit/537.36 (KHTML, like Gecko) Chrome/151.0.0.0 Safari/537.36"
111.241.252.3 - - [26/Aug/2026:21:01:11 +0800] "GET /wp-content/themes/oceanwp/assets/js/select.min.js HTTP/1.1" 200 2408 "https://www.ghjh.ilc.edu.tw/" "Mozilla/5.0 (Windows NT 10.0; Win64; x64) AppleWebKit/537.36 (KHTML, like Gecko) Chrome/151.0.0.0 Safari/537.36"
111.241.252.3 - - [26/Aug/2026:21:01:11 +0800] "GET /wp-content/plugins/ocean-extra/includes/widgets/js/flickr.min.js HTTP/1.1" 200 1319 "https://www.ghjh.ilc.edu.tw/" "Mozilla/5.0 (Windows NT 10.0; Win64; x64) AppleWebKit/537.36 (KHTML, like Gecko) Chrome/151.0.0.0 Safari/537.36"
111.241.252.3 - - [26/Aug/2026:21:01:11 +0800] "GET /wp-content/uploads/sites/3157/2021/04/cropped-ghjh01.jpg HTTP/1.1" 200 93335 "https://www.ghjh.ilc.edu.tw/" "Mozilla/5.0 (Windows NT 10.0; Win64; x64) AppleWebKit/537.36 (KHTML, like Gecko) Chrome/151.0.0.0 Safari/537.36"
111.241.252.3 - - [26/Aug/2026:21:01:11 +0800] "GET /wp-content/themes/oceanwp/assets/fonts/fontawesome/webfonts/fa-solid-900.woff2 HTTP/1.1" 200 151246 "https://www.ghjh.ilc.edu.tw/wp-content/cache/www.ghjh.ilc.edu.tw/wpfc-minified/fqg4yllu/6vxl.css" "Mozilla/5.0 (Windows NT 10.0; Win64; x64) AppleWebKit/537.36 (KHTML, like Gecko) Chrome/151.0.0.0 Safari/537.36"
111.241.252.3 - - [26/Aug/2026:21:01:11 +0800] "GET /wp-content/themes/oceanwp/assets/fonts/simple-line-icons/Simple-Line-Icons.woff2?v=2.4.0 HTTP/1.1" 200 30959 "https://www.ghjh.ilc.edu.tw/wp-content/cache/www.ghjh.ilc.edu.tw/wpfc-minified/fqg4yllu/6vxl.css" "Mozilla/5.0 (Windows NT 10.0; Win64; x64) AppleWebKit/537.36 (KHTML, like Gecko) Chrome/151.0.0.0 Safari/537.36"
216.73.217.64 - - [26/Aug/2026:21:01:11 +0800] "GET /9536/?p=54555 HTTP/1.1" 301 5786 "-" "Mozilla/5.0 AppleWebKit/537.36 (KHTML, like Gecko; compatible; ClaudeBot/1.0; +claudebot@anthropic.com)"
216.73.217.64 - - [26/Aug/2026:21:01:11 +0800] "GET /9536/?p=54567 HTTP/1.1" 301 5849 "-" "Mozilla/5.0 AppleWebKit/537.36 (KHTML, like Gecko; compatible; ClaudeBot/1.0; +claudebot@anthropic.com)"
216.73.217.64 - - [26/Aug/2026:21:01:11 +0800] "GET /9536/2007/02/12/%e7%a4%be%e5%8d%80%e6%97%a5%e6%9b%86-%e5%bb%a3%e8%88%88%e7%a4%be%e5%8d%80-%e6%a2%85%e6%9e%97%e5%ae%ae/ HTTP/1.1" 200 9331 "https://2blog.ilc.edu.tw/9536/?p=54555" "Mozilla/5.0 AppleWebKit/537.36 (KHTML, like Gecko; compatible; ClaudeBot/1.0; +claudebot@anthropic.com)"
216.73.217.64 - - [26/Aug/2026:21:01:11 +0800] "GET /9536/2007/02/18/%e7%a4%be%e5%8d%80%e6%97%a5%e6%9b%86-%e5%bb%a3%e8%88%88%e7%a4%be%e5%8d%80-%e8%be%b2%e6%b0%91%e4%b9%8b%e5%8f%8b%ef%bc%8d%e5%86%ac%e5%b1%b1%e9%84%89%e8%be%b2%e6%9c%83/ HTTP/1.1" 200 9431 "https://2blog.ilc.edu.tw/9536/?p=54567" "Mozilla/5.0 AppleWebKit/537.36 (KHTML, like Gecko; compatible; ClaudeBot/1.0; +claudebot@anthropic.com)"
34.171.68.95 - - [26/Aug/2026:21:01:11 +0800] "GET /6492/wp-json/wp/v2/posts/7115 HTTP/1.1" 200 8305 "-" "Mozilla/5.0 (Macintosh; Intel Mac OS X 10_15_7) AppleWebKit/537.36 (KHTML, like Gecko) Chrome/120.0.0.0 Safari/537.36"
54.157.99.244 - - [26/Aug/2026:21:01:11 +0800] "GET /wp-content/uploads/sites/2995/2021/07/?C=S;O%3DA HTTP/1.1" 200 1113 "-" "Mozilla/5.0 AppleWebKit/537.36 (KHTML, like Gecko; compatible; Amazonbot/0.1; +https://developer.amazon.com/support/amazonbot) Chrome/119.0.6045.214 Safari/537.36"
216.73.217.64 - - [26/Aug/2026:21:01:11 +0800] "GET /9536/?p=54553 HTTP/1.1" 301 863 "-" "Mozilla/5.0 AppleWebKit/537.36 (KHTML, like Gecko; compatible; ClaudeBot/1.0; +claudebot@anthropic.com)"
216.73.217.64 - - [26/Aug/2026:21:01:12 +0800] "GET /9536/2007/02/11/%e7%a4%be%e5%8d%80%e6%97%a5%e6%9b%86-%e5%bb%a3%e8%88%88%e7%a4%be%e5%8d%80-%e7%a6%8f%e5%be%b7%e5%bb%9f/ HTTP/1.1" 200 9520 "https://2blog.ilc.edu.tw/9536/?p=54553" "Mozilla/5.0 AppleWebKit/537.36 (KHTML, like Gecko; compatible; ClaudeBot/1.0; +claudebot@anthropic.com)"
111.241.252.3 - - [26/Aug/2026:21:01:12 +0800] "GET /wp-content/uploads/sites/3157/2021/04/cropped-ghjhnew02-32x32.png HTTP/1.1" 200 3413 "https://www.ghjh.ilc.edu.tw/" "Mozilla/5.0 (Windows NT 10.0; Win64; x64) AppleWebKit/537.36 (KHTML, like Gecko) Chrome/151.0.0.0 Safari/537.36"
216.73.217.64 - - [26/Aug/2026:21:01:12 +0800] "GET /9536/?p=54569 HTTP/1.1" 301 917 "-" "Mozilla/5.0 AppleWebKit/537.36 (KHTML, like Gecko; compatible; ClaudeBot/1.0; +claudebot@anthropic.com)"
216.73.217.64 - - [26/Aug/2026:21:01:12 +0800] "GET /9536/2007/02/19/%e7%a4%be%e5%8d%80%e6%97%a5%e6%9b%86-%e5%bb%a3%e8%88%88%e7%a4%be%e5%8d%80-%e7%b6%ad%e8%ad%b7%e6%b2%bb%e5%ae%89%e7%9a%84%e4%ba%ba%e6%b0%91%e4%bf%9d%e5%a7%86/ HTTP/1.1" 200 9543 "https://2blog.ilc.edu.tw/9536/?p=54569" "Mozilla/5.0 AppleWebKit/537.36 (KHTML, like Gecko; compatible; ClaudeBot/1.0; +claudebot@anthropic.com)"
216.73.217.64 - - [26/Aug/2026:21:01:12 +0800] "GET /9536/?p=54573 HTTP/1.1" 301 917 "-" "Mozilla/5.0 AppleWebKit/537.36 (KHTML, like Gecko; compatible; ClaudeBot/1.0; +claudebot@anthropic.com)"
2001:288:a201::66:125 - - [26/Aug/2026:21:01:13 +0800] "GET /blog/active.php HTTP/1.1" 301 1026 "-" "-"
2001:288:a201::66:125 - - [26/Aug/2026:21:01:13 +0800] "GET /blog/active.php HTTP/1.1" 404 1084 "-" "-"
216.73.217.64 - - [26/Aug/2026:21:01:13 +0800] "GET /9536/2007/02/21/%e7%a4%be%e5%8d%80%e6%97%a5%e6%9b%86-%e5%bb%a3%e8%88%88%e7%a4%be%e5%8d%80-%e7%be%85%e6%9d%b1%e6%ba%aa%e8%88%87%e9%bc%bb%e4%bb%94%e9%a0%ad%e5%a0%a4%e9%98%b2/ HTTP/1.1" 200 9483 "https://2blog.ilc.edu.tw/9536/?p=54573" "Mozilla/5.0 AppleWebKit/537.36 (KHTML, like Gecko; compatible; ClaudeBot/1.0; +claudebot@anthropic.com)"
66.249.79.128 - - [26/Aug/2026:21:01:11 +0800] "GET /wp-login.php?action=ilc_logout&_wpnonce=43754d0aad&redirect_to=http://revival24.ru/job/18464/ HTTP/1.1" 302 8244 "-" "Mozilla/5.0 (compatible; Googlebot/2.1; +http://www.google.com/bot.html)"
64.233.173.150 - - [26/Aug/2026:21:01:13 +0800] "GET /blog/gallery/25915/previews-med/25915-2371225.jpg HTTP/1.1" 301 1131 "-" "Mozilla/5.0 (Windows NT 5.1; rv:11.0) Gecko Firefox/11.0 (via ggpht.com GoogleImageProxy)"
2401:e180:8d82:1848:5c2d:3699:3e37:78c3 - - [26/Aug/2026:21:01:13 +0800] "POST /wp-json/wp-statistics/v2/online HTTP/1.1" 200 1422 "https://www.npes.ilc.edu.tw/" "Mozilla/5.0 (Windows NT 10.0; Win64; x64) AppleWebKit/537.36 (KHTML, like Gecko) Chrome/151.0.0.0 Safari/537.36"
66.249.79.165 - - [26/Aug/2026:21:01:13 +0800] "GET /27438/wp-content/themes/oceanwp/assets/js/ow-lightbox.min.js HTTP/1.1" 200 7100 "https://2blog.ilc.edu.tw/27438/2019/08/" "Mozilla/5.0 (Linux; Android 6.0.1; Nexus 5X Build/MMB29P) AppleWebKit/537.36 (KHTML, like Gecko) Chrome/151.0.7922.173 Mobile Safari/537.36 (compatible; Googlebot/2.1; +http://www.google.com/bot.html)"
192.178.8.128 - - [26/Aug/2026:21:01:14 +0800] "GET /blog/gallery/25915/previews-med/25915-2371225.jpg HTTP/1.1" 404 25463 "-" "Mozilla/5.0 (Windows NT 5.1; rv:11.0) Gecko Firefox/11.0 (via ggpht.com GoogleImageProxy)"
35.254.159.230 - - [26/Aug/2026:21:01:13 +0800] "GET /32745/2023/04/29/%E6%84%9B%E7%9A%84%E5%8A%9B%E9%87%8F-3/ HTTP/1.1" 200 92106 "-" "Mozilla/5.0 (Macintosh; Intel Mac OS X 10_15_7) AppleWebKit/537.36 (KHTML, like Gecko) Chrome/120.0.0.0 Safari/537.36"
52.44.174.136 - - [26/Aug/2026:21:01:15 +0800] "GET /wp-content/uploads/sites/2518/6572/6572-1579206.jpg HTTP/1.1" 200 29441 "-" "Mozilla/5.0 AppleWebKit/537.36 (KHTML, like Gecko; compatible; Amazonbot/0.1; +https://developer.amazon.com/support/amazonbot) Chrome/119.0.6045.214 Safari/537.36"
2a09:bac2:5808:323::50:194 - - [26/Aug/2026:21:01:15 +0800] "-" 408 4791 "-" "-"
2a09:bac2:5808:323::50:194 - - [26/Aug/2026:21:01:15 +0800] "-" 408 4791 "-" "-"
140.111.67.10 - - [26/Aug/2026:21:01:15 +0800] "GET /" 301 273 "-" "-"
::1 - - [26/Aug/2026:21:01:16 +0800] "OPTIONS * HTTP/1.0" 200 110 "-" "Apache/2.4.68 (Ubuntu) OpenSSL/3.0.19 (internal dummy connection)"
66.249.79.130 - - [26/Aug/2026:21:01:15 +0800] "GET /wp-login.php?action=ilc_logout&_wpnonce=43754d0aad&redirect_to=http://megaassist.ru/gallery/14797/ HTTP/1.1" 302 3442 "-" "Mozilla/5.0 (compatible; Googlebot/2.1; +http://www.google.com/bot.html)"
::1 - - [26/Aug/2026:21:01:17 +0800] "OPTIONS * HTTP/1.0" 200 110 "-" "Apache/2.4.68 (Ubuntu) OpenSSL/3.0.19 (internal dummy connection)"
2001:288:a201::66:125 - - [26/Aug/2026:21:01:18 +0800] "GET /blog/active.php HTTP/1.1" 301 1026 "-" "-"
2001:288:a201::66:125 - - [26/Aug/2026:21:01:18 +0800] "GET /blog/active.php HTTP/1.1" 404 1084 "-" "-"
::1 - - [26/Aug/2026:21:01:18 +0800] "OPTIONS * HTTP/1.0" 200 110 "-" "Apache/2.4.68 (Ubuntu) OpenSSL/3.0.19 (internal dummy connection)"
3.230.69.161 - - [26/Aug/2026:21:01:19 +0800] "GET /wp-content/uploads/sites/214/2023/11/?C=S;O%3DD HTTP/1.1" 200 1111 "-" "Mozilla/5.0 AppleWebKit/537.36 (KHTML, like Gecko; compatible; Amazonbot/0.1; +https://developer.amazon.com/support/amazonbot) Chrome/119.0.6045.214 Safari/537.36"
66.249.79.130 - - [26/Aug/2026:21:01:17 +0800] "GET /wp-login.php?action=ilc_logout&_wpnonce=43754d0aad&redirect_to=http://orehcity.ru/creator/61637/ HTTP/1.1" 302 3440 "-" "Mozilla/5.0 (compatible; Googlebot/2.1; +http://www.google.com/bot.html)"
::1 - - [26/Aug/2026:21:01:19 +0800] "OPTIONS * HTTP/1.0" 200 110 "-" "Apache/2.4.68 (Ubuntu) OpenSSL/3.0.19 (internal dummy connection)"
66.249.68.33 - - [26/Aug/2026:21:01:19 +0800] "GET /scweb/NEWS/NEWS.ASP?nickname=adampeter&offset=10 HTTP/1.1" 404 31196 "-" "Mozilla/5.0 (Linux; Android 6.0.1; Nexus 5X Build/MMB29P) AppleWebKit/537.36 (KHTML, like Gecko) Chrome/151.0.7922.173 Mobile Safari/537.36 (compatible; Googlebot/2.1; +http://www.google.com/bot.html)"
34.30.223.149 - - [26/Aug/2026:21:01:19 +0800] "GET /6426/2014/02/28/103_2-2_%E5%B0%8B%E6%89%BE%E6%98%A5%E5%A4%A9%E8%AA%B2%E7%A8%8B%E6%B4%BB%E5%8B%95/title=%22%E6%95%99%E5%AD%B8%E8%88%87%E5%AE%A3%E5%B0%8E%E6%B4%BB%E5%8B%95%22 HTTP/1.1" 301 5956 "-" "Mozilla/5.0 (Macintosh; Intel Mac OS X 10_15_7) AppleWebKit/537.36 (KHTML, like Gecko) Chrome/120.0.0.0 Safari/537.36"
::1 - - [26/Aug/2026:21:01:20 +0800] "OPTIONS * HTTP/1.0" 200 110 "-" "Apache/2.4.68 (Ubuntu) OpenSSL/3.0.19 (internal dummy connection)"
140.111.67.10 - - [26/Aug/2026:21:01:20 +0800] "GET /" 301 273 "-" "-"
216.244.66.226 - - [26/Aug/2026:21:01:18 +0800] "GET /ghjhnew/?p=m1/m1_03_05&item=1 HTTP/1.1" 200 74332 "-" "Mozilla/5.0 (compatible; DotBot/1.2; +https://opensiteexplorer.org/dotbot; help@moz.com)"
::1 - - [26/Aug/2026:21:01:21 +0800] "OPTIONS * HTTP/1.0" 200 110 "-" "Apache/2.4.68 (Ubuntu) OpenSSL/3.0.19 (internal dummy connection)"
::1 - - [26/Aug/2026:21:01:22 +0800] "OPTIONS * HTTP/1.0" 200 110 "-" "Apache/2.4.68 (Ubuntu) OpenSSL/3.0.19 (internal dummy connection)"
2407:4b00:4c0d:252:68d6:cde2:6171:2abf - - [26/Aug/2026:21:01:22 +0800] "GET / HTTP/1.1" 200 22118 "-" "Mozilla/5.0 (Windows NT 10.0; Win64; x64) AppleWebKit/537.36 (KHTML, like Gecko) Chrome/151.0.0.0 Safari/537.36"
2407:4b00:4c0d:252:68d6:cde2:6171:2abf - - [26/Aug/2026:21:01:22 +0800] "GET /wp-content/cache/www.whjh.ilc.edu.tw/wpfc-minified/6xj8bvty/6w61.css HTTP/1.1" 200 40884 "https://www.whjh.ilc.edu.tw/" "Mozilla/5.0 (Windows NT 10.0; Win64; x64) AppleWebKit/537.36 (KHTML, like Gecko) Chrome/151.0.0.0 Safari/537.36"
2407:4b00:4c0d:252:68d6:cde2:6171:2abf - - [26/Aug/2026:21:01:22 +0800] "GET /wp-content/cache/www.whjh.ilc.edu.tw/wpfc-minified/kxwq3nnq/6w61.css HTTP/1.1" 200 1157 "https://www.whjh.ilc.edu.tw/" "Mozilla/5.0 (Windows NT 10.0; Win64; x64) AppleWebKit/537.36 (KHTML, like Gecko) Chrome/151.0.0.0 Safari/537.36"
2407:4b00:4c0d:252:68d6:cde2:6171:2abf - - [26/Aug/2026:21:01:22 +0800] "GET /wp-content/cache/www.whjh.ilc.edu.tw/wpfc-minified/7cam4p65/6w61.css HTTP/1.1" 200 19347 "https://www.whjh.ilc.edu.tw/" "Mozilla/5.0 (Windows NT 10.0; Win64; x64) AppleWebKit/537.36 (KHTML, like Gecko) Chrome/151.0.0.0 Safari/537.36"
2407:4b00:4c0d:252:68d6:cde2:6171:2abf - - [26/Aug/2026:21:01:22 +0800] "GET /wp-content/uploads/sites/944/elementor/css/post-836.css HTTP/1.1" 200 6073 "https://www.whjh.ilc.edu.tw/" "Mozilla/5.0 (Windows NT 10.0; Win64; x64) AppleWebKit/537.36 (KHTML, like Gecko) Chrome/151.0.0.0 Safari/537.36"
2407:4b00:4c0d:252:68d6:cde2:6171:2abf - - [26/Aug/2026:21:01:22 +0800] "GET /wp-content/cache/www.whjh.ilc.edu.tw/wpfc-minified/kyohlat9/6w61.css HTTP/1.1" 200 47308 "https://www.whjh.ilc.edu.tw/" "Mozilla/5.0 (Windows NT 10.0; Win64; x64) AppleWebKit/537.36 (KHTML, like Gecko) Chrome/151.0.0.0 Safari/537.36"
2407:4b00:4c0d:252:68d6:cde2:6171:2abf - - [26/Aug/2026:21:01:22 +0800] "GET /wp-content/uploads/sites/944/elementor/css/post-754.css HTTP/1.1" 200 5762 "https://www.whjh.ilc.edu.tw/" "Mozilla/5.0 (Windows NT 10.0; Win64; x64) AppleWebKit/537.36 (KHTML, like Gecko) Chrome/151.0.0.0 Safari/537.36"
2407:4b00:4c0d:252:68d6:cde2:6171:2abf - - [26/Aug/2026:21:01:22 +0800] "GET /wp-content/cache/www.whjh.ilc.edu.tw/wpfc-minified/qjmkpdpq/6w61.css HTTP/1.1" 200 69750 "https://www.whjh.ilc.edu.tw/" "Mozilla/5.0 (Windows NT 10.0; Win64; x64) AppleWebKit/537.36 (KHTML, like Gecko) Chrome/151.0.0.0 Safari/537.36"
2407:4b00:4c0d:252:68d6:cde2:6171:2abf - - [26/Aug/2026:21:01:22 +0800] "GET /wp-content/cache/www.whjh.ilc.edu.tw/wpfc-minified/1bwbd5u0/6w61.js HTTP/1.1" 200 35559 "https://www.whjh.ilc.edu.tw/" "Mozilla/5.0 (Windows NT 10.0; Win64; x64) AppleWebKit/537.36 (KHTML, like Gecko) Chrome/151.0.0.0 Safari/537.36"
2407:4b00:4c0d:252:68d6:cde2:6171:2abf - - [26/Aug/2026:21:01:22 +0800] "GET /wp-content/themes/hueman/assets/front/webfonts/fa-brands-400.woff2?v=5.15.2 HTTP/1.1" 200 79499 "https://www.whjh.ilc.edu.tw/" "Mozilla/5.0 (Windows NT 10.0; Win64; x64) AppleWebKit/537.36 (KHTML, like Gecko) Chrome/151.0.0.0 Safari/537.36"
2407:4b00:4c0d:252:68d6:cde2:6171:2abf - - [26/Aug/2026:21:01:22 +0800] "GET /wp-content/cache/www.whjh.ilc.edu.tw/wpfc-minified/8imirqcp/6w61.js HTTP/1.1" 200 21760 "https://www.whjh.ilc.edu.tw/" "Mozilla/5.0 (Windows NT 10.0; Win64; x64) AppleWebKit/537.36 (KHTML, like Gecko) Chrome/151.0.0.0 Safari/537.36"
2407:4b00:4c0d:252:68d6:cde2:6171:2abf - - [26/Aug/2026:21:01:22 +0800] "GET /wp-content/themes/hueman/assets/front/webfonts/fa-regular-400.woff2?v=5.15.2 HTTP/1.1" 200 14439 "https://www.whjh.ilc.edu.tw/" "Mozilla/5.0 (Windows NT 10.0; Win64; x64) AppleWebKit/537.36 (KHTML, like Gecko) Chrome/151.0.0.0 Safari/537.36"
2407:4b00:4c0d:252:68d6:cde2:6171:2abf - - [26/Aug/2026:21:01:22 +0800] "GET /wp-content/themes/hueman/assets/front/webfonts/fa-solid-900.woff2?v=5.15.2 HTTP/1.1" 200 81301 "https://www.whjh.ilc.edu.tw/" "Mozilla/5.0 (Windows NT 10.0; Win64; x64) AppleWebKit/537.36 (KHTML, like Gecko) Chrome/151.0.0.0 Safari/537.36"
2407:4b00:4c0d:252:68d6:cde2:6171:2abf - - [26/Aug/2026:21:01:22 +0800] "GET /wp-content/themes/hueman/assets/front/fonts/titillium-light-webfont.woff HTTP/1.1" 200 25606 "https://www.whjh.ilc.edu.tw/" "Mozilla/5.0 (Windows NT 10.0; Win64; x64) AppleWebKit/537.36 (KHTML, like Gecko) Chrome/151.0.0.0 Safari/537.36"
2407:4b00:4c0d:252:68d6:cde2:6171:2abf - - [26/Aug/2026:21:01:23 +0800] "GET /wp-content/themes/hueman/assets/front/fonts/titillium-lightitalic-webfont.woff HTTP/1.1" 200 27654 "https://www.whjh.ilc.edu.tw/" "Mozilla/5.0 (Windows NT 10.0; Win64; x64) AppleWebKit/537.36 (KHTML, like Gecko) Chrome/151.0.0.0 Safari/537.36"
2407:4b00:4c0d:252:68d6:cde2:6171:2abf - - [26/Aug/2026:21:01:23 +0800] "GET /wp-content/themes/hueman/assets/front/fonts/titillium-regular-webfont.woff HTTP/1.1" 200 25590 "https://www.whjh.ilc.edu.tw/" "Mozilla/5.0 (Windows NT 10.0; Win64; x64) AppleWebKit/537.36 (KHTML, like Gecko) Chrome/151.0.0.0 Safari/537.36"
2407:4b00:4c0d:252:68d6:cde2:6171:2abf - - [26/Aug/2026:21:01:23 +0800] "GET /wp-content/themes/hueman/assets/front/fonts/titillium-regularitalic-webfont.woff HTTP/1.1" 200 27482 "https://www.whjh.ilc.edu.tw/" "Mozilla/5.0 (Windows NT 10.0; Win64; x64) AppleWebKit/537.36 (KHTML, like Gecko) Chrome/151.0.0.0 Safari/537.36"
2407:4b00:4c0d:252:68d6:cde2:6171:2abf - - [26/Aug/2026:21:01:23 +0800] "GET /wp-content/themes/hueman/assets/front/fonts/titillium-semibold-webfont.woff HTTP/1.1" 200 25626 "https://www.whjh.ilc.edu.tw/" "Mozilla/5.0 (Windows NT 10.0; Win64; x64) AppleWebKit/537.36 (KHTML, like Gecko) Chrome/151.0.0.0 Safari/537.36"
2407:4b00:4c0d:252:68d6:cde2:6171:2abf - - [26/Aug/2026:21:01:23 +0800] "GET /wp-content/uploads/sites/944/2019/10/cropped-%E6%96%87%E4%B8%ADbanner1.jpg HTTP/1.1" 200 131750 "https://www.whjh.ilc.edu.tw/" "Mozilla/5.0 (Windows NT 10.0; Win64; x64) AppleWebKit/537.36 (KHTML, like Gecko) Chrome/151.0.0.0 Safari/537.36"
2407:4b00:4c0d:252:68d6:cde2:6171:2abf - - [26/Aug/2026:21:01:23 +0800] "GET /wp-includes/js/hoverintent-js.min.js HTTP/1.1" 200 1597 "https://www.whjh.ilc.edu.tw/" "Mozilla/5.0 (Windows NT 10.0; Win64; x64) AppleWebKit/537.36 (KHTML, like Gecko) Chrome/151.0.0.0 Safari/537.36"
2407:4b00:4c0d:252:68d6:cde2:6171:2abf - - [26/Aug/2026:21:01:23 +0800] "GET /wp-content/uploads/sites/944/2019/10/%E8%82%9A%E7%9A%AE%E8%88%9E_resized-150x150.jpg HTTP/1.1" 200 8512 "https://www.whjh.ilc.edu.tw/" "Mozilla/5.0 (Windows NT 10.0; Win64; x64) AppleWebKit/537.36 (KHTML, like Gecko) Chrome/151.0.0.0 Safari/537.36"
2001:288:a201::66:125 - - [26/Aug/2026:21:01:23 +0800] "GET /blog/active.php HTTP/1.1" 301 1026 "-" "-"
2001:288:a201::66:125 - - [26/Aug/2026:21:01:23 +0800] "GET /blog/active.php HTTP/1.1" 404 1084 "-" "-"
2407:4b00:4c0d:252:68d6:cde2:6171:2abf - - [26/Aug/2026:21:01:23 +0800] "GET /wp-content/uploads/sites/944/2019/10/%E6%9C%AC%E6%A0%A1%E6%A0%A1%E5%8F%8B%E9%BB%83%E8%8A%9D%E9%B3%B3941016%E6%89%93%E7%A0%B4%E5%85%A8%E5%9C%8B%E5%A5%B3%E5%AD%90%E9%8F%88%E7%90%83%E5%85%A8%E5%9C%8B%E7%B4%80%E9%8C%8461.54%E7%B1%B3_resized-150x150.jpg HTTP/1.1" 200 10703 "https://www.whjh.ilc.edu.tw/" "Mozilla/5.0 (Windows NT 10.0; Win64; x64) AppleWebKit/537.36 (KHTML, like Gecko) Chrome/151.0.0.0 Safari/537.36"
2407:4b00:4c0d:252:68d6:cde2:6171:2abf - - [26/Aug/2026:21:01:23 +0800] "GET /wp-content/uploads/sites/944/2019/10/%E6%9C%AC%E6%A0%A1%E6%A0%A1%E5%8F%8B%E9%99%B3%E9%88%BA%E5%90%9B2018%E4%BA%9E%E9%81%8B%E5%A5%B3%E7%B1%83%E9%9A%8A%E9%95%B7_resized-150x150.jpg HTTP/1.1" 200 10375 "https://www.whjh.ilc.edu.tw/" "Mozilla/5.0 (Windows NT 10.0; Win64; x64) AppleWebKit/537.36 (KHTML, like Gecko) Chrome/151.0.0.0 Safari/537.36"
2407:4b00:4c0d:252:68d6:cde2:6171:2abf - - [26/Aug/2026:21:01:23 +0800] "GET /wp-content/uploads/sites/944/2019/10/%E6%9C%AC%E6%A0%A1%E6%A0%A1%E5%8F%8B%E9%BB%83%E5%87%A1%E7%8F%8A2018%E4%BA%9E%E9%81%8B%E5%A5%B3%E7%B1%83%E5%9C%8B%E6%89%8B_resized-150x150.jpg HTTP/1.1" 200 8515 "https://www.whjh.ilc.edu.tw/" "Mozilla/5.0 (Windows NT 10.0; Win64; x64) AppleWebKit/537.36 (KHTML, like Gecko) Chrome/151.0.0.0 Safari/537.36"
2407:4b00:4c0d:252:68d6:cde2:6171:2abf - - [26/Aug/2026:21:01:23 +0800] "GET /wp-includes/js/admin-bar.min.js HTTP/1.1" 200 2237 "https://www.whjh.ilc.edu.tw/" "Mozilla/5.0 (Windows NT 10.0; Win64; x64) AppleWebKit/537.36 (KHTML, like Gecko) Chrome/151.0.0.0 Safari/537.36"
2407:4b00:4c0d:252:68d6:cde2:6171:2abf - - [26/Aug/2026:21:01:23 +0800] "GET /wp-includes/js/underscore.min.js HTTP/1.1" 200 8191 "https://www.whjh.ilc.edu.tw/" "Mozilla/5.0 (Windows NT 10.0; Win64; x64) AppleWebKit/537.36 (KHTML, like Gecko) Chrome/151.0.0.0 Safari/537.36"
2407:4b00:4c0d:252:68d6:cde2:6171:2abf - - [26/Aug/2026:21:01:23 +0800] "GET /wp-content/plugins/elementor/assets/js/webpack.runtime.min.js HTTP/1.1" 200 3095 "https://www.whjh.ilc.edu.tw/" "Mozilla/5.0 (Windows NT 10.0; Win64; x64) AppleWebKit/537.36 (KHTML, like Gecko) Chrome/151.0.0.0 Safari/537.36"
2407:4b00:4c0d:252:68d6:cde2:6171:2abf - - [26/Aug/2026:21:01:23 +0800] "GET /wp-content/plugins/elementor/assets/js/frontend-modules.min.js HTTP/1.1" 200 19416 "https://www.whjh.ilc.edu.tw/" "Mozilla/5.0 (Windows NT 10.0; Win64; x64) AppleWebKit/537.36 (KHTML, like Gecko) Chrome/151.0.0.0 Safari/537.36"
2407:4b00:4c0d:252:68d6:cde2:6171:2abf - - [26/Aug/2026:21:01:23 +0800] "GET /wp-content/plugins/elementor-pro/assets/js/webpack-pro.runtime.min.js HTTP/1.1" 200 3562 "https://www.whjh.ilc.edu.tw/" "Mozilla/5.0 (Windows NT 10.0; Win64; x64) AppleWebKit/537.36 (KHTML, like Gecko) Chrome/151.0.0.0 Safari/537.36"
2407:4b00:4c0d:252:68d6:cde2:6171:2abf - - [26/Aug/2026:21:01:23 +0800] "GET /wp-includes/js/dist/hooks.min.js HTTP/1.1" 200 2421 "https://www.whjh.ilc.edu.tw/" "Mozilla/5.0 (Windows NT 10.0; Win64; x64) AppleWebKit/537.36 (KHTML, like Gecko) Chrome/151.0.0.0 Safari/537.36"
2407:4b00:4c0d:252:68d6:cde2:6171:2abf - - [26/Aug/2026:21:01:23 +0800] "GET /wp-includes/js/dist/i18n.min.js HTTP/1.1" 200 4547 "https://www.whjh.ilc.edu.tw/" "Mozilla/5.0 (Windows NT 10.0; Win64; x64) AppleWebKit/537.36 (KHTML, like Gecko) Chrome/151.0.0.0 Safari/537.36"
2407:4b00:4c0d:252:68d6:cde2:6171:2abf - - [26/Aug/2026:21:01:23 +0800] "GET /wp-content/plugins/elementor-pro/assets/js/frontend.min.js HTTP/1.1" 200 7574 "https://www.whjh.ilc.edu.tw/" "Mozilla/5.0 (Windows NT 10.0; Win64; x64) AppleWebKit/537.36 (KHTML, like Gecko) Chrome/151.0.0.0 Safari/537.36"
54.92.171.106 - - [26/Aug/2026:21:01:23 +0800] "GET /wp-content/uploads/sites/3454/2023/06/?C=N;O%3DD HTTP/1.1" 200 1399 "-" "Mozilla/5.0 AppleWebKit/537.36 (KHTML, like Gecko; compatible; Amazonbot/0.1; +https://developer.amazon.com/support/amazonbot) Chrome/119.0.6045.214 Safari/537.36"
2407:4b00:4c0d:252:68d6:cde2:6171:2abf - - [26/Aug/2026:21:01:23 +0800] "GET /wp-content/plugins/elementor/assets/lib/font-awesome/webfonts/fa-solid-900.woff2 HTTP/1.1" 200 79223 "https://www.whjh.ilc.edu.tw/wp-content/cache/www.whjh.ilc.edu.tw/wpfc-minified/qjmkpdpq/6w61.css" "Mozilla/5.0 (Windows NT 10.0; Win64; x64) AppleWebKit/537.36 (KHTML, like Gecko) Chrome/151.0.0.0 Safari/537.36"
2407:4b00:4c0d:252:68d6:cde2:6171:2abf - - [26/Aug/2026:21:01:23 +0800] "GET /wp-content/plugins/elementor/assets/lib/font-awesome/webfonts/fa-brands-400.woff2 HTTP/1.1" 200 82661 "https://www.whjh.ilc.edu.tw/wp-content/cache/www.whjh.ilc.edu.tw/wpfc-minified/qjmkpdpq/6w61.css" "Mozilla/5.0 (Windows NT 10.0; Win64; x64) AppleWebKit/537.36 (KHTML, like Gecko) Chrome/151.0.0.0 Safari/537.36"
2407:4b00:4c0d:252:68d6:cde2:6171:2abf - - [26/Aug/2026:21:01:23 +0800] "GET /wp-content/plugins/elementor/assets/lib/eicons/fonts/eicons.woff2?5.30.0 HTTP/1.1" 200 98225 "https://www.whjh.ilc.edu.tw/wp-content/cache/www.whjh.ilc.edu.tw/wpfc-minified/kyohlat9/6w61.css" "Mozilla/5.0 (Windows NT 10.0; Win64; x64) AppleWebKit/537.36 (KHTML, like Gecko) Chrome/151.0.0.0 Safari/537.36"
2407:4b00:4c0d:252:68d6:cde2:6171:2abf - - [26/Aug/2026:21:01:23 +0800] "GET /wp-content/uploads/sites/944/2019/10/RED_2301_resized-150x150.jpg HTTP/1.1" 200 12226 "https://www.whjh.ilc.edu.tw/" "Mozilla/5.0 (Windows NT 10.0; Win64; x64) AppleWebKit/537.36 (KHTML, like Gecko) Chrome/151.0.0.0 Safari/537.36"
52.4.238.8 - - [26/Aug/2026:21:01:22 +0800] "GET /32745/2020/08/10/%E5%95%8F%E6%83%85%E6%AD%8C/ HTTP/1.1" 200 92189 "-" "Mozilla/5.0 AppleWebKit/537.36 (KHTML, like Gecko; compatible; Amazonbot/0.1; +https://developer.amazon.com/support/amazonbot) Chrome/119.0.6045.214 Safari/537.36"
2407:4b00:4c0d:252:68d6:cde2:6171:2abf - - [26/Aug/2026:21:01:23 +0800] "GET /wp-content/plugins/elementor/assets/lib/waypoints/waypoints.min.js HTTP/1.1" 200 3873 "https://www.whjh.ilc.edu.tw/" "Mozilla/5.0 (Windows NT 10.0; Win64; x64) AppleWebKit/537.36 (KHTML, like Gecko) Chrome/151.0.0.0 Safari/537.36"
2407:4b00:4c0d:252:68d6:cde2:6171:2abf - - [26/Aug/2026:21:01:23 +0800] "GET /wp-includes/js/jquery/ui/core.min.js HTTP/1.1" 200 7986 "https://www.whjh.ilc.edu.tw/" "Mozilla/5.0 (Windows NT 10.0; Win64; x64) AppleWebKit/537.36 (KHTML, like Gecko) Chrome/151.0.0.0 Safari/537.36"
66.249.79.128 - - [26/Aug/2026:21:01:21 +0800] "GET /wp-login.php?action=ilc_logout&_wpnonce=43754d0aad&redirect_to=http://artkust.ru/gallery/15622/ HTTP/1.1" 302 3439 "-" "Mozilla/5.0 (Linux; Android 6.0.1; Nexus 5X Build/MMB29P) AppleWebKit/537.36 (KHTML, like Gecko) Chrome/151.0.7922.173 Mobile Safari/537.36 (compatible; GoogleOther)"
2407:4b00:4c0d:252:68d6:cde2:6171:2abf - - [26/Aug/2026:21:01:23 +0800] "GET /wp-content/plugins/elementor/assets/js/frontend.min.js HTTP/1.1" 200 13169 "https://www.whjh.ilc.edu.tw/" "Mozilla/5.0 (Windows NT 10.0; Win64; x64) AppleWebKit/537.36 (KHTML, like Gecko) Chrome/151.0.0.0 Safari/537.36"
2407:4b00:4c0d:252:68d6:cde2:6171:2abf - - [26/Aug/2026:21:01:23 +0800] "GET /wp-content/plugins/elementor-pro/assets/js/elements-handlers.min.js HTTP/1.1" 200 10882 "https://www.whjh.ilc.edu.tw/" "Mozilla/5.0 (Windows NT 10.0; Win64; x64) AppleWebKit/537.36 (KHTML, like Gecko) Chrome/151.0.0.0 Safari/537.36"
52.45.77.169 - - [26/Aug/2026:21:01:23 +0800] "GET /wp-content/uploads/sites/2518/6572/6572-3261742.jpg HTTP/1.1" 200 45112 "-" "Mozilla/5.0 AppleWebKit/537.36 (KHTML, like Gecko; compatible; Amazonbot/0.1; +https://developer.amazon.com/support/amazonbot) Chrome/119.0.6045.214 Safari/537.36"
2407:4b00:4c0d:252:68d6:cde2:6171:2abf - - [26/Aug/2026:21:01:23 +0800] "GET /wp-content/uploads/sites/944/2019/10/IMG20180314140232_resized-150x150.jpg HTTP/1.1" 200 8487 "https://www.whjh.ilc.edu.tw/" "Mozilla/5.0 (Windows NT 10.0; Win64; x64) AppleWebKit/537.36 (KHTML, like Gecko) Chrome/151.0.0.0 Safari/537.36"
2407:4b00:4c0d:252:68d6:cde2:6171:2abf - - [26/Aug/2026:21:01:23 +0800] "GET /wp-content/uploads/sites/944/2019/10/IMG20180306112208_1_resized-150x150.jpg HTTP/1.1" 200 8676 "https://www.whjh.ilc.edu.tw/" "Mozilla/5.0 (Windows NT 10.0; Win64; x64) AppleWebKit/537.36 (KHTML, like Gecko) Chrome/151.0.0.0 Safari/537.36"
2407:4b00:4c0d:252:68d6:cde2:6171:2abf - - [26/Aug/2026:21:01:23 +0800] "GET /wp-content/uploads/sites/944/2019/10/IMG_7950_resized-150x150.jpg HTTP/1.1" 200 10173 "https://www.whjh.ilc.edu.tw/" "Mozilla/5.0 (Windows NT 10.0; Win64; x64) AppleWebKit/537.36 (KHTML, like Gecko) Chrome/151.0.0.0 Safari/537.36"
2407:4b00:4c0d:252:68d6:cde2:6171:2abf - - [26/Aug/2026:21:01:23 +0800] "GET /wp-content/uploads/sites/944/2019/10/IMG_5604_resized-150x150.jpg HTTP/1.1" 200 11270 "https://www.whjh.ilc.edu.tw/" "Mozilla/5.0 (Windows NT 10.0; Win64; x64) AppleWebKit/537.36 (KHTML, like Gecko) Chrome/151.0.0.0 Safari/537.36"
2407:4b00:4c0d:252:68d6:cde2:6171:2abf - - [26/Aug/2026:21:01:23 +0800] "GET /wp-content/uploads/sites/944/2019/10/IMG_2185_resized-150x150.jpg HTTP/1.1" 200 10009 "https://www.whjh.ilc.edu.tw/" "Mozilla/5.0 (Windows NT 10.0; Win64; x64) AppleWebKit/537.36 (KHTML, like Gecko) Chrome/151.0.0.0 Safari/537.36"
2407:4b00:4c0d:252:68d6:cde2:6171:2abf - - [26/Aug/2026:21:01:23 +0800] "GET /wp-content/uploads/sites/944/2019/10/IMG_1962_resized-150x150.jpg HTTP/1.1" 200 7818 "https://www.whjh.ilc.edu.tw/" "Mozilla/5.0 (Windows NT 10.0; Win64; x64) AppleWebKit/537.36 (KHTML, like Gecko) Chrome/151.0.0.0 Safari/537.36"
2407:4b00:4c0d:252:68d6:cde2:6171:2abf - - [26/Aug/2026:21:01:23 +0800] "GET /wp-content/uploads/sites/944/2019/10/IMG_0309_resized-150x150.jpg HTTP/1.1" 200 10421 "https://www.whjh.ilc.edu.tw/" "Mozilla/5.0 (Windows NT 10.0; Win64; x64) AppleWebKit/537.36 (KHTML, like Gecko) Chrome/151.0.0.0 Safari/537.36"
2407:4b00:4c0d:252:68d6:cde2:6171:2abf - - [26/Aug/2026:21:01:23 +0800] "GET /wp-content/uploads/sites/944/2019/10/IMG_0762_resized-150x150.jpg HTTP/1.1" 200 10691 "https://www.whjh.ilc.edu.tw/" "Mozilla/5.0 (Windows NT 10.0; Win64; x64) AppleWebKit/537.36 (KHTML, like Gecko) Chrome/151.0.0.0 Safari/537.36"
2407:4b00:4c0d:252:68d6:cde2:6171:2abf - - [26/Aug/2026:21:01:23 +0800] "GET /wp-content/uploads/sites/944/2019/10/IMG_1528_resized-150x150.jpg HTTP/1.1" 200 9758 "https://www.whjh.ilc.edu.tw/" "Mozilla/5.0 (Windows NT 10.0; Win64; x64) AppleWebKit/537.36 (KHTML, like Gecko) Chrome/151.0.0.0 Safari/537.36"
2407:4b00:4c0d:252:68d6:cde2:6171:2abf - - [26/Aug/2026:21:01:23 +0800] "GET /wp-content/uploads/sites/944/2019/10/IMG_0122_resized-150x150.jpg HTTP/1.1" 200 8553 "https://www.whjh.ilc.edu.tw/" "Mozilla/5.0 (Windows NT 10.0; Win64; x64) AppleWebKit/537.36 (KHTML, like Gecko) Chrome/151.0.0.0 Safari/537.36"
2407:4b00:4c0d:252:68d6:cde2:6171:2abf - - [26/Aug/2026:21:01:23 +0800] "GET /wp-content/uploads/sites/944/2019/10/IMG_0121_resized-150x150.jpg HTTP/1.1" 200 11185 "https://www.whjh.ilc.edu.tw/" "Mozilla/5.0 (Windows NT 10.0; Win64; x64) AppleWebKit/537.36 (KHTML, like Gecko) Chrome/151.0.0.0 Safari/537.36"
2407:4b00:4c0d:252:68d6:cde2:6171:2abf - - [26/Aug/2026:21:01:23 +0800] "GET /wp-content/uploads/sites/944/2019/10/DSCN2419_resized-150x150.jpg HTTP/1.1" 200 5116 "https://www.whjh.ilc.edu.tw/" "Mozilla/5.0 (Windows NT 10.0; Win64; x64) AppleWebKit/537.36 (KHTML, like Gecko) Chrome/151.0.0.0 Safari/537.36"
2407:4b00:4c0d:252:68d6:cde2:6171:2abf - - [26/Aug/2026:21:01:23 +0800] "GET /wp-content/uploads/sites/944/2019/10/DSC_6937_resized-150x150.jpg HTTP/1.1" 200 7796 "https://www.whjh.ilc.edu.tw/" "Mozilla/5.0 (Windows NT 10.0; Win64; x64) AppleWebKit/537.36 (KHTML, like Gecko) Chrome/151.0.0.0 Safari/537.36"
2407:4b00:4c0d:252:68d6:cde2:6171:2abf - - [26/Aug/2026:21:01:23 +0800] "GET /wp-content/uploads/sites/944/2019/10/DSC_6512_resized-150x150.jpg HTTP/1.1" 200 8238 "https://www.whjh.ilc.edu.tw/" "Mozilla/5.0 (Windows NT 10.0; Win64; x64) AppleWebKit/537.36 (KHTML, like Gecko) Chrome/151.0.0.0 Safari/537.36"
2407:4b00:4c0d:252:68d6:cde2:6171:2abf - - [26/Aug/2026:21:01:23 +0800] "GET /wp-content/uploads/sites/944/2019/10/IMG_0245-1_resized-150x150.jpg HTTP/1.1" 200 9296 "https://www.whjh.ilc.edu.tw/" "Mozilla/5.0 (Windows NT 10.0; Win64; x64) AppleWebKit/537.36 (KHTML, like Gecko) Chrome/151.0.0.0 Safari/537.36"
2407:4b00:4c0d:252:68d6:cde2:6171:2abf - - [26/Aug/2026:21:01:23 +0800] "GET /wp-content/uploads/sites/944/2019/10/DSC_5907_resized-150x150.jpg HTTP/1.1" 200 10636 "https://www.whjh.ilc.edu.tw/" "Mozilla/5.0 (Windows NT 10.0; Win64; x64) AppleWebKit/537.36 (KHTML, like Gecko) Chrome/151.0.0.0 Safari/537.36"
2407:4b00:4c0d:252:68d6:cde2:6171:2abf - - [26/Aug/2026:21:01:23 +0800] "GET /wp-content/uploads/sites/944/2019/10/DAY2_171204_0059_resized-150x150.jpg HTTP/1.1" 200 7539 "https://www.whjh.ilc.edu.tw/" "Mozilla/5.0 (Windows NT 10.0; Win64; x64) AppleWebKit/537.36 (KHTML, like Gecko) Chrome/151.0.0.0 Safari/537.36"
2407:4b00:4c0d:252:68d6:cde2:6171:2abf - - [26/Aug/2026:21:01:23 +0800] "GET /wp-content/uploads/sites/944/2019/10/AJN_2042_resized-150x150.jpg HTTP/1.1" 200 5625 "https://www.whjh.ilc.edu.tw/" "Mozilla/5.0 (Windows NT 10.0; Win64; x64) AppleWebKit/537.36 (KHTML, like Gecko) Chrome/151.0.0.0 Safari/537.36"
2407:4b00:4c0d:252:68d6:cde2:6171:2abf - - [26/Aug/2026:21:01:23 +0800] "GET /wp-content/uploads/sites/944/2019/10/AJN_7271_resized-150x150.jpg HTTP/1.1" 200 9173 "https://www.whjh.ilc.edu.tw/" "Mozilla/5.0 (Windows NT 10.0; Win64; x64) AppleWebKit/537.36 (KHTML, like Gecko) Chrome/151.0.0.0 Safari/537.36"
2407:4b00:4c0d:252:68d6:cde2:6171:2abf - - [26/Aug/2026:21:01:23 +0800] "GET /wp-content/uploads/sites/944/2019/10/12299265_1070712212948165_2090299834551627172_n_resized-150x150.jpg HTTP/1.1" 200 10126 "https://www.whjh.ilc.edu.tw/" "Mozilla/5.0 (Windows NT 10.0; Win64; x64) AppleWebKit/537.36 (KHTML, like Gecko) Chrome/151.0.0.0 Safari/537.36"
2407:4b00:4c0d:252:68d6:cde2:6171:2abf - - [26/Aug/2026:21:01:23 +0800] "GET /wp-content/uploads/sites/944/2019/10/2017.3.10-a004_resized-150x150.jpg HTTP/1.1" 200 10910 "https://www.whjh.ilc.edu.tw/" "Mozilla/5.0 (Windows NT 10.0; Win64; x64) AppleWebKit/537.36 (KHTML, like Gecko) Chrome/151.0.0.0 Safari/537.36"
