2001:b400:e3a0:a411:f0b5:f8ea:e1fa:61a9 - - [26/Aug/2026:21:07:07 +0800] "GET /wp-content/plugins/ocean-extra/includes/widgets/js/flickr.min.js HTTP/1.1" 200 1319 "https://www.fsjh.ilc.edu.tw/" "Mozilla/5.0 (iPhone; CPU iPhone OS 26_6_1 like Mac OS X) AppleWebKit/605.1.15 (KHTML, like Gecko) GSA/433.5.957829776 Mobile/15E148 Safari/604.1"
2001:b400:e3a0:a411:f0b5:f8ea:e1fa:61a9 - - [26/Aug/2026:21:07:07 +0800] "GET /wp-content/themes/oceanwp/assets/js/select.min.js HTTP/1.1" 200 2408 "https://www.fsjh.ilc.edu.tw/" "Mozilla/5.0 (iPhone; CPU iPhone OS 26_6_1 like Mac OS X) AppleWebKit/605.1.15 (KHTML, like Gecko) GSA/433.5.957829776 Mobile/15E148 Safari/604.1"
66.249.84.100 - - [26/Aug/2026:21:07:07 +0800] "GET /35/wp-includes/js/jquery/jquery-migrate.min.js HTTP/1.1" 200 10531 "https://2blog.ilc.edu.tw/35/2020/08/27/%E9%96%8B%E5%AD%B9%E5%89%8D%E7%9A%84%E6%BA%96%E5%82%99-%E6%95%99%E5%AE%A4%E3%80%81%E6%95%99%E6%9D%90%E3%80%81%E7%8F%AD%E7%B4%9A%E7%B6%93%E7%87%9F%E5%B0%8F%E6%92%87%E6%AD%A5/" "Google-NotebookLM"
2001:b400:e3a0:a411:f0b5:f8ea:e1fa:61a9 - - [26/Aug/2026:21:07:07 +0800] "GET /wp-content/plugins/elementor-pro/assets/js/webpack-pro.runtime.min.js HTTP/1.1" 200 3562 "https://www.fsjh.ilc.edu.tw/" "Mozilla/5.0 (iPhone; CPU iPhone OS 26_6_1 like Mac OS X) AppleWebKit/605.1.15 (KHTML, like Gecko) GSA/433.5.957829776 Mobile/15E148 Safari/604.1"
66.249.84.100 - - [26/Aug/2026:21:07:07 +0800] "GET /35/wp-includes/css/admin-bar.min.css HTTP/1.1" 200 9464 "https://2blog.ilc.edu.tw/35/2020/08/27/%E9%96%8B%E5%AD%B9%E5%89%8D%E7%9A%84%E6%BA%96%E5%82%99-%E6%95%99%E5%AE%A4%E3%80%81%E6%95%99%E6%9D%90%E3%80%81%E7%8F%AD%E7%B4%9A%E7%B6%93%E7%87%9F%E5%B0%8F%E6%92%87%E6%AD%A5/" "Google-NotebookLM"
2001:b400:e3a0:a411:f0b5:f8ea:e1fa:61a9 - - [26/Aug/2026:21:07:07 +0800] "GET /wp-content/plugins/elementor/assets/js/webpack.runtime.min.js HTTP/1.1" 200 3095 "https://www.fsjh.ilc.edu.tw/" "Mozilla/5.0 (iPhone; CPU iPhone OS 26_6_1 like Mac OS X) AppleWebKit/605.1.15 (KHTML, like Gecko) GSA/433.5.957829776 Mobile/15E148 Safari/604.1"
2001:b400:e3a0:a411:f0b5:f8ea:e1fa:61a9 - - [26/Aug/2026:21:07:07 +0800] "GET /wp-content/plugins/elementor/assets/js/frontend-modules.min.js HTTP/1.1" 200 19416 "https://www.fsjh.ilc.edu.tw/" "Mozilla/5.0 (iPhone; CPU iPhone OS 26_6_1 like Mac OS X) AppleWebKit/605.1.15 (KHTML, like Gecko) GSA/433.5.957829776 Mobile/15E148 Safari/604.1"
2001:b400:e3a0:a411:f0b5:f8ea:e1fa:61a9 - - [26/Aug/2026:21:07:07 +0800] "GET /wp-includes/js/dist/hooks.min.js HTTP/1.1" 200 2421 "https://www.fsjh.ilc.edu.tw/" "Mozilla/5.0 (iPhone; CPU iPhone OS 26_6_1 like Mac OS X) AppleWebKit/605.1.15 (KHTML, like Gecko) GSA/433.5.957829776 Mobile/15E148 Safari/604.1"
2001:b400:e3a0:a411:f0b5:f8ea:e1fa:61a9 - - [26/Aug/2026:21:07:07 +0800] "GET /wp-includes/js/dist/i18n.min.js HTTP/1.1" 200 4547 "https://www.fsjh.ilc.edu.tw/" "Mozilla/5.0 (iPhone; CPU iPhone OS 26_6_1 like Mac OS X) AppleWebKit/605.1.15 (KHTML, like Gecko) GSA/433.5.957829776 Mobile/15E148 Safari/604.1"
2001:b011:7800:12ec:c63d:e4b6:2b67:7c24 - - [26/Aug/2026:21:07:07 +0800] "GET /wp-content/uploads/sites/2550/elementor/thumbs/-rfarj5vw4aecickxyhpdzs2z6gjjdamxc8ecej4g4g.png HTTP/1.1" 200 100600 "https://www.mses.ilc.edu.tw/" "Mozilla/5.0 (Linux; Android 10; K) AppleWebKit/537.36 (KHTML, like Gecko) Chrome/151.0.0.0 Mobile Safari/537.36"
2001:b011:7800:12ec:c63d:e4b6:2b67:7c24 - - [26/Aug/2026:21:07:07 +0800] "GET /wp-content/uploads/sites/2550/elementor/thumbs/-rfariwhi7y1ha8ylhdn4augd8ltv8bllyxvhlriduo.png HTTP/1.1" 200 230434 "https://www.mses.ilc.edu.tw/" "Mozilla/5.0 (Linux; Android 10; K) AppleWebKit/537.36 (KHTML, like Gecko) Chrome/151.0.0.0 Mobile Safari/537.36"
2001:b011:7800:12ec:c63d:e4b6:2b67:7c24 - - [26/Aug/2026:21:07:07 +0800] "GET /wp-content/uploads/sites/2550/elementor/thumbs/114%E7%AE%A1%E6%A8%82%E7%B8%A3%E8%B3%BD-rfario0yifpwdravurzh6el7w4zkb1o0xs04a9uxeo.png HTTP/1.1" 200 158480 "https://www.mses.ilc.edu.tw/" "Mozilla/5.0 (Linux; Android 10; K) AppleWebKit/537.36 (KHTML, like Gecko) Chrome/151.0.0.0 Mobile Safari/537.36"
2001:b011:7800:12ec:c63d:e4b6:2b67:7c24 - - [26/Aug/2026:21:07:07 +0800] "GET /wp-content/uploads/sites/2550/elementor/thumbs/114%E5%AE%9C%E7%B8%A3%E4%B8%AD%E5%B0%8F%E9%81%8B%E8%B7%86%E6%8B%B3%E9%81%932-rgpbf65js2vg8cxbhn9u4jkrlyhblvn7yd22invwkg.png HTTP/1.1" 200 382584 "https://www.mses.ilc.edu.tw/" "Mozilla/5.0 (Linux; Android 10; K) AppleWebKit/537.36 (KHTML, like Gecko) Chrome/151.0.0.0 Mobile Safari/537.36"
2001:b400:e3a0:a411:f0b5:f8ea:e1fa:61a9 - - [26/Aug/2026:21:07:07 +0800] "GET /wp-includes/js/jquery/ui/core.min.js HTTP/1.1" 200 7986 "https://www.fsjh.ilc.edu.tw/" "Mozilla/5.0 (iPhone; CPU iPhone OS 26_6_1 like Mac OS X) AppleWebKit/605.1.15 (KHTML, like Gecko) GSA/433.5.957829776 Mobile/15E148 Safari/604.1"
2001:b400:e3a0:a411:f0b5:f8ea:e1fa:61a9 - - [26/Aug/2026:21:07:07 +0800] "GET /wp-content/plugins/elementor-pro/assets/js/frontend.min.js HTTP/1.1" 200 7574 "https://www.fsjh.ilc.edu.tw/" "Mozilla/5.0 (iPhone; CPU iPhone OS 26_6_1 like Mac OS X) AppleWebKit/605.1.15 (KHTML, like Gecko) GSA/433.5.957829776 Mobile/15E148 Safari/604.1"
2001:b400:e3a0:a411:f0b5:f8ea:e1fa:61a9 - - [26/Aug/2026:21:07:07 +0800] "GET /wp-content/plugins/elementor/assets/js/frontend.min.js HTTP/1.1" 200 13169 "https://www.fsjh.ilc.edu.tw/" "Mozilla/5.0 (iPhone; CPU iPhone OS 26_6_1 like Mac OS X) AppleWebKit/605.1.15 (KHTML, like Gecko) GSA/433.5.957829776 Mobile/15E148 Safari/604.1"
2001:b400:e3a0:a411:f0b5:f8ea:e1fa:61a9 - - [26/Aug/2026:21:07:07 +0800] "GET /wp-content/plugins/elementor/assets/lib/waypoints/waypoints.min.js HTTP/1.1" 200 3873 "https://www.fsjh.ilc.edu.tw/" "Mozilla/5.0 (iPhone; CPU iPhone OS 26_6_1 like Mac OS X) AppleWebKit/605.1.15 (KHTML, like Gecko) GSA/433.5.957829776 Mobile/15E148 Safari/604.1"
2001:b400:e3a0:a411:f0b5:f8ea:e1fa:61a9 - - [26/Aug/2026:21:07:07 +0800] "GET /wp-content/plugins/elementor-pro/assets/js/elements-handlers.min.js HTTP/1.1" 200 10882 "https://www.fsjh.ilc.edu.tw/" "Mozilla/5.0 (iPhone; CPU iPhone OS 26_6_1 like Mac OS X) AppleWebKit/605.1.15 (KHTML, like Gecko) GSA/433.5.957829776 Mobile/15E148 Safari/604.1"
2001:b011:7800:12ec:c63d:e4b6:2b67:7c24 - - [26/Aug/2026:21:07:07 +0800] "GET /wp-content/uploads/sites/2550/elementor/thumbs/5-rfarigi8zrflsvlt2oqgmghj520mlgu68qs8g262sg.png HTTP/1.1" 200 290311 "https://www.mses.ilc.edu.tw/" "Mozilla/5.0 (Linux; Android 10; K) AppleWebKit/537.36 (KHTML, like Gecko) Chrome/151.0.0.0 Mobile Safari/537.36"
34.61.96.6 - - [26/Aug/2026:21:07:07 +0800] "GET /32745/wp-json/wp/v2/posts/94162 HTTP/1.1" 200 19228 "-" "Mozilla/5.0 (Macintosh; Intel Mac OS X 10_15_7) AppleWebKit/537.36 (KHTML, like Gecko) Chrome/120.0.0.0 Safari/537.36"
18.209.201.119 - - [26/Aug/2026:21:07:08 +0800] "GET /wp-content/uploads/sites/2480/2021/02/?C=N;O%3DD HTTP/1.1" 200 1114 "-" "Mozilla/5.0 AppleWebKit/537.36 (KHTML, like Gecko; compatible; Amazonbot/0.1; +https://developer.amazon.com/support/amazonbot) Chrome/119.0.6045.214 Safari/537.36"
2001:288:a201::66:125 - - [26/Aug/2026:21:07:08 +0800] "GET /blog/active.php HTTP/1.1" 301 1026 "-" "-"
2001:b011:7800:12ec:c63d:e4b6:2b67:7c24 - - [26/Aug/2026:21:07:07 +0800] "GET /wp-content/uploads/sites/2550/elementor/thumbs/-rfarjj1mrywd0w1ttne5yorfhuqod23621j54ekxpc.png HTTP/1.1" 200 291067 "https://www.mses.ilc.edu.tw/" "Mozilla/5.0 (Linux; Android 10; K) AppleWebKit/537.36 (KHTML, like Gecko) Chrome/151.0.0.0 Mobile Safari/537.36"
2001:288:a201::66:125 - - [26/Aug/2026:21:07:08 +0800] "GET /blog/active.php HTTP/1.1" 404 1084 "-" "-"
2001:b400:e3a0:a411:f0b5:f8ea:e1fa:61a9 - - [26/Aug/2026:21:07:08 +0800] "GET /wp-content/themes/oceanwp/assets/fonts/fontawesome/webfonts/fa-regular-400.woff2 HTTP/1.1" 200 25383 "https://www.fsjh.ilc.edu.tw/" "Mozilla/5.0 (iPhone; CPU iPhone OS 26_6_1 like Mac OS X) AppleWebKit/605.1.15 (KHTML, like Gecko) GSA/433.5.957829776 Mobile/15E148 Safari/604.1"
2001:b400:e3a0:a411:f0b5:f8ea:e1fa:61a9 - - [26/Aug/2026:21:07:08 +0800] "GET /wp-content/uploads/sites/2666/2021/04/bg18.gif HTTP/1.1" 200 4792 "https://www.fsjh.ilc.edu.tw/" "Mozilla/5.0 (iPhone; CPU iPhone OS 26_6_1 like Mac OS X) AppleWebKit/605.1.15 (KHTML, like Gecko) GSA/433.5.957829776 Mobile/15E148 Safari/604.1"
2001:b400:e3a0:a411:f0b5:f8ea:e1fa:61a9 - - [26/Aug/2026:21:07:08 +0800] "GET /wp-content/uploads/sites/2666/2021/04/BLOG_Banner.jpg HTTP/1.1" 200 103266 "https://www.fsjh.ilc.edu.tw/" "Mozilla/5.0 (iPhone; CPU iPhone OS 26_6_1 like Mac OS X) AppleWebKit/605.1.15 (KHTML, like Gecko) GSA/433.5.957829776 Mobile/15E148 Safari/604.1"
2001:b400:e3a0:a411:f0b5:f8ea:e1fa:61a9 - - [26/Aug/2026:21:07:08 +0800] "GET /wp-content/plugins/wp-dtree-30/dtree-img/join.gif HTTP/1.1" 200 894 "https://www.fsjh.ilc.edu.tw/" "Mozilla/5.0 (iPhone; CPU iPhone OS 26_6_1 like Mac OS X) AppleWebKit/605.1.15 (KHTML, like Gecko) GSA/433.5.957829776 Mobile/15E148 Safari/604.1"
2001:b400:e3a0:a411:f0b5:f8ea:e1fa:61a9 - - [26/Aug/2026:21:07:08 +0800] "GET /wp-content/plugins/wp-dtree-30/dtree-img/joinbottom.gif HTTP/1.1" 200 891 "https://www.fsjh.ilc.edu.tw/" "Mozilla/5.0 (iPhone; CPU iPhone OS 26_6_1 like Mac OS X) AppleWebKit/605.1.15 (KHTML, like Gecko) GSA/433.5.957829776 Mobile/15E148 Safari/604.1"
2001:b011:7800:12ec:c63d:e4b6:2b67:7c24 - - [26/Aug/2026:21:07:08 +0800] "GET /wp-content/uploads/sites/2550/elementor/thumbs/6-remsmp1ur1hfl3gcmpde2sg729cl2yuqde6ofapw9s.png HTTP/1.1" 200 188395 "https://www.mses.ilc.edu.tw/" "Mozilla/5.0 (Linux; Android 10; K) AppleWebKit/537.36 (KHTML, like Gecko) Chrome/151.0.0.0 Mobile Safari/537.36"
2001:b011:7800:12ec:c63d:e4b6:2b67:7c24 - - [26/Aug/2026:21:07:08 +0800] "GET /wp-content/uploads/sites/2550/elementor/thumbs/-rgpae9zlj6dajcijx75zrcqg8ibohk6hvr8zeol6sg.png HTTP/1.1" 200 280532 "https://www.mses.ilc.edu.tw/" "Mozilla/5.0 (Linux; Android 10; K) AppleWebKit/537.36 (KHTML, like Gecko) Chrome/151.0.0.0 Mobile Safari/537.36"
2001:b011:7800:12ec:c63d:e4b6:2b67:7c24 - - [26/Aug/2026:21:07:08 +0800] "GET /wp-content/uploads/sites/2550/elementor/thumbs/7-remsmrvdbjlajxc968l9s9qkueyoq25xds54v4lpr4.png HTTP/1.1" 200 168421 "https://www.mses.ilc.edu.tw/" "Mozilla/5.0 (Linux; Android 10; K) AppleWebKit/537.36 (KHTML, like Gecko) Chrome/151.0.0.0 Mobile Safari/537.36"
2001:b011:7800:12ec:c63d:e4b6:2b67:7c24 - - [26/Aug/2026:21:07:08 +0800] "GET /wp-content/uploads/sites/2550/elementor/thumbs/-rfarj08uza6mkot4vf9mkti7m5bc340jbghfivct5s.png HTTP/1.1" 200 427958 "https://www.mses.ilc.edu.tw/" "Mozilla/5.0 (Linux; Android 10; K) AppleWebKit/537.36 (KHTML, like Gecko) Chrome/151.0.0.0 Mobile Safari/537.36"
2001:b011:7800:12ec:c63d:e4b6:2b67:7c24 - - [26/Aug/2026:21:07:08 +0800] "GET /wp-content/uploads/sites/2550/elementor/thumbs/-rfarjdelmyon38a0qkyejq6nxjih2vgs19m88qtaqo.png HTTP/1.1" 200 448836 "https://www.mses.ilc.edu.tw/" "Mozilla/5.0 (Linux; Android 10; K) AppleWebKit/537.36 (KHTML, like Gecko) Chrome/151.0.0.0 Mobile Safari/537.36"
2001:b011:7800:12ec:c63d:e4b6:2b67:7c24 - - [26/Aug/2026:21:07:09 +0800] "GET /wp-content/uploads/sites/2550/elementor/thumbs/-rfarj9n8vmjhssfhcjbw9r4tk010831uor0abmyvfk.png HTTP/1.1" 200 132968 "https://www.mses.ilc.edu.tw/" "Mozilla/5.0 (Linux; Android 10; K) AppleWebKit/537.36 (KHTML, like Gecko) Chrome/151.0.0.0 Mobile Safari/537.36"
2001:b011:7800:12ec:c63d:e4b6:2b67:7c24 - - [26/Aug/2026:21:07:09 +0800] "GET /wp-content/uploads/sites/2550/elementor/thumbs/9-rbj1p8tjascyo8i2jluhthkw05k9fwup1yrspeux7k.jpg HTTP/1.1" 200 55704 "https://www.mses.ilc.edu.tw/" "Mozilla/5.0 (Linux; Android 10; K) AppleWebKit/537.36 (KHTML, like Gecko) Chrome/151.0.0.0 Mobile Safari/537.36"
2001:b011:7800:12ec:c63d:e4b6:2b67:7c24 - - [26/Aug/2026:21:07:09 +0800] "GET /wp-content/uploads/sites/2550/elementor/thumbs/10-rbj1pap7ogfjbgfc8mnqyh3t6xazvb25q82rnys4v4.jpg HTTP/1.1" 200 62167 "https://www.mses.ilc.edu.tw/" "Mozilla/5.0 (Linux; Android 10; K) AppleWebKit/537.36 (KHTML, like Gecko) Chrome/151.0.0.0 Mobile Safari/537.36"
2001:b011:7800:12ec:c63d:e4b6:2b67:7c24 - - [26/Aug/2026:21:07:09 +0800] "GET /wp-content/uploads/sites/2550/elementor/thumbs/11-rbj1pap7ogfjbgfc8mnqyh3t6xazvb25q82rnys4v4.jpg HTTP/1.1" 200 56514 "https://www.mses.ilc.edu.tw/" "Mozilla/5.0 (Linux; Android 10; K) AppleWebKit/537.36 (KHTML, like Gecko) Chrome/151.0.0.0 Mobile Safari/537.36"
66.249.79.128 - - [26/Aug/2026:21:07:07 +0800] "GET /wp-login.php?action=ilc_logout&_wpnonce=43754d0aad&redirect_to=http://bgbss.ru/creator/61276/ HTTP/1.1" 302 3437 "-" "Mozilla/5.0 (compatible; Googlebot/2.1; +http://www.google.com/bot.html)"
2001:b011:7800:12ec:c63d:e4b6:2b67:7c24 - - [26/Aug/2026:21:07:09 +0800] "GET /wp-content/uploads/sites/2550/elementor/thumbs/13-rbj1pbn1vagtn2dz352diyv9sb6d305w2cq958qqow.jpg HTTP/1.1" 200 66354 "https://www.mses.ilc.edu.tw/" "Mozilla/5.0 (Linux; Android 10; K) AppleWebKit/537.36 (KHTML, like Gecko) Chrome/151.0.0.0 Mobile Safari/537.36"
2001:b011:7800:12ec:c63d:e4b6:2b67:7c24 - - [26/Aug/2026:21:07:09 +0800] "GET /wp-content/uploads/sites/2550/elementor/thumbs/12-rbj1pbn1vagtn2dz352diyv9sb6d305w2cq958qqow.jpg HTTP/1.1" 200 51987 "https://www.mses.ilc.edu.tw/" "Mozilla/5.0 (Linux; Android 10; K) AppleWebKit/537.36 (KHTML, like Gecko) Chrome/151.0.0.0 Mobile Safari/537.36"
2001:b011:7800:12ec:c63d:e4b6:2b67:7c24 - - [26/Aug/2026:21:07:09 +0800] "GET /wp-content/uploads/sites/2550/elementor/thumbs/14-rbj2hd5prcus09nlc9foww4bs4ykpxhlx5dqkf5x28.jpg HTTP/1.1" 200 43053 "https://www.mses.ilc.edu.tw/" "Mozilla/5.0 (Linux; Android 10; K) AppleWebKit/537.36 (KHTML, like Gecko) Chrome/151.0.0.0 Mobile Safari/537.36"
2001:b011:7800:12ec:c63d:e4b6:2b67:7c24 - - [26/Aug/2026:21:07:09 +0800] "GET /wp-content/uploads/sites/2550/elementor/thumbs/15-rbj2hfz8buymz3jhvsnkmdepkakod0ssxjc7091qjk.jpg HTTP/1.1" 200 48489 "https://www.mses.ilc.edu.tw/" "Mozilla/5.0 (Linux; Android 10; K) AppleWebKit/537.36 (KHTML, like Gecko) Chrome/151.0.0.0 Mobile Safari/537.36"
2001:b011:7800:12ec:c63d:e4b6:2b67:7c24 - - [26/Aug/2026:21:07:09 +0800] "GET /wp-content/uploads/sites/2550/elementor/thumbs/16-rbj2hfz8buymz3jhvsnkmdepkakod0ssxjc7091qjk.jpg HTTP/1.1" 200 42941 "https://www.mses.ilc.edu.tw/" "Mozilla/5.0 (Linux; Android 10; K) AppleWebKit/537.36 (KHTML, like Gecko) Chrome/151.0.0.0 Mobile Safari/537.36"
2001:b011:7800:12ec:c63d:e4b6:2b67:7c24 - - [26/Aug/2026:21:07:09 +0800] "GET /wp-content/uploads/sites/2550/elementor/thumbs/17-rbj2hgx2iozxapi4qb276v665og1kpwj9nzohj0cdc.jpg HTTP/1.1" 200 39980 "https://www.mses.ilc.edu.tw/" "Mozilla/5.0 (Linux; Android 10; K) AppleWebKit/537.36 (KHTML, like Gecko) Chrome/151.0.0.0 Mobile Safari/537.36"
2001:b011:7800:12ec:c63d:e4b6:2b67:7c24 - - [26/Aug/2026:21:07:09 +0800] "GET /wp-content/uploads/sites/2550/elementor/thumbs/18-rbj2hgx2iozxapi4qb276v665og1kpwj9nzohj0cdc.jpg HTTP/1.1" 200 40724 "https://www.mses.ilc.edu.tw/" "Mozilla/5.0 (Linux; Android 10; K) AppleWebKit/537.36 (KHTML, like Gecko) Chrome/151.0.0.0 Mobile Safari/537.36"
2001:b011:7800:12ec:c63d:e4b6:2b67:7c24 - - [26/Aug/2026:21:07:09 +0800] "GET /wp-content/uploads/sites/2550/elementor/thumbs/19-rbj2hhuwpj17mbgrktgtrcxmr2besf09lsn5ysyy74.jpg HTTP/1.1" 200 44453 "https://www.mses.ilc.edu.tw/" "Mozilla/5.0 (Linux; Android 10; K) AppleWebKit/537.36 (KHTML, like Gecko) Chrome/151.0.0.0 Mobile Safari/537.36"
2001:b011:7800:12ec:c63d:e4b6:2b67:7c24 - - [26/Aug/2026:21:07:09 +0800] "GET /wp-content/uploads/sites/2550/elementor/thumbs/20-rbj2hhuwpj17mbgrktgtrcxmr2besf09lsn5ysyy74.jpg HTTP/1.1" 200 41206 "https://www.mses.ilc.edu.tw/" "Mozilla/5.0 (Linux; Android 10; K) AppleWebKit/537.36 (KHTML, like Gecko) Chrome/151.0.0.0 Mobile Safari/537.36"
2001:b011:7800:12ec:c63d:e4b6:2b67:7c24 - - [26/Aug/2026:21:07:09 +0800] "GET /wp-content/uploads/sites/2550/elementor/thumbs/-qxngky39lijouyipalo2vujwe6obm2gwz88dogmlcw.jpg HTTP/1.1" 200 46672 "https://www.mses.ilc.edu.tw/" "Mozilla/5.0 (Linux; Android 10; K) AppleWebKit/537.36 (KHTML, like Gecko) Chrome/151.0.0.0 Mobile Safari/537.36"
2001:b011:7800:12ec:c63d:e4b6:2b67:7c24 - - [26/Aug/2026:21:07:09 +0800] "GET /wp-content/uploads/sites/2550/elementor/thumbs/2024%E5%B0%8F%E6%94%9D%E5%BD%B1%E5%B8%AB%E7%9A%84%E4%B8%89%E5%80%8B%E5%A4%A7%E5%A4%A2-qxngkx5feoiejck2g39gbcsfsssyedd6n3kw76nzj4.jpg HTTP/1.1" 200 47568 "https://www.mses.ilc.edu.tw/" "Mozilla/5.0 (Linux; Android 10; K) AppleWebKit/537.36 (KHTML, like Gecko) Chrome/151.0.0.0 Mobile Safari/537.36"
2001:b011:7800:12ec:c63d:e4b6:2b67:7c24 - - [26/Aug/2026:21:07:09 +0800] "GET /wp-content/uploads/sites/2550/elementor/thumbs/53%E5%B1%86%E5%AE%B6%E9%95%B7%E6%9C%83%E9%95%B7-rhbt6qlqq367pyn9t2li8qwatw4276ckx87nyukd5s.png HTTP/1.1" 200 145092 "https://www.mses.ilc.edu.tw/" "Mozilla/5.0 (Linux; Android 10; K) AppleWebKit/537.36 (KHTML, like Gecko) Chrome/151.0.0.0 Mobile Safari/537.36"
2001:b011:7800:12ec:c63d:e4b6:2b67:7c24 - - [26/Aug/2026:21:07:09 +0800] "GET /wp-content/plugins/elementor/assets/js/lightbox.94b920846d1e37cafb78.bundle.min.js HTTP/1.1" 200 10857 "https://www.mses.ilc.edu.tw/" "Mozilla/5.0 (Linux; Android 10; K) AppleWebKit/537.36 (KHTML, like Gecko) Chrome/151.0.0.0 Mobile Safari/537.36"
2001:b011:7800:12ec:c63d:e4b6:2b67:7c24 - - [26/Aug/2026:21:07:09 +0800] "GET /wp-content/plugins/elementor/assets/lib/dialog/dialog.min.js?ver=4.9.0 HTTP/1.1" 200 4368 "https://www.mses.ilc.edu.tw/" "Mozilla/5.0 (Linux; Android 10; K) AppleWebKit/537.36 (KHTML, like Gecko) Chrome/151.0.0.0 Mobile Safari/537.36"
2001:b011:7800:12ec:c63d:e4b6:2b67:7c24 - - [26/Aug/2026:21:07:09 +0800] "GET /wp-content/plugins/elementor/assets/lib/share-link/share-link.min.js?ver=3.22.3 HTTP/1.1" 200 2049 "https://www.mses.ilc.edu.tw/" "Mozilla/5.0 (Linux; Android 10; K) AppleWebKit/537.36 (KHTML, like Gecko) Chrome/151.0.0.0 Mobile Safari/537.36"
2001:b011:7800:12ec:c63d:e4b6:2b67:7c24 - - [26/Aug/2026:21:07:09 +0800] "GET /wp-content/plugins/elementor/assets/js/image-carousel.4455c6362492d9067512.bundle.min.js HTTP/1.1" 200 1176 "https://www.mses.ilc.edu.tw/" "Mozilla/5.0 (Linux; Android 10; K) AppleWebKit/537.36 (KHTML, like Gecko) Chrome/151.0.0.0 Mobile Safari/537.36"
2001:b011:7800:12ec:c63d:e4b6:2b67:7c24 - - [26/Aug/2026:21:07:10 +0800] "GET /wp-content/plugins/elementor/assets/lib/swiper/v8/swiper.min.js?ver=8.4.5 HTTP/1.1" 200 40708 "https://www.mses.ilc.edu.tw/" "Mozilla/5.0 (Linux; Android 10; K) AppleWebKit/537.36 (KHTML, like Gecko) Chrome/151.0.0.0 Mobile Safari/537.36"
::1 - - [26/Aug/2026:21:07:10 +0800] "OPTIONS * HTTP/1.0" 200 110 "-" "Apache/2.4.68 (Ubuntu) OpenSSL/3.0.19 (internal dummy connection)"
196.51.9.114 - - [26/Aug/2026:21:07:08 +0800] "GET /wp-login.php?action=ilc_logout&_wpnonce=43754d0aad&redirect_to=https://vk.com%2Fpublic214903756/ HTTP/1.1" 302 8245 "https://www.kcaa1.com/default/product/product_2.php?com_board_basic=read_form&com_board_idx=1161&tit=03&&com_board_search_code=&com_board_search_value1=&com_board_search_value2=&com_board_page=&&com_board_id=7&&com_board_id=7" "Mozilla/5.0 (Windows NT 6.3; Win64; x64) AppleWebKit/537.36 (KHTML, like Gecko) Chrome/103.0.0.0 Safari/537.36"
2001:b011:7800:12ec:c63d:e4b6:2b67:7c24 - - [26/Aug/2026:21:07:01 +0800] "GET /wp-content/uploads/sites/2550/elementor/thumbs/20%E9%80%B1%E5%B9%B4%E6%A9%AB%E5%B9%85-ro2d7ulxsaw1sf4py1fi0jgd9r0d1l7ciivq3sj89o.png HTTP/1.1" 200 3524111 "https://www.mses.ilc.edu.tw/" "Mozilla/5.0 (Linux; Android 10; K) AppleWebKit/537.36 (KHTML, like Gecko) Chrome/151.0.0.0 Mobile Safari/537.36"
2001:b011:7800:12ec:c63d:e4b6:2b67:7c24 - - [26/Aug/2026:21:07:10 +0800] "GET /wp-content/uploads/sites/2550/2021/04/cropped-%E4%B8%8B%E8%BC%89-1-192x192.png HTTP/1.1" 200 45454 "https://www.mses.ilc.edu.tw/" "Mozilla/5.0 (Linux; Android 10; K) AppleWebKit/537.36 (KHTML, like Gecko) Chrome/151.0.0.0 Mobile Safari/537.36"
2001:b011:7800:12ec:c63d:e4b6:2b67:7c24 - - [26/Aug/2026:21:07:10 +0800] "GET /wp-content/uploads/sites/2550/2021/04/cropped-%E4%B8%8B%E8%BC%89-1-180x180.png HTTP/1.1" 200 40948 "https://www.mses.ilc.edu.tw/" "Mozilla/5.0 (Linux; Android 10; K) AppleWebKit/537.36 (KHTML, like Gecko) Chrome/151.0.0.0 Mobile Safari/537.36"
54.235.172.96 - - [26/Aug/2026:21:07:10 +0800] "GET /6569/wp-json/wp/v2/posts/14960/revisions/16649 HTTP/1.1" 401 6197 "-" "Mozilla/5.0 AppleWebKit/537.36 (KHTML, like Gecko; compatible; Amazonbot/0.1; +https://developer.amazon.com/support/amazonbot) Chrome/119.0.6045.214 Safari/537.36"
140.111.67.10 - - [26/Aug/2026:21:07:10 +0800] "GET /" 301 273 "-" "-"
::1 - - [26/Aug/2026:21:07:11 +0800] "OPTIONS * HTTP/1.0" 200 110 "-" "Apache/2.4.68 (Ubuntu) OpenSSL/3.0.19 (internal dummy connection)"
::1 - - [26/Aug/2026:21:07:12 +0800] "OPTIONS * HTTP/1.0" 200 110 "-" "Apache/2.4.68 (Ubuntu) OpenSSL/3.0.19 (internal dummy connection)"
2001:b400:e3a0:a411:f0b5:f8ea:e1fa:61a9 - - [26/Aug/2026:21:07:11 +0800] "GET /wp-content/themes/oceanwp/assets/fonts/fontawesome/webfonts/fa-solid-900.woff2 HTTP/1.1" 200 151246 "https://www.fsjh.ilc.edu.tw/" "Mozilla/5.0 (iPhone; CPU iPhone OS 26_6_1 like Mac OS X) AppleWebKit/605.1.15 (KHTML, like Gecko) GSA/433.5.957829776 Mobile/15E148 Safari/604.1"
::1 - - [26/Aug/2026:21:07:13 +0800] "OPTIONS * HTTP/1.0" 200 110 "-" "Apache/2.4.68 (Ubuntu) OpenSSL/3.0.19 (internal dummy connection)"
2001:288:a201::66:125 - - [26/Aug/2026:21:07:13 +0800] "GET /blog/active.php HTTP/1.1" 301 1026 "-" "-"
2001:288:a201::66:125 - - [26/Aug/2026:21:07:13 +0800] "GET /blog/active.php HTTP/1.1" 404 1084 "-" "-"
34.123.149.87 - - [26/Aug/2026:21:07:12 +0800] "GET /funzone/wp-json/wp/v2/posts/785 HTTP/1.1" 200 9510 "-" "Mozilla/5.0 (Macintosh; Intel Mac OS X 10_15_7) AppleWebKit/537.36 (KHTML, like Gecko) Chrome/120.0.0.0 Safari/537.36"
2401:e180:8d82:1848:5c2d:3699:3e37:78c3 - - [26/Aug/2026:21:07:13 +0800] "POST /wp-json/wp-statistics/v2/online HTTP/1.1" 200 1422 "https://www.npes.ilc.edu.tw/" "Mozilla/5.0 (Windows NT 10.0; Win64; x64) AppleWebKit/537.36 (KHTML, like Gecko) Chrome/151.0.0.0 Safari/537.36"
2001:4860:7:b10::f2 - - [26/Aug/2026:21:07:13 +0800] "GET /tcesinfo/2021/04/27/%E5%9C%A8-ubuntu-%E4%B8%8B%E5%AE%89%E8%A3%9D-anydesk/ HTTP/1.1" 200 15847 "https://www.google.com/" "Mozilla/5.0 (X11; Linux x86_64) AppleWebKit/537.36 (KHTML, like Gecko) Chrome/151.0.0.0 Safari/537.36"
::1 - - [26/Aug/2026:21:07:14 +0800] "OPTIONS * HTTP/1.0" 200 110 "-" "Apache/2.4.68 (Ubuntu) OpenSSL/3.0.19 (internal dummy connection)"
216.73.217.64 - - [26/Aug/2026:21:07:14 +0800] "GET /9536/?p=54566 HTTP/1.1" 301 5849 "-" "Mozilla/5.0 AppleWebKit/537.36 (KHTML, like Gecko; compatible; ClaudeBot/1.0; +claudebot@anthropic.com)"
159.65.225.75 - - [26/Aug/2026:21:07:14 +0800] "GET /blog/gallery/2314/2314-320925.png HTTP/1.1" 301 1062 "http://blog.ilc.edu.tw/" "Mozilla/5.0 (Windows NT 10.0; Win64; x64) AppleWebKit/537.36 (KHTML, like Gecko) Chrome/106.0.5249.119 Safari/537.36"
66.249.71.9 - - [26/Aug/2026:21:07:13 +0800] "GET /wp-login.php?action=ilc_logout&_wpnonce=43754d0aad&redirect_to=http://artkust.ru/job/27596/ HTTP/1.1" 302 8242 "-" "Mozilla/5.0 (compatible; Googlebot/2.1; +http://www.google.com/bot.html)"
161.35.124.55 - - [26/Aug/2026:21:07:15 +0800] "GET /blog/gallery/6569/6569-4200240.jpg HTTP/1.1" 301 1064 "http://blog.ilc.edu.tw/" "Mozilla/5.0 (Windows NT 10.0; Win64; x64) AppleWebKit/537.36 (KHTML, like Gecko) Chrome/106.0.5249.119 Safari/537.36"
161.35.124.55 - - [26/Aug/2026:21:07:15 +0800] "GET /blog/gallery/6569/6569-4200243.jpg HTTP/1.1" 301 1064 "http://blog.ilc.edu.tw/" "Mozilla/5.0 (Windows NT 10.0; Win64; x64) AppleWebKit/537.36 (KHTML, like Gecko) Chrome/106.0.5249.119 Safari/537.36"
161.35.124.55 - - [26/Aug/2026:21:07:15 +0800] "GET /blog/imgs/thumbs_up.gif HTTP/1.1" 301 1042 "http://blog.ilc.edu.tw/" "Mozilla/5.0 (Windows NT 10.0; Win64; x64) AppleWebKit/537.36 (KHTML, like Gecko) Chrome/133.0.0.0 Safari/537.36"
161.35.124.55 - - [26/Aug/2026:21:07:15 +0800] "GET /blog/gallery/8176/previews-med/8176-1713418.jpg HTTP/1.1" 301 1090 "http://blog.ilc.edu.tw/" "Mozilla/5.0 (Windows NT 10.0; Win64; x64) AppleWebKit/537.36 (KHTML, like Gecko) Chrome/117.0.0.0 Safari/537.36"
159.65.225.75 - - [26/Aug/2026:21:07:15 +0800] "GET /blog/gallery/24/previews-med/24-3190951.jpg HTTP/1.1" 301 1082 "http://blog.ilc.edu.tw/" "Mozilla/5.0 (Windows NT 10.0; Win64; x64) AppleWebKit/537.36 (KHTML, like Gecko) Chrome/120.0.0.0 Safari/537.36"
159.65.225.75 - - [26/Aug/2026:21:07:15 +0800] "GET /blog/imgs/thumbs_up.gif HTTP/1.1" 301 1042 "http://blog.ilc.edu.tw/" "Mozilla/5.0 (Windows NT 10.0; Win64; x64) AppleWebKit/537.36 (KHTML, like Gecko) Chrome/117.0.0.0 Safari/537.36"
161.35.124.55 - - [26/Aug/2026:21:07:15 +0800] "GET /blog/gallery/24/previews-med/24-3190952.jpg HTTP/1.1" 301 1082 "http://blog.ilc.edu.tw/" "Mozilla/5.0 (Windows NT 10.0; Win64; x64) AppleWebKit/537.36 (KHTML, like Gecko) Chrome/120.0.0.0 Safari/537.36"
161.35.124.55 - - [26/Aug/2026:21:07:15 +0800] "GET /blog/gallery/6341/6341-2922249.jpg HTTP/1.1" 301 1064 "http://blog.ilc.edu.tw/" "Mozilla/5.0 (Windows NT 10.0; Win64; x64) AppleWebKit/537.36 (KHTML, like Gecko) Chrome/103.0.0.0 Safari/537.36"
54.85.109.140 - - [26/Aug/2026:21:07:15 +0800] "GET /wp-content/uploads/sites/662/2023/02/?C=S;O%3DD HTTP/1.1" 200 1111 "-" "Mozilla/5.0 AppleWebKit/537.36 (KHTML, like Gecko; compatible; Amazonbot/0.1; +https://developer.amazon.com/support/amazonbot) Chrome/119.0.6045.214 Safari/537.36"
159.65.225.75 - - [26/Aug/2026:21:07:15 +0800] "GET /blog/gallery/24/previews-med/24-3182559.jpg HTTP/1.1" 301 1082 "http://blog.ilc.edu.tw/" "Mozilla/5.0 (Windows NT 10.0; Win64; x64) AppleWebKit/537.36 (KHTML, like Gecko) Chrome/120.0.0.0 Safari/537.36"
161.35.124.55 - - [26/Aug/2026:21:07:15 +0800] "GET /blog/gallery/6341/6341-2615455.jpg HTTP/1.1" 301 1064 "http://blog.ilc.edu.tw/" "Mozilla/5.0 (Windows NT 10.0; Win64; x64) AppleWebKit/537.36 (KHTML, like Gecko) Chrome/103.0.0.0 Safari/537.36"
159.203.179.44 - - [26/Aug/2026:21:07:15 +0800] "GET /blog/gallery/24/previews-med/24-3184235.jpg HTTP/1.1" 301 1082 "http://blog.ilc.edu.tw/" "Mozilla/5.0 (Windows NT 10.0; Win64; x64) AppleWebKit/537.36 (KHTML, like Gecko) Chrome/120.0.0.0 Safari/537.36"
161.35.124.55 - - [26/Aug/2026:21:07:15 +0800] "GET /blog/gallery/24/previews-med/24-3182561.jpg HTTP/1.1" 301 1082 "http://blog.ilc.edu.tw/" "Mozilla/5.0 (Windows NT 10.0; Win64; x64) AppleWebKit/537.36 (KHTML, like Gecko) Chrome/120.0.0.0 Safari/537.36"
161.35.124.55 - - [26/Aug/2026:21:07:15 +0800] "GET /blog/gallery/6341/6341-2649086.jpg HTTP/1.1" 301 1064 "http://blog.ilc.edu.tw/" "Mozilla/5.0 (Windows NT 10.0; Win64; x64) AppleWebKit/537.36 (KHTML, like Gecko) Chrome/103.0.0.0 Safari/537.36"
216.73.217.64 - - [26/Aug/2026:21:07:15 +0800] "GET /9536/2007/02/17/%e7%a4%be%e5%8d%80%e6%97%a5%e6%9b%86-%e5%bb%a3%e8%88%88%e7%a4%be%e5%8d%80-%e5%a4%a7%e9%99%b8%e4%ba%ba%e6%b0%91%e7%ac%ac%e4%ba%8c%e8%99%95%e7%90%86%e4%b8%ad%e5%bf%83/ HTTP/1.1" 200 9559 "https://2blog.ilc.edu.tw/9536/?p=54566" "Mozilla/5.0 AppleWebKit/537.36 (KHTML, like Gecko; compatible; ClaudeBot/1.0; +claudebot@anthropic.com)"
159.203.179.44 - - [26/Aug/2026:21:07:15 +0800] "GET /blog/gallery/6341/6341-2370193.jpg HTTP/1.1" 301 1064 "http://blog.ilc.edu.tw/" "Mozilla/5.0 (Windows NT 10.0; Win64; x64) AppleWebKit/537.36 (KHTML, like Gecko) Chrome/103.0.0.0 Safari/537.36"
134.209.113.159 - - [26/Aug/2026:21:07:15 +0800] "GET /blog/gallery/6569/6569-4200239.jpg HTTP/1.1" 301 1064 "http://blog.ilc.edu.tw/" "Mozilla/5.0 (Windows NT 10.0; Win64; x64) AppleWebKit/537.36 (KHTML, like Gecko) Chrome/106.0.5249.119 Safari/537.36"
159.203.179.44 - - [26/Aug/2026:21:07:15 +0800] "GET /blog/gallery/6341/6341-2398760.jpg HTTP/1.1" 301 1064 "http://blog.ilc.edu.tw/" "Mozilla/5.0 (Windows NT 10.0; Win64; x64) AppleWebKit/537.36 (KHTML, like Gecko) Chrome/103.0.0.0 Safari/537.36"
167.172.133.19 - - [26/Aug/2026:21:07:15 +0800] "GET /blog/gallery/6569/6569-4200241.png HTTP/1.1" 301 1064 "http://blog.ilc.edu.tw/" "Mozilla/5.0 (Windows NT 10.0; Win64; x64) AppleWebKit/537.36 (KHTML, like Gecko) Chrome/106.0.5249.119 Safari/537.36"
167.172.133.19 - - [26/Aug/2026:21:07:15 +0800] "GET /blog/gallery/24/previews-med/24-3148969.jpg HTTP/1.1" 301 1082 "http://blog.ilc.edu.tw/" "Mozilla/5.0 (Windows NT 10.0; Win64; x64) AppleWebKit/537.36 (KHTML, like Gecko) Chrome/120.0.0.0 Safari/537.36"
134.122.117.133 - - [26/Aug/2026:21:07:15 +0800] "GET /blog/gallery/24/previews-med/24-3181520.jpg HTTP/1.1" 301 1082 "http://blog.ilc.edu.tw/" "Mozilla/5.0 (Windows NT 10.0; Win64; x64) AppleWebKit/537.36 (KHTML, like Gecko) Chrome/120.0.0.0 Safari/537.36"
134.209.113.159 - - [26/Aug/2026:21:07:15 +0800] "GET /blog/gallery/6341/6341-2369454.jpg HTTP/1.1" 301 1064 "http://blog.ilc.edu.tw/" "Mozilla/5.0 (Windows NT 10.0; Win64; x64) AppleWebKit/537.36 (KHTML, like Gecko) Chrome/103.0.0.0 Safari/537.36"
134.122.117.133 - - [26/Aug/2026:21:07:15 +0800] "GET /blog/gallery/8176/previews-med/8176-1713420.jpg HTTP/1.1" 301 1090 "http://blog.ilc.edu.tw/" "Mozilla/5.0 (Windows NT 10.0; Win64; x64) AppleWebKit/537.36 (KHTML, like Gecko) Chrome/117.0.0.0 Safari/537.36"
167.172.133.19 - - [26/Aug/2026:21:07:15 +0800] "GET /blog/imgs/thumbs_up.gif HTTP/1.1" 301 1042 "http://blog.ilc.edu.tw/" "Mozilla/5.0 (Windows NT 10.0; Win64; x64) AppleWebKit/537.36 (KHTML, like Gecko) Chrome/106.0.5249.119 Safari/537.36"
134.122.117.133 - - [26/Aug/2026:21:07:15 +0800] "GET /blog/gallery/24/previews-med/24-3196901.jpg HTTP/1.1" 301 1082 "http://blog.ilc.edu.tw/" "Mozilla/5.0 (Windows NT 10.0; Win64; x64) AppleWebKit/537.36 (KHTML, like Gecko) Chrome/120.0.0.0 Safari/537.36"
140.111.67.10 - - [26/Aug/2026:21:07:15 +0800] "GET /" 301 273 "-" "-"
104.248.239.65 - - [26/Aug/2026:21:07:15 +0800] "GET /blog/gallery/6341/6341-2370202.jpg HTTP/1.1" 301 1064 "http://blog.ilc.edu.tw/" "Mozilla/5.0 (Windows NT 10.0; Win64; x64) AppleWebKit/537.36 (KHTML, like Gecko) Chrome/103.0.0.0 Safari/537.36"
104.248.239.65 - - [26/Aug/2026:21:07:15 +0800] "GET /blog/imgs/thumbs_up.gif HTTP/1.1" 301 1042 "http://blog.ilc.edu.tw/" "Mozilla/5.0 (Windows NT 10.0; Win64; x64) AppleWebKit/537.36 (KHTML, like Gecko) Chrome/117.0.0.0 Safari/537.36"
104.248.239.65 - - [26/Aug/2026:21:07:15 +0800] "GET /blog/imgs/thumbs_up.gif HTTP/1.1" 301 1042 "http://blog.ilc.edu.tw/" "Mozilla/5.0 (Windows NT 10.0; Win64; x64) AppleWebKit/537.36 (KHTML, like Gecko) Chrome/106.0.5249.119 Safari/537.36"
104.248.239.65 - - [26/Aug/2026:21:07:15 +0800] "GET /blog/gallery/6341/6341-2616623.jpg HTTP/1.1" 301 1064 "http://blog.ilc.edu.tw/" "Mozilla/5.0 (Windows NT 10.0; Win64; x64) AppleWebKit/537.36 (KHTML, like Gecko) Chrome/103.0.0.0 Safari/537.36"
34.171.68.95 - - [26/Aug/2026:21:07:15 +0800] "GET /19648/?p=6168 HTTP/1.1" 301 5638 "-" "Mozilla/5.0 (Macintosh; Intel Mac OS X 10_15_7) AppleWebKit/537.36 (KHTML, like Gecko) Chrome/120.0.0.0 Safari/537.36"
::1 - - [26/Aug/2026:21:07:16 +0800] "OPTIONS * HTTP/1.0" 200 110 "-" "Apache/2.4.68 (Ubuntu) OpenSSL/3.0.19 (internal dummy connection)"
2001:b011:7800:12ec:c63d:e4b6:2b67:7c24 - - [26/Aug/2026:21:07:16 +0800] "GET /wp-content/uploads/sites/2550/2022/10/lunchbox.jpg HTTP/1.1" 200 33740 "https://www.mses.ilc.edu.tw/" "Mozilla/5.0 (Linux; Android 10; K) AppleWebKit/537.36 (KHTML, like Gecko) Chrome/151.0.0.0 Mobile Safari/537.36"
159.223.185.120 - - [26/Aug/2026:21:07:16 +0800] "GET /blog/gallery/6569/6569-4200243.jpg HTTP/1.1" 404 25426 "http://blog.ilc.edu.tw/" "Mozilla/5.0 (Windows NT 10.0; Win64; x64) AppleWebKit/537.36 (KHTML, like Gecko) Chrome/106.0.5249.119 Safari/537.36"
206.189.229.82 - - [26/Aug/2026:21:07:16 +0800] "GET /blog/imgs/thumbs_up.gif HTTP/1.1" 404 25426 "http://blog.ilc.edu.tw/" "Mozilla/5.0 (Windows NT 10.0; Win64; x64) AppleWebKit/537.36 (KHTML, like Gecko) Chrome/117.0.0.0 Safari/537.36"
67.205.168.108 - - [26/Aug/2026:21:07:16 +0800] "GET /blog/gallery/6341/6341-2615455.jpg HTTP/1.1" 404 25426 "http://blog.ilc.edu.tw/" "Mozilla/5.0 (Windows NT 10.0; Win64; x64) AppleWebKit/537.36 (KHTML, like Gecko) Chrome/103.0.0.0 Safari/537.36"
157.230.7.124 - - [26/Aug/2026:21:07:16 +0800] "GET /blog/gallery/24/previews-med/24-3182559.jpg HTTP/1.1" 404 25426 "http://blog.ilc.edu.tw/" "Mozilla/5.0 (Windows NT 10.0; Win64; x64) AppleWebKit/537.36 (KHTML, like Gecko) Chrome/120.0.0.0 Safari/537.36"
143.198.164.23 - - [26/Aug/2026:21:07:16 +0800] "GET /blog/gallery/6341/6341-2649086.jpg HTTP/1.1" 404 25426 "http://blog.ilc.edu.tw/" "Mozilla/5.0 (Windows NT 10.0; Win64; x64) AppleWebKit/537.36 (KHTML, like Gecko) Chrome/103.0.0.0 Safari/537.36"
206.189.203.185 - - [26/Aug/2026:21:07:16 +0800] "GET /blog/gallery/24/previews-med/24-3190952.jpg HTTP/1.1" 404 25426 "http://blog.ilc.edu.tw/" "Mozilla/5.0 (Windows NT 10.0; Win64; x64) AppleWebKit/537.36 (KHTML, like Gecko) Chrome/120.0.0.0 Safari/537.36"
204.48.31.114 - - [26/Aug/2026:21:07:16 +0800] "GET /blog/gallery/6341/6341-2370193.jpg HTTP/1.1" 404 25426 "http://blog.ilc.edu.tw/" "Mozilla/5.0 (Windows NT 10.0; Win64; x64) AppleWebKit/537.36 (KHTML, like Gecko) Chrome/103.0.0.0 Safari/537.36"
192.81.213.108 - - [26/Aug/2026:21:07:16 +0800] "GET /blog/gallery/6341/6341-2607467.jpg HTTP/1.1" 404 25426 "http://blog.ilc.edu.tw/" "Mozilla/5.0 (Windows NT 10.0; Win64; x64) AppleWebKit/537.36 (KHTML, like Gecko) Chrome/103.0.0.0 Safari/537.36"
206.81.6.24 - - [26/Aug/2026:21:07:16 +0800] "GET /blog/gallery/6341/6341-2607451.jpg HTTP/1.1" 404 25426 "http://blog.ilc.edu.tw/" "Mozilla/5.0 (Windows NT 10.0; Win64; x64) AppleWebKit/537.36 (KHTML, like Gecko) Chrome/103.0.0.0 Safari/537.36"
206.81.6.240 - - [26/Aug/2026:21:07:16 +0800] "GET /blog/gallery/6341/6341-2398760.jpg HTTP/1.1" 404 25426 "http://blog.ilc.edu.tw/" "Mozilla/5.0 (Windows NT 10.0; Win64; x64) AppleWebKit/537.36 (KHTML, like Gecko) Chrome/103.0.0.0 Safari/537.36"
67.205.177.102 - - [26/Aug/2026:21:07:16 +0800] "GET /blog/gallery/6569/6569-4200239.jpg HTTP/1.1" 404 25426 "http://blog.ilc.edu.tw/" "Mozilla/5.0 (Windows NT 10.0; Win64; x64) AppleWebKit/537.36 (KHTML, like Gecko) Chrome/106.0.5249.119 Safari/537.36"
159.223.132.83 - - [26/Aug/2026:21:07:16 +0800] "GET /blog/gallery/24/previews-med/24-3148969.jpg HTTP/1.1" 404 25426 "http://blog.ilc.edu.tw/" "Mozilla/5.0 (Windows NT 10.0; Win64; x64) AppleWebKit/537.36 (KHTML, like Gecko) Chrome/120.0.0.0 Safari/537.36"
68.183.30.248 - - [26/Aug/2026:21:07:16 +0800] "GET /blog/imgs/thumbs_up.gif HTTP/1.1" 404 25426 "http://blog.ilc.edu.tw/" "Mozilla/5.0 (Windows NT 10.0; Win64; x64) AppleWebKit/537.36 (KHTML, like Gecko) Chrome/106.0.5249.119 Safari/537.36"
64.227.28.174 - - [26/Aug/2026:21:07:16 +0800] "GET /blog/gallery/24/previews-med/24-3196901.jpg HTTP/1.1" 404 25426 "http://blog.ilc.edu.tw/" "Mozilla/5.0 (Windows NT 10.0; Win64; x64) AppleWebKit/537.36 (KHTML, like Gecko) Chrome/120.0.0.0 Safari/537.36"
143.244.157.54 - - [26/Aug/2026:21:07:16 +0800] "GET /blog/gallery/6341/6341-2369454.jpg HTTP/1.1" 404 25426 "http://blog.ilc.edu.tw/" "Mozilla/5.0 (Windows NT 10.0; Win64; x64) AppleWebKit/537.36 (KHTML, like Gecko) Chrome/103.0.0.0 Safari/537.36"
157.245.139.180 - - [26/Aug/2026:21:07:16 +0800] "GET /blog/gallery/6569/6569-4200242.jpg HTTP/1.1" 404 25426 "http://blog.ilc.edu.tw/" "Mozilla/5.0 (Windows NT 10.0; Win64; x64) AppleWebKit/537.36 (KHTML, like Gecko) Chrome/106.0.5249.119 Safari/537.36"
67.205.191.202 - - [26/Aug/2026:21:07:16 +0800] "GET /blog/gallery/24/previews-med/24-3169416.jpg HTTP/1.1" 404 25426 "http://blog.ilc.edu.tw/" "Mozilla/5.0 (Windows NT 10.0; Win64; x64) AppleWebKit/537.36 (KHTML, like Gecko) Chrome/120.0.0.0 Safari/537.36"
143.198.182.61 - - [26/Aug/2026:21:07:16 +0800] "GET /blog/gallery/6569/6569-4200241.png HTTP/1.1" 404 25426 "http://blog.ilc.edu.tw/" "Mozilla/5.0 (Windows NT 10.0; Win64; x64) AppleWebKit/537.36 (KHTML, like Gecko) Chrome/106.0.5249.119 Safari/537.36"
66.249.71.9 - - [26/Aug/2026:21:07:15 +0800] "GET /wp-login.php?action=ilc_logout&_wpnonce=43754d0aad&redirect_to=//orehcity.ru/gallery/65053/ HTTP/1.1" 302 3457 "-" "Mozilla/5.0 (compatible; Googlebot/2.1; +http://www.google.com/bot.html)"
159.89.94.98 - - [26/Aug/2026:21:07:17 +0800] "GET /blog/gallery/6341/6341-2370202.jpg HTTP/1.1" 404 25426 "http://blog.ilc.edu.tw/" "Mozilla/5.0 (Windows NT 10.0; Win64; x64) AppleWebKit/537.36 (KHTML, like Gecko) Chrome/103.0.0.0 Safari/537.36"
2001:288:a201::66:125 - - [26/Aug/2026:21:07:18 +0800] "GET /blog/active.php HTTP/1.1" 301 1026 "-" "-"
::1 - - [26/Aug/2026:21:07:18 +0800] "OPTIONS * HTTP/1.0" 200 110 "-" "Apache/2.4.68 (Ubuntu) OpenSSL/3.0.19 (internal dummy connection)"
2001:288:a201::66:125 - - [26/Aug/2026:21:07:18 +0800] "GET /blog/active.php HTTP/1.1" 404 1084 "-" "-"
2001:b011:7800:12ec:c63d:e4b6:2b67:7c24 - - [26/Aug/2026:21:07:18 +0800] "GET /wp-content/uploads/sites/2550/2021/09/%E9%9B%99%E8%AA%9E%E6%95%99%E8%82%B2-2-1024x683.png HTTP/1.1" 200 104859 "https://www.mses.ilc.edu.tw/" "Mozilla/5.0 (Linux; Android 10; K) AppleWebKit/537.36 (KHTML, like Gecko) Chrome/151.0.0.0 Mobile Safari/537.36"
140.111.67.195 - - [26/Aug/2026:21:07:18 +0800] "GET /wp-admin/admin-post.php?action=steps_ad HTTP/1.1" 200 1973 "-" "node-fetch/1.0 (+https://github.com/bitinn/node-fetch)"
::1 - - [26/Aug/2026:21:07:19 +0800] "OPTIONS * HTTP/1.0" 200 110 "-" "Apache/2.4.68 (Ubuntu) OpenSSL/3.0.19 (internal dummy connection)"
111.241.206.99 - - [26/Aug/2026:21:07:19 +0800] "GET /2528/wp-content/uploads/sites/471/2023/11/20231114_142708_%E5%89%AF%E6%9C%AC-1152x1536.jpg HTTP/1.1" 200 241593 "https://2blog.ilc.edu.tw/2528/page/2/" "Mozilla/5.0 (Windows NT 10.0; Win64; x64) AppleWebKit/537.36 (KHTML, like Gecko) Chrome/151.0.0.0 Safari/537.36"
2001:b011:7800:12ec:c63d:e4b6:2b67:7c24 - - [26/Aug/2026:21:07:19 +0800] "-" 408 4803 "-" "-"
::1 - - [26/Aug/2026:21:07:20 +0800] "OPTIONS * HTTP/1.0" 200 110 "-" "Apache/2.4.68 (Ubuntu) OpenSSL/3.0.19 (internal dummy connection)"
111.241.206.99 - - [26/Aug/2026:21:07:20 +0800] "GET /2528/wp-content/uploads/sites/471/2023/11/20231116_134437_%E5%89%AF%E6%9C%AC-1152x1536.jpg HTTP/1.1" 200 363757 "https://2blog.ilc.edu.tw/2528/page/2/" "Mozilla/5.0 (Windows NT 10.0; Win64; x64) AppleWebKit/537.36 (KHTML, like Gecko) Chrome/151.0.0.0 Safari/537.36"
111.241.206.99 - - [26/Aug/2026:21:07:20 +0800] "GET /2528/wp-content/uploads/sites/471/2023/11/20231116_130549_%E5%89%AF%E6%9C%AC-1024x768.jpg HTTP/1.1" 200 185911 "https://2blog.ilc.edu.tw/2528/page/2/" "Mozilla/5.0 (Windows NT 10.0; Win64; x64) AppleWebKit/537.36 (KHTML, like Gecko) Chrome/151.0.0.0 Safari/537.36"
111.241.206.99 - - [26/Aug/2026:21:07:20 +0800] "GET /2528/wp-content/uploads/sites/471/2023/11/20231116_125341_%E5%89%AF%E6%9C%AC-1024x768.jpg HTTP/1.1" 200 232468 "https://2blog.ilc.edu.tw/2528/page/2/" "Mozilla/5.0 (Windows NT 10.0; Win64; x64) AppleWebKit/537.36 (KHTML, like Gecko) Chrome/151.0.0.0 Safari/537.36"
140.111.67.10 - - [26/Aug/2026:21:07:20 +0800] "GET /" 301 273 "-" "-"
111.241.206.99 - - [26/Aug/2026:21:07:20 +0800] "GET /2528/wp-content/uploads/sites/471/2023/11/20231116_122737_%E5%89%AF%E6%9C%AC-1152x1536.jpg HTTP/1.1" 200 445951 "https://2blog.ilc.edu.tw/2528/page/2/" "Mozilla/5.0 (Windows NT 10.0; Win64; x64) AppleWebKit/537.36 (KHTML, like Gecko) Chrome/151.0.0.0 Safari/537.36"
111.241.206.99 - - [26/Aug/2026:21:07:20 +0800] "GET /2528/wp-content/uploads/sites/471/2023/11/NeoImage_%E5%89%AF%E6%9C%AC-1024x819.jpg HTTP/1.1" 200 175619 "https://2blog.ilc.edu.tw/2528/page/2/" "Mozilla/5.0 (Windows NT 10.0; Win64; x64) AppleWebKit/537.36 (KHTML, like Gecko) Chrome/151.0.0.0 Safari/537.36"
111.241.206.99 - - [26/Aug/2026:21:07:20 +0800] "GET /2528/wp-content/uploads/sites/471/2023/11/222-1024x819.jpg HTTP/1.1" 200 166918 "https://2blog.ilc.edu.tw/2528/page/2/" "Mozilla/5.0 (Windows NT 10.0; Win64; x64) AppleWebKit/537.36 (KHTML, like Gecko) Chrome/151.0.0.0 Safari/537.36"
111.241.206.99 - - [26/Aug/2026:21:07:20 +0800] "GET /2528/wp-content/uploads/sites/471/2023/11/333-1024x819.jpg HTTP/1.1" 200 193823 "https://2blog.ilc.edu.tw/2528/page/2/" "Mozilla/5.0 (Windows NT 10.0; Win64; x64) AppleWebKit/537.36 (KHTML, like Gecko) Chrome/151.0.0.0 Safari/537.36"
111.241.206.99 - - [26/Aug/2026:21:07:20 +0800] "GET /2528/wp-content/uploads/sites/471/2023/11/444-1024x819.jpg HTTP/1.1" 200 188561 "https://2blog.ilc.edu.tw/2528/page/2/" "Mozilla/5.0 (Windows NT 10.0; Win64; x64) AppleWebKit/537.36 (KHTML, like Gecko) Chrome/151.0.0.0 Safari/537.36"
111.241.206.99 - - [26/Aug/2026:21:07:20 +0800] "GET /2528/wp-content/uploads/sites/471/2023/11/IMG_1974-1024x769.jpg HTTP/1.1" 200 173337 "https://2blog.ilc.edu.tw/2528/page/2/" "Mozilla/5.0 (Windows NT 10.0; Win64; x64) AppleWebKit/537.36 (KHTML, like Gecko) Chrome/151.0.0.0 Safari/537.36"
111.241.206.99 - - [26/Aug/2026:21:07:20 +0800] "GET /2528/wp-content/uploads/sites/471/2023/11/555-1024x819.jpg HTTP/1.1" 200 212257 "https://2blog.ilc.edu.tw/2528/page/2/" "Mozilla/5.0 (Windows NT 10.0; Win64; x64) AppleWebKit/537.36 (KHTML, like Gecko) Chrome/151.0.0.0 Safari/537.36"
::1 - - [26/Aug/2026:21:07:21 +0800] "OPTIONS * HTTP/1.0" 200 110 "-" "Apache/2.4.68 (Ubuntu) OpenSSL/3.0.19 (internal dummy connection)"
216.73.217.64 - - [26/Aug/2026:21:07:21 +0800] "GET /9536/?p=54547 HTTP/1.1" 301 5840 "-" "Mozilla/5.0 AppleWebKit/537.36 (KHTML, like Gecko; compatible; ClaudeBot/1.0; +claudebot@anthropic.com)"
111.241.206.99 - - [26/Aug/2026:21:07:21 +0800] "GET /2528/wp-content/uploads/sites/471/2023/11/666.jpg HTTP/1.1" 200 1082321 "https://2blog.ilc.edu.tw/2528/page/2/" "Mozilla/5.0 (Windows NT 10.0; Win64; x64) AppleWebKit/537.36 (KHTML, like Gecko) Chrome/151.0.0.0 Safari/537.36"
111.241.206.99 - - [26/Aug/2026:21:07:21 +0800] "GET /2528/wp-content/uploads/sites/471/2023/11/777-1024x819.jpg HTTP/1.1" 200 158639 "https://2blog.ilc.edu.tw/2528/page/2/" "Mozilla/5.0 (Windows NT 10.0; Win64; x64) AppleWebKit/537.36 (KHTML, like Gecko) Chrome/151.0.0.0 Safari/537.36"
111.241.206.99 - - [26/Aug/2026:21:07:21 +0800] "GET /2528/wp-content/uploads/sites/471/2023/11/0000-1024x819.jpg HTTP/1.1" 200 185771 "https://2blog.ilc.edu.tw/2528/page/2/" "Mozilla/5.0 (Windows NT 10.0; Win64; x64) AppleWebKit/537.36 (KHTML, like Gecko) Chrome/151.0.0.0 Safari/537.36"
216.73.217.64 - - [26/Aug/2026:21:07:21 +0800] "GET /9536/2007/02/08/%e7%a4%be%e5%8d%80%e6%97%a5%e6%9b%86-%e5%bb%a3%e8%88%88%e7%a4%be%e5%8d%80-%e7%a4%be%e5%8d%80%e5%b1%85%e6%b0%91%e7%9a%84%e4%bf%a1%e4%bb%b0%e4%b8%ad%e5%bf%83/ HTTP/1.1" 200 9514 "https://2blog.ilc.edu.tw/9536/?p=54547" "Mozilla/5.0 AppleWebKit/537.36 (KHTML, like Gecko; compatible; ClaudeBot/1.0; +claudebot@anthropic.com)"
111.241.206.99 - - [26/Aug/2026:21:07:21 +0800] "GET /2528/wp-content/uploads/sites/471/2023/11/11-1024x819.jpg HTTP/1.1" 200 203534 "https://2blog.ilc.edu.tw/2528/page/2/" "Mozilla/5.0 (Windows NT 10.0; Win64; x64) AppleWebKit/537.36 (KHTML, like Gecko) Chrome/151.0.0.0 Safari/537.36"
::1 - - [26/Aug/2026:21:07:22 +0800] "OPTIONS * HTTP/1.0" 200 110 "-" "Apache/2.4.68 (Ubuntu) OpenSSL/3.0.19 (internal dummy connection)"
111.241.206.99 - - [26/Aug/2026:21:07:22 +0800] "GET /2528/wp-content/uploads/sites/471/2023/11/NeoImag-1024x819.jpg HTTP/1.1" 200 161100 "https://2blog.ilc.edu.tw/2528/page/2/" "Mozilla/5.0 (Windows NT 10.0; Win64; x64) AppleWebKit/537.36 (KHTML, like Gecko) Chrome/151.0.0.0 Safari/537.36"
44.205.120.22 - - [26/Aug/2026:21:07:23 +0800] "GET /wp-content/uploads/sites/736/2022/07/?C=N;O%3DD HTTP/1.1" 200 1112 "-" "Mozilla/5.0 AppleWebKit/537.36 (KHTML, like Gecko; compatible; Amazonbot/0.1; +https://developer.amazon.com/support/amazonbot) Chrome/119.0.6045.214 Safari/537.36"
111.241.206.99 - - [26/Aug/2026:21:07:23 +0800] "GET /2528/wp-content/uploads/sites/471/2023/10/%E5%85%89%E5%BD%B1%E9%AD%94%E6%9C%AF%E6%89%8B%E6%8B%BC%E5%9B%BE-1-1024x819.jpg HTTP/1.1" 200 143471 "https://2blog.ilc.edu.tw/2528/page/2/" "Mozilla/5.0 (Windows NT 10.0; Win64; x64) AppleWebKit/537.36 (KHTML, like Gecko) Chrome/151.0.0.0 Safari/537.36"
2001:288:a201::66:125 - - [26/Aug/2026:21:07:23 +0800] "GET /blog/active.php HTTP/1.1" 301 1026 "-" "-"
::1 - - [26/Aug/2026:21:07:23 +0800] "OPTIONS * HTTP/1.0" 200 110 "-" "Apache/2.4.68 (Ubuntu) OpenSSL/3.0.19 (internal dummy connection)"
111.241.206.99 - - [26/Aug/2026:21:07:23 +0800] "GET /2528/wp-content/uploads/sites/471/2023/10/20230926_150439_%E5%89%AF%E6%9C%AC-1024x768.jpg HTTP/1.1" 200 146324 "https://2blog.ilc.edu.tw/2528/page/2/" "Mozilla/5.0 (Windows NT 10.0; Win64; x64) AppleWebKit/537.36 (KHTML, like Gecko) Chrome/151.0.0.0 Safari/537.36"
111.241.206.99 - - [26/Aug/2026:21:07:23 +0800] "GET /2528/wp-content/uploads/sites/471/2023/10/%E5%85%89%E5%BD%B1%E9%AD%94%E6%9C%AF%E6%89%8B%E6%8B%BC%E5%9B%BE.jpg HTTP/1.1" 200 1083475 "https://2blog.ilc.edu.tw/2528/page/2/" "Mozilla/5.0 (Windows NT 10.0; Win64; x64) AppleWebKit/537.36 (KHTML, like Gecko) Chrome/151.0.0.0 Safari/537.36"
2001:288:a201::66:125 - - [26/Aug/2026:21:07:23 +0800] "GET /blog/active.php HTTP/1.1" 404 1084 "-" "-"
111.241.206.99 - - [26/Aug/2026:21:07:23 +0800] "GET /2528/wp-content/uploads/sites/471/2023/10/20230926_151304_%E5%89%AF%E6%9C%AC-1024x768.jpg HTTP/1.1" 200 226558 "https://2blog.ilc.edu.tw/2528/page/2/" "Mozilla/5.0 (Windows NT 10.0; Win64; x64) AppleWebKit/537.36 (KHTML, like Gecko) Chrome/151.0.0.0 Safari/537.36"
2407:4b00:4c02:802b:f17d:499:8fa8:b37a - - [26/Aug/2026:21:07:23 +0800] "GET /wp-content/cache/www.chjh.ilc.edu.tw/wpfc-minified/ee8a0dvs/6vy4.css HTTP/1.1" 200 45684 "https://www.chjh.ilc.edu.tw/" "Mozilla/5.0 (Macintosh; Intel Mac OS X 10_15_7) AppleWebKit/537.36 (KHTML, like Gecko) Chrome/138.0.0.0 Safari/537.36"
2407:4b00:4c02:802b:f17d:499:8fa8:b37a - - [26/Aug/2026:21:07:24 +0800] "GET /wp-content/cache/www.chjh.ilc.edu.tw/wpfc-minified/78jy2wn7/6vy4.css HTTP/1.1" 200 1496 "https://www.chjh.ilc.edu.tw/" "Mozilla/5.0 (Macintosh; Intel Mac OS X 10_15_7) AppleWebKit/537.36 (KHTML, like Gecko) Chrome/138.0.0.0 Safari/537.36"
2407:4b00:4c02:802b:f17d:499:8fa8:b37a - - [26/Aug/2026:21:07:24 +0800] "GET /wp-content/cache/www.chjh.ilc.edu.tw/wpfc-minified/9iyqo13s/6vy4.css HTTP/1.1" 200 18539 "https://www.chjh.ilc.edu.tw/" "Mozilla/5.0 (Macintosh; Intel Mac OS X 10_15_7) AppleWebKit/537.36 (KHTML, like Gecko) Chrome/138.0.0.0 Safari/537.36"
2407:4b00:4c02:802b:f17d:499:8fa8:b37a - - [26/Aug/2026:21:07:24 +0800] "GET /wp-content/uploads/sites/1482/elementor/css/post-309.css HTTP/1.1" 200 6092 "https://www.chjh.ilc.edu.tw/" "Mozilla/5.0 (Macintosh; Intel Mac OS X 10_15_7) AppleWebKit/537.36 (KHTML, like Gecko) Chrome/138.0.0.0 Safari/537.36"
2407:4b00:4c02:802b:f17d:499:8fa8:b37a - - [26/Aug/2026:21:07:24 +0800] "GET /wp-content/uploads/sites/1482/elementor/css/post-2.css HTTP/1.1" 200 5950 "https://www.chjh.ilc.edu.tw/" "Mozilla/5.0 (Macintosh; Intel Mac OS X 10_15_7) AppleWebKit/537.36 (KHTML, like Gecko) Chrome/138.0.0.0 Safari/537.36"
2407:4b00:4c02:802b:f17d:499:8fa8:b37a - - [26/Aug/2026:21:07:24 +0800] "GET /wp-content/cache/www.chjh.ilc.edu.tw/wpfc-minified/mc2crcdt/6vy4.js HTTP/1.1" 200 35559 "https://www.chjh.ilc.edu.tw/" "Mozilla/5.0 (Macintosh; Intel Mac OS X 10_15_7) AppleWebKit/537.36 (KHTML, like Gecko) Chrome/138.0.0.0 Safari/537.36"
2407:4b00:4c02:802b:f17d:499:8fa8:b37a - - [26/Aug/2026:21:07:24 +0800] "GET /wp-content/cache/www.chjh.ilc.edu.tw/wpfc-minified/4uxh7t9/6vy4.css HTTP/1.1" 200 6511 "https://www.chjh.ilc.edu.tw/" "Mozilla/5.0 (Macintosh; Intel Mac OS X 10_15_7) AppleWebKit/537.36 (KHTML, like Gecko) Chrome/138.0.0.0 Safari/537.36"
2407:4b00:4c02:802b:f17d:499:8fa8:b37a - - [26/Aug/2026:21:07:24 +0800] "GET /wp-content/cache/www.chjh.ilc.edu.tw/wpfc-minified/e1voqedy/6vy4.css HTTP/1.1" 200 45632 "https://www.chjh.ilc.edu.tw/" "Mozilla/5.0 (Macintosh; Intel Mac OS X 10_15_7) AppleWebKit/537.36 (KHTML, like Gecko) Chrome/138.0.0.0 Safari/537.36"
2407:4b00:4c02:802b:f17d:499:8fa8:b37a - - [26/Aug/2026:21:07:24 +0800] "GET /wp-content/uploads/sites/1482/2026/06/115%E6%9C%83%E8%80%83.jpg HTTP/1.1" 200 103282 "https://www.chjh.ilc.edu.tw/" "Mozilla/5.0 (Macintosh; Intel Mac OS X 10_15_7) AppleWebKit/537.36 (KHTML, like Gecko) Chrome/138.0.0.0 Safari/537.36"
111.241.206.99 - - [26/Aug/2026:21:07:24 +0800] "GET /2528/wp-content/uploads/sites/471/2023/10/111-1024x819.jpg HTTP/1.1" 200 217396 "https://2blog.ilc.edu.tw/2528/page/2/" "Mozilla/5.0 (Windows NT 10.0; Win64; x64) AppleWebKit/537.36 (KHTML, like Gecko) Chrome/151.0.0.0 Safari/537.36"
2407:4b00:4c02:802b:f17d:499:8fa8:b37a - - [26/Aug/2026:21:07:24 +0800] "GET /wp-content/uploads/sites/1482/2024/12/White-Minimalist-Library-Open-Hours-Instagram-Story-576x1024.png HTTP/1.1" 200 493801 "https://www.chjh.ilc.edu.tw/" "Mozilla/5.0 (Macintosh; Intel Mac OS X 10_15_7) AppleWebKit/537.36 (KHTML, like Gecko) Chrome/138.0.0.0 Safari/537.36"
111.241.206.99 - - [26/Aug/2026:21:07:24 +0800] "GET /2528/wp-content/uploads/sites/471/2023/10/222-1024x819.jpg HTTP/1.1" 200 178333 "https://2blog.ilc.edu.tw/2528/page/2/" "Mozilla/5.0 (Windows NT 10.0; Win64; x64) AppleWebKit/537.36 (KHTML, like Gecko) Chrome/151.0.0.0 Safari/537.36"
111.241.206.99 - - [26/Aug/2026:21:07:24 +0800] "GET /2528/wp-content/uploads/sites/471/2023/10/20230926_1534592-1024x768.jpg HTTP/1.1" 200 198634 "https://2blog.ilc.edu.tw/2528/page/2/" "Mozilla/5.0 (Windows NT 10.0; Win64; x64) AppleWebKit/537.36 (KHTML, like Gecko) Chrome/151.0.0.0 Safari/537.36"
111.241.206.99 - - [26/Aug/2026:21:07:24 +0800] "GET /2528/wp-content/uploads/sites/471/2023/10/IMG_0712-1024x769.jpg HTTP/1.1" 200 179706 "https://2blog.ilc.edu.tw/2528/page/2/" "Mozilla/5.0 (Windows NT 10.0; Win64; x64) AppleWebKit/537.36 (KHTML, like Gecko) Chrome/151.0.0.0 Safari/537.36"
111.241.206.99 - - [26/Aug/2026:21:07:24 +0800] "GET /2528/wp-content/uploads/sites/471/2023/10/555-1024x819.jpg HTTP/1.1" 200 194410 "https://2blog.ilc.edu.tw/2528/page/2/" "Mozilla/5.0 (Windows NT 10.0; Win64; x64) AppleWebKit/537.36 (KHTML, like Gecko) Chrome/151.0.0.0 Safari/537.36"
142.93.206.43 - - [26/Aug/2026:21:07:24 +0800] "GET /blog/gallery/6341/6341-2361414.jpg HTTP/1.1" 404 25426 "http://blog.ilc.edu.tw/" "Mozilla/5.0 (Windows NT 10.0; Win64; x64) AppleWebKit/537.36 (KHTML, like Gecko) Chrome/103.0.0.0 Safari/537.36"
