116.241.128.31 - - [26/Aug/2026:21:03:44 +0800] "GET /wp-content/uploads/sites/233/1003/1003-2828644.jpg HTTP/1.1" 200 29348 "https://2blog.ilc.edu.tw/1003/2014/11/27/%E5%B0%8F%E4%B8%80%E4%B8%8A%E7%AC%AC11%E9%80%B1%E5%AF%AB%E5%AD%97%E6%95%99%E5%AD%B8%E7%AC%AC%E4%B8%80%E9%80%B1/" "Mozilla/5.0 (Windows NT 10.0; Win64; x64) AppleWebKit/537.36 (KHTML, like Gecko) Chrome/151.0.0.0 Safari/537.36"
116.241.128.31 - - [26/Aug/2026:21:03:44 +0800] "GET /wp-content/uploads/sites/233/1003/1003-2827351.jpg HTTP/1.1" 200 95515 "https://2blog.ilc.edu.tw/1003/2014/11/27/%E5%B0%8F%E4%B8%80%E4%B8%8A%E7%AC%AC11%E9%80%B1%E5%AF%AB%E5%AD%97%E6%95%99%E5%AD%B8%E7%AC%AC%E4%B8%80%E9%80%B1/" "Mozilla/5.0 (Windows NT 10.0; Win64; x64) AppleWebKit/537.36 (KHTML, like Gecko) Chrome/151.0.0.0 Safari/537.36"
52.3.155.146 - - [26/Aug/2026:21:03:45 +0800] "GET /wp-content/uploads/sites/1378/ HTTP/1.1" 200 1220 "-" "Mozilla/5.0 AppleWebKit/537.36 (KHTML, like Gecko; compatible; Amazonbot/0.1; +https://developer.amazon.com/support/amazonbot) Chrome/119.0.6045.214 Safari/537.36"
34.171.68.95 - - [26/Aug/2026:21:03:46 +0800] "GET /32745/?p=26156 HTTP/1.1" 301 5593 "-" "Mozilla/5.0 (Macintosh; Intel Mac OS X 10_15_7) AppleWebKit/537.36 (KHTML, like Gecko) Chrome/120.0.0.0 Safari/537.36"
34.57.162.91 - - [26/Aug/2026:21:03:46 +0800] "GET /33938/wp-json/oembed/1.0/embed?url=https://2blog.ilc.edu.tw/33938/2019/10/23/1081024%25e5%259b%259e%25e5%25ae%25b6%25e4%25bd%259c%25e6%25a5%25ad/ HTTP/1.1" 200 8331 "-" "Mozilla/5.0 (Macintosh; Intel Mac OS X 10_15_7) AppleWebKit/537.36 (KHTML, like Gecko) Chrome/120.0.0.0 Safari/537.36"
140.111.67.10 - - [26/Aug/2026:21:03:46 +0800] "GET /" 301 273 "-" "-"
116.241.128.31 - - [26/Aug/2026:21:03:46 +0800] "GET /1003/wp-content/uploads/sites/233/2019/05/cropped-1-32x32.png HTTP/1.1" 200 2822 "https://2blog.ilc.edu.tw/1003/2014/11/27/%E5%B0%8F%E4%B8%80%E4%B8%8A%E7%AC%AC11%E9%80%B1%E5%AF%AB%E5%AD%97%E6%95%99%E5%AD%B8%E7%AC%AC%E4%B8%80%E9%80%B1/" "Mozilla/5.0 (Windows NT 10.0; Win64; x64) AppleWebKit/537.36 (KHTML, like Gecko) Chrome/151.0.0.0 Safari/537.36"
34.239.197.197 - - [26/Aug/2026:21:03:47 +0800] "GET /wp-content/uploads/sites/3519/2024/07/ HTTP/1.1" 200 1114 "-" "Mozilla/5.0 AppleWebKit/537.36 (KHTML, like Gecko; compatible; Amazonbot/0.1; +https://developer.amazon.com/support/amazonbot) Chrome/119.0.6045.214 Safari/537.36"
34.57.162.91 - - [26/Aug/2026:21:03:47 +0800] "GET /6545/2013/11/ HTTP/1.1" 200 15826 "-" "Mozilla/5.0 (Macintosh; Intel Mac OS X 10_15_7) AppleWebKit/537.36 (KHTML, like Gecko) Chrome/120.0.0.0 Safari/537.36"
50.19.102.70 - - [26/Aug/2026:21:03:46 +0800] "GET /6513/2014/11/17/ HTTP/1.1" 200 18439 "-" "Mozilla/5.0 AppleWebKit/537.36 (KHTML, like Gecko; compatible; Amazonbot/0.1; +https://developer.amazon.com/support/amazonbot) Chrome/119.0.6045.214 Safari/537.36"
34.30.223.149 - - [26/Aug/2026:21:03:47 +0800] "GET /32745/?p=105709 HTTP/1.1" 301 5593 "-" "Mozilla/5.0 (Macintosh; Intel Mac OS X 10_15_7) AppleWebKit/537.36 (KHTML, like Gecko) Chrome/120.0.0.0 Safari/537.36"
34.171.68.95 - - [26/Aug/2026:21:03:47 +0800] "GET /2024/page/5/ HTTP/1.1" 200 49222 "-" "Mozilla/5.0 (Macintosh; Intel Mac OS X 10_15_7) AppleWebKit/537.36 (KHTML, like Gecko) Chrome/120.0.0.0 Safari/537.36"
66.249.79.128 - - [26/Aug/2026:21:03:45 +0800] "GET /wp-login.php?action=ilc_logout&_wpnonce=43754d0aad&redirect_to=//snabup.ru/creator/71632/ HTTP/1.1" 302 8240 "-" "Mozilla/5.0 (Linux; Android 6.0.1; Nexus 5X Build/MMB29P) AppleWebKit/537.36 (KHTML, like Gecko) Chrome/151.0.7922.173 Mobile Safari/537.36 (compatible; Googlebot/2.1; +http://www.google.com/bot.html)"
2001:288:a201::66:125 - - [26/Aug/2026:21:03:48 +0800] "GET /blog/active.php HTTP/1.1" 404 1084 "-" "-"
2001:288:a201::66:125 - - [26/Aug/2026:21:03:48 +0800] "GET /blog/active.php HTTP/1.1" 301 1026 "-" "-"
185.191.171.14 - - [26/Aug/2026:21:03:48 +0800] "GET /17160/2023/11/23/%E3%80%90g4%E3%80%91%E8%87%AA%E4%B8%BB%E7%B2%BE%E9%80%B2-%E7%BE%8E%E9%A3%9F%E6%96%99%E7%90%86%E4%B8%BB%E5%BB%9A-%E5%B0%8F%E8%8C%9C%E6%96%99%E7%90%86/ HTTP/1.1" 200 19813 "-" "Mozilla/5.0 (compatible; SemrushBot/7~bl; +http://www.semrush.com/bot.html)"
66.249.79.163 - - [26/Aug/2026:21:03:48 +0800] "GET /6418/2017/07/27/ HTTP/1.1" 200 14343 "-" "Mozilla/5.0 (Linux; Android 6.0.1; Nexus 5X Build/MMB29P) AppleWebKit/537.36 (KHTML, like Gecko) Chrome/151.0.7922.173 Mobile Safari/537.36 (compatible; Googlebot/2.1; +http://www.google.com/bot.html)"
34.30.223.149 - - [26/Aug/2026:21:03:49 +0800] "GET /6517/wp-json/wp/v2/users/5229 HTTP/1.1" 200 6408 "-" "Mozilla/5.0 (Macintosh; Intel Mac OS X 10_15_7) AppleWebKit/537.36 (KHTML, like Gecko) Chrome/120.0.0.0 Safari/537.36"
66.249.79.163 - - [26/Aug/2026:21:03:49 +0800] "GET /wp-content/uploads/sites/2830/6510/6510-2807035.docx HTTP/1.1" 200 22655 "-" "Mozilla/5.0 (Linux; Android 6.0.1; Nexus 5X Build/MMB29P) AppleWebKit/537.36 (KHTML, like Gecko) Chrome/151.0.7922.173 Mobile Safari/537.36 (compatible; Googlebot/2.1; +http://www.google.com/bot.html)"
216.73.217.64 - - [26/Aug/2026:21:03:50 +0800] "GET /9536/2010/06/03/%e7%a4%be%e5%8d%80%e6%97%a5%e6%9b%86-%e5%90%8c%e6%a8%82%e7%a4%be%e5%8d%80-%e4%ba%ba%e7%94%9f%e4%b8%80%e9%bd%a3%e6%88%b2%e7%95%b6%e5%ae%b6%e4%b8%91%e8%a7%92-%e6%9e%97%e6%9d%be%e8%bc%9d/ HTTP/1.1" 200 15453 "-" "Mozilla/5.0 AppleWebKit/537.36 (KHTML, like Gecko; compatible; ClaudeBot/1.0; +claudebot@anthropic.com)"
34.10.212.52 - - [26/Aug/2026:21:03:50 +0800] "GET / HTTP/1.1" 200 28212 "-" "Mozilla/5.0 (Windows NT 10.0; Win64; x64) AppleWebKit/537.36 (KHTML, like Gecko) Chrome/120.0.0.0 Safari/537.36"
34.171.68.95 - - [26/Aug/2026:21:03:49 +0800] "GET /32745/2025/04/19/%E9%99%B3%E5%A5%95%E7%8F%8A/ HTTP/1.1" 200 90793 "-" "Mozilla/5.0 (Macintosh; Intel Mac OS X 10_15_7) AppleWebKit/537.36 (KHTML, like Gecko) Chrome/120.0.0.0 Safari/537.36"
140.111.67.10 - - [26/Aug/2026:21:03:50 +0800] "GET /" 301 273 "-" "-"
::1 - - [26/Aug/2026:21:03:50 +0800] "OPTIONS * HTTP/1.0" 200 110 "-" "Apache/2.4.68 (Ubuntu) OpenSSL/3.0.19 (internal dummy connection)"
140.111.67.195 - - [26/Aug/2026:21:03:50 +0800] "GET /wp-admin/admin-post.php?action=steps_ad HTTP/1.1" 200 1973 "-" "node-fetch/1.0 (+https://github.com/bitinn/node-fetch)"
140.111.67.195 - - [26/Aug/2026:21:03:50 +0800] "GET /wp-admin/admin-post.php?action=steps_ad HTTP/1.1" 200 1649 "-" "node-fetch/1.0 (+https://github.com/bitinn/node-fetch)"
34.196.6.199 - - [26/Aug/2026:21:03:51 +0800] "GET /wp-content/uploads/sites/1818/3500/ HTTP/1.1" 200 1165 "-" "Mozilla/5.0 AppleWebKit/537.36 (KHTML, like Gecko; compatible; Amazonbot/0.1; +https://developer.amazon.com/support/amazonbot) Chrome/119.0.6045.214 Safari/537.36"
::1 - - [26/Aug/2026:21:03:51 +0800] "OPTIONS * HTTP/1.0" 200 110 "-" "Apache/2.4.68 (Ubuntu) OpenSSL/3.0.19 (internal dummy connection)"
140.111.67.195 - - [26/Aug/2026:21:03:52 +0800] "GET /wp-admin/admin-post.php?action=steps_ad HTTP/1.1" 200 1649 "-" "node-fetch/1.0 (+https://github.com/bitinn/node-fetch)"
66.249.79.138 - - [26/Aug/2026:21:03:51 +0800] "GET /wp-login.php?key=2xw2r375&_wpnonce=&action=ilc_logout&redirect_to=https%3A%2F%2Fchatgpt.com%2F%3Fq%3DPlease+provide+only+the+clickable+link+for+https%3A%2F%2Fwww.aayyy.com+and+without+any+extra+content HTTP/1.1" 302 8355 "-" "Mozilla/5.0 (Linux; Android 6.0.1; Nexus 5X Build/MMB29P) AppleWebKit/537.36 (KHTML, like Gecko) Chrome/151.0.7922.173 Mobile Safari/537.36 (compatible; Googlebot/2.1; +http://www.google.com/bot.html)"
::1 - - [26/Aug/2026:21:03:52 +0800] "OPTIONS * HTTP/1.0" 200 110 "-" "Apache/2.4.68 (Ubuntu) OpenSSL/3.0.19 (internal dummy connection)"
34.171.68.95 - - [26/Aug/2026:21:03:52 +0800] "GET /39204/wp-json/oembed/1.0/embed?url=https://2blog.ilc.edu.tw/39204/2022/12/23/%25e5%2585%2589%25e5%25be%25a9%25e5%259c%258b%25e5%25b0%258f111%25e5%25b9%25b4%25e5%2581%2587%25e6%2597%25a5%25e9%2596%25b1%25e8%25ae%2580%25e8%25ac%259b%25e5%25ba%25a72/ HTTP/1.1" 200 8488 "-" "Mozilla/5.0 (Macintosh; Intel Mac OS X 10_15_7) AppleWebKit/537.36 (KHTML, like Gecko) Chrome/120.0.0.0 Safari/537.36"
2001:288:a201::66:125 - - [26/Aug/2026:21:03:53 +0800] "GET /blog/active.php HTTP/1.1" 301 1026 "-" "-"
2001:288:a201::66:125 - - [26/Aug/2026:21:03:53 +0800] "GET /blog/active.php HTTP/1.1" 404 1084 "-" "-"
::1 - - [26/Aug/2026:21:03:53 +0800] "OPTIONS * HTTP/1.0" 200 110 "-" "Apache/2.4.68 (Ubuntu) OpenSSL/3.0.19 (internal dummy connection)"
66.249.79.138 - - [26/Aug/2026:21:03:53 +0800] "GET /wp-login.php?action=ilc_logout&_wpnonce=43754d0aad&redirect_to=http://losroques.ru/gallery/81179/ HTTP/1.1" 302 8248 "-" "Mozilla/5.0 (Linux; Android 6.0.1; Nexus 5X Build/MMB29P) AppleWebKit/537.36 (KHTML, like Gecko) Chrome/151.0.7922.173 Mobile Safari/537.36 (compatible; GoogleOther)"
::1 - - [26/Aug/2026:21:03:54 +0800] "OPTIONS * HTTP/1.0" 200 110 "-" "Apache/2.4.68 (Ubuntu) OpenSSL/3.0.19 (internal dummy connection)"
3.225.45.252 - - [26/Aug/2026:21:03:54 +0800] "GET /1003/wp-json/wp/v2/media/31032 HTTP/1.1" 200 10836 "-" "Mozilla/5.0 AppleWebKit/537.36 (KHTML, like Gecko; compatible; Amazonbot/0.1; +https://developer.amazon.com/support/amazonbot) Chrome/119.0.6045.214 Safari/537.36"
54.235.125.129 - - [26/Aug/2026:21:03:55 +0800] "GET /wp-content/uploads/sites/3687/ HTTP/1.1" 200 1232 "-" "Mozilla/5.0 AppleWebKit/537.36 (KHTML, like Gecko; compatible; Amazonbot/0.1; +https://developer.amazon.com/support/amazonbot) Chrome/119.0.6045.214 Safari/537.36"
40.77.167.28 - - [26/Aug/2026:21:03:55 +0800] "GET /1003/?s=avantage+6.6.0%E7%BB%BF%E8%89%B2%E7%89%88 HTTP/1.1" 200 13778 "-" "Mozilla/5.0 AppleWebKit/537.36 (KHTML, like Gecko; compatible; bingbot/2.0; +http://www.bing.com/bingbot.htm) Chrome/116.0.1938.76 Safari/537.36"
140.111.67.10 - - [26/Aug/2026:21:03:55 +0800] "GET /" 301 273 "-" "-"
::1 - - [26/Aug/2026:21:03:55 +0800] "OPTIONS * HTTP/1.0" 200 110 "-" "Apache/2.4.68 (Ubuntu) OpenSSL/3.0.19 (internal dummy connection)"
::1 - - [26/Aug/2026:21:03:56 +0800] "OPTIONS * HTTP/1.0" 200 110 "-" "Apache/2.4.68 (Ubuntu) OpenSSL/3.0.19 (internal dummy connection)"
66.249.71.1 - - [26/Aug/2026:21:03:54 +0800] "GET /wp-login.php?action=ilc_logout&_wpnonce=43754d0aad&redirect_to=//mariadveri.ru/join/40762/ HTTP/1.1" 302 8241 "-" "Mozilla/5.0 (Linux; Android 6.0.1; Nexus 5X Build/MMB29P) AppleWebKit/537.36 (KHTML, like Gecko) Chrome/151.0.7922.173 Mobile Safari/537.36 (compatible; Googlebot/2.1; +http://www.google.com/bot.html)"
140.111.67.195 - - [26/Aug/2026:21:03:57 +0800] "GET /wp-admin/admin-post.php?action=steps_ad HTTP/1.1" 200 1649 "-" "node-fetch/1.0 (+https://github.com/bitinn/node-fetch)"
::1 - - [26/Aug/2026:21:03:57 +0800] "OPTIONS * HTTP/1.0" 200 110 "-" "Apache/2.4.68 (Ubuntu) OpenSSL/3.0.19 (internal dummy connection)"
2001:288:a201::66:125 - - [26/Aug/2026:21:03:58 +0800] "GET /blog/active.php HTTP/1.1" 404 1084 "-" "-"
2001:288:a201::66:125 - - [26/Aug/2026:21:03:58 +0800] "GET /blog/active.php HTTP/1.1" 301 1026 "-" "-"
66.249.71.37 - - [26/Aug/2026:21:03:58 +0800] "GET /1003/2014/08/28/%E5%B0%8F%E4%B8%80%E9%96%8B%E5%AD%B8%E5%80%92%E6%95%B8%E7%AC%AC%E5%9B%9B%E5%A4%A9%E9%96%8B%E5%AD%B8%E7%AC%AC%E4%B8%80%E5%A4%A9%E6%B5%81%E7%A8%8B/ HTTP/1.1" 200 21404 "-" "Mozilla/5.0 (Linux; Android 6.0.1; Nexus 5X Build/MMB29P) AppleWebKit/537.36 (KHTML, like Gecko) Chrome/151.0.7922.173 Mobile Safari/537.36 (compatible; Googlebot/2.1; +http://www.google.com/bot.html)"
34.171.68.95 - - [26/Aug/2026:21:03:58 +0800] "GET /6514/2016/page/1/ HTTP/1.1" 301 5575 "-" "Mozilla/5.0 (Macintosh; Intel Mac OS X 10_15_7) AppleWebKit/537.36 (KHTML, like Gecko) Chrome/120.0.0.0 Safari/537.36"
34.30.223.149 - - [26/Aug/2026:21:03:58 +0800] "GET /6573/?p=467 HTTP/1.1" 301 5645 "-" "Mozilla/5.0 (Macintosh; Intel Mac OS X 10_15_7) AppleWebKit/537.36 (KHTML, like Gecko) Chrome/120.0.0.0 Safari/537.36"
2001:b011:7803:5b51:e8ec:1a:6101:8e10 - - [26/Aug/2026:21:03:59 +0800] "-" 408 339 "-" "-"
2001:b011:7803:5b51:e8ec:1a:6101:8e10 - - [26/Aug/2026:21:03:59 +0800] "-" 408 339 "-" "-"
85.208.96.194 - - [26/Aug/2026:21:04:00 +0800] "GET /5315/2018/05/14/%E5%A4%A7%E5%98%B4%E9%B3%A5%E6%91%BA%E7%B4%99/ HTTP/1.1" 200 16598 "-" "Mozilla/5.0 (compatible; SemrushBot/7~bl; +http://www.semrush.com/bot.html)"
140.111.67.10 - - [26/Aug/2026:21:04:00 +0800] "GET /" 301 273 "-" "-"
::1 - - [26/Aug/2026:21:04:00 +0800] "OPTIONS * HTTP/1.0" 200 110 "-" "Apache/2.4.68 (Ubuntu) OpenSSL/3.0.19 (internal dummy connection)"
2001:288:a201::67:82 - - [26/Aug/2026:21:04:01 +0800] "GET / HTTP/1.1" 200 56291 "-" "curl/7.81.0"
::1 - - [26/Aug/2026:21:04:01 +0800] "OPTIONS * HTTP/1.0" 200 110 "-" "Apache/2.4.68 (Ubuntu) OpenSSL/3.0.19 (internal dummy connection)"
2001:288:a201::67:85 - - [26/Aug/2026:21:04:01 +0800] "GET / HTTP/1.1" 200 56291 "-" "curl/7.81.0"
2001:4860:7:80c::dc - - [26/Aug/2026:21:04:01 +0800] "GET /1003/2021/09/30/%E3%80%90%E5%9C%96%E6%9B%B8%E8%B3%87%E8%A8%8A%E5%88%A9%E7%94%A8%E6%95%99%E8%82%B2%E3%80%91%E4%B8%89%E5%B9%B4%E7%B4%9A1%E8%AA%8D%E8%AD%98%E5%9C%96%E6%9B%B8%E8%B3%87%E6%BA%90%E5%88%86%E9%A1%9E%E6%96%B9/ HTTP/1.1" 200 21337 "https://www.google.com/" "Mozilla/5.0 (Windows NT 10.0; Win64; x64) AppleWebKit/537.36 (KHTML, like Gecko) Chrome/151.0.0.0 Safari/537.36"
34.56.53.225 - - [26/Aug/2026:21:04:02 +0800] "GET /526/wp-json/oembed/1.0/embed?format=xml&url=https://2blog.ilc.edu.tw/526/2013/12/04/pisa%25e6%2595%25b8%25e5%25ad%25b8-%25e5%258f%25b0%25e5%25ad%25b8%25e7%2594%259f%25e5%25b7%25ae%25e7%2595%25b0%25e6%258b%2589%25e5%25a4%25a7/ HTTP/1.1" 200 7051 "-" "Mozilla/5.0 (Macintosh; Intel Mac OS X 10_15_7) AppleWebKit/537.36 (KHTML, like Gecko) Chrome/120.0.0.0 Safari/537.36"
::1 - - [26/Aug/2026:21:04:02 +0800] "OPTIONS * HTTP/1.0" 200 110 "-" "Apache/2.4.68 (Ubuntu) OpenSSL/3.0.19 (internal dummy connection)"
136.119.35.120 - - [26/Aug/2026:21:04:02 +0800] "GET /26151/tag/%E7%89%B9%E6%AE%8A%E6%95%99%E8%82%B2%E6%B3%95%E8%A6%8F/ HTTP/1.1" 200 20503 "-" "Mozilla/5.0 (Macintosh; Intel Mac OS X 10_15_7) AppleWebKit/537.36 (KHTML, like Gecko) Chrome/120.0.0.0 Safari/537.36"
2001:288:a201::66:125 - - [26/Aug/2026:21:04:03 +0800] "GET /blog/active.php HTTP/1.1" 301 1026 "-" "-"
2001:288:a201::66:125 - - [26/Aug/2026:21:04:03 +0800] "GET /blog/active.php HTTP/1.1" 404 1084 "-" "-"
::1 - - [26/Aug/2026:21:04:03 +0800] "OPTIONS * HTTP/1.0" 200 110 "-" "Apache/2.4.68 (Ubuntu) OpenSSL/3.0.19 (internal dummy connection)"
66.249.71.39 - - [26/Aug/2026:21:04:03 +0800] "GET /tces282/author/ellenn/ HTTP/1.1" 200 14997 "-" "Mozilla/5.0 (Linux; Android 6.0.1; Nexus 5X Build/MMB29P) AppleWebKit/537.36 (KHTML, like Gecko) Chrome/151.0.7922.173 Mobile Safari/537.36 (compatible; Googlebot/2.1; +http://www.google.com/bot.html)"
116.241.128.31 - - [26/Aug/2026:21:04:04 +0800] "GET /1003/wp-content/uploads/sites/233/2022/07/Snipaste_2019-03-09_23-19-59.jpg HTTP/1.1" 200 20043 "https://2blog.ilc.edu.tw/1003/2014/11/27/%E5%B0%8F%E4%B8%80%E4%B8%8A%E7%AC%AC11%E9%80%B1%E5%AF%AB%E5%AD%97%E6%95%99%E5%AD%B8%E7%AC%AC%E4%B8%80%E9%80%B1/" "Mozilla/5.0 (Windows NT 10.0; Win64; x64) AppleWebKit/537.36 (KHTML, like Gecko) Chrome/151.0.0.0 Safari/537.36"
66.249.71.39 - - [26/Aug/2026:21:04:04 +0800] "POST /1003/wp-json/ilc-summary/v1/popular-posts HTTP/1.1" 201 1401 "https://2blog.ilc.edu.tw/1003/2014/08/28/%E5%B0%8F%E4%B8%80%E9%96%8B%E5%AD%B8%E5%80%92%E6%95%B8%E7%AC%AC%E5%9B%9B%E5%A4%A9%E9%96%8B%E5%AD%B8%E7%AC%AC%E4%B8%80%E5%A4%A9%E6%B5%81%E7%A8%8B/" "Mozilla/5.0 (Linux; Android 6.0.1; Nexus 5X Build/MMB29P) AppleWebKit/537.36 (KHTML, like Gecko) Chrome/151.0.7922.173 Mobile Safari/537.36 (compatible; Googlebot/2.1; +http://www.google.com/bot.html)"
140.111.67.10 - - [26/Aug/2026:21:04:05 +0800] "GET /" 301 273 "-" "-"
::1 - - [26/Aug/2026:21:04:05 +0800] "OPTIONS * HTTP/1.0" 200 110 "-" "Apache/2.4.68 (Ubuntu) OpenSSL/3.0.19 (internal dummy connection)"
34.10.180.98 - - [26/Aug/2026:21:04:06 +0800] "GET /2027/?p=1267 HTTP/1.1" 301 5718 "-" "Mozilla/5.0 (Macintosh; Intel Mac OS X 10_15_7) AppleWebKit/537.36 (KHTML, like Gecko) Chrome/120.0.0.0 Safari/537.36"
2001:288:a201::66:125 - - [26/Aug/2026:21:04:08 +0800] "GET /blog/active.php HTTP/1.1" 301 1026 "-" "-"
2001:288:a201::66:125 - - [26/Aug/2026:21:04:08 +0800] "GET /blog/active.php HTTP/1.1" 404 5511 "-" "-"
2a03:2880:10ff:6:: - - [26/Aug/2026:21:04:08 +0800] "GET /yleerc/category/announcement/ HTTP/1.1" 200 24068 "-" "Mozilla/5.0 (Windows NT 10.0; Win64; x64) AppleWebKit/537.36 (KHTML, like Gecko) Chrome/145.0.0.0 Safari/537.36 (compatible; meta-webindexer/1.1 (+https://developers.facebook.com/docs/sharing/webmasters/crawler))"
85.208.96.197 - - [26/Aug/2026:21:04:08 +0800] "GET /utaessave/2025/09/05/%E6%AD%A6%E5%A1%94%E5%9C%8B%E5%B0%8F114%E5%B9%B4%E5%9C%8B%E5%AE%B6%E9%98%B2%E7%81%BD%E6%97%A5%E9%A0%90%E6%BC%94%E8%A8%88%E7%95%AB/ HTTP/1.1" 200 11309 "-" "Mozilla/5.0 (compatible; SemrushBot/7~bl; +http://www.semrush.com/bot.html)"
::1 - - [26/Aug/2026:21:04:09 +0800] "OPTIONS * HTTP/1.0" 200 110 "-" "Apache/2.4.68 (Ubuntu) OpenSSL/3.0.19 (internal dummy connection)"
116.241.128.31 - - [26/Aug/2026:21:04:09 +0800] "GET /wp-content/uploads/sites/233/1003/1003-2828645.jpg HTTP/1.1" 200 10807 "https://2blog.ilc.edu.tw/1003/2014/11/27/%E5%B0%8F%E4%B8%80%E4%B8%8A%E7%AC%AC11%E9%80%B1%E5%AF%AB%E5%AD%97%E6%95%99%E5%AD%B8%E7%AC%AC%E4%B8%80%E9%80%B1/" "Mozilla/5.0 (Windows NT 10.0; Win64; x64) AppleWebKit/537.36 (KHTML, like Gecko) Chrome/151.0.0.0 Safari/537.36"
66.249.79.164 - - [26/Aug/2026:21:04:10 +0800] "GET /tces282/wp-content/cache/2blog.ilc.edu.tw/wpfc-minified/2dw72zvy/7mvej.css HTTP/1.1" 200 20759 "https://2blog.ilc.edu.tw/tces282/author/ellenn/" "Mozilla/5.0 (Linux; Android 6.0.1; Nexus 5X Build/MMB29P) AppleWebKit/537.36 (KHTML, like Gecko) Chrome/151.0.7922.173 Mobile Safari/537.36 (compatible; Googlebot/2.1; +http://www.google.com/bot.html)"
140.111.67.10 - - [26/Aug/2026:21:04:10 +0800] "GET /" 301 273 "-" "-"
66.249.79.163 - - [26/Aug/2026:21:04:11 +0800] "GET /tces282/wp-content/cache/2blog.ilc.edu.tw/wpfc-minified/jzffbczh/7mvej.css HTTP/1.1" 200 22417 "https://2blog.ilc.edu.tw/tces282/author/ellenn/" "Mozilla/5.0 (Linux; Android 6.0.1; Nexus 5X Build/MMB29P) AppleWebKit/537.36 (KHTML, like Gecko) Chrome/151.0.7922.173 Mobile Safari/537.36 (compatible; Googlebot/2.1; +http://www.google.com/bot.html)"
66.249.79.164 - - [26/Aug/2026:21:04:12 +0800] "GET /tces282/wp-content/cache/2blog.ilc.edu.tw/wpfc-minified/2y04ue6r/7mvej.css HTTP/1.1" 200 11551 "https://2blog.ilc.edu.tw/tces282/author/ellenn/" "Mozilla/5.0 (Linux; Android 6.0.1; Nexus 5X Build/MMB29P) AppleWebKit/537.36 (KHTML, like Gecko) Chrome/151.0.7922.173 Mobile Safari/537.36 (compatible; Googlebot/2.1; +http://www.google.com/bot.html)"
52.44.174.136 - - [26/Aug/2026:21:04:12 +0800] "GET /schooolplant/wp-json/wp/v2/posts/250 HTTP/1.1" 200 9269 "-" "Mozilla/5.0 AppleWebKit/537.36 (KHTML, like Gecko; compatible; Amazonbot/0.1; +https://developer.amazon.com/support/amazonbot) Chrome/119.0.6045.214 Safari/537.36"
66.249.79.163 - - [26/Aug/2026:21:04:12 +0800] "GET /tces282/wp-content/themes/dara/assets/js/skip-link-focus-fix.js HTTP/1.1" 200 1295 "https://2blog.ilc.edu.tw/tces282/author/ellenn/" "Mozilla/5.0 (Linux; Android 6.0.1; Nexus 5X Build/MMB29P) AppleWebKit/537.36 (KHTML, like Gecko) Chrome/151.0.7922.173 Mobile Safari/537.36 (compatible; Googlebot/2.1; +http://www.google.com/bot.html)"
2001:288:a201::66:125 - - [26/Aug/2026:21:04:13 +0800] "GET /blog/active.php HTTP/1.1" 301 1026 "-" "-"
2001:288:a201::66:125 - - [26/Aug/2026:21:04:13 +0800] "GET /blog/active.php HTTP/1.1" 404 1084 "-" "-"
2402:7500:a01:ff3c:edf1:cc99:3e78:be97 - - [26/Aug/2026:21:04:13 +0800] "GET /ltjhinformation/wp-content/uploads/sites/1516/2022/08/S__140296203_thumb.jpg HTTP/1.1" 200 96656 "https://2blog.ilc.edu.tw/ltjhinformation/2022/08/05/%E5%B0%8E%E5%B8%AB%E7%9A%84%E5%A5%BD%E5%B9%AB%E6%89%8B_line%E5%AE%98%E6%96%B9%E5%B8%B3%E8%99%9F%E7%9A%84%E7%94%B3%E8%AB%8B%E8%A8%AD%E5%AE%9A%E8%88%87%E4%BD%BF%E7%94%A8/" "Mozilla/5.0 (iPhone; CPU iPhone OS 18_7 like Mac OS X) AppleWebKit/605.1.15 (KHTML, like Gecko) Version/26.6 Mobile/15E148 Safari/604.1"
66.249.79.164 - - [26/Aug/2026:21:04:13 +0800] "GET /tces282/wp-content/cache/2blog.ilc.edu.tw/wpfc-minified/frohs6d3/7mvej.js HTTP/1.1" 200 35567 "https://2blog.ilc.edu.tw/tces282/author/ellenn/" "Mozilla/5.0 (Linux; Android 6.0.1; Nexus 5X Build/MMB29P) AppleWebKit/537.36 (KHTML, like Gecko) Chrome/151.0.7922.173 Mobile Safari/537.36 (compatible; Googlebot/2.1; +http://www.google.com/bot.html)"
2401:e180:8d82:1848:5c2d:3699:3e37:78c3 - - [26/Aug/2026:21:04:13 +0800] "POST /wp-json/wp-statistics/v2/online HTTP/1.1" 200 1422 "https://www.npes.ilc.edu.tw/" "Mozilla/5.0 (Windows NT 10.0; Win64; x64) AppleWebKit/537.36 (KHTML, like Gecko) Chrome/151.0.0.0 Safari/537.36"
66.249.79.163 - - [26/Aug/2026:21:04:14 +0800] "GET /tces282/wp-includes/js/admin-bar.min.js HTTP/1.1" 200 2237 "https://2blog.ilc.edu.tw/tces282/author/ellenn/" "Mozilla/5.0 (Linux; Android 6.0.1; Nexus 5X Build/MMB29P) AppleWebKit/537.36 (KHTML, like Gecko) Chrome/151.0.7922.173 Mobile Safari/537.36 (compatible; Googlebot/2.1; +http://www.google.com/bot.html)"
34.197.28.78 - - [26/Aug/2026:21:04:14 +0800] "GET /6513/wp-json/oembed/1.0/embed?url=https://2blog.ilc.edu.tw/6513/2012/12/26/%25e5%258a%25a0%25e5%25bc%25b7%25e5%25ad%25b8%25e6%25a0%25a1%25e7%2592%25b0%25e5%25a2%2583%25e4%25b8%2589%25e5%25b9%25b4%25e8%25a8%2588%25e7%2595%25ab/ HTTP/1.1" 200 8535 "-" "Mozilla/5.0 AppleWebKit/537.36 (KHTML, like Gecko; compatible; Amazonbot/0.1; +https://developer.amazon.com/support/amazonbot) Chrome/119.0.6045.214 Safari/537.36"
66.249.79.163 - - [26/Aug/2026:21:04:14 +0800] "GET /tces282/wp-content/themes/dara/assets/js/navigation.js HTTP/1.1" 200 1988 "https://2blog.ilc.edu.tw/tces282/author/ellenn/" "Mozilla/5.0 (Linux; Android 6.0.1; Nexus 5X Build/MMB29P) AppleWebKit/537.36 (KHTML, like Gecko) Chrome/151.0.7922.173 Mobile Safari/537.36 (compatible; Googlebot/2.1; +http://www.google.com/bot.html)"
85.208.96.207 - - [26/Aug/2026:21:04:15 +0800] "GET /5315/2020/10/12/where-to-find-out-the-actual-most-beautiful-latin-women-will-be/?paged=20 HTTP/1.1" 200 16415 "-" "Mozilla/5.0 (compatible; SemrushBot/7~bl; +http://www.semrush.com/bot.html)"
2402:7500:a01:ff3c:edf1:cc99:3e78:be97 - - [26/Aug/2026:21:04:15 +0800] "GET /ltjhinformation/wp-content/uploads/sites/1516/2022/08/S__140296204_thumb.jpg HTTP/1.1" 200 50409 "https://2blog.ilc.edu.tw/ltjhinformation/2022/08/05/%E5%B0%8E%E5%B8%AB%E7%9A%84%E5%A5%BD%E5%B9%AB%E6%89%8B_line%E5%AE%98%E6%96%B9%E5%B8%B3%E8%99%9F%E7%9A%84%E7%94%B3%E8%AB%8B%E8%A8%AD%E5%AE%9A%E8%88%87%E4%BD%BF%E7%94%A8/" "Mozilla/5.0 (iPhone; CPU iPhone OS 18_7 like Mac OS X) AppleWebKit/605.1.15 (KHTML, like Gecko) Version/26.6 Mobile/15E148 Safari/604.1"
140.111.67.10 - - [26/Aug/2026:21:04:15 +0800] "GET /" 301 273 "-" "-"
66.249.79.163 - - [26/Aug/2026:21:04:15 +0800] "GET /tces282/wp-content/cache/2blog.ilc.edu.tw/wpfc-minified/1zs4vs84/7mvej.css HTTP/1.1" 200 40891 "https://2blog.ilc.edu.tw/tces282/author/ellenn/" "Mozilla/5.0 (Linux; Android 6.0.1; Nexus 5X Build/MMB29P) AppleWebKit/537.36 (KHTML, like Gecko) Chrome/151.0.7922.173 Mobile Safari/537.36 (compatible; Googlebot/2.1; +http://www.google.com/bot.html)"
34.30.223.149 - - [26/Aug/2026:21:04:16 +0800] "GET /24998/wp-json/oembed/1.0/embed?url=https://2blog.ilc.edu.tw/24998/2019/06/04/%25e6%25ba%25bc%25e5%259c%25b0%25e7%2594%259f%25e7%2589%25a9%25e7%259a%2584%25e7%2594%259f%25e5%25ad%2598%25e6%259c%25ac%25e9%25a0%2598/ HTTP/1.1" 200 8226 "-" "Mozilla/5.0 (Macintosh; Intel Mac OS X 10_15_7) AppleWebKit/537.36 (KHTML, like Gecko) Chrome/120.0.0.0 Safari/537.36"
20.125.101.194 - - [26/Aug/2026:21:04:16 +0800] "GET /26064/wp-content/uploads/sites/1066/2022/11/%E7%B5%A6%E5%AE%B6%E9%95%B7%EF%BC%8D%E5%AE%9C%E8%98%AD%E7%B8%A3112%E5%AD%B8%E5%B9%B4%E5%BA%A6%E5%9C%8B%E4%B8%AD%E6%96%B0%E7%94%9F%E5%88%86%E7%99%BC%E4%BD%9C%E6%A5%AD%E6%B5%81%E7%A8%8B%E8%A1%A8%E3%80%80.pdf HTTP/1.1" 200 184116 "-" "Mozilla/5.0 (compatible; MSR-Financial-PDF-Scorer/1.0)"
111.241.252.3 - - [26/Aug/2026:21:04:17 +0800] "-" 408 339 "-" "-"
2402:7500:a01:ff3c:edf1:cc99:3e78:be97 - - [26/Aug/2026:21:04:17 +0800] "GET /ltjhinformation/wp-content/uploads/sites/1516/2022/08/S__140296205_thumb.jpg HTTP/1.1" 200 91453 "https://2blog.ilc.edu.tw/ltjhinformation/2022/08/05/%E5%B0%8E%E5%B8%AB%E7%9A%84%E5%A5%BD%E5%B9%AB%E6%89%8B_line%E5%AE%98%E6%96%B9%E5%B8%B3%E8%99%9F%E7%9A%84%E7%94%B3%E8%AB%8B%E8%A8%AD%E5%AE%9A%E8%88%87%E4%BD%BF%E7%94%A8/" "Mozilla/5.0 (iPhone; CPU iPhone OS 18_7 like Mac OS X) AppleWebKit/605.1.15 (KHTML, like Gecko) Version/26.6 Mobile/15E148 Safari/604.1"
34.171.68.95 - - [26/Aug/2026:21:04:17 +0800] "GET /?p=263 HTTP/1.1" 301 5747 "-" "Mozilla/5.0 (Macintosh; Intel Mac OS X 10_15_7) AppleWebKit/537.36 (KHTML, like Gecko) Chrome/120.0.0.0 Safari/537.36"
2001:288:a201::66:125 - - [26/Aug/2026:21:04:18 +0800] "GET /blog/active.php HTTP/1.1" 301 1026 "-" "-"
2001:288:a201::66:125 - - [26/Aug/2026:21:04:18 +0800] "GET /blog/active.php HTTP/1.1" 404 1084 "-" "-"
66.249.79.163 - - [26/Aug/2026:21:04:18 +0800] "GET /blog/rss.php?blogId=3860&categoryId=10888 HTTP/1.1" 404 973 "-" "Mozilla/5.0 (compatible; Googlebot/2.1; +http://www.google.com/bot.html)"
2402:7500:a01:ff3c:edf1:cc99:3e78:be97 - - [26/Aug/2026:21:04:18 +0800] "GET /ltjhinformation/wp-content/uploads/sites/1516/2022/08/S__140296206_thumb.jpg HTTP/1.1" 200 76178 "https://2blog.ilc.edu.tw/ltjhinformation/2022/08/05/%E5%B0%8E%E5%B8%AB%E7%9A%84%E5%A5%BD%E5%B9%AB%E6%89%8B_line%E5%AE%98%E6%96%B9%E5%B8%B3%E8%99%9F%E7%9A%84%E7%94%B3%E8%AB%8B%E8%A8%AD%E5%AE%9A%E8%88%87%E4%BD%BF%E7%94%A8/" "Mozilla/5.0 (iPhone; CPU iPhone OS 18_7 like Mac OS X) AppleWebKit/605.1.15 (KHTML, like Gecko) Version/26.6 Mobile/15E148 Safari/604.1"
34.61.96.6 - - [26/Aug/2026:21:04:16 +0800] "GET /?p=2285 HTTP/1.1" 301 5811 "-" "Mozilla/5.0 (Macintosh; Intel Mac OS X 10_15_7) AppleWebKit/537.36 (KHTML, like Gecko) Chrome/120.0.0.0 Safari/537.36"
34.57.162.91 - - [26/Aug/2026:21:04:18 +0800] "GET /6443/?p=42 HTTP/1.1" 301 5683 "-" "Mozilla/5.0 (Macintosh; Intel Mac OS X 10_15_7) AppleWebKit/537.36 (KHTML, like Gecko) Chrome/120.0.0.0 Safari/537.36"
140.111.67.10 - - [26/Aug/2026:21:04:20 +0800] "GET /" 301 273 "-" "-"
211.22.184.58 - - [26/Aug/2026:21:04:20 +0800] "HEAD /1003/feed/ HTTP/1.1" 200 5451 "-" "Mozilla/5.0 (Windows NT 6.1) AppleWebKit/538.1 (KHTML, like Gecko) QuiteRSS/0.18.12 Safari/538.1"
2402:7500:a01:ff3c:edf1:cc99:3e78:be97 - - [26/Aug/2026:21:04:21 +0800] "GET /ltjhinformation/wp-content/uploads/sites/1516/2022/08/001lineat_thumb.jpg HTTP/1.1" 200 91120 "https://2blog.ilc.edu.tw/ltjhinformation/2022/08/05/%E5%B0%8E%E5%B8%AB%E7%9A%84%E5%A5%BD%E5%B9%AB%E6%89%8B_line%E5%AE%98%E6%96%B9%E5%B8%B3%E8%99%9F%E7%9A%84%E7%94%B3%E8%AB%8B%E8%A8%AD%E5%AE%9A%E8%88%87%E4%BD%BF%E7%94%A8/" "Mozilla/5.0 (iPhone; CPU iPhone OS 18_7 like Mac OS X) AppleWebKit/605.1.15 (KHTML, like Gecko) Version/26.6 Mobile/15E148 Safari/604.1"
2402:7500:a01:ff3c:edf1:cc99:3e78:be97 - - [26/Aug/2026:21:04:21 +0800] "GET /ltjhinformation/wp-content/uploads/sites/1516/2022/08/002lineat_thumb.jpg HTTP/1.1" 200 124473 "https://2blog.ilc.edu.tw/ltjhinformation/2022/08/05/%E5%B0%8E%E5%B8%AB%E7%9A%84%E5%A5%BD%E5%B9%AB%E6%89%8B_line%E5%AE%98%E6%96%B9%E5%B8%B3%E8%99%9F%E7%9A%84%E7%94%B3%E8%AB%8B%E8%A8%AD%E5%AE%9A%E8%88%87%E4%BD%BF%E7%94%A8/" "Mozilla/5.0 (iPhone; CPU iPhone OS 18_7 like Mac OS X) AppleWebKit/605.1.15 (KHTML, like Gecko) Version/26.6 Mobile/15E148 Safari/604.1"
34.10.180.98 - - [26/Aug/2026:21:04:21 +0800] "GET /32745/?p=27414 HTTP/1.1" 301 5593 "-" "Mozilla/5.0 (Macintosh; Intel Mac OS X 10_15_7) AppleWebKit/537.36 (KHTML, like Gecko) Chrome/120.0.0.0 Safari/537.36"
2001:288:a201::66:125 - - [26/Aug/2026:21:04:23 +0800] "GET /blog/active.php HTTP/1.1" 301 1026 "-" "-"
2001:288:a201::66:125 - - [26/Aug/2026:21:04:23 +0800] "GET /blog/active.php HTTP/1.1" 404 1084 "-" "-"
2402:7500:a01:ff3c:edf1:cc99:3e78:be97 - - [26/Aug/2026:21:04:23 +0800] "GET /ltjhinformation/wp-content/uploads/sites/1516/2022/08/S__140296215_thumb.jpg HTTP/1.1" 200 66688 "https://2blog.ilc.edu.tw/ltjhinformation/2022/08/05/%E5%B0%8E%E5%B8%AB%E7%9A%84%E5%A5%BD%E5%B9%AB%E6%89%8B_line%E5%AE%98%E6%96%B9%E5%B8%B3%E8%99%9F%E7%9A%84%E7%94%B3%E8%AB%8B%E8%A8%AD%E5%AE%9A%E8%88%87%E4%BD%BF%E7%94%A8/" "Mozilla/5.0 (iPhone; CPU iPhone OS 18_7 like Mac OS X) AppleWebKit/605.1.15 (KHTML, like Gecko) Version/26.6 Mobile/15E148 Safari/604.1"
34.225.24.180 - - [26/Aug/2026:21:04:23 +0800] "GET /lunch/wp-content/uploads/sites/1315/2020/02/S__69738509-300x225.jpg HTTP/1.1" 200 29185 "-" "Mozilla/5.0 AppleWebKit/537.36 (KHTML, like Gecko; compatible; Amazonbot/0.1; +https://developer.amazon.com/support/amazonbot) Chrome/119.0.6045.214 Safari/537.36"
::1 - - [26/Aug/2026:21:04:24 +0800] "OPTIONS * HTTP/1.0" 200 110 "-" "Apache/2.4.68 (Ubuntu) OpenSSL/3.0.19 (internal dummy connection)"
140.111.67.10 - - [26/Aug/2026:21:04:25 +0800] "GET /" 301 273 "-" "-"
::1 - - [26/Aug/2026:21:04:25 +0800] "OPTIONS * HTTP/1.0" 200 110 "-" "Apache/2.4.68 (Ubuntu) OpenSSL/3.0.19 (internal dummy connection)"
98.83.177.42 - - [26/Aug/2026:21:04:26 +0800] "GET /32745/wp-json/wp/v2/posts/72923/revisions HTTP/1.1" 401 6198 "-" "Mozilla/5.0 AppleWebKit/537.36 (KHTML, like Gecko; compatible; Amazonbot/0.1; +https://developer.amazon.com/support/amazonbot) Chrome/119.0.6045.214 Safari/537.36"
34.171.68.95 - - [26/Aug/2026:21:04:26 +0800] "GET /28/2019/01/21/sarah-%E5%A6%82%E4%BD%95%E5%9C%A8ppt%E4%B8%8A%E5%91%88%E7%8F%BEspotlight-%E6%95%88%E6%9E%9C/ HTTP/1.1" 200 15458 "-" "Mozilla/5.0 (Macintosh; Intel Mac OS X 10_15_7) AppleWebKit/537.36 (KHTML, like Gecko) Chrome/120.0.0.0 Safari/537.36"
2402:7500:a01:ff3c:edf1:cc99:3e78:be97 - - [26/Aug/2026:21:04:27 +0800] "GET /ltjhinformation/wp-content/uploads/sites/1516/2022/08/S__140296216_thumb.jpg HTTP/1.1" 200 76756 "https://2blog.ilc.edu.tw/ltjhinformation/2022/08/05/%E5%B0%8E%E5%B8%AB%E7%9A%84%E5%A5%BD%E5%B9%AB%E6%89%8B_line%E5%AE%98%E6%96%B9%E5%B8%B3%E8%99%9F%E7%9A%84%E7%94%B3%E8%AB%8B%E8%A8%AD%E5%AE%9A%E8%88%87%E4%BD%BF%E7%94%A8/" "Mozilla/5.0 (iPhone; CPU iPhone OS 18_7 like Mac OS X) AppleWebKit/605.1.15 (KHTML, like Gecko) Version/26.6 Mobile/15E148 Safari/604.1"
2001:288:a201::66:125 - - [26/Aug/2026:21:04:28 +0800] "GET /blog/active.php HTTP/1.1" 301 1026 "-" "-"
2001:288:a201::66:125 - - [26/Aug/2026:21:04:28 +0800] "GET /blog/active.php HTTP/1.1" 404 1084 "-" "-"
66.249.79.163 - - [26/Aug/2026:21:04:28 +0800] "GET /cges102111/2023/06/01/%E7%AC%AC%E4%B8%80%E6%AC%A1%E4%B8%8A%E6%B8%B8%E6%B3%B3%E8%AA%B2/ HTTP/1.1" 200 15711 "-" "Mozilla/5.0 (Linux; Android 6.0.1; Nexus 5X Build/MMB29P) AppleWebKit/537.36 (KHTML, like Gecko) Chrome/151.0.7922.173 Mobile Safari/537.36 (compatible; Googlebot/2.1; +http://www.google.com/bot.html)"
34.30.223.149 - - [26/Aug/2026:21:04:28 +0800] "GET /6556/2011/12/03/5-2-%E6%8E%A8%E5%BB%A3%E6%AF%8F%E9%80%B1%E4%B8%80%E6%97%A5%E8%94%AC%E9%A3%9F%E9%81%8B%E5%8B%95/ HTTP/1.1" 200 15448 "-" "Mozilla/5.0 (Macintosh; Intel Mac OS X 10_15_7) AppleWebKit/537.36 (KHTML, like Gecko) Chrome/120.0.0.0 Safari/537.36"
216.73.217.64 - - [26/Aug/2026:21:04:29 +0800] "GET /9536/wp-json/wp/v2/posts/54541 HTTP/1.1" 200 10531 "-" "Mozilla/5.0 AppleWebKit/537.36 (KHTML, like Gecko; compatible; ClaudeBot/1.0; +claudebot@anthropic.com)"
184.73.68.20 - - [26/Aug/2026:21:04:30 +0800] "GET /32745/wp-json/wp/v2/posts/61646/revisions/61648 HTTP/1.1" 401 6198 "-" "Mozilla/5.0 AppleWebKit/537.36 (KHTML, like Gecko; compatible; Amazonbot/0.1; +https://developer.amazon.com/support/amazonbot) Chrome/119.0.6045.214 Safari/537.36"
216.73.217.64 - - [26/Aug/2026:21:04:30 +0800] "GET /9536/wp-json/wp/v2/posts/54571 HTTP/1.1" 200 6532 "-" "Mozilla/5.0 AppleWebKit/537.36 (KHTML, like Gecko; compatible; ClaudeBot/1.0; +claudebot@anthropic.com)"
140.111.67.10 - - [26/Aug/2026:21:04:30 +0800] "GET /" 301 273 "-" "-"
2402:7500:a01:ff3c:edf1:cc99:3e78:be97 - - [26/Aug/2026:21:04:31 +0800] "GET /ltjhinformation/wp-content/uploads/sites/1516/2022/08/S__140296217_thumb.jpg HTTP/1.1" 200 56734 "https://2blog.ilc.edu.tw/ltjhinformation/2022/08/05/%E5%B0%8E%E5%B8%AB%E7%9A%84%E5%A5%BD%E5%B9%AB%E6%89%8B_line%E5%AE%98%E6%96%B9%E5%B8%B3%E8%99%9F%E7%9A%84%E7%94%B3%E8%AB%8B%E8%A8%AD%E5%AE%9A%E8%88%87%E4%BD%BF%E7%94%A8/" "Mozilla/5.0 (iPhone; CPU iPhone OS 18_7 like Mac OS X) AppleWebKit/605.1.15 (KHTML, like Gecko) Version/26.6 Mobile/15E148 Safari/604.1"
20.125.101.194 - - [26/Aug/2026:21:04:29 +0800] "GET /1990/wp-content/uploads/sites/2403/2021/06/%E4%BA%8C%E5%BF%A0%E7%AC%AC%E4%BA%8C%E9%80%B1.pdf HTTP/1.1" 200 409978 "-" "Mozilla/5.0 (compatible; MSR-Financial-PDF-Scorer/1.0)"
66.249.82.195 - - [26/Aug/2026:21:04:32 +0800] "GET /.well-known/traffic-advice HTTP/1.1" 404 77252 "-" "Chrome Privacy Preserving Prefetch Proxy"
2001:4860:7:410::ff - - [26/Aug/2026:21:04:32 +0800] "GET / HTTP/1.1" 200 31681 "https://www.google.com/" "Mozilla/5.0 (Linux; Android 10; K) AppleWebKit/537.36 (KHTML, like Gecko) Chrome/151.0.0.0 Mobile Safari/537.36"
111.241.206.99 - - [26/Aug/2026:21:04:32 +0800] "GET /2528/wp-content/uploads/sites/471/2024/03/IMG_7230_%E5%89%AF%E6%9C%AC_%E5%89%AF%E6%9C%AC.jpg HTTP/1.1" 200 290825 "https://2blog.ilc.edu.tw/2528/" "Mozilla/5.0 (Windows NT 10.0; Win64; x64) AppleWebKit/537.36 (KHTML, like Gecko) Chrome/151.0.0.0 Safari/537.36"
111.241.206.99 - - [26/Aug/2026:21:04:32 +0800] "GET /2528/wp-content/uploads/sites/471/2024/03/%E5%85%89%E5%BD%B1%E9%AD%94%E6%9C%AF%E6%89%8B%E6%8B%BC%E5%9B%BE-1024x640.jpg HTTP/1.1" 200 135614 "https://2blog.ilc.edu.tw/2528/" "Mozilla/5.0 (Windows NT 10.0; Win64; x64) AppleWebKit/537.36 (KHTML, like Gecko) Chrome/151.0.0.0 Safari/537.36"
2001:288:a201::66:125 - - [26/Aug/2026:21:04:33 +0800] "GET /blog/active.php HTTP/1.1" 301 1026 "-" "-"
34.56.53.225 - - [26/Aug/2026:21:04:33 +0800] "GET /26066/2020/04/24/%E8%B2%A1%E5%9C%98%E6%B3%95%E4%BA%BA%E6%95%99%E8%82%B2%E5%9F%BA%E9%87%91%E6%9C%83-2/ HTTP/1.1" 200 16909 "-" "Mozilla/5.0 (Macintosh; Intel Mac OS X 10_15_7) AppleWebKit/537.36 (KHTML, like Gecko) Chrome/120.0.0.0 Safari/537.36"
2001:288:a201::66:125 - - [26/Aug/2026:21:04:33 +0800] "GET /blog/active.php HTTP/1.1" 404 1084 "-" "-"
52.73.6.26 - - [26/Aug/2026:21:04:34 +0800] "GET /5239/wp-json/wp/v2/media?parent=3 HTTP/1.1" 200 6010 "-" "Mozilla/5.0 AppleWebKit/537.36 (KHTML, like Gecko; compatible; Amazonbot/0.1; +https://developer.amazon.com/support/amazonbot) Chrome/119.0.6045.214 Safari/537.36"
2402:7500:a01:ff3c:edf1:cc99:3e78:be97 - - [26/Aug/2026:21:04:34 +0800] "GET /ltjhinformation/wp-content/uploads/sites/1516/2022/08/S__140296218_thumb.jpg HTTP/1.1" 200 49587 "https://2blog.ilc.edu.tw/ltjhinformation/2022/08/05/%E5%B0%8E%E5%B8%AB%E7%9A%84%E5%A5%BD%E5%B9%AB%E6%89%8B_line%E5%AE%98%E6%96%B9%E5%B8%B3%E8%99%9F%E7%9A%84%E7%94%B3%E8%AB%8B%E8%A8%AD%E5%AE%9A%E8%88%87%E4%BD%BF%E7%94%A8/" "Mozilla/5.0 (iPhone; CPU iPhone OS 18_7 like Mac OS X) AppleWebKit/605.1.15 (KHTML, like Gecko) Version/26.6 Mobile/15E148 Safari/604.1"
140.111.67.195 - - [26/Aug/2026:21:04:34 +0800] "GET /wp-admin/admin-post.php?action=steps_ad HTTP/1.1" 200 1973 "-" "node-fetch/1.0 (+https://github.com/bitinn/node-fetch)"
111.241.206.99 - - [26/Aug/2026:21:04:34 +0800] "GET /2528/page/2/ HTTP/1.1" 200 37690 "https://2blog.ilc.edu.tw/2528/" "Mozilla/5.0 (Windows NT 10.0; Win64; x64) AppleWebKit/537.36 (KHTML, like Gecko) Chrome/151.0.0.0 Safari/537.36"
111.241.206.99 - - [26/Aug/2026:21:04:34 +0800] "GET /2528/wp-content/uploads/sites/471/2024/01/20230108_1625022-1152x1536.jpg HTTP/1.1" 200 690869 "https://2blog.ilc.edu.tw/2528/page/2/" "Mozilla/5.0 (Windows NT 10.0; Win64; x64) AppleWebKit/537.36 (KHTML, like Gecko) Chrome/151.0.0.0 Safari/537.36"
111.241.206.99 - - [26/Aug/2026:21:04:34 +0800] "GET /2528/wp-content/uploads/sites/471/2024/01/20230108_1629002-1152x1536.jpg HTTP/1.1" 200 781880 "https://2blog.ilc.edu.tw/2528/page/2/" "Mozilla/5.0 (Windows NT 10.0; Win64; x64) AppleWebKit/537.36 (KHTML, like Gecko) Chrome/151.0.0.0 Safari/537.36"
111.241.206.99 - - [26/Aug/2026:21:04:35 +0800] "GET /2528/wp-content/uploads/sites/471/2023/11/IMG_1951-EDIT-1024x576.jpg HTTP/1.1" 200 105313 "https://2blog.ilc.edu.tw/2528/page/2/" "Mozilla/5.0 (Windows NT 10.0; Win64; x64) AppleWebKit/537.36 (KHTML, like Gecko) Chrome/151.0.0.0 Safari/537.36"
111.241.206.99 - - [26/Aug/2026:21:04:35 +0800] "GET /2528/wp-content/uploads/sites/471/2023/11/20230813_172728-1152x1536.jpg HTTP/1.1" 200 471648 "https://2blog.ilc.edu.tw/2528/page/2/" "Mozilla/5.0 (Windows NT 10.0; Win64; x64) AppleWebKit/537.36 (KHTML, like Gecko) Chrome/151.0.0.0 Safari/537.36"
111.241.206.99 - - [26/Aug/2026:21:04:35 +0800] "GET /2528/wp-content/uploads/sites/471/2023/11/20231114_140303_%E5%89%AF%E6%9C%AC-1152x1536.jpg HTTP/1.1" 200 535520 "https://2blog.ilc.edu.tw/2528/page/2/" "Mozilla/5.0 (Windows NT 10.0; Win64; x64) AppleWebKit/537.36 (KHTML, like Gecko) Chrome/151.0.0.0 Safari/537.36"
111.241.206.99 - - [26/Aug/2026:21:04:35 +0800] "GET /2528/wp-content/uploads/sites/471/2023/10/20231003_133909-EDIT-1152x1536.jpg HTTP/1.1" 200 590410 "https://2blog.ilc.edu.tw/2528/page/2/" "Mozilla/5.0 (Windows NT 10.0; Win64; x64) AppleWebKit/537.36 (KHTML, like Gecko) Chrome/151.0.0.0 Safari/537.36"
111.241.206.99 - - [26/Aug/2026:21:04:35 +0800] "GET /2528/wp-content/uploads/sites/471/2023/10/IMG_9407_%E5%89%AF%E6%9C%AC-EDIT-1153x1536.jpg HTTP/1.1" 200 418419 "https://2blog.ilc.edu.tw/2528/page/2/" "Mozilla/5.0 (Windows NT 10.0; Win64; x64) AppleWebKit/537.36 (KHTML, like Gecko) Chrome/151.0.0.0 Safari/537.36"
111.241.206.99 - - [26/Aug/2026:21:04:35 +0800] "GET /2528/wp-content/uploads/sites/471/2023/09/IMG_9992_%E5%89%AF%E6%9C%AC-1153x1536.jpg HTTP/1.1" 200 489772 "https://2blog.ilc.edu.tw/2528/page/2/" "Mozilla/5.0 (Windows NT 10.0; Win64; x64) AppleWebKit/537.36 (KHTML, like Gecko) Chrome/151.0.0.0 Safari/537.36"
111.241.206.99 - - [26/Aug/2026:21:04:35 +0800] "GET /2528/wp-content/uploads/sites/471/2023/08/aaa-1-1024x819.jpg HTTP/1.1" 200 196181 "https://2blog.ilc.edu.tw/2528/page/2/" "Mozilla/5.0 (Windows NT 10.0; Win64; x64) AppleWebKit/537.36 (KHTML, like Gecko) Chrome/151.0.0.0 Safari/537.36"
111.241.206.99 - - [26/Aug/2026:21:04:35 +0800] "GET /2528/wp-content/uploads/sites/471/2023/05/5-1024x768.jpg HTTP/1.1" 200 216923 "https://2blog.ilc.edu.tw/2528/page/2/" "Mozilla/5.0 (Windows NT 10.0; Win64; x64) AppleWebKit/537.36 (KHTML, like Gecko) Chrome/151.0.0.0 Safari/537.36"
111.241.206.99 - - [26/Aug/2026:21:04:35 +0800] "GET /2528/wp-content/uploads/sites/471/2023/10/20230926_1445331.mp4?_=1 HTTP/1.1" 200 2101956 "https://2blog.ilc.edu.tw/2528/page/2/" "Mozilla/5.0 (Windows NT 10.0; Win64; x64) AppleWebKit/537.36 (KHTML, like Gecko) Chrome/151.0.0.0 Safari/537.36"
66.249.79.163 - - [26/Aug/2026:21:04:35 +0800] "POST /cges102111/wp-json/ilc-summary/v1/popular-posts HTTP/1.1" 201 6057 "https://2blog.ilc.edu.tw/cges102111/2023/06/01/%E7%AC%AC%E4%B8%80%E6%AC%A1%E4%B8%8A%E6%B8%B8%E6%B3%B3%E8%AA%B2/" "Mozilla/5.0 (Linux; Android 6.0.1; Nexus 5X Build/MMB29P) AppleWebKit/537.36 (KHTML, like Gecko) Chrome/151.0.7922.173 Mobile Safari/537.36 (compatible; Googlebot/2.1; +http://www.google.com/bot.html)"
140.111.67.10 - - [26/Aug/2026:21:04:35 +0800] "GET /" 301 273 "-" "-"
111.241.206.99 - - [26/Aug/2026:21:04:35 +0800] "GET /2528/wp-content/uploads/sites/471/2023/10/20230926_1445331.mp4?_=1 HTTP/1.1" 200 8618869 "https://2blog.ilc.edu.tw/2528/page/2/" "Mozilla/5.0 (Windows NT 10.0; Win64; x64) AppleWebKit/537.36 (KHTML, like Gecko) Chrome/151.0.0.0 Safari/537.36"
34.57.162.91 - - [26/Aug/2026:21:04:36 +0800] "GET /32745/wp-json/wp/v2/posts/73380 HTTP/1.1" 200 22176 "-" "Mozilla/5.0 (Macintosh; Intel Mac OS X 10_15_7) AppleWebKit/537.36 (KHTML, like Gecko) Chrome/120.0.0.0 Safari/537.36"
140.111.67.195 - - [26/Aug/2026:21:04:36 +0800] "GET /wp-admin/admin-post.php?action=steps_ad HTTP/1.1" 200 1649 "-" "node-fetch/1.0 (+https://github.com/bitinn/node-fetch)"
66.249.79.163 - - [26/Aug/2026:21:04:37 +0800] "GET /tces282/wp-includes/js/hoverintent-js.min.js HTTP/1.1" 200 1597 "https://2blog.ilc.edu.tw/tces282/author/ellenn/" "Mozilla/5.0 (Linux; Android 6.0.1; Nexus 5X Build/MMB29P) AppleWebKit/537.36 (KHTML, like Gecko) Chrome/151.0.7922.173 Mobile Safari/537.36 (compatible; Googlebot/2.1; +http://www.google.com/bot.html)"
111.241.206.99 - - [26/Aug/2026:21:04:37 +0800] "GET /2528/wp-content/uploads/sites/471/2024/01/IMG_6726_%E5%89%AF%E6%9C%AC-1024x683.jpg HTTP/1.1" 200 167537 "https://2blog.ilc.edu.tw/2528/page/2/" "Mozilla/5.0 (Windows NT 10.0; Win64; x64) AppleWebKit/537.36 (KHTML, like Gecko) Chrome/151.0.0.0 Safari/537.36"
2402:7500:a01:ff3c:edf1:cc99:3e78:be97 - - [26/Aug/2026:21:04:37 +0800] "GET /ltjhinformation/wp-content/uploads/sites/1516/2022/08/S__140296219_thumb.jpg HTTP/1.1" 200 63545 "https://2blog.ilc.edu.tw/ltjhinformation/2022/08/05/%E5%B0%8E%E5%B8%AB%E7%9A%84%E5%A5%BD%E5%B9%AB%E6%89%8B_line%E5%AE%98%E6%96%B9%E5%B8%B3%E8%99%9F%E7%9A%84%E7%94%B3%E8%AB%8B%E8%A8%AD%E5%AE%9A%E8%88%87%E4%BD%BF%E7%94%A8/" "Mozilla/5.0 (iPhone; CPU iPhone OS 18_7 like Mac OS X) AppleWebKit/605.1.15 (KHTML, like Gecko) Version/26.6 Mobile/15E148 Safari/604.1"
2001:288:a201::66:125 - - [26/Aug/2026:21:04:38 +0800] "GET /blog/active.php HTTP/1.1" 301 1026 "-" "-"
2001:288:a201::66:125 - - [26/Aug/2026:21:04:38 +0800] "GET /blog/active.php HTTP/1.1" 404 1084 "-" "-"
111.241.206.99 - - [26/Aug/2026:21:04:38 +0800] "GET /2528/wp-content/uploads/sites/471/2024/01/IMG_6702_%E5%89%AF%E6%9C%AC-1024x683.jpg HTTP/1.1" 200 192102 "https://2blog.ilc.edu.tw/2528/page/2/" "Mozilla/5.0 (Windows NT 10.0; Win64; x64) AppleWebKit/537.36 (KHTML, like Gecko) Chrome/151.0.0.0 Safari/537.36"
111.241.206.99 - - [26/Aug/2026:21:04:38 +0800] "GET /2528/wp-content/uploads/sites/471/2024/01/IMG_6735.JPG-1024x683.jpg HTTP/1.1" 200 289427 "https://2blog.ilc.edu.tw/2528/page/2/" "Mozilla/5.0 (Windows NT 10.0; Win64; x64) AppleWebKit/537.36 (KHTML, like Gecko) Chrome/151.0.0.0 Safari/537.36"
111.241.206.99 - - [26/Aug/2026:21:04:38 +0800] "GET /2528/wp-content/uploads/sites/471/2024/01/IMG_6740.JPG-1024x683.jpg HTTP/1.1" 200 226688 "https://2blog.ilc.edu.tw/2528/page/2/" "Mozilla/5.0 (Windows NT 10.0; Win64; x64) AppleWebKit/537.36 (KHTML, like Gecko) Chrome/151.0.0.0 Safari/537.36"
111.241.206.99 - - [26/Aug/2026:21:04:39 +0800] "GET /2528/wp-content/uploads/sites/471/2024/01/IMG_6718-%E6%8B%B7%E8%B4%9D_%E5%89%AF%E6%9C%AC-1024x683.jpg HTTP/1.1" 200 256348 "https://2blog.ilc.edu.tw/2528/page/2/" "Mozilla/5.0 (Windows NT 10.0; Win64; x64) AppleWebKit/537.36 (KHTML, like Gecko) Chrome/151.0.0.0 Safari/537.36"
198.46.154.22 - - [26/Aug/2026:21:04:31 +0800] "GET /wp-content/uploads/sites/1317/2025/12/%E6%A0%A1%E5%88%8A%E6%A8%A1%E6%9D%BF-%E4%BA%8C%E5%BF%A0-2_compressed.pdf HTTP/1.1" 200 1562257 "-" "Mozilla/5.0 (Windows NT 6.1; Win64; x64) AppleWebKit/537.36 (KHTML, like Gecko) Chrome/46.0.2490.22 Safari/537.36"
111.241.206.99 - - [26/Aug/2026:21:04:39 +0800] "GET /2528/wp-content/uploads/sites/471/2024/01/IMG_6718-%E6%8B%B7%E8%B4%9D_%E5%89%AF%E6%9C%AC_%E5%89%AF%E6%9C%AC-1024x819.jpg HTTP/1.1" 200 312849 "https://2blog.ilc.edu.tw/2528/page/2/" "Mozilla/5.0 (Windows NT 10.0; Win64; x64) AppleWebKit/537.36 (KHTML, like Gecko) Chrome/151.0.0.0 Safari/537.36"
2402:7500:a01:ff3c:edf1:cc99:3e78:be97 - - [26/Aug/2026:21:04:39 +0800] "GET /ltjhinformation/wp-content/uploads/sites/1516/2022/08/S__140296220_thumb.jpg HTTP/1.1" 200 80949 "https://2blog.ilc.edu.tw/ltjhinformation/2022/08/05/%E5%B0%8E%E5%B8%AB%E7%9A%84%E5%A5%BD%E5%B9%AB%E6%89%8B_line%E5%AE%98%E6%96%B9%E5%B8%B3%E8%99%9F%E7%9A%84%E7%94%B3%E8%AB%8B%E8%A8%AD%E5%AE%9A%E8%88%87%E4%BD%BF%E7%94%A8/" "Mozilla/5.0 (iPhone; CPU iPhone OS 18_7 like Mac OS X) AppleWebKit/605.1.15 (KHTML, like Gecko) Version/26.6 Mobile/15E148 Safari/604.1"
111.241.206.99 - - [26/Aug/2026:21:04:39 +0800] "GET /2528/wp-content/uploads/sites/471/2024/01/IMG_6718-%E6%8B%B7%E8%B4%9D_%E5%89%AF%E6%9C%AC_%E5%89%AF%E6%9C%AC-1-1024x819.jpg HTTP/1.1" 200 237789 "https://2blog.ilc.edu.tw/2528/page/2/" "Mozilla/5.0 (Windows NT 10.0; Win64; x64) AppleWebKit/537.36 (KHTML, like Gecko) Chrome/151.0.0.0 Safari/537.36"
140.111.67.10 - - [26/Aug/2026:21:04:40 +0800] "GET /" 301 273 "-" "-"
::1 - - [26/Aug/2026:21:04:40 +0800] "OPTIONS * HTTP/1.0" 200 110 "-" "Apache/2.4.68 (Ubuntu) OpenSSL/3.0.19 (internal dummy connection)"
66.249.71.37 - - [26/Aug/2026:21:04:40 +0800] "GET /23475/2014/10/29/%E3%80%90%E6%B4%BB%E5%8B%95%E5%A0%B1%E7%88%86%E3%80%91%E9%AB%94%E9%A9%97%E6%B0%91%E4%B8%BB%EF%BC%81%E5%8F%83%E8%88%87%E5%8A%9B%E8%A1%8C%E8%87%AA%E6%B2%BB%E5%B8%82%E9%95%B7%E3%80%81%E7%92%B0%E4%BF%9D/ HTTP/1.1" 200 19662 "-" "Mozilla/5.0 (Linux; Android 6.0.1; Nexus 5X Build/MMB29P) AppleWebKit/537.36 (KHTML, like Gecko) Chrome/151.0.7922.173 Mobile Safari/537.36 (compatible; Googlebot/2.1; +http://www.google.com/bot.html)"
2402:7500:a01:ff3c:edf1:cc99:3e78:be97 - - [26/Aug/2026:21:04:41 +0800] "GET /ltjhinformation/wp-content/uploads/sites/1516/2022/08/S__140296223_thumb.jpg HTTP/1.1" 200 60687 "https://2blog.ilc.edu.tw/ltjhinformation/2022/08/05/%E5%B0%8E%E5%B8%AB%E7%9A%84%E5%A5%BD%E5%B9%AB%E6%89%8B_line%E5%AE%98%E6%96%B9%E5%B8%B3%E8%99%9F%E7%9A%84%E7%94%B3%E8%AB%8B%E8%A8%AD%E5%AE%9A%E8%88%87%E4%BD%BF%E7%94%A8/" "Mozilla/5.0 (iPhone; CPU iPhone OS 18_7 like Mac OS X) AppleWebKit/605.1.15 (KHTML, like Gecko) Version/26.6 Mobile/15E148 Safari/604.1"
::1 - - [26/Aug/2026:21:04:41 +0800] "OPTIONS * HTTP/1.0" 200 110 "-" "Apache/2.4.68 (Ubuntu) OpenSSL/3.0.19 (internal dummy connection)"
52.0.41.164 - - [26/Aug/2026:21:04:42 +0800] "GET /amy6998/2025/08/24/114%E5%B9%B47%E6%9C%889%E6%97%A5%E6%9A%91%E6%9C%9F%E6%93%B4%E5%A4%A7%E8%A1%8C%E6%94%BF%E6%9C%83%E5%A0%B1/embed/ HTTP/1.1" 200 12683 "-" "Mozilla/5.0 AppleWebKit/537.36 (KHTML, like Gecko; compatible; Amazonbot/0.1; +https://developer.amazon.com/support/amazonbot) Chrome/119.0.6045.214 Safari/537.36"
::1 - - [26/Aug/2026:21:04:42 +0800] "OPTIONS * HTTP/1.0" 200 110 "-" "Apache/2.4.68 (Ubuntu) OpenSSL/3.0.19 (internal dummy connection)"
2001:288:a201::66:125 - - [26/Aug/2026:21:04:43 +0800] "GET /blog/active.php HTTP/1.1" 301 1026 "-" "-"
2a03:2880:10ff:14:: - - [26/Aug/2026:21:04:42 +0800] "GET /3154/wp-json/wp/v2/posts/5687 HTTP/1.1" 200 16164 "-" "Mozilla/5.0 (Windows NT 10.0; Win64; x64) AppleWebKit/537.36 (KHTML, like Gecko) Chrome/145.0.0.0 Safari/537.36 (compatible; meta-webindexer/1.1 (+https://developers.facebook.com/docs/sharing/webmasters/crawler))"
2001:288:a201::66:125 - - [26/Aug/2026:21:04:43 +0800] "GET /blog/active.php HTTP/1.1" 404 1084 "-" "-"
111.241.206.99 - - [26/Aug/2026:21:04:43 +0800] "GET /2528/wp-content/uploads/sites/471/2023/11/IMG_3245-1024x1536.jpg HTTP/1.1" 200 264053 "https://2blog.ilc.edu.tw/2528/page/2/" "Mozilla/5.0 (Windows NT 10.0; Win64; x64) AppleWebKit/537.36 (KHTML, like Gecko) Chrome/151.0.0.0 Safari/537.36"
2402:7500:a01:ff3c:edf1:cc99:3e78:be97 - - [26/Aug/2026:21:04:43 +0800] "GET /ltjhinformation/wp-content/uploads/sites/1516/2022/08/S__140296222_thumb.jpg HTTP/1.1" 200 39734 "https://2blog.ilc.edu.tw/ltjhinformation/2022/08/05/%E5%B0%8E%E5%B8%AB%E7%9A%84%E5%A5%BD%E5%B9%AB%E6%89%8B_line%E5%AE%98%E6%96%B9%E5%B8%B3%E8%99%9F%E7%9A%84%E7%94%B3%E8%AB%8B%E8%A8%AD%E5%AE%9A%E8%88%87%E4%BD%BF%E7%94%A8/" "Mozilla/5.0 (iPhone; CPU iPhone OS 18_7 like Mac OS X) AppleWebKit/605.1.15 (KHTML, like Gecko) Version/26.6 Mobile/15E148 Safari/604.1"
::1 - - [26/Aug/2026:21:04:43 +0800] "OPTIONS * HTTP/1.0" 200 110 "-" "Apache/2.4.68 (Ubuntu) OpenSSL/3.0.19 (internal dummy connection)"
185.191.171.3 - - [26/Aug/2026:21:04:44 +0800] "GET /17160/2024/03/12/%E3%80%90%E4%B8%89%E5%B9%B4%E7%B4%9A%E3%80%91%E7%99%BC%E7%8F%BE%E7%A7%91%E5%AD%B8-%E9%A4%8A%E6%A8%82%E5%A4%9A%E7%A9%BA%E6%B0%A3%E7%A0%B2-2/ HTTP/1.1" 200 20064 "-" "Mozilla/5.0 (compatible; SemrushBot/7~bl; +http://www.semrush.com/bot.html)"
140.111.67.10 - - [26/Aug/2026:21:04:45 +0800] "GET /" 301 273 "-" "-"
::1 - - [26/Aug/2026:21:04:45 +0800] "OPTIONS * HTTP/1.0" 200 110 "-" "Apache/2.4.68 (Ubuntu) OpenSSL/3.0.19 (internal dummy connection)"
2402:7500:a01:ff3c:edf1:cc99:3e78:be97 - - [26/Aug/2026:21:04:46 +0800] "GET /ltjhinformation/wp-content/uploads/sites/1516/2022/08/image_thumb.png HTTP/1.1" 200 40647 "https://2blog.ilc.edu.tw/ltjhinformation/2022/08/05/%E5%B0%8E%E5%B8%AB%E7%9A%84%E5%A5%BD%E5%B9%AB%E6%89%8B_line%E5%AE%98%E6%96%B9%E5%B8%B3%E8%99%9F%E7%9A%84%E7%94%B3%E8%AB%8B%E8%A8%AD%E5%AE%9A%E8%88%87%E4%BD%BF%E7%94%A8/" "Mozilla/5.0 (iPhone; CPU iPhone OS 18_7 like Mac OS X) AppleWebKit/605.1.15 (KHTML, like Gecko) Version/26.6 Mobile/15E148 Safari/604.1"
140.111.67.195 - - [26/Aug/2026:21:04:46 +0800] "GET /wp-admin/admin-post.php?action=steps_ad HTTP/1.1" 200 1973 "-" "node-fetch/1.0 (+https://github.com/bitinn/node-fetch)"
54.156.55.147 - - [26/Aug/2026:21:04:46 +0800] "GET /2864/wp-content/uploads/sites/2307/2021/10/IMG_20211009_072740-1024x768.jpg HTTP/1.1" 200 114370 "-" "Mozilla/5.0 AppleWebKit/537.36 (KHTML, like Gecko; compatible; Amazonbot/0.1; +https://developer.amazon.com/support/amazonbot) Chrome/119.0.6045.214 Safari/537.36"
66.249.79.137 - - [26/Aug/2026:21:04:45 +0800] "GET /wp-login.php?action=ilc_logout&_wpnonce=43754d0aad&redirect_to=//bitorg-oil.ru/job/73597/ HTTP/1.1" 302 8240 "-" "Mozilla/5.0 (compatible; Googlebot/2.1; +http://www.google.com/bot.html)"
2407:4b00:4c06:89a0:c858:3a68:809d:17d4 - - [26/Aug/2026:21:04:47 +0800] "GET /wp-content/uploads/sites/1663/2025/10/%E9%B4%A8%E6%AF%94-300x169.png HTTP/1.1" 200 31554 "https://www.pces.ilc.edu.tw/" "Mozilla/5.0 (iPhone; CPU iPhone OS 26_6_0 like Mac OS X) AppleWebKit/605.1.15 (KHTML, like Gecko) GSA/435.4.965413651 Mobile/15E148 Safari/604.1"
85.208.96.209 - - [26/Aug/2026:21:04:47 +0800] "GET /2528/2022/07/11/%E7%99%BE%E5%B9%B4%E5%B1%B1%E5%BE%91%E6%B7%A1%E8%98%AD%E5%8F%A4%E9%81%93/ HTTP/1.1" 200 16407 "-" "Mozilla/5.0 (compatible; SemrushBot/7~bl; +http://www.semrush.com/bot.html)"
