128.241.75.74 - - [26/Aug/2026:21:02:02 +0800] "GET /6456/wp-content/cache/2blog.ilc.edu.tw/wpfc-minified/m0ueru5x/8epus.js HTTP/1.1" 200 1643 "https://2blog.ilc.edu.tw/6456/2010/09/28/%E5%BB%A2%E9%9B%BB%E6%B1%A0%E5%9B%9E%E6%94%B6%E8%BE%A6%E6%B3%95/" "Mozilla/5.0 (iPhone; CPU iPhone OS 18_6 like Mac OS X) AppleWebKit/605.1.15 (KHTML, like Gecko) CriOS/150.0.0.0 Mobile/15E148 Safari/604.1"
128.241.75.74 - - [26/Aug/2026:21:02:02 +0800] "GET /6456/wp-includes/js/hoverintent-js.min.js HTTP/1.1" 200 1597 "https://2blog.ilc.edu.tw/6456/2010/09/28/%E5%BB%A2%E9%9B%BB%E6%B1%A0%E5%9B%9E%E6%94%B6%E8%BE%A6%E6%B3%95/" "Mozilla/5.0 (iPhone; CPU iPhone OS 18_6 like Mac OS X) AppleWebKit/605.1.15 (KHTML, like Gecko) CriOS/150.0.0.0 Mobile/15E148 Safari/604.1"
128.241.124.99 - - [26/Aug/2026:21:02:02 +0800] "GET /6456/wp-includes/js/admin-bar.min.js HTTP/1.1" 200 2237 "https://2blog.ilc.edu.tw/6456/2010/09/28/%E5%BB%A2%E9%9B%BB%E6%B1%A0%E5%9B%9E%E6%94%B6%E8%BE%A6%E6%B3%95/" "Mozilla/5.0 (iPhone; CPU iPhone OS 18_6 like Mac OS X) AppleWebKit/605.1.15 (KHTML, like Gecko) CriOS/150.0.0.0 Mobile/15E148 Safari/604.1"
128.241.75.74 - - [26/Aug/2026:21:02:02 +0800] "POST /6456/wp-json/ilc-summary/v1/popular-posts HTTP/1.1" 201 1272 "https://2blog.ilc.edu.tw/6456/2010/09/28/%E5%BB%A2%E9%9B%BB%E6%B1%A0%E5%9B%9E%E6%94%B6%E8%BE%A6%E6%B3%95/" "Mozilla/5.0 (iPhone; CPU iPhone OS 18_6 like Mac OS X) AppleWebKit/605.1.15 (KHTML, like Gecko) CriOS/150.0.0.0 Mobile/15E148 Safari/604.1"
128.241.124.99 - - [26/Aug/2026:21:02:02 +0800] "GET /6456/wp-content/uploads/sites/2798/6456/6456-3715975.jpg HTTP/1.1" 200 712457 "https://2blog.ilc.edu.tw/6456/2010/09/28/%E5%BB%A2%E9%9B%BB%E6%B1%A0%E5%9B%9E%E6%94%B6%E8%BE%A6%E6%B3%95/" "Mozilla/5.0 (iPhone; CPU iPhone OS 18_6 like Mac OS X) AppleWebKit/605.1.15 (KHTML, like Gecko) CriOS/150.0.0.0 Mobile/15E148 Safari/604.1"
2001:288:a201::66:125 - - [26/Aug/2026:21:02:03 +0800] "GET /blog/active.php HTTP/1.1" 301 1026 "-" "-"
128.241.75.74 - - [26/Aug/2026:21:02:03 +0800] "GET /6456/wp-content/themes/dara/assets/js/navigation.js HTTP/1.1" 200 1988 "https://2blog.ilc.edu.tw/6456/2010/09/28/%E5%BB%A2%E9%9B%BB%E6%B1%A0%E5%9B%9E%E6%94%B6%E8%BE%A6%E6%B3%95/" "Mozilla/5.0 (iPhone; CPU iPhone OS 18_6 like Mac OS X) AppleWebKit/605.1.15 (KHTML, like Gecko) CriOS/150.0.0.0 Mobile/15E148 Safari/604.1"
2001:288:a201::66:125 - - [26/Aug/2026:21:02:03 +0800] "GET /blog/active.php HTTP/1.1" 404 1084 "-" "-"
3.90.73.206 - - [26/Aug/2026:21:02:03 +0800] "GET /wp-content/uploads/sites/2827/6513/6513-2776462.jpg HTTP/1.1" 200 24265 "-" "Mozilla/5.0 AppleWebKit/537.36 (KHTML, like Gecko; compatible; Amazonbot/0.1; +https://developer.amazon.com/support/amazonbot) Chrome/119.0.6045.214 Safari/537.36"
66.249.79.137 - - [26/Aug/2026:21:02:00 +0800] "GET /wp-login.php?action=ilc_logout&_wpnonce=43754d0aad&redirect_to=http://insideform.ru/join/18049/ HTTP/1.1" 302 8246 "-" "Mozilla/5.0 (Linux; Android 6.0.1; Nexus 5X Build/MMB29P) AppleWebKit/537.36 (KHTML, like Gecko) Chrome/151.0.7922.173 Mobile Safari/537.36 (compatible; Googlebot/2.1; +http://www.google.com/bot.html)"
128.241.75.74 - - [26/Aug/2026:21:02:03 +0800] "GET /6456/wp-content/themes/dara/assets/js/skip-link-focus-fix.js HTTP/1.1" 200 1295 "https://2blog.ilc.edu.tw/6456/2010/09/28/%E5%BB%A2%E9%9B%BB%E6%B1%A0%E5%9B%9E%E6%94%B6%E8%BE%A6%E6%B3%95/" "Mozilla/5.0 (iPhone; CPU iPhone OS 18_6 like Mac OS X) AppleWebKit/605.1.15 (KHTML, like Gecko) CriOS/150.0.0.0 Mobile/15E148 Safari/604.1"
66.249.79.164 - - [26/Aug/2026:21:02:03 +0800] "GET /kses1113a/2023/06/06/112%E5%B9%B46%E6%9C%887%E6%97%A5%E8%81%AF%E7%B5%A1%E7%B0%BF/ HTTP/1.1" 200 17635 "-" "Mozilla/5.0 (Linux; Android 6.0.1; Nexus 5X Build/MMB29P) AppleWebKit/537.36 (KHTML, like Gecko) Chrome/151.0.7922.173 Mobile Safari/537.36 (compatible; Googlebot/2.1; +http://www.google.com/bot.html)"
85.208.96.194 - - [26/Aug/2026:21:02:03 +0800] "GET /6093/2010/10/21/2010-10-20%E5%AD%B8%E7%94%9F%E6%9C%9D%E6%9C%83%E3%80%8C%E7%92%B0%E4%BF%9D%E6%95%99%E8%82%B2%E5%AE%A3%E5%B0%8E%E3%80%8D%E6%9A%A8%E4%BA%A4%E9%80%9A%E5%AE%89%E5%85%A8%E5%AE%A3%E5%B0%8E/ HTTP/1.1" 200 20706 "-" "Mozilla/5.0 (compatible; SemrushBot/7~bl; +http://www.semrush.com/bot.html)"
2001:4860:7:510::ee - - [26/Aug/2026:21:02:04 +0800] "GET / HTTP/1.1" 200 29814 "https://www.google.com/" "Mozilla/5.0 (Windows NT 10.0; Win64; x64) AppleWebKit/537.36 (KHTML, like Gecko) Chrome/151.0.0.0 Safari/537.36"
2001:b400:e28e:2c88:c452:4aff:fec0:b42a - - [26/Aug/2026:21:02:05 +0800] "-" 408 339 "-" "-"
140.111.67.10 - - [26/Aug/2026:21:02:05 +0800] "GET /" 301 273 "-" "-"
87.56.14.246 - - [26/Aug/2026:21:02:08 +0800] "GET /sun520/wp-content/uploads/sites/3900/2024/11/IMG_1365-300x200.jpg HTTP/1.1" 200 15562 "-" "Mozilla/5.0 (compatible; crawler)"
2001:288:a201::66:125 - - [26/Aug/2026:21:02:08 +0800] "GET /blog/active.php HTTP/1.1" 301 1026 "-" "-"
66.249.71.9 - - [26/Aug/2026:21:02:05 +0800] "GET /wp-login.php?action=ilc_logout&_wpnonce=43754d0aad&redirect_to=http://moscow-sewing.ru/gallery/77091/ HTTP/1.1" 302 8252 "-" "Mozilla/5.0 (Linux; Android 6.0.1; Nexus 5X Build/MMB29P) AppleWebKit/537.36 (KHTML, like Gecko) Chrome/151.0.7922.173 Mobile Safari/537.36 (compatible; GoogleOther)"
2001:288:a201::66:125 - - [26/Aug/2026:21:02:08 +0800] "GET /blog/active.php HTTP/1.1" 404 1084 "-" "-"
::1 - - [26/Aug/2026:21:02:08 +0800] "OPTIONS * HTTP/1.0" 200 110 "-" "Apache/2.4.68 (Ubuntu) OpenSSL/3.0.19 (internal dummy connection)"
178.171.80.44 - - [26/Aug/2026:21:02:08 +0800] "GET http://www.ltps.ilc.edu.tw/robots.txt HTTP/1.1" 200 722 "-" "Mozilla/5.0 (Windows NT 10.0; Win64; x64; rv:153.0) Gecko/20100101 Firefox/153.0"
66.249.79.164 - - [26/Aug/2026:21:02:08 +0800] "GET /41336/%E9%81%A9%E6%87%89%E9%AB%94%E8%82%B2%E8%AA%B2%E5%BE%8C%E7%85%A7%E9%A1%A7107%E5%B9%B409%E6%9C%8814%E6%97%A5%E8%AA%B2%E5%BE%8C%E7%85%A7%E9%A1%A7%E7%8F%AD%E5%81%9A%E9%81%A9%E6%87%89%E9%AB%94%E8%82%B2/ HTTP/1.1" 200 23614 "-" "Mozilla/5.0 (Linux; Android 6.0.1; Nexus 5X Build/MMB29P) AppleWebKit/537.36 (KHTML, like Gecko) Chrome/151.0.7922.173 Mobile Safari/537.36 (compatible; Googlebot/2.1; +http://www.google.com/bot.html)"
3.94.199.128 - - [26/Aug/2026:21:02:07 +0800] "GET /wp-content/uploads/sites/2827/6513/6513-2776447.jpg HTTP/1.1" 200 24977 "-" "Mozilla/5.0 AppleWebKit/537.36 (KHTML, like Gecko; compatible; Amazonbot/0.1; +https://developer.amazon.com/support/amazonbot) Chrome/119.0.6045.214 Safari/537.36"
34.30.223.149 - - [26/Aug/2026:21:02:09 +0800] "GET /5415/?p=15 HTTP/1.1" 301 5598 "-" "Mozilla/5.0 (Macintosh; Intel Mac OS X 10_15_7) AppleWebKit/537.36 (KHTML, like Gecko) Chrome/120.0.0.0 Safari/537.36"
140.111.67.10 - - [26/Aug/2026:21:02:10 +0800] "GET /" 301 273 "-" "-"
111.241.252.3 - - [26/Aug/2026:21:02:10 +0800] "GET / HTTP/1.1" 200 29814 "https://www.google.com/" "Mozilla/5.0 (Windows NT 10.0; Win64; x64) AppleWebKit/537.36 (KHTML, like Gecko) Chrome/151.0.0.0 Safari/537.36"
111.241.252.3 - - [26/Aug/2026:21:02:11 +0800] "GET /wp-content/cache/www.fsjh.ilc.edu.tw/wpfc-minified/k1jimmmj/6wah.css HTTP/1.1" 200 45695 "https://www.fsjh.ilc.edu.tw/" "Mozilla/5.0 (Windows NT 10.0; Win64; x64) AppleWebKit/537.36 (KHTML, like Gecko) Chrome/151.0.0.0 Safari/537.36"
111.241.252.3 - - [26/Aug/2026:21:02:11 +0800] "GET /wp-content/cache/www.fsjh.ilc.edu.tw/wpfc-minified/6klmbkv7/6wah.css HTTP/1.1" 200 23315 "https://www.fsjh.ilc.edu.tw/" "Mozilla/5.0 (Windows NT 10.0; Win64; x64) AppleWebKit/537.36 (KHTML, like Gecko) Chrome/151.0.0.0 Safari/537.36"
111.241.252.3 - - [26/Aug/2026:21:02:11 +0800] "GET /wp-content/cache/www.fsjh.ilc.edu.tw/wpfc-minified/qkv37ig4/6wah.css HTTP/1.1" 200 1500 "https://www.fsjh.ilc.edu.tw/" "Mozilla/5.0 (Windows NT 10.0; Win64; x64) AppleWebKit/537.36 (KHTML, like Gecko) Chrome/151.0.0.0 Safari/537.36"
111.241.252.3 - - [26/Aug/2026:21:02:11 +0800] "GET /wp-content/uploads/sites/2666/elementor/css/post-81.css HTTP/1.1" 200 6122 "https://www.fsjh.ilc.edu.tw/" "Mozilla/5.0 (Windows NT 10.0; Win64; x64) AppleWebKit/537.36 (KHTML, like Gecko) Chrome/151.0.0.0 Safari/537.36"
111.241.252.3 - - [26/Aug/2026:21:02:11 +0800] "GET /wp-content/cache/www.fsjh.ilc.edu.tw/wpfc-minified/dj5cq5sf/6wah.css HTTP/1.1" 200 7705 "https://www.fsjh.ilc.edu.tw/" "Mozilla/5.0 (Windows NT 10.0; Win64; x64) AppleWebKit/537.36 (KHTML, like Gecko) Chrome/151.0.0.0 Safari/537.36"
111.241.252.3 - - [26/Aug/2026:21:02:11 +0800] "GET /wp-content/uploads/sites/2666/elementor/css/post-103.css HTTP/1.1" 200 1004 "https://www.fsjh.ilc.edu.tw/" "Mozilla/5.0 (Windows NT 10.0; Win64; x64) AppleWebKit/537.36 (KHTML, like Gecko) Chrome/151.0.0.0 Safari/537.36"
111.241.252.3 - - [26/Aug/2026:21:02:11 +0800] "GET /wp-content/cache/www.fsjh.ilc.edu.tw/wpfc-minified/qa4zgiv7/6wah.css HTTP/1.1" 200 1138 "https://www.fsjh.ilc.edu.tw/" "Mozilla/5.0 (Windows NT 10.0; Win64; x64) AppleWebKit/537.36 (KHTML, like Gecko) Chrome/151.0.0.0 Safari/537.36"
111.241.252.3 - - [26/Aug/2026:21:02:11 +0800] "GET /wp-content/cache/www.fsjh.ilc.edu.tw/wpfc-minified/lm0klrml/6wah.css HTTP/1.1" 200 89127 "https://www.fsjh.ilc.edu.tw/" "Mozilla/5.0 (Windows NT 10.0; Win64; x64) AppleWebKit/537.36 (KHTML, like Gecko) Chrome/151.0.0.0 Safari/537.36"
111.241.252.3 - - [26/Aug/2026:21:02:11 +0800] "GET /wp-content/cache/www.fsjh.ilc.edu.tw/wpfc-minified/7z76wlqj/6wah.js HTTP/1.1" 200 35559 "https://www.fsjh.ilc.edu.tw/" "Mozilla/5.0 (Windows NT 10.0; Win64; x64) AppleWebKit/537.36 (KHTML, like Gecko) Chrome/151.0.0.0 Safari/537.36"
111.241.252.3 - - [26/Aug/2026:21:02:11 +0800] "GET /wp-content/cache/www.fsjh.ilc.edu.tw/wpfc-minified/6ke5b2m4/6wah.css HTTP/1.1" 200 52104 "https://www.fsjh.ilc.edu.tw/" "Mozilla/5.0 (Windows NT 10.0; Win64; x64) AppleWebKit/537.36 (KHTML, like Gecko) Chrome/151.0.0.0 Safari/537.36"
111.241.252.3 - - [26/Aug/2026:21:02:11 +0800] "GET /wp-content/cache/www.fsjh.ilc.edu.tw/wpfc-minified/lco27ft0/6wah.js HTTP/1.1" 200 3453 "https://www.fsjh.ilc.edu.tw/" "Mozilla/5.0 (Windows NT 10.0; Win64; x64) AppleWebKit/537.36 (KHTML, like Gecko) Chrome/151.0.0.0 Safari/537.36"
111.241.252.3 - - [26/Aug/2026:21:02:11 +0800] "GET /wp-includes/js/hoverintent-js.min.js HTTP/1.1" 200 1597 "https://www.fsjh.ilc.edu.tw/" "Mozilla/5.0 (Windows NT 10.0; Win64; x64) AppleWebKit/537.36 (KHTML, like Gecko) Chrome/151.0.0.0 Safari/537.36"
111.241.252.3 - - [26/Aug/2026:21:02:11 +0800] "GET /wp-includes/js/admin-bar.min.js HTTP/1.1" 200 2237 "https://www.fsjh.ilc.edu.tw/" "Mozilla/5.0 (Windows NT 10.0; Win64; x64) AppleWebKit/537.36 (KHTML, like Gecko) Chrome/151.0.0.0 Safari/537.36"
111.241.252.3 - - [26/Aug/2026:21:02:11 +0800] "GET /wp-includes/js/imagesloaded.min.js HTTP/1.1" 200 2683 "https://www.fsjh.ilc.edu.tw/" "Mozilla/5.0 (Windows NT 10.0; Win64; x64) AppleWebKit/537.36 (KHTML, like Gecko) Chrome/151.0.0.0 Safari/537.36"
111.241.252.3 - - [26/Aug/2026:21:02:11 +0800] "GET /wp-content/themes/oceanwp/assets/js/theme.min.js HTTP/1.1" 200 5130 "https://www.fsjh.ilc.edu.tw/" "Mozilla/5.0 (Windows NT 10.0; Win64; x64) AppleWebKit/537.36 (KHTML, like Gecko) Chrome/151.0.0.0 Safari/537.36"
111.241.252.3 - - [26/Aug/2026:21:02:11 +0800] "GET /wp-content/themes/oceanwp/assets/js/full-screen-mobile-menu.min.js HTTP/1.1" 200 4638 "https://www.fsjh.ilc.edu.tw/" "Mozilla/5.0 (Windows NT 10.0; Win64; x64) AppleWebKit/537.36 (KHTML, like Gecko) Chrome/151.0.0.0 Safari/537.36"
111.241.252.3 - - [26/Aug/2026:21:02:11 +0800] "GET /wp-content/themes/oceanwp/assets/js/drop-down-search.min.js HTTP/1.1" 200 2968 "https://www.fsjh.ilc.edu.tw/" "Mozilla/5.0 (Windows NT 10.0; Win64; x64) AppleWebKit/537.36 (KHTML, like Gecko) Chrome/151.0.0.0 Safari/537.36"
111.241.252.3 - - [26/Aug/2026:21:02:11 +0800] "GET /wp-content/themes/oceanwp/assets/js/ow-lightbox.min.js HTTP/1.1" 200 2321 "https://www.fsjh.ilc.edu.tw/" "Mozilla/5.0 (Windows NT 10.0; Win64; x64) AppleWebKit/537.36 (KHTML, like Gecko) Chrome/151.0.0.0 Safari/537.36"
111.241.252.3 - - [26/Aug/2026:21:02:11 +0800] "GET /wp-content/themes/oceanwp/assets/js/ow-slider.min.js HTTP/1.1" 200 1761 "https://www.fsjh.ilc.edu.tw/" "Mozilla/5.0 (Windows NT 10.0; Win64; x64) AppleWebKit/537.36 (KHTML, like Gecko) Chrome/151.0.0.0 Safari/537.36"
111.241.252.3 - - [26/Aug/2026:21:02:11 +0800] "GET /wp-content/themes/oceanwp/assets/js/vendors/magnific-popup.min.js HTTP/1.1" 200 8270 "https://www.fsjh.ilc.edu.tw/" "Mozilla/5.0 (Windows NT 10.0; Win64; x64) AppleWebKit/537.36 (KHTML, like Gecko) Chrome/151.0.0.0 Safari/537.36"
111.241.252.3 - - [26/Aug/2026:21:02:11 +0800] "GET /wp-content/themes/oceanwp/assets/js/scroll-top.min.js HTTP/1.1" 200 3202 "https://www.fsjh.ilc.edu.tw/" "Mozilla/5.0 (Windows NT 10.0; Win64; x64) AppleWebKit/537.36 (KHTML, like Gecko) Chrome/151.0.0.0 Safari/537.36"
111.241.252.3 - - [26/Aug/2026:21:02:11 +0800] "GET /wp-content/themes/oceanwp/assets/js/scroll-effect.min.js HTTP/1.1" 200 4127 "https://www.fsjh.ilc.edu.tw/" "Mozilla/5.0 (Windows NT 10.0; Win64; x64) AppleWebKit/537.36 (KHTML, like Gecko) Chrome/151.0.0.0 Safari/537.36"
111.241.252.3 - - [26/Aug/2026:21:02:11 +0800] "GET /wp-content/themes/oceanwp/assets/js/vendors/flickity.pkgd.min.js HTTP/1.1" 200 15048 "https://www.fsjh.ilc.edu.tw/" "Mozilla/5.0 (Windows NT 10.0; Win64; x64) AppleWebKit/537.36 (KHTML, like Gecko) Chrome/151.0.0.0 Safari/537.36"
111.241.252.3 - - [26/Aug/2026:21:02:11 +0800] "GET /wp-content/themes/oceanwp/assets/js/select.min.js HTTP/1.1" 200 2408 "https://www.fsjh.ilc.edu.tw/" "Mozilla/5.0 (Windows NT 10.0; Win64; x64) AppleWebKit/537.36 (KHTML, like Gecko) Chrome/151.0.0.0 Safari/537.36"
111.241.252.3 - - [26/Aug/2026:21:02:11 +0800] "GET /wp-content/plugins/ocean-extra/includes/widgets/js/flickr.min.js HTTP/1.1" 200 1319 "https://www.fsjh.ilc.edu.tw/" "Mozilla/5.0 (Windows NT 10.0; Win64; x64) AppleWebKit/537.36 (KHTML, like Gecko) Chrome/151.0.0.0 Safari/537.36"
111.241.252.3 - - [26/Aug/2026:21:02:11 +0800] "GET /wp-content/plugins/elementor-pro/assets/js/webpack-pro.runtime.min.js HTTP/1.1" 200 3562 "https://www.fsjh.ilc.edu.tw/" "Mozilla/5.0 (Windows NT 10.0; Win64; x64) AppleWebKit/537.36 (KHTML, like Gecko) Chrome/151.0.0.0 Safari/537.36"
111.241.252.3 - - [26/Aug/2026:21:02:11 +0800] "GET /wp-includes/js/dist/hooks.min.js HTTP/1.1" 200 2421 "https://www.fsjh.ilc.edu.tw/" "Mozilla/5.0 (Windows NT 10.0; Win64; x64) AppleWebKit/537.36 (KHTML, like Gecko) Chrome/151.0.0.0 Safari/537.36"
111.241.252.3 - - [26/Aug/2026:21:02:11 +0800] "GET /wp-content/plugins/elementor/assets/js/frontend-modules.min.js HTTP/1.1" 200 19416 "https://www.fsjh.ilc.edu.tw/" "Mozilla/5.0 (Windows NT 10.0; Win64; x64) AppleWebKit/537.36 (KHTML, like Gecko) Chrome/151.0.0.0 Safari/537.36"
111.241.252.3 - - [26/Aug/2026:21:02:11 +0800] "GET /wp-includes/js/dist/i18n.min.js HTTP/1.1" 200 4547 "https://www.fsjh.ilc.edu.tw/" "Mozilla/5.0 (Windows NT 10.0; Win64; x64) AppleWebKit/537.36 (KHTML, like Gecko) Chrome/151.0.0.0 Safari/537.36"
111.241.252.3 - - [26/Aug/2026:21:02:11 +0800] "GET /wp-content/plugins/elementor/assets/js/webpack.runtime.min.js HTTP/1.1" 200 3095 "https://www.fsjh.ilc.edu.tw/" "Mozilla/5.0 (Windows NT 10.0; Win64; x64) AppleWebKit/537.36 (KHTML, like Gecko) Chrome/151.0.0.0 Safari/537.36"
111.241.252.3 - - [26/Aug/2026:21:02:11 +0800] "GET /wp-content/plugins/elementor-pro/assets/js/frontend.min.js HTTP/1.1" 200 7574 "https://www.fsjh.ilc.edu.tw/" "Mozilla/5.0 (Windows NT 10.0; Win64; x64) AppleWebKit/537.36 (KHTML, like Gecko) Chrome/151.0.0.0 Safari/537.36"
111.241.252.3 - - [26/Aug/2026:21:02:11 +0800] "GET /wp-content/plugins/elementor/assets/lib/waypoints/waypoints.min.js HTTP/1.1" 200 3873 "https://www.fsjh.ilc.edu.tw/" "Mozilla/5.0 (Windows NT 10.0; Win64; x64) AppleWebKit/537.36 (KHTML, like Gecko) Chrome/151.0.0.0 Safari/537.36"
111.241.252.3 - - [26/Aug/2026:21:02:11 +0800] "GET /wp-includes/js/jquery/ui/core.min.js HTTP/1.1" 200 7986 "https://www.fsjh.ilc.edu.tw/" "Mozilla/5.0 (Windows NT 10.0; Win64; x64) AppleWebKit/537.36 (KHTML, like Gecko) Chrome/151.0.0.0 Safari/537.36"
111.241.252.3 - - [26/Aug/2026:21:02:11 +0800] "GET /wp-content/plugins/elementor/assets/js/frontend.min.js HTTP/1.1" 200 13169 "https://www.fsjh.ilc.edu.tw/" "Mozilla/5.0 (Windows NT 10.0; Win64; x64) AppleWebKit/537.36 (KHTML, like Gecko) Chrome/151.0.0.0 Safari/537.36"
111.241.252.3 - - [26/Aug/2026:21:02:11 +0800] "GET /wp-content/plugins/elementor-pro/assets/js/elements-handlers.min.js HTTP/1.1" 200 10882 "https://www.fsjh.ilc.edu.tw/" "Mozilla/5.0 (Windows NT 10.0; Win64; x64) AppleWebKit/537.36 (KHTML, like Gecko) Chrome/151.0.0.0 Safari/537.36"
111.241.252.3 - - [26/Aug/2026:21:02:11 +0800] "GET /wp-content/plugins/wp-dtree-30/dtree-img/join.gif HTTP/1.1" 200 894 "https://www.fsjh.ilc.edu.tw/" "Mozilla/5.0 (Windows NT 10.0; Win64; x64) AppleWebKit/537.36 (KHTML, like Gecko) Chrome/151.0.0.0 Safari/537.36"
111.241.252.3 - - [26/Aug/2026:21:02:11 +0800] "GET /wp-content/plugins/wp-dtree-30/dtree-img/joinbottom.gif HTTP/1.1" 200 891 "https://www.fsjh.ilc.edu.tw/" "Mozilla/5.0 (Windows NT 10.0; Win64; x64) AppleWebKit/537.36 (KHTML, like Gecko) Chrome/151.0.0.0 Safari/537.36"
111.241.252.3 - - [26/Aug/2026:21:02:11 +0800] "GET /wp-content/uploads/sites/2666/2021/04/bg18.gif HTTP/1.1" 200 4792 "https://www.fsjh.ilc.edu.tw/" "Mozilla/5.0 (Windows NT 10.0; Win64; x64) AppleWebKit/537.36 (KHTML, like Gecko) Chrome/151.0.0.0 Safari/537.36"
111.241.252.3 - - [26/Aug/2026:21:02:11 +0800] "GET /wp-content/uploads/sites/2666/2021/04/BLOG_Banner.jpg HTTP/1.1" 200 103266 "https://www.fsjh.ilc.edu.tw/" "Mozilla/5.0 (Windows NT 10.0; Win64; x64) AppleWebKit/537.36 (KHTML, like Gecko) Chrome/151.0.0.0 Safari/537.36"
111.241.252.3 - - [26/Aug/2026:21:02:11 +0800] "GET /wp-content/themes/oceanwp/assets/fonts/fontawesome/webfonts/fa-regular-400.woff2 HTTP/1.1" 200 25383 "https://www.fsjh.ilc.edu.tw/wp-content/cache/www.fsjh.ilc.edu.tw/wpfc-minified/lm0klrml/6wah.css" "Mozilla/5.0 (Windows NT 10.0; Win64; x64) AppleWebKit/537.36 (KHTML, like Gecko) Chrome/151.0.0.0 Safari/537.36"
111.241.252.3 - - [26/Aug/2026:21:02:11 +0800] "GET /wp-content/uploads/sites/2666/2020/10/cropped-040628%E5%BE%A9%E8%88%88%E5%9C%8B%E4%B8%ADlogo-only-FSblue-3-32x32.gif HTTP/1.1" 200 1778 "https://www.fsjh.ilc.edu.tw/" "Mozilla/5.0 (Windows NT 10.0; Win64; x64) AppleWebKit/537.36 (KHTML, like Gecko) Chrome/151.0.0.0 Safari/537.36"
66.249.71.37 - - [26/Aug/2026:21:02:11 +0800] "POST /kses1113a/wp-json/ilc-summary/v1/popular-posts HTTP/1.1" 201 6055 "https://2blog.ilc.edu.tw/kses1113a/2023/06/06/112%E5%B9%B46%E6%9C%887%E6%97%A5%E8%81%AF%E7%B5%A1%E7%B0%BF/" "Mozilla/5.0 (Linux; Android 6.0.1; Nexus 5X Build/MMB29P) AppleWebKit/537.36 (KHTML, like Gecko) Chrome/151.0.7922.173 Mobile Safari/537.36 (compatible; Googlebot/2.1; +http://www.google.com/bot.html)"
2001:288:a201::66:125 - - [26/Aug/2026:21:02:13 +0800] "GET /blog/active.php HTTP/1.1" 301 1026 "-" "-"
66.249.79.163 - - [26/Aug/2026:21:02:13 +0800] "GET /41336/wp-content/cache/2blog.ilc.edu.tw/wpfc-minified/lozjdobe/5wsm9.js HTTP/1.1" 200 6422 "https://2blog.ilc.edu.tw/41336/%E9%81%A9%E6%87%89%E9%AB%94%E8%82%B2%E8%AA%B2%E5%BE%8C%E7%85%A7%E9%A1%A7107%E5%B9%B409%E6%9C%8814%E6%97%A5%E8%AA%B2%E5%BE%8C%E7%85%A7%E9%A1%A7%E7%8F%AD%E5%81%9A%E9%81%A9%E6%87%89%E9%AB%94%E8%82%B2/" "Mozilla/5.0 (Linux; Android 6.0.1; Nexus 5X Build/MMB29P) AppleWebKit/537.36 (KHTML, like Gecko) Chrome/151.0.7922.173 Mobile Safari/537.36 (compatible; Googlebot/2.1; +http://www.google.com/bot.html)"
2001:288:a201::66:125 - - [26/Aug/2026:21:02:13 +0800] "GET /blog/active.php HTTP/1.1" 404 1084 "-" "-"
185.191.171.7 - - [26/Aug/2026:21:02:13 +0800] "GET /5315/category/c-8840/c-8841/?paged=7 HTTP/1.1" 200 16299 "-" "Mozilla/5.0 (compatible; SemrushBot/7~bl; +http://www.semrush.com/bot.html)"
2401:e180:8d82:1848:5c2d:3699:3e37:78c3 - - [26/Aug/2026:21:02:13 +0800] "POST /wp-json/wp-statistics/v2/online HTTP/1.1" 200 1422 "https://www.npes.ilc.edu.tw/" "Mozilla/5.0 (Windows NT 10.0; Win64; x64) AppleWebKit/537.36 (KHTML, like Gecko) Chrome/151.0.0.0 Safari/537.36"
66.249.79.163 - - [26/Aug/2026:21:02:13 +0800] "POST /41336/wp-json/ilc-summary/v1/popular-posts HTTP/1.1" 201 1272 "https://2blog.ilc.edu.tw/41336/%E9%81%A9%E6%87%89%E9%AB%94%E8%82%B2%E8%AA%B2%E5%BE%8C%E7%85%A7%E9%A1%A7107%E5%B9%B409%E6%9C%8814%E6%97%A5%E8%AA%B2%E5%BE%8C%E7%85%A7%E9%A1%A7%E7%8F%AD%E5%81%9A%E9%81%A9%E6%87%89%E9%AB%94%E8%82%B2/" "Mozilla/5.0 (Linux; Android 6.0.1; Nexus 5X Build/MMB29P) AppleWebKit/537.36 (KHTML, like Gecko) Chrome/151.0.7922.173 Mobile Safari/537.36 (compatible; Googlebot/2.1; +http://www.google.com/bot.html)"
44.220.2.97 - - [26/Aug/2026:21:02:14 +0800] "GET /39664/wp-json/wp/v2/media/2775 HTTP/1.1" 200 9995 "-" "Mozilla/5.0 AppleWebKit/537.36 (KHTML, like Gecko; compatible; Amazonbot/0.1; +https://developer.amazon.com/support/amazonbot) Chrome/119.0.6045.214 Safari/537.36"
140.111.67.10 - - [26/Aug/2026:21:02:15 +0800] "GET /" 301 273 "-" "-"
34.171.68.95 - - [26/Aug/2026:21:02:15 +0800] "GET /6434/category/c-21362/page/4/ HTTP/1.1" 200 15553 "-" "Mozilla/5.0 (Macintosh; Intel Mac OS X 10_15_7) AppleWebKit/537.36 (KHTML, like Gecko) Chrome/120.0.0.0 Safari/537.36"
18.215.49.176 - - [26/Aug/2026:21:02:15 +0800] "GET /wp-content/uploads/sites/2827/6513/6513-2776489.jpg HTTP/1.1" 200 7918 "-" "Mozilla/5.0 AppleWebKit/537.36 (KHTML, like Gecko; compatible; Amazonbot/0.1; +https://developer.amazon.com/support/amazonbot) Chrome/119.0.6045.214 Safari/537.36"
49.51.245.14 - - [26/Aug/2026:21:02:15 +0800] "GET /ip HTTP/1.1" 404 50190 "-" "Mozilla/5.0 (Macintosh; Intel Mac OS X 10_15_7) AppleWebKit/537.36 (KHTML, like Gecko) Chrome/114.0.0.0 Safari/537.36"
2a03:4000:2b:c1a:844c:72ff:fe8a:8bf9 - - [26/Aug/2026:21:02:15 +0800] "GET / HTTP/1.1" 200 91670 "-" "Mozilla/5.0 (Windows NT 10.0; Win64; x64; rv:148.0) Gecko/20100101 Firefox/148.0"
43.173.110.51 - - [26/Aug/2026:21:02:15 +0800] "GET /ip HTTP/1.1" 404 55120 "-" "Mozilla/5.0 (Macintosh; Intel Mac OS X 10_15_7) AppleWebKit/537.36 (KHTML, like Gecko) Chrome/114.0.0.0 Safari/537.36"
23.226.210.209 - - [26/Aug/2026:21:02:14 +0800] "GET /wp-content/uploads/sites/1163/24/24-4190025.pdf HTTP/1.1" 200 1112442 "-" "Mozilla/5.0 (Macintosh; Intel Mac OS X 10_15_7) AppleWebKit/537.36 (KHTML, like Gecko) Chrome/142.0.0.0 Safari/537.36"
::1 - - [26/Aug/2026:21:02:17 +0800] "OPTIONS * HTTP/1.0" 200 110 "-" "Apache/2.4.68 (Ubuntu) OpenSSL/3.0.19 (internal dummy connection)"
2001:288:a201::66:125 - - [26/Aug/2026:21:02:18 +0800] "GET /blog/active.php HTTP/1.1" 301 1026 "-" "-"
2001:288:a201::66:125 - - [26/Aug/2026:21:02:18 +0800] "GET /blog/active.php HTTP/1.1" 404 1084 "-" "-"
::1 - - [26/Aug/2026:21:02:18 +0800] "OPTIONS * HTTP/1.0" 200 110 "-" "Apache/2.4.68 (Ubuntu) OpenSSL/3.0.19 (internal dummy connection)"
1.163.41.32 - - [26/Aug/2026:21:02:19 +0800] "GET /c80da876826bc13ae55a5892a87d5edb52e4b96e6d.flac HTTP/1.1" 404 25478 "-" "Mozilla/5.0 (Macintosh; Intel Mac OS X 10_15_7) AppleWebKit/537.36 (KHTML, like Gecko) Chrome/151.0.0.0 Safari/537.36"
98.84.70.201 - - [26/Aug/2026:21:02:19 +0800] "GET /wp-content/uploads/sites/2827/6513/6513-2776482.jpg HTTP/1.1" 200 10780 "-" "Mozilla/5.0 AppleWebKit/537.36 (KHTML, like Gecko; compatible; Amazonbot/0.1; +https://developer.amazon.com/support/amazonbot) Chrome/119.0.6045.214 Safari/537.36"
66.249.82.229 - - [26/Aug/2026:21:02:19 +0800] "GET /blog/gallery/868/previews/868-3248303.jpg HTTP/1.1" 301 1115 "-" "Mozilla/5.0 (Windows NT 5.1; rv:11.0) Gecko Firefox/11.0 (via ggpht.com GoogleImageProxy)"
66.249.82.169 - - [26/Aug/2026:21:02:19 +0800] "GET /blog/gallery/868/previews/868-3248303.jpg HTTP/1.1" 404 25463 "-" "Mozilla/5.0 (Windows NT 5.1; rv:11.0) Gecko Firefox/11.0 (via ggpht.com GoogleImageProxy)"
1.163.41.32 - - [26/Aug/2026:21:02:19 +0800] "GET /29796/2014/12/12/ HTTP/1.1" 200 24588 "https://2blog.ilc.edu.tw/c80da876826bc13ae55a5892a87d5edb52e4b96e6d.flac" "Mozilla/5.0 (Macintosh; Intel Mac OS X 10_15_7) AppleWebKit/537.36 (KHTML, like Gecko) Chrome/151.0.0.0 Safari/537.36"
140.111.67.10 - - [26/Aug/2026:21:02:20 +0800] "GET /" 301 273 "-" "-"
198.64.91.196 - - [26/Aug/2026:21:02:21 +0800] "GET /29796/wp-content/cache/2blog.ilc.edu.tw/wpfc-minified/8vh7eyq8/4ijvh.css HTTP/1.1" 200 45682 "https://2blog.ilc.edu.tw/29796/2014/12/12/" "Mozilla/5.0 (iPhone; CPU iPhone OS 18_5 like Mac OS X) AppleWebKit/605.1.15 (KHTML, like Gecko) CriOS/147.0.0.0 Mobile/15E148 Safari/604.1"
128.241.122.38 - - [26/Aug/2026:21:02:21 +0800] "GET /29796/wp-content/cache/2blog.ilc.edu.tw/wpfc-minified/llysnbw7/4ijvh.css HTTP/1.1" 200 20576 "https://2blog.ilc.edu.tw/29796/2014/12/12/" "Mozilla/5.0 (iPhone; CPU iPhone OS 18_5 like Mac OS X) AppleWebKit/605.1.15 (KHTML, like Gecko) CriOS/147.0.0.0 Mobile/15E148 Safari/604.1"
136.119.35.120 - - [26/Aug/2026:21:02:21 +0800] "GET /6428/wp-json/wp/v2/posts/5671 HTTP/1.1" 200 11460 "-" "Mozilla/5.0 (Macintosh; Intel Mac OS X 10_15_7) AppleWebKit/537.36 (KHTML, like Gecko) Chrome/120.0.0.0 Safari/537.36"
128.241.122.38 - - [26/Aug/2026:21:02:21 +0800] "GET /29796/wp-content/cache/2blog.ilc.edu.tw/wpfc-minified/dfg1jhd1/4ijvh.css HTTP/1.1" 200 1157 "https://2blog.ilc.edu.tw/29796/2014/12/12/" "Mozilla/5.0 (iPhone; CPU iPhone OS 18_5 like Mac OS X) AppleWebKit/605.1.15 (KHTML, like Gecko) CriOS/147.0.0.0 Mobile/15E148 Safari/604.1"
198.64.91.196 - - [26/Aug/2026:21:02:21 +0800] "GET /29796/wp-content/cache/2blog.ilc.edu.tw/wpfc-minified/dtprqa7u/4ijvh.css HTTP/1.1" 200 18318 "https://2blog.ilc.edu.tw/29796/2014/12/12/" "Mozilla/5.0 (iPhone; CPU iPhone OS 18_5 like Mac OS X) AppleWebKit/605.1.15 (KHTML, like Gecko) CriOS/147.0.0.0 Mobile/15E148 Safari/604.1"
128.241.122.38 - - [26/Aug/2026:21:02:21 +0800] "GET /29796/wp-content/cache/2blog.ilc.edu.tw/wpfc-minified/qkq7tdjt/4ijvh.js HTTP/1.1" 200 35567 "https://2blog.ilc.edu.tw/29796/2014/12/12/" "Mozilla/5.0 (iPhone; CPU iPhone OS 18_5 like Mac OS X) AppleWebKit/605.1.15 (KHTML, like Gecko) CriOS/147.0.0.0 Mobile/15E148 Safari/604.1"
198.64.91.196 - - [26/Aug/2026:21:02:21 +0800] "GET /29796/wp-content/themes/twentyseventeen/assets/images/header.jpg HTTP/1.1" 200 115992 "https://2blog.ilc.edu.tw/29796/2014/12/12/" "Mozilla/5.0 (iPhone; CPU iPhone OS 18_5 like Mac OS X) AppleWebKit/605.1.15 (KHTML, like Gecko) CriOS/147.0.0.0 Mobile/15E148 Safari/604.1"
128.241.122.38 - - [26/Aug/2026:21:02:21 +0800] "GET /29796/wp-content/uploads/sites/1653/29796/29796-3159828.png HTTP/1.1" 200 14256 "https://2blog.ilc.edu.tw/29796/2014/12/12/" "Mozilla/5.0 (iPhone; CPU iPhone OS 18_5 like Mac OS X) AppleWebKit/605.1.15 (KHTML, like Gecko) CriOS/147.0.0.0 Mobile/15E148 Safari/604.1"
128.241.122.38 - - [26/Aug/2026:21:02:21 +0800] "GET /29796/wp-includes/js/hoverintent-js.min.js HTTP/1.1" 200 1597 "https://2blog.ilc.edu.tw/29796/2014/12/12/" "Mozilla/5.0 (iPhone; CPU iPhone OS 18_5 like Mac OS X) AppleWebKit/605.1.15 (KHTML, like Gecko) CriOS/147.0.0.0 Mobile/15E148 Safari/604.1"
128.241.122.38 - - [26/Aug/2026:21:02:22 +0800] "GET /29796/wp-content/uploads/sites/1653/29796/29796-3159822.png HTTP/1.1" 200 10865 "https://2blog.ilc.edu.tw/29796/2014/12/12/" "Mozilla/5.0 (iPhone; CPU iPhone OS 18_5 like Mac OS X) AppleWebKit/605.1.15 (KHTML, like Gecko) CriOS/147.0.0.0 Mobile/15E148 Safari/604.1"
128.241.122.38 - - [26/Aug/2026:21:02:22 +0800] "GET /29796/wp-includes/js/admin-bar.min.js HTTP/1.1" 200 2237 "https://2blog.ilc.edu.tw/29796/2014/12/12/" "Mozilla/5.0 (iPhone; CPU iPhone OS 18_5 like Mac OS X) AppleWebKit/605.1.15 (KHTML, like Gecko) CriOS/147.0.0.0 Mobile/15E148 Safari/604.1"
128.241.122.38 - - [26/Aug/2026:21:02:22 +0800] "GET /29796/wp-content/themes/twentyseventeen/assets/js/skip-link-focus-fix.js HTTP/1.1" 200 1295 "https://2blog.ilc.edu.tw/29796/2014/12/12/" "Mozilla/5.0 (iPhone; CPU iPhone OS 18_5 like Mac OS X) AppleWebKit/605.1.15 (KHTML, like Gecko) CriOS/147.0.0.0 Mobile/15E148 Safari/604.1"
2001:288:a201::66:125 - - [26/Aug/2026:21:02:23 +0800] "GET /blog/active.php HTTP/1.1" 301 1026 "-" "-"
2001:288:a201::66:125 - - [26/Aug/2026:21:02:23 +0800] "GET /blog/active.php HTTP/1.1" 404 1084 "-" "-"
2001:b011:7803:3e13:6489:3865:c2ad:aa17 - - [26/Aug/2026:21:02:23 +0800] "GET / HTTP/1.1" 200 23353 "https://www.google.com/url?q=https://www.cges.ilc.edu.tw/&sa=U&sqi=2&ved=2ahUKEwjtqJKjrb6WAxUFk-EIHaX0IvQQFnoECB0QAQ&usg=AOvVaw0mZUuuyjet5BsqZWGCnjp_" "Mozilla/5.0 (iPad; CPU OS 26_6_0 like Mac OS X) AppleWebKit/605.1.15 (KHTML, like Gecko) GSA/434.2.961627397 Mobile/15E148 Safari/604.1"
54.92.171.106 - - [26/Aug/2026:21:02:23 +0800] "GET /wp-content/uploads/sites/1308/2022/12/?C=N;O%3DD HTTP/1.1" 200 1626 "-" "Mozilla/5.0 AppleWebKit/537.36 (KHTML, like Gecko; compatible; Amazonbot/0.1; +https://developer.amazon.com/support/amazonbot) Chrome/119.0.6045.214 Safari/537.36"
2001:b011:7803:3e13:6489:3865:c2ad:aa17 - - [26/Aug/2026:21:02:23 +0800] "GET /wp-includes/js/dist/i18n.min.js HTTP/1.1" 304 790 "https://www.cges.ilc.edu.tw/" "Mozilla/5.0 (iPad; CPU OS 26_6_0 like Mac OS X) AppleWebKit/605.1.15 (KHTML, like Gecko) GSA/434.2.961627397 Mobile/15E148 Safari/604.1"
2001:b011:7803:3e13:6489:3865:c2ad:aa17 - - [26/Aug/2026:21:02:23 +0800] "GET /wp-content/uploads/sites/1393/elementor/css/post-189.css HTTP/1.1" 304 5591 "https://www.cges.ilc.edu.tw/" "Mozilla/5.0 (iPad; CPU OS 26_6_0 like Mac OS X) AppleWebKit/605.1.15 (KHTML, like Gecko) GSA/434.2.961627397 Mobile/15E148 Safari/604.1"
20.245.53.194 - - [26/Aug/2026:21:02:23 +0800] "GET /6509/2015/10/15/ HTTP/1.1" 200 15612 "-" "Mozilla/5.0 (Macintosh; Intel Mac OS X 10_15_7) AppleWebKit/537.36 (KHTML, like Gecko) Chrome/133.0.0.0 Safari/537.36"
20.245.53.194 - - [26/Aug/2026:21:02:23 +0800] "GET /6509/2014/11/17/103-%E4%B8%80-1%E5%8A%A0%E5%BC%B7%E7%92%B0%E5%A2%83%E6%95%99%E8%82%B2%E4%B8%89%E5%B9%B4%E8%A8%88%E7%95%AB102-104/ HTTP/1.1" 200 19973 "-" "Mozilla/5.0 (Macintosh; Intel Mac OS X 10_15_7) AppleWebKit/537.36 (KHTML, like Gecko) Chrome/133.0.0.0 Safari/537.36"
2001:b011:7803:3e13:6489:3865:c2ad:aa17 - - [26/Aug/2026:21:02:23 +0800] "GET /wp-content/uploads/sites/1393/2019/11/%E8%BF%94%E6%A0%A1%E6%97%A5-1-1.jpg HTTP/1.1" 304 790 "https://www.cges.ilc.edu.tw/" "Mozilla/5.0 (iPad; CPU OS 26_6_0 like Mac OS X) AppleWebKit/605.1.15 (KHTML, like Gecko) GSA/434.2.961627397 Mobile/15E148 Safari/604.1"
2001:b011:7803:3e13:6489:3865:c2ad:aa17 - - [26/Aug/2026:21:02:23 +0800] "GET /wp-content/uploads/sites/1393/2019/11/%E8%BF%94%E6%A0%A1%E6%97%A5-2-1.jpg HTTP/1.1" 304 790 "https://www.cges.ilc.edu.tw/" "Mozilla/5.0 (iPad; CPU OS 26_6_0 like Mac OS X) AppleWebKit/605.1.15 (KHTML, like Gecko) GSA/434.2.961627397 Mobile/15E148 Safari/604.1"
2001:b011:7803:3e13:6489:3865:c2ad:aa17 - - [26/Aug/2026:21:02:23 +0800] "GET /wp-content/uploads/sites/1393/2019/11/%E8%BF%94%E6%A0%A1%E6%97%A5-5.jpg HTTP/1.1" 304 5591 "https://www.cges.ilc.edu.tw/" "Mozilla/5.0 (iPad; CPU OS 26_6_0 like Mac OS X) AppleWebKit/605.1.15 (KHTML, like Gecko) GSA/434.2.961627397 Mobile/15E148 Safari/604.1"
2001:b011:7803:3e13:6489:3865:c2ad:aa17 - - [26/Aug/2026:21:02:23 +0800] "GET /wp-content/uploads/sites/1393/2019/11/114%E6%88%90%E5%8A%9F%E5%9C%8B%E5%B0%8FMSSR_%E5%AE%A3%E5%82%B3%E5%9C%96%E5%8D%A1.jpg HTTP/1.1" 304 5591 "https://www.cges.ilc.edu.tw/" "Mozilla/5.0 (iPad; CPU OS 26_6_0 like Mac OS X) AppleWebKit/605.1.15 (KHTML, like Gecko) GSA/434.2.961627397 Mobile/15E148 Safari/604.1"
17.241.75.32 - - [26/Aug/2026:21:02:24 +0800] "GET /wp-includes/css/admin-bar.min.css HTTP/1.1" 200 9487 "https://www.nses.ilc.edu.tw/holiganbet/addassad/dsadsaads/maksibet/tritonia.se/ssidecisions.com/?paged=10" "Mozilla/5.0 (Macintosh; Intel Mac OS X 10_15_7) AppleWebKit/605.1.15 (KHTML, like Gecko) Version/17.4 Safari/605.1.15 (Applebot/0.1; +http://www.apple.com/go/applebot)"
49.159.180.113 - - [26/Aug/2026:21:02:24 +0800] "GET /apple-touch-icon-precomposed.png HTTP/1.1" 404 90807 "-" "com.apple.WebKit.Networking/20624.2.5.18.3 Network/4277.140.33.703.1 macOS/15.7.7"
49.159.180.113 - - [26/Aug/2026:21:02:24 +0800] "GET /favicon.ico HTTP/1.1" 302 5936 "-" "com.apple.WebKit.Networking/20624.2.5.18.3 Network/4277.140.33.703.1 macOS/15.7.7"
49.159.180.113 - - [26/Aug/2026:21:02:24 +0800] "GET /wp-content/uploads/sites/2666/2020/10/cropped-040628%E5%BE%A9%E8%88%88%E5%9C%8B%E4%B8%ADlogo-only-FSblue-3-32x32.gif HTTP/1.1" 200 1778 "-" "com.apple.WebKit.Networking/20624.2.5.18.3 Network/4277.140.33.703.1 macOS/15.7.7"
34.56.53.225 - - [26/Aug/2026:21:02:24 +0800] "GET /6426/?p=576 HTTP/1.1" 301 5737 "-" "Mozilla/5.0 (Macintosh; Intel Mac OS X 10_15_7) AppleWebKit/537.36 (KHTML, like Gecko) Chrome/120.0.0.0 Safari/537.36"
17.241.75.32 - - [26/Aug/2026:21:02:25 +0800] "GET /wp-content/themes/oceanwp/assets/css/style.min.css HTTP/1.1" 200 28200 "https://www.nses.ilc.edu.tw/holiganbet/addassad/dsadsaads/maksibet/tritonia.se/ssidecisions.com/?paged=10" "Mozilla/5.0 (Macintosh; Intel Mac OS X 10_15_7) AppleWebKit/605.1.15 (KHTML, like Gecko) Version/17.4 Safari/605.1.15 (Applebot/0.1; +http://www.apple.com/go/applebot)"
85.254.114.149 - - [26/Aug/2026:21:02:24 +0800] "GET /wp-content/uploads/sites/1163/24/24-4190025.pdf HTTP/1.1" 200 1112442 "-" "Mozilla/5.0 (Macintosh; Intel Mac OS X 10_15_7) AppleWebKit/605.1.15 (KHTML, like Gecko) Version/26.2 Safari/605.1.15"
84.37.231.162 - - [26/Aug/2026:21:02:24 +0800] "GET /wp-content/uploads/sites/1163/24/24-4190025.pdf HTTP/1.1" 200 1112442 "-" "Mozilla/5.0 (Macintosh; Intel Mac OS X 10_15_7) AppleWebKit/537.36 (KHTML, like Gecko) Chrome/142.0.0.0 Safari/537.36"
140.111.67.10 - - [26/Aug/2026:21:02:26 +0800] "GET /" 301 273 "-" "-"
49.159.180.113 - - [26/Aug/2026:21:02:25 +0800] "GET /apple-touch-icon.png HTTP/1.1" 404 90807 "-" "com.apple.WebKit.Networking/20624.2.5.18.3 Network/4277.140.33.703.1 macOS/15.7.7"
49.159.180.113 - - [26/Aug/2026:21:02:25 +0800] "GET / HTTP/1.1" 200 29885 "-" "Mozilla/5.0 (Macintosh; Intel Mac OS X 10_11_1) AppleWebKit/601.2.4 (KHTML, like Gecko) Version/9.0.1 Safari/601.2.4 facebookexternalhit/1.1 Facebot Twitterbot/1.0"
49.159.180.113 - - [26/Aug/2026:21:02:26 +0800] "GET /wp-content/uploads/sites/2666/2020/10/cropped-040628%E5%BE%A9%E8%88%88%E5%9C%8B%E4%B8%ADlogo-only-FSblue-3-32x32.gif HTTP/1.1" 200 1778 "-" "com.apple.WebKit.Networking/20624.2.5.18.3 Network/4277.140.33.703.1 macOS/15.7.7"
49.159.180.113 - - [26/Aug/2026:21:02:26 +0800] "GET /wp-content/uploads/sites/2666/2020/10/cropped-040628%E5%BE%A9%E8%88%88%E5%9C%8B%E4%B8%ADlogo-only-FSblue-3-192x192.gif HTTP/1.1" 200 9425 "-" "com.apple.WebKit.Networking/20624.2.5.18.3 Network/4277.140.33.703.1 macOS/15.7.7"
216.73.217.64 - - [26/Aug/2026:21:02:26 +0800] "GET /2226/archives/author/1124ying/page/20 HTTP/1.1" 200 16640 "-" "Mozilla/5.0 AppleWebKit/537.36 (KHTML, like Gecko; compatible; ClaudeBot/1.0; +claudebot@anthropic.com)"
17.241.75.32 - - [26/Aug/2026:21:02:26 +0800] "GET /wp-content/themes/oceanwp/assets/fonts/fontawesome/css/all.min.css HTTP/1.1" 200 23385 "https://www.nses.ilc.edu.tw/holiganbet/addassad/dsadsaads/maksibet/tritonia.se/ssidecisions.com/?paged=10" "Mozilla/5.0 (Macintosh; Intel Mac OS X 10_15_7) AppleWebKit/605.1.15 (KHTML, like Gecko) Version/17.4 Safari/605.1.15 (Applebot/0.1; +http://www.apple.com/go/applebot)"
49.159.180.113 - - [26/Aug/2026:21:02:26 +0800] "GET /wp-content/uploads/sites/2666/2020/10/cropped-040628%E5%BE%A9%E8%88%88%E5%9C%8B%E4%B8%ADlogo-only-FSblue-3-180x180.gif HTTP/1.1" 200 13357 "-" "com.apple.WebKit.Networking/20624.2.5.18.3 Network/4277.140.33.703.1 macOS/15.7.7"
216.73.217.64 - - [26/Aug/2026:21:02:26 +0800] "GET /4950/category/c-2960/c-19409/page/21/ HTTP/1.1" 200 12822 "-" "Mozilla/5.0 AppleWebKit/537.36 (KHTML, like Gecko; compatible; ClaudeBot/1.0; +claudebot@anthropic.com)"
216.73.217.64 - - [26/Aug/2026:21:02:27 +0800] "GET /robots.txt HTTP/1.1" 200 5546 "-" "Mozilla/5.0 AppleWebKit/537.36 (KHTML, like Gecko; compatible; ClaudeBot/1.0; +claudebot@anthropic.com)"
17.241.75.32 - - [26/Aug/2026:21:02:27 +0800] "GET /wp-includes/js/jquery/jquery.min.js HTTP/1.1" 200 31359 "https://www.nses.ilc.edu.tw/holiganbet/addassad/dsadsaads/maksibet/tritonia.se/ssidecisions.com/?paged=10" "Mozilla/5.0 (Macintosh; Intel Mac OS X 10_15_7) AppleWebKit/605.1.15 (KHTML, like Gecko) Version/17.4 Safari/605.1.15 (Applebot/0.1; +http://www.apple.com/go/applebot)"
2001:288:a201::66:125 - - [26/Aug/2026:21:02:28 +0800] "GET /blog/active.php HTTP/1.1" 404 1084 "-" "-"
2001:288:a201::66:125 - - [26/Aug/2026:21:02:28 +0800] "GET /blog/active.php HTTP/1.1" 301 1026 "-" "-"
216.73.217.64 - - [26/Aug/2026:21:02:27 +0800] "GET /modules/tad_faq/?fcsn=1&paged=4 HTTP/1.1" 200 23482 "-" "Mozilla/5.0 AppleWebKit/537.36 (KHTML, like Gecko; compatible; ClaudeBot/1.0; +claudebot@anthropic.com)"
34.10.180.98 - - [26/Aug/2026:21:02:28 +0800] "GET /32745/?p=47787 HTTP/1.1" 301 5602 "-" "Mozilla/5.0 (Macintosh; Intel Mac OS X 10_15_7) AppleWebKit/537.36 (KHTML, like Gecko) Chrome/120.0.0.0 Safari/537.36"
216.73.217.64 - - [26/Aug/2026:21:02:28 +0800] "GET /modules/tad_faq/?fcsn=1&paged=3 HTTP/1.1" 200 23325 "-" "Mozilla/5.0 AppleWebKit/537.36 (KHTML, like Gecko; compatible; ClaudeBot/1.0; +claudebot@anthropic.com)"
140.111.150.130 - - [26/Aug/2026:21:02:28 +0800] "-" 408 4802 "-" "-"
216.73.217.64 - - [26/Aug/2026:21:02:28 +0800] "GET /modules/tad_faq/?fcsn=1&paged=2 HTTP/1.1" 200 23653 "-" "Mozilla/5.0 AppleWebKit/537.36 (KHTML, like Gecko; compatible; ClaudeBot/1.0; +claudebot@anthropic.com)"
17.241.75.32 - - [26/Aug/2026:21:02:29 +0800] "GET /wp-includes/js/mediaelement/wp-mediaelement.min.css HTTP/1.1" 200 2029 "https://www.nses.ilc.edu.tw/holiganbet/addassad/dsadsaads/maksibet/tritonia.se/ssidecisions.com/?paged=10" "Mozilla/5.0 (Macintosh; Intel Mac OS X 10_15_7) AppleWebKit/605.1.15 (KHTML, like Gecko) Version/17.4 Safari/605.1.15 (Applebot/0.1; +http://www.apple.com/go/applebot)"
34.171.68.95 - - [26/Aug/2026:21:02:28 +0800] "GET /32745/2021/07/08/%E5%94%B1%E5%87%BA%E5%92%B1%E7%9A%84%E6%AD%8C/ HTTP/1.1" 200 92145 "-" "Mozilla/5.0 (Macintosh; Intel Mac OS X 10_15_7) AppleWebKit/537.36 (KHTML, like Gecko) Chrome/120.0.0.0 Safari/537.36"
::1 - - [26/Aug/2026:21:02:29 +0800] "OPTIONS * HTTP/1.0" 200 110 "-" "Apache/2.4.68 (Ubuntu) OpenSSL/3.0.19 (internal dummy connection)"
40.77.167.28 - - [26/Aug/2026:21:02:26 +0800] "GET /technology/2011/03/26/%E8%87%AA%E5%8B%95%E5%82%99%E4%BB%BD%E9%9B%BB%E8%85%A6%E8%B3%87%E6%96%99/ HTTP/1.1" 200 21857 "-" "Mozilla/5.0 AppleWebKit/537.36 (KHTML, like Gecko; compatible; bingbot/2.0; +http://www.bing.com/bingbot.htm) Chrome/116.0.1938.76 Safari/537.36"
85.208.96.195 - - [26/Aug/2026:21:02:26 +0800] "GET /technology/2017/09/14/2017%E5%B9%B409%E6%9C%8813%E6%97%A5-%E5%89%B5%E6%84%8F%E6%89%8B%E4%BD%9C%E6%A1%8C%E7%87%88%E8%A8%AD%E8%A8%88%E8%88%87%E8%A3%BD%E4%BD%9C/ HTTP/1.1" 200 21252 "-" "Mozilla/5.0 (compatible; SemrushBot/7~bl; +http://www.semrush.com/bot.html)"
140.111.67.10 - - [26/Aug/2026:21:02:30 +0800] "GET /" 301 273 "-" "-"
44.207.207.36 - - [26/Aug/2026:21:02:30 +0800] "GET /wp-content/uploads/sites/2194/6423/6423-2217190.jpg HTTP/1.1" 200 26147 "-" "Mozilla/5.0 AppleWebKit/537.36 (KHTML, like Gecko; compatible; Amazonbot/0.1; +https://developer.amazon.com/support/amazonbot) Chrome/119.0.6045.214 Safari/537.36"
111.241.206.99 - - [26/Aug/2026:21:02:30 +0800] "GET /2528/wp-content/uploads/sites/471/2024/04/8-1024x819.jpg HTTP/1.1" 200 199348 "https://2blog.ilc.edu.tw/2528/" "Mozilla/5.0 (Windows NT 10.0; Win64; x64) AppleWebKit/537.36 (KHTML, like Gecko) Chrome/151.0.0.0 Safari/537.36"
17.241.75.32 - - [26/Aug/2026:21:02:30 +0800] "GET /wp-content/themes/oceanwp/assets/js/drop-down-mobile-menu.min.js HTTP/1.1" 200 4663 "https://www.nses.ilc.edu.tw/holiganbet/addassad/dsadsaads/maksibet/tritonia.se/ssidecisions.com/?paged=10" "Mozilla/5.0 (Macintosh; Intel Mac OS X 10_15_7) AppleWebKit/605.1.15 (KHTML, like Gecko) Version/17.4 Safari/605.1.15 (Applebot/0.1; +http://www.apple.com/go/applebot)"
3.93.253.174 - - [26/Aug/2026:21:02:31 +0800] "GET /wp-content/uploads/sites/2827/6513/6513-2776454.jpg HTTP/1.1" 200 23625 "-" "Mozilla/5.0 AppleWebKit/537.36 (KHTML, like Gecko; compatible; Amazonbot/0.1; +https://developer.amazon.com/support/amazonbot) Chrome/119.0.6045.214 Safari/537.36"
::1 - - [26/Aug/2026:21:02:31 +0800] "OPTIONS * HTTP/1.0" 200 110 "-" "Apache/2.4.68 (Ubuntu) OpenSSL/3.0.19 (internal dummy connection)"
17.241.75.32 - - [26/Aug/2026:21:02:32 +0800] "GET /wp-content/themes/oceanwp/assets/js/drop-down-search.min.js HTTP/1.1" 200 2968 "https://www.nses.ilc.edu.tw/holiganbet/addassad/dsadsaads/maksibet/tritonia.se/ssidecisions.com/?paged=10" "Mozilla/5.0 (Macintosh; Intel Mac OS X 10_15_7) AppleWebKit/605.1.15 (KHTML, like Gecko) Version/17.4 Safari/605.1.15 (Applebot/0.1; +http://www.apple.com/go/applebot)"
::1 - - [26/Aug/2026:21:02:32 +0800] "OPTIONS * HTTP/1.0" 200 110 "-" "Apache/2.4.68 (Ubuntu) OpenSSL/3.0.19 (internal dummy connection)"
2001:288:a201::66:125 - - [26/Aug/2026:21:02:33 +0800] "GET /blog/active.php HTTP/1.1" 404 1084 "-" "-"
2001:288:a201::66:125 - - [26/Aug/2026:21:02:33 +0800] "GET /blog/active.php HTTP/1.1" 301 1026 "-" "-"
34.171.68.95 - - [26/Aug/2026:21:02:33 +0800] "GET /6423/2020/11/19/109-4-5-3%E5%A4%AA%E9%99%BD%E8%83%BD%E7%99%BC%E9%9B%BB%E6%9D%BF/ HTTP/1.1" 200 14014 "-" "Mozilla/5.0 (Macintosh; Intel Mac OS X 10_15_7) AppleWebKit/537.36 (KHTML, like Gecko) Chrome/120.0.0.0 Safari/537.36"
17.241.75.32 - - [26/Aug/2026:21:02:33 +0800] "GET /wp-content/themes/oceanwp/assets/js/vendors/magnific-popup.min.js HTTP/1.1" 200 8270 "https://www.nses.ilc.edu.tw/holiganbet/addassad/dsadsaads/maksibet/tritonia.se/ssidecisions.com/?paged=10" "Mozilla/5.0 (Macintosh; Intel Mac OS X 10_15_7) AppleWebKit/605.1.15 (KHTML, like Gecko) Version/17.4 Safari/605.1.15 (Applebot/0.1; +http://www.apple.com/go/applebot)"
54.225.199.17 - - [26/Aug/2026:21:02:34 +0800] "GET /amy6998/2024/10/14/113%E5%B9%B410%E6%9C%8814%E6%97%A5%E7%8E%89%E9%9C%9E%E9%98%BF%E5%A7%A8%E7%94%9F%E6%97%A5%E5%BF%AB%E6%A8%82/embed/ HTTP/1.1" 200 12675 "-" "Mozilla/5.0 AppleWebKit/537.36 (KHTML, like Gecko; compatible; Amazonbot/0.1; +https://developer.amazon.com/support/amazonbot) Chrome/119.0.6045.214 Safari/537.36"
::1 - - [26/Aug/2026:21:02:34 +0800] "OPTIONS * HTTP/1.0" 200 110 "-" "Apache/2.4.68 (Ubuntu) OpenSSL/3.0.19 (internal dummy connection)"
111.241.206.99 - - [26/Aug/2026:21:02:34 +0800] "GET /2528/wp-content/uploads/sites/471/2024/04/20221224_164610-1024x576.jpg HTTP/1.1" 200 63506 "https://2blog.ilc.edu.tw/2528/" "Mozilla/5.0 (Windows NT 10.0; Win64; x64) AppleWebKit/537.36 (KHTML, like Gecko) Chrome/151.0.0.0 Safari/537.36"
17.241.75.32 - - [26/Aug/2026:21:02:35 +0800] "GET /wp-content/themes/oceanwp/assets/js/ow-lightbox.min.js HTTP/1.1" 200 2321 "https://www.nses.ilc.edu.tw/holiganbet/addassad/dsadsaads/maksibet/tritonia.se/ssidecisions.com/?paged=10" "Mozilla/5.0 (Macintosh; Intel Mac OS X 10_15_7) AppleWebKit/605.1.15 (KHTML, like Gecko) Version/17.4 Safari/605.1.15 (Applebot/0.1; +http://www.apple.com/go/applebot)"
140.111.67.10 - - [26/Aug/2026:21:02:35 +0800] "GET /" 301 273 "-" "-"
::1 - - [26/Aug/2026:21:02:35 +0800] "OPTIONS * HTTP/1.0" 200 110 "-" "Apache/2.4.68 (Ubuntu) OpenSSL/3.0.19 (internal dummy connection)"
2001:b400:e289:b2ea:c136:d1bd:7b43:3052 - - [26/Aug/2026:21:02:36 +0800] "-" 408 4794 "-" "-"
111.241.206.99 - - [26/Aug/2026:21:02:36 +0800] "GET /2528/wp-content/uploads/sites/471/2024/04/20220604_181729-1024x576.jpg HTTP/1.1" 200 107441 "https://2blog.ilc.edu.tw/2528/" "Mozilla/5.0 (Windows NT 10.0; Win64; x64) AppleWebKit/537.36 (KHTML, like Gecko) Chrome/151.0.0.0 Safari/537.36"
35.169.119.108 - - [26/Aug/2026:21:02:35 +0800] "GET /wp-content/uploads/sites/2827/6513/6513-2776475.jpg HTTP/1.1" 200 16756 "-" "Mozilla/5.0 AppleWebKit/537.36 (KHTML, like Gecko; compatible; Amazonbot/0.1; +https://developer.amazon.com/support/amazonbot) Chrome/119.0.6045.214 Safari/537.36"
::1 - - [26/Aug/2026:21:02:36 +0800] "OPTIONS * HTTP/1.0" 200 110 "-" "Apache/2.4.68 (Ubuntu) OpenSSL/3.0.19 (internal dummy connection)"
17.241.75.32 - - [26/Aug/2026:21:02:36 +0800] "GET /wp-content/themes/oceanwp/assets/js/scroll-effect.min.js HTTP/1.1" 200 4127 "https://www.nses.ilc.edu.tw/holiganbet/addassad/dsadsaads/maksibet/tritonia.se/ssidecisions.com/?paged=10" "Mozilla/5.0 (Macintosh; Intel Mac OS X 10_15_7) AppleWebKit/605.1.15 (KHTML, like Gecko) Version/17.4 Safari/605.1.15 (Applebot/0.1; +http://www.apple.com/go/applebot)"
::1 - - [26/Aug/2026:21:02:37 +0800] "OPTIONS * HTTP/1.0" 200 110 "-" "Apache/2.4.68 (Ubuntu) OpenSSL/3.0.19 (internal dummy connection)"
216.73.217.64 - - [26/Aug/2026:21:02:37 +0800] "GET /modules/tad_faq/?fcsn=1 HTTP/1.1" 200 23298 "-" "Mozilla/5.0 AppleWebKit/537.36 (KHTML, like Gecko; compatible; ClaudeBot/1.0; +claudebot@anthropic.com)"
17.241.75.32 - - [26/Aug/2026:21:02:38 +0800] "GET /wp-includes/js/mediaelement/mediaelement-and-player.min.js HTTP/1.1" 200 39802 "https://www.nses.ilc.edu.tw/holiganbet/addassad/dsadsaads/maksibet/tritonia.se/ssidecisions.com/?paged=10" "Mozilla/5.0 (Macintosh; Intel Mac OS X 10_15_7) AppleWebKit/605.1.15 (KHTML, like Gecko) Version/17.4 Safari/605.1.15 (Applebot/0.1; +http://www.apple.com/go/applebot)"
2001:288:a201::66:125 - - [26/Aug/2026:21:02:38 +0800] "GET /blog/active.php HTTP/1.1" 301 1026 "-" "-"
2001:288:a201::66:125 - - [26/Aug/2026:21:02:38 +0800] "GET /blog/active.php HTTP/1.1" 404 1084 "-" "-"
185.191.171.7 - - [26/Aug/2026:21:02:38 +0800] "GET /35/2024/02/19/%E9%BE%8D%E5%B9%B4%E5%A4%A7%E5%90%89-%E4%BD%8E%E5%B9%B4%E7%B4%9A%E4%B9%9F%E5%8F%AF%E4%BB%A5%E8%BC%95%E9%AC%86%E4%B8%8A%E6%89%8B%E7%9A%84%E9%BE%8D%E5%B9%B4%E7%A5%9D%E7%A6%8F%E5%8D%A1%E3%80%81%E7%87%88/2024-02-19_092522/ HTTP/1.1" 200 15197 "-" "Mozilla/5.0 (compatible; SemrushBot/7~bl; +http://www.semrush.com/bot.html)"
44.215.210.112 - - [26/Aug/2026:21:02:38 +0800] "GET /32745/wp-json/oembed/1.0/embed?url=https://2blog.ilc.edu.tw/32745/2020/06/06/%25e5%25bd%258c%25e8%25a3%259c/ HTTP/1.1" 200 8427 "-" "Mozilla/5.0 AppleWebKit/537.36 (KHTML, like Gecko; compatible; Amazonbot/0.1; +https://developer.amazon.com/support/amazonbot) Chrome/119.0.6045.214 Safari/537.36"
34.57.162.91 - - [26/Aug/2026:21:02:39 +0800] "GET /32745/2023/02/18/%E5%85%A7%E8%A1%8C%E4%BA%BA/ HTTP/1.1" 200 91640 "-" "Mozilla/5.0 (Macintosh; Intel Mac OS X 10_15_7) AppleWebKit/537.36 (KHTML, like Gecko) Chrome/120.0.0.0 Safari/537.36"
17.241.75.32 - - [26/Aug/2026:21:02:39 +0800] "GET /wp-includes/js/mediaelement/renderers/vimeo.min.js HTTP/1.1" 200 3164 "https://www.nses.ilc.edu.tw/holiganbet/addassad/dsadsaads/maksibet/tritonia.se/ssidecisions.com/?paged=10" "Mozilla/5.0 (Macintosh; Intel Mac OS X 10_15_7) AppleWebKit/605.1.15 (KHTML, like Gecko) Version/17.4 Safari/605.1.15 (Applebot/0.1; +http://www.apple.com/go/applebot)"
216.73.217.64 - - [26/Aug/2026:21:02:39 +0800] "GET /modules/tad_faq/?fcsn=1&paged=32 HTTP/1.1" 200 28685 "-" "Mozilla/5.0 AppleWebKit/537.36 (KHTML, like Gecko; compatible; ClaudeBot/1.0; +claudebot@anthropic.com)"
3.89.170.186 - - [26/Aug/2026:21:02:39 +0800] "GET /wp-content/uploads/sites/2827/6513/6513-2776479.jpg HTTP/1.1" 200 22334 "-" "Mozilla/5.0 AppleWebKit/537.36 (KHTML, like Gecko; compatible; Amazonbot/0.1; +https://developer.amazon.com/support/amazonbot) Chrome/119.0.6045.214 Safari/537.36"
118.169.143.178 - - [26/Aug/2026:21:02:40 +0800] "GET /wp-content/uploads/sites/2550/2022/04/%E7%A9%BA%E6%B0%A3%E5%93%81%E8%B3%AA%E7%9B%A3%E6%B8%AC%E7%B6%B2-768x451.jpg HTTP/1.1" 200 46730 "https://www.mses.ilc.edu.tw/" "Mozilla/5.0 (Macintosh; Intel Mac OS X 10_15_7) AppleWebKit/537.36 (KHTML, like Gecko) Chrome/151.0.0.0 Safari/537.36"
140.111.67.10 - - [26/Aug/2026:21:02:40 +0800] "GET /" 301 273 "-" "-"
61.61.220.191 - - [26/Aug/2026:21:02:40 +0800] "GET / HTTP/1.1" 200 23067 "https://www.google.com/" "Mozilla/5.0 (Linux; Android 10; K) AppleWebKit/537.36 (KHTML, like Gecko) Chrome/151.0.0.0 Mobile Safari/537.36"
61.61.220.191 - - [26/Aug/2026:21:02:40 +0800] "GET /wp-content/uploads/sites/1252/elementor/css/post-277.css HTTP/1.1" 200 2926 "https://www.dsjh.ilc.edu.tw/" "Mozilla/5.0 (Linux; Android 10; K) AppleWebKit/537.36 (KHTML, like Gecko) Chrome/151.0.0.0 Mobile Safari/537.36"
216.73.217.64 - - [26/Aug/2026:21:02:40 +0800] "GET /4950/category/c-2960/c-19409/page/31/ HTTP/1.1" 200 17661 "-" "Mozilla/5.0 AppleWebKit/537.36 (KHTML, like Gecko; compatible; ClaudeBot/1.0; +claudebot@anthropic.com)"
61.61.220.191 - - [26/Aug/2026:21:02:41 +0800] "GET /wp-content/uploads/sites/1252/2026/07/Gemini_Generated_Image_vm19dpvm19dpvm19.png HTTP/1.1" 200 2360284 "https://www.dsjh.ilc.edu.tw/wp-content/uploads/sites/1252/elementor/css/post-277.css" "Mozilla/5.0 (Linux; Android 10; K) AppleWebKit/537.36 (KHTML, like Gecko) Chrome/151.0.0.0 Mobile Safari/537.36"
61.61.220.191 - - [26/Aug/2026:21:02:41 +0800] "GET /wp-content/uploads/sites/1252/2026/06/Gemini_Generated_Image_gxq90bgxq90bgxq9.png HTTP/1.1" 200 2352225 "https://www.dsjh.ilc.edu.tw/wp-content/uploads/sites/1252/elementor/css/post-277.css" "Mozilla/5.0 (Linux; Android 10; K) AppleWebKit/537.36 (KHTML, like Gecko) Chrome/151.0.0.0 Mobile Safari/537.36"
61.61.220.191 - - [26/Aug/2026:21:02:41 +0800] "GET /wp-content/uploads/sites/1252/2026/03/Gemini_Generated_Image_pu45opu45opu45op.png HTTP/1.1" 200 2391085 "https://www.dsjh.ilc.edu.tw/wp-content/uploads/sites/1252/elementor/css/post-277.css" "Mozilla/5.0 (Linux; Android 10; K) AppleWebKit/537.36 (KHTML, like Gecko) Chrome/151.0.0.0 Mobile Safari/537.36"
216.73.217.64 - - [26/Aug/2026:21:02:41 +0800] "GET /4950/category/c-2960/c-19409/page/30/ HTTP/1.1" 200 12602 "-" "Mozilla/5.0 AppleWebKit/537.36 (KHTML, like Gecko; compatible; ClaudeBot/1.0; +claudebot@anthropic.com)"
216.73.217.64 - - [26/Aug/2026:21:02:41 +0800] "GET /4950/category/c-2960/c-19409/page/22/ HTTP/1.1" 200 12873 "-" "Mozilla/5.0 AppleWebKit/537.36 (KHTML, like Gecko; compatible; ClaudeBot/1.0; +claudebot@anthropic.com)"
