111.71.85.51 - - [26/Aug/2026:21:00:41 +0800] "GET /wp-content/plugins/elementor/assets/js/lightbox.94b920846d1e37cafb78.bundle.min.js HTTP/1.1" 200 10857 "https://www.gjes.ilc.edu.tw/" "Mozilla/5.0 (iPhone; CPU iPhone OS 18_7 like Mac OS X) AppleWebKit/605.1.15 (KHTML, like Gecko) Version/26.5.2 Mobile/15E148 Safari/604.1"
111.71.85.51 - - [26/Aug/2026:21:00:41 +0800] "GET /wp-content/plugins/elementor-pro/assets/js/media-carousel.aca2224ef13e6f999011.bundle.min.js HTTP/1.1" 200 2948 "https://www.gjes.ilc.edu.tw/" "Mozilla/5.0 (iPhone; CPU iPhone OS 18_7 like Mac OS X) AppleWebKit/605.1.15 (KHTML, like Gecko) Version/26.5.2 Mobile/15E148 Safari/604.1"
111.71.85.51 - - [26/Aug/2026:21:00:41 +0800] "GET /wp-content/plugins/elementor/assets/lib/swiper/v8/swiper.min.js?ver=8.4.5 HTTP/1.1" 200 40708 "https://www.gjes.ilc.edu.tw/" "Mozilla/5.0 (iPhone; CPU iPhone OS 18_7 like Mac OS X) AppleWebKit/605.1.15 (KHTML, like Gecko) Version/26.5.2 Mobile/15E148 Safari/604.1"
140.111.67.10 - - [26/Aug/2026:21:00:41 +0800] "GET /" 301 273 "-" "-"
111.241.206.99 - - [26/Aug/2026:21:00:41 +0800] "GET /2528/wp-content/uploads/sites/471/2024/06/ww.jpg HTTP/1.1" 200 986227 "https://2blog.ilc.edu.tw/2528/" "Mozilla/5.0 (Windows NT 10.0; Win64; x64) AppleWebKit/537.36 (KHTML, like Gecko) Chrome/151.0.0.0 Safari/537.36"
111.71.85.51 - - [26/Aug/2026:21:00:41 +0800] "GET /wp-content/uploads/sites/1664/2020/05/cab4cfd4235f4a175ca95306d026a641b_30869113_200523_0019_0.jpg HTTP/1.1" 200 196907 "https://www.gjes.ilc.edu.tw/" "Mozilla/5.0 (iPhone; CPU iPhone OS 18_7 like Mac OS X) AppleWebKit/605.1.15 (KHTML, like Gecko) Version/26.5.2 Mobile/15E148 Safari/604.1"
111.71.85.51 - - [26/Aug/2026:21:00:41 +0800] "GET /wp-content/uploads/sites/1664/2020/04/108.12.25%E8%80%B6%E8%AA%95%E6%B4%BB%E5%8B%95_200102_0032.jpg HTTP/1.1" 200 284007 "https://www.gjes.ilc.edu.tw/" "Mozilla/5.0 (iPhone; CPU iPhone OS 18_7 like Mac OS X) AppleWebKit/605.1.15 (KHTML, like Gecko) Version/26.5.2 Mobile/15E148 Safari/604.1"
111.71.85.51 - - [26/Aug/2026:21:00:41 +0800] "GET /wp-content/uploads/sites/1664/2020/06/S__9109628.jpg HTTP/1.1" 200 549634 "https://www.gjes.ilc.edu.tw/" "Mozilla/5.0 (iPhone; CPU iPhone OS 18_7 like Mac OS X) AppleWebKit/605.1.15 (KHTML, like Gecko) Version/26.5.2 Mobile/15E148 Safari/604.1"
111.71.85.51 - - [26/Aug/2026:21:00:41 +0800] "GET /wp-content/uploads/sites/1664/2020/09/Image-3.jpg HTTP/1.1" 200 959270 "https://www.gjes.ilc.edu.tw/" "Mozilla/5.0 (iPhone; CPU iPhone OS 18_7 like Mac OS X) AppleWebKit/605.1.15 (KHTML, like Gecko) Version/26.5.2 Mobile/15E148 Safari/604.1"
111.71.85.51 - - [26/Aug/2026:21:00:41 +0800] "GET /wp-content/uploads/sites/1664/2020/06/S__11362402.jpg HTTP/1.1" 200 103660 "https://www.gjes.ilc.edu.tw/" "Mozilla/5.0 (iPhone; CPU iPhone OS 18_7 like Mac OS X) AppleWebKit/605.1.15 (KHTML, like Gecko) Version/26.5.2 Mobile/15E148 Safari/604.1"
111.71.85.51 - - [26/Aug/2026:21:00:41 +0800] "POST /wp-json/wp-statistics/v2/hit HTTP/1.1" 200 1212 "https://www.gjes.ilc.edu.tw/" "Mozilla/5.0 (iPhone; CPU iPhone OS 18_7 like Mac OS X) AppleWebKit/605.1.15 (KHTML, like Gecko) Version/26.5.2 Mobile/15E148 Safari/604.1"
111.71.85.51 - - [26/Aug/2026:21:00:41 +0800] "GET /wp-content/uploads/sites/1664/2020/09/Image-4.jpg HTTP/1.1" 200 1167373 "https://www.gjes.ilc.edu.tw/" "Mozilla/5.0 (iPhone; CPU iPhone OS 18_7 like Mac OS X) AppleWebKit/605.1.15 (KHTML, like Gecko) Version/26.5.2 Mobile/15E148 Safari/604.1"
111.71.85.51 - - [26/Aug/2026:21:00:41 +0800] "GET /wp-content/uploads/sites/1664/2020/09/Image-5.jpg HTTP/1.1" 200 698287 "https://www.gjes.ilc.edu.tw/" "Mozilla/5.0 (iPhone; CPU iPhone OS 18_7 like Mac OS X) AppleWebKit/605.1.15 (KHTML, like Gecko) Version/26.5.2 Mobile/15E148 Safari/604.1"
111.71.85.51 - - [26/Aug/2026:21:00:41 +0800] "GET /wp-content/uploads/sites/1664/2020/09/Image-6.jpg HTTP/1.1" 200 867258 "https://www.gjes.ilc.edu.tw/" "Mozilla/5.0 (iPhone; CPU iPhone OS 18_7 like Mac OS X) AppleWebKit/605.1.15 (KHTML, like Gecko) Version/26.5.2 Mobile/15E148 Safari/604.1"
111.71.85.51 - - [26/Aug/2026:21:00:41 +0800] "GET /wp-content/uploads/sites/1664/2020/09/Image-8.jpg HTTP/1.1" 200 905988 "https://www.gjes.ilc.edu.tw/" "Mozilla/5.0 (iPhone; CPU iPhone OS 18_7 like Mac OS X) AppleWebKit/605.1.15 (KHTML, like Gecko) Version/26.5.2 Mobile/15E148 Safari/604.1"
108.167.161.148 - - [26/Aug/2026:21:00:41 +0800] "GET /wp-json/wc/v3/customers/?per_page=100&_fields=username,email HTTP/1.1" 200 14950 "-" "Mozilla/5.0 (Windows NT 10.0; Win64; x64) AppleWebKit/537.36 (KHTML, like Gecko) Chrome/151.0.0.0 Safari/537.36, Mozilla/5.0 (Macintosh; Intel Mac OS X 10_15_7) AppleWebKit/537.36 (KHTML, like Gecko) Chrome/151.0.0.0 Safari/537.36"
111.71.85.51 - - [26/Aug/2026:21:00:41 +0800] "GET /wp-content/uploads/sites/1664/2020/09/Image-7.jpg HTTP/1.1" 200 817886 "https://www.gjes.ilc.edu.tw/" "Mozilla/5.0 (iPhone; CPU iPhone OS 18_7 like Mac OS X) AppleWebKit/605.1.15 (KHTML, like Gecko) Version/26.5.2 Mobile/15E148 Safari/604.1"
185.191.171.11 - - [26/Aug/2026:21:00:41 +0800] "GET /amy6998/2025/02/19/114%E5%B9%B42%E6%9C%887%E7%9D%A3%E5%AD%B8%E8%A6%96%E5%AF%9F%EF%BC%88%E9%96%8B%E5%AD%B8%E5%89%8D%E6%95%B4%E5%82%99%EF%BC%89/ HTTP/1.1" 200 18148 "-" "Mozilla/5.0 (compatible; SemrushBot/7~bl; +http://www.semrush.com/bot.html)"
2407:4b00:1c0f:89d8:b0d5:de82:3770:72a4 - - [26/Aug/2026:21:00:42 +0800] "-" 408 4794 "-" "-"
111.241.206.99 - - [26/Aug/2026:21:00:42 +0800] "GET /2528/wp-content/uploads/sites/471/2024/06/ee.jpg HTTP/1.1" 200 1165274 "https://2blog.ilc.edu.tw/2528/" "Mozilla/5.0 (Windows NT 10.0; Win64; x64) AppleWebKit/537.36 (KHTML, like Gecko) Chrome/151.0.0.0 Safari/537.36"
111.241.206.99 - - [26/Aug/2026:21:00:42 +0800] "GET /2528/wp-content/uploads/sites/471/2024/06/20240613_113240-EFFECTS_%E5%89%AF%E6%9C%AC_%E5%89%AF%E6%9C%AC.jpg HTTP/1.1" 200 680579 "https://2blog.ilc.edu.tw/2528/" "Mozilla/5.0 (Windows NT 10.0; Win64; x64) AppleWebKit/537.36 (KHTML, like Gecko) Chrome/151.0.0.0 Safari/537.36"
216.73.217.64 - - [26/Aug/2026:21:00:42 +0800] "GET /4950/page/74/ HTTP/1.1" 200 40434 "-" "Mozilla/5.0 AppleWebKit/537.36 (KHTML, like Gecko; compatible; ClaudeBot/1.0; +claudebot@anthropic.com)"
2407:4b00:4c06:89a0:c858:3a68:809d:17d4 - - [26/Aug/2026:21:00:42 +0800] "GET / HTTP/1.1" 200 30637 "https://www.google.com/" "Mozilla/5.0 (iPhone; CPU iPhone OS 26_6_0 like Mac OS X) AppleWebKit/605.1.15 (KHTML, like Gecko) GSA/435.4.965413651 Mobile/15E148 Safari/604.1"
2407:4b00:4c06:89a0:c858:3a68:809d:17d4 - - [26/Aug/2026:21:00:42 +0800] "GET /wp-content/cache/www.pces.ilc.edu.tw/wpfc-minified/8m0o15xc/6vo4.css HTTP/1.1" 200 45695 "https://www.pces.ilc.edu.tw/" "Mozilla/5.0 (iPhone; CPU iPhone OS 26_6_0 like Mac OS X) AppleWebKit/605.1.15 (KHTML, like Gecko) GSA/435.4.965413651 Mobile/15E148 Safari/604.1"
2407:4b00:4c06:89a0:c858:3a68:809d:17d4 - - [26/Aug/2026:21:00:42 +0800] "GET /wp-content/cache/www.pces.ilc.edu.tw/wpfc-minified/2qbg3bbr/6vo4.css HTTP/1.1" 200 25131 "https://www.pces.ilc.edu.tw/" "Mozilla/5.0 (iPhone; CPU iPhone OS 26_6_0 like Mac OS X) AppleWebKit/605.1.15 (KHTML, like Gecko) GSA/435.4.965413651 Mobile/15E148 Safari/604.1"
216.73.217.64 - - [26/Aug/2026:21:00:42 +0800] "GET /9536/wp-json/wp/v2/posts/54551 HTTP/1.1" 200 11912 "-" "Mozilla/5.0 AppleWebKit/537.36 (KHTML, like Gecko; compatible; ClaudeBot/1.0; +claudebot@anthropic.com)"
3.90.73.206 - - [26/Aug/2026:21:00:42 +0800] "GET /home110/2021/08/31/%E8%AA%8D%E8%AD%98klesan%E6%94%80%E7%88%AC%E7%BF%BB%E8%B6%8A%E7%9A%84%E6%B3%B0%E9%9B%85%E4%BA%BA_%E6%BC%AA%E8%B8%A0%EF%BD%A5%E7%AC%86%E5%B0%9A%E8%80%86%E8%80%81%E8%AA%AA%E6%95%85%E4%BA%8B/img_20210831_141301-2/embed/ HTTP/1.1" 200 12638 "-" "Mozilla/5.0 AppleWebKit/537.36 (KHTML, like Gecko; compatible; Amazonbot/0.1; +https://developer.amazon.com/support/amazonbot) Chrome/119.0.6045.214 Safari/537.36"
2407:4b00:4c06:89a0:c858:3a68:809d:17d4 - - [26/Aug/2026:21:00:42 +0800] "GET /wp-content/cache/www.pces.ilc.edu.tw/wpfc-minified/max6ug5s/6vo4.css HTTP/1.1" 200 47303 "https://www.pces.ilc.edu.tw/" "Mozilla/5.0 (iPhone; CPU iPhone OS 26_6_0 like Mac OS X) AppleWebKit/605.1.15 (KHTML, like Gecko) GSA/435.4.965413651 Mobile/15E148 Safari/604.1"
2407:4b00:4c06:89a0:c858:3a68:809d:17d4 - - [26/Aug/2026:21:00:42 +0800] "GET /wp-includes/js/imagesloaded.min.js HTTP/1.1" 200 2683 "https://www.pces.ilc.edu.tw/" "Mozilla/5.0 (iPhone; CPU iPhone OS 26_6_0 like Mac OS X) AppleWebKit/605.1.15 (KHTML, like Gecko) GSA/435.4.965413651 Mobile/15E148 Safari/604.1"
2407:4b00:4c06:89a0:c858:3a68:809d:17d4 - - [26/Aug/2026:21:00:42 +0800] "GET /wp-content/cache/www.pces.ilc.edu.tw/wpfc-minified/8vg91md5/6vo4.css HTTP/1.1" 200 20582 "https://www.pces.ilc.edu.tw/" "Mozilla/5.0 (iPhone; CPU iPhone OS 26_6_0 like Mac OS X) AppleWebKit/605.1.15 (KHTML, like Gecko) GSA/435.4.965413651 Mobile/15E148 Safari/604.1"
2407:4b00:4c06:89a0:c858:3a68:809d:17d4 - - [26/Aug/2026:21:00:42 +0800] "GET /wp-content/themes/oceanwp/assets/js/theme.min.js HTTP/1.1" 200 5130 "https://www.pces.ilc.edu.tw/" "Mozilla/5.0 (iPhone; CPU iPhone OS 26_6_0 like Mac OS X) AppleWebKit/605.1.15 (KHTML, like Gecko) GSA/435.4.965413651 Mobile/15E148 Safari/604.1"
111.241.206.99 - - [26/Aug/2026:21:00:42 +0800] "GET /2528/wp-content/uploads/sites/471/2024/06/20240613_113240-EFFECTS_%E5%89%AF%E6%9C%AC_%E5%89%AF%E6%9C%AC_%E5%89%AF%E6%9C%AC.jpg HTTP/1.1" 200 547393 "https://2blog.ilc.edu.tw/2528/" "Mozilla/5.0 (Windows NT 10.0; Win64; x64) AppleWebKit/537.36 (KHTML, like Gecko) Chrome/151.0.0.0 Safari/537.36"
2407:4b00:4c06:89a0:c858:3a68:809d:17d4 - - [26/Aug/2026:21:00:42 +0800] "GET /wp-content/themes/oceanwp/assets/js/drop-down-mobile-menu.min.js HTTP/1.1" 200 4663 "https://www.pces.ilc.edu.tw/" "Mozilla/5.0 (iPhone; CPU iPhone OS 26_6_0 like Mac OS X) AppleWebKit/605.1.15 (KHTML, like Gecko) GSA/435.4.965413651 Mobile/15E148 Safari/604.1"
2407:4b00:4c06:89a0:c858:3a68:809d:17d4 - - [26/Aug/2026:21:00:43 +0800] "GET /wp-content/themes/oceanwp/assets/js/drop-down-search.min.js HTTP/1.1" 200 2968 "https://www.pces.ilc.edu.tw/" "Mozilla/5.0 (iPhone; CPU iPhone OS 26_6_0 like Mac OS X) AppleWebKit/605.1.15 (KHTML, like Gecko) GSA/435.4.965413651 Mobile/15E148 Safari/604.1"
111.71.85.51 - - [26/Aug/2026:21:00:43 +0800] "GET /wp-content/uploads/sites/1664/2020/09/Image-9.jpg HTTP/1.1" 200 869327 "https://www.gjes.ilc.edu.tw/" "Mozilla/5.0 (iPhone; CPU iPhone OS 18_7 like Mac OS X) AppleWebKit/605.1.15 (KHTML, like Gecko) Version/26.5.2 Mobile/15E148 Safari/604.1"
2407:4b00:4c06:89a0:c858:3a68:809d:17d4 - - [26/Aug/2026:21:00:43 +0800] "GET /wp-content/themes/oceanwp/assets/js/vendors/magnific-popup.min.js HTTP/1.1" 200 8270 "https://www.pces.ilc.edu.tw/" "Mozilla/5.0 (iPhone; CPU iPhone OS 26_6_0 like Mac OS X) AppleWebKit/605.1.15 (KHTML, like Gecko) GSA/435.4.965413651 Mobile/15E148 Safari/604.1"
2407:4b00:4c06:89a0:c858:3a68:809d:17d4 - - [26/Aug/2026:21:00:43 +0800] "GET /wp-content/themes/oceanwp/assets/js/ow-lightbox.min.js HTTP/1.1" 200 2321 "https://www.pces.ilc.edu.tw/" "Mozilla/5.0 (iPhone; CPU iPhone OS 26_6_0 like Mac OS X) AppleWebKit/605.1.15 (KHTML, like Gecko) GSA/435.4.965413651 Mobile/15E148 Safari/604.1"
111.241.206.99 - - [26/Aug/2026:21:00:43 +0800] "GET /2528/wp-content/uploads/sites/471/2024/06/fff.jpg HTTP/1.1" 200 850101 "https://2blog.ilc.edu.tw/2528/" "Mozilla/5.0 (Windows NT 10.0; Win64; x64) AppleWebKit/537.36 (KHTML, like Gecko) Chrome/151.0.0.0 Safari/537.36"
2407:4b00:4c06:89a0:c858:3a68:809d:17d4 - - [26/Aug/2026:21:00:43 +0800] "GET /wp-content/themes/oceanwp/assets/js/vendors/flickity.pkgd.min.js HTTP/1.1" 200 15048 "https://www.pces.ilc.edu.tw/" "Mozilla/5.0 (iPhone; CPU iPhone OS 26_6_0 like Mac OS X) AppleWebKit/605.1.15 (KHTML, like Gecko) GSA/435.4.965413651 Mobile/15E148 Safari/604.1"
2407:4b00:4c06:89a0:c858:3a68:809d:17d4 - - [26/Aug/2026:21:00:43 +0800] "GET /wp-content/cache/www.pces.ilc.edu.tw/wpfc-minified/2yp3jown/6vo4.css HTTP/1.1" 200 5962 "https://www.pces.ilc.edu.tw/" "Mozilla/5.0 (iPhone; CPU iPhone OS 26_6_0 like Mac OS X) AppleWebKit/605.1.15 (KHTML, like Gecko) GSA/435.4.965413651 Mobile/15E148 Safari/604.1"
2407:4b00:4c06:89a0:c858:3a68:809d:17d4 - - [26/Aug/2026:21:00:43 +0800] "GET /wp-content/themes/oceanwp/assets/js/ow-slider.min.js HTTP/1.1" 200 1761 "https://www.pces.ilc.edu.tw/" "Mozilla/5.0 (iPhone; CPU iPhone OS 26_6_0 like Mac OS X) AppleWebKit/605.1.15 (KHTML, like Gecko) GSA/435.4.965413651 Mobile/15E148 Safari/604.1"
2407:4b00:4c06:89a0:c858:3a68:809d:17d4 - - [26/Aug/2026:21:00:43 +0800] "GET /wp-content/themes/oceanwp/assets/js/scroll-effect.min.js HTTP/1.1" 200 4127 "https://www.pces.ilc.edu.tw/" "Mozilla/5.0 (iPhone; CPU iPhone OS 26_6_0 like Mac OS X) AppleWebKit/605.1.15 (KHTML, like Gecko) GSA/435.4.965413651 Mobile/15E148 Safari/604.1"
2407:4b00:4c06:89a0:c858:3a68:809d:17d4 - - [26/Aug/2026:21:00:43 +0800] "GET /wp-content/themes/oceanwp/assets/js/scroll-top.min.js HTTP/1.1" 200 3202 "https://www.pces.ilc.edu.tw/" "Mozilla/5.0 (iPhone; CPU iPhone OS 26_6_0 like Mac OS X) AppleWebKit/605.1.15 (KHTML, like Gecko) GSA/435.4.965413651 Mobile/15E148 Safari/604.1"
2407:4b00:4c06:89a0:c858:3a68:809d:17d4 - - [26/Aug/2026:21:00:43 +0800] "GET /wp-content/themes/oceanwp/assets/js/select.min.js HTTP/1.1" 200 2408 "https://www.pces.ilc.edu.tw/" "Mozilla/5.0 (iPhone; CPU iPhone OS 26_6_0 like Mac OS X) AppleWebKit/605.1.15 (KHTML, like Gecko) GSA/435.4.965413651 Mobile/15E148 Safari/604.1"
2407:4b00:4c06:89a0:c858:3a68:809d:17d4 - - [26/Aug/2026:21:00:43 +0800] "GET /wp-content/plugins/elementor-pro/assets/js/webpack-pro.runtime.min.js HTTP/1.1" 200 3562 "https://www.pces.ilc.edu.tw/" "Mozilla/5.0 (iPhone; CPU iPhone OS 26_6_0 like Mac OS X) AppleWebKit/605.1.15 (KHTML, like Gecko) GSA/435.4.965413651 Mobile/15E148 Safari/604.1"
2407:4b00:4c06:89a0:c858:3a68:809d:17d4 - - [26/Aug/2026:21:00:43 +0800] "GET /wp-content/plugins/elementor/assets/js/webpack.runtime.min.js HTTP/1.1" 200 3095 "https://www.pces.ilc.edu.tw/" "Mozilla/5.0 (iPhone; CPU iPhone OS 26_6_0 like Mac OS X) AppleWebKit/605.1.15 (KHTML, like Gecko) GSA/435.4.965413651 Mobile/15E148 Safari/604.1"
111.241.206.99 - - [26/Aug/2026:21:00:43 +0800] "GET /2528/wp-content/uploads/sites/471/2024/06/NeoImage_%E5%89%AF%E6%9C%AC.jpg HTTP/1.1" 200 680408 "https://2blog.ilc.edu.tw/2528/" "Mozilla/5.0 (Windows NT 10.0; Win64; x64) AppleWebKit/537.36 (KHTML, like Gecko) Chrome/151.0.0.0 Safari/537.36"
2407:4b00:4c06:89a0:c858:3a68:809d:17d4 - - [26/Aug/2026:21:00:43 +0800] "GET /wp-content/plugins/elementor/assets/js/frontend-modules.min.js HTTP/1.1" 200 19416 "https://www.pces.ilc.edu.tw/" "Mozilla/5.0 (iPhone; CPU iPhone OS 26_6_0 like Mac OS X) AppleWebKit/605.1.15 (KHTML, like Gecko) GSA/435.4.965413651 Mobile/15E148 Safari/604.1"
2407:4b00:4c06:89a0:c858:3a68:809d:17d4 - - [26/Aug/2026:21:00:43 +0800] "GET /wp-includes/js/dist/i18n.min.js HTTP/1.1" 200 4547 "https://www.pces.ilc.edu.tw/" "Mozilla/5.0 (iPhone; CPU iPhone OS 26_6_0 like Mac OS X) AppleWebKit/605.1.15 (KHTML, like Gecko) GSA/435.4.965413651 Mobile/15E148 Safari/604.1"
2407:4b00:4c06:89a0:c858:3a68:809d:17d4 - - [26/Aug/2026:21:00:43 +0800] "GET /wp-content/plugins/elementor/assets/lib/waypoints/waypoints.min.js HTTP/1.1" 200 3873 "https://www.pces.ilc.edu.tw/" "Mozilla/5.0 (iPhone; CPU iPhone OS 26_6_0 like Mac OS X) AppleWebKit/605.1.15 (KHTML, like Gecko) GSA/435.4.965413651 Mobile/15E148 Safari/604.1"
2407:4b00:4c06:89a0:c858:3a68:809d:17d4 - - [26/Aug/2026:21:00:43 +0800] "GET /wp-content/plugins/elementor-pro/assets/js/frontend.min.js HTTP/1.1" 200 7574 "https://www.pces.ilc.edu.tw/" "Mozilla/5.0 (iPhone; CPU iPhone OS 26_6_0 like Mac OS X) AppleWebKit/605.1.15 (KHTML, like Gecko) GSA/435.4.965413651 Mobile/15E148 Safari/604.1"
2407:4b00:4c06:89a0:c858:3a68:809d:17d4 - - [26/Aug/2026:21:00:43 +0800] "GET /wp-includes/js/jquery/ui/core.min.js HTTP/1.1" 200 7986 "https://www.pces.ilc.edu.tw/" "Mozilla/5.0 (iPhone; CPU iPhone OS 26_6_0 like Mac OS X) AppleWebKit/605.1.15 (KHTML, like Gecko) GSA/435.4.965413651 Mobile/15E148 Safari/604.1"
2407:4b00:4c06:89a0:c858:3a68:809d:17d4 - - [26/Aug/2026:21:00:43 +0800] "GET /wp-content/plugins/elementor/assets/js/frontend.min.js HTTP/1.1" 200 13169 "https://www.pces.ilc.edu.tw/" "Mozilla/5.0 (iPhone; CPU iPhone OS 26_6_0 like Mac OS X) AppleWebKit/605.1.15 (KHTML, like Gecko) GSA/435.4.965413651 Mobile/15E148 Safari/604.1"
2407:4b00:4c06:89a0:c858:3a68:809d:17d4 - - [26/Aug/2026:21:00:43 +0800] "GET /wp-content/plugins/elementor-pro/assets/js/elements-handlers.min.js HTTP/1.1" 200 10882 "https://www.pces.ilc.edu.tw/" "Mozilla/5.0 (iPhone; CPU iPhone OS 26_6_0 like Mac OS X) AppleWebKit/605.1.15 (KHTML, like Gecko) GSA/435.4.965413651 Mobile/15E148 Safari/604.1"
2001:288:a201::66:125 - - [26/Aug/2026:21:00:43 +0800] "GET /blog/active.php HTTP/1.1" 404 1084 "-" "-"
2001:288:a201::66:125 - - [26/Aug/2026:21:00:43 +0800] "GET /blog/active.php HTTP/1.1" 301 1026 "-" "-"
2407:4b00:4c06:89a0:c858:3a68:809d:17d4 - - [26/Aug/2026:21:00:43 +0800] "GET /wp-content/cache/www.pces.ilc.edu.tw/wpfc-minified/k0e58tkr/6vo4.css HTTP/1.1" 200 14436 "https://www.pces.ilc.edu.tw/" "Mozilla/5.0 (iPhone; CPU iPhone OS 26_6_0 like Mac OS X) AppleWebKit/605.1.15 (KHTML, like Gecko) GSA/435.4.965413651 Mobile/15E148 Safari/604.1"
2407:4b00:4c06:89a0:c858:3a68:809d:17d4 - - [26/Aug/2026:21:00:43 +0800] "GET /wp-content/cache/www.pces.ilc.edu.tw/wpfc-minified/kd9ooq0r/6vo4.js HTTP/1.1" 200 40358 "https://www.pces.ilc.edu.tw/" "Mozilla/5.0 (iPhone; CPU iPhone OS 26_6_0 like Mac OS X) AppleWebKit/605.1.15 (KHTML, like Gecko) GSA/435.4.965413651 Mobile/15E148 Safari/604.1"
2407:4b00:4c06:89a0:c858:3a68:809d:17d4 - - [26/Aug/2026:21:00:43 +0800] "GET /wp-content/uploads/sites/1663/2020/08/%E8%9E%A2%E5%B9%95%E6%93%B7%E5%8F%96%E7%95%AB%E9%9D%A2-2025-08-01-132210.png HTTP/1.1" 200 106748 "https://www.pces.ilc.edu.tw/" "Mozilla/5.0 (iPhone; CPU iPhone OS 26_6_0 like Mac OS X) AppleWebKit/605.1.15 (KHTML, like Gecko) GSA/435.4.965413651 Mobile/15E148 Safari/604.1"
111.241.206.99 - - [26/Aug/2026:21:00:43 +0800] "GET /2528/wp-content/uploads/sites/471/2024/06/NeoImage_%E5%89%AF%E6%9C%AC-1.jpg HTTP/1.1" 200 651186 "https://2blog.ilc.edu.tw/2528/" "Mozilla/5.0 (Windows NT 10.0; Win64; x64) AppleWebKit/537.36 (KHTML, like Gecko) Chrome/151.0.0.0 Safari/537.36"
216.73.217.64 - - [26/Aug/2026:21:00:43 +0800] "GET /9536/wp-json/wp/v2/posts/55795 HTTP/1.1" 200 6555 "-" "Mozilla/5.0 AppleWebKit/537.36 (KHTML, like Gecko; compatible; ClaudeBot/1.0; +claudebot@anthropic.com)"
2407:4b00:4c06:89a0:c858:3a68:809d:17d4 - - [26/Aug/2026:21:00:43 +0800] "GET /wp-content/uploads/sites/1663/2026/02/%E5%8F%B0%E6%97%A5%E4%BA%A4%E6%B5%81%E5%BE%BD%E7%AB%A02025-2.png HTTP/1.1" 200 125580 "https://www.pces.ilc.edu.tw/" "Mozilla/5.0 (iPhone; CPU iPhone OS 26_6_0 like Mac OS X) AppleWebKit/605.1.15 (KHTML, like Gecko) GSA/435.4.965413651 Mobile/15E148 Safari/604.1"
54.147.238.89 - - [26/Aug/2026:21:00:43 +0800] "GET /wp-content/uploads/sites/2518/6572/6572-3261744.jpg HTTP/1.1" 200 42560 "-" "Mozilla/5.0 AppleWebKit/537.36 (KHTML, like Gecko; compatible; Amazonbot/0.1; +https://developer.amazon.com/support/amazonbot) Chrome/119.0.6045.214 Safari/537.36"
2407:4b00:4c06:89a0:c858:3a68:809d:17d4 - - [26/Aug/2026:21:00:43 +0800] "GET /wp-content/uploads/sites/1663/2020/11/cropped-90172194_212477336787811_8905758397861724160_o-01-1-scaled-1.jpg HTTP/1.1" 200 166692 "https://www.pces.ilc.edu.tw/" "Mozilla/5.0 (iPhone; CPU iPhone OS 26_6_0 like Mac OS X) AppleWebKit/605.1.15 (KHTML, like Gecko) GSA/435.4.965413651 Mobile/15E148 Safari/604.1"
54.156.55.147 - - [26/Aug/2026:21:00:43 +0800] "GET /wp-content/uploads/sites/2353/2023/06/?C=N;O%3DA HTTP/1.1" 200 1113 "-" "Mozilla/5.0 AppleWebKit/537.36 (KHTML, like Gecko; compatible; Amazonbot/0.1; +https://developer.amazon.com/support/amazonbot) Chrome/119.0.6045.214 Safari/537.36"
216.73.217.64 - - [26/Aug/2026:21:00:43 +0800] "GET /4950/author/rainlan/page/21/ HTTP/1.1" 200 12489 "-" "Mozilla/5.0 AppleWebKit/537.36 (KHTML, like Gecko; compatible; ClaudeBot/1.0; +claudebot@anthropic.com)"
111.241.206.99 - - [26/Aug/2026:21:00:44 +0800] "GET /2528/wp-content/uploads/sites/471/2024/06/169876743840171_P26721348_%E5%89%AF%E6%9C%AC.png HTTP/1.1" 200 2624003 "https://2blog.ilc.edu.tw/2528/" "Mozilla/5.0 (Windows NT 10.0; Win64; x64) AppleWebKit/537.36 (KHTML, like Gecko) Chrome/151.0.0.0 Safari/537.36"
216.73.217.64 - - [26/Aug/2026:21:00:44 +0800] "GET /9536/wp-json/wp/v2/posts/54561 HTTP/1.1" 200 6098 "-" "Mozilla/5.0 AppleWebKit/537.36 (KHTML, like Gecko; compatible; ClaudeBot/1.0; +claudebot@anthropic.com)"
111.241.206.99 - - [26/Aug/2026:21:00:44 +0800] "GET /2528/wp-content/uploads/sites/471/2024/06/%E5%85%89%E5%BD%B1%E9%AD%94%E6%9C%AF%E6%89%8B%E6%8B%BC%E5%9B%BE.jpg HTTP/1.1" 200 1343209 "https://2blog.ilc.edu.tw/2528/" "Mozilla/5.0 (Windows NT 10.0; Win64; x64) AppleWebKit/537.36 (KHTML, like Gecko) Chrome/151.0.0.0 Safari/537.36"
111.71.85.51 - - [26/Aug/2026:21:00:44 +0800] "GET /wp-content/uploads/sites/1664/2020/10/Image-13.jpg HTTP/1.1" 200 531987 "https://www.gjes.ilc.edu.tw/" "Mozilla/5.0 (iPhone; CPU iPhone OS 18_7 like Mac OS X) AppleWebKit/605.1.15 (KHTML, like Gecko) Version/26.5.2 Mobile/15E148 Safari/604.1"
185.191.171.4 - - [26/Aug/2026:21:00:44 +0800] "GET /kkes301/category/uncategorized/page/3/ HTTP/1.1" 200 16117 "-" "Mozilla/5.0 (compatible; SemrushBot/7~bl; +http://www.semrush.com/bot.html)"
34.123.149.87 - - [26/Aug/2026:21:00:44 +0800] "GET /32745/2022/05/14/%E7%BE%8E%E9%BA%97%E7%9A%84%E5%A4%95%E9%99%BD/ HTTP/1.1" 200 92041 "-" "Mozilla/5.0 (Macintosh; Intel Mac OS X 10_15_7) AppleWebKit/537.36 (KHTML, like Gecko) Chrome/120.0.0.0 Safari/537.36"
2407:4b00:1c0f:89d8:b0d5:de82:3770:72a4 - - [26/Aug/2026:21:00:45 +0800] "-" 408 4803 "-" "-"
2001:4860:7:810::e5 - - [26/Aug/2026:21:00:45 +0800] "GET /?page_id=71 HTTP/1.1" 200 18819 "https://www.google.com/" "Mozilla/5.0 (Windows NT 10.0; Win64; x64) AppleWebKit/537.36 (KHTML, like Gecko) Chrome/151.0.0.0 Safari/537.36"
114.24.248.183 - - [26/Aug/2026:21:00:45 +0800] "-" 408 4803 "-" "-"
114.24.248.183 - - [26/Aug/2026:21:00:45 +0800] "-" 408 4803 "-" "-"
::1 - - [26/Aug/2026:21:00:45 +0800] "OPTIONS * HTTP/1.0" 200 110 "-" "Apache/2.4.68 (Ubuntu) OpenSSL/3.0.19 (internal dummy connection)"
216.73.217.64 - - [26/Aug/2026:21:00:45 +0800] "GET /9536/wp-json/wp/v2/posts/54543 HTTP/1.1" 200 10827 "-" "Mozilla/5.0 AppleWebKit/537.36 (KHTML, like Gecko; compatible; ClaudeBot/1.0; +claudebot@anthropic.com)"
140.111.67.10 - - [26/Aug/2026:21:00:45 +0800] "GET /" 301 273 "-" "-"
111.241.206.99 - - [26/Aug/2026:21:00:45 +0800] "GET /2528/wp-content/uploads/sites/471/2024/06/DSCN9601_%E5%89%AF%E6%9C%AC-2000x1333.jpg HTTP/1.1" 200 530702 "https://2blog.ilc.edu.tw/2528/" "Mozilla/5.0 (Windows NT 10.0; Win64; x64) AppleWebKit/537.36 (KHTML, like Gecko) Chrome/151.0.0.0 Safari/537.36"
111.71.85.51 - - [26/Aug/2026:21:00:45 +0800] "GET /wp-content/uploads/sites/1664/2020/10/Image-14.jpg HTTP/1.1" 200 570169 "https://www.gjes.ilc.edu.tw/" "Mozilla/5.0 (iPhone; CPU iPhone OS 18_7 like Mac OS X) AppleWebKit/605.1.15 (KHTML, like Gecko) Version/26.5.2 Mobile/15E148 Safari/604.1"
111.71.85.51 - - [26/Aug/2026:21:00:45 +0800] "GET /wp-content/uploads/sites/1664/2020/10/Image-15.jpg HTTP/1.1" 200 339039 "https://www.gjes.ilc.edu.tw/" "Mozilla/5.0 (iPhone; CPU iPhone OS 18_7 like Mac OS X) AppleWebKit/605.1.15 (KHTML, like Gecko) Version/26.5.2 Mobile/15E148 Safari/604.1"
216.73.217.64 - - [26/Aug/2026:21:00:45 +0800] "GET /9536/wp-json/wp/v2/posts/54539 HTTP/1.1" 200 5960 "-" "Mozilla/5.0 AppleWebKit/537.36 (KHTML, like Gecko; compatible; ClaudeBot/1.0; +claudebot@anthropic.com)"
111.71.85.51 - - [26/Aug/2026:21:00:45 +0800] "GET /wp-content/uploads/sites/1664/2020/10/Image-16.jpg HTTP/1.1" 200 547251 "https://www.gjes.ilc.edu.tw/" "Mozilla/5.0 (iPhone; CPU iPhone OS 18_7 like Mac OS X) AppleWebKit/605.1.15 (KHTML, like Gecko) Version/26.5.2 Mobile/15E148 Safari/604.1"
216.73.217.64 - - [26/Aug/2026:21:00:45 +0800] "GET /9536/wp-json/wp/v2/posts/54559 HTTP/1.1" 200 6658 "-" "Mozilla/5.0 AppleWebKit/537.36 (KHTML, like Gecko; compatible; ClaudeBot/1.0; +claudebot@anthropic.com)"
111.71.85.51 - - [26/Aug/2026:21:00:46 +0800] "GET /wp-content/uploads/sites/1664/2020/10/Image-17.jpg HTTP/1.1" 200 515046 "https://www.gjes.ilc.edu.tw/" "Mozilla/5.0 (iPhone; CPU iPhone OS 18_7 like Mac OS X) AppleWebKit/605.1.15 (KHTML, like Gecko) Version/26.5.2 Mobile/15E148 Safari/604.1"
111.241.206.99 - - [26/Aug/2026:21:00:46 +0800] "GET /2528/wp-content/uploads/sites/471/2024/06/%E5%85%89%E5%BD%B1%E9%AD%94%E6%9C%AF%E6%89%8B%E6%8B%BC%E5%9B%BE-1.jpg HTTP/1.1" 200 1114982 "https://2blog.ilc.edu.tw/2528/" "Mozilla/5.0 (Windows NT 10.0; Win64; x64) AppleWebKit/537.36 (KHTML, like Gecko) Chrome/151.0.0.0 Safari/537.36"
216.73.217.64 - - [26/Aug/2026:21:00:46 +0800] "GET /9536/wp-json/wp/v2/posts/54550 HTTP/1.1" 200 5788 "-" "Mozilla/5.0 AppleWebKit/537.36 (KHTML, like Gecko; compatible; ClaudeBot/1.0; +claudebot@anthropic.com)"
111.71.85.51 - - [26/Aug/2026:21:00:46 +0800] "GET /wp-content/uploads/sites/1664/2020/10/Image-18.jpg HTTP/1.1" 200 408647 "https://www.gjes.ilc.edu.tw/" "Mozilla/5.0 (iPhone; CPU iPhone OS 18_7 like Mac OS X) AppleWebKit/605.1.15 (KHTML, like Gecko) Version/26.5.2 Mobile/15E148 Safari/604.1"
185.191.171.2 - - [26/Aug/2026:21:00:46 +0800] "GET /5315/2020/12/15/%E4%B8%AD%E8%88%88%E9%80%A0%E7%B4%99%E7%99%BE%E5%B9%B4%E9%A2%A8%E8%8F%AF/?paged=15 HTTP/1.1" 200 16908 "-" "Mozilla/5.0 (compatible; SemrushBot/7~bl; +http://www.semrush.com/bot.html)"
23.23.180.225 - - [26/Aug/2026:21:00:46 +0800] "GET /wp-content/uploads/sites/575/2021/03/?C=N;O%3DA HTTP/1.1" 200 1112 "-" "Mozilla/5.0 AppleWebKit/537.36 (KHTML, like Gecko; compatible; Amazonbot/0.1; +https://developer.amazon.com/support/amazonbot) Chrome/119.0.6045.214 Safari/537.36"
216.73.217.64 - - [26/Aug/2026:21:00:46 +0800] "GET /9536/wp-json/wp/v2/posts/54545 HTTP/1.1" 200 5797 "-" "Mozilla/5.0 AppleWebKit/537.36 (KHTML, like Gecko; compatible; ClaudeBot/1.0; +claudebot@anthropic.com)"
111.71.85.51 - - [26/Aug/2026:21:00:47 +0800] "GET /wp-content/uploads/sites/1664/2020/10/Image-19.jpg HTTP/1.1" 200 572004 "https://www.gjes.ilc.edu.tw/" "Mozilla/5.0 (iPhone; CPU iPhone OS 18_7 like Mac OS X) AppleWebKit/605.1.15 (KHTML, like Gecko) Version/26.5.2 Mobile/15E148 Safari/604.1"
111.71.85.51 - - [26/Aug/2026:21:00:47 +0800] "GET /wp-content/uploads/sites/1664/2020/10/Image-20.jpg HTTP/1.1" 200 514698 "https://www.gjes.ilc.edu.tw/" "Mozilla/5.0 (iPhone; CPU iPhone OS 18_7 like Mac OS X) AppleWebKit/605.1.15 (KHTML, like Gecko) Version/26.5.2 Mobile/15E148 Safari/604.1"
111.241.206.99 - - [26/Aug/2026:21:00:47 +0800] "GET /2528/wp-content/uploads/sites/471/2024/04/20231003_133152-1024x768.jpg HTTP/1.1" 200 274976 "https://2blog.ilc.edu.tw/2528/" "Mozilla/5.0 (Windows NT 10.0; Win64; x64) AppleWebKit/537.36 (KHTML, like Gecko) Chrome/151.0.0.0 Safari/537.36"
44.194.134.53 - - [26/Aug/2026:21:00:47 +0800] "GET /wp-content/uploads/sites/2518/6572/6572-4188276.jpg HTTP/1.1" 200 35772 "-" "Mozilla/5.0 AppleWebKit/537.36 (KHTML, like Gecko; compatible; Amazonbot/0.1; +https://developer.amazon.com/support/amazonbot) Chrome/119.0.6045.214 Safari/537.36"
2407:4b00:4c06:89a0:c858:3a68:809d:17d4 - - [26/Aug/2026:21:00:47 +0800] "GET /wp-content/themes/oceanwp/assets/fonts/fontawesome/webfonts/fa-solid-900.woff2 HTTP/1.1" 200 151246 "https://www.pces.ilc.edu.tw/" "Mozilla/5.0 (iPhone; CPU iPhone OS 26_6_0 like Mac OS X) AppleWebKit/605.1.15 (KHTML, like Gecko) GSA/435.4.965413651 Mobile/15E148 Safari/604.1"
111.71.85.51 - - [26/Aug/2026:21:00:48 +0800] "GET /wp-content/uploads/sites/1664/2020/10/Image-21.jpg HTTP/1.1" 200 575453 "https://www.gjes.ilc.edu.tw/" "Mozilla/5.0 (iPhone; CPU iPhone OS 18_7 like Mac OS X) AppleWebKit/605.1.15 (KHTML, like Gecko) Version/26.5.2 Mobile/15E148 Safari/604.1"
2001:288:a201::66:125 - - [26/Aug/2026:21:00:48 +0800] "GET /blog/active.php HTTP/1.1" 301 1026 "-" "-"
111.71.85.51 - - [26/Aug/2026:21:00:48 +0800] "GET /wp-content/uploads/sites/1664/2020/10/Image-1.jpg HTTP/1.1" 200 507906 "https://www.gjes.ilc.edu.tw/" "Mozilla/5.0 (iPhone; CPU iPhone OS 18_7 like Mac OS X) AppleWebKit/605.1.15 (KHTML, like Gecko) Version/26.5.2 Mobile/15E148 Safari/604.1"
2001:288:a201::66:125 - - [26/Aug/2026:21:00:48 +0800] "GET /blog/active.php HTTP/1.1" 404 1084 "-" "-"
66.249.79.128 - - [26/Aug/2026:21:00:45 +0800] "GET /wp-login.php?action=ilc_logout&_wpnonce=43754d0aad&redirect_to=http://uristnews.ru/creator/31113/ HTTP/1.1" 302 3441 "-" "Mozilla/5.0 (compatible; Googlebot/2.1; +http://www.google.com/bot.html)"
::1 - - [26/Aug/2026:21:00:48 +0800] "OPTIONS * HTTP/1.0" 200 110 "-" "Apache/2.4.68 (Ubuntu) OpenSSL/3.0.19 (internal dummy connection)"
23.23.99.55 - - [26/Aug/2026:21:00:46 +0800] "GET /26150/category/c-11220/page/17/ HTTP/1.1" 200 24472 "-" "Mozilla/5.0 AppleWebKit/537.36 (KHTML, like Gecko; compatible; Amazonbot/0.1; +https://developer.amazon.com/support/amazonbot) Chrome/119.0.6045.214 Safari/537.36"
111.71.85.51 - - [26/Aug/2026:21:00:48 +0800] "GET /wp-content/uploads/sites/1664/2021/08/%E6%88%AA%E5%9C%96-2021-08-14-%E4%B8%8A%E5%8D%889.23.20-1024x218.png HTTP/1.1" 200 71432 "https://www.gjes.ilc.edu.tw/" "Mozilla/5.0 (iPhone; CPU iPhone OS 18_7 like Mac OS X) AppleWebKit/605.1.15 (KHTML, like Gecko) Version/26.5.2 Mobile/15E148 Safari/604.1"
2407:4b00:4c06:89a0:c858:3a68:809d:17d4 - - [26/Aug/2026:21:00:48 +0800] "GET /wp-content/uploads/sites/1663/2020/08/video-1.jpg HTTP/1.1" 200 8344 "https://www.pces.ilc.edu.tw/" "Mozilla/5.0 (iPhone; CPU iPhone OS 26_6_0 like Mac OS X) AppleWebKit/605.1.15 (KHTML, like Gecko) GSA/435.4.965413651 Mobile/15E148 Safari/604.1"
111.71.85.51 - - [26/Aug/2026:21:00:48 +0800] "GET /wp-includes/js/mediaelement/mejs-controls.svg HTTP/1.1" 200 5429 "https://www.gjes.ilc.edu.tw/" "Mozilla/5.0 (iPhone; CPU iPhone OS 18_7 like Mac OS X) AppleWebKit/605.1.15 (KHTML, like Gecko) Version/26.5.2 Mobile/15E148 Safari/604.1"
111.71.85.51 - - [26/Aug/2026:21:00:48 +0800] "GET /wp-content/uploads/sites/1664/2021/08/%E6%88%AA%E5%9C%96-2021-08-14-%E4%B8%8A%E5%8D%889.23.29-1024x224.png HTTP/1.1" 200 85207 "https://www.gjes.ilc.edu.tw/" "Mozilla/5.0 (iPhone; CPU iPhone OS 18_7 like Mac OS X) AppleWebKit/605.1.15 (KHTML, like Gecko) Version/26.5.2 Mobile/15E148 Safari/604.1"
111.71.85.51 - - [26/Aug/2026:21:00:48 +0800] "GET /wp-content/themes/oceanwp/assets/fonts/fontawesome/webfonts/fa-solid-900.woff2 HTTP/1.1" 200 151246 "https://www.gjes.ilc.edu.tw/" "Mozilla/5.0 (iPhone; CPU iPhone OS 18_7 like Mac OS X) AppleWebKit/605.1.15 (KHTML, like Gecko) Version/26.5.2 Mobile/15E148 Safari/604.1"
111.71.85.51 - - [26/Aug/2026:21:00:48 +0800] "GET /wp-content/uploads/sites/1664/2021/08/%E6%88%AA%E5%9C%96-2021-08-14-%E4%B8%8A%E5%8D%889.36.29-1024x234.png HTTP/1.1" 200 74350 "https://www.gjes.ilc.edu.tw/" "Mozilla/5.0 (iPhone; CPU iPhone OS 18_7 like Mac OS X) AppleWebKit/605.1.15 (KHTML, like Gecko) Version/26.5.2 Mobile/15E148 Safari/604.1"
66.249.79.163 - - [26/Aug/2026:21:00:48 +0800] "GET /suscratch/2024/10/30/chi%E5%B0%8D%E8%A9%B1/ HTTP/1.1" 200 18438 "-" "Mozilla/5.0 (Linux; Android 6.0.1; Nexus 5X Build/MMB29P) AppleWebKit/537.36 (KHTML, like Gecko) Chrome/151.0.7922.173 Mobile Safari/537.36 (compatible; Googlebot/2.1; +http://www.google.com/bot.html)"
111.241.206.99 - - [26/Aug/2026:21:00:48 +0800] "GET /2528/wp-content/uploads/sites/471/2024/04/5-1024x819.jpg HTTP/1.1" 200 293593 "https://2blog.ilc.edu.tw/2528/" "Mozilla/5.0 (Windows NT 10.0; Win64; x64) AppleWebKit/537.36 (KHTML, like Gecko) Chrome/151.0.0.0 Safari/537.36"
111.71.85.51 - - [26/Aug/2026:21:00:49 +0800] "GET /wp-content/uploads/sites/1664/2021/08/%E6%88%AA%E5%9C%96-2021-08-14-%E4%B8%8A%E5%8D%889.37.50-1024x224.png HTTP/1.1" 200 89139 "https://www.gjes.ilc.edu.tw/" "Mozilla/5.0 (iPhone; CPU iPhone OS 18_7 like Mac OS X) AppleWebKit/605.1.15 (KHTML, like Gecko) Version/26.5.2 Mobile/15E148 Safari/604.1"
111.71.85.51 - - [26/Aug/2026:21:00:49 +0800] "GET /wp-content/uploads/sites/1664/elementor/thumbs/-43-pb8ughnajymcx5t4g7sebq79qum14qplsz9rqkxkmo.png HTTP/1.1" 200 14402 "https://www.gjes.ilc.edu.tw/" "Mozilla/5.0 (iPhone; CPU iPhone OS 18_7 like Mac OS X) AppleWebKit/605.1.15 (KHTML, like Gecko) Version/26.5.2 Mobile/15E148 Safari/604.1"
111.71.85.51 - - [26/Aug/2026:21:00:49 +0800] "GET /wp-content/uploads/sites/1664/elementor/thumbs/-45-pb8umof1jp3bcqtjbe2z8nzij640t09znlvuh5r9o0.png HTTP/1.1" 200 15872 "https://www.gjes.ilc.edu.tw/" "Mozilla/5.0 (iPhone; CPU iPhone OS 18_7 like Mac OS X) AppleWebKit/605.1.15 (KHTML, like Gecko) Version/26.5.2 Mobile/15E148 Safari/604.1"
111.71.85.51 - - [26/Aug/2026:21:00:49 +0800] "GET /wp-content/uploads/sites/1664/2021/08/%E6%88%AA%E5%9C%96-2021-08-14-%E4%B8%8A%E5%8D%889.47.33-1024x235.png HTTP/1.1" 200 67472 "https://www.gjes.ilc.edu.tw/" "Mozilla/5.0 (iPhone; CPU iPhone OS 18_7 like Mac OS X) AppleWebKit/605.1.15 (KHTML, like Gecko) Version/26.5.2 Mobile/15E148 Safari/604.1"
111.71.85.51 - - [26/Aug/2026:21:00:49 +0800] "GET /wp-content/uploads/sites/1664/elementor/thumbs/-47-pb8utc3vyg7flb5dfrouehi20fambtpjkk8nupvvlc.png HTTP/1.1" 200 17823 "https://www.gjes.ilc.edu.tw/" "Mozilla/5.0 (iPhone; CPU iPhone OS 18_7 like Mac OS X) AppleWebKit/605.1.15 (KHTML, like Gecko) Version/26.5.2 Mobile/15E148 Safari/604.1"
::1 - - [26/Aug/2026:21:00:49 +0800] "OPTIONS * HTTP/1.0" 200 110 "-" "Apache/2.4.68 (Ubuntu) OpenSSL/3.0.19 (internal dummy connection)"
111.71.85.51 - - [26/Aug/2026:21:00:49 +0800] "GET /wp-content/uploads/sites/1664/elementor/thumbs/logo-qmj6qijzcuofcrsjb0f4q989lzx67uv05jkmsvr25s.png HTTP/1.1" 200 11041 "https://www.gjes.ilc.edu.tw/" "Mozilla/5.0 (iPhone; CPU iPhone OS 18_7 like Mac OS X) AppleWebKit/605.1.15 (KHTML, like Gecko) Version/26.5.2 Mobile/15E148 Safari/604.1"
111.71.85.51 - - [26/Aug/2026:21:00:49 +0800] "GET /wp-content/uploads/sites/1664/elementor/thumbs/-51-pb8vc6rd0u0gfrrlcx1heq8uwmdmpajqtv98chxmsw.png HTTP/1.1" 200 6606 "https://www.gjes.ilc.edu.tw/" "Mozilla/5.0 (iPhone; CPU iPhone OS 18_7 like Mac OS X) AppleWebKit/605.1.15 (KHTML, like Gecko) Version/26.5.2 Mobile/15E148 Safari/604.1"
111.71.85.51 - - [26/Aug/2026:21:00:49 +0800] "GET /wp-content/uploads/sites/1664/elementor/thumbs/-53-pb8vmsdu3kivdgd9gi00j1y0324niemrmc4d6u7smo.png HTTP/1.1" 200 15029 "https://www.gjes.ilc.edu.tw/" "Mozilla/5.0 (iPhone; CPU iPhone OS 18_7 like Mac OS X) AppleWebKit/605.1.15 (KHTML, like Gecko) Version/26.5.2 Mobile/15E148 Safari/604.1"
111.71.85.51 - - [26/Aug/2026:21:00:49 +0800] "GET /wp-content/uploads/sites/1664/elementor/thumbs/-55-pb8vsotd04lo9bsp01tp6kc6c51lu023rjk3ndgtkg.png HTTP/1.1" 200 12780 "https://www.gjes.ilc.edu.tw/" "Mozilla/5.0 (iPhone; CPU iPhone OS 18_7 like Mac OS X) AppleWebKit/605.1.15 (KHTML, like Gecko) Version/26.5.2 Mobile/15E148 Safari/604.1"
111.71.85.51 - - [26/Aug/2026:21:00:49 +0800] "GET /wp-content/uploads/sites/1664/elementor/thumbs/-2-qud1fqwvql5bbcf7gu0rvt5huz80py16bs38wtmldc.png HTTP/1.1" 200 17702 "https://www.gjes.ilc.edu.tw/" "Mozilla/5.0 (iPhone; CPU iPhone OS 18_7 like Mac OS X) AppleWebKit/605.1.15 (KHTML, like Gecko) Version/26.5.2 Mobile/15E148 Safari/604.1"
111.71.85.51 - - [26/Aug/2026:21:00:49 +0800] "GET /wp-content/uploads/sites/1664/elementor/thumbs/-50-pb8v8dixb0slcpaxm9pyaovk6d61hhexn00ca3l41c.png HTTP/1.1" 200 14535 "https://www.gjes.ilc.edu.tw/" "Mozilla/5.0 (iPhone; CPU iPhone OS 18_7 like Mac OS X) AppleWebKit/605.1.15 (KHTML, like Gecko) Version/26.5.2 Mobile/15E148 Safari/604.1"
111.71.85.51 - - [26/Aug/2026:21:00:49 +0800] "GET /wp-content/uploads/sites/1664/elementor/thumbs/-52-pb8vgjqeq5zcanfkwaw6h4mu3yvxequx3g7bhpgvxs.png HTTP/1.1" 200 12820 "https://www.gjes.ilc.edu.tw/" "Mozilla/5.0 (iPhone; CPU iPhone OS 18_7 like Mac OS X) AppleWebKit/605.1.15 (KHTML, like Gecko) Version/26.5.2 Mobile/15E148 Safari/604.1"
111.71.85.51 - - [26/Aug/2026:21:00:49 +0800] "GET /wp-content/uploads/sites/1664/elementor/thumbs/-54-pb8vpz259cvupvqouvkhz908k2fflha0q3plqlhrjk.png HTTP/1.1" 200 13902 "https://www.gjes.ilc.edu.tw/" "Mozilla/5.0 (iPhone; CPU iPhone OS 18_7 like Mac OS X) AppleWebKit/605.1.15 (KHTML, like Gecko) Version/26.5.2 Mobile/15E148 Safari/604.1"
111.71.85.51 - - [26/Aug/2026:21:00:49 +0800] "GET /wp-content/uploads/sites/1664/elementor/thumbs/-56-pb8vvtlzs8w2yj8upekxhrvhmdlnhohw71ud8ktkts.png HTTP/1.1" 200 15384 "https://www.gjes.ilc.edu.tw/" "Mozilla/5.0 (iPhone; CPU iPhone OS 18_7 like Mac OS X) AppleWebKit/605.1.15 (KHTML, like Gecko) Version/26.5.2 Mobile/15E148 Safari/604.1"
111.71.85.51 - - [26/Aug/2026:21:00:49 +0800] "GET /wp-content/uploads/sites/1664/elementor/thumbs/-1-qud1azu96qn4mbbp7s2oa0blqun7t16109cvkgo8ts.png HTTP/1.1" 200 9783 "https://www.gjes.ilc.edu.tw/" "Mozilla/5.0 (iPhone; CPU iPhone OS 18_7 like Mac OS X) AppleWebKit/605.1.15 (KHTML, like Gecko) Version/26.5.2 Mobile/15E148 Safari/604.1"
111.71.85.51 - - [26/Aug/2026:21:00:49 +0800] "GET /wp-content/uploads/sites/1664/elementor/thumbs/-2-qud1byma7lyqjvx6kp3vc9jnq3vspu03h1hubp8ofk.png HTTP/1.1" 200 13269 "https://www.gjes.ilc.edu.tw/" "Mozilla/5.0 (iPhone; CPU iPhone OS 18_7 like Mac OS X) AppleWebKit/605.1.15 (KHTML, like Gecko) Version/26.5.2 Mobile/15E148 Safari/604.1"
111.71.85.51 - - [26/Aug/2026:21:00:49 +0800] "GET /wp-content/uploads/sites/1664/2025/03/1-1-1024x256.png HTTP/1.1" 200 107464 "https://www.gjes.ilc.edu.tw/" "Mozilla/5.0 (iPhone; CPU iPhone OS 18_7 like Mac OS X) AppleWebKit/605.1.15 (KHTML, like Gecko) Version/26.5.2 Mobile/15E148 Safari/604.1"
111.71.85.51 - - [26/Aug/2026:21:00:49 +0800] "GET /wp-content/uploads/sites/1664/elementor/thumbs/12-qmx86vx8ly509mjq9zrb9yr86mbmxg6zl7wv8tt6eo.jpg HTTP/1.1" 200 5889 "https://www.gjes.ilc.edu.tw/" "Mozilla/5.0 (iPhone; CPU iPhone OS 18_7 like Mac OS X) AppleWebKit/605.1.15 (KHTML, like Gecko) Version/26.5.2 Mobile/15E148 Safari/604.1"
111.71.85.51 - - [26/Aug/2026:21:00:49 +0800] "GET /wp-content/uploads/sites/1664/elementor/thumbs/-1-r3k07sgq76s0rup4lkhxeswey5s1elieoa3medt7zk.png HTTP/1.1" 200 12029 "https://www.gjes.ilc.edu.tw/" "Mozilla/5.0 (iPhone; CPU iPhone OS 18_7 like Mac OS X) AppleWebKit/605.1.15 (KHTML, like Gecko) Version/26.5.2 Mobile/15E148 Safari/604.1"
111.71.85.51 - - [26/Aug/2026:21:00:49 +0800] "GET /wp-content/uploads/sites/1664/2021/08/%E6%88%AA%E5%9C%96-2021-08-14-%E4%B8%8A%E5%8D%889.48.48-1024x224.png HTTP/1.1" 200 82690 "https://www.gjes.ilc.edu.tw/" "Mozilla/5.0 (iPhone; CPU iPhone OS 18_7 like Mac OS X) AppleWebKit/605.1.15 (KHTML, like Gecko) Version/26.5.2 Mobile/15E148 Safari/604.1"
111.71.85.51 - - [26/Aug/2026:21:00:49 +0800] "GET /wp-content/uploads/sites/1664/elementor/thumbs/-61-pb8w9z2iog9hr6ou2isq17bbl7uldmoet3fjcju75c.png HTTP/1.1" 200 13648 "https://www.gjes.ilc.edu.tw/" "Mozilla/5.0 (iPhone; CPU iPhone OS 18_7 like Mac OS X) AppleWebKit/605.1.15 (KHTML, like Gecko) Version/26.5.2 Mobile/15E148 Safari/604.1"
111.71.85.51 - - [26/Aug/2026:21:00:49 +0800] "GET /wp-content/uploads/sites/1664/elementor/thumbs/-63-pb8weholisg3jq4moz36ika2cvl3d9lz3gajdf538w.png HTTP/1.1" 200 15801 "https://www.gjes.ilc.edu.tw/" "Mozilla/5.0 (iPhone; CPU iPhone OS 18_7 like Mac OS X) AppleWebKit/605.1.15 (KHTML, like Gecko) Version/26.5.2 Mobile/15E148 Safari/604.1"
66.249.79.163 - - [26/Aug/2026:21:00:49 +0800] "POST /27438/wp-json/ilc-summary/v1/popular-posts HTTP/1.1" 201 1272 "https://2blog.ilc.edu.tw/27438/2021/11/25/110%E5%AD%B8%E5%B9%B4%E5%BA%A6%E6%9C%AC%E5%9C%9F%E8%AA%9E%E6%96%87%E6%95%99%E5%AD%B8%E6%88%90%E6%9E%9C%E7%AB%B6%E8%B3%BD%E6%9A%A8%E7%99%BC%E8%A1%A8%E6%B4%BB%E5%8B%95%E5%A0%B1%E5%90%8D/" "Mozilla/5.0 (Linux; Android 6.0.1; Nexus 5X Build/MMB29P) AppleWebKit/537.36 (KHTML, like Gecko) Chrome/151.0.7922.173 Mobile Safari/537.36 (compatible; Googlebot/2.1; +http://www.google.com/bot.html)"
111.71.85.51 - - [26/Aug/2026:21:00:49 +0800] "GET /wp-content/uploads/sites/1664/elementor/thumbs/-62-pb8wc534fp8aitjieyira5mkw7624ia4rtku6imisw.png HTTP/1.1" 200 15278 "https://www.gjes.ilc.edu.tw/" "Mozilla/5.0 (iPhone; CPU iPhone OS 18_7 like Mac OS X) AppleWebKit/605.1.15 (KHTML, like Gecko) Version/26.5.2 Mobile/15E148 Safari/604.1"
111.71.85.51 - - [26/Aug/2026:21:00:49 +0800] "GET /wp-content/uploads/sites/1664/elementor/thumbs/-63-1-pb8widqjt3rtlmh6z5mlc2xqvaes861zaphvvndfhs.png HTTP/1.1" 200 16532 "https://www.gjes.ilc.edu.tw/" "Mozilla/5.0 (iPhone; CPU iPhone OS 18_7 like Mac OS X) AppleWebKit/605.1.15 (KHTML, like Gecko) Version/26.5.2 Mobile/15E148 Safari/604.1"
111.71.85.51 - - [26/Aug/2026:21:00:49 +0800] "GET /wp-content/uploads/sites/1664/2021/08/%E6%88%AA%E5%9C%96-2021-08-14-%E4%B8%8A%E5%8D%889.37.42-1024x220.png HTTP/1.1" 200 77844 "https://www.gjes.ilc.edu.tw/" "Mozilla/5.0 (iPhone; CPU iPhone OS 18_7 like Mac OS X) AppleWebKit/605.1.15 (KHTML, like Gecko) Version/26.5.2 Mobile/15E148 Safari/604.1"
111.71.85.51 - - [26/Aug/2026:21:00:50 +0800] "GET /wp-content/uploads/sites/1664/2020/08/logo70.png HTTP/1.1" 200 103801 "https://www.gjes.ilc.edu.tw/" "Mozilla/5.0 (iPhone; CPU iPhone OS 18_7 like Mac OS X) AppleWebKit/605.1.15 (KHTML, like Gecko) Version/26.5.2 Mobile/15E148 Safari/604.1"
111.71.85.51 - - [26/Aug/2026:21:00:50 +0800] "GET /wp-content/uploads/sites/1664/2021/08/%E6%88%AA%E5%9C%96-2021-08-14-%E4%B8%8A%E5%8D%889.36.40-1024x221.png HTTP/1.1" 200 65029 "https://www.gjes.ilc.edu.tw/" "Mozilla/5.0 (iPhone; CPU iPhone OS 18_7 like Mac OS X) AppleWebKit/605.1.15 (KHTML, like Gecko) Version/26.5.2 Mobile/15E148 Safari/604.1"
111.241.206.99 - - [26/Aug/2026:21:00:50 +0800] "GET /2528/wp-content/uploads/sites/471/2024/04/20240328_1343552-1024x576.jpg HTTP/1.1" 200 161886 "https://2blog.ilc.edu.tw/2528/" "Mozilla/5.0 (Windows NT 10.0; Win64; x64) AppleWebKit/537.36 (KHTML, like Gecko) Chrome/151.0.0.0 Safari/537.36"
111.71.85.51 - - [26/Aug/2026:21:00:50 +0800] "GET /wp-content/uploads/sites/1664/2021/08/%E6%88%AA%E5%9C%96-2021-08-14-%E4%B8%8A%E5%8D%8810.04.26-1024x226.png HTTP/1.1" 200 83108 "https://www.gjes.ilc.edu.tw/" "Mozilla/5.0 (iPhone; CPU iPhone OS 18_7 like Mac OS X) AppleWebKit/605.1.15 (KHTML, like Gecko) Version/26.5.2 Mobile/15E148 Safari/604.1"
111.71.85.51 - - [26/Aug/2026:21:00:50 +0800] "GET /wp-content/uploads/sites/1664/elementor/thumbs/-64-pb8wlxklmkmtglbi8ovur6ofnowpb05h4a7x5a3vzk.png HTTP/1.1" 200 13773 "https://www.gjes.ilc.edu.tw/" "Mozilla/5.0 (iPhone; CPU iPhone OS 18_7 like Mac OS X) AppleWebKit/605.1.15 (KHTML, like Gecko) Version/26.5.2 Mobile/15E148 Safari/604.1"
185.191.171.13 - - [26/Aug/2026:21:00:50 +0800] "GET /24/2005/09/06/%E8%AE%80%E5%AF%AB%E7%B5%90%E5%90%88%E7%9A%84%E4%BF%AE%E8%BE%AD%E6%95%99%E5%AD%B8/ HTTP/1.1" 200 45888 "-" "Mozilla/5.0 (compatible; SemrushBot/7~bl; +http://www.semrush.com/bot.html)"
2407:4b00:4c0c:8321:80a6:37b0:ba7c:64c - - [26/Aug/2026:21:00:50 +0800] "-" 408 4804 "-" "-"
111.71.85.51 - - [26/Aug/2026:21:00:50 +0800] "GET /wp-content/uploads/sites/1664/elementor/thumbs/-64-1-pb8wpm3ue7o8xlyzqs690r8ff0rggbrmmi7dtandm8.png HTTP/1.1" 200 16905 "https://www.gjes.ilc.edu.tw/" "Mozilla/5.0 (iPhone; CPU iPhone OS 18_7 like Mac OS X) AppleWebKit/605.1.15 (KHTML, like Gecko) Version/26.5.2 Mobile/15E148 Safari/604.1"
111.71.85.51 - - [26/Aug/2026:21:00:50 +0800] "GET /wp-content/uploads/sites/1664/2021/08/%E6%88%AA%E5%9C%96-2021-08-14-%E4%B8%8A%E5%8D%8810.14.52-1024x237.png HTTP/1.1" 200 73867 "https://www.gjes.ilc.edu.tw/" "Mozilla/5.0 (iPhone; CPU iPhone OS 18_7 like Mac OS X) AppleWebKit/605.1.15 (KHTML, like Gecko) Version/26.5.2 Mobile/15E148 Safari/604.1"
::1 - - [26/Aug/2026:21:00:50 +0800] "OPTIONS * HTTP/1.0" 200 110 "-" "Apache/2.4.68 (Ubuntu) OpenSSL/3.0.19 (internal dummy connection)"
140.111.67.10 - - [26/Aug/2026:21:00:50 +0800] "GET /" 301 273 "-" "-"
111.241.206.99 - - [26/Aug/2026:21:00:50 +0800] "GET /2528/wp-content/uploads/sites/471/2024/04/3-1024x819.jpg HTTP/1.1" 200 235986 "https://2blog.ilc.edu.tw/2528/" "Mozilla/5.0 (Windows NT 10.0; Win64; x64) AppleWebKit/537.36 (KHTML, like Gecko) Chrome/151.0.0.0 Safari/537.36"
66.249.71.37 - - [26/Aug/2026:21:00:50 +0800] "GET /27438/wp-content/themes/oceanwp/assets/js/theme.min.js HTTP/1.1" 200 9909 "https://2blog.ilc.edu.tw/27438/2021/11/25/110%E5%AD%B8%E5%B9%B4%E5%BA%A6%E6%9C%AC%E5%9C%9F%E8%AA%9E%E6%96%87%E6%95%99%E5%AD%B8%E6%88%90%E6%9E%9C%E7%AB%B6%E8%B3%BD%E6%9A%A8%E7%99%BC%E8%A1%A8%E6%B4%BB%E5%8B%95%E5%A0%B1%E5%90%8D/" "Mozilla/5.0 (Linux; Android 6.0.1; Nexus 5X Build/MMB29P) AppleWebKit/537.36 (KHTML, like Gecko) Chrome/151.0.7922.173 Mobile Safari/537.36 (compatible; Googlebot/2.1; +http://www.google.com/bot.html)"
2407:4b00:1c0f:89d8:b0d5:de82:3770:72a4 - - [26/Aug/2026:21:00:51 +0800] "-" 408 4801 "-" "-"
111.241.206.99 - - [26/Aug/2026:21:00:51 +0800] "GET /2528/wp-content/uploads/sites/471/2024/04/4-1024x819.jpg HTTP/1.1" 200 235477 "https://2blog.ilc.edu.tw/2528/" "Mozilla/5.0 (Windows NT 10.0; Win64; x64) AppleWebKit/537.36 (KHTML, like Gecko) Chrome/151.0.0.0 Safari/537.36"
::1 - - [26/Aug/2026:21:00:51 +0800] "OPTIONS * HTTP/1.0" 200 110 "-" "Apache/2.4.68 (Ubuntu) OpenSSL/3.0.19 (internal dummy connection)"
111.241.206.99 - - [26/Aug/2026:21:00:51 +0800] "GET /2528/wp-content/uploads/sites/471/2024/04/IMG_1973-1024x769.jpg HTTP/1.1" 200 138125 "https://2blog.ilc.edu.tw/2528/" "Mozilla/5.0 (Windows NT 10.0; Win64; x64) AppleWebKit/537.36 (KHTML, like Gecko) Chrome/151.0.0.0 Safari/537.36"
52.167.144.216 - - [26/Aug/2026:21:00:51 +0800] "GET /1003/?s=%E4%BB%8A%E6%9D%91%E6%B6%BC+%E3%82%B9%E3%82%AB%E3%83%AD%E3%82%B1%E3%83%83%E3%83%84%E3%80%80%E5%A4%A7%E5%AD%A6 HTTP/1.1" 200 13845 "-" "Mozilla/5.0 AppleWebKit/537.36 (KHTML, like Gecko; compatible; bingbot/2.0; +http://www.bing.com/bingbot.htm) Chrome/116.0.1938.76 Safari/537.36"
66.249.71.33 - - [26/Aug/2026:21:00:51 +0800] "GET /favicon.ico HTTP/1.1" 302 5886 "-" "Googlebot-Image/1.0"
::1 - - [26/Aug/2026:21:00:52 +0800] "OPTIONS * HTTP/1.0" 200 110 "-" "Apache/2.4.68 (Ubuntu) OpenSSL/3.0.19 (internal dummy connection)"
111.241.206.99 - - [26/Aug/2026:21:00:52 +0800] "GET /2528/wp-content/uploads/sites/471/2024/04/6-1024x819.jpg HTTP/1.1" 200 242042 "https://2blog.ilc.edu.tw/2528/" "Mozilla/5.0 (Windows NT 10.0; Win64; x64) AppleWebKit/537.36 (KHTML, like Gecko) Chrome/151.0.0.0 Safari/537.36"
111.241.206.99 - - [26/Aug/2026:21:00:52 +0800] "GET /2528/wp-content/uploads/sites/471/2024/04/20231106_1501212-EDIT-EFFECTS-1024x576.jpg HTTP/1.1" 200 177334 "https://2blog.ilc.edu.tw/2528/" "Mozilla/5.0 (Windows NT 10.0; Win64; x64) AppleWebKit/537.36 (KHTML, like Gecko) Chrome/151.0.0.0 Safari/537.36"
111.241.206.99 - - [26/Aug/2026:21:00:52 +0800] "GET /2528/wp-content/uploads/sites/471/2024/04/IMG_2289-EDIT-1-1024x576.jpg HTTP/1.1" 200 170703 "https://2blog.ilc.edu.tw/2528/" "Mozilla/5.0 (Windows NT 10.0; Win64; x64) AppleWebKit/537.36 (KHTML, like Gecko) Chrome/151.0.0.0 Safari/537.36"
2001:288:a201::66:125 - - [26/Aug/2026:21:00:53 +0800] "GET /blog/active.php HTTP/1.1" 301 1026 "-" "-"
2001:288:a201::66:125 - - [26/Aug/2026:21:00:53 +0800] "GET /blog/active.php HTTP/1.1" 404 1084 "-" "-"
::1 - - [26/Aug/2026:21:00:53 +0800] "OPTIONS * HTTP/1.0" 200 110 "-" "Apache/2.4.68 (Ubuntu) OpenSSL/3.0.19 (internal dummy connection)"
111.241.206.99 - - [26/Aug/2026:21:00:54 +0800] "GET /2528/wp-content/uploads/sites/471/2024/04/20230528_160248-1024x576.jpg HTTP/1.1" 200 83088 "https://2blog.ilc.edu.tw/2528/" "Mozilla/5.0 (Windows NT 10.0; Win64; x64) AppleWebKit/537.36 (KHTML, like Gecko) Chrome/151.0.0.0 Safari/537.36"
::1 - - [26/Aug/2026:21:00:54 +0800] "OPTIONS * HTTP/1.0" 200 110 "-" "Apache/2.4.68 (Ubuntu) OpenSSL/3.0.19 (internal dummy connection)"
3.212.219.113 - - [26/Aug/2026:21:00:54 +0800] "GET /30841/wp-json/oembed/1.0/embed?url=https://2blog.ilc.edu.tw/30841/2025/12/20/114%25e5%25ad%25b8%25e5%25b9%25b4%25e5%25ba%25a6%25e4%25b8%258a%25e5%25ad%25b8%25e6%259c%259f%25e6%2597%258f%25e8%25aa%259e%25e8%25aa%25b2%25e7%25a8%258b%25e7%25b4%2580%25e9%258c%2584/20251031_092358/ HTTP/1.1" 200 8708 "-" "Mozilla/5.0 AppleWebKit/537.36 (KHTML, like Gecko; compatible; Amazonbot/0.1; +https://developer.amazon.com/support/amazonbot) Chrome/119.0.6045.214 Safari/537.36"
111.241.206.99 - - [26/Aug/2026:21:00:54 +0800] "GET /2528/wp-content/uploads/sites/471/2024/04/7-1024x819.jpg HTTP/1.1" 200 159214 "https://2blog.ilc.edu.tw/2528/" "Mozilla/5.0 (Windows NT 10.0; Win64; x64) AppleWebKit/537.36 (KHTML, like Gecko) Chrome/151.0.0.0 Safari/537.36"
66.249.71.9 - - [26/Aug/2026:21:00:52 +0800] "GET /wp-login.php?action=ilc_logout&_wpnonce=43754d0aad&redirect_to=http://fin21.ru/job/11137/ HTTP/1.1" 302 8240 "-" "Mozilla/5.0 (compatible; Googlebot/2.1; +http://www.google.com/bot.html)"
185.191.171.2 - - [26/Aug/2026:21:00:54 +0800] "GET /6093/category/%E3%80%8A%E5%A4%A7%E9%87%8C%E5%9C%8B%E5%B0%8F%E7%92%B0%E5%A2%83%E6%95%99%E8%82%B2%E6%AD%B7%E5%B9%B4%E8%B3%87%E6%96%99%E3%80%8B/c-22400/page/26/ HTTP/1.1" 200 21369 "-" "Mozilla/5.0 (compatible; SemrushBot/7~bl; +http://www.semrush.com/bot.html)"
66.249.79.230 - - [26/Aug/2026:21:00:55 +0800] "GET /wp-content/uploads/sites/1517/2022/09/cropped-%E6%88%AA%E5%9C%96-2022-09-01-15_0.59.21-32x32.png HTTP/1.1" 200 6723 "-" "Googlebot-Image/1.0"
111.241.206.99 - - [26/Aug/2026:21:00:55 +0800] "GET /2528/wp-content/uploads/sites/471/2024/04/20220508_163901-1024x576.jpg HTTP/1.1" 200 120844 "https://2blog.ilc.edu.tw/2528/" "Mozilla/5.0 (Windows NT 10.0; Win64; x64) AppleWebKit/537.36 (KHTML, like Gecko) Chrome/151.0.0.0 Safari/537.36"
18.205.127.11 - - [26/Aug/2026:21:00:55 +0800] "GET /home110/wp-content/uploads/sites/3372/2021/08/IMG_20210831_141301-1-330x240.jpg HTTP/1.1" 200 43981 "-" "Mozilla/5.0 AppleWebKit/537.36 (KHTML, like Gecko; compatible; Amazonbot/0.1; +https://developer.amazon.com/support/amazonbot) Chrome/119.0.6045.214 Safari/537.36"
::1 - - [26/Aug/2026:21:00:55 +0800] "OPTIONS * HTTP/1.0" 200 110 "-" "Apache/2.4.68 (Ubuntu) OpenSSL/3.0.19 (internal dummy connection)"
