[Wed Aug 26 03:05:22.984210 2026] [authz_core:debug] [pid 2261335:tid 2261335] mod_authz_core.c(815): [client 216.73.216.242:15610] AH01626: authorization result of Require all granted: granted
[Wed Aug 26 03:05:22.984212 2026] [socache_shmcb:debug] [pid 2265128:tid 2265128] mod_socache_shmcb.c(863): AH00848: finished insert, subcache: idx_pos/idx_used=8/62, data_pos/data_used=4067/13809
[Wed Aug 26 03:05:22.984215 2026] [authz_core:debug] [pid 2261335:tid 2261335] mod_authz_core.c(815): [client 216.73.216.242:15610] AH01626: authorization result of : granted
[Wed Aug 26 03:05:22.984215 2026] [socache_shmcb:debug] [pid 2265128:tid 2265128] mod_socache_shmcb.c(530): AH00834: leaving socache_shmcb_store successfully
[Wed Aug 26 03:05:22.984414 2026] [ssl:debug] [pid 2265128:tid 2265128] ssl_engine_kernel.c(254): [client 2a03:2880:f802:2a:::43398] AH02034: Initial (No.1) HTTPS request received for child 23 (server www.jwes.ilc.edu.tw:443)
[Wed Aug 26 03:05:22.984694 2026] [authz_core:debug] [pid 2265128:tid 2265128] mod_authz_core.c(815): [client 2a03:2880:f802:2a:::43398] AH01626: authorization result of Require all granted: granted
[Wed Aug 26 03:05:22.984703 2026] [authz_core:debug] [pid 2265128:tid 2265128] mod_authz_core.c(815): [client 2a03:2880:f802:2a:::43398] AH01626: authorization result of : granted
[Wed Aug 26 03:05:23.043355 2026] [deflate:debug] [pid 2261327:tid 2261327] mod_deflate.c(909): [client 216.73.216.242:65027] AH01384: Zlib: Compressed 537241 to 86032 : URL /index.php
[Wed Aug 26 03:05:23.055739 2026] [ssl:info] [pid 2261105:tid 2261105] [client 2a03:2880:f802:23:::48256] AH01964: Connection to child 7 established (server 2blog.ilc.edu.tw:443)
[Wed Aug 26 03:05:23.055964 2026] [ssl:debug] [pid 2261105:tid 2261105] ssl_engine_kernel.c(2222): [client 2a03:2880:f802:23:::48256] AH02043: SSL virtual host for servername www.jwes.ilc.edu.tw found
[Wed Aug 26 03:05:23.056025 2026] [core:debug] [pid 2261105:tid 2261105] protocol.c(2460): [client 2a03:2880:f802:23:::48256] AH03155: select protocol from , choices=h2,http/1.1 for server www.jwes.ilc.edu.tw
[Wed Aug 26 03:05:23.073096 2026] [deflate:debug] [pid 2261328:tid 2261328] mod_deflate.c(909): [client 216.73.216.242:60943] AH01384: Zlib: Compressed 2643 to 1229 : URL /index.php
[Wed Aug 26 03:05:23.084035 2026] [ssl:debug] [pid 2261085:tid 2261085] ssl_engine_kernel.c(254): [client 216.73.216.242:44710] AH02034: Subsequent (No.29) HTTPS request received for child 0 (server 2blog.ilc.edu.tw:443)
[Wed Aug 26 03:05:23.084244 2026] [authz_core:debug] [pid 2261085:tid 2261085] mod_authz_core.c(815): [client 216.73.216.242:44710] AH01626: authorization result of Require all granted: granted
[Wed Aug 26 03:05:23.084249 2026] [authz_core:debug] [pid 2261085:tid 2261085] mod_authz_core.c(815): [client 216.73.216.242:44710] AH01626: authorization result of : granted
[Wed Aug 26 03:05:23.084386 2026] [authz_core:debug] [pid 2261085:tid 2261085] mod_authz_core.c(815): [client 216.73.216.242:44710] AH01626: authorization result of Require all granted: granted
[Wed Aug 26 03:05:23.084389 2026] [authz_core:debug] [pid 2261085:tid 2261085] mod_authz_core.c(815): [client 216.73.216.242:44710] AH01626: authorization result of : granted
[Wed Aug 26 03:05:23.094247 2026] [headers:debug] [pid 2261346:tid 2261346] mod_headers.c(900): AH01503: headers: ap_headers_error_filter()
[Wed Aug 26 03:05:23.107906 2026] [ssl:info] [pid 2261353:tid 2261353] [client 34.61.96.6:2560] AH01964: Connection to child 44 established (server 2blog.ilc.edu.tw:443)
[Wed Aug 26 03:05:23.108150 2026] [ssl:info] [pid 2261353:tid 2261353] (70014)End of file found: [client 34.61.96.6:2560] AH02006: SSL handshake stopped: connection was closed
[Wed Aug 26 03:05:23.108173 2026] [ssl:info] [pid 2261353:tid 2261353] [client 34.61.96.6:2560] AH01998: Connection closed to child 44 with abortive shutdown (server 2blog.ilc.edu.tw:443)
[Wed Aug 26 03:05:23.120663 2026] [deflate:debug] [pid 2261354:tid 2261354] mod_deflate.c(909): [client 34.30.223.149:29185] AH01384: Zlib: Compressed 64802 to 10379 : URL /index.php
[Wed Aug 26 03:05:23.122895 2026] [ssl:debug] [pid 2261072:tid 2261072] ssl_engine_kernel.c(254): [client 74.7.242.57:53240] AH02034: Subsequent (No.25) HTTPS request received for child 10 (server www.ltes.ilc.edu.tw:443), referer: https://www.ltes.ilc.edu.tw/2012/05/03/%e4%b8%80%e5%ae%9a%e8%a6%81%e6%8e%a8%e8%96%a6%e7%b5%a6%e9%97%9c%e5%bf%8312%e5%b9%b4%e5%9c%8b%e6%95%99%e7%9a%84%e4%bd%a0-%e5%a6%b3%ef%bc%81%ef%bc%81%e3%80%80%e5%9c%8b%e7%ab%8b%e6%95%99%e8%82%b2/
[Wed Aug 26 03:05:23.123111 2026] [authz_core:debug] [pid 2261072:tid 2261072] mod_authz_core.c(815): [client 74.7.242.57:53240] AH01626: authorization result of Require all granted: granted, referer: https://www.ltes.ilc.edu.tw/2012/05/03/%e4%b8%80%e5%ae%9a%e8%a6%81%e6%8e%a8%e8%96%a6%e7%b5%a6%e9%97%9c%e5%bf%8312%e5%b9%b4%e5%9c%8b%e6%95%99%e7%9a%84%e4%bd%a0-%e5%a6%b3%ef%bc%81%ef%bc%81%e3%80%80%e5%9c%8b%e7%ab%8b%e6%95%99%e8%82%b2/
[Wed Aug 26 03:05:23.123117 2026] [authz_core:debug] [pid 2261072:tid 2261072] mod_authz_core.c(815): [client 74.7.242.57:53240] AH01626: authorization result of : granted, referer: https://www.ltes.ilc.edu.tw/2012/05/03/%e4%b8%80%e5%ae%9a%e8%a6%81%e6%8e%a8%e8%96%a6%e7%b5%a6%e9%97%9c%e5%bf%8312%e5%b9%b4%e5%9c%8b%e6%95%99%e7%9a%84%e4%bd%a0-%e5%a6%b3%ef%bc%81%ef%bc%81%e3%80%80%e5%9c%8b%e7%ab%8b%e6%95%99%e8%82%b2/
[Wed Aug 26 03:05:23.123258 2026] [authz_core:debug] [pid 2261072:tid 2261072] mod_authz_core.c(815): [client 74.7.242.57:53240] AH01626: authorization result of Require all granted: granted, referer: https://www.ltes.ilc.edu.tw/2012/05/03/%e4%b8%80%e5%ae%9a%e8%a6%81%e6%8e%a8%e8%96%a6%e7%b5%a6%e9%97%9c%e5%bf%8312%e5%b9%b4%e5%9c%8b%e6%95%99%e7%9a%84%e4%bd%a0-%e5%a6%b3%ef%bc%81%ef%bc%81%e3%80%80%e5%9c%8b%e7%ab%8b%e6%95%99%e8%82%b2/
[Wed Aug 26 03:05:23.123262 2026] [authz_core:debug] [pid 2261072:tid 2261072] mod_authz_core.c(815): [client 74.7.242.57:53240] AH01626: authorization result of : granted, referer: https://www.ltes.ilc.edu.tw/2012/05/03/%e4%b8%80%e5%ae%9a%e8%a6%81%e6%8e%a8%e8%96%a6%e7%b5%a6%e9%97%9c%e5%bf%8312%e5%b9%b4%e5%9c%8b%e6%95%99%e7%9a%84%e4%bd%a0-%e5%a6%b3%ef%bc%81%ef%bc%81%e3%80%80%e5%9c%8b%e7%ab%8b%e6%95%99%e8%82%b2/
[Wed Aug 26 03:05:23.161386 2026] [ssl:info] [pid 2264344:tid 2264344] [client 2001:288:a201::66:125:12758] AH01964: Connection to child 3 established (server 2blog.ilc.edu.tw:443)
[Wed Aug 26 03:05:23.161546 2026] [ssl:debug] [pid 2264344:tid 2264344] ssl_engine_kernel.c(2252): [client 2001:288:a201::66:125:12758] AH02645: Server name not provided via TLS extension (using default/first virtual host)
[Wed Aug 26 03:05:23.161563 2026] [socache_shmcb:debug] [pid 2264344:tid 2264344] mod_socache_shmcb.c(545): AH00835: socache_shmcb_retrieve (0x4b -> subcache 11)
[Wed Aug 26 03:05:23.161568 2026] [socache_shmcb:debug] [pid 2264344:tid 2264344] mod_socache_shmcb.c(896): AH00849: match at idx=24, data=8362
[Wed Aug 26 03:05:23.161570 2026] [socache_shmcb:debug] [pid 2264344:tid 2264344] mod_socache_shmcb.c(556): AH00836: leaving socache_shmcb_retrieve successfully
[Wed Aug 26 03:05:23.162589 2026] [ssl:debug] [pid 2264344:tid 2264344] ssl_engine_kernel.c(2082): [client 2001:288:a201::66:125:12758] AH02041: Protocol: TLSv1.2, Cipher: ECDHE-RSA-AES256-GCM-SHA384 (256/256 bits)
[Wed Aug 26 03:05:23.162695 2026] [ssl:debug] [pid 2264344:tid 2264344] ssl_engine_kernel.c(254): [client 2001:288:a201::66:125:12758] AH02034: Initial (No.1) HTTPS request received for child 3 (server 2blog.ilc.edu.tw:443)
[Wed Aug 26 03:05:23.162863 2026] [authz_core:debug] [pid 2264344:tid 2264344] mod_authz_core.c(815): [client 2001:288:a201::66:125:12758] AH01626: authorization result of Require all granted: granted
[Wed Aug 26 03:05:23.162879 2026] [authz_core:debug] [pid 2264344:tid 2264344] mod_authz_core.c(815): [client 2001:288:a201::66:125:12758] AH01626: authorization result of : granted
[Wed Aug 26 03:05:23.163018 2026] [authz_core:debug] [pid 2264344:tid 2264344] mod_authz_core.c(815): [client 2001:288:a201::66:125:12758] AH01626: authorization result of Require all granted: granted
[Wed Aug 26 03:05:23.163022 2026] [authz_core:debug] [pid 2264344:tid 2264344] mod_authz_core.c(815): [client 2001:288:a201::66:125:12758] AH01626: authorization result of : granted
[Wed Aug 26 03:05:23.163032 2026] [php7:error] [pid 2264344:tid 2264344] [client 2001:288:a201::66:125:12758] script '/var/www/html/2blog/active.php' not found or unable to stat
[Wed Aug 26 03:05:23.163041 2026] [headers:debug] [pid 2264344:tid 2264344] mod_headers.c(900): AH01503: headers: ap_headers_error_filter()
[Wed Aug 26 03:05:23.163148 2026] [ssl:debug] [pid 2264344:tid 2264344] ssl_engine_io.c(1150): [client 2001:288:a201::66:125:12758] AH02001: Connection closed to child 3 with standard shutdown (server 2blog.ilc.edu.tw:443)
[Wed Aug 26 03:05:23.189157 2026] [ssl:debug] [pid 2261139:tid 2261139] ssl_engine_kernel.c(254): [client 216.73.216.242:34720] AH02034: Subsequent (No.3) HTTPS request received for child 47 (server 2blog.ilc.edu.tw:443)
[Wed Aug 26 03:05:23.189370 2026] [authz_core:debug] [pid 2261139:tid 2261139] mod_authz_core.c(815): [client 216.73.216.242:34720] AH01626: authorization result of Require all granted: granted
[Wed Aug 26 03:05:23.189375 2026] [authz_core:debug] [pid 2261139:tid 2261139] mod_authz_core.c(815): [client 216.73.216.242:34720] AH01626: authorization result of : granted
[Wed Aug 26 03:05:23.189548 2026] [authz_core:debug] [pid 2261139:tid 2261139] mod_authz_core.c(815): [client 216.73.216.242:34720] AH01626: authorization result of Require all granted: granted
[Wed Aug 26 03:05:23.189553 2026] [authz_core:debug] [pid 2261139:tid 2261139] mod_authz_core.c(815): [client 216.73.216.242:34720] AH01626: authorization result of : granted
[Wed Aug 26 03:05:23.201112 2026] [ssl:debug] [pid 2261105:tid 2261105] ssl_engine_kernel.c(2082): [client 2a03:2880:f802:23:::48256] AH02041: Protocol: TLSv1.3, Cipher: TLS_AES_256_GCM_SHA384 (256/256 bits)
[Wed Aug 26 03:05:23.201167 2026] [socache_shmcb:debug] [pid 2261105:tid 2261105] mod_socache_shmcb.c(508): AH00831: socache_shmcb_store (0xd2 -> subcache 18)
[Wed Aug 26 03:05:23.201174 2026] [socache_shmcb:debug] [pid 2261105:tid 2261105] mod_socache_shmcb.c(860): AH00847: insert happened at idx=54, data=(8664:8696)
[Wed Aug 26 03:05:23.201176 2026] [socache_shmcb:debug] [pid 2261105:tid 2261105] mod_socache_shmcb.c(863): AH00848: finished insert, subcache: idx_pos/idx_used=85/58, data_pos/data_used=9797/12960
[Wed Aug 26 03:05:23.201178 2026] [socache_shmcb:debug] [pid 2261105:tid 2261105] mod_socache_shmcb.c(530): AH00834: leaving socache_shmcb_store successfully
[Wed Aug 26 03:05:23.201223 2026] [socache_shmcb:debug] [pid 2261105:tid 2261105] mod_socache_shmcb.c(508): AH00831: socache_shmcb_store (0x7f -> subcache 31)
[Wed Aug 26 03:05:23.201229 2026] [socache_shmcb:debug] [pid 2261105:tid 2261105] mod_socache_shmcb.c(860): AH00847: insert happened at idx=45, data=(6780:6812)
[Wed Aug 26 03:05:23.201231 2026] [socache_shmcb:debug] [pid 2261105:tid 2261105] mod_socache_shmcb.c(863): AH00848: finished insert, subcache: idx_pos/idx_used=75/59, data_pos/data_used=7564/13309
[Wed Aug 26 03:05:23.201233 2026] [socache_shmcb:debug] [pid 2261105:tid 2261105] mod_socache_shmcb.c(530): AH00834: leaving socache_shmcb_store successfully
[Wed Aug 26 03:05:23.201359 2026] [ssl:debug] [pid 2261105:tid 2261105] ssl_engine_kernel.c(254): [client 2a03:2880:f802:23:::48256] AH02034: Initial (No.1) HTTPS request received for child 7 (server www.jwes.ilc.edu.tw:443)
[Wed Aug 26 03:05:23.201534 2026] [authz_core:debug] [pid 2261105:tid 2261105] mod_authz_core.c(815): [client 2a03:2880:f802:23:::48256] AH01626: authorization result of Require all granted: granted
[Wed Aug 26 03:05:23.201552 2026] [authz_core:debug] [pid 2261105:tid 2261105] mod_authz_core.c(815): [client 2a03:2880:f802:23:::48256] AH01626: authorization result of : granted
[Wed Aug 26 03:05:23.236681 2026] [deflate:debug] [pid 2261139:tid 2261139] mod_deflate.c(909): [client 216.73.216.242:34720] AH01384: Zlib: Compressed 532874 to 85975 : URL /index.php
[Wed Aug 26 03:05:23.256403 2026] [deflate:debug] [pid 2261311:tid 2261311] mod_deflate.c(909): [client 216.73.216.242:35985] AH01384: Zlib: Compressed 2641 to 1229 : URL /index.php
[Wed Aug 26 03:05:23.290446 2026] [ssl:debug] [pid 2261328:tid 2261328] ssl_engine_kernel.c(254): [client 216.73.216.242:60943] AH02034: Subsequent (No.37) HTTPS request received for child 5 (server 2blog.ilc.edu.tw:443)
[Wed Aug 26 03:05:23.290638 2026] [authz_core:debug] [pid 2261328:tid 2261328] mod_authz_core.c(815): [client 216.73.216.242:60943] AH01626: authorization result of Require all granted: granted
[Wed Aug 26 03:05:23.290644 2026] [authz_core:debug] [pid 2261328:tid 2261328] mod_authz_core.c(815): [client 216.73.216.242:60943] AH01626: authorization result of : granted
[Wed Aug 26 03:05:23.290788 2026] [authz_core:debug] [pid 2261328:tid 2261328] mod_authz_core.c(815): [client 216.73.216.242:60943] AH01626: authorization result of Require all granted: granted
[Wed Aug 26 03:05:23.290792 2026] [authz_core:debug] [pid 2261328:tid 2261328] mod_authz_core.c(815): [client 216.73.216.242:60943] AH01626: authorization result of : granted
[Wed Aug 26 03:05:23.300662 2026] [deflate:debug] [pid 2261343:tid 2261343] mod_deflate.c(909): [client 216.73.216.242:64485] AH01384: Zlib: Compressed 533639 to 85978 : URL /index.php
[Wed Aug 26 03:05:23.325830 2026] [ssl:info] [pid 2261336:tid 2261336] [client 34.10.180.98:46592] AH01964: Connection to child 24 established (server 2blog.ilc.edu.tw:443)
[Wed Aug 26 03:05:23.325986 2026] [ssl:info] [pid 2261336:tid 2261336] (70014)End of file found: [client 34.10.180.98:46592] AH02006: SSL handshake stopped: connection was closed
[Wed Aug 26 03:05:23.325993 2026] [ssl:info] [pid 2261336:tid 2261336] [client 34.10.180.98:46592] AH01998: Connection closed to child 24 with abortive shutdown (server 2blog.ilc.edu.tw:443)
[Wed Aug 26 03:05:23.326523 2026] [deflate:debug] [pid 2261328:tid 2261328] mod_deflate.c(909): [client 216.73.216.242:60943] AH01384: Zlib: Compressed 539264 to 86075 : URL /index.php
[Wed Aug 26 03:05:23.333964 2026] [deflate:debug] [pid 2261335:tid 2261335] mod_deflate.c(909): [client 216.73.216.242:15610] AH01384: Zlib: Compressed 2635 to 1218 : URL /index.php
[Wed Aug 26 03:05:23.369036 2026] [deflate:debug] [pid 2261072:tid 2261072] mod_deflate.c(909): [client 74.7.242.57:53240] AH01384: Zlib: Compressed 3641 to 1380 : URL /index.php, referer: https://www.ltes.ilc.edu.tw/2012/05/03/%e4%b8%80%e5%ae%9a%e8%a6%81%e6%8e%a8%e8%96%a6%e7%b5%a6%e9%97%9c%e5%bf%8312%e5%b9%b4%e5%9c%8b%e6%95%99%e7%9a%84%e4%bd%a0-%e5%a6%b3%ef%bc%81%ef%bc%81%e3%80%80%e5%9c%8b%e7%ab%8b%e6%95%99%e8%82%b2/
[Wed Aug 26 03:05:23.377084 2026] [ssl:debug] [pid 2261629:tid 2261629] ssl_engine_io.c(1150): [client 34.123.149.87:8704] AH02001: Connection closed to child 12 with standard shutdown (server 2blog.ilc.edu.tw:443)
[Wed Aug 26 03:05:23.403689 2026] [ssl:debug] [pid 2261130:tid 2261130] ssl_engine_kernel.c(254): [client 216.73.216.242:6182] AH02034: Subsequent (No.30) HTTPS request received for child 38 (server 2blog.ilc.edu.tw:443)
[Wed Aug 26 03:05:23.404067 2026] [authz_core:debug] [pid 2261130:tid 2261130] mod_authz_core.c(815): [client 216.73.216.242:6182] AH01626: authorization result of Require all granted: granted
[Wed Aug 26 03:05:23.404077 2026] [authz_core:debug] [pid 2261130:tid 2261130] mod_authz_core.c(815): [client 216.73.216.242:6182] AH01626: authorization result of : granted
[Wed Aug 26 03:05:23.404230 2026] [authz_core:debug] [pid 2261130:tid 2261130] mod_authz_core.c(815): [client 216.73.216.242:6182] AH01626: authorization result of Require all granted: granted
[Wed Aug 26 03:05:23.404339 2026] [authz_core:debug] [pid 2261130:tid 2261130] mod_authz_core.c(815): [client 216.73.216.242:6182] AH01626: authorization result of : granted
[Wed Aug 26 03:05:23.422600 2026] [ssl:info] [pid 2256115:tid 2256115] [client 54.225.148.123:16888] AH01964: Connection to child 18 established (server 2blog.ilc.edu.tw:443)
[Wed Aug 26 03:05:23.423094 2026] [ssl:debug] [pid 2256115:tid 2256115] ssl_engine_kernel.c(2222): [client 54.225.148.123:16888] AH02043: SSL virtual host for servername 2blog.ilc.edu.tw found
[Wed Aug 26 03:05:23.453942 2026] [deflate:debug] [pid 2261085:tid 2261085] mod_deflate.c(909): [client 216.73.216.242:44710] AH01384: Zlib: Compressed 2632 to 1218 : URL /index.php
[Wed Aug 26 03:05:23.470664 2026] [ssl:info] [pid 2261346:tid 2261346] [client 34.56.53.225:6144] AH01964: Connection to child 35 established (server 2blog.ilc.edu.tw:443)
[Wed Aug 26 03:05:23.470821 2026] [ssl:debug] [pid 2261346:tid 2261346] ssl_engine_kernel.c(2222): [client 34.56.53.225:6144] AH02043: SSL virtual host for servername 2blog.ilc.edu.tw found
[Wed Aug 26 03:05:23.470882 2026] [core:debug] [pid 2261346:tid 2261346] protocol.c(2460): [client 34.56.53.225:6144] AH03155: select protocol from , choices=http/1.1 for server 2blog.ilc.edu.tw
[Wed Aug 26 03:05:23.503391 2026] [ssl:debug] [pid 2261311:tid 2261311] ssl_engine_kernel.c(254): [client 216.73.216.242:35985] AH02034: Subsequent (No.33) HTTPS request received for child 2 (server 2blog.ilc.edu.tw:443)
[Wed Aug 26 03:05:23.503613 2026] [authz_core:debug] [pid 2261311:tid 2261311] mod_authz_core.c(815): [client 216.73.216.242:35985] AH01626: authorization result of Require all granted: granted
[Wed Aug 26 03:05:23.503618 2026] [authz_core:debug] [pid 2261311:tid 2261311] mod_authz_core.c(815): [client 216.73.216.242:35985] AH01626: authorization result of : granted
[Wed Aug 26 03:05:23.503758 2026] [authz_core:debug] [pid 2261311:tid 2261311] mod_authz_core.c(815): [client 216.73.216.242:35985] AH01626: authorization result of Require all granted: granted
[Wed Aug 26 03:05:23.503762 2026] [authz_core:debug] [pid 2261311:tid 2261311] mod_authz_core.c(815): [client 216.73.216.242:35985] AH01626: authorization result of : granted
[Wed Aug 26 03:05:23.585045 2026] [ssl:debug] [pid 2261330:tid 2261330] ssl_engine_io.c(1150): [client 2a03:2880:f802:::20298] AH02001: Connection closed to child 8 with standard shutdown (server www.jwes.ilc.edu.tw:443)
[Wed Aug 26 03:05:23.600823 2026] [ssl:debug] [pid 2261335:tid 2261335] ssl_engine_kernel.c(254): [client 216.73.216.242:15610] AH02034: Subsequent (No.36) HTTPS request received for child 22 (server 2blog.ilc.edu.tw:443)
[Wed Aug 26 03:05:23.601058 2026] [authz_core:debug] [pid 2261335:tid 2261335] mod_authz_core.c(815): [client 216.73.216.242:15610] AH01626: authorization result of Require all granted: granted
[Wed Aug 26 03:05:23.601064 2026] [authz_core:debug] [pid 2261335:tid 2261335] mod_authz_core.c(815): [client 216.73.216.242:15610] AH01626: authorization result of : granted
[Wed Aug 26 03:05:23.601202 2026] [authz_core:debug] [pid 2261335:tid 2261335] mod_authz_core.c(815): [client 216.73.216.242:15610] AH01626: authorization result of Require all granted: granted
[Wed Aug 26 03:05:23.601206 2026] [authz_core:debug] [pid 2261335:tid 2261335] mod_authz_core.c(815): [client 216.73.216.242:15610] AH01626: authorization result of : granted
[Wed Aug 26 03:05:23.644049 2026] [ssl:debug] [pid 2256115:tid 2256115] ssl_engine_kernel.c(2082): [client 54.225.148.123:16888] AH02041: Protocol: TLSv1.3, Cipher: TLS_AES_256_GCM_SHA384 (256/256 bits)
[Wed Aug 26 03:05:23.644105 2026] [socache_shmcb:debug] [pid 2256115:tid 2256115] mod_socache_shmcb.c(508): AH00831: socache_shmcb_store (0x38 -> subcache 24)
[Wed Aug 26 03:05:23.644112 2026] [socache_shmcb:debug] [pid 2256115:tid 2256115] mod_socache_shmcb.c(745): AH00842: expiring 1 and reclaiming 0 removed socache entries
[Wed Aug 26 03:05:23.644115 2026] [socache_shmcb:debug] [pid 2256115:tid 2256115] mod_socache_shmcb.c(765): AH00843: we now have 36 socache entries
[Wed Aug 26 03:05:23.644127 2026] [socache_shmcb:debug] [pid 2256115:tid 2256115] mod_socache_shmcb.c(860): AH00847: insert happened at idx=7, data=(4189:4221)
[Wed Aug 26 03:05:23.644129 2026] [socache_shmcb:debug] [pid 2256115:tid 2256115] mod_socache_shmcb.c(863): AH00848: finished insert, subcache: idx_pos/idx_used=59/37, data_pos/data_used=9956/8310
[Wed Aug 26 03:05:23.644131 2026] [socache_shmcb:debug] [pid 2256115:tid 2256115] mod_socache_shmcb.c(530): AH00834: leaving socache_shmcb_store successfully
[Wed Aug 26 03:05:23.644180 2026] [socache_shmcb:debug] [pid 2256115:tid 2256115] mod_socache_shmcb.c(508): AH00831: socache_shmcb_store (0x5b -> subcache 27)
[Wed Aug 26 03:05:23.644185 2026] [socache_shmcb:debug] [pid 2256115:tid 2256115] mod_socache_shmcb.c(745): AH00842: expiring 1 and reclaiming 0 removed socache entries
[Wed Aug 26 03:05:23.644187 2026] [socache_shmcb:debug] [pid 2256115:tid 2256115] mod_socache_shmcb.c(765): AH00843: we now have 56 socache entries
[Wed Aug 26 03:05:23.644189 2026] [socache_shmcb:debug] [pid 2256115:tid 2256115] mod_socache_shmcb.c(860): AH00847: insert happened at idx=82, data=(7178:7210)
[Wed Aug 26 03:05:23.644190 2026] [socache_shmcb:debug] [pid 2256115:tid 2256115] mod_socache_shmcb.c(863): AH00848: finished insert, subcache: idx_pos/idx_used=26/57, data_pos/data_used=8445/12810
[Wed Aug 26 03:05:23.644192 2026] [socache_shmcb:debug] [pid 2256115:tid 2256115] mod_socache_shmcb.c(530): AH00834: leaving socache_shmcb_store successfully
[Wed Aug 26 03:05:23.644311 2026] [ssl:debug] [pid 2256115:tid 2256115] ssl_engine_kernel.c(254): [client 54.225.148.123:16888] AH02034: Initial (No.1) HTTPS request received for child 18 (server 2blog.ilc.edu.tw:443)
[Wed Aug 26 03:05:23.647005 2026] [ssl:info] [pid 2261353:tid 2261353] [client 66.249.71.131:46972] AH01964: Connection to child 44 established (server 2blog.ilc.edu.tw:443)
[Wed Aug 26 03:05:23.647171 2026] [ssl:debug] [pid 2261353:tid 2261353] ssl_engine_kernel.c(2222): [client 66.249.71.131:46972] AH02043: SSL virtual host for servername www.ilc.edu.tw found
[Wed Aug 26 03:05:23.647273 2026] [ssl:debug] [pid 2261353:tid 2261353] ssl_util_stapling.c(819): AH01951: stapling_cb: OCSP Stapling callback called
[Wed Aug 26 03:05:23.647283 2026] [ssl:info] [pid 2261353:tid 2261353] AH01926: stapling_get_certinfo: stapling not supported for certificate
[Wed Aug 26 03:05:23.654745 2026] [authz_core:debug] [pid 2256115:tid 2256115] mod_authz_core.c(815): [client 54.225.148.123:16888] AH01626: authorization result of Require all granted: granted
[Wed Aug 26 03:05:23.654765 2026] [authz_core:debug] [pid 2256115:tid 2256115] mod_authz_core.c(815): [client 54.225.148.123:16888] AH01626: authorization result of : granted
[Wed Aug 26 03:05:23.655624 2026] [ssl:debug] [pid 2261353:tid 2261353] ssl_engine_kernel.c(2082): [client 66.249.71.131:46972] AH02041: Protocol: TLSv1.3, Cipher: TLS_AES_256_GCM_SHA384 (256/256 bits)
[Wed Aug 26 03:05:23.655704 2026] [socache_shmcb:debug] [pid 2261353:tid 2261353] mod_socache_shmcb.c(508): AH00831: socache_shmcb_store (0x60 -> subcache 0)
[Wed Aug 26 03:05:23.655714 2026] [socache_shmcb:debug] [pid 2261353:tid 2261353] mod_socache_shmcb.c(860): AH00847: insert happened at idx=22, data=(7636:7668)
[Wed Aug 26 03:05:23.655717 2026] [socache_shmcb:debug] [pid 2261353:tid 2261353] mod_socache_shmcb.c(863): AH00848: finished insert, subcache: idx_pos/idx_used=66/45, data_pos/data_used=11634/10078
[Wed Aug 26 03:05:23.655720 2026] [socache_shmcb:debug] [pid 2261353:tid 2261353] mod_socache_shmcb.c(530): AH00834: leaving socache_shmcb_store successfully
[Wed Aug 26 03:05:23.655774 2026] [socache_shmcb:debug] [pid 2261353:tid 2261353] mod_socache_shmcb.c(508): AH00831: socache_shmcb_store (0x58 -> subcache 24)
[Wed Aug 26 03:05:23.655780 2026] [socache_shmcb:debug] [pid 2261353:tid 2261353] mod_socache_shmcb.c(860): AH00847: insert happened at idx=8, data=(4402:4434)
[Wed Aug 26 03:05:23.655782 2026] [socache_shmcb:debug] [pid 2261353:tid 2261353] mod_socache_shmcb.c(863): AH00848: finished insert, subcache: idx_pos/idx_used=59/38, data_pos/data_used=9956/8521
[Wed Aug 26 03:05:23.655795 2026] [socache_shmcb:debug] [pid 2261353:tid 2261353] mod_socache_shmcb.c(530): AH00834: leaving socache_shmcb_store successfully
[Wed Aug 26 03:05:23.655917 2026] [ssl:debug] [pid 2261353:tid 2261353] ssl_engine_kernel.c(254): [client 66.249.71.131:46972] AH02034: Initial (No.1) HTTPS request received for child 44 (server www.ilc.edu.tw:443)
[Wed Aug 26 03:05:23.656090 2026] [authz_core:debug] [pid 2261353:tid 2261353] mod_authz_core.c(815): [client 66.249.71.131:46972] AH01626: authorization result of Require all granted: granted
[Wed Aug 26 03:05:23.656096 2026] [authz_core:debug] [pid 2261353:tid 2261353] mod_authz_core.c(815): [client 66.249.71.131:46972] AH01626: authorization result of : granted
[Wed Aug 26 03:05:23.657634 2026] [ssl:debug] [pid 2256115:tid 2256115] ssl_engine_io.c(1150): [client 54.225.148.123:16888] AH02001: Connection closed to child 18 with standard shutdown (server 2blog.ilc.edu.tw:443)
[Wed Aug 26 03:05:23.679975 2026] [deflate:debug] [pid 2261329:tid 2261329] mod_deflate.c(909): [client 216.73.216.242:21164] AH01384: Zlib: Compressed 538078 to 86189 : URL /index.php
[Wed Aug 26 03:05:23.689035 2026] [ssl:debug] [pid 2261072:tid 2261072] ssl_engine_kernel.c(254): [client 74.7.242.57:53240] AH02034: Subsequent (No.26) HTTPS request received for child 10 (server www.ltes.ilc.edu.tw:443), referer: https://www.ltes.ilc.edu.tw/2014/04/29/%e8%b3%80%ef%bc%81%e6%9c%ac%e6%a0%a1%e5%bb%96%e4%b8%96%e5%87%b1%e8%80%81%e5%b8%ab%e7%ad%89%e5%9b%9b%e4%bd%8d%e8%80%81%e5%b8%ab-%e6%a6%ae%e7%8d%b2103%e5%b9%b4%e5%ba%a6%e5%ae%9c%e8%98%ad%e7%b8%a3/
[Wed Aug 26 03:05:23.689253 2026] [authz_core:debug] [pid 2261072:tid 2261072] mod_authz_core.c(815): [client 74.7.242.57:53240] AH01626: authorization result of Require all granted: granted, referer: https://www.ltes.ilc.edu.tw/2014/04/29/%e8%b3%80%ef%bc%81%e6%9c%ac%e6%a0%a1%e5%bb%96%e4%b8%96%e5%87%b1%e8%80%81%e5%b8%ab%e7%ad%89%e5%9b%9b%e4%bd%8d%e8%80%81%e5%b8%ab-%e6%a6%ae%e7%8d%b2103%e5%b9%b4%e5%ba%a6%e5%ae%9c%e8%98%ad%e7%b8%a3/
[Wed Aug 26 03:05:23.689261 2026] [authz_core:debug] [pid 2261072:tid 2261072] mod_authz_core.c(815): [client 74.7.242.57:53240] AH01626: authorization result of : granted, referer: https://www.ltes.ilc.edu.tw/2014/04/29/%e8%b3%80%ef%bc%81%e6%9c%ac%e6%a0%a1%e5%bb%96%e4%b8%96%e5%87%b1%e8%80%81%e5%b8%ab%e7%ad%89%e5%9b%9b%e4%bd%8d%e8%80%81%e5%b8%ab-%e6%a6%ae%e7%8d%b2103%e5%b9%b4%e5%ba%a6%e5%ae%9c%e8%98%ad%e7%b8%a3/
[Wed Aug 26 03:05:23.689403 2026] [authz_core:debug] [pid 2261072:tid 2261072] mod_authz_core.c(815): [client 74.7.242.57:53240] AH01626: authorization result of Require all granted: granted, referer: https://www.ltes.ilc.edu.tw/2014/04/29/%e8%b3%80%ef%bc%81%e6%9c%ac%e6%a0%a1%e5%bb%96%e4%b8%96%e5%87%b1%e8%80%81%e5%b8%ab%e7%ad%89%e5%9b%9b%e4%bd%8d%e8%80%81%e5%b8%ab-%e6%a6%ae%e7%8d%b2103%e5%b9%b4%e5%ba%a6%e5%ae%9c%e8%98%ad%e7%b8%a3/
[Wed Aug 26 03:05:23.689407 2026] [authz_core:debug] [pid 2261072:tid 2261072] mod_authz_core.c(815): [client 74.7.242.57:53240] AH01626: authorization result of : granted, referer: https://www.ltes.ilc.edu.tw/2014/04/29/%e8%b3%80%ef%bc%81%e6%9c%ac%e6%a0%a1%e5%bb%96%e4%b8%96%e5%87%b1%e8%80%81%e5%b8%ab%e7%ad%89%e5%9b%9b%e4%bd%8d%e8%80%81%e5%b8%ab-%e6%a6%ae%e7%8d%b2103%e5%b9%b4%e5%ba%a6%e5%ae%9c%e8%98%ad%e7%b8%a3/
[Wed Aug 26 03:05:23.702402 2026] [deflate:debug] [pid 2261130:tid 2261130] mod_deflate.c(909): [client 216.73.216.242:6182] AH01384: Zlib: Compressed 2632 to 1218 : URL /index.php
[Wed Aug 26 03:05:23.702715 2026] [ssl:debug] [pid 2261085:tid 2261085] ssl_engine_kernel.c(254): [client 216.73.216.242:44710] AH02034: Subsequent (No.30) HTTPS request received for child 0 (server 2blog.ilc.edu.tw:443)
[Wed Aug 26 03:05:23.702904 2026] [authz_core:debug] [pid 2261085:tid 2261085] mod_authz_core.c(815): [client 216.73.216.242:44710] AH01626: authorization result of Require all granted: granted
[Wed Aug 26 03:05:23.702920 2026] [authz_core:debug] [pid 2261085:tid 2261085] mod_authz_core.c(815): [client 216.73.216.242:44710] AH01626: authorization result of : granted
[Wed Aug 26 03:05:23.703063 2026] [authz_core:debug] [pid 2261085:tid 2261085] mod_authz_core.c(815): [client 216.73.216.242:44710] AH01626: authorization result of Require all granted: granted
[Wed Aug 26 03:05:23.703067 2026] [authz_core:debug] [pid 2261085:tid 2261085] mod_authz_core.c(815): [client 216.73.216.242:44710] AH01626: authorization result of : granted
[Wed Aug 26 03:05:23.800247 2026] [ssl:debug] [pid 2261346:tid 2261346] ssl_engine_kernel.c(2082): [client 34.56.53.225:6144] AH02041: Protocol: TLSv1.3, Cipher: TLS_AES_256_GCM_SHA384 (256/256 bits)
[Wed Aug 26 03:05:23.800307 2026] [socache_shmcb:debug] [pid 2261346:tid 2261346] mod_socache_shmcb.c(508): AH00831: socache_shmcb_store (0x14 -> subcache 20)
[Wed Aug 26 03:05:23.800314 2026] [socache_shmcb:debug] [pid 2261346:tid 2261346] mod_socache_shmcb.c(860): AH00847: insert happened at idx=10, data=(5153:5185)
[Wed Aug 26 03:05:23.800316 2026] [socache_shmcb:debug] [pid 2261346:tid 2261346] mod_socache_shmcb.c(863): AH00848: finished insert, subcache: idx_pos/idx_used=51/48, data_pos/data_used=8485/10758
[Wed Aug 26 03:05:23.800319 2026] [socache_shmcb:debug] [pid 2261346:tid 2261346] mod_socache_shmcb.c(530): AH00834: leaving socache_shmcb_store successfully
[Wed Aug 26 03:05:23.800376 2026] [socache_shmcb:debug] [pid 2261346:tid 2261346] mod_socache_shmcb.c(508): AH00831: socache_shmcb_store (0x66 -> subcache 6)
[Wed Aug 26 03:05:23.800382 2026] [socache_shmcb:debug] [pid 2261346:tid 2261346] mod_socache_shmcb.c(860): AH00847: insert happened at idx=9, data=(4336:4368)
[Wed Aug 26 03:05:23.800384 2026] [socache_shmcb:debug] [pid 2261346:tid 2261346] mod_socache_shmcb.c(863): AH00848: finished insert, subcache: idx_pos/idx_used=42/56, data_pos/data_used=5901/12525
[Wed Aug 26 03:05:23.800386 2026] [socache_shmcb:debug] [pid 2261346:tid 2261346] mod_socache_shmcb.c(530): AH00834: leaving socache_shmcb_store successfully
[Wed Aug 26 03:05:23.802842 2026] [ssl:debug] [pid 2261343:tid 2261343] ssl_engine_kernel.c(254): [client 216.73.216.242:64485] AH02034: Subsequent (No.3) HTTPS request received for child 32 (server 2blog.ilc.edu.tw:443)
[Wed Aug 26 03:05:23.803078 2026] [authz_core:debug] [pid 2261343:tid 2261343] mod_authz_core.c(815): [client 216.73.216.242:64485] AH01626: authorization result of Require all granted: granted
[Wed Aug 26 03:05:23.803084 2026] [authz_core:debug] [pid 2261343:tid 2261343] mod_authz_core.c(815): [client 216.73.216.242:64485] AH01626: authorization result of : granted
[Wed Aug 26 03:05:23.803269 2026] [authz_core:debug] [pid 2261343:tid 2261343] mod_authz_core.c(815): [client 216.73.216.242:64485] AH01626: authorization result of Require all granted: granted
[Wed Aug 26 03:05:23.803274 2026] [authz_core:debug] [pid 2261343:tid 2261343] mod_authz_core.c(815): [client 216.73.216.242:64485] AH01626: authorization result of : granted
[Wed Aug 26 03:05:23.839477 2026] [ssl:info] [pid 2264344:tid 2264344] [client 34.42.229.145:58881] AH01964: Connection to child 3 established (server 2blog.ilc.edu.tw:443)
[Wed Aug 26 03:05:23.839618 2026] [ssl:debug] [pid 2264344:tid 2264344] ssl_engine_kernel.c(2222): [client 34.42.229.145:58881] AH02043: SSL virtual host for servername 2blog.ilc.edu.tw found
[Wed Aug 26 03:05:23.839672 2026] [core:debug] [pid 2264344:tid 2264344] protocol.c(2460): [client 34.42.229.145:58881] AH03155: select protocol from , choices=http/1.1 for server 2blog.ilc.edu.tw
[Wed Aug 26 03:05:23.903660 2026] [deflate:debug] [pid 2261311:tid 2261311] mod_deflate.c(909): [client 216.73.216.242:35985] AH01384: Zlib: Compressed 2632 to 1216 : URL /index.php
[Wed Aug 26 03:05:23.914983 2026] [ssl:debug] [pid 2261327:tid 2261327] ssl_engine_kernel.c(254): [client 216.73.216.242:65027] AH02034: Subsequent (No.33) HTTPS request received for child 4 (server 2blog.ilc.edu.tw:443)
[Wed Aug 26 03:05:23.915172 2026] [authz_core:debug] [pid 2261327:tid 2261327] mod_authz_core.c(815): [client 216.73.216.242:65027] AH01626: authorization result of Require all granted: granted
[Wed Aug 26 03:05:23.915188 2026] [authz_core:debug] [pid 2261327:tid 2261327] mod_authz_core.c(815): [client 216.73.216.242:65027] AH01626: authorization result of : granted
[Wed Aug 26 03:05:23.915324 2026] [authz_core:debug] [pid 2261327:tid 2261327] mod_authz_core.c(815): [client 216.73.216.242:65027] AH01626: authorization result of Require all granted: granted
[Wed Aug 26 03:05:23.915328 2026] [authz_core:debug] [pid 2261327:tid 2261327] mod_authz_core.c(815): [client 216.73.216.242:65027] AH01626: authorization result of : granted
[Wed Aug 26 03:05:23.944821 2026] [deflate:debug] [pid 2261072:tid 2261072] mod_deflate.c(909): [client 74.7.242.57:53240] AH01384: Zlib: Compressed 3553 to 1359 : URL /index.php, referer: https://www.ltes.ilc.edu.tw/2014/04/29/%e8%b3%80%ef%bc%81%e6%9c%ac%e6%a0%a1%e5%bb%96%e4%b8%96%e5%87%b1%e8%80%81%e5%b8%ab%e7%ad%89%e5%9b%9b%e4%bd%8d%e8%80%81%e5%b8%ab-%e6%a6%ae%e7%8d%b2103%e5%b9%b4%e5%ba%a6%e5%ae%9c%e8%98%ad%e7%b8%a3/
[Wed Aug 26 03:05:23.974887 2026] [ssl:debug] [pid 2261346:tid 2261346] ssl_engine_kernel.c(254): [client 34.56.53.225:6144] AH02034: Initial (No.1) HTTPS request received for child 35 (server 2blog.ilc.edu.tw:443)
[Wed Aug 26 03:05:23.975093 2026] [authz_core:debug] [pid 2261346:tid 2261346] mod_authz_core.c(815): [client 34.56.53.225:6144] AH01626: authorization result of Require all granted: granted
[Wed Aug 26 03:05:23.975099 2026] [authz_core:debug] [pid 2261346:tid 2261346] mod_authz_core.c(815): [client 34.56.53.225:6144] AH01626: authorization result of : granted
[Wed Aug 26 03:05:23.975245 2026] [authz_core:debug] [pid 2261346:tid 2261346] mod_authz_core.c(815): [client 34.56.53.225:6144] AH01626: authorization result of Require all granted: granted
[Wed Aug 26 03:05:23.975249 2026] [authz_core:debug] [pid 2261346:tid 2261346] mod_authz_core.c(815): [client 34.56.53.225:6144] AH01626: authorization result of : granted
[Wed Aug 26 03:05:24.015774 2026] [ssl:debug] [pid 2261130:tid 2261130] ssl_engine_kernel.c(254): [client 216.73.216.242:6182] AH02034: Subsequent (No.31) HTTPS request received for child 38 (server 2blog.ilc.edu.tw:443)
[Wed Aug 26 03:05:24.015977 2026] [authz_core:debug] [pid 2261130:tid 2261130] mod_authz_core.c(815): [client 216.73.216.242:6182] AH01626: authorization result of Require all granted: granted
[Wed Aug 26 03:05:24.015982 2026] [authz_core:debug] [pid 2261130:tid 2261130] mod_authz_core.c(815): [client 216.73.216.242:6182] AH01626: authorization result of : granted
[Wed Aug 26 03:05:24.016138 2026] [authz_core:debug] [pid 2261130:tid 2261130] mod_authz_core.c(815): [client 216.73.216.242:6182] AH01626: authorization result of Require all granted: granted
[Wed Aug 26 03:05:24.016143 2026] [authz_core:debug] [pid 2261130:tid 2261130] mod_authz_core.c(815): [client 216.73.216.242:6182] AH01626: authorization result of : granted
[Wed Aug 26 03:05:24.047397 2026] [deflate:debug] [pid 2261335:tid 2261335] mod_deflate.c(909): [client 216.73.216.242:15610] AH01384: Zlib: Compressed 2632 to 1218 : URL /index.php
[Wed Aug 26 03:05:24.049137 2026] [deflate:debug] [pid 2261130:tid 2261130] mod_deflate.c(909): [client 216.73.216.242:6182] AH01384: Zlib: Compressed 533845 to 84951 : URL /index.php
[Wed Aug 26 03:05:24.075227 2026] [deflate:debug] [pid 2261085:tid 2261085] mod_deflate.c(909): [client 216.73.216.242:44710] AH01384: Zlib: Compressed 2633 to 1220 : URL /index.php
[Wed Aug 26 03:05:24.105853 2026] [ssl:debug] [pid 2261328:tid 2261328] ssl_engine_kernel.c(254): [client 216.73.216.242:60943] AH02034: Subsequent (No.38) HTTPS request received for child 5 (server 2blog.ilc.edu.tw:443)
[Wed Aug 26 03:05:24.106060 2026] [authz_core:debug] [pid 2261328:tid 2261328] mod_authz_core.c(815): [client 216.73.216.242:60943] AH01626: authorization result of Require all granted: granted
[Wed Aug 26 03:05:24.106066 2026] [authz_core:debug] [pid 2261328:tid 2261328] mod_authz_core.c(815): [client 216.73.216.242:60943] AH01626: authorization result of : granted
[Wed Aug 26 03:05:24.106218 2026] [authz_core:debug] [pid 2261328:tid 2261328] mod_authz_core.c(815): [client 216.73.216.242:60943] AH01626: authorization result of Require all granted: granted
[Wed Aug 26 03:05:24.106222 2026] [authz_core:debug] [pid 2261328:tid 2261328] mod_authz_core.c(815): [client 216.73.216.242:60943] AH01626: authorization result of : granted
[Wed Aug 26 03:05:24.116489 2026] [watchdog:debug] [pid 2265533:tid 2265533] mod_watchdog.c(559): AH02980: Watchdog: nothing configured?
[Wed Aug 26 03:05:24.135898 2026] [ssl:info] [pid 2261336:tid 2261336] [client 2a03:2880:f802:2e:::60324] AH01964: Connection to child 24 established (server 2blog.ilc.edu.tw:443)
[Wed Aug 26 03:05:24.136088 2026] [ssl:debug] [pid 2261336:tid 2261336] ssl_engine_kernel.c(2222): [client 2a03:2880:f802:2e:::60324] AH02043: SSL virtual host for servername www.jwes.ilc.edu.tw found
[Wed Aug 26 03:05:24.136150 2026] [core:debug] [pid 2261336:tid 2261336] protocol.c(2460): [client 2a03:2880:f802:2e:::60324] AH03155: select protocol from , choices=h2,http/1.1 for server www.jwes.ilc.edu.tw
[Wed Aug 26 03:05:24.150121 2026] [ssl:info] [pid 2261330:tid 2261330] [client 34.30.223.149:61952] AH01964: Connection to child 8 established (server 2blog.ilc.edu.tw:443)
[Wed Aug 26 03:05:24.150281 2026] [ssl:debug] [pid 2261330:tid 2261330] ssl_engine_kernel.c(2222): [client 34.30.223.149:61952] AH02043: SSL virtual host for servername 2blog.ilc.edu.tw found
[Wed Aug 26 03:05:24.150334 2026] [core:debug] [pid 2261330:tid 2261330] protocol.c(2460): [client 34.30.223.149:61952] AH03155: select protocol from , choices=http/1.1 for server 2blog.ilc.edu.tw
[Wed Aug 26 03:05:24.160218 2026] [ssl:debug] [pid 2264344:tid 2264344] ssl_engine_kernel.c(2082): [client 34.42.229.145:58881] AH02041: Protocol: TLSv1.3, Cipher: TLS_AES_256_GCM_SHA384 (256/256 bits)
[Wed Aug 26 03:05:24.160278 2026] [socache_shmcb:debug] [pid 2264344:tid 2264344] mod_socache_shmcb.c(508): AH00831: socache_shmcb_store (0x9a -> subcache 26)
[Wed Aug 26 03:05:24.160295 2026] [socache_shmcb:debug] [pid 2264344:tid 2264344] mod_socache_shmcb.c(860): AH00847: insert happened at idx=81, data=(6653:6685)
[Wed Aug 26 03:05:24.160298 2026] [socache_shmcb:debug] [pid 2264344:tid 2264344] mod_socache_shmcb.c(863): AH00848: finished insert, subcache: idx_pos/idx_used=24/58, data_pos/data_used=7704/13038
[Wed Aug 26 03:05:24.160300 2026] [socache_shmcb:debug] [pid 2264344:tid 2264344] mod_socache_shmcb.c(530): AH00834: leaving socache_shmcb_store successfully
[Wed Aug 26 03:05:24.160361 2026] [socache_shmcb:debug] [pid 2264344:tid 2264344] mod_socache_shmcb.c(508): AH00831: socache_shmcb_store (0x89 -> subcache 9)
[Wed Aug 26 03:05:24.160367 2026] [socache_shmcb:debug] [pid 2264344:tid 2264344] mod_socache_shmcb.c(798): AH00845: about to force-expire, subcache: idx_used=61, data_used=13661
[Wed Aug 26 03:05:24.160369 2026] [socache_shmcb:debug] [pid 2264344:tid 2264344] mod_socache_shmcb.c(824): AH00846: finished force-expire, subcache: idx_used=60, data_used=13433
[Wed Aug 26 03:05:24.160370 2026] [socache_shmcb:debug] [pid 2264344:tid 2264344] mod_socache_shmcb.c(860): AH00847: insert happened at idx=5, data=(3678:3710)
[Wed Aug 26 03:05:24.160372 2026] [socache_shmcb:debug] [pid 2264344:tid 2264344] mod_socache_shmcb.c(863): AH00848: finished insert, subcache: idx_pos/idx_used=33/61, data_pos/data_used=4109/13658
[Wed Aug 26 03:05:24.160374 2026] [socache_shmcb:debug] [pid 2264344:tid 2264344] mod_socache_shmcb.c(530): AH00834: leaving socache_shmcb_store successfully
[Wed Aug 26 03:05:24.189079 2026] [ssl:info] [pid 2256115:tid 2256115] [client 2a03:2880:f802:16:::43898] AH01964: Connection to child 18 established (server 2blog.ilc.edu.tw:443)
[Wed Aug 26 03:05:24.189334 2026] [ssl:debug] [pid 2256115:tid 2256115] ssl_engine_kernel.c(2222): [client 2a03:2880:f802:16:::43898] AH02043: SSL virtual host for servername www.jwes.ilc.edu.tw found
[Wed Aug 26 03:05:24.189412 2026] [core:debug] [pid 2256115:tid 2256115] protocol.c(2460): [client 2a03:2880:f802:16:::43898] AH03155: select protocol from , choices=h2,http/1.1 for server www.jwes.ilc.edu.tw
[Wed Aug 26 03:05:24.215432 2026] [ssl:debug] [pid 2264344:tid 2264344] ssl_engine_kernel.c(254): [client 34.42.229.145:58881] AH02034: Initial (No.1) HTTPS request received for child 3 (server 2blog.ilc.edu.tw:443)
[Wed Aug 26 03:05:24.215711 2026] [authz_core:debug] [pid 2264344:tid 2264344] mod_authz_core.c(815): [client 34.42.229.145:58881] AH01626: authorization result of Require all granted: granted
[Wed Aug 26 03:05:24.215717 2026] [authz_core:debug] [pid 2264344:tid 2264344] mod_authz_core.c(815): [client 34.42.229.145:58881] AH01626: authorization result of : granted
[Wed Aug 26 03:05:24.215899 2026] [authz_core:debug] [pid 2264344:tid 2264344] mod_authz_core.c(815): [client 34.42.229.145:58881] AH01626: authorization result of Require all granted: granted
[Wed Aug 26 03:05:24.215904 2026] [authz_core:debug] [pid 2264344:tid 2264344] mod_authz_core.c(815): [client 34.42.229.145:58881] AH01626: authorization result of : granted
[Wed Aug 26 03:05:24.216703 2026] [ssl:debug] [pid 2261072:tid 2261072] ssl_engine_kernel.c(254): [client 74.7.242.57:53240] AH02034: Subsequent (No.27) HTTPS request received for child 10 (server www.ltes.ilc.edu.tw:443), referer: https://www.ltes.ilc.edu.tw/2010/11/26/%e8%b3%80%ef%bc%81%e6%9c%ac%e6%a0%a1%e7%9b%b4%e7%ac%9b%e5%9c%98%e5%8f%83%e5%8a%a0%e5%ae%9c%e8%98%ad%e7%b8%a3%e9%9f%b3%e6%a8%82%e6%af%94%e8%b3%bd%e6%a6%ae%e7%8d%b2%e5%9c%8b%e5%b0%8f%e7%9b%b4%e7%ac%9b/
[Wed Aug 26 03:05:24.216896 2026] [authz_core:debug] [pid 2261072:tid 2261072] mod_authz_core.c(815): [client 74.7.242.57:53240] AH01626: authorization result of Require all granted: granted, referer: https://www.ltes.ilc.edu.tw/2010/11/26/%e8%b3%80%ef%bc%81%e6%9c%ac%e6%a0%a1%e7%9b%b4%e7%ac%9b%e5%9c%98%e5%8f%83%e5%8a%a0%e5%ae%9c%e8%98%ad%e7%b8%a3%e9%9f%b3%e6%a8%82%e6%af%94%e8%b3%bd%e6%a6%ae%e7%8d%b2%e5%9c%8b%e5%b0%8f%e7%9b%b4%e7%ac%9b/
[Wed Aug 26 03:05:24.216903 2026] [authz_core:debug] [pid 2261072:tid 2261072] mod_authz_core.c(815): [client 74.7.242.57:53240] AH01626: authorization result of : granted, referer: https://www.ltes.ilc.edu.tw/2010/11/26/%e8%b3%80%ef%bc%81%e6%9c%ac%e6%a0%a1%e7%9b%b4%e7%ac%9b%e5%9c%98%e5%8f%83%e5%8a%a0%e5%ae%9c%e8%98%ad%e7%b8%a3%e9%9f%b3%e6%a8%82%e6%af%94%e8%b3%bd%e6%a6%ae%e7%8d%b2%e5%9c%8b%e5%b0%8f%e7%9b%b4%e7%ac%9b/
[Wed Aug 26 03:05:24.217062 2026] [authz_core:debug] [pid 2261072:tid 2261072] mod_authz_core.c(815): [client 74.7.242.57:53240] AH01626: authorization result of Require all granted: granted, referer: https://www.ltes.ilc.edu.tw/2010/11/26/%e8%b3%80%ef%bc%81%e6%9c%ac%e6%a0%a1%e7%9b%b4%e7%ac%9b%e5%9c%98%e5%8f%83%e5%8a%a0%e5%ae%9c%e8%98%ad%e7%b8%a3%e9%9f%b3%e6%a8%82%e6%af%94%e8%b3%bd%e6%a6%ae%e7%8d%b2%e5%9c%8b%e5%b0%8f%e7%9b%b4%e7%ac%9b/
[Wed Aug 26 03:05:24.217068 2026] [authz_core:debug] [pid 2261072:tid 2261072] mod_authz_core.c(815): [client 74.7.242.57:53240] AH01626: authorization result of : granted, referer: https://www.ltes.ilc.edu.tw/2010/11/26/%e8%b3%80%ef%bc%81%e6%9c%ac%e6%a0%a1%e7%9b%b4%e7%ac%9b%e5%9c%98%e5%8f%83%e5%8a%a0%e5%ae%9c%e8%98%ad%e7%b8%a3%e9%9f%b3%e6%a8%82%e6%af%94%e8%b3%bd%e6%a6%ae%e7%8d%b2%e5%9c%8b%e5%b0%8f%e7%9b%b4%e7%ac%9b/
[Wed Aug 26 03:05:24.217421 2026] [ssl:debug] [pid 2261311:tid 2261311] ssl_engine_kernel.c(254): [client 216.73.216.242:35985] AH02034: Subsequent (No.34) HTTPS request received for child 2 (server 2blog.ilc.edu.tw:443)
[Wed Aug 26 03:05:24.217568 2026] [authz_core:debug] [pid 2261311:tid 2261311] mod_authz_core.c(815): [client 216.73.216.242:35985] AH01626: authorization result of Require all granted: granted
[Wed Aug 26 03:05:24.217573 2026] [authz_core:debug] [pid 2261311:tid 2261311] mod_authz_core.c(815): [client 216.73.216.242:35985] AH01626: authorization result of : granted
[Wed Aug 26 03:05:24.217695 2026] [authz_core:debug] [pid 2261311:tid 2261311] mod_authz_core.c(815): [client 216.73.216.242:35985] AH01626: authorization result of Require all granted: granted
[Wed Aug 26 03:05:24.217708 2026] [authz_core:debug] [pid 2261311:tid 2261311] mod_authz_core.c(815): [client 216.73.216.242:35985] AH01626: authorization result of : granted
[Wed Aug 26 03:05:24.277045 2026] [ssl:debug] [pid 2261336:tid 2261336] ssl_engine_kernel.c(2082): [client 2a03:2880:f802:2e:::60324] AH02041: Protocol: TLSv1.3, Cipher: TLS_AES_256_GCM_SHA384 (256/256 bits)
[Wed Aug 26 03:05:24.277148 2026] [socache_shmcb:debug] [pid 2261336:tid 2261336] mod_socache_shmcb.c(508): AH00831: socache_shmcb_store (0xda -> subcache 26)
[Wed Aug 26 03:05:24.277156 2026] [socache_shmcb:debug] [pid 2261336:tid 2261336] mod_socache_shmcb.c(860): AH00847: insert happened at idx=82, data=(6878:6910)
[Wed Aug 26 03:05:24.277158 2026] [socache_shmcb:debug] [pid 2261336:tid 2261336] mod_socache_shmcb.c(863): AH00848: finished insert, subcache: idx_pos/idx_used=24/59, data_pos/data_used=7704/13267
[Wed Aug 26 03:05:24.277160 2026] [socache_shmcb:debug] [pid 2261336:tid 2261336] mod_socache_shmcb.c(530): AH00834: leaving socache_shmcb_store successfully
[Wed Aug 26 03:05:24.277213 2026] [socache_shmcb:debug] [pid 2261336:tid 2261336] mod_socache_shmcb.c(508): AH00831: socache_shmcb_store (0x77 -> subcache 23)
[Wed Aug 26 03:05:24.277218 2026] [socache_shmcb:debug] [pid 2261336:tid 2261336] mod_socache_shmcb.c(860): AH00847: insert happened at idx=37, data=(10896:10928)
[Wed Aug 26 03:05:24.277220 2026] [socache_shmcb:debug] [pid 2261336:tid 2261336] mod_socache_shmcb.c(863): AH00848: finished insert, subcache: idx_pos/idx_used=73/53, data_pos/data_used=13182/11807
[Wed Aug 26 03:05:24.277222 2026] [socache_shmcb:debug] [pid 2261336:tid 2261336] mod_socache_shmcb.c(530): AH00834: leaving socache_shmcb_store successfully
[Wed Aug 26 03:05:24.277390 2026] [ssl:debug] [pid 2261336:tid 2261336] ssl_engine_kernel.c(254): [client 2a03:2880:f802:2e:::60324] AH02034: Initial (No.1) HTTPS request received for child 24 (server www.jwes.ilc.edu.tw:443)
[Wed Aug 26 03:05:24.277684 2026] [authz_core:debug] [pid 2261336:tid 2261336] mod_authz_core.c(815): [client 2a03:2880:f802:2e:::60324] AH01626: authorization result of Require all granted: granted
[Wed Aug 26 03:05:24.277690 2026] [authz_core:debug] [pid 2261336:tid 2261336] mod_authz_core.c(815): [client 2a03:2880:f802:2e:::60324] AH01626: authorization result of : granted
[Wed Aug 26 03:05:24.317161 2026] [ssl:debug] [pid 2261085:tid 2261085] ssl_engine_kernel.c(254): [client 216.73.216.242:44710] AH02034: Subsequent (No.31) HTTPS request received for child 0 (server 2blog.ilc.edu.tw:443)
[Wed Aug 26 03:05:24.317400 2026] [authz_core:debug] [pid 2261085:tid 2261085] mod_authz_core.c(815): [client 216.73.216.242:44710] AH01626: authorization result of Require all granted: granted
[Wed Aug 26 03:05:24.317406 2026] [authz_core:debug] [pid 2261085:tid 2261085] mod_authz_core.c(815): [client 216.73.216.242:44710] AH01626: authorization result of : granted
[Wed Aug 26 03:05:24.317550 2026] [authz_core:debug] [pid 2261085:tid 2261085] mod_authz_core.c(815): [client 216.73.216.242:44710] AH01626: authorization result of Require all granted: granted
[Wed Aug 26 03:05:24.317553 2026] [authz_core:debug] [pid 2261085:tid 2261085] mod_authz_core.c(815): [client 216.73.216.242:44710] AH01626: authorization result of : granted
[Wed Aug 26 03:05:24.333125 2026] [ssl:debug] [pid 2261330:tid 2261330] ssl_engine_kernel.c(2082): [client 34.30.223.149:61952] AH02041: Protocol: TLSv1.3, Cipher: TLS_AES_256_GCM_SHA384 (256/256 bits)
[Wed Aug 26 03:05:24.333182 2026] [socache_shmcb:debug] [pid 2261330:tid 2261330] mod_socache_shmcb.c(508): AH00831: socache_shmcb_store (0x2f -> subcache 15)
[Wed Aug 26 03:05:24.333189 2026] [socache_shmcb:debug] [pid 2261330:tid 2261330] mod_socache_shmcb.c(860): AH00847: insert happened at idx=80, data=(862:894)
[Wed Aug 26 03:05:24.333191 2026] [socache_shmcb:debug] [pid 2261330:tid 2261330] mod_socache_shmcb.c(863): AH00848: finished insert, subcache: idx_pos/idx_used=20/61, data_pos/data_used=1217/13735
[Wed Aug 26 03:05:24.333204 2026] [socache_shmcb:debug] [pid 2261330:tid 2261330] mod_socache_shmcb.c(530): AH00834: leaving socache_shmcb_store successfully
[Wed Aug 26 03:05:24.333261 2026] [socache_shmcb:debug] [pid 2261330:tid 2261330] mod_socache_shmcb.c(508): AH00831: socache_shmcb_store (0x33 -> subcache 19)
[Wed Aug 26 03:05:24.333267 2026] [socache_shmcb:debug] [pid 2261330:tid 2261330] mod_socache_shmcb.c(745): AH00842: expiring 2 and reclaiming 0 removed socache entries
[Wed Aug 26 03:05:24.333270 2026] [socache_shmcb:debug] [pid 2261330:tid 2261330] mod_socache_shmcb.c(765): AH00843: we now have 46 socache entries
[Wed Aug 26 03:05:24.333272 2026] [socache_shmcb:debug] [pid 2261330:tid 2261330] mod_socache_shmcb.c(860): AH00847: insert happened at idx=70, data=(12195:12227)
[Wed Aug 26 03:05:24.333273 2026] [socache_shmcb:debug] [pid 2261330:tid 2261330] mod_socache_shmcb.c(863): AH00848: finished insert, subcache: idx_pos/idx_used=24/47, data_pos/data_used=1899/10521
[Wed Aug 26 03:05:24.333275 2026] [socache_shmcb:debug] [pid 2261330:tid 2261330] mod_socache_shmcb.c(530): AH00834: leaving socache_shmcb_store successfully
[Wed Aug 26 03:05:24.337135 2026] [ssl:debug] [pid 2261330:tid 2261330] ssl_engine_kernel.c(254): [client 34.30.223.149:61952] AH02034: Initial (No.1) HTTPS request received for child 8 (server 2blog.ilc.edu.tw:443)
[Wed Aug 26 03:05:24.337355 2026] [authz_core:debug] [pid 2261330:tid 2261330] mod_authz_core.c(815): [client 34.30.223.149:61952] AH01626: authorization result of Require all granted: granted
