[Wed Aug 26 03:05:21.294675 2026] [ssl:debug] [pid 2261338:tid 2261338] ssl_engine_kernel.c(2222): [client 34.56.53.225:44545] AH02043: SSL virtual host for servername 2blog.ilc.edu.tw found
[Wed Aug 26 03:05:21.294736 2026] [core:debug] [pid 2261338:tid 2261338] protocol.c(2460): [client 34.56.53.225:44545] AH03155: select protocol from , choices=http/1.1 for server 2blog.ilc.edu.tw
[Wed Aug 26 03:05:21.343455 2026] [deflate:debug] [pid 2264547:tid 2264547] mod_deflate.c(909): [client 136.119.35.120:27136] AH01384: Zlib: Compressed 48771 to 9275 : URL /index.php
[Wed Aug 26 03:05:21.350733 2026] [ssl:debug] [pid 2261311:tid 2261311] ssl_engine_kernel.c(254): [client 216.73.216.242:35985] AH02034: Subsequent (No.31) HTTPS request received for child 2 (server 2blog.ilc.edu.tw:443)
[Wed Aug 26 03:05:21.350946 2026] [authz_core:debug] [pid 2261311:tid 2261311] mod_authz_core.c(815): [client 216.73.216.242:35985] AH01626: authorization result of Require all granted: granted
[Wed Aug 26 03:05:21.350961 2026] [authz_core:debug] [pid 2261311:tid 2261311] mod_authz_core.c(815): [client 216.73.216.242:35985] AH01626: authorization result of : granted
[Wed Aug 26 03:05:21.351105 2026] [authz_core:debug] [pid 2261311:tid 2261311] mod_authz_core.c(815): [client 216.73.216.242:35985] AH01626: authorization result of Require all granted: granted
[Wed Aug 26 03:05:21.351109 2026] [authz_core:debug] [pid 2261311:tid 2261311] mod_authz_core.c(815): [client 216.73.216.242:35985] AH01626: authorization result of : granted
[Wed Aug 26 03:05:21.379143 2026] [ssl:debug] [pid 2261094:tid 2261094] ssl_engine_kernel.c(2082): [client 216.73.216.242:4113] AH02041: Protocol: TLSv1.3, Cipher: TLS_AES_256_GCM_SHA384 (256/256 bits)
[Wed Aug 26 03:05:21.379206 2026] [socache_shmcb:debug] [pid 2261094:tid 2261094] mod_socache_shmcb.c(508): AH00831: socache_shmcb_store (0x57 -> subcache 23)
[Wed Aug 26 03:05:21.379213 2026] [socache_shmcb:debug] [pid 2261094:tid 2261094] mod_socache_shmcb.c(860): AH00847: insert happened at idx=35, data=(10456:10488)
[Wed Aug 26 03:05:21.379216 2026] [socache_shmcb:debug] [pid 2261094:tid 2261094] mod_socache_shmcb.c(863): AH00848: finished insert, subcache: idx_pos/idx_used=73/51, data_pos/data_used=13182/11364
[Wed Aug 26 03:05:21.379218 2026] [socache_shmcb:debug] [pid 2261094:tid 2261094] mod_socache_shmcb.c(530): AH00834: leaving socache_shmcb_store successfully
[Wed Aug 26 03:05:21.390282 2026] [deflate:debug] [pid 2261328:tid 2261328] mod_deflate.c(909): [client 216.73.216.242:60943] AH01384: Zlib: Compressed 541201 to 86099 : URL /index.php
[Wed Aug 26 03:05:21.425036 2026] [ssl:debug] [pid 2261105:tid 2261105] ssl_engine_io.c(1150): [client 34.30.223.149:17408] AH02001: Connection closed to child 7 with standard shutdown (server 2blog.ilc.edu.tw:443)
[Wed Aug 26 03:05:21.432924 2026] [deflate:debug] [pid 2261327:tid 2261327] mod_deflate.c(909): [client 216.73.216.242:65027] AH01384: Zlib: Compressed 523795 to 84337 : URL /index.php
[Wed Aug 26 03:05:21.541267 2026] [ssl:debug] [pid 2261072:tid 2261072] ssl_engine_kernel.c(254): [client 74.7.242.57:53240] AH02034: Subsequent (No.22) HTTPS request received for child 10 (server www.ltes.ilc.edu.tw:443), referer: https://www.ltes.ilc.edu.tw/2021/07/30/%e9%98%b2%e7%96%ab%e6%9c%9f%e9%96%93%e9%97%9c%e6%87%b7%e7%85%a7%e9%a1%a7%e5%ad%a9%e7%ab%a5%e5%ae%b6%e5%ba%ad%e9%98%b2%e7%96%ab%e8%a3%9c%e8%b2%bc%e4%bd%9c%e6%a5%ad%e9%a0%88%e7%9f%a5/
[Wed Aug 26 03:05:21.541481 2026] [authz_core:debug] [pid 2261072:tid 2261072] mod_authz_core.c(815): [client 74.7.242.57:53240] AH01626: authorization result of Require all granted: granted, referer: https://www.ltes.ilc.edu.tw/2021/07/30/%e9%98%b2%e7%96%ab%e6%9c%9f%e9%96%93%e9%97%9c%e6%87%b7%e7%85%a7%e9%a1%a7%e5%ad%a9%e7%ab%a5%e5%ae%b6%e5%ba%ad%e9%98%b2%e7%96%ab%e8%a3%9c%e8%b2%bc%e4%bd%9c%e6%a5%ad%e9%a0%88%e7%9f%a5/
[Wed Aug 26 03:05:21.541488 2026] [authz_core:debug] [pid 2261072:tid 2261072] mod_authz_core.c(815): [client 74.7.242.57:53240] AH01626: authorization result of : granted, referer: https://www.ltes.ilc.edu.tw/2021/07/30/%e9%98%b2%e7%96%ab%e6%9c%9f%e9%96%93%e9%97%9c%e6%87%b7%e7%85%a7%e9%a1%a7%e5%ad%a9%e7%ab%a5%e5%ae%b6%e5%ba%ad%e9%98%b2%e7%96%ab%e8%a3%9c%e8%b2%bc%e4%bd%9c%e6%a5%ad%e9%a0%88%e7%9f%a5/
[Wed Aug 26 03:05:21.541625 2026] [authz_core:debug] [pid 2261072:tid 2261072] mod_authz_core.c(815): [client 74.7.242.57:53240] AH01626: authorization result of Require all granted: granted, referer: https://www.ltes.ilc.edu.tw/2021/07/30/%e9%98%b2%e7%96%ab%e6%9c%9f%e9%96%93%e9%97%9c%e6%87%b7%e7%85%a7%e9%a1%a7%e5%ad%a9%e7%ab%a5%e5%ae%b6%e5%ba%ad%e9%98%b2%e7%96%ab%e8%a3%9c%e8%b2%bc%e4%bd%9c%e6%a5%ad%e9%a0%88%e7%9f%a5/
[Wed Aug 26 03:05:21.541629 2026] [authz_core:debug] [pid 2261072:tid 2261072] mod_authz_core.c(815): [client 74.7.242.57:53240] AH01626: authorization result of : granted, referer: https://www.ltes.ilc.edu.tw/2021/07/30/%e9%98%b2%e7%96%ab%e6%9c%9f%e9%96%93%e9%97%9c%e6%87%b7%e7%85%a7%e9%a1%a7%e5%ad%a9%e7%ab%a5%e5%ae%b6%e5%ba%ad%e9%98%b2%e7%96%ab%e8%a3%9c%e8%b2%bc%e4%bd%9c%e6%a5%ad%e9%a0%88%e7%9f%a5/
[Wed Aug 26 03:05:21.562669 2026] [ssl:debug] [pid 2261130:tid 2261130] ssl_engine_kernel.c(254): [client 216.73.216.242:6182] AH02034: Subsequent (No.29) HTTPS request received for child 38 (server 2blog.ilc.edu.tw:443)
[Wed Aug 26 03:05:21.562879 2026] [authz_core:debug] [pid 2261130:tid 2261130] mod_authz_core.c(815): [client 216.73.216.242:6182] AH01626: authorization result of Require all granted: granted
[Wed Aug 26 03:05:21.562885 2026] [authz_core:debug] [pid 2261130:tid 2261130] mod_authz_core.c(815): [client 216.73.216.242:6182] AH01626: authorization result of : granted
[Wed Aug 26 03:05:21.563022 2026] [authz_core:debug] [pid 2261130:tid 2261130] mod_authz_core.c(815): [client 216.73.216.242:6182] AH01626: authorization result of Require all granted: granted
[Wed Aug 26 03:05:21.563026 2026] [authz_core:debug] [pid 2261130:tid 2261130] mod_authz_core.c(815): [client 216.73.216.242:6182] AH01626: authorization result of : granted
[Wed Aug 26 03:05:21.644578 2026] [deflate:debug] [pid 2261335:tid 2261335] mod_deflate.c(909): [client 216.73.216.242:15610] AH01384: Zlib: Compressed 535685 to 85841 : URL /index.php
[Wed Aug 26 03:05:21.660962 2026] [ssl:debug] [pid 2261139:tid 2261139] ssl_engine_kernel.c(254): [client 216.73.216.242:34720] AH02034: Subsequent (No.2) HTTPS request received for child 47 (server 2blog.ilc.edu.tw:443)
[Wed Aug 26 03:05:21.661187 2026] [authz_core:debug] [pid 2261139:tid 2261139] mod_authz_core.c(815): [client 216.73.216.242:34720] AH01626: authorization result of Require all granted: granted
[Wed Aug 26 03:05:21.661194 2026] [authz_core:debug] [pid 2261139:tid 2261139] mod_authz_core.c(815): [client 216.73.216.242:34720] AH01626: authorization result of : granted
[Wed Aug 26 03:05:21.661334 2026] [authz_core:debug] [pid 2261139:tid 2261139] mod_authz_core.c(815): [client 216.73.216.242:34720] AH01626: authorization result of Require all granted: granted
[Wed Aug 26 03:05:21.661338 2026] [authz_core:debug] [pid 2261139:tid 2261139] mod_authz_core.c(815): [client 216.73.216.242:34720] AH01626: authorization result of : granted
[Wed Aug 26 03:05:21.673657 2026] [ssl:debug] [pid 2261338:tid 2261338] ssl_engine_kernel.c(2082): [client 34.56.53.225:44545] AH02041: Protocol: TLSv1.3, Cipher: TLS_AES_256_GCM_SHA384 (256/256 bits)
[Wed Aug 26 03:05:21.673716 2026] [socache_shmcb:debug] [pid 2261338:tid 2261338] mod_socache_shmcb.c(508): AH00831: socache_shmcb_store (0x4d -> subcache 13)
[Wed Aug 26 03:05:21.673724 2026] [socache_shmcb:debug] [pid 2261338:tid 2261338] mod_socache_shmcb.c(860): AH00847: insert happened at idx=77, data=(326:358)
[Wed Aug 26 03:05:21.673726 2026] [socache_shmcb:debug] [pid 2261338:tid 2261338] mod_socache_shmcb.c(863): AH00848: finished insert, subcache: idx_pos/idx_used=18/60, data_pos/data_used=915/13500
[Wed Aug 26 03:05:21.673729 2026] [socache_shmcb:debug] [pid 2261338:tid 2261338] mod_socache_shmcb.c(530): AH00834: leaving socache_shmcb_store successfully
[Wed Aug 26 03:05:21.673783 2026] [socache_shmcb:debug] [pid 2261338:tid 2261338] mod_socache_shmcb.c(508): AH00831: socache_shmcb_store (0xc8 -> subcache 8)
[Wed Aug 26 03:05:21.673798 2026] [socache_shmcb:debug] [pid 2261338:tid 2261338] mod_socache_shmcb.c(745): AH00842: expiring 1 and reclaiming 0 removed socache entries
[Wed Aug 26 03:05:21.673800 2026] [socache_shmcb:debug] [pid 2261338:tid 2261338] mod_socache_shmcb.c(765): AH00843: we now have 43 socache entries
[Wed Aug 26 03:05:21.673802 2026] [socache_shmcb:debug] [pid 2261338:tid 2261338] mod_socache_shmcb.c(860): AH00847: insert happened at idx=72, data=(13156:13188)
[Wed Aug 26 03:05:21.673804 2026] [socache_shmcb:debug] [pid 2261338:tid 2261338] mod_socache_shmcb.c(863): AH00848: finished insert, subcache: idx_pos/idx_used=29/44, data_pos/data_used=3493/9888
[Wed Aug 26 03:05:21.673806 2026] [socache_shmcb:debug] [pid 2261338:tid 2261338] mod_socache_shmcb.c(530): AH00834: leaving socache_shmcb_store successfully
[Wed Aug 26 03:05:21.685724 2026] [ssl:info] [pid 2264931:tid 2264931] [client 34.56.53.225:13312] AH01964: Connection to child 19 established (server 2blog.ilc.edu.tw:443)
[Wed Aug 26 03:05:21.686198 2026] [ssl:debug] [pid 2264931:tid 2264931] ssl_engine_kernel.c(2222): [client 34.56.53.225:13312] AH02043: SSL virtual host for servername www.cwjh.ilc.edu.tw found
[Wed Aug 26 03:05:21.686341 2026] [core:debug] [pid 2264931:tid 2264931] protocol.c(2460): [client 34.56.53.225:13312] AH03155: select protocol from , choices=http/1.1 for server www.cwjh.ilc.edu.tw
[Wed Aug 26 03:05:21.717779 2026] [ssl:info] [pid 2261352:tid 2261352] [client 2a03:2880:f802:1:::41520] AH01964: Connection to child 43 established (server 2blog.ilc.edu.tw:443)
[Wed Aug 26 03:05:21.717969 2026] [ssl:debug] [pid 2261352:tid 2261352] ssl_engine_kernel.c(2222): [client 2a03:2880:f802:1:::41520] AH02043: SSL virtual host for servername www.jwes.ilc.edu.tw found
[Wed Aug 26 03:05:21.718034 2026] [core:debug] [pid 2261352:tid 2261352] protocol.c(2460): [client 2a03:2880:f802:1:::41520] AH03155: select protocol from , choices=h2,http/1.1 for server www.jwes.ilc.edu.tw
[Wed Aug 26 03:05:21.745678 2026] [ssl:debug] [pid 2261338:tid 2261338] ssl_engine_kernel.c(254): [client 34.56.53.225:44545] AH02034: Initial (No.1) HTTPS request received for child 26 (server 2blog.ilc.edu.tw:443)
[Wed Aug 26 03:05:21.745875 2026] [authz_core:debug] [pid 2261338:tid 2261338] mod_authz_core.c(815): [client 34.56.53.225:44545] AH01626: authorization result of Require all granted: granted
[Wed Aug 26 03:05:21.745880 2026] [authz_core:debug] [pid 2261338:tid 2261338] mod_authz_core.c(815): [client 34.56.53.225:44545] AH01626: authorization result of : granted
[Wed Aug 26 03:05:21.746013 2026] [authz_core:debug] [pid 2261338:tid 2261338] mod_authz_core.c(815): [client 34.56.53.225:44545] AH01626: authorization result of Require all granted: granted
[Wed Aug 26 03:05:21.746017 2026] [authz_core:debug] [pid 2261338:tid 2261338] mod_authz_core.c(815): [client 34.56.53.225:44545] AH01626: authorization result of : granted
[Wed Aug 26 03:05:21.761945 2026] [ssl:debug] [pid 2261085:tid 2261085] ssl_engine_kernel.c(254): [client 216.73.216.242:44710] AH02034: Subsequent (No.27) HTTPS request received for child 0 (server 2blog.ilc.edu.tw:443)
[Wed Aug 26 03:05:21.762151 2026] [authz_core:debug] [pid 2261085:tid 2261085] mod_authz_core.c(815): [client 216.73.216.242:44710] AH01626: authorization result of Require all granted: granted
[Wed Aug 26 03:05:21.762157 2026] [authz_core:debug] [pid 2261085:tid 2261085] mod_authz_core.c(815): [client 216.73.216.242:44710] AH01626: authorization result of : granted
[Wed Aug 26 03:05:21.762302 2026] [authz_core:debug] [pid 2261085:tid 2261085] mod_authz_core.c(815): [client 216.73.216.242:44710] AH01626: authorization result of Require all granted: granted
[Wed Aug 26 03:05:21.762306 2026] [authz_core:debug] [pid 2261085:tid 2261085] mod_authz_core.c(815): [client 216.73.216.242:44710] AH01626: authorization result of : granted
[Wed Aug 26 03:05:21.767164 2026] [deflate:debug] [pid 2261072:tid 2261072] mod_deflate.c(909): [client 74.7.242.57:53240] AH01384: Zlib: Compressed 3228 to 1301 : URL /index.php, referer: https://www.ltes.ilc.edu.tw/2021/07/30/%e9%98%b2%e7%96%ab%e6%9c%9f%e9%96%93%e9%97%9c%e6%87%b7%e7%85%a7%e9%a1%a7%e5%ad%a9%e7%ab%a5%e5%ae%b6%e5%ba%ad%e9%98%b2%e7%96%ab%e8%a3%9c%e8%b2%bc%e4%bd%9c%e6%a5%ad%e9%a0%88%e7%9f%a5/
[Wed Aug 26 03:05:21.832027 2026] [deflate:debug] [pid 2261343:tid 2261343] mod_deflate.c(909): [client 216.73.216.242:64485] AH01384: Zlib: Compressed 532019 to 85656 : URL /index.php
[Wed Aug 26 03:05:21.845055 2026] [ssl:debug] [pid 2261354:tid 2261354] ssl_engine_io.c(1150): [client 34.171.68.95:13312] AH02001: Connection closed to child 45 with standard shutdown (server 2blog.ilc.edu.tw:443)
[Wed Aug 26 03:05:21.870703 2026] [ssl:debug] [pid 2261076:tid 2261076] ssl_engine_kernel.c(254): [client 216.73.216.242:34275] AH02034: Subsequent (No.2) HTTPS request received for child 20 (server 2blog.ilc.edu.tw:443)
[Wed Aug 26 03:05:21.870928 2026] [authz_core:debug] [pid 2261076:tid 2261076] mod_authz_core.c(815): [client 216.73.216.242:34275] AH01626: authorization result of Require all granted: granted
[Wed Aug 26 03:05:21.870934 2026] [authz_core:debug] [pid 2261076:tid 2261076] mod_authz_core.c(815): [client 216.73.216.242:34275] AH01626: authorization result of : granted
[Wed Aug 26 03:05:21.871086 2026] [authz_core:debug] [pid 2261076:tid 2261076] mod_authz_core.c(815): [client 216.73.216.242:34275] AH01626: authorization result of Require all granted: granted
[Wed Aug 26 03:05:21.871090 2026] [authz_core:debug] [pid 2261076:tid 2261076] mod_authz_core.c(815): [client 216.73.216.242:34275] AH01626: authorization result of : granted
[Wed Aug 26 03:05:21.898470 2026] [ssl:debug] [pid 2261352:tid 2261352] ssl_engine_kernel.c(2082): [client 2a03:2880:f802:1:::41520] AH02041: Protocol: TLSv1.3, Cipher: TLS_AES_256_GCM_SHA384 (256/256 bits)
[Wed Aug 26 03:05:21.898531 2026] [socache_shmcb:debug] [pid 2261352:tid 2261352] mod_socache_shmcb.c(508): AH00831: socache_shmcb_store (0x8f -> subcache 15)
[Wed Aug 26 03:05:21.898537 2026] [socache_shmcb:debug] [pid 2261352:tid 2261352] mod_socache_shmcb.c(860): AH00847: insert happened at idx=78, data=(406:438)
[Wed Aug 26 03:05:21.898540 2026] [socache_shmcb:debug] [pid 2261352:tid 2261352] mod_socache_shmcb.c(863): AH00848: finished insert, subcache: idx_pos/idx_used=20/59, data_pos/data_used=1217/13281
[Wed Aug 26 03:05:21.898542 2026] [socache_shmcb:debug] [pid 2261352:tid 2261352] mod_socache_shmcb.c(530): AH00834: leaving socache_shmcb_store successfully
[Wed Aug 26 03:05:21.898596 2026] [socache_shmcb:debug] [pid 2261352:tid 2261352] mod_socache_shmcb.c(508): AH00831: socache_shmcb_store (0x0f -> subcache 15)
[Wed Aug 26 03:05:21.898601 2026] [socache_shmcb:debug] [pid 2261352:tid 2261352] mod_socache_shmcb.c(860): AH00847: insert happened at idx=79, data=(634:666)
[Wed Aug 26 03:05:21.898603 2026] [socache_shmcb:debug] [pid 2261352:tid 2261352] mod_socache_shmcb.c(863): AH00848: finished insert, subcache: idx_pos/idx_used=20/60, data_pos/data_used=1217/13509
[Wed Aug 26 03:05:21.898604 2026] [socache_shmcb:debug] [pid 2261352:tid 2261352] mod_socache_shmcb.c(530): AH00834: leaving socache_shmcb_store successfully
[Wed Aug 26 03:05:21.898748 2026] [ssl:debug] [pid 2261352:tid 2261352] ssl_engine_kernel.c(254): [client 2a03:2880:f802:1:::41520] AH02034: Initial (No.1) HTTPS request received for child 43 (server www.jwes.ilc.edu.tw:443)
[Wed Aug 26 03:05:21.898961 2026] [authz_core:debug] [pid 2261352:tid 2261352] mod_authz_core.c(815): [client 2a03:2880:f802:1:::41520] AH01626: authorization result of Require all granted: granted
[Wed Aug 26 03:05:21.898967 2026] [authz_core:debug] [pid 2261352:tid 2261352] mod_authz_core.c(815): [client 2a03:2880:f802:1:::41520] AH01626: authorization result of : granted
[Wed Aug 26 03:05:21.981764 2026] [ssl:debug] [pid 2261329:tid 2261329] ssl_engine_kernel.c(254): [client 216.73.216.242:21164] AH02034: Subsequent (No.33) HTTPS request received for child 6 (server 2blog.ilc.edu.tw:443)
[Wed Aug 26 03:05:21.981977 2026] [authz_core:debug] [pid 2261329:tid 2261329] mod_authz_core.c(815): [client 216.73.216.242:21164] AH01626: authorization result of Require all granted: granted
[Wed Aug 26 03:05:21.981982 2026] [authz_core:debug] [pid 2261329:tid 2261329] mod_authz_core.c(815): [client 216.73.216.242:21164] AH01626: authorization result of : granted
[Wed Aug 26 03:05:21.982121 2026] [authz_core:debug] [pid 2261329:tid 2261329] mod_authz_core.c(815): [client 216.73.216.242:21164] AH01626: authorization result of Require all granted: granted
[Wed Aug 26 03:05:21.982125 2026] [authz_core:debug] [pid 2261329:tid 2261329] mod_authz_core.c(815): [client 216.73.216.242:21164] AH01626: authorization result of : granted
[Wed Aug 26 03:05:22.046474 2026] [ssl:debug] [pid 2264931:tid 2264931] ssl_engine_kernel.c(2082): [client 34.56.53.225:13312] AH02041: Protocol: TLSv1.3, Cipher: TLS_AES_256_GCM_SHA384 (256/256 bits)
[Wed Aug 26 03:05:22.046573 2026] [socache_shmcb:debug] [pid 2264931:tid 2264931] mod_socache_shmcb.c(508): AH00831: socache_shmcb_store (0x52 -> subcache 18)
[Wed Aug 26 03:05:22.046588 2026] [socache_shmcb:debug] [pid 2264931:tid 2264931] mod_socache_shmcb.c(860): AH00847: insert happened at idx=53, data=(8435:8467)
[Wed Aug 26 03:05:22.046590 2026] [socache_shmcb:debug] [pid 2264931:tid 2264931] mod_socache_shmcb.c(863): AH00848: finished insert, subcache: idx_pos/idx_used=85/57, data_pos/data_used=9797/12731
[Wed Aug 26 03:05:22.046593 2026] [socache_shmcb:debug] [pid 2264931:tid 2264931] mod_socache_shmcb.c(530): AH00834: leaving socache_shmcb_store successfully
[Wed Aug 26 03:05:22.046649 2026] [socache_shmcb:debug] [pid 2264931:tid 2264931] mod_socache_shmcb.c(508): AH00831: socache_shmcb_store (0xc7 -> subcache 7)
[Wed Aug 26 03:05:22.046659 2026] [socache_shmcb:debug] [pid 2264931:tid 2264931] mod_socache_shmcb.c(860): AH00847: insert happened at idx=9, data=(4358:4390)
[Wed Aug 26 03:05:22.046661 2026] [socache_shmcb:debug] [pid 2264931:tid 2264931] mod_socache_shmcb.c(863): AH00848: finished insert, subcache: idx_pos/idx_used=50/48, data_pos/data_used=7715/10735
[Wed Aug 26 03:05:22.046662 2026] [socache_shmcb:debug] [pid 2264931:tid 2264931] mod_socache_shmcb.c(530): AH00834: leaving socache_shmcb_store successfully
[Wed Aug 26 03:05:22.058287 2026] [ssl:debug] [pid 2264931:tid 2264931] ssl_engine_kernel.c(254): [client 34.56.53.225:13312] AH02034: Initial (No.1) HTTPS request received for child 19 (server www.cwjh.ilc.edu.tw:443)
[Wed Aug 26 03:05:22.058593 2026] [authz_core:debug] [pid 2264931:tid 2264931] mod_authz_core.c(815): [client 34.56.53.225:13312] AH01626: authorization result of Require all granted: granted
[Wed Aug 26 03:05:22.058601 2026] [authz_core:debug] [pid 2264931:tid 2264931] mod_authz_core.c(815): [client 34.56.53.225:13312] AH01626: authorization result of : granted
[Wed Aug 26 03:05:22.059539 2026] [authz_core:debug] [pid 2264931:tid 2264931] mod_authz_core.c(815): [client 34.56.53.225:13312] AH01626: authorization result of Require all granted: granted
[Wed Aug 26 03:05:22.059553 2026] [authz_core:debug] [pid 2264931:tid 2264931] mod_authz_core.c(815): [client 34.56.53.225:13312] AH01626: authorization result of : granted
[Wed Aug 26 03:05:22.072122 2026] [ssl:debug] [pid 2261328:tid 2261328] ssl_engine_kernel.c(254): [client 216.73.216.242:60943] AH02034: Subsequent (No.34) HTTPS request received for child 5 (server 2blog.ilc.edu.tw:443)
[Wed Aug 26 03:05:22.072323 2026] [authz_core:debug] [pid 2261328:tid 2261328] mod_authz_core.c(815): [client 216.73.216.242:60943] AH01626: authorization result of Require all granted: granted
[Wed Aug 26 03:05:22.072329 2026] [authz_core:debug] [pid 2261328:tid 2261328] mod_authz_core.c(815): [client 216.73.216.242:60943] AH01626: authorization result of : granted
[Wed Aug 26 03:05:22.072456 2026] [authz_core:debug] [pid 2261328:tid 2261328] mod_authz_core.c(815): [client 216.73.216.242:60943] AH01626: authorization result of Require all granted: granted
[Wed Aug 26 03:05:22.072460 2026] [authz_core:debug] [pid 2261328:tid 2261328] mod_authz_core.c(815): [client 216.73.216.242:60943] AH01626: authorization result of : granted
[Wed Aug 26 03:05:22.072977 2026] [ssl:debug] [pid 2261072:tid 2261072] ssl_engine_kernel.c(254): [client 74.7.242.57:53240] AH02034: Subsequent (No.23) HTTPS request received for child 10 (server www.ltes.ilc.edu.tw:443), referer: https://www.ltes.ilc.edu.tw/2012/08/31/%e5%9c%8b%e7%ab%8b%e6%95%99%e8%82%b2%e5%bb%a3%e6%92%ad%e9%9b%bb%e8%87%ba%e5%a0%b1%e5%b0%8e%e2%80%8b%e6%95%99%e8%82%b2%e9%83%a8101%e5%b9%b4%e5%b8%ab%e9%90%b8%e7%8d%8e%e2%80%8b%e7%8d%b2%e7%8d%8e/
[Wed Aug 26 03:05:22.073146 2026] [authz_core:debug] [pid 2261072:tid 2261072] mod_authz_core.c(815): [client 74.7.242.57:53240] AH01626: authorization result of Require all granted: granted, referer: https://www.ltes.ilc.edu.tw/2012/08/31/%e5%9c%8b%e7%ab%8b%e6%95%99%e8%82%b2%e5%bb%a3%e6%92%ad%e9%9b%bb%e8%87%ba%e5%a0%b1%e5%b0%8e%e2%80%8b%e6%95%99%e8%82%b2%e9%83%a8101%e5%b9%b4%e5%b8%ab%e9%90%b8%e7%8d%8e%e2%80%8b%e7%8d%b2%e7%8d%8e/
[Wed Aug 26 03:05:22.073160 2026] [authz_core:debug] [pid 2261072:tid 2261072] mod_authz_core.c(815): [client 74.7.242.57:53240] AH01626: authorization result of : granted, referer: https://www.ltes.ilc.edu.tw/2012/08/31/%e5%9c%8b%e7%ab%8b%e6%95%99%e8%82%b2%e5%bb%a3%e6%92%ad%e9%9b%bb%e8%87%ba%e5%a0%b1%e5%b0%8e%e2%80%8b%e6%95%99%e8%82%b2%e9%83%a8101%e5%b9%b4%e5%b8%ab%e9%90%b8%e7%8d%8e%e2%80%8b%e7%8d%b2%e7%8d%8e/
[Wed Aug 26 03:05:22.073281 2026] [authz_core:debug] [pid 2261072:tid 2261072] mod_authz_core.c(815): [client 74.7.242.57:53240] AH01626: authorization result of Require all granted: granted, referer: https://www.ltes.ilc.edu.tw/2012/08/31/%e5%9c%8b%e7%ab%8b%e6%95%99%e8%82%b2%e5%bb%a3%e6%92%ad%e9%9b%bb%e8%87%ba%e5%a0%b1%e5%b0%8e%e2%80%8b%e6%95%99%e8%82%b2%e9%83%a8101%e5%b9%b4%e5%b8%ab%e9%90%b8%e7%8d%8e%e2%80%8b%e7%8d%b2%e7%8d%8e/
[Wed Aug 26 03:05:22.073285 2026] [authz_core:debug] [pid 2261072:tid 2261072] mod_authz_core.c(815): [client 74.7.242.57:53240] AH01626: authorization result of : granted, referer: https://www.ltes.ilc.edu.tw/2012/08/31/%e5%9c%8b%e7%ab%8b%e6%95%99%e8%82%b2%e5%bb%a3%e6%92%ad%e9%9b%bb%e8%87%ba%e5%a0%b1%e5%b0%8e%e2%80%8b%e6%95%99%e8%82%b2%e9%83%a8101%e5%b9%b4%e5%b8%ab%e9%90%b8%e7%8d%8e%e2%80%8b%e7%8d%b2%e7%8d%8e/
[Wed Aug 26 03:05:22.098145 2026] [deflate:debug] [pid 2261328:tid 2261328] mod_deflate.c(909): [client 216.73.216.242:60943] AH01384: Zlib: Compressed 522294 to 84145 : URL /index.php
[Wed Aug 26 03:05:22.099581 2026] [ssl:info] [pid 2261354:tid 2261354] [client 34.30.223.149:29185] AH01964: Connection to child 45 established (server 2blog.ilc.edu.tw:443)
[Wed Aug 26 03:05:22.099718 2026] [ssl:debug] [pid 2261354:tid 2261354] ssl_engine_kernel.c(2222): [client 34.30.223.149:29185] AH02043: SSL virtual host for servername 2blog.ilc.edu.tw found
[Wed Aug 26 03:05:22.099770 2026] [core:debug] [pid 2261354:tid 2261354] protocol.c(2460): [client 34.30.223.149:29185] AH03155: select protocol from , choices=http/1.1 for server 2blog.ilc.edu.tw
[Wed Aug 26 03:05:22.103809 2026] [watchdog:debug] [pid 2265127:tid 2265127] mod_watchdog.c(559): AH02980: Watchdog: nothing configured?
[Wed Aug 26 03:05:22.110086 2026] [watchdog:debug] [pid 2265128:tid 2265128] mod_watchdog.c(559): AH02980: Watchdog: nothing configured?
[Wed Aug 26 03:05:22.111893 2026] [ssl:debug] [pid 2264546:tid 2264546] ssl_engine_kernel.c(2082): [client 34.30.223.149:61440] AH02041: Protocol: TLSv1.3, Cipher: TLS_AES_256_GCM_SHA384 (256/256 bits)
[Wed Aug 26 03:05:22.111961 2026] [socache_shmcb:debug] [pid 2264546:tid 2264546] mod_socache_shmcb.c(508): AH00831: socache_shmcb_store (0xed -> subcache 13)
[Wed Aug 26 03:05:22.111979 2026] [socache_shmcb:debug] [pid 2264546:tid 2264546] mod_socache_shmcb.c(860): AH00847: insert happened at idx=78, data=(551:583)
[Wed Aug 26 03:05:22.111981 2026] [socache_shmcb:debug] [pid 2264546:tid 2264546] mod_socache_shmcb.c(863): AH00848: finished insert, subcache: idx_pos/idx_used=18/61, data_pos/data_used=915/13726
[Wed Aug 26 03:05:22.111984 2026] [socache_shmcb:debug] [pid 2264546:tid 2264546] mod_socache_shmcb.c(530): AH00834: leaving socache_shmcb_store successfully
[Wed Aug 26 03:05:22.112040 2026] [socache_shmcb:debug] [pid 2264546:tid 2264546] mod_socache_shmcb.c(508): AH00831: socache_shmcb_store (0xa2 -> subcache 2)
[Wed Aug 26 03:05:22.112046 2026] [socache_shmcb:debug] [pid 2264546:tid 2264546] mod_socache_shmcb.c(798): AH00845: about to force-expire, subcache: idx_used=62, data_used=13863
[Wed Aug 26 03:05:22.112048 2026] [socache_shmcb:debug] [pid 2264546:tid 2264546] mod_socache_shmcb.c(824): AH00846: finished force-expire, subcache: idx_used=61, data_used=13634
[Wed Aug 26 03:05:22.112051 2026] [socache_shmcb:debug] [pid 2264546:tid 2264546] mod_socache_shmcb.c(860): AH00847: insert happened at idx=11, data=(4806:4838)
[Wed Aug 26 03:05:22.112067 2026] [socache_shmcb:debug] [pid 2264546:tid 2264546] mod_socache_shmcb.c(863): AH00848: finished insert, subcache: idx_pos/idx_used=38/62, data_pos/data_used=5036/13860
[Wed Aug 26 03:05:22.112069 2026] [socache_shmcb:debug] [pid 2264546:tid 2264546] mod_socache_shmcb.c(530): AH00834: leaving socache_shmcb_store successfully
[Wed Aug 26 03:05:22.123355 2026] [deflate:debug] [pid 2261311:tid 2261311] mod_deflate.c(909): [client 216.73.216.242:35985] AH01384: Zlib: Compressed 531516 to 84986 : URL /index.php
[Wed Aug 26 03:05:22.178614 2026] [ssl:debug] [pid 2264546:tid 2264546] ssl_engine_kernel.c(254): [client 34.30.223.149:61440] AH02034: Initial (No.1) HTTPS request received for child 16 (server 2blog.ilc.edu.tw:443)
[Wed Aug 26 03:05:22.178798 2026] [authz_core:debug] [pid 2264546:tid 2264546] mod_authz_core.c(815): [client 34.30.223.149:61440] AH01626: authorization result of Require all granted: granted
[Wed Aug 26 03:05:22.178803 2026] [authz_core:debug] [pid 2264546:tid 2264546] mod_authz_core.c(815): [client 34.30.223.149:61440] AH01626: authorization result of : granted
[Wed Aug 26 03:05:22.178993 2026] [authz_core:debug] [pid 2264546:tid 2264546] mod_authz_core.c(815): [client 34.30.223.149:61440] AH01626: authorization result of Require all granted: granted
[Wed Aug 26 03:05:22.179000 2026] [authz_core:debug] [pid 2264546:tid 2264546] mod_authz_core.c(815): [client 34.30.223.149:61440] AH01626: authorization result of : granted
[Wed Aug 26 03:05:22.184860 2026] [ssl:debug] [pid 2261327:tid 2261327] ssl_engine_kernel.c(254): [client 216.73.216.242:65027] AH02034: Subsequent (No.32) HTTPS request received for child 4 (server 2blog.ilc.edu.tw:443)
[Wed Aug 26 03:05:22.185067 2026] [authz_core:debug] [pid 2261327:tid 2261327] mod_authz_core.c(815): [client 216.73.216.242:65027] AH01626: authorization result of Require all granted: granted
[Wed Aug 26 03:05:22.185072 2026] [authz_core:debug] [pid 2261327:tid 2261327] mod_authz_core.c(815): [client 216.73.216.242:65027] AH01626: authorization result of : granted
[Wed Aug 26 03:05:22.185206 2026] [authz_core:debug] [pid 2261327:tid 2261327] mod_authz_core.c(815): [client 216.73.216.242:65027] AH01626: authorization result of Require all granted: granted
[Wed Aug 26 03:05:22.185210 2026] [authz_core:debug] [pid 2261327:tid 2261327] mod_authz_core.c(815): [client 216.73.216.242:65027] AH01626: authorization result of : granted
[Wed Aug 26 03:05:22.197132 2026] [ssl:debug] [pid 2261346:tid 2261346] ssl_engine_io.c(1150): [client 34.123.149.87:28673] AH02001: Connection closed to child 35 with standard shutdown (server 2blog.ilc.edu.tw:443)
[Wed Aug 26 03:05:22.218428 2026] [deflate:debug] [pid 2264931:tid 2264931] mod_deflate.c(909): [client 34.56.53.225:13312] AH01384: Zlib: Compressed 109847 to 17418 : URL /index.php
[Wed Aug 26 03:05:22.298399 2026] [deflate:debug] [pid 2261072:tid 2261072] mod_deflate.c(909): [client 74.7.242.57:53240] AH01384: Zlib: Compressed 3425 to 1324 : URL /index.php, referer: https://www.ltes.ilc.edu.tw/2012/08/31/%e5%9c%8b%e7%ab%8b%e6%95%99%e8%82%b2%e5%bb%a3%e6%92%ad%e9%9b%bb%e8%87%ba%e5%a0%b1%e5%b0%8e%e2%80%8b%e6%95%99%e8%82%b2%e9%83%a8101%e5%b9%b4%e5%b8%ab%e9%90%b8%e7%8d%8e%e2%80%8b%e7%8d%b2%e7%8d%8e/
[Wed Aug 26 03:05:22.334517 2026] [ssl:debug] [pid 2261336:tid 2261336] ssl_engine_io.c(1150): [client 2a03:2880:10ff:10:::48388] AH02001: Connection closed to child 24 with standard shutdown (server 2blog.ilc.edu.tw:443)
[Wed Aug 26 03:05:22.345763 2026] [ssl:debug] [pid 2261876:tid 2261876] ssl_engine_kernel.c(254): [client 2409:876c:2b34::30:39714] AH02034: Subsequent (No.2) HTTPS request received for child 14 (server 2blog.ilc.edu.tw:443), referer: https://2blog.ilc.edu.tw/860/2016/11/
[Wed Aug 26 03:05:22.345975 2026] [authz_core:debug] [pid 2261876:tid 2261876] mod_authz_core.c(815): [client 2409:876c:2b34::30:39714] AH01626: authorization result of Require all granted: granted, referer: https://2blog.ilc.edu.tw/860/2016/11/
[Wed Aug 26 03:05:22.345995 2026] [authz_core:debug] [pid 2261876:tid 2261876] mod_authz_core.c(815): [client 2409:876c:2b34::30:39714] AH01626: authorization result of : granted, referer: https://2blog.ilc.edu.tw/860/2016/11/
[Wed Aug 26 03:05:22.346146 2026] [authz_core:debug] [pid 2261876:tid 2261876] mod_authz_core.c(815): [client 2409:876c:2b34::30:39714] AH01626: authorization result of Require all granted: granted, referer: https://2blog.ilc.edu.tw/860/2016/11/
[Wed Aug 26 03:05:22.346150 2026] [authz_core:debug] [pid 2261876:tid 2261876] mod_authz_core.c(815): [client 2409:876c:2b34::30:39714] AH01626: authorization result of : granted, referer: https://2blog.ilc.edu.tw/860/2016/11/
[Wed Aug 26 03:05:22.375029 2026] [ssl:debug] [pid 2261328:tid 2261328] ssl_engine_kernel.c(254): [client 216.73.216.242:60943] AH02034: Subsequent (No.35) HTTPS request received for child 5 (server 2blog.ilc.edu.tw:443)
[Wed Aug 26 03:05:22.375208 2026] [authz_core:debug] [pid 2261328:tid 2261328] mod_authz_core.c(815): [client 216.73.216.242:60943] AH01626: authorization result of Require all granted: granted
[Wed Aug 26 03:05:22.375213 2026] [authz_core:debug] [pid 2261328:tid 2261328] mod_authz_core.c(815): [client 216.73.216.242:60943] AH01626: authorization result of : granted
[Wed Aug 26 03:05:22.375349 2026] [authz_core:debug] [pid 2261328:tid 2261328] mod_authz_core.c(815): [client 216.73.216.242:60943] AH01626: authorization result of Require all granted: granted
[Wed Aug 26 03:05:22.375352 2026] [authz_core:debug] [pid 2261328:tid 2261328] mod_authz_core.c(815): [client 216.73.216.242:60943] AH01626: authorization result of : granted
[Wed Aug 26 03:05:22.384494 2026] [deflate:debug] [pid 2261329:tid 2261329] mod_deflate.c(909): [client 216.73.216.242:21164] AH01384: Zlib: Compressed 2644 to 1230 : URL /index.php
[Wed Aug 26 03:05:22.387384 2026] [deflate:debug] [pid 2261130:tid 2261130] mod_deflate.c(909): [client 216.73.216.242:6182] AH01384: Zlib: Compressed 532844 to 85771 : URL /index.php
[Wed Aug 26 03:05:22.401815 2026] [ssl:debug] [pid 2256115:tid 2256115] ssl_engine_io.c(1150): [client 34.42.229.145:58880] AH02001: Connection closed to child 18 with standard shutdown (server 2blog.ilc.edu.tw:443)
[Wed Aug 26 03:05:22.441425 2026] [deflate:debug] [pid 2261328:tid 2261328] mod_deflate.c(909): [client 216.73.216.242:60943] AH01384: Zlib: Compressed 534205 to 85906 : URL /index.php
[Wed Aug 26 03:05:22.474200 2026] [deflate:debug] [pid 2261139:tid 2261139] mod_deflate.c(909): [client 216.73.216.242:34720] AH01384: Zlib: Compressed 538619 to 85917 : URL /index.php
[Wed Aug 26 03:05:22.478583 2026] [ssl:debug] [pid 2261085:tid 2261085] ssl_engine_kernel.c(254): [client 216.73.216.242:44710] AH02034: Subsequent (No.28) HTTPS request received for child 0 (server 2blog.ilc.edu.tw:443)
[Wed Aug 26 03:05:22.478784 2026] [authz_core:debug] [pid 2261085:tid 2261085] mod_authz_core.c(815): [client 216.73.216.242:44710] AH01626: authorization result of Require all granted: granted
[Wed Aug 26 03:05:22.478790 2026] [authz_core:debug] [pid 2261085:tid 2261085] mod_authz_core.c(815): [client 216.73.216.242:44710] AH01626: authorization result of : granted
[Wed Aug 26 03:05:22.478928 2026] [authz_core:debug] [pid 2261085:tid 2261085] mod_authz_core.c(815): [client 216.73.216.242:44710] AH01626: authorization result of Require all granted: granted
[Wed Aug 26 03:05:22.478932 2026] [authz_core:debug] [pid 2261085:tid 2261085] mod_authz_core.c(815): [client 216.73.216.242:44710] AH01626: authorization result of : granted
[Wed Aug 26 03:05:22.511889 2026] [ssl:info] [pid 2265127:tid 2265127] [client 185.191.171.12:38152] AH01964: Connection to child 21 established (server 2blog.ilc.edu.tw:443)
[Wed Aug 26 03:05:22.512262 2026] [ssl:debug] [pid 2265127:tid 2265127] ssl_engine_kernel.c(2222): [client 185.191.171.12:38152] AH02043: SSL virtual host for servername 2blog.ilc.edu.tw found
[Wed Aug 26 03:05:22.521385 2026] [ssl:debug] [pid 2261354:tid 2261354] ssl_engine_kernel.c(2082): [client 34.30.223.149:29185] AH02041: Protocol: TLSv1.3, Cipher: TLS_AES_256_GCM_SHA384 (256/256 bits)
[Wed Aug 26 03:05:22.521455 2026] [socache_shmcb:debug] [pid 2261354:tid 2261354] mod_socache_shmcb.c(508): AH00831: socache_shmcb_store (0x8e -> subcache 14)
[Wed Aug 26 03:05:22.521462 2026] [socache_shmcb:debug] [pid 2261354:tid 2261354] mod_socache_shmcb.c(798): AH00845: about to force-expire, subcache: idx_used=61, data_used=13666
[Wed Aug 26 03:05:22.521464 2026] [socache_shmcb:debug] [pid 2261354:tid 2261354] mod_socache_shmcb.c(824): AH00846: finished force-expire, subcache: idx_used=60, data_used=13441
[Wed Aug 26 03:05:22.521466 2026] [socache_shmcb:debug] [pid 2261354:tid 2261354] mod_socache_shmcb.c(860): AH00847: insert happened at idx=31, data=(9509:9541)
[Wed Aug 26 03:05:22.521468 2026] [socache_shmcb:debug] [pid 2261354:tid 2261354] mod_socache_shmcb.c(863): AH00848: finished insert, subcache: idx_pos/idx_used=59/61, data_pos/data_used=9932/13666
[Wed Aug 26 03:05:22.521469 2026] [socache_shmcb:debug] [pid 2261354:tid 2261354] mod_socache_shmcb.c(530): AH00834: leaving socache_shmcb_store successfully
[Wed Aug 26 03:05:22.521518 2026] [socache_shmcb:debug] [pid 2261354:tid 2261354] mod_socache_shmcb.c(508): AH00831: socache_shmcb_store (0xb0 -> subcache 16)
[Wed Aug 26 03:05:22.521524 2026] [socache_shmcb:debug] [pid 2261354:tid 2261354] mod_socache_shmcb.c(798): AH00845: about to force-expire, subcache: idx_used=61, data_used=13740
[Wed Aug 26 03:05:22.521525 2026] [socache_shmcb:debug] [pid 2261354:tid 2261354] mod_socache_shmcb.c(824): AH00846: finished force-expire, subcache: idx_used=60, data_used=13511
[Wed Aug 26 03:05:22.521527 2026] [socache_shmcb:debug] [pid 2261354:tid 2261354] mod_socache_shmcb.c(860): AH00847: insert happened at idx=60, data=(10338:10370)
[Wed Aug 26 03:05:22.521529 2026] [socache_shmcb:debug] [pid 2261354:tid 2261354] mod_socache_shmcb.c(863): AH00848: finished insert, subcache: idx_pos/idx_used=0/61, data_pos/data_used=10691/13736
[Wed Aug 26 03:05:22.521531 2026] [socache_shmcb:debug] [pid 2261354:tid 2261354] mod_socache_shmcb.c(530): AH00834: leaving socache_shmcb_store successfully
[Wed Aug 26 03:05:22.554248 2026] [ssl:debug] [pid 2261353:tid 2261353] ssl_engine_io.c(1150): [client 2a03:2880:f802:::20288] AH02001: Connection closed to child 44 with standard shutdown (server www.jwes.ilc.edu.tw:443)
[Wed Aug 26 03:05:22.557409 2026] [ssl:debug] [pid 2264344:tid 2264344] ssl_engine_io.c(1150): [client 2a03:2880:f802:47:::52756] AH02001: Connection closed to child 3 with standard shutdown (server www.jwes.ilc.edu.tw:443)
[Wed Aug 26 03:05:22.578404 2026] [ssl:debug] [pid 2261343:tid 2261343] ssl_engine_kernel.c(254): [client 216.73.216.242:64485] AH02034: Subsequent (No.2) HTTPS request received for child 32 (server 2blog.ilc.edu.tw:443)
[Wed Aug 26 03:05:22.578616 2026] [authz_core:debug] [pid 2261343:tid 2261343] mod_authz_core.c(815): [client 216.73.216.242:64485] AH01626: authorization result of Require all granted: granted
[Wed Aug 26 03:05:22.578621 2026] [authz_core:debug] [pid 2261343:tid 2261343] mod_authz_core.c(815): [client 216.73.216.242:64485] AH01626: authorization result of : granted
[Wed Aug 26 03:05:22.578755 2026] [authz_core:debug] [pid 2261343:tid 2261343] mod_authz_core.c(815): [client 216.73.216.242:64485] AH01626: authorization result of Require all granted: granted
[Wed Aug 26 03:05:22.578759 2026] [authz_core:debug] [pid 2261343:tid 2261343] mod_authz_core.c(815): [client 216.73.216.242:64485] AH01626: authorization result of : granted
[Wed Aug 26 03:05:22.609278 2026] [ssl:debug] [pid 2261072:tid 2261072] ssl_engine_kernel.c(254): [client 74.7.242.57:53240] AH02034: Subsequent (No.24) HTTPS request received for child 10 (server www.ltes.ilc.edu.tw:443), referer: https://www.ltes.ilc.edu.tw/2011/05/20/%e8%b3%80%ef%bc%81%e6%9c%ac%e6%a0%a1%e5%81%b6%e6%88%b2%e5%9c%98%e5%8f%83%e5%8a%a0%e5%85%a8%e5%9c%8b%e5%81%b6%e6%88%b2%e6%af%94%e8%b3%bd%e6%a6%ae%e7%8d%b2%e5%9c%8b%e5%b0%8f%e6%89%8b%e5%a5%97%e5%81%b6/
[Wed Aug 26 03:05:22.609489 2026] [authz_core:debug] [pid 2261072:tid 2261072] mod_authz_core.c(815): [client 74.7.242.57:53240] AH01626: authorization result of Require all granted: granted, referer: https://www.ltes.ilc.edu.tw/2011/05/20/%e8%b3%80%ef%bc%81%e6%9c%ac%e6%a0%a1%e5%81%b6%e6%88%b2%e5%9c%98%e5%8f%83%e5%8a%a0%e5%85%a8%e5%9c%8b%e5%81%b6%e6%88%b2%e6%af%94%e8%b3%bd%e6%a6%ae%e7%8d%b2%e5%9c%8b%e5%b0%8f%e6%89%8b%e5%a5%97%e5%81%b6/
[Wed Aug 26 03:05:22.609494 2026] [authz_core:debug] [pid 2261072:tid 2261072] mod_authz_core.c(815): [client 74.7.242.57:53240] AH01626: authorization result of : granted, referer: https://www.ltes.ilc.edu.tw/2011/05/20/%e8%b3%80%ef%bc%81%e6%9c%ac%e6%a0%a1%e5%81%b6%e6%88%b2%e5%9c%98%e5%8f%83%e5%8a%a0%e5%85%a8%e5%9c%8b%e5%81%b6%e6%88%b2%e6%af%94%e8%b3%bd%e6%a6%ae%e7%8d%b2%e5%9c%8b%e5%b0%8f%e6%89%8b%e5%a5%97%e5%81%b6/
[Wed Aug 26 03:05:22.609637 2026] [authz_core:debug] [pid 2261072:tid 2261072] mod_authz_core.c(815): [client 74.7.242.57:53240] AH01626: authorization result of Require all granted: granted, referer: https://www.ltes.ilc.edu.tw/2011/05/20/%e8%b3%80%ef%bc%81%e6%9c%ac%e6%a0%a1%e5%81%b6%e6%88%b2%e5%9c%98%e5%8f%83%e5%8a%a0%e5%85%a8%e5%9c%8b%e5%81%b6%e6%88%b2%e6%af%94%e8%b3%bd%e6%a6%ae%e7%8d%b2%e5%9c%8b%e5%b0%8f%e6%89%8b%e5%a5%97%e5%81%b6/
[Wed Aug 26 03:05:22.609641 2026] [authz_core:debug] [pid 2261072:tid 2261072] mod_authz_core.c(815): [client 74.7.242.57:53240] AH01626: authorization result of : granted, referer: https://www.ltes.ilc.edu.tw/2011/05/20/%e8%b3%80%ef%bc%81%e6%9c%ac%e6%a0%a1%e5%81%b6%e6%88%b2%e5%9c%98%e5%8f%83%e5%8a%a0%e5%85%a8%e5%9c%8b%e5%81%b6%e6%88%b2%e6%af%94%e8%b3%bd%e6%a6%ae%e7%8d%b2%e5%9c%8b%e5%b0%8f%e6%89%8b%e5%a5%97%e5%81%b6/
[Wed Aug 26 03:05:22.679383 2026] [ssl:debug] [pid 2261328:tid 2261328] ssl_engine_kernel.c(254): [client 216.73.216.242:60943] AH02034: Subsequent (No.36) HTTPS request received for child 5 (server 2blog.ilc.edu.tw:443)
[Wed Aug 26 03:05:22.679580 2026] [authz_core:debug] [pid 2261328:tid 2261328] mod_authz_core.c(815): [client 216.73.216.242:60943] AH01626: authorization result of Require all granted: granted
[Wed Aug 26 03:05:22.679586 2026] [authz_core:debug] [pid 2261328:tid 2261328] mod_authz_core.c(815): [client 216.73.216.242:60943] AH01626: authorization result of : granted
[Wed Aug 26 03:05:22.679752 2026] [authz_core:debug] [pid 2261328:tid 2261328] mod_authz_core.c(815): [client 216.73.216.242:60943] AH01626: authorization result of Require all granted: granted
[Wed Aug 26 03:05:22.679757 2026] [authz_core:debug] [pid 2261328:tid 2261328] mod_authz_core.c(815): [client 216.73.216.242:60943] AH01626: authorization result of : granted
[Wed Aug 26 03:05:22.744764 2026] [ssl:debug] [pid 2265127:tid 2265127] ssl_engine_kernel.c(2082): [client 185.191.171.12:38152] AH02041: Protocol: TLSv1.3, Cipher: TLS_AES_256_GCM_SHA384 (256/256 bits)
[Wed Aug 26 03:05:22.744836 2026] [socache_shmcb:debug] [pid 2265127:tid 2265127] mod_socache_shmcb.c(508): AH00831: socache_shmcb_store (0xdf -> subcache 31)
[Wed Aug 26 03:05:22.744851 2026] [socache_shmcb:debug] [pid 2265127:tid 2265127] mod_socache_shmcb.c(860): AH00847: insert happened at idx=44, data=(6567:6599)
[Wed Aug 26 03:05:22.744853 2026] [socache_shmcb:debug] [pid 2265127:tid 2265127] mod_socache_shmcb.c(863): AH00848: finished insert, subcache: idx_pos/idx_used=75/58, data_pos/data_used=7564/13080
[Wed Aug 26 03:05:22.744856 2026] [socache_shmcb:debug] [pid 2265127:tid 2265127] mod_socache_shmcb.c(530): AH00834: leaving socache_shmcb_store successfully
[Wed Aug 26 03:05:22.744907 2026] [socache_shmcb:debug] [pid 2265127:tid 2265127] mod_socache_shmcb.c(508): AH00831: socache_shmcb_store (0x77 -> subcache 23)
[Wed Aug 26 03:05:22.744918 2026] [socache_shmcb:debug] [pid 2265127:tid 2265127] mod_socache_shmcb.c(860): AH00847: insert happened at idx=36, data=(10682:10714)
[Wed Aug 26 03:05:22.744920 2026] [socache_shmcb:debug] [pid 2265127:tid 2265127] mod_socache_shmcb.c(863): AH00848: finished insert, subcache: idx_pos/idx_used=73/52, data_pos/data_used=13182/11578
[Wed Aug 26 03:05:22.744935 2026] [socache_shmcb:debug] [pid 2265127:tid 2265127] mod_socache_shmcb.c(530): AH00834: leaving socache_shmcb_store successfully
[Wed Aug 26 03:05:22.757199 2026] [deflate:debug] [pid 2261076:tid 2261076] mod_deflate.c(909): [client 216.73.216.242:34275] AH01384: Zlib: Compressed 534727 to 85872 : URL /index.php
[Wed Aug 26 03:05:22.790838 2026] [ssl:debug] [pid 2261329:tid 2261329] ssl_engine_kernel.c(254): [client 216.73.216.242:21164] AH02034: Subsequent (No.34) HTTPS request received for child 6 (server 2blog.ilc.edu.tw:443)
[Wed Aug 26 03:05:22.791044 2026] [authz_core:debug] [pid 2261329:tid 2261329] mod_authz_core.c(815): [client 216.73.216.242:21164] AH01626: authorization result of Require all granted: granted
[Wed Aug 26 03:05:22.791049 2026] [authz_core:debug] [pid 2261329:tid 2261329] mod_authz_core.c(815): [client 216.73.216.242:21164] AH01626: authorization result of : granted
[Wed Aug 26 03:05:22.791227 2026] [authz_core:debug] [pid 2261329:tid 2261329] mod_authz_core.c(815): [client 216.73.216.242:21164] AH01626: authorization result of Require all granted: granted
[Wed Aug 26 03:05:22.791232 2026] [authz_core:debug] [pid 2261329:tid 2261329] mod_authz_core.c(815): [client 216.73.216.242:21164] AH01626: authorization result of : granted
[Wed Aug 26 03:05:22.819796 2026] [ssl:debug] [pid 2261876:tid 2261876] ssl_engine_kernel.c(254): [client 2409:876c:2b34::30:39714] AH02034: Subsequent (No.3) HTTPS request received for child 14 (server 2blog.ilc.edu.tw:443), referer: https://2blog.ilc.edu.tw/860/2016/11/
[Wed Aug 26 03:05:22.819996 2026] [authz_core:debug] [pid 2261876:tid 2261876] mod_authz_core.c(815): [client 2409:876c:2b34::30:39714] AH01626: authorization result of Require all granted: granted, referer: https://2blog.ilc.edu.tw/860/2016/11/
[Wed Aug 26 03:05:22.820002 2026] [authz_core:debug] [pid 2261876:tid 2261876] mod_authz_core.c(815): [client 2409:876c:2b34::30:39714] AH01626: authorization result of : granted, referer: https://2blog.ilc.edu.tw/860/2016/11/
[Wed Aug 26 03:05:22.822703 2026] [ssl:info] [pid 2265128:tid 2265128] [client 2a03:2880:f802:2a:::43398] AH01964: Connection to child 23 established (server 2blog.ilc.edu.tw:443)
[Wed Aug 26 03:05:22.823125 2026] [ssl:debug] [pid 2265128:tid 2265128] ssl_engine_kernel.c(2222): [client 2a03:2880:f802:2a:::43398] AH02043: SSL virtual host for servername www.jwes.ilc.edu.tw found
[Wed Aug 26 03:05:22.823247 2026] [core:debug] [pid 2265128:tid 2265128] protocol.c(2460): [client 2a03:2880:f802:2a:::43398] AH03155: select protocol from , choices=h2,http/1.1 for server www.jwes.ilc.edu.tw
[Wed Aug 26 03:05:22.867011 2026] [deflate:debug] [pid 2261072:tid 2261072] mod_deflate.c(909): [client 74.7.242.57:53240] AH01384: Zlib: Compressed 3915 to 1384 : URL /index.php, referer: https://www.ltes.ilc.edu.tw/2011/05/20/%e8%b3%80%ef%bc%81%e6%9c%ac%e6%a0%a1%e5%81%b6%e6%88%b2%e5%9c%98%e5%8f%83%e5%8a%a0%e5%85%a8%e5%9c%8b%e5%81%b6%e6%88%b2%e6%af%94%e8%b3%bd%e6%a6%ae%e7%8d%b2%e5%9c%8b%e5%b0%8f%e6%89%8b%e5%a5%97%e5%81%b6/
[Wed Aug 26 03:05:22.893206 2026] [ssl:debug] [pid 2261311:tid 2261311] ssl_engine_kernel.c(254): [client 216.73.216.242:35985] AH02034: Subsequent (No.32) HTTPS request received for child 2 (server 2blog.ilc.edu.tw:443)
[Wed Aug 26 03:05:22.893410 2026] [authz_core:debug] [pid 2261311:tid 2261311] mod_authz_core.c(815): [client 216.73.216.242:35985] AH01626: authorization result of Require all granted: granted
[Wed Aug 26 03:05:22.893415 2026] [authz_core:debug] [pid 2261311:tid 2261311] mod_authz_core.c(815): [client 216.73.216.242:35985] AH01626: authorization result of : granted
[Wed Aug 26 03:05:22.893563 2026] [authz_core:debug] [pid 2261311:tid 2261311] mod_authz_core.c(815): [client 216.73.216.242:35985] AH01626: authorization result of Require all granted: granted
[Wed Aug 26 03:05:22.893566 2026] [authz_core:debug] [pid 2261311:tid 2261311] mod_authz_core.c(815): [client 216.73.216.242:35985] AH01626: authorization result of : granted
[Wed Aug 26 03:05:22.896767 2026] [ssl:debug] [pid 2261354:tid 2261354] ssl_engine_kernel.c(254): [client 34.30.223.149:29185] AH02034: Initial (No.1) HTTPS request received for child 45 (server 2blog.ilc.edu.tw:443)
[Wed Aug 26 03:05:22.896983 2026] [authz_core:debug] [pid 2261354:tid 2261354] mod_authz_core.c(815): [client 34.30.223.149:29185] AH01626: authorization result of Require all granted: granted
[Wed Aug 26 03:05:22.896989 2026] [authz_core:debug] [pid 2261354:tid 2261354] mod_authz_core.c(815): [client 34.30.223.149:29185] AH01626: authorization result of : granted
[Wed Aug 26 03:05:22.897135 2026] [authz_core:debug] [pid 2261354:tid 2261354] mod_authz_core.c(815): [client 34.30.223.149:29185] AH01626: authorization result of Require all granted: granted
[Wed Aug 26 03:05:22.897139 2026] [authz_core:debug] [pid 2261354:tid 2261354] mod_authz_core.c(815): [client 34.30.223.149:29185] AH01626: authorization result of : granted
[Wed Aug 26 03:05:22.919101 2026] [ssl:debug] [pid 2265127:tid 2265127] ssl_engine_kernel.c(254): [client 185.191.171.12:38152] AH02034: Initial (No.1) HTTPS request received for child 21 (server 2blog.ilc.edu.tw:443)
[Wed Aug 26 03:05:22.919400 2026] [authz_core:debug] [pid 2265127:tid 2265127] mod_authz_core.c(815): [client 185.191.171.12:38152] AH01626: authorization result of Require all granted: granted
[Wed Aug 26 03:05:22.919408 2026] [authz_core:debug] [pid 2265127:tid 2265127] mod_authz_core.c(815): [client 185.191.171.12:38152] AH01626: authorization result of : granted
[Wed Aug 26 03:05:22.920026 2026] [authz_core:debug] [pid 2265127:tid 2265127] mod_authz_core.c(815): [client 185.191.171.12:38152] AH01626: authorization result of Require all granted: granted
[Wed Aug 26 03:05:22.920030 2026] [authz_core:debug] [pid 2265127:tid 2265127] mod_authz_core.c(815): [client 185.191.171.12:38152] AH01626: authorization result of : granted
[Wed Aug 26 03:05:22.983811 2026] [ssl:debug] [pid 2261335:tid 2261335] ssl_engine_kernel.c(254): [client 216.73.216.242:15610] AH02034: Subsequent (No.35) HTTPS request received for child 22 (server 2blog.ilc.edu.tw:443)
[Wed Aug 26 03:05:22.984013 2026] [ssl:debug] [pid 2265128:tid 2265128] ssl_engine_kernel.c(2082): [client 2a03:2880:f802:2a:::43398] AH02041: Protocol: TLSv1.3, Cipher: TLS_AES_256_GCM_SHA384 (256/256 bits)
[Wed Aug 26 03:05:22.984057 2026] [authz_core:debug] [pid 2261335:tid 2261335] mod_authz_core.c(815): [client 216.73.216.242:15610] AH01626: authorization result of Require all granted: granted
[Wed Aug 26 03:05:22.984064 2026] [authz_core:debug] [pid 2261335:tid 2261335] mod_authz_core.c(815): [client 216.73.216.242:15610] AH01626: authorization result of : granted
[Wed Aug 26 03:05:22.984083 2026] [socache_shmcb:debug] [pid 2265128:tid 2265128] mod_socache_shmcb.c(508): AH00831: socache_shmcb_store (0xee -> subcache 14)
[Wed Aug 26 03:05:22.984098 2026] [socache_shmcb:debug] [pid 2265128:tid 2265128] mod_socache_shmcb.c(798): AH00845: about to force-expire, subcache: idx_used=61, data_used=13666
[Wed Aug 26 03:05:22.984101 2026] [socache_shmcb:debug] [pid 2265128:tid 2265128] mod_socache_shmcb.c(824): AH00846: finished force-expire, subcache: idx_used=60, data_used=13440
[Wed Aug 26 03:05:22.984103 2026] [socache_shmcb:debug] [pid 2265128:tid 2265128] mod_socache_shmcb.c(860): AH00847: insert happened at idx=32, data=(9734:9766)
[Wed Aug 26 03:05:22.984105 2026] [socache_shmcb:debug] [pid 2265128:tid 2265128] mod_socache_shmcb.c(863): AH00848: finished insert, subcache: idx_pos/idx_used=60/61, data_pos/data_used=10158/13669
[Wed Aug 26 03:05:22.984107 2026] [socache_shmcb:debug] [pid 2265128:tid 2265128] mod_socache_shmcb.c(530): AH00834: leaving socache_shmcb_store successfully
[Wed Aug 26 03:05:22.984175 2026] [socache_shmcb:debug] [pid 2265128:tid 2265128] mod_socache_shmcb.c(508): AH00831: socache_shmcb_store (0x76 -> subcache 22)
[Wed Aug 26 03:05:22.984186 2026] [socache_shmcb:debug] [pid 2265128:tid 2265128] mod_socache_shmcb.c(798): AH00845: about to force-expire, subcache: idx_used=62, data_used=13806
[Wed Aug 26 03:05:22.984208 2026] [socache_shmcb:debug] [pid 2265128:tid 2265128] mod_socache_shmcb.c(824): AH00846: finished force-expire, subcache: idx_used=61, data_used=13581
[Wed Aug 26 03:05:22.984210 2026] [socache_shmcb:debug] [pid 2265128:tid 2265128] mod_socache_shmcb.c(860): AH00847: insert happened at idx=69, data=(3784:3816)
