[Wed Aug 26 03:05:47.526336 2026] [deflate:debug] [pid 2266182:tid 2266182] mod_deflate.c(909): [client 216.73.216.242:14583] AH01384: Zlib: Compressed 525917 to 84639 : URL /index.php
[Wed Aug 26 03:05:47.578509 2026] [deflate:debug] [pid 2264546:tid 2264546] mod_deflate.c(909): [client 216.73.216.242:9347] AH01384: Zlib: Compressed 531737 to 85843 : URL /index.php
[Wed Aug 26 03:05:47.610116 2026] [ssl:debug] [pid 2261357:tid 2261357] ssl_engine_kernel.c(254): [client 135.180.101.47:12594] AH02034: Initial (No.1) HTTPS request received for child 49 (server www.shmes.ilc.edu.tw:443)
[Wed Aug 26 03:05:47.610325 2026] [authz_core:debug] [pid 2261357:tid 2261357] mod_authz_core.c(815): [client 135.180.101.47:12594] AH01626: authorization result of Require all granted: granted
[Wed Aug 26 03:05:47.610330 2026] [authz_core:debug] [pid 2261357:tid 2261357] mod_authz_core.c(815): [client 135.180.101.47:12594] AH01626: authorization result of : granted
[Wed Aug 26 03:05:47.610493 2026] [authz_core:debug] [pid 2261357:tid 2261357] mod_authz_core.c(815): [client 135.180.101.47:12594] AH01626: authorization result of Require all granted: granted
[Wed Aug 26 03:05:47.610497 2026] [authz_core:debug] [pid 2261357:tid 2261357] mod_authz_core.c(815): [client 135.180.101.47:12594] AH01626: authorization result of : granted
[Wed Aug 26 03:05:47.636485 2026] [ssl:debug] [pid 2261076:tid 2261076] ssl_engine_kernel.c(254): [client 66.249.79.138:65278] AH02034: Subsequent (No.3) HTTPS request received for child 20 (server www.jwes.ilc.edu.tw:443)
[Wed Aug 26 03:05:47.636687 2026] [authz_core:debug] [pid 2261076:tid 2261076] mod_authz_core.c(815): [client 66.249.79.138:65278] AH01626: authorization result of Require all granted: granted
[Wed Aug 26 03:05:47.636692 2026] [authz_core:debug] [pid 2261076:tid 2261076] mod_authz_core.c(815): [client 66.249.79.138:65278] AH01626: authorization result of : granted
[Wed Aug 26 03:05:47.726668 2026] [deflate:debug] [pid 2261072:tid 2261072] mod_deflate.c(909): [client 74.7.242.57:53240] AH01384: Zlib: Compressed 3479 to 1330 : URL /index.php, referer: https://www.ltes.ilc.edu.tw/2015/04/22/%e5%ae%9c%e8%98%ad%e7%b8%a3104%e5%ad%b8%e5%b9%b4%e5%ba%a6%e5%9c%8b%e6%b0%91%e4%b8%ad%e5%ad%b8%e5%ad%b8%e8%a1%93%e6%80%a7%e5%90%91%e6%95%b8%e7%90%86%e8%b3%87%e8%b3%a6%e5%84%aa%e7%95%b0%e5%ad%b8/
[Wed Aug 26 03:05:47.748196 2026] [ssl:debug] [pid 2256122:tid 2256122] ssl_engine_kernel.c(254): [client 216.73.216.242:46376] AH02034: Subsequent (No.12) HTTPS request received for child 30 (server 2blog.ilc.edu.tw:443)
[Wed Aug 26 03:05:47.748411 2026] [authz_core:debug] [pid 2256122:tid 2256122] mod_authz_core.c(815): [client 216.73.216.242:46376] AH01626: authorization result of Require all granted: granted
[Wed Aug 26 03:05:47.748417 2026] [authz_core:debug] [pid 2256122:tid 2256122] mod_authz_core.c(815): [client 216.73.216.242:46376] AH01626: authorization result of : granted
[Wed Aug 26 03:05:47.748549 2026] [authz_core:debug] [pid 2256122:tid 2256122] mod_authz_core.c(815): [client 216.73.216.242:46376] AH01626: authorization result of Require all granted: granted
[Wed Aug 26 03:05:47.748553 2026] [authz_core:debug] [pid 2256122:tid 2256122] mod_authz_core.c(815): [client 216.73.216.242:46376] AH01626: authorization result of : granted
[Wed Aug 26 03:05:47.785086 2026] [ssl:debug] [pid 2266177:tid 2266177] ssl_engine_io.c(1150): [client 198.44.133.117:43878] AH02001: Connection closed to child 40 with standard shutdown (server www.scjh.ilc.edu.tw:443)
[Wed Aug 26 03:05:47.794454 2026] [deflate:debug] [pid 2266174:tid 2266174] mod_deflate.c(909): [client 216.73.216.242:4895] AH01384: Zlib: Compressed 2768 to 1264 : URL /index.php
[Wed Aug 26 03:05:47.833083 2026] [ssl:debug] [pid 2261085:tid 2261085] ssl_engine_io.c(1150): [client 34.61.96.6:55808] AH02001: Connection closed to child 0 with standard shutdown (server 2blog.ilc.edu.tw:443)
[Wed Aug 26 03:05:47.861269 2026] [deflate:debug] [pid 2261337:tid 2261337] mod_deflate.c(909): [client 216.73.216.242:1643] AH01384: Zlib: Compressed 657631 to 98874 : URL /index.php
[Wed Aug 26 03:05:47.906852 2026] [deflate:debug] [pid 2261345:tid 2261345] mod_deflate.c(909): [client 216.73.216.242:11400] AH01384: Zlib: Compressed 532978 to 85811 : URL /index.php
[Wed Aug 26 03:05:47.960518 2026] [ssl:debug] [pid 2261311:tid 2261311] ssl_engine_kernel.c(254): [client 216.73.216.242:59366] AH02034: Subsequent (No.7) HTTPS request received for child 2 (server 2blog.ilc.edu.tw:443)
[Wed Aug 26 03:05:47.960807 2026] [authz_core:debug] [pid 2261311:tid 2261311] mod_authz_core.c(815): [client 216.73.216.242:59366] AH01626: authorization result of Require all granted: granted
[Wed Aug 26 03:05:47.960815 2026] [authz_core:debug] [pid 2261311:tid 2261311] mod_authz_core.c(815): [client 216.73.216.242:59366] AH01626: authorization result of : granted
[Wed Aug 26 03:05:47.960970 2026] [authz_core:debug] [pid 2261311:tid 2261311] mod_authz_core.c(815): [client 216.73.216.242:59366] AH01626: authorization result of Require all granted: granted
[Wed Aug 26 03:05:47.960973 2026] [authz_core:debug] [pid 2261311:tid 2261311] mod_authz_core.c(815): [client 216.73.216.242:59366] AH01626: authorization result of : granted
[Wed Aug 26 03:05:48.008113 2026] [ssl:debug] [pid 2261072:tid 2261072] ssl_engine_kernel.c(254): [client 74.7.242.57:53240] AH02034: Subsequent (No.68) HTTPS request received for child 10 (server www.ltes.ilc.edu.tw:443), referer: https://www.ltes.ilc.edu.tw/2011/02/25/%e7%8b%82%e8%b3%80%e5%85%ad%e5%ad%9d%e7%8f%ad%e9%99%b3%e4%bf%8a%e5%ae%8f%e5%8f%83%e5%8a%a0%e4%b8%ad%e5%b0%8f%e5%ad%b8%e9%81%8b%e5%8b%95%e6%9c%83%e7%94%b7%e7%ab%a5%e4%b9%99%e7%b5%8460%e5%85%ac/
[Wed Aug 26 03:05:48.008355 2026] [authz_core:debug] [pid 2261072:tid 2261072] mod_authz_core.c(815): [client 74.7.242.57:53240] AH01626: authorization result of Require all granted: granted, referer: https://www.ltes.ilc.edu.tw/2011/02/25/%e7%8b%82%e8%b3%80%e5%85%ad%e5%ad%9d%e7%8f%ad%e9%99%b3%e4%bf%8a%e5%ae%8f%e5%8f%83%e5%8a%a0%e4%b8%ad%e5%b0%8f%e5%ad%b8%e9%81%8b%e5%8b%95%e6%9c%83%e7%94%b7%e7%ab%a5%e4%b9%99%e7%b5%8460%e5%85%ac/
[Wed Aug 26 03:05:48.008361 2026] [authz_core:debug] [pid 2261072:tid 2261072] mod_authz_core.c(815): [client 74.7.242.57:53240] AH01626: authorization result of : granted, referer: https://www.ltes.ilc.edu.tw/2011/02/25/%e7%8b%82%e8%b3%80%e5%85%ad%e5%ad%9d%e7%8f%ad%e9%99%b3%e4%bf%8a%e5%ae%8f%e5%8f%83%e5%8a%a0%e4%b8%ad%e5%b0%8f%e5%ad%b8%e9%81%8b%e5%8b%95%e6%9c%83%e7%94%b7%e7%ab%a5%e4%b9%99%e7%b5%8460%e5%85%ac/
[Wed Aug 26 03:05:48.008521 2026] [authz_core:debug] [pid 2261072:tid 2261072] mod_authz_core.c(815): [client 74.7.242.57:53240] AH01626: authorization result of Require all granted: granted, referer: https://www.ltes.ilc.edu.tw/2011/02/25/%e7%8b%82%e8%b3%80%e5%85%ad%e5%ad%9d%e7%8f%ad%e9%99%b3%e4%bf%8a%e5%ae%8f%e5%8f%83%e5%8a%a0%e4%b8%ad%e5%b0%8f%e5%ad%b8%e9%81%8b%e5%8b%95%e6%9c%83%e7%94%b7%e7%ab%a5%e4%b9%99%e7%b5%8460%e5%85%ac/
[Wed Aug 26 03:05:48.008526 2026] [authz_core:debug] [pid 2261072:tid 2261072] mod_authz_core.c(815): [client 74.7.242.57:53240] AH01626: authorization result of : granted, referer: https://www.ltes.ilc.edu.tw/2011/02/25/%e7%8b%82%e8%b3%80%e5%85%ad%e5%ad%9d%e7%8f%ad%e9%99%b3%e4%bf%8a%e5%ae%8f%e5%8f%83%e5%8a%a0%e4%b8%ad%e5%b0%8f%e5%ad%b8%e9%81%8b%e5%8b%95%e6%9c%83%e7%94%b7%e7%ab%a5%e4%b9%99%e7%b5%8460%e5%85%ac/
[Wed Aug 26 03:05:48.050966 2026] [ssl:debug] [pid 2261329:tid 2261329] ssl_engine_kernel.c(254): [client 216.73.216.242:43908] AH02034: Subsequent (No.10) HTTPS request received for child 6 (server 2blog.ilc.edu.tw:443)
[Wed Aug 26 03:05:48.051168 2026] [authz_core:debug] [pid 2261329:tid 2261329] mod_authz_core.c(815): [client 216.73.216.242:43908] AH01626: authorization result of Require all granted: granted
[Wed Aug 26 03:05:48.051173 2026] [authz_core:debug] [pid 2261329:tid 2261329] mod_authz_core.c(815): [client 216.73.216.242:43908] AH01626: authorization result of : granted
[Wed Aug 26 03:05:48.051303 2026] [authz_core:debug] [pid 2261329:tid 2261329] mod_authz_core.c(815): [client 216.73.216.242:43908] AH01626: authorization result of Require all granted: granted
[Wed Aug 26 03:05:48.051307 2026] [authz_core:debug] [pid 2261329:tid 2261329] mod_authz_core.c(815): [client 216.73.216.242:43908] AH01626: authorization result of : granted
[Wed Aug 26 03:05:48.083318 2026] [deflate:debug] [pid 2256122:tid 2256122] mod_deflate.c(909): [client 216.73.216.242:46376] AH01384: Zlib: Compressed 2768 to 1266 : URL /index.php
[Wed Aug 26 03:05:48.084475 2026] [deflate:debug] [pid 2261329:tid 2261329] mod_deflate.c(909): [client 216.73.216.242:43908] AH01384: Zlib: Compressed 532075 to 85732 : URL /index.php
[Wed Aug 26 03:05:48.097174 2026] [headers:debug] [pid 2261327:tid 2261327] mod_headers.c(900): AH01503: headers: ap_headers_error_filter()
[Wed Aug 26 03:05:48.104272 2026] [ssl:info] [pid 2261352:tid 2261352] [client 2001:288:a201::66:125:16569] AH01964: Connection to child 43 established (server 2blog.ilc.edu.tw:443)
[Wed Aug 26 03:05:48.104424 2026] [ssl:debug] [pid 2261352:tid 2261352] ssl_engine_kernel.c(2252): [client 2001:288:a201::66:125:16569] AH02645: Server name not provided via TLS extension (using default/first virtual host)
[Wed Aug 26 03:05:48.104441 2026] [socache_shmcb:debug] [pid 2261352:tid 2261352] mod_socache_shmcb.c(545): AH00835: socache_shmcb_retrieve (0x4b -> subcache 11)
[Wed Aug 26 03:05:48.104457 2026] [socache_shmcb:debug] [pid 2261352:tid 2261352] mod_socache_shmcb.c(896): AH00849: match at idx=24, data=8362
[Wed Aug 26 03:05:48.104459 2026] [socache_shmcb:debug] [pid 2261352:tid 2261352] mod_socache_shmcb.c(556): AH00836: leaving socache_shmcb_retrieve successfully
[Wed Aug 26 03:05:48.105290 2026] [ssl:debug] [pid 2261352:tid 2261352] ssl_engine_kernel.c(2082): [client 2001:288:a201::66:125:16569] AH02041: Protocol: TLSv1.2, Cipher: ECDHE-RSA-AES256-GCM-SHA384 (256/256 bits)
[Wed Aug 26 03:05:48.105389 2026] [ssl:debug] [pid 2261352:tid 2261352] ssl_engine_kernel.c(254): [client 2001:288:a201::66:125:16569] AH02034: Initial (No.1) HTTPS request received for child 43 (server 2blog.ilc.edu.tw:443)
[Wed Aug 26 03:05:48.105558 2026] [authz_core:debug] [pid 2261352:tid 2261352] mod_authz_core.c(815): [client 2001:288:a201::66:125:16569] AH01626: authorization result of Require all granted: granted
[Wed Aug 26 03:05:48.105562 2026] [authz_core:debug] [pid 2261352:tid 2261352] mod_authz_core.c(815): [client 2001:288:a201::66:125:16569] AH01626: authorization result of : granted
[Wed Aug 26 03:05:48.105691 2026] [authz_core:debug] [pid 2261352:tid 2261352] mod_authz_core.c(815): [client 2001:288:a201::66:125:16569] AH01626: authorization result of Require all granted: granted
[Wed Aug 26 03:05:48.105695 2026] [authz_core:debug] [pid 2261352:tid 2261352] mod_authz_core.c(815): [client 2001:288:a201::66:125:16569] AH01626: authorization result of : granted
[Wed Aug 26 03:05:48.105705 2026] [php7:error] [pid 2261352:tid 2261352] [client 2001:288:a201::66:125:16569] script '/var/www/html/2blog/active.php' not found or unable to stat
[Wed Aug 26 03:05:48.105713 2026] [headers:debug] [pid 2261352:tid 2261352] mod_headers.c(900): AH01503: headers: ap_headers_error_filter()
[Wed Aug 26 03:05:48.105821 2026] [ssl:debug] [pid 2261352:tid 2261352] ssl_engine_io.c(1150): [client 2001:288:a201::66:125:16569] AH02001: Connection closed to child 43 with standard shutdown (server 2blog.ilc.edu.tw:443)
[Wed Aug 26 03:05:48.163042 2026] [ssl:debug] [pid 2266174:tid 2266174] ssl_engine_kernel.c(254): [client 216.73.216.242:4895] AH02034: Subsequent (No.10) HTTPS request received for child 39 (server 2blog.ilc.edu.tw:443)
[Wed Aug 26 03:05:48.163257 2026] [authz_core:debug] [pid 2266174:tid 2266174] mod_authz_core.c(815): [client 216.73.216.242:4895] AH01626: authorization result of Require all granted: granted
[Wed Aug 26 03:05:48.163262 2026] [authz_core:debug] [pid 2266174:tid 2266174] mod_authz_core.c(815): [client 216.73.216.242:4895] AH01626: authorization result of : granted
[Wed Aug 26 03:05:48.163403 2026] [authz_core:debug] [pid 2266174:tid 2266174] mod_authz_core.c(815): [client 216.73.216.242:4895] AH01626: authorization result of Require all granted: granted
[Wed Aug 26 03:05:48.163409 2026] [authz_core:debug] [pid 2266174:tid 2266174] mod_authz_core.c(815): [client 216.73.216.242:4895] AH01626: authorization result of : granted
[Wed Aug 26 03:05:48.263819 2026] [ssl:debug] [pid 2266182:tid 2266182] ssl_engine_kernel.c(254): [client 216.73.216.242:14583] AH02034: Subsequent (No.9) HTTPS request received for child 50 (server 2blog.ilc.edu.tw:443)
[Wed Aug 26 03:05:48.264041 2026] [authz_core:debug] [pid 2266182:tid 2266182] mod_authz_core.c(815): [client 216.73.216.242:14583] AH01626: authorization result of Require all granted: granted
[Wed Aug 26 03:05:48.264048 2026] [authz_core:debug] [pid 2266182:tid 2266182] mod_authz_core.c(815): [client 216.73.216.242:14583] AH01626: authorization result of : granted
[Wed Aug 26 03:05:48.264183 2026] [authz_core:debug] [pid 2266182:tid 2266182] mod_authz_core.c(815): [client 216.73.216.242:14583] AH01626: authorization result of Require all granted: granted
[Wed Aug 26 03:05:48.264187 2026] [authz_core:debug] [pid 2266182:tid 2266182] mod_authz_core.c(815): [client 216.73.216.242:14583] AH01626: authorization result of : granted
[Wed Aug 26 03:05:48.265111 2026] [deflate:debug] [pid 2261072:tid 2261072] mod_deflate.c(909): [client 74.7.242.57:53240] AH01384: Zlib: Compressed 3349 to 1334 : URL /index.php, referer: https://www.ltes.ilc.edu.tw/2011/02/25/%e7%8b%82%e8%b3%80%e5%85%ad%e5%ad%9d%e7%8f%ad%e9%99%b3%e4%bf%8a%e5%ae%8f%e5%8f%83%e5%8a%a0%e4%b8%ad%e5%b0%8f%e5%ad%b8%e9%81%8b%e5%8b%95%e6%9c%83%e7%94%b7%e7%ab%a5%e4%b9%99%e7%b5%8460%e5%85%ac/
[Wed Aug 26 03:05:48.289055 2026] [ssl:debug] [pid 2266180:tid 2266180] ssl_engine_io.c(1150): [client 34.61.96.6:13313] AH02001: Connection closed to child 46 with standard shutdown (server 2blog.ilc.edu.tw:443)
[Wed Aug 26 03:05:48.354496 2026] [ssl:debug] [pid 2261329:tid 2261329] ssl_engine_kernel.c(254): [client 216.73.216.242:43908] AH02034: Subsequent (No.11) HTTPS request received for child 6 (server 2blog.ilc.edu.tw:443)
[Wed Aug 26 03:05:48.354688 2026] [authz_core:debug] [pid 2261329:tid 2261329] mod_authz_core.c(815): [client 216.73.216.242:43908] AH01626: authorization result of Require all granted: granted
[Wed Aug 26 03:05:48.354694 2026] [authz_core:debug] [pid 2261329:tid 2261329] mod_authz_core.c(815): [client 216.73.216.242:43908] AH01626: authorization result of : granted
[Wed Aug 26 03:05:48.354827 2026] [authz_core:debug] [pid 2261329:tid 2261329] mod_authz_core.c(815): [client 216.73.216.242:43908] AH01626: authorization result of Require all granted: granted
[Wed Aug 26 03:05:48.354831 2026] [authz_core:debug] [pid 2261329:tid 2261329] mod_authz_core.c(815): [client 216.73.216.242:43908] AH01626: authorization result of : granted
[Wed Aug 26 03:05:48.456557 2026] [ssl:debug] [pid 2261345:tid 2261345] ssl_engine_kernel.c(254): [client 216.73.216.242:11400] AH02034: Subsequent (No.10) HTTPS request received for child 34 (server 2blog.ilc.edu.tw:443)
[Wed Aug 26 03:05:48.456764 2026] [authz_core:debug] [pid 2261345:tid 2261345] mod_authz_core.c(815): [client 216.73.216.242:11400] AH01626: authorization result of Require all granted: granted
[Wed Aug 26 03:05:48.456769 2026] [authz_core:debug] [pid 2261345:tid 2261345] mod_authz_core.c(815): [client 216.73.216.242:11400] AH01626: authorization result of : granted
[Wed Aug 26 03:05:48.456911 2026] [authz_core:debug] [pid 2261345:tid 2261345] mod_authz_core.c(815): [client 216.73.216.242:11400] AH01626: authorization result of Require all granted: granted
[Wed Aug 26 03:05:48.456916 2026] [authz_core:debug] [pid 2261345:tid 2261345] mod_authz_core.c(815): [client 216.73.216.242:11400] AH01626: authorization result of : granted
[Wed Aug 26 03:05:48.486373 2026] [ssl:debug] [pid 2265128:tid 2265128] ssl_engine_io.c(1150): [client 2a03:2880:f802:1e:::27524] AH02001: Connection closed to child 23 with standard shutdown (server www.jwes.ilc.edu.tw:443)
[Wed Aug 26 03:05:48.531101 2026] [ssl:debug] [pid 2261072:tid 2261072] ssl_engine_kernel.c(254): [client 74.7.242.57:53240] AH02034: Subsequent (No.69) HTTPS request received for child 10 (server www.ltes.ilc.edu.tw:443), referer: https://www.ltes.ilc.edu.tw/2012/01/05/%e8%b3%80%ef%bc%81%e9%99%b3%e7%a9%8e%e5%b7%9d%e3%80%81%e6%9e%97%e7%a7%8b%e8%8a%ac%e3%80%81%e5%8a%89%e7%9b%88%e7%a4%bd%e5%8f%8a%e8%8e%8a%e6%83%a0%e9%9b%af%e8%80%81%e5%b8%ab%e5%8f%83%e5%8a%a0%e3%80%8c10/
[Wed Aug 26 03:05:48.531300 2026] [authz_core:debug] [pid 2261072:tid 2261072] mod_authz_core.c(815): [client 74.7.242.57:53240] AH01626: authorization result of Require all granted: granted, referer: https://www.ltes.ilc.edu.tw/2012/01/05/%e8%b3%80%ef%bc%81%e9%99%b3%e7%a9%8e%e5%b7%9d%e3%80%81%e6%9e%97%e7%a7%8b%e8%8a%ac%e3%80%81%e5%8a%89%e7%9b%88%e7%a4%bd%e5%8f%8a%e8%8e%8a%e6%83%a0%e9%9b%af%e8%80%81%e5%b8%ab%e5%8f%83%e5%8a%a0%e3%80%8c10/
[Wed Aug 26 03:05:48.531305 2026] [authz_core:debug] [pid 2261072:tid 2261072] mod_authz_core.c(815): [client 74.7.242.57:53240] AH01626: authorization result of : granted, referer: https://www.ltes.ilc.edu.tw/2012/01/05/%e8%b3%80%ef%bc%81%e9%99%b3%e7%a9%8e%e5%b7%9d%e3%80%81%e6%9e%97%e7%a7%8b%e8%8a%ac%e3%80%81%e5%8a%89%e7%9b%88%e7%a4%bd%e5%8f%8a%e8%8e%8a%e6%83%a0%e9%9b%af%e8%80%81%e5%b8%ab%e5%8f%83%e5%8a%a0%e3%80%8c10/
[Wed Aug 26 03:05:48.531445 2026] [authz_core:debug] [pid 2261072:tid 2261072] mod_authz_core.c(815): [client 74.7.242.57:53240] AH01626: authorization result of Require all granted: granted, referer: https://www.ltes.ilc.edu.tw/2012/01/05/%e8%b3%80%ef%bc%81%e9%99%b3%e7%a9%8e%e5%b7%9d%e3%80%81%e6%9e%97%e7%a7%8b%e8%8a%ac%e3%80%81%e5%8a%89%e7%9b%88%e7%a4%bd%e5%8f%8a%e8%8e%8a%e6%83%a0%e9%9b%af%e8%80%81%e5%b8%ab%e5%8f%83%e5%8a%a0%e3%80%8c10/
[Wed Aug 26 03:05:48.531450 2026] [authz_core:debug] [pid 2261072:tid 2261072] mod_authz_core.c(815): [client 74.7.242.57:53240] AH01626: authorization result of : granted, referer: https://www.ltes.ilc.edu.tw/2012/01/05/%e8%b3%80%ef%bc%81%e9%99%b3%e7%a9%8e%e5%b7%9d%e3%80%81%e6%9e%97%e7%a7%8b%e8%8a%ac%e3%80%81%e5%8a%89%e7%9b%88%e7%a4%bd%e5%8f%8a%e8%8e%8a%e6%83%a0%e9%9b%af%e8%80%81%e5%b8%ab%e5%8f%83%e5%8a%a0%e3%80%8c10/
[Wed Aug 26 03:05:48.556387 2026] [ssl:debug] [pid 2261337:tid 2261337] ssl_engine_kernel.c(254): [client 216.73.216.242:1643] AH02034: Subsequent (No.10) HTTPS request received for child 25 (server 2blog.ilc.edu.tw:443)
[Wed Aug 26 03:05:48.556586 2026] [authz_core:debug] [pid 2261337:tid 2261337] mod_authz_core.c(815): [client 216.73.216.242:1643] AH01626: authorization result of Require all granted: granted
[Wed Aug 26 03:05:48.556591 2026] [authz_core:debug] [pid 2261337:tid 2261337] mod_authz_core.c(815): [client 216.73.216.242:1643] AH01626: authorization result of : granted
[Wed Aug 26 03:05:48.556721 2026] [authz_core:debug] [pid 2261337:tid 2261337] mod_authz_core.c(815): [client 216.73.216.242:1643] AH01626: authorization result of Require all granted: granted
[Wed Aug 26 03:05:48.556725 2026] [authz_core:debug] [pid 2261337:tid 2261337] mod_authz_core.c(815): [client 216.73.216.242:1643] AH01626: authorization result of : granted
[Wed Aug 26 03:05:48.673529 2026] [ssl:debug] [pid 2266174:tid 2266174] ssl_engine_kernel.c(254): [client 216.73.216.242:4895] AH02034: Subsequent (No.11) HTTPS request received for child 39 (server 2blog.ilc.edu.tw:443)
[Wed Aug 26 03:05:48.673724 2026] [authz_core:debug] [pid 2266174:tid 2266174] mod_authz_core.c(815): [client 216.73.216.242:4895] AH01626: authorization result of Require all granted: granted
[Wed Aug 26 03:05:48.673729 2026] [authz_core:debug] [pid 2266174:tid 2266174] mod_authz_core.c(815): [client 216.73.216.242:4895] AH01626: authorization result of : granted
[Wed Aug 26 03:05:48.673863 2026] [authz_core:debug] [pid 2266174:tid 2266174] mod_authz_core.c(815): [client 216.73.216.242:4895] AH01626: authorization result of Require all granted: granted
[Wed Aug 26 03:05:48.673867 2026] [authz_core:debug] [pid 2266174:tid 2266174] mod_authz_core.c(815): [client 216.73.216.242:4895] AH01626: authorization result of : granted
[Wed Aug 26 03:05:48.695748 2026] [deflate:debug] [pid 2261329:tid 2261329] mod_deflate.c(909): [client 216.73.216.242:43908] AH01384: Zlib: Compressed 2768 to 1263 : URL /index.php
[Wed Aug 26 03:05:48.730616 2026] [deflate:debug] [pid 2261072:tid 2261072] mod_deflate.c(909): [client 74.7.242.57:53240] AH01384: Zlib: Compressed 3782 to 1397 : URL /index.php, referer: https://www.ltes.ilc.edu.tw/2012/01/05/%e8%b3%80%ef%bc%81%e9%99%b3%e7%a9%8e%e5%b7%9d%e3%80%81%e6%9e%97%e7%a7%8b%e8%8a%ac%e3%80%81%e5%8a%89%e7%9b%88%e7%a4%bd%e5%8f%8a%e8%8e%8a%e6%83%a0%e9%9b%af%e8%80%81%e5%b8%ab%e5%8f%83%e5%8a%a0%e3%80%8c10/
[Wed Aug 26 03:05:48.755931 2026] [deflate:debug] [pid 2265127:tid 2265127] mod_deflate.c(909): [client 216.73.216.242:11830] AH01384: Zlib: Compressed 534734 to 85152 : URL /index.php
[Wed Aug 26 03:05:48.764508 2026] [ssl:debug] [pid 2256122:tid 2256122] ssl_engine_kernel.c(254): [client 216.73.216.242:46376] AH02034: Subsequent (No.13) HTTPS request received for child 30 (server 2blog.ilc.edu.tw:443)
[Wed Aug 26 03:05:48.764689 2026] [authz_core:debug] [pid 2256122:tid 2256122] mod_authz_core.c(815): [client 216.73.216.242:46376] AH01626: authorization result of Require all granted: granted
[Wed Aug 26 03:05:48.764747 2026] [authz_core:debug] [pid 2256122:tid 2256122] mod_authz_core.c(815): [client 216.73.216.242:46376] AH01626: authorization result of : granted
[Wed Aug 26 03:05:48.764883 2026] [authz_core:debug] [pid 2256122:tid 2256122] mod_authz_core.c(815): [client 216.73.216.242:46376] AH01626: authorization result of Require all granted: granted
[Wed Aug 26 03:05:48.764887 2026] [authz_core:debug] [pid 2256122:tid 2256122] mod_authz_core.c(815): [client 216.73.216.242:46376] AH01626: authorization result of : granted
[Wed Aug 26 03:05:48.787816 2026] [deflate:debug] [pid 2261311:tid 2261311] mod_deflate.c(909): [client 216.73.216.242:59366] AH01384: Zlib: Compressed 535336 to 86244 : URL /index.php
[Wed Aug 26 03:05:48.791493 2026] [ssl:debug] [pid 2261346:tid 2261346] ssl_engine_io.c(1150): [client 2a03:2880:f802:2d:::35446] AH02001: Connection closed to child 35 with standard shutdown (server www.jwes.ilc.edu.tw:443)
[Wed Aug 26 03:05:48.798688 2026] [ssl:debug] [pid 2261353:tid 2261353] ssl_engine_io.c(1150): [client 2a03:2880:f802:48:::62988] AH02001: Connection closed to child 44 with standard shutdown (server www.jwes.ilc.edu.tw:443)
[Wed Aug 26 03:05:48.874764 2026] [ssl:debug] [pid 2264546:tid 2264546] ssl_engine_kernel.c(254): [client 216.73.216.242:9347] AH02034: Subsequent (No.12) HTTPS request received for child 16 (server 2blog.ilc.edu.tw:443)
[Wed Aug 26 03:05:48.874973 2026] [authz_core:debug] [pid 2264546:tid 2264546] mod_authz_core.c(815): [client 216.73.216.242:9347] AH01626: authorization result of Require all granted: granted
[Wed Aug 26 03:05:48.874978 2026] [authz_core:debug] [pid 2264546:tid 2264546] mod_authz_core.c(815): [client 216.73.216.242:9347] AH01626: authorization result of : granted
[Wed Aug 26 03:05:48.875111 2026] [authz_core:debug] [pid 2264546:tid 2264546] mod_authz_core.c(815): [client 216.73.216.242:9347] AH01626: authorization result of Require all granted: granted
[Wed Aug 26 03:05:48.875114 2026] [authz_core:debug] [pid 2264546:tid 2264546] mod_authz_core.c(815): [client 216.73.216.242:9347] AH01626: authorization result of : granted
[Wed Aug 26 03:05:48.875520 2026] [ssl:debug] [pid 2261357:tid 2261357] ssl_engine_io.c(1150): [client 135.180.101.47:12594] AH02001: Connection closed to child 49 with standard shutdown (server www.shmes.ilc.edu.tw:443)
[Wed Aug 26 03:05:48.965196 2026] [ssl:debug] [pid 2261329:tid 2261329] ssl_engine_kernel.c(254): [client 216.73.216.242:43908] AH02034: Subsequent (No.12) HTTPS request received for child 6 (server 2blog.ilc.edu.tw:443)
[Wed Aug 26 03:05:48.965392 2026] [authz_core:debug] [pid 2261329:tid 2261329] mod_authz_core.c(815): [client 216.73.216.242:43908] AH01626: authorization result of Require all granted: granted
[Wed Aug 26 03:05:48.965398 2026] [authz_core:debug] [pid 2261329:tid 2261329] mod_authz_core.c(815): [client 216.73.216.242:43908] AH01626: authorization result of : granted
[Wed Aug 26 03:05:48.965531 2026] [authz_core:debug] [pid 2261329:tid 2261329] mod_authz_core.c(815): [client 216.73.216.242:43908] AH01626: authorization result of Require all granted: granted
[Wed Aug 26 03:05:48.965534 2026] [authz_core:debug] [pid 2261329:tid 2261329] mod_authz_core.c(815): [client 216.73.216.242:43908] AH01626: authorization result of : granted
[Wed Aug 26 03:05:49.028011 2026] [ssl:debug] [pid 2261072:tid 2261072] ssl_engine_kernel.c(254): [client 74.7.242.57:53240] AH02034: Subsequent (No.70) HTTPS request received for child 10 (server www.ltes.ilc.edu.tw:443), referer: https://www.ltes.ilc.edu.tw/2015/12/28/%e5%ae%9c%e8%98%ad%e7%b8%a3105%e5%ad%b8%e5%b9%b4%e5%ba%a6%e5%9c%8b%e6%b0%91%e5%b0%8f%e5%ad%b8%e4%b8%80%e8%88%ac%e6%99%ba%e8%83%bd%e8%b3%87%e8%b3%a6%e5%84%aa%e7%95%b0%e5%ad%b8%e7%94%9f%e9%91%91/
[Wed Aug 26 03:05:49.028210 2026] [authz_core:debug] [pid 2261072:tid 2261072] mod_authz_core.c(815): [client 74.7.242.57:53240] AH01626: authorization result of Require all granted: granted, referer: https://www.ltes.ilc.edu.tw/2015/12/28/%e5%ae%9c%e8%98%ad%e7%b8%a3105%e5%ad%b8%e5%b9%b4%e5%ba%a6%e5%9c%8b%e6%b0%91%e5%b0%8f%e5%ad%b8%e4%b8%80%e8%88%ac%e6%99%ba%e8%83%bd%e8%b3%87%e8%b3%a6%e5%84%aa%e7%95%b0%e5%ad%b8%e7%94%9f%e9%91%91/
[Wed Aug 26 03:05:49.028241 2026] [authz_core:debug] [pid 2261072:tid 2261072] mod_authz_core.c(815): [client 74.7.242.57:53240] AH01626: authorization result of : granted, referer: https://www.ltes.ilc.edu.tw/2015/12/28/%e5%ae%9c%e8%98%ad%e7%b8%a3105%e5%ad%b8%e5%b9%b4%e5%ba%a6%e5%9c%8b%e6%b0%91%e5%b0%8f%e5%ad%b8%e4%b8%80%e8%88%ac%e6%99%ba%e8%83%bd%e8%b3%87%e8%b3%a6%e5%84%aa%e7%95%b0%e5%ad%b8%e7%94%9f%e9%91%91/
[Wed Aug 26 03:05:49.028389 2026] [authz_core:debug] [pid 2261072:tid 2261072] mod_authz_core.c(815): [client 74.7.242.57:53240] AH01626: authorization result of Require all granted: granted, referer: https://www.ltes.ilc.edu.tw/2015/12/28/%e5%ae%9c%e8%98%ad%e7%b8%a3105%e5%ad%b8%e5%b9%b4%e5%ba%a6%e5%9c%8b%e6%b0%91%e5%b0%8f%e5%ad%b8%e4%b8%80%e8%88%ac%e6%99%ba%e8%83%bd%e8%b3%87%e8%b3%a6%e5%84%aa%e7%95%b0%e5%ad%b8%e7%94%9f%e9%91%91/
[Wed Aug 26 03:05:49.028394 2026] [authz_core:debug] [pid 2261072:tid 2261072] mod_authz_core.c(815): [client 74.7.242.57:53240] AH01626: authorization result of : granted, referer: https://www.ltes.ilc.edu.tw/2015/12/28/%e5%ae%9c%e8%98%ad%e7%b8%a3105%e5%ad%b8%e5%b9%b4%e5%ba%a6%e5%9c%8b%e6%b0%91%e5%b0%8f%e5%ad%b8%e4%b8%80%e8%88%ac%e6%99%ba%e8%83%bd%e8%b3%87%e8%b3%a6%e5%84%aa%e7%95%b0%e5%ad%b8%e7%94%9f%e9%91%91/
[Wed Aug 26 03:05:49.033247 2026] [deflate:debug] [pid 2266182:tid 2266182] mod_deflate.c(909): [client 216.73.216.242:14583] AH01384: Zlib: Compressed 532023 to 85776 : URL /index.php
[Wed Aug 26 03:05:49.075749 2026] [ssl:debug] [pid 2261130:tid 2261130] ssl_engine_kernel.c(254): [client 216.73.216.242:30584] AH02034: Subsequent (No.11) HTTPS request received for child 38 (server 2blog.ilc.edu.tw:443)
[Wed Aug 26 03:05:49.075952 2026] [authz_core:debug] [pid 2261130:tid 2261130] mod_authz_core.c(815): [client 216.73.216.242:30584] AH01626: authorization result of Require all granted: granted
[Wed Aug 26 03:05:49.075957 2026] [authz_core:debug] [pid 2261130:tid 2261130] mod_authz_core.c(815): [client 216.73.216.242:30584] AH01626: authorization result of : granted
[Wed Aug 26 03:05:49.076085 2026] [authz_core:debug] [pid 2261130:tid 2261130] mod_authz_core.c(815): [client 216.73.216.242:30584] AH01626: authorization result of Require all granted: granted
[Wed Aug 26 03:05:49.076089 2026] [authz_core:debug] [pid 2261130:tid 2261130] mod_authz_core.c(815): [client 216.73.216.242:30584] AH01626: authorization result of : granted
[Wed Aug 26 03:05:49.102615 2026] [ssl:info] [pid 2264931:tid 2264931] [client 2a03:2880:f802:38:::38976] AH01964: Connection to child 19 established (server 2blog.ilc.edu.tw:443)
[Wed Aug 26 03:05:49.102775 2026] [ssl:debug] [pid 2264931:tid 2264931] ssl_engine_kernel.c(2222): [client 2a03:2880:f802:38:::38976] AH02043: SSL virtual host for servername www.jwes.ilc.edu.tw found
[Wed Aug 26 03:05:49.102849 2026] [core:debug] [pid 2264931:tid 2264931] protocol.c(2460): [client 2a03:2880:f802:38:::38976] AH03155: select protocol from , choices=h2,http/1.1 for server www.jwes.ilc.edu.tw
[Wed Aug 26 03:05:49.130864 2026] [deflate:debug] [pid 2266174:tid 2266174] mod_deflate.c(909): [client 216.73.216.242:4895] AH01384: Zlib: Compressed 2768 to 1265 : URL /index.php
[Wed Aug 26 03:05:49.185171 2026] [ssl:info] [pid 2261338:tid 2261338] [client 34.30.223.149:7680] AH01964: Connection to child 26 established (server 2blog.ilc.edu.tw:443)
[Wed Aug 26 03:05:49.185344 2026] [ssl:debug] [pid 2261338:tid 2261338] ssl_engine_kernel.c(2222): [client 34.30.223.149:7680] AH02043: SSL virtual host for servername 2blog.ilc.edu.tw found
[Wed Aug 26 03:05:49.185403 2026] [core:debug] [pid 2261338:tid 2261338] protocol.c(2460): [client 34.30.223.149:7680] AH03155: select protocol from , choices=http/1.1 for server 2blog.ilc.edu.tw
[Wed Aug 26 03:05:49.243845 2026] [ssl:debug] [pid 2264931:tid 2264931] ssl_engine_kernel.c(2082): [client 2a03:2880:f802:38:::38976] AH02041: Protocol: TLSv1.3, Cipher: TLS_AES_256_GCM_SHA384 (256/256 bits)
[Wed Aug 26 03:05:49.243906 2026] [socache_shmcb:debug] [pid 2264931:tid 2264931] mod_socache_shmcb.c(508): AH00831: socache_shmcb_store (0x68 -> subcache 8)
[Wed Aug 26 03:05:49.243912 2026] [socache_shmcb:debug] [pid 2264931:tid 2264931] mod_socache_shmcb.c(860): AH00847: insert happened at idx=81, data=(1315:1347)
[Wed Aug 26 03:05:49.243914 2026] [socache_shmcb:debug] [pid 2264931:tid 2264931] mod_socache_shmcb.c(863): AH00848: finished insert, subcache: idx_pos/idx_used=32/50, data_pos/data_used=4175/11233
[Wed Aug 26 03:05:49.243916 2026] [socache_shmcb:debug] [pid 2264931:tid 2264931] mod_socache_shmcb.c(530): AH00834: leaving socache_shmcb_store successfully
[Wed Aug 26 03:05:49.244005 2026] [socache_shmcb:debug] [pid 2264931:tid 2264931] mod_socache_shmcb.c(508): AH00831: socache_shmcb_store (0x1c -> subcache 28)
[Wed Aug 26 03:05:49.244023 2026] [socache_shmcb:debug] [pid 2264931:tid 2264931] mod_socache_shmcb.c(798): AH00845: about to force-expire, subcache: idx_used=61, data_used=13679
[Wed Aug 26 03:05:49.244025 2026] [socache_shmcb:debug] [pid 2264931:tid 2264931] mod_socache_shmcb.c(824): AH00846: finished force-expire, subcache: idx_used=60, data_used=13450
[Wed Aug 26 03:05:49.244027 2026] [socache_shmcb:debug] [pid 2264931:tid 2264931] mod_socache_shmcb.c(860): AH00847: insert happened at idx=20, data=(12991:13023)
[Wed Aug 26 03:05:49.244028 2026] [socache_shmcb:debug] [pid 2264931:tid 2264931] mod_socache_shmcb.c(863): AH00848: finished insert, subcache: idx_pos/idx_used=48/61, data_pos/data_used=13405/13678
[Wed Aug 26 03:05:49.244030 2026] [socache_shmcb:debug] [pid 2264931:tid 2264931] mod_socache_shmcb.c(530): AH00834: leaving socache_shmcb_store successfully
[Wed Aug 26 03:05:49.244160 2026] [ssl:debug] [pid 2264931:tid 2264931] ssl_engine_kernel.c(254): [client 2a03:2880:f802:38:::38976] AH02034: Initial (No.1) HTTPS request received for child 19 (server www.jwes.ilc.edu.tw:443)
[Wed Aug 26 03:05:49.244339 2026] [authz_core:debug] [pid 2264931:tid 2264931] mod_authz_core.c(815): [client 2a03:2880:f802:38:::38976] AH01626: authorization result of Require all granted: granted
[Wed Aug 26 03:05:49.244344 2026] [authz_core:debug] [pid 2264931:tid 2264931] mod_authz_core.c(815): [client 2a03:2880:f802:38:::38976] AH01626: authorization result of : granted
[Wed Aug 26 03:05:49.271574 2026] [deflate:debug] [pid 2261072:tid 2261072] mod_deflate.c(909): [client 74.7.242.57:53240] AH01384: Zlib: Compressed 3357 to 1312 : URL /index.php, referer: https://www.ltes.ilc.edu.tw/2015/12/28/%e5%ae%9c%e8%98%ad%e7%b8%a3105%e5%ad%b8%e5%b9%b4%e5%ba%a6%e5%9c%8b%e6%b0%91%e5%b0%8f%e5%ad%b8%e4%b8%80%e8%88%ac%e6%99%ba%e8%83%bd%e8%b3%87%e8%b3%a6%e5%84%aa%e7%95%b0%e5%ad%b8%e7%94%9f%e9%91%91/
[Wed Aug 26 03:05:49.280201 2026] [deflate:debug] [pid 2261345:tid 2261345] mod_deflate.c(909): [client 216.73.216.242:11400] AH01384: Zlib: Compressed 532168 to 85580 : URL /index.php
[Wed Aug 26 03:05:49.296108 2026] [deflate:debug] [pid 2261337:tid 2261337] mod_deflate.c(909): [client 216.73.216.242:1643] AH01384: Zlib: Compressed 535101 to 86290 : URL /index.php
[Wed Aug 26 03:05:49.338104 2026] [deflate:debug] [pid 2261329:tid 2261329] mod_deflate.c(909): [client 216.73.216.242:43908] AH01384: Zlib: Compressed 2726 to 1255 : URL /index.php
[Wed Aug 26 03:05:49.379679 2026] [ssl:debug] [pid 2266174:tid 2266174] ssl_engine_kernel.c(254): [client 216.73.216.242:4895] AH02034: Subsequent (No.12) HTTPS request received for child 39 (server 2blog.ilc.edu.tw:443)
[Wed Aug 26 03:05:49.379919 2026] [authz_core:debug] [pid 2266174:tid 2266174] mod_authz_core.c(815): [client 216.73.216.242:4895] AH01626: authorization result of Require all granted: granted
[Wed Aug 26 03:05:49.379928 2026] [authz_core:debug] [pid 2266174:tid 2266174] mod_authz_core.c(815): [client 216.73.216.242:4895] AH01626: authorization result of : granted
[Wed Aug 26 03:05:49.380205 2026] [authz_core:debug] [pid 2266174:tid 2266174] mod_authz_core.c(815): [client 216.73.216.242:4895] AH01626: authorization result of Require all granted: granted
[Wed Aug 26 03:05:49.380224 2026] [authz_core:debug] [pid 2266174:tid 2266174] mod_authz_core.c(815): [client 216.73.216.242:4895] AH01626: authorization result of : granted
[Wed Aug 26 03:05:49.402984 2026] [deflate:debug] [pid 2261130:tid 2261130] mod_deflate.c(909): [client 216.73.216.242:30584] AH01384: Zlib: Compressed 2768 to 1265 : URL /index.php
[Wed Aug 26 03:05:49.469568 2026] [ssl:debug] [pid 2265127:tid 2265127] ssl_engine_kernel.c(254): [client 216.73.216.242:11830] AH02034: Subsequent (No.13) HTTPS request received for child 21 (server 2blog.ilc.edu.tw:443)
[Wed Aug 26 03:05:49.469780 2026] [authz_core:debug] [pid 2265127:tid 2265127] mod_authz_core.c(815): [client 216.73.216.242:11830] AH01626: authorization result of Require all granted: granted
[Wed Aug 26 03:05:49.469798 2026] [authz_core:debug] [pid 2265127:tid 2265127] mod_authz_core.c(815): [client 216.73.216.242:11830] AH01626: authorization result of : granted
[Wed Aug 26 03:05:49.469956 2026] [authz_core:debug] [pid 2265127:tid 2265127] mod_authz_core.c(815): [client 216.73.216.242:11830] AH01626: authorization result of Require all granted: granted
[Wed Aug 26 03:05:49.469961 2026] [authz_core:debug] [pid 2265127:tid 2265127] mod_authz_core.c(815): [client 216.73.216.242:11830] AH01626: authorization result of : granted
[Wed Aug 26 03:05:49.481054 2026] [ssl:debug] [pid 2261094:tid 2261094] ssl_engine_io.c(1150): [client 34.30.223.149:17409] AH02001: Connection closed to child 1 with standard shutdown (server 2blog.ilc.edu.tw:443)
[Wed Aug 26 03:05:49.484260 2026] [ssl:debug] [pid 2261338:tid 2261338] ssl_engine_kernel.c(2082): [client 34.30.223.149:7680] AH02041: Protocol: TLSv1.3, Cipher: TLS_AES_256_GCM_SHA384 (256/256 bits)
[Wed Aug 26 03:05:49.484308 2026] [socache_shmcb:debug] [pid 2261338:tid 2261338] mod_socache_shmcb.c(508): AH00831: socache_shmcb_store (0x29 -> subcache 9)
[Wed Aug 26 03:05:49.484314 2026] [socache_shmcb:debug] [pid 2261338:tid 2261338] mod_socache_shmcb.c(798): AH00845: about to force-expire, subcache: idx_used=61, data_used=13651
[Wed Aug 26 03:05:49.484316 2026] [socache_shmcb:debug] [pid 2261338:tid 2261338] mod_socache_shmcb.c(824): AH00846: finished force-expire, subcache: idx_used=60, data_used=13426
[Wed Aug 26 03:05:49.484319 2026] [socache_shmcb:debug] [pid 2261338:tid 2261338] mod_socache_shmcb.c(860): AH00847: insert happened at idx=15, data=(5914:5946)
[Wed Aug 26 03:05:49.484321 2026] [socache_shmcb:debug] [pid 2261338:tid 2261338] mod_socache_shmcb.c(863): AH00848: finished insert, subcache: idx_pos/idx_used=43/61, data_pos/data_used=6352/13652
[Wed Aug 26 03:05:49.484323 2026] [socache_shmcb:debug] [pid 2261338:tid 2261338] mod_socache_shmcb.c(530): AH00834: leaving socache_shmcb_store successfully
[Wed Aug 26 03:05:49.484367 2026] [socache_shmcb:debug] [pid 2261338:tid 2261338] mod_socache_shmcb.c(508): AH00831: socache_shmcb_store (0xe0 -> subcache 0)
[Wed Aug 26 03:05:49.484372 2026] [socache_shmcb:debug] [pid 2261338:tid 2261338] mod_socache_shmcb.c(745): AH00842: expiring 1 and reclaiming 0 removed socache entries
[Wed Aug 26 03:05:49.484374 2026] [socache_shmcb:debug] [pid 2261338:tid 2261338] mod_socache_shmcb.c(765): AH00843: we now have 45 socache entries
[Wed Aug 26 03:05:49.484376 2026] [socache_shmcb:debug] [pid 2261338:tid 2261338] mod_socache_shmcb.c(860): AH00847: insert happened at idx=26, data=(8527:8559)
[Wed Aug 26 03:05:49.484377 2026] [socache_shmcb:debug] [pid 2261338:tid 2261338] mod_socache_shmcb.c(863): AH00848: finished insert, subcache: idx_pos/idx_used=69/46, data_pos/data_used=12305/10311
[Wed Aug 26 03:05:49.484379 2026] [socache_shmcb:debug] [pid 2261338:tid 2261338] mod_socache_shmcb.c(530): AH00834: leaving socache_shmcb_store successfully
[Wed Aug 26 03:05:49.494872 2026] [deflate:debug] [pid 2256122:tid 2256122] mod_deflate.c(909): [client 216.73.216.242:46376] AH01384: Zlib: Compressed 529666 to 85774 : URL /index.php
[Wed Aug 26 03:05:49.557789 2026] [ssl:debug] [pid 2261338:tid 2261338] ssl_engine_kernel.c(254): [client 34.30.223.149:7680] AH02034: Initial (No.1) HTTPS request received for child 26 (server 2blog.ilc.edu.tw:443)
[Wed Aug 26 03:05:49.571361 2026] [ssl:debug] [pid 2261329:tid 2261329] ssl_engine_kernel.c(254): [client 216.73.216.242:43908] AH02034: Subsequent (No.13) HTTPS request received for child 6 (server 2blog.ilc.edu.tw:443)
[Wed Aug 26 03:05:49.571555 2026] [authz_core:debug] [pid 2261329:tid 2261329] mod_authz_core.c(815): [client 216.73.216.242:43908] AH01626: authorization result of Require all granted: granted
[Wed Aug 26 03:05:49.571560 2026] [authz_core:debug] [pid 2261329:tid 2261329] mod_authz_core.c(815): [client 216.73.216.242:43908] AH01626: authorization result of : granted
[Wed Aug 26 03:05:49.571700 2026] [authz_core:debug] [pid 2261329:tid 2261329] mod_authz_core.c(815): [client 216.73.216.242:43908] AH01626: authorization result of Require all granted: granted
[Wed Aug 26 03:05:49.571704 2026] [authz_core:debug] [pid 2261329:tid 2261329] mod_authz_core.c(815): [client 216.73.216.242:43908] AH01626: authorization result of : granted
[Wed Aug 26 03:05:49.575964 2026] [ssl:debug] [pid 2261072:tid 2261072] ssl_engine_kernel.c(254): [client 74.7.242.57:53240] AH02034: Subsequent (No.71) HTTPS request received for child 10 (server www.ltes.ilc.edu.tw:443), referer: https://www.ltes.ilc.edu.tw/2011/06/22/%e8%b3%80%e7%a5%90%e8%be%b2%e8%80%81%e5%b8%ab%e6%8c%87%e5%b0%8e%e9%bb%83%e4%ba%91%e3%80%81%e5%b0%a4%e6%98%b1%e7%94%af%e3%80%81%e6%9d%8e%e6%ac%a3%e7%8f%ae%e3%80%81%e9%99%b3%e6%80%a1%e5%8b%b3%e7%ad%89/
[Wed Aug 26 03:05:49.576161 2026] [authz_core:debug] [pid 2261072:tid 2261072] mod_authz_core.c(815): [client 74.7.242.57:53240] AH01626: authorization result of Require all granted: granted, referer: https://www.ltes.ilc.edu.tw/2011/06/22/%e8%b3%80%e7%a5%90%e8%be%b2%e8%80%81%e5%b8%ab%e6%8c%87%e5%b0%8e%e9%bb%83%e4%ba%91%e3%80%81%e5%b0%a4%e6%98%b1%e7%94%af%e3%80%81%e6%9d%8e%e6%ac%a3%e7%8f%ae%e3%80%81%e9%99%b3%e6%80%a1%e5%8b%b3%e7%ad%89/
[Wed Aug 26 03:05:49.576167 2026] [authz_core:debug] [pid 2261072:tid 2261072] mod_authz_core.c(815): [client 74.7.242.57:53240] AH01626: authorization result of : granted, referer: https://www.ltes.ilc.edu.tw/2011/06/22/%e8%b3%80%e7%a5%90%e8%be%b2%e8%80%81%e5%b8%ab%e6%8c%87%e5%b0%8e%e9%bb%83%e4%ba%91%e3%80%81%e5%b0%a4%e6%98%b1%e7%94%af%e3%80%81%e6%9d%8e%e6%ac%a3%e7%8f%ae%e3%80%81%e9%99%b3%e6%80%a1%e5%8b%b3%e7%ad%89/
[Wed Aug 26 03:05:49.576304 2026] [authz_core:debug] [pid 2261072:tid 2261072] mod_authz_core.c(815): [client 74.7.242.57:53240] AH01626: authorization result of Require all granted: granted, referer: https://www.ltes.ilc.edu.tw/2011/06/22/%e8%b3%80%e7%a5%90%e8%be%b2%e8%80%81%e5%b8%ab%e6%8c%87%e5%b0%8e%e9%bb%83%e4%ba%91%e3%80%81%e5%b0%a4%e6%98%b1%e7%94%af%e3%80%81%e6%9d%8e%e6%ac%a3%e7%8f%ae%e3%80%81%e9%99%b3%e6%80%a1%e5%8b%b3%e7%ad%89/
[Wed Aug 26 03:05:49.576309 2026] [authz_core:debug] [pid 2261072:tid 2261072] mod_authz_core.c(815): [client 74.7.242.57:53240] AH01626: authorization result of : granted, referer: https://www.ltes.ilc.edu.tw/2011/06/22/%e8%b3%80%e7%a5%90%e8%be%b2%e8%80%81%e5%b8%ab%e6%8c%87%e5%b0%8e%e9%bb%83%e4%ba%91%e3%80%81%e5%b0%a4%e6%98%b1%e7%94%af%e3%80%81%e6%9d%8e%e6%ac%a3%e7%8f%ae%e3%80%81%e9%99%b3%e6%80%a1%e5%8b%b3%e7%ad%89/
[Wed Aug 26 03:05:49.576462 2026] [authz_core:debug] [pid 2261338:tid 2261338] mod_authz_core.c(815): [client 34.30.223.149:7680] AH01626: authorization result of Require all granted: granted
[Wed Aug 26 03:05:49.576474 2026] [authz_core:debug] [pid 2261338:tid 2261338] mod_authz_core.c(815): [client 34.30.223.149:7680] AH01626: authorization result of : granted
[Wed Aug 26 03:05:49.576605 2026] [core:info] [pid 2261338:tid 2261338] [client 34.30.223.149:7680] AH00128: File does not exist: /var/www/html/2blog/wp-content/uploads/sites/2746/6472/previews/6472-4224121.pdf
[Wed Aug 26 03:05:49.576615 2026] [headers:debug] [pid 2261338:tid 2261338] mod_headers.c(900): AH01503: headers: ap_headers_error_filter()
[Wed Aug 26 03:05:49.682323 2026] [ssl:debug] [pid 2261130:tid 2261130] ssl_engine_kernel.c(254): [client 216.73.216.242:30584] AH02034: Subsequent (No.12) HTTPS request received for child 38 (server 2blog.ilc.edu.tw:443)
[Wed Aug 26 03:05:49.682552 2026] [authz_core:debug] [pid 2261130:tid 2261130] mod_authz_core.c(815): [client 216.73.216.242:30584] AH01626: authorization result of Require all granted: granted
[Wed Aug 26 03:05:49.682557 2026] [authz_core:debug] [pid 2261130:tid 2261130] mod_authz_core.c(815): [client 216.73.216.242:30584] AH01626: authorization result of : granted
[Wed Aug 26 03:05:49.682693 2026] [authz_core:debug] [pid 2261130:tid 2261130] mod_authz_core.c(815): [client 216.73.216.242:30584] AH01626: authorization result of Require all granted: granted
[Wed Aug 26 03:05:49.682697 2026] [authz_core:debug] [pid 2261130:tid 2261130] mod_authz_core.c(815): [client 216.73.216.242:30584] AH01626: authorization result of : granted
[Wed Aug 26 03:05:49.763405 2026] [deflate:debug] [pid 2265127:tid 2265127] mod_deflate.c(909): [client 216.73.216.242:11830] AH01384: Zlib: Compressed 2769 to 1265 : URL /index.php
[Wed Aug 26 03:05:49.772806 2026] [ssl:debug] [pid 2261345:tid 2261345] ssl_engine_kernel.c(254): [client 216.73.216.242:11400] AH02034: Subsequent (No.11) HTTPS request received for child 34 (server 2blog.ilc.edu.tw:443)
[Wed Aug 26 03:05:49.773078 2026] [authz_core:debug] [pid 2261345:tid 2261345] mod_authz_core.c(815): [client 216.73.216.242:11400] AH01626: authorization result of Require all granted: granted
[Wed Aug 26 03:05:49.773085 2026] [authz_core:debug] [pid 2261345:tid 2261345] mod_authz_core.c(815): [client 216.73.216.242:11400] AH01626: authorization result of : granted
[Wed Aug 26 03:05:49.773271 2026] [authz_core:debug] [pid 2261345:tid 2261345] mod_authz_core.c(815): [client 216.73.216.242:11400] AH01626: authorization result of Require all granted: granted
[Wed Aug 26 03:05:49.773277 2026] [authz_core:debug] [pid 2261345:tid 2261345] mod_authz_core.c(815): [client 216.73.216.242:11400] AH01626: authorization result of : granted
[Wed Aug 26 03:05:49.778164 2026] [deflate:debug] [pid 2261072:tid 2261072] mod_deflate.c(909): [client 74.7.242.57:53240] AH01384: Zlib: Compressed 3714 to 1396 : URL /index.php, referer: https://www.ltes.ilc.edu.tw/2011/06/22/%e8%b3%80%e7%a5%90%e8%be%b2%e8%80%81%e5%b8%ab%e6%8c%87%e5%b0%8e%e9%bb%83%e4%ba%91%e3%80%81%e5%b0%a4%e6%98%b1%e7%94%af%e3%80%81%e6%9d%8e%e6%ac%a3%e7%8f%ae%e3%80%81%e9%99%b3%e6%80%a1%e5%8b%b3%e7%ad%89/
[Wed Aug 26 03:05:49.885256 2026] [ssl:debug] [pid 2266182:tid 2266182] ssl_engine_kernel.c(254): [client 216.73.216.242:14583] AH02034: Subsequent (No.10) HTTPS request received for child 50 (server 2blog.ilc.edu.tw:443)
[Wed Aug 26 03:05:49.885457 2026] [authz_core:debug] [pid 2266182:tid 2266182] mod_authz_core.c(815): [client 216.73.216.242:14583] AH01626: authorization result of Require all granted: granted
[Wed Aug 26 03:05:49.885462 2026] [authz_core:debug] [pid 2266182:tid 2266182] mod_authz_core.c(815): [client 216.73.216.242:14583] AH01626: authorization result of : granted
[Wed Aug 26 03:05:49.885594 2026] [authz_core:debug] [pid 2266182:tid 2266182] mod_authz_core.c(815): [client 216.73.216.242:14583] AH01626: authorization result of Require all granted: granted
[Wed Aug 26 03:05:49.885598 2026] [authz_core:debug] [pid 2266182:tid 2266182] mod_authz_core.c(815): [client 216.73.216.242:14583] AH01626: authorization result of : granted
[Wed Aug 26 03:05:49.985688 2026] [ssl:debug] [pid 2261311:tid 2261311] ssl_engine_kernel.c(254): [client 216.73.216.242:59366] AH02034: Subsequent (No.8) HTTPS request received for child 2 (server 2blog.ilc.edu.tw:443)
[Wed Aug 26 03:05:49.985932 2026] [authz_core:debug] [pid 2261311:tid 2261311] mod_authz_core.c(815): [client 216.73.216.242:59366] AH01626: authorization result of Require all granted: granted
[Wed Aug 26 03:05:49.985939 2026] [authz_core:debug] [pid 2261311:tid 2261311] mod_authz_core.c(815): [client 216.73.216.242:59366] AH01626: authorization result of : granted
[Wed Aug 26 03:05:49.986086 2026] [authz_core:debug] [pid 2261311:tid 2261311] mod_authz_core.c(815): [client 216.73.216.242:59366] AH01626: authorization result of Require all granted: granted
[Wed Aug 26 03:05:49.986090 2026] [authz_core:debug] [pid 2261311:tid 2261311] mod_authz_core.c(815): [client 216.73.216.242:59366] AH01626: authorization result of : granted
[Wed Aug 26 03:05:50.076097 2026] [ssl:debug] [pid 2265127:tid 2265127] ssl_engine_kernel.c(254): [client 216.73.216.242:11830] AH02034: Subsequent (No.14) HTTPS request received for child 21 (server 2blog.ilc.edu.tw:443)
[Wed Aug 26 03:05:50.076295 2026] [authz_core:debug] [pid 2265127:tid 2265127] mod_authz_core.c(815): [client 216.73.216.242:11830] AH01626: authorization result of Require all granted: granted
[Wed Aug 26 03:05:50.076300 2026] [authz_core:debug] [pid 2265127:tid 2265127] mod_authz_core.c(815): [client 216.73.216.242:11830] AH01626: authorization result of : granted
[Wed Aug 26 03:05:50.076439 2026] [authz_core:debug] [pid 2265127:tid 2265127] mod_authz_core.c(815): [client 216.73.216.242:11830] AH01626: authorization result of Require all granted: granted
[Wed Aug 26 03:05:50.076443 2026] [authz_core:debug] [pid 2265127:tid 2265127] mod_authz_core.c(815): [client 216.73.216.242:11830] AH01626: authorization result of : granted
[Wed Aug 26 03:05:50.117977 2026] [ssl:debug] [pid 2261072:tid 2261072] ssl_engine_kernel.c(254): [client 74.7.242.57:53240] AH02034: Subsequent (No.72) HTTPS request received for child 10 (server www.ltes.ilc.edu.tw:443), referer: https://www.ltes.ilc.edu.tw/2011/05/22/%e7%ac%ac%e4%b8%83%e5%b1%86%e5%a4%a7%e9%86%ab%e9%99%a2%e5%b0%8f%e9%86%ab%e7%94%9f%e9%ab%94%e9%a9%97%e7%87%9f%ef%bc%88%e7%8f%be%e4%bb%8a%e5%9b%9b%e3%80%81%e4%ba%94%e5%b9%b4%e7%b4%9a%e5%ad%b8%e7%94%9f/
[Wed Aug 26 03:05:50.118191 2026] [authz_core:debug] [pid 2261072:tid 2261072] mod_authz_core.c(815): [client 74.7.242.57:53240] AH01626: authorization result of Require all granted: granted, referer: https://www.ltes.ilc.edu.tw/2011/05/22/%e7%ac%ac%e4%b8%83%e5%b1%86%e5%a4%a7%e9%86%ab%e9%99%a2%e5%b0%8f%e9%86%ab%e7%94%9f%e9%ab%94%e9%a9%97%e7%87%9f%ef%bc%88%e7%8f%be%e4%bb%8a%e5%9b%9b%e3%80%81%e4%ba%94%e5%b9%b4%e7%b4%9a%e5%ad%b8%e7%94%9f/
[Wed Aug 26 03:05:50.118197 2026] [authz_core:debug] [pid 2261072:tid 2261072] mod_authz_core.c(815): [client 74.7.242.57:53240] AH01626: authorization result of : granted, referer: https://www.ltes.ilc.edu.tw/2011/05/22/%e7%ac%ac%e4%b8%83%e5%b1%86%e5%a4%a7%e9%86%ab%e9%99%a2%e5%b0%8f%e9%86%ab%e7%94%9f%e9%ab%94%e9%a9%97%e7%87%9f%ef%bc%88%e7%8f%be%e4%bb%8a%e5%9b%9b%e3%80%81%e4%ba%94%e5%b9%b4%e7%b4%9a%e5%ad%b8%e7%94%9f/
[Wed Aug 26 03:05:50.118345 2026] [authz_core:debug] [pid 2261072:tid 2261072] mod_authz_core.c(815): [client 74.7.242.57:53240] AH01626: authorization result of Require all granted: granted, referer: https://www.ltes.ilc.edu.tw/2011/05/22/%e7%ac%ac%e4%b8%83%e5%b1%86%e5%a4%a7%e9%86%ab%e9%99%a2%e5%b0%8f%e9%86%ab%e7%94%9f%e9%ab%94%e9%a9%97%e7%87%9f%ef%bc%88%e7%8f%be%e4%bb%8a%e5%9b%9b%e3%80%81%e4%ba%94%e5%b9%b4%e7%b4%9a%e5%ad%b8%e7%94%9f/
[Wed Aug 26 03:05:50.118350 2026] [authz_core:debug] [pid 2261072:tid 2261072] mod_authz_core.c(815): [client 74.7.242.57:53240] AH01626: authorization result of : granted, referer: https://www.ltes.ilc.edu.tw/2011/05/22/%e7%ac%ac%e4%b8%83%e5%b1%86%e5%a4%a7%e9%86%ab%e9%99%a2%e5%b0%8f%e9%86%ab%e7%94%9f%e9%ab%94%e9%a9%97%e7%87%9f%ef%bc%88%e7%8f%be%e4%bb%8a%e5%9b%9b%e3%80%81%e4%ba%94%e5%b9%b4%e7%b4%9a%e5%ad%b8%e7%94%9f/
[Wed Aug 26 03:05:50.177402 2026] [ssl:debug] [pid 2256122:tid 2256122] ssl_engine_kernel.c(254): [client 216.73.216.242:46376] AH02034: Subsequent (No.14) HTTPS request received for child 30 (server 2blog.ilc.edu.tw:443)
[Wed Aug 26 03:05:50.177666 2026] [authz_core:debug] [pid 2256122:tid 2256122] mod_authz_core.c(815): [client 216.73.216.242:46376] AH01626: authorization result of Require all granted: granted
[Wed Aug 26 03:05:50.177673 2026] [authz_core:debug] [pid 2256122:tid 2256122] mod_authz_core.c(815): [client 216.73.216.242:46376] AH01626: authorization result of : granted
