[Wed Aug 26 03:05:29.717056 2026] [ssl:debug] [pid 2261330:tid 2261330] ssl_engine_io.c(1150): [client 34.30.223.149:61952] AH02001: Connection closed to child 8 with standard shutdown (server 2blog.ilc.edu.tw:443)
[Wed Aug 26 03:05:29.717181 2026] [ssl:debug] [pid 2261072:tid 2261072] ssl_engine_kernel.c(254): [client 74.7.242.57:53240] AH02034: Subsequent (No.37) HTTPS request received for child 10 (server www.ltes.ilc.edu.tw:443), referer: https://www.ltes.ilc.edu.tw/2022/09/06/111-09-05-%e6%a0%a1%e5%9c%92%e7%a2%ba%e8%a8%ba%e4%ba%ba%e6%95%b8%e7%b5%b1%e8%a8%88-2/
[Wed Aug 26 03:05:29.717379 2026] [authz_core:debug] [pid 2261072:tid 2261072] mod_authz_core.c(815): [client 74.7.242.57:53240] AH01626: authorization result of Require all granted: granted, referer: https://www.ltes.ilc.edu.tw/2022/09/06/111-09-05-%e6%a0%a1%e5%9c%92%e7%a2%ba%e8%a8%ba%e4%ba%ba%e6%95%b8%e7%b5%b1%e8%a8%88-2/
[Wed Aug 26 03:05:29.717386 2026] [authz_core:debug] [pid 2261072:tid 2261072] mod_authz_core.c(815): [client 74.7.242.57:53240] AH01626: authorization result of : granted, referer: https://www.ltes.ilc.edu.tw/2022/09/06/111-09-05-%e6%a0%a1%e5%9c%92%e7%a2%ba%e8%a8%ba%e4%ba%ba%e6%95%b8%e7%b5%b1%e8%a8%88-2/
[Wed Aug 26 03:05:29.717527 2026] [authz_core:debug] [pid 2261072:tid 2261072] mod_authz_core.c(815): [client 74.7.242.57:53240] AH01626: authorization result of Require all granted: granted, referer: https://www.ltes.ilc.edu.tw/2022/09/06/111-09-05-%e6%a0%a1%e5%9c%92%e7%a2%ba%e8%a8%ba%e4%ba%ba%e6%95%b8%e7%b5%b1%e8%a8%88-2/
[Wed Aug 26 03:05:29.717532 2026] [authz_core:debug] [pid 2261072:tid 2261072] mod_authz_core.c(815): [client 74.7.242.57:53240] AH01626: authorization result of : granted, referer: https://www.ltes.ilc.edu.tw/2022/09/06/111-09-05-%e6%a0%a1%e5%9c%92%e7%a2%ba%e8%a8%ba%e4%ba%ba%e6%95%b8%e7%b5%b1%e8%a8%88-2/
[Wed Aug 26 03:05:29.743970 2026] [ssl:debug] [pid 2261354:tid 2261354] ssl_engine_kernel.c(2082): [client 216.73.216.242:53619] AH02041: Protocol: TLSv1.3, Cipher: TLS_AES_256_GCM_SHA384 (256/256 bits)
[Wed Aug 26 03:05:29.744046 2026] [socache_shmcb:debug] [pid 2261354:tid 2261354] mod_socache_shmcb.c(508): AH00831: socache_shmcb_store (0x46 -> subcache 6)
[Wed Aug 26 03:05:29.744057 2026] [socache_shmcb:debug] [pid 2261354:tid 2261354] mod_socache_shmcb.c(860): AH00847: insert happened at idx=11, data=(4779:4811)
[Wed Aug 26 03:05:29.744060 2026] [socache_shmcb:debug] [pid 2261354:tid 2261354] mod_socache_shmcb.c(863): AH00848: finished insert, subcache: idx_pos/idx_used=46/54, data_pos/data_used=6812/12056
[Wed Aug 26 03:05:29.744063 2026] [socache_shmcb:debug] [pid 2261354:tid 2261354] mod_socache_shmcb.c(530): AH00834: leaving socache_shmcb_store successfully
[Wed Aug 26 03:05:29.744249 2026] [ssl:debug] [pid 2261354:tid 2261354] ssl_engine_kernel.c(254): [client 216.73.216.242:53619] AH02034: Initial (No.1) HTTPS request received for child 45 (server 2blog.ilc.edu.tw:443)
[Wed Aug 26 03:05:29.744462 2026] [authz_core:debug] [pid 2261354:tid 2261354] mod_authz_core.c(815): [client 216.73.216.242:53619] AH01626: authorization result of Require all granted: granted
[Wed Aug 26 03:05:29.744467 2026] [authz_core:debug] [pid 2261354:tid 2261354] mod_authz_core.c(815): [client 216.73.216.242:53619] AH01626: authorization result of : granted
[Wed Aug 26 03:05:29.744727 2026] [authz_core:debug] [pid 2261354:tid 2261354] mod_authz_core.c(815): [client 216.73.216.242:53619] AH01626: authorization result of Require all granted: granted
[Wed Aug 26 03:05:29.744739 2026] [authz_core:debug] [pid 2261354:tid 2261354] mod_authz_core.c(815): [client 216.73.216.242:53619] AH01626: authorization result of : granted
[Wed Aug 26 03:05:29.767263 2026] [ssl:info] [pid 2261346:tid 2261346] [client 136.119.35.120:9728] AH01964: Connection to child 35 established (server 2blog.ilc.edu.tw:443)
[Wed Aug 26 03:05:29.767544 2026] [ssl:debug] [pid 2261346:tid 2261346] ssl_engine_kernel.c(2222): [client 136.119.35.120:9728] AH02043: SSL virtual host for servername 2blog.ilc.edu.tw found
[Wed Aug 26 03:05:29.767618 2026] [core:debug] [pid 2261346:tid 2261346] protocol.c(2460): [client 136.119.35.120:9728] AH03155: select protocol from , choices=http/1.1 for server 2blog.ilc.edu.tw
[Wed Aug 26 03:05:29.768812 2026] [deflate:debug] [pid 2261353:tid 2261353] mod_deflate.c(909): [client 216.73.216.242:10440] AH01384: Zlib: Compressed 2675 to 1236 : URL /index.php
[Wed Aug 26 03:05:29.844838 2026] [ssl:debug] [pid 2261628:tid 2261628] ssl_engine_kernel.c(254): [client 216.73.216.242:17109] AH02034: Subsequent (No.2) HTTPS request received for child 11 (server 2blog.ilc.edu.tw:443)
[Wed Aug 26 03:05:29.845066 2026] [authz_core:debug] [pid 2261628:tid 2261628] mod_authz_core.c(815): [client 216.73.216.242:17109] AH01626: authorization result of Require all granted: granted
[Wed Aug 26 03:05:29.845072 2026] [authz_core:debug] [pid 2261628:tid 2261628] mod_authz_core.c(815): [client 216.73.216.242:17109] AH01626: authorization result of : granted
[Wed Aug 26 03:05:29.845210 2026] [authz_core:debug] [pid 2261628:tid 2261628] mod_authz_core.c(815): [client 216.73.216.242:17109] AH01626: authorization result of Require all granted: granted
[Wed Aug 26 03:05:29.845214 2026] [authz_core:debug] [pid 2261628:tid 2261628] mod_authz_core.c(815): [client 216.73.216.242:17109] AH01626: authorization result of : granted
[Wed Aug 26 03:05:29.846095 2026] [ssl:debug] [pid 2264547:tid 2264547] ssl_engine_kernel.c(2082): [client 216.73.216.242:5999] AH02041: Protocol: TLSv1.3, Cipher: TLS_AES_256_GCM_SHA384 (256/256 bits)
[Wed Aug 26 03:05:29.846155 2026] [socache_shmcb:debug] [pid 2264547:tid 2264547] mod_socache_shmcb.c(508): AH00831: socache_shmcb_store (0x5f -> subcache 31)
[Wed Aug 26 03:05:29.846163 2026] [socache_shmcb:debug] [pid 2264547:tid 2264547] mod_socache_shmcb.c(745): AH00842: expiring 2 and reclaiming 0 removed socache entries
[Wed Aug 26 03:05:29.846165 2026] [socache_shmcb:debug] [pid 2264547:tid 2264547] mod_socache_shmcb.c(765): AH00843: we now have 57 socache entries
[Wed Aug 26 03:05:29.846167 2026] [socache_shmcb:debug] [pid 2264547:tid 2264547] mod_socache_shmcb.c(860): AH00847: insert happened at idx=46, data=(7009:7041)
[Wed Aug 26 03:05:29.846169 2026] [socache_shmcb:debug] [pid 2264547:tid 2264547] mod_socache_shmcb.c(863): AH00848: finished insert, subcache: idx_pos/idx_used=77/58, data_pos/data_used=8019/13080
[Wed Aug 26 03:05:29.846171 2026] [socache_shmcb:debug] [pid 2264547:tid 2264547] mod_socache_shmcb.c(530): AH00834: leaving socache_shmcb_store successfully
[Wed Aug 26 03:05:29.846334 2026] [ssl:debug] [pid 2264547:tid 2264547] ssl_engine_kernel.c(254): [client 216.73.216.242:5999] AH02034: Initial (No.1) HTTPS request received for child 17 (server 2blog.ilc.edu.tw:443)
[Wed Aug 26 03:05:29.846591 2026] [authz_core:debug] [pid 2264547:tid 2264547] mod_authz_core.c(815): [client 216.73.216.242:5999] AH01626: authorization result of Require all granted: granted
[Wed Aug 26 03:05:29.846607 2026] [authz_core:debug] [pid 2264547:tid 2264547] mod_authz_core.c(815): [client 216.73.216.242:5999] AH01626: authorization result of : granted
[Wed Aug 26 03:05:29.846751 2026] [authz_core:debug] [pid 2264547:tid 2264547] mod_authz_core.c(815): [client 216.73.216.242:5999] AH01626: authorization result of Require all granted: granted
[Wed Aug 26 03:05:29.846755 2026] [authz_core:debug] [pid 2264547:tid 2264547] mod_authz_core.c(815): [client 216.73.216.242:5999] AH01626: authorization result of : granted
[Wed Aug 26 03:05:29.852169 2026] [deflate:debug] [pid 2261876:tid 2261876] mod_deflate.c(909): [client 216.73.216.242:1817] AH01384: Zlib: Compressed 2674 to 1235 : URL /index.php
[Wed Aug 26 03:05:29.909183 2026] [ssl:debug] [pid 2261618:tid 2261618] ssl_engine_kernel.c(2082): [client 216.73.216.242:37837] AH02041: Protocol: TLSv1.3, Cipher: TLS_AES_256_GCM_SHA384 (256/256 bits)
[Wed Aug 26 03:05:29.909251 2026] [socache_shmcb:debug] [pid 2261618:tid 2261618] mod_socache_shmcb.c(508): AH00831: socache_shmcb_store (0xe1 -> subcache 1)
[Wed Aug 26 03:05:29.909258 2026] [socache_shmcb:debug] [pid 2261618:tid 2261618] mod_socache_shmcb.c(860): AH00847: insert happened at idx=54, data=(567:599)
[Wed Aug 26 03:05:29.909260 2026] [socache_shmcb:debug] [pid 2261618:tid 2261618] mod_socache_shmcb.c(863): AH00848: finished insert, subcache: idx_pos/idx_used=7/48, data_pos/data_used=3840/10816
[Wed Aug 26 03:05:29.909263 2026] [socache_shmcb:debug] [pid 2261618:tid 2261618] mod_socache_shmcb.c(530): AH00834: leaving socache_shmcb_store successfully
[Wed Aug 26 03:05:29.909420 2026] [ssl:debug] [pid 2261618:tid 2261618] ssl_engine_kernel.c(254): [client 216.73.216.242:37837] AH02034: Initial (No.1) HTTPS request received for child 9 (server 2blog.ilc.edu.tw:443)
[Wed Aug 26 03:05:29.909592 2026] [authz_core:debug] [pid 2261618:tid 2261618] mod_authz_core.c(815): [client 216.73.216.242:37837] AH01626: authorization result of Require all granted: granted
[Wed Aug 26 03:05:29.909596 2026] [authz_core:debug] [pid 2261618:tid 2261618] mod_authz_core.c(815): [client 216.73.216.242:37837] AH01626: authorization result of : granted
[Wed Aug 26 03:05:29.909733 2026] [authz_core:debug] [pid 2261618:tid 2261618] mod_authz_core.c(815): [client 216.73.216.242:37837] AH01626: authorization result of Require all granted: granted
[Wed Aug 26 03:05:29.909737 2026] [authz_core:debug] [pid 2261618:tid 2261618] mod_authz_core.c(815): [client 216.73.216.242:37837] AH01626: authorization result of : granted
[Wed Aug 26 03:05:29.997454 2026] [ssl:debug] [pid 2261353:tid 2261353] ssl_engine_kernel.c(254): [client 216.73.216.242:10440] AH02034: Subsequent (No.2) HTTPS request received for child 44 (server 2blog.ilc.edu.tw:443)
[Wed Aug 26 03:05:29.997686 2026] [authz_core:debug] [pid 2261353:tid 2261353] mod_authz_core.c(815): [client 216.73.216.242:10440] AH01626: authorization result of Require all granted: granted
[Wed Aug 26 03:05:29.997691 2026] [authz_core:debug] [pid 2261353:tid 2261353] mod_authz_core.c(815): [client 216.73.216.242:10440] AH01626: authorization result of : granted
[Wed Aug 26 03:05:30.003139 2026] [deflate:debug] [pid 2261072:tid 2261072] mod_deflate.c(909): [client 74.7.242.57:53240] AH01384: Zlib: Compressed 2778 to 1228 : URL /index.php, referer: https://www.ltes.ilc.edu.tw/2022/09/06/111-09-05-%e6%a0%a1%e5%9c%92%e7%a2%ba%e8%a8%ba%e4%ba%ba%e6%95%b8%e7%b5%b1%e8%a8%88-2/
[Wed Aug 26 03:05:30.004962 2026] [authz_core:debug] [pid 2261353:tid 2261353] mod_authz_core.c(815): [client 216.73.216.242:10440] AH01626: authorization result of Require all granted: granted
[Wed Aug 26 03:05:30.004984 2026] [authz_core:debug] [pid 2261353:tid 2261353] mod_authz_core.c(815): [client 216.73.216.242:10440] AH01626: authorization result of : granted
[Wed Aug 26 03:05:30.021099 2026] [ssl:debug] [pid 2261346:tid 2261346] ssl_engine_kernel.c(2082): [client 136.119.35.120:9728] AH02041: Protocol: TLSv1.3, Cipher: TLS_AES_256_GCM_SHA384 (256/256 bits)
[Wed Aug 26 03:05:30.021182 2026] [socache_shmcb:debug] [pid 2261346:tid 2261346] mod_socache_shmcb.c(508): AH00831: socache_shmcb_store (0xdf -> subcache 31)
[Wed Aug 26 03:05:30.021190 2026] [socache_shmcb:debug] [pid 2261346:tid 2261346] mod_socache_shmcb.c(745): AH00842: expiring 1 and reclaiming 0 removed socache entries
[Wed Aug 26 03:05:30.021193 2026] [socache_shmcb:debug] [pid 2261346:tid 2261346] mod_socache_shmcb.c(765): AH00843: we now have 57 socache entries
[Wed Aug 26 03:05:30.021195 2026] [socache_shmcb:debug] [pid 2261346:tid 2261346] mod_socache_shmcb.c(860): AH00847: insert happened at idx=47, data=(7235:7267)
[Wed Aug 26 03:05:30.021197 2026] [socache_shmcb:debug] [pid 2261346:tid 2261346] mod_socache_shmcb.c(863): AH00848: finished insert, subcache: idx_pos/idx_used=78/58, data_pos/data_used=8244/13081
[Wed Aug 26 03:05:30.021199 2026] [socache_shmcb:debug] [pid 2261346:tid 2261346] mod_socache_shmcb.c(530): AH00834: leaving socache_shmcb_store successfully
[Wed Aug 26 03:05:30.021253 2026] [socache_shmcb:debug] [pid 2261346:tid 2261346] mod_socache_shmcb.c(508): AH00831: socache_shmcb_store (0xd1 -> subcache 17)
[Wed Aug 26 03:05:30.021257 2026] [socache_shmcb:debug] [pid 2261346:tid 2261346] mod_socache_shmcb.c(745): AH00842: expiring 1 and reclaiming 0 removed socache entries
[Wed Aug 26 03:05:30.021259 2026] [socache_shmcb:debug] [pid 2261346:tid 2261346] mod_socache_shmcb.c(765): AH00843: we now have 57 socache entries
[Wed Aug 26 03:05:30.021261 2026] [socache_shmcb:debug] [pid 2261346:tid 2261346] mod_socache_shmcb.c(860): AH00847: insert happened at idx=31, data=(9502:9534)
[Wed Aug 26 03:05:30.021263 2026] [socache_shmcb:debug] [pid 2261346:tid 2261346] mod_socache_shmcb.c(863): AH00848: finished insert, subcache: idx_pos/idx_used=62/58, data_pos/data_used=10553/13038
[Wed Aug 26 03:05:30.021264 2026] [socache_shmcb:debug] [pid 2261346:tid 2261346] mod_socache_shmcb.c(530): AH00834: leaving socache_shmcb_store successfully
[Wed Aug 26 03:05:30.069556 2026] [ssl:debug] [pid 2261346:tid 2261346] ssl_engine_kernel.c(254): [client 136.119.35.120:9728] AH02034: Initial (No.1) HTTPS request received for child 35 (server 2blog.ilc.edu.tw:443)
[Wed Aug 26 03:05:30.069762 2026] [authz_core:debug] [pid 2261346:tid 2261346] mod_authz_core.c(815): [client 136.119.35.120:9728] AH01626: authorization result of Require all granted: granted
[Wed Aug 26 03:05:30.069767 2026] [authz_core:debug] [pid 2261346:tid 2261346] mod_authz_core.c(815): [client 136.119.35.120:9728] AH01626: authorization result of : granted
[Wed Aug 26 03:05:30.069924 2026] [authz_core:debug] [pid 2261346:tid 2261346] mod_authz_core.c(815): [client 136.119.35.120:9728] AH01626: authorization result of Require all granted: granted
[Wed Aug 26 03:05:30.069928 2026] [authz_core:debug] [pid 2261346:tid 2261346] mod_authz_core.c(815): [client 136.119.35.120:9728] AH01626: authorization result of : granted
[Wed Aug 26 03:05:30.078563 2026] [ssl:debug] [pid 2261876:tid 2261876] ssl_engine_kernel.c(254): [client 216.73.216.242:1817] AH02034: Subsequent (No.2) HTTPS request received for child 14 (server 2blog.ilc.edu.tw:443)
[Wed Aug 26 03:05:30.078747 2026] [authz_core:debug] [pid 2261876:tid 2261876] mod_authz_core.c(815): [client 216.73.216.242:1817] AH01626: authorization result of Require all granted: granted
[Wed Aug 26 03:05:30.078752 2026] [authz_core:debug] [pid 2261876:tid 2261876] mod_authz_core.c(815): [client 216.73.216.242:1817] AH01626: authorization result of : granted
[Wed Aug 26 03:05:30.078885 2026] [authz_core:debug] [pid 2261876:tid 2261876] mod_authz_core.c(815): [client 216.73.216.242:1817] AH01626: authorization result of Require all granted: granted
[Wed Aug 26 03:05:30.078889 2026] [authz_core:debug] [pid 2261876:tid 2261876] mod_authz_core.c(815): [client 216.73.216.242:1817] AH01626: authorization result of : granted
[Wed Aug 26 03:05:30.079959 2026] [deflate:debug] [pid 2256115:tid 2256115] mod_deflate.c(909): [client 216.73.216.242:26379] AH01384: Zlib: Compressed 527039 to 84656 : URL /index.php
[Wed Aug 26 03:05:30.136477 2026] [watchdog:debug] [pid 2266158:tid 2266158] mod_watchdog.c(559): AH02980: Watchdog: nothing configured?
[Wed Aug 26 03:05:30.136722 2026] [ssl:info] [pid 2266158:tid 2266158] [client 216.73.216.242:1739] AH01964: Connection to child 13 established (server 2blog.ilc.edu.tw:443)
[Wed Aug 26 03:05:30.137096 2026] [ssl:debug] [pid 2266158:tid 2266158] ssl_engine_kernel.c(2222): [client 216.73.216.242:1739] AH02043: SSL virtual host for servername 2blog.ilc.edu.tw found
[Wed Aug 26 03:05:30.137133 2026] [socache_shmcb:debug] [pid 2266158:tid 2266158] mod_socache_shmcb.c(545): AH00835: socache_shmcb_retrieve (0xa5 -> subcache 5)
[Wed Aug 26 03:05:30.137146 2026] [socache_shmcb:debug] [pid 2266158:tid 2266158] mod_socache_shmcb.c(896): AH00849: match at idx=34, data=10014
[Wed Aug 26 03:05:30.137149 2026] [socache_shmcb:debug] [pid 2266158:tid 2266158] mod_socache_shmcb.c(556): AH00836: leaving socache_shmcb_retrieve successfully
[Wed Aug 26 03:05:30.137768 2026] [core:debug] [pid 2266158:tid 2266158] protocol.c(2460): [client 216.73.216.242:1739] AH03155: select protocol from , choices=h2,http/1.1 for server 2blog.ilc.edu.tw
[Wed Aug 26 03:05:30.194145 2026] [ssl:debug] [pid 2261105:tid 2261105] ssl_engine_kernel.c(254): [client 216.73.216.242:49471] AH02034: Subsequent (No.2) HTTPS request received for child 7 (server 2blog.ilc.edu.tw:443)
[Wed Aug 26 03:05:30.194371 2026] [authz_core:debug] [pid 2261105:tid 2261105] mod_authz_core.c(815): [client 216.73.216.242:49471] AH01626: authorization result of Require all granted: granted
[Wed Aug 26 03:05:30.194375 2026] [authz_core:debug] [pid 2261105:tid 2261105] mod_authz_core.c(815): [client 216.73.216.242:49471] AH01626: authorization result of : granted
[Wed Aug 26 03:05:30.194509 2026] [authz_core:debug] [pid 2261105:tid 2261105] mod_authz_core.c(815): [client 216.73.216.242:49471] AH01626: authorization result of Require all granted: granted
[Wed Aug 26 03:05:30.194513 2026] [authz_core:debug] [pid 2261105:tid 2261105] mod_authz_core.c(815): [client 216.73.216.242:49471] AH01626: authorization result of : granted
[Wed Aug 26 03:05:30.261085 2026] [ssl:debug] [pid 2261072:tid 2261072] ssl_engine_kernel.c(254): [client 74.7.242.57:53240] AH02034: Subsequent (No.38) HTTPS request received for child 10 (server www.ltes.ilc.edu.tw:443), referer: https://www.ltes.ilc.edu.tw/2022/07/27/111-07-27-%e6%a0%a1%e5%9c%92%e7%a2%ba%e8%a8%ba%e4%ba%ba%e6%95%b8%e7%b5%b1%e8%a8%88/
[Wed Aug 26 03:05:30.261277 2026] [authz_core:debug] [pid 2261072:tid 2261072] mod_authz_core.c(815): [client 74.7.242.57:53240] AH01626: authorization result of Require all granted: granted, referer: https://www.ltes.ilc.edu.tw/2022/07/27/111-07-27-%e6%a0%a1%e5%9c%92%e7%a2%ba%e8%a8%ba%e4%ba%ba%e6%95%b8%e7%b5%b1%e8%a8%88/
[Wed Aug 26 03:05:30.261282 2026] [authz_core:debug] [pid 2261072:tid 2261072] mod_authz_core.c(815): [client 74.7.242.57:53240] AH01626: authorization result of : granted, referer: https://www.ltes.ilc.edu.tw/2022/07/27/111-07-27-%e6%a0%a1%e5%9c%92%e7%a2%ba%e8%a8%ba%e4%ba%ba%e6%95%b8%e7%b5%b1%e8%a8%88/
[Wed Aug 26 03:05:30.261414 2026] [authz_core:debug] [pid 2261072:tid 2261072] mod_authz_core.c(815): [client 74.7.242.57:53240] AH01626: authorization result of Require all granted: granted, referer: https://www.ltes.ilc.edu.tw/2022/07/27/111-07-27-%e6%a0%a1%e5%9c%92%e7%a2%ba%e8%a8%ba%e4%ba%ba%e6%95%b8%e7%b5%b1%e8%a8%88/
[Wed Aug 26 03:05:30.261419 2026] [authz_core:debug] [pid 2261072:tid 2261072] mod_authz_core.c(815): [client 74.7.242.57:53240] AH01626: authorization result of : granted, referer: https://www.ltes.ilc.edu.tw/2022/07/27/111-07-27-%e6%a0%a1%e5%9c%92%e7%a2%ba%e8%a8%ba%e4%ba%ba%e6%95%b8%e7%b5%b1%e8%a8%88/
[Wed Aug 26 03:05:30.273059 2026] [ssl:debug] [pid 2265533:tid 2265533] ssl_engine_io.c(1150): [client 34.56.53.225:58368] AH02001: Connection closed to child 27 with standard shutdown (server 2blog.ilc.edu.tw:443)
[Wed Aug 26 03:05:30.274414 2026] [deflate:debug] [pid 2261628:tid 2261628] mod_deflate.c(909): [client 216.73.216.242:17109] AH01384: Zlib: Compressed 2675 to 1238 : URL /index.php
[Wed Aug 26 03:05:30.289200 2026] [deflate:debug] [pid 2261346:tid 2261346] mod_deflate.c(909): [client 136.119.35.120:9728] AH01384: Zlib: Compressed 39677 to 9849 : URL /index.php
[Wed Aug 26 03:05:30.305469 2026] [headers:debug] [pid 2261330:tid 2261330] mod_headers.c(900): AH01503: headers: ap_headers_error_filter()
[Wed Aug 26 03:05:30.306311 2026] [ssl:info] [pid 2261330:tid 2261330] [client 34.10.180.98:55296] AH01964: Connection to child 8 established (server 2blog.ilc.edu.tw:443)
[Wed Aug 26 03:05:30.306439 2026] [ssl:debug] [pid 2261330:tid 2261330] ssl_engine_kernel.c(2222): [client 34.10.180.98:55296] AH02043: SSL virtual host for servername 2blog.ilc.edu.tw found
[Wed Aug 26 03:05:30.306495 2026] [core:debug] [pid 2261330:tid 2261330] protocol.c(2460): [client 34.10.180.98:55296] AH03155: select protocol from , choices=http/1.1 for server 2blog.ilc.edu.tw
[Wed Aug 26 03:05:30.332040 2026] [deflate:debug] [pid 2261618:tid 2261618] mod_deflate.c(909): [client 216.73.216.242:37837] AH01384: Zlib: Compressed 2688 to 1243 : URL /index.php
[Wed Aug 26 03:05:30.364683 2026] [ssl:debug] [pid 2266158:tid 2266158] ssl_engine_kernel.c(2082): [client 216.73.216.242:1739] AH02041: Protocol: TLSv1.3, Cipher: TLS_AES_256_GCM_SHA384 (256/256 bits)
[Wed Aug 26 03:05:30.364762 2026] [socache_shmcb:debug] [pid 2266158:tid 2266158] mod_socache_shmcb.c(508): AH00831: socache_shmcb_store (0x13 -> subcache 19)
[Wed Aug 26 03:05:30.364777 2026] [socache_shmcb:debug] [pid 2266158:tid 2266158] mod_socache_shmcb.c(860): AH00847: insert happened at idx=74, data=(13088:13120)
[Wed Aug 26 03:05:30.364779 2026] [socache_shmcb:debug] [pid 2266158:tid 2266158] mod_socache_shmcb.c(863): AH00848: finished insert, subcache: idx_pos/idx_used=25/50, data_pos/data_used=2124/11190
[Wed Aug 26 03:05:30.364781 2026] [socache_shmcb:debug] [pid 2266158:tid 2266158] mod_socache_shmcb.c(530): AH00834: leaving socache_shmcb_store successfully
[Wed Aug 26 03:05:30.365006 2026] [ssl:debug] [pid 2266158:tid 2266158] ssl_engine_kernel.c(254): [client 216.73.216.242:1739] AH02034: Initial (No.1) HTTPS request received for child 13 (server 2blog.ilc.edu.tw:443)
[Wed Aug 26 03:05:30.365299 2026] [authz_core:debug] [pid 2266158:tid 2266158] mod_authz_core.c(815): [client 216.73.216.242:1739] AH01626: authorization result of Require all granted: granted
[Wed Aug 26 03:05:30.365306 2026] [authz_core:debug] [pid 2266158:tid 2266158] mod_authz_core.c(815): [client 216.73.216.242:1739] AH01626: authorization result of : granted
[Wed Aug 26 03:05:30.365981 2026] [authz_core:debug] [pid 2266158:tid 2266158] mod_authz_core.c(815): [client 216.73.216.242:1739] AH01626: authorization result of Require all granted: granted
[Wed Aug 26 03:05:30.365986 2026] [authz_core:debug] [pid 2266158:tid 2266158] mod_authz_core.c(815): [client 216.73.216.242:1739] AH01626: authorization result of : granted
[Wed Aug 26 03:05:30.488607 2026] [ssl:debug] [pid 2261354:tid 2261354] ssl_engine_kernel.c(254): [client 216.73.216.242:53619] AH02034: Subsequent (No.2) HTTPS request received for child 45 (server 2blog.ilc.edu.tw:443)
[Wed Aug 26 03:05:30.488846 2026] [authz_core:debug] [pid 2261354:tid 2261354] mod_authz_core.c(815): [client 216.73.216.242:53619] AH01626: authorization result of Require all granted: granted
[Wed Aug 26 03:05:30.488852 2026] [authz_core:debug] [pid 2261354:tid 2261354] mod_authz_core.c(815): [client 216.73.216.242:53619] AH01626: authorization result of : granted
[Wed Aug 26 03:05:30.489001 2026] [authz_core:debug] [pid 2261354:tid 2261354] mod_authz_core.c(815): [client 216.73.216.242:53619] AH01626: authorization result of Require all granted: granted
[Wed Aug 26 03:05:30.489005 2026] [authz_core:debug] [pid 2261354:tid 2261354] mod_authz_core.c(815): [client 216.73.216.242:53619] AH01626: authorization result of : granted
[Wed Aug 26 03:05:30.505857 2026] [ssl:debug] [pid 2261628:tid 2261628] ssl_engine_kernel.c(254): [client 216.73.216.242:17109] AH02034: Subsequent (No.3) HTTPS request received for child 11 (server 2blog.ilc.edu.tw:443)
[Wed Aug 26 03:05:30.506049 2026] [authz_core:debug] [pid 2261628:tid 2261628] mod_authz_core.c(815): [client 216.73.216.242:17109] AH01626: authorization result of Require all granted: granted
[Wed Aug 26 03:05:30.506054 2026] [authz_core:debug] [pid 2261628:tid 2261628] mod_authz_core.c(815): [client 216.73.216.242:17109] AH01626: authorization result of : granted
[Wed Aug 26 03:05:30.506196 2026] [authz_core:debug] [pid 2261628:tid 2261628] mod_authz_core.c(815): [client 216.73.216.242:17109] AH01626: authorization result of Require all granted: granted
[Wed Aug 26 03:05:30.506200 2026] [authz_core:debug] [pid 2261628:tid 2261628] mod_authz_core.c(815): [client 216.73.216.242:17109] AH01626: authorization result of : granted
[Wed Aug 26 03:05:30.519465 2026] [deflate:debug] [pid 2261072:tid 2261072] mod_deflate.c(909): [client 74.7.242.57:53240] AH01384: Zlib: Compressed 2774 to 1226 : URL /index.php, referer: https://www.ltes.ilc.edu.tw/2022/07/27/111-07-27-%e6%a0%a1%e5%9c%92%e7%a2%ba%e8%a8%ba%e4%ba%ba%e6%95%b8%e7%b5%b1%e8%a8%88/
[Wed Aug 26 03:05:30.524293 2026] [deflate:debug] [pid 2261105:tid 2261105] mod_deflate.c(909): [client 216.73.216.242:49471] AH01384: Zlib: Compressed 2684 to 1242 : URL /index.php
[Wed Aug 26 03:05:30.547366 2026] [ssl:debug] [pid 2261330:tid 2261330] ssl_engine_kernel.c(2082): [client 34.10.180.98:55296] AH02041: Protocol: TLSv1.3, Cipher: TLS_AES_256_GCM_SHA384 (256/256 bits)
[Wed Aug 26 03:05:30.547426 2026] [socache_shmcb:debug] [pid 2261330:tid 2261330] mod_socache_shmcb.c(508): AH00831: socache_shmcb_store (0xc8 -> subcache 8)
[Wed Aug 26 03:05:30.547434 2026] [socache_shmcb:debug] [pid 2261330:tid 2261330] mod_socache_shmcb.c(860): AH00847: insert happened at idx=76, data=(197:229)
[Wed Aug 26 03:05:30.547436 2026] [socache_shmcb:debug] [pid 2261330:tid 2261330] mod_socache_shmcb.c(863): AH00848: finished insert, subcache: idx_pos/idx_used=31/46, data_pos/data_used=3950/10336
[Wed Aug 26 03:05:30.547438 2026] [socache_shmcb:debug] [pid 2261330:tid 2261330] mod_socache_shmcb.c(530): AH00834: leaving socache_shmcb_store successfully
[Wed Aug 26 03:05:30.547484 2026] [socache_shmcb:debug] [pid 2261330:tid 2261330] mod_socache_shmcb.c(508): AH00831: socache_shmcb_store (0xb8 -> subcache 24)
[Wed Aug 26 03:05:30.547489 2026] [socache_shmcb:debug] [pid 2261330:tid 2261330] mod_socache_shmcb.c(860): AH00847: insert happened at idx=11, data=(5051:5083)
[Wed Aug 26 03:05:30.547491 2026] [socache_shmcb:debug] [pid 2261330:tid 2261330] mod_socache_shmcb.c(863): AH00848: finished insert, subcache: idx_pos/idx_used=59/41, data_pos/data_used=9956/9184
[Wed Aug 26 03:05:30.547493 2026] [socache_shmcb:debug] [pid 2261330:tid 2261330] mod_socache_shmcb.c(530): AH00834: leaving socache_shmcb_store successfully
[Wed Aug 26 03:05:30.553091 2026] [ssl:debug] [pid 2264344:tid 2264344] ssl_engine_io.c(1150): [client 34.42.229.145:58881] AH02001: Connection closed to child 3 with standard shutdown (server 2blog.ilc.edu.tw:443)
[Wed Aug 26 03:05:30.563674 2026] [ssl:debug] [pid 2261330:tid 2261330] ssl_engine_kernel.c(254): [client 34.10.180.98:55296] AH02034: Initial (No.1) HTTPS request received for child 8 (server 2blog.ilc.edu.tw:443)
[Wed Aug 26 03:05:30.572210 2026] [authz_core:debug] [pid 2261330:tid 2261330] mod_authz_core.c(815): [client 34.10.180.98:55296] AH01626: authorization result of Require all granted: granted
[Wed Aug 26 03:05:30.572232 2026] [authz_core:debug] [pid 2261330:tid 2261330] mod_authz_core.c(815): [client 34.10.180.98:55296] AH01626: authorization result of : granted
[Wed Aug 26 03:05:30.573050 2026] [ssl:debug] [pid 2261629:tid 2261629] ssl_engine_io.c(1150): [client 40.77.167.79:37139] AH02001: Connection closed to child 12 with standard shutdown (server 2blog.ilc.edu.tw:443)
[Wed Aug 26 03:05:30.597153 2026] [ssl:debug] [pid 2261618:tid 2261618] ssl_engine_kernel.c(254): [client 216.73.216.242:37837] AH02034: Subsequent (No.2) HTTPS request received for child 9 (server 2blog.ilc.edu.tw:443)
[Wed Aug 26 03:05:30.597378 2026] [authz_core:debug] [pid 2261618:tid 2261618] mod_authz_core.c(815): [client 216.73.216.242:37837] AH01626: authorization result of Require all granted: granted
[Wed Aug 26 03:05:30.597384 2026] [authz_core:debug] [pid 2261618:tid 2261618] mod_authz_core.c(815): [client 216.73.216.242:37837] AH01626: authorization result of : granted
[Wed Aug 26 03:05:30.597525 2026] [authz_core:debug] [pid 2261618:tid 2261618] mod_authz_core.c(815): [client 216.73.216.242:37837] AH01626: authorization result of Require all granted: granted
[Wed Aug 26 03:05:30.597531 2026] [authz_core:debug] [pid 2261618:tid 2261618] mod_authz_core.c(815): [client 216.73.216.242:37837] AH01626: authorization result of : granted
[Wed Aug 26 03:05:30.710568 2026] [ssl:debug] [pid 2264547:tid 2264547] ssl_engine_kernel.c(254): [client 216.73.216.242:5999] AH02034: Subsequent (No.2) HTTPS request received for child 17 (server 2blog.ilc.edu.tw:443)
[Wed Aug 26 03:05:30.710810 2026] [authz_core:debug] [pid 2264547:tid 2264547] mod_authz_core.c(815): [client 216.73.216.242:5999] AH01626: authorization result of Require all granted: granted
[Wed Aug 26 03:05:30.710818 2026] [authz_core:debug] [pid 2264547:tid 2264547] mod_authz_core.c(815): [client 216.73.216.242:5999] AH01626: authorization result of : granted
[Wed Aug 26 03:05:30.711037 2026] [authz_core:debug] [pid 2264547:tid 2264547] mod_authz_core.c(815): [client 216.73.216.242:5999] AH01626: authorization result of Require all granted: granted
[Wed Aug 26 03:05:30.711048 2026] [authz_core:debug] [pid 2264547:tid 2264547] mod_authz_core.c(815): [client 216.73.216.242:5999] AH01626: authorization result of : granted
[Wed Aug 26 03:05:30.752856 2026] [deflate:debug] [pid 2266158:tid 2266158] mod_deflate.c(909): [client 216.73.216.242:1739] AH01384: Zlib: Compressed 2675 to 1236 : URL /index.php
[Wed Aug 26 03:05:30.810698 2026] [deflate:debug] [pid 2261354:tid 2261354] mod_deflate.c(909): [client 216.73.216.242:53619] AH01384: Zlib: Compressed 2684 to 1241 : URL /index.php
[Wed Aug 26 03:05:30.810704 2026] [ssl:debug] [pid 2256115:tid 2256115] ssl_engine_kernel.c(254): [client 216.73.216.242:26379] AH02034: Subsequent (No.2) HTTPS request received for child 18 (server 2blog.ilc.edu.tw:443)
[Wed Aug 26 03:05:30.810949 2026] [authz_core:debug] [pid 2256115:tid 2256115] mod_authz_core.c(815): [client 216.73.216.242:26379] AH01626: authorization result of Require all granted: granted
[Wed Aug 26 03:05:30.810955 2026] [authz_core:debug] [pid 2256115:tid 2256115] mod_authz_core.c(815): [client 216.73.216.242:26379] AH01626: authorization result of : granted
[Wed Aug 26 03:05:30.811093 2026] [authz_core:debug] [pid 2256115:tid 2256115] mod_authz_core.c(815): [client 216.73.216.242:26379] AH01626: authorization result of Require all granted: granted
[Wed Aug 26 03:05:30.811097 2026] [authz_core:debug] [pid 2256115:tid 2256115] mod_authz_core.c(815): [client 216.73.216.242:26379] AH01626: authorization result of : granted
[Wed Aug 26 03:05:30.825666 2026] [ssl:debug] [pid 2261357:tid 2261357] ssl_engine_io.c(1150): [client 2a03:2880:f802:42:::43924] AH02001: Connection closed to child 49 with standard shutdown (server www.jwes.ilc.edu.tw:443)
[Wed Aug 26 03:05:30.825811 2026] [ssl:info] [pid 2261357:tid 2261357] [client 216.73.216.242:14044] AH01964: Connection to child 49 established (server 2blog.ilc.edu.tw:443)
[Wed Aug 26 03:05:30.825926 2026] [ssl:debug] [pid 2261357:tid 2261357] ssl_engine_kernel.c(2222): [client 216.73.216.242:14044] AH02043: SSL virtual host for servername 2blog.ilc.edu.tw found
[Wed Aug 26 03:05:30.825940 2026] [socache_shmcb:debug] [pid 2261357:tid 2261357] mod_socache_shmcb.c(545): AH00835: socache_shmcb_retrieve (0xed -> subcache 13)
[Wed Aug 26 03:05:30.825958 2026] [socache_shmcb:debug] [pid 2261357:tid 2261357] mod_socache_shmcb.c(896): AH00849: match at idx=80, data=1003
[Wed Aug 26 03:05:30.825960 2026] [socache_shmcb:debug] [pid 2261357:tid 2261357] mod_socache_shmcb.c(556): AH00836: leaving socache_shmcb_retrieve successfully
[Wed Aug 26 03:05:30.826090 2026] [core:debug] [pid 2261357:tid 2261357] protocol.c(2460): [client 216.73.216.242:14044] AH03155: select protocol from , choices=h2,http/1.1 for server 2blog.ilc.edu.tw
[Wed Aug 26 03:05:30.847419 2026] [deflate:debug] [pid 2261628:tid 2261628] mod_deflate.c(909): [client 216.73.216.242:17109] AH01384: Zlib: Compressed 2684 to 1240 : URL /index.php
[Wed Aug 26 03:05:30.901320 2026] [ssl:debug] [pid 2261105:tid 2261105] ssl_engine_kernel.c(254): [client 216.73.216.242:49471] AH02034: Subsequent (No.3) HTTPS request received for child 7 (server 2blog.ilc.edu.tw:443)
[Wed Aug 26 03:05:30.901544 2026] [authz_core:debug] [pid 2261105:tid 2261105] mod_authz_core.c(815): [client 216.73.216.242:49471] AH01626: authorization result of Require all granted: granted
[Wed Aug 26 03:05:30.901550 2026] [authz_core:debug] [pid 2261105:tid 2261105] mod_authz_core.c(815): [client 216.73.216.242:49471] AH01626: authorization result of : granted
[Wed Aug 26 03:05:30.901689 2026] [authz_core:debug] [pid 2261105:tid 2261105] mod_authz_core.c(815): [client 216.73.216.242:49471] AH01626: authorization result of Require all granted: granted
[Wed Aug 26 03:05:30.901693 2026] [authz_core:debug] [pid 2261105:tid 2261105] mod_authz_core.c(815): [client 216.73.216.242:49471] AH01626: authorization result of : granted
[Wed Aug 26 03:05:30.902833 2026] [ssl:debug] [pid 2261072:tid 2261072] ssl_engine_kernel.c(254): [client 74.7.242.57:53240] AH02034: Subsequent (No.39) HTTPS request received for child 10 (server www.ltes.ilc.edu.tw:443), referer: https://www.ltes.ilc.edu.tw/2022/06/23/111-06-23-%e6%a0%a1%e5%9c%92%e7%a2%ba%e8%a8%ba%e4%ba%ba%e6%95%b8%e7%b5%b1%e8%a8%88/
[Wed Aug 26 03:05:30.903004 2026] [authz_core:debug] [pid 2261072:tid 2261072] mod_authz_core.c(815): [client 74.7.242.57:53240] AH01626: authorization result of Require all granted: granted, referer: https://www.ltes.ilc.edu.tw/2022/06/23/111-06-23-%e6%a0%a1%e5%9c%92%e7%a2%ba%e8%a8%ba%e4%ba%ba%e6%95%b8%e7%b5%b1%e8%a8%88/
[Wed Aug 26 03:05:30.903012 2026] [authz_core:debug] [pid 2261072:tid 2261072] mod_authz_core.c(815): [client 74.7.242.57:53240] AH01626: authorization result of : granted, referer: https://www.ltes.ilc.edu.tw/2022/06/23/111-06-23-%e6%a0%a1%e5%9c%92%e7%a2%ba%e8%a8%ba%e4%ba%ba%e6%95%b8%e7%b5%b1%e8%a8%88/
[Wed Aug 26 03:05:30.903139 2026] [authz_core:debug] [pid 2261072:tid 2261072] mod_authz_core.c(815): [client 74.7.242.57:53240] AH01626: authorization result of Require all granted: granted, referer: https://www.ltes.ilc.edu.tw/2022/06/23/111-06-23-%e6%a0%a1%e5%9c%92%e7%a2%ba%e8%a8%ba%e4%ba%ba%e6%95%b8%e7%b5%b1%e8%a8%88/
[Wed Aug 26 03:05:30.903143 2026] [authz_core:debug] [pid 2261072:tid 2261072] mod_authz_core.c(815): [client 74.7.242.57:53240] AH01626: authorization result of : granted, referer: https://www.ltes.ilc.edu.tw/2022/06/23/111-06-23-%e6%a0%a1%e5%9c%92%e7%a2%ba%e8%a8%ba%e4%ba%ba%e6%95%b8%e7%b5%b1%e8%a8%88/
[Wed Aug 26 03:05:30.933061 2026] [ssl:debug] [pid 2261352:tid 2261352] ssl_engine_io.c(1150): [client 34.56.124.53:55296] AH02001: Connection closed to child 43 with standard shutdown (server 2blog.ilc.edu.tw:443)
[Wed Aug 26 03:05:30.984396 2026] [ssl:info] [pid 2265533:tid 2265533] [client 34.10.180.98:9729] AH01964: Connection to child 27 established (server 2blog.ilc.edu.tw:443)
[Wed Aug 26 03:05:30.984559 2026] [ssl:debug] [pid 2265533:tid 2265533] ssl_engine_kernel.c(2222): [client 34.10.180.98:9729] AH02043: SSL virtual host for servername 2blog.ilc.edu.tw found
[Wed Aug 26 03:05:30.984617 2026] [core:debug] [pid 2265533:tid 2265533] protocol.c(2460): [client 34.10.180.98:9729] AH03155: select protocol from , choices=http/1.1 for server 2blog.ilc.edu.tw
[Wed Aug 26 03:05:30.994203 2026] [deflate:debug] [pid 2261618:tid 2261618] mod_deflate.c(909): [client 216.73.216.242:37837] AH01384: Zlib: Compressed 2684 to 1239 : URL /index.php
[Wed Aug 26 03:05:31.003901 2026] [ssl:debug] [pid 2266158:tid 2266158] ssl_engine_kernel.c(254): [client 216.73.216.242:1739] AH02034: Subsequent (No.2) HTTPS request received for child 13 (server 2blog.ilc.edu.tw:443)
[Wed Aug 26 03:05:31.004152 2026] [authz_core:debug] [pid 2266158:tid 2266158] mod_authz_core.c(815): [client 216.73.216.242:1739] AH01626: authorization result of Require all granted: granted
[Wed Aug 26 03:05:31.004160 2026] [authz_core:debug] [pid 2266158:tid 2266158] mod_authz_core.c(815): [client 216.73.216.242:1739] AH01626: authorization result of : granted
[Wed Aug 26 03:05:31.004297 2026] [authz_core:debug] [pid 2266158:tid 2266158] mod_authz_core.c(815): [client 216.73.216.242:1739] AH01626: authorization result of Require all granted: granted
[Wed Aug 26 03:05:31.004301 2026] [authz_core:debug] [pid 2266158:tid 2266158] mod_authz_core.c(815): [client 216.73.216.242:1739] AH01626: authorization result of : granted
[Wed Aug 26 03:05:31.038793 2026] [ssl:debug] [pid 2261357:tid 2261357] ssl_engine_kernel.c(2082): [client 216.73.216.242:14044] AH02041: Protocol: TLSv1.3, Cipher: TLS_AES_256_GCM_SHA384 (256/256 bits)
[Wed Aug 26 03:05:31.038887 2026] [socache_shmcb:debug] [pid 2261357:tid 2261357] mod_socache_shmcb.c(508): AH00831: socache_shmcb_store (0x13 -> subcache 19)
[Wed Aug 26 03:05:31.038897 2026] [socache_shmcb:debug] [pid 2261357:tid 2261357] mod_socache_shmcb.c(860): AH00847: insert happened at idx=75, data=(13314:13346)
[Wed Aug 26 03:05:31.038901 2026] [socache_shmcb:debug] [pid 2261357:tid 2261357] mod_socache_shmcb.c(863): AH00848: finished insert, subcache: idx_pos/idx_used=25/51, data_pos/data_used=2124/11415
[Wed Aug 26 03:05:31.038904 2026] [socache_shmcb:debug] [pid 2261357:tid 2261357] mod_socache_shmcb.c(530): AH00834: leaving socache_shmcb_store successfully
[Wed Aug 26 03:05:31.081859 2026] [deflate:debug] [pid 2264547:tid 2264547] mod_deflate.c(909): [client 216.73.216.242:5999] AH01384: Zlib: Compressed 2674 to 1237 : URL /index.php
[Wed Aug 26 03:05:31.104635 2026] [ssl:debug] [pid 2261628:tid 2261628] ssl_engine_kernel.c(254): [client 216.73.216.242:17109] AH02034: Subsequent (No.4) HTTPS request received for child 11 (server 2blog.ilc.edu.tw:443)
[Wed Aug 26 03:05:31.104871 2026] [authz_core:debug] [pid 2261628:tid 2261628] mod_authz_core.c(815): [client 216.73.216.242:17109] AH01626: authorization result of Require all granted: granted
[Wed Aug 26 03:05:31.104876 2026] [authz_core:debug] [pid 2261628:tid 2261628] mod_authz_core.c(815): [client 216.73.216.242:17109] AH01626: authorization result of : granted
[Wed Aug 26 03:05:31.105147 2026] [authz_core:debug] [pid 2261628:tid 2261628] mod_authz_core.c(815): [client 216.73.216.242:17109] AH01626: authorization result of Require all granted: granted
[Wed Aug 26 03:05:31.105157 2026] [authz_core:debug] [pid 2261628:tid 2261628] mod_authz_core.c(815): [client 216.73.216.242:17109] AH01626: authorization result of : granted
[Wed Aug 26 03:05:31.113220 2026] [deflate:debug] [pid 2256115:tid 2256115] mod_deflate.c(909): [client 216.73.216.242:26379] AH01384: Zlib: Compressed 2684 to 1244 : URL /index.php
[Wed Aug 26 03:05:31.140932 2026] [ssl:info] [pid 2264344:tid 2264344] [client 216.73.216.242:44455] AH01964: Connection to child 3 established (server 2blog.ilc.edu.tw:443)
[Wed Aug 26 03:05:31.141130 2026] [ssl:debug] [pid 2264344:tid 2264344] ssl_engine_kernel.c(2222): [client 216.73.216.242:44455] AH02043: SSL virtual host for servername 2blog.ilc.edu.tw found
[Wed Aug 26 03:05:31.141148 2026] [socache_shmcb:debug] [pid 2264344:tid 2264344] mod_socache_shmcb.c(545): AH00835: socache_shmcb_retrieve (0x5f -> subcache 31)
[Wed Aug 26 03:05:31.141161 2026] [socache_shmcb:debug] [pid 2264344:tid 2264344] mod_socache_shmcb.c(896): AH00849: match at idx=46, data=7009
[Wed Aug 26 03:05:31.141163 2026] [socache_shmcb:debug] [pid 2264344:tid 2264344] mod_socache_shmcb.c(556): AH00836: leaving socache_shmcb_retrieve successfully
[Wed Aug 26 03:05:31.141312 2026] [core:debug] [pid 2264344:tid 2264344] protocol.c(2460): [client 216.73.216.242:44455] AH03155: select protocol from , choices=h2,http/1.1 for server 2blog.ilc.edu.tw
[Wed Aug 26 03:05:31.141367 2026] [watchdog:debug] [pid 2266162:tid 2266162] mod_watchdog.c(559): AH02980: Watchdog: nothing configured?
[Wed Aug 26 03:05:31.141588 2026] [ssl:info] [pid 2266162:tid 2266162] [client 216.73.216.242:29812] AH01964: Connection to child 24 established (server 2blog.ilc.edu.tw:443)
[Wed Aug 26 03:05:31.141894 2026] [ssl:debug] [pid 2266162:tid 2266162] ssl_engine_kernel.c(2222): [client 216.73.216.242:29812] AH02043: SSL virtual host for servername 2blog.ilc.edu.tw found
[Wed Aug 26 03:05:31.141928 2026] [socache_shmcb:debug] [pid 2266162:tid 2266162] mod_socache_shmcb.c(545): AH00835: socache_shmcb_retrieve (0xe1 -> subcache 1)
[Wed Aug 26 03:05:31.141937 2026] [socache_shmcb:debug] [pid 2266162:tid 2266162] mod_socache_shmcb.c(896): AH00849: match at idx=54, data=567
[Wed Aug 26 03:05:31.141940 2026] [socache_shmcb:debug] [pid 2266162:tid 2266162] mod_socache_shmcb.c(556): AH00836: leaving socache_shmcb_retrieve successfully
[Wed Aug 26 03:05:31.142555 2026] [core:debug] [pid 2266162:tid 2266162] protocol.c(2460): [client 216.73.216.242:29812] AH03155: select protocol from , choices=h2,http/1.1 for server 2blog.ilc.edu.tw
[Wed Aug 26 03:05:31.146276 2026] [watchdog:debug] [pid 2266163:tid 2266163] mod_watchdog.c(559): AH02980: Watchdog: nothing configured?
[Wed Aug 26 03:05:31.147233 2026] [ssl:info] [pid 2266163:tid 2266163] [client 34.123.149.87:62978] AH01964: Connection to child 28 established (server 2blog.ilc.edu.tw:443)
[Wed Aug 26 03:05:31.147534 2026] [ssl:debug] [pid 2266163:tid 2266163] ssl_engine_kernel.c(2222): [client 34.123.149.87:62978] AH02043: SSL virtual host for servername 2blog.ilc.edu.tw found
[Wed Aug 26 03:05:31.147645 2026] [core:debug] [pid 2266163:tid 2266163] protocol.c(2460): [client 34.123.149.87:62978] AH03155: select protocol from , choices=http/1.1 for server 2blog.ilc.edu.tw
[Wed Aug 26 03:05:31.177999 2026] [ssl:debug] [pid 2265128:tid 2265128] ssl_engine_io.c(1150): [client 2a03:2880:f802:47:::35014] AH02001: Connection closed to child 23 with standard shutdown (server www.jwes.ilc.edu.tw:443)
[Wed Aug 26 03:05:31.178143 2026] [ssl:info] [pid 2265128:tid 2265128] [client 216.73.216.242:37690] AH01964: Connection to child 23 established (server 2blog.ilc.edu.tw:443)
[Wed Aug 26 03:05:31.178260 2026] [ssl:debug] [pid 2265128:tid 2265128] ssl_engine_kernel.c(2222): [client 216.73.216.242:37690] AH02043: SSL virtual host for servername 2blog.ilc.edu.tw found
[Wed Aug 26 03:05:31.178273 2026] [socache_shmcb:debug] [pid 2265128:tid 2265128] mod_socache_shmcb.c(545): AH00835: socache_shmcb_retrieve (0x46 -> subcache 6)
[Wed Aug 26 03:05:31.178290 2026] [socache_shmcb:debug] [pid 2265128:tid 2265128] mod_socache_shmcb.c(896): AH00849: match at idx=11, data=4779
[Wed Aug 26 03:05:31.178292 2026] [socache_shmcb:debug] [pid 2265128:tid 2265128] mod_socache_shmcb.c(556): AH00836: leaving socache_shmcb_retrieve successfully
[Wed Aug 26 03:05:31.178425 2026] [core:debug] [pid 2265128:tid 2265128] protocol.c(2460): [client 216.73.216.242:37690] AH03155: select protocol from , choices=h2,http/1.1 for server 2blog.ilc.edu.tw
[Wed Aug 26 03:05:31.182283 2026] [deflate:debug] [pid 2261072:tid 2261072] mod_deflate.c(909): [client 74.7.242.57:53240] AH01384: Zlib: Compressed 2774 to 1226 : URL /index.php, referer: https://www.ltes.ilc.edu.tw/2022/06/23/111-06-23-%e6%a0%a1%e5%9c%92%e7%a2%ba%e8%a8%ba%e4%ba%ba%e6%95%b8%e7%b5%b1%e8%a8%88/
[Wed Aug 26 03:05:31.205324 2026] [ssl:debug] [pid 2261357:tid 2261357] ssl_engine_kernel.c(254): [client 216.73.216.242:14044] AH02034: Initial (No.1) HTTPS request received for child 49 (server 2blog.ilc.edu.tw:443)
[Wed Aug 26 03:05:31.205532 2026] [authz_core:debug] [pid 2261357:tid 2261357] mod_authz_core.c(815): [client 216.73.216.242:14044] AH01626: authorization result of Require all granted: granted
[Wed Aug 26 03:05:31.205548 2026] [authz_core:debug] [pid 2261357:tid 2261357] mod_authz_core.c(815): [client 216.73.216.242:14044] AH01626: authorization result of : granted
[Wed Aug 26 03:05:31.205685 2026] [authz_core:debug] [pid 2261357:tid 2261357] mod_authz_core.c(815): [client 216.73.216.242:14044] AH01626: authorization result of Require all granted: granted
[Wed Aug 26 03:05:31.205689 2026] [authz_core:debug] [pid 2261357:tid 2261357] mod_authz_core.c(815): [client 216.73.216.242:14044] AH01626: authorization result of : granted
[Wed Aug 26 03:05:31.263124 2026] [deflate:debug] [pid 2261105:tid 2261105] mod_deflate.c(909): [client 216.73.216.242:49471] AH01384: Zlib: Compressed 2684 to 1238 : URL /index.php
[Wed Aug 26 03:05:31.316995 2026] [ssl:debug] [pid 2264547:tid 2264547] ssl_engine_kernel.c(254): [client 216.73.216.242:5999] AH02034: Subsequent (No.3) HTTPS request received for child 17 (server 2blog.ilc.edu.tw:443)
[Wed Aug 26 03:05:31.317211 2026] [authz_core:debug] [pid 2264547:tid 2264547] mod_authz_core.c(815): [client 216.73.216.242:5999] AH01626: authorization result of Require all granted: granted
[Wed Aug 26 03:05:31.317218 2026] [authz_core:debug] [pid 2264547:tid 2264547] mod_authz_core.c(815): [client 216.73.216.242:5999] AH01626: authorization result of : granted
[Wed Aug 26 03:05:31.317385 2026] [authz_core:debug] [pid 2264547:tid 2264547] mod_authz_core.c(815): [client 216.73.216.242:5999] AH01626: authorization result of Require all granted: granted
[Wed Aug 26 03:05:31.317390 2026] [authz_core:debug] [pid 2264547:tid 2264547] mod_authz_core.c(815): [client 216.73.216.242:5999] AH01626: authorization result of : granted
[Wed Aug 26 03:05:31.323867 2026] [deflate:debug] [pid 2266158:tid 2266158] mod_deflate.c(909): [client 216.73.216.242:1739] AH01384: Zlib: Compressed 2675 to 1236 : URL /index.php
[Wed Aug 26 03:05:31.364086 2026] [ssl:debug] [pid 2264344:tid 2264344] ssl_engine_kernel.c(2082): [client 216.73.216.242:44455] AH02041: Protocol: TLSv1.3, Cipher: TLS_AES_256_GCM_SHA384 (256/256 bits)
[Wed Aug 26 03:05:31.364146 2026] [socache_shmcb:debug] [pid 2264344:tid 2264344] mod_socache_shmcb.c(508): AH00831: socache_shmcb_store (0x57 -> subcache 23)
[Wed Aug 26 03:05:31.364157 2026] [socache_shmcb:debug] [pid 2264344:tid 2264344] mod_socache_shmcb.c(745): AH00842: expiring 2 and reclaiming 0 removed socache entries
[Wed Aug 26 03:05:31.364160 2026] [socache_shmcb:debug] [pid 2264344:tid 2264344] mod_socache_shmcb.c(765): AH00843: we now have 51 socache entries
[Wed Aug 26 03:05:31.364162 2026] [socache_shmcb:debug] [pid 2264344:tid 2264344] mod_socache_shmcb.c(860): AH00847: insert happened at idx=39, data=(11350:11382)
[Wed Aug 26 03:05:31.364164 2026] [socache_shmcb:debug] [pid 2264344:tid 2264344] mod_socache_shmcb.c(863): AH00848: finished insert, subcache: idx_pos/idx_used=76/52, data_pos/data_used=13860/11579
[Wed Aug 26 03:05:31.364166 2026] [socache_shmcb:debug] [pid 2264344:tid 2264344] mod_socache_shmcb.c(530): AH00834: leaving socache_shmcb_store successfully
[Wed Aug 26 03:05:31.380079 2026] [ssl:debug] [pid 2266162:tid 2266162] ssl_engine_kernel.c(2082): [client 216.73.216.242:29812] AH02041: Protocol: TLSv1.3, Cipher: TLS_AES_256_GCM_SHA384 (256/256 bits)
[Wed Aug 26 03:05:31.380141 2026] [socache_shmcb:debug] [pid 2266162:tid 2266162] mod_socache_shmcb.c(508): AH00831: socache_shmcb_store (0x36 -> subcache 22)
[Wed Aug 26 03:05:31.380155 2026] [socache_shmcb:debug] [pid 2266162:tid 2266162] mod_socache_shmcb.c(798): AH00845: about to force-expire, subcache: idx_used=62, data_used=13809
[Wed Aug 26 03:05:31.380157 2026] [socache_shmcb:debug] [pid 2266162:tid 2266162] mod_socache_shmcb.c(824): AH00846: finished force-expire, subcache: idx_used=61, data_used=13595
[Wed Aug 26 03:05:31.380159 2026] [socache_shmcb:debug] [pid 2266162:tid 2266162] mod_socache_shmcb.c(860): AH00847: insert happened at idx=71, data=(4237:4269)
[Wed Aug 26 03:05:31.380161 2026] [socache_shmcb:debug] [pid 2266162:tid 2266162] mod_socache_shmcb.c(863): AH00848: finished insert, subcache: idx_pos/idx_used=10/62, data_pos/data_used=4506/13821
[Wed Aug 26 03:05:31.380175 2026] [socache_shmcb:debug] [pid 2266162:tid 2266162] mod_socache_shmcb.c(530): AH00834: leaving socache_shmcb_store successfully
[Wed Aug 26 03:05:31.398824 2026] [ssl:debug] [pid 2265533:tid 2265533] ssl_engine_kernel.c(2082): [client 34.10.180.98:9729] AH02041: Protocol: TLSv1.3, Cipher: TLS_AES_256_GCM_SHA384 (256/256 bits)
[Wed Aug 26 03:05:31.398887 2026] [socache_shmcb:debug] [pid 2265533:tid 2265533] mod_socache_shmcb.c(508): AH00831: socache_shmcb_store (0x9b -> subcache 27)
[Wed Aug 26 03:05:31.398915 2026] [socache_shmcb:debug] [pid 2265533:tid 2265533] mod_socache_shmcb.c(860): AH00847: insert happened at idx=84, data=(7616:7648)
[Wed Aug 26 03:05:31.398918 2026] [socache_shmcb:debug] [pid 2265533:tid 2265533] mod_socache_shmcb.c(863): AH00848: finished insert, subcache: idx_pos/idx_used=31/54, data_pos/data_used=9556/12150
[Wed Aug 26 03:05:31.398920 2026] [socache_shmcb:debug] [pid 2265533:tid 2265533] mod_socache_shmcb.c(530): AH00834: leaving socache_shmcb_store successfully
[Wed Aug 26 03:05:31.398968 2026] [socache_shmcb:debug] [pid 2265533:tid 2265533] mod_socache_shmcb.c(508): AH00831: socache_shmcb_store (0xa6 -> subcache 6)
[Wed Aug 26 03:05:31.398978 2026] [socache_shmcb:debug] [pid 2265533:tid 2265533] mod_socache_shmcb.c(745): AH00842: expiring 1 and reclaiming 0 removed socache entries
[Wed Aug 26 03:05:31.398980 2026] [socache_shmcb:debug] [pid 2265533:tid 2265533] mod_socache_shmcb.c(765): AH00843: we now have 53 socache entries
[Wed Aug 26 03:05:31.398982 2026] [socache_shmcb:debug] [pid 2265533:tid 2265533] mod_socache_shmcb.c(860): AH00847: insert happened at idx=12, data=(5004:5036)
[Wed Aug 26 03:05:31.398984 2026] [socache_shmcb:debug] [pid 2265533:tid 2265533] mod_socache_shmcb.c(863): AH00848: finished insert, subcache: idx_pos/idx_used=47/54, data_pos/data_used=7037/12057
[Wed Aug 26 03:05:31.398986 2026] [socache_shmcb:debug] [pid 2265533:tid 2265533] mod_socache_shmcb.c(530): AH00834: leaving socache_shmcb_store successfully
[Wed Aug 26 03:05:31.415940 2026] [ssl:debug] [pid 2265128:tid 2265128] ssl_engine_kernel.c(2082): [client 216.73.216.242:37690] AH02041: Protocol: TLSv1.3, Cipher: TLS_AES_256_GCM_SHA384 (256/256 bits)
[Wed Aug 26 03:05:31.416007 2026] [socache_shmcb:debug] [pid 2265128:tid 2265128] mod_socache_shmcb.c(508): AH00831: socache_shmcb_store (0x62 -> subcache 2)
