[Wed Aug 26 03:05:45.225414 2026] [authz_core:debug] [pid 2266182:tid 2266182] mod_authz_core.c(815): [client 216.73.216.242:14583] AH01626: authorization result of Require all granted: granted
[Wed Aug 26 03:05:45.225419 2026] [authz_core:debug] [pid 2266182:tid 2266182] mod_authz_core.c(815): [client 216.73.216.242:14583] AH01626: authorization result of : granted
[Wed Aug 26 03:05:45.225551 2026] [authz_core:debug] [pid 2266182:tid 2266182] mod_authz_core.c(815): [client 216.73.216.242:14583] AH01626: authorization result of Require all granted: granted
[Wed Aug 26 03:05:45.225556 2026] [authz_core:debug] [pid 2266182:tid 2266182] mod_authz_core.c(815): [client 216.73.216.242:14583] AH01626: authorization result of : granted
[Wed Aug 26 03:05:45.257184 2026] [ssl:debug] [pid 2261072:tid 2261072] ssl_engine_kernel.c(254): [client 74.7.242.57:53240] AH02034: Subsequent (No.63) HTTPS request received for child 10 (server www.ltes.ilc.edu.tw:443), referer: https://www.ltes.ilc.edu.tw/2011/03/28/%e8%b3%80%ef%bc%81%e6%96%87%e7%90%a6%e8%80%81%e5%b8%ab%e5%b8%b6%e9%a0%98%e5%9c%8b%e8%a1%93%e9%9a%8a%e5%9c%a8%e7%be%85%e6%9d%b1%e9%8e%ae%e9%8e%ae%e9%95%b7%e7%9b%83%e6%a6%ae%e7%8d%b2%e5%a5%bd%e6%88%90/
[Wed Aug 26 03:05:45.257381 2026] [authz_core:debug] [pid 2261072:tid 2261072] mod_authz_core.c(815): [client 74.7.242.57:53240] AH01626: authorization result of Require all granted: granted, referer: https://www.ltes.ilc.edu.tw/2011/03/28/%e8%b3%80%ef%bc%81%e6%96%87%e7%90%a6%e8%80%81%e5%b8%ab%e5%b8%b6%e9%a0%98%e5%9c%8b%e8%a1%93%e9%9a%8a%e5%9c%a8%e7%be%85%e6%9d%b1%e9%8e%ae%e9%8e%ae%e9%95%b7%e7%9b%83%e6%a6%ae%e7%8d%b2%e5%a5%bd%e6%88%90/
[Wed Aug 26 03:05:45.257387 2026] [authz_core:debug] [pid 2261072:tid 2261072] mod_authz_core.c(815): [client 74.7.242.57:53240] AH01626: authorization result of : granted, referer: https://www.ltes.ilc.edu.tw/2011/03/28/%e8%b3%80%ef%bc%81%e6%96%87%e7%90%a6%e8%80%81%e5%b8%ab%e5%b8%b6%e9%a0%98%e5%9c%8b%e8%a1%93%e9%9a%8a%e5%9c%a8%e7%be%85%e6%9d%b1%e9%8e%ae%e9%8e%ae%e9%95%b7%e7%9b%83%e6%a6%ae%e7%8d%b2%e5%a5%bd%e6%88%90/
[Wed Aug 26 03:05:45.257522 2026] [authz_core:debug] [pid 2261072:tid 2261072] mod_authz_core.c(815): [client 74.7.242.57:53240] AH01626: authorization result of Require all granted: granted, referer: https://www.ltes.ilc.edu.tw/2011/03/28/%e8%b3%80%ef%bc%81%e6%96%87%e7%90%a6%e8%80%81%e5%b8%ab%e5%b8%b6%e9%a0%98%e5%9c%8b%e8%a1%93%e9%9a%8a%e5%9c%a8%e7%be%85%e6%9d%b1%e9%8e%ae%e9%8e%ae%e9%95%b7%e7%9b%83%e6%a6%ae%e7%8d%b2%e5%a5%bd%e6%88%90/
[Wed Aug 26 03:05:45.257526 2026] [authz_core:debug] [pid 2261072:tid 2261072] mod_authz_core.c(815): [client 74.7.242.57:53240] AH01626: authorization result of : granted, referer: https://www.ltes.ilc.edu.tw/2011/03/28/%e8%b3%80%ef%bc%81%e6%96%87%e7%90%a6%e8%80%81%e5%b8%ab%e5%b8%b6%e9%a0%98%e5%9c%8b%e8%a1%93%e9%9a%8a%e5%9c%a8%e7%be%85%e6%9d%b1%e9%8e%ae%e9%8e%ae%e9%95%b7%e7%9b%83%e6%a6%ae%e7%8d%b2%e5%a5%bd%e6%88%90/
[Wed Aug 26 03:05:45.308037 2026] [ssl:debug] [pid 2261337:tid 2261337] ssl_engine_kernel.c(254): [client 216.73.216.242:1643] AH02034: Subsequent (No.8) HTTPS request received for child 25 (server 2blog.ilc.edu.tw:443)
[Wed Aug 26 03:05:45.308245 2026] [authz_core:debug] [pid 2261337:tid 2261337] mod_authz_core.c(815): [client 216.73.216.242:1643] AH01626: authorization result of Require all granted: granted
[Wed Aug 26 03:05:45.308251 2026] [authz_core:debug] [pid 2261337:tid 2261337] mod_authz_core.c(815): [client 216.73.216.242:1643] AH01626: authorization result of : granted
[Wed Aug 26 03:05:45.308382 2026] [authz_core:debug] [pid 2261337:tid 2261337] mod_authz_core.c(815): [client 216.73.216.242:1643] AH01626: authorization result of Require all granted: granted
[Wed Aug 26 03:05:45.308386 2026] [authz_core:debug] [pid 2261337:tid 2261337] mod_authz_core.c(815): [client 216.73.216.242:1643] AH01626: authorization result of : granted
[Wed Aug 26 03:05:45.338719 2026] [ssl:info] [pid 2261346:tid 2261346] [client 2a03:2880:f802:2d:::35446] AH01964: Connection to child 35 established (server 2blog.ilc.edu.tw:443)
[Wed Aug 26 03:05:45.338908 2026] [ssl:debug] [pid 2261346:tid 2261346] ssl_engine_kernel.c(2222): [client 2a03:2880:f802:2d:::35446] AH02043: SSL virtual host for servername www.jwes.ilc.edu.tw found
[Wed Aug 26 03:05:45.338985 2026] [core:debug] [pid 2261346:tid 2261346] protocol.c(2460): [client 2a03:2880:f802:2d:::35446] AH03155: select protocol from , choices=h2,http/1.1 for server www.jwes.ilc.edu.tw
[Wed Aug 26 03:05:45.352930 2026] [ssl:debug] [pid 2266184:tid 2266184] ssl_engine_io.c(1150): [client 143.20.253.229:24458] AH02001: Connection closed to child 52 with standard shutdown (server 2blog.ilc.edu.tw:443)
[Wed Aug 26 03:05:45.377271 2026] [deflate:debug] [pid 2261130:tid 2261130] mod_deflate.c(909): [client 216.73.216.242:30584] AH01384: Zlib: Compressed 531923 to 85929 : URL /index.php
[Wed Aug 26 03:05:45.409274 2026] [ssl:debug] [pid 2261345:tid 2261345] ssl_engine_kernel.c(254): [client 216.73.216.242:11400] AH02034: Subsequent (No.7) HTTPS request received for child 34 (server 2blog.ilc.edu.tw:443)
[Wed Aug 26 03:05:45.409591 2026] [authz_core:debug] [pid 2261345:tid 2261345] mod_authz_core.c(815): [client 216.73.216.242:11400] AH01626: authorization result of Require all granted: granted
[Wed Aug 26 03:05:45.409599 2026] [authz_core:debug] [pid 2261345:tid 2261345] mod_authz_core.c(815): [client 216.73.216.242:11400] AH01626: authorization result of : granted
[Wed Aug 26 03:05:45.409762 2026] [authz_core:debug] [pid 2261345:tid 2261345] mod_authz_core.c(815): [client 216.73.216.242:11400] AH01626: authorization result of Require all granted: granted
[Wed Aug 26 03:05:45.409766 2026] [authz_core:debug] [pid 2261345:tid 2261345] mod_authz_core.c(815): [client 216.73.216.242:11400] AH01626: authorization result of : granted
[Wed Aug 26 03:05:45.430035 2026] [deflate:debug] [pid 2256122:tid 2256122] mod_deflate.c(909): [client 216.73.216.242:46376] AH01384: Zlib: Compressed 522529 to 84227 : URL /index.php
[Wed Aug 26 03:05:45.461114 2026] [ssl:info] [pid 2261353:tid 2261353] [client 2a03:2880:f802:48:::62988] AH01964: Connection to child 44 established (server 2blog.ilc.edu.tw:443)
[Wed Aug 26 03:05:45.461304 2026] [ssl:debug] [pid 2261353:tid 2261353] ssl_engine_kernel.c(2222): [client 2a03:2880:f802:48:::62988] AH02043: SSL virtual host for servername www.jwes.ilc.edu.tw found
[Wed Aug 26 03:05:45.461366 2026] [core:debug] [pid 2261353:tid 2261353] protocol.c(2460): [client 2a03:2880:f802:48:::62988] AH03155: select protocol from , choices=h2,http/1.1 for server www.jwes.ilc.edu.tw
[Wed Aug 26 03:05:45.464795 2026] [ssl:debug] [pid 2264931:tid 2264931] ssl_engine_io.c(1150): [client 2a03:2880:f802:3c:::22154] AH02001: Connection closed to child 19 with standard shutdown (server www.jwes.ilc.edu.tw:443)
[Wed Aug 26 03:05:45.477420 2026] [ssl:debug] [pid 2261338:tid 2261338] ssl_engine_io.c(1150): [client 2a03:2880:f802:29:::47134] AH02001: Connection closed to child 26 with standard shutdown (server www.jwes.ilc.edu.tw:443)
[Wed Aug 26 03:05:45.488937 2026] [ssl:debug] [pid 2261346:tid 2261346] ssl_engine_kernel.c(2082): [client 2a03:2880:f802:2d:::35446] AH02041: Protocol: TLSv1.3, Cipher: TLS_AES_256_GCM_SHA384 (256/256 bits)
[Wed Aug 26 03:05:45.489006 2026] [socache_shmcb:debug] [pid 2261346:tid 2261346] mod_socache_shmcb.c(508): AH00831: socache_shmcb_store (0xe0 -> subcache 0)
[Wed Aug 26 03:05:45.489012 2026] [socache_shmcb:debug] [pid 2261346:tid 2261346] mod_socache_shmcb.c(745): AH00842: expiring 1 and reclaiming 0 removed socache entries
[Wed Aug 26 03:05:45.489015 2026] [socache_shmcb:debug] [pid 2261346:tid 2261346] mod_socache_shmcb.c(765): AH00843: we now have 45 socache entries
[Wed Aug 26 03:05:45.489016 2026] [socache_shmcb:debug] [pid 2261346:tid 2261346] mod_socache_shmcb.c(860): AH00847: insert happened at idx=25, data=(8298:8330)
[Wed Aug 26 03:05:45.489018 2026] [socache_shmcb:debug] [pid 2261346:tid 2261346] mod_socache_shmcb.c(863): AH00848: finished insert, subcache: idx_pos/idx_used=68/46, data_pos/data_used=12079/10312
[Wed Aug 26 03:05:45.489020 2026] [socache_shmcb:debug] [pid 2261346:tid 2261346] mod_socache_shmcb.c(530): AH00834: leaving socache_shmcb_store successfully
[Wed Aug 26 03:05:45.489063 2026] [socache_shmcb:debug] [pid 2261346:tid 2261346] mod_socache_shmcb.c(508): AH00831: socache_shmcb_store (0x3b -> subcache 27)
[Wed Aug 26 03:05:45.489069 2026] [socache_shmcb:debug] [pid 2261346:tid 2261346] mod_socache_shmcb.c(860): AH00847: insert happened at idx=2, data=(8960:8992)
[Wed Aug 26 03:05:45.489071 2026] [socache_shmcb:debug] [pid 2261346:tid 2261346] mod_socache_shmcb.c(863): AH00848: finished insert, subcache: idx_pos/idx_used=32/59, data_pos/data_used=9781/13271
[Wed Aug 26 03:05:45.489072 2026] [socache_shmcb:debug] [pid 2261346:tid 2261346] mod_socache_shmcb.c(530): AH00834: leaving socache_shmcb_store successfully
[Wed Aug 26 03:05:45.489190 2026] [ssl:debug] [pid 2261346:tid 2261346] ssl_engine_kernel.c(254): [client 2a03:2880:f802:2d:::35446] AH02034: Initial (No.1) HTTPS request received for child 35 (server www.jwes.ilc.edu.tw:443)
[Wed Aug 26 03:05:45.489379 2026] [authz_core:debug] [pid 2261346:tid 2261346] mod_authz_core.c(815): [client 2a03:2880:f802:2d:::35446] AH01626: authorization result of Require all granted: granted
[Wed Aug 26 03:05:45.489384 2026] [authz_core:debug] [pid 2261346:tid 2261346] mod_authz_core.c(815): [client 2a03:2880:f802:2d:::35446] AH01626: authorization result of : granted
[Wed Aug 26 03:05:45.507999 2026] [ssl:info] [pid 2261105:tid 2261105] [client 140.111.67.10:12982] AH01964: Connection to child 7 established (server 2blog.ilc.edu.tw:443)
[Wed Aug 26 03:05:45.508179 2026] [ssl:info] [pid 2261105:tid 2261105] (70014)End of file found: [client 140.111.67.10:12982] AH02006: SSL handshake stopped: connection was closed
[Wed Aug 26 03:05:45.508187 2026] [ssl:info] [pid 2261105:tid 2261105] [client 140.111.67.10:12982] AH01998: Connection closed to child 7 with abortive shutdown (server 2blog.ilc.edu.tw:443)
[Wed Aug 26 03:05:45.523614 2026] [deflate:debug] [pid 2261072:tid 2261072] mod_deflate.c(909): [client 74.7.242.57:53240] AH01384: Zlib: Compressed 3351 to 1332 : URL /index.php, referer: https://www.ltes.ilc.edu.tw/2011/03/28/%e8%b3%80%ef%bc%81%e6%96%87%e7%90%a6%e8%80%81%e5%b8%ab%e5%b8%b6%e9%a0%98%e5%9c%8b%e8%a1%93%e9%9a%8a%e5%9c%a8%e7%be%85%e6%9d%b1%e9%8e%ae%e9%8e%ae%e9%95%b7%e7%9b%83%e6%a6%ae%e7%8d%b2%e5%a5%bd%e6%88%90/
[Wed Aug 26 03:05:45.613045 2026] [ssl:debug] [pid 2261328:tid 2261328] ssl_engine_io.c(1150): [client 34.61.96.6:25091] AH02001: Connection closed to child 5 with standard shutdown (server 2blog.ilc.edu.tw:443)
[Wed Aug 26 03:05:45.616580 2026] [deflate:debug] [pid 2261311:tid 2261311] mod_deflate.c(909): [client 216.73.216.242:59366] AH01384: Zlib: Compressed 534519 to 85847 : URL /index.php
[Wed Aug 26 03:05:45.621812 2026] [ssl:debug] [pid 2261353:tid 2261353] ssl_engine_kernel.c(2082): [client 2a03:2880:f802:48:::62988] AH02041: Protocol: TLSv1.3, Cipher: TLS_AES_256_GCM_SHA384 (256/256 bits)
[Wed Aug 26 03:05:45.621884 2026] [socache_shmcb:debug] [pid 2261353:tid 2261353] mod_socache_shmcb.c(508): AH00831: socache_shmcb_store (0xea -> subcache 10)
[Wed Aug 26 03:05:45.621891 2026] [socache_shmcb:debug] [pid 2261353:tid 2261353] mod_socache_shmcb.c(798): AH00845: about to force-expire, subcache: idx_used=61, data_used=13679
[Wed Aug 26 03:05:45.621893 2026] [socache_shmcb:debug] [pid 2261353:tid 2261353] mod_socache_shmcb.c(824): AH00846: finished force-expire, subcache: idx_used=60, data_used=13453
[Wed Aug 26 03:05:45.621895 2026] [socache_shmcb:debug] [pid 2261353:tid 2261353] mod_socache_shmcb.c(860): AH00847: insert happened at idx=71, data=(12774:12806)
[Wed Aug 26 03:05:45.621897 2026] [socache_shmcb:debug] [pid 2261353:tid 2261353] mod_socache_shmcb.c(863): AH00848: finished insert, subcache: idx_pos/idx_used=11/61, data_pos/data_used=13185/13681
[Wed Aug 26 03:05:45.621899 2026] [socache_shmcb:debug] [pid 2261353:tid 2261353] mod_socache_shmcb.c(530): AH00834: leaving socache_shmcb_store successfully
[Wed Aug 26 03:05:45.621956 2026] [socache_shmcb:debug] [pid 2261353:tid 2261353] mod_socache_shmcb.c(508): AH00831: socache_shmcb_store (0x4a -> subcache 10)
[Wed Aug 26 03:05:45.621959 2026] [socache_shmcb:debug] [pid 2261353:tid 2261353] mod_socache_shmcb.c(798): AH00845: about to force-expire, subcache: idx_used=61, data_used=13681
[Wed Aug 26 03:05:45.621961 2026] [socache_shmcb:debug] [pid 2261353:tid 2261353] mod_socache_shmcb.c(824): AH00846: finished force-expire, subcache: idx_used=60, data_used=13452
[Wed Aug 26 03:05:45.621963 2026] [socache_shmcb:debug] [pid 2261353:tid 2261353] mod_socache_shmcb.c(860): AH00847: insert happened at idx=72, data=(13002:13034)
[Wed Aug 26 03:05:45.621964 2026] [socache_shmcb:debug] [pid 2261353:tid 2261353] mod_socache_shmcb.c(863): AH00848: finished insert, subcache: idx_pos/idx_used=12/61, data_pos/data_used=13414/13681
[Wed Aug 26 03:05:45.621966 2026] [socache_shmcb:debug] [pid 2261353:tid 2261353] mod_socache_shmcb.c(530): AH00834: leaving socache_shmcb_store successfully
[Wed Aug 26 03:05:45.622241 2026] [ssl:debug] [pid 2261353:tid 2261353] ssl_engine_kernel.c(254): [client 2a03:2880:f802:48:::62988] AH02034: Initial (No.1) HTTPS request received for child 44 (server www.jwes.ilc.edu.tw:443)
[Wed Aug 26 03:05:45.622421 2026] [authz_core:debug] [pid 2261353:tid 2261353] mod_authz_core.c(815): [client 2a03:2880:f802:48:::62988] AH01626: authorization result of Require all granted: granted
[Wed Aug 26 03:05:45.622425 2026] [authz_core:debug] [pid 2261353:tid 2261353] mod_authz_core.c(815): [client 2a03:2880:f802:48:::62988] AH01626: authorization result of : granted
[Wed Aug 26 03:05:45.694495 2026] [deflate:debug] [pid 2261329:tid 2261329] mod_deflate.c(909): [client 216.73.216.242:43908] AH01384: Zlib: Compressed 531529 to 85757 : URL /index.php
[Wed Aug 26 03:05:45.742624 2026] [deflate:debug] [pid 2266174:tid 2266174] mod_deflate.c(909): [client 216.73.216.242:4895] AH01384: Zlib: Compressed 535397 to 86096 : URL /index.php
[Wed Aug 26 03:05:45.773068 2026] [ssl:debug] [pid 2261344:tid 2261344] ssl_engine_io.c(1150): [client 2408:8760:118:5::a:5918] AH02001: Connection closed to child 33 with standard shutdown (server www.najh.ilc.edu.tw:443)
[Wed Aug 26 03:05:45.835637 2026] [ssl:debug] [pid 2261072:tid 2261072] ssl_engine_kernel.c(254): [client 74.7.242.57:53240] AH02034: Subsequent (No.64) HTTPS request received for child 10 (server www.ltes.ilc.edu.tw:443), referer: https://www.ltes.ilc.edu.tw/2014/04/29/%e8%b3%80%ef%bc%81%e6%9c%ac%e6%a0%a1%e6%a6%ae%e7%8d%b2-%e5%ae%9c%e8%98%ad%e7%b8%a3103%e5%b9%b4%e5%ba%a6%e5%9c%8b%e6%b0%91%e4%b8%ad%e5%b0%8f%e5%ad%b8%e7%a7%91%e5%b1%95-%e5%9c%8b%e5%b0%8f%e7%b5%84/
[Wed Aug 26 03:05:45.835873 2026] [authz_core:debug] [pid 2261072:tid 2261072] mod_authz_core.c(815): [client 74.7.242.57:53240] AH01626: authorization result of Require all granted: granted, referer: https://www.ltes.ilc.edu.tw/2014/04/29/%e8%b3%80%ef%bc%81%e6%9c%ac%e6%a0%a1%e6%a6%ae%e7%8d%b2-%e5%ae%9c%e8%98%ad%e7%b8%a3103%e5%b9%b4%e5%ba%a6%e5%9c%8b%e6%b0%91%e4%b8%ad%e5%b0%8f%e5%ad%b8%e7%a7%91%e5%b1%95-%e5%9c%8b%e5%b0%8f%e7%b5%84/
[Wed Aug 26 03:05:45.835888 2026] [authz_core:debug] [pid 2261072:tid 2261072] mod_authz_core.c(815): [client 74.7.242.57:53240] AH01626: authorization result of : granted, referer: https://www.ltes.ilc.edu.tw/2014/04/29/%e8%b3%80%ef%bc%81%e6%9c%ac%e6%a0%a1%e6%a6%ae%e7%8d%b2-%e5%ae%9c%e8%98%ad%e7%b8%a3103%e5%b9%b4%e5%ba%a6%e5%9c%8b%e6%b0%91%e4%b8%ad%e5%b0%8f%e5%ad%b8%e7%a7%91%e5%b1%95-%e5%9c%8b%e5%b0%8f%e7%b5%84/
[Wed Aug 26 03:05:45.836058 2026] [authz_core:debug] [pid 2261072:tid 2261072] mod_authz_core.c(815): [client 74.7.242.57:53240] AH01626: authorization result of Require all granted: granted, referer: https://www.ltes.ilc.edu.tw/2014/04/29/%e8%b3%80%ef%bc%81%e6%9c%ac%e6%a0%a1%e6%a6%ae%e7%8d%b2-%e5%ae%9c%e8%98%ad%e7%b8%a3103%e5%b9%b4%e5%ba%a6%e5%9c%8b%e6%b0%91%e4%b8%ad%e5%b0%8f%e5%ad%b8%e7%a7%91%e5%b1%95-%e5%9c%8b%e5%b0%8f%e7%b5%84/
[Wed Aug 26 03:05:45.836063 2026] [authz_core:debug] [pid 2261072:tid 2261072] mod_authz_core.c(815): [client 74.7.242.57:53240] AH01626: authorization result of : granted, referer: https://www.ltes.ilc.edu.tw/2014/04/29/%e8%b3%80%ef%bc%81%e6%9c%ac%e6%a0%a1%e6%a6%ae%e7%8d%b2-%e5%ae%9c%e8%98%ad%e7%b8%a3103%e5%b9%b4%e5%ba%a6%e5%9c%8b%e6%b0%91%e4%b8%ad%e5%b0%8f%e5%ad%b8%e7%a7%91%e5%b1%95-%e5%9c%8b%e5%b0%8f%e7%b5%84/
[Wed Aug 26 03:05:45.875912 2026] [deflate:debug] [pid 2265127:tid 2265127] mod_deflate.c(909): [client 216.73.216.242:11830] AH01384: Zlib: Compressed 535201 to 86159 : URL /index.php
[Wed Aug 26 03:05:45.938717 2026] [ssl:debug] [pid 2264546:tid 2264546] ssl_engine_kernel.c(254): [client 216.73.216.242:9347] AH02034: Subsequent (No.10) HTTPS request received for child 16 (server 2blog.ilc.edu.tw:443)
[Wed Aug 26 03:05:45.938925 2026] [authz_core:debug] [pid 2264546:tid 2264546] mod_authz_core.c(815): [client 216.73.216.242:9347] AH01626: authorization result of Require all granted: granted
[Wed Aug 26 03:05:45.938930 2026] [authz_core:debug] [pid 2264546:tid 2264546] mod_authz_core.c(815): [client 216.73.216.242:9347] AH01626: authorization result of : granted
[Wed Aug 26 03:05:45.939102 2026] [authz_core:debug] [pid 2264546:tid 2264546] mod_authz_core.c(815): [client 216.73.216.242:9347] AH01626: authorization result of Require all granted: granted
[Wed Aug 26 03:05:45.939108 2026] [authz_core:debug] [pid 2264546:tid 2264546] mod_authz_core.c(815): [client 216.73.216.242:9347] AH01626: authorization result of : granted
[Wed Aug 26 03:05:45.994291 2026] [ssl:debug] [pid 2264344:tid 2264344] ssl_engine_io.c(1150): [client 216.73.216.242:44455] AH02001: Connection closed to child 3 with standard shutdown (server 2blog.ilc.edu.tw:443)
[Wed Aug 26 03:05:46.024899 2026] [ssl:debug] [pid 2265533:tid 2265533] ssl_engine_io.c(1150): [client 2408:8760:118:5::a:5916] AH02001: Connection closed to child 27 with standard shutdown (server www.najh.ilc.edu.tw:443)
[Wed Aug 26 03:05:46.040965 2026] [deflate:debug] [pid 2266182:tid 2266182] mod_deflate.c(909): [client 216.73.216.242:14583] AH01384: Zlib: Compressed 537948 to 86056 : URL /index.php
[Wed Aug 26 03:05:46.049056 2026] [ssl:debug] [pid 2256115:tid 2256115] ssl_engine_io.c(1150): [client 2408:8760:118:5::a:5924] AH02001: Connection closed to child 18 with standard shutdown (server www.najh.ilc.edu.tw:443)
[Wed Aug 26 03:05:46.093067 2026] [ssl:debug] [pid 2261629:tid 2261629] ssl_engine_io.c(1150): [client 2408:8760:118:5::a:5920] AH02001: Connection closed to child 12 with standard shutdown (server www.najh.ilc.edu.tw:443)
[Wed Aug 26 03:05:46.097068 2026] [ssl:debug] [pid 2266163:tid 2266163] ssl_engine_io.c(1150): [client 2408:8760:118:5::a:5922] AH02001: Connection closed to child 28 with standard shutdown (server www.najh.ilc.edu.tw:443)
[Wed Aug 26 03:05:46.130372 2026] [ssl:debug] [pid 2256122:tid 2256122] ssl_engine_kernel.c(254): [client 216.73.216.242:46376] AH02034: Subsequent (No.11) HTTPS request received for child 30 (server 2blog.ilc.edu.tw:443)
[Wed Aug 26 03:05:46.130586 2026] [authz_core:debug] [pid 2256122:tid 2256122] mod_authz_core.c(815): [client 216.73.216.242:46376] AH01626: authorization result of Require all granted: granted
[Wed Aug 26 03:05:46.130591 2026] [authz_core:debug] [pid 2256122:tid 2256122] mod_authz_core.c(815): [client 216.73.216.242:46376] AH01626: authorization result of : granted
[Wed Aug 26 03:05:46.130721 2026] [authz_core:debug] [pid 2256122:tid 2256122] mod_authz_core.c(815): [client 216.73.216.242:46376] AH01626: authorization result of Require all granted: granted
[Wed Aug 26 03:05:46.130725 2026] [authz_core:debug] [pid 2256122:tid 2256122] mod_authz_core.c(815): [client 216.73.216.242:46376] AH01626: authorization result of : granted
[Wed Aug 26 03:05:46.148880 2026] [deflate:debug] [pid 2261072:tid 2261072] mod_deflate.c(909): [client 74.7.242.57:53240] AH01384: Zlib: Compressed 3363 to 1321 : URL /index.php, referer: https://www.ltes.ilc.edu.tw/2014/04/29/%e8%b3%80%ef%bc%81%e6%9c%ac%e6%a0%a1%e6%a6%ae%e7%8d%b2-%e5%ae%9c%e8%98%ad%e7%b8%a3103%e5%b9%b4%e5%ba%a6%e5%9c%8b%e6%b0%91%e4%b8%ad%e5%b0%8f%e5%ad%b8%e7%a7%91%e5%b1%95-%e5%9c%8b%e5%b0%8f%e7%b5%84/
[Wed Aug 26 03:05:46.212351 2026] [deflate:debug] [pid 2261345:tid 2261345] mod_deflate.c(909): [client 216.73.216.242:11400] AH01384: Zlib: Compressed 532431 to 85478 : URL /index.php
[Wed Aug 26 03:05:46.241822 2026] [ssl:debug] [pid 2261130:tid 2261130] ssl_engine_kernel.c(254): [client 216.73.216.242:30584] AH02034: Subsequent (No.9) HTTPS request received for child 38 (server 2blog.ilc.edu.tw:443)
[Wed Aug 26 03:05:46.242103 2026] [authz_core:debug] [pid 2261130:tid 2261130] mod_authz_core.c(815): [client 216.73.216.242:30584] AH01626: authorization result of Require all granted: granted
[Wed Aug 26 03:05:46.242114 2026] [authz_core:debug] [pid 2261130:tid 2261130] mod_authz_core.c(815): [client 216.73.216.242:30584] AH01626: authorization result of : granted
[Wed Aug 26 03:05:46.242283 2026] [authz_core:debug] [pid 2261130:tid 2261130] mod_authz_core.c(815): [client 216.73.216.242:30584] AH01626: authorization result of Require all granted: granted
[Wed Aug 26 03:05:46.242287 2026] [authz_core:debug] [pid 2261130:tid 2261130] mod_authz_core.c(815): [client 216.73.216.242:30584] AH01626: authorization result of : granted
[Wed Aug 26 03:05:46.301085 2026] [ssl:debug] [pid 2261333:tid 2261333] ssl_engine_io.c(1150): [client 34.56.53.225:44546] AH02001: Connection closed to child 15 with standard shutdown (server 2blog.ilc.edu.tw:443)
[Wed Aug 26 03:05:46.344232 2026] [ssl:debug] [pid 2261311:tid 2261311] ssl_engine_kernel.c(254): [client 216.73.216.242:59366] AH02034: Subsequent (No.6) HTTPS request received for child 2 (server 2blog.ilc.edu.tw:443)
[Wed Aug 26 03:05:46.344444 2026] [authz_core:debug] [pid 2261311:tid 2261311] mod_authz_core.c(815): [client 216.73.216.242:59366] AH01626: authorization result of Require all granted: granted
[Wed Aug 26 03:05:46.344449 2026] [authz_core:debug] [pid 2261311:tid 2261311] mod_authz_core.c(815): [client 216.73.216.242:59366] AH01626: authorization result of : granted
[Wed Aug 26 03:05:46.344583 2026] [authz_core:debug] [pid 2261311:tid 2261311] mod_authz_core.c(815): [client 216.73.216.242:59366] AH01626: authorization result of Require all granted: granted
[Wed Aug 26 03:05:46.344587 2026] [authz_core:debug] [pid 2261311:tid 2261311] mod_authz_core.c(815): [client 216.73.216.242:59366] AH01626: authorization result of : granted
[Wed Aug 26 03:05:46.348705 2026] [deflate:debug] [pid 2264546:tid 2264546] mod_deflate.c(909): [client 216.73.216.242:9347] AH01384: Zlib: Compressed 2769 to 1263 : URL /index.php
[Wed Aug 26 03:05:46.403343 2026] [ssl:debug] [pid 2261072:tid 2261072] ssl_engine_kernel.c(254): [client 74.7.242.57:53240] AH02034: Subsequent (No.65) HTTPS request received for child 10 (server www.ltes.ilc.edu.tw:443), referer: https://www.ltes.ilc.edu.tw/2012/04/03/%e4%ba%94%e5%b9%b4%e5%bf%a0%e7%8f%ad%e6%9d%8e%e4%bd%b3%e5%8b%b3%e5%90%8c%e5%ad%b8%e5%8f%83%e5%8a%a0%e6%85%a7%e7%87%88%e7%9b%83%e6%95%b8%e5%ad%b8%e9%8c%a6%e6%a8%99%e8%b3%bd%e6%88%90%e7%b8%be%e5%84%aa/
[Wed Aug 26 03:05:46.403546 2026] [authz_core:debug] [pid 2261072:tid 2261072] mod_authz_core.c(815): [client 74.7.242.57:53240] AH01626: authorization result of Require all granted: granted, referer: https://www.ltes.ilc.edu.tw/2012/04/03/%e4%ba%94%e5%b9%b4%e5%bf%a0%e7%8f%ad%e6%9d%8e%e4%bd%b3%e5%8b%b3%e5%90%8c%e5%ad%b8%e5%8f%83%e5%8a%a0%e6%85%a7%e7%87%88%e7%9b%83%e6%95%b8%e5%ad%b8%e9%8c%a6%e6%a8%99%e8%b3%bd%e6%88%90%e7%b8%be%e5%84%aa/
[Wed Aug 26 03:05:46.403551 2026] [authz_core:debug] [pid 2261072:tid 2261072] mod_authz_core.c(815): [client 74.7.242.57:53240] AH01626: authorization result of : granted, referer: https://www.ltes.ilc.edu.tw/2012/04/03/%e4%ba%94%e5%b9%b4%e5%bf%a0%e7%8f%ad%e6%9d%8e%e4%bd%b3%e5%8b%b3%e5%90%8c%e5%ad%b8%e5%8f%83%e5%8a%a0%e6%85%a7%e7%87%88%e7%9b%83%e6%95%b8%e5%ad%b8%e9%8c%a6%e6%a8%99%e8%b3%bd%e6%88%90%e7%b8%be%e5%84%aa/
[Wed Aug 26 03:05:46.403685 2026] [authz_core:debug] [pid 2261072:tid 2261072] mod_authz_core.c(815): [client 74.7.242.57:53240] AH01626: authorization result of Require all granted: granted, referer: https://www.ltes.ilc.edu.tw/2012/04/03/%e4%ba%94%e5%b9%b4%e5%bf%a0%e7%8f%ad%e6%9d%8e%e4%bd%b3%e5%8b%b3%e5%90%8c%e5%ad%b8%e5%8f%83%e5%8a%a0%e6%85%a7%e7%87%88%e7%9b%83%e6%95%b8%e5%ad%b8%e9%8c%a6%e6%a8%99%e8%b3%bd%e6%88%90%e7%b8%be%e5%84%aa/
[Wed Aug 26 03:05:46.403689 2026] [authz_core:debug] [pid 2261072:tid 2261072] mod_authz_core.c(815): [client 74.7.242.57:53240] AH01626: authorization result of : granted, referer: https://www.ltes.ilc.edu.tw/2012/04/03/%e4%ba%94%e5%b9%b4%e5%bf%a0%e7%8f%ad%e6%9d%8e%e4%bd%b3%e5%8b%b3%e5%90%8c%e5%ad%b8%e5%8f%83%e5%8a%a0%e6%85%a7%e7%87%88%e7%9b%83%e6%95%b8%e5%ad%b8%e9%8c%a6%e6%a8%99%e8%b3%bd%e6%88%90%e7%b8%be%e5%84%aa/
[Wed Aug 26 03:05:46.441189 2026] [ssl:debug] [pid 2261329:tid 2261329] ssl_engine_kernel.c(254): [client 216.73.216.242:43908] AH02034: Subsequent (No.9) HTTPS request received for child 6 (server 2blog.ilc.edu.tw:443)
[Wed Aug 26 03:05:46.441420 2026] [authz_core:debug] [pid 2261329:tid 2261329] mod_authz_core.c(815): [client 216.73.216.242:43908] AH01626: authorization result of Require all granted: granted
[Wed Aug 26 03:05:46.441426 2026] [authz_core:debug] [pid 2261329:tid 2261329] mod_authz_core.c(815): [client 216.73.216.242:43908] AH01626: authorization result of : granted
[Wed Aug 26 03:05:46.441587 2026] [authz_core:debug] [pid 2261329:tid 2261329] mod_authz_core.c(815): [client 216.73.216.242:43908] AH01626: authorization result of Require all granted: granted
[Wed Aug 26 03:05:46.441592 2026] [authz_core:debug] [pid 2261329:tid 2261329] mod_authz_core.c(815): [client 216.73.216.242:43908] AH01626: authorization result of : granted
[Wed Aug 26 03:05:46.546007 2026] [ssl:debug] [pid 2266174:tid 2266174] ssl_engine_kernel.c(254): [client 216.73.216.242:4895] AH02034: Subsequent (No.8) HTTPS request received for child 39 (server 2blog.ilc.edu.tw:443)
[Wed Aug 26 03:05:46.546311 2026] [authz_core:debug] [pid 2266174:tid 2266174] mod_authz_core.c(815): [client 216.73.216.242:4895] AH01626: authorization result of Require all granted: granted
[Wed Aug 26 03:05:46.546321 2026] [authz_core:debug] [pid 2266174:tid 2266174] mod_authz_core.c(815): [client 216.73.216.242:4895] AH01626: authorization result of : granted
[Wed Aug 26 03:05:46.546502 2026] [authz_core:debug] [pid 2266174:tid 2266174] mod_authz_core.c(815): [client 216.73.216.242:4895] AH01626: authorization result of Require all granted: granted
[Wed Aug 26 03:05:46.546509 2026] [authz_core:debug] [pid 2266174:tid 2266174] mod_authz_core.c(815): [client 216.73.216.242:4895] AH01626: authorization result of : granted
[Wed Aug 26 03:05:46.639503 2026] [deflate:debug] [pid 2261072:tid 2261072] mod_deflate.c(909): [client 74.7.242.57:53240] AH01384: Zlib: Compressed 3317 to 1321 : URL /index.php, referer: https://www.ltes.ilc.edu.tw/2012/04/03/%e4%ba%94%e5%b9%b4%e5%bf%a0%e7%8f%ad%e6%9d%8e%e4%bd%b3%e5%8b%b3%e5%90%8c%e5%ad%b8%e5%8f%83%e5%8a%a0%e6%85%a7%e7%87%88%e7%9b%83%e6%95%b8%e5%ad%b8%e9%8c%a6%e6%a8%99%e8%b3%bd%e6%88%90%e7%b8%be%e5%84%aa/
[Wed Aug 26 03:05:46.644866 2026] [ssl:debug] [pid 2261335:tid 2261335] ssl_engine_io.c(1150): [client 2a03:2880:f802:8:::47268] AH02001: Connection closed to child 22 with standard shutdown (server www.jwes.ilc.edu.tw:443)
[Wed Aug 26 03:05:46.647731 2026] [ssl:debug] [pid 2264546:tid 2264546] ssl_engine_kernel.c(254): [client 216.73.216.242:9347] AH02034: Subsequent (No.11) HTTPS request received for child 16 (server 2blog.ilc.edu.tw:443)
[Wed Aug 26 03:05:46.647921 2026] [authz_core:debug] [pid 2264546:tid 2264546] mod_authz_core.c(815): [client 216.73.216.242:9347] AH01626: authorization result of Require all granted: granted
[Wed Aug 26 03:05:46.647927 2026] [authz_core:debug] [pid 2264546:tid 2264546] mod_authz_core.c(815): [client 216.73.216.242:9347] AH01626: authorization result of : granted
[Wed Aug 26 03:05:46.648068 2026] [authz_core:debug] [pid 2264546:tid 2264546] mod_authz_core.c(815): [client 216.73.216.242:9347] AH01626: authorization result of Require all granted: granted
[Wed Aug 26 03:05:46.648072 2026] [authz_core:debug] [pid 2264546:tid 2264546] mod_authz_core.c(815): [client 216.73.216.242:9347] AH01626: authorization result of : granted
[Wed Aug 26 03:05:46.678586 2026] [ssl:debug] [pid 2266171:tid 2266171] ssl_engine_io.c(1150): [client 2a03:2880:f802:3b:::23030] AH02001: Connection closed to child 31 with standard shutdown (server www.jwes.ilc.edu.tw:443)
[Wed Aug 26 03:05:46.689189 2026] [ssl:debug] [pid 2264547:tid 2264547] ssl_engine_io.c(1150): [client 2a03:2880:f802:20:::59796] AH02001: Connection closed to child 17 with standard shutdown (server www.jwes.ilc.edu.tw:443)
[Wed Aug 26 03:05:46.741696 2026] [deflate:debug] [pid 2261337:tid 2261337] mod_deflate.c(909): [client 216.73.216.242:1643] AH01384: Zlib: Compressed 10823 to 2011 : URL /index.php
[Wed Aug 26 03:05:46.748424 2026] [ssl:debug] [pid 2266182:tid 2266182] ssl_engine_kernel.c(254): [client 216.73.216.242:14583] AH02034: Subsequent (No.8) HTTPS request received for child 50 (server 2blog.ilc.edu.tw:443)
[Wed Aug 26 03:05:46.748641 2026] [authz_core:debug] [pid 2266182:tid 2266182] mod_authz_core.c(815): [client 216.73.216.242:14583] AH01626: authorization result of Require all granted: granted
[Wed Aug 26 03:05:46.748647 2026] [authz_core:debug] [pid 2266182:tid 2266182] mod_authz_core.c(815): [client 216.73.216.242:14583] AH01626: authorization result of : granted
[Wed Aug 26 03:05:46.748846 2026] [authz_core:debug] [pid 2266182:tid 2266182] mod_authz_core.c(815): [client 216.73.216.242:14583] AH01626: authorization result of Require all granted: granted
[Wed Aug 26 03:05:46.748852 2026] [authz_core:debug] [pid 2266182:tid 2266182] mod_authz_core.c(815): [client 216.73.216.242:14583] AH01626: authorization result of : granted
[Wed Aug 26 03:05:46.839124 2026] [ssl:debug] [pid 2265127:tid 2265127] ssl_engine_kernel.c(254): [client 216.73.216.242:11830] AH02034: Subsequent (No.11) HTTPS request received for child 21 (server 2blog.ilc.edu.tw:443)
[Wed Aug 26 03:05:46.839389 2026] [authz_core:debug] [pid 2265127:tid 2265127] mod_authz_core.c(815): [client 216.73.216.242:11830] AH01626: authorization result of Require all granted: granted
[Wed Aug 26 03:05:46.839396 2026] [authz_core:debug] [pid 2265127:tid 2265127] mod_authz_core.c(815): [client 216.73.216.242:11830] AH01626: authorization result of : granted
[Wed Aug 26 03:05:46.839541 2026] [authz_core:debug] [pid 2265127:tid 2265127] mod_authz_core.c(815): [client 216.73.216.242:11830] AH01626: authorization result of Require all granted: granted
[Wed Aug 26 03:05:46.839545 2026] [authz_core:debug] [pid 2265127:tid 2265127] mod_authz_core.c(815): [client 216.73.216.242:11830] AH01626: authorization result of : granted
[Wed Aug 26 03:05:46.871670 2026] [ssl:info] [pid 2265720:tid 2265720] [client 34.30.223.149:22017] AH01964: Connection to child 29 established (server 2blog.ilc.edu.tw:443)
[Wed Aug 26 03:05:46.871815 2026] [ssl:debug] [pid 2265720:tid 2265720] ssl_engine_kernel.c(2222): [client 34.30.223.149:22017] AH02043: SSL virtual host for servername 2blog.ilc.edu.tw found
[Wed Aug 26 03:05:46.871866 2026] [core:debug] [pid 2265720:tid 2265720] protocol.c(2460): [client 34.30.223.149:22017] AH03155: select protocol from , choices=http/1.1 for server 2blog.ilc.edu.tw
[Wed Aug 26 03:05:46.877640 2026] [deflate:debug] [pid 2265127:tid 2265127] mod_deflate.c(909): [client 216.73.216.242:11830] AH01384: Zlib: Compressed 533445 to 86113 : URL /index.php
[Wed Aug 26 03:05:46.937269 2026] [ssl:debug] [pid 2261072:tid 2261072] ssl_engine_kernel.c(254): [client 74.7.242.57:53240] AH02034: Subsequent (No.66) HTTPS request received for child 10 (server www.ltes.ilc.edu.tw:443), referer: https://www.ltes.ilc.edu.tw/2015/04/20/%e6%81%ad%e8%b3%80%e7%94%a8%e5%8a%9b%e8%b3%80%e9%be%8d%e6%bd%ad%e5%9c%8b%e5%b0%8f%e5%81%b6%e6%88%b2%e9%9a%8a%e7%8d%b2%e5%be%97%e5%85%a8%e5%9c%8b%e7%89%b9%e5%84%aa%e4%b8%89%e9%80%a3%e9%9c%b8/
[Wed Aug 26 03:05:46.937539 2026] [authz_core:debug] [pid 2261072:tid 2261072] mod_authz_core.c(815): [client 74.7.242.57:53240] AH01626: authorization result of Require all granted: granted, referer: https://www.ltes.ilc.edu.tw/2015/04/20/%e6%81%ad%e8%b3%80%e7%94%a8%e5%8a%9b%e8%b3%80%e9%be%8d%e6%bd%ad%e5%9c%8b%e5%b0%8f%e5%81%b6%e6%88%b2%e9%9a%8a%e7%8d%b2%e5%be%97%e5%85%a8%e5%9c%8b%e7%89%b9%e5%84%aa%e4%b8%89%e9%80%a3%e9%9c%b8/
[Wed Aug 26 03:05:46.937552 2026] [authz_core:debug] [pid 2261072:tid 2261072] mod_authz_core.c(815): [client 74.7.242.57:53240] AH01626: authorization result of : granted, referer: https://www.ltes.ilc.edu.tw/2015/04/20/%e6%81%ad%e8%b3%80%e7%94%a8%e5%8a%9b%e8%b3%80%e9%be%8d%e6%bd%ad%e5%9c%8b%e5%b0%8f%e5%81%b6%e6%88%b2%e9%9a%8a%e7%8d%b2%e5%be%97%e5%85%a8%e5%9c%8b%e7%89%b9%e5%84%aa%e4%b8%89%e9%80%a3%e9%9c%b8/
[Wed Aug 26 03:05:46.937757 2026] [authz_core:debug] [pid 2261072:tid 2261072] mod_authz_core.c(815): [client 74.7.242.57:53240] AH01626: authorization result of Require all granted: granted, referer: https://www.ltes.ilc.edu.tw/2015/04/20/%e6%81%ad%e8%b3%80%e7%94%a8%e5%8a%9b%e8%b3%80%e9%be%8d%e6%bd%ad%e5%9c%8b%e5%b0%8f%e5%81%b6%e6%88%b2%e9%9a%8a%e7%8d%b2%e5%be%97%e5%85%a8%e5%9c%8b%e7%89%b9%e5%84%aa%e4%b8%89%e9%80%a3%e9%9c%b8/
[Wed Aug 26 03:05:46.937764 2026] [authz_core:debug] [pid 2261072:tid 2261072] mod_authz_core.c(815): [client 74.7.242.57:53240] AH01626: authorization result of : granted, referer: https://www.ltes.ilc.edu.tw/2015/04/20/%e6%81%ad%e8%b3%80%e7%94%a8%e5%8a%9b%e8%b3%80%e9%be%8d%e6%bd%ad%e5%9c%8b%e5%b0%8f%e5%81%b6%e6%88%b2%e9%9a%8a%e7%8d%b2%e5%be%97%e5%85%a8%e5%9c%8b%e7%89%b9%e5%84%aa%e4%b8%89%e9%80%a3%e9%9c%b8/
[Wed Aug 26 03:05:46.939322 2026] [ssl:debug] [pid 2261345:tid 2261345] ssl_engine_kernel.c(254): [client 216.73.216.242:11400] AH02034: Subsequent (No.8) HTTPS request received for child 34 (server 2blog.ilc.edu.tw:443)
[Wed Aug 26 03:05:46.939488 2026] [authz_core:debug] [pid 2261345:tid 2261345] mod_authz_core.c(815): [client 216.73.216.242:11400] AH01626: authorization result of Require all granted: granted
[Wed Aug 26 03:05:46.939493 2026] [authz_core:debug] [pid 2261345:tid 2261345] mod_authz_core.c(815): [client 216.73.216.242:11400] AH01626: authorization result of : granted
[Wed Aug 26 03:05:46.939612 2026] [authz_core:debug] [pid 2261345:tid 2261345] mod_authz_core.c(815): [client 216.73.216.242:11400] AH01626: authorization result of Require all granted: granted
[Wed Aug 26 03:05:46.939616 2026] [authz_core:debug] [pid 2261345:tid 2261345] mod_authz_core.c(815): [client 216.73.216.242:11400] AH01626: authorization result of : granted
[Wed Aug 26 03:05:46.977057 2026] [deflate:debug] [pid 2261345:tid 2261345] mod_deflate.c(909): [client 216.73.216.242:11400] AH01384: Zlib: Compressed 529560 to 85600 : URL /index.php
[Wed Aug 26 03:05:47.041097 2026] [ssl:debug] [pid 2261337:tid 2261337] ssl_engine_kernel.c(254): [client 216.73.216.242:1643] AH02034: Subsequent (No.9) HTTPS request received for child 25 (server 2blog.ilc.edu.tw:443)
[Wed Aug 26 03:05:47.041310 2026] [authz_core:debug] [pid 2261337:tid 2261337] mod_authz_core.c(815): [client 216.73.216.242:1643] AH01626: authorization result of Require all granted: granted
[Wed Aug 26 03:05:47.041314 2026] [authz_core:debug] [pid 2261337:tid 2261337] mod_authz_core.c(815): [client 216.73.216.242:1643] AH01626: authorization result of : granted
[Wed Aug 26 03:05:47.041446 2026] [authz_core:debug] [pid 2261337:tid 2261337] mod_authz_core.c(815): [client 216.73.216.242:1643] AH01626: authorization result of Require all granted: granted
[Wed Aug 26 03:05:47.041450 2026] [authz_core:debug] [pid 2261337:tid 2261337] mod_authz_core.c(815): [client 216.73.216.242:1643] AH01626: authorization result of : granted
[Wed Aug 26 03:05:47.061811 2026] [deflate:debug] [pid 2256122:tid 2256122] mod_deflate.c(909): [client 216.73.216.242:46376] AH01384: Zlib: Compressed 541449 to 87069 : URL /index.php
[Wed Aug 26 03:05:47.141703 2026] [ssl:debug] [pid 2265720:tid 2265720] ssl_engine_kernel.c(2082): [client 34.30.223.149:22017] AH02041: Protocol: TLSv1.3, Cipher: TLS_AES_256_GCM_SHA384 (256/256 bits)
[Wed Aug 26 03:05:47.141774 2026] [socache_shmcb:debug] [pid 2265720:tid 2265720] mod_socache_shmcb.c(508): AH00831: socache_shmcb_store (0x7b -> subcache 27)
[Wed Aug 26 03:05:47.141782 2026] [socache_shmcb:debug] [pid 2265720:tid 2265720] mod_socache_shmcb.c(860): AH00847: insert happened at idx=3, data=(9188:9220)
[Wed Aug 26 03:05:47.141785 2026] [socache_shmcb:debug] [pid 2265720:tid 2265720] mod_socache_shmcb.c(863): AH00848: finished insert, subcache: idx_pos/idx_used=32/60, data_pos/data_used=9781/13496
[Wed Aug 26 03:05:47.141787 2026] [socache_shmcb:debug] [pid 2265720:tid 2265720] mod_socache_shmcb.c(530): AH00834: leaving socache_shmcb_store successfully
[Wed Aug 26 03:05:47.141837 2026] [socache_shmcb:debug] [pid 2265720:tid 2265720] mod_socache_shmcb.c(508): AH00831: socache_shmcb_store (0x48 -> subcache 8)
[Wed Aug 26 03:05:47.141853 2026] [socache_shmcb:debug] [pid 2265720:tid 2265720] mod_socache_shmcb.c(745): AH00842: expiring 1 and reclaiming 0 removed socache entries
[Wed Aug 26 03:05:47.141855 2026] [socache_shmcb:debug] [pid 2265720:tid 2265720] mod_socache_shmcb.c(765): AH00843: we now have 48 socache entries
[Wed Aug 26 03:05:47.141857 2026] [socache_shmcb:debug] [pid 2265720:tid 2265720] mod_socache_shmcb.c(860): AH00847: insert happened at idx=80, data=(1090:1122)
[Wed Aug 26 03:05:47.141859 2026] [socache_shmcb:debug] [pid 2265720:tid 2265720] mod_socache_shmcb.c(863): AH00848: finished insert, subcache: idx_pos/idx_used=32/49, data_pos/data_used=4175/11004
[Wed Aug 26 03:05:47.141861 2026] [socache_shmcb:debug] [pid 2265720:tid 2265720] mod_socache_shmcb.c(530): AH00834: leaving socache_shmcb_store successfully
[Wed Aug 26 03:05:47.151833 2026] [ssl:debug] [pid 2261130:tid 2261130] ssl_engine_kernel.c(254): [client 216.73.216.242:30584] AH02034: Subsequent (No.10) HTTPS request received for child 38 (server 2blog.ilc.edu.tw:443)
[Wed Aug 26 03:05:47.152042 2026] [authz_core:debug] [pid 2261130:tid 2261130] mod_authz_core.c(815): [client 216.73.216.242:30584] AH01626: authorization result of Require all granted: granted
[Wed Aug 26 03:05:47.152047 2026] [authz_core:debug] [pid 2261130:tid 2261130] mod_authz_core.c(815): [client 216.73.216.242:30584] AH01626: authorization result of : granted
[Wed Aug 26 03:05:47.152178 2026] [authz_core:debug] [pid 2261130:tid 2261130] mod_authz_core.c(815): [client 216.73.216.242:30584] AH01626: authorization result of Require all granted: granted
[Wed Aug 26 03:05:47.152182 2026] [authz_core:debug] [pid 2261130:tid 2261130] mod_authz_core.c(815): [client 216.73.216.242:30584] AH01626: authorization result of : granted
[Wed Aug 26 03:05:47.186580 2026] [deflate:debug] [pid 2261311:tid 2261311] mod_deflate.c(909): [client 216.73.216.242:59366] AH01384: Zlib: Compressed 529534 to 85487 : URL /index.php
[Wed Aug 26 03:05:47.188974 2026] [deflate:debug] [pid 2261130:tid 2261130] mod_deflate.c(909): [client 216.73.216.242:30584] AH01384: Zlib: Compressed 532259 to 85751 : URL /index.php
[Wed Aug 26 03:05:47.189000 2026] [ssl:info] [pid 2261357:tid 2261357] [client 135.180.101.47:12594] AH01964: Connection to child 49 established (server 2blog.ilc.edu.tw:443)
[Wed Aug 26 03:05:47.193445 2026] [ssl:debug] [pid 2261357:tid 2261357] ssl_engine_kernel.c(2222): [client 135.180.101.47:12594] AH02043: SSL virtual host for servername www.shmes.ilc.edu.tw found
[Wed Aug 26 03:05:47.223850 2026] [deflate:debug] [pid 2261072:tid 2261072] mod_deflate.c(909): [client 74.7.242.57:53240] AH01384: Zlib: Compressed 3253 to 1294 : URL /index.php, referer: https://www.ltes.ilc.edu.tw/2015/04/20/%e6%81%ad%e8%b3%80%e7%94%a8%e5%8a%9b%e8%b3%80%e9%be%8d%e6%bd%ad%e5%9c%8b%e5%b0%8f%e5%81%b6%e6%88%b2%e9%9a%8a%e7%8d%b2%e5%be%97%e5%85%a8%e5%9c%8b%e7%89%b9%e5%84%aa%e4%b8%89%e9%80%a3%e9%9c%b8/
[Wed Aug 26 03:05:47.242448 2026] [ssl:debug] [pid 2261345:tid 2261345] ssl_engine_kernel.c(254): [client 216.73.216.242:11400] AH02034: Subsequent (No.9) HTTPS request received for child 34 (server 2blog.ilc.edu.tw:443)
[Wed Aug 26 03:05:47.242667 2026] [authz_core:debug] [pid 2261345:tid 2261345] mod_authz_core.c(815): [client 216.73.216.242:11400] AH01626: authorization result of Require all granted: granted
[Wed Aug 26 03:05:47.242673 2026] [authz_core:debug] [pid 2261345:tid 2261345] mod_authz_core.c(815): [client 216.73.216.242:11400] AH01626: authorization result of : granted
[Wed Aug 26 03:05:47.242807 2026] [authz_core:debug] [pid 2261345:tid 2261345] mod_authz_core.c(815): [client 216.73.216.242:11400] AH01626: authorization result of Require all granted: granted
[Wed Aug 26 03:05:47.242811 2026] [authz_core:debug] [pid 2261345:tid 2261345] mod_authz_core.c(815): [client 216.73.216.242:11400] AH01626: authorization result of : granted
[Wed Aug 26 03:05:47.295568 2026] [core:debug] [pid 2261357:tid 2261357] protocol.c(2460): [client 135.180.101.47:12594] AH03155: select protocol from , choices=http/1.1 for server www.shmes.ilc.edu.tw
[Wed Aug 26 03:05:47.297053 2026] [ssl:debug] [pid 2261330:tid 2261330] ssl_engine_io.c(1150): [client 34.10.180.98:30209] AH02001: Connection closed to child 8 with standard shutdown (server 2blog.ilc.edu.tw:443)
[Wed Aug 26 03:05:47.299561 2026] [ssl:debug] [pid 2261357:tid 2261357] ssl_util_stapling.c(819): AH01951: stapling_cb: OCSP Stapling callback called
[Wed Aug 26 03:05:47.299582 2026] [ssl:info] [pid 2261357:tid 2261357] AH01926: stapling_get_certinfo: stapling not supported for certificate
[Wed Aug 26 03:05:47.322177 2026] [ssl:debug] [pid 2265720:tid 2265720] ssl_engine_kernel.c(254): [client 34.30.223.149:22017] AH02034: Initial (No.1) HTTPS request received for child 29 (server 2blog.ilc.edu.tw:443)
[Wed Aug 26 03:05:47.322396 2026] [authz_core:debug] [pid 2265720:tid 2265720] mod_authz_core.c(815): [client 34.30.223.149:22017] AH01626: authorization result of Require all granted: granted
[Wed Aug 26 03:05:47.322401 2026] [authz_core:debug] [pid 2265720:tid 2265720] mod_authz_core.c(815): [client 34.30.223.149:22017] AH01626: authorization result of : granted
[Wed Aug 26 03:05:47.322539 2026] [authz_core:debug] [pid 2265720:tid 2265720] mod_authz_core.c(815): [client 34.30.223.149:22017] AH01626: authorization result of Require all granted: granted
[Wed Aug 26 03:05:47.322544 2026] [authz_core:debug] [pid 2265720:tid 2265720] mod_authz_core.c(815): [client 34.30.223.149:22017] AH01626: authorization result of : granted
[Wed Aug 26 03:05:47.344390 2026] [ssl:debug] [pid 2265127:tid 2265127] ssl_engine_kernel.c(254): [client 216.73.216.242:11830] AH02034: Subsequent (No.12) HTTPS request received for child 21 (server 2blog.ilc.edu.tw:443)
[Wed Aug 26 03:05:47.344597 2026] [authz_core:debug] [pid 2265127:tid 2265127] mod_authz_core.c(815): [client 216.73.216.242:11830] AH01626: authorization result of Require all granted: granted
[Wed Aug 26 03:05:47.344610 2026] [authz_core:debug] [pid 2265127:tid 2265127] mod_authz_core.c(815): [client 216.73.216.242:11830] AH01626: authorization result of : granted
[Wed Aug 26 03:05:47.344741 2026] [authz_core:debug] [pid 2265127:tid 2265127] mod_authz_core.c(815): [client 216.73.216.242:11830] AH01626: authorization result of Require all granted: granted
[Wed Aug 26 03:05:47.344745 2026] [authz_core:debug] [pid 2265127:tid 2265127] mod_authz_core.c(815): [client 216.73.216.242:11830] AH01626: authorization result of : granted
[Wed Aug 26 03:05:47.371106 2026] [deflate:debug] [pid 2261329:tid 2261329] mod_deflate.c(909): [client 216.73.216.242:43908] AH01384: Zlib: Compressed 529049 to 85484 : URL /index.php
[Wed Aug 26 03:05:47.456199 2026] [ssl:debug] [pid 2266174:tid 2266174] ssl_engine_kernel.c(254): [client 216.73.216.242:4895] AH02034: Subsequent (No.9) HTTPS request received for child 39 (server 2blog.ilc.edu.tw:443)
[Wed Aug 26 03:05:47.456416 2026] [authz_core:debug] [pid 2266174:tid 2266174] mod_authz_core.c(815): [client 216.73.216.242:4895] AH01626: authorization result of Require all granted: granted
[Wed Aug 26 03:05:47.456421 2026] [authz_core:debug] [pid 2266174:tid 2266174] mod_authz_core.c(815): [client 216.73.216.242:4895] AH01626: authorization result of : granted
[Wed Aug 26 03:05:47.456575 2026] [authz_core:debug] [pid 2266174:tid 2266174] mod_authz_core.c(815): [client 216.73.216.242:4895] AH01626: authorization result of Require all granted: granted
[Wed Aug 26 03:05:47.456580 2026] [authz_core:debug] [pid 2266174:tid 2266174] mod_authz_core.c(815): [client 216.73.216.242:4895] AH01626: authorization result of : granted
[Wed Aug 26 03:05:47.464694 2026] [ssl:info] [pid 2266158:tid 2266158] [client 143.20.253.180:56366] AH01964: Connection to child 13 established (server 2blog.ilc.edu.tw:443)
[Wed Aug 26 03:05:47.464903 2026] [ssl:info] [pid 2266158:tid 2266158] (70014)End of file found: [client 143.20.253.180:56366] AH02006: SSL handshake stopped: connection was closed
[Wed Aug 26 03:05:47.464919 2026] [ssl:info] [pid 2266158:tid 2266158] [client 143.20.253.180:56366] AH01998: Connection closed to child 13 with abortive shutdown (server 2blog.ilc.edu.tw:443)
[Wed Aug 26 03:05:47.467568 2026] [ssl:debug] [pid 2261357:tid 2261357] ssl_engine_kernel.c(2082): [client 135.180.101.47:12594] AH02041: Protocol: TLSv1.3, Cipher: TLS_AES_256_GCM_SHA384 (256/256 bits)
[Wed Aug 26 03:05:47.467624 2026] [socache_shmcb:debug] [pid 2261357:tid 2261357] mod_socache_shmcb.c(508): AH00831: socache_shmcb_store (0x76 -> subcache 22)
[Wed Aug 26 03:05:47.467635 2026] [socache_shmcb:debug] [pid 2261357:tid 2261357] mod_socache_shmcb.c(798): AH00845: about to force-expire, subcache: idx_used=62, data_used=13828
[Wed Aug 26 03:05:47.467637 2026] [socache_shmcb:debug] [pid 2261357:tid 2261357] mod_socache_shmcb.c(824): AH00846: finished force-expire, subcache: idx_used=61, data_used=13600
[Wed Aug 26 03:05:47.467639 2026] [socache_shmcb:debug] [pid 2261357:tid 2261357] mod_socache_shmcb.c(860): AH00847: insert happened at idx=76, data=(5375:5407)
[Wed Aug 26 03:05:47.467641 2026] [socache_shmcb:debug] [pid 2261357:tid 2261357] mod_socache_shmcb.c(863): AH00848: finished insert, subcache: idx_pos/idx_used=15/62, data_pos/data_used=5639/13829
[Wed Aug 26 03:05:47.467643 2026] [socache_shmcb:debug] [pid 2261357:tid 2261357] mod_socache_shmcb.c(530): AH00834: leaving socache_shmcb_store successfully
[Wed Aug 26 03:05:47.467696 2026] [socache_shmcb:debug] [pid 2261357:tid 2261357] mod_socache_shmcb.c(508): AH00831: socache_shmcb_store (0xf3 -> subcache 19)
[Wed Aug 26 03:05:47.467702 2026] [socache_shmcb:debug] [pid 2261357:tid 2261357] mod_socache_shmcb.c(745): AH00842: expiring 3 and reclaiming 0 removed socache entries
[Wed Aug 26 03:05:47.467704 2026] [socache_shmcb:debug] [pid 2261357:tid 2261357] mod_socache_shmcb.c(765): AH00843: we now have 48 socache entries
[Wed Aug 26 03:05:47.467715 2026] [socache_shmcb:debug] [pid 2261357:tid 2261357] mod_socache_shmcb.c(860): AH00847: insert happened at idx=76, data=(13539:13571)
[Wed Aug 26 03:05:47.467717 2026] [socache_shmcb:debug] [pid 2261357:tid 2261357] mod_socache_shmcb.c(863): AH00848: finished insert, subcache: idx_pos/idx_used=28/49, data_pos/data_used=2791/10978
[Wed Aug 26 03:05:47.467719 2026] [socache_shmcb:debug] [pid 2261357:tid 2261357] mod_socache_shmcb.c(530): AH00834: leaving socache_shmcb_store successfully
[Wed Aug 26 03:05:47.485339 2026] [ssl:debug] [pid 2261072:tid 2261072] ssl_engine_kernel.c(254): [client 74.7.242.57:53240] AH02034: Subsequent (No.67) HTTPS request received for child 10 (server www.ltes.ilc.edu.tw:443), referer: https://www.ltes.ilc.edu.tw/2015/04/22/%e5%ae%9c%e8%98%ad%e7%b8%a3104%e5%ad%b8%e5%b9%b4%e5%ba%a6%e5%9c%8b%e6%b0%91%e4%b8%ad%e5%ad%b8%e5%ad%b8%e8%a1%93%e6%80%a7%e5%90%91%e6%95%b8%e7%90%86%e8%b3%87%e8%b3%a6%e5%84%aa%e7%95%b0%e5%ad%b8/
[Wed Aug 26 03:05:47.485634 2026] [authz_core:debug] [pid 2261072:tid 2261072] mod_authz_core.c(815): [client 74.7.242.57:53240] AH01626: authorization result of Require all granted: granted, referer: https://www.ltes.ilc.edu.tw/2015/04/22/%e5%ae%9c%e8%98%ad%e7%b8%a3104%e5%ad%b8%e5%b9%b4%e5%ba%a6%e5%9c%8b%e6%b0%91%e4%b8%ad%e5%ad%b8%e5%ad%b8%e8%a1%93%e6%80%a7%e5%90%91%e6%95%b8%e7%90%86%e8%b3%87%e8%b3%a6%e5%84%aa%e7%95%b0%e5%ad%b8/
[Wed Aug 26 03:05:47.485643 2026] [authz_core:debug] [pid 2261072:tid 2261072] mod_authz_core.c(815): [client 74.7.242.57:53240] AH01626: authorization result of : granted, referer: https://www.ltes.ilc.edu.tw/2015/04/22/%e5%ae%9c%e8%98%ad%e7%b8%a3104%e5%ad%b8%e5%b9%b4%e5%ba%a6%e5%9c%8b%e6%b0%91%e4%b8%ad%e5%ad%b8%e5%ad%b8%e8%a1%93%e6%80%a7%e5%90%91%e6%95%b8%e7%90%86%e8%b3%87%e8%b3%a6%e5%84%aa%e7%95%b0%e5%ad%b8/
[Wed Aug 26 03:05:47.485784 2026] [authz_core:debug] [pid 2261072:tid 2261072] mod_authz_core.c(815): [client 74.7.242.57:53240] AH01626: authorization result of Require all granted: granted, referer: https://www.ltes.ilc.edu.tw/2015/04/22/%e5%ae%9c%e8%98%ad%e7%b8%a3104%e5%ad%b8%e5%b9%b4%e5%ba%a6%e5%9c%8b%e6%b0%91%e4%b8%ad%e5%ad%b8%e5%ad%b8%e8%a1%93%e6%80%a7%e5%90%91%e6%95%b8%e7%90%86%e8%b3%87%e8%b3%a6%e5%84%aa%e7%95%b0%e5%ad%b8/
[Wed Aug 26 03:05:47.485790 2026] [authz_core:debug] [pid 2261072:tid 2261072] mod_authz_core.c(815): [client 74.7.242.57:53240] AH01626: authorization result of : granted, referer: https://www.ltes.ilc.edu.tw/2015/04/22/%e5%ae%9c%e8%98%ad%e7%b8%a3104%e5%ad%b8%e5%b9%b4%e5%ba%a6%e5%9c%8b%e6%b0%91%e4%b8%ad%e5%ad%b8%e5%ad%b8%e8%a1%93%e6%80%a7%e5%90%91%e6%95%b8%e7%90%86%e8%b3%87%e8%b3%a6%e5%84%aa%e7%95%b0%e5%ad%b8/
