[Wed Aug 26 03:05:24.337361 2026] [authz_core:debug] [pid 2261330:tid 2261330] mod_authz_core.c(815): [client 34.30.223.149:61952] AH01626: authorization result of : granted
[Wed Aug 26 03:05:24.337515 2026] [authz_core:debug] [pid 2261330:tid 2261330] mod_authz_core.c(815): [client 34.30.223.149:61952] AH01626: authorization result of Require all granted: granted
[Wed Aug 26 03:05:24.337520 2026] [authz_core:debug] [pid 2261330:tid 2261330] mod_authz_core.c(815): [client 34.30.223.149:61952] AH01626: authorization result of : granted
[Wed Aug 26 03:05:24.339328 2026] [ssl:debug] [pid 2256115:tid 2256115] ssl_engine_kernel.c(2082): [client 2a03:2880:f802:16:::43898] AH02041: Protocol: TLSv1.3, Cipher: TLS_AES_256_GCM_SHA384 (256/256 bits)
[Wed Aug 26 03:05:24.339385 2026] [socache_shmcb:debug] [pid 2256115:tid 2256115] mod_socache_shmcb.c(508): AH00831: socache_shmcb_store (0xa5 -> subcache 5)
[Wed Aug 26 03:05:24.339392 2026] [socache_shmcb:debug] [pid 2256115:tid 2256115] mod_socache_shmcb.c(798): AH00845: about to force-expire, subcache: idx_used=61, data_used=13662
[Wed Aug 26 03:05:24.339394 2026] [socache_shmcb:debug] [pid 2256115:tid 2256115] mod_socache_shmcb.c(824): AH00846: finished force-expire, subcache: idx_used=60, data_used=13437
[Wed Aug 26 03:05:24.339396 2026] [socache_shmcb:debug] [pid 2256115:tid 2256115] mod_socache_shmcb.c(860): AH00847: insert happened at idx=32, data=(9556:9588)
[Wed Aug 26 03:05:24.339398 2026] [socache_shmcb:debug] [pid 2256115:tid 2256115] mod_socache_shmcb.c(863): AH00848: finished insert, subcache: idx_pos/idx_used=60/61, data_pos/data_used=9983/13666
[Wed Aug 26 03:05:24.339400 2026] [socache_shmcb:debug] [pid 2256115:tid 2256115] mod_socache_shmcb.c(530): AH00834: leaving socache_shmcb_store successfully
[Wed Aug 26 03:05:24.339458 2026] [socache_shmcb:debug] [pid 2256115:tid 2256115] mod_socache_shmcb.c(508): AH00831: socache_shmcb_store (0x81 -> subcache 1)
[Wed Aug 26 03:05:24.339465 2026] [socache_shmcb:debug] [pid 2256115:tid 2256115] mod_socache_shmcb.c(860): AH00847: insert happened at idx=53, data=(339:371)
[Wed Aug 26 03:05:24.339467 2026] [socache_shmcb:debug] [pid 2256115:tid 2256115] mod_socache_shmcb.c(863): AH00848: finished insert, subcache: idx_pos/idx_used=7/47, data_pos/data_used=3840/10591
[Wed Aug 26 03:05:24.339468 2026] [socache_shmcb:debug] [pid 2256115:tid 2256115] mod_socache_shmcb.c(530): AH00834: leaving socache_shmcb_store successfully
[Wed Aug 26 03:05:24.339635 2026] [ssl:debug] [pid 2256115:tid 2256115] ssl_engine_kernel.c(254): [client 2a03:2880:f802:16:::43898] AH02034: Initial (No.1) HTTPS request received for child 18 (server www.jwes.ilc.edu.tw:443)
[Wed Aug 26 03:05:24.339810 2026] [authz_core:debug] [pid 2256115:tid 2256115] mod_authz_core.c(815): [client 2a03:2880:f802:16:::43898] AH01626: authorization result of Require all granted: granted
[Wed Aug 26 03:05:24.339814 2026] [authz_core:debug] [pid 2256115:tid 2256115] mod_authz_core.c(815): [client 2a03:2880:f802:16:::43898] AH01626: authorization result of : granted
[Wed Aug 26 03:05:24.420698 2026] [ssl:debug] [pid 2261329:tid 2261329] ssl_engine_kernel.c(254): [client 216.73.216.242:21164] AH02034: Subsequent (No.35) HTTPS request received for child 6 (server 2blog.ilc.edu.tw:443)
[Wed Aug 26 03:05:24.421324 2026] [authz_core:debug] [pid 2261329:tid 2261329] mod_authz_core.c(815): [client 216.73.216.242:21164] AH01626: authorization result of Require all granted: granted
[Wed Aug 26 03:05:24.421337 2026] [authz_core:debug] [pid 2261329:tid 2261329] mod_authz_core.c(815): [client 216.73.216.242:21164] AH01626: authorization result of : granted
[Wed Aug 26 03:05:24.421515 2026] [authz_core:debug] [pid 2261329:tid 2261329] mod_authz_core.c(815): [client 216.73.216.242:21164] AH01626: authorization result of Require all granted: granted
[Wed Aug 26 03:05:24.421520 2026] [authz_core:debug] [pid 2261329:tid 2261329] mod_authz_core.c(815): [client 216.73.216.242:21164] AH01626: authorization result of : granted
[Wed Aug 26 03:05:24.464985 2026] [deflate:debug] [pid 2261072:tid 2261072] mod_deflate.c(909): [client 74.7.242.57:53240] AH01384: Zlib: Compressed 3411 to 1320 : URL /index.php, referer: https://www.ltes.ilc.edu.tw/2010/11/26/%e8%b3%80%ef%bc%81%e6%9c%ac%e6%a0%a1%e7%9b%b4%e7%ac%9b%e5%9c%98%e5%8f%83%e5%8a%a0%e5%ae%9c%e8%98%ad%e7%b8%a3%e9%9f%b3%e6%a8%82%e6%af%94%e8%b3%bd%e6%a6%ae%e7%8d%b2%e5%9c%8b%e5%b0%8f%e7%9b%b4%e7%ac%9b/
[Wed Aug 26 03:05:24.481120 2026] [ssl:debug] [pid 2261337:tid 2261337] ssl_engine_io.c(1150): [client 2409:876c:2b34::30:39716] AH02001: Connection closed to child 25 with standard shutdown (server 2blog.ilc.edu.tw:443)
[Wed Aug 26 03:05:24.487515 2026] [ssl:info] [pid 2265533:tid 2265533] [client 34.56.53.225:58368] AH01964: Connection to child 27 established (server 2blog.ilc.edu.tw:443)
[Wed Aug 26 03:05:24.487881 2026] [ssl:debug] [pid 2265533:tid 2265533] ssl_engine_kernel.c(2222): [client 34.56.53.225:58368] AH02043: SSL virtual host for servername 2blog.ilc.edu.tw found
[Wed Aug 26 03:05:24.488005 2026] [core:debug] [pid 2265533:tid 2265533] protocol.c(2460): [client 34.56.53.225:58368] AH03155: select protocol from , choices=http/1.1 for server 2blog.ilc.edu.tw
[Wed Aug 26 03:05:24.511757 2026] [ssl:debug] [pid 2261335:tid 2261335] ssl_engine_kernel.c(254): [client 216.73.216.242:15610] AH02034: Subsequent (No.37) HTTPS request received for child 22 (server 2blog.ilc.edu.tw:443)
[Wed Aug 26 03:05:24.511951 2026] [authz_core:debug] [pid 2261335:tid 2261335] mod_authz_core.c(815): [client 216.73.216.242:15610] AH01626: authorization result of Require all granted: granted
[Wed Aug 26 03:05:24.511957 2026] [authz_core:debug] [pid 2261335:tid 2261335] mod_authz_core.c(815): [client 216.73.216.242:15610] AH01626: authorization result of : granted
[Wed Aug 26 03:05:24.512092 2026] [authz_core:debug] [pid 2261335:tid 2261335] mod_authz_core.c(815): [client 216.73.216.242:15610] AH01626: authorization result of Require all granted: granted
[Wed Aug 26 03:05:24.512096 2026] [authz_core:debug] [pid 2261335:tid 2261335] mod_authz_core.c(815): [client 216.73.216.242:15610] AH01626: authorization result of : granted
[Wed Aug 26 03:05:24.577100 2026] [ssl:debug] [pid 2261333:tid 2261333] ssl_engine_io.c(1150): [client 2409:876c:2b34::30:39708] AH02001: Connection closed to child 15 with standard shutdown (server 2blog.ilc.edu.tw:443)
[Wed Aug 26 03:05:24.577132 2026] [ssl:debug] [pid 2261618:tid 2261618] ssl_engine_io.c(1150): [client 34.171.68.95:14848] AH02001: Connection closed to child 9 with standard shutdown (server 2blog.ilc.edu.tw:443)
[Wed Aug 26 03:05:24.617474 2026] [deflate:debug] [pid 2261343:tid 2261343] mod_deflate.c(909): [client 216.73.216.242:64485] AH01384: Zlib: Compressed 535305 to 86288 : URL /index.php
[Wed Aug 26 03:05:24.624172 2026] [ssl:debug] [pid 2261130:tid 2261130] ssl_engine_kernel.c(254): [client 216.73.216.242:6182] AH02034: Subsequent (No.32) HTTPS request received for child 38 (server 2blog.ilc.edu.tw:443)
[Wed Aug 26 03:05:24.624399 2026] [authz_core:debug] [pid 2261130:tid 2261130] mod_authz_core.c(815): [client 216.73.216.242:6182] AH01626: authorization result of Require all granted: granted
[Wed Aug 26 03:05:24.624405 2026] [authz_core:debug] [pid 2261130:tid 2261130] mod_authz_core.c(815): [client 216.73.216.242:6182] AH01626: authorization result of : granted
[Wed Aug 26 03:05:24.624559 2026] [authz_core:debug] [pid 2261130:tid 2261130] mod_authz_core.c(815): [client 216.73.216.242:6182] AH01626: authorization result of Require all granted: granted
[Wed Aug 26 03:05:24.624563 2026] [authz_core:debug] [pid 2261130:tid 2261130] mod_authz_core.c(815): [client 216.73.216.242:6182] AH01626: authorization result of : granted
[Wed Aug 26 03:05:24.714784 2026] [ssl:debug] [pid 2261139:tid 2261139] ssl_engine_kernel.c(254): [client 216.73.216.242:34720] AH02034: Subsequent (No.4) HTTPS request received for child 47 (server 2blog.ilc.edu.tw:443)
[Wed Aug 26 03:05:24.714808 2026] [deflate:debug] [pid 2261330:tid 2261330] mod_deflate.c(909): [client 34.30.223.149:61952] AH01384: Zlib: Compressed 55698 to 10554 : URL /index.php
[Wed Aug 26 03:05:24.715039 2026] [authz_core:debug] [pid 2261139:tid 2261139] mod_authz_core.c(815): [client 216.73.216.242:34720] AH01626: authorization result of Require all granted: granted
[Wed Aug 26 03:05:24.715045 2026] [authz_core:debug] [pid 2261139:tid 2261139] mod_authz_core.c(815): [client 216.73.216.242:34720] AH01626: authorization result of : granted
[Wed Aug 26 03:05:24.715207 2026] [authz_core:debug] [pid 2261139:tid 2261139] mod_authz_core.c(815): [client 216.73.216.242:34720] AH01626: authorization result of Require all granted: granted
[Wed Aug 26 03:05:24.715212 2026] [authz_core:debug] [pid 2261139:tid 2261139] mod_authz_core.c(815): [client 216.73.216.242:34720] AH01626: authorization result of : granted
[Wed Aug 26 03:05:24.716893 2026] [ssl:debug] [pid 2261072:tid 2261072] ssl_engine_kernel.c(254): [client 74.7.242.57:53240] AH02034: Subsequent (No.28) HTTPS request received for child 10 (server www.ltes.ilc.edu.tw:443), referer: https://www.ltes.ilc.edu.tw/2016/11/30/%e7%8b%82%e8%b3%80%ef%bc%81%e6%9c%ac%e6%a0%a1%e5%ad%b8%e7%94%9f%e5%8f%83%e5%8a%a0105%e4%b8%ad%e5%b0%8f%e5%ad%b8%e7%94%b0%e5%be%91%e9%8c%a6%e6%a8%99%e8%b3%bd%e7%8d%b2%e5%be%97%e4%bd%b3%e7%b8%be/
[Wed Aug 26 03:05:24.717101 2026] [authz_core:debug] [pid 2261072:tid 2261072] mod_authz_core.c(815): [client 74.7.242.57:53240] AH01626: authorization result of Require all granted: granted, referer: https://www.ltes.ilc.edu.tw/2016/11/30/%e7%8b%82%e8%b3%80%ef%bc%81%e6%9c%ac%e6%a0%a1%e5%ad%b8%e7%94%9f%e5%8f%83%e5%8a%a0105%e4%b8%ad%e5%b0%8f%e5%ad%b8%e7%94%b0%e5%be%91%e9%8c%a6%e6%a8%99%e8%b3%bd%e7%8d%b2%e5%be%97%e4%bd%b3%e7%b8%be/
[Wed Aug 26 03:05:24.717107 2026] [authz_core:debug] [pid 2261072:tid 2261072] mod_authz_core.c(815): [client 74.7.242.57:53240] AH01626: authorization result of : granted, referer: https://www.ltes.ilc.edu.tw/2016/11/30/%e7%8b%82%e8%b3%80%ef%bc%81%e6%9c%ac%e6%a0%a1%e5%ad%b8%e7%94%9f%e5%8f%83%e5%8a%a0105%e4%b8%ad%e5%b0%8f%e5%ad%b8%e7%94%b0%e5%be%91%e9%8c%a6%e6%a8%99%e8%b3%bd%e7%8d%b2%e5%be%97%e4%bd%b3%e7%b8%be/
[Wed Aug 26 03:05:24.717258 2026] [authz_core:debug] [pid 2261072:tid 2261072] mod_authz_core.c(815): [client 74.7.242.57:53240] AH01626: authorization result of Require all granted: granted, referer: https://www.ltes.ilc.edu.tw/2016/11/30/%e7%8b%82%e8%b3%80%ef%bc%81%e6%9c%ac%e6%a0%a1%e5%ad%b8%e7%94%9f%e5%8f%83%e5%8a%a0105%e4%b8%ad%e5%b0%8f%e5%ad%b8%e7%94%b0%e5%be%91%e9%8c%a6%e6%a8%99%e8%b3%bd%e7%8d%b2%e5%be%97%e4%bd%b3%e7%b8%be/
[Wed Aug 26 03:05:24.717277 2026] [authz_core:debug] [pid 2261072:tid 2261072] mod_authz_core.c(815): [client 74.7.242.57:53240] AH01626: authorization result of : granted, referer: https://www.ltes.ilc.edu.tw/2016/11/30/%e7%8b%82%e8%b3%80%ef%bc%81%e6%9c%ac%e6%a0%a1%e5%ad%b8%e7%94%9f%e5%8f%83%e5%8a%a0105%e4%b8%ad%e5%b0%8f%e5%ad%b8%e7%94%b0%e5%be%91%e9%8c%a6%e6%a8%99%e8%b3%bd%e7%8d%b2%e5%be%97%e4%bd%b3%e7%b8%be/
[Wed Aug 26 03:05:24.778257 2026] [deflate:debug] [pid 2261327:tid 2261327] mod_deflate.c(909): [client 216.73.216.242:65027] AH01384: Zlib: Compressed 539245 to 86110 : URL /index.php
[Wed Aug 26 03:05:24.815388 2026] [ssl:debug] [pid 2261076:tid 2261076] ssl_engine_kernel.c(254): [client 216.73.216.242:34275] AH02034: Subsequent (No.3) HTTPS request received for child 20 (server 2blog.ilc.edu.tw:443)
[Wed Aug 26 03:05:24.815639 2026] [authz_core:debug] [pid 2261076:tid 2261076] mod_authz_core.c(815): [client 216.73.216.242:34275] AH01626: authorization result of Require all granted: granted
[Wed Aug 26 03:05:24.815645 2026] [authz_core:debug] [pid 2261076:tid 2261076] mod_authz_core.c(815): [client 216.73.216.242:34275] AH01626: authorization result of : granted
[Wed Aug 26 03:05:24.815794 2026] [authz_core:debug] [pid 2261076:tid 2261076] mod_authz_core.c(815): [client 216.73.216.242:34275] AH01626: authorization result of Require all granted: granted
[Wed Aug 26 03:05:24.815798 2026] [authz_core:debug] [pid 2261076:tid 2261076] mod_authz_core.c(815): [client 216.73.216.242:34275] AH01626: authorization result of : granted
[Wed Aug 26 03:05:24.841004 2026] [ssl:debug] [pid 2261352:tid 2261352] ssl_engine_io.c(1150): [client 2a03:2880:f802:1:::41520] AH02001: Connection closed to child 43 with standard shutdown (server www.jwes.ilc.edu.tw:443)
[Wed Aug 26 03:05:24.862466 2026] [deflate:debug] [pid 2261076:tid 2261076] mod_deflate.c(909): [client 216.73.216.242:34275] AH01384: Zlib: Compressed 538637 to 86026 : URL /index.php
[Wed Aug 26 03:05:24.958418 2026] [deflate:debug] [pid 2261328:tid 2261328] mod_deflate.c(909): [client 216.73.216.242:60943] AH01384: Zlib: Compressed 522325 to 84157 : URL /index.php
[Wed Aug 26 03:05:24.958439 2026] [ssl:debug] [pid 2265533:tid 2265533] ssl_engine_kernel.c(2082): [client 34.56.53.225:58368] AH02041: Protocol: TLSv1.3, Cipher: TLS_AES_256_GCM_SHA384 (256/256 bits)
[Wed Aug 26 03:05:24.958530 2026] [socache_shmcb:debug] [pid 2265533:tid 2265533] mod_socache_shmcb.c(508): AH00831: socache_shmcb_store (0xd2 -> subcache 18)
[Wed Aug 26 03:05:24.958550 2026] [socache_shmcb:debug] [pid 2265533:tid 2265533] mod_socache_shmcb.c(860): AH00847: insert happened at idx=55, data=(8893:8925)
[Wed Aug 26 03:05:24.958553 2026] [socache_shmcb:debug] [pid 2265533:tid 2265533] mod_socache_shmcb.c(863): AH00848: finished insert, subcache: idx_pos/idx_used=85/59, data_pos/data_used=9797/13186
[Wed Aug 26 03:05:24.958557 2026] [socache_shmcb:debug] [pid 2265533:tid 2265533] mod_socache_shmcb.c(530): AH00834: leaving socache_shmcb_store successfully
[Wed Aug 26 03:05:24.958630 2026] [socache_shmcb:debug] [pid 2265533:tid 2265533] mod_socache_shmcb.c(508): AH00831: socache_shmcb_store (0xcc -> subcache 12)
[Wed Aug 26 03:05:24.958650 2026] [socache_shmcb:debug] [pid 2265533:tid 2265533] mod_socache_shmcb.c(798): AH00845: about to force-expire, subcache: idx_used=61, data_used=13710
[Wed Aug 26 03:05:24.958653 2026] [socache_shmcb:debug] [pid 2265533:tid 2265533] mod_socache_shmcb.c(824): AH00846: finished force-expire, subcache: idx_used=60, data_used=13482
[Wed Aug 26 03:05:24.958656 2026] [socache_shmcb:debug] [pid 2265533:tid 2265533] mod_socache_shmcb.c(860): AH00847: insert happened at idx=17, data=(6547:6579)
[Wed Aug 26 03:05:24.958659 2026] [socache_shmcb:debug] [pid 2265533:tid 2265533] mod_socache_shmcb.c(863): AH00848: finished insert, subcache: idx_pos/idx_used=45/61, data_pos/data_used=6929/13707
[Wed Aug 26 03:05:24.958676 2026] [socache_shmcb:debug] [pid 2265533:tid 2265533] mod_socache_shmcb.c(530): AH00834: leaving socache_shmcb_store successfully
[Wed Aug 26 03:05:24.991428 2026] [deflate:debug] [pid 2261139:tid 2261139] mod_deflate.c(909): [client 216.73.216.242:34720] AH01384: Zlib: Compressed 31957 to 8809 : URL /index.php
[Wed Aug 26 03:05:25.014126 2026] [ssl:debug] [pid 2265533:tid 2265533] ssl_engine_kernel.c(254): [client 34.56.53.225:58368] AH02034: Initial (No.1) HTTPS request received for child 27 (server 2blog.ilc.edu.tw:443)
[Wed Aug 26 03:05:25.014460 2026] [authz_core:debug] [pid 2265533:tid 2265533] mod_authz_core.c(815): [client 34.56.53.225:58368] AH01626: authorization result of Require all granted: granted
[Wed Aug 26 03:05:25.014466 2026] [authz_core:debug] [pid 2265533:tid 2265533] mod_authz_core.c(815): [client 34.56.53.225:58368] AH01626: authorization result of : granted
[Wed Aug 26 03:05:25.015090 2026] [authz_core:debug] [pid 2265533:tid 2265533] mod_authz_core.c(815): [client 34.56.53.225:58368] AH01626: authorization result of Require all granted: granted
[Wed Aug 26 03:05:25.015094 2026] [authz_core:debug] [pid 2265533:tid 2265533] mod_authz_core.c(815): [client 34.56.53.225:58368] AH01626: authorization result of : granted
[Wed Aug 26 03:05:25.038327 2026] [deflate:debug] [pid 2261072:tid 2261072] mod_deflate.c(909): [client 74.7.242.57:53240] AH01384: Zlib: Compressed 3283 to 1322 : URL /index.php, referer: https://www.ltes.ilc.edu.tw/2016/11/30/%e7%8b%82%e8%b3%80%ef%bc%81%e6%9c%ac%e6%a0%a1%e5%ad%b8%e7%94%9f%e5%8f%83%e5%8a%a0105%e4%b8%ad%e5%b0%8f%e5%ad%b8%e7%94%b0%e5%be%91%e9%8c%a6%e6%a8%99%e8%b3%bd%e7%8d%b2%e5%be%97%e4%bd%b3%e7%b8%be/
[Wed Aug 26 03:05:25.058851 2026] [ssl:info] [pid 2261629:tid 2261629] [client 40.77.167.79:37139] AH01964: Connection to child 12 established (server 2blog.ilc.edu.tw:443)
[Wed Aug 26 03:05:25.059044 2026] [ssl:debug] [pid 2261629:tid 2261629] ssl_engine_kernel.c(2222): [client 40.77.167.79:37139] AH02043: SSL virtual host for servername 2blog.ilc.edu.tw found
[Wed Aug 26 03:05:25.059176 2026] [core:debug] [pid 2261629:tid 2261629] protocol.c(2460): [client 40.77.167.79:37139] AH03155: select protocol from , choices=h2,http/1.1 for server 2blog.ilc.edu.tw
[Wed Aug 26 03:05:25.118312 2026] [ssl:debug] [pid 2261343:tid 2261343] ssl_engine_kernel.c(254): [client 216.73.216.242:64485] AH02034: Subsequent (No.4) HTTPS request received for child 32 (server 2blog.ilc.edu.tw:443)
[Wed Aug 26 03:05:25.118529 2026] [authz_core:debug] [pid 2261343:tid 2261343] mod_authz_core.c(815): [client 216.73.216.242:64485] AH01626: authorization result of Require all granted: granted
[Wed Aug 26 03:05:25.118534 2026] [authz_core:debug] [pid 2261343:tid 2261343] mod_authz_core.c(815): [client 216.73.216.242:64485] AH01626: authorization result of : granted
[Wed Aug 26 03:05:25.118710 2026] [authz_core:debug] [pid 2261343:tid 2261343] mod_authz_core.c(815): [client 216.73.216.242:64485] AH01626: authorization result of Require all granted: granted
[Wed Aug 26 03:05:25.118714 2026] [authz_core:debug] [pid 2261343:tid 2261343] mod_authz_core.c(815): [client 216.73.216.242:64485] AH01626: authorization result of : granted
[Wed Aug 26 03:05:25.122455 2026] [watchdog:debug] [pid 2265719:tid 2265719] mod_watchdog.c(559): AH02980: Watchdog: nothing configured?
[Wed Aug 26 03:05:25.128228 2026] [watchdog:debug] [pid 2265720:tid 2265720] mod_watchdog.c(559): AH02980: Watchdog: nothing configured?
[Wed Aug 26 03:05:25.193330 2026] [headers:debug] [pid 2261337:tid 2261337] mod_headers.c(900): AH01503: headers: ap_headers_error_filter()
[Wed Aug 26 03:05:25.201074 2026] [ssl:debug] [pid 2261628:tid 2261628] ssl_engine_io.c(1150): [client 2409:876c:2b34::30:39228] AH02001: Connection closed to child 11 with standard shutdown (server 2blog.ilc.edu.tw:443)
[Wed Aug 26 03:05:25.221143 2026] [ssl:debug] [pid 2261139:tid 2261139] ssl_engine_kernel.c(254): [client 216.73.216.242:34720] AH02034: Subsequent (No.5) HTTPS request received for child 47 (server 2blog.ilc.edu.tw:443)
[Wed Aug 26 03:05:25.221362 2026] [authz_core:debug] [pid 2261139:tid 2261139] mod_authz_core.c(815): [client 216.73.216.242:34720] AH01626: authorization result of Require all granted: granted
[Wed Aug 26 03:05:25.221367 2026] [authz_core:debug] [pid 2261139:tid 2261139] mod_authz_core.c(815): [client 216.73.216.242:34720] AH01626: authorization result of : granted
[Wed Aug 26 03:05:25.221500 2026] [authz_core:debug] [pid 2261139:tid 2261139] mod_authz_core.c(815): [client 216.73.216.242:34720] AH01626: authorization result of Require all granted: granted
[Wed Aug 26 03:05:25.221504 2026] [authz_core:debug] [pid 2261139:tid 2261139] mod_authz_core.c(815): [client 216.73.216.242:34720] AH01626: authorization result of : granted
[Wed Aug 26 03:05:25.236002 2026] [deflate:debug] [pid 2261329:tid 2261329] mod_deflate.c(909): [client 216.73.216.242:21164] AH01384: Zlib: Compressed 522360 to 84179 : URL /index.php
[Wed Aug 26 03:05:25.258080 2026] [deflate:debug] [pid 2261311:tid 2261311] mod_deflate.c(909): [client 216.73.216.242:35985] AH01384: Zlib: Compressed 533283 to 85894 : URL /index.php
[Wed Aug 26 03:05:25.266590 2026] [deflate:debug] [pid 2261085:tid 2261085] mod_deflate.c(909): [client 216.73.216.242:44710] AH01384: Zlib: Compressed 536740 to 85881 : URL /index.php
[Wed Aug 26 03:05:25.267148 2026] [deflate:debug] [pid 2265533:tid 2265533] mod_deflate.c(909): [client 34.56.53.225:58368] AH01384: Zlib: Compressed 62957 to 10274 : URL /index.php
[Wed Aug 26 03:05:25.269203 2026] [ssl:debug] [pid 2261629:tid 2261629] ssl_engine_kernel.c(2082): [client 40.77.167.79:37139] AH02041: Protocol: TLSv1.3, Cipher: TLS_AES_256_GCM_SHA384 (256/256 bits)
[Wed Aug 26 03:05:25.269250 2026] [socache_shmcb:debug] [pid 2261629:tid 2261629] mod_socache_shmcb.c(508): AH00831: socache_shmcb_store (0x1a -> subcache 26)
[Wed Aug 26 03:05:25.269258 2026] [socache_shmcb:debug] [pid 2261629:tid 2261629] mod_socache_shmcb.c(860): AH00847: insert happened at idx=83, data=(7107:7139)
[Wed Aug 26 03:05:25.269260 2026] [socache_shmcb:debug] [pid 2261629:tid 2261629] mod_socache_shmcb.c(863): AH00848: finished insert, subcache: idx_pos/idx_used=24/60, data_pos/data_used=7704/13492
[Wed Aug 26 03:05:25.269263 2026] [socache_shmcb:debug] [pid 2261629:tid 2261629] mod_socache_shmcb.c(530): AH00834: leaving socache_shmcb_store successfully
[Wed Aug 26 03:05:25.269359 2026] [socache_shmcb:debug] [pid 2261629:tid 2261629] mod_socache_shmcb.c(508): AH00831: socache_shmcb_store (0x2e -> subcache 14)
[Wed Aug 26 03:05:25.269376 2026] [socache_shmcb:debug] [pid 2261629:tid 2261629] mod_socache_shmcb.c(798): AH00845: about to force-expire, subcache: idx_used=61, data_used=13669
[Wed Aug 26 03:05:25.269378 2026] [socache_shmcb:debug] [pid 2261629:tid 2261629] mod_socache_shmcb.c(824): AH00846: finished force-expire, subcache: idx_used=60, data_used=13452
[Wed Aug 26 03:05:25.269380 2026] [socache_shmcb:debug] [pid 2261629:tid 2261629] mod_socache_shmcb.c(860): AH00847: insert happened at idx=33, data=(9963:9995)
[Wed Aug 26 03:05:25.269382 2026] [socache_shmcb:debug] [pid 2261629:tid 2261629] mod_socache_shmcb.c(863): AH00848: finished insert, subcache: idx_pos/idx_used=61/61, data_pos/data_used=10375/13678
[Wed Aug 26 03:05:25.269383 2026] [socache_shmcb:debug] [pid 2261629:tid 2261629] mod_socache_shmcb.c(530): AH00834: leaving socache_shmcb_store successfully
[Wed Aug 26 03:05:25.269900 2026] [ssl:debug] [pid 2261629:tid 2261629] ssl_engine_kernel.c(254): [client 40.77.167.79:37139] AH02034: Initial (No.1) HTTPS request received for child 12 (server 2blog.ilc.edu.tw:443)
[Wed Aug 26 03:05:25.270099 2026] [authz_core:debug] [pid 2261629:tid 2261629] mod_authz_core.c(815): [client 40.77.167.79:37139] AH01626: authorization result of Require all granted: granted
[Wed Aug 26 03:05:25.270106 2026] [authz_core:debug] [pid 2261629:tid 2261629] mod_authz_core.c(815): [client 40.77.167.79:37139] AH01626: authorization result of : granted
[Wed Aug 26 03:05:25.270285 2026] [authz_core:debug] [pid 2261629:tid 2261629] mod_authz_core.c(815): [client 40.77.167.79:37139] AH01626: authorization result of Require all granted: granted
[Wed Aug 26 03:05:25.270297 2026] [authz_core:debug] [pid 2261629:tid 2261629] mod_authz_core.c(815): [client 40.77.167.79:37139] AH01626: authorization result of : granted
[Wed Aug 26 03:05:25.288759 2026] [ssl:debug] [pid 2261072:tid 2261072] ssl_engine_kernel.c(254): [client 74.7.242.57:53240] AH02034: Subsequent (No.29) HTTPS request received for child 10 (server www.ltes.ilc.edu.tw:443), referer: https://www.ltes.ilc.edu.tw/2021/12/28/%e6%88%90%e4%ba%ba%e6%95%99%e8%82%b2%e7%8f%ad%e6%b4%bb%e5%8b%95%e8%8a%b1%e7%b5%ae%e5%86%ac%e8%87%b3%e6%90%93%e6%b9%af%e5%9c%93%e5%8f%8a%e8%80%b6%e8%aa%95%e9%80%a0%e5%9e%8b%e6%b9%af%e5%9c%93/
[Wed Aug 26 03:05:25.288984 2026] [authz_core:debug] [pid 2261072:tid 2261072] mod_authz_core.c(815): [client 74.7.242.57:53240] AH01626: authorization result of Require all granted: granted, referer: https://www.ltes.ilc.edu.tw/2021/12/28/%e6%88%90%e4%ba%ba%e6%95%99%e8%82%b2%e7%8f%ad%e6%b4%bb%e5%8b%95%e8%8a%b1%e7%b5%ae%e5%86%ac%e8%87%b3%e6%90%93%e6%b9%af%e5%9c%93%e5%8f%8a%e8%80%b6%e8%aa%95%e9%80%a0%e5%9e%8b%e6%b9%af%e5%9c%93/
[Wed Aug 26 03:05:25.288992 2026] [authz_core:debug] [pid 2261072:tid 2261072] mod_authz_core.c(815): [client 74.7.242.57:53240] AH01626: authorization result of : granted, referer: https://www.ltes.ilc.edu.tw/2021/12/28/%e6%88%90%e4%ba%ba%e6%95%99%e8%82%b2%e7%8f%ad%e6%b4%bb%e5%8b%95%e8%8a%b1%e7%b5%ae%e5%86%ac%e8%87%b3%e6%90%93%e6%b9%af%e5%9c%93%e5%8f%8a%e8%80%b6%e8%aa%95%e9%80%a0%e5%9e%8b%e6%b9%af%e5%9c%93/
[Wed Aug 26 03:05:25.289169 2026] [authz_core:debug] [pid 2261072:tid 2261072] mod_authz_core.c(815): [client 74.7.242.57:53240] AH01626: authorization result of Require all granted: granted, referer: https://www.ltes.ilc.edu.tw/2021/12/28/%e6%88%90%e4%ba%ba%e6%95%99%e8%82%b2%e7%8f%ad%e6%b4%bb%e5%8b%95%e8%8a%b1%e7%b5%ae%e5%86%ac%e8%87%b3%e6%90%93%e6%b9%af%e5%9c%93%e5%8f%8a%e8%80%b6%e8%aa%95%e9%80%a0%e5%9e%8b%e6%b9%af%e5%9c%93/
[Wed Aug 26 03:05:25.289175 2026] [authz_core:debug] [pid 2261072:tid 2261072] mod_authz_core.c(815): [client 74.7.242.57:53240] AH01626: authorization result of : granted, referer: https://www.ltes.ilc.edu.tw/2021/12/28/%e6%88%90%e4%ba%ba%e6%95%99%e8%82%b2%e7%8f%ad%e6%b4%bb%e5%8b%95%e8%8a%b1%e7%b5%ae%e5%86%ac%e8%87%b3%e6%90%93%e6%b9%af%e5%9c%93%e5%8f%8a%e8%80%b6%e8%aa%95%e9%80%a0%e5%9e%8b%e6%b9%af%e5%9c%93/
[Wed Aug 26 03:05:25.360064 2026] [ssl:info] [pid 2261352:tid 2261352] [client 34.56.124.53:55296] AH01964: Connection to child 43 established (server 2blog.ilc.edu.tw:443)
[Wed Aug 26 03:05:25.360286 2026] [ssl:debug] [pid 2261352:tid 2261352] ssl_engine_kernel.c(2222): [client 34.56.124.53:55296] AH02043: SSL virtual host for servername 2blog.ilc.edu.tw found
[Wed Aug 26 03:05:25.360348 2026] [core:debug] [pid 2261352:tid 2261352] protocol.c(2460): [client 34.56.124.53:55296] AH03155: select protocol from , choices=http/1.1 for server 2blog.ilc.edu.tw
[Wed Aug 26 03:05:25.369141 2026] [ssl:debug] [pid 2261344:tid 2261344] ssl_engine_io.c(1150): [client 216.73.216.242:65411] AH02001: Connection closed to child 33 with standard shutdown (server 2blog.ilc.edu.tw:443)
[Wed Aug 26 03:05:25.390624 2026] [deflate:debug] [pid 2264344:tid 2264344] mod_deflate.c(909): [client 34.42.229.145:58881] AH01384: Zlib: Compressed 525361 to 84806 : URL /index.php
[Wed Aug 26 03:05:25.402375 2026] [ssl:info] [pid 2261333:tid 2261333] [client 34.30.223.149:3584] AH01964: Connection to child 15 established (server 2blog.ilc.edu.tw:443)
[Wed Aug 26 03:05:25.402532 2026] [ssl:info] [pid 2261333:tid 2261333] (70014)End of file found: [client 34.30.223.149:3584] AH02006: SSL handshake stopped: connection was closed
[Wed Aug 26 03:05:25.402540 2026] [ssl:info] [pid 2261333:tid 2261333] [client 34.30.223.149:3584] AH01998: Connection closed to child 15 with abortive shutdown (server 2blog.ilc.edu.tw:443)
[Wed Aug 26 03:05:25.457084 2026] [ssl:debug] [pid 2261357:tid 2261357] ssl_engine_io.c(1150): [client 2409:876c:2b34::30:39710] AH02001: Connection closed to child 49 with standard shutdown (server 2blog.ilc.edu.tw:443)
[Wed Aug 26 03:05:25.483455 2026] [ssl:info] [pid 2261618:tid 2261618] [client 2a03:2880:f802:3d:::49662] AH01964: Connection to child 9 established (server 2blog.ilc.edu.tw:443)
[Wed Aug 26 03:05:25.483673 2026] [ssl:debug] [pid 2261618:tid 2261618] ssl_engine_kernel.c(2222): [client 2a03:2880:f802:3d:::49662] AH02043: SSL virtual host for servername www.jwes.ilc.edu.tw found
[Wed Aug 26 03:05:25.483731 2026] [core:debug] [pid 2261618:tid 2261618] protocol.c(2460): [client 2a03:2880:f802:3d:::49662] AH03155: select protocol from , choices=h2,http/1.1 for server www.jwes.ilc.edu.tw
[Wed Aug 26 03:05:25.510620 2026] [deflate:debug] [pid 2261343:tid 2261343] mod_deflate.c(909): [client 216.73.216.242:64485] AH01384: Zlib: Compressed 2642 to 1228 : URL /index.php
[Wed Aug 26 03:05:25.522283 2026] [ssl:debug] [pid 2261076:tid 2261076] ssl_engine_kernel.c(254): [client 216.73.216.242:34275] AH02034: Subsequent (No.4) HTTPS request received for child 20 (server 2blog.ilc.edu.tw:443)
[Wed Aug 26 03:05:25.522527 2026] [authz_core:debug] [pid 2261076:tid 2261076] mod_authz_core.c(815): [client 216.73.216.242:34275] AH01626: authorization result of Require all granted: granted
[Wed Aug 26 03:05:25.522535 2026] [authz_core:debug] [pid 2261076:tid 2261076] mod_authz_core.c(815): [client 216.73.216.242:34275] AH01626: authorization result of : granted
[Wed Aug 26 03:05:25.522691 2026] [authz_core:debug] [pid 2261076:tid 2261076] mod_authz_core.c(815): [client 216.73.216.242:34275] AH01626: authorization result of Require all granted: granted
[Wed Aug 26 03:05:25.522695 2026] [authz_core:debug] [pid 2261076:tid 2261076] mod_authz_core.c(815): [client 216.73.216.242:34275] AH01626: authorization result of : granted
[Wed Aug 26 03:05:25.536105 2026] [deflate:debug] [pid 2261335:tid 2261335] mod_deflate.c(909): [client 216.73.216.242:15610] AH01384: Zlib: Compressed 524774 to 84577 : URL /index.php
[Wed Aug 26 03:05:25.561499 2026] [deflate:debug] [pid 2261130:tid 2261130] mod_deflate.c(909): [client 216.73.216.242:6182] AH01384: Zlib: Compressed 522195 to 84130 : URL /index.php
[Wed Aug 26 03:05:25.570172 2026] [deflate:debug] [pid 2261629:tid 2261629] mod_deflate.c(909): [client 40.77.167.79:37139] AH01384: Zlib: Compressed 35577 to 8301 : URL /index.php
[Wed Aug 26 03:05:25.570727 2026] [ssl:info] [pid 2265719:tid 2265719] [client 140.111.67.10:22999] AH01964: Connection to child 28 established (server 2blog.ilc.edu.tw:443)
[Wed Aug 26 03:05:25.571112 2026] [ssl:info] [pid 2265719:tid 2265719] (70014)End of file found: [client 140.111.67.10:22999] AH02006: SSL handshake stopped: connection was closed
[Wed Aug 26 03:05:25.571124 2026] [ssl:info] [pid 2265719:tid 2265719] [client 140.111.67.10:22999] AH01998: Connection closed to child 28 with abortive shutdown (server 2blog.ilc.edu.tw:443)
[Wed Aug 26 03:05:25.581707 2026] [deflate:debug] [pid 2261072:tid 2261072] mod_deflate.c(909): [client 74.7.242.57:53240] AH01384: Zlib: Compressed 3273 to 1322 : URL /index.php, referer: https://www.ltes.ilc.edu.tw/2021/12/28/%e6%88%90%e4%ba%ba%e6%95%99%e8%82%b2%e7%8f%ad%e6%b4%bb%e5%8b%95%e8%8a%b1%e7%b5%ae%e5%86%ac%e8%87%b3%e6%90%93%e6%b9%af%e5%9c%93%e5%8f%8a%e8%80%b6%e8%aa%95%e9%80%a0%e5%9e%8b%e6%b9%af%e5%9c%93/
[Wed Aug 26 03:05:25.613097 2026] [ssl:debug] [pid 2261352:tid 2261352] ssl_engine_kernel.c(2082): [client 34.56.124.53:55296] AH02041: Protocol: TLSv1.3, Cipher: TLS_AES_256_GCM_SHA384 (256/256 bits)
[Wed Aug 26 03:05:25.613156 2026] [socache_shmcb:debug] [pid 2261352:tid 2261352] mod_socache_shmcb.c(508): AH00831: socache_shmcb_store (0xe8 -> subcache 8)
[Wed Aug 26 03:05:25.613163 2026] [socache_shmcb:debug] [pid 2261352:tid 2261352] mod_socache_shmcb.c(745): AH00842: expiring 1 and reclaiming 0 removed socache entries
[Wed Aug 26 03:05:25.613165 2026] [socache_shmcb:debug] [pid 2261352:tid 2261352] mod_socache_shmcb.c(765): AH00843: we now have 43 socache entries
[Wed Aug 26 03:05:25.613177 2026] [socache_shmcb:debug] [pid 2261352:tid 2261352] mod_socache_shmcb.c(860): AH00847: insert happened at idx=73, data=(13381:13413)
[Wed Aug 26 03:05:25.613178 2026] [socache_shmcb:debug] [pid 2261352:tid 2261352] mod_socache_shmcb.c(863): AH00848: finished insert, subcache: idx_pos/idx_used=30/44, data_pos/data_used=3721/9886
[Wed Aug 26 03:05:25.613180 2026] [socache_shmcb:debug] [pid 2261352:tid 2261352] mod_socache_shmcb.c(530): AH00834: leaving socache_shmcb_store successfully
[Wed Aug 26 03:05:25.613232 2026] [socache_shmcb:debug] [pid 2261352:tid 2261352] mod_socache_shmcb.c(508): AH00831: socache_shmcb_store (0x32 -> subcache 18)
[Wed Aug 26 03:05:25.613238 2026] [socache_shmcb:debug] [pid 2261352:tid 2261352] mod_socache_shmcb.c(860): AH00847: insert happened at idx=56, data=(9119:9151)
[Wed Aug 26 03:05:25.613239 2026] [socache_shmcb:debug] [pid 2261352:tid 2261352] mod_socache_shmcb.c(863): AH00848: finished insert, subcache: idx_pos/idx_used=85/60, data_pos/data_used=9797/13411
[Wed Aug 26 03:05:25.613241 2026] [socache_shmcb:debug] [pid 2261352:tid 2261352] mod_socache_shmcb.c(530): AH00834: leaving socache_shmcb_store successfully
[Wed Aug 26 03:05:25.623920 2026] [ssl:debug] [pid 2261328:tid 2261328] ssl_engine_kernel.c(254): [client 216.73.216.242:60943] AH02034: Subsequent (No.39) HTTPS request received for child 5 (server 2blog.ilc.edu.tw:443)
[Wed Aug 26 03:05:25.624128 2026] [authz_core:debug] [pid 2261328:tid 2261328] mod_authz_core.c(815): [client 216.73.216.242:60943] AH01626: authorization result of Require all granted: granted
[Wed Aug 26 03:05:25.624133 2026] [authz_core:debug] [pid 2261328:tid 2261328] mod_authz_core.c(815): [client 216.73.216.242:60943] AH01626: authorization result of : granted
[Wed Aug 26 03:05:25.624269 2026] [authz_core:debug] [pid 2261328:tid 2261328] mod_authz_core.c(815): [client 216.73.216.242:60943] AH01626: authorization result of Require all granted: granted
[Wed Aug 26 03:05:25.624273 2026] [authz_core:debug] [pid 2261328:tid 2261328] mod_authz_core.c(815): [client 216.73.216.242:60943] AH01626: authorization result of : granted
[Wed Aug 26 03:05:25.625050 2026] [ssl:debug] [pid 2261345:tid 2261345] ssl_engine_io.c(1150): [client 216.73.216.242:37665] AH02001: Connection closed to child 34 with standard shutdown (server 2blog.ilc.edu.tw:443)
[Wed Aug 26 03:05:25.625206 2026] [ssl:debug] [pid 2261618:tid 2261618] ssl_engine_kernel.c(2082): [client 2a03:2880:f802:3d:::49662] AH02041: Protocol: TLSv1.3, Cipher: TLS_AES_256_GCM_SHA384 (256/256 bits)
[Wed Aug 26 03:05:25.625252 2026] [socache_shmcb:debug] [pid 2261618:tid 2261618] mod_socache_shmcb.c(508): AH00831: socache_shmcb_store (0x95 -> subcache 21)
[Wed Aug 26 03:05:25.625258 2026] [socache_shmcb:debug] [pid 2261618:tid 2261618] mod_socache_shmcb.c(745): AH00842: expiring 1 and reclaiming 0 removed socache entries
[Wed Aug 26 03:05:25.625261 2026] [socache_shmcb:debug] [pid 2261618:tid 2261618] mod_socache_shmcb.c(765): AH00843: we now have 49 socache entries
[Wed Aug 26 03:05:25.625263 2026] [socache_shmcb:debug] [pid 2261618:tid 2261618] mod_socache_shmcb.c(860): AH00847: insert happened at idx=33, data=(10297:10329)
[Wed Aug 26 03:05:25.625265 2026] [socache_shmcb:debug] [pid 2261618:tid 2261618] mod_socache_shmcb.c(863): AH00848: finished insert, subcache: idx_pos/idx_used=72/50, data_pos/data_used=13148/11241
[Wed Aug 26 03:05:25.625267 2026] [socache_shmcb:debug] [pid 2261618:tid 2261618] mod_socache_shmcb.c(530): AH00834: leaving socache_shmcb_store successfully
[Wed Aug 26 03:05:25.625314 2026] [socache_shmcb:debug] [pid 2261618:tid 2261618] mod_socache_shmcb.c(508): AH00831: socache_shmcb_store (0xcf -> subcache 15)
[Wed Aug 26 03:05:25.625318 2026] [socache_shmcb:debug] [pid 2261618:tid 2261618] mod_socache_shmcb.c(798): AH00845: about to force-expire, subcache: idx_used=61, data_used=13735
[Wed Aug 26 03:05:25.625321 2026] [socache_shmcb:debug] [pid 2261618:tid 2261618] mod_socache_shmcb.c(824): AH00846: finished force-expire, subcache: idx_used=60, data_used=13510
[Wed Aug 26 03:05:25.625334 2026] [socache_shmcb:debug] [pid 2261618:tid 2261618] mod_socache_shmcb.c(860): AH00847: insert happened at idx=81, data=(1088:1120)
[Wed Aug 26 03:05:25.625336 2026] [socache_shmcb:debug] [pid 2261618:tid 2261618] mod_socache_shmcb.c(863): AH00848: finished insert, subcache: idx_pos/idx_used=21/61, data_pos/data_used=1442/13739
[Wed Aug 26 03:05:25.625338 2026] [socache_shmcb:debug] [pid 2261618:tid 2261618] mod_socache_shmcb.c(530): AH00834: leaving socache_shmcb_store successfully
[Wed Aug 26 03:05:25.625455 2026] [ssl:debug] [pid 2261618:tid 2261618] ssl_engine_kernel.c(254): [client 2a03:2880:f802:3d:::49662] AH02034: Initial (No.1) HTTPS request received for child 9 (server www.jwes.ilc.edu.tw:443)
[Wed Aug 26 03:05:25.625654 2026] [authz_core:debug] [pid 2261618:tid 2261618] mod_authz_core.c(815): [client 2a03:2880:f802:3d:::49662] AH01626: authorization result of Require all granted: granted
[Wed Aug 26 03:05:25.625659 2026] [authz_core:debug] [pid 2261618:tid 2261618] mod_authz_core.c(815): [client 2a03:2880:f802:3d:::49662] AH01626: authorization result of : granted
[Wed Aug 26 03:05:25.629546 2026] [ssl:debug] [pid 2261352:tid 2261352] ssl_engine_kernel.c(254): [client 34.56.124.53:55296] AH02034: Initial (No.1) HTTPS request received for child 43 (server 2blog.ilc.edu.tw:443)
[Wed Aug 26 03:05:25.629735 2026] [authz_core:debug] [pid 2261352:tid 2261352] mod_authz_core.c(815): [client 34.56.124.53:55296] AH01626: authorization result of Require all granted: granted
[Wed Aug 26 03:05:25.629740 2026] [authz_core:debug] [pid 2261352:tid 2261352] mod_authz_core.c(815): [client 34.56.124.53:55296] AH01626: authorization result of : granted
[Wed Aug 26 03:05:25.629868 2026] [authz_core:debug] [pid 2261352:tid 2261352] mod_authz_core.c(815): [client 34.56.124.53:55296] AH01626: authorization result of Require all granted: granted
[Wed Aug 26 03:05:25.629872 2026] [authz_core:debug] [pid 2261352:tid 2261352] mod_authz_core.c(815): [client 34.56.124.53:55296] AH01626: authorization result of : granted
[Wed Aug 26 03:05:25.736356 2026] [ssl:debug] [pid 2261327:tid 2261327] ssl_engine_kernel.c(254): [client 216.73.216.242:65027] AH02034: Subsequent (No.34) HTTPS request received for child 4 (server 2blog.ilc.edu.tw:443)
[Wed Aug 26 03:05:25.736616 2026] [authz_core:debug] [pid 2261327:tid 2261327] mod_authz_core.c(815): [client 216.73.216.242:65027] AH01626: authorization result of Require all granted: granted
[Wed Aug 26 03:05:25.736625 2026] [authz_core:debug] [pid 2261327:tid 2261327] mod_authz_core.c(815): [client 216.73.216.242:65027] AH01626: authorization result of : granted
[Wed Aug 26 03:05:25.736800 2026] [authz_core:debug] [pid 2261327:tid 2261327] mod_authz_core.c(815): [client 216.73.216.242:65027] AH01626: authorization result of Require all granted: granted
[Wed Aug 26 03:05:25.736805 2026] [authz_core:debug] [pid 2261327:tid 2261327] mod_authz_core.c(815): [client 216.73.216.242:65027] AH01626: authorization result of : granted
[Wed Aug 26 03:05:25.826858 2026] [ssl:debug] [pid 2261343:tid 2261343] ssl_engine_kernel.c(254): [client 216.73.216.242:64485] AH02034: Subsequent (No.5) HTTPS request received for child 32 (server 2blog.ilc.edu.tw:443)
[Wed Aug 26 03:05:25.827059 2026] [authz_core:debug] [pid 2261343:tid 2261343] mod_authz_core.c(815): [client 216.73.216.242:64485] AH01626: authorization result of Require all granted: granted
[Wed Aug 26 03:05:25.827064 2026] [authz_core:debug] [pid 2261343:tid 2261343] mod_authz_core.c(815): [client 216.73.216.242:64485] AH01626: authorization result of : granted
[Wed Aug 26 03:05:25.827194 2026] [authz_core:debug] [pid 2261343:tid 2261343] mod_authz_core.c(815): [client 216.73.216.242:64485] AH01626: authorization result of Require all granted: granted
[Wed Aug 26 03:05:25.827198 2026] [authz_core:debug] [pid 2261343:tid 2261343] mod_authz_core.c(815): [client 216.73.216.242:64485] AH01626: authorization result of : granted
[Wed Aug 26 03:05:25.849169 2026] [ssl:debug] [pid 2261072:tid 2261072] ssl_engine_kernel.c(254): [client 74.7.242.57:53240] AH02034: Subsequent (No.30) HTTPS request received for child 10 (server www.ltes.ilc.edu.tw:443), referer: https://www.ltes.ilc.edu.tw/2014/05/15/%e8%b3%80%ef%bc%81%e6%9c%ac%e6%a0%a1%e5%81%b6%e6%88%b2%e9%9a%8a-%e6%a6%ae%e7%8d%b2%e5%85%a8%e5%9c%8b%e5%ad%b8%e7%94%9f%e5%89%b5%e6%84%8f%e5%81%b6%e6%88%b2%e6%af%94%e8%b3%bd%e7%89%b9%e5%84%aa/
[Wed Aug 26 03:05:25.849368 2026] [authz_core:debug] [pid 2261072:tid 2261072] mod_authz_core.c(815): [client 74.7.242.57:53240] AH01626: authorization result of Require all granted: granted, referer: https://www.ltes.ilc.edu.tw/2014/05/15/%e8%b3%80%ef%bc%81%e6%9c%ac%e6%a0%a1%e5%81%b6%e6%88%b2%e9%9a%8a-%e6%a6%ae%e7%8d%b2%e5%85%a8%e5%9c%8b%e5%ad%b8%e7%94%9f%e5%89%b5%e6%84%8f%e5%81%b6%e6%88%b2%e6%af%94%e8%b3%bd%e7%89%b9%e5%84%aa/
[Wed Aug 26 03:05:25.849373 2026] [authz_core:debug] [pid 2261072:tid 2261072] mod_authz_core.c(815): [client 74.7.242.57:53240] AH01626: authorization result of : granted, referer: https://www.ltes.ilc.edu.tw/2014/05/15/%e8%b3%80%ef%bc%81%e6%9c%ac%e6%a0%a1%e5%81%b6%e6%88%b2%e9%9a%8a-%e6%a6%ae%e7%8d%b2%e5%85%a8%e5%9c%8b%e5%ad%b8%e7%94%9f%e5%89%b5%e6%84%8f%e5%81%b6%e6%88%b2%e6%af%94%e8%b3%bd%e7%89%b9%e5%84%aa/
[Wed Aug 26 03:05:25.849504 2026] [authz_core:debug] [pid 2261072:tid 2261072] mod_authz_core.c(815): [client 74.7.242.57:53240] AH01626: authorization result of Require all granted: granted, referer: https://www.ltes.ilc.edu.tw/2014/05/15/%e8%b3%80%ef%bc%81%e6%9c%ac%e6%a0%a1%e5%81%b6%e6%88%b2%e9%9a%8a-%e6%a6%ae%e7%8d%b2%e5%85%a8%e5%9c%8b%e5%ad%b8%e7%94%9f%e5%89%b5%e6%84%8f%e5%81%b6%e6%88%b2%e6%af%94%e8%b3%bd%e7%89%b9%e5%84%aa/
[Wed Aug 26 03:05:25.849508 2026] [authz_core:debug] [pid 2261072:tid 2261072] mod_authz_core.c(815): [client 74.7.242.57:53240] AH01626: authorization result of : granted, referer: https://www.ltes.ilc.edu.tw/2014/05/15/%e8%b3%80%ef%bc%81%e6%9c%ac%e6%a0%a1%e5%81%b6%e6%88%b2%e9%9a%8a-%e6%a6%ae%e7%8d%b2%e5%85%a8%e5%9c%8b%e5%ad%b8%e7%94%9f%e5%89%b5%e6%84%8f%e5%81%b6%e6%88%b2%e6%af%94%e8%b3%bd%e7%89%b9%e5%84%aa/
[Wed Aug 26 03:05:25.928407 2026] [ssl:debug] [pid 2261085:tid 2261085] ssl_engine_kernel.c(254): [client 216.73.216.242:44710] AH02034: Subsequent (No.32) HTTPS request received for child 0 (server 2blog.ilc.edu.tw:443)
[Wed Aug 26 03:05:25.928608 2026] [authz_core:debug] [pid 2261085:tid 2261085] mod_authz_core.c(815): [client 216.73.216.242:44710] AH01626: authorization result of Require all granted: granted
[Wed Aug 26 03:05:25.928613 2026] [authz_core:debug] [pid 2261085:tid 2261085] mod_authz_core.c(815): [client 216.73.216.242:44710] AH01626: authorization result of : granted
[Wed Aug 26 03:05:25.928754 2026] [authz_core:debug] [pid 2261085:tid 2261085] mod_authz_core.c(815): [client 216.73.216.242:44710] AH01626: authorization result of Require all granted: granted
[Wed Aug 26 03:05:25.928759 2026] [authz_core:debug] [pid 2261085:tid 2261085] mod_authz_core.c(815): [client 216.73.216.242:44710] AH01626: authorization result of : granted
[Wed Aug 26 03:05:26.044255 2026] [ssl:debug] [pid 2261311:tid 2261311] ssl_engine_kernel.c(254): [client 216.73.216.242:35985] AH02034: Subsequent (No.35) HTTPS request received for child 2 (server 2blog.ilc.edu.tw:443)
[Wed Aug 26 03:05:26.044519 2026] [authz_core:debug] [pid 2261311:tid 2261311] mod_authz_core.c(815): [client 216.73.216.242:35985] AH01626: authorization result of Require all granted: granted
[Wed Aug 26 03:05:26.044524 2026] [authz_core:debug] [pid 2261311:tid 2261311] mod_authz_core.c(815): [client 216.73.216.242:35985] AH01626: authorization result of : granted
[Wed Aug 26 03:05:26.044668 2026] [authz_core:debug] [pid 2261311:tid 2261311] mod_authz_core.c(815): [client 216.73.216.242:35985] AH01626: authorization result of Require all granted: granted
[Wed Aug 26 03:05:26.044673 2026] [authz_core:debug] [pid 2261311:tid 2261311] mod_authz_core.c(815): [client 216.73.216.242:35985] AH01626: authorization result of : granted
[Wed Aug 26 03:05:26.058664 2026] [ssl:debug] [pid 2261328:tid 2261328] ssl_engine_kernel.c(254): [client 216.73.216.242:60943] AH02034: Subsequent (No.40) HTTPS request received for child 5 (server 2blog.ilc.edu.tw:443), referer: https://2blog.ilc.edu.tw/32745/?p=72160
[Wed Aug 26 03:05:26.059038 2026] [authz_core:debug] [pid 2261328:tid 2261328] mod_authz_core.c(815): [client 216.73.216.242:60943] AH01626: authorization result of Require all granted: granted, referer: https://2blog.ilc.edu.tw/32745/?p=72160
[Wed Aug 26 03:05:26.059051 2026] [authz_core:debug] [pid 2261328:tid 2261328] mod_authz_core.c(815): [client 216.73.216.242:60943] AH01626: authorization result of : granted, referer: https://2blog.ilc.edu.tw/32745/?p=72160
[Wed Aug 26 03:05:26.059343 2026] [authz_core:debug] [pid 2261328:tid 2261328] mod_authz_core.c(815): [client 216.73.216.242:60943] AH01626: authorization result of Require all granted: granted, referer: https://2blog.ilc.edu.tw/32745/?p=72160
[Wed Aug 26 03:05:26.059349 2026] [authz_core:debug] [pid 2261328:tid 2261328] mod_authz_core.c(815): [client 216.73.216.242:60943] AH01626: authorization result of : granted, referer: https://2blog.ilc.edu.tw/32745/?p=72160
[Wed Aug 26 03:05:26.114230 2026] [deflate:debug] [pid 2261072:tid 2261072] mod_deflate.c(909): [client 74.7.242.57:53240] AH01384: Zlib: Compressed 3271 to 1316 : URL /index.php, referer: https://www.ltes.ilc.edu.tw/2014/05/15/%e8%b3%80%ef%bc%81%e6%9c%ac%e6%a0%a1%e5%81%b6%e6%88%b2%e9%9a%8a-%e6%a6%ae%e7%8d%b2%e5%85%a8%e5%9c%8b%e5%ad%b8%e7%94%9f%e5%89%b5%e6%84%8f%e5%81%b6%e6%88%b2%e6%af%94%e8%b3%bd%e7%89%b9%e5%84%aa/
[Wed Aug 26 03:05:26.121930 2026] [deflate:debug] [pid 2261328:tid 2261328] mod_deflate.c(909): [client 216.73.216.242:60943] AH01384: Zlib: Compressed 537630 to 86164 : URL /index.php, referer: https://2blog.ilc.edu.tw/32745/?p=72160
[Wed Aug 26 03:05:26.123948 2026] [ssl:info] [pid 2261876:tid 2261876] (70014)End of file found: [client 2409:876c:2b34::30:39714] AH01992: SSL library error 6 reading data
[Wed Aug 26 03:05:26.124035 2026] [ssl:debug] [pid 2261876:tid 2261876] ssl_engine_io.c(1150): [client 2409:876c:2b34::30:39714] AH02001: Connection closed to child 14 with standard shutdown (server 2blog.ilc.edu.tw:443)
[Wed Aug 26 03:05:26.129861 2026] [ssl:info] [pid 2260995:tid 2260995] (70014)End of file found: [client 2409:876c:2b34::30:39712] AH01992: SSL library error 6 reading data
[Wed Aug 26 03:05:26.129951 2026] [ssl:debug] [pid 2260995:tid 2260995] ssl_engine_io.c(1150): [client 2409:876c:2b34::30:39712] AH02001: Connection closed to child 13 with standard shutdown (server 2blog.ilc.edu.tw:443)
[Wed Aug 26 03:05:26.142596 2026] [ssl:debug] [pid 2261105:tid 2261105] ssl_engine_io.c(1150): [client 2a03:2880:f802:23:::48256] AH02001: Connection closed to child 7 with standard shutdown (server www.jwes.ilc.edu.tw:443)
[Wed Aug 26 03:05:26.143638 2026] [ssl:debug] [pid 2261130:tid 2261130] ssl_engine_kernel.c(254): [client 216.73.216.242:6182] AH02034: Subsequent (No.33) HTTPS request received for child 38 (server 2blog.ilc.edu.tw:443)
[Wed Aug 26 03:05:26.143831 2026] [authz_core:debug] [pid 2261130:tid 2261130] mod_authz_core.c(815): [client 216.73.216.242:6182] AH01626: authorization result of Require all granted: granted
[Wed Aug 26 03:05:26.143837 2026] [authz_core:debug] [pid 2261130:tid 2261130] mod_authz_core.c(815): [client 216.73.216.242:6182] AH01626: authorization result of : granted
[Wed Aug 26 03:05:26.143981 2026] [authz_core:debug] [pid 2261130:tid 2261130] mod_authz_core.c(815): [client 216.73.216.242:6182] AH01626: authorization result of Require all granted: granted
[Wed Aug 26 03:05:26.143987 2026] [authz_core:debug] [pid 2261130:tid 2261130] mod_authz_core.c(815): [client 216.73.216.242:6182] AH01626: authorization result of : granted
[Wed Aug 26 03:05:26.153991 2026] [ssl:debug] [pid 2265128:tid 2265128] ssl_engine_io.c(1150): [client 2a03:2880:f802:2a:::43398] AH02001: Connection closed to child 23 with standard shutdown (server www.jwes.ilc.edu.tw:443)
[Wed Aug 26 03:05:26.205965 2026] [ssl:info] [pid 2265720:tid 2265720] [client 66.249.79.138:57734] AH01964: Connection to child 29 established (server 2blog.ilc.edu.tw:443)
[Wed Aug 26 03:05:26.206413 2026] [ssl:debug] [pid 2265720:tid 2265720] ssl_engine_kernel.c(2222): [client 66.249.79.138:57734] AH02043: SSL virtual host for servername www.jwes.ilc.edu.tw found
[Wed Aug 26 03:05:26.206595 2026] [ssl:debug] [pid 2265720:tid 2265720] ssl_util_stapling.c(819): AH01951: stapling_cb: OCSP Stapling callback called
[Wed Aug 26 03:05:26.206603 2026] [ssl:info] [pid 2265720:tid 2265720] AH01926: stapling_get_certinfo: stapling not supported for certificate
[Wed Aug 26 03:05:26.230891 2026] [ssl:debug] [pid 2261335:tid 2261335] ssl_engine_kernel.c(254): [client 216.73.216.242:15610] AH02034: Subsequent (No.38) HTTPS request received for child 22 (server 2blog.ilc.edu.tw:443)
[Wed Aug 26 03:05:26.231104 2026] [authz_core:debug] [pid 2261335:tid 2261335] mod_authz_core.c(815): [client 216.73.216.242:15610] AH01626: authorization result of Require all granted: granted
[Wed Aug 26 03:05:26.231109 2026] [authz_core:debug] [pid 2261335:tid 2261335] mod_authz_core.c(815): [client 216.73.216.242:15610] AH01626: authorization result of : granted
[Wed Aug 26 03:05:26.231249 2026] [authz_core:debug] [pid 2261335:tid 2261335] mod_authz_core.c(815): [client 216.73.216.242:15610] AH01626: authorization result of Require all granted: granted
[Wed Aug 26 03:05:26.231252 2026] [authz_core:debug] [pid 2261335:tid 2261335] mod_authz_core.c(815): [client 216.73.216.242:15610] AH01626: authorization result of : granted
[Wed Aug 26 03:05:26.325118 2026] [ssl:debug] [pid 2256122:tid 2256122] ssl_engine_io.c(1150): [client 34.123.149.87:62976] AH02001: Connection closed to child 30 with standard shutdown (server 2blog.ilc.edu.tw:443)
[Wed Aug 26 03:05:26.335901 2026] [ssl:debug] [pid 2265720:tid 2265720] ssl_engine_kernel.c(2082): [client 66.249.79.138:57734] AH02041: Protocol: TLSv1.3, Cipher: TLS_AES_256_GCM_SHA384 (256/256 bits)
[Wed Aug 26 03:05:26.335978 2026] [socache_shmcb:debug] [pid 2265720:tid 2265720] mod_socache_shmcb.c(508): AH00831: socache_shmcb_store (0xbc -> subcache 28)
[Wed Aug 26 03:05:26.335995 2026] [socache_shmcb:debug] [pid 2265720:tid 2265720] mod_socache_shmcb.c(745): AH00842: expiring 1 and reclaiming 0 removed socache entries
[Wed Aug 26 03:05:26.335998 2026] [socache_shmcb:debug] [pid 2265720:tid 2265720] mod_socache_shmcb.c(765): AH00843: we now have 60 socache entries
[Wed Aug 26 03:05:26.336001 2026] [socache_shmcb:debug] [pid 2265720:tid 2265720] mod_socache_shmcb.c(860): AH00847: insert happened at idx=14, data=(11663:11695)
[Wed Aug 26 03:05:26.336002 2026] [socache_shmcb:debug] [pid 2265720:tid 2265720] mod_socache_shmcb.c(863): AH00848: finished insert, subcache: idx_pos/idx_used=42/61, data_pos/data_used=12069/13674
