[Wed Aug 26 02:45:09.902235 2026] [ssl:debug] [pid 2241316:tid 2241316] ssl_engine_kernel.c(2082): [client 216.73.216.242:3046] AH02041: Protocol: TLSv1.3, Cipher: TLS_AES_256_GCM_SHA384 (256/256 bits)
[Wed Aug 26 02:45:09.902281 2026] [socache_shmcb:debug] [pid 2241316:tid 2241316] mod_socache_shmcb.c(508): AH00831: socache_shmcb_store (0x39 -> subcache 25)
[Wed Aug 26 02:45:09.902288 2026] [socache_shmcb:debug] [pid 2241316:tid 2241316] mod_socache_shmcb.c(860): AH00847: insert happened at idx=63, data=(13097:13129)
[Wed Aug 26 02:45:09.902290 2026] [socache_shmcb:debug] [pid 2241316:tid 2241316] mod_socache_shmcb.c(863): AH00848: finished insert, subcache: idx_pos/idx_used=6/58, data_pos/data_used=473/12849
[Wed Aug 26 02:45:09.902293 2026] [socache_shmcb:debug] [pid 2241316:tid 2241316] mod_socache_shmcb.c(530): AH00834: leaving socache_shmcb_store successfully
[Wed Aug 26 02:45:09.902337 2026] [socache_shmcb:debug] [pid 2241316:tid 2241316] mod_socache_shmcb.c(508): AH00831: socache_shmcb_store (0x3b -> subcache 27)
[Wed Aug 26 02:45:09.902342 2026] [socache_shmcb:debug] [pid 2241316:tid 2241316] mod_socache_shmcb.c(860): AH00847: insert happened at idx=46, data=(1414:1446)
[Wed Aug 26 02:45:09.902344 2026] [socache_shmcb:debug] [pid 2241316:tid 2241316] mod_socache_shmcb.c(863): AH00848: finished insert, subcache: idx_pos/idx_used=84/51, data_pos/data_used=4156/11347
[Wed Aug 26 02:45:09.902346 2026] [socache_shmcb:debug] [pid 2241316:tid 2241316] mod_socache_shmcb.c(530): AH00834: leaving socache_shmcb_store successfully
[Wed Aug 26 02:45:09.954009 2026] [deflate:debug] [pid 2240884:tid 2240884] mod_deflate.c(909): [client 216.73.216.242:9068] AH01384: Zlib: Compressed 2768 to 1263 : URL /index.php
[Wed Aug 26 02:45:09.985557 2026] [ssl:info] [pid 2241305:tid 2241305] [client 34.30.223.149:7680] AH01964: Connection to child 16 established (server 2blog.ilc.edu.tw:443)
[Wed Aug 26 02:45:09.985699 2026] [ssl:info] [pid 2241305:tid 2241305] (70014)End of file found: [client 34.30.223.149:7680] AH02006: SSL handshake stopped: connection was closed
[Wed Aug 26 02:45:09.985706 2026] [ssl:info] [pid 2241305:tid 2241305] [client 34.30.223.149:7680] AH01998: Connection closed to child 16 with abortive shutdown (server 2blog.ilc.edu.tw:443)
[Wed Aug 26 02:45:10.054632 2026] [ssl:debug] [pid 2241270:tid 2241270] ssl_engine_kernel.c(254): [client 216.73.216.242:20318] AH02034: Subsequent (No.2) HTTPS request received for child 3 (server 2blog.ilc.edu.tw:443)
[Wed Aug 26 02:45:10.054810 2026] [authz_core:debug] [pid 2241270:tid 2241270] mod_authz_core.c(815): [client 216.73.216.242:20318] AH01626: authorization result of Require all granted: granted
[Wed Aug 26 02:45:10.054815 2026] [authz_core:debug] [pid 2241270:tid 2241270] mod_authz_core.c(815): [client 216.73.216.242:20318] AH01626: authorization result of : granted
[Wed Aug 26 02:45:10.054934 2026] [authz_core:debug] [pid 2241270:tid 2241270] mod_authz_core.c(815): [client 216.73.216.242:20318] AH01626: authorization result of Require all granted: granted
[Wed Aug 26 02:45:10.054940 2026] [authz_core:debug] [pid 2241270:tid 2241270] mod_authz_core.c(815): [client 216.73.216.242:20318] AH01626: authorization result of : granted
[Wed Aug 26 02:45:10.058116 2026] [deflate:debug] [pid 2241268:tid 2241268] mod_deflate.c(909): [client 216.73.216.242:19184] AH01384: Zlib: Compressed 2758 to 1254 : URL /index.php
[Wed Aug 26 02:45:10.140354 2026] [ssl:debug] [pid 2240888:tid 2240888] ssl_engine_kernel.c(254): [client 216.73.216.242:33352] AH02034: Subsequent (No.2) HTTPS request received for child 33 (server 2blog.ilc.edu.tw:443)
[Wed Aug 26 02:45:10.140533 2026] [authz_core:debug] [pid 2240888:tid 2240888] mod_authz_core.c(815): [client 216.73.216.242:33352] AH01626: authorization result of Require all granted: granted
[Wed Aug 26 02:45:10.140538 2026] [authz_core:debug] [pid 2240888:tid 2240888] mod_authz_core.c(815): [client 216.73.216.242:33352] AH01626: authorization result of : granted
[Wed Aug 26 02:45:10.140653 2026] [authz_core:debug] [pid 2240888:tid 2240888] mod_authz_core.c(815): [client 216.73.216.242:33352] AH01626: authorization result of Require all granted: granted
[Wed Aug 26 02:45:10.140657 2026] [authz_core:debug] [pid 2240888:tid 2240888] mod_authz_core.c(815): [client 216.73.216.242:33352] AH01626: authorization result of : granted
[Wed Aug 26 02:45:10.152385 2026] [ssl:info] [pid 2243115:tid 2243115] [client 34.30.223.149:2051] AH01964: Connection to child 5 established (server 2blog.ilc.edu.tw:443)
[Wed Aug 26 02:45:10.152756 2026] [ssl:info] [pid 2243115:tid 2243115] (70014)End of file found: [client 34.30.223.149:2051] AH02006: SSL handshake stopped: connection was closed
[Wed Aug 26 02:45:10.152769 2026] [ssl:info] [pid 2243115:tid 2243115] [client 34.30.223.149:2051] AH01998: Connection closed to child 5 with abortive shutdown (server 2blog.ilc.edu.tw:443)
[Wed Aug 26 02:45:10.193054 2026] [headers:debug] [pid 2241305:tid 2241305] mod_headers.c(900): AH01503: headers: ap_headers_error_filter()
[Wed Aug 26 02:45:10.226226 2026] [ssl:debug] [pid 2240884:tid 2240884] ssl_engine_kernel.c(254): [client 216.73.216.242:9068] AH02034: Subsequent (No.2) HTTPS request received for child 29 (server 2blog.ilc.edu.tw:443)
[Wed Aug 26 02:45:10.226408 2026] [authz_core:debug] [pid 2240884:tid 2240884] mod_authz_core.c(815): [client 216.73.216.242:9068] AH01626: authorization result of Require all granted: granted
[Wed Aug 26 02:45:10.226413 2026] [authz_core:debug] [pid 2240884:tid 2240884] mod_authz_core.c(815): [client 216.73.216.242:9068] AH01626: authorization result of : granted
[Wed Aug 26 02:45:10.226564 2026] [authz_core:debug] [pid 2240884:tid 2240884] mod_authz_core.c(815): [client 216.73.216.242:9068] AH01626: authorization result of Require all granted: granted
[Wed Aug 26 02:45:10.226570 2026] [authz_core:debug] [pid 2240884:tid 2240884] mod_authz_core.c(815): [client 216.73.216.242:9068] AH01626: authorization result of : granted
[Wed Aug 26 02:45:10.250111 2026] [ssl:debug] [pid 2240812:tid 2240812] ssl_engine_kernel.c(254): [client 128.241.112.208:43645] AH02034: Subsequent (No.6) HTTPS request received for child 10 (server 2blog.ilc.edu.tw:443), referer: https://2blog.ilc.edu.tw/4452/2014/04/07/%E5%81%A5%E5%BA%B7%E4%B8%AD%E5%BF%83%E8%A8%AD%E6%96%BD%E5%9F%BA%E6%BA%96%E6%AA%A2%E6%A0%B8%E8%A1%A8/
[Wed Aug 26 02:45:10.250295 2026] [authz_core:debug] [pid 2240812:tid 2240812] mod_authz_core.c(815): [client 128.241.112.208:43645] AH01626: authorization result of Require all granted: granted, referer: https://2blog.ilc.edu.tw/4452/2014/04/07/%E5%81%A5%E5%BA%B7%E4%B8%AD%E5%BF%83%E8%A8%AD%E6%96%BD%E5%9F%BA%E6%BA%96%E6%AA%A2%E6%A0%B8%E8%A1%A8/
[Wed Aug 26 02:45:10.250300 2026] [authz_core:debug] [pid 2240812:tid 2240812] mod_authz_core.c(815): [client 128.241.112.208:43645] AH01626: authorization result of : granted, referer: https://2blog.ilc.edu.tw/4452/2014/04/07/%E5%81%A5%E5%BA%B7%E4%B8%AD%E5%BF%83%E8%A8%AD%E6%96%BD%E5%9F%BA%E6%BA%96%E6%AA%A2%E6%A0%B8%E8%A1%A8/
[Wed Aug 26 02:45:10.250459 2026] [authz_core:debug] [pid 2240812:tid 2240812] mod_authz_core.c(815): [client 128.241.112.208:43645] AH01626: authorization result of Require all granted: granted, referer: https://2blog.ilc.edu.tw/4452/2014/04/07/%E5%81%A5%E5%BA%B7%E4%B8%AD%E5%BF%83%E8%A8%AD%E6%96%BD%E5%9F%BA%E6%BA%96%E6%AA%A2%E6%A0%B8%E8%A1%A8/
[Wed Aug 26 02:45:10.250465 2026] [authz_core:debug] [pid 2240812:tid 2240812] mod_authz_core.c(815): [client 128.241.112.208:43645] AH01626: authorization result of : granted, referer: https://2blog.ilc.edu.tw/4452/2014/04/07/%E5%81%A5%E5%BA%B7%E4%B8%AD%E5%BF%83%E8%A8%AD%E6%96%BD%E5%9F%BA%E6%BA%96%E6%AA%A2%E6%A0%B8%E8%A1%A8/
[Wed Aug 26 02:45:10.327073 2026] [ssl:debug] [pid 2241268:tid 2241268] ssl_engine_kernel.c(254): [client 216.73.216.242:19184] AH02034: Subsequent (No.10) HTTPS request received for child 2 (server 2blog.ilc.edu.tw:443)
[Wed Aug 26 02:45:10.327265 2026] [authz_core:debug] [pid 2241268:tid 2241268] mod_authz_core.c(815): [client 216.73.216.242:19184] AH01626: authorization result of Require all granted: granted
[Wed Aug 26 02:45:10.327270 2026] [authz_core:debug] [pid 2241268:tid 2241268] mod_authz_core.c(815): [client 216.73.216.242:19184] AH01626: authorization result of : granted
[Wed Aug 26 02:45:10.327391 2026] [authz_core:debug] [pid 2241268:tid 2241268] mod_authz_core.c(815): [client 216.73.216.242:19184] AH01626: authorization result of Require all granted: granted
[Wed Aug 26 02:45:10.327395 2026] [authz_core:debug] [pid 2241268:tid 2241268] mod_authz_core.c(815): [client 216.73.216.242:19184] AH01626: authorization result of : granted
[Wed Aug 26 02:45:10.349847 2026] [deflate:debug] [pid 2241270:tid 2241270] mod_deflate.c(909): [client 216.73.216.242:20318] AH01384: Zlib: Compressed 2766 to 1259 : URL /index.php
[Wed Aug 26 02:45:10.420871 2026] [ssl:debug] [pid 2241147:tid 2241147] ssl_engine_kernel.c(254): [client 216.73.216.242:48508] AH02034: Subsequent (No.2) HTTPS request received for child 12 (server 2blog.ilc.edu.tw:443)
[Wed Aug 26 02:45:10.421073 2026] [authz_core:debug] [pid 2241147:tid 2241147] mod_authz_core.c(815): [client 216.73.216.242:48508] AH01626: authorization result of Require all granted: granted
[Wed Aug 26 02:45:10.421079 2026] [authz_core:debug] [pid 2241147:tid 2241147] mod_authz_core.c(815): [client 216.73.216.242:48508] AH01626: authorization result of : granted
[Wed Aug 26 02:45:10.421200 2026] [authz_core:debug] [pid 2241147:tid 2241147] mod_authz_core.c(815): [client 216.73.216.242:48508] AH01626: authorization result of Require all granted: granted
[Wed Aug 26 02:45:10.421204 2026] [authz_core:debug] [pid 2241147:tid 2241147] mod_authz_core.c(815): [client 216.73.216.242:48508] AH01626: authorization result of : granted
[Wed Aug 26 02:45:10.437770 2026] [ssl:info] [pid 2243115:tid 2243115] [client 34.123.149.87:62976] AH01964: Connection to child 5 established (server 2blog.ilc.edu.tw:443)
[Wed Aug 26 02:45:10.437879 2026] [ssl:info] [pid 2243115:tid 2243115] (70014)End of file found: [client 34.123.149.87:62976] AH02006: SSL handshake stopped: connection was closed
[Wed Aug 26 02:45:10.437886 2026] [ssl:info] [pid 2243115:tid 2243115] [client 34.123.149.87:62976] AH01998: Connection closed to child 5 with abortive shutdown (server 2blog.ilc.edu.tw:443)
[Wed Aug 26 02:45:10.455765 2026] [ssl:info] [pid 2241305:tid 2241305] [client 34.123.149.87:12801] AH01964: Connection to child 16 established (server 2blog.ilc.edu.tw:443)
[Wed Aug 26 02:45:10.455909 2026] [ssl:debug] [pid 2241305:tid 2241305] ssl_engine_kernel.c(2222): [client 34.123.149.87:12801] AH02043: SSL virtual host for servername 2blog.ilc.edu.tw found
[Wed Aug 26 02:45:10.455957 2026] [core:debug] [pid 2241305:tid 2241305] protocol.c(2460): [client 34.123.149.87:12801] AH03155: select protocol from , choices=http/1.1 for server 2blog.ilc.edu.tw
[Wed Aug 26 02:45:10.488372 2026] [deflate:debug] [pid 2240884:tid 2240884] mod_deflate.c(909): [client 216.73.216.242:9068] AH01384: Zlib: Compressed 2759 to 1252 : URL /index.php
[Wed Aug 26 02:45:10.534547 2026] [ssl:info] [pid 2243115:tid 2243115] [client 2a03:2880:f802:d:::30620] AH01964: Connection to child 5 established (server 2blog.ilc.edu.tw:443)
[Wed Aug 26 02:45:10.534689 2026] [ssl:debug] [pid 2243115:tid 2243115] ssl_engine_kernel.c(2222): [client 2a03:2880:f802:d:::30620] AH02043: SSL virtual host for servername 2blog.ilc.edu.tw found
[Wed Aug 26 02:45:10.534806 2026] [core:debug] [pid 2243115:tid 2243115] protocol.c(2460): [client 2a03:2880:f802:d:::30620] AH03155: select protocol from , choices=h2,http/1.1 for server 2blog.ilc.edu.tw
[Wed Aug 26 02:45:10.599066 2026] [ssl:info] [pid 2241094:tid 2241094] [client 140.111.67.10:1415] AH01964: Connection to child 4 established (server 2blog.ilc.edu.tw:443)
[Wed Aug 26 02:45:10.599192 2026] [ssl:info] [pid 2241094:tid 2241094] (70014)End of file found: [client 140.111.67.10:1415] AH02006: SSL handshake stopped: connection was closed
[Wed Aug 26 02:45:10.599199 2026] [ssl:info] [pid 2241094:tid 2241094] [client 140.111.67.10:1415] AH01998: Connection closed to child 4 with abortive shutdown (server 2blog.ilc.edu.tw:443)
[Wed Aug 26 02:45:10.602566 2026] [ssl:debug] [pid 2241270:tid 2241270] ssl_engine_kernel.c(254): [client 216.73.216.242:20318] AH02034: Subsequent (No.3) HTTPS request received for child 3 (server 2blog.ilc.edu.tw:443)
[Wed Aug 26 02:45:10.602736 2026] [authz_core:debug] [pid 2241270:tid 2241270] mod_authz_core.c(815): [client 216.73.216.242:20318] AH01626: authorization result of Require all granted: granted
[Wed Aug 26 02:45:10.602742 2026] [authz_core:debug] [pid 2241270:tid 2241270] mod_authz_core.c(815): [client 216.73.216.242:20318] AH01626: authorization result of : granted
[Wed Aug 26 02:45:10.602861 2026] [authz_core:debug] [pid 2241270:tid 2241270] mod_authz_core.c(815): [client 216.73.216.242:20318] AH01626: authorization result of Require all granted: granted
[Wed Aug 26 02:45:10.602866 2026] [authz_core:debug] [pid 2241270:tid 2241270] mod_authz_core.c(815): [client 216.73.216.242:20318] AH01626: authorization result of : granted
[Wed Aug 26 02:45:10.700420 2026] [ssl:debug] [pid 2243115:tid 2243115] ssl_engine_kernel.c(2082): [client 2a03:2880:f802:d:::30620] AH02041: Protocol: TLSv1.3, Cipher: TLS_AES_256_GCM_SHA384 (256/256 bits)
[Wed Aug 26 02:45:10.700609 2026] [socache_shmcb:debug] [pid 2243115:tid 2243115] mod_socache_shmcb.c(508): AH00831: socache_shmcb_store (0x71 -> subcache 17)
[Wed Aug 26 02:45:10.700624 2026] [socache_shmcb:debug] [pid 2243115:tid 2243115] mod_socache_shmcb.c(745): AH00842: expiring 1 and reclaiming 0 removed socache entries
[Wed Aug 26 02:45:10.700627 2026] [socache_shmcb:debug] [pid 2243115:tid 2243115] mod_socache_shmcb.c(765): AH00843: we now have 49 socache entries
[Wed Aug 26 02:45:10.700630 2026] [socache_shmcb:debug] [pid 2243115:tid 2243115] mod_socache_shmcb.c(860): AH00847: insert happened at idx=7, data=(6419:6451)
[Wed Aug 26 02:45:10.700632 2026] [socache_shmcb:debug] [pid 2243115:tid 2243115] mod_socache_shmcb.c(863): AH00848: finished insert, subcache: idx_pos/idx_used=46/50, data_pos/data_used=9472/11036
[Wed Aug 26 02:45:10.700634 2026] [socache_shmcb:debug] [pid 2243115:tid 2243115] mod_socache_shmcb.c(530): AH00834: leaving socache_shmcb_store successfully
[Wed Aug 26 02:45:10.700694 2026] [socache_shmcb:debug] [pid 2243115:tid 2243115] mod_socache_shmcb.c(508): AH00831: socache_shmcb_store (0x9d -> subcache 29)
[Wed Aug 26 02:45:10.700703 2026] [socache_shmcb:debug] [pid 2243115:tid 2243115] mod_socache_shmcb.c(860): AH00847: insert happened at idx=57, data=(11848:11880)
[Wed Aug 26 02:45:10.700705 2026] [socache_shmcb:debug] [pid 2243115:tid 2243115] mod_socache_shmcb.c(863): AH00848: finished insert, subcache: idx_pos/idx_used=8/50, data_pos/data_used=990/11084
[Wed Aug 26 02:45:10.700707 2026] [socache_shmcb:debug] [pid 2243115:tid 2243115] mod_socache_shmcb.c(530): AH00834: leaving socache_shmcb_store successfully
[Wed Aug 26 02:45:10.700855 2026] [ssl:debug] [pid 2243115:tid 2243115] ssl_engine_kernel.c(254): [client 2a03:2880:f802:d:::30620] AH02034: Initial (No.1) HTTPS request received for child 5 (server 2blog.ilc.edu.tw:443)
[Wed Aug 26 02:45:10.701136 2026] [authz_core:debug] [pid 2243115:tid 2243115] mod_authz_core.c(815): [client 2a03:2880:f802:d:::30620] AH01626: authorization result of Require all granted: granted
[Wed Aug 26 02:45:10.701144 2026] [authz_core:debug] [pid 2243115:tid 2243115] mod_authz_core.c(815): [client 2a03:2880:f802:d:::30620] AH01626: authorization result of : granted
[Wed Aug 26 02:45:10.702254 2026] [authz_core:debug] [pid 2243115:tid 2243115] mod_authz_core.c(815): [client 2a03:2880:f802:d:::30620] AH01626: authorization result of Require all granted: granted
[Wed Aug 26 02:45:10.702264 2026] [authz_core:debug] [pid 2243115:tid 2243115] mod_authz_core.c(815): [client 2a03:2880:f802:d:::30620] AH01626: authorization result of : granted
[Wed Aug 26 02:45:10.747103 2026] [watchdog:debug] [pid 2243341:tid 2243341] mod_watchdog.c(559): AH02980: Watchdog: nothing configured?
[Wed Aug 26 02:45:10.748979 2026] [watchdog:debug] [pid 2243342:tid 2243342] mod_watchdog.c(559): AH02980: Watchdog: nothing configured?
[Wed Aug 26 02:45:10.754506 2026] [ssl:debug] [pid 2241305:tid 2241305] ssl_engine_kernel.c(2082): [client 34.123.149.87:12801] AH02041: Protocol: TLSv1.3, Cipher: TLS_AES_256_GCM_SHA384 (256/256 bits)
[Wed Aug 26 02:45:10.754552 2026] [socache_shmcb:debug] [pid 2241305:tid 2241305] mod_socache_shmcb.c(508): AH00831: socache_shmcb_store (0x60 -> subcache 0)
[Wed Aug 26 02:45:10.754558 2026] [socache_shmcb:debug] [pid 2241305:tid 2241305] mod_socache_shmcb.c(860): AH00847: insert happened at idx=19, data=(9204:9236)
[Wed Aug 26 02:45:10.754560 2026] [socache_shmcb:debug] [pid 2241305:tid 2241305] mod_socache_shmcb.c(863): AH00848: finished insert, subcache: idx_pos/idx_used=66/42, data_pos/data_used=93/9336
[Wed Aug 26 02:45:10.754563 2026] [socache_shmcb:debug] [pid 2241305:tid 2241305] mod_socache_shmcb.c(530): AH00834: leaving socache_shmcb_store successfully
[Wed Aug 26 02:45:10.754627 2026] [socache_shmcb:debug] [pid 2241305:tid 2241305] mod_socache_shmcb.c(508): AH00831: socache_shmcb_store (0x04 -> subcache 4)
[Wed Aug 26 02:45:10.754631 2026] [socache_shmcb:debug] [pid 2241305:tid 2241305] mod_socache_shmcb.c(745): AH00842: expiring 2 and reclaiming 0 removed socache entries
[Wed Aug 26 02:45:10.754634 2026] [socache_shmcb:debug] [pid 2241305:tid 2241305] mod_socache_shmcb.c(765): AH00843: we now have 40 socache entries
[Wed Aug 26 02:45:10.754636 2026] [socache_shmcb:debug] [pid 2241305:tid 2241305] mod_socache_shmcb.c(860): AH00847: insert happened at idx=58, data=(12444:12476)
[Wed Aug 26 02:45:10.754638 2026] [socache_shmcb:debug] [pid 2241305:tid 2241305] mod_socache_shmcb.c(863): AH00848: finished insert, subcache: idx_pos/idx_used=18/41, data_pos/data_used=3484/9185
[Wed Aug 26 02:45:10.754640 2026] [socache_shmcb:debug] [pid 2241305:tid 2241305] mod_socache_shmcb.c(530): AH00834: leaving socache_shmcb_store successfully
[Wed Aug 26 02:45:10.774701 2026] [ssl:debug] [pid 2240884:tid 2240884] ssl_engine_kernel.c(254): [client 216.73.216.242:9068] AH02034: Subsequent (No.3) HTTPS request received for child 29 (server 2blog.ilc.edu.tw:443)
[Wed Aug 26 02:45:10.774864 2026] [authz_core:debug] [pid 2240884:tid 2240884] mod_authz_core.c(815): [client 216.73.216.242:9068] AH01626: authorization result of Require all granted: granted
[Wed Aug 26 02:45:10.774869 2026] [authz_core:debug] [pid 2240884:tid 2240884] mod_authz_core.c(815): [client 216.73.216.242:9068] AH01626: authorization result of : granted
[Wed Aug 26 02:45:10.775058 2026] [authz_core:debug] [pid 2240884:tid 2240884] mod_authz_core.c(815): [client 216.73.216.242:9068] AH01626: authorization result of Require all granted: granted
[Wed Aug 26 02:45:10.775069 2026] [authz_core:debug] [pid 2240884:tid 2240884] mod_authz_core.c(815): [client 216.73.216.242:9068] AH01626: authorization result of : granted
[Wed Aug 26 02:45:10.787846 2026] [ssl:debug] [pid 2241305:tid 2241305] ssl_engine_kernel.c(254): [client 34.123.149.87:12801] AH02034: Initial (No.1) HTTPS request received for child 16 (server 2blog.ilc.edu.tw:443)
[Wed Aug 26 02:45:10.788041 2026] [authz_core:debug] [pid 2241305:tid 2241305] mod_authz_core.c(815): [client 34.123.149.87:12801] AH01626: authorization result of Require all granted: granted
[Wed Aug 26 02:45:10.788047 2026] [authz_core:debug] [pid 2241305:tid 2241305] mod_authz_core.c(815): [client 34.123.149.87:12801] AH01626: authorization result of : granted
[Wed Aug 26 02:45:10.788174 2026] [authz_core:debug] [pid 2241305:tid 2241305] mod_authz_core.c(815): [client 34.123.149.87:12801] AH01626: authorization result of Require all granted: granted
[Wed Aug 26 02:45:10.788179 2026] [authz_core:debug] [pid 2241305:tid 2241305] mod_authz_core.c(815): [client 34.123.149.87:12801] AH01626: authorization result of : granted
[Wed Aug 26 02:45:10.857511 2026] [deflate:debug] [pid 2241270:tid 2241270] mod_deflate.c(909): [client 216.73.216.242:20318] AH01384: Zlib: Compressed 2769 to 1266 : URL /index.php
[Wed Aug 26 02:45:10.875778 2026] [ssl:debug] [pid 2241268:tid 2241268] ssl_engine_kernel.c(254): [client 216.73.216.242:19184] AH02034: Subsequent (No.11) HTTPS request received for child 2 (server 2blog.ilc.edu.tw:443)
[Wed Aug 26 02:45:10.875953 2026] [authz_core:debug] [pid 2241268:tid 2241268] mod_authz_core.c(815): [client 216.73.216.242:19184] AH01626: authorization result of Require all granted: granted
[Wed Aug 26 02:45:10.875959 2026] [authz_core:debug] [pid 2241268:tid 2241268] mod_authz_core.c(815): [client 216.73.216.242:19184] AH01626: authorization result of : granted
[Wed Aug 26 02:45:10.876076 2026] [authz_core:debug] [pid 2241268:tid 2241268] mod_authz_core.c(815): [client 216.73.216.242:19184] AH01626: authorization result of Require all granted: granted
[Wed Aug 26 02:45:10.876080 2026] [authz_core:debug] [pid 2241268:tid 2241268] mod_authz_core.c(815): [client 216.73.216.242:19184] AH01626: authorization result of : granted
[Wed Aug 26 02:45:10.967080 2026] [ssl:debug] [pid 2241147:tid 2241147] ssl_engine_kernel.c(254): [client 216.73.216.242:48508] AH02034: Subsequent (No.3) HTTPS request received for child 12 (server 2blog.ilc.edu.tw:443)
[Wed Aug 26 02:45:10.967257 2026] [authz_core:debug] [pid 2241147:tid 2241147] mod_authz_core.c(815): [client 216.73.216.242:48508] AH01626: authorization result of Require all granted: granted
[Wed Aug 26 02:45:10.967262 2026] [authz_core:debug] [pid 2241147:tid 2241147] mod_authz_core.c(815): [client 216.73.216.242:48508] AH01626: authorization result of : granted
[Wed Aug 26 02:45:10.967379 2026] [authz_core:debug] [pid 2241147:tid 2241147] mod_authz_core.c(815): [client 216.73.216.242:48508] AH01626: authorization result of Require all granted: granted
[Wed Aug 26 02:45:10.967383 2026] [authz_core:debug] [pid 2241147:tid 2241147] mod_authz_core.c(815): [client 216.73.216.242:48508] AH01626: authorization result of : granted
[Wed Aug 26 02:45:10.977077 2026] [ssl:debug] [pid 2240887:tid 2240887] ssl_engine_io.c(1150): [client 34.10.180.98:47616] AH02001: Connection closed to child 32 with standard shutdown (server 2blog.ilc.edu.tw:443)
[Wed Aug 26 02:45:10.996096 2026] [deflate:debug] [pid 2241305:tid 2241305] mod_deflate.c(909): [client 34.123.149.87:12801] AH01384: Zlib: Compressed 62986 to 10432 : URL /index.php
[Wed Aug 26 02:45:11.064400 2026] [deflate:debug] [pid 2241268:tid 2241268] mod_deflate.c(909): [client 216.73.216.242:19184] AH01384: Zlib: Compressed 2447 to 1136 : URL /index.php
[Wed Aug 26 02:45:11.097045 2026] [ssl:debug] [pid 2241266:tid 2241266] ssl_engine_io.c(1150): [client 34.123.149.87:46081] AH02001: Connection closed to child 0 with standard shutdown (server 2blog.ilc.edu.tw:443)
[Wed Aug 26 02:45:11.149884 2026] [ssl:debug] [pid 2241270:tid 2241270] ssl_engine_kernel.c(254): [client 216.73.216.242:20318] AH02034: Subsequent (No.4) HTTPS request received for child 3 (server 2blog.ilc.edu.tw:443)
[Wed Aug 26 02:45:11.149919 2026] [ssl:debug] [pid 2243115:tid 2243115] ssl_engine_io.c(1150): [client 2a03:2880:f802:d:::30620] AH02001: Connection closed to child 5 with standard shutdown (server 2blog.ilc.edu.tw:443)
[Wed Aug 26 02:45:11.150045 2026] [authz_core:debug] [pid 2241270:tid 2241270] mod_authz_core.c(815): [client 216.73.216.242:20318] AH01626: authorization result of Require all granted: granted
[Wed Aug 26 02:45:11.150058 2026] [authz_core:debug] [pid 2241270:tid 2241270] mod_authz_core.c(815): [client 216.73.216.242:20318] AH01626: authorization result of : granted
[Wed Aug 26 02:45:11.150170 2026] [authz_core:debug] [pid 2241270:tid 2241270] mod_authz_core.c(815): [client 216.73.216.242:20318] AH01626: authorization result of Require all granted: granted
[Wed Aug 26 02:45:11.150175 2026] [authz_core:debug] [pid 2241270:tid 2241270] mod_authz_core.c(815): [client 216.73.216.242:20318] AH01626: authorization result of : granted
[Wed Aug 26 02:45:11.229866 2026] [ssl:debug] [pid 2240888:tid 2240888] ssl_engine_kernel.c(254): [client 216.73.216.242:33352] AH02034: Subsequent (No.3) HTTPS request received for child 33 (server 2blog.ilc.edu.tw:443)
[Wed Aug 26 02:45:11.230067 2026] [authz_core:debug] [pid 2240888:tid 2240888] mod_authz_core.c(815): [client 216.73.216.242:33352] AH01626: authorization result of Require all granted: granted
[Wed Aug 26 02:45:11.230074 2026] [authz_core:debug] [pid 2240888:tid 2240888] mod_authz_core.c(815): [client 216.73.216.242:33352] AH01626: authorization result of : granted
[Wed Aug 26 02:45:11.230194 2026] [authz_core:debug] [pid 2240888:tid 2240888] mod_authz_core.c(815): [client 216.73.216.242:33352] AH01626: authorization result of Require all granted: granted
[Wed Aug 26 02:45:11.230198 2026] [authz_core:debug] [pid 2240888:tid 2240888] mod_authz_core.c(815): [client 216.73.216.242:33352] AH01626: authorization result of : granted
[Wed Aug 26 02:45:11.292774 2026] [ssl:info] [pid 2241094:tid 2241094] [client 34.56.53.225:33792] AH01964: Connection to child 4 established (server 2blog.ilc.edu.tw:443)
[Wed Aug 26 02:45:11.292897 2026] [ssl:info] [pid 2241094:tid 2241094] (70014)End of file found: [client 34.56.53.225:33792] AH02006: SSL handshake stopped: connection was closed
[Wed Aug 26 02:45:11.292904 2026] [ssl:info] [pid 2241094:tid 2241094] [client 34.56.53.225:33792] AH01998: Connection closed to child 4 with abortive shutdown (server 2blog.ilc.edu.tw:443)
[Wed Aug 26 02:45:11.331976 2026] [ssl:info] [pid 2243341:tid 2243341] [client 34.171.68.95:50688] AH01964: Connection to child 6 established (server 2blog.ilc.edu.tw:443)
[Wed Aug 26 02:45:11.332308 2026] [ssl:info] [pid 2243341:tid 2243341] (70014)End of file found: [client 34.171.68.95:50688] AH02006: SSL handshake stopped: connection was closed
[Wed Aug 26 02:45:11.332318 2026] [ssl:info] [pid 2243341:tid 2243341] [client 34.171.68.95:50688] AH01998: Connection closed to child 6 with abortive shutdown (server 2blog.ilc.edu.tw:443)
[Wed Aug 26 02:45:11.341199 2026] [ssl:debug] [pid 2241268:tid 2241268] ssl_engine_kernel.c(254): [client 216.73.216.242:19184] AH02034: Subsequent (No.12) HTTPS request received for child 2 (server 2blog.ilc.edu.tw:443)
[Wed Aug 26 02:45:11.341381 2026] [authz_core:debug] [pid 2241268:tid 2241268] mod_authz_core.c(815): [client 216.73.216.242:19184] AH01626: authorization result of Require all granted: granted
[Wed Aug 26 02:45:11.341387 2026] [authz_core:debug] [pid 2241268:tid 2241268] mod_authz_core.c(815): [client 216.73.216.242:19184] AH01626: authorization result of : granted
[Wed Aug 26 02:45:11.341508 2026] [authz_core:debug] [pid 2241268:tid 2241268] mod_authz_core.c(815): [client 216.73.216.242:19184] AH01626: authorization result of Require all granted: granted
[Wed Aug 26 02:45:11.341511 2026] [authz_core:debug] [pid 2241268:tid 2241268] mod_authz_core.c(815): [client 216.73.216.242:19184] AH01626: authorization result of : granted
[Wed Aug 26 02:45:11.389238 2026] [deflate:debug] [pid 2241270:tid 2241270] mod_deflate.c(909): [client 216.73.216.242:20318] AH01384: Zlib: Compressed 2758 to 1256 : URL /index.php
[Wed Aug 26 02:45:11.466583 2026] [deflate:debug] [pid 2240888:tid 2240888] mod_deflate.c(909): [client 216.73.216.242:33352] AH01384: Zlib: Compressed 2768 to 1265 : URL /index.php
[Wed Aug 26 02:45:11.502158 2026] [ssl:info] [pid 2243342:tid 2243342] [client 52.167.144.213:61916] AH01964: Connection to child 8 established (server 2blog.ilc.edu.tw:443)
[Wed Aug 26 02:45:11.502823 2026] [ssl:debug] [pid 2243342:tid 2243342] ssl_engine_kernel.c(2222): [client 52.167.144.213:61916] AH02043: SSL virtual host for servername www.nses.ilc.edu.tw found
[Wed Aug 26 02:45:11.503020 2026] [core:debug] [pid 2243342:tid 2243342] protocol.c(2460): [client 52.167.144.213:61916] AH03155: select protocol from , choices=h2,http/1.1 for server www.nses.ilc.edu.tw
[Wed Aug 26 02:45:11.525845 2026] [ssl:debug] [pid 2241147:tid 2241147] ssl_engine_kernel.c(254): [client 216.73.216.242:48508] AH02034: Subsequent (No.4) HTTPS request received for child 12 (server 2blog.ilc.edu.tw:443)
[Wed Aug 26 02:45:11.526023 2026] [authz_core:debug] [pid 2241147:tid 2241147] mod_authz_core.c(815): [client 216.73.216.242:48508] AH01626: authorization result of Require all granted: granted
[Wed Aug 26 02:45:11.526029 2026] [authz_core:debug] [pid 2241147:tid 2241147] mod_authz_core.c(815): [client 216.73.216.242:48508] AH01626: authorization result of : granted
[Wed Aug 26 02:45:11.526148 2026] [authz_core:debug] [pid 2241147:tid 2241147] mod_authz_core.c(815): [client 216.73.216.242:48508] AH01626: authorization result of Require all granted: granted
[Wed Aug 26 02:45:11.526153 2026] [authz_core:debug] [pid 2241147:tid 2241147] mod_authz_core.c(815): [client 216.73.216.242:48508] AH01626: authorization result of : granted
[Wed Aug 26 02:45:11.577503 2026] [ssl:info] [pid 2243115:tid 2243115] [client 34.171.68.95:1538] AH01964: Connection to child 5 established (server 2blog.ilc.edu.tw:443)
[Wed Aug 26 02:45:11.577624 2026] [ssl:debug] [pid 2243115:tid 2243115] ssl_engine_kernel.c(2222): [client 34.171.68.95:1538] AH02043: SSL virtual host for servername 2blog.ilc.edu.tw found
[Wed Aug 26 02:45:11.577669 2026] [core:debug] [pid 2243115:tid 2243115] protocol.c(2460): [client 34.171.68.95:1538] AH03155: select protocol from , choices=http/1.1 for server 2blog.ilc.edu.tw
[Wed Aug 26 02:45:11.604100 2026] [deflate:debug] [pid 2241268:tid 2241268] mod_deflate.c(909): [client 216.73.216.242:19184] AH01384: Zlib: Compressed 2769 to 1259 : URL /index.php
[Wed Aug 26 02:45:11.615817 2026] [ssl:debug] [pid 2241270:tid 2241270] ssl_engine_kernel.c(254): [client 216.73.216.242:20318] AH02034: Subsequent (No.5) HTTPS request received for child 3 (server 2blog.ilc.edu.tw:443)
[Wed Aug 26 02:45:11.615989 2026] [authz_core:debug] [pid 2241270:tid 2241270] mod_authz_core.c(815): [client 216.73.216.242:20318] AH01626: authorization result of Require all granted: granted
[Wed Aug 26 02:45:11.615995 2026] [authz_core:debug] [pid 2241270:tid 2241270] mod_authz_core.c(815): [client 216.73.216.242:20318] AH01626: authorization result of : granted
[Wed Aug 26 02:45:11.616110 2026] [authz_core:debug] [pid 2241270:tid 2241270] mod_authz_core.c(815): [client 216.73.216.242:20318] AH01626: authorization result of Require all granted: granted
[Wed Aug 26 02:45:11.616114 2026] [authz_core:debug] [pid 2241270:tid 2241270] mod_authz_core.c(815): [client 216.73.216.242:20318] AH01626: authorization result of : granted
[Wed Aug 26 02:45:11.691880 2026] [ssl:debug] [pid 2243342:tid 2243342] ssl_engine_kernel.c(2082): [client 52.167.144.213:61916] AH02041: Protocol: TLSv1.3, Cipher: TLS_AES_256_GCM_SHA384 (256/256 bits)
[Wed Aug 26 02:45:11.691940 2026] [socache_shmcb:debug] [pid 2243342:tid 2243342] mod_socache_shmcb.c(508): AH00831: socache_shmcb_store (0x25 -> subcache 5)
[Wed Aug 26 02:45:11.691951 2026] [socache_shmcb:debug] [pid 2243342:tid 2243342] mod_socache_shmcb.c(745): AH00842: expiring 1 and reclaiming 0 removed socache entries
[Wed Aug 26 02:45:11.691953 2026] [socache_shmcb:debug] [pid 2243342:tid 2243342] mod_socache_shmcb.c(765): AH00843: we now have 46 socache entries
[Wed Aug 26 02:45:11.691956 2026] [socache_shmcb:debug] [pid 2243342:tid 2243342] mod_socache_shmcb.c(860): AH00847: insert happened at idx=80, data=(2975:3007)
[Wed Aug 26 02:45:11.691957 2026] [socache_shmcb:debug] [pid 2243342:tid 2243342] mod_socache_shmcb.c(863): AH00848: finished insert, subcache: idx_pos/idx_used=34/47, data_pos/data_used=6606/10462
[Wed Aug 26 02:45:11.691967 2026] [socache_shmcb:debug] [pid 2243342:tid 2243342] mod_socache_shmcb.c(530): AH00834: leaving socache_shmcb_store successfully
[Wed Aug 26 02:45:11.692022 2026] [socache_shmcb:debug] [pid 2243342:tid 2243342] mod_socache_shmcb.c(508): AH00831: socache_shmcb_store (0xb3 -> subcache 19)
[Wed Aug 26 02:45:11.692030 2026] [socache_shmcb:debug] [pid 2243342:tid 2243342] mod_socache_shmcb.c(860): AH00847: insert happened at idx=75, data=(1764:1796)
[Wed Aug 26 02:45:11.692032 2026] [socache_shmcb:debug] [pid 2243342:tid 2243342] mod_socache_shmcb.c(863): AH00848: finished insert, subcache: idx_pos/idx_used=40/36, data_pos/data_used=7884/7972
[Wed Aug 26 02:45:11.692034 2026] [socache_shmcb:debug] [pid 2243342:tid 2243342] mod_socache_shmcb.c(530): AH00834: leaving socache_shmcb_store successfully
[Wed Aug 26 02:45:11.692479 2026] [ssl:debug] [pid 2243342:tid 2243342] ssl_engine_kernel.c(254): [client 52.167.144.213:61916] AH02034: Initial (No.1) HTTPS request received for child 8 (server www.nses.ilc.edu.tw:443)
[Wed Aug 26 02:45:11.692713 2026] [authz_core:debug] [pid 2243342:tid 2243342] mod_authz_core.c(815): [client 52.167.144.213:61916] AH01626: authorization result of Require all granted: granted
[Wed Aug 26 02:45:11.692718 2026] [authz_core:debug] [pid 2243342:tid 2243342] mod_authz_core.c(815): [client 52.167.144.213:61916] AH01626: authorization result of : granted
[Wed Aug 26 02:45:11.693360 2026] [authz_core:debug] [pid 2243342:tid 2243342] mod_authz_core.c(815): [client 52.167.144.213:61916] AH01626: authorization result of Require all granted: granted
[Wed Aug 26 02:45:11.693365 2026] [authz_core:debug] [pid 2243342:tid 2243342] mod_authz_core.c(815): [client 52.167.144.213:61916] AH01626: authorization result of : granted
[Wed Aug 26 02:45:11.696590 2026] [ssl:debug] [pid 2240888:tid 2240888] ssl_engine_kernel.c(254): [client 216.73.216.242:33352] AH02034: Subsequent (No.4) HTTPS request received for child 33 (server 2blog.ilc.edu.tw:443)
[Wed Aug 26 02:45:11.696724 2026] [authz_core:debug] [pid 2240888:tid 2240888] mod_authz_core.c(815): [client 216.73.216.242:33352] AH01626: authorization result of Require all granted: granted
[Wed Aug 26 02:45:11.696728 2026] [authz_core:debug] [pid 2240888:tid 2240888] mod_authz_core.c(815): [client 216.73.216.242:33352] AH01626: authorization result of : granted
[Wed Aug 26 02:45:11.696827 2026] [authz_core:debug] [pid 2240888:tid 2240888] mod_authz_core.c(815): [client 216.73.216.242:33352] AH01626: authorization result of Require all granted: granted
[Wed Aug 26 02:45:11.696830 2026] [authz_core:debug] [pid 2240888:tid 2240888] mod_authz_core.c(815): [client 216.73.216.242:33352] AH01626: authorization result of : granted
[Wed Aug 26 02:45:11.752990 2026] [watchdog:debug] [pid 2243553:tid 2243553] mod_watchdog.c(559): AH02980: Watchdog: nothing configured?
[Wed Aug 26 02:45:11.755141 2026] [watchdog:debug] [pid 2243554:tid 2243554] mod_watchdog.c(559): AH02980: Watchdog: nothing configured?
[Wed Aug 26 02:45:11.756976 2026] [watchdog:debug] [pid 2243555:tid 2243555] mod_watchdog.c(559): AH02980: Watchdog: nothing configured?
[Wed Aug 26 02:45:11.758474 2026] [watchdog:debug] [pid 2243556:tid 2243556] mod_watchdog.c(559): AH02980: Watchdog: nothing configured?
[Wed Aug 26 02:45:11.772217 2026] [ssl:info] [pid 2240887:tid 2240887] [client 2a03:2880:f802:1f:::41414] AH01964: Connection to child 32 established (server 2blog.ilc.edu.tw:443)
[Wed Aug 26 02:45:11.772361 2026] [ssl:debug] [pid 2240887:tid 2240887] ssl_engine_kernel.c(2222): [client 2a03:2880:f802:1f:::41414] AH02043: SSL virtual host for servername 2blog.ilc.edu.tw found
[Wed Aug 26 02:45:11.772433 2026] [core:debug] [pid 2240887:tid 2240887] protocol.c(2460): [client 2a03:2880:f802:1f:::41414] AH03155: select protocol from , choices=h2,http/1.1 for server 2blog.ilc.edu.tw
[Wed Aug 26 02:45:11.789085 2026] [ssl:debug] [pid 2240884:tid 2240884] ssl_engine_kernel.c(254): [client 216.73.216.242:9068] AH02034: Subsequent (No.4) HTTPS request received for child 29 (server 2blog.ilc.edu.tw:443)
[Wed Aug 26 02:45:11.789260 2026] [authz_core:debug] [pid 2240884:tid 2240884] mod_authz_core.c(815): [client 216.73.216.242:9068] AH01626: authorization result of Require all granted: granted
[Wed Aug 26 02:45:11.789265 2026] [authz_core:debug] [pid 2240884:tid 2240884] mod_authz_core.c(815): [client 216.73.216.242:9068] AH01626: authorization result of : granted
[Wed Aug 26 02:45:11.789380 2026] [authz_core:debug] [pid 2240884:tid 2240884] mod_authz_core.c(815): [client 216.73.216.242:9068] AH01626: authorization result of Require all granted: granted
[Wed Aug 26 02:45:11.789385 2026] [authz_core:debug] [pid 2240884:tid 2240884] mod_authz_core.c(815): [client 216.73.216.242:9068] AH01626: authorization result of : granted
[Wed Aug 26 02:45:11.795087 2026] [deflate:debug] [pid 2241147:tid 2241147] mod_deflate.c(909): [client 216.73.216.242:48508] AH01384: Zlib: Compressed 2759 to 1255 : URL /index.php
[Wed Aug 26 02:45:11.845080 2026] [ssl:debug] [pid 2241272:tid 2241272] ssl_engine_io.c(1150): [client 34.123.149.87:19456] AH02001: Connection closed to child 9 with standard shutdown (server 2blog.ilc.edu.tw:443)
[Wed Aug 26 02:45:11.862078 2026] [deflate:debug] [pid 2241270:tid 2241270] mod_deflate.c(909): [client 216.73.216.242:20318] AH01384: Zlib: Compressed 2766 to 1257 : URL /index.php
[Wed Aug 26 02:45:11.887809 2026] [ssl:debug] [pid 2241268:tid 2241268] ssl_engine_kernel.c(254): [client 216.73.216.242:19184] AH02034: Subsequent (No.13) HTTPS request received for child 2 (server 2blog.ilc.edu.tw:443)
[Wed Aug 26 02:45:11.887976 2026] [authz_core:debug] [pid 2241268:tid 2241268] mod_authz_core.c(815): [client 216.73.216.242:19184] AH01626: authorization result of Require all granted: granted
[Wed Aug 26 02:45:11.887982 2026] [authz_core:debug] [pid 2241268:tid 2241268] mod_authz_core.c(815): [client 216.73.216.242:19184] AH01626: authorization result of : granted
[Wed Aug 26 02:45:11.888098 2026] [authz_core:debug] [pid 2241268:tid 2241268] mod_authz_core.c(815): [client 216.73.216.242:19184] AH01626: authorization result of Require all granted: granted
[Wed Aug 26 02:45:11.888102 2026] [authz_core:debug] [pid 2241268:tid 2241268] mod_authz_core.c(815): [client 216.73.216.242:19184] AH01626: authorization result of : granted
[Wed Aug 26 02:45:11.913465 2026] [ssl:debug] [pid 2240887:tid 2240887] ssl_engine_kernel.c(2082): [client 2a03:2880:f802:1f:::41414] AH02041: Protocol: TLSv1.3, Cipher: TLS_AES_256_GCM_SHA384 (256/256 bits)
[Wed Aug 26 02:45:11.913521 2026] [socache_shmcb:debug] [pid 2240887:tid 2240887] mod_socache_shmcb.c(508): AH00831: socache_shmcb_store (0xe4 -> subcache 4)
[Wed Aug 26 02:45:11.913529 2026] [socache_shmcb:debug] [pid 2240887:tid 2240887] mod_socache_shmcb.c(860): AH00847: insert happened at idx=59, data=(12669:12701)
[Wed Aug 26 02:45:11.913531 2026] [socache_shmcb:debug] [pid 2240887:tid 2240887] mod_socache_shmcb.c(863): AH00848: finished insert, subcache: idx_pos/idx_used=18/42, data_pos/data_used=3484/9410
[Wed Aug 26 02:45:11.913533 2026] [socache_shmcb:debug] [pid 2240887:tid 2240887] mod_socache_shmcb.c(530): AH00834: leaving socache_shmcb_store successfully
[Wed Aug 26 02:45:11.913590 2026] [socache_shmcb:debug] [pid 2240887:tid 2240887] mod_socache_shmcb.c(508): AH00831: socache_shmcb_store (0x14 -> subcache 20)
[Wed Aug 26 02:45:11.913596 2026] [socache_shmcb:debug] [pid 2240887:tid 2240887] mod_socache_shmcb.c(860): AH00847: insert happened at idx=3, data=(6104:6136)
[Wed Aug 26 02:45:11.913598 2026] [socache_shmcb:debug] [pid 2240887:tid 2240887] mod_socache_shmcb.c(863): AH00848: finished insert, subcache: idx_pos/idx_used=43/49, data_pos/data_used=9315/10878
[Wed Aug 26 02:45:11.913600 2026] [socache_shmcb:debug] [pid 2240887:tid 2240887] mod_socache_shmcb.c(530): AH00834: leaving socache_shmcb_store successfully
[Wed Aug 26 02:45:11.913711 2026] [ssl:debug] [pid 2240887:tid 2240887] ssl_engine_kernel.c(254): [client 2a03:2880:f802:1f:::41414] AH02034: Initial (No.1) HTTPS request received for child 32 (server 2blog.ilc.edu.tw:443)
[Wed Aug 26 02:45:11.913886 2026] [authz_core:debug] [pid 2240887:tid 2240887] mod_authz_core.c(815): [client 2a03:2880:f802:1f:::41414] AH01626: authorization result of Require all granted: granted
[Wed Aug 26 02:45:11.913891 2026] [authz_core:debug] [pid 2240887:tid 2240887] mod_authz_core.c(815): [client 2a03:2880:f802:1f:::41414] AH01626: authorization result of : granted
[Wed Aug 26 02:45:11.914013 2026] [authz_core:debug] [pid 2240887:tid 2240887] mod_authz_core.c(815): [client 2a03:2880:f802:1f:::41414] AH01626: authorization result of Require all granted: granted
[Wed Aug 26 02:45:11.914018 2026] [authz_core:debug] [pid 2240887:tid 2240887] mod_authz_core.c(815): [client 2a03:2880:f802:1f:::41414] AH01626: authorization result of : granted
[Wed Aug 26 02:45:11.916139 2026] [deflate:debug] [pid 2243342:tid 2243342] mod_deflate.c(909): [client 52.167.144.213:61916] AH01384: Zlib: Compressed 148113 to 23050 : URL /index.php
[Wed Aug 26 02:45:11.916163 2026] [ssl:debug] [pid 2243115:tid 2243115] ssl_engine_kernel.c(2082): [client 34.171.68.95:1538] AH02041: Protocol: TLSv1.3, Cipher: TLS_AES_256_GCM_SHA384 (256/256 bits)
[Wed Aug 26 02:45:11.916202 2026] [socache_shmcb:debug] [pid 2243115:tid 2243115] mod_socache_shmcb.c(508): AH00831: socache_shmcb_store (0x88 -> subcache 8)
[Wed Aug 26 02:45:11.916217 2026] [socache_shmcb:debug] [pid 2243115:tid 2243115] mod_socache_shmcb.c(860): AH00847: insert happened at idx=64, data=(13581:13613)
[Wed Aug 26 02:45:11.916220 2026] [socache_shmcb:debug] [pid 2243115:tid 2243115] mod_socache_shmcb.c(863): AH00848: finished insert, subcache: idx_pos/idx_used=23/42, data_pos/data_used=4511/9295
[Wed Aug 26 02:45:11.916222 2026] [socache_shmcb:debug] [pid 2243115:tid 2243115] mod_socache_shmcb.c(530): AH00834: leaving socache_shmcb_store successfully
[Wed Aug 26 02:45:11.916268 2026] [socache_shmcb:debug] [pid 2243115:tid 2243115] mod_socache_shmcb.c(508): AH00831: socache_shmcb_store (0xa9 -> subcache 9)
[Wed Aug 26 02:45:11.916274 2026] [socache_shmcb:debug] [pid 2243115:tid 2243115] mod_socache_shmcb.c(860): AH00847: insert happened at idx=52, data=(10658:10690)
[Wed Aug 26 02:45:11.916276 2026] [socache_shmcb:debug] [pid 2243115:tid 2243115] mod_socache_shmcb.c(863): AH00848: finished insert, subcache: idx_pos/idx_used=9/44, data_pos/data_used=1074/9809
[Wed Aug 26 02:45:11.916278 2026] [socache_shmcb:debug] [pid 2243115:tid 2243115] mod_socache_shmcb.c(530): AH00834: leaving socache_shmcb_store successfully
[Wed Aug 26 02:45:11.925074 2026] [ssl:debug] [pid 2241306:tid 2241306] ssl_engine_io.c(1150): [client 34.56.53.225:6145] AH02001: Connection closed to child 17 with standard shutdown (server 2blog.ilc.edu.tw:443)
[Wed Aug 26 02:45:11.942938 2026] [deflate:debug] [pid 2240888:tid 2240888] mod_deflate.c(909): [client 216.73.216.242:33352] AH01384: Zlib: Compressed 2758 to 1250 : URL /index.php
[Wed Aug 26 02:45:12.023634 2026] [ssl:debug] [pid 2243115:tid 2243115] ssl_engine_kernel.c(254): [client 34.171.68.95:1538] AH02034: Initial (No.1) HTTPS request received for child 5 (server 2blog.ilc.edu.tw:443)
[Wed Aug 26 02:45:12.023824 2026] [authz_core:debug] [pid 2243115:tid 2243115] mod_authz_core.c(815): [client 34.171.68.95:1538] AH01626: authorization result of Require all granted: granted
[Wed Aug 26 02:45:12.023830 2026] [authz_core:debug] [pid 2243115:tid 2243115] mod_authz_core.c(815): [client 34.171.68.95:1538] AH01626: authorization result of : granted
[Wed Aug 26 02:45:12.023951 2026] [authz_core:debug] [pid 2243115:tid 2243115] mod_authz_core.c(815): [client 34.171.68.95:1538] AH01626: authorization result of Require all granted: granted
[Wed Aug 26 02:45:12.023955 2026] [authz_core:debug] [pid 2243115:tid 2243115] mod_authz_core.c(815): [client 34.171.68.95:1538] AH01626: authorization result of : granted
[Wed Aug 26 02:45:12.049044 2026] [ssl:debug] [pid 2240787:tid 2240787] ssl_engine_io.c(1150): [client 34.171.68.95:41984] AH02001: Connection closed to child 14 with standard shutdown (server 2blog.ilc.edu.tw:443)
[Wed Aug 26 02:45:12.056407 2026] [authz_core:debug] [pid 2241094:tid 2241094] mod_authz_core.c(815): [client 18.215.112.101:31315] AH01626: authorization result of Require all granted: granted
[Wed Aug 26 02:45:12.056424 2026] [authz_core:debug] [pid 2241094:tid 2241094] mod_authz_core.c(815): [client 18.215.112.101:31315] AH01626: authorization result of : granted
[Wed Aug 26 02:45:12.057421 2026] [authz_core:debug] [pid 2241094:tid 2241094] mod_authz_core.c(815): [client 18.215.112.101:31315] AH01626: authorization result of Require all granted: granted
[Wed Aug 26 02:45:12.057429 2026] [authz_core:debug] [pid 2241094:tid 2241094] mod_authz_core.c(815): [client 18.215.112.101:31315] AH01626: authorization result of : granted
[Wed Aug 26 02:45:12.058448 2026] [deflate:debug] [pid 2241094:tid 2241094] mod_deflate.c(909): [client 18.215.112.101:31315] AH01384: Zlib: Compressed 800 to 384 : URL /wp-content/uploads/sites/3517/2022/09/
[Wed Aug 26 02:45:12.069461 2026] [ssl:debug] [pid 2241147:tid 2241147] ssl_engine_kernel.c(254): [client 216.73.216.242:48508] AH02034: Subsequent (No.5) HTTPS request received for child 12 (server 2blog.ilc.edu.tw:443)
[Wed Aug 26 02:45:12.069627 2026] [authz_core:debug] [pid 2241147:tid 2241147] mod_authz_core.c(815): [client 216.73.216.242:48508] AH01626: authorization result of Require all granted: granted
[Wed Aug 26 02:45:12.069632 2026] [authz_core:debug] [pid 2241147:tid 2241147] mod_authz_core.c(815): [client 216.73.216.242:48508] AH01626: authorization result of : granted
[Wed Aug 26 02:45:12.069743 2026] [authz_core:debug] [pid 2241147:tid 2241147] mod_authz_core.c(815): [client 216.73.216.242:48508] AH01626: authorization result of Require all granted: granted
[Wed Aug 26 02:45:12.069747 2026] [authz_core:debug] [pid 2241147:tid 2241147] mod_authz_core.c(815): [client 216.73.216.242:48508] AH01626: authorization result of : granted
[Wed Aug 26 02:45:12.073046 2026] [ssl:debug] [pid 2241271:tid 2241271] ssl_engine_io.c(1150): [client 34.10.180.98:3073] AH02001: Connection closed to child 7 with standard shutdown (server 2blog.ilc.edu.tw:443)
[Wed Aug 26 02:45:12.160473 2026] [ssl:debug] [pid 2241270:tid 2241270] ssl_engine_kernel.c(254): [client 216.73.216.242:20318] AH02034: Subsequent (No.6) HTTPS request received for child 3 (server 2blog.ilc.edu.tw:443)
[Wed Aug 26 02:45:12.160640 2026] [authz_core:debug] [pid 2241270:tid 2241270] mod_authz_core.c(815): [client 216.73.216.242:20318] AH01626: authorization result of Require all granted: granted
[Wed Aug 26 02:45:12.160645 2026] [authz_core:debug] [pid 2241270:tid 2241270] mod_authz_core.c(815): [client 216.73.216.242:20318] AH01626: authorization result of : granted
[Wed Aug 26 02:45:12.160760 2026] [authz_core:debug] [pid 2241270:tid 2241270] mod_authz_core.c(815): [client 216.73.216.242:20318] AH01626: authorization result of Require all granted: granted
[Wed Aug 26 02:45:12.160765 2026] [authz_core:debug] [pid 2241270:tid 2241270] mod_authz_core.c(815): [client 216.73.216.242:20318] AH01626: authorization result of : granted
[Wed Aug 26 02:45:12.176250 2026] [deflate:debug] [pid 2241268:tid 2241268] mod_deflate.c(909): [client 216.73.216.242:19184] AH01384: Zlib: Compressed 2774 to 1261 : URL /index.php
[Wed Aug 26 02:45:12.240211 2026] [ssl:debug] [pid 2240888:tid 2240888] ssl_engine_kernel.c(254): [client 216.73.216.242:33352] AH02034: Subsequent (No.5) HTTPS request received for child 33 (server 2blog.ilc.edu.tw:443)
[Wed Aug 26 02:45:12.240393 2026] [authz_core:debug] [pid 2240888:tid 2240888] mod_authz_core.c(815): [client 216.73.216.242:33352] AH01626: authorization result of Require all granted: granted
[Wed Aug 26 02:45:12.240398 2026] [authz_core:debug] [pid 2240888:tid 2240888] mod_authz_core.c(815): [client 216.73.216.242:33352] AH01626: authorization result of : granted
[Wed Aug 26 02:45:12.240517 2026] [deflate:debug] [pid 2241147:tid 2241147] mod_deflate.c(909): [client 216.73.216.242:48508] AH01384: Zlib: Compressed 2655 to 1186 : URL /index.php
[Wed Aug 26 02:45:12.240578 2026] [authz_core:debug] [pid 2240888:tid 2240888] mod_authz_core.c(815): [client 216.73.216.242:33352] AH01626: authorization result of Require all granted: granted
[Wed Aug 26 02:45:12.240583 2026] [authz_core:debug] [pid 2240888:tid 2240888] mod_authz_core.c(815): [client 216.73.216.242:33352] AH01626: authorization result of : granted
[Wed Aug 26 02:45:12.332290 2026] [ssl:debug] [pid 2240884:tid 2240884] ssl_engine_kernel.c(254): [client 216.73.216.242:9068] AH02034: Subsequent (No.5) HTTPS request received for child 29 (server 2blog.ilc.edu.tw:443)
[Wed Aug 26 02:45:12.332469 2026] [authz_core:debug] [pid 2240884:tid 2240884] mod_authz_core.c(815): [client 216.73.216.242:9068] AH01626: authorization result of Require all granted: granted
[Wed Aug 26 02:45:12.332474 2026] [authz_core:debug] [pid 2240884:tid 2240884] mod_authz_core.c(815): [client 216.73.216.242:9068] AH01626: authorization result of : granted
[Wed Aug 26 02:45:12.332598 2026] [authz_core:debug] [pid 2240884:tid 2240884] mod_authz_core.c(815): [client 216.73.216.242:9068] AH01626: authorization result of Require all granted: granted
[Wed Aug 26 02:45:12.332603 2026] [authz_core:debug] [pid 2240884:tid 2240884] mod_authz_core.c(815): [client 216.73.216.242:9068] AH01626: authorization result of : granted
[Wed Aug 26 02:45:12.407758 2026] [ssl:debug] [pid 2240887:tid 2240887] ssl_engine_io.c(1150): [client 2a03:2880:f802:1f:::41414] AH02001: Connection closed to child 32 with standard shutdown (server 2blog.ilc.edu.tw:443)
[Wed Aug 26 02:45:12.433740 2026] [ssl:debug] [pid 2241268:tid 2241268] ssl_engine_kernel.c(254): [client 216.73.216.242:19184] AH02034: Subsequent (No.14) HTTPS request received for child 2 (server 2blog.ilc.edu.tw:443)
[Wed Aug 26 02:45:12.433921 2026] [authz_core:debug] [pid 2241268:tid 2241268] mod_authz_core.c(815): [client 216.73.216.242:19184] AH01626: authorization result of Require all granted: granted
