[Wed Aug 26 02:45:12.433927 2026] [authz_core:debug] [pid 2241268:tid 2241268] mod_authz_core.c(815): [client 216.73.216.242:19184] AH01626: authorization result of : granted
[Wed Aug 26 02:45:12.434049 2026] [authz_core:debug] [pid 2241268:tid 2241268] mod_authz_core.c(815): [client 216.73.216.242:19184] AH01626: authorization result of Require all granted: granted
[Wed Aug 26 02:45:12.434053 2026] [authz_core:debug] [pid 2241268:tid 2241268] mod_authz_core.c(815): [client 216.73.216.242:19184] AH01626: authorization result of : granted
[Wed Aug 26 02:45:12.524599 2026] [ssl:debug] [pid 2241147:tid 2241147] ssl_engine_kernel.c(254): [client 216.73.216.242:48508] AH02034: Subsequent (No.6) HTTPS request received for child 12 (server 2blog.ilc.edu.tw:443)
[Wed Aug 26 02:45:12.524761 2026] [authz_core:debug] [pid 2241147:tid 2241147] mod_authz_core.c(815): [client 216.73.216.242:48508] AH01626: authorization result of Require all granted: granted
[Wed Aug 26 02:45:12.524766 2026] [authz_core:debug] [pid 2241147:tid 2241147] mod_authz_core.c(815): [client 216.73.216.242:48508] AH01626: authorization result of : granted
[Wed Aug 26 02:45:12.524879 2026] [authz_core:debug] [pid 2241147:tid 2241147] mod_authz_core.c(815): [client 216.73.216.242:48508] AH01626: authorization result of Require all granted: granted
[Wed Aug 26 02:45:12.524883 2026] [authz_core:debug] [pid 2241147:tid 2241147] mod_authz_core.c(815): [client 216.73.216.242:48508] AH01626: authorization result of : granted
[Wed Aug 26 02:45:12.786579 2026] [ssl:debug] [pid 2240888:tid 2240888] ssl_engine_kernel.c(254): [client 216.73.216.242:33352] AH02034: Subsequent (No.6) HTTPS request received for child 33 (server 2blog.ilc.edu.tw:443)
[Wed Aug 26 02:45:12.786742 2026] [authz_core:debug] [pid 2240888:tid 2240888] mod_authz_core.c(815): [client 216.73.216.242:33352] AH01626: authorization result of Require all granted: granted
[Wed Aug 26 02:45:12.786754 2026] [authz_core:debug] [pid 2240888:tid 2240888] mod_authz_core.c(815): [client 216.73.216.242:33352] AH01626: authorization result of : granted
[Wed Aug 26 02:45:12.786865 2026] [authz_core:debug] [pid 2240888:tid 2240888] mod_authz_core.c(815): [client 216.73.216.242:33352] AH01626: authorization result of Require all granted: granted
[Wed Aug 26 02:45:12.786869 2026] [authz_core:debug] [pid 2240888:tid 2240888] mod_authz_core.c(815): [client 216.73.216.242:33352] AH01626: authorization result of : granted
[Wed Aug 26 02:45:12.827128 2026] [deflate:debug] [pid 2241270:tid 2241270] mod_deflate.c(909): [client 216.73.216.242:20318] AH01384: Zlib: Compressed 537174 to 86261 : URL /index.php
[Wed Aug 26 02:45:12.878260 2026] [ssl:debug] [pid 2240884:tid 2240884] ssl_engine_kernel.c(254): [client 216.73.216.242:9068] AH02034: Subsequent (No.6) HTTPS request received for child 29 (server 2blog.ilc.edu.tw:443)
[Wed Aug 26 02:45:12.878426 2026] [authz_core:debug] [pid 2240884:tid 2240884] mod_authz_core.c(815): [client 216.73.216.242:9068] AH01626: authorization result of Require all granted: granted
[Wed Aug 26 02:45:12.878431 2026] [authz_core:debug] [pid 2240884:tid 2240884] mod_authz_core.c(815): [client 216.73.216.242:9068] AH01626: authorization result of : granted
[Wed Aug 26 02:45:12.878546 2026] [authz_core:debug] [pid 2240884:tid 2240884] mod_authz_core.c(815): [client 216.73.216.242:9068] AH01626: authorization result of Require all granted: granted
[Wed Aug 26 02:45:12.878550 2026] [authz_core:debug] [pid 2240884:tid 2240884] mod_authz_core.c(815): [client 216.73.216.242:9068] AH01626: authorization result of : granted
[Wed Aug 26 02:45:12.979009 2026] [ssl:debug] [pid 2241268:tid 2241268] ssl_engine_kernel.c(254): [client 216.73.216.242:19184] AH02034: Subsequent (No.15) HTTPS request received for child 2 (server 2blog.ilc.edu.tw:443)
[Wed Aug 26 02:45:12.979185 2026] [authz_core:debug] [pid 2241268:tid 2241268] mod_authz_core.c(815): [client 216.73.216.242:19184] AH01626: authorization result of Require all granted: granted
[Wed Aug 26 02:45:12.979191 2026] [authz_core:debug] [pid 2241268:tid 2241268] mod_authz_core.c(815): [client 216.73.216.242:19184] AH01626: authorization result of : granted
[Wed Aug 26 02:45:12.979439 2026] [authz_core:debug] [pid 2241268:tid 2241268] mod_authz_core.c(815): [client 216.73.216.242:19184] AH01626: authorization result of Require all granted: granted
[Wed Aug 26 02:45:12.979447 2026] [authz_core:debug] [pid 2241268:tid 2241268] mod_authz_core.c(815): [client 216.73.216.242:19184] AH01626: authorization result of : granted
[Wed Aug 26 02:45:13.089568 2026] [headers:debug] [pid 2243341:tid 2243341] mod_headers.c(900): AH01503: headers: ap_headers_error_filter()
[Wed Aug 26 02:45:13.128447 2026] [ssl:info] [pid 2243553:tid 2243553] [client 2001:288:a201::66:125:5458] AH01964: Connection to child 11 established (server 2blog.ilc.edu.tw:443)
[Wed Aug 26 02:45:13.128749 2026] [ssl:debug] [pid 2243553:tid 2243553] ssl_engine_kernel.c(2252): [client 2001:288:a201::66:125:5458] AH02645: Server name not provided via TLS extension (using default/first virtual host)
[Wed Aug 26 02:45:13.128787 2026] [socache_shmcb:debug] [pid 2243553:tid 2243553] mod_socache_shmcb.c(545): AH00835: socache_shmcb_retrieve (0x0e -> subcache 14)
[Wed Aug 26 02:45:13.128802 2026] [socache_shmcb:debug] [pid 2243553:tid 2243553] mod_socache_shmcb.c(896): AH00849: match at idx=82, data=3551
[Wed Aug 26 02:45:13.128805 2026] [socache_shmcb:debug] [pid 2243553:tid 2243553] mod_socache_shmcb.c(556): AH00836: leaving socache_shmcb_retrieve successfully
[Wed Aug 26 02:45:13.130082 2026] [ssl:debug] [pid 2243553:tid 2243553] ssl_engine_kernel.c(2082): [client 2001:288:a201::66:125:5458] AH02041: Protocol: TLSv1.2, Cipher: ECDHE-RSA-AES256-GCM-SHA384 (256/256 bits)
[Wed Aug 26 02:45:13.130192 2026] [ssl:debug] [pid 2243553:tid 2243553] ssl_engine_kernel.c(254): [client 2001:288:a201::66:125:5458] AH02034: Initial (No.1) HTTPS request received for child 11 (server 2blog.ilc.edu.tw:443)
[Wed Aug 26 02:45:13.130457 2026] [authz_core:debug] [pid 2243553:tid 2243553] mod_authz_core.c(815): [client 2001:288:a201::66:125:5458] AH01626: authorization result of Require all granted: granted
[Wed Aug 26 02:45:13.130464 2026] [authz_core:debug] [pid 2243553:tid 2243553] mod_authz_core.c(815): [client 2001:288:a201::66:125:5458] AH01626: authorization result of : granted
[Wed Aug 26 02:45:13.131051 2026] [authz_core:debug] [pid 2243553:tid 2243553] mod_authz_core.c(815): [client 2001:288:a201::66:125:5458] AH01626: authorization result of Require all granted: granted
[Wed Aug 26 02:45:13.131056 2026] [authz_core:debug] [pid 2243553:tid 2243553] mod_authz_core.c(815): [client 2001:288:a201::66:125:5458] AH01626: authorization result of : granted
[Wed Aug 26 02:45:13.131068 2026] [php7:error] [pid 2243553:tid 2243553] [client 2001:288:a201::66:125:5458] script '/var/www/html/2blog/active.php' not found or unable to stat
[Wed Aug 26 02:45:13.131079 2026] [headers:debug] [pid 2243553:tid 2243553] mod_headers.c(900): AH01503: headers: ap_headers_error_filter()
[Wed Aug 26 02:45:13.131217 2026] [ssl:debug] [pid 2243553:tid 2243553] ssl_engine_io.c(1150): [client 2001:288:a201::66:125:5458] AH02001: Connection closed to child 11 with standard shutdown (server 2blog.ilc.edu.tw:443)
[Wed Aug 26 02:45:13.161638 2026] [ssl:debug] [pid 2241147:tid 2241147] ssl_engine_kernel.c(254): [client 216.73.216.242:48508] AH02034: Subsequent (No.7) HTTPS request received for child 12 (server 2blog.ilc.edu.tw:443)
[Wed Aug 26 02:45:13.161799 2026] [authz_core:debug] [pid 2241147:tid 2241147] mod_authz_core.c(815): [client 216.73.216.242:48508] AH01626: authorization result of Require all granted: granted
[Wed Aug 26 02:45:13.161804 2026] [authz_core:debug] [pid 2241147:tid 2241147] mod_authz_core.c(815): [client 216.73.216.242:48508] AH01626: authorization result of : granted
[Wed Aug 26 02:45:13.161914 2026] [authz_core:debug] [pid 2241147:tid 2241147] mod_authz_core.c(815): [client 216.73.216.242:48508] AH01626: authorization result of Require all granted: granted
[Wed Aug 26 02:45:13.161919 2026] [authz_core:debug] [pid 2241147:tid 2241147] mod_authz_core.c(815): [client 216.73.216.242:48508] AH01626: authorization result of : granted
[Wed Aug 26 02:45:13.233765 2026] [deflate:debug] [pid 2241268:tid 2241268] mod_deflate.c(909): [client 216.73.216.242:19184] AH01384: Zlib: Compressed 2720 to 1246 : URL /index.php
[Wed Aug 26 02:45:13.275626 2026] [ssl:info] [pid 2240812:tid 2240812] (70014)End of file found: [client 128.241.112.208:43645] AH01992: SSL library error 6 reading data
[Wed Aug 26 02:45:13.275713 2026] [ssl:debug] [pid 2240812:tid 2240812] ssl_engine_io.c(1150): [client 128.241.112.208:43645] AH02001: Connection closed to child 10 with standard shutdown (server 2blog.ilc.edu.tw:443)
[Wed Aug 26 02:45:13.332636 2026] [ssl:debug] [pid 2240888:tid 2240888] ssl_engine_kernel.c(254): [client 216.73.216.242:33352] AH02034: Subsequent (No.7) HTTPS request received for child 33 (server 2blog.ilc.edu.tw:443)
[Wed Aug 26 02:45:13.332823 2026] [authz_core:debug] [pid 2240888:tid 2240888] mod_authz_core.c(815): [client 216.73.216.242:33352] AH01626: authorization result of Require all granted: granted
[Wed Aug 26 02:45:13.332828 2026] [authz_core:debug] [pid 2240888:tid 2240888] mod_authz_core.c(815): [client 216.73.216.242:33352] AH01626: authorization result of : granted
[Wed Aug 26 02:45:13.332945 2026] [authz_core:debug] [pid 2240888:tid 2240888] mod_authz_core.c(815): [client 216.73.216.242:33352] AH01626: authorization result of Require all granted: granted
[Wed Aug 26 02:45:13.332960 2026] [authz_core:debug] [pid 2240888:tid 2240888] mod_authz_core.c(815): [client 216.73.216.242:33352] AH01626: authorization result of : granted
[Wed Aug 26 02:45:13.364964 2026] [ssl:info] [pid 2243554:tid 2243554] [client 2a03:2880:f802:4:::64878] AH01964: Connection to child 13 established (server 2blog.ilc.edu.tw:443)
[Wed Aug 26 02:45:13.365450 2026] [ssl:debug] [pid 2243554:tid 2243554] ssl_engine_kernel.c(2230): [client 2a03:2880:f802:4:::64878] AH02044: No matching SSL virtual host for servername blog.ilc.edu.tw found (using default/first virtual host)
[Wed Aug 26 02:45:13.365568 2026] [core:debug] [pid 2243554:tid 2243554] protocol.c(2460): [client 2a03:2880:f802:4:::64878] AH03155: select protocol from , choices=h2,http/1.1 for server 2blog.ilc.edu.tw
[Wed Aug 26 02:45:13.410013 2026] [deflate:debug] [pid 2241147:tid 2241147] mod_deflate.c(909): [client 216.73.216.242:48508] AH01384: Zlib: Compressed 2716 to 1245 : URL /index.php
[Wed Aug 26 02:45:13.525458 2026] [ssl:debug] [pid 2241270:tid 2241270] ssl_engine_kernel.c(254): [client 216.73.216.242:20318] AH02034: Subsequent (No.7) HTTPS request received for child 3 (server 2blog.ilc.edu.tw:443)
[Wed Aug 26 02:45:13.525638 2026] [authz_core:debug] [pid 2241270:tid 2241270] mod_authz_core.c(815): [client 216.73.216.242:20318] AH01626: authorization result of Require all granted: granted
[Wed Aug 26 02:45:13.525644 2026] [authz_core:debug] [pid 2241270:tid 2241270] mod_authz_core.c(815): [client 216.73.216.242:20318] AH01626: authorization result of : granted
[Wed Aug 26 02:45:13.525763 2026] [authz_core:debug] [pid 2241270:tid 2241270] mod_authz_core.c(815): [client 216.73.216.242:20318] AH01626: authorization result of Require all granted: granted
[Wed Aug 26 02:45:13.525767 2026] [authz_core:debug] [pid 2241270:tid 2241270] mod_authz_core.c(815): [client 216.73.216.242:20318] AH01626: authorization result of : granted
[Wed Aug 26 02:45:13.526189 2026] [ssl:info] [pid 2243554:tid 2243554] [client 2a03:2880:f802:4:::64878] AH02008: SSL library error 1 in handshake (server 2blog.ilc.edu.tw:443)
[Wed Aug 26 02:45:13.526225 2026] [ssl:info] [pid 2243554:tid 2243554] SSL Library Error: error:0A000438:SSL routines::tlsv1 alert internal error (SSL alert number 80)
[Wed Aug 26 02:45:13.526231 2026] [ssl:info] [pid 2243554:tid 2243554] [client 2a03:2880:f802:4:::64878] AH01998: Connection closed to child 13 with abortive shutdown (server 2blog.ilc.edu.tw:443)
[Wed Aug 26 02:45:13.707634 2026] [ssl:debug] [pid 2241147:tid 2241147] ssl_engine_kernel.c(254): [client 216.73.216.242:48508] AH02034: Subsequent (No.8) HTTPS request received for child 12 (server 2blog.ilc.edu.tw:443)
[Wed Aug 26 02:45:13.707807 2026] [authz_core:debug] [pid 2241147:tid 2241147] mod_authz_core.c(815): [client 216.73.216.242:48508] AH01626: authorization result of Require all granted: granted
[Wed Aug 26 02:45:13.707812 2026] [authz_core:debug] [pid 2241147:tid 2241147] mod_authz_core.c(815): [client 216.73.216.242:48508] AH01626: authorization result of : granted
[Wed Aug 26 02:45:13.707927 2026] [authz_core:debug] [pid 2241147:tid 2241147] mod_authz_core.c(815): [client 216.73.216.242:48508] AH01626: authorization result of Require all granted: granted
[Wed Aug 26 02:45:13.707931 2026] [authz_core:debug] [pid 2241147:tid 2241147] mod_authz_core.c(815): [client 216.73.216.242:48508] AH01626: authorization result of : granted
[Wed Aug 26 02:45:13.797906 2026] [ssl:debug] [pid 2241268:tid 2241268] ssl_engine_kernel.c(254): [client 216.73.216.242:19184] AH02034: Subsequent (No.16) HTTPS request received for child 2 (server 2blog.ilc.edu.tw:443)
[Wed Aug 26 02:45:13.798077 2026] [authz_core:debug] [pid 2241268:tid 2241268] mod_authz_core.c(815): [client 216.73.216.242:19184] AH01626: authorization result of Require all granted: granted
[Wed Aug 26 02:45:13.798082 2026] [authz_core:debug] [pid 2241268:tid 2241268] mod_authz_core.c(815): [client 216.73.216.242:19184] AH01626: authorization result of : granted
[Wed Aug 26 02:45:13.798195 2026] [authz_core:debug] [pid 2241268:tid 2241268] mod_authz_core.c(815): [client 216.73.216.242:19184] AH01626: authorization result of Require all granted: granted
[Wed Aug 26 02:45:13.798198 2026] [authz_core:debug] [pid 2241268:tid 2241268] mod_authz_core.c(815): [client 216.73.216.242:19184] AH01626: authorization result of : granted
[Wed Aug 26 02:45:13.878029 2026] [ssl:debug] [pid 2240888:tid 2240888] ssl_engine_kernel.c(254): [client 216.73.216.242:33352] AH02034: Subsequent (No.8) HTTPS request received for child 33 (server 2blog.ilc.edu.tw:443)
[Wed Aug 26 02:45:13.878196 2026] [authz_core:debug] [pid 2240888:tid 2240888] mod_authz_core.c(815): [client 216.73.216.242:33352] AH01626: authorization result of Require all granted: granted
[Wed Aug 26 02:45:13.878200 2026] [authz_core:debug] [pid 2240888:tid 2240888] mod_authz_core.c(815): [client 216.73.216.242:33352] AH01626: authorization result of : granted
[Wed Aug 26 02:45:13.878315 2026] [authz_core:debug] [pid 2240888:tid 2240888] mod_authz_core.c(815): [client 216.73.216.242:33352] AH01626: authorization result of Require all granted: granted
[Wed Aug 26 02:45:13.878319 2026] [authz_core:debug] [pid 2240888:tid 2240888] mod_authz_core.c(815): [client 216.73.216.242:33352] AH01626: authorization result of : granted
[Wed Aug 26 02:45:14.071415 2026] [ssl:debug] [pid 2241270:tid 2241270] ssl_engine_kernel.c(254): [client 216.73.216.242:20318] AH02034: Subsequent (No.8) HTTPS request received for child 3 (server 2blog.ilc.edu.tw:443)
[Wed Aug 26 02:45:14.071601 2026] [authz_core:debug] [pid 2241270:tid 2241270] mod_authz_core.c(815): [client 216.73.216.242:20318] AH01626: authorization result of Require all granted: granted
[Wed Aug 26 02:45:14.071606 2026] [authz_core:debug] [pid 2241270:tid 2241270] mod_authz_core.c(815): [client 216.73.216.242:20318] AH01626: authorization result of : granted
[Wed Aug 26 02:45:14.071719 2026] [authz_core:debug] [pid 2241270:tid 2241270] mod_authz_core.c(815): [client 216.73.216.242:20318] AH01626: authorization result of Require all granted: granted
[Wed Aug 26 02:45:14.071723 2026] [authz_core:debug] [pid 2241270:tid 2241270] mod_authz_core.c(815): [client 216.73.216.242:20318] AH01626: authorization result of : granted
[Wed Aug 26 02:45:14.120110 2026] [deflate:debug] [pid 2240888:tid 2240888] mod_deflate.c(909): [client 216.73.216.242:33352] AH01384: Zlib: Compressed 2721 to 1242 : URL /index.php
[Wed Aug 26 02:45:14.152458 2026] [ssl:debug] [pid 2240884:tid 2240884] ssl_engine_kernel.c(254): [client 216.73.216.242:9068] AH02034: Subsequent (No.7) HTTPS request received for child 29 (server 2blog.ilc.edu.tw:443)
[Wed Aug 26 02:45:14.152632 2026] [authz_core:debug] [pid 2240884:tid 2240884] mod_authz_core.c(815): [client 216.73.216.242:9068] AH01626: authorization result of Require all granted: granted
[Wed Aug 26 02:45:14.152638 2026] [authz_core:debug] [pid 2240884:tid 2240884] mod_authz_core.c(815): [client 216.73.216.242:9068] AH01626: authorization result of : granted
[Wed Aug 26 02:45:14.152769 2026] [authz_core:debug] [pid 2240884:tid 2240884] mod_authz_core.c(815): [client 216.73.216.242:9068] AH01626: authorization result of Require all granted: granted
[Wed Aug 26 02:45:14.152778 2026] [authz_core:debug] [pid 2240884:tid 2240884] mod_authz_core.c(815): [client 216.73.216.242:9068] AH01626: authorization result of : granted
[Wed Aug 26 02:45:14.327553 2026] [deflate:debug] [pid 2241270:tid 2241270] mod_deflate.c(909): [client 216.73.216.242:20318] AH01384: Zlib: Compressed 2716 to 1247 : URL /index.php
[Wed Aug 26 02:45:14.344290 2026] [ssl:debug] [pid 2241147:tid 2241147] ssl_engine_kernel.c(254): [client 216.73.216.242:48508] AH02034: Subsequent (No.9) HTTPS request received for child 12 (server 2blog.ilc.edu.tw:443)
[Wed Aug 26 02:45:14.344469 2026] [authz_core:debug] [pid 2241147:tid 2241147] mod_authz_core.c(815): [client 216.73.216.242:48508] AH01626: authorization result of Require all granted: granted
[Wed Aug 26 02:45:14.344474 2026] [authz_core:debug] [pid 2241147:tid 2241147] mod_authz_core.c(815): [client 216.73.216.242:48508] AH01626: authorization result of : granted
[Wed Aug 26 02:45:14.344589 2026] [authz_core:debug] [pid 2241147:tid 2241147] mod_authz_core.c(815): [client 216.73.216.242:48508] AH01626: authorization result of Require all granted: granted
[Wed Aug 26 02:45:14.344599 2026] [authz_core:debug] [pid 2241147:tid 2241147] mod_authz_core.c(815): [client 216.73.216.242:48508] AH01626: authorization result of : granted
[Wed Aug 26 02:45:14.409036 2026] [ssl:info] [pid 2243556:tid 2243556] [client 36.229.220.133:13413] AH01964: Connection to child 18 established (server 2blog.ilc.edu.tw:443)
[Wed Aug 26 02:45:14.409449 2026] [ssl:debug] [pid 2243556:tid 2243556] ssl_engine_kernel.c(2222): [client 36.229.220.133:13413] AH02043: SSL virtual host for servername www.tses.ilc.edu.tw found
[Wed Aug 26 02:45:14.409614 2026] [ssl:debug] [pid 2243556:tid 2243556] ssl_util_stapling.c(819): AH01951: stapling_cb: OCSP Stapling callback called
[Wed Aug 26 02:45:14.409622 2026] [ssl:info] [pid 2243556:tid 2243556] AH01926: stapling_get_certinfo: stapling not supported for certificate
[Wed Aug 26 02:45:14.412419 2026] [ssl:debug] [pid 2243556:tid 2243556] ssl_engine_kernel.c(2082): [client 36.229.220.133:13413] AH02041: Protocol: TLSv1.3, Cipher: TLS_AES_256_GCM_SHA384 (256/256 bits)
[Wed Aug 26 02:45:14.412445 2026] [ssl:info] [pid 2241266:tid 2241266] [client 36.229.220.133:56314] AH01964: Connection to child 0 established (server 2blog.ilc.edu.tw:443)
[Wed Aug 26 02:45:14.412472 2026] [socache_shmcb:debug] [pid 2243556:tid 2243556] mod_socache_shmcb.c(508): AH00831: socache_shmcb_store (0xea -> subcache 10)
[Wed Aug 26 02:45:14.412484 2026] [socache_shmcb:debug] [pid 2243556:tid 2243556] mod_socache_shmcb.c(745): AH00842: expiring 2 and reclaiming 0 removed socache entries
[Wed Aug 26 02:45:14.412487 2026] [socache_shmcb:debug] [pid 2243556:tid 2243556] mod_socache_shmcb.c(765): AH00843: we now have 40 socache entries
[Wed Aug 26 02:45:14.412489 2026] [socache_shmcb:debug] [pid 2243556:tid 2243556] mod_socache_shmcb.c(860): AH00847: insert happened at idx=29, data=(5721:5753)
[Wed Aug 26 02:45:14.412491 2026] [socache_shmcb:debug] [pid 2243556:tid 2243556] mod_socache_shmcb.c(863): AH00848: finished insert, subcache: idx_pos/idx_used=77/41, data_pos/data_used=10701/9100
[Wed Aug 26 02:45:14.412493 2026] [socache_shmcb:debug] [pid 2243556:tid 2243556] mod_socache_shmcb.c(530): AH00834: leaving socache_shmcb_store successfully
[Wed Aug 26 02:45:14.412534 2026] [socache_shmcb:debug] [pid 2243556:tid 2243556] mod_socache_shmcb.c(508): AH00831: socache_shmcb_store (0xa1 -> subcache 1)
[Wed Aug 26 02:45:14.412539 2026] [socache_shmcb:debug] [pid 2243556:tid 2243556] mod_socache_shmcb.c(745): AH00842: expiring 3 and reclaiming 1 removed socache entries
[Wed Aug 26 02:45:14.412541 2026] [socache_shmcb:debug] [pid 2243556:tid 2243556] mod_socache_shmcb.c(765): AH00843: we now have 53 socache entries
[Wed Aug 26 02:45:14.412543 2026] [socache_shmcb:debug] [pid 2243556:tid 2243556] mod_socache_shmcb.c(860): AH00847: insert happened at idx=55, data=(2983:3015)
[Wed Aug 26 02:45:14.412544 2026] [socache_shmcb:debug] [pid 2243556:tid 2243556] mod_socache_shmcb.c(863): AH00848: finished insert, subcache: idx_pos/idx_used=2/54, data_pos/data_used=5095/11969
[Wed Aug 26 02:45:14.412546 2026] [socache_shmcb:debug] [pid 2243556:tid 2243556] mod_socache_shmcb.c(530): AH00834: leaving socache_shmcb_store successfully
[Wed Aug 26 02:45:14.412584 2026] [ssl:info] [pid 2243556:tid 2243556] (70014)End of file found: [client 36.229.220.133:13413] AH01992: SSL library error 6 reading data
[Wed Aug 26 02:45:14.412608 2026] [ssl:debug] [pid 2243556:tid 2243556] ssl_engine_io.c(1150): [client 36.229.220.133:13413] AH02001: Connection closed to child 18 with standard shutdown (server www.tses.ilc.edu.tw:443)
[Wed Aug 26 02:45:14.412642 2026] [ssl:debug] [pid 2241266:tid 2241266] ssl_engine_kernel.c(2222): [client 36.229.220.133:56314] AH02043: SSL virtual host for servername www.tses.ilc.edu.tw found
[Wed Aug 26 02:45:14.412691 2026] [core:debug] [pid 2241266:tid 2241266] protocol.c(2460): [client 36.229.220.133:56314] AH03155: select protocol from , choices=h2,http/1.1 for server www.tses.ilc.edu.tw
[Wed Aug 26 02:45:14.412729 2026] [ssl:debug] [pid 2241266:tid 2241266] ssl_util_stapling.c(819): AH01951: stapling_cb: OCSP Stapling callback called
[Wed Aug 26 02:45:14.412734 2026] [ssl:info] [pid 2241266:tid 2241266] AH01926: stapling_get_certinfo: stapling not supported for certificate
[Wed Aug 26 02:45:14.424396 2026] [ssl:debug] [pid 2241266:tid 2241266] ssl_engine_kernel.c(2082): [client 36.229.220.133:56314] AH02041: Protocol: TLSv1.3, Cipher: TLS_AES_256_GCM_SHA384 (256/256 bits)
[Wed Aug 26 02:45:14.424440 2026] [socache_shmcb:debug] [pid 2241266:tid 2241266] mod_socache_shmcb.c(508): AH00831: socache_shmcb_store (0x79 -> subcache 25)
[Wed Aug 26 02:45:14.424448 2026] [socache_shmcb:debug] [pid 2241266:tid 2241266] mod_socache_shmcb.c(860): AH00847: insert happened at idx=64, data=(13322:13354)
[Wed Aug 26 02:45:14.424450 2026] [socache_shmcb:debug] [pid 2241266:tid 2241266] mod_socache_shmcb.c(863): AH00848: finished insert, subcache: idx_pos/idx_used=6/59, data_pos/data_used=473/13077
[Wed Aug 26 02:45:14.424453 2026] [socache_shmcb:debug] [pid 2241266:tid 2241266] mod_socache_shmcb.c(530): AH00834: leaving socache_shmcb_store successfully
[Wed Aug 26 02:45:14.424489 2026] [ssl:debug] [pid 2240888:tid 2240888] ssl_engine_kernel.c(254): [client 216.73.216.242:33352] AH02034: Subsequent (No.9) HTTPS request received for child 33 (server 2blog.ilc.edu.tw:443)
[Wed Aug 26 02:45:14.424499 2026] [socache_shmcb:debug] [pid 2241266:tid 2241266] mod_socache_shmcb.c(508): AH00831: socache_shmcb_store (0xd6 -> subcache 22)
[Wed Aug 26 02:45:14.424505 2026] [socache_shmcb:debug] [pid 2241266:tid 2241266] mod_socache_shmcb.c(860): AH00847: insert happened at idx=34, data=(12186:12218)
[Wed Aug 26 02:45:14.424507 2026] [socache_shmcb:debug] [pid 2241266:tid 2241266] mod_socache_shmcb.c(863): AH00848: finished insert, subcache: idx_pos/idx_used=81/42, data_pos/data_used=3070/9344
[Wed Aug 26 02:45:14.424509 2026] [socache_shmcb:debug] [pid 2241266:tid 2241266] mod_socache_shmcb.c(530): AH00834: leaving socache_shmcb_store successfully
[Wed Aug 26 02:45:14.424660 2026] [authz_core:debug] [pid 2240888:tid 2240888] mod_authz_core.c(815): [client 216.73.216.242:33352] AH01626: authorization result of Require all granted: granted
[Wed Aug 26 02:45:14.424666 2026] [authz_core:debug] [pid 2240888:tid 2240888] mod_authz_core.c(815): [client 216.73.216.242:33352] AH01626: authorization result of : granted
[Wed Aug 26 02:45:14.424779 2026] [authz_core:debug] [pid 2240888:tid 2240888] mod_authz_core.c(815): [client 216.73.216.242:33352] AH01626: authorization result of Require all granted: granted
[Wed Aug 26 02:45:14.424783 2026] [authz_core:debug] [pid 2240888:tid 2240888] mod_authz_core.c(815): [client 216.73.216.242:33352] AH01626: authorization result of : granted
[Wed Aug 26 02:45:14.433154 2026] [ssl:debug] [pid 2241266:tid 2241266] ssl_engine_kernel.c(254): [client 36.229.220.133:56314] AH02034: Initial (No.1) HTTPS request received for child 0 (server www.tses.ilc.edu.tw:443), referer: https://www.tses.ilc.edu.tw/2015/09/17/%E7%8F%AD%E7%B4%9A%E8%AA%B2%E8%A1%A8/
[Wed Aug 26 02:45:14.433334 2026] [authz_core:debug] [pid 2241266:tid 2241266] mod_authz_core.c(815): [client 36.229.220.133:56314] AH01626: authorization result of Require all granted: granted, referer: https://www.tses.ilc.edu.tw/2015/09/17/%E7%8F%AD%E7%B4%9A%E8%AA%B2%E8%A1%A8/
[Wed Aug 26 02:45:14.433339 2026] [authz_core:debug] [pid 2241266:tid 2241266] mod_authz_core.c(815): [client 36.229.220.133:56314] AH01626: authorization result of : granted, referer: https://www.tses.ilc.edu.tw/2015/09/17/%E7%8F%AD%E7%B4%9A%E8%AA%B2%E8%A1%A8/
[Wed Aug 26 02:45:14.433458 2026] [authz_core:debug] [pid 2241266:tid 2241266] mod_authz_core.c(815): [client 36.229.220.133:56314] AH01626: authorization result of Require all granted: granted, referer: https://www.tses.ilc.edu.tw/2015/09/17/%E7%8F%AD%E7%B4%9A%E8%AA%B2%E8%A1%A8/
[Wed Aug 26 02:45:14.433463 2026] [authz_core:debug] [pid 2241266:tid 2241266] mod_authz_core.c(815): [client 36.229.220.133:56314] AH01626: authorization result of : granted, referer: https://www.tses.ilc.edu.tw/2015/09/17/%E7%8F%AD%E7%B4%9A%E8%AA%B2%E8%A1%A8/
[Wed Aug 26 02:45:14.476924 2026] [deflate:debug] [pid 2241268:tid 2241268] mod_deflate.c(909): [client 216.73.216.242:19184] AH01384: Zlib: Compressed 533355 to 86133 : URL /index.php
[Wed Aug 26 02:45:14.569940 2026] [ssl:info] [pid 2241272:tid 2241272] [client 17.241.219.4:51012] AH01964: Connection to child 9 established (server 2blog.ilc.edu.tw:443)
[Wed Aug 26 02:45:14.570128 2026] [ssl:debug] [pid 2241272:tid 2241272] ssl_engine_kernel.c(2222): [client 17.241.219.4:51012] AH02043: SSL virtual host for servername www.nses.ilc.edu.tw found
[Wed Aug 26 02:45:14.570187 2026] [core:debug] [pid 2241272:tid 2241272] protocol.c(2460): [client 17.241.219.4:51012] AH03155: select protocol from , choices=http/1.1,h2 for server www.nses.ilc.edu.tw
[Wed Aug 26 02:45:14.617690 2026] [ssl:debug] [pid 2241270:tid 2241270] ssl_engine_kernel.c(254): [client 216.73.216.242:20318] AH02034: Subsequent (No.9) HTTPS request received for child 3 (server 2blog.ilc.edu.tw:443)
[Wed Aug 26 02:45:14.617866 2026] [authz_core:debug] [pid 2241270:tid 2241270] mod_authz_core.c(815): [client 216.73.216.242:20318] AH01626: authorization result of Require all granted: granted
[Wed Aug 26 02:45:14.617871 2026] [authz_core:debug] [pid 2241270:tid 2241270] mod_authz_core.c(815): [client 216.73.216.242:20318] AH01626: authorization result of : granted
[Wed Aug 26 02:45:14.617990 2026] [authz_core:debug] [pid 2241270:tid 2241270] mod_authz_core.c(815): [client 216.73.216.242:20318] AH01626: authorization result of Require all granted: granted
[Wed Aug 26 02:45:14.617993 2026] [authz_core:debug] [pid 2241270:tid 2241270] mod_authz_core.c(815): [client 216.73.216.242:20318] AH01626: authorization result of : granted
[Wed Aug 26 02:45:14.674047 2026] [ssl:debug] [pid 2241266:tid 2241266] ssl_engine_io.c(1150): [client 36.229.220.133:56314] AH02001: Connection closed to child 0 with standard shutdown (server www.tses.ilc.edu.tw:443)
[Wed Aug 26 02:45:14.761421 2026] [ssl:debug] [pid 2241272:tid 2241272] ssl_engine_kernel.c(2082): [client 17.241.219.4:51012] AH02041: Protocol: TLSv1.3, Cipher: TLS_AES_256_GCM_SHA384 (256/256 bits)
[Wed Aug 26 02:45:14.761463 2026] [socache_shmcb:debug] [pid 2241272:tid 2241272] mod_socache_shmcb.c(508): AH00831: socache_shmcb_store (0x11 -> subcache 17)
[Wed Aug 26 02:45:14.761469 2026] [socache_shmcb:debug] [pid 2241272:tid 2241272] mod_socache_shmcb.c(860): AH00847: insert happened at idx=8, data=(6644:6676)
[Wed Aug 26 02:45:14.761471 2026] [socache_shmcb:debug] [pid 2241272:tid 2241272] mod_socache_shmcb.c(863): AH00848: finished insert, subcache: idx_pos/idx_used=46/51, data_pos/data_used=9472/11265
[Wed Aug 26 02:45:14.761474 2026] [socache_shmcb:debug] [pid 2241272:tid 2241272] mod_socache_shmcb.c(530): AH00834: leaving socache_shmcb_store successfully
[Wed Aug 26 02:45:14.761522 2026] [socache_shmcb:debug] [pid 2241272:tid 2241272] mod_socache_shmcb.c(508): AH00831: socache_shmcb_store (0x75 -> subcache 21)
[Wed Aug 26 02:45:14.761527 2026] [socache_shmcb:debug] [pid 2241272:tid 2241272] mod_socache_shmcb.c(860): AH00847: insert happened at idx=17, data=(8920:8952)
[Wed Aug 26 02:45:14.761529 2026] [socache_shmcb:debug] [pid 2241272:tid 2241272] mod_socache_shmcb.c(863): AH00848: finished insert, subcache: idx_pos/idx_used=48/58, data_pos/data_used=10143/12870
[Wed Aug 26 02:45:14.761530 2026] [socache_shmcb:debug] [pid 2241272:tid 2241272] mod_socache_shmcb.c(530): AH00834: leaving socache_shmcb_store successfully
[Wed Aug 26 02:45:14.789579 2026] [ssl:debug] [pid 2240884:tid 2240884] ssl_engine_kernel.c(254): [client 216.73.216.242:9068] AH02034: Subsequent (No.8) HTTPS request received for child 29 (server 2blog.ilc.edu.tw:443)
[Wed Aug 26 02:45:14.789825 2026] [authz_core:debug] [pid 2240884:tid 2240884] mod_authz_core.c(815): [client 216.73.216.242:9068] AH01626: authorization result of Require all granted: granted
[Wed Aug 26 02:45:14.789834 2026] [authz_core:debug] [pid 2240884:tid 2240884] mod_authz_core.c(815): [client 216.73.216.242:9068] AH01626: authorization result of : granted
[Wed Aug 26 02:45:14.789976 2026] [authz_core:debug] [pid 2240884:tid 2240884] mod_authz_core.c(815): [client 216.73.216.242:9068] AH01626: authorization result of Require all granted: granted
[Wed Aug 26 02:45:14.789983 2026] [authz_core:debug] [pid 2240884:tid 2240884] mod_authz_core.c(815): [client 216.73.216.242:9068] AH01626: authorization result of : granted
[Wed Aug 26 02:45:14.833043 2026] [ssl:debug] [pid 2240875:tid 2240875] ssl_engine_io.c(1150): [client 34.56.53.225:6146] AH02001: Connection closed to child 26 with standard shutdown (server 2blog.ilc.edu.tw:443)
[Wed Aug 26 02:45:14.880584 2026] [deflate:debug] [pid 2241270:tid 2241270] mod_deflate.c(909): [client 216.73.216.242:20318] AH01384: Zlib: Compressed 2717 to 1245 : URL /index.php
[Wed Aug 26 02:45:14.890165 2026] [ssl:debug] [pid 2241147:tid 2241147] ssl_engine_kernel.c(254): [client 216.73.216.242:48508] AH02034: Subsequent (No.10) HTTPS request received for child 12 (server 2blog.ilc.edu.tw:443)
[Wed Aug 26 02:45:14.890337 2026] [authz_core:debug] [pid 2241147:tid 2241147] mod_authz_core.c(815): [client 216.73.216.242:48508] AH01626: authorization result of Require all granted: granted
[Wed Aug 26 02:45:14.890344 2026] [authz_core:debug] [pid 2241147:tid 2241147] mod_authz_core.c(815): [client 216.73.216.242:48508] AH01626: authorization result of : granted
[Wed Aug 26 02:45:14.890517 2026] [authz_core:debug] [pid 2241147:tid 2241147] mod_authz_core.c(815): [client 216.73.216.242:48508] AH01626: authorization result of Require all granted: granted
[Wed Aug 26 02:45:14.890526 2026] [authz_core:debug] [pid 2241147:tid 2241147] mod_authz_core.c(815): [client 216.73.216.242:48508] AH01626: authorization result of : granted
[Wed Aug 26 02:45:14.898776 2026] [ssl:debug] [pid 2241272:tid 2241272] ssl_engine_kernel.c(254): [client 17.241.219.4:51012] AH02034: Initial (No.1) HTTPS request received for child 9 (server www.nses.ilc.edu.tw:443), referer: https://www.nses.ilc.edu.tw/dasdsasad/sadsdaasd/dsadsaads/dsadsaads/www.revxtr.com/?paged=1
[Wed Aug 26 02:45:14.898977 2026] [authz_core:debug] [pid 2241272:tid 2241272] mod_authz_core.c(815): [client 17.241.219.4:51012] AH01626: authorization result of Require all granted: granted, referer: https://www.nses.ilc.edu.tw/dasdsasad/sadsdaasd/dsadsaads/dsadsaads/www.revxtr.com/?paged=1
[Wed Aug 26 02:45:14.898983 2026] [authz_core:debug] [pid 2241272:tid 2241272] mod_authz_core.c(815): [client 17.241.219.4:51012] AH01626: authorization result of : granted, referer: https://www.nses.ilc.edu.tw/dasdsasad/sadsdaasd/dsadsaads/dsadsaads/www.revxtr.com/?paged=1
[Wed Aug 26 02:45:14.901860 2026] [deflate:debug] [pid 2241272:tid 2241272] mod_deflate.c(909): [client 17.241.219.4:51012] AH01384: Zlib: Compressed 102217 to 22405 : URL /wp-content/themes/oceanwp/assets/fonts/fontawesome/css/all.min.css, referer: https://www.nses.ilc.edu.tw/dasdsasad/sadsdaasd/dsadsaads/dsadsaads/www.revxtr.com/?paged=1
[Wed Aug 26 02:45:14.971018 2026] [ssl:debug] [pid 2240888:tid 2240888] ssl_engine_kernel.c(254): [client 216.73.216.242:33352] AH02034: Subsequent (No.10) HTTPS request received for child 33 (server 2blog.ilc.edu.tw:443)
[Wed Aug 26 02:45:14.971202 2026] [authz_core:debug] [pid 2240888:tid 2240888] mod_authz_core.c(815): [client 216.73.216.242:33352] AH01626: authorization result of Require all granted: granted
[Wed Aug 26 02:45:14.971208 2026] [authz_core:debug] [pid 2240888:tid 2240888] mod_authz_core.c(815): [client 216.73.216.242:33352] AH01626: authorization result of : granted
[Wed Aug 26 02:45:14.971320 2026] [authz_core:debug] [pid 2240888:tid 2240888] mod_authz_core.c(815): [client 216.73.216.242:33352] AH01626: authorization result of Require all granted: granted
[Wed Aug 26 02:45:14.971323 2026] [authz_core:debug] [pid 2240888:tid 2240888] mod_authz_core.c(815): [client 216.73.216.242:33352] AH01626: authorization result of : granted
[Wed Aug 26 02:45:14.980168 2026] [deflate:debug] [pid 2240884:tid 2240884] mod_deflate.c(909): [client 216.73.216.242:9068] AH01384: Zlib: Compressed 2537 to 1148 : URL /index.php
[Wed Aug 26 02:45:14.996655 2026] [deflate:debug] [pid 2240888:tid 2240888] mod_deflate.c(909): [client 216.73.216.242:33352] AH01384: Zlib: Compressed 533709 to 85870 : URL /index.php
[Wed Aug 26 02:45:15.053521 2026] [authz_core:debug] [pid 2240887:tid 2240887] mod_authz_core.c(815): [client 52.1.157.90:1367] AH01626: authorization result of Require all granted: granted
[Wed Aug 26 02:45:15.053545 2026] [authz_core:debug] [pid 2240887:tid 2240887] mod_authz_core.c(815): [client 52.1.157.90:1367] AH01626: authorization result of : granted
[Wed Aug 26 02:45:15.053730 2026] [authz_core:debug] [pid 2240887:tid 2240887] mod_authz_core.c(815): [client 52.1.157.90:1367] AH01626: authorization result of Require all granted: granted
[Wed Aug 26 02:45:15.053734 2026] [authz_core:debug] [pid 2240887:tid 2240887] mod_authz_core.c(815): [client 52.1.157.90:1367] AH01626: authorization result of : granted
[Wed Aug 26 02:45:15.054352 2026] [authz_core:debug] [pid 2240887:tid 2240887] mod_authz_core.c(815): [client 52.1.157.90:1367] AH01626: authorization result of Require all granted: granted
[Wed Aug 26 02:45:15.054361 2026] [authz_core:debug] [pid 2240887:tid 2240887] mod_authz_core.c(815): [client 52.1.157.90:1367] AH01626: authorization result of : granted
[Wed Aug 26 02:45:15.054725 2026] [authz_core:debug] [pid 2240887:tid 2240887] mod_authz_core.c(815): [client 52.1.157.90:1367] AH01626: authorization result of Require all granted: granted
[Wed Aug 26 02:45:15.054732 2026] [authz_core:debug] [pid 2240887:tid 2240887] mod_authz_core.c(815): [client 52.1.157.90:1367] AH01626: authorization result of : granted
[Wed Aug 26 02:45:15.055071 2026] [authz_core:debug] [pid 2240887:tid 2240887] mod_authz_core.c(815): [client 52.1.157.90:1367] AH01626: authorization result of Require all granted: granted
[Wed Aug 26 02:45:15.055078 2026] [authz_core:debug] [pid 2240887:tid 2240887] mod_authz_core.c(815): [client 52.1.157.90:1367] AH01626: authorization result of : granted
[Wed Aug 26 02:45:15.055337 2026] [authz_core:debug] [pid 2240887:tid 2240887] mod_authz_core.c(815): [client 52.1.157.90:1367] AH01626: authorization result of Require all granted: granted
[Wed Aug 26 02:45:15.055344 2026] [authz_core:debug] [pid 2240887:tid 2240887] mod_authz_core.c(815): [client 52.1.157.90:1367] AH01626: authorization result of : granted
[Wed Aug 26 02:45:15.055746 2026] [authz_core:debug] [pid 2240887:tid 2240887] mod_authz_core.c(815): [client 52.1.157.90:1367] AH01626: authorization result of Require all granted: granted
[Wed Aug 26 02:45:15.055752 2026] [authz_core:debug] [pid 2240887:tid 2240887] mod_authz_core.c(815): [client 52.1.157.90:1367] AH01626: authorization result of : granted
[Wed Aug 26 02:45:15.056091 2026] [authz_core:debug] [pid 2240887:tid 2240887] mod_authz_core.c(815): [client 52.1.157.90:1367] AH01626: authorization result of Require all granted: granted
[Wed Aug 26 02:45:15.056097 2026] [authz_core:debug] [pid 2240887:tid 2240887] mod_authz_core.c(815): [client 52.1.157.90:1367] AH01626: authorization result of : granted
[Wed Aug 26 02:45:15.056418 2026] [authz_core:debug] [pid 2240887:tid 2240887] mod_authz_core.c(815): [client 52.1.157.90:1367] AH01626: authorization result of Require all granted: granted
[Wed Aug 26 02:45:15.056424 2026] [authz_core:debug] [pid 2240887:tid 2240887] mod_authz_core.c(815): [client 52.1.157.90:1367] AH01626: authorization result of : granted
[Wed Aug 26 02:45:15.056783 2026] [authz_core:debug] [pid 2240887:tid 2240887] mod_authz_core.c(815): [client 52.1.157.90:1367] AH01626: authorization result of Require all granted: granted
[Wed Aug 26 02:45:15.056789 2026] [authz_core:debug] [pid 2240887:tid 2240887] mod_authz_core.c(815): [client 52.1.157.90:1367] AH01626: authorization result of : granted
[Wed Aug 26 02:45:15.057077 2026] [authz_core:debug] [pid 2240887:tid 2240887] mod_authz_core.c(815): [client 52.1.157.90:1367] AH01626: authorization result of Require all granted: granted
[Wed Aug 26 02:45:15.057082 2026] [authz_core:debug] [pid 2240887:tid 2240887] mod_authz_core.c(815): [client 52.1.157.90:1367] AH01626: authorization result of : granted
[Wed Aug 26 02:45:15.057313 2026] [authz_core:debug] [pid 2240887:tid 2240887] mod_authz_core.c(815): [client 52.1.157.90:1367] AH01626: authorization result of Require all granted: granted
[Wed Aug 26 02:45:15.057318 2026] [authz_core:debug] [pid 2240887:tid 2240887] mod_authz_core.c(815): [client 52.1.157.90:1367] AH01626: authorization result of : granted
[Wed Aug 26 02:45:15.057707 2026] [authz_core:debug] [pid 2240887:tid 2240887] mod_authz_core.c(815): [client 52.1.157.90:1367] AH01626: authorization result of Require all granted: granted
[Wed Aug 26 02:45:15.057714 2026] [authz_core:debug] [pid 2240887:tid 2240887] mod_authz_core.c(815): [client 52.1.157.90:1367] AH01626: authorization result of : granted
[Wed Aug 26 02:45:15.058172 2026] [authz_core:debug] [pid 2240887:tid 2240887] mod_authz_core.c(815): [client 52.1.157.90:1367] AH01626: authorization result of Require all granted: granted
[Wed Aug 26 02:45:15.058178 2026] [authz_core:debug] [pid 2240887:tid 2240887] mod_authz_core.c(815): [client 52.1.157.90:1367] AH01626: authorization result of : granted
[Wed Aug 26 02:45:15.058374 2026] [deflate:debug] [pid 2240887:tid 2240887] mod_deflate.c(909): [client 52.1.157.90:1367] AH01384: Zlib: Compressed 3021 to 578 : URL /wp-content/uploads/sites/3454/2024/
[Wed Aug 26 02:45:15.163649 2026] [ssl:debug] [pid 2241270:tid 2241270] ssl_engine_kernel.c(254): [client 216.73.216.242:20318] AH02034: Subsequent (No.10) HTTPS request received for child 3 (server 2blog.ilc.edu.tw:443)
[Wed Aug 26 02:45:15.163818 2026] [authz_core:debug] [pid 2241270:tid 2241270] mod_authz_core.c(815): [client 216.73.216.242:20318] AH01626: authorization result of Require all granted: granted
[Wed Aug 26 02:45:15.163823 2026] [authz_core:debug] [pid 2241270:tid 2241270] mod_authz_core.c(815): [client 216.73.216.242:20318] AH01626: authorization result of : granted
[Wed Aug 26 02:45:15.163928 2026] [authz_core:debug] [pid 2241270:tid 2241270] mod_authz_core.c(815): [client 216.73.216.242:20318] AH01626: authorization result of Require all granted: granted
[Wed Aug 26 02:45:15.163932 2026] [authz_core:debug] [pid 2241270:tid 2241270] mod_authz_core.c(815): [client 216.73.216.242:20318] AH01626: authorization result of : granted
[Wed Aug 26 02:45:15.201630 2026] [headers:debug] [pid 2240787:tid 2240787] mod_headers.c(900): AH01503: headers: ap_headers_error_filter()
[Wed Aug 26 02:45:15.293419 2026] [ssl:info] [pid 2241271:tid 2241271] [client 34.56.53.225:34304] AH01964: Connection to child 7 established (server 2blog.ilc.edu.tw:443)
[Wed Aug 26 02:45:15.293599 2026] [ssl:debug] [pid 2241271:tid 2241271] ssl_engine_kernel.c(2222): [client 34.56.53.225:34304] AH02043: SSL virtual host for servername 2blog.ilc.edu.tw found
[Wed Aug 26 02:45:15.293663 2026] [core:debug] [pid 2241271:tid 2241271] protocol.c(2460): [client 34.56.53.225:34304] AH03155: select protocol from , choices=http/1.1 for server 2blog.ilc.edu.tw
[Wed Aug 26 02:45:15.335463 2026] [ssl:debug] [pid 2240884:tid 2240884] ssl_engine_kernel.c(254): [client 216.73.216.242:9068] AH02034: Subsequent (No.9) HTTPS request received for child 29 (server 2blog.ilc.edu.tw:443)
[Wed Aug 26 02:45:15.335643 2026] [authz_core:debug] [pid 2240884:tid 2240884] mod_authz_core.c(815): [client 216.73.216.242:9068] AH01626: authorization result of Require all granted: granted
[Wed Aug 26 02:45:15.335648 2026] [authz_core:debug] [pid 2240884:tid 2240884] mod_authz_core.c(815): [client 216.73.216.242:9068] AH01626: authorization result of : granted
[Wed Aug 26 02:45:15.335766 2026] [authz_core:debug] [pid 2240884:tid 2240884] mod_authz_core.c(815): [client 216.73.216.242:9068] AH01626: authorization result of Require all granted: granted
[Wed Aug 26 02:45:15.335776 2026] [authz_core:debug] [pid 2240884:tid 2240884] mod_authz_core.c(815): [client 216.73.216.242:9068] AH01626: authorization result of : granted
[Wed Aug 26 02:45:15.438892 2026] [ssl:debug] [pid 2241147:tid 2241147] ssl_engine_kernel.c(254): [client 216.73.216.242:48508] AH02034: Subsequent (No.11) HTTPS request received for child 12 (server 2blog.ilc.edu.tw:443)
[Wed Aug 26 02:45:15.439068 2026] [authz_core:debug] [pid 2241147:tid 2241147] mod_authz_core.c(815): [client 216.73.216.242:48508] AH01626: authorization result of Require all granted: granted
[Wed Aug 26 02:45:15.439074 2026] [authz_core:debug] [pid 2241147:tid 2241147] mod_authz_core.c(815): [client 216.73.216.242:48508] AH01626: authorization result of : granted
[Wed Aug 26 02:45:15.439211 2026] [authz_core:debug] [pid 2241147:tid 2241147] mod_authz_core.c(815): [client 216.73.216.242:48508] AH01626: authorization result of Require all granted: granted
[Wed Aug 26 02:45:15.439215 2026] [authz_core:debug] [pid 2241147:tid 2241147] mod_authz_core.c(815): [client 216.73.216.242:48508] AH01626: authorization result of : granted
[Wed Aug 26 02:45:15.527354 2026] [ssl:debug] [pid 2241268:tid 2241268] ssl_engine_kernel.c(254): [client 216.73.216.242:19184] AH02034: Subsequent (No.17) HTTPS request received for child 2 (server 2blog.ilc.edu.tw:443)
[Wed Aug 26 02:45:15.527529 2026] [authz_core:debug] [pid 2241268:tid 2241268] mod_authz_core.c(815): [client 216.73.216.242:19184] AH01626: authorization result of Require all granted: granted
[Wed Aug 26 02:45:15.527534 2026] [authz_core:debug] [pid 2241268:tid 2241268] mod_authz_core.c(815): [client 216.73.216.242:19184] AH01626: authorization result of : granted
[Wed Aug 26 02:45:15.527645 2026] [authz_core:debug] [pid 2241268:tid 2241268] mod_authz_core.c(815): [client 216.73.216.242:19184] AH01626: authorization result of Require all granted: granted
[Wed Aug 26 02:45:15.527649 2026] [authz_core:debug] [pid 2241268:tid 2241268] mod_authz_core.c(815): [client 216.73.216.242:19184] AH01626: authorization result of : granted
[Wed Aug 26 02:45:15.532056 2026] [ssl:info] [pid 2243341:tid 2243341] [client 140.111.67.10:5494] AH01964: Connection to child 6 established (server 2blog.ilc.edu.tw:443)
[Wed Aug 26 02:45:15.532214 2026] [ssl:info] [pid 2243341:tid 2243341] (70014)End of file found: [client 140.111.67.10:5494] AH02006: SSL handshake stopped: connection was closed
[Wed Aug 26 02:45:15.532224 2026] [ssl:info] [pid 2243341:tid 2243341] [client 140.111.67.10:5494] AH01998: Connection closed to child 6 with abortive shutdown (server 2blog.ilc.edu.tw:443)
[Wed Aug 26 02:45:15.583767 2026] [ssl:debug] [pid 2241272:tid 2241272] ssl_engine_kernel.c(254): [client 17.241.219.4:51012] AH02034: Subsequent (No.2) HTTPS request received for child 9 (server www.nses.ilc.edu.tw:443), referer: https://www.nses.ilc.edu.tw/dasdsasad/sadsdaasd/dsadsaads/dsadsaads/www.revxtr.com/?paged=1
[Wed Aug 26 02:45:15.583987 2026] [authz_core:debug] [pid 2241272:tid 2241272] mod_authz_core.c(815): [client 17.241.219.4:51012] AH01626: authorization result of Require all granted: granted, referer: https://www.nses.ilc.edu.tw/dasdsasad/sadsdaasd/dsadsaads/dsadsaads/www.revxtr.com/?paged=1
[Wed Aug 26 02:45:15.583994 2026] [authz_core:debug] [pid 2241272:tid 2241272] mod_authz_core.c(815): [client 17.241.219.4:51012] AH01626: authorization result of : granted, referer: https://www.nses.ilc.edu.tw/dasdsasad/sadsdaasd/dsadsaads/dsadsaads/www.revxtr.com/?paged=1
[Wed Aug 26 02:45:15.584178 2026] [deflate:debug] [pid 2241272:tid 2241272] mod_deflate.c(909): [client 17.241.219.4:51012] AH01384: Zlib: Compressed 490 to 270 : URL /wp-content/plugins/google-drive-embedder/css/gdm-blocks.css, referer: https://www.nses.ilc.edu.tw/dasdsasad/sadsdaasd/dsadsaads/dsadsaads/www.revxtr.com/?paged=1
[Wed Aug 26 02:45:15.691457 2026] [ssl:debug] [pid 2241271:tid 2241271] ssl_engine_kernel.c(2082): [client 34.56.53.225:34304] AH02041: Protocol: TLSv1.3, Cipher: TLS_AES_256_GCM_SHA384 (256/256 bits)
[Wed Aug 26 02:45:15.691511 2026] [socache_shmcb:debug] [pid 2241271:tid 2241271] mod_socache_shmcb.c(508): AH00831: socache_shmcb_store (0x81 -> subcache 1)
[Wed Aug 26 02:45:15.691518 2026] [socache_shmcb:debug] [pid 2241271:tid 2241271] mod_socache_shmcb.c(860): AH00847: insert happened at idx=56, data=(3200:3232)
[Wed Aug 26 02:45:15.691520 2026] [socache_shmcb:debug] [pid 2241271:tid 2241271] mod_socache_shmcb.c(863): AH00848: finished insert, subcache: idx_pos/idx_used=2/55, data_pos/data_used=5095/12195
[Wed Aug 26 02:45:15.691522 2026] [socache_shmcb:debug] [pid 2241271:tid 2241271] mod_socache_shmcb.c(530): AH00834: leaving socache_shmcb_store successfully
[Wed Aug 26 02:45:15.691570 2026] [socache_shmcb:debug] [pid 2241271:tid 2241271] mod_socache_shmcb.c(508): AH00831: socache_shmcb_store (0x87 -> subcache 7)
[Wed Aug 26 02:45:15.691575 2026] [socache_shmcb:debug] [pid 2241271:tid 2241271] mod_socache_shmcb.c(745): AH00842: expiring 3 and reclaiming 0 removed socache entries
[Wed Aug 26 02:45:15.691578 2026] [socache_shmcb:debug] [pid 2241271:tid 2241271] mod_socache_shmcb.c(765): AH00843: we now have 54 socache entries
[Wed Aug 26 02:45:15.691580 2026] [socache_shmcb:debug] [pid 2241271:tid 2241271] mod_socache_shmcb.c(860): AH00847: insert happened at idx=78, data=(2565:2597)
[Wed Aug 26 02:45:15.691582 2026] [socache_shmcb:debug] [pid 2241271:tid 2241271] mod_socache_shmcb.c(863): AH00848: finished insert, subcache: idx_pos/idx_used=24/55, data_pos/data_used=4412/12242
[Wed Aug 26 02:45:15.691584 2026] [socache_shmcb:debug] [pid 2241271:tid 2241271] mod_socache_shmcb.c(530): AH00834: leaving socache_shmcb_store successfully
[Wed Aug 26 02:45:15.697756 2026] [ssl:debug] [pid 2240888:tid 2240888] ssl_engine_kernel.c(254): [client 216.73.216.242:33352] AH02034: Subsequent (No.11) HTTPS request received for child 33 (server 2blog.ilc.edu.tw:443)
[Wed Aug 26 02:45:15.697930 2026] [authz_core:debug] [pid 2240888:tid 2240888] mod_authz_core.c(815): [client 216.73.216.242:33352] AH01626: authorization result of Require all granted: granted
[Wed Aug 26 02:45:15.697935 2026] [authz_core:debug] [pid 2240888:tid 2240888] mod_authz_core.c(815): [client 216.73.216.242:33352] AH01626: authorization result of : granted
[Wed Aug 26 02:45:15.698072 2026] [authz_core:debug] [pid 2240888:tid 2240888] mod_authz_core.c(815): [client 216.73.216.242:33352] AH01626: authorization result of Require all granted: granted
[Wed Aug 26 02:45:15.698078 2026] [authz_core:debug] [pid 2240888:tid 2240888] mod_authz_core.c(815): [client 216.73.216.242:33352] AH01626: authorization result of : granted
[Wed Aug 26 02:45:15.756248 2026] [deflate:debug] [pid 2241270:tid 2241270] mod_deflate.c(909): [client 216.73.216.242:20318] AH01384: Zlib: Compressed 522567 to 84230 : URL /index.php
[Wed Aug 26 02:45:15.802352 2026] [deflate:debug] [pid 2241268:tid 2241268] mod_deflate.c(909): [client 216.73.216.242:19184] AH01384: Zlib: Compressed 2716 to 1244 : URL /index.php
[Wed Aug 26 02:45:15.891572 2026] [ssl:debug] [pid 2241316:tid 2241316] ssl_engine_kernel.c(254): [client 216.73.216.242:3046] AH02034: Initial (No.1) HTTPS request received for child 1 (server 2blog.ilc.edu.tw:443)
[Wed Aug 26 02:45:15.891743 2026] [authz_core:debug] [pid 2241316:tid 2241316] mod_authz_core.c(815): [client 216.73.216.242:3046] AH01626: authorization result of Require all granted: granted
[Wed Aug 26 02:45:15.891748 2026] [authz_core:debug] [pid 2241316:tid 2241316] mod_authz_core.c(815): [client 216.73.216.242:3046] AH01626: authorization result of : granted
