[Wed Aug 26 02:30:18.384672 2026] [socache_shmcb:debug] [pid 2226994:tid 2226994] mod_socache_shmcb.c(863): AH00848: finished insert, subcache: idx_pos/idx_used=73/36, data_pos/data_used=4184/8001
[Wed Aug 26 02:30:18.384674 2026] [socache_shmcb:debug] [pid 2226994:tid 2226994] mod_socache_shmcb.c(530): AH00834: leaving socache_shmcb_store successfully
[Wed Aug 26 02:30:18.384726 2026] [socache_shmcb:debug] [pid 2226994:tid 2226994] mod_socache_shmcb.c(508): AH00831: socache_shmcb_store (0xa5 -> subcache 5)
[Wed Aug 26 02:30:18.384738 2026] [socache_shmcb:debug] [pid 2226994:tid 2226994] mod_socache_shmcb.c(860): AH00847: insert happened at idx=37, data=(1560:1592)
[Wed Aug 26 02:30:18.384740 2026] [socache_shmcb:debug] [pid 2226994:tid 2226994] mod_socache_shmcb.c(863): AH00848: finished insert, subcache: idx_pos/idx_used=83/43, data_pos/data_used=6122/9527
[Wed Aug 26 02:30:18.384742 2026] [socache_shmcb:debug] [pid 2226994:tid 2226994] mod_socache_shmcb.c(530): AH00834: leaving socache_shmcb_store successfully
[Wed Aug 26 02:30:18.432632 2026] [ssl:debug] [pid 2225927:tid 2225927] ssl_engine_io.c(1150): [client 34.10.180.98:53248] AH02001: Connection closed to child 8 with standard shutdown (server 2blog.ilc.edu.tw:443)
[Wed Aug 26 02:30:18.521087 2026] [ssl:debug] [pid 2225572:tid 2225572] ssl_engine_io.c(1150): [client 161.153.43.116:7229] AH02001: Connection closed to child 19 with standard shutdown (server www.ssjh.ilc.edu.tw:443)
[Wed Aug 26 02:30:18.584622 2026] [ssl:debug] [pid 2225587:tid 2225587] ssl_engine_kernel.c(254): [client 216.73.216.242:42876] AH02034: Subsequent (No.14) HTTPS request received for child 31 (server 2blog.ilc.edu.tw:443)
[Wed Aug 26 02:30:18.584830 2026] [authz_core:debug] [pid 2225587:tid 2225587] mod_authz_core.c(815): [client 216.73.216.242:42876] AH01626: authorization result of Require all granted: granted
[Wed Aug 26 02:30:18.584835 2026] [authz_core:debug] [pid 2225587:tid 2225587] mod_authz_core.c(815): [client 216.73.216.242:42876] AH01626: authorization result of : granted
[Wed Aug 26 02:30:18.584978 2026] [authz_core:debug] [pid 2225587:tid 2225587] mod_authz_core.c(815): [client 216.73.216.242:42876] AH01626: authorization result of Require all granted: granted
[Wed Aug 26 02:30:18.584982 2026] [authz_core:debug] [pid 2225587:tid 2225587] mod_authz_core.c(815): [client 216.73.216.242:42876] AH01626: authorization result of : granted
[Wed Aug 26 02:30:18.729580 2026] [ssl:info] [pid 2225906:tid 2225906] [client 40.77.167.76:28767] AH01964: Connection to child 4 established (server 2blog.ilc.edu.tw:443)
[Wed Aug 26 02:30:18.729764 2026] [ssl:debug] [pid 2225906:tid 2225906] ssl_engine_kernel.c(2222): [client 40.77.167.76:28767] AH02043: SSL virtual host for servername 2blog.ilc.edu.tw found
[Wed Aug 26 02:30:18.729901 2026] [core:debug] [pid 2225906:tid 2225906] protocol.c(2460): [client 40.77.167.76:28767] AH03155: select protocol from , choices=h2,http/1.1 for server 2blog.ilc.edu.tw
[Wed Aug 26 02:30:18.765749 2026] [ssl:debug] [pid 2225942:tid 2225942] ssl_engine_kernel.c(254): [client 216.73.216.242:24281] AH02034: Subsequent (No.14) HTTPS request received for child 15 (server 2blog.ilc.edu.tw:443)
[Wed Aug 26 02:30:18.765938 2026] [authz_core:debug] [pid 2225942:tid 2225942] mod_authz_core.c(815): [client 216.73.216.242:24281] AH01626: authorization result of Require all granted: granted
[Wed Aug 26 02:30:18.765944 2026] [authz_core:debug] [pid 2225942:tid 2225942] mod_authz_core.c(815): [client 216.73.216.242:24281] AH01626: authorization result of : granted
[Wed Aug 26 02:30:18.766067 2026] [authz_core:debug] [pid 2225942:tid 2225942] mod_authz_core.c(815): [client 216.73.216.242:24281] AH01626: authorization result of Require all granted: granted
[Wed Aug 26 02:30:18.766070 2026] [authz_core:debug] [pid 2225942:tid 2225942] mod_authz_core.c(815): [client 216.73.216.242:24281] AH01626: authorization result of : granted
[Wed Aug 26 02:30:18.789750 2026] [deflate:debug] [pid 2225942:tid 2225942] mod_deflate.c(909): [client 216.73.216.242:24281] AH01384: Zlib: Compressed 529336 to 85595 : URL /index.php
[Wed Aug 26 02:30:18.829087 2026] [ssl:debug] [pid 2226994:tid 2226994] ssl_engine_kernel.c(254): [client 34.30.223.149:5122] AH02034: Initial (No.1) HTTPS request received for child 27 (server 2blog.ilc.edu.tw:443)
[Wed Aug 26 02:30:18.829256 2026] [authz_core:debug] [pid 2226994:tid 2226994] mod_authz_core.c(815): [client 34.30.223.149:5122] AH01626: authorization result of Require all granted: granted
[Wed Aug 26 02:30:18.829261 2026] [authz_core:debug] [pid 2226994:tid 2226994] mod_authz_core.c(815): [client 34.30.223.149:5122] AH01626: authorization result of : granted
[Wed Aug 26 02:30:18.829386 2026] [authz_core:debug] [pid 2226994:tid 2226994] mod_authz_core.c(815): [client 34.30.223.149:5122] AH01626: authorization result of Require all granted: granted
[Wed Aug 26 02:30:18.829391 2026] [authz_core:debug] [pid 2226994:tid 2226994] mod_authz_core.c(815): [client 34.30.223.149:5122] AH01626: authorization result of : granted
[Wed Aug 26 02:30:18.859640 2026] [ssl:debug] [pid 2225571:tid 2225571] ssl_engine_kernel.c(254): [client 216.73.216.242:13153] AH02034: Subsequent (No.19) HTTPS request received for child 16 (server 2blog.ilc.edu.tw:443)
[Wed Aug 26 02:30:18.859828 2026] [authz_core:debug] [pid 2225571:tid 2225571] mod_authz_core.c(815): [client 216.73.216.242:13153] AH01626: authorization result of Require all granted: granted
[Wed Aug 26 02:30:18.859836 2026] [authz_core:debug] [pid 2225571:tid 2225571] mod_authz_core.c(815): [client 216.73.216.242:13153] AH01626: authorization result of : granted
[Wed Aug 26 02:30:18.859993 2026] [authz_core:debug] [pid 2225571:tid 2225571] mod_authz_core.c(815): [client 216.73.216.242:13153] AH01626: authorization result of Require all granted: granted
[Wed Aug 26 02:30:18.859999 2026] [authz_core:debug] [pid 2225571:tid 2225571] mod_authz_core.c(815): [client 216.73.216.242:13153] AH01626: authorization result of : granted
[Wed Aug 26 02:30:18.885469 2026] [deflate:debug] [pid 2225571:tid 2225571] mod_deflate.c(909): [client 216.73.216.242:13153] AH01384: Zlib: Compressed 530925 to 85775 : URL /index.php
[Wed Aug 26 02:30:18.925764 2026] [ssl:debug] [pid 2225906:tid 2225906] ssl_engine_kernel.c(2082): [client 40.77.167.76:28767] AH02041: Protocol: TLSv1.3, Cipher: TLS_AES_256_GCM_SHA384 (256/256 bits)
[Wed Aug 26 02:30:18.925815 2026] [socache_shmcb:debug] [pid 2225906:tid 2225906] mod_socache_shmcb.c(508): AH00831: socache_shmcb_store (0x4f -> subcache 15)
[Wed Aug 26 02:30:18.925820 2026] [socache_shmcb:debug] [pid 2225906:tid 2225906] mod_socache_shmcb.c(860): AH00847: insert happened at idx=4, data=(8383:8415)
[Wed Aug 26 02:30:18.925822 2026] [socache_shmcb:debug] [pid 2225906:tid 2225906] mod_socache_shmcb.c(863): AH00848: finished insert, subcache: idx_pos/idx_used=50/43, data_pos/data_used=12943/9530
[Wed Aug 26 02:30:18.925825 2026] [socache_shmcb:debug] [pid 2225906:tid 2225906] mod_socache_shmcb.c(530): AH00834: leaving socache_shmcb_store successfully
[Wed Aug 26 02:30:18.925878 2026] [socache_shmcb:debug] [pid 2225906:tid 2225906] mod_socache_shmcb.c(508): AH00831: socache_shmcb_store (0x03 -> subcache 3)
[Wed Aug 26 02:30:18.925884 2026] [socache_shmcb:debug] [pid 2225906:tid 2225906] mod_socache_shmcb.c(860): AH00847: insert happened at idx=79, data=(5504:5536)
[Wed Aug 26 02:30:18.925886 2026] [socache_shmcb:debug] [pid 2225906:tid 2225906] mod_socache_shmcb.c(863): AH00848: finished insert, subcache: idx_pos/idx_used=50/30, data_pos/data_used=12903/6690
[Wed Aug 26 02:30:18.925887 2026] [socache_shmcb:debug] [pid 2225906:tid 2225906] mod_socache_shmcb.c(530): AH00834: leaving socache_shmcb_store successfully
[Wed Aug 26 02:30:18.926173 2026] [ssl:debug] [pid 2225906:tid 2225906] ssl_engine_kernel.c(254): [client 40.77.167.76:28767] AH02034: Initial (No.1) HTTPS request received for child 4 (server 2blog.ilc.edu.tw:443), referer: https://2blog.ilc.edu.tw/260602/?p=18
[Wed Aug 26 02:30:18.926334 2026] [authz_core:debug] [pid 2225906:tid 2225906] mod_authz_core.c(815): [client 40.77.167.76:28767] AH01626: authorization result of Require all granted: granted, referer: https://2blog.ilc.edu.tw/260602/?p=18
[Wed Aug 26 02:30:18.926338 2026] [authz_core:debug] [pid 2225906:tid 2225906] mod_authz_core.c(815): [client 40.77.167.76:28767] AH01626: authorization result of : granted, referer: https://2blog.ilc.edu.tw/260602/?p=18
[Wed Aug 26 02:30:18.926489 2026] [authz_core:debug] [pid 2225906:tid 2225906] mod_authz_core.c(815): [client 40.77.167.76:28767] AH01626: authorization result of Require all granted: granted, referer: https://2blog.ilc.edu.tw/260602/?p=18
[Wed Aug 26 02:30:18.926495 2026] [authz_core:debug] [pid 2225906:tid 2225906] mod_authz_core.c(815): [client 40.77.167.76:28767] AH01626: authorization result of : granted, referer: https://2blog.ilc.edu.tw/260602/?p=18
[Wed Aug 26 02:30:18.929750 2026] [deflate:debug] [pid 2225906:tid 2225906] mod_deflate.c(909): [client 40.77.167.76:28767] AH01384: Zlib: Compressed 87553 to 30350 : URL /wp-includes/js/jquery/jquery.min.js, referer: https://2blog.ilc.edu.tw/260602/?p=18
[Wed Aug 26 02:30:18.938615 2026] [ssl:info] [pid 2225565:tid 2225565] [client 34.56.53.225:6144] AH01964: Connection to child 13 established (server 2blog.ilc.edu.tw:443)
[Wed Aug 26 02:30:18.938808 2026] [ssl:info] [pid 2225565:tid 2225565] (70014)End of file found: [client 34.56.53.225:6144] AH02006: SSL handshake stopped: connection was closed
[Wed Aug 26 02:30:18.938830 2026] [ssl:info] [pid 2225565:tid 2225565] [client 34.56.53.225:6144] AH01998: Connection closed to child 13 with abortive shutdown (server 2blog.ilc.edu.tw:443)
[Wed Aug 26 02:30:19.032420 2026] [authz_core:debug] [pid 2225529:tid 2225529] mod_authz_core.c(815): [client 52.1.106.130:23256] AH01626: authorization result of Require all granted: granted
[Wed Aug 26 02:30:19.032444 2026] [authz_core:debug] [pid 2225529:tid 2225529] mod_authz_core.c(815): [client 52.1.106.130:23256] AH01626: authorization result of : granted
[Wed Aug 26 02:30:19.033343 2026] [authz_core:debug] [pid 2225529:tid 2225529] mod_authz_core.c(815): [client 52.1.106.130:23256] AH01626: authorization result of Require all granted: granted
[Wed Aug 26 02:30:19.033353 2026] [authz_core:debug] [pid 2225529:tid 2225529] mod_authz_core.c(815): [client 52.1.106.130:23256] AH01626: authorization result of : granted
[Wed Aug 26 02:30:19.036768 2026] [authz_core:debug] [pid 2225529:tid 2225529] mod_authz_core.c(815): [client 52.1.106.130:23256] AH01626: authorization result of Require all granted: granted
[Wed Aug 26 02:30:19.036777 2026] [authz_core:debug] [pid 2225529:tid 2225529] mod_authz_core.c(815): [client 52.1.106.130:23256] AH01626: authorization result of : granted
[Wed Aug 26 02:30:19.037198 2026] [authz_core:debug] [pid 2225529:tid 2225529] mod_authz_core.c(815): [client 52.1.106.130:23256] AH01626: authorization result of Require all granted: granted
[Wed Aug 26 02:30:19.037202 2026] [authz_core:debug] [pid 2225529:tid 2225529] mod_authz_core.c(815): [client 52.1.106.130:23256] AH01626: authorization result of : granted
[Wed Aug 26 02:30:19.038273 2026] [authz_core:debug] [pid 2225529:tid 2225529] mod_authz_core.c(815): [client 52.1.106.130:23256] AH01626: authorization result of Require all granted: granted
[Wed Aug 26 02:30:19.038279 2026] [authz_core:debug] [pid 2225529:tid 2225529] mod_authz_core.c(815): [client 52.1.106.130:23256] AH01626: authorization result of : granted
[Wed Aug 26 02:30:19.039764 2026] [authz_core:debug] [pid 2225529:tid 2225529] mod_authz_core.c(815): [client 52.1.106.130:23256] AH01626: authorization result of Require all granted: granted
[Wed Aug 26 02:30:19.039767 2026] [authz_core:debug] [pid 2225529:tid 2225529] mod_authz_core.c(815): [client 52.1.106.130:23256] AH01626: authorization result of : granted
[Wed Aug 26 02:30:19.040976 2026] [authz_core:debug] [pid 2225529:tid 2225529] mod_authz_core.c(815): [client 52.1.106.130:23256] AH01626: authorization result of Require all granted: granted
[Wed Aug 26 02:30:19.040981 2026] [authz_core:debug] [pid 2225529:tid 2225529] mod_authz_core.c(815): [client 52.1.106.130:23256] AH01626: authorization result of : granted
[Wed Aug 26 02:30:19.041802 2026] [deflate:debug] [pid 2226994:tid 2226994] mod_deflate.c(909): [client 34.30.223.149:5122] AH01384: Zlib: Compressed 77943 to 14377 : URL /index.php
[Wed Aug 26 02:30:19.042579 2026] [authz_core:debug] [pid 2225529:tid 2225529] mod_authz_core.c(815): [client 52.1.106.130:23256] AH01626: authorization result of Require all granted: granted
[Wed Aug 26 02:30:19.042583 2026] [authz_core:debug] [pid 2225529:tid 2225529] mod_authz_core.c(815): [client 52.1.106.130:23256] AH01626: authorization result of : granted
[Wed Aug 26 02:30:19.044205 2026] [authz_core:debug] [pid 2225529:tid 2225529] mod_authz_core.c(815): [client 52.1.106.130:23256] AH01626: authorization result of Require all granted: granted
[Wed Aug 26 02:30:19.044210 2026] [authz_core:debug] [pid 2225529:tid 2225529] mod_authz_core.c(815): [client 52.1.106.130:23256] AH01626: authorization result of : granted
[Wed Aug 26 02:30:19.046909 2026] [authz_core:debug] [pid 2225529:tid 2225529] mod_authz_core.c(815): [client 52.1.106.130:23256] AH01626: authorization result of Require all granted: granted
[Wed Aug 26 02:30:19.046916 2026] [authz_core:debug] [pid 2225529:tid 2225529] mod_authz_core.c(815): [client 52.1.106.130:23256] AH01626: authorization result of : granted
[Wed Aug 26 02:30:19.049505 2026] [authz_core:debug] [pid 2225529:tid 2225529] mod_authz_core.c(815): [client 52.1.106.130:23256] AH01626: authorization result of Require all granted: granted
[Wed Aug 26 02:30:19.049509 2026] [authz_core:debug] [pid 2225529:tid 2225529] mod_authz_core.c(815): [client 52.1.106.130:23256] AH01626: authorization result of : granted
[Wed Aug 26 02:30:19.050316 2026] [deflate:debug] [pid 2225529:tid 2225529] mod_deflate.c(909): [client 52.1.106.130:23256] AH01384: Zlib: Compressed 2492 to 555 : URL /wp-content/uploads/sites/713/
[Wed Aug 26 02:30:19.132046 2026] [ssl:debug] [pid 2225571:tid 2225571] ssl_engine_kernel.c(254): [client 216.73.216.242:13153] AH02034: Subsequent (No.20) HTTPS request received for child 16 (server 2blog.ilc.edu.tw:443)
[Wed Aug 26 02:30:19.132276 2026] [authz_core:debug] [pid 2225571:tid 2225571] mod_authz_core.c(815): [client 216.73.216.242:13153] AH01626: authorization result of Require all granted: granted
[Wed Aug 26 02:30:19.132283 2026] [authz_core:debug] [pid 2225571:tid 2225571] mod_authz_core.c(815): [client 216.73.216.242:13153] AH01626: authorization result of : granted
[Wed Aug 26 02:30:19.132417 2026] [authz_core:debug] [pid 2225571:tid 2225571] mod_authz_core.c(815): [client 216.73.216.242:13153] AH01626: authorization result of Require all granted: granted
[Wed Aug 26 02:30:19.132422 2026] [authz_core:debug] [pid 2225571:tid 2225571] mod_authz_core.c(815): [client 216.73.216.242:13153] AH01626: authorization result of : granted
[Wed Aug 26 02:30:19.158060 2026] [deflate:debug] [pid 2225571:tid 2225571] mod_deflate.c(909): [client 216.73.216.242:13153] AH01384: Zlib: Compressed 537838 to 86483 : URL /index.php
[Wed Aug 26 02:30:19.312498 2026] [ssl:debug] [pid 2225942:tid 2225942] ssl_engine_kernel.c(254): [client 216.73.216.242:24281] AH02034: Subsequent (No.15) HTTPS request received for child 15 (server 2blog.ilc.edu.tw:443)
[Wed Aug 26 02:30:19.312683 2026] [authz_core:debug] [pid 2225942:tid 2225942] mod_authz_core.c(815): [client 216.73.216.242:24281] AH01626: authorization result of Require all granted: granted
[Wed Aug 26 02:30:19.312689 2026] [authz_core:debug] [pid 2225942:tid 2225942] mod_authz_core.c(815): [client 216.73.216.242:24281] AH01626: authorization result of : granted
[Wed Aug 26 02:30:19.312807 2026] [authz_core:debug] [pid 2225942:tid 2225942] mod_authz_core.c(815): [client 216.73.216.242:24281] AH01626: authorization result of Require all granted: granted
[Wed Aug 26 02:30:19.312810 2026] [authz_core:debug] [pid 2225942:tid 2225942] mod_authz_core.c(815): [client 216.73.216.242:24281] AH01626: authorization result of : granted
[Wed Aug 26 02:30:19.404606 2026] [ssl:debug] [pid 2225571:tid 2225571] ssl_engine_kernel.c(254): [client 216.73.216.242:13153] AH02034: Subsequent (No.21) HTTPS request received for child 16 (server 2blog.ilc.edu.tw:443)
[Wed Aug 26 02:30:19.404790 2026] [authz_core:debug] [pid 2225571:tid 2225571] mod_authz_core.c(815): [client 216.73.216.242:13153] AH01626: authorization result of Require all granted: granted
[Wed Aug 26 02:30:19.404795 2026] [authz_core:debug] [pid 2225571:tid 2225571] mod_authz_core.c(815): [client 216.73.216.242:13153] AH01626: authorization result of : granted
[Wed Aug 26 02:30:19.404917 2026] [authz_core:debug] [pid 2225571:tid 2225571] mod_authz_core.c(815): [client 216.73.216.242:13153] AH01626: authorization result of Require all granted: granted
[Wed Aug 26 02:30:19.404920 2026] [authz_core:debug] [pid 2225571:tid 2225571] mod_authz_core.c(815): [client 216.73.216.242:13153] AH01626: authorization result of : granted
[Wed Aug 26 02:30:19.556917 2026] [ssl:info] [pid 2226986:tid 2226986] [client 34.30.223.149:17408] AH01964: Connection to child 23 established (server 2blog.ilc.edu.tw:443)
[Wed Aug 26 02:30:19.557082 2026] [ssl:debug] [pid 2226986:tid 2226986] ssl_engine_kernel.c(2222): [client 34.30.223.149:17408] AH02043: SSL virtual host for servername 2blog.ilc.edu.tw found
[Wed Aug 26 02:30:19.557141 2026] [core:debug] [pid 2226986:tid 2226986] protocol.c(2460): [client 34.30.223.149:17408] AH03155: select protocol from , choices=http/1.1 for server 2blog.ilc.edu.tw
[Wed Aug 26 02:30:19.679965 2026] [ssl:debug] [pid 2225587:tid 2225587] ssl_engine_kernel.c(254): [client 216.73.216.242:42876] AH02034: Subsequent (No.15) HTTPS request received for child 31 (server 2blog.ilc.edu.tw:443)
[Wed Aug 26 02:30:19.680226 2026] [authz_core:debug] [pid 2225587:tid 2225587] mod_authz_core.c(815): [client 216.73.216.242:42876] AH01626: authorization result of Require all granted: granted
[Wed Aug 26 02:30:19.680235 2026] [authz_core:debug] [pid 2225587:tid 2225587] mod_authz_core.c(815): [client 216.73.216.242:42876] AH01626: authorization result of : granted
[Wed Aug 26 02:30:19.680400 2026] [authz_core:debug] [pid 2225587:tid 2225587] mod_authz_core.c(815): [client 216.73.216.242:42876] AH01626: authorization result of Require all granted: granted
[Wed Aug 26 02:30:19.680406 2026] [authz_core:debug] [pid 2225587:tid 2225587] mod_authz_core.c(815): [client 216.73.216.242:42876] AH01626: authorization result of : granted
[Wed Aug 26 02:30:19.752340 2026] [ssl:info] [pid 2225557:tid 2225557] (70014)End of file found: [client 2409:8720:4a00:13::130:23484] AH01992: SSL library error 6 reading data
[Wed Aug 26 02:30:19.752426 2026] [ssl:debug] [pid 2225557:tid 2225557] ssl_engine_io.c(1150): [client 2409:8720:4a00:13::130:23484] AH02001: Connection closed to child 10 with standard shutdown (server 2blog.ilc.edu.tw:443)
[Wed Aug 26 02:30:19.754336 2026] [ssl:info] [pid 2226683:tid 2226683] (70014)End of file found: [client 2409:8720:4a00:13::130:23486] AH01992: SSL library error 6 reading data
[Wed Aug 26 02:30:19.754399 2026] [ssl:debug] [pid 2226683:tid 2226683] ssl_engine_io.c(1150): [client 2409:8720:4a00:13::130:23486] AH02001: Connection closed to child 17 with standard shutdown (server 2blog.ilc.edu.tw:443)
[Wed Aug 26 02:30:19.841066 2026] [ssl:debug] [pid 2225932:tid 2225932] ssl_engine_io.c(1150): [client 128.241.76.129:35451] AH02001: Connection closed to child 14 with standard shutdown (server 2blog.ilc.edu.tw:443)
[Wed Aug 26 02:30:19.892295 2026] [ssl:info] [pid 2226992:tid 2226992] [client 2a03:2880:18ff:4e:::48948] AH01964: Connection to child 25 established (server 2blog.ilc.edu.tw:443)
[Wed Aug 26 02:30:19.892433 2026] [ssl:debug] [pid 2226992:tid 2226992] ssl_engine_kernel.c(2222): [client 2a03:2880:18ff:4e:::48948] AH02043: SSL virtual host for servername 2blog.ilc.edu.tw found
[Wed Aug 26 02:30:19.892475 2026] [core:debug] [pid 2226992:tid 2226992] protocol.c(2460): [client 2a03:2880:18ff:4e:::48948] AH03155: select protocol from , choices=h2,http/1.1 for server 2blog.ilc.edu.tw
[Wed Aug 26 02:30:20.072059 2026] [ssl:debug] [pid 2226986:tid 2226986] ssl_engine_kernel.c(2082): [client 34.30.223.149:17408] AH02041: Protocol: TLSv1.3, Cipher: TLS_AES_256_GCM_SHA384 (256/256 bits)
[Wed Aug 26 02:30:20.072111 2026] [socache_shmcb:debug] [pid 2226986:tid 2226986] mod_socache_shmcb.c(508): AH00831: socache_shmcb_store (0xff -> subcache 31)
[Wed Aug 26 02:30:20.072124 2026] [socache_shmcb:debug] [pid 2226986:tid 2226986] mod_socache_shmcb.c(860): AH00847: insert happened at idx=76, data=(4619:4651)
[Wed Aug 26 02:30:20.072127 2026] [socache_shmcb:debug] [pid 2226986:tid 2226986] mod_socache_shmcb.c(863): AH00848: finished insert, subcache: idx_pos/idx_used=40/37, data_pos/data_used=10558/8150
[Wed Aug 26 02:30:20.072129 2026] [socache_shmcb:debug] [pid 2226986:tid 2226986] mod_socache_shmcb.c(530): AH00834: leaving socache_shmcb_store successfully
[Wed Aug 26 02:30:20.072195 2026] [socache_shmcb:debug] [pid 2226986:tid 2226986] mod_socache_shmcb.c(508): AH00831: socache_shmcb_store (0x4a -> subcache 10)
[Wed Aug 26 02:30:20.072200 2026] [socache_shmcb:debug] [pid 2226986:tid 2226986] mod_socache_shmcb.c(860): AH00847: insert happened at idx=71, data=(3792:3824)
[Wed Aug 26 02:30:20.072202 2026] [socache_shmcb:debug] [pid 2226986:tid 2226986] mod_socache_shmcb.c(863): AH00848: finished insert, subcache: idx_pos/idx_used=39/33, data_pos/data_used=10587/7295
[Wed Aug 26 02:30:20.072211 2026] [socache_shmcb:debug] [pid 2226986:tid 2226986] mod_socache_shmcb.c(530): AH00834: leaving socache_shmcb_store successfully
[Wed Aug 26 02:30:20.080815 2026] [ssl:debug] [pid 2226992:tid 2226992] ssl_engine_kernel.c(2082): [client 2a03:2880:18ff:4e:::48948] AH02041: Protocol: TLSv1.3, Cipher: TLS_AES_256_GCM_SHA384 (256/256 bits)
[Wed Aug 26 02:30:20.085044 2026] [ssl:debug] [pid 2226986:tid 2226986] ssl_engine_kernel.c(254): [client 34.30.223.149:17408] AH02034: Initial (No.1) HTTPS request received for child 23 (server 2blog.ilc.edu.tw:443)
[Wed Aug 26 02:30:20.097490 2026] [socache_shmcb:debug] [pid 2226992:tid 2226992] mod_socache_shmcb.c(508): AH00831: socache_shmcb_store (0x5d -> subcache 29)
[Wed Aug 26 02:30:20.097510 2026] [socache_shmcb:debug] [pid 2226992:tid 2226992] mod_socache_shmcb.c(860): AH00847: insert happened at idx=14, data=(10478:10510)
[Wed Aug 26 02:30:20.097513 2026] [socache_shmcb:debug] [pid 2226992:tid 2226992] mod_socache_shmcb.c(863): AH00848: finished insert, subcache: idx_pos/idx_used=62/41, data_pos/data_used=1654/9049
[Wed Aug 26 02:30:20.097515 2026] [socache_shmcb:debug] [pid 2226992:tid 2226992] mod_socache_shmcb.c(530): AH00834: leaving socache_shmcb_store successfully
[Wed Aug 26 02:30:20.097581 2026] [socache_shmcb:debug] [pid 2226992:tid 2226992] mod_socache_shmcb.c(508): AH00831: socache_shmcb_store (0x47 -> subcache 7)
[Wed Aug 26 02:30:20.097589 2026] [socache_shmcb:debug] [pid 2226992:tid 2226992] mod_socache_shmcb.c(860): AH00847: insert happened at idx=14, data=(10353:10385)
[Wed Aug 26 02:30:20.097591 2026] [socache_shmcb:debug] [pid 2226992:tid 2226992] mod_socache_shmcb.c(863): AH00848: finished insert, subcache: idx_pos/idx_used=65/38, data_pos/data_used=2202/8376
[Wed Aug 26 02:30:20.097593 2026] [socache_shmcb:debug] [pid 2226992:tid 2226992] mod_socache_shmcb.c(530): AH00834: leaving socache_shmcb_store successfully
[Wed Aug 26 02:30:20.097649 2026] [authz_core:debug] [pid 2226986:tid 2226986] mod_authz_core.c(815): [client 34.30.223.149:17408] AH01626: authorization result of Require all granted: granted
[Wed Aug 26 02:30:20.097658 2026] [authz_core:debug] [pid 2226986:tid 2226986] mod_authz_core.c(815): [client 34.30.223.149:17408] AH01626: authorization result of : granted
[Wed Aug 26 02:30:20.097707 2026] [ssl:debug] [pid 2226992:tid 2226992] ssl_engine_kernel.c(254): [client 2a03:2880:18ff:4e:::48948] AH02034: Initial (No.1) HTTPS request received for child 25 (server 2blog.ilc.edu.tw:443), referer: https://2blog.ilc.edu.tw/868/44182/
[Wed Aug 26 02:30:20.097799 2026] [authz_core:debug] [pid 2226986:tid 2226986] mod_authz_core.c(815): [client 34.30.223.149:17408] AH01626: authorization result of Require all granted: granted
[Wed Aug 26 02:30:20.097803 2026] [authz_core:debug] [pid 2226986:tid 2226986] mod_authz_core.c(815): [client 34.30.223.149:17408] AH01626: authorization result of : granted
[Wed Aug 26 02:30:20.105943 2026] [authz_core:debug] [pid 2226992:tid 2226992] mod_authz_core.c(815): [client 2a03:2880:18ff:4e:::48948] AH01626: authorization result of Require all granted: granted, referer: https://2blog.ilc.edu.tw/868/44182/
[Wed Aug 26 02:30:20.105958 2026] [authz_core:debug] [pid 2226992:tid 2226992] mod_authz_core.c(815): [client 2a03:2880:18ff:4e:::48948] AH01626: authorization result of : granted, referer: https://2blog.ilc.edu.tw/868/44182/
[Wed Aug 26 02:30:20.135440 2026] [deflate:debug] [pid 2225571:tid 2225571] mod_deflate.c(909): [client 216.73.216.242:13153] AH01384: Zlib: Compressed 539291 to 86190 : URL /index.php
[Wed Aug 26 02:30:20.147021 2026] [deflate:debug] [pid 2225942:tid 2225942] mod_deflate.c(909): [client 216.73.216.242:24281] AH01384: Zlib: Compressed 525642 to 84484 : URL /index.php
[Wed Aug 26 02:30:20.226201 2026] [headers:debug] [pid 2225937:tid 2225937] mod_headers.c(900): AH01503: headers: ap_headers_error_filter()
[Wed Aug 26 02:30:20.274249 2026] [ssl:debug] [pid 2226995:tid 2226995] ssl_engine_kernel.c(254): [client 66.249.79.163:39335] AH02034: Subsequent (No.2) HTTPS request received for child 28 (server 2blog.ilc.edu.tw:443)
[Wed Aug 26 02:30:20.274434 2026] [authz_core:debug] [pid 2226995:tid 2226995] mod_authz_core.c(815): [client 66.249.79.163:39335] AH01626: authorization result of Require all granted: granted
[Wed Aug 26 02:30:20.274439 2026] [authz_core:debug] [pid 2226995:tid 2226995] mod_authz_core.c(815): [client 66.249.79.163:39335] AH01626: authorization result of : granted
[Wed Aug 26 02:30:20.274563 2026] [deflate:debug] [pid 2226986:tid 2226986] mod_deflate.c(909): [client 34.30.223.149:17408] AH01384: Zlib: Compressed 89136 to 25062 : URL /index.php
[Wed Aug 26 02:30:20.274577 2026] [authz_core:debug] [pid 2226995:tid 2226995] mod_authz_core.c(815): [client 66.249.79.163:39335] AH01626: authorization result of Require all granted: granted
[Wed Aug 26 02:30:20.274582 2026] [authz_core:debug] [pid 2226995:tid 2226995] mod_authz_core.c(815): [client 66.249.79.163:39335] AH01626: authorization result of : granted
[Wed Aug 26 02:30:20.293231 2026] [deflate:debug] [pid 2226995:tid 2226995] mod_deflate.c(909): [client 66.249.79.163:39335] AH01384: Zlib: Compressed 59765 to 12412 : URL /index.php
[Wed Aug 26 02:30:20.329645 2026] [deflate:debug] [pid 2225587:tid 2225587] mod_deflate.c(909): [client 216.73.216.242:42876] AH01384: Zlib: Compressed 534106 to 85778 : URL /index.php
[Wed Aug 26 02:30:20.418000 2026] [ssl:debug] [pid 2226684:tid 2226684] ssl_engine_io.c(1150): [client 128.241.122.197:36969] AH02001: Connection closed to child 18 with standard shutdown (server 2blog.ilc.edu.tw:443)
[Wed Aug 26 02:30:20.485739 2026] [ssl:debug] [pid 2226992:tid 2226992] ssl_engine_io.c(1150): [client 2a03:2880:18ff:4e:::48948] AH02001: Connection closed to child 25 with standard shutdown (server 2blog.ilc.edu.tw:443)
[Wed Aug 26 02:30:20.519213 2026] [ssl:info] [pid 2226996:tid 2226996] [client 140.111.67.10:61520] AH01964: Connection to child 29 established (server 2blog.ilc.edu.tw:443)
[Wed Aug 26 02:30:20.519345 2026] [ssl:info] [pid 2226996:tid 2226996] (70014)End of file found: [client 140.111.67.10:61520] AH02006: SSL handshake stopped: connection was closed
[Wed Aug 26 02:30:20.519352 2026] [ssl:info] [pid 2226996:tid 2226996] [client 140.111.67.10:61520] AH01998: Connection closed to child 29 with abortive shutdown (server 2blog.ilc.edu.tw:443)
[Wed Aug 26 02:30:20.689127 2026] [ssl:debug] [pid 2225942:tid 2225942] ssl_engine_kernel.c(254): [client 216.73.216.242:24281] AH02034: Subsequent (No.16) HTTPS request received for child 15 (server 2blog.ilc.edu.tw:443)
[Wed Aug 26 02:30:20.689375 2026] [authz_core:debug] [pid 2225942:tid 2225942] mod_authz_core.c(815): [client 216.73.216.242:24281] AH01626: authorization result of Require all granted: granted
[Wed Aug 26 02:30:20.689381 2026] [authz_core:debug] [pid 2225942:tid 2225942] mod_authz_core.c(815): [client 216.73.216.242:24281] AH01626: authorization result of : granted
[Wed Aug 26 02:30:20.689553 2026] [authz_core:debug] [pid 2225942:tid 2225942] mod_authz_core.c(815): [client 216.73.216.242:24281] AH01626: authorization result of Require all granted: granted
[Wed Aug 26 02:30:20.689560 2026] [authz_core:debug] [pid 2225942:tid 2225942] mod_authz_core.c(815): [client 216.73.216.242:24281] AH01626: authorization result of : granted
[Wed Aug 26 02:30:21.053740 2026] [ssl:debug] [pid 2225587:tid 2225587] ssl_engine_kernel.c(254): [client 216.73.216.242:42876] AH02034: Subsequent (No.16) HTTPS request received for child 31 (server 2blog.ilc.edu.tw:443)
[Wed Aug 26 02:30:21.053918 2026] [authz_core:debug] [pid 2225587:tid 2225587] mod_authz_core.c(815): [client 216.73.216.242:42876] AH01626: authorization result of Require all granted: granted
[Wed Aug 26 02:30:21.053923 2026] [authz_core:debug] [pid 2225587:tid 2225587] mod_authz_core.c(815): [client 216.73.216.242:42876] AH01626: authorization result of : granted
[Wed Aug 26 02:30:21.054045 2026] [authz_core:debug] [pid 2225587:tid 2225587] mod_authz_core.c(815): [client 216.73.216.242:42876] AH01626: authorization result of Require all granted: granted
[Wed Aug 26 02:30:21.054059 2026] [authz_core:debug] [pid 2225587:tid 2225587] mod_authz_core.c(815): [client 216.73.216.242:42876] AH01626: authorization result of : granted
[Wed Aug 26 02:30:21.237244 2026] [ssl:debug] [pid 2225571:tid 2225571] ssl_engine_kernel.c(254): [client 216.73.216.242:13153] AH02034: Subsequent (No.22) HTTPS request received for child 16 (server 2blog.ilc.edu.tw:443)
[Wed Aug 26 02:30:21.237441 2026] [authz_core:debug] [pid 2225571:tid 2225571] mod_authz_core.c(815): [client 216.73.216.242:13153] AH01626: authorization result of Require all granted: granted
[Wed Aug 26 02:30:21.237447 2026] [authz_core:debug] [pid 2225571:tid 2225571] mod_authz_core.c(815): [client 216.73.216.242:13153] AH01626: authorization result of : granted
[Wed Aug 26 02:30:21.237594 2026] [authz_core:debug] [pid 2225571:tid 2225571] mod_authz_core.c(815): [client 216.73.216.242:13153] AH01626: authorization result of Require all granted: granted
[Wed Aug 26 02:30:21.237601 2026] [authz_core:debug] [pid 2225571:tid 2225571] mod_authz_core.c(815): [client 216.73.216.242:13153] AH01626: authorization result of : granted
[Wed Aug 26 02:30:21.256429 2026] [deflate:debug] [pid 2225942:tid 2225942] mod_deflate.c(909): [client 216.73.216.242:24281] AH01384: Zlib: Compressed 523629 to 84578 : URL /index.php
[Wed Aug 26 02:30:21.391654 2026] [ssl:debug] [pid 2225905:tid 2225905] ssl_engine_io.c(1150): [client 216.73.216.242:5898] AH02001: Connection closed to child 3 with standard shutdown (server 2blog.ilc.edu.tw:443)
[Wed Aug 26 02:30:21.465436 2026] [ssl:info] [pid 2225902:tid 2225902] [client 34.61.96.6:49664] AH01964: Connection to child 2 established (server 2blog.ilc.edu.tw:443)
[Wed Aug 26 02:30:21.465585 2026] [ssl:debug] [pid 2225902:tid 2225902] ssl_engine_kernel.c(2222): [client 34.61.96.6:49664] AH02043: SSL virtual host for servername 2blog.ilc.edu.tw found
[Wed Aug 26 02:30:21.465634 2026] [core:debug] [pid 2225902:tid 2225902] protocol.c(2460): [client 34.61.96.6:49664] AH03155: select protocol from , choices=http/1.1 for server 2blog.ilc.edu.tw
[Wed Aug 26 02:30:21.738772 2026] [deflate:debug] [pid 2225587:tid 2225587] mod_deflate.c(909): [client 216.73.216.242:42876] AH01384: Zlib: Compressed 532269 to 85887 : URL /index.php
[Wed Aug 26 02:30:21.782746 2026] [ssl:debug] [pid 2225942:tid 2225942] ssl_engine_kernel.c(254): [client 216.73.216.242:24281] AH02034: Subsequent (No.17) HTTPS request received for child 15 (server 2blog.ilc.edu.tw:443)
[Wed Aug 26 02:30:21.782919 2026] [authz_core:debug] [pid 2225942:tid 2225942] mod_authz_core.c(815): [client 216.73.216.242:24281] AH01626: authorization result of Require all granted: granted
[Wed Aug 26 02:30:21.782924 2026] [authz_core:debug] [pid 2225942:tid 2225942] mod_authz_core.c(815): [client 216.73.216.242:24281] AH01626: authorization result of : granted
[Wed Aug 26 02:30:21.783041 2026] [authz_core:debug] [pid 2225942:tid 2225942] mod_authz_core.c(815): [client 216.73.216.242:24281] AH01626: authorization result of Require all granted: granted
[Wed Aug 26 02:30:21.783044 2026] [authz_core:debug] [pid 2225942:tid 2225942] mod_authz_core.c(815): [client 216.73.216.242:24281] AH01626: authorization result of : granted
[Wed Aug 26 02:30:21.816628 2026] [ssl:debug] [pid 2225902:tid 2225902] ssl_engine_kernel.c(2082): [client 34.61.96.6:49664] AH02041: Protocol: TLSv1.3, Cipher: TLS_AES_256_GCM_SHA384 (256/256 bits)
[Wed Aug 26 02:30:21.816678 2026] [socache_shmcb:debug] [pid 2225902:tid 2225902] mod_socache_shmcb.c(508): AH00831: socache_shmcb_store (0xa8 -> subcache 8)
[Wed Aug 26 02:30:21.816684 2026] [socache_shmcb:debug] [pid 2225902:tid 2225902] mod_socache_shmcb.c(745): AH00842: expiring 2 and reclaiming 0 removed socache entries
[Wed Aug 26 02:30:21.816687 2026] [socache_shmcb:debug] [pid 2225902:tid 2225902] mod_socache_shmcb.c(765): AH00843: we now have 46 socache entries
[Wed Aug 26 02:30:21.816697 2026] [socache_shmcb:debug] [pid 2225902:tid 2225902] mod_socache_shmcb.c(860): AH00847: insert happened at idx=20, data=(11997:12029)
[Wed Aug 26 02:30:21.816698 2026] [socache_shmcb:debug] [pid 2225902:tid 2225902] mod_socache_shmcb.c(863): AH00848: finished insert, subcache: idx_pos/idx_used=62/47, data_pos/data_used=1819/10403
[Wed Aug 26 02:30:21.816700 2026] [socache_shmcb:debug] [pid 2225902:tid 2225902] mod_socache_shmcb.c(530): AH00834: leaving socache_shmcb_store successfully
[Wed Aug 26 02:30:21.816754 2026] [socache_shmcb:debug] [pid 2225902:tid 2225902] mod_socache_shmcb.c(508): AH00831: socache_shmcb_store (0xd0 -> subcache 16)
[Wed Aug 26 02:30:21.816759 2026] [socache_shmcb:debug] [pid 2225902:tid 2225902] mod_socache_shmcb.c(860): AH00847: insert happened at idx=20, data=(11907:11939)
[Wed Aug 26 02:30:21.816760 2026] [socache_shmcb:debug] [pid 2225902:tid 2225902] mod_socache_shmcb.c(863): AH00848: finished insert, subcache: idx_pos/idx_used=66/43, data_pos/data_used=2574/9558
[Wed Aug 26 02:30:21.816762 2026] [socache_shmcb:debug] [pid 2225902:tid 2225902] mod_socache_shmcb.c(530): AH00834: leaving socache_shmcb_store successfully
[Wed Aug 26 02:30:21.956195 2026] [ssl:info] [pid 2225502:tid 2225502] [client 2409:8718:271a:1074::b:19886] AH01964: Connection to child 5 established (server 2blog.ilc.edu.tw:443)
[Wed Aug 26 02:30:21.956380 2026] [ssl:debug] [pid 2225502:tid 2225502] ssl_engine_kernel.c(2222): [client 2409:8718:271a:1074::b:19886] AH02043: SSL virtual host for servername 2blog.ilc.edu.tw found
[Wed Aug 26 02:30:21.956431 2026] [core:debug] [pid 2225502:tid 2225502] protocol.c(2460): [client 2409:8718:271a:1074::b:19886] AH03155: select protocol from , choices=h2,http/1.1 for server 2blog.ilc.edu.tw
[Wed Aug 26 02:30:21.956465 2026] [ssl:debug] [pid 2225502:tid 2225502] ssl_util_stapling.c(819): AH01951: stapling_cb: OCSP Stapling callback called
[Wed Aug 26 02:30:21.956470 2026] [ssl:info] [pid 2225502:tid 2225502] AH01926: stapling_get_certinfo: stapling not supported for certificate
[Wed Aug 26 02:30:21.966692 2026] [ssl:debug] [pid 2225571:tid 2225571] ssl_engine_kernel.c(254): [client 216.73.216.242:13153] AH02034: Subsequent (No.23) HTTPS request received for child 16 (server 2blog.ilc.edu.tw:443)
[Wed Aug 26 02:30:21.966904 2026] [authz_core:debug] [pid 2225571:tid 2225571] mod_authz_core.c(815): [client 216.73.216.242:13153] AH01626: authorization result of Require all granted: granted
[Wed Aug 26 02:30:21.966909 2026] [authz_core:debug] [pid 2225571:tid 2225571] mod_authz_core.c(815): [client 216.73.216.242:13153] AH01626: authorization result of : granted
[Wed Aug 26 02:30:21.967072 2026] [authz_core:debug] [pid 2225571:tid 2225571] mod_authz_core.c(815): [client 216.73.216.242:13153] AH01626: authorization result of Require all granted: granted
[Wed Aug 26 02:30:21.967081 2026] [authz_core:debug] [pid 2225571:tid 2225571] mod_authz_core.c(815): [client 216.73.216.242:13153] AH01626: authorization result of : granted
[Wed Aug 26 02:30:22.008322 2026] [ssl:debug] [pid 2225902:tid 2225902] ssl_engine_kernel.c(254): [client 34.61.96.6:49664] AH02034: Initial (No.1) HTTPS request received for child 2 (server 2blog.ilc.edu.tw:443)
[Wed Aug 26 02:30:22.008520 2026] [authz_core:debug] [pid 2225902:tid 2225902] mod_authz_core.c(815): [client 34.61.96.6:49664] AH01626: authorization result of Require all granted: granted
[Wed Aug 26 02:30:22.008525 2026] [authz_core:debug] [pid 2225902:tid 2225902] mod_authz_core.c(815): [client 34.61.96.6:49664] AH01626: authorization result of : granted
[Wed Aug 26 02:30:22.008650 2026] [authz_core:debug] [pid 2225902:tid 2225902] mod_authz_core.c(815): [client 34.61.96.6:49664] AH01626: authorization result of Require all granted: granted
[Wed Aug 26 02:30:22.008654 2026] [authz_core:debug] [pid 2225902:tid 2225902] mod_authz_core.c(815): [client 34.61.96.6:49664] AH01626: authorization result of : granted
[Wed Aug 26 02:30:22.181805 2026] [deflate:debug] [pid 2225902:tid 2225902] mod_deflate.c(909): [client 34.61.96.6:49664] AH01384: Zlib: Compressed 49163 to 9123 : URL /index.php
[Wed Aug 26 02:30:22.210251 2026] [ssl:debug] [pid 2225502:tid 2225502] ssl_engine_kernel.c(2082): [client 2409:8718:271a:1074::b:19886] AH02041: Protocol: TLSv1.3, Cipher: TLS_AES_256_GCM_SHA384 (256/256 bits)
[Wed Aug 26 02:30:22.210307 2026] [socache_shmcb:debug] [pid 2225502:tid 2225502] mod_socache_shmcb.c(508): AH00831: socache_shmcb_store (0xc3 -> subcache 3)
[Wed Aug 26 02:30:22.210312 2026] [socache_shmcb:debug] [pid 2225502:tid 2225502] mod_socache_shmcb.c(860): AH00847: insert happened at idx=80, data=(5729:5761)
[Wed Aug 26 02:30:22.210314 2026] [socache_shmcb:debug] [pid 2225502:tid 2225502] mod_socache_shmcb.c(863): AH00848: finished insert, subcache: idx_pos/idx_used=50/31, data_pos/data_used=12903/6916
[Wed Aug 26 02:30:22.210316 2026] [socache_shmcb:debug] [pid 2225502:tid 2225502] mod_socache_shmcb.c(530): AH00834: leaving socache_shmcb_store successfully
[Wed Aug 26 02:30:22.210362 2026] [socache_shmcb:debug] [pid 2225502:tid 2225502] mod_socache_shmcb.c(508): AH00831: socache_shmcb_store (0x77 -> subcache 23)
[Wed Aug 26 02:30:22.210366 2026] [socache_shmcb:debug] [pid 2225502:tid 2225502] mod_socache_shmcb.c(745): AH00842: expiring 1 and reclaiming 0 removed socache entries
[Wed Aug 26 02:30:22.210373 2026] [socache_shmcb:debug] [pid 2225502:tid 2225502] mod_socache_shmcb.c(765): AH00843: we now have 36 socache entries
[Wed Aug 26 02:30:22.210375 2026] [socache_shmcb:debug] [pid 2225502:tid 2225502] mod_socache_shmcb.c(860): AH00847: insert happened at idx=55, data=(5853:5885)
[Wed Aug 26 02:30:22.210377 2026] [socache_shmcb:debug] [pid 2225502:tid 2225502] mod_socache_shmcb.c(863): AH00848: finished insert, subcache: idx_pos/idx_used=19/37, data_pos/data_used=11761/8181
[Wed Aug 26 02:30:22.210379 2026] [socache_shmcb:debug] [pid 2225502:tid 2225502] mod_socache_shmcb.c(530): AH00834: leaving socache_shmcb_store successfully
[Wed Aug 26 02:30:22.210493 2026] [ssl:debug] [pid 2225502:tid 2225502] ssl_engine_kernel.c(254): [client 2409:8718:271a:1074::b:19886] AH02034: Initial (No.1) HTTPS request received for child 5 (server 2blog.ilc.edu.tw:443)
[Wed Aug 26 02:30:22.210661 2026] [authz_core:debug] [pid 2225502:tid 2225502] mod_authz_core.c(815): [client 2409:8718:271a:1074::b:19886] AH01626: authorization result of Require all granted: granted
[Wed Aug 26 02:30:22.210665 2026] [authz_core:debug] [pid 2225502:tid 2225502] mod_authz_core.c(815): [client 2409:8718:271a:1074::b:19886] AH01626: authorization result of : granted
[Wed Aug 26 02:30:22.210784 2026] [authz_core:debug] [pid 2225502:tid 2225502] mod_authz_core.c(815): [client 2409:8718:271a:1074::b:19886] AH01626: authorization result of Require all granted: granted
[Wed Aug 26 02:30:22.210788 2026] [authz_core:debug] [pid 2225502:tid 2225502] mod_authz_core.c(815): [client 2409:8718:271a:1074::b:19886] AH01626: authorization result of : granted
[Wed Aug 26 02:30:22.279185 2026] [ssl:info] [pid 2225572:tid 2225572] [client 18.214.138.148:2178] AH01964: Connection to child 19 established (server 2blog.ilc.edu.tw:443)
[Wed Aug 26 02:30:22.279345 2026] [ssl:debug] [pid 2225572:tid 2225572] ssl_engine_kernel.c(2222): [client 18.214.138.148:2178] AH02043: SSL virtual host for servername 2blog.ilc.edu.tw found
[Wed Aug 26 02:30:22.294662 2026] [ssl:debug] [pid 2226995:tid 2226995] ssl_engine_kernel.c(254): [client 66.249.79.163:39335] AH02034: Subsequent (No.3) HTTPS request received for child 28 (server 2blog.ilc.edu.tw:443)
[Wed Aug 26 02:30:22.294846 2026] [authz_core:debug] [pid 2226995:tid 2226995] mod_authz_core.c(815): [client 66.249.79.163:39335] AH01626: authorization result of Require all granted: granted
[Wed Aug 26 02:30:22.294851 2026] [authz_core:debug] [pid 2226995:tid 2226995] mod_authz_core.c(815): [client 66.249.79.163:39335] AH01626: authorization result of : granted
[Wed Aug 26 02:30:22.294966 2026] [authz_core:debug] [pid 2226995:tid 2226995] mod_authz_core.c(815): [client 66.249.79.163:39335] AH01626: authorization result of Require all granted: granted
[Wed Aug 26 02:30:22.294977 2026] [authz_core:debug] [pid 2226995:tid 2226995] mod_authz_core.c(815): [client 66.249.79.163:39335] AH01626: authorization result of : granted
[Wed Aug 26 02:30:22.312724 2026] [deflate:debug] [pid 2226995:tid 2226995] mod_deflate.c(909): [client 66.249.79.163:39335] AH01384: Zlib: Compressed 41244 to 9069 : URL /index.php
[Wed Aug 26 02:30:22.400704 2026] [deflate:debug] [pid 2225942:tid 2225942] mod_deflate.c(909): [client 216.73.216.242:24281] AH01384: Zlib: Compressed 533113 to 85733 : URL /index.php
[Wed Aug 26 02:30:22.422365 2026] [ssl:debug] [pid 2225571:tid 2225571] ssl_engine_kernel.c(254): [client 216.73.216.242:13153] AH02034: Subsequent (No.24) HTTPS request received for child 16 (server 2blog.ilc.edu.tw:443)
[Wed Aug 26 02:30:22.422579 2026] [authz_core:debug] [pid 2225571:tid 2225571] mod_authz_core.c(815): [client 216.73.216.242:13153] AH01626: authorization result of Require all granted: granted
[Wed Aug 26 02:30:22.422585 2026] [authz_core:debug] [pid 2225571:tid 2225571] mod_authz_core.c(815): [client 216.73.216.242:13153] AH01626: authorization result of : granted
[Wed Aug 26 02:30:22.422707 2026] [authz_core:debug] [pid 2225571:tid 2225571] mod_authz_core.c(815): [client 216.73.216.242:13153] AH01626: authorization result of Require all granted: granted
[Wed Aug 26 02:30:22.422711 2026] [authz_core:debug] [pid 2225571:tid 2225571] mod_authz_core.c(815): [client 216.73.216.242:13153] AH01626: authorization result of : granted
[Wed Aug 26 02:30:22.513107 2026] [ssl:debug] [pid 2225587:tid 2225587] ssl_engine_kernel.c(254): [client 216.73.216.242:42876] AH02034: Subsequent (No.17) HTTPS request received for child 31 (server 2blog.ilc.edu.tw:443)
[Wed Aug 26 02:30:22.513325 2026] [authz_core:debug] [pid 2225587:tid 2225587] mod_authz_core.c(815): [client 216.73.216.242:42876] AH01626: authorization result of Require all granted: granted
[Wed Aug 26 02:30:22.513330 2026] [authz_core:debug] [pid 2225587:tid 2225587] mod_authz_core.c(815): [client 216.73.216.242:42876] AH01626: authorization result of : granted
[Wed Aug 26 02:30:22.513456 2026] [authz_core:debug] [pid 2225587:tid 2225587] mod_authz_core.c(815): [client 216.73.216.242:42876] AH01626: authorization result of Require all granted: granted
[Wed Aug 26 02:30:22.513460 2026] [authz_core:debug] [pid 2225587:tid 2225587] mod_authz_core.c(815): [client 216.73.216.242:42876] AH01626: authorization result of : granted
[Wed Aug 26 02:30:22.517379 2026] [ssl:debug] [pid 2225572:tid 2225572] ssl_engine_kernel.c(2082): [client 18.214.138.148:2178] AH02041: Protocol: TLSv1.3, Cipher: TLS_AES_256_GCM_SHA384 (256/256 bits)
[Wed Aug 26 02:30:22.517429 2026] [socache_shmcb:debug] [pid 2225572:tid 2225572] mod_socache_shmcb.c(508): AH00831: socache_shmcb_store (0x9b -> subcache 27)
[Wed Aug 26 02:30:22.517434 2026] [socache_shmcb:debug] [pid 2225572:tid 2225572] mod_socache_shmcb.c(860): AH00847: insert happened at idx=85, data=(12592:12624)
[Wed Aug 26 02:30:22.517436 2026] [socache_shmcb:debug] [pid 2225572:tid 2225572] mod_socache_shmcb.c(863): AH00848: finished insert, subcache: idx_pos/idx_used=57/29, data_pos/data_used=6415/6390
[Wed Aug 26 02:30:22.517439 2026] [socache_shmcb:debug] [pid 2225572:tid 2225572] mod_socache_shmcb.c(530): AH00834: leaving socache_shmcb_store successfully
[Wed Aug 26 02:30:22.517483 2026] [socache_shmcb:debug] [pid 2225572:tid 2225572] mod_socache_shmcb.c(508): AH00831: socache_shmcb_store (0x85 -> subcache 5)
[Wed Aug 26 02:30:22.517487 2026] [socache_shmcb:debug] [pid 2225572:tid 2225572] mod_socache_shmcb.c(745): AH00842: expiring 1 and reclaiming 0 removed socache entries
[Wed Aug 26 02:30:22.517490 2026] [socache_shmcb:debug] [pid 2225572:tid 2225572] mod_socache_shmcb.c(765): AH00843: we now have 42 socache entries
[Wed Aug 26 02:30:22.517492 2026] [socache_shmcb:debug] [pid 2225572:tid 2225572] mod_socache_shmcb.c(860): AH00847: insert happened at idx=38, data=(1785:1817)
[Wed Aug 26 02:30:22.517503 2026] [socache_shmcb:debug] [pid 2225572:tid 2225572] mod_socache_shmcb.c(863): AH00848: finished insert, subcache: idx_pos/idx_used=84/43, data_pos/data_used=6335/9528
[Wed Aug 26 02:30:22.517505 2026] [socache_shmcb:debug] [pid 2225572:tid 2225572] mod_socache_shmcb.c(530): AH00834: leaving socache_shmcb_store successfully
[Wed Aug 26 02:30:22.517619 2026] [ssl:debug] [pid 2225572:tid 2225572] ssl_engine_kernel.c(254): [client 18.214.138.148:2178] AH02034: Initial (No.1) HTTPS request received for child 19 (server 2blog.ilc.edu.tw:443)
[Wed Aug 26 02:30:22.517786 2026] [authz_core:debug] [pid 2225572:tid 2225572] mod_authz_core.c(815): [client 18.214.138.148:2178] AH01626: authorization result of Require all granted: granted
[Wed Aug 26 02:30:22.517791 2026] [authz_core:debug] [pid 2225572:tid 2225572] mod_authz_core.c(815): [client 18.214.138.148:2178] AH01626: authorization result of : granted
[Wed Aug 26 02:30:22.517919 2026] [authz_core:debug] [pid 2225572:tid 2225572] mod_authz_core.c(815): [client 18.214.138.148:2178] AH01626: authorization result of Require all granted: granted
[Wed Aug 26 02:30:22.517923 2026] [authz_core:debug] [pid 2225572:tid 2225572] mod_authz_core.c(815): [client 18.214.138.148:2178] AH01626: authorization result of : granted
[Wed Aug 26 02:30:22.527128 2026] [ssl:info] [pid 2225565:tid 2225565] [client 34.56.53.225:44544] AH01964: Connection to child 13 established (server 2blog.ilc.edu.tw:443)
[Wed Aug 26 02:30:22.527282 2026] [ssl:info] [pid 2225565:tid 2225565] (70014)End of file found: [client 34.56.53.225:44544] AH02006: SSL handshake stopped: connection was closed
[Wed Aug 26 02:30:22.527290 2026] [ssl:info] [pid 2225565:tid 2225565] [client 34.56.53.225:44544] AH01998: Connection closed to child 13 with abortive shutdown (server 2blog.ilc.edu.tw:443)
[Wed Aug 26 02:30:22.546229 2026] [ssl:debug] [pid 2225502:tid 2225502] ssl_engine_kernel.c(254): [client 2409:8718:271a:1074::b:19886] AH02034: Subsequent (No.2) HTTPS request received for child 5 (server 2blog.ilc.edu.tw:443)
[Wed Aug 26 02:30:22.546418 2026] [authz_core:debug] [pid 2225502:tid 2225502] mod_authz_core.c(815): [client 2409:8718:271a:1074::b:19886] AH01626: authorization result of Require all granted: granted
[Wed Aug 26 02:30:22.546424 2026] [authz_core:debug] [pid 2225502:tid 2225502] mod_authz_core.c(815): [client 2409:8718:271a:1074::b:19886] AH01626: authorization result of : granted
[Wed Aug 26 02:30:22.546570 2026] [authz_core:debug] [pid 2225502:tid 2225502] mod_authz_core.c(815): [client 2409:8718:271a:1074::b:19886] AH01626: authorization result of Require all granted: granted
[Wed Aug 26 02:30:22.546574 2026] [authz_core:debug] [pid 2225502:tid 2225502] mod_authz_core.c(815): [client 2409:8718:271a:1074::b:19886] AH01626: authorization result of : granted
[Wed Aug 26 02:30:22.698060 2026] [deflate:debug] [pid 2225502:tid 2225502] mod_deflate.c(909): [client 2409:8718:271a:1074::b:19886] AH01384: Zlib: Compressed 57891 to 13031 : URL /index.php
[Wed Aug 26 02:30:22.771749 2026] [ssl:debug] [pid 2225572:tid 2225572] ssl_engine_io.c(1150): [client 18.214.138.148:2178] AH02001: Connection closed to child 19 with standard shutdown (server 2blog.ilc.edu.tw:443)
[Wed Aug 26 02:30:22.963688 2026] [ssl:info] [pid 2225927:tid 2225927] [client 35.173.38.202:28312] AH01964: Connection to child 8 established (server 2blog.ilc.edu.tw:443)
[Wed Aug 26 02:30:22.963840 2026] [ssl:debug] [pid 2225927:tid 2225927] ssl_engine_kernel.c(2222): [client 35.173.38.202:28312] AH02043: SSL virtual host for servername 2blog.ilc.edu.tw found
[Wed Aug 26 02:30:22.979270 2026] [ssl:debug] [pid 2225502:tid 2225502] ssl_engine_kernel.c(254): [client 2409:8718:271a:1074::b:19886] AH02034: Subsequent (No.3) HTTPS request received for child 5 (server 2blog.ilc.edu.tw:443), referer: https://2blog.ilc.edu.tw/4604/109-8/
