[Wed Aug 26 02:29:29.747988 2026] [authz_core:debug] [pid 2225565:tid 2225565] mod_authz_core.c(815): [client 34.30.223.149:5121] AH01626: authorization result of : granted
[Wed Aug 26 02:29:29.872690 2026] [ssl:debug] [pid 2225906:tid 2225906] ssl_engine_kernel.c(254): [client 34.30.223.149:65024] AH02034: Initial (No.1) HTTPS request received for child 4 (server 2blog.ilc.edu.tw:443)
[Wed Aug 26 02:29:29.872908 2026] [authz_core:debug] [pid 2225906:tid 2225906] mod_authz_core.c(815): [client 34.30.223.149:65024] AH01626: authorization result of Require all granted: granted
[Wed Aug 26 02:29:29.872913 2026] [authz_core:debug] [pid 2225906:tid 2225906] mod_authz_core.c(815): [client 34.30.223.149:65024] AH01626: authorization result of : granted
[Wed Aug 26 02:29:29.873083 2026] [authz_core:debug] [pid 2225906:tid 2225906] mod_authz_core.c(815): [client 34.30.223.149:65024] AH01626: authorization result of Require all granted: granted
[Wed Aug 26 02:29:29.873087 2026] [authz_core:debug] [pid 2225906:tid 2225906] mod_authz_core.c(815): [client 34.30.223.149:65024] AH01626: authorization result of : granted
[Wed Aug 26 02:29:30.202305 2026] [headers:debug] [pid 2225902:tid 2225902] mod_headers.c(900): AH01503: headers: ap_headers_error_filter()
[Wed Aug 26 02:29:30.538662 2026] [ssl:info] [pid 2225564:tid 2225564] [client 140.111.67.10:28776] AH01964: Connection to child 12 established (server 2blog.ilc.edu.tw:443)
[Wed Aug 26 02:29:30.538835 2026] [ssl:info] [pid 2225564:tid 2225564] (70014)End of file found: [client 140.111.67.10:28776] AH02006: SSL handshake stopped: connection was closed
[Wed Aug 26 02:29:30.538844 2026] [ssl:info] [pid 2225564:tid 2225564] [client 140.111.67.10:28776] AH01998: Connection closed to child 12 with abortive shutdown (server 2blog.ilc.edu.tw:443)
[Wed Aug 26 02:29:30.568059 2026] [ssl:debug] [pid 2225541:tid 2225541] ssl_engine_kernel.c(254): [client 17.22.253.156:48984] AH02034: Subsequent (No.4) HTTPS request received for child 22 (server 2blog.ilc.edu.tw:443), referer: https://2blog.ilc.edu.tw/5192/2016/11/
[Wed Aug 26 02:29:30.568287 2026] [authz_core:debug] [pid 2225541:tid 2225541] mod_authz_core.c(815): [client 17.22.253.156:48984] AH01626: authorization result of Require all granted: granted, referer: https://2blog.ilc.edu.tw/5192/2016/11/
[Wed Aug 26 02:29:30.568292 2026] [authz_core:debug] [pid 2225541:tid 2225541] mod_authz_core.c(815): [client 17.22.253.156:48984] AH01626: authorization result of : granted, referer: https://2blog.ilc.edu.tw/5192/2016/11/
[Wed Aug 26 02:29:30.568525 2026] [authz_core:debug] [pid 2225541:tid 2225541] mod_authz_core.c(815): [client 17.22.253.156:48984] AH01626: authorization result of Require all granted: granted, referer: https://2blog.ilc.edu.tw/5192/2016/11/
[Wed Aug 26 02:29:30.568533 2026] [authz_core:debug] [pid 2225541:tid 2225541] mod_authz_core.c(815): [client 17.22.253.156:48984] AH01626: authorization result of : granted, referer: https://2blog.ilc.edu.tw/5192/2016/11/
[Wed Aug 26 02:29:30.568655 2026] [deflate:debug] [pid 2225541:tid 2225541] mod_deflate.c(909): [client 17.22.253.156:48984] AH01384: Zlib: Compressed 1718 to 700 : URL /wp-includes/js/hoverintent-js.min.js, referer: https://2blog.ilc.edu.tw/5192/2016/11/
[Wed Aug 26 02:29:30.612385 2026] [deflate:debug] [pid 2225906:tid 2225906] mod_deflate.c(909): [client 34.30.223.149:65024] AH01384: Zlib: Compressed 537591 to 86378 : URL /index.php
[Wed Aug 26 02:29:30.713251 2026] [ssl:info] [pid 2225923:tid 2225923] [client 240e:910:e000:811::1468:55346] AH01964: Connection to child 6 established (server 2blog.ilc.edu.tw:443)
[Wed Aug 26 02:29:30.713780 2026] [ssl:debug] [pid 2225923:tid 2225923] ssl_engine_kernel.c(2222): [client 240e:910:e000:811::1468:55346] AH02043: SSL virtual host for servername www.najh.ilc.edu.tw found
[Wed Aug 26 02:29:30.713925 2026] [core:debug] [pid 2225923:tid 2225923] protocol.c(2460): [client 240e:910:e000:811::1468:55346] AH03155: select protocol from , choices=h2,http/1.1 for server www.najh.ilc.edu.tw
[Wed Aug 26 02:29:30.714001 2026] [ssl:debug] [pid 2225923:tid 2225923] ssl_util_stapling.c(819): AH01951: stapling_cb: OCSP Stapling callback called
[Wed Aug 26 02:29:30.714008 2026] [ssl:info] [pid 2225923:tid 2225923] AH01926: stapling_get_certinfo: stapling not supported for certificate
[Wed Aug 26 02:29:30.714822 2026] [ssl:info] [pid 2225924:tid 2225924] [client 240e:910:e000:811::1468:55340] AH01964: Connection to child 7 established (server 2blog.ilc.edu.tw:443)
[Wed Aug 26 02:29:30.714906 2026] [ssl:info] [pid 2225905:tid 2225905] [client 240e:910:e000:811::1468:55344] AH01964: Connection to child 3 established (server 2blog.ilc.edu.tw:443)
[Wed Aug 26 02:29:30.715051 2026] [ssl:debug] [pid 2225905:tid 2225905] ssl_engine_kernel.c(2222): [client 240e:910:e000:811::1468:55344] AH02043: SSL virtual host for servername www.najh.ilc.edu.tw found
[Wed Aug 26 02:29:30.715067 2026] [socache_shmcb:debug] [pid 2225905:tid 2225905] mod_socache_shmcb.c(545): AH00835: socache_shmcb_retrieve (0x55 -> subcache 21)
[Wed Aug 26 02:29:30.715073 2026] [socache_shmcb:debug] [pid 2225905:tid 2225905] mod_socache_shmcb.c(929): AH00851: shmcb_subcache_retrieve found no match
[Wed Aug 26 02:29:30.715075 2026] [socache_shmcb:debug] [pid 2225905:tid 2225905] mod_socache_shmcb.c(556): AH00836: leaving socache_shmcb_retrieve successfully
[Wed Aug 26 02:29:30.715107 2026] [core:debug] [pid 2225905:tid 2225905] protocol.c(2460): [client 240e:910:e000:811::1468:55344] AH03155: select protocol from , choices=h2,http/1.1 for server www.najh.ilc.edu.tw
[Wed Aug 26 02:29:30.715139 2026] [ssl:debug] [pid 2225905:tid 2225905] ssl_util_stapling.c(819): AH01951: stapling_cb: OCSP Stapling callback called
[Wed Aug 26 02:29:30.715143 2026] [ssl:info] [pid 2225905:tid 2225905] AH01926: stapling_get_certinfo: stapling not supported for certificate
[Wed Aug 26 02:29:30.715237 2026] [ssl:debug] [pid 2225924:tid 2225924] ssl_engine_kernel.c(2222): [client 240e:910:e000:811::1468:55340] AH02043: SSL virtual host for servername www.najh.ilc.edu.tw found
[Wed Aug 26 02:29:30.715280 2026] [socache_shmcb:debug] [pid 2225924:tid 2225924] mod_socache_shmcb.c(545): AH00835: socache_shmcb_retrieve (0xa5 -> subcache 5)
[Wed Aug 26 02:29:30.715292 2026] [socache_shmcb:debug] [pid 2225924:tid 2225924] mod_socache_shmcb.c(929): AH00851: shmcb_subcache_retrieve found no match
[Wed Aug 26 02:29:30.715294 2026] [socache_shmcb:debug] [pid 2225924:tid 2225924] mod_socache_shmcb.c(556): AH00836: leaving socache_shmcb_retrieve successfully
[Wed Aug 26 02:29:30.715378 2026] [core:debug] [pid 2225924:tid 2225924] protocol.c(2460): [client 240e:910:e000:811::1468:55340] AH03155: select protocol from , choices=h2,http/1.1 for server www.najh.ilc.edu.tw
[Wed Aug 26 02:29:30.715463 2026] [ssl:debug] [pid 2225924:tid 2225924] ssl_util_stapling.c(819): AH01951: stapling_cb: OCSP Stapling callback called
[Wed Aug 26 02:29:30.715470 2026] [ssl:info] [pid 2225924:tid 2225924] AH01926: stapling_get_certinfo: stapling not supported for certificate
[Wed Aug 26 02:29:30.726022 2026] [ssl:info] [pid 2225502:tid 2225502] [client 240e:910:e000:811::1468:55342] AH01964: Connection to child 5 established (server 2blog.ilc.edu.tw:443)
[Wed Aug 26 02:29:30.726261 2026] [ssl:debug] [pid 2225502:tid 2225502] ssl_engine_kernel.c(2222): [client 240e:910:e000:811::1468:55342] AH02043: SSL virtual host for servername www.najh.ilc.edu.tw found
[Wed Aug 26 02:29:30.726333 2026] [core:debug] [pid 2225502:tid 2225502] protocol.c(2460): [client 240e:910:e000:811::1468:55342] AH03155: select protocol from , choices=h2,http/1.1 for server www.najh.ilc.edu.tw
[Wed Aug 26 02:29:30.726372 2026] [ssl:debug] [pid 2225502:tid 2225502] ssl_util_stapling.c(819): AH01951: stapling_cb: OCSP Stapling callback called
[Wed Aug 26 02:29:30.726377 2026] [ssl:info] [pid 2225502:tid 2225502] AH01926: stapling_get_certinfo: stapling not supported for certificate
[Wed Aug 26 02:29:30.727327 2026] [ssl:info] [pid 2225529:tid 2225529] [client 240e:910:e000:811::1468:55338] AH01964: Connection to child 1 established (server 2blog.ilc.edu.tw:443)
[Wed Aug 26 02:29:30.727481 2026] [ssl:debug] [pid 2225529:tid 2225529] ssl_engine_kernel.c(2222): [client 240e:910:e000:811::1468:55338] AH02043: SSL virtual host for servername www.najh.ilc.edu.tw found
[Wed Aug 26 02:29:30.727547 2026] [core:debug] [pid 2225529:tid 2225529] protocol.c(2460): [client 240e:910:e000:811::1468:55338] AH03155: select protocol from , choices=h2,http/1.1 for server www.najh.ilc.edu.tw
[Wed Aug 26 02:29:30.727578 2026] [ssl:debug] [pid 2225529:tid 2225529] ssl_util_stapling.c(819): AH01951: stapling_cb: OCSP Stapling callback called
[Wed Aug 26 02:29:30.727582 2026] [ssl:info] [pid 2225529:tid 2225529] AH01926: stapling_get_certinfo: stapling not supported for certificate
[Wed Aug 26 02:29:30.849327 2026] [ssl:info] [pid 2225902:tid 2225902] [client 2a03:2880:18ff:2e:::56238] AH01964: Connection to child 2 established (server 2blog.ilc.edu.tw:443)
[Wed Aug 26 02:29:30.849508 2026] [ssl:debug] [pid 2225902:tid 2225902] ssl_engine_kernel.c(2222): [client 2a03:2880:18ff:2e:::56238] AH02043: SSL virtual host for servername 2blog.ilc.edu.tw found
[Wed Aug 26 02:29:30.849572 2026] [core:debug] [pid 2225902:tid 2225902] protocol.c(2460): [client 2a03:2880:18ff:2e:::56238] AH03155: select protocol from , choices=h2,http/1.1 for server 2blog.ilc.edu.tw
[Wed Aug 26 02:29:30.901444 2026] [authz_core:debug] [pid 2225564:tid 2225564] mod_authz_core.c(815): [client 18.233.24.238:62047] AH01626: authorization result of Require all granted: granted
[Wed Aug 26 02:29:30.901478 2026] [authz_core:debug] [pid 2225564:tid 2225564] mod_authz_core.c(815): [client 18.233.24.238:62047] AH01626: authorization result of : granted
[Wed Aug 26 02:29:30.902849 2026] [authz_core:debug] [pid 2225564:tid 2225564] mod_authz_core.c(815): [client 18.233.24.238:62047] AH01626: authorization result of Require all granted: granted
[Wed Aug 26 02:29:30.902871 2026] [authz_core:debug] [pid 2225564:tid 2225564] mod_authz_core.c(815): [client 18.233.24.238:62047] AH01626: authorization result of : granted
[Wed Aug 26 02:29:30.905114 2026] [deflate:debug] [pid 2225564:tid 2225564] mod_deflate.c(909): [client 18.233.24.238:62047] AH01384: Zlib: Compressed 1411 to 471 : URL /wp-content/uploads/sites/3666/elementor/css/
[Wed Aug 26 02:29:30.946487 2026] [watchdog:debug] [pid 2225927:tid 2225927] mod_watchdog.c(559): AH02980: Watchdog: nothing configured?
[Wed Aug 26 02:29:30.966661 2026] [ssl:debug] [pid 2225557:tid 2225557] ssl_engine_io.c(1150): [client 34.10.180.98:28672] AH02001: Connection closed to child 10 with standard shutdown (server 2blog.ilc.edu.tw:443)
[Wed Aug 26 02:29:31.032369 2026] [ssl:debug] [pid 2225902:tid 2225902] ssl_engine_kernel.c(2082): [client 2a03:2880:18ff:2e:::56238] AH02041: Protocol: TLSv1.3, Cipher: TLS_AES_256_GCM_SHA384 (256/256 bits)
[Wed Aug 26 02:29:31.032447 2026] [socache_shmcb:debug] [pid 2225902:tid 2225902] mod_socache_shmcb.c(508): AH00831: socache_shmcb_store (0xd2 -> subcache 18)
[Wed Aug 26 02:29:31.032454 2026] [socache_shmcb:debug] [pid 2225902:tid 2225902] mod_socache_shmcb.c(745): AH00842: expiring 1 and reclaiming 0 removed socache entries
[Wed Aug 26 02:29:31.032457 2026] [socache_shmcb:debug] [pid 2225902:tid 2225902] mod_socache_shmcb.c(765): AH00843: we now have 34 socache entries
[Wed Aug 26 02:29:31.032461 2026] [socache_shmcb:debug] [pid 2225902:tid 2225902] mod_socache_shmcb.c(860): AH00847: insert happened at idx=86, data=(6739:6771)
[Wed Aug 26 02:29:31.032463 2026] [socache_shmcb:debug] [pid 2225902:tid 2225902] mod_socache_shmcb.c(863): AH00848: finished insert, subcache: idx_pos/idx_used=52/35, data_pos/data_used=13070/7758
[Wed Aug 26 02:29:31.032465 2026] [socache_shmcb:debug] [pid 2225902:tid 2225902] mod_socache_shmcb.c(530): AH00834: leaving socache_shmcb_store successfully
[Wed Aug 26 02:29:31.032535 2026] [socache_shmcb:debug] [pid 2225902:tid 2225902] mod_socache_shmcb.c(508): AH00831: socache_shmcb_store (0x00 -> subcache 0)
[Wed Aug 26 02:29:31.032543 2026] [socache_shmcb:debug] [pid 2225902:tid 2225902] mod_socache_shmcb.c(860): AH00847: insert happened at idx=79, data=(11168:11200)
[Wed Aug 26 02:29:31.032545 2026] [socache_shmcb:debug] [pid 2225902:tid 2225902] mod_socache_shmcb.c(863): AH00848: finished insert, subcache: idx_pos/idx_used=38/42, data_pos/data_used=2094/9299
[Wed Aug 26 02:29:31.032548 2026] [socache_shmcb:debug] [pid 2225902:tid 2225902] mod_socache_shmcb.c(530): AH00834: leaving socache_shmcb_store successfully
[Wed Aug 26 02:29:31.032726 2026] [ssl:debug] [pid 2225902:tid 2225902] ssl_engine_kernel.c(254): [client 2a03:2880:18ff:2e:::56238] AH02034: Initial (No.1) HTTPS request received for child 2 (server 2blog.ilc.edu.tw:443)
[Wed Aug 26 02:29:31.032936 2026] [authz_core:debug] [pid 2225902:tid 2225902] mod_authz_core.c(815): [client 2a03:2880:18ff:2e:::56238] AH01626: authorization result of Require all granted: granted
[Wed Aug 26 02:29:31.032941 2026] [authz_core:debug] [pid 2225902:tid 2225902] mod_authz_core.c(815): [client 2a03:2880:18ff:2e:::56238] AH01626: authorization result of : granted
[Wed Aug 26 02:29:31.033150 2026] [authz_core:debug] [pid 2225902:tid 2225902] mod_authz_core.c(815): [client 2a03:2880:18ff:2e:::56238] AH01626: authorization result of Require all granted: granted
[Wed Aug 26 02:29:31.033156 2026] [authz_core:debug] [pid 2225902:tid 2225902] mod_authz_core.c(815): [client 2a03:2880:18ff:2e:::56238] AH01626: authorization result of : granted
[Wed Aug 26 02:29:31.050941 2026] [ssl:debug] [pid 2225924:tid 2225924] ssl_engine_kernel.c(2082): [client 240e:910:e000:811::1468:55340] AH02041: Protocol: TLSv1.3, Cipher: TLS_AES_256_GCM_SHA384 (256/256 bits)
[Wed Aug 26 02:29:31.051013 2026] [socache_shmcb:debug] [pid 2225924:tid 2225924] mod_socache_shmcb.c(508): AH00831: socache_shmcb_store (0x9d -> subcache 29)
[Wed Aug 26 02:29:31.051007 2026] [ssl:debug] [pid 2225923:tid 2225923] ssl_engine_kernel.c(2082): [client 240e:910:e000:811::1468:55346] AH02041: Protocol: TLSv1.3, Cipher: TLS_AES_256_GCM_SHA384 (256/256 bits)
[Wed Aug 26 02:29:31.051033 2026] [socache_shmcb:debug] [pid 2225924:tid 2225924] mod_socache_shmcb.c(860): AH00847: insert happened at idx=5, data=(8484:8516)
[Wed Aug 26 02:29:31.051035 2026] [socache_shmcb:debug] [pid 2225924:tid 2225924] mod_socache_shmcb.c(863): AH00848: finished insert, subcache: idx_pos/idx_used=58/36, data_pos/data_used=762/7950
[Wed Aug 26 02:29:31.051038 2026] [socache_shmcb:debug] [pid 2225924:tid 2225924] mod_socache_shmcb.c(530): AH00834: leaving socache_shmcb_store successfully
[Wed Aug 26 02:29:31.051082 2026] [socache_shmcb:debug] [pid 2225923:tid 2225923] mod_socache_shmcb.c(508): AH00831: socache_shmcb_store (0x33 -> subcache 19)
[Wed Aug 26 02:29:31.051092 2026] [socache_shmcb:debug] [pid 2225923:tid 2225923] mod_socache_shmcb.c(745): AH00842: expiring 1 and reclaiming 0 removed socache entries
[Wed Aug 26 02:29:31.051095 2026] [socache_shmcb:debug] [pid 2225923:tid 2225923] mod_socache_shmcb.c(765): AH00843: we now have 33 socache entries
[Wed Aug 26 02:29:31.051097 2026] [socache_shmcb:debug] [pid 2225923:tid 2225923] mod_socache_shmcb.c(860): AH00847: insert happened at idx=31, data=(180:212)
[Wed Aug 26 02:29:31.051099 2026] [socache_shmcb:debug] [pid 2225923:tid 2225923] mod_socache_shmcb.c(863): AH00848: finished insert, subcache: idx_pos/idx_used=86/34, data_pos/data_used=6800/7473
[Wed Aug 26 02:29:31.051102 2026] [socache_shmcb:debug] [pid 2225923:tid 2225923] mod_socache_shmcb.c(530): AH00834: leaving socache_shmcb_store successfully
[Wed Aug 26 02:29:31.051112 2026] [socache_shmcb:debug] [pid 2225924:tid 2225924] mod_socache_shmcb.c(508): AH00831: socache_shmcb_store (0x07 -> subcache 7)
[Wed Aug 26 02:29:31.051117 2026] [socache_shmcb:debug] [pid 2225924:tid 2225924] mod_socache_shmcb.c(745): AH00842: expiring 4 and reclaiming 0 removed socache entries
[Wed Aug 26 02:29:31.051119 2026] [socache_shmcb:debug] [pid 2225924:tid 2225924] mod_socache_shmcb.c(765): AH00843: we now have 29 socache entries
[Wed Aug 26 02:29:31.051121 2026] [socache_shmcb:debug] [pid 2225924:tid 2225924] mod_socache_shmcb.c(860): AH00847: insert happened at idx=4, data=(8126:8158)
[Wed Aug 26 02:29:31.051123 2026] [socache_shmcb:debug] [pid 2225924:tid 2225924] mod_socache_shmcb.c(863): AH00848: finished insert, subcache: idx_pos/idx_used=63/30, data_pos/data_used=1784/6570
[Wed Aug 26 02:29:31.051124 2026] [socache_shmcb:debug] [pid 2225924:tid 2225924] mod_socache_shmcb.c(530): AH00834: leaving socache_shmcb_store successfully
[Wed Aug 26 02:29:31.051165 2026] [socache_shmcb:debug] [pid 2225923:tid 2225923] mod_socache_shmcb.c(508): AH00831: socache_shmcb_store (0xd1 -> subcache 17)
[Wed Aug 26 02:29:31.051171 2026] [socache_shmcb:debug] [pid 2225923:tid 2225923] mod_socache_shmcb.c(745): AH00842: expiring 1 and reclaiming 0 removed socache entries
[Wed Aug 26 02:29:31.051172 2026] [socache_shmcb:debug] [pid 2225923:tid 2225923] mod_socache_shmcb.c(765): AH00843: we now have 37 socache entries
[Wed Aug 26 02:29:31.051174 2026] [socache_shmcb:debug] [pid 2225923:tid 2225923] mod_socache_shmcb.c(860): AH00847: insert happened at idx=42, data=(2907:2939)
[Wed Aug 26 02:29:31.051176 2026] [socache_shmcb:debug] [pid 2225923:tid 2225923] mod_socache_shmcb.c(863): AH00848: finished insert, subcache: idx_pos/idx_used=5/38, data_pos/data_used=8618/8382
[Wed Aug 26 02:29:31.051178 2026] [socache_shmcb:debug] [pid 2225923:tid 2225923] mod_socache_shmcb.c(530): AH00834: leaving socache_shmcb_store successfully
[Wed Aug 26 02:29:31.051354 2026] [ssl:debug] [pid 2225924:tid 2225924] ssl_engine_kernel.c(254): [client 240e:910:e000:811::1468:55340] AH02034: Initial (No.1) HTTPS request received for child 7 (server www.najh.ilc.edu.tw:443), referer: https://www.najh.ilc.edu.tw/2024/05/23/112%e5%8e%9f%e4%bd%8f%e6%b0%91%e6%97%8f%e6%96%87%e5%8c%96%e9%ab%94%e9%a9%97%e6%b4%bb%e5%8b%95-%e8%b5%b0%e9%80%b2%e9%83%a8%e8%90%bdmita%e5%ae%9c%e8%98%ad/
[Wed Aug 26 02:29:31.051355 2026] [ssl:debug] [pid 2225923:tid 2225923] ssl_engine_kernel.c(254): [client 240e:910:e000:811::1468:55346] AH02034: Initial (No.1) HTTPS request received for child 6 (server www.najh.ilc.edu.tw:443), referer: https://www.najh.ilc.edu.tw/2024/05/23/112%e5%8e%9f%e4%bd%8f%e6%b0%91%e6%97%8f%e6%96%87%e5%8c%96%e9%ab%94%e9%a9%97%e6%b4%bb%e5%8b%95-%e8%b5%b0%e9%80%b2%e9%83%a8%e8%90%bdmita%e5%ae%9c%e8%98%ad/
[Wed Aug 26 02:29:31.051700 2026] [authz_core:debug] [pid 2225923:tid 2225923] mod_authz_core.c(815): [client 240e:910:e000:811::1468:55346] AH01626: authorization result of Require all granted: granted, referer: https://www.najh.ilc.edu.tw/2024/05/23/112%e5%8e%9f%e4%bd%8f%e6%b0%91%e6%97%8f%e6%96%87%e5%8c%96%e9%ab%94%e9%a9%97%e6%b4%bb%e5%8b%95-%e8%b5%b0%e9%80%b2%e9%83%a8%e8%90%bdmita%e5%ae%9c%e8%98%ad/
[Wed Aug 26 02:29:31.051700 2026] [authz_core:debug] [pid 2225924:tid 2225924] mod_authz_core.c(815): [client 240e:910:e000:811::1468:55340] AH01626: authorization result of Require all granted: granted, referer: https://www.najh.ilc.edu.tw/2024/05/23/112%e5%8e%9f%e4%bd%8f%e6%b0%91%e6%97%8f%e6%96%87%e5%8c%96%e9%ab%94%e9%a9%97%e6%b4%bb%e5%8b%95-%e8%b5%b0%e9%80%b2%e9%83%a8%e8%90%bdmita%e5%ae%9c%e8%98%ad/
[Wed Aug 26 02:29:31.051709 2026] [authz_core:debug] [pid 2225923:tid 2225923] mod_authz_core.c(815): [client 240e:910:e000:811::1468:55346] AH01626: authorization result of : granted, referer: https://www.najh.ilc.edu.tw/2024/05/23/112%e5%8e%9f%e4%bd%8f%e6%b0%91%e6%97%8f%e6%96%87%e5%8c%96%e9%ab%94%e9%a9%97%e6%b4%bb%e5%8b%95-%e8%b5%b0%e9%80%b2%e9%83%a8%e8%90%bdmita%e5%ae%9c%e8%98%ad/
[Wed Aug 26 02:29:31.051713 2026] [authz_core:debug] [pid 2225924:tid 2225924] mod_authz_core.c(815): [client 240e:910:e000:811::1468:55340] AH01626: authorization result of : granted, referer: https://www.najh.ilc.edu.tw/2024/05/23/112%e5%8e%9f%e4%bd%8f%e6%b0%91%e6%97%8f%e6%96%87%e5%8c%96%e9%ab%94%e9%a9%97%e6%b4%bb%e5%8b%95-%e8%b5%b0%e9%80%b2%e9%83%a8%e8%90%bdmita%e5%ae%9c%e8%98%ad/
[Wed Aug 26 02:29:31.052762 2026] [deflate:debug] [pid 2225923:tid 2225923] mod_deflate.c(909): [client 240e:910:e000:811::1468:55346] AH01384: Zlib: Compressed 486 to 267 : URL /wp-content/cache/www.najh.ilc.edu.tw/wpfc-minified/kz7ju7r3/6wh9.css, referer: https://www.najh.ilc.edu.tw/2024/05/23/112%e5%8e%9f%e4%bd%8f%e6%b0%91%e6%97%8f%e6%96%87%e5%8c%96%e9%ab%94%e9%a9%97%e6%b4%bb%e5%8b%95-%e8%b5%b0%e9%80%b2%e9%83%a8%e8%90%bdmita%e5%ae%9c%e8%98%ad/
[Wed Aug 26 02:29:31.054210 2026] [ssl:debug] [pid 2225905:tid 2225905] ssl_engine_kernel.c(2082): [client 240e:910:e000:811::1468:55344] AH02041: Protocol: TLSv1.3, Cipher: TLS_AES_256_GCM_SHA384 (256/256 bits)
[Wed Aug 26 02:29:31.054253 2026] [socache_shmcb:debug] [pid 2225905:tid 2225905] mod_socache_shmcb.c(508): AH00831: socache_shmcb_store (0x1d -> subcache 29)
[Wed Aug 26 02:29:31.054259 2026] [socache_shmcb:debug] [pid 2225905:tid 2225905] mod_socache_shmcb.c(860): AH00847: insert happened at idx=6, data=(8712:8744)
[Wed Aug 26 02:29:31.054261 2026] [socache_shmcb:debug] [pid 2225905:tid 2225905] mod_socache_shmcb.c(863): AH00848: finished insert, subcache: idx_pos/idx_used=58/37, data_pos/data_used=762/8178
[Wed Aug 26 02:29:31.054262 2026] [socache_shmcb:debug] [pid 2225905:tid 2225905] mod_socache_shmcb.c(530): AH00834: leaving socache_shmcb_store successfully
[Wed Aug 26 02:29:31.054313 2026] [socache_shmcb:debug] [pid 2225905:tid 2225905] mod_socache_shmcb.c(508): AH00831: socache_shmcb_store (0x73 -> subcache 19)
[Wed Aug 26 02:29:31.054326 2026] [socache_shmcb:debug] [pid 2225905:tid 2225905] mod_socache_shmcb.c(860): AH00847: insert happened at idx=32, data=(409:441)
[Wed Aug 26 02:29:31.054328 2026] [socache_shmcb:debug] [pid 2225905:tid 2225905] mod_socache_shmcb.c(863): AH00848: finished insert, subcache: idx_pos/idx_used=86/35, data_pos/data_used=6800/7701
[Wed Aug 26 02:29:31.054330 2026] [socache_shmcb:debug] [pid 2225905:tid 2225905] mod_socache_shmcb.c(530): AH00834: leaving socache_shmcb_store successfully
[Wed Aug 26 02:29:31.054719 2026] [deflate:debug] [pid 2225924:tid 2225924] mod_deflate.c(909): [client 240e:910:e000:811::1468:55340] AH01384: Zlib: Compressed 112428 to 14824 : URL /wp-content/cache/www.najh.ilc.edu.tw/wpfc-minified/4ybahoo/6wh9.css, referer: https://www.najh.ilc.edu.tw/2024/05/23/112%e5%8e%9f%e4%bd%8f%e6%b0%91%e6%97%8f%e6%96%87%e5%8c%96%e9%ab%94%e9%a9%97%e6%b4%bb%e5%8b%95-%e8%b5%b0%e9%80%b2%e9%83%a8%e8%90%bdmita%e5%ae%9c%e8%98%ad/
[Wed Aug 26 02:29:31.055118 2026] [ssl:debug] [pid 2225905:tid 2225905] ssl_engine_kernel.c(254): [client 240e:910:e000:811::1468:55344] AH02034: Initial (No.1) HTTPS request received for child 3 (server www.najh.ilc.edu.tw:443), referer: https://www.najh.ilc.edu.tw/2024/05/23/112%e5%8e%9f%e4%bd%8f%e6%b0%91%e6%97%8f%e6%96%87%e5%8c%96%e9%ab%94%e9%a9%97%e6%b4%bb%e5%8b%95-%e8%b5%b0%e9%80%b2%e9%83%a8%e8%90%bdmita%e5%ae%9c%e8%98%ad/
[Wed Aug 26 02:29:31.055319 2026] [authz_core:debug] [pid 2225905:tid 2225905] mod_authz_core.c(815): [client 240e:910:e000:811::1468:55344] AH01626: authorization result of Require all granted: granted, referer: https://www.najh.ilc.edu.tw/2024/05/23/112%e5%8e%9f%e4%bd%8f%e6%b0%91%e6%97%8f%e6%96%87%e5%8c%96%e9%ab%94%e9%a9%97%e6%b4%bb%e5%8b%95-%e8%b5%b0%e9%80%b2%e9%83%a8%e8%90%bdmita%e5%ae%9c%e8%98%ad/
[Wed Aug 26 02:29:31.055325 2026] [authz_core:debug] [pid 2225905:tid 2225905] mod_authz_core.c(815): [client 240e:910:e000:811::1468:55344] AH01626: authorization result of : granted, referer: https://www.najh.ilc.edu.tw/2024/05/23/112%e5%8e%9f%e4%bd%8f%e6%b0%91%e6%97%8f%e6%96%87%e5%8c%96%e9%ab%94%e9%a9%97%e6%b4%bb%e5%8b%95-%e8%b5%b0%e9%80%b2%e9%83%a8%e8%90%bdmita%e5%ae%9c%e8%98%ad/
[Wed Aug 26 02:29:31.063446 2026] [deflate:debug] [pid 2225905:tid 2225905] mod_deflate.c(909): [client 240e:910:e000:811::1468:55344] AH01384: Zlib: Compressed 352499 to 60255 : URL /wp-content/cache/www.najh.ilc.edu.tw/wpfc-minified/kcxb236g/6wh9.css, referer: https://www.najh.ilc.edu.tw/2024/05/23/112%e5%8e%9f%e4%bd%8f%e6%b0%91%e6%97%8f%e6%96%87%e5%8c%96%e9%ab%94%e9%a9%97%e6%b4%bb%e5%8b%95-%e8%b5%b0%e9%80%b2%e9%83%a8%e8%90%bdmita%e5%ae%9c%e8%98%ad/
[Wed Aug 26 02:29:31.070329 2026] [ssl:debug] [pid 2225529:tid 2225529] ssl_engine_kernel.c(2082): [client 240e:910:e000:811::1468:55338] AH02041: Protocol: TLSv1.3, Cipher: TLS_AES_256_GCM_SHA384 (256/256 bits)
[Wed Aug 26 02:29:31.070395 2026] [socache_shmcb:debug] [pid 2225529:tid 2225529] mod_socache_shmcb.c(508): AH00831: socache_shmcb_store (0xad -> subcache 13)
[Wed Aug 26 02:29:31.070401 2026] [socache_shmcb:debug] [pid 2225529:tid 2225529] mod_socache_shmcb.c(745): AH00842: expiring 5 and reclaiming 0 removed socache entries
[Wed Aug 26 02:29:31.070403 2026] [socache_shmcb:debug] [pid 2225529:tid 2225529] mod_socache_shmcb.c(765): AH00843: we now have 28 socache entries
[Wed Aug 26 02:29:31.070405 2026] [socache_shmcb:debug] [pid 2225529:tid 2225529] mod_socache_shmcb.c(860): AH00847: insert happened at idx=11, data=(9969:10001)
[Wed Aug 26 02:29:31.070407 2026] [socache_shmcb:debug] [pid 2225529:tid 2225529] mod_socache_shmcb.c(863): AH00848: finished insert, subcache: idx_pos/idx_used=71/29, data_pos/data_used=3757/6441
[Wed Aug 26 02:29:31.070413 2026] [socache_shmcb:debug] [pid 2225529:tid 2225529] mod_socache_shmcb.c(530): AH00834: leaving socache_shmcb_store successfully
[Wed Aug 26 02:29:31.070467 2026] [socache_shmcb:debug] [pid 2225529:tid 2225529] mod_socache_shmcb.c(508): AH00831: socache_shmcb_store (0x23 -> subcache 3)
[Wed Aug 26 02:29:31.070471 2026] [socache_shmcb:debug] [pid 2225529:tid 2225529] mod_socache_shmcb.c(745): AH00842: expiring 3 and reclaiming 0 removed socache entries
[Wed Aug 26 02:29:31.070473 2026] [socache_shmcb:debug] [pid 2225529:tid 2225529] mod_socache_shmcb.c(765): AH00843: we now have 27 socache entries
[Wed Aug 26 02:29:31.070475 2026] [socache_shmcb:debug] [pid 2225529:tid 2225529] mod_socache_shmcb.c(860): AH00847: insert happened at idx=72, data=(3938:3970)
[Wed Aug 26 02:29:31.070476 2026] [socache_shmcb:debug] [pid 2225529:tid 2225529] mod_socache_shmcb.c(863): AH00848: finished insert, subcache: idx_pos/idx_used=45/28, data_pos/data_used=11802/6229
[Wed Aug 26 02:29:31.070491 2026] [socache_shmcb:debug] [pid 2225529:tid 2225529] mod_socache_shmcb.c(530): AH00834: leaving socache_shmcb_store successfully
[Wed Aug 26 02:29:31.070626 2026] [ssl:debug] [pid 2225529:tid 2225529] ssl_engine_kernel.c(254): [client 240e:910:e000:811::1468:55338] AH02034: Initial (No.1) HTTPS request received for child 1 (server www.najh.ilc.edu.tw:443), referer: https://www.najh.ilc.edu.tw/2024/05/23/112%e5%8e%9f%e4%bd%8f%e6%b0%91%e6%97%8f%e6%96%87%e5%8c%96%e9%ab%94%e9%a9%97%e6%b4%bb%e5%8b%95-%e8%b5%b0%e9%80%b2%e9%83%a8%e8%90%bdmita%e5%ae%9c%e8%98%ad/
[Wed Aug 26 02:29:31.070700 2026] [ssl:debug] [pid 2225502:tid 2225502] ssl_engine_kernel.c(2082): [client 240e:910:e000:811::1468:55342] AH02041: Protocol: TLSv1.3, Cipher: TLS_AES_256_GCM_SHA384 (256/256 bits)
[Wed Aug 26 02:29:31.070745 2026] [socache_shmcb:debug] [pid 2225502:tid 2225502] mod_socache_shmcb.c(508): AH00831: socache_shmcb_store (0xde -> subcache 30)
[Wed Aug 26 02:29:31.070751 2026] [socache_shmcb:debug] [pid 2225502:tid 2225502] mod_socache_shmcb.c(860): AH00847: insert happened at idx=61, data=(7106:7138)
[Wed Aug 26 02:29:31.070753 2026] [socache_shmcb:debug] [pid 2225502:tid 2225502] mod_socache_shmcb.c(863): AH00848: finished insert, subcache: idx_pos/idx_used=29/33, data_pos/data_used=13848/7351
[Wed Aug 26 02:29:31.070755 2026] [socache_shmcb:debug] [pid 2225502:tid 2225502] mod_socache_shmcb.c(530): AH00834: leaving socache_shmcb_store successfully
[Wed Aug 26 02:29:31.070808 2026] [socache_shmcb:debug] [pid 2225502:tid 2225502] mod_socache_shmcb.c(508): AH00831: socache_shmcb_store (0xb6 -> subcache 22)
[Wed Aug 26 02:29:31.070813 2026] [socache_shmcb:debug] [pid 2225502:tid 2225502] mod_socache_shmcb.c(745): AH00842: expiring 1 and reclaiming 0 removed socache entries
[Wed Aug 26 02:29:31.070815 2026] [socache_shmcb:debug] [pid 2225502:tid 2225502] mod_socache_shmcb.c(765): AH00843: we now have 32 socache entries
[Wed Aug 26 02:29:31.070817 2026] [socache_shmcb:debug] [pid 2225502:tid 2225502] mod_socache_shmcb.c(860): AH00847: insert happened at idx=84, data=(11986:12018)
[Wed Aug 26 02:29:31.070818 2026] [socache_shmcb:debug] [pid 2225502:tid 2225502] mod_socache_shmcb.c(863): AH00848: finished insert, subcache: idx_pos/idx_used=52/33, data_pos/data_used=4932/7282
[Wed Aug 26 02:29:31.070820 2026] [socache_shmcb:debug] [pid 2225502:tid 2225502] mod_socache_shmcb.c(530): AH00834: leaving socache_shmcb_store successfully
[Wed Aug 26 02:29:31.070846 2026] [authz_core:debug] [pid 2225529:tid 2225529] mod_authz_core.c(815): [client 240e:910:e000:811::1468:55338] AH01626: authorization result of Require all granted: granted, referer: https://www.najh.ilc.edu.tw/2024/05/23/112%e5%8e%9f%e4%bd%8f%e6%b0%91%e6%97%8f%e6%96%87%e5%8c%96%e9%ab%94%e9%a9%97%e6%b4%bb%e5%8b%95-%e8%b5%b0%e9%80%b2%e9%83%a8%e8%90%bdmita%e5%ae%9c%e8%98%ad/
[Wed Aug 26 02:29:31.070851 2026] [authz_core:debug] [pid 2225529:tid 2225529] mod_authz_core.c(815): [client 240e:910:e000:811::1468:55338] AH01626: authorization result of : granted, referer: https://www.najh.ilc.edu.tw/2024/05/23/112%e5%8e%9f%e4%bd%8f%e6%b0%91%e6%97%8f%e6%96%87%e5%8c%96%e9%ab%94%e9%a9%97%e6%b4%bb%e5%8b%95-%e8%b5%b0%e9%80%b2%e9%83%a8%e8%90%bdmita%e5%ae%9c%e8%98%ad/
[Wed Aug 26 02:29:31.070938 2026] [ssl:debug] [pid 2225502:tid 2225502] ssl_engine_kernel.c(254): [client 240e:910:e000:811::1468:55342] AH02034: Initial (No.1) HTTPS request received for child 5 (server www.najh.ilc.edu.tw:443), referer: https://www.najh.ilc.edu.tw/2024/05/23/112%e5%8e%9f%e4%bd%8f%e6%b0%91%e6%97%8f%e6%96%87%e5%8c%96%e9%ab%94%e9%a9%97%e6%b4%bb%e5%8b%95-%e8%b5%b0%e9%80%b2%e9%83%a8%e8%90%bdmita%e5%ae%9c%e8%98%ad/
[Wed Aug 26 02:29:31.071437 2026] [authz_core:debug] [pid 2225502:tid 2225502] mod_authz_core.c(815): [client 240e:910:e000:811::1468:55342] AH01626: authorization result of Require all granted: granted, referer: https://www.najh.ilc.edu.tw/2024/05/23/112%e5%8e%9f%e4%bd%8f%e6%b0%91%e6%97%8f%e6%96%87%e5%8c%96%e9%ab%94%e9%a9%97%e6%b4%bb%e5%8b%95-%e8%b5%b0%e9%80%b2%e9%83%a8%e8%90%bdmita%e5%ae%9c%e8%98%ad/
[Wed Aug 26 02:29:31.071453 2026] [authz_core:debug] [pid 2225502:tid 2225502] mod_authz_core.c(815): [client 240e:910:e000:811::1468:55342] AH01626: authorization result of : granted, referer: https://www.najh.ilc.edu.tw/2024/05/23/112%e5%8e%9f%e4%bd%8f%e6%b0%91%e6%97%8f%e6%96%87%e5%8c%96%e9%ab%94%e9%a9%97%e6%b4%bb%e5%8b%95-%e8%b5%b0%e9%80%b2%e9%83%a8%e8%90%bdmita%e5%ae%9c%e8%98%ad/
[Wed Aug 26 02:29:31.072224 2026] [deflate:debug] [pid 2225502:tid 2225502] mod_deflate.c(909): [client 240e:910:e000:811::1468:55342] AH01384: Zlib: Compressed 1472 to 742 : URL /wp-content/cache/www.najh.ilc.edu.tw/wpfc-minified/2b17nkg1/6wh9.js, referer: https://www.najh.ilc.edu.tw/2024/05/23/112%e5%8e%9f%e4%bd%8f%e6%b0%91%e6%97%8f%e6%96%87%e5%8c%96%e9%ab%94%e9%a9%97%e6%b4%bb%e5%8b%95-%e8%b5%b0%e9%80%b2%e9%83%a8%e8%90%bdmita%e5%ae%9c%e8%98%ad/
[Wed Aug 26 02:29:31.075050 2026] [deflate:debug] [pid 2225529:tid 2225529] mod_deflate.c(909): [client 240e:910:e000:811::1468:55338] AH01384: Zlib: Compressed 101296 to 34527 : URL /wp-content/cache/www.najh.ilc.edu.tw/wpfc-minified/k0kc5650/6wh9.js, referer: https://www.najh.ilc.edu.tw/2024/05/23/112%e5%8e%9f%e4%bd%8f%e6%b0%91%e6%97%8f%e6%96%87%e5%8c%96%e9%ab%94%e9%a9%97%e6%b4%bb%e5%8b%95-%e8%b5%b0%e9%80%b2%e9%83%a8%e8%90%bdmita%e5%ae%9c%e8%98%ad/
[Wed Aug 26 02:29:31.347333 2026] [ssl:info] [pid 2225927:tid 2225927] [client 34.171.68.95:62464] AH01964: Connection to child 8 established (server 2blog.ilc.edu.tw:443)
[Wed Aug 26 02:29:31.347761 2026] [ssl:info] [pid 2225927:tid 2225927] (70014)End of file found: [client 34.171.68.95:62464] AH02006: SSL handshake stopped: connection was closed
[Wed Aug 26 02:29:31.347773 2026] [ssl:info] [pid 2225927:tid 2225927] [client 34.171.68.95:62464] AH01998: Connection closed to child 8 with abortive shutdown (server 2blog.ilc.edu.tw:443)
[Wed Aug 26 02:29:31.392836 2026] [ssl:debug] [pid 2225923:tid 2225923] ssl_engine_kernel.c(254): [client 240e:910:e000:811::1468:55346] AH02034: Subsequent (No.2) HTTPS request received for child 6 (server www.najh.ilc.edu.tw:443), referer: https://www.najh.ilc.edu.tw/2024/05/23/112%e5%8e%9f%e4%bd%8f%e6%b0%91%e6%97%8f%e6%96%87%e5%8c%96%e9%ab%94%e9%a9%97%e6%b4%bb%e5%8b%95-%e8%b5%b0%e9%80%b2%e9%83%a8%e8%90%bdmita%e5%ae%9c%e8%98%ad/
[Wed Aug 26 02:29:31.393100 2026] [authz_core:debug] [pid 2225923:tid 2225923] mod_authz_core.c(815): [client 240e:910:e000:811::1468:55346] AH01626: authorization result of Require all granted: granted, referer: https://www.najh.ilc.edu.tw/2024/05/23/112%e5%8e%9f%e4%bd%8f%e6%b0%91%e6%97%8f%e6%96%87%e5%8c%96%e9%ab%94%e9%a9%97%e6%b4%bb%e5%8b%95-%e8%b5%b0%e9%80%b2%e9%83%a8%e8%90%bdmita%e5%ae%9c%e8%98%ad/
[Wed Aug 26 02:29:31.393108 2026] [authz_core:debug] [pid 2225923:tid 2225923] mod_authz_core.c(815): [client 240e:910:e000:811::1468:55346] AH01626: authorization result of : granted, referer: https://www.najh.ilc.edu.tw/2024/05/23/112%e5%8e%9f%e4%bd%8f%e6%b0%91%e6%97%8f%e6%96%87%e5%8c%96%e9%ab%94%e9%a9%97%e6%b4%bb%e5%8b%95-%e8%b5%b0%e9%80%b2%e9%83%a8%e8%90%bdmita%e5%ae%9c%e8%98%ad/
[Wed Aug 26 02:29:31.393346 2026] [deflate:debug] [pid 2225923:tid 2225923] mod_deflate.c(909): [client 240e:910:e000:811::1468:55346] AH01384: Zlib: Compressed 1718 to 700 : URL /wp-includes/js/hoverintent-js.min.js, referer: https://www.najh.ilc.edu.tw/2024/05/23/112%e5%8e%9f%e4%bd%8f%e6%b0%91%e6%97%8f%e6%96%87%e5%8c%96%e9%ab%94%e9%a9%97%e6%b4%bb%e5%8b%95-%e8%b5%b0%e9%80%b2%e9%83%a8%e8%90%bdmita%e5%ae%9c%e8%98%ad/
[Wed Aug 26 02:29:31.456294 2026] [ssl:debug] [pid 2225902:tid 2225902] ssl_engine_io.c(1150): [client 2a03:2880:18ff:2e:::56238] AH02001: Connection closed to child 2 with standard shutdown (server 2blog.ilc.edu.tw:443)
[Wed Aug 26 02:29:31.901120 2026] [ssl:info] [pid 2225564:tid 2225564] [client 34.61.96.6:5122] AH01964: Connection to child 12 established (server 2blog.ilc.edu.tw:443)
[Wed Aug 26 02:29:31.901294 2026] [ssl:info] [pid 2225564:tid 2225564] (70014)End of file found: [client 34.61.96.6:5122] AH02006: SSL handshake stopped: connection was closed
[Wed Aug 26 02:29:31.901310 2026] [ssl:info] [pid 2225564:tid 2225564] [client 34.61.96.6:5122] AH01998: Connection closed to child 12 with abortive shutdown (server 2blog.ilc.edu.tw:443)
[Wed Aug 26 02:29:31.950414 2026] [watchdog:debug] [pid 2225928:tid 2225928] mod_watchdog.c(559): AH02980: Watchdog: nothing configured?
[Wed Aug 26 02:29:31.954595 2026] [watchdog:debug] [pid 2225929:tid 2225929] mod_watchdog.c(559): AH02980: Watchdog: nothing configured?
[Wed Aug 26 02:29:31.990195 2026] [ssl:debug] [pid 2225541:tid 2225541] ssl_engine_kernel.c(254): [client 17.22.253.156:48984] AH02034: Subsequent (No.5) HTTPS request received for child 22 (server 2blog.ilc.edu.tw:443), referer: https://2blog.ilc.edu.tw/5192/2016/11/
[Wed Aug 26 02:29:31.990422 2026] [authz_core:debug] [pid 2225541:tid 2225541] mod_authz_core.c(815): [client 17.22.253.156:48984] AH01626: authorization result of Require all granted: granted, referer: https://2blog.ilc.edu.tw/5192/2016/11/
[Wed Aug 26 02:29:31.990427 2026] [authz_core:debug] [pid 2225541:tid 2225541] mod_authz_core.c(815): [client 17.22.253.156:48984] AH01626: authorization result of : granted, referer: https://2blog.ilc.edu.tw/5192/2016/11/
[Wed Aug 26 02:29:31.990596 2026] [authz_core:debug] [pid 2225541:tid 2225541] mod_authz_core.c(815): [client 17.22.253.156:48984] AH01626: authorization result of Require all granted: granted, referer: https://2blog.ilc.edu.tw/5192/2016/11/
[Wed Aug 26 02:29:31.990600 2026] [authz_core:debug] [pid 2225541:tid 2225541] mod_authz_core.c(815): [client 17.22.253.156:48984] AH01626: authorization result of : granted, referer: https://2blog.ilc.edu.tw/5192/2016/11/
[Wed Aug 26 02:29:31.990699 2026] [deflate:debug] [pid 2225541:tid 2225541] mod_deflate.c(909): [client 17.22.253.156:48984] AH01384: Zlib: Compressed 683 to 398 : URL /wp-content/themes/twentyseventeen/assets/js/skip-link-focus-fix.js, referer: https://2blog.ilc.edu.tw/5192/2016/11/
[Wed Aug 26 02:29:32.063467 2026] [ssl:debug] [pid 2225905:tid 2225905] ssl_engine_kernel.c(254): [client 240e:910:e000:811::1468:55344] AH02034: Subsequent (No.2) HTTPS request received for child 3 (server www.najh.ilc.edu.tw:443), referer: https://www.najh.ilc.edu.tw/2024/05/23/112%e5%8e%9f%e4%bd%8f%e6%b0%91%e6%97%8f%e6%96%87%e5%8c%96%e9%ab%94%e9%a9%97%e6%b4%bb%e5%8b%95-%e8%b5%b0%e9%80%b2%e9%83%a8%e8%90%bdmita%e5%ae%9c%e8%98%ad/
[Wed Aug 26 02:29:32.063813 2026] [authz_core:debug] [pid 2225905:tid 2225905] mod_authz_core.c(815): [client 240e:910:e000:811::1468:55344] AH01626: authorization result of Require all granted: granted, referer: https://www.najh.ilc.edu.tw/2024/05/23/112%e5%8e%9f%e4%bd%8f%e6%b0%91%e6%97%8f%e6%96%87%e5%8c%96%e9%ab%94%e9%a9%97%e6%b4%bb%e5%8b%95-%e8%b5%b0%e9%80%b2%e9%83%a8%e8%90%bdmita%e5%ae%9c%e8%98%ad/
[Wed Aug 26 02:29:32.063824 2026] [authz_core:debug] [pid 2225905:tid 2225905] mod_authz_core.c(815): [client 240e:910:e000:811::1468:55344] AH01626: authorization result of : granted, referer: https://www.najh.ilc.edu.tw/2024/05/23/112%e5%8e%9f%e4%bd%8f%e6%b0%91%e6%97%8f%e6%96%87%e5%8c%96%e9%ab%94%e9%a9%97%e6%b4%bb%e5%8b%95-%e8%b5%b0%e9%80%b2%e9%83%a8%e8%90%bdmita%e5%ae%9c%e8%98%ad/
[Wed Aug 26 02:29:32.064109 2026] [authz_core:debug] [pid 2225905:tid 2225905] mod_authz_core.c(815): [client 240e:910:e000:811::1468:55344] AH01626: authorization result of Require all granted: granted, referer: https://www.najh.ilc.edu.tw/2024/05/23/112%e5%8e%9f%e4%bd%8f%e6%b0%91%e6%97%8f%e6%96%87%e5%8c%96%e9%ab%94%e9%a9%97%e6%b4%bb%e5%8b%95-%e8%b5%b0%e9%80%b2%e9%83%a8%e8%90%bdmita%e5%ae%9c%e8%98%ad/
[Wed Aug 26 02:29:32.064143 2026] [authz_core:debug] [pid 2225905:tid 2225905] mod_authz_core.c(815): [client 240e:910:e000:811::1468:55344] AH01626: authorization result of : granted, referer: https://www.najh.ilc.edu.tw/2024/05/23/112%e5%8e%9f%e4%bd%8f%e6%b0%91%e6%97%8f%e6%96%87%e5%8c%96%e9%ab%94%e9%a9%97%e6%b4%bb%e5%8b%95-%e8%b5%b0%e9%80%b2%e9%83%a8%e8%90%bdmita%e5%ae%9c%e8%98%ad/
[Wed Aug 26 02:29:32.071282 2026] [ssl:debug] [pid 2225923:tid 2225923] ssl_engine_kernel.c(254): [client 240e:910:e000:811::1468:55346] AH02034: Subsequent (No.3) HTTPS request received for child 6 (server www.najh.ilc.edu.tw:443), referer: https://www.najh.ilc.edu.tw/2024/05/23/112%e5%8e%9f%e4%bd%8f%e6%b0%91%e6%97%8f%e6%96%87%e5%8c%96%e9%ab%94%e9%a9%97%e6%b4%bb%e5%8b%95-%e8%b5%b0%e9%80%b2%e9%83%a8%e8%90%bdmita%e5%ae%9c%e8%98%ad/
[Wed Aug 26 02:29:32.071511 2026] [authz_core:debug] [pid 2225923:tid 2225923] mod_authz_core.c(815): [client 240e:910:e000:811::1468:55346] AH01626: authorization result of Require all granted: granted, referer: https://www.najh.ilc.edu.tw/2024/05/23/112%e5%8e%9f%e4%bd%8f%e6%b0%91%e6%97%8f%e6%96%87%e5%8c%96%e9%ab%94%e9%a9%97%e6%b4%bb%e5%8b%95-%e8%b5%b0%e9%80%b2%e9%83%a8%e8%90%bdmita%e5%ae%9c%e8%98%ad/
[Wed Aug 26 02:29:32.071516 2026] [authz_core:debug] [pid 2225923:tid 2225923] mod_authz_core.c(815): [client 240e:910:e000:811::1468:55346] AH01626: authorization result of : granted, referer: https://www.najh.ilc.edu.tw/2024/05/23/112%e5%8e%9f%e4%bd%8f%e6%b0%91%e6%97%8f%e6%96%87%e5%8c%96%e9%ab%94%e9%a9%97%e6%b4%bb%e5%8b%95-%e8%b5%b0%e9%80%b2%e9%83%a8%e8%90%bdmita%e5%ae%9c%e8%98%ad/
[Wed Aug 26 02:29:32.072129 2026] [deflate:debug] [pid 2225923:tid 2225923] mod_deflate.c(909): [client 240e:910:e000:811::1468:55346] AH01384: Zlib: Compressed 19719 to 4232 : URL /wp-content/themes/oceanwp/assets/js/theme.min.js, referer: https://www.najh.ilc.edu.tw/2024/05/23/112%e5%8e%9f%e4%bd%8f%e6%b0%91%e6%97%8f%e6%96%87%e5%8c%96%e9%ab%94%e9%a9%97%e6%b4%bb%e5%8b%95-%e8%b5%b0%e9%80%b2%e9%83%a8%e8%90%bdmita%e5%ae%9c%e8%98%ad/
[Wed Aug 26 02:29:32.073432 2026] [ssl:debug] [pid 2225924:tid 2225924] ssl_engine_kernel.c(254): [client 240e:910:e000:811::1468:55340] AH02034: Subsequent (No.2) HTTPS request received for child 7 (server www.najh.ilc.edu.tw:443), referer: https://www.najh.ilc.edu.tw/2024/05/23/112%e5%8e%9f%e4%bd%8f%e6%b0%91%e6%97%8f%e6%96%87%e5%8c%96%e9%ab%94%e9%a9%97%e6%b4%bb%e5%8b%95-%e8%b5%b0%e9%80%b2%e9%83%a8%e8%90%bdmita%e5%ae%9c%e8%98%ad/
[Wed Aug 26 02:29:32.073730 2026] [authz_core:debug] [pid 2225924:tid 2225924] mod_authz_core.c(815): [client 240e:910:e000:811::1468:55340] AH01626: authorization result of Require all granted: granted, referer: https://www.najh.ilc.edu.tw/2024/05/23/112%e5%8e%9f%e4%bd%8f%e6%b0%91%e6%97%8f%e6%96%87%e5%8c%96%e9%ab%94%e9%a9%97%e6%b4%bb%e5%8b%95-%e8%b5%b0%e9%80%b2%e9%83%a8%e8%90%bdmita%e5%ae%9c%e8%98%ad/
[Wed Aug 26 02:29:32.073742 2026] [authz_core:debug] [pid 2225924:tid 2225924] mod_authz_core.c(815): [client 240e:910:e000:811::1468:55340] AH01626: authorization result of : granted, referer: https://www.najh.ilc.edu.tw/2024/05/23/112%e5%8e%9f%e4%bd%8f%e6%b0%91%e6%97%8f%e6%96%87%e5%8c%96%e9%ab%94%e9%a9%97%e6%b4%bb%e5%8b%95-%e8%b5%b0%e9%80%b2%e9%83%a8%e8%90%bdmita%e5%ae%9c%e8%98%ad/
[Wed Aug 26 02:29:32.074162 2026] [deflate:debug] [pid 2225924:tid 2225924] mod_deflate.c(909): [client 240e:910:e000:811::1468:55340] AH01384: Zlib: Compressed 7540 to 2070 : URL /wp-content/themes/oceanwp/assets/js/drop-down-search.min.js, referer: https://www.najh.ilc.edu.tw/2024/05/23/112%e5%8e%9f%e4%bd%8f%e6%b0%91%e6%97%8f%e6%96%87%e5%8c%96%e9%ab%94%e9%a9%97%e6%b4%bb%e5%8b%95-%e8%b5%b0%e9%80%b2%e9%83%a8%e8%90%bdmita%e5%ae%9c%e8%98%ad/
[Wed Aug 26 02:29:32.079741 2026] [ssl:debug] [pid 2225529:tid 2225529] ssl_engine_kernel.c(254): [client 240e:910:e000:811::1468:55338] AH02034: Subsequent (No.2) HTTPS request received for child 1 (server www.najh.ilc.edu.tw:443), referer: https://www.najh.ilc.edu.tw/2024/05/23/112%e5%8e%9f%e4%bd%8f%e6%b0%91%e6%97%8f%e6%96%87%e5%8c%96%e9%ab%94%e9%a9%97%e6%b4%bb%e5%8b%95-%e8%b5%b0%e9%80%b2%e9%83%a8%e8%90%bdmita%e5%ae%9c%e8%98%ad/
[Wed Aug 26 02:29:32.079957 2026] [authz_core:debug] [pid 2225529:tid 2225529] mod_authz_core.c(815): [client 240e:910:e000:811::1468:55338] AH01626: authorization result of Require all granted: granted, referer: https://www.najh.ilc.edu.tw/2024/05/23/112%e5%8e%9f%e4%bd%8f%e6%b0%91%e6%97%8f%e6%96%87%e5%8c%96%e9%ab%94%e9%a9%97%e6%b4%bb%e5%8b%95-%e8%b5%b0%e9%80%b2%e9%83%a8%e8%90%bdmita%e5%ae%9c%e8%98%ad/
[Wed Aug 26 02:29:32.079973 2026] [authz_core:debug] [pid 2225529:tid 2225529] mod_authz_core.c(815): [client 240e:910:e000:811::1468:55338] AH01626: authorization result of : granted, referer: https://www.najh.ilc.edu.tw/2024/05/23/112%e5%8e%9f%e4%bd%8f%e6%b0%91%e6%97%8f%e6%96%87%e5%8c%96%e9%ab%94%e9%a9%97%e6%b4%bb%e5%8b%95-%e8%b5%b0%e9%80%b2%e9%83%a8%e8%90%bdmita%e5%ae%9c%e8%98%ad/
[Wed Aug 26 02:29:32.080422 2026] [deflate:debug] [pid 2225529:tid 2225529] mod_deflate.c(909): [client 240e:910:e000:811::1468:55338] AH01384: Zlib: Compressed 14581 to 3765 : URL /wp-content/themes/oceanwp/assets/js/drop-down-mobile-menu.min.js, referer: https://www.najh.ilc.edu.tw/2024/05/23/112%e5%8e%9f%e4%bd%8f%e6%b0%91%e6%97%8f%e6%96%87%e5%8c%96%e9%ab%94%e9%a9%97%e6%b4%bb%e5%8b%95-%e8%b5%b0%e9%80%b2%e9%83%a8%e8%90%bdmita%e5%ae%9c%e8%98%ad/
[Wed Aug 26 02:29:32.081606 2026] [ssl:debug] [pid 2225502:tid 2225502] ssl_engine_kernel.c(254): [client 240e:910:e000:811::1468:55342] AH02034: Subsequent (No.2) HTTPS request received for child 5 (server www.najh.ilc.edu.tw:443), referer: https://www.najh.ilc.edu.tw/2024/05/23/112%e5%8e%9f%e4%bd%8f%e6%b0%91%e6%97%8f%e6%96%87%e5%8c%96%e9%ab%94%e9%a9%97%e6%b4%bb%e5%8b%95-%e8%b5%b0%e9%80%b2%e9%83%a8%e8%90%bdmita%e5%ae%9c%e8%98%ad/
[Wed Aug 26 02:29:32.081844 2026] [authz_core:debug] [pid 2225502:tid 2225502] mod_authz_core.c(815): [client 240e:910:e000:811::1468:55342] AH01626: authorization result of Require all granted: granted, referer: https://www.najh.ilc.edu.tw/2024/05/23/112%e5%8e%9f%e4%bd%8f%e6%b0%91%e6%97%8f%e6%96%87%e5%8c%96%e9%ab%94%e9%a9%97%e6%b4%bb%e5%8b%95-%e8%b5%b0%e9%80%b2%e9%83%a8%e8%90%bdmita%e5%ae%9c%e8%98%ad/
[Wed Aug 26 02:29:32.081853 2026] [authz_core:debug] [pid 2225502:tid 2225502] mod_authz_core.c(815): [client 240e:910:e000:811::1468:55342] AH01626: authorization result of : granted, referer: https://www.najh.ilc.edu.tw/2024/05/23/112%e5%8e%9f%e4%bd%8f%e6%b0%91%e6%97%8f%e6%96%87%e5%8c%96%e9%ab%94%e9%a9%97%e6%b4%bb%e5%8b%95-%e8%b5%b0%e9%80%b2%e9%83%a8%e8%90%bdmita%e5%ae%9c%e8%98%ad/
[Wed Aug 26 02:29:32.082618 2026] [deflate:debug] [pid 2225502:tid 2225502] mod_deflate.c(909): [client 240e:910:e000:811::1468:55342] AH01384: Zlib: Compressed 20216 to 7328 : URL /wp-content/themes/oceanwp/assets/js/vendors/magnific-popup.min.js, referer: https://www.najh.ilc.edu.tw/2024/05/23/112%e5%8e%9f%e4%bd%8f%e6%b0%91%e6%97%8f%e6%96%87%e5%8c%96%e9%ab%94%e9%a9%97%e6%b4%bb%e5%8b%95-%e8%b5%b0%e9%80%b2%e9%83%a8%e8%90%bdmita%e5%ae%9c%e8%98%ad/
[Wed Aug 26 02:29:32.182332 2026] [ssl:info] [pid 2225557:tid 2225557] [client 34.56.53.225:21504] AH01964: Connection to child 10 established (server 2blog.ilc.edu.tw:443)
[Wed Aug 26 02:29:32.182520 2026] [ssl:info] [pid 2225557:tid 2225557] (70014)End of file found: [client 34.56.53.225:21504] AH02006: SSL handshake stopped: connection was closed
[Wed Aug 26 02:29:32.182528 2026] [ssl:info] [pid 2225557:tid 2225557] [client 34.56.53.225:21504] AH01998: Connection closed to child 10 with abortive shutdown (server 2blog.ilc.edu.tw:443)
[Wed Aug 26 02:29:32.233961 2026] [ssl:info] [pid 2225587:tid 2225587] (70014)End of file found: [client 66.249.71.37:51507] AH01992: SSL library error 6 reading data
[Wed Aug 26 02:29:32.234093 2026] [ssl:debug] [pid 2225587:tid 2225587] ssl_engine_io.c(1150): [client 66.249.71.37:51507] AH02001: Connection closed to child 31 with standard shutdown (server 2blog.ilc.edu.tw:443)
[Wed Aug 26 02:29:32.313932 2026] [ssl:debug] [pid 2225571:tid 2225571] ssl_engine_io.c(1150): [client 52.167.144.161:6992] AH02001: Connection closed to child 16 with standard shutdown (server 2blog.ilc.edu.tw:443)
[Wed Aug 26 02:29:32.409639 2026] [ssl:debug] [pid 2225923:tid 2225923] ssl_engine_kernel.c(254): [client 240e:910:e000:811::1468:55346] AH02034: Subsequent (No.4) HTTPS request received for child 6 (server www.najh.ilc.edu.tw:443), referer: https://www.najh.ilc.edu.tw/wp-content/cache/www.najh.ilc.edu.tw/wpfc-minified/kcxb236g/6wh9.css
[Wed Aug 26 02:29:32.409922 2026] [authz_core:debug] [pid 2225923:tid 2225923] mod_authz_core.c(815): [client 240e:910:e000:811::1468:55346] AH01626: authorization result of Require all granted: granted, referer: https://www.najh.ilc.edu.tw/wp-content/cache/www.najh.ilc.edu.tw/wpfc-minified/kcxb236g/6wh9.css
[Wed Aug 26 02:29:32.409930 2026] [authz_core:debug] [pid 2225923:tid 2225923] mod_authz_core.c(815): [client 240e:910:e000:811::1468:55346] AH01626: authorization result of : granted, referer: https://www.najh.ilc.edu.tw/wp-content/cache/www.najh.ilc.edu.tw/wpfc-minified/kcxb236g/6wh9.css
[Wed Aug 26 02:29:32.411032 2026] [ssl:debug] [pid 2225924:tid 2225924] ssl_engine_kernel.c(254): [client 240e:910:e000:811::1468:55340] AH02034: Subsequent (No.3) HTTPS request received for child 7 (server www.najh.ilc.edu.tw:443), referer: https://www.najh.ilc.edu.tw/wp-content/cache/www.najh.ilc.edu.tw/wpfc-minified/kcxb236g/6wh9.css
[Wed Aug 26 02:29:32.411208 2026] [authz_core:debug] [pid 2225924:tid 2225924] mod_authz_core.c(815): [client 240e:910:e000:811::1468:55340] AH01626: authorization result of Require all granted: granted, referer: https://www.najh.ilc.edu.tw/wp-content/cache/www.najh.ilc.edu.tw/wpfc-minified/kcxb236g/6wh9.css
[Wed Aug 26 02:29:32.411213 2026] [authz_core:debug] [pid 2225924:tid 2225924] mod_authz_core.c(815): [client 240e:910:e000:811::1468:55340] AH01626: authorization result of : granted, referer: https://www.najh.ilc.edu.tw/wp-content/cache/www.najh.ilc.edu.tw/wpfc-minified/kcxb236g/6wh9.css
[Wed Aug 26 02:29:32.427519 2026] [ssl:debug] [pid 2225502:tid 2225502] ssl_engine_kernel.c(254): [client 240e:910:e000:811::1468:55342] AH02034: Subsequent (No.3) HTTPS request received for child 5 (server www.najh.ilc.edu.tw:443), referer: https://www.najh.ilc.edu.tw/2024/05/23/112%e5%8e%9f%e4%bd%8f%e6%b0%91%e6%97%8f%e6%96%87%e5%8c%96%e9%ab%94%e9%a9%97%e6%b4%bb%e5%8b%95-%e8%b5%b0%e9%80%b2%e9%83%a8%e8%90%bdmita%e5%ae%9c%e8%98%ad/
[Wed Aug 26 02:29:32.427519 2026] [ssl:debug] [pid 2225529:tid 2225529] ssl_engine_kernel.c(254): [client 240e:910:e000:811::1468:55338] AH02034: Subsequent (No.3) HTTPS request received for child 1 (server www.najh.ilc.edu.tw:443), referer: https://www.najh.ilc.edu.tw/wp-content/cache/www.najh.ilc.edu.tw/wpfc-minified/kcxb236g/6wh9.css
[Wed Aug 26 02:29:32.427758 2026] [authz_core:debug] [pid 2225529:tid 2225529] mod_authz_core.c(815): [client 240e:910:e000:811::1468:55338] AH01626: authorization result of Require all granted: granted, referer: https://www.najh.ilc.edu.tw/wp-content/cache/www.najh.ilc.edu.tw/wpfc-minified/kcxb236g/6wh9.css
[Wed Aug 26 02:29:32.427759 2026] [authz_core:debug] [pid 2225502:tid 2225502] mod_authz_core.c(815): [client 240e:910:e000:811::1468:55342] AH01626: authorization result of Require all granted: granted, referer: https://www.najh.ilc.edu.tw/2024/05/23/112%e5%8e%9f%e4%bd%8f%e6%b0%91%e6%97%8f%e6%96%87%e5%8c%96%e9%ab%94%e9%a9%97%e6%b4%bb%e5%8b%95-%e8%b5%b0%e9%80%b2%e9%83%a8%e8%90%bdmita%e5%ae%9c%e8%98%ad/
[Wed Aug 26 02:29:32.427764 2026] [authz_core:debug] [pid 2225529:tid 2225529] mod_authz_core.c(815): [client 240e:910:e000:811::1468:55338] AH01626: authorization result of : granted, referer: https://www.najh.ilc.edu.tw/wp-content/cache/www.najh.ilc.edu.tw/wpfc-minified/kcxb236g/6wh9.css
