[Wed Aug 26 02:29:46.647019 2026] [socache_shmcb:debug] [pid 2225587:tid 2225587] mod_socache_shmcb.c(863): AH00848: finished insert, subcache: idx_pos/idx_used=78/44, data_pos/data_used=5004/9743
[Wed Aug 26 02:29:46.647026 2026] [socache_shmcb:debug] [pid 2225587:tid 2225587] mod_socache_shmcb.c(530): AH00834: leaving socache_shmcb_store successfully
[Wed Aug 26 02:29:46.647172 2026] [deflate:debug] [pid 2225529:tid 2225529] mod_deflate.c(909): [client 2001:b400:e2d4:9a6f:3cdd:7cd6:df99:8e8d:62619] AH01384: Zlib: Compressed 3272 to 1273 : URL /wp-content/themes/toujours/js/global.js, referer: https://www.ltjh.ilc.edu.tw/
[Wed Aug 26 02:29:46.647552 2026] [ssl:debug] [pid 2225923:tid 2225923] ssl_engine_kernel.c(2082): [client 2001:b400:e2d4:9a6f:3cdd:7cd6:df99:8e8d:62620] AH02041: Protocol: TLSv1.3, Cipher: TLS_AES_256_GCM_SHA384 (256/256 bits)
[Wed Aug 26 02:29:46.647587 2026] [socache_shmcb:debug] [pid 2225923:tid 2225923] mod_socache_shmcb.c(508): AH00831: socache_shmcb_store (0x63 -> subcache 3)
[Wed Aug 26 02:29:46.647593 2026] [socache_shmcb:debug] [pid 2225923:tid 2225923] mod_socache_shmcb.c(860): AH00847: insert happened at idx=74, data=(4381:4413)
[Wed Aug 26 02:29:46.647597 2026] [socache_shmcb:debug] [pid 2225923:tid 2225923] mod_socache_shmcb.c(863): AH00848: finished insert, subcache: idx_pos/idx_used=46/29, data_pos/data_used=12031/6442
[Wed Aug 26 02:29:46.647600 2026] [socache_shmcb:debug] [pid 2225923:tid 2225923] mod_socache_shmcb.c(530): AH00834: leaving socache_shmcb_store successfully
[Wed Aug 26 02:29:46.647646 2026] [socache_shmcb:debug] [pid 2225923:tid 2225923] mod_socache_shmcb.c(508): AH00831: socache_shmcb_store (0x6c -> subcache 12)
[Wed Aug 26 02:29:46.647659 2026] [socache_shmcb:debug] [pid 2225923:tid 2225923] mod_socache_shmcb.c(745): AH00842: expiring 1 and reclaiming 0 removed socache entries
[Wed Aug 26 02:29:46.647662 2026] [socache_shmcb:debug] [pid 2225923:tid 2225923] mod_socache_shmcb.c(765): AH00843: we now have 27 socache entries
[Wed Aug 26 02:29:46.647664 2026] [socache_shmcb:debug] [pid 2225923:tid 2225923] mod_socache_shmcb.c(860): AH00847: insert happened at idx=30, data=(187:219)
[Wed Aug 26 02:29:46.647666 2026] [socache_shmcb:debug] [pid 2225923:tid 2225923] mod_socache_shmcb.c(863): AH00848: finished insert, subcache: idx_pos/idx_used=3/28, data_pos/data_used=8059/6221
[Wed Aug 26 02:29:46.647660 2026] [ssl:debug] [pid 2225587:tid 2225587] ssl_engine_kernel.c(254): [client 2001:b400:e2d4:9a6f:3cdd:7cd6:df99:8e8d:62618] AH02034: Initial (No.1) HTTPS request received for child 31 (server www.ltjh.ilc.edu.tw:443), referer: https://www.ltjh.ilc.edu.tw/
[Wed Aug 26 02:29:46.647668 2026] [socache_shmcb:debug] [pid 2225923:tid 2225923] mod_socache_shmcb.c(530): AH00834: leaving socache_shmcb_store successfully
[Wed Aug 26 02:29:46.648742 2026] [authz_core:debug] [pid 2225587:tid 2225587] mod_authz_core.c(815): [client 2001:b400:e2d4:9a6f:3cdd:7cd6:df99:8e8d:62618] AH01626: authorization result of Require all granted: granted, referer: https://www.ltjh.ilc.edu.tw/
[Wed Aug 26 02:29:46.648762 2026] [authz_core:debug] [pid 2225587:tid 2225587] mod_authz_core.c(815): [client 2001:b400:e2d4:9a6f:3cdd:7cd6:df99:8e8d:62618] AH01626: authorization result of : granted, referer: https://www.ltjh.ilc.edu.tw/
[Wed Aug 26 02:29:46.680114 2026] [ssl:debug] [pid 2225541:tid 2225541] ssl_engine_kernel.c(254): [client 2409:8a62:b02:c16d:203f:f835:c721:5f5d:43844] AH02034: Subsequent (No.6) HTTPS request received for child 22 (server 2blog.ilc.edu.tw:443), referer: https://2blog.ilc.edu.tw/4604/p_20210907_140208/
[Wed Aug 26 02:29:46.680286 2026] [authz_core:debug] [pid 2225541:tid 2225541] mod_authz_core.c(815): [client 2409:8a62:b02:c16d:203f:f835:c721:5f5d:43844] AH01626: authorization result of Require all granted: granted, referer: https://2blog.ilc.edu.tw/4604/p_20210907_140208/
[Wed Aug 26 02:29:46.680291 2026] [authz_core:debug] [pid 2225541:tid 2225541] mod_authz_core.c(815): [client 2409:8a62:b02:c16d:203f:f835:c721:5f5d:43844] AH01626: authorization result of : granted, referer: https://2blog.ilc.edu.tw/4604/p_20210907_140208/
[Wed Aug 26 02:29:46.680446 2026] [authz_core:debug] [pid 2225541:tid 2225541] mod_authz_core.c(815): [client 2409:8a62:b02:c16d:203f:f835:c721:5f5d:43844] AH01626: authorization result of Require all granted: granted, referer: https://2blog.ilc.edu.tw/4604/p_20210907_140208/
[Wed Aug 26 02:29:46.680450 2026] [authz_core:debug] [pid 2225541:tid 2225541] mod_authz_core.c(815): [client 2409:8a62:b02:c16d:203f:f835:c721:5f5d:43844] AH01626: authorization result of : granted, referer: https://2blog.ilc.edu.tw/4604/p_20210907_140208/
[Wed Aug 26 02:29:46.680679 2026] [deflate:debug] [pid 2225541:tid 2225541] mod_deflate.c(909): [client 2409:8a62:b02:c16d:203f:f835:c721:5f5d:43844] AH01384: Zlib: Compressed 7540 to 2070 : URL /wp-content/themes/oceanwp/assets/js/drop-down-search.min.js, referer: https://2blog.ilc.edu.tw/4604/p_20210907_140208/
[Wed Aug 26 02:29:46.973250 2026] [ssl:debug] [pid 2225905:tid 2225905] ssl_engine_kernel.c(254): [client 2409:8a62:b02:c16d:203f:f835:c721:5f5d:43838] AH02034: Subsequent (No.2) HTTPS request received for child 3 (server 2blog.ilc.edu.tw:443), referer: https://2blog.ilc.edu.tw/4604/p_20210907_140208/
[Wed Aug 26 02:29:46.973492 2026] [authz_core:debug] [pid 2225905:tid 2225905] mod_authz_core.c(815): [client 2409:8a62:b02:c16d:203f:f835:c721:5f5d:43838] AH01626: authorization result of Require all granted: granted, referer: https://2blog.ilc.edu.tw/4604/p_20210907_140208/
[Wed Aug 26 02:29:46.973499 2026] [authz_core:debug] [pid 2225905:tid 2225905] mod_authz_core.c(815): [client 2409:8a62:b02:c16d:203f:f835:c721:5f5d:43838] AH01626: authorization result of : granted, referer: https://2blog.ilc.edu.tw/4604/p_20210907_140208/
[Wed Aug 26 02:29:46.973680 2026] [authz_core:debug] [pid 2225905:tid 2225905] mod_authz_core.c(815): [client 2409:8a62:b02:c16d:203f:f835:c721:5f5d:43838] AH01626: authorization result of Require all granted: granted, referer: https://2blog.ilc.edu.tw/4604/p_20210907_140208/
[Wed Aug 26 02:29:46.973684 2026] [authz_core:debug] [pid 2225905:tid 2225905] mod_authz_core.c(815): [client 2409:8a62:b02:c16d:203f:f835:c721:5f5d:43838] AH01626: authorization result of : granted, referer: https://2blog.ilc.edu.tw/4604/p_20210907_140208/
[Wed Aug 26 02:29:46.974325 2026] [deflate:debug] [pid 2225905:tid 2225905] mod_deflate.c(909): [client 2409:8a62:b02:c16d:203f:f835:c721:5f5d:43838] AH01384: Zlib: Compressed 20216 to 7328 : URL /wp-content/themes/oceanwp/assets/js/vendors/magnific-popup.min.js, referer: https://2blog.ilc.edu.tw/4604/p_20210907_140208/
[Wed Aug 26 02:29:46.977434 2026] [watchdog:debug] [pid 2225939:tid 2225939] mod_watchdog.c(559): AH02980: Watchdog: nothing configured?
[Wed Aug 26 02:29:46.977673 2026] [ssl:info] [pid 2225939:tid 2225939] [client 185.191.171.9:55614] AH01964: Connection to child 7 established (server 2blog.ilc.edu.tw:443)
[Wed Aug 26 02:29:46.978104 2026] [ssl:debug] [pid 2225939:tid 2225939] ssl_engine_kernel.c(2222): [client 185.191.171.9:55614] AH02043: SSL virtual host for servername www.yeses.ilc.edu.tw found
[Wed Aug 26 02:29:47.029796 2026] [ssl:debug] [pid 2225541:tid 2225541] ssl_engine_kernel.c(254): [client 2409:8a62:b02:c16d:203f:f835:c721:5f5d:43844] AH02034: Subsequent (No.7) HTTPS request received for child 22 (server 2blog.ilc.edu.tw:443), referer: https://2blog.ilc.edu.tw/4604/p_20210907_140208/
[Wed Aug 26 02:29:47.030018 2026] [authz_core:debug] [pid 2225541:tid 2225541] mod_authz_core.c(815): [client 2409:8a62:b02:c16d:203f:f835:c721:5f5d:43844] AH01626: authorization result of Require all granted: granted, referer: https://2blog.ilc.edu.tw/4604/p_20210907_140208/
[Wed Aug 26 02:29:47.030024 2026] [authz_core:debug] [pid 2225541:tid 2225541] mod_authz_core.c(815): [client 2409:8a62:b02:c16d:203f:f835:c721:5f5d:43844] AH01626: authorization result of : granted, referer: https://2blog.ilc.edu.tw/4604/p_20210907_140208/
[Wed Aug 26 02:29:47.030192 2026] [authz_core:debug] [pid 2225541:tid 2225541] mod_authz_core.c(815): [client 2409:8a62:b02:c16d:203f:f835:c721:5f5d:43844] AH01626: authorization result of Require all granted: granted, referer: https://2blog.ilc.edu.tw/4604/p_20210907_140208/
[Wed Aug 26 02:29:47.030196 2026] [authz_core:debug] [pid 2225541:tid 2225541] mod_authz_core.c(815): [client 2409:8a62:b02:c16d:203f:f835:c721:5f5d:43844] AH01626: authorization result of : granted, referer: https://2blog.ilc.edu.tw/4604/p_20210907_140208/
[Wed Aug 26 02:29:47.030366 2026] [deflate:debug] [pid 2225541:tid 2225541] mod_deflate.c(909): [client 2409:8a62:b02:c16d:203f:f835:c721:5f5d:43844] AH01384: Zlib: Compressed 4111 to 1423 : URL /wp-content/themes/oceanwp/assets/js/ow-lightbox.min.js, referer: https://2blog.ilc.edu.tw/4604/p_20210907_140208/
[Wed Aug 26 02:29:47.161618 2026] [ssl:debug] [pid 2225932:tid 2225932] ssl_engine_kernel.c(254): [client 2409:8a62:b02:c16d:203f:f835:c721:5f5d:43846] AH02034: Subsequent (No.3) HTTPS request received for child 14 (server 2blog.ilc.edu.tw:443), referer: https://2blog.ilc.edu.tw/4604/p_20210907_140208/
[Wed Aug 26 02:29:47.161868 2026] [authz_core:debug] [pid 2225932:tid 2225932] mod_authz_core.c(815): [client 2409:8a62:b02:c16d:203f:f835:c721:5f5d:43846] AH01626: authorization result of Require all granted: granted, referer: https://2blog.ilc.edu.tw/4604/p_20210907_140208/
[Wed Aug 26 02:29:47.161875 2026] [authz_core:debug] [pid 2225932:tid 2225932] mod_authz_core.c(815): [client 2409:8a62:b02:c16d:203f:f835:c721:5f5d:43846] AH01626: authorization result of : granted, referer: https://2blog.ilc.edu.tw/4604/p_20210907_140208/
[Wed Aug 26 02:29:47.162115 2026] [authz_core:debug] [pid 2225932:tid 2225932] mod_authz_core.c(815): [client 2409:8a62:b02:c16d:203f:f835:c721:5f5d:43846] AH01626: authorization result of Require all granted: granted, referer: https://2blog.ilc.edu.tw/4604/p_20210907_140208/
[Wed Aug 26 02:29:47.162122 2026] [authz_core:debug] [pid 2225932:tid 2225932] mod_authz_core.c(815): [client 2409:8a62:b02:c16d:203f:f835:c721:5f5d:43846] AH01626: authorization result of : granted, referer: https://2blog.ilc.edu.tw/4604/p_20210907_140208/
[Wed Aug 26 02:29:47.163929 2026] [deflate:debug] [pid 2225932:tid 2225932] mod_deflate.c(909): [client 2409:8a62:b02:c16d:203f:f835:c721:5f5d:43846] AH01384: Zlib: Compressed 57513 to 14083 : URL /wp-content/themes/oceanwp/assets/js/vendors/flickity.pkgd.min.js, referer: https://2blog.ilc.edu.tw/4604/p_20210907_140208/
[Wed Aug 26 02:29:47.165054 2026] [ssl:debug] [pid 2225928:tid 2225928] ssl_engine_kernel.c(254): [client 2409:8a62:b02:c16d:203f:f835:c721:5f5d:43840] AH02034: Initial (No.1) HTTPS request received for child 9 (server 2blog.ilc.edu.tw:443), referer: https://2blog.ilc.edu.tw/4604/p_20210907_140208/
[Wed Aug 26 02:29:47.165230 2026] [authz_core:debug] [pid 2225928:tid 2225928] mod_authz_core.c(815): [client 2409:8a62:b02:c16d:203f:f835:c721:5f5d:43840] AH01626: authorization result of Require all granted: granted, referer: https://2blog.ilc.edu.tw/4604/p_20210907_140208/
[Wed Aug 26 02:29:47.165236 2026] [authz_core:debug] [pid 2225928:tid 2225928] mod_authz_core.c(815): [client 2409:8a62:b02:c16d:203f:f835:c721:5f5d:43840] AH01626: authorization result of : granted, referer: https://2blog.ilc.edu.tw/4604/p_20210907_140208/
[Wed Aug 26 02:29:47.165381 2026] [authz_core:debug] [pid 2225928:tid 2225928] mod_authz_core.c(815): [client 2409:8a62:b02:c16d:203f:f835:c721:5f5d:43840] AH01626: authorization result of Require all granted: granted, referer: https://2blog.ilc.edu.tw/4604/p_20210907_140208/
[Wed Aug 26 02:29:47.165385 2026] [authz_core:debug] [pid 2225928:tid 2225928] mod_authz_core.c(815): [client 2409:8a62:b02:c16d:203f:f835:c721:5f5d:43840] AH01626: authorization result of : granted, referer: https://2blog.ilc.edu.tw/4604/p_20210907_140208/
[Wed Aug 26 02:29:47.165622 2026] [deflate:debug] [pid 2225928:tid 2225928] mod_deflate.c(909): [client 2409:8a62:b02:c16d:203f:f835:c721:5f5d:43840] AH01384: Zlib: Compressed 8989 to 2304 : URL /wp-content/themes/oceanwp/assets/js/scroll-top.min.js, referer: https://2blog.ilc.edu.tw/4604/p_20210907_140208/
[Wed Aug 26 02:29:47.177073 2026] [ssl:debug] [pid 2225939:tid 2225939] ssl_engine_kernel.c(2082): [client 185.191.171.9:55614] AH02041: Protocol: TLSv1.3, Cipher: TLS_AES_256_GCM_SHA384 (256/256 bits)
[Wed Aug 26 02:29:47.177146 2026] [socache_shmcb:debug] [pid 2225939:tid 2225939] mod_socache_shmcb.c(508): AH00831: socache_shmcb_store (0x35 -> subcache 21)
[Wed Aug 26 02:29:47.177159 2026] [socache_shmcb:debug] [pid 2225939:tid 2225939] mod_socache_shmcb.c(860): AH00847: insert happened at idx=57, data=(6466:6498)
[Wed Aug 26 02:29:47.177171 2026] [socache_shmcb:debug] [pid 2225939:tid 2225939] mod_socache_shmcb.c(863): AH00848: finished insert, subcache: idx_pos/idx_used=17/41, data_pos/data_used=11454/9094
[Wed Aug 26 02:29:47.177174 2026] [socache_shmcb:debug] [pid 2225939:tid 2225939] mod_socache_shmcb.c(530): AH00834: leaving socache_shmcb_store successfully
[Wed Aug 26 02:29:47.177230 2026] [socache_shmcb:debug] [pid 2225939:tid 2225939] mod_socache_shmcb.c(508): AH00831: socache_shmcb_store (0x3d -> subcache 29)
[Wed Aug 26 02:29:47.177238 2026] [socache_shmcb:debug] [pid 2225939:tid 2225939] mod_socache_shmcb.c(860): AH00847: insert happened at idx=9, data=(9390:9422)
[Wed Aug 26 02:29:47.177240 2026] [socache_shmcb:debug] [pid 2225939:tid 2225939] mod_socache_shmcb.c(863): AH00848: finished insert, subcache: idx_pos/idx_used=58/40, data_pos/data_used=762/8845
[Wed Aug 26 02:29:47.177242 2026] [socache_shmcb:debug] [pid 2225939:tid 2225939] mod_socache_shmcb.c(530): AH00834: leaving socache_shmcb_store successfully
[Wed Aug 26 02:29:47.324197 2026] [ssl:info] [pid 2225937:tid 2225937] (70014)End of file found: [client 178.171.80.107:44747] AH01992: SSL library error 6 reading data
[Wed Aug 26 02:29:47.324304 2026] [ssl:debug] [pid 2225937:tid 2225937] ssl_engine_io.c(1150): [client 178.171.80.107:44747] AH02001: Connection closed to child 0 with standard shutdown (server 2blog.ilc.edu.tw:443)
[Wed Aug 26 02:29:47.324470 2026] [ssl:info] [pid 2225937:tid 2225937] [client 34.123.149.87:6656] AH01964: Connection to child 0 established (server 2blog.ilc.edu.tw:443)
[Wed Aug 26 02:29:47.324596 2026] [ssl:debug] [pid 2225937:tid 2225937] ssl_engine_kernel.c(2222): [client 34.123.149.87:6656] AH02043: SSL virtual host for servername 2blog.ilc.edu.tw found
[Wed Aug 26 02:29:47.324647 2026] [core:debug] [pid 2225937:tid 2225937] protocol.c(2460): [client 34.123.149.87:6656] AH03155: select protocol from , choices=http/1.1 for server 2blog.ilc.edu.tw
[Wed Aug 26 02:29:47.350650 2026] [ssl:debug] [pid 2225939:tid 2225939] ssl_engine_kernel.c(254): [client 185.191.171.9:55614] AH02034: Initial (No.1) HTTPS request received for child 7 (server www.yeses.ilc.edu.tw:443)
[Wed Aug 26 02:29:47.350979 2026] [authz_core:debug] [pid 2225939:tid 2225939] mod_authz_core.c(815): [client 185.191.171.9:55614] AH01626: authorization result of Require all granted: granted
[Wed Aug 26 02:29:47.350986 2026] [authz_core:debug] [pid 2225939:tid 2225939] mod_authz_core.c(815): [client 185.191.171.9:55614] AH01626: authorization result of : granted
[Wed Aug 26 02:29:47.351782 2026] [ssl:debug] [pid 2225939:tid 2225939] ssl_engine_io.c(1150): [client 185.191.171.9:55614] AH02001: Connection closed to child 7 with standard shutdown (server www.yeses.ilc.edu.tw:443)
[Wed Aug 26 02:29:47.501544 2026] [ssl:debug] [pid 2225928:tid 2225928] ssl_engine_kernel.c(254): [client 2409:8a62:b02:c16d:203f:f835:c721:5f5d:43840] AH02034: Subsequent (No.2) HTTPS request received for child 9 (server 2blog.ilc.edu.tw:443), referer: https://2blog.ilc.edu.tw/4604/p_20210907_140208/
[Wed Aug 26 02:29:47.501778 2026] [authz_core:debug] [pid 2225928:tid 2225928] mod_authz_core.c(815): [client 2409:8a62:b02:c16d:203f:f835:c721:5f5d:43840] AH01626: authorization result of Require all granted: granted, referer: https://2blog.ilc.edu.tw/4604/p_20210907_140208/
[Wed Aug 26 02:29:47.501785 2026] [authz_core:debug] [pid 2225928:tid 2225928] mod_authz_core.c(815): [client 2409:8a62:b02:c16d:203f:f835:c721:5f5d:43840] AH01626: authorization result of : granted, referer: https://2blog.ilc.edu.tw/4604/p_20210907_140208/
[Wed Aug 26 02:29:47.502000 2026] [authz_core:debug] [pid 2225928:tid 2225928] mod_authz_core.c(815): [client 2409:8a62:b02:c16d:203f:f835:c721:5f5d:43840] AH01626: authorization result of Require all granted: granted, referer: https://2blog.ilc.edu.tw/4604/p_20210907_140208/
[Wed Aug 26 02:29:47.502005 2026] [authz_core:debug] [pid 2225928:tid 2225928] mod_authz_core.c(815): [client 2409:8a62:b02:c16d:203f:f835:c721:5f5d:43840] AH01626: authorization result of : granted, referer: https://2blog.ilc.edu.tw/4604/p_20210907_140208/
[Wed Aug 26 02:29:47.502220 2026] [deflate:debug] [pid 2225928:tid 2225928] mod_deflate.c(909): [client 2409:8a62:b02:c16d:203f:f835:c721:5f5d:43840] AH01384: Zlib: Compressed 5181 to 1510 : URL /wp-content/themes/oceanwp/assets/js/select.min.js, referer: https://2blog.ilc.edu.tw/4604/p_20210907_140208/
[Wed Aug 26 02:29:47.585385 2026] [ssl:debug] [pid 2225937:tid 2225937] ssl_engine_kernel.c(2082): [client 34.123.149.87:6656] AH02041: Protocol: TLSv1.3, Cipher: TLS_AES_256_GCM_SHA384 (256/256 bits)
[Wed Aug 26 02:29:47.585443 2026] [socache_shmcb:debug] [pid 2225937:tid 2225937] mod_socache_shmcb.c(508): AH00831: socache_shmcb_store (0xfb -> subcache 27)
[Wed Aug 26 02:29:47.585464 2026] [socache_shmcb:debug] [pid 2225937:tid 2225937] mod_socache_shmcb.c(745): AH00842: expiring 4 and reclaiming 0 removed socache entries
[Wed Aug 26 02:29:47.585467 2026] [socache_shmcb:debug] [pid 2225937:tid 2225937] mod_socache_shmcb.c(765): AH00843: we now have 31 socache entries
[Wed Aug 26 02:29:47.585470 2026] [socache_shmcb:debug] [pid 2225937:tid 2225937] mod_socache_shmcb.c(860): AH00847: insert happened at idx=82, data=(11927:11959)
[Wed Aug 26 02:29:47.585472 2026] [socache_shmcb:debug] [pid 2225937:tid 2225937] mod_socache_shmcb.c(863): AH00848: finished insert, subcache: idx_pos/idx_used=51/32, data_pos/data_used=5071/7082
[Wed Aug 26 02:29:47.585474 2026] [socache_shmcb:debug] [pid 2225937:tid 2225937] mod_socache_shmcb.c(530): AH00834: leaving socache_shmcb_store successfully
[Wed Aug 26 02:29:47.585541 2026] [socache_shmcb:debug] [pid 2225937:tid 2225937] mod_socache_shmcb.c(508): AH00831: socache_shmcb_store (0x57 -> subcache 23)
[Wed Aug 26 02:29:47.585552 2026] [socache_shmcb:debug] [pid 2225937:tid 2225937] mod_socache_shmcb.c(860): AH00847: insert happened at idx=44, data=(3403:3435)
[Wed Aug 26 02:29:47.585554 2026] [socache_shmcb:debug] [pid 2225937:tid 2225937] mod_socache_shmcb.c(863): AH00848: finished insert, subcache: idx_pos/idx_used=10/35, data_pos/data_used=9745/7748
[Wed Aug 26 02:29:47.585556 2026] [socache_shmcb:debug] [pid 2225937:tid 2225937] mod_socache_shmcb.c(530): AH00834: leaving socache_shmcb_store successfully
[Wed Aug 26 02:29:47.640944 2026] [ssl:debug] [pid 2225905:tid 2225905] ssl_engine_kernel.c(254): [client 2409:8a62:b02:c16d:203f:f835:c721:5f5d:43838] AH02034: Subsequent (No.3) HTTPS request received for child 3 (server 2blog.ilc.edu.tw:443), referer: https://2blog.ilc.edu.tw/4604/p_20210907_140208/
[Wed Aug 26 02:29:47.641194 2026] [authz_core:debug] [pid 2225905:tid 2225905] mod_authz_core.c(815): [client 2409:8a62:b02:c16d:203f:f835:c721:5f5d:43838] AH01626: authorization result of Require all granted: granted, referer: https://2blog.ilc.edu.tw/4604/p_20210907_140208/
[Wed Aug 26 02:29:47.641200 2026] [authz_core:debug] [pid 2225905:tid 2225905] mod_authz_core.c(815): [client 2409:8a62:b02:c16d:203f:f835:c721:5f5d:43838] AH01626: authorization result of : granted, referer: https://2blog.ilc.edu.tw/4604/p_20210907_140208/
[Wed Aug 26 02:29:47.641366 2026] [authz_core:debug] [pid 2225905:tid 2225905] mod_authz_core.c(815): [client 2409:8a62:b02:c16d:203f:f835:c721:5f5d:43838] AH01626: authorization result of Require all granted: granted, referer: https://2blog.ilc.edu.tw/4604/p_20210907_140208/
[Wed Aug 26 02:29:47.641369 2026] [authz_core:debug] [pid 2225905:tid 2225905] mod_authz_core.c(815): [client 2409:8a62:b02:c16d:203f:f835:c721:5f5d:43838] AH01626: authorization result of : granted, referer: https://2blog.ilc.edu.tw/4604/p_20210907_140208/
[Wed Aug 26 02:29:47.641471 2026] [deflate:debug] [pid 2225905:tid 2225905] mod_deflate.c(909): [client 2409:8a62:b02:c16d:203f:f835:c721:5f5d:43838] AH01384: Zlib: Compressed 712 to 422 : URL /wp-content/plugins/ocean-extra/includes/widgets/js/flickr.min.js, referer: https://2blog.ilc.edu.tw/4604/p_20210907_140208/
[Wed Aug 26 02:29:47.660561 2026] [ssl:info] [pid 2225923:tid 2225923] (104)Connection reset by peer: [client 2001:b400:e2d4:9a6f:3cdd:7cd6:df99:8e8d:62620] AH01991: SSL input filter read failed.
[Wed Aug 26 02:29:47.660639 2026] [ssl:debug] [pid 2225923:tid 2225923] ssl_engine_io.c(1150): [client 2001:b400:e2d4:9a6f:3cdd:7cd6:df99:8e8d:62620] AH02001: Connection closed to child 6 with standard shutdown (server www.ltjh.ilc.edu.tw:443)
[Wed Aug 26 02:29:47.660743 2026] [ssl:info] [pid 2225923:tid 2225923] [client 52.167.144.161:7007] AH01964: Connection to child 6 established (server 2blog.ilc.edu.tw:443)
[Wed Aug 26 02:29:47.660856 2026] [ssl:debug] [pid 2225923:tid 2225923] ssl_engine_kernel.c(2222): [client 52.167.144.161:7007] AH02043: SSL virtual host for servername 2blog.ilc.edu.tw found
[Wed Aug 26 02:29:47.660971 2026] [core:debug] [pid 2225923:tid 2225923] protocol.c(2460): [client 52.167.144.161:7007] AH03155: select protocol from , choices=h2,http/1.1 for server 2blog.ilc.edu.tw
[Wed Aug 26 02:29:47.665239 2026] [ssl:debug] [pid 2225937:tid 2225937] ssl_engine_kernel.c(254): [client 34.123.149.87:6656] AH02034: Initial (No.1) HTTPS request received for child 0 (server 2blog.ilc.edu.tw:443)
[Wed Aug 26 02:29:47.665463 2026] [authz_core:debug] [pid 2225937:tid 2225937] mod_authz_core.c(815): [client 34.123.149.87:6656] AH01626: authorization result of Require all granted: granted
[Wed Aug 26 02:29:47.665470 2026] [authz_core:debug] [pid 2225937:tid 2225937] mod_authz_core.c(815): [client 34.123.149.87:6656] AH01626: authorization result of : granted
[Wed Aug 26 02:29:47.665605 2026] [authz_core:debug] [pid 2225937:tid 2225937] mod_authz_core.c(815): [client 34.123.149.87:6656] AH01626: authorization result of Require all granted: granted
[Wed Aug 26 02:29:47.665609 2026] [authz_core:debug] [pid 2225937:tid 2225937] mod_authz_core.c(815): [client 34.123.149.87:6656] AH01626: authorization result of : granted
[Wed Aug 26 02:29:47.711590 2026] [ssl:info] [pid 2225927:tid 2225927] (104)Connection reset by peer: [client 2001:b400:e2d4:9a6f:3cdd:7cd6:df99:8e8d:62614] AH01991: SSL input filter read failed.
[Wed Aug 26 02:29:47.711594 2026] [ssl:info] [pid 2225565:tid 2225565] (104)Connection reset by peer: [client 2001:b400:e2d4:9a6f:3cdd:7cd6:df99:8e8d:62616] AH01991: SSL input filter read failed.
[Wed Aug 26 02:29:47.711594 2026] [ssl:info] [pid 2225529:tid 2225529] (104)Connection reset by peer: [client 2001:b400:e2d4:9a6f:3cdd:7cd6:df99:8e8d:62619] AH01991: SSL input filter read failed.
[Wed Aug 26 02:29:47.711671 2026] [ssl:debug] [pid 2225927:tid 2225927] ssl_engine_io.c(1150): [client 2001:b400:e2d4:9a6f:3cdd:7cd6:df99:8e8d:62614] AH02001: Connection closed to child 8 with standard shutdown (server www.ltjh.ilc.edu.tw:443)
[Wed Aug 26 02:29:47.711718 2026] [ssl:debug] [pid 2225565:tid 2225565] ssl_engine_io.c(1150): [client 2001:b400:e2d4:9a6f:3cdd:7cd6:df99:8e8d:62616] AH02001: Connection closed to child 13 with standard shutdown (server www.ltjh.ilc.edu.tw:443)
[Wed Aug 26 02:29:47.711730 2026] [ssl:debug] [pid 2225529:tid 2225529] ssl_engine_io.c(1150): [client 2001:b400:e2d4:9a6f:3cdd:7cd6:df99:8e8d:62619] AH02001: Connection closed to child 1 with standard shutdown (server www.ltjh.ilc.edu.tw:443)
[Wed Aug 26 02:29:47.711769 2026] [ssl:info] [pid 2225927:tid 2225927] [client 66.249.79.163:43163] AH01964: Connection to child 8 established (server 2blog.ilc.edu.tw:443)
[Wed Aug 26 02:29:47.711874 2026] [ssl:debug] [pid 2225927:tid 2225927] ssl_engine_kernel.c(2222): [client 66.249.79.163:43163] AH02043: SSL virtual host for servername 2blog.ilc.edu.tw found
[Wed Aug 26 02:29:47.711947 2026] [ssl:debug] [pid 2225927:tid 2225927] ssl_util_stapling.c(819): AH01951: stapling_cb: OCSP Stapling callback called
[Wed Aug 26 02:29:47.711952 2026] [ssl:info] [pid 2225927:tid 2225927] AH01926: stapling_get_certinfo: stapling not supported for certificate
[Wed Aug 26 02:29:47.712061 2026] [ssl:info] [pid 2225565:tid 2225565] [client 185.191.171.16:21682] AH01964: Connection to child 13 established (server 2blog.ilc.edu.tw:443)
[Wed Aug 26 02:29:47.712305 2026] [ssl:debug] [pid 2225565:tid 2225565] ssl_engine_kernel.c(2222): [client 185.191.171.16:21682] AH02043: SSL virtual host for servername 2blog.ilc.edu.tw found
[Wed Aug 26 02:29:47.735746 2026] [ssl:info] [pid 2225529:tid 2225529] [client 85.208.96.199:44730] AH01964: Connection to child 1 established (server 2blog.ilc.edu.tw:443)
[Wed Aug 26 02:29:47.736182 2026] [ssl:debug] [pid 2225529:tid 2225529] ssl_engine_kernel.c(2222): [client 85.208.96.199:44730] AH02043: SSL virtual host for servername www.yeses.ilc.edu.tw found
[Wed Aug 26 02:29:47.761586 2026] [ssl:info] [pid 2225587:tid 2225587] (104)Connection reset by peer: [client 2001:b400:e2d4:9a6f:3cdd:7cd6:df99:8e8d:62618] AH01991: SSL input filter read failed.
[Wed Aug 26 02:29:47.761662 2026] [ssl:debug] [pid 2225587:tid 2225587] ssl_engine_io.c(1150): [client 2001:b400:e2d4:9a6f:3cdd:7cd6:df99:8e8d:62618] AH02001: Connection closed to child 31 with standard shutdown (server www.ltjh.ilc.edu.tw:443)
[Wed Aug 26 02:29:47.806817 2026] [ssl:debug] [pid 2225932:tid 2225932] ssl_engine_kernel.c(254): [client 2409:8a62:b02:c16d:203f:f835:c721:5f5d:43846] AH02034: Subsequent (No.4) HTTPS request received for child 14 (server 2blog.ilc.edu.tw:443), referer: https://2blog.ilc.edu.tw/4604/p_20210907_140208/
[Wed Aug 26 02:29:47.807038 2026] [authz_core:debug] [pid 2225932:tid 2225932] mod_authz_core.c(815): [client 2409:8a62:b02:c16d:203f:f835:c721:5f5d:43846] AH01626: authorization result of Require all granted: granted, referer: https://2blog.ilc.edu.tw/4604/p_20210907_140208/
[Wed Aug 26 02:29:47.807044 2026] [authz_core:debug] [pid 2225932:tid 2225932] mod_authz_core.c(815): [client 2409:8a62:b02:c16d:203f:f835:c721:5f5d:43846] AH01626: authorization result of : granted, referer: https://2blog.ilc.edu.tw/4604/p_20210907_140208/
[Wed Aug 26 02:29:47.807225 2026] [authz_core:debug] [pid 2225932:tid 2225932] mod_authz_core.c(815): [client 2409:8a62:b02:c16d:203f:f835:c721:5f5d:43846] AH01626: authorization result of Require all granted: granted, referer: https://2blog.ilc.edu.tw/4604/p_20210907_140208/
[Wed Aug 26 02:29:47.807231 2026] [authz_core:debug] [pid 2225932:tid 2225932] mod_authz_core.c(815): [client 2409:8a62:b02:c16d:203f:f835:c721:5f5d:43846] AH01626: authorization result of : granted, referer: https://2blog.ilc.edu.tw/4604/p_20210907_140208/
[Wed Aug 26 02:29:47.812147 2026] [deflate:debug] [pid 2225932:tid 2225932] mod_deflate.c(909): [client 2409:8a62:b02:c16d:203f:f835:c721:5f5d:43846] AH01384: Zlib: Compressed 158005 to 38771 : URL /wp-includes/js/mediaelement/mediaelement-and-player.min.js, referer: https://2blog.ilc.edu.tw/4604/p_20210907_140208/
[Wed Aug 26 02:29:47.823851 2026] [ssl:debug] [pid 2225928:tid 2225928] ssl_engine_kernel.c(254): [client 2409:8a62:b02:c16d:203f:f835:c721:5f5d:43840] AH02034: Subsequent (No.3) HTTPS request received for child 9 (server 2blog.ilc.edu.tw:443), referer: https://2blog.ilc.edu.tw/4604/p_20210907_140208/
[Wed Aug 26 02:29:47.824018 2026] [authz_core:debug] [pid 2225928:tid 2225928] mod_authz_core.c(815): [client 2409:8a62:b02:c16d:203f:f835:c721:5f5d:43840] AH01626: authorization result of Require all granted: granted, referer: https://2blog.ilc.edu.tw/4604/p_20210907_140208/
[Wed Aug 26 02:29:47.824023 2026] [authz_core:debug] [pid 2225928:tid 2225928] mod_authz_core.c(815): [client 2409:8a62:b02:c16d:203f:f835:c721:5f5d:43840] AH01626: authorization result of : granted, referer: https://2blog.ilc.edu.tw/4604/p_20210907_140208/
[Wed Aug 26 02:29:47.824170 2026] [authz_core:debug] [pid 2225928:tid 2225928] mod_authz_core.c(815): [client 2409:8a62:b02:c16d:203f:f835:c721:5f5d:43840] AH01626: authorization result of Require all granted: granted, referer: https://2blog.ilc.edu.tw/4604/p_20210907_140208/
[Wed Aug 26 02:29:47.824174 2026] [authz_core:debug] [pid 2225928:tid 2225928] mod_authz_core.c(815): [client 2409:8a62:b02:c16d:203f:f835:c721:5f5d:43840] AH01626: authorization result of : granted, referer: https://2blog.ilc.edu.tw/4604/p_20210907_140208/
[Wed Aug 26 02:29:47.824281 2026] [deflate:debug] [pid 2225928:tid 2225928] mod_deflate.c(909): [client 2409:8a62:b02:c16d:203f:f835:c721:5f5d:43840] AH01384: Zlib: Compressed 1191 to 522 : URL /wp-includes/js/mediaelement/mediaelement-migrate.min.js, referer: https://2blog.ilc.edu.tw/4604/p_20210907_140208/
[Wed Aug 26 02:29:47.844328 2026] [ssl:debug] [pid 2225927:tid 2225927] ssl_engine_kernel.c(2082): [client 66.249.79.163:43163] AH02041: Protocol: TLSv1.3, Cipher: TLS_AES_256_GCM_SHA384 (256/256 bits)
[Wed Aug 26 02:29:47.844379 2026] [socache_shmcb:debug] [pid 2225927:tid 2225927] mod_socache_shmcb.c(508): AH00831: socache_shmcb_store (0x60 -> subcache 0)
[Wed Aug 26 02:29:47.844385 2026] [socache_shmcb:debug] [pid 2225927:tid 2225927] mod_socache_shmcb.c(860): AH00847: insert happened at idx=82, data=(11845:11877)
[Wed Aug 26 02:29:47.844387 2026] [socache_shmcb:debug] [pid 2225927:tid 2225927] mod_socache_shmcb.c(863): AH00848: finished insert, subcache: idx_pos/idx_used=39/44, data_pos/data_used=2322/9736
[Wed Aug 26 02:29:47.844389 2026] [socache_shmcb:debug] [pid 2225927:tid 2225927] mod_socache_shmcb.c(530): AH00834: leaving socache_shmcb_store successfully
[Wed Aug 26 02:29:47.844440 2026] [socache_shmcb:debug] [pid 2225927:tid 2225927] mod_socache_shmcb.c(508): AH00831: socache_shmcb_store (0x9f -> subcache 31)
[Wed Aug 26 02:29:47.844444 2026] [socache_shmcb:debug] [pid 2225927:tid 2225927] mod_socache_shmcb.c(860): AH00847: insert happened at idx=71, data=(3572:3604)
[Wed Aug 26 02:29:47.844446 2026] [socache_shmcb:debug] [pid 2225927:tid 2225927] mod_socache_shmcb.c(863): AH00848: finished insert, subcache: idx_pos/idx_used=35/37, data_pos/data_used=9457/8193
[Wed Aug 26 02:29:47.844448 2026] [socache_shmcb:debug] [pid 2225927:tid 2225927] mod_socache_shmcb.c(530): AH00834: leaving socache_shmcb_store successfully
[Wed Aug 26 02:29:47.844550 2026] [ssl:debug] [pid 2225927:tid 2225927] ssl_engine_kernel.c(254): [client 66.249.79.163:43163] AH02034: Initial (No.1) HTTPS request received for child 8 (server 2blog.ilc.edu.tw:443)
[Wed Aug 26 02:29:47.855149 2026] [ssl:debug] [pid 2225923:tid 2225923] ssl_engine_kernel.c(2082): [client 52.167.144.161:7007] AH02041: Protocol: TLSv1.3, Cipher: TLS_AES_256_GCM_SHA384 (256/256 bits)
[Wed Aug 26 02:29:47.855184 2026] [socache_shmcb:debug] [pid 2225923:tid 2225923] mod_socache_shmcb.c(508): AH00831: socache_shmcb_store (0x8a -> subcache 10)
[Wed Aug 26 02:29:47.855189 2026] [socache_shmcb:debug] [pid 2225923:tid 2225923] mod_socache_shmcb.c(860): AH00847: insert happened at idx=66, data=(2720:2752)
[Wed Aug 26 02:29:47.855192 2026] [socache_shmcb:debug] [pid 2225923:tid 2225923] mod_socache_shmcb.c(863): AH00848: finished insert, subcache: idx_pos/idx_used=36/31, data_pos/data_used=9965/6844
[Wed Aug 26 02:29:47.855194 2026] [socache_shmcb:debug] [pid 2225923:tid 2225923] mod_socache_shmcb.c(530): AH00834: leaving socache_shmcb_store successfully
[Wed Aug 26 02:29:47.855231 2026] [socache_shmcb:debug] [pid 2225923:tid 2225923] mod_socache_shmcb.c(508): AH00831: socache_shmcb_store (0x14 -> subcache 20)
[Wed Aug 26 02:29:47.855245 2026] [socache_shmcb:debug] [pid 2225923:tid 2225923] mod_socache_shmcb.c(860): AH00847: insert happened at idx=53, data=(5787:5819)
[Wed Aug 26 02:29:47.855247 2026] [socache_shmcb:debug] [pid 2225923:tid 2225923] mod_socache_shmcb.c(863): AH00848: finished insert, subcache: idx_pos/idx_used=15/39, data_pos/data_used=11207/8669
[Wed Aug 26 02:29:47.855249 2026] [socache_shmcb:debug] [pid 2225923:tid 2225923] mod_socache_shmcb.c(530): AH00834: leaving socache_shmcb_store successfully
[Wed Aug 26 02:29:47.855542 2026] [ssl:debug] [pid 2225923:tid 2225923] ssl_engine_kernel.c(254): [client 52.167.144.161:7007] AH02034: Initial (No.1) HTTPS request received for child 6 (server 2blog.ilc.edu.tw:443)
[Wed Aug 26 02:29:47.855714 2026] [authz_core:debug] [pid 2225923:tid 2225923] mod_authz_core.c(815): [client 52.167.144.161:7007] AH01626: authorization result of Require all granted: granted
[Wed Aug 26 02:29:47.855718 2026] [authz_core:debug] [pid 2225923:tid 2225923] mod_authz_core.c(815): [client 52.167.144.161:7007] AH01626: authorization result of : granted
[Wed Aug 26 02:29:47.855876 2026] [authz_core:debug] [pid 2225923:tid 2225923] mod_authz_core.c(815): [client 52.167.144.161:7007] AH01626: authorization result of Require all granted: granted
[Wed Aug 26 02:29:47.855881 2026] [authz_core:debug] [pid 2225923:tid 2225923] mod_authz_core.c(815): [client 52.167.144.161:7007] AH01626: authorization result of : granted
[Wed Aug 26 02:29:47.857356 2026] [authz_core:debug] [pid 2225927:tid 2225927] mod_authz_core.c(815): [client 66.249.79.163:43163] AH01626: authorization result of Require all granted: granted
[Wed Aug 26 02:29:47.857368 2026] [authz_core:debug] [pid 2225927:tid 2225927] mod_authz_core.c(815): [client 66.249.79.163:43163] AH01626: authorization result of : granted
[Wed Aug 26 02:29:47.956394 2026] [ssl:debug] [pid 2225529:tid 2225529] ssl_engine_kernel.c(2082): [client 85.208.96.199:44730] AH02041: Protocol: TLSv1.3, Cipher: TLS_AES_256_GCM_SHA384 (256/256 bits)
[Wed Aug 26 02:29:47.956446 2026] [socache_shmcb:debug] [pid 2225529:tid 2225529] mod_socache_shmcb.c(508): AH00831: socache_shmcb_store (0xc8 -> subcache 8)
[Wed Aug 26 02:29:47.956452 2026] [socache_shmcb:debug] [pid 2225529:tid 2225529] mod_socache_shmcb.c(860): AH00847: insert happened at idx=12, data=(10298:10330)
[Wed Aug 26 02:29:47.956454 2026] [socache_shmcb:debug] [pid 2225529:tid 2225529] mod_socache_shmcb.c(863): AH00848: finished insert, subcache: idx_pos/idx_used=57/44, data_pos/data_used=736/9779
[Wed Aug 26 02:29:47.956456 2026] [socache_shmcb:debug] [pid 2225529:tid 2225529] mod_socache_shmcb.c(530): AH00834: leaving socache_shmcb_store successfully
[Wed Aug 26 02:29:47.956510 2026] [socache_shmcb:debug] [pid 2225529:tid 2225529] mod_socache_shmcb.c(508): AH00831: socache_shmcb_store (0xe4 -> subcache 4)
[Wed Aug 26 02:29:47.956515 2026] [socache_shmcb:debug] [pid 2225529:tid 2225529] mod_socache_shmcb.c(745): AH00842: expiring 2 and reclaiming 0 removed socache entries
[Wed Aug 26 02:29:47.956517 2026] [socache_shmcb:debug] [pid 2225529:tid 2225529] mod_socache_shmcb.c(765): AH00843: we now have 33 socache entries
[Wed Aug 26 02:29:47.956519 2026] [socache_shmcb:debug] [pid 2225529:tid 2225529] mod_socache_shmcb.c(860): AH00847: insert happened at idx=17, data=(11511:11543)
[Wed Aug 26 02:29:47.956521 2026] [socache_shmcb:debug] [pid 2225529:tid 2225529] mod_socache_shmcb.c(863): AH00848: finished insert, subcache: idx_pos/idx_used=72/34, data_pos/data_used=4210/7518
[Wed Aug 26 02:29:47.956523 2026] [socache_shmcb:debug] [pid 2225529:tid 2225529] mod_socache_shmcb.c(530): AH00834: leaving socache_shmcb_store successfully
[Wed Aug 26 02:29:47.984818 2026] [watchdog:debug] [pid 2225941:tid 2225941] mod_watchdog.c(559): AH02980: Watchdog: nothing configured?
[Wed Aug 26 02:29:47.985073 2026] [ssl:debug] [pid 2225905:tid 2225905] ssl_engine_kernel.c(254): [client 2409:8a62:b02:c16d:203f:f835:c721:5f5d:43838] AH02034: Subsequent (No.4) HTTPS request received for child 3 (server 2blog.ilc.edu.tw:443), referer: https://2blog.ilc.edu.tw/4604/p_20210907_140208/
[Wed Aug 26 02:29:47.985257 2026] [authz_core:debug] [pid 2225905:tid 2225905] mod_authz_core.c(815): [client 2409:8a62:b02:c16d:203f:f835:c721:5f5d:43838] AH01626: authorization result of Require all granted: granted, referer: https://2blog.ilc.edu.tw/4604/p_20210907_140208/
[Wed Aug 26 02:29:47.985263 2026] [authz_core:debug] [pid 2225905:tid 2225905] mod_authz_core.c(815): [client 2409:8a62:b02:c16d:203f:f835:c721:5f5d:43838] AH01626: authorization result of : granted, referer: https://2blog.ilc.edu.tw/4604/p_20210907_140208/
[Wed Aug 26 02:29:47.985414 2026] [authz_core:debug] [pid 2225905:tid 2225905] mod_authz_core.c(815): [client 2409:8a62:b02:c16d:203f:f835:c721:5f5d:43838] AH01626: authorization result of Require all granted: granted, referer: https://2blog.ilc.edu.tw/4604/p_20210907_140208/
[Wed Aug 26 02:29:47.985418 2026] [authz_core:debug] [pid 2225905:tid 2225905] mod_authz_core.c(815): [client 2409:8a62:b02:c16d:203f:f835:c721:5f5d:43838] AH01626: authorization result of : granted, referer: https://2blog.ilc.edu.tw/4604/p_20210907_140208/
[Wed Aug 26 02:29:47.985540 2026] [deflate:debug] [pid 2225905:tid 2225905] mod_deflate.c(909): [client 2409:8a62:b02:c16d:203f:f835:c721:5f5d:43838] AH01384: Zlib: Compressed 1107 to 520 : URL /wp-includes/js/mediaelement/wp-mediaelement.min.js, referer: https://2blog.ilc.edu.tw/4604/p_20210907_140208/
[Wed Aug 26 02:29:47.990128 2026] [watchdog:debug] [pid 2225942:tid 2225942] mod_watchdog.c(559): AH02980: Watchdog: nothing configured?
[Wed Aug 26 02:29:48.017662 2026] [deflate:debug] [pid 2225923:tid 2225923] mod_deflate.c(909): [client 52.167.144.161:7007] AH01384: Zlib: Compressed 45430 to 10034 : URL /index.php
[Wed Aug 26 02:29:48.080353 2026] [ssl:debug] [pid 2225906:tid 2225906] ssl_engine_io.c(1150): [client 34.10.180.98:22018] AH02001: Connection closed to child 4 with standard shutdown (server 2blog.ilc.edu.tw:443)
[Wed Aug 26 02:29:48.098823 2026] [ssl:debug] [pid 2225565:tid 2225565] ssl_engine_kernel.c(2082): [client 185.191.171.16:21682] AH02041: Protocol: TLSv1.3, Cipher: TLS_AES_256_GCM_SHA384 (256/256 bits)
[Wed Aug 26 02:29:48.098886 2026] [socache_shmcb:debug] [pid 2225565:tid 2225565] mod_socache_shmcb.c(508): AH00831: socache_shmcb_store (0x07 -> subcache 7)
[Wed Aug 26 02:29:48.098892 2026] [socache_shmcb:debug] [pid 2225565:tid 2225565] mod_socache_shmcb.c(860): AH00847: insert happened at idx=6, data=(8582:8614)
[Wed Aug 26 02:29:48.098895 2026] [socache_shmcb:debug] [pid 2225565:tid 2225565] mod_socache_shmcb.c(863): AH00848: finished insert, subcache: idx_pos/idx_used=63/32, data_pos/data_used=1784/7012
[Wed Aug 26 02:29:48.098897 2026] [socache_shmcb:debug] [pid 2225565:tid 2225565] mod_socache_shmcb.c(530): AH00834: leaving socache_shmcb_store successfully
[Wed Aug 26 02:29:48.098955 2026] [socache_shmcb:debug] [pid 2225565:tid 2225565] mod_socache_shmcb.c(508): AH00831: socache_shmcb_store (0x99 -> subcache 25)
[Wed Aug 26 02:29:48.098959 2026] [socache_shmcb:debug] [pid 2225565:tid 2225565] mod_socache_shmcb.c(745): AH00842: expiring 1 and reclaiming 0 removed socache entries
[Wed Aug 26 02:29:48.098961 2026] [socache_shmcb:debug] [pid 2225565:tid 2225565] mod_socache_shmcb.c(765): AH00843: we now have 33 socache entries
[Wed Aug 26 02:29:48.098963 2026] [socache_shmcb:debug] [pid 2225565:tid 2225565] mod_socache_shmcb.c(860): AH00847: insert happened at idx=14, data=(10469:10501)
[Wed Aug 26 02:29:48.098965 2026] [socache_shmcb:debug] [pid 2225565:tid 2225565] mod_socache_shmcb.c(863): AH00848: finished insert, subcache: idx_pos/idx_used=69/34, data_pos/data_used=3125/7557
[Wed Aug 26 02:29:48.098967 2026] [socache_shmcb:debug] [pid 2225565:tid 2225565] mod_socache_shmcb.c(530): AH00834: leaving socache_shmcb_store successfully
[Wed Aug 26 02:29:48.108218 2026] [headers:debug] [pid 2225587:tid 2225587] mod_headers.c(900): AH01503: headers: ap_headers_error_filter()
[Wed Aug 26 02:29:48.148289 2026] [ssl:debug] [pid 2225529:tid 2225529] ssl_engine_kernel.c(254): [client 85.208.96.199:44730] AH02034: Initial (No.1) HTTPS request received for child 1 (server www.yeses.ilc.edu.tw:443)
[Wed Aug 26 02:29:48.148518 2026] [authz_core:debug] [pid 2225529:tid 2225529] mod_authz_core.c(815): [client 85.208.96.199:44730] AH01626: authorization result of Require all granted: granted
[Wed Aug 26 02:29:48.148524 2026] [authz_core:debug] [pid 2225529:tid 2225529] mod_authz_core.c(815): [client 85.208.96.199:44730] AH01626: authorization result of : granted
[Wed Aug 26 02:29:48.148677 2026] [authz_core:debug] [pid 2225529:tid 2225529] mod_authz_core.c(815): [client 85.208.96.199:44730] AH01626: authorization result of Require all granted: granted
[Wed Aug 26 02:29:48.148682 2026] [authz_core:debug] [pid 2225529:tid 2225529] mod_authz_core.c(815): [client 85.208.96.199:44730] AH01626: authorization result of : granted
[Wed Aug 26 02:29:48.150482 2026] [ssl:info] [pid 2225941:tid 2225941] [client 2001:288:a201::66:125:42735] AH01964: Connection to child 11 established (server 2blog.ilc.edu.tw:443)
[Wed Aug 26 02:29:48.151323 2026] [ssl:debug] [pid 2225941:tid 2225941] ssl_engine_kernel.c(2252): [client 2001:288:a201::66:125:42735] AH02645: Server name not provided via TLS extension (using default/first virtual host)
[Wed Aug 26 02:29:48.151421 2026] [socache_shmcb:debug] [pid 2225941:tid 2225941] mod_socache_shmcb.c(545): AH00835: socache_shmcb_retrieve (0x15 -> subcache 21)
[Wed Aug 26 02:29:48.151452 2026] [socache_shmcb:debug] [pid 2225941:tid 2225941] mod_socache_shmcb.c(896): AH00849: match at idx=18, data=11679
[Wed Aug 26 02:29:48.151461 2026] [socache_shmcb:debug] [pid 2225941:tid 2225941] mod_socache_shmcb.c(556): AH00836: leaving socache_shmcb_retrieve successfully
[Wed Aug 26 02:29:48.152506 2026] [ssl:info] [pid 2225557:tid 2225557] (104)Connection reset by peer: [client 2001:b400:e2d4:9a6f:3cdd:7cd6:df99:8e8d:62617] AH01991: SSL input filter read failed.
[Wed Aug 26 02:29:48.152563 2026] [ssl:debug] [pid 2225557:tid 2225557] ssl_engine_io.c(1150): [client 2001:b400:e2d4:9a6f:3cdd:7cd6:df99:8e8d:62617] AH02001: Connection closed to child 10 with standard shutdown (server www.ltjh.ilc.edu.tw:443)
[Wed Aug 26 02:29:48.153479 2026] [ssl:debug] [pid 2225941:tid 2225941] ssl_engine_kernel.c(2082): [client 2001:288:a201::66:125:42735] AH02041: Protocol: TLSv1.2, Cipher: ECDHE-RSA-AES256-GCM-SHA384 (256/256 bits)
[Wed Aug 26 02:29:48.153766 2026] [ssl:debug] [pid 2225941:tid 2225941] ssl_engine_kernel.c(254): [client 2001:288:a201::66:125:42735] AH02034: Initial (No.1) HTTPS request received for child 11 (server 2blog.ilc.edu.tw:443)
[Wed Aug 26 02:29:48.154587 2026] [authz_core:debug] [pid 2225941:tid 2225941] mod_authz_core.c(815): [client 2001:288:a201::66:125:42735] AH01626: authorization result of Require all granted: granted
[Wed Aug 26 02:29:48.154611 2026] [authz_core:debug] [pid 2225941:tid 2225941] mod_authz_core.c(815): [client 2001:288:a201::66:125:42735] AH01626: authorization result of : granted
[Wed Aug 26 02:29:48.156519 2026] [authz_core:debug] [pid 2225941:tid 2225941] mod_authz_core.c(815): [client 2001:288:a201::66:125:42735] AH01626: authorization result of Require all granted: granted
[Wed Aug 26 02:29:48.156556 2026] [authz_core:debug] [pid 2225941:tid 2225941] mod_authz_core.c(815): [client 2001:288:a201::66:125:42735] AH01626: authorization result of : granted
[Wed Aug 26 02:29:48.156628 2026] [php7:error] [pid 2225941:tid 2225941] [client 2001:288:a201::66:125:42735] script '/var/www/html/2blog/active.php' not found or unable to stat
[Wed Aug 26 02:29:48.156692 2026] [headers:debug] [pid 2225941:tid 2225941] mod_headers.c(900): AH01503: headers: ap_headers_error_filter()
[Wed Aug 26 02:29:48.157268 2026] [ssl:debug] [pid 2225941:tid 2225941] ssl_engine_io.c(1150): [client 2001:288:a201::66:125:42735] AH02001: Connection closed to child 11 with standard shutdown (server 2blog.ilc.edu.tw:443)
[Wed Aug 26 02:29:48.177487 2026] [deflate:debug] [pid 2225529:tid 2225529] mod_deflate.c(909): [client 85.208.96.199:44730] AH01384: Zlib: Compressed 139378 to 25484 : URL /index.php
[Wed Aug 26 02:29:48.177715 2026] [ssl:debug] [pid 2225529:tid 2225529] ssl_engine_io.c(1150): [client 85.208.96.199:44730] AH02001: Connection closed to child 1 with standard shutdown (server www.yeses.ilc.edu.tw:443)
[Wed Aug 26 02:29:48.272316 2026] [ssl:debug] [pid 2225565:tid 2225565] ssl_engine_kernel.c(254): [client 185.191.171.16:21682] AH02034: Initial (No.1) HTTPS request received for child 13 (server 2blog.ilc.edu.tw:443)
[Wed Aug 26 02:29:48.272529 2026] [authz_core:debug] [pid 2225565:tid 2225565] mod_authz_core.c(815): [client 185.191.171.16:21682] AH01626: authorization result of Require all granted: granted
[Wed Aug 26 02:29:48.272534 2026] [authz_core:debug] [pid 2225565:tid 2225565] mod_authz_core.c(815): [client 185.191.171.16:21682] AH01626: authorization result of : granted
[Wed Aug 26 02:29:48.272661 2026] [authz_core:debug] [pid 2225565:tid 2225565] mod_authz_core.c(815): [client 185.191.171.16:21682] AH01626: authorization result of Require all granted: granted
[Wed Aug 26 02:29:48.272672 2026] [authz_core:debug] [pid 2225565:tid 2225565] mod_authz_core.c(815): [client 185.191.171.16:21682] AH01626: authorization result of : granted
[Wed Aug 26 02:29:48.443919 2026] [deflate:debug] [pid 2225565:tid 2225565] mod_deflate.c(909): [client 185.191.171.16:21682] AH01384: Zlib: Compressed 33888 to 8433 : URL /index.php
[Wed Aug 26 02:29:48.444179 2026] [ssl:debug] [pid 2225565:tid 2225565] ssl_engine_io.c(1150): [client 185.191.171.16:21682] AH02001: Connection closed to child 13 with standard shutdown (server 2blog.ilc.edu.tw:443)
[Wed Aug 26 02:29:48.450674 2026] [deflate:debug] [pid 2225937:tid 2225937] mod_deflate.c(909): [client 34.123.149.87:6656] AH01384: Zlib: Compressed 537145 to 86336 : URL /index.php
[Wed Aug 26 02:29:48.772485 2026] [ssl:info] [pid 2225942:tid 2225942] [client 199.30.24.252:45634] AH01964: Connection to child 15 established (server 2blog.ilc.edu.tw:443)
[Wed Aug 26 02:29:48.773496 2026] [ssl:debug] [pid 2225942:tid 2225942] ssl_engine_kernel.c(2222): [client 199.30.24.252:45634] AH02043: SSL virtual host for servername www.dhes.ilc.edu.tw found
[Wed Aug 26 02:29:48.773794 2026] [core:debug] [pid 2225942:tid 2225942] protocol.c(2460): [client 199.30.24.252:45634] AH03155: select protocol from , choices=h2,http/1.1 for server www.dhes.ilc.edu.tw
[Wed Aug 26 02:29:48.773990 2026] [ssl:debug] [pid 2225942:tid 2225942] ssl_util_stapling.c(819): AH01951: stapling_cb: OCSP Stapling callback called
[Wed Aug 26 02:29:48.774012 2026] [ssl:info] [pid 2225942:tid 2225942] AH01926: stapling_get_certinfo: stapling not supported for certificate
[Wed Aug 26 02:29:48.910497 2026] [ssl:debug] [pid 2225942:tid 2225942] ssl_engine_kernel.c(2082): [client 199.30.24.252:45634] AH02041: Protocol: TLSv1.3, Cipher: TLS_AES_256_GCM_SHA384 (256/256 bits)
[Wed Aug 26 02:29:48.910581 2026] [socache_shmcb:debug] [pid 2225942:tid 2225942] mod_socache_shmcb.c(508): AH00831: socache_shmcb_store (0x36 -> subcache 22)
[Wed Aug 26 02:29:48.910594 2026] [socache_shmcb:debug] [pid 2225942:tid 2225942] mod_socache_shmcb.c(745): AH00842: expiring 1 and reclaiming 0 removed socache entries
[Wed Aug 26 02:29:48.910597 2026] [socache_shmcb:debug] [pid 2225942:tid 2225942] mod_socache_shmcb.c(765): AH00843: we now have 34 socache entries
[Wed Aug 26 02:29:48.910599 2026] [socache_shmcb:debug] [pid 2225942:tid 2225942] mod_socache_shmcb.c(860): AH00847: insert happened at idx=0, data=(12878:12910)
[Wed Aug 26 02:29:48.910601 2026] [socache_shmcb:debug] [pid 2225942:tid 2225942] mod_socache_shmcb.c(863): AH00848: finished insert, subcache: idx_pos/idx_used=54/35, data_pos/data_used=5371/7736
[Wed Aug 26 02:29:48.910603 2026] [socache_shmcb:debug] [pid 2225942:tid 2225942] mod_socache_shmcb.c(530): AH00834: leaving socache_shmcb_store successfully
[Wed Aug 26 02:29:48.910676 2026] [socache_shmcb:debug] [pid 2225942:tid 2225942] mod_socache_shmcb.c(508): AH00831: socache_shmcb_store (0xe3 -> subcache 3)
[Wed Aug 26 02:29:48.910681 2026] [socache_shmcb:debug] [pid 2225942:tid 2225942] mod_socache_shmcb.c(860): AH00847: insert happened at idx=75, data=(4609:4641)
[Wed Aug 26 02:29:48.910683 2026] [socache_shmcb:debug] [pid 2225942:tid 2225942] mod_socache_shmcb.c(863): AH00848: finished insert, subcache: idx_pos/idx_used=46/30, data_pos/data_used=12031/6671
[Wed Aug 26 02:29:48.910685 2026] [socache_shmcb:debug] [pid 2225942:tid 2225942] mod_socache_shmcb.c(530): AH00834: leaving socache_shmcb_store successfully
[Wed Aug 26 02:29:48.910871 2026] [ssl:debug] [pid 2225942:tid 2225942] ssl_engine_kernel.c(254): [client 199.30.24.252:45634] AH02034: Initial (No.1) HTTPS request received for child 15 (server www.dhes.ilc.edu.tw:443), referer: https://www.dhes.ilc.edu.tw/2025/11/03/%e4%b8%89%e4%b8%8b%e8%b3%87%e8%a8%8a%e6%95%99%e8%82%b2%e6%95%99%e6%a1%88/
[Wed Aug 26 02:29:48.911179 2026] [authz_core:debug] [pid 2225942:tid 2225942] mod_authz_core.c(815): [client 199.30.24.252:45634] AH01626: authorization result of Require all granted: granted, referer: https://www.dhes.ilc.edu.tw/2025/11/03/%e4%b8%89%e4%b8%8b%e8%b3%87%e8%a8%8a%e6%95%99%e8%82%b2%e6%95%99%e6%a1%88/
[Wed Aug 26 02:29:48.911197 2026] [authz_core:debug] [pid 2225942:tid 2225942] mod_authz_core.c(815): [client 199.30.24.252:45634] AH01626: authorization result of : granted, referer: https://www.dhes.ilc.edu.tw/2025/11/03/%e4%b8%89%e4%b8%8b%e8%b3%87%e8%a8%8a%e6%95%99%e8%82%b2%e6%95%99%e6%a1%88/
