[Wed Aug 26 02:24:58.477405 2026] [ssl:info] [pid 2220863:tid 2220863] (70014)End of file found: [client 34.123.149.87:40448] AH02006: SSL handshake stopped: connection was closed
[Wed Aug 26 02:24:58.477418 2026] [ssl:info] [pid 2220863:tid 2220863] [client 34.123.149.87:40448] AH01998: Connection closed to child 16 with abortive shutdown (server 2blog.ilc.edu.tw:443)
[Wed Aug 26 02:24:58.557213 2026] [headers:debug] [pid 2220862:tid 2220862] mod_headers.c(900): AH01503: headers: ap_headers_error_filter()
[Wed Aug 26 02:24:58.591168 2026] [headers:debug] [pid 2220855:tid 2220855] mod_headers.c(900): AH01503: headers: ap_headers_error_filter()
[Wed Aug 26 02:24:58.675273 2026] [ssl:debug] [pid 2220844:tid 2220844] ssl_engine_io.c(1150): [client 52.167.144.159:64708] AH02001: Connection closed to child 0 with standard shutdown (server 2blog.ilc.edu.tw:443)
[Wed Aug 26 02:24:58.716040 2026] [ssl:debug] [pid 2220760:tid 2220760] ssl_engine_kernel.c(2082): [client 34.171.68.95:58368] AH02041: Protocol: TLSv1.3, Cipher: TLS_AES_256_GCM_SHA384 (256/256 bits)
[Wed Aug 26 02:24:58.716108 2026] [socache_shmcb:debug] [pid 2220760:tid 2220760] mod_socache_shmcb.c(508): AH00831: socache_shmcb_store (0xe1 -> subcache 1)
[Wed Aug 26 02:24:58.716115 2026] [socache_shmcb:debug] [pid 2220760:tid 2220760] mod_socache_shmcb.c(860): AH00847: insert happened at idx=39, data=(2010:2042)
[Wed Aug 26 02:24:58.716117 2026] [socache_shmcb:debug] [pid 2220760:tid 2220760] mod_socache_shmcb.c(863): AH00848: finished insert, subcache: idx_pos/idx_used=5/35, data_pos/data_used=8312/7787
[Wed Aug 26 02:24:58.716120 2026] [socache_shmcb:debug] [pid 2220760:tid 2220760] mod_socache_shmcb.c(530): AH00834: leaving socache_shmcb_store successfully
[Wed Aug 26 02:24:58.716200 2026] [socache_shmcb:debug] [pid 2220760:tid 2220760] mod_socache_shmcb.c(508): AH00831: socache_shmcb_store (0x37 -> subcache 23)
[Wed Aug 26 02:24:58.716204 2026] [socache_shmcb:debug] [pid 2220760:tid 2220760] mod_socache_shmcb.c(745): AH00842: expiring 2 and reclaiming 0 removed socache entries
[Wed Aug 26 02:24:58.716207 2026] [socache_shmcb:debug] [pid 2220760:tid 2220760] mod_socache_shmcb.c(765): AH00843: we now have 33 socache entries
[Wed Aug 26 02:24:58.716209 2026] [socache_shmcb:debug] [pid 2220760:tid 2220760] mod_socache_shmcb.c(860): AH00847: insert happened at idx=13, data=(10421:10453)
[Wed Aug 26 02:24:58.716210 2026] [socache_shmcb:debug] [pid 2220760:tid 2220760] mod_socache_shmcb.c(863): AH00848: finished insert, subcache: idx_pos/idx_used=68/34, data_pos/data_used=3069/7577
[Wed Aug 26 02:24:58.716212 2026] [socache_shmcb:debug] [pid 2220760:tid 2220760] mod_socache_shmcb.c(530): AH00834: leaving socache_shmcb_store successfully
[Wed Aug 26 02:24:58.990153 2026] [ssl:debug] [pid 2220760:tid 2220760] ssl_engine_kernel.c(254): [client 34.171.68.95:58368] AH02034: Initial (No.1) HTTPS request received for child 11 (server 2blog.ilc.edu.tw:443)
[Wed Aug 26 02:24:58.990413 2026] [authz_core:debug] [pid 2220760:tid 2220760] mod_authz_core.c(815): [client 34.171.68.95:58368] AH01626: authorization result of Require all granted: granted
[Wed Aug 26 02:24:58.990423 2026] [authz_core:debug] [pid 2220760:tid 2220760] mod_authz_core.c(815): [client 34.171.68.95:58368] AH01626: authorization result of : granted
[Wed Aug 26 02:24:58.990586 2026] [authz_core:debug] [pid 2220760:tid 2220760] mod_authz_core.c(815): [client 34.171.68.95:58368] AH01626: authorization result of Require all granted: granted
[Wed Aug 26 02:24:58.990591 2026] [authz_core:debug] [pid 2220760:tid 2220760] mod_authz_core.c(815): [client 34.171.68.95:58368] AH01626: authorization result of : granted
[Wed Aug 26 02:24:59.038566 2026] [ssl:info] [pid 2220708:tid 2220708] [client 52.3.155.146:57254] AH01964: Connection to child 14 established (server 2blog.ilc.edu.tw:443)
[Wed Aug 26 02:24:59.038887 2026] [ssl:debug] [pid 2220708:tid 2220708] ssl_engine_kernel.c(2222): [client 52.3.155.146:57254] AH02043: SSL virtual host for servername 2blog.ilc.edu.tw found
[Wed Aug 26 02:24:59.101685 2026] [ssl:info] [pid 2220780:tid 2220780] [client 52.200.54.136:50410] AH01964: Connection to child 8 established (server 2blog.ilc.edu.tw:443)
[Wed Aug 26 02:24:59.102027 2026] [ssl:debug] [pid 2220780:tid 2220780] ssl_engine_kernel.c(2222): [client 52.200.54.136:50410] AH02043: SSL virtual host for servername www.ytps.ilc.edu.tw found
[Wed Aug 26 02:24:59.174917 2026] [deflate:debug] [pid 2220760:tid 2220760] mod_deflate.c(909): [client 34.171.68.95:58368] AH01384: Zlib: Compressed 59728 to 11941 : URL /index.php
[Wed Aug 26 02:24:59.267942 2026] [ssl:debug] [pid 2220708:tid 2220708] ssl_engine_kernel.c(2082): [client 52.3.155.146:57254] AH02041: Protocol: TLSv1.3, Cipher: TLS_AES_256_GCM_SHA384 (256/256 bits)
[Wed Aug 26 02:24:59.268010 2026] [socache_shmcb:debug] [pid 2220708:tid 2220708] mod_socache_shmcb.c(508): AH00831: socache_shmcb_store (0x44 -> subcache 4)
[Wed Aug 26 02:24:59.268018 2026] [socache_shmcb:debug] [pid 2220708:tid 2220708] mod_socache_shmcb.c(860): AH00847: insert happened at idx=72, data=(4210:4242)
[Wed Aug 26 02:24:59.268021 2026] [socache_shmcb:debug] [pid 2220708:tid 2220708] mod_socache_shmcb.c(863): AH00848: finished insert, subcache: idx_pos/idx_used=49/24, data_pos/data_used=12959/5329
[Wed Aug 26 02:24:59.268023 2026] [socache_shmcb:debug] [pid 2220708:tid 2220708] mod_socache_shmcb.c(530): AH00834: leaving socache_shmcb_store successfully
[Wed Aug 26 02:24:59.268094 2026] [socache_shmcb:debug] [pid 2220708:tid 2220708] mod_socache_shmcb.c(508): AH00831: socache_shmcb_store (0xf3 -> subcache 19)
[Wed Aug 26 02:24:59.268101 2026] [socache_shmcb:debug] [pid 2220708:tid 2220708] mod_socache_shmcb.c(860): AH00847: insert happened at idx=87, data=(7025:7057)
[Wed Aug 26 02:24:59.268105 2026] [socache_shmcb:debug] [pid 2220708:tid 2220708] mod_socache_shmcb.c(863): AH00848: finished insert, subcache: idx_pos/idx_used=59/29, data_pos/data_used=844/6394
[Wed Aug 26 02:24:59.268107 2026] [socache_shmcb:debug] [pid 2220708:tid 2220708] mod_socache_shmcb.c(530): AH00834: leaving socache_shmcb_store successfully
[Wed Aug 26 02:24:59.268250 2026] [ssl:debug] [pid 2220708:tid 2220708] ssl_engine_kernel.c(254): [client 52.3.155.146:57254] AH02034: Initial (No.1) HTTPS request received for child 14 (server 2blog.ilc.edu.tw:443)
[Wed Aug 26 02:24:59.268480 2026] [authz_core:debug] [pid 2220708:tid 2220708] mod_authz_core.c(815): [client 52.3.155.146:57254] AH01626: authorization result of Require all granted: granted
[Wed Aug 26 02:24:59.268489 2026] [authz_core:debug] [pid 2220708:tid 2220708] mod_authz_core.c(815): [client 52.3.155.146:57254] AH01626: authorization result of : granted
[Wed Aug 26 02:24:59.268681 2026] [authz_core:debug] [pid 2220708:tid 2220708] mod_authz_core.c(815): [client 52.3.155.146:57254] AH01626: authorization result of Require all granted: granted
[Wed Aug 26 02:24:59.268687 2026] [authz_core:debug] [pid 2220708:tid 2220708] mod_authz_core.c(815): [client 52.3.155.146:57254] AH01626: authorization result of : granted
[Wed Aug 26 02:24:59.337180 2026] [ssl:debug] [pid 2220780:tid 2220780] ssl_engine_kernel.c(2082): [client 52.200.54.136:50410] AH02041: Protocol: TLSv1.3, Cipher: TLS_AES_256_GCM_SHA384 (256/256 bits)
[Wed Aug 26 02:24:59.337261 2026] [socache_shmcb:debug] [pid 2220780:tid 2220780] mod_socache_shmcb.c(508): AH00831: socache_shmcb_store (0xf2 -> subcache 18)
[Wed Aug 26 02:24:59.337269 2026] [socache_shmcb:debug] [pid 2220780:tid 2220780] mod_socache_shmcb.c(745): AH00842: expiring 3 and reclaiming 0 removed socache entries
[Wed Aug 26 02:24:59.337272 2026] [socache_shmcb:debug] [pid 2220780:tid 2220780] mod_socache_shmcb.c(765): AH00843: we now have 46 socache entries
[Wed Aug 26 02:24:59.337274 2026] [socache_shmcb:debug] [pid 2220780:tid 2220780] mod_socache_shmcb.c(860): AH00847: insert happened at idx=57, data=(309:341)
[Wed Aug 26 02:24:59.337276 2026] [socache_shmcb:debug] [pid 2220780:tid 2220780] mod_socache_shmcb.c(863): AH00848: finished insert, subcache: idx_pos/idx_used=11/47, data_pos/data_used=4051/10338
[Wed Aug 26 02:24:59.337289 2026] [socache_shmcb:debug] [pid 2220780:tid 2220780] mod_socache_shmcb.c(530): AH00834: leaving socache_shmcb_store successfully
[Wed Aug 26 02:24:59.337342 2026] [socache_shmcb:debug] [pid 2220780:tid 2220780] mod_socache_shmcb.c(508): AH00831: socache_shmcb_store (0xfd -> subcache 29)
[Wed Aug 26 02:24:59.337347 2026] [socache_shmcb:debug] [pid 2220780:tid 2220780] mod_socache_shmcb.c(745): AH00842: expiring 1 and reclaiming 0 removed socache entries
[Wed Aug 26 02:24:59.337349 2026] [socache_shmcb:debug] [pid 2220780:tid 2220780] mod_socache_shmcb.c(765): AH00843: we now have 34 socache entries
[Wed Aug 26 02:24:59.337351 2026] [socache_shmcb:debug] [pid 2220780:tid 2220780] mod_socache_shmcb.c(860): AH00847: insert happened at idx=60, data=(1212:1244)
[Wed Aug 26 02:24:59.337352 2026] [socache_shmcb:debug] [pid 2220780:tid 2220780] mod_socache_shmcb.c(863): AH00848: finished insert, subcache: idx_pos/idx_used=26/35, data_pos/data_used=7477/7815
[Wed Aug 26 02:24:59.337354 2026] [socache_shmcb:debug] [pid 2220780:tid 2220780] mod_socache_shmcb.c(530): AH00834: leaving socache_shmcb_store successfully
[Wed Aug 26 02:24:59.337528 2026] [ssl:debug] [pid 2220780:tid 2220780] ssl_engine_kernel.c(254): [client 52.200.54.136:50410] AH02034: Initial (No.1) HTTPS request received for child 8 (server www.ytps.ilc.edu.tw:443)
[Wed Aug 26 02:24:59.337728 2026] [authz_core:debug] [pid 2220780:tid 2220780] mod_authz_core.c(815): [client 52.200.54.136:50410] AH01626: authorization result of Require all granted: granted
[Wed Aug 26 02:24:59.337733 2026] [authz_core:debug] [pid 2220780:tid 2220780] mod_authz_core.c(815): [client 52.200.54.136:50410] AH01626: authorization result of : granted
[Wed Aug 26 02:24:59.337879 2026] [authz_core:debug] [pid 2220780:tid 2220780] mod_authz_core.c(815): [client 52.200.54.136:50410] AH01626: authorization result of Require all granted: granted
[Wed Aug 26 02:24:59.337883 2026] [authz_core:debug] [pid 2220780:tid 2220780] mod_authz_core.c(815): [client 52.200.54.136:50410] AH01626: authorization result of : granted
[Wed Aug 26 02:24:59.427854 2026] [ssl:debug] [pid 2220656:tid 2220656] ssl_engine_io.c(1150): [client 34.56.53.225:24065] AH02001: Connection closed to child 19 with standard shutdown (server 2blog.ilc.edu.tw:443)
[Wed Aug 26 02:24:59.494570 2026] [ssl:debug] [pid 2220708:tid 2220708] ssl_engine_io.c(1150): [client 52.3.155.146:57254] AH02001: Connection closed to child 14 with standard shutdown (server 2blog.ilc.edu.tw:443)
[Wed Aug 26 02:24:59.570287 2026] [deflate:debug] [pid 2220780:tid 2220780] mod_deflate.c(909): [client 52.200.54.136:50410] AH01384: Zlib: Compressed 2829 to 1262 : URL /index.php
[Wed Aug 26 02:24:59.570495 2026] [ssl:debug] [pid 2220780:tid 2220780] ssl_engine_io.c(1150): [client 52.200.54.136:50410] AH02001: Connection closed to child 8 with standard shutdown (server www.ytps.ilc.edu.tw:443)
[Wed Aug 26 02:24:59.771763 2026] [ssl:info] [pid 2220651:tid 2220651] [client 34.123.149.87:8705] AH01964: Connection to child 5 established (server 2blog.ilc.edu.tw:443)
[Wed Aug 26 02:24:59.771989 2026] [ssl:debug] [pid 2220651:tid 2220651] ssl_engine_kernel.c(2222): [client 34.123.149.87:8705] AH02043: SSL virtual host for servername 2blog.ilc.edu.tw found
[Wed Aug 26 02:24:59.772061 2026] [core:debug] [pid 2220651:tid 2220651] protocol.c(2460): [client 34.123.149.87:8705] AH03155: select protocol from , choices=http/1.1 for server 2blog.ilc.edu.tw
[Wed Aug 26 02:24:59.780922 2026] [ssl:debug] [pid 2220856:tid 2220856] ssl_engine_io.c(1150): [client 50.44.37.1:46848] AH02001: Connection closed to child 10 with standard shutdown (server www.utaes.ilc.edu.tw:443)
[Wed Aug 26 02:24:59.946900 2026] [ssl:debug] [pid 2220651:tid 2220651] ssl_engine_kernel.c(2082): [client 34.123.149.87:8705] AH02041: Protocol: TLSv1.3, Cipher: TLS_AES_256_GCM_SHA384 (256/256 bits)
[Wed Aug 26 02:24:59.946969 2026] [socache_shmcb:debug] [pid 2220651:tid 2220651] mod_socache_shmcb.c(508): AH00831: socache_shmcb_store (0x7f -> subcache 31)
[Wed Aug 26 02:24:59.946988 2026] [socache_shmcb:debug] [pid 2220651:tid 2220651] mod_socache_shmcb.c(860): AH00847: insert happened at idx=36, data=(9686:9718)
[Wed Aug 26 02:24:59.946990 2026] [socache_shmcb:debug] [pid 2220651:tid 2220651] mod_socache_shmcb.c(863): AH00848: finished insert, subcache: idx_pos/idx_used=5/32, data_pos/data_used=2761/7151
[Wed Aug 26 02:24:59.947026 2026] [socache_shmcb:debug] [pid 2220651:tid 2220651] mod_socache_shmcb.c(530): AH00834: leaving socache_shmcb_store successfully
[Wed Aug 26 02:24:59.947128 2026] [socache_shmcb:debug] [pid 2220651:tid 2220651] mod_socache_shmcb.c(508): AH00831: socache_shmcb_store (0xd9 -> subcache 25)
[Wed Aug 26 02:24:59.947133 2026] [socache_shmcb:debug] [pid 2220651:tid 2220651] mod_socache_shmcb.c(745): AH00842: expiring 1 and reclaiming 0 removed socache entries
[Wed Aug 26 02:24:59.947135 2026] [socache_shmcb:debug] [pid 2220651:tid 2220651] mod_socache_shmcb.c(765): AH00843: we now have 29 socache entries
[Wed Aug 26 02:24:59.947138 2026] [socache_shmcb:debug] [pid 2220651:tid 2220651] mod_socache_shmcb.c(860): AH00847: insert happened at idx=71, data=(3576:3608)
[Wed Aug 26 02:24:59.947140 2026] [socache_shmcb:debug] [pid 2220651:tid 2220651] mod_socache_shmcb.c(863): AH00848: finished insert, subcache: idx_pos/idx_used=42/30, data_pos/data_used=10991/6674
[Wed Aug 26 02:24:59.947141 2026] [socache_shmcb:debug] [pid 2220651:tid 2220651] mod_socache_shmcb.c(530): AH00834: leaving socache_shmcb_store successfully
[Wed Aug 26 02:24:59.972876 2026] [ssl:debug] [pid 2220651:tid 2220651] ssl_engine_kernel.c(254): [client 34.123.149.87:8705] AH02034: Initial (No.1) HTTPS request received for child 5 (server 2blog.ilc.edu.tw:443)
[Wed Aug 26 02:24:59.973163 2026] [authz_core:debug] [pid 2220651:tid 2220651] mod_authz_core.c(815): [client 34.123.149.87:8705] AH01626: authorization result of Require all granted: granted
[Wed Aug 26 02:24:59.973169 2026] [authz_core:debug] [pid 2220651:tid 2220651] mod_authz_core.c(815): [client 34.123.149.87:8705] AH01626: authorization result of : granted
[Wed Aug 26 02:24:59.973323 2026] [authz_core:debug] [pid 2220651:tid 2220651] mod_authz_core.c(815): [client 34.123.149.87:8705] AH01626: authorization result of Require all granted: granted
[Wed Aug 26 02:24:59.973327 2026] [authz_core:debug] [pid 2220651:tid 2220651] mod_authz_core.c(815): [client 34.123.149.87:8705] AH01626: authorization result of : granted
[Wed Aug 26 02:25:00.150898 2026] [deflate:debug] [pid 2220651:tid 2220651] mod_deflate.c(909): [client 34.123.149.87:8705] AH01384: Zlib: Compressed 58786 to 11820 : URL /index.php
[Wed Aug 26 02:25:00.180592 2026] [headers:debug] [pid 2220757:tid 2220757] mod_headers.c(900): AH01503: headers: ap_headers_error_filter()
[Wed Aug 26 02:25:00.360976 2026] [headers:debug] [pid 2220637:tid 2220637] mod_headers.c(900): AH01503: headers: ap_headers_error_filter()
[Wed Aug 26 02:25:00.367169 2026] [headers:debug] [pid 2220833:tid 2220833] mod_headers.c(900): AH01503: headers: ap_headers_error_filter()
[Wed Aug 26 02:25:00.368039 2026] [headers:debug] [pid 2220709:tid 2220709] mod_headers.c(900): AH01503: headers: ap_headers_error_filter()
[Wed Aug 26 02:25:00.369866 2026] [headers:debug] [pid 2220863:tid 2220863] mod_headers.c(900): AH01503: headers: ap_headers_error_filter()
[Wed Aug 26 02:25:00.381203 2026] [headers:debug] [pid 2220862:tid 2220862] mod_headers.c(900): AH01503: headers: ap_headers_error_filter()
[Wed Aug 26 02:25:00.411298 2026] [headers:debug] [pid 2220855:tid 2220855] mod_headers.c(900): AH01503: headers: ap_headers_error_filter()
[Wed Aug 26 02:25:00.413901 2026] [headers:debug] [pid 2220832:tid 2220832] mod_headers.c(900): AH01503: headers: ap_headers_error_filter()
[Wed Aug 26 02:25:00.425961 2026] [headers:debug] [pid 2220656:tid 2220656] mod_headers.c(900): AH01503: headers: ap_headers_error_filter()
[Wed Aug 26 02:25:00.454314 2026] [headers:debug] [pid 2220708:tid 2220708] mod_headers.c(900): AH01503: headers: ap_headers_error_filter()
[Wed Aug 26 02:25:00.456611 2026] [headers:debug] [pid 2220856:tid 2220856] mod_headers.c(900): AH01503: headers: ap_headers_error_filter()
[Wed Aug 26 02:25:00.478897 2026] [headers:debug] [pid 2220780:tid 2220780] mod_headers.c(900): AH01503: headers: ap_headers_error_filter()
[Wed Aug 26 02:25:00.499198 2026] [ssl:info] [pid 2220757:tid 2220757] [client 140.111.67.10:40874] AH01964: Connection to child 7 established (server 2blog.ilc.edu.tw:443)
[Wed Aug 26 02:25:00.499381 2026] [ssl:info] [pid 2220757:tid 2220757] (70014)End of file found: [client 140.111.67.10:40874] AH02006: SSL handshake stopped: connection was closed
[Wed Aug 26 02:25:00.499393 2026] [ssl:info] [pid 2220757:tid 2220757] [client 140.111.67.10:40874] AH01998: Connection closed to child 7 with abortive shutdown (server 2blog.ilc.edu.tw:443)
[Wed Aug 26 02:25:00.515282 2026] [watchdog:debug] [pid 2220865:tid 2220865] mod_watchdog.c(559): AH02980: Watchdog: nothing configured?
[Wed Aug 26 02:25:00.522314 2026] [headers:debug] [pid 2220757:tid 2220757] mod_headers.c(900): AH01503: headers: ap_headers_error_filter()
[Wed Aug 26 02:25:00.725907 2026] [headers:debug] [pid 2220863:tid 2220863] mod_headers.c(900): AH01503: headers: ap_headers_error_filter()
[Wed Aug 26 02:25:00.734778 2026] [ssl:debug] [pid 2220721:tid 2220721] ssl_engine_io.c(1150): [client 17.22.245.237:51176] AH02001: Connection closed to child 1 with standard shutdown (server 2blog.ilc.edu.tw:443)
[Wed Aug 26 02:25:01.318045 2026] [ssl:info] [pid 2220637:tid 2220637] [client 137.184.79.59:58392] AH01964: Connection to child 2 established (server 2blog.ilc.edu.tw:443)
[Wed Aug 26 02:25:01.318322 2026] [ssl:debug] [pid 2220637:tid 2220637] ssl_engine_kernel.c(2222): [client 137.184.79.59:58392] AH02043: SSL virtual host for servername 2blog.ilc.edu.tw found
[Wed Aug 26 02:25:01.318421 2026] [ssl:debug] [pid 2220637:tid 2220637] ssl_util_stapling.c(819): AH01951: stapling_cb: OCSP Stapling callback called
[Wed Aug 26 02:25:01.318427 2026] [ssl:info] [pid 2220637:tid 2220637] AH01926: stapling_get_certinfo: stapling not supported for certificate
[Wed Aug 26 02:25:01.332870 2026] [ssl:info] [pid 2220862:tid 2220862] [client 69.55.55.128:37602] AH01964: Connection to child 12 established (server 2blog.ilc.edu.tw:443)
[Wed Aug 26 02:25:01.333309 2026] [ssl:debug] [pid 2220862:tid 2220862] ssl_engine_kernel.c(2222): [client 69.55.55.128:37602] AH02043: SSL virtual host for servername 2blog.ilc.edu.tw found
[Wed Aug 26 02:25:01.333508 2026] [ssl:debug] [pid 2220862:tid 2220862] ssl_util_stapling.c(819): AH01951: stapling_cb: OCSP Stapling callback called
[Wed Aug 26 02:25:01.333517 2026] [ssl:info] [pid 2220862:tid 2220862] AH01926: stapling_get_certinfo: stapling not supported for certificate
[Wed Aug 26 02:25:01.389871 2026] [ssl:info] [pid 2220865:tid 2220865] [client 167.172.154.241:51622] AH01964: Connection to child 6 established (server 2blog.ilc.edu.tw:443)
[Wed Aug 26 02:25:01.390295 2026] [ssl:debug] [pid 2220865:tid 2220865] ssl_engine_kernel.c(2222): [client 167.172.154.241:51622] AH02043: SSL virtual host for servername 2blog.ilc.edu.tw found
[Wed Aug 26 02:25:01.390503 2026] [ssl:debug] [pid 2220865:tid 2220865] ssl_util_stapling.c(819): AH01951: stapling_cb: OCSP Stapling callback called
[Wed Aug 26 02:25:01.390516 2026] [ssl:info] [pid 2220865:tid 2220865] AH01926: stapling_get_certinfo: stapling not supported for certificate
[Wed Aug 26 02:25:01.408418 2026] [ssl:info] [pid 2220709:tid 2220709] [client 67.205.185.25:43360] AH01964: Connection to child 15 established (server 2blog.ilc.edu.tw:443)
[Wed Aug 26 02:25:01.408691 2026] [ssl:debug] [pid 2220709:tid 2220709] ssl_engine_kernel.c(2222): [client 67.205.185.25:43360] AH02043: SSL virtual host for servername 2blog.ilc.edu.tw found
[Wed Aug 26 02:25:01.408842 2026] [ssl:debug] [pid 2220709:tid 2220709] ssl_util_stapling.c(819): AH01951: stapling_cb: OCSP Stapling callback called
[Wed Aug 26 02:25:01.408854 2026] [ssl:info] [pid 2220709:tid 2220709] AH01926: stapling_get_certinfo: stapling not supported for certificate
[Wed Aug 26 02:25:01.411482 2026] [ssl:info] [pid 2220833:tid 2220833] [client 159.223.191.96:32968] AH01964: Connection to child 17 established (server 2blog.ilc.edu.tw:443)
[Wed Aug 26 02:25:01.411707 2026] [ssl:debug] [pid 2220833:tid 2220833] ssl_engine_kernel.c(2222): [client 159.223.191.96:32968] AH02043: SSL virtual host for servername 2blog.ilc.edu.tw found
[Wed Aug 26 02:25:01.411800 2026] [ssl:debug] [pid 2220833:tid 2220833] ssl_util_stapling.c(819): AH01951: stapling_cb: OCSP Stapling callback called
[Wed Aug 26 02:25:01.411806 2026] [ssl:info] [pid 2220833:tid 2220833] AH01926: stapling_get_certinfo: stapling not supported for certificate
[Wed Aug 26 02:25:01.433237 2026] [ssl:info] [pid 2220855:tid 2220855] [client 198.211.107.147:36920] AH01964: Connection to child 9 established (server 2blog.ilc.edu.tw:443)
[Wed Aug 26 02:25:01.433498 2026] [ssl:debug] [pid 2220855:tid 2220855] ssl_engine_kernel.c(2222): [client 198.211.107.147:36920] AH02043: SSL virtual host for servername 2blog.ilc.edu.tw found
[Wed Aug 26 02:25:01.433691 2026] [ssl:debug] [pid 2220855:tid 2220855] ssl_util_stapling.c(819): AH01951: stapling_cb: OCSP Stapling callback called
[Wed Aug 26 02:25:01.433701 2026] [ssl:info] [pid 2220855:tid 2220855] AH01926: stapling_get_certinfo: stapling not supported for certificate
[Wed Aug 26 02:25:01.444356 2026] [ssl:info] [pid 2220832:tid 2220832] [client 161.35.4.162:41854] AH01964: Connection to child 13 established (server 2blog.ilc.edu.tw:443)
[Wed Aug 26 02:25:01.444576 2026] [ssl:debug] [pid 2220832:tid 2220832] ssl_engine_kernel.c(2222): [client 161.35.4.162:41854] AH02043: SSL virtual host for servername 2blog.ilc.edu.tw found
[Wed Aug 26 02:25:01.444686 2026] [ssl:debug] [pid 2220832:tid 2220832] ssl_util_stapling.c(819): AH01951: stapling_cb: OCSP Stapling callback called
[Wed Aug 26 02:25:01.444698 2026] [ssl:info] [pid 2220832:tid 2220832] AH01926: stapling_get_certinfo: stapling not supported for certificate
[Wed Aug 26 02:25:01.572719 2026] [ssl:info] [pid 2220656:tid 2220656] [client 157.230.211.165:50432] AH01964: Connection to child 19 established (server 2blog.ilc.edu.tw:443)
[Wed Aug 26 02:25:01.573045 2026] [ssl:debug] [pid 2220656:tid 2220656] ssl_engine_kernel.c(2222): [client 157.230.211.165:50432] AH02043: SSL virtual host for servername 2blog.ilc.edu.tw found
[Wed Aug 26 02:25:01.573188 2026] [ssl:debug] [pid 2220656:tid 2220656] ssl_util_stapling.c(819): AH01951: stapling_cb: OCSP Stapling callback called
[Wed Aug 26 02:25:01.573198 2026] [ssl:info] [pid 2220656:tid 2220656] AH01926: stapling_get_certinfo: stapling not supported for certificate
[Wed Aug 26 02:25:01.729147 2026] [ssl:debug] [pid 2220860:tid 2220860] ssl_engine_io.c(1150): [client 34.56.53.225:17921] AH02001: Connection closed to child 3 with standard shutdown (server 2blog.ilc.edu.tw:443)
[Wed Aug 26 02:25:01.793655 2026] [ssl:debug] [pid 2220862:tid 2220862] ssl_engine_kernel.c(2082): [client 69.55.55.128:37602] AH02041: Protocol: TLSv1.3, Cipher: TLS_AES_256_GCM_SHA384 (256/256 bits)
[Wed Aug 26 02:25:01.793748 2026] [socache_shmcb:debug] [pid 2220862:tid 2220862] mod_socache_shmcb.c(508): AH00831: socache_shmcb_store (0xe0 -> subcache 0)
[Wed Aug 26 02:25:01.793760 2026] [socache_shmcb:debug] [pid 2220862:tid 2220862] mod_socache_shmcb.c(745): AH00842: expiring 1 and reclaiming 0 removed socache entries
[Wed Aug 26 02:25:01.793764 2026] [socache_shmcb:debug] [pid 2220862:tid 2220862] mod_socache_shmcb.c(765): AH00843: we now have 34 socache entries
[Wed Aug 26 02:25:01.793768 2026] [socache_shmcb:debug] [pid 2220862:tid 2220862] mod_socache_shmcb.c(860): AH00847: insert happened at idx=40, data=(2547:2579)
[Wed Aug 26 02:25:01.793770 2026] [socache_shmcb:debug] [pid 2220862:tid 2220862] mod_socache_shmcb.c(863): AH00848: finished insert, subcache: idx_pos/idx_used=6/35, data_pos/data_used=8814/7811
[Wed Aug 26 02:25:01.793773 2026] [socache_shmcb:debug] [pid 2220862:tid 2220862] mod_socache_shmcb.c(530): AH00834: leaving socache_shmcb_store successfully
[Wed Aug 26 02:25:01.793880 2026] [socache_shmcb:debug] [pid 2220862:tid 2220862] mod_socache_shmcb.c(508): AH00831: socache_shmcb_store (0x51 -> subcache 17)
[Wed Aug 26 02:25:01.793901 2026] [socache_shmcb:debug] [pid 2220862:tid 2220862] mod_socache_shmcb.c(745): AH00842: expiring 4 and reclaiming 0 removed socache entries
[Wed Aug 26 02:25:01.793904 2026] [socache_shmcb:debug] [pid 2220862:tid 2220862] mod_socache_shmcb.c(765): AH00843: we now have 27 socache entries
[Wed Aug 26 02:25:01.793907 2026] [socache_shmcb:debug] [pid 2220862:tid 2220862] mod_socache_shmcb.c(860): AH00847: insert happened at idx=6, data=(8844:8876)
[Wed Aug 26 02:25:01.793909 2026] [socache_shmcb:debug] [pid 2220862:tid 2220862] mod_socache_shmcb.c(863): AH00848: finished insert, subcache: idx_pos/idx_used=67/28, data_pos/data_used=2907/6151
[Wed Aug 26 02:25:01.793912 2026] [socache_shmcb:debug] [pid 2220862:tid 2220862] mod_socache_shmcb.c(530): AH00834: leaving socache_shmcb_store successfully
[Wed Aug 26 02:25:01.794067 2026] [ssl:debug] [pid 2220862:tid 2220862] ssl_engine_kernel.c(254): [client 69.55.55.128:37602] AH02034: Initial (No.1) HTTPS request received for child 12 (server 2blog.ilc.edu.tw:443), referer: http://blog.ilc.edu.tw/
[Wed Aug 26 02:25:01.794374 2026] [authz_core:debug] [pid 2220862:tid 2220862] mod_authz_core.c(815): [client 69.55.55.128:37602] AH01626: authorization result of Require all granted: granted, referer: http://blog.ilc.edu.tw/
[Wed Aug 26 02:25:01.794387 2026] [authz_core:debug] [pid 2220862:tid 2220862] mod_authz_core.c(815): [client 69.55.55.128:37602] AH01626: authorization result of : granted, referer: http://blog.ilc.edu.tw/
[Wed Aug 26 02:25:01.794616 2026] [authz_core:debug] [pid 2220862:tid 2220862] mod_authz_core.c(815): [client 69.55.55.128:37602] AH01626: authorization result of Require all granted: granted, referer: http://blog.ilc.edu.tw/
[Wed Aug 26 02:25:01.794623 2026] [authz_core:debug] [pid 2220862:tid 2220862] mod_authz_core.c(815): [client 69.55.55.128:37602] AH01626: authorization result of : granted, referer: http://blog.ilc.edu.tw/
[Wed Aug 26 02:25:01.814171 2026] [ssl:debug] [pid 2220637:tid 2220637] ssl_engine_kernel.c(2082): [client 137.184.79.59:58392] AH02041: Protocol: TLSv1.3, Cipher: TLS_AES_256_GCM_SHA384 (256/256 bits)
[Wed Aug 26 02:25:01.814242 2026] [socache_shmcb:debug] [pid 2220637:tid 2220637] mod_socache_shmcb.c(508): AH00831: socache_shmcb_store (0x25 -> subcache 5)
[Wed Aug 26 02:25:01.814250 2026] [socache_shmcb:debug] [pid 2220637:tid 2220637] mod_socache_shmcb.c(745): AH00842: expiring 1 and reclaiming 0 removed socache entries
[Wed Aug 26 02:25:01.814253 2026] [socache_shmcb:debug] [pid 2220637:tid 2220637] mod_socache_shmcb.c(765): AH00843: we now have 37 socache entries
[Wed Aug 26 02:25:01.814255 2026] [socache_shmcb:debug] [pid 2220637:tid 2220637] mod_socache_shmcb.c(860): AH00847: insert happened at idx=81, data=(5683:5715)
[Wed Aug 26 02:25:01.814257 2026] [socache_shmcb:debug] [pid 2220637:tid 2220637] mod_socache_shmcb.c(863): AH00848: finished insert, subcache: idx_pos/idx_used=44/38, data_pos/data_used=11268/8492
[Wed Aug 26 02:25:01.814259 2026] [socache_shmcb:debug] [pid 2220637:tid 2220637] mod_socache_shmcb.c(530): AH00834: leaving socache_shmcb_store successfully
[Wed Aug 26 02:25:01.814354 2026] [socache_shmcb:debug] [pid 2220637:tid 2220637] mod_socache_shmcb.c(508): AH00831: socache_shmcb_store (0x60 -> subcache 0)
[Wed Aug 26 02:25:01.814362 2026] [socache_shmcb:debug] [pid 2220637:tid 2220637] mod_socache_shmcb.c(860): AH00847: insert happened at idx=41, data=(2761:2793)
[Wed Aug 26 02:25:01.814364 2026] [socache_shmcb:debug] [pid 2220637:tid 2220637] mod_socache_shmcb.c(863): AH00848: finished insert, subcache: idx_pos/idx_used=6/36, data_pos/data_used=8814/8024
[Wed Aug 26 02:25:01.814367 2026] [socache_shmcb:debug] [pid 2220637:tid 2220637] mod_socache_shmcb.c(530): AH00834: leaving socache_shmcb_store successfully
[Wed Aug 26 02:25:01.814543 2026] [ssl:debug] [pid 2220637:tid 2220637] ssl_engine_kernel.c(254): [client 137.184.79.59:58392] AH02034: Initial (No.1) HTTPS request received for child 2 (server 2blog.ilc.edu.tw:443), referer: http://blog.ilc.edu.tw/
[Wed Aug 26 02:25:01.814790 2026] [authz_core:debug] [pid 2220637:tid 2220637] mod_authz_core.c(815): [client 137.184.79.59:58392] AH01626: authorization result of Require all granted: granted, referer: http://blog.ilc.edu.tw/
[Wed Aug 26 02:25:01.814797 2026] [authz_core:debug] [pid 2220637:tid 2220637] mod_authz_core.c(815): [client 137.184.79.59:58392] AH01626: authorization result of : granted, referer: http://blog.ilc.edu.tw/
[Wed Aug 26 02:25:01.814997 2026] [authz_core:debug] [pid 2220637:tid 2220637] mod_authz_core.c(815): [client 137.184.79.59:58392] AH01626: authorization result of Require all granted: granted, referer: http://blog.ilc.edu.tw/
[Wed Aug 26 02:25:01.815004 2026] [authz_core:debug] [pid 2220637:tid 2220637] mod_authz_core.c(815): [client 137.184.79.59:58392] AH01626: authorization result of : granted, referer: http://blog.ilc.edu.tw/
[Wed Aug 26 02:25:01.854351 2026] [ssl:debug] [pid 2220865:tid 2220865] ssl_engine_kernel.c(2082): [client 167.172.154.241:51622] AH02041: Protocol: TLSv1.3, Cipher: TLS_AES_256_GCM_SHA384 (256/256 bits)
[Wed Aug 26 02:25:01.854460 2026] [socache_shmcb:debug] [pid 2220865:tid 2220865] mod_socache_shmcb.c(508): AH00831: socache_shmcb_store (0xc6 -> subcache 6)
[Wed Aug 26 02:25:01.854477 2026] [socache_shmcb:debug] [pid 2220865:tid 2220865] mod_socache_shmcb.c(745): AH00842: expiring 1 and reclaiming 0 removed socache entries
[Wed Aug 26 02:25:01.854481 2026] [socache_shmcb:debug] [pid 2220865:tid 2220865] mod_socache_shmcb.c(765): AH00843: we now have 22 socache entries
[Wed Aug 26 02:25:01.854484 2026] [socache_shmcb:debug] [pid 2220865:tid 2220865] mod_socache_shmcb.c(860): AH00847: insert happened at idx=6, data=(8642:8674)
[Wed Aug 26 02:25:01.854487 2026] [socache_shmcb:debug] [pid 2220865:tid 2220865] mod_socache_shmcb.c(863): AH00848: finished insert, subcache: idx_pos/idx_used=72/23, data_pos/data_used=3790/5065
[Wed Aug 26 02:25:01.854490 2026] [socache_shmcb:debug] [pid 2220865:tid 2220865] mod_socache_shmcb.c(530): AH00834: leaving socache_shmcb_store successfully
[Wed Aug 26 02:25:01.854600 2026] [socache_shmcb:debug] [pid 2220865:tid 2220865] mod_socache_shmcb.c(508): AH00831: socache_shmcb_store (0x91 -> subcache 17)
[Wed Aug 26 02:25:01.854614 2026] [socache_shmcb:debug] [pid 2220865:tid 2220865] mod_socache_shmcb.c(860): AH00847: insert happened at idx=7, data=(9058:9090)
[Wed Aug 26 02:25:01.854617 2026] [socache_shmcb:debug] [pid 2220865:tid 2220865] mod_socache_shmcb.c(863): AH00848: finished insert, subcache: idx_pos/idx_used=67/29, data_pos/data_used=2907/6365
[Wed Aug 26 02:25:01.854619 2026] [socache_shmcb:debug] [pid 2220865:tid 2220865] mod_socache_shmcb.c(530): AH00834: leaving socache_shmcb_store successfully
[Wed Aug 26 02:25:01.854851 2026] [ssl:debug] [pid 2220865:tid 2220865] ssl_engine_kernel.c(254): [client 167.172.154.241:51622] AH02034: Initial (No.1) HTTPS request received for child 6 (server 2blog.ilc.edu.tw:443), referer: http://blog.ilc.edu.tw/
[Wed Aug 26 02:25:01.855249 2026] [authz_core:debug] [pid 2220865:tid 2220865] mod_authz_core.c(815): [client 167.172.154.241:51622] AH01626: authorization result of Require all granted: granted, referer: http://blog.ilc.edu.tw/
[Wed Aug 26 02:25:01.855263 2026] [authz_core:debug] [pid 2220865:tid 2220865] mod_authz_core.c(815): [client 167.172.154.241:51622] AH01626: authorization result of : granted, referer: http://blog.ilc.edu.tw/
[Wed Aug 26 02:25:01.856121 2026] [authz_core:debug] [pid 2220865:tid 2220865] mod_authz_core.c(815): [client 167.172.154.241:51622] AH01626: authorization result of Require all granted: granted, referer: http://blog.ilc.edu.tw/
[Wed Aug 26 02:25:01.856135 2026] [authz_core:debug] [pid 2220865:tid 2220865] mod_authz_core.c(815): [client 167.172.154.241:51622] AH01626: authorization result of : granted, referer: http://blog.ilc.edu.tw/
[Wed Aug 26 02:25:01.875036 2026] [ssl:debug] [pid 2220709:tid 2220709] ssl_engine_kernel.c(2082): [client 67.205.185.25:43360] AH02041: Protocol: TLSv1.3, Cipher: TLS_AES_256_GCM_SHA384 (256/256 bits)
[Wed Aug 26 02:25:01.875111 2026] [socache_shmcb:debug] [pid 2220709:tid 2220709] mod_socache_shmcb.c(508): AH00831: socache_shmcb_store (0x7c -> subcache 28)
[Wed Aug 26 02:25:01.875120 2026] [socache_shmcb:debug] [pid 2220709:tid 2220709] mod_socache_shmcb.c(745): AH00842: expiring 2 and reclaiming 0 removed socache entries
[Wed Aug 26 02:25:01.875124 2026] [socache_shmcb:debug] [pid 2220709:tid 2220709] mod_socache_shmcb.c(765): AH00843: we now have 40 socache entries
[Wed Aug 26 02:25:01.875126 2026] [socache_shmcb:debug] [pid 2220709:tid 2220709] mod_socache_shmcb.c(860): AH00847: insert happened at idx=74, data=(10051:10083)
[Wed Aug 26 02:25:01.875129 2026] [socache_shmcb:debug] [pid 2220709:tid 2220709] mod_socache_shmcb.c(863): AH00848: finished insert, subcache: idx_pos/idx_used=34/41, data_pos/data_used=1107/9157
[Wed Aug 26 02:25:01.875131 2026] [socache_shmcb:debug] [pid 2220709:tid 2220709] mod_socache_shmcb.c(530): AH00834: leaving socache_shmcb_store successfully
[Wed Aug 26 02:25:01.875217 2026] [socache_shmcb:debug] [pid 2220709:tid 2220709] mod_socache_shmcb.c(508): AH00831: socache_shmcb_store (0x8b -> subcache 11)
[Wed Aug 26 02:25:01.875224 2026] [socache_shmcb:debug] [pid 2220709:tid 2220709] mod_socache_shmcb.c(745): AH00842: expiring 2 and reclaiming 0 removed socache entries
[Wed Aug 26 02:25:01.875226 2026] [socache_shmcb:debug] [pid 2220709:tid 2220709] mod_socache_shmcb.c(765): AH00843: we now have 31 socache entries
[Wed Aug 26 02:25:01.875227 2026] [socache_shmcb:debug] [pid 2220709:tid 2220709] mod_socache_shmcb.c(860): AH00847: insert happened at idx=5, data=(8779:8811)
[Wed Aug 26 02:25:01.875229 2026] [socache_shmcb:debug] [pid 2220709:tid 2220709] mod_socache_shmcb.c(863): AH00848: finished insert, subcache: idx_pos/idx_used=62/32, data_pos/data_used=1898/7095
[Wed Aug 26 02:25:01.875231 2026] [socache_shmcb:debug] [pid 2220709:tid 2220709] mod_socache_shmcb.c(530): AH00834: leaving socache_shmcb_store successfully
[Wed Aug 26 02:25:01.875378 2026] [ssl:debug] [pid 2220709:tid 2220709] ssl_engine_kernel.c(254): [client 67.205.185.25:43360] AH02034: Initial (No.1) HTTPS request received for child 15 (server 2blog.ilc.edu.tw:443), referer: http://blog.ilc.edu.tw/
[Wed Aug 26 02:25:01.875607 2026] [authz_core:debug] [pid 2220709:tid 2220709] mod_authz_core.c(815): [client 67.205.185.25:43360] AH01626: authorization result of Require all granted: granted, referer: http://blog.ilc.edu.tw/
[Wed Aug 26 02:25:01.875619 2026] [authz_core:debug] [pid 2220709:tid 2220709] mod_authz_core.c(815): [client 67.205.185.25:43360] AH01626: authorization result of : granted, referer: http://blog.ilc.edu.tw/
[Wed Aug 26 02:25:01.875840 2026] [authz_core:debug] [pid 2220709:tid 2220709] mod_authz_core.c(815): [client 67.205.185.25:43360] AH01626: authorization result of Require all granted: granted, referer: http://blog.ilc.edu.tw/
[Wed Aug 26 02:25:01.875850 2026] [authz_core:debug] [pid 2220709:tid 2220709] mod_authz_core.c(815): [client 67.205.185.25:43360] AH01626: authorization result of : granted, referer: http://blog.ilc.edu.tw/
[Wed Aug 26 02:25:01.897150 2026] [ssl:debug] [pid 2220855:tid 2220855] ssl_engine_kernel.c(2082): [client 198.211.107.147:36920] AH02041: Protocol: TLSv1.3, Cipher: TLS_AES_256_GCM_SHA384 (256/256 bits)
[Wed Aug 26 02:25:01.897221 2026] [socache_shmcb:debug] [pid 2220855:tid 2220855] mod_socache_shmcb.c(508): AH00831: socache_shmcb_store (0xaa -> subcache 10)
[Wed Aug 26 02:25:01.897242 2026] [socache_shmcb:debug] [pid 2220855:tid 2220855] mod_socache_shmcb.c(745): AH00842: expiring 2 and reclaiming 0 removed socache entries
[Wed Aug 26 02:25:01.897246 2026] [socache_shmcb:debug] [pid 2220855:tid 2220855] mod_socache_shmcb.c(765): AH00843: we now have 32 socache entries
[Wed Aug 26 02:25:01.897250 2026] [socache_shmcb:debug] [pid 2220855:tid 2220855] mod_socache_shmcb.c(860): AH00847: insert happened at idx=36, data=(9965:9997)
[Wed Aug 26 02:25:01.897253 2026] [socache_shmcb:debug] [pid 2220855:tid 2220855] mod_socache_shmcb.c(863): AH00848: finished insert, subcache: idx_pos/idx_used=4/33, data_pos/data_used=2787/7392
[Wed Aug 26 02:25:01.897271 2026] [socache_shmcb:debug] [pid 2220855:tid 2220855] mod_socache_shmcb.c(530): AH00834: leaving socache_shmcb_store successfully
[Wed Aug 26 02:25:01.897351 2026] [socache_shmcb:debug] [pid 2220855:tid 2220855] mod_socache_shmcb.c(508): AH00831: socache_shmcb_store (0x08 -> subcache 8)
[Wed Aug 26 02:25:01.897362 2026] [socache_shmcb:debug] [pid 2220855:tid 2220855] mod_socache_shmcb.c(745): AH00842: expiring 1 and reclaiming 0 removed socache entries
[Wed Aug 26 02:25:01.897365 2026] [socache_shmcb:debug] [pid 2220855:tid 2220855] mod_socache_shmcb.c(765): AH00843: we now have 37 socache entries
[Wed Aug 26 02:25:01.897368 2026] [socache_shmcb:debug] [pid 2220855:tid 2220855] mod_socache_shmcb.c(860): AH00847: insert happened at idx=58, data=(952:984)
[Wed Aug 26 02:25:01.897372 2026] [socache_shmcb:debug] [pid 2220855:tid 2220855] mod_socache_shmcb.c(863): AH00848: finished insert, subcache: idx_pos/idx_used=21/38, data_pos/data_used=6609/8421
[Wed Aug 26 02:25:01.897374 2026] [socache_shmcb:debug] [pid 2220855:tid 2220855] mod_socache_shmcb.c(530): AH00834: leaving socache_shmcb_store successfully
[Wed Aug 26 02:25:01.897531 2026] [ssl:debug] [pid 2220855:tid 2220855] ssl_engine_kernel.c(254): [client 198.211.107.147:36920] AH02034: Initial (No.1) HTTPS request received for child 9 (server 2blog.ilc.edu.tw:443), referer: http://blog.ilc.edu.tw/
[Wed Aug 26 02:25:01.897747 2026] [authz_core:debug] [pid 2220855:tid 2220855] mod_authz_core.c(815): [client 198.211.107.147:36920] AH01626: authorization result of Require all granted: granted, referer: http://blog.ilc.edu.tw/
[Wed Aug 26 02:25:01.897755 2026] [authz_core:debug] [pid 2220855:tid 2220855] mod_authz_core.c(815): [client 198.211.107.147:36920] AH01626: authorization result of : granted, referer: http://blog.ilc.edu.tw/
[Wed Aug 26 02:25:01.897942 2026] [authz_core:debug] [pid 2220855:tid 2220855] mod_authz_core.c(815): [client 198.211.107.147:36920] AH01626: authorization result of Require all granted: granted, referer: http://blog.ilc.edu.tw/
[Wed Aug 26 02:25:01.897950 2026] [authz_core:debug] [pid 2220855:tid 2220855] mod_authz_core.c(815): [client 198.211.107.147:36920] AH01626: authorization result of : granted, referer: http://blog.ilc.edu.tw/
[Wed Aug 26 02:25:01.900683 2026] [ssl:debug] [pid 2220832:tid 2220832] ssl_engine_kernel.c(2082): [client 161.35.4.162:41854] AH02041: Protocol: TLSv1.3, Cipher: TLS_AES_256_GCM_SHA384 (256/256 bits)
[Wed Aug 26 02:25:01.900758 2026] [socache_shmcb:debug] [pid 2220832:tid 2220832] mod_socache_shmcb.c(508): AH00831: socache_shmcb_store (0x68 -> subcache 8)
[Wed Aug 26 02:25:01.900781 2026] [socache_shmcb:debug] [pid 2220832:tid 2220832] mod_socache_shmcb.c(860): AH00847: insert happened at idx=59, data=(1166:1198)
[Wed Aug 26 02:25:01.900785 2026] [socache_shmcb:debug] [pid 2220832:tid 2220832] mod_socache_shmcb.c(863): AH00848: finished insert, subcache: idx_pos/idx_used=21/39, data_pos/data_used=6609/8635
[Wed Aug 26 02:25:01.900788 2026] [socache_shmcb:debug] [pid 2220832:tid 2220832] mod_socache_shmcb.c(530): AH00834: leaving socache_shmcb_store successfully
[Wed Aug 26 02:25:01.900876 2026] [socache_shmcb:debug] [pid 2220832:tid 2220832] mod_socache_shmcb.c(508): AH00831: socache_shmcb_store (0xc0 -> subcache 0)
[Wed Aug 26 02:25:01.900884 2026] [socache_shmcb:debug] [pid 2220832:tid 2220832] mod_socache_shmcb.c(860): AH00847: insert happened at idx=42, data=(2974:3006)
[Wed Aug 26 02:25:01.900887 2026] [socache_shmcb:debug] [pid 2220832:tid 2220832] mod_socache_shmcb.c(863): AH00848: finished insert, subcache: idx_pos/idx_used=6/37, data_pos/data_used=8814/8237
[Wed Aug 26 02:25:01.900890 2026] [socache_shmcb:debug] [pid 2220832:tid 2220832] mod_socache_shmcb.c(530): AH00834: leaving socache_shmcb_store successfully
[Wed Aug 26 02:25:01.901119 2026] [ssl:debug] [pid 2220832:tid 2220832] ssl_engine_kernel.c(254): [client 161.35.4.162:41854] AH02034: Initial (No.1) HTTPS request received for child 13 (server 2blog.ilc.edu.tw:443), referer: http://blog.ilc.edu.tw/
[Wed Aug 26 02:25:01.901356 2026] [authz_core:debug] [pid 2220832:tid 2220832] mod_authz_core.c(815): [client 161.35.4.162:41854] AH01626: authorization result of Require all granted: granted, referer: http://blog.ilc.edu.tw/
[Wed Aug 26 02:25:01.901364 2026] [authz_core:debug] [pid 2220832:tid 2220832] mod_authz_core.c(815): [client 161.35.4.162:41854] AH01626: authorization result of : granted, referer: http://blog.ilc.edu.tw/
[Wed Aug 26 02:25:01.901592 2026] [authz_core:debug] [pid 2220832:tid 2220832] mod_authz_core.c(815): [client 161.35.4.162:41854] AH01626: authorization result of Require all granted: granted, referer: http://blog.ilc.edu.tw/
[Wed Aug 26 02:25:01.901601 2026] [authz_core:debug] [pid 2220832:tid 2220832] mod_authz_core.c(815): [client 161.35.4.162:41854] AH01626: authorization result of : granted, referer: http://blog.ilc.edu.tw/
[Wed Aug 26 02:25:01.904469 2026] [ssl:debug] [pid 2220833:tid 2220833] ssl_engine_kernel.c(2082): [client 159.223.191.96:32968] AH02041: Protocol: TLSv1.3, Cipher: TLS_AES_256_GCM_SHA384 (256/256 bits)
[Wed Aug 26 02:25:01.904546 2026] [socache_shmcb:debug] [pid 2220833:tid 2220833] mod_socache_shmcb.c(508): AH00831: socache_shmcb_store (0x9b -> subcache 27)
[Wed Aug 26 02:25:01.904566 2026] [socache_shmcb:debug] [pid 2220833:tid 2220833] mod_socache_shmcb.c(745): AH00842: expiring 1 and reclaiming 0 removed socache entries
[Wed Aug 26 02:25:01.904571 2026] [socache_shmcb:debug] [pid 2220833:tid 2220833] mod_socache_shmcb.c(765): AH00843: we now have 40 socache entries
[Wed Aug 26 02:25:01.904575 2026] [socache_shmcb:debug] [pid 2220833:tid 2220833] mod_socache_shmcb.c(860): AH00847: insert happened at idx=56, data=(6201:6233)
[Wed Aug 26 02:25:01.904578 2026] [socache_shmcb:debug] [pid 2220833:tid 2220833] mod_socache_shmcb.c(863): AH00848: finished insert, subcache: idx_pos/idx_used=16/41, data_pos/data_used=11098/9181
[Wed Aug 26 02:25:01.904582 2026] [socache_shmcb:debug] [pid 2220833:tid 2220833] mod_socache_shmcb.c(530): AH00834: leaving socache_shmcb_store successfully
[Wed Aug 26 02:25:01.904677 2026] [socache_shmcb:debug] [pid 2220833:tid 2220833] mod_socache_shmcb.c(508): AH00831: socache_shmcb_store (0xb4 -> subcache 20)
[Wed Aug 26 02:25:01.904685 2026] [socache_shmcb:debug] [pid 2220833:tid 2220833] mod_socache_shmcb.c(745): AH00842: expiring 1 and reclaiming 0 removed socache entries
[Wed Aug 26 02:25:01.904688 2026] [socache_shmcb:debug] [pid 2220833:tid 2220833] mod_socache_shmcb.c(765): AH00843: we now have 29 socache entries
[Wed Aug 26 02:25:01.904691 2026] [socache_shmcb:debug] [pid 2220833:tid 2220833] mod_socache_shmcb.c(860): AH00847: insert happened at idx=16, data=(11435:11467)
[Wed Aug 26 02:25:01.904694 2026] [socache_shmcb:debug] [pid 2220833:tid 2220833] mod_socache_shmcb.c(863): AH00848: finished insert, subcache: idx_pos/idx_used=75/30, data_pos/data_used=4999/6649
[Wed Aug 26 02:25:01.904697 2026] [socache_shmcb:debug] [pid 2220833:tid 2220833] mod_socache_shmcb.c(530): AH00834: leaving socache_shmcb_store successfully
[Wed Aug 26 02:25:01.904865 2026] [ssl:debug] [pid 2220833:tid 2220833] ssl_engine_kernel.c(254): [client 159.223.191.96:32968] AH02034: Initial (No.1) HTTPS request received for child 17 (server 2blog.ilc.edu.tw:443), referer: http://blog.ilc.edu.tw/
[Wed Aug 26 02:25:01.905124 2026] [authz_core:debug] [pid 2220833:tid 2220833] mod_authz_core.c(815): [client 159.223.191.96:32968] AH01626: authorization result of Require all granted: granted, referer: http://blog.ilc.edu.tw/
[Wed Aug 26 02:25:01.905134 2026] [authz_core:debug] [pid 2220833:tid 2220833] mod_authz_core.c(815): [client 159.223.191.96:32968] AH01626: authorization result of : granted, referer: http://blog.ilc.edu.tw/
[Wed Aug 26 02:25:01.905365 2026] [authz_core:debug] [pid 2220833:tid 2220833] mod_authz_core.c(815): [client 159.223.191.96:32968] AH01626: authorization result of Require all granted: granted, referer: http://blog.ilc.edu.tw/
[Wed Aug 26 02:25:01.905383 2026] [authz_core:debug] [pid 2220833:tid 2220833] mod_authz_core.c(815): [client 159.223.191.96:32968] AH01626: authorization result of : granted, referer: http://blog.ilc.edu.tw/
[Wed Aug 26 02:25:01.941114 2026] [ssl:debug] [pid 2220836:tid 2220836] ssl_engine_io.c(1150): [client 34.171.68.95:13313] AH02001: Connection closed to child 18 with standard shutdown (server 2blog.ilc.edu.tw:443)
[Wed Aug 26 02:25:01.948739 2026] [ssl:debug] [pid 2220862:tid 2220862] ssl_engine_io.c(1150): [client 69.55.55.128:37602] AH02001: Connection closed to child 12 with standard shutdown (server 2blog.ilc.edu.tw:443)
[Wed Aug 26 02:25:01.964008 2026] [ssl:debug] [pid 2220637:tid 2220637] ssl_engine_io.c(1150): [client 137.184.79.59:58392] AH02001: Connection closed to child 2 with standard shutdown (server 2blog.ilc.edu.tw:443)
[Wed Aug 26 02:25:02.008309 2026] [ssl:debug] [pid 2220709:tid 2220709] ssl_engine_io.c(1150): [client 67.205.185.25:43360] AH02001: Connection closed to child 15 with standard shutdown (server 2blog.ilc.edu.tw:443)
[Wed Aug 26 02:25:02.033525 2026] [ssl:debug] [pid 2220832:tid 2220832] ssl_engine_io.c(1150): [client 161.35.4.162:41854] AH02001: Connection closed to child 13 with standard shutdown (server 2blog.ilc.edu.tw:443)
[Wed Aug 26 02:25:02.036110 2026] [ssl:debug] [pid 2220833:tid 2220833] ssl_engine_io.c(1150): [client 159.223.191.96:32968] AH02001: Connection closed to child 17 with standard shutdown (server 2blog.ilc.edu.tw:443)
[Wed Aug 26 02:25:02.041807 2026] [ssl:debug] [pid 2220656:tid 2220656] ssl_engine_kernel.c(2082): [client 157.230.211.165:50432] AH02041: Protocol: TLSv1.3, Cipher: TLS_AES_256_GCM_SHA384 (256/256 bits)
[Wed Aug 26 02:25:02.041903 2026] [socache_shmcb:debug] [pid 2220656:tid 2220656] mod_socache_shmcb.c(508): AH00831: socache_shmcb_store (0x91 -> subcache 17)
[Wed Aug 26 02:25:02.041913 2026] [socache_shmcb:debug] [pid 2220656:tid 2220656] mod_socache_shmcb.c(860): AH00847: insert happened at idx=8, data=(9272:9304)
[Wed Aug 26 02:25:02.041917 2026] [socache_shmcb:debug] [pid 2220656:tid 2220656] mod_socache_shmcb.c(863): AH00848: finished insert, subcache: idx_pos/idx_used=67/30, data_pos/data_used=2907/6578
[Wed Aug 26 02:25:02.041920 2026] [socache_shmcb:debug] [pid 2220656:tid 2220656] mod_socache_shmcb.c(530): AH00834: leaving socache_shmcb_store successfully
[Wed Aug 26 02:25:02.042014 2026] [socache_shmcb:debug] [pid 2220656:tid 2220656] mod_socache_shmcb.c(508): AH00831: socache_shmcb_store (0xda -> subcache 26)
[Wed Aug 26 02:25:02.042023 2026] [socache_shmcb:debug] [pid 2220656:tid 2220656] mod_socache_shmcb.c(860): AH00847: insert happened at idx=68, data=(8604:8636)
[Wed Aug 26 02:25:02.042026 2026] [socache_shmcb:debug] [pid 2220656:tid 2220656] mod_socache_shmcb.c(863): AH00848: finished insert, subcache: idx_pos/idx_used=37/32, data_pos/data_used=1724/7094
[Wed Aug 26 02:25:02.042029 2026] [socache_shmcb:debug] [pid 2220656:tid 2220656] mod_socache_shmcb.c(530): AH00834: leaving socache_shmcb_store successfully
[Wed Aug 26 02:25:02.042211 2026] [ssl:debug] [pid 2220656:tid 2220656] ssl_engine_kernel.c(254): [client 157.230.211.165:50432] AH02034: Initial (No.1) HTTPS request received for child 19 (server 2blog.ilc.edu.tw:443), referer: http://blog.ilc.edu.tw/
[Wed Aug 26 02:25:02.042576 2026] [authz_core:debug] [pid 2220656:tid 2220656] mod_authz_core.c(815): [client 157.230.211.165:50432] AH01626: authorization result of Require all granted: granted, referer: http://blog.ilc.edu.tw/
[Wed Aug 26 02:25:02.042594 2026] [authz_core:debug] [pid 2220656:tid 2220656] mod_authz_core.c(815): [client 157.230.211.165:50432] AH01626: authorization result of : granted, referer: http://blog.ilc.edu.tw/
[Wed Aug 26 02:25:02.042931 2026] [authz_core:debug] [pid 2220656:tid 2220656] mod_authz_core.c(815): [client 157.230.211.165:50432] AH01626: authorization result of Require all granted: granted, referer: http://blog.ilc.edu.tw/
[Wed Aug 26 02:25:02.042955 2026] [authz_core:debug] [pid 2220656:tid 2220656] mod_authz_core.c(815): [client 157.230.211.165:50432] AH01626: authorization result of : granted, referer: http://blog.ilc.edu.tw/
[Wed Aug 26 02:25:02.076312 2026] [ssl:debug] [pid 2220855:tid 2220855] ssl_engine_io.c(1150): [client 198.211.107.147:36920] AH02001: Connection closed to child 9 with standard shutdown (server 2blog.ilc.edu.tw:443)
[Wed Aug 26 02:25:02.087092 2026] [ssl:debug] [pid 2220865:tid 2220865] ssl_engine_io.c(1150): [client 167.172.154.241:51622] AH02001: Connection closed to child 6 with standard shutdown (server 2blog.ilc.edu.tw:443)
[Wed Aug 26 02:25:02.184162 2026] [ssl:debug] [pid 2220656:tid 2220656] ssl_engine_io.c(1150): [client 157.230.211.165:50432] AH02001: Connection closed to child 19 with standard shutdown (server 2blog.ilc.edu.tw:443)
[Wed Aug 26 02:25:02.640508 2026] [ssl:info] [pid 2220708:tid 2220708] [client 64.227.8.90:54784] AH01964: Connection to child 14 established (server 2blog.ilc.edu.tw:443)
[Wed Aug 26 02:25:02.745389 2026] [headers:debug] [pid 2220856:tid 2220856] mod_headers.c(900): AH01503: headers: ap_headers_error_filter()
