2001:288:a252:1:b122:155b:8aca:1f8 - - [26/Aug/2026:14:28:42 +0800] "GET /wp-content/uploads/sites/3846/2026/08/%E8%BE%B2%E6%A5%AD%E9%83%A8%E5%BB%A3%E5%91%8A.jpg HTTP/1.1" 304 5581 "https://it.ilc.edu.tw/" "Mozilla/5.0 (Windows NT 10.0; Win64; x64) AppleWebKit/537.36 (KHTML, like Gecko) Chrome/151.0.0.0 Safari/537.36"
216.73.217.64 - - [26/Aug/2026:14:28:42 +0800] "GET /9536/?p=52698 HTTP/1.1" 301 5840 "-" "Mozilla/5.0 AppleWebKit/537.36 (KHTML, like Gecko; compatible; ClaudeBot/1.0; +claudebot@anthropic.com)"
34.123.149.87 - - [26/Aug/2026:14:28:42 +0800] "GET /28381/2025/03/26/%E5%AE%A2%E8%AA%9E%E4%B8%8A%E8%AA%B2%E6%83%85%E5%BD%A2/ HTTP/1.1" 200 13417 "-" "Mozilla/5.0 (Macintosh; Intel Mac OS X 10_15_7) AppleWebKit/537.36 (KHTML, like Gecko) Chrome/120.0.0.0 Safari/537.36"
2a03:2880:f802:7:: - - [26/Aug/2026:14:28:39 +0800] "GET /no/u00d0u00b3u00e2u0080u009au00e2u0084u0096u00d0u00b3u00e2u0080u009au00d1u0097u00d0u00b3u00d1u0093u00d1u0098u00d0u00b3u00d1u0093u00e2u0082u00acu00d0u00b3u00d1u0093u00d0u0084u00d0u00b3u00e2u0080u009au00c2u00acu00d0u00b3u00d1u0093u00d1u0098u00d0u00b3u00d0u0082u00d1u0092u00d0u00b7u00e2u0082u00acu00d0u0085u00d0u00b5u00d1u0097u00c2u00abu00d0u00b3u00e2u0080u009au00c2u00acu00d0u00b3u00d1u0093u00d1u0096u00d0u00b3u00e2u0080u009au00c2u00b7u00d0u00b3u00d1u0093u00d2u0090u00d0u00b3u00d1u0093u00d1u0098u00d0u00b3u00d1u0093u00e2u0080u00a0u00d0u00b3u00e2u0080u009au00d0u0088u00d0u00b3u00d1u0093u00d1u0096u00d0u00b3u00e2u0080u009au00c2u00b0u00d0u00b3u00d1u0093u00d1u0092u00d0u00b3u00d1u0093u00e2u0082u00acu00d0u00b3u00d1u0093u00c2u00abu00d0u00b3u00d0u0082u00e2u0080u0098-codes/ HTTP/1.1" 200 28346 "-" "Mozilla/5.0 (Windows NT 10.0; Win64; x64) AppleWebKit/537.36 (KHTML, like Gecko) Chrome/144.0.0.0 Safari/537.36 Edg/144.0.0.0 (compatible; meta-externalagent/1.1 (+https://developers.facebook.com/docs/sharing/webmasters/crawler))"
2a03:2880:f802:42:: - - [26/Aug/2026:14:28:42 +0800] "GET /25559/author/ejane/ HTTP/1.1" 200 31160 "-" "Mozilla/5.0 (Windows NT 10.0; Win64; x64) AppleWebKit/537.36 (KHTML, like Gecko) Chrome/145.0.0.0 Safari/537.36 (compatible; meta-externalagent/1.1 (+https://developers.facebook.com/docs/sharing/webmasters/crawler))"
::1 - - [26/Aug/2026:14:28:42 +0800] "OPTIONS * HTTP/1.0" 200 110 "-" "Apache/2.4.68 (Ubuntu) OpenSSL/3.0.19 (internal dummy connection)"
2001:288:a201::66:125 - - [26/Aug/2026:14:28:43 +0800] "GET /blog/active.php HTTP/1.1" 301 1026 "-" "-"
2001:288:a201::66:125 - - [26/Aug/2026:14:28:43 +0800] "GET /blog/active.php HTTP/1.1" 404 1084 "-" "-"
66.249.79.233 - - [26/Aug/2026:14:28:43 +0800] "GET /blog/blog/1/post/11151/558197 HTTP/1.1" 301 1091 "-" "Mozilla/5.0 (Linux; Android 6.0.1; Nexus 5X Build/MMB29P) AppleWebKit/537.36 (KHTML, like Gecko) Chrome/151.0.7922.173 Mobile Safari/537.36 (compatible; GoogleOther)"
216.73.217.64 - - [26/Aug/2026:14:28:43 +0800] "GET /9536/2004/07/30/%e7%a4%be%e5%8d%80%e6%97%a5%e6%9b%86-%e4%b8%83%e8%b3%a2%e7%a4%be%e5%8d%80-%e5%86%8d%e8%88%88%e5%ae%ae%e6%b2%bf%e9%9d%a9%e8%a6%8b%e8%ad%89%e6%ad%b7%e5%8f%b2/ HTTP/1.1" 200 9906 "https://2blog.ilc.edu.tw/9536/?p=52698" "Mozilla/5.0 AppleWebKit/537.36 (KHTML, like Gecko; compatible; ClaudeBot/1.0; +claudebot@anthropic.com)"
216.73.217.64 - - [26/Aug/2026:14:28:43 +0800] "GET /9536/?p=52693 HTTP/1.1" 301 5840 "-" "Mozilla/5.0 AppleWebKit/537.36 (KHTML, like Gecko; compatible; ClaudeBot/1.0; +claudebot@anthropic.com)"
240e:946:1000:2002:1::5 - - [26/Aug/2026:14:28:43 +0800] "GET /wp-content/cache/www.dyes.ilc.edu.tw/wpfc-minified/m8kgmazk/b6h3.css HTTP/1.1" 200 19347 "https://www.dyes.ilc.edu.tw/2019/05/" "Mozilla/5.0 (Windows NT 10.0; Win64; x64) AppleWebKit/537.36 (KHTML, like Gecko) Chrome/144.0.0.0 Safari/537.36"
240e:946:1000:2002:1::5 - - [26/Aug/2026:14:28:43 +0800] "GET /wp-content/cache/www.dyes.ilc.edu.tw/wpfc-minified/fp8ql3m8/b6h3.css HTTP/1.1" 200 18673 "https://www.dyes.ilc.edu.tw/2019/05/" "Mozilla/5.0 (Windows NT 10.0; Win64; x64) AppleWebKit/537.36 (KHTML, like Gecko) Chrome/144.0.0.0 Safari/537.36"
216.73.217.64 - - [26/Aug/2026:14:28:43 +0800] "GET /9536/?p=52702 HTTP/1.1" 301 926 "-" "Mozilla/5.0 AppleWebKit/537.36 (KHTML, like Gecko; compatible; ClaudeBot/1.0; +claudebot@anthropic.com)"
240e:946:1000:2002:1::5 - - [26/Aug/2026:14:28:43 +0800] "GET /wp-content/cache/www.dyes.ilc.edu.tw/wpfc-minified/jz9za5c2/b6h3.css HTTP/1.1" 200 45686 "https://www.dyes.ilc.edu.tw/2019/05/" "Mozilla/5.0 (Windows NT 10.0; Win64; x64) AppleWebKit/537.36 (KHTML, like Gecko) Chrome/144.0.0.0 Safari/537.36"
240e:946:1000:2002:1::5 - - [26/Aug/2026:14:28:43 +0800] "GET /wp-content/cache/www.dyes.ilc.edu.tw/wpfc-minified/10q9yzkn/b6h3.js HTTP/1.1" 200 35896 "https://www.dyes.ilc.edu.tw/2019/05/" "Mozilla/5.0 (Windows NT 10.0; Win64; x64) AppleWebKit/537.36 (KHTML, like Gecko) Chrome/144.0.0.0 Safari/537.36"
::1 - - [26/Aug/2026:14:28:43 +0800] "OPTIONS * HTTP/1.0" 200 110 "-" "Apache/2.4.68 (Ubuntu) OpenSSL/3.0.19 (internal dummy connection)"
216.73.217.64 - - [26/Aug/2026:14:28:43 +0800] "GET /9536/2004/08/01/%e7%a4%be%e5%8d%80%e6%97%a5%e6%9b%86-%e6%b9%96%e6%9d%b1%e7%a4%be%e5%8d%80-%e6%b9%96%e6%9d%b1%e7%a4%be%e5%8d%80%e7%b0%a1%e4%bb%8b%e5%8f%8a%e5%b0%8e%e8%a6%bd%e5%9c%96/ HTTP/1.1" 200 9686 "https://2blog.ilc.edu.tw/9536/?p=52702" "Mozilla/5.0 AppleWebKit/537.36 (KHTML, like Gecko; compatible; ClaudeBot/1.0; +claudebot@anthropic.com)"
240e:946:1000:2002:1::5 - - [26/Aug/2026:14:28:44 +0800] "GET /wp-content/cache/www.dyes.ilc.edu.tw/wpfc-minified/e6m5hfib/vlgc.css HTTP/1.1" 200 16315 "https://www.dyes.ilc.edu.tw/2019/05/" "Mozilla/5.0 (Windows NT 10.0; Win64; x64) AppleWebKit/537.36 (KHTML, like Gecko) Chrome/144.0.0.0 Safari/537.36"
216.73.217.64 - - [26/Aug/2026:14:28:44 +0800] "GET /9536/2004/07/28/%e7%a4%be%e5%8d%80%e6%97%a5%e6%9b%86-%e4%b8%83%e8%b3%a2%e7%a4%be%e5%8d%80-%e6%ad%90%e9%a2%a8%e8%be%b2%e8%88%8d%ef%bc%8c%e4%ba%92%e5%88%a5%e8%8b%97%e9%a0%ad/ HTTP/1.1" 200 9868 "https://2blog.ilc.edu.tw/9536/?p=52693" "Mozilla/5.0 AppleWebKit/537.36 (KHTML, like Gecko; compatible; ClaudeBot/1.0; +claudebot@anthropic.com)"
240e:946:1000:2002:1::5 - - [26/Aug/2026:14:28:44 +0800] "GET /wp-content/themes/hueman/assets/front/webfonts/fa-regular-400.woff2?v=5.15.2 HTTP/1.1" 200 14439 "https://www.dyes.ilc.edu.tw/2019/05/" "Mozilla/5.0 (Windows NT 10.0; Win64; x64) AppleWebKit/537.36 (KHTML, like Gecko) Chrome/144.0.0.0 Safari/537.36"
240e:946:1000:2002:1::5 - - [26/Aug/2026:14:28:44 +0800] "GET /wp-content/themes/hueman/assets/front/webfonts/fa-solid-900.woff2?v=5.15.2 HTTP/1.1" 200 81301 "https://www.dyes.ilc.edu.tw/2019/05/" "Mozilla/5.0 (Windows NT 10.0; Win64; x64) AppleWebKit/537.36 (KHTML, like Gecko) Chrome/144.0.0.0 Safari/537.36"
::1 - - [26/Aug/2026:14:28:44 +0800] "OPTIONS * HTTP/1.0" 200 110 "-" "Apache/2.4.68 (Ubuntu) OpenSSL/3.0.19 (internal dummy connection)"
2a03:2880:f802:47:: - - [26/Aug/2026:14:28:44 +0800] "GET /32745/2022/01/24/page/2/ HTTP/1.1" 200 91461 "-" "Mozilla/5.0 (Windows NT 10.0; Win64; x64) AppleWebKit/537.36 (KHTML, like Gecko) Chrome/145.0.0.0 Safari/537.36 (compatible; meta-externalagent/1.1 (+https://developers.facebook.com/docs/sharing/webmasters/crawler))"
216.73.217.64 - - [26/Aug/2026:14:28:45 +0800] "GET /9536/?p=58554 HTTP/1.1" 301 863 "-" "Mozilla/5.0 AppleWebKit/537.36 (KHTML, like Gecko; compatible; ClaudeBot/1.0; +claudebot@anthropic.com)"
240e:946:1000:2002:1::5 - - [26/Aug/2026:14:28:45 +0800] "GET /wp-content/themes/hueman/assets/front/webfonts/fa-brands-400.woff2?v=5.15.2 HTTP/1.1" 200 79499 "https://www.dyes.ilc.edu.tw/2019/05/" "Mozilla/5.0 (Windows NT 10.0; Win64; x64) AppleWebKit/537.36 (KHTML, like Gecko) Chrome/144.0.0.0 Safari/537.36"
140.111.67.195 - - [26/Aug/2026:14:28:45 +0800] "GET /wp-admin/admin-post.php?action=steps_ad HTTP/1.1" 200 1649 "-" "node-fetch/1.0 (+https://github.com/bitinn/node-fetch)"
216.73.217.64 - - [26/Aug/2026:14:28:45 +0800] "GET /9536/?p=52663 HTTP/1.1" 301 917 "-" "Mozilla/5.0 AppleWebKit/537.36 (KHTML, like Gecko; compatible; ClaudeBot/1.0; +claudebot@anthropic.com)"
140.111.67.10 - - [26/Aug/2026:14:28:45 +0800] "GET /" 301 273 "-" "-"
216.73.217.64 - - [26/Aug/2026:14:28:45 +0800] "GET /9536/2004/07/14/%e7%a4%be%e5%8d%80%e6%97%a5%e6%9b%86-%e4%b8%83%e8%b3%a2%e7%a4%be%e5%8d%80-%e6%b9%af%e5%ae%b6%e8%93%ae%e9%9c%a7%e6%a0%bd%e5%9f%b9%e6%9c%89%e7%a7%98%e8%a8%a3/ HTTP/1.1" 200 10103 "https://2blog.ilc.edu.tw/9536/?p=52663" "Mozilla/5.0 AppleWebKit/537.36 (KHTML, like Gecko; compatible; ClaudeBot/1.0; +claudebot@anthropic.com)"
240e:946:1000:2002:1::5 - - [26/Aug/2026:14:28:45 +0800] "GET /wp-content/themes/hueman/assets/front/fonts/titillium-light-webfont.woff HTTP/1.1" 200 25606 "https://www.dyes.ilc.edu.tw/2019/05/" "Mozilla/5.0 (Windows NT 10.0; Win64; x64) AppleWebKit/537.36 (KHTML, like Gecko) Chrome/144.0.0.0 Safari/537.36"
::1 - - [26/Aug/2026:14:28:45 +0800] "OPTIONS * HTTP/1.0" 200 110 "-" "Apache/2.4.68 (Ubuntu) OpenSSL/3.0.19 (internal dummy connection)"
216.73.217.64 - - [26/Aug/2026:14:28:46 +0800] "GET /9536/2012/04/09/%e7%a4%be%e5%8d%80%e6%97%a5%e6%9b%86-%e6%b0%b8%e5%85%89%e7%a4%be%e5%8d%80-%e5%bf%a0%e9%9d%88%e5%a1%94/ HTTP/1.1" 200 9830 "https://2blog.ilc.edu.tw/9536/?p=58554" "Mozilla/5.0 AppleWebKit/537.36 (KHTML, like Gecko; compatible; ClaudeBot/1.0; +claudebot@anthropic.com)"
240e:946:1000:2002:1::5 - - [26/Aug/2026:14:28:46 +0800] "GET /wp-content/themes/hueman/assets/front/fonts/titillium-lightitalic-webfont.woff HTTP/1.1" 200 27654 "https://www.dyes.ilc.edu.tw/2019/05/" "Mozilla/5.0 (Windows NT 10.0; Win64; x64) AppleWebKit/537.36 (KHTML, like Gecko) Chrome/144.0.0.0 Safari/537.36"
2001:4860:7:b10::fa - - [26/Aug/2026:14:28:46 +0800] "GET / HTTP/1.1" 200 17781 "https://www.google.com/" "Mozilla/5.0 (Windows NT 10.0; Win64; x64) AppleWebKit/537.36 (KHTML, like Gecko) Chrome/151.0.0.0 Safari/537.36"
2a03:2880:f802:41:: - - [26/Aug/2026:14:28:46 +0800] "GET /41795/wp-json/wp/v2/posts/1151 HTTP/1.1" 200 9473 "-" "Mozilla/5.0 (Macintosh; Intel Mac OS X 10_15_7) AppleWebKit/537.36 (KHTML, like Gecko) Chrome/145.0.0.0 Safari/537.36 (compatible; meta-externalagent/1.1 (+https://developers.facebook.com/docs/sharing/webmasters/crawler))"
::1 - - [26/Aug/2026:14:28:46 +0800] "OPTIONS * HTTP/1.0" 200 110 "-" "Apache/2.4.68 (Ubuntu) OpenSSL/3.0.19 (internal dummy connection)"
240e:946:1000:2002:1::5 - - [26/Aug/2026:14:28:47 +0800] "GET /wp-content/themes/hueman/assets/front/fonts/titillium-regularitalic-webfont.woff HTTP/1.1" 200 27482 "https://www.dyes.ilc.edu.tw/2019/05/" "Mozilla/5.0 (Windows NT 10.0; Win64; x64) AppleWebKit/537.36 (KHTML, like Gecko) Chrome/144.0.0.0 Safari/537.36"
66.249.82.130 - - [26/Aug/2026:14:28:46 +0800] "GET /.well-known/traffic-advice HTTP/1.1" 404 64702 "-" "Chrome Privacy Preserving Prefetch Proxy"
240e:946:1000:2002:1::5 - - [26/Aug/2026:14:28:47 +0800] "GET /wp-content/themes/hueman/assets/front/fonts/titillium-regular-webfont.woff HTTP/1.1" 200 25590 "https://www.dyes.ilc.edu.tw/2019/05/" "Mozilla/5.0 (Windows NT 10.0; Win64; x64) AppleWebKit/537.36 (KHTML, like Gecko) Chrome/144.0.0.0 Safari/537.36"
2001:b400:e78d:7e45:99fb:60e9:3db3:6f16 - - [26/Aug/2026:14:28:47 +0800] "-" 408 4794 "-" "-"
240e:946:1000:2002:1::5 - - [26/Aug/2026:14:28:47 +0800] "GET /wp-content/themes/hueman/assets/front/fonts/titillium-semibold-webfont.woff HTTP/1.1" 200 25626 "https://www.dyes.ilc.edu.tw/2019/05/" "Mozilla/5.0 (Windows NT 10.0; Win64; x64) AppleWebKit/537.36 (KHTML, like Gecko) Chrome/144.0.0.0 Safari/537.36"
::1 - - [26/Aug/2026:14:28:47 +0800] "OPTIONS * HTTP/1.0" 200 110 "-" "Apache/2.4.68 (Ubuntu) OpenSSL/3.0.19 (internal dummy connection)"
2001:288:a201::66:125 - - [26/Aug/2026:14:28:48 +0800] "GET /blog/active.php HTTP/1.1" 301 1026 "-" "-"
2001:288:a201::66:125 - - [26/Aug/2026:14:28:48 +0800] "GET /blog/active.php HTTP/1.1" 404 1084 "-" "-"
167.99.153.18 - - [26/Aug/2026:14:28:48 +0800] "GET /blog/gallery/25793/previews-med/25793-2932630.png HTTP/1.1" 301 1094 "http://feeds.feedburner.com/" "Mozilla/5.0 (Windows NT 10.0; Win64; x64) AppleWebKit/537.36 (KHTML, like Gecko) Chrome/105.0.0.0 Safari/537.3"
140.111.67.195 - - [26/Aug/2026:14:28:48 +0800] "GET /wp-admin/admin-post.php?action=steps_ad HTTP/1.1" 200 1649 "-" "node-fetch/1.0 (+https://github.com/bitinn/node-fetch)"
::1 - - [26/Aug/2026:14:28:48 +0800] "OPTIONS * HTTP/1.0" 200 110 "-" "Apache/2.4.68 (Ubuntu) OpenSSL/3.0.19 (internal dummy connection)"
192.241.134.103 - - [26/Aug/2026:14:28:49 +0800] "GET /blog/gallery/25793/previews-med/25793-2932633.png HTTP/1.1" 301 1094 "http://feeds.feedburner.com/" "Mozilla/5.0 (Windows NT 10.0; Win64; x64) AppleWebKit/537.36 (KHTML, like Gecko) Chrome/105.0.0.0 Safari/537.3"
2001:288:a26c:1:6331:7c5b:672a:30fe - - [26/Aug/2026:14:28:49 +0800] "-" 408 339 "-" "-"
2001:288:a26c:1:6331:7c5b:672a:30fe - - [26/Aug/2026:14:28:49 +0800] "-" 408 339 "-" "-"
::1 - - [26/Aug/2026:14:28:49 +0800] "OPTIONS * HTTP/1.0" 200 110 "-" "Apache/2.4.68 (Ubuntu) OpenSSL/3.0.19 (internal dummy connection)"
140.111.67.195 - - [26/Aug/2026:14:28:49 +0800] "GET /wp-admin/admin-post.php?action=steps_ad HTTP/1.1" 200 1649 "-" "node-fetch/1.0 (+https://github.com/bitinn/node-fetch)"
140.111.67.10 - - [26/Aug/2026:14:28:50 +0800] "GET /" 301 273 "-" "-"
140.111.67.195 - - [26/Aug/2026:14:28:50 +0800] "GET /wp-admin/admin-post.php?action=steps_ad HTTP/1.1" 200 1649 "-" "node-fetch/1.0 (+https://github.com/bitinn/node-fetch)"
140.111.67.195 - - [26/Aug/2026:14:28:50 +0800] "GET /wp-admin/admin-post.php?action=steps_ad HTTP/1.1" 200 1973 "-" "node-fetch/1.0 (+https://github.com/bitinn/node-fetch)"
::1 - - [26/Aug/2026:14:28:50 +0800] "OPTIONS * HTTP/1.0" 200 110 "-" "Apache/2.4.68 (Ubuntu) OpenSSL/3.0.19 (internal dummy connection)"
2001:b400:e296:4d99:611a:9d69:a300:2d30 - - [26/Aug/2026:14:28:51 +0800] "GET /2024/10/16/113%e5%ad%b8%e5%b9%b4%e5%ba%a6%e5%a3%af%e5%9c%8d%e5%9c%8b%e4%b8%ad%e5%90%84%e9%a0%98%e5%9f%9f%e6%95%99%e5%b8%ab%e5%90%8d%e5%96%ae/ HTTP/1.1" 200 29190 "https://www.cwjh.ilc.edu.tw/category/c-8591/c-59237/" "Mozilla/5.0 (iPhone; CPU iPhone OS 26_1_0 like Mac OS X) AppleWebKit/605.1.15 (KHTML, like Gecko) GSA/424.4.924152415 Mobile/15E148 Safari/604.1"
2001:288:a239:1:201a:f90d:93b:637f - - [26/Aug/2026:14:28:51 +0800] "-" 408 339 "-" "-"
::1 - - [26/Aug/2026:14:28:51 +0800] "OPTIONS * HTTP/1.0" 200 110 "-" "Apache/2.4.68 (Ubuntu) OpenSSL/3.0.19 (internal dummy connection)"
2a03:2880:f802:a:: - - [26/Aug/2026:14:28:51 +0800] "GET /6426/2014/04/23/103_2-2-2-3-2-4-2-5%e4%b8%96%e7%95%8c%e5%9c%b0%e7%90%83%e6%97%a5%e6%b4%bb%e5%8b%95/ HTTP/1.1" 200 17035 "-" "Mozilla/5.0 (Windows NT 10.0; Win64; x64) AppleWebKit/537.36 (KHTML, like Gecko) Chrome/145.0.0.0 Safari/537.36 Edg/145.0.0.0 (compatible; meta-externalagent/1.1 (+https://developers.facebook.com/docs/sharing/webmasters/crawler))"
57.141.2.18 - - [26/Aug/2026:14:28:50 +0800] "GET /pt/football-league-6-codes/ HTTP/1.1" 200 28346 "-" "Mozilla/5.0 (Macintosh; Intel Mac OS X 10_15_7) AppleWebKit/537.36 (KHTML, like Gecko) Chrome/145.0.0.0 Safari/537.36 (compatible; meta-externalagent/1.1 (+https://developers.facebook.com/docs/sharing/webmasters/crawler))"
2001:b400:e230:ce59:9501:612e:7466:d3b6 - - [26/Aug/2026:14:28:52 +0800] "-" 408 339 "-" "-"
2001:b400:e230:ce59:9501:612e:7466:d3b6 - - [26/Aug/2026:14:28:52 +0800] "-" 408 339 "-" "-"
::1 - - [26/Aug/2026:14:28:52 +0800] "OPTIONS * HTTP/1.0" 200 110 "-" "Apache/2.4.68 (Ubuntu) OpenSSL/3.0.19 (internal dummy connection)"
2001:288:a201::66:125 - - [26/Aug/2026:14:28:53 +0800] "GET /blog/active.php HTTP/1.1" 301 1026 "-" "-"
2001:288:a201::66:125 - - [26/Aug/2026:14:28:53 +0800] "GET /blog/active.php HTTP/1.1" 404 1084 "-" "-"
2001:b400:e296:4d99:611a:9d69:a300:2d30 - - [26/Aug/2026:14:28:51 +0800] "POST /wp-json/ilc-summary/v1/popular-posts HTTP/1.1" 201 6073 "https://www.cwjh.ilc.edu.tw/2024/10/16/113%e5%ad%b8%e5%b9%b4%e5%ba%a6%e5%a3%af%e5%9c%8d%e5%9c%8b%e4%b8%ad%e5%90%84%e9%a0%98%e5%9f%9f%e6%95%99%e5%b8%ab%e5%90%8d%e5%96%ae/" "Mozilla/5.0 (iPhone; CPU iPhone OS 26_1_0 like Mac OS X) AppleWebKit/605.1.15 (KHTML, like Gecko) GSA/424.4.924152415 Mobile/15E148 Safari/604.1"
::1 - - [26/Aug/2026:14:28:53 +0800] "OPTIONS * HTTP/1.0" 200 110 "-" "Apache/2.4.68 (Ubuntu) OpenSSL/3.0.19 (internal dummy connection)"
2a03:2880:f802:: - - [26/Aug/2026:14:28:51 +0800] "GET /nl/spirit-master-u00d0u00b0u00d1u0091u00e2u0080u00a2u00d0u00b0u00d1u0091u00d1u0096u00d0u00b0u00d1u0091u00e2u0084u00a2u00d0u00b0u00d1u0091u00d0u0086u00d0u00b0u00d1u0091u00e2u0084u00a2u00d0u00b0u00d1u0091u00c2u00a0u00d0u00b0u00d1u0091u00e2u0084u0096u00d0u00b0u00d1u0091u00e2u0080u00a2u00d0u00b0u00d1u0091u00e2u0080u0093u00d0u00b0u00d1u0091u00c2u00b1u00d0u00b0u00d1u0091u00e2u0080u00a1u00d0u00b0u00d1u0091u00e2u0080u00b9u00d0u00b0u00d1u0091u00d0u0086u00d0u00b0u00d1u0091u00e2u0084u00a2-codes/ HTTP/1.1" 200 28346 "-" "Mozilla/5.0 (Windows NT 10.0; Win64; x64) AppleWebKit/537.36 (KHTML, like Gecko) Chrome/145.0.0.0 Safari/537.36 Edg/145.0.0.0 (compatible; meta-externalagent/1.1 (+https://developers.facebook.com/docs/sharing/webmasters/crawler))"
140.111.67.195 - - [26/Aug/2026:14:28:54 +0800] "GET /wp-admin/admin-post.php?action=steps_ad HTTP/1.1" 200 1649 "-" "node-fetch/1.0 (+https://github.com/bitinn/node-fetch)"
::1 - - [26/Aug/2026:14:28:54 +0800] "OPTIONS * HTTP/1.0" 200 110 "-" "Apache/2.4.68 (Ubuntu) OpenSSL/3.0.19 (internal dummy connection)"
140.111.67.10 - - [26/Aug/2026:14:28:55 +0800] "GET /" 301 273 "-" "-"
::1 - - [26/Aug/2026:14:28:55 +0800] "OPTIONS * HTTP/1.0" 200 110 "-" "Apache/2.4.68 (Ubuntu) OpenSSL/3.0.19 (internal dummy connection)"
34.61.96.6 - - [26/Aug/2026:14:28:56 +0800] "GET /32745/?p=55454 HTTP/1.1" 301 5611 "-" "Mozilla/5.0 (Macintosh; Intel Mac OS X 10_15_7) AppleWebKit/537.36 (KHTML, like Gecko) Chrome/120.0.0.0 Safari/537.36"
2a03:2880:f802:46:: - - [26/Aug/2026:14:28:54 +0800] "GET /pt/smash-fest-codes/ HTTP/1.1" 200 28346 "-" "Mozilla/5.0 (Windows NT 10.0; Win64; x64) AppleWebKit/537.36 (KHTML, like Gecko) Chrome/145.0.0.0 Safari/537.36 (compatible; meta-externalagent/1.1 (+https://developers.facebook.com/docs/sharing/webmasters/crawler))"
::1 - - [26/Aug/2026:14:28:56 +0800] "OPTIONS * HTTP/1.0" 200 110 "-" "Apache/2.4.68 (Ubuntu) OpenSSL/3.0.19 (internal dummy connection)"
69.55.54.138 - - [26/Aug/2026:14:28:57 +0800] "GET /blog/gallery/25793/previews-med/25793-2932629.png HTTP/1.1" 301 1094 "http://feeds.feedburner.com/" "Mozilla/5.0 (Windows NT 10.0; Win64; x64) AppleWebKit/537.36 (KHTML, like Gecko) Chrome/105.0.0.0 Safari/537.3"
192.241.134.103 - - [26/Aug/2026:14:28:57 +0800] "GET /blog/gallery/25793/previews-med/25793-2932628.png HTTP/1.1" 301 1094 "http://feeds.feedburner.com/" "Mozilla/5.0 (Windows NT 10.0; Win64; x64) AppleWebKit/537.36 (KHTML, like Gecko) Chrome/105.0.0.0 Safari/537.3"
::1 - - [26/Aug/2026:14:28:57 +0800] "OPTIONS * HTTP/1.0" 200 110 "-" "Apache/2.4.68 (Ubuntu) OpenSSL/3.0.19 (internal dummy connection)"
2001:288:a201::66:125 - - [26/Aug/2026:14:28:58 +0800] "GET /blog/active.php HTTP/1.1" 301 1026 "-" "-"
2001:288:a201::66:125 - - [26/Aug/2026:14:28:58 +0800] "GET /blog/active.php HTTP/1.1" 404 1084 "-" "-"
2a03:2880:f802:27:: - - [26/Aug/2026:14:28:56 +0800] "GET /vi/u00d0u00a0u00e2u0080u009cu00d0u00a1u00d0u0082u00d0u00a0u00c2u00b0u00d0u00a0u00d1u0098u00d0u00a0u00d1u0095u00d0u00a1u00e2u0080u009au00d0u00a0u00c2u00b5u00d0u00a0u00e2u0084u0096%21-u00d0u00a0u00e2u0080u0099u00d0u00a0u00d1u0091u00d0u00a0u00d1u0094u00d0u00a1u00e2u0080u009au00d0u00a0u00d1u0095u00d0u00a1u00d0u0082u00d0u00a0u00d1u0091u00d0u00a0u00d0u0085u00d0u00a0u00c2u00b0-u00d0u00a0u00d1u0095u00d0u00a1u00d0u0082u00d0u00a1u00e2u0080u009eu00d0u00a0u00d1u0095u00d0u00a0u00d1u0096u00d0u00a1u00d0u0082u00d0u00a0u00c2u00b0u00d0u00a1u00e2u0080u009eu00d0u00a0u00d1u0091u00d0u00a0u00d1u0091-code/ HTTP/1.1" 200 28346 "-" "Mozilla/5.0 (Windows NT 10.0; Win64; x64) AppleWebKit/537.36 (KHTML, like Gecko) Chrome/145.0.0.0 Safari/537.36 (compatible; meta-externalagent/1.1 (+https://developers.facebook.com/docs/sharing/webmasters/crawler))"
52.167.144.206 - - [26/Aug/2026:14:28:58 +0800] "GET /25915/2014/02/%E7%BF%BB%E8%BD%89%E6%95%99%E5%AE%A4%E5%B7%A5%E4%BD%9C%E5%9D%8A%E5%BF%83%E5%BE%97%E6%96%87%E7%9A%84%E8%AA%AA%E6%98%8E/ HTTP/1.1" 200 21234 "-" "Mozilla/5.0 AppleWebKit/537.36 (KHTML, like Gecko; compatible; bingbot/2.0; +http://www.bing.com/bingbot.htm) Chrome/116.0.1938.76 Safari/537.36"
::1 - - [26/Aug/2026:14:28:58 +0800] "OPTIONS * HTTP/1.0" 200 110 "-" "Apache/2.4.68 (Ubuntu) OpenSSL/3.0.19 (internal dummy connection)"
2001:288:a258:1:5550:55cc:c17b:c728 - - [26/Aug/2026:14:28:59 +0800] "GET /wp-content/uploads/sites/3846/2023/07/%E6%95%99%E8%82%B2%E8%99%95%E5%85%AB%E5%A4%A7%E6%96%B9%E9%87%9D.png HTTP/1.1" 200 200327 "https://it.ilc.edu.tw/" "Mozilla/5.0 (Windows NT 10.0; Win64; x64) AppleWebKit/537.36 (KHTML, like Gecko) Chrome/152.0.0.0 Safari/537.36"
57.141.2.66 - - [26/Aug/2026:14:28:59 +0800] "GET /1023aa/2020/11/02/%e5%81%a5%e5%ba%b7%e4%bf%83%e9%80%b2%e6%95%99%e5%ad%b8%e6%88%90%e9%95%b7%e7%9a%84%e5%96%9c%e6%82%85-%ef%bc%86-aids%e9%a0%90%e9%98%b2-2/ HTTP/1.1" 200 18895 "-" "Mozilla/5.0 (Windows NT 10.0; Win64; x64) AppleWebKit/537.36 (KHTML, like Gecko) Chrome/145.0.0.0 Safari/537.36 (compatible; meta-externalagent/1.1 (+https://developers.facebook.com/docs/sharing/webmasters/crawler))"
210.69.149.252 - - [26/Aug/2026:14:28:59 +0800] "GET /26151/2014/03/25/%E5%AE%9C%E8%98%AD%E7%B8%A3%E8%BA%AB%E5%BF%83%E9%9A%9C%E7%A4%99%E8%80%85%E8%81%B7%E6%A5%AD%E9%87%8D%E5%BB%BA%E6%9C%8D%E5%8B%99%E8%B3%87%E6%BA%90%E4%BB%8B%E7%B4%B9/ HTTP/1.1" 200 22115 "https://www.google.com/" "Mozilla/5.0 (Windows NT 10.0; Win64; x64) AppleWebKit/537.36 (KHTML, like Gecko) Chrome/151.0.0.0 Safari/537.36"
210.69.149.252 - - [26/Aug/2026:14:28:59 +0800] "GET /26151/wp-content/cache/2blog.ilc.edu.tw/wpfc-minified/knvudv50/5wowj.css HTTP/1.1" 200 20576 "https://2blog.ilc.edu.tw/26151/2014/03/25/%E5%AE%9C%E8%98%AD%E7%B8%A3%E8%BA%AB%E5%BF%83%E9%9A%9C%E7%A4%99%E8%80%85%E8%81%B7%E6%A5%AD%E9%87%8D%E5%BB%BA%E6%9C%8D%E5%8B%99%E8%B3%87%E6%BA%90%E4%BB%8B%E7%B4%B9/" "Mozilla/5.0 (Windows NT 10.0; Win64; x64) AppleWebKit/537.36 (KHTML, like Gecko) Chrome/151.0.0.0 Safari/537.36"
210.69.149.252 - - [26/Aug/2026:14:28:59 +0800] "GET /26151/wp-content/cache/2blog.ilc.edu.tw/wpfc-minified/1br8unvq/5wowj.css HTTP/1.1" 200 40888 "https://2blog.ilc.edu.tw/26151/2014/03/25/%E5%AE%9C%E8%98%AD%E7%B8%A3%E8%BA%AB%E5%BF%83%E9%9A%9C%E7%A4%99%E8%80%85%E8%81%B7%E6%A5%AD%E9%87%8D%E5%BB%BA%E6%9C%8D%E5%8B%99%E8%B3%87%E6%BA%90%E4%BB%8B%E7%B4%B9/" "Mozilla/5.0 (Windows NT 10.0; Win64; x64) AppleWebKit/537.36 (KHTML, like Gecko) Chrome/151.0.0.0 Safari/537.36"
210.69.149.252 - - [26/Aug/2026:14:28:59 +0800] "GET /26151/wp-content/cache/2blog.ilc.edu.tw/wpfc-minified/7llzr42t/5wowj.css HTTP/1.1" 200 1157 "https://2blog.ilc.edu.tw/26151/2014/03/25/%E5%AE%9C%E8%98%AD%E7%B8%A3%E8%BA%AB%E5%BF%83%E9%9A%9C%E7%A4%99%E8%80%85%E8%81%B7%E6%A5%AD%E9%87%8D%E5%BB%BA%E6%9C%8D%E5%8B%99%E8%B3%87%E6%BA%90%E4%BB%8B%E7%B4%B9/" "Mozilla/5.0 (Windows NT 10.0; Win64; x64) AppleWebKit/537.36 (KHTML, like Gecko) Chrome/151.0.0.0 Safari/537.36"
210.69.149.252 - - [26/Aug/2026:14:28:59 +0800] "GET /26151/wp-content/uploads/sites/1079/elementor/css/post-1945.css HTTP/1.1" 200 6063 "https://2blog.ilc.edu.tw/26151/2014/03/25/%E5%AE%9C%E8%98%AD%E7%B8%A3%E8%BA%AB%E5%BF%83%E9%9A%9C%E7%A4%99%E8%80%85%E8%81%B7%E6%A5%AD%E9%87%8D%E5%BB%BA%E6%9C%8D%E5%8B%99%E8%B3%87%E6%BA%90%E4%BB%8B%E7%B4%B9/" "Mozilla/5.0 (Windows NT 10.0; Win64; x64) AppleWebKit/537.36 (KHTML, like Gecko) Chrome/151.0.0.0 Safari/537.36"
210.69.149.252 - - [26/Aug/2026:14:28:59 +0800] "GET /26151/wp-content/cache/2blog.ilc.edu.tw/wpfc-minified/klk42qct/5wowj.css HTTP/1.1" 200 86510 "https://2blog.ilc.edu.tw/26151/2014/03/25/%E5%AE%9C%E8%98%AD%E7%B8%A3%E8%BA%AB%E5%BF%83%E9%9A%9C%E7%A4%99%E8%80%85%E8%81%B7%E6%A5%AD%E9%87%8D%E5%BB%BA%E6%9C%8D%E5%8B%99%E8%B3%87%E6%BA%90%E4%BB%8B%E7%B4%B9/" "Mozilla/5.0 (Windows NT 10.0; Win64; x64) AppleWebKit/537.36 (KHTML, like Gecko) Chrome/151.0.0.0 Safari/537.36"
210.69.149.252 - - [26/Aug/2026:14:28:59 +0800] "GET /26151/wp-content/cache/2blog.ilc.edu.tw/wpfc-minified/dhzg3i5b/5wowj.css HTTP/1.1" 200 47287 "https://2blog.ilc.edu.tw/26151/2014/03/25/%E5%AE%9C%E8%98%AD%E7%B8%A3%E8%BA%AB%E5%BF%83%E9%9A%9C%E7%A4%99%E8%80%85%E8%81%B7%E6%A5%AD%E9%87%8D%E5%BB%BA%E6%9C%8D%E5%8B%99%E8%B3%87%E6%BA%90%E4%BB%8B%E7%B4%B9/" "Mozilla/5.0 (Windows NT 10.0; Win64; x64) AppleWebKit/537.36 (KHTML, like Gecko) Chrome/151.0.0.0 Safari/537.36"
210.69.149.252 - - [26/Aug/2026:14:28:59 +0800] "GET /26151/wp-content/uploads/sites/1079/elementor/css/post-2090.css HTTP/1.1" 200 7045 "https://2blog.ilc.edu.tw/26151/2014/03/25/%E5%AE%9C%E8%98%AD%E7%B8%A3%E8%BA%AB%E5%BF%83%E9%9A%9C%E7%A4%99%E8%80%85%E8%81%B7%E6%A5%AD%E9%87%8D%E5%BB%BA%E6%9C%8D%E5%8B%99%E8%B3%87%E6%BA%90%E4%BB%8B%E7%B4%B9/" "Mozilla/5.0 (Windows NT 10.0; Win64; x64) AppleWebKit/537.36 (KHTML, like Gecko) Chrome/151.0.0.0 Safari/537.36"
210.69.149.252 - - [26/Aug/2026:14:28:59 +0800] "GET /26151/wp-content/cache/2blog.ilc.edu.tw/wpfc-minified/zab1kgf/5wowi.css HTTP/1.1" 200 13905 "https://2blog.ilc.edu.tw/26151/2014/03/25/%E5%AE%9C%E8%98%AD%E7%B8%A3%E8%BA%AB%E5%BF%83%E9%9A%9C%E7%A4%99%E8%80%85%E8%81%B7%E6%A5%AD%E9%87%8D%E5%BB%BA%E6%9C%8D%E5%8B%99%E8%B3%87%E6%BA%90%E4%BB%8B%E7%B4%B9/" "Mozilla/5.0 (Windows NT 10.0; Win64; x64) AppleWebKit/537.36 (KHTML, like Gecko) Chrome/151.0.0.0 Safari/537.36"
210.69.149.252 - - [26/Aug/2026:14:28:59 +0800] "GET /26151/wp-content/cache/2blog.ilc.edu.tw/wpfc-minified/e4pe9263/5wowj.js HTTP/1.1" 200 1643 "https://2blog.ilc.edu.tw/26151/2014/03/25/%E5%AE%9C%E8%98%AD%E7%B8%A3%E8%BA%AB%E5%BF%83%E9%9A%9C%E7%A4%99%E8%80%85%E8%81%B7%E6%A5%AD%E9%87%8D%E5%BB%BA%E6%9C%8D%E5%8B%99%E8%B3%87%E6%BA%90%E4%BB%8B%E7%B4%B9/" "Mozilla/5.0 (Windows NT 10.0; Win64; x64) AppleWebKit/537.36 (KHTML, like Gecko) Chrome/151.0.0.0 Safari/537.36"
210.69.149.252 - - [26/Aug/2026:14:28:59 +0800] "GET /26151/wp-content/cache/2blog.ilc.edu.tw/wpfc-minified/lavtaioi/5wowj.js HTTP/1.1" 200 35566 "https://2blog.ilc.edu.tw/26151/2014/03/25/%E5%AE%9C%E8%98%AD%E7%B8%A3%E8%BA%AB%E5%BF%83%E9%9A%9C%E7%A4%99%E8%80%85%E8%81%B7%E6%A5%AD%E9%87%8D%E5%BB%BA%E6%9C%8D%E5%8B%99%E8%B3%87%E6%BA%90%E4%BB%8B%E7%B4%B9/" "Mozilla/5.0 (Windows NT 10.0; Win64; x64) AppleWebKit/537.36 (KHTML, like Gecko) Chrome/151.0.0.0 Safari/537.36"
210.69.149.252 - - [26/Aug/2026:14:28:59 +0800] "GET /26151/wp-includes/js/admin-bar.min.js HTTP/1.1" 200 2237 "https://2blog.ilc.edu.tw/26151/2014/03/25/%E5%AE%9C%E8%98%AD%E7%B8%A3%E8%BA%AB%E5%BF%83%E9%9A%9C%E7%A4%99%E8%80%85%E8%81%B7%E6%A5%AD%E9%87%8D%E5%BB%BA%E6%9C%8D%E5%8B%99%E8%B3%87%E6%BA%90%E4%BB%8B%E7%B4%B9/" "Mozilla/5.0 (Windows NT 10.0; Win64; x64) AppleWebKit/537.36 (KHTML, like Gecko) Chrome/151.0.0.0 Safari/537.36"
210.69.149.252 - - [26/Aug/2026:14:28:59 +0800] "GET /26151/wp-includes/js/hoverintent-js.min.js HTTP/1.1" 200 1597 "https://2blog.ilc.edu.tw/26151/2014/03/25/%E5%AE%9C%E8%98%AD%E7%B8%A3%E8%BA%AB%E5%BF%83%E9%9A%9C%E7%A4%99%E8%80%85%E8%81%B7%E6%A5%AD%E9%87%8D%E5%BB%BA%E6%9C%8D%E5%8B%99%E8%B3%87%E6%BA%90%E4%BB%8B%E7%B4%B9/" "Mozilla/5.0 (Windows NT 10.0; Win64; x64) AppleWebKit/537.36 (KHTML, like Gecko) Chrome/151.0.0.0 Safari/537.36"
210.69.149.252 - - [26/Aug/2026:14:28:59 +0800] "GET /26151/wp-content/cache/2blog.ilc.edu.tw/wpfc-minified/kxz5d64a/5wowj.css HTTP/1.1" 200 8327 "https://2blog.ilc.edu.tw/26151/2014/03/25/%E5%AE%9C%E8%98%AD%E7%B8%A3%E8%BA%AB%E5%BF%83%E9%9A%9C%E7%A4%99%E8%80%85%E8%81%B7%E6%A5%AD%E9%87%8D%E5%BB%BA%E6%9C%8D%E5%8B%99%E8%B3%87%E6%BA%90%E4%BB%8B%E7%B4%B9/" "Mozilla/5.0 (Windows NT 10.0; Win64; x64) AppleWebKit/537.36 (KHTML, like Gecko) Chrome/151.0.0.0 Safari/537.36"
210.69.149.252 - - [26/Aug/2026:14:28:59 +0800] "GET /26151/wp-content/uploads/sites/1079/2021/04/123.jpg HTTP/1.1" 200 57577 "https://2blog.ilc.edu.tw/26151/2014/03/25/%E5%AE%9C%E8%98%AD%E7%B8%A3%E8%BA%AB%E5%BF%83%E9%9A%9C%E7%A4%99%E8%80%85%E8%81%B7%E6%A5%AD%E9%87%8D%E5%BB%BA%E6%9C%8D%E5%8B%99%E8%B3%87%E6%BA%90%E4%BB%8B%E7%B4%B9/" "Mozilla/5.0 (Windows NT 10.0; Win64; x64) AppleWebKit/537.36 (KHTML, like Gecko) Chrome/151.0.0.0 Safari/537.36"
210.69.149.252 - - [26/Aug/2026:14:28:59 +0800] "GET /26151/wp-includes/js/imagesloaded.min.js HTTP/1.1" 200 2683 "https://2blog.ilc.edu.tw/26151/2014/03/25/%E5%AE%9C%E8%98%AD%E7%B8%A3%E8%BA%AB%E5%BF%83%E9%9A%9C%E7%A4%99%E8%80%85%E8%81%B7%E6%A5%AD%E9%87%8D%E5%BB%BA%E6%9C%8D%E5%8B%99%E8%B3%87%E6%BA%90%E4%BB%8B%E7%B4%B9/" "Mozilla/5.0 (Windows NT 10.0; Win64; x64) AppleWebKit/537.36 (KHTML, like Gecko) Chrome/151.0.0.0 Safari/537.36"
210.69.149.252 - - [26/Aug/2026:14:28:59 +0800] "GET /26151/wp-content/themes/oceanwp/assets/js/theme.min.js HTTP/1.1" 200 5130 "https://2blog.ilc.edu.tw/26151/2014/03/25/%E5%AE%9C%E8%98%AD%E7%B8%A3%E8%BA%AB%E5%BF%83%E9%9A%9C%E7%A4%99%E8%80%85%E8%81%B7%E6%A5%AD%E9%87%8D%E5%BB%BA%E6%9C%8D%E5%8B%99%E8%B3%87%E6%BA%90%E4%BB%8B%E7%B4%B9/" "Mozilla/5.0 (Windows NT 10.0; Win64; x64) AppleWebKit/537.36 (KHTML, like Gecko) Chrome/151.0.0.0 Safari/537.36"
117.56.213.228 - - [26/Aug/2026:14:28:59 +0800] "GET / HTTP/1.1" 200 21597 "https://tw.search.yahoo.com/" "Mozilla/5.0 (Windows NT 10.0; Win64; x64) AppleWebKit/537.36 (KHTML, like Gecko) Chrome/151.0.0.0 Safari/537.36 Edg/151.0.0.0"
210.69.149.252 - - [26/Aug/2026:14:28:59 +0800] "GET /26151/wp-content/themes/oceanwp/assets/js/drop-down-mobile-menu.min.js HTTP/1.1" 200 4663 "https://2blog.ilc.edu.tw/26151/2014/03/25/%E5%AE%9C%E8%98%AD%E7%B8%A3%E8%BA%AB%E5%BF%83%E9%9A%9C%E7%A4%99%E8%80%85%E8%81%B7%E6%A5%AD%E9%87%8D%E5%BB%BA%E6%9C%8D%E5%8B%99%E8%B3%87%E6%BA%90%E4%BB%8B%E7%B4%B9/" "Mozilla/5.0 (Windows NT 10.0; Win64; x64) AppleWebKit/537.36 (KHTML, like Gecko) Chrome/151.0.0.0 Safari/537.36"
2a03:2880:f802:42:: - - [26/Aug/2026:14:28:59 +0800] "GET /11075/category/c-32045/feed/ HTTP/1.1" 200 6947 "-" "Mozilla/5.0 (Windows NT 10.0; Win64; x64) AppleWebKit/537.36 (KHTML, like Gecko) Chrome/145.0.0.0 Safari/537.36 (compatible; meta-externalagent/1.1 (+https://developers.facebook.com/docs/sharing/webmasters/crawler))"
210.69.149.252 - - [26/Aug/2026:14:28:59 +0800] "GET /26151/wp-content/themes/oceanwp/assets/js/drop-down-search.min.js HTTP/1.1" 200 2968 "https://2blog.ilc.edu.tw/26151/2014/03/25/%E5%AE%9C%E8%98%AD%E7%B8%A3%E8%BA%AB%E5%BF%83%E9%9A%9C%E7%A4%99%E8%80%85%E8%81%B7%E6%A5%AD%E9%87%8D%E5%BB%BA%E6%9C%8D%E5%8B%99%E8%B3%87%E6%BA%90%E4%BB%8B%E7%B4%B9/" "Mozilla/5.0 (Windows NT 10.0; Win64; x64) AppleWebKit/537.36 (KHTML, like Gecko) Chrome/151.0.0.0 Safari/537.36"
210.69.149.252 - - [26/Aug/2026:14:28:59 +0800] "GET /26151/wp-content/themes/oceanwp/assets/js/vendors/magnific-popup.min.js HTTP/1.1" 200 8270 "https://2blog.ilc.edu.tw/26151/2014/03/25/%E5%AE%9C%E8%98%AD%E7%B8%A3%E8%BA%AB%E5%BF%83%E9%9A%9C%E7%A4%99%E8%80%85%E8%81%B7%E6%A5%AD%E9%87%8D%E5%BB%BA%E6%9C%8D%E5%8B%99%E8%B3%87%E6%BA%90%E4%BB%8B%E7%B4%B9/" "Mozilla/5.0 (Windows NT 10.0; Win64; x64) AppleWebKit/537.36 (KHTML, like Gecko) Chrome/151.0.0.0 Safari/537.36"
210.69.149.252 - - [26/Aug/2026:14:28:59 +0800] "GET /26151/wp-content/themes/oceanwp/assets/js/ow-lightbox.min.js HTTP/1.1" 200 2321 "https://2blog.ilc.edu.tw/26151/2014/03/25/%E5%AE%9C%E8%98%AD%E7%B8%A3%E8%BA%AB%E5%BF%83%E9%9A%9C%E7%A4%99%E8%80%85%E8%81%B7%E6%A5%AD%E9%87%8D%E5%BB%BA%E6%9C%8D%E5%8B%99%E8%B3%87%E6%BA%90%E4%BB%8B%E7%B4%B9/" "Mozilla/5.0 (Windows NT 10.0; Win64; x64) AppleWebKit/537.36 (KHTML, like Gecko) Chrome/151.0.0.0 Safari/537.36"
117.56.213.228 - - [26/Aug/2026:14:28:59 +0800] "GET /wp-content/cache/www.wjes.ilc.edu.tw/wpfc-minified/1n0ay2w8/6whr.css HTTP/1.1" 200 5960 "https://www.wjes.ilc.edu.tw/" "Mozilla/5.0 (Windows NT 10.0; Win64; x64) AppleWebKit/537.36 (KHTML, like Gecko) Chrome/151.0.0.0 Safari/537.36 Edg/151.0.0.0"
117.56.213.228 - - [26/Aug/2026:14:28:59 +0800] "GET /wp-content/cache/www.wjes.ilc.edu.tw/wpfc-minified/esbdiskh/6whr.css HTTP/1.1" 200 40884 "https://www.wjes.ilc.edu.tw/" "Mozilla/5.0 (Windows NT 10.0; Win64; x64) AppleWebKit/537.36 (KHTML, like Gecko) Chrome/151.0.0.0 Safari/537.36 Edg/151.0.0.0"
210.69.149.252 - - [26/Aug/2026:14:28:59 +0800] "GET /26151/wp-content/themes/oceanwp/assets/js/vendors/flickity.pkgd.min.js HTTP/1.1" 200 15048 "https://2blog.ilc.edu.tw/26151/2014/03/25/%E5%AE%9C%E8%98%AD%E7%B8%A3%E8%BA%AB%E5%BF%83%E9%9A%9C%E7%A4%99%E8%80%85%E8%81%B7%E6%A5%AD%E9%87%8D%E5%BB%BA%E6%9C%8D%E5%8B%99%E8%B3%87%E6%BA%90%E4%BB%8B%E7%B4%B9/" "Mozilla/5.0 (Windows NT 10.0; Win64; x64) AppleWebKit/537.36 (KHTML, like Gecko) Chrome/151.0.0.0 Safari/537.36"
210.69.149.252 - - [26/Aug/2026:14:28:59 +0800] "GET /26151/wp-content/themes/oceanwp/assets/js/ow-slider.min.js HTTP/1.1" 200 1761 "https://2blog.ilc.edu.tw/26151/2014/03/25/%E5%AE%9C%E8%98%AD%E7%B8%A3%E8%BA%AB%E5%BF%83%E9%9A%9C%E7%A4%99%E8%80%85%E8%81%B7%E6%A5%AD%E9%87%8D%E5%BB%BA%E6%9C%8D%E5%8B%99%E8%B3%87%E6%BA%90%E4%BB%8B%E7%B4%B9/" "Mozilla/5.0 (Windows NT 10.0; Win64; x64) AppleWebKit/537.36 (KHTML, like Gecko) Chrome/151.0.0.0 Safari/537.36"
117.56.213.228 - - [26/Aug/2026:14:28:59 +0800] "GET /wp-content/uploads/sites/1407/elementor/css/post-713.css HTTP/1.1" 200 1599 "https://www.wjes.ilc.edu.tw/" "Mozilla/5.0 (Windows NT 10.0; Win64; x64) AppleWebKit/537.36 (KHTML, like Gecko) Chrome/151.0.0.0 Safari/537.36 Edg/151.0.0.0"
117.56.213.228 - - [26/Aug/2026:14:28:59 +0800] "GET /wp-content/uploads/sites/1407/elementor/css/post-562.css HTTP/1.1" 200 5803 "https://www.wjes.ilc.edu.tw/" "Mozilla/5.0 (Windows NT 10.0; Win64; x64) AppleWebKit/537.36 (KHTML, like Gecko) Chrome/151.0.0.0 Safari/537.36 Edg/151.0.0.0"
117.56.213.228 - - [26/Aug/2026:14:28:59 +0800] "GET /wp-content/cache/www.wjes.ilc.edu.tw/wpfc-minified/1cb4vxzw/7jn0.css HTTP/1.1" 200 87448 "https://www.wjes.ilc.edu.tw/" "Mozilla/5.0 (Windows NT 10.0; Win64; x64) AppleWebKit/537.36 (KHTML, like Gecko) Chrome/151.0.0.0 Safari/537.36 Edg/151.0.0.0"
117.56.213.228 - - [26/Aug/2026:14:28:59 +0800] "GET /wp-content/cache/www.wjes.ilc.edu.tw/wpfc-minified/975kvi92/6whr.css HTTP/1.1" 200 12506 "https://www.wjes.ilc.edu.tw/" "Mozilla/5.0 (Windows NT 10.0; Win64; x64) AppleWebKit/537.36 (KHTML, like Gecko) Chrome/151.0.0.0 Safari/537.36 Edg/151.0.0.0"
117.56.213.228 - - [26/Aug/2026:14:28:59 +0800] "GET /wp-content/cache/www.wjes.ilc.edu.tw/wpfc-minified/7lj4vqyd/7jn0.css HTTP/1.1" 200 47602 "https://www.wjes.ilc.edu.tw/" "Mozilla/5.0 (Windows NT 10.0; Win64; x64) AppleWebKit/537.36 (KHTML, like Gecko) Chrome/151.0.0.0 Safari/537.36 Edg/151.0.0.0"
117.56.213.228 - - [26/Aug/2026:14:28:59 +0800] "GET /wp-content/uploads/sites/1407/2022/03/%E8%A6%AA%E5%B8%AB%E4%BA%A4%E6%B5%81-300x171.png HTTP/1.1" 200 40298 "https://www.wjes.ilc.edu.tw/" "Mozilla/5.0 (Windows NT 10.0; Win64; x64) AppleWebKit/537.36 (KHTML, like Gecko) Chrome/151.0.0.0 Safari/537.36 Edg/151.0.0.0"
117.56.213.228 - - [26/Aug/2026:14:28:59 +0800] "GET /wp-content/cache/www.wjes.ilc.edu.tw/wpfc-minified/l997y61u/6whr.js HTTP/1.1" 200 35558 "https://www.wjes.ilc.edu.tw/" "Mozilla/5.0 (Windows NT 10.0; Win64; x64) AppleWebKit/537.36 (KHTML, like Gecko) Chrome/151.0.0.0 Safari/537.36 Edg/151.0.0.0"
117.56.213.228 - - [26/Aug/2026:14:28:59 +0800] "GET /wp-content/uploads/sites/1407/2022/03/wjes1110301-1536x793.png HTTP/1.1" 200 1567938 "https://www.wjes.ilc.edu.tw/" "Mozilla/5.0 (Windows NT 10.0; Win64; x64) AppleWebKit/537.36 (KHTML, like Gecko) Chrome/151.0.0.0 Safari/537.36 Edg/151.0.0.0"
210.69.149.252 - - [26/Aug/2026:14:28:59 +0800] "GET /26151/wp-content/themes/oceanwp/assets/js/scroll-effect.min.js HTTP/1.1" 200 4127 "https://2blog.ilc.edu.tw/26151/2014/03/25/%E5%AE%9C%E8%98%AD%E7%B8%A3%E8%BA%AB%E5%BF%83%E9%9A%9C%E7%A4%99%E8%80%85%E8%81%B7%E6%A5%AD%E9%87%8D%E5%BB%BA%E6%9C%8D%E5%8B%99%E8%B3%87%E6%BA%90%E4%BB%8B%E7%B4%B9/" "Mozilla/5.0 (Windows NT 10.0; Win64; x64) AppleWebKit/537.36 (KHTML, like Gecko) Chrome/151.0.0.0 Safari/537.36"
117.56.213.228 - - [26/Aug/2026:14:28:59 +0800] "GET /wp-content/uploads/sites/1407/2024/05/%E5%93%A1%E5%B7%A5%E5%8D%94%E5%8A%A9%E6%96%B9%E6%A1%88.jpg HTTP/1.1" 200 75854 "https://www.wjes.ilc.edu.tw/" "Mozilla/5.0 (Windows NT 10.0; Win64; x64) AppleWebKit/537.36 (KHTML, like Gecko) Chrome/151.0.0.0 Safari/537.36 Edg/151.0.0.0"
210.69.149.252 - - [26/Aug/2026:14:28:59 +0800] "GET /26151/wp-content/themes/oceanwp/assets/js/select.min.js HTTP/1.1" 200 2408 "https://2blog.ilc.edu.tw/26151/2014/03/25/%E5%AE%9C%E8%98%AD%E7%B8%A3%E8%BA%AB%E5%BF%83%E9%9A%9C%E7%A4%99%E8%80%85%E8%81%B7%E6%A5%AD%E9%87%8D%E5%BB%BA%E6%9C%8D%E5%8B%99%E8%B3%87%E6%BA%90%E4%BB%8B%E7%B4%B9/" "Mozilla/5.0 (Windows NT 10.0; Win64; x64) AppleWebKit/537.36 (KHTML, like Gecko) Chrome/151.0.0.0 Safari/537.36"
210.69.149.252 - - [26/Aug/2026:14:28:59 +0800] "GET /26151/wp-content/themes/oceanwp/assets/js/scroll-top.min.js HTTP/1.1" 200 3202 "https://2blog.ilc.edu.tw/26151/2014/03/25/%E5%AE%9C%E8%98%AD%E7%B8%A3%E8%BA%AB%E5%BF%83%E9%9A%9C%E7%A4%99%E8%80%85%E8%81%B7%E6%A5%AD%E9%87%8D%E5%BB%BA%E6%9C%8D%E5%8B%99%E8%B3%87%E6%BA%90%E4%BB%8B%E7%B4%B9/" "Mozilla/5.0 (Windows NT 10.0; Win64; x64) AppleWebKit/537.36 (KHTML, like Gecko) Chrome/151.0.0.0 Safari/537.36"
117.56.213.228 - - [26/Aug/2026:14:28:59 +0800] "GET /wp-includes/js/hoverintent-js.min.js HTTP/1.1" 200 1597 "https://www.wjes.ilc.edu.tw/" "Mozilla/5.0 (Windows NT 10.0; Win64; x64) AppleWebKit/537.36 (KHTML, like Gecko) Chrome/151.0.0.0 Safari/537.36 Edg/151.0.0.0"
210.69.149.252 - - [26/Aug/2026:14:28:59 +0800] "GET /26151/wp-content/plugins/ocean-extra/includes/widgets/js/flickr.min.js HTTP/1.1" 200 1319 "https://2blog.ilc.edu.tw/26151/2014/03/25/%E5%AE%9C%E8%98%AD%E7%B8%A3%E8%BA%AB%E5%BF%83%E9%9A%9C%E7%A4%99%E8%80%85%E8%81%B7%E6%A5%AD%E9%87%8D%E5%BB%BA%E6%9C%8D%E5%8B%99%E8%B3%87%E6%BA%90%E4%BB%8B%E7%B4%B9/" "Mozilla/5.0 (Windows NT 10.0; Win64; x64) AppleWebKit/537.36 (KHTML, like Gecko) Chrome/151.0.0.0 Safari/537.36"
140.111.67.195 - - [26/Aug/2026:14:28:59 +0800] "GET /wp-admin/admin-post.php?action=steps_ad HTTP/1.1" 200 1649 "-" "node-fetch/1.0 (+https://github.com/bitinn/node-fetch)"
117.56.213.228 - - [26/Aug/2026:14:28:59 +0800] "GET /wp-includes/js/admin-bar.min.js HTTP/1.1" 200 2237 "https://www.wjes.ilc.edu.tw/" "Mozilla/5.0 (Windows NT 10.0; Win64; x64) AppleWebKit/537.36 (KHTML, like Gecko) Chrome/151.0.0.0 Safari/537.36 Edg/151.0.0.0"
210.69.149.252 - - [26/Aug/2026:14:28:59 +0800] "GET /26151/wp-content/plugins/elementor-pro/assets/lib/sticky/jquery.sticky.min.js HTTP/1.1" 200 2422 "https://2blog.ilc.edu.tw/26151/2014/03/25/%E5%AE%9C%E8%98%AD%E7%B8%A3%E8%BA%AB%E5%BF%83%E9%9A%9C%E7%A4%99%E8%80%85%E8%81%B7%E6%A5%AD%E9%87%8D%E5%BB%BA%E6%9C%8D%E5%8B%99%E8%B3%87%E6%BA%90%E4%BB%8B%E7%B4%B9/" "Mozilla/5.0 (Windows NT 10.0; Win64; x64) AppleWebKit/537.36 (KHTML, like Gecko) Chrome/151.0.0.0 Safari/537.36"
210.69.149.252 - - [26/Aug/2026:14:28:59 +0800] "GET /26151/wp-content/plugins/elementor-pro/assets/lib/smartmenus/jquery.smartmenus.min.js HTTP/1.1" 200 7967 "https://2blog.ilc.edu.tw/26151/2014/03/25/%E5%AE%9C%E8%98%AD%E7%B8%A3%E8%BA%AB%E5%BF%83%E9%9A%9C%E7%A4%99%E8%80%85%E8%81%B7%E6%A5%AD%E9%87%8D%E5%BB%BA%E6%9C%8D%E5%8B%99%E8%B3%87%E6%BA%90%E4%BB%8B%E7%B4%B9/" "Mozilla/5.0 (Windows NT 10.0; Win64; x64) AppleWebKit/537.36 (KHTML, like Gecko) Chrome/151.0.0.0 Safari/537.36"
117.56.213.228 - - [26/Aug/2026:14:28:59 +0800] "GET /wp-includes/js/imagesloaded.min.js HTTP/1.1" 200 2683 "https://www.wjes.ilc.edu.tw/" "Mozilla/5.0 (Windows NT 10.0; Win64; x64) AppleWebKit/537.36 (KHTML, like Gecko) Chrome/151.0.0.0 Safari/537.36 Edg/151.0.0.0"
210.69.149.252 - - [26/Aug/2026:14:28:59 +0800] "GET /26151/wp-content/plugins/elementor-pro/assets/js/webpack-pro.runtime.min.js HTTP/1.1" 200 3562 "https://2blog.ilc.edu.tw/26151/2014/03/25/%E5%AE%9C%E8%98%AD%E7%B8%A3%E8%BA%AB%E5%BF%83%E9%9A%9C%E7%A4%99%E8%80%85%E8%81%B7%E6%A5%AD%E9%87%8D%E5%BB%BA%E6%9C%8D%E5%8B%99%E8%B3%87%E6%BA%90%E4%BB%8B%E7%B4%B9/" "Mozilla/5.0 (Windows NT 10.0; Win64; x64) AppleWebKit/537.36 (KHTML, like Gecko) Chrome/151.0.0.0 Safari/537.36"
117.56.213.228 - - [26/Aug/2026:14:28:59 +0800] "GET /wp-content/themes/oceanwp/assets/js/theme.min.js HTTP/1.1" 200 5130 "https://www.wjes.ilc.edu.tw/" "Mozilla/5.0 (Windows NT 10.0; Win64; x64) AppleWebKit/537.36 (KHTML, like Gecko) Chrome/151.0.0.0 Safari/537.36 Edg/151.0.0.0"
117.56.213.228 - - [26/Aug/2026:14:28:59 +0800] "GET /wp-content/themes/oceanwp/assets/js/drop-down-mobile-menu.min.js HTTP/1.1" 200 4663 "https://www.wjes.ilc.edu.tw/" "Mozilla/5.0 (Windows NT 10.0; Win64; x64) AppleWebKit/537.36 (KHTML, like Gecko) Chrome/151.0.0.0 Safari/537.36 Edg/151.0.0.0"
117.56.213.228 - - [26/Aug/2026:14:28:59 +0800] "GET /wp-content/themes/oceanwp/assets/js/drop-down-search.min.js HTTP/1.1" 200 2968 "https://www.wjes.ilc.edu.tw/" "Mozilla/5.0 (Windows NT 10.0; Win64; x64) AppleWebKit/537.36 (KHTML, like Gecko) Chrome/151.0.0.0 Safari/537.36 Edg/151.0.0.0"
210.69.149.252 - - [26/Aug/2026:14:28:59 +0800] "GET /26151/wp-content/plugins/elementor/assets/js/webpack.runtime.min.js HTTP/1.1" 200 3095 "https://2blog.ilc.edu.tw/26151/2014/03/25/%E5%AE%9C%E8%98%AD%E7%B8%A3%E8%BA%AB%E5%BF%83%E9%9A%9C%E7%A4%99%E8%80%85%E8%81%B7%E6%A5%AD%E9%87%8D%E5%BB%BA%E6%9C%8D%E5%8B%99%E8%B3%87%E6%BA%90%E4%BB%8B%E7%B4%B9/" "Mozilla/5.0 (Windows NT 10.0; Win64; x64) AppleWebKit/537.36 (KHTML, like Gecko) Chrome/151.0.0.0 Safari/537.36"
117.56.213.228 - - [26/Aug/2026:14:28:59 +0800] "GET /wp-content/themes/oceanwp/assets/js/vendors/magnific-popup.min.js HTTP/1.1" 200 8270 "https://www.wjes.ilc.edu.tw/" "Mozilla/5.0 (Windows NT 10.0; Win64; x64) AppleWebKit/537.36 (KHTML, like Gecko) Chrome/151.0.0.0 Safari/537.36 Edg/151.0.0.0"
117.56.213.228 - - [26/Aug/2026:14:28:59 +0800] "GET /wp-content/themes/oceanwp/assets/js/ow-lightbox.min.js HTTP/1.1" 200 2321 "https://www.wjes.ilc.edu.tw/" "Mozilla/5.0 (Windows NT 10.0; Win64; x64) AppleWebKit/537.36 (KHTML, like Gecko) Chrome/151.0.0.0 Safari/537.36 Edg/151.0.0.0"
210.69.149.252 - - [26/Aug/2026:14:28:59 +0800] "GET /26151/wp-content/plugins/elementor/assets/js/frontend-modules.min.js HTTP/1.1" 200 19416 "https://2blog.ilc.edu.tw/26151/2014/03/25/%E5%AE%9C%E8%98%AD%E7%B8%A3%E8%BA%AB%E5%BF%83%E9%9A%9C%E7%A4%99%E8%80%85%E8%81%B7%E6%A5%AD%E9%87%8D%E5%BB%BA%E6%9C%8D%E5%8B%99%E8%B3%87%E6%BA%90%E4%BB%8B%E7%B4%B9/" "Mozilla/5.0 (Windows NT 10.0; Win64; x64) AppleWebKit/537.36 (KHTML, like Gecko) Chrome/151.0.0.0 Safari/537.36"
117.56.213.228 - - [26/Aug/2026:14:28:59 +0800] "GET /wp-content/themes/oceanwp/assets/js/vendors/flickity.pkgd.min.js HTTP/1.1" 200 15048 "https://www.wjes.ilc.edu.tw/" "Mozilla/5.0 (Windows NT 10.0; Win64; x64) AppleWebKit/537.36 (KHTML, like Gecko) Chrome/151.0.0.0 Safari/537.36 Edg/151.0.0.0"
117.56.213.228 - - [26/Aug/2026:14:28:59 +0800] "GET /wp-content/themes/oceanwp/assets/js/ow-slider.min.js HTTP/1.1" 200 1761 "https://www.wjes.ilc.edu.tw/" "Mozilla/5.0 (Windows NT 10.0; Win64; x64) AppleWebKit/537.36 (KHTML, like Gecko) Chrome/151.0.0.0 Safari/537.36 Edg/151.0.0.0"
210.69.149.252 - - [26/Aug/2026:14:28:59 +0800] "GET /26151/wp-includes/js/dist/i18n.min.js HTTP/1.1" 200 4547 "https://2blog.ilc.edu.tw/26151/2014/03/25/%E5%AE%9C%E8%98%AD%E7%B8%A3%E8%BA%AB%E5%BF%83%E9%9A%9C%E7%A4%99%E8%80%85%E8%81%B7%E6%A5%AD%E9%87%8D%E5%BB%BA%E6%9C%8D%E5%8B%99%E8%B3%87%E6%BA%90%E4%BB%8B%E7%B4%B9/" "Mozilla/5.0 (Windows NT 10.0; Win64; x64) AppleWebKit/537.36 (KHTML, like Gecko) Chrome/151.0.0.0 Safari/537.36"
210.69.149.252 - - [26/Aug/2026:14:28:59 +0800] "GET /26151/wp-includes/js/dist/hooks.min.js HTTP/1.1" 200 2421 "https://2blog.ilc.edu.tw/26151/2014/03/25/%E5%AE%9C%E8%98%AD%E7%B8%A3%E8%BA%AB%E5%BF%83%E9%9A%9C%E7%A4%99%E8%80%85%E8%81%B7%E6%A5%AD%E9%87%8D%E5%BB%BA%E6%9C%8D%E5%8B%99%E8%B3%87%E6%BA%90%E4%BB%8B%E7%B4%B9/" "Mozilla/5.0 (Windows NT 10.0; Win64; x64) AppleWebKit/537.36 (KHTML, like Gecko) Chrome/151.0.0.0 Safari/537.36"
117.56.213.228 - - [26/Aug/2026:14:28:59 +0800] "GET /wp-content/themes/oceanwp/assets/js/scroll-effect.min.js HTTP/1.1" 200 4127 "https://www.wjes.ilc.edu.tw/" "Mozilla/5.0 (Windows NT 10.0; Win64; x64) AppleWebKit/537.36 (KHTML, like Gecko) Chrome/151.0.0.0 Safari/537.36 Edg/151.0.0.0"
117.56.213.228 - - [26/Aug/2026:14:28:59 +0800] "GET /wp-content/themes/oceanwp/assets/js/scroll-top.min.js HTTP/1.1" 200 3202 "https://www.wjes.ilc.edu.tw/" "Mozilla/5.0 (Windows NT 10.0; Win64; x64) AppleWebKit/537.36 (KHTML, like Gecko) Chrome/151.0.0.0 Safari/537.36 Edg/151.0.0.0"
210.69.149.252 - - [26/Aug/2026:14:28:59 +0800] "GET /26151/wp-content/plugins/elementor-pro/assets/js/frontend.min.js HTTP/1.1" 200 7574 "https://2blog.ilc.edu.tw/26151/2014/03/25/%E5%AE%9C%E8%98%AD%E7%B8%A3%E8%BA%AB%E5%BF%83%E9%9A%9C%E7%A4%99%E8%80%85%E8%81%B7%E6%A5%AD%E9%87%8D%E5%BB%BA%E6%9C%8D%E5%8B%99%E8%B3%87%E6%BA%90%E4%BB%8B%E7%B4%B9/" "Mozilla/5.0 (Windows NT 10.0; Win64; x64) AppleWebKit/537.36 (KHTML, like Gecko) Chrome/151.0.0.0 Safari/537.36"
117.56.213.228 - - [26/Aug/2026:14:28:59 +0800] "GET /wp-content/themes/oceanwp/assets/js/select.min.js HTTP/1.1" 200 2408 "https://www.wjes.ilc.edu.tw/" "Mozilla/5.0 (Windows NT 10.0; Win64; x64) AppleWebKit/537.36 (KHTML, like Gecko) Chrome/151.0.0.0 Safari/537.36 Edg/151.0.0.0"
210.69.149.252 - - [26/Aug/2026:14:28:59 +0800] "GET /26151/wp-content/plugins/elementor/assets/lib/waypoints/waypoints.min.js HTTP/1.1" 200 3873 "https://2blog.ilc.edu.tw/26151/2014/03/25/%E5%AE%9C%E8%98%AD%E7%B8%A3%E8%BA%AB%E5%BF%83%E9%9A%9C%E7%A4%99%E8%80%85%E8%81%B7%E6%A5%AD%E9%87%8D%E5%BB%BA%E6%9C%8D%E5%8B%99%E8%B3%87%E6%BA%90%E4%BB%8B%E7%B4%B9/" "Mozilla/5.0 (Windows NT 10.0; Win64; x64) AppleWebKit/537.36 (KHTML, like Gecko) Chrome/151.0.0.0 Safari/537.36"
117.56.213.228 - - [26/Aug/2026:14:28:59 +0800] "GET /wp-content/plugins/ocean-extra/includes/widgets/js/flickr.min.js HTTP/1.1" 200 1319 "https://www.wjes.ilc.edu.tw/" "Mozilla/5.0 (Windows NT 10.0; Win64; x64) AppleWebKit/537.36 (KHTML, like Gecko) Chrome/151.0.0.0 Safari/537.36 Edg/151.0.0.0"
210.69.149.252 - - [26/Aug/2026:14:28:59 +0800] "GET /26151/wp-includes/js/jquery/ui/core.min.js HTTP/1.1" 200 7986 "https://2blog.ilc.edu.tw/26151/2014/03/25/%E5%AE%9C%E8%98%AD%E7%B8%A3%E8%BA%AB%E5%BF%83%E9%9A%9C%E7%A4%99%E8%80%85%E8%81%B7%E6%A5%AD%E9%87%8D%E5%BB%BA%E6%9C%8D%E5%8B%99%E8%B3%87%E6%BA%90%E4%BB%8B%E7%B4%B9/" "Mozilla/5.0 (Windows NT 10.0; Win64; x64) AppleWebKit/537.36 (KHTML, like Gecko) Chrome/151.0.0.0 Safari/537.36"
117.56.213.228 - - [26/Aug/2026:14:28:59 +0800] "GET /wp-content/plugins/elementor-pro/assets/js/webpack-pro.runtime.min.js HTTP/1.1" 200 3562 "https://www.wjes.ilc.edu.tw/" "Mozilla/5.0 (Windows NT 10.0; Win64; x64) AppleWebKit/537.36 (KHTML, like Gecko) Chrome/151.0.0.0 Safari/537.36 Edg/151.0.0.0"
117.56.213.228 - - [26/Aug/2026:14:28:59 +0800] "GET /wp-content/plugins/elementor/assets/js/webpack.runtime.min.js HTTP/1.1" 200 3095 "https://www.wjes.ilc.edu.tw/" "Mozilla/5.0 (Windows NT 10.0; Win64; x64) AppleWebKit/537.36 (KHTML, like Gecko) Chrome/151.0.0.0 Safari/537.36 Edg/151.0.0.0"
210.69.149.252 - - [26/Aug/2026:14:28:59 +0800] "GET /26151/wp-content/plugins/elementor-pro/assets/js/elements-handlers.min.js HTTP/1.1" 200 10882 "https://2blog.ilc.edu.tw/26151/2014/03/25/%E5%AE%9C%E8%98%AD%E7%B8%A3%E8%BA%AB%E5%BF%83%E9%9A%9C%E7%A4%99%E8%80%85%E8%81%B7%E6%A5%AD%E9%87%8D%E5%BB%BA%E6%9C%8D%E5%8B%99%E8%B3%87%E6%BA%90%E4%BB%8B%E7%B4%B9/" "Mozilla/5.0 (Windows NT 10.0; Win64; x64) AppleWebKit/537.36 (KHTML, like Gecko) Chrome/151.0.0.0 Safari/537.36"
210.69.149.252 - - [26/Aug/2026:14:28:59 +0800] "GET /26151/wp-content/plugins/elementor/assets/js/frontend.min.js HTTP/1.1" 200 13169 "https://2blog.ilc.edu.tw/26151/2014/03/25/%E5%AE%9C%E8%98%AD%E7%B8%A3%E8%BA%AB%E5%BF%83%E9%9A%9C%E7%A4%99%E8%80%85%E8%81%B7%E6%A5%AD%E9%87%8D%E5%BB%BA%E6%9C%8D%E5%8B%99%E8%B3%87%E6%BA%90%E4%BB%8B%E7%B4%B9/" "Mozilla/5.0 (Windows NT 10.0; Win64; x64) AppleWebKit/537.36 (KHTML, like Gecko) Chrome/151.0.0.0 Safari/537.36"
117.56.213.228 - - [26/Aug/2026:14:28:59 +0800] "GET /wp-content/plugins/elementor/assets/js/frontend-modules.min.js HTTP/1.1" 200 19416 "https://www.wjes.ilc.edu.tw/" "Mozilla/5.0 (Windows NT 10.0; Win64; x64) AppleWebKit/537.36 (KHTML, like Gecko) Chrome/151.0.0.0 Safari/537.36 Edg/151.0.0.0"
117.56.213.228 - - [26/Aug/2026:14:28:59 +0800] "GET /wp-includes/js/dist/hooks.min.js HTTP/1.1" 200 2421 "https://www.wjes.ilc.edu.tw/" "Mozilla/5.0 (Windows NT 10.0; Win64; x64) AppleWebKit/537.36 (KHTML, like Gecko) Chrome/151.0.0.0 Safari/537.36 Edg/151.0.0.0"
117.56.213.228 - - [26/Aug/2026:14:28:59 +0800] "GET /wp-includes/js/dist/i18n.min.js HTTP/1.1" 200 4547 "https://www.wjes.ilc.edu.tw/" "Mozilla/5.0 (Windows NT 10.0; Win64; x64) AppleWebKit/537.36 (KHTML, like Gecko) Chrome/151.0.0.0 Safari/537.36 Edg/151.0.0.0"
117.56.213.228 - - [26/Aug/2026:14:28:59 +0800] "GET /wp-content/plugins/elementor-pro/assets/js/frontend.min.js HTTP/1.1" 200 7574 "https://www.wjes.ilc.edu.tw/" "Mozilla/5.0 (Windows NT 10.0; Win64; x64) AppleWebKit/537.36 (KHTML, like Gecko) Chrome/151.0.0.0 Safari/537.36 Edg/151.0.0.0"
117.56.213.228 - - [26/Aug/2026:14:28:59 +0800] "GET /wp-content/plugins/elementor/assets/lib/waypoints/waypoints.min.js HTTP/1.1" 200 3873 "https://www.wjes.ilc.edu.tw/" "Mozilla/5.0 (Windows NT 10.0; Win64; x64) AppleWebKit/537.36 (KHTML, like Gecko) Chrome/151.0.0.0 Safari/537.36 Edg/151.0.0.0"
117.56.213.228 - - [26/Aug/2026:14:29:00 +0800] "GET /wp-includes/js/jquery/ui/core.min.js HTTP/1.1" 200 7986 "https://www.wjes.ilc.edu.tw/" "Mozilla/5.0 (Windows NT 10.0; Win64; x64) AppleWebKit/537.36 (KHTML, like Gecko) Chrome/151.0.0.0 Safari/537.36 Edg/151.0.0.0"
117.56.213.228 - - [26/Aug/2026:14:29:00 +0800] "GET /wp-content/plugins/elementor/assets/js/frontend.min.js HTTP/1.1" 200 13169 "https://www.wjes.ilc.edu.tw/" "Mozilla/5.0 (Windows NT 10.0; Win64; x64) AppleWebKit/537.36 (KHTML, like Gecko) Chrome/151.0.0.0 Safari/537.36 Edg/151.0.0.0"
