54.88.84.219 - - [26/Aug/2026:14:24:27 +0800] "GET /wp-content/uploads/sites/3591/simply-static/temp-files/simply-static-3591-1736237769/wp-content/uploads/sites/3591/2024/09/%E7%A7%91%E5%AD%B8016.jpg HTTP/1.1" 200 48275 "-" "Mozilla/5.0 AppleWebKit/537.36 (KHTML, like Gecko; compatible; Amazonbot/0.1; +https://developer.amazon.com/support/amazonbot) Chrome/119.0.6045.214 Safari/537.36"
2001:288:a201::66:125 - - [26/Aug/2026:14:24:28 +0800] "GET /blog/active.php HTTP/1.1" 301 1026 "-" "-"
2001:288:a201::66:125 - - [26/Aug/2026:14:24:28 +0800] "GET /blog/active.php HTTP/1.1" 404 1084 "-" "-"
2a03:2880:f802:44:: - - [26/Aug/2026:14:24:28 +0800] "GET /2026/08/17/%e5%81%a5%e9%ab%94%e9%a0%98%e5%9f%9f/ HTTP/1.1" 200 26842 "-" "Mozilla/5.0 (Macintosh; Intel Mac OS X 10_15_7) AppleWebKit/537.36 (KHTML, like Gecko) Chrome/145.0.0.0 Safari/537.36 (compatible; meta-externalagent/1.1 (+https://developers.facebook.com/docs/sharing/webmasters/crawler))"
140.111.67.195 - - [26/Aug/2026:14:24:28 +0800] "GET /wp-admin/admin-post.php?action=steps_ad HTTP/1.1" 200 1649 "-" "node-fetch/1.0 (+https://github.com/bitinn/node-fetch)"
2a03:2880:18ff:17:: - - [26/Aug/2026:14:24:28 +0800] "GET /5415/wp-json/oembed/1.0/embed?url=https%3A%2F%2F2blog.ilc.edu.tw%2F5415%2F2011%2F04%2F%25e5%25bb%2581%25e6%2589%2580%25e7%259a%2584%25e7%25a5%259e%2F HTTP/1.1" 200 8167 "-" "Mozilla/5.0 (Windows NT 10.0; Win64; x64) AppleWebKit/537.36 (KHTML, like Gecko) Chrome/145.0.0.0 Safari/537.36 Edg/145.0.0.0 (compatible; meta-webindexer/1.1 (+https://developers.facebook.com/docs/sharing/webmasters/crawler))"
2001:b011:7807:ff24:ba84:8185:53f5:da74 - - [26/Aug/2026:14:24:29 +0800] "GET / HTTP/1.1" 200 23547 "https://www.google.com/" "Mozilla/5.0 (Linux; Android 10; K) AppleWebKit/537.36 (KHTML, like Gecko) Chrome/151.0.0.0 Mobile Safari/537.36"
2a03:2880:f802:f:: - - [26/Aug/2026:14:24:28 +0800] "GET /1023aa/2022/11/02/ HTTP/1.1" 200 16577 "-" "Mozilla/5.0 (Windows NT 10.0; Win64; x64) AppleWebKit/537.36 (KHTML, like Gecko) Chrome/145.0.0.0 Safari/537.36 Edg/145.0.0.0 (compatible; meta-externalagent/1.1 (+https://developers.facebook.com/docs/sharing/webmasters/crawler))"
2001:b011:7807:ff24:ba84:8185:53f5:da74 - - [26/Aug/2026:14:24:29 +0800] "GET /wp-content/uploads/sites/823/elementor/css/post-605.css HTTP/1.1" 304 790 "https://www.tcjh.ilc.edu.tw/" "Mozilla/5.0 (Linux; Android 10; K) AppleWebKit/537.36 (KHTML, like Gecko) Chrome/151.0.0.0 Mobile Safari/537.36"
74.125.150.166 - - [26/Aug/2026:14:24:29 +0800] "GET /wp-content/cache/www.najh.ilc.edu.tw/wpfc-minified/31mbn6pb/6xg2.css HTTP/1.1" 304 5577 "https://www.najh.ilc.edu.tw/" "AdsBot-Google (+http://www.google.com/adsbot.html)"
2001:b011:7807:ff24:ba84:8185:53f5:da74 - - [26/Aug/2026:14:24:29 +0800] "GET /wp-content/uploads/sites/823/2026/04/S__29442054_0.jpg HTTP/1.1" 304 790 "https://www.tcjh.ilc.edu.tw/" "Mozilla/5.0 (Linux; Android 10; K) AppleWebKit/537.36 (KHTML, like Gecko) Chrome/151.0.0.0 Mobile Safari/537.36"
2001:b011:7807:ff24:ba84:8185:53f5:da74 - - [26/Aug/2026:14:24:29 +0800] "GET /wp-content/uploads/sites/823/2026/04/S__29442052_0.jpg HTTP/1.1" 304 790 "https://www.tcjh.ilc.edu.tw/" "Mozilla/5.0 (Linux; Android 10; K) AppleWebKit/537.36 (KHTML, like Gecko) Chrome/151.0.0.0 Mobile Safari/537.36"
2001:b011:7807:ff24:ba84:8185:53f5:da74 - - [26/Aug/2026:14:24:29 +0800] "GET /wp-content/uploads/sites/823/2026/04/S__29442053_0.jpg HTTP/1.1" 304 790 "https://www.tcjh.ilc.edu.tw/" "Mozilla/5.0 (Linux; Android 10; K) AppleWebKit/537.36 (KHTML, like Gecko) Chrome/151.0.0.0 Mobile Safari/537.36"
74.125.150.166 - - [26/Aug/2026:14:24:29 +0800] "GET /wp-content/cache/www.najh.ilc.edu.tw/wpfc-minified/kz7ju7r3/6wh9.css HTTP/1.1" 304 5577 "https://www.najh.ilc.edu.tw/" "AdsBot-Google (+http://www.google.com/adsbot.html)"
31.76.137.18 - - [26/Aug/2026:14:24:29 +0800] "GET /read1/wp-content/uploads/sites/3809/2025/03/LINE_ALBUM_20250305_%E8%AA%B0%E7%9A%84%E7%88%BA%E7%88%BA%E6%AF%94%E8%BC%83%E5%8E%B2%E5%AE%B3_%E8%88%92%E5%90%9F%E8%80%81%E5%B8%AB_250305_1-300x225.jpg HTTP/1.1" 200 28147 "-" "Mozilla/5.0 (compatible; crawler)"
74.125.150.165 - - [26/Aug/2026:14:24:30 +0800] "GET /wp-content/uploads/sites/1148/elementor/css/post-1409.css HTTP/1.1" 304 5577 "https://www.najh.ilc.edu.tw/" "AdsBot-Google (+http://www.google.com/adsbot.html)"
74.125.150.167 - - [26/Aug/2026:14:24:30 +0800] "GET /wp-content/cache/www.najh.ilc.edu.tw/wpfc-minified/k0kc5650/6wh9.js HTTP/1.1" 304 5577 "https://www.najh.ilc.edu.tw/" "AdsBot-Google (+http://www.google.com/adsbot.html)"
74.125.150.166 - - [26/Aug/2026:14:24:30 +0800] "GET /wp-content/cache/www.najh.ilc.edu.tw/wpfc-minified/13nuqams/6xg2.css HTTP/1.1" 304 790 "https://www.najh.ilc.edu.tw/" "AdsBot-Google (+http://www.google.com/adsbot.html)"
140.111.67.10 - - [26/Aug/2026:14:24:30 +0800] "GET /" 301 273 "-" "-"
140.111.67.195 - - [26/Aug/2026:14:24:30 +0800] "GET /wp-admin/admin-post.php?action=steps_ad HTTP/1.1" 200 1649 "-" "node-fetch/1.0 (+https://github.com/bitinn/node-fetch)"
240e:944:4:1::249 - - [26/Aug/2026:14:24:30 +0800] "GET /page/3/ HTTP/1.1" 200 30838 "-" "Mozilla/5.0 (Windows NT 10.0; Win64; x64) AppleWebKit/537.36 (KHTML, like Gecko) Chrome/144.0.0.0 Safari/537.36"
74.125.150.165 - - [26/Aug/2026:14:24:30 +0800] "GET /wp-content/cache/www.najh.ilc.edu.tw/wpfc-minified/87xhsi2d/6wh9.css HTTP/1.1" 304 790 "https://www.najh.ilc.edu.tw/" "AdsBot-Google (+http://www.google.com/adsbot.html)"
140.111.67.195 - - [26/Aug/2026:14:24:30 +0800] "GET /wp-admin/admin-post.php?action=steps_ad HTTP/1.1" 200 1649 "-" "node-fetch/1.0 (+https://github.com/bitinn/node-fetch)"
74.125.150.166 - - [26/Aug/2026:14:24:31 +0800] "GET /wp-includes/js/hoverintent-js.min.js HTTP/1.1" 304 790 "https://www.najh.ilc.edu.tw/" "AdsBot-Google (+http://www.google.com/adsbot.html)"
2401:e180:8d51:3465:b824:150c:7e5c:22f - - [26/Aug/2026:14:24:31 +0800] "-" 408 4801 "-" "-"
240e:944:4:1::249 - - [26/Aug/2026:14:24:31 +0800] "GET /wp-content/cache/www.cwjh.ilc.edu.tw/wpfc-minified/2mrmz3dm/77dd.css HTTP/1.1" 200 40884 "https://www.cwjh.ilc.edu.tw/page/3/" "Mozilla/5.0 (Windows NT 10.0; Win64; x64) AppleWebKit/537.36 (KHTML, like Gecko) Chrome/144.0.0.0 Safari/537.36"
74.125.150.167 - - [26/Aug/2026:14:24:31 +0800] "GET /wp-content/cache/www.najh.ilc.edu.tw/wpfc-minified/1f13uvw/6wh9.css HTTP/1.1" 304 790 "https://www.najh.ilc.edu.tw/" "AdsBot-Google (+http://www.google.com/adsbot.html)"
57.141.2.46 - - [26/Aug/2026:14:24:31 +0800] "GET /6426/2017/11/08/ HTTP/1.1" 200 16836 "-" "Mozilla/5.0 (X11; Linux x86_64) AppleWebKit/537.36 (KHTML, like Gecko) Chrome/145.0.0.0 Safari/537.36 (compatible; meta-externalagent/1.1 (+https://developers.facebook.com/docs/sharing/webmasters/crawler))"
74.125.150.167 - - [26/Aug/2026:14:24:32 +0800] "GET /wp-includes/js/admin-bar.min.js HTTP/1.1" 304 790 "https://www.najh.ilc.edu.tw/" "AdsBot-Google (+http://www.google.com/adsbot.html)"
54.166.104.83 - - [26/Aug/2026:14:24:31 +0800] "GET /wp-content/uploads/sites/842/4620/?C=N;O%3DD HTTP/1.1" 200 20276 "-" "Mozilla/5.0 AppleWebKit/537.36 (KHTML, like Gecko; compatible; Amazonbot/0.1; +https://developer.amazon.com/support/amazonbot) Chrome/119.0.6045.214 Safari/537.36"
3.93.253.174 - - [26/Aug/2026:14:24:32 +0800] "GET /332test/wp-content/uploads/sites/3511/2022/06/%E5%BB%BA%E7%AB%8B%E6%99%AF%E9%BB%9E008-1024x630.jpg HTTP/1.1" 200 46741 "-" "Mozilla/5.0 AppleWebKit/537.36 (KHTML, like Gecko; compatible; Amazonbot/0.1; +https://developer.amazon.com/support/amazonbot) Chrome/119.0.6045.214 Safari/537.36"
60.248.109.100 - - [26/Aug/2026:14:24:32 +0800] "GET /2341/2013/10/26/%E7%9B%B4%E5%BC%8F%E9%96%8B%E6%A0%B9%E8%99%9F/ HTTP/1.1" 200 15464 "https://www.google.com/" "Mozilla/5.0 (Windows NT 10.0; Win64; x64) AppleWebKit/537.36 (KHTML, like Gecko) Chrome/151.0.0.0 Safari/537.36"
44.212.232.231 - - [26/Aug/2026:14:24:32 +0800] "GET /amy6998/wp-json/wp/v2/media?parent=27894 HTTP/1.1" 200 13289 "-" "Mozilla/5.0 AppleWebKit/537.36 (KHTML, like Gecko; compatible; Amazonbot/0.1; +https://developer.amazon.com/support/amazonbot) Chrome/119.0.6045.214 Safari/537.36"
60.248.109.100 - - [26/Aug/2026:14:24:32 +0800] "GET /2341/wp-content/cache/2blog.ilc.edu.tw/wpfc-minified/m1gbfgyp/5wojm.css HTTP/1.1" 200 40886 "https://2blog.ilc.edu.tw/2341/2013/10/26/%E7%9B%B4%E5%BC%8F%E9%96%8B%E6%A0%B9%E8%99%9F/" "Mozilla/5.0 (Windows NT 10.0; Win64; x64) AppleWebKit/537.36 (KHTML, like Gecko) Chrome/151.0.0.0 Safari/537.36"
60.248.109.100 - - [26/Aug/2026:14:24:32 +0800] "GET /2341/wp-content/cache/2blog.ilc.edu.tw/wpfc-minified/lmm2gzno/5wojm.css HTTP/1.1" 200 20774 "https://2blog.ilc.edu.tw/2341/2013/10/26/%E7%9B%B4%E5%BC%8F%E9%96%8B%E6%A0%B9%E8%99%9F/" "Mozilla/5.0 (Windows NT 10.0; Win64; x64) AppleWebKit/537.36 (KHTML, like Gecko) Chrome/151.0.0.0 Safari/537.36"
74.125.150.167 - - [26/Aug/2026:14:24:32 +0800] "GET /wp-content/themes/oceanwp/assets/js/theme.min.js HTTP/1.1" 304 790 "https://www.najh.ilc.edu.tw/" "AdsBot-Google (+http://www.google.com/adsbot.html)"
240e:f7:4f00:1d0a::3 - - [26/Aug/2026:14:24:32 +0800] "-" 408 339 "-" "-"
60.248.109.100 - - [26/Aug/2026:14:24:32 +0800] "GET /2341/wp-content/cache/2blog.ilc.edu.tw/wpfc-minified/210e8pxk/5wojm.css HTTP/1.1" 200 30996 "https://2blog.ilc.edu.tw/2341/2013/10/26/%E7%9B%B4%E5%BC%8F%E9%96%8B%E6%A0%B9%E8%99%9F/" "Mozilla/5.0 (Windows NT 10.0; Win64; x64) AppleWebKit/537.36 (KHTML, like Gecko) Chrome/151.0.0.0 Safari/537.36"
60.248.109.100 - - [26/Aug/2026:14:24:32 +0800] "GET /2341/wp-content/cache/2blog.ilc.edu.tw/wpfc-minified/lcp2em6x/5wojm.js HTTP/1.1" 200 6435 "https://2blog.ilc.edu.tw/2341/2013/10/26/%E7%9B%B4%E5%BC%8F%E9%96%8B%E6%A0%B9%E8%99%9F/" "Mozilla/5.0 (Windows NT 10.0; Win64; x64) AppleWebKit/537.36 (KHTML, like Gecko) Chrome/151.0.0.0 Safari/537.36"
60.248.109.100 - - [26/Aug/2026:14:24:32 +0800] "GET /2341/wp-content/cache/2blog.ilc.edu.tw/wpfc-minified/quw4x8eh/5wojm.css HTTP/1.1" 200 13385 "https://2blog.ilc.edu.tw/2341/2013/10/26/%E7%9B%B4%E5%BC%8F%E9%96%8B%E6%A0%B9%E8%99%9F/" "Mozilla/5.0 (Windows NT 10.0; Win64; x64) AppleWebKit/537.36 (KHTML, like Gecko) Chrome/151.0.0.0 Safari/537.36"
60.248.109.100 - - [26/Aug/2026:14:24:32 +0800] "GET /2341/wp-content/cache/2blog.ilc.edu.tw/wpfc-minified/jqcetw75/5wsv7.js HTTP/1.1" 200 56125 "https://2blog.ilc.edu.tw/2341/2013/10/26/%E7%9B%B4%E5%BC%8F%E9%96%8B%E6%A0%B9%E8%99%9F/" "Mozilla/5.0 (Windows NT 10.0; Win64; x64) AppleWebKit/537.36 (KHTML, like Gecko) Chrome/151.0.0.0 Safari/537.36"
60.248.109.100 - - [26/Aug/2026:14:24:32 +0800] "GET /2341/wp-content/uploads/sites/450/2019/07/510c1b78-84cb-4a3e-a264-d2528e6aba38_.png HTTP/1.1" 200 7562 "https://2blog.ilc.edu.tw/2341/2013/10/26/%E7%9B%B4%E5%BC%8F%E9%96%8B%E6%A0%B9%E8%99%9F/" "Mozilla/5.0 (Windows NT 10.0; Win64; x64) AppleWebKit/537.36 (KHTML, like Gecko) Chrome/151.0.0.0 Safari/537.36"
60.248.109.100 - - [26/Aug/2026:14:24:32 +0800] "GET /wp-content/uploads/sites/450/2341/2341-2097481.gif HTTP/1.1" 200 86917 "https://2blog.ilc.edu.tw/2341/2013/10/26/%E7%9B%B4%E5%BC%8F%E9%96%8B%E6%A0%B9%E8%99%9F/" "Mozilla/5.0 (Windows NT 10.0; Win64; x64) AppleWebKit/537.36 (KHTML, like Gecko) Chrome/151.0.0.0 Safari/537.36"
60.248.109.100 - - [26/Aug/2026:14:24:32 +0800] "GET /wp-content/uploads/sites/450/2341/previews-med/2341-2097482.jpg HTTP/1.1" 200 65022 "https://2blog.ilc.edu.tw/2341/2013/10/26/%E7%9B%B4%E5%BC%8F%E9%96%8B%E6%A0%B9%E8%99%9F/" "Mozilla/5.0 (Windows NT 10.0; Win64; x64) AppleWebKit/537.36 (KHTML, like Gecko) Chrome/151.0.0.0 Safari/537.36"
60.248.109.100 - - [26/Aug/2026:14:24:32 +0800] "GET /2341/wp-includes/js/hoverintent-js.min.js HTTP/1.1" 200 1597 "https://2blog.ilc.edu.tw/2341/2013/10/26/%E7%9B%B4%E5%BC%8F%E9%96%8B%E6%A0%B9%E8%99%9F/" "Mozilla/5.0 (Windows NT 10.0; Win64; x64) AppleWebKit/537.36 (KHTML, like Gecko) Chrome/151.0.0.0 Safari/537.36"
60.248.109.100 - - [26/Aug/2026:14:24:32 +0800] "GET /2341/wp-includes/js/admin-bar.min.js HTTP/1.1" 200 2237 "https://2blog.ilc.edu.tw/2341/2013/10/26/%E7%9B%B4%E5%BC%8F%E9%96%8B%E6%A0%B9%E8%99%9F/" "Mozilla/5.0 (Windows NT 10.0; Win64; x64) AppleWebKit/537.36 (KHTML, like Gecko) Chrome/151.0.0.0 Safari/537.36"
60.248.109.100 - - [26/Aug/2026:14:24:32 +0800] "POST /2341/wp-json/ilc-summary/v1/popular-posts HTTP/1.1" 201 1400 "https://2blog.ilc.edu.tw/2341/2013/10/26/%E7%9B%B4%E5%BC%8F%E9%96%8B%E6%A0%B9%E8%99%9F/" "Mozilla/5.0 (Windows NT 10.0; Win64; x64) AppleWebKit/537.36 (KHTML, like Gecko) Chrome/151.0.0.0 Safari/537.36"
60.248.109.100 - - [26/Aug/2026:14:24:33 +0800] "GET /2341/wp-content/themes/mynote/assets/webfonts/fa-solid-900.woff2 HTTP/1.1" 200 60555 "https://2blog.ilc.edu.tw/2341/wp-content/cache/2blog.ilc.edu.tw/wpfc-minified/210e8pxk/5wojm.css" "Mozilla/5.0 (Windows NT 10.0; Win64; x64) AppleWebKit/537.36 (KHTML, like Gecko) Chrome/151.0.0.0 Safari/537.36"
74.125.150.166 - - [26/Aug/2026:14:24:33 +0800] "GET /wp-content/themes/oceanwp/assets/js/vendors/magnific-popup.min.js HTTP/1.1" 304 790 "https://www.najh.ilc.edu.tw/" "AdsBot-Google (+http://www.google.com/adsbot.html)"
2001:288:a201::66:125 - - [26/Aug/2026:14:24:33 +0800] "GET /blog/active.php HTTP/1.1" 301 1026 "-" "-"
2001:288:a201::66:125 - - [26/Aug/2026:14:24:33 +0800] "GET /blog/active.php HTTP/1.1" 404 1084 "-" "-"
240e:97e:2000:900:1234:4321:0:76 - - [26/Aug/2026:14:24:33 +0800] "GET /5595/2017/09/18/105%e4%b8%8b%e8%97%9d%e6%96%87%e9%a0%98%e5%9f%9f%e6%95%99%e5%b8%ab%e5%b0%88%e6%a5%ad%e6%88%90%e9%95%b7-%e7%ac%ac%e4%b8%89%e5%a0%b4 HTTP/1.1" 301 5871 "-" "Mozilla/5.0 (Windows NT 10.0; Win64; x64) AppleWebKit/537.36 (KHTML, like Gecko) Chrome/144.0.0.0 Safari/537.36"
74.125.150.165 - - [26/Aug/2026:14:24:33 +0800] "GET /wp-includes/js/imagesloaded.min.js HTTP/1.1" 304 790 "https://www.najh.ilc.edu.tw/" "AdsBot-Google (+http://www.google.com/adsbot.html)"
2001:b011:7801:50b1:6896:e40d:fa1:6e2a - - [26/Aug/2026:14:24:33 +0800] "GET /6448/wp-content/uploads/sites/1441/2020/11/109_%E4%BA%8C_1_109%E5%B7%A1%E6%B0%B4%E7%94%B0%E6%B8%85%E9%9D%9C%E5%AE%B6%E5%9C%92%E6%B4%BB%E5%8B%95-%E7%B0%BD%E5%88%B0%E8%A1%A89.28-40%E4%BA%BA-1.pdf HTTP/1.1" 200 127171 "https://www.google.com/" "Mozilla/5.0 (Macintosh; Intel Mac OS X 10_15_7) AppleWebKit/537.36 (KHTML, like Gecko) Chrome/151.0.0.0 Safari/537.36"
240e:944:4:1::249 - - [26/Aug/2026:14:24:33 +0800] "GET /wp-includes/js/hoverintent-js.min.js HTTP/1.1" 200 1597 "https://www.cwjh.ilc.edu.tw/page/3/" "Mozilla/5.0 (Windows NT 10.0; Win64; x64) AppleWebKit/537.36 (KHTML, like Gecko) Chrome/144.0.0.0 Safari/537.36"
240e:97e:2000:900:1234:4321:0:76 - - [26/Aug/2026:14:24:33 +0800] "GET /5595/2017/09/18/105%e4%b8%8b%e8%97%9d%e6%96%87%e9%a0%98%e5%9f%9f%e6%95%99%e5%b8%ab%e5%b0%88%e6%a5%ad%e6%88%90%e9%95%b7-%e7%ac%ac%e4%b8%89%e5%a0%b4/ HTTP/1.1" 200 11842 "-" "Mozilla/5.0 (Windows NT 10.0; Win64; x64) AppleWebKit/537.36 (KHTML, like Gecko) Chrome/144.0.0.0 Safari/537.36"
74.125.150.166 - - [26/Aug/2026:14:24:34 +0800] "GET /wp-content/themes/oceanwp/assets/js/drop-down-search.min.js HTTP/1.1" 304 790 "https://www.najh.ilc.edu.tw/" "AdsBot-Google (+http://www.google.com/adsbot.html)"
2001:b011:7801:50b1:6896:e40d:fa1:6e2a - - [26/Aug/2026:14:24:34 +0800] "GET /favicon.ico HTTP/1.1" 302 1030 "https://2blog.ilc.edu.tw/6448/wp-content/uploads/sites/1441/2020/11/109_%E4%BA%8C_1_109%E5%B7%A1%E6%B0%B4%E7%94%B0%E6%B8%85%E9%9D%9C%E5%AE%B6%E5%9C%92%E6%B4%BB%E5%8B%95-%E7%B0%BD%E5%88%B0%E8%A1%A89.28-40%E4%BA%BA-1.pdf" "Mozilla/5.0 (Macintosh; Intel Mac OS X 10_15_7) AppleWebKit/537.36 (KHTML, like Gecko) Chrome/151.0.0.0 Safari/537.36"
2001:b011:7801:50b1:6896:e40d:fa1:6e2a - - [26/Aug/2026:14:24:34 +0800] "GET /wp-includes/images/w-logo-blue-white-bg.png HTTP/1.1" 200 4946 "https://2blog.ilc.edu.tw/6448/wp-content/uploads/sites/1441/2020/11/109_%E4%BA%8C_1_109%E5%B7%A1%E6%B0%B4%E7%94%B0%E6%B8%85%E9%9D%9C%E5%AE%B6%E5%9C%92%E6%B4%BB%E5%8B%95-%E7%B0%BD%E5%88%B0%E8%A1%A89.28-40%E4%BA%BA-1.pdf" "Mozilla/5.0 (Macintosh; Intel Mac OS X 10_15_7) AppleWebKit/537.36 (KHTML, like Gecko) Chrome/151.0.0.0 Safari/537.36"
2a03:2880:f802:20:: - - [26/Aug/2026:14:24:31 +0800] "GET /ar/u00d0u00b4u00d1u0095u00c2u00a0u00d0u00b5u00c2u00aeu00d1u009eu00d0u00b6u00d0u008au00e2u0080u009au00d0u00b6u00d1u009au00d1u0094u00d0u00b4u00d1u0098u00c2u00a0-u00d0u00b5u00d0u008cu00e2u0080u00a2u00d0u00b6u00d1u009au00d1u0094u00d0u00b6u00c2u00b1u00d1u009fu00d0u00b6u00e2u0084u0096u00e2u0080u0093u00d0u00b7u00d1u0095u00c2u00a4u00d0u00b4u00d1u0095u00c2u00a0u00d0u00b9u00e2u0080u0094u00d0u0087u00d0u00b6u00c2u00adu00c2u00a6u00d0u00b6u00d1u009bu00e2u0080u0094u00d0u00b5u00c2u00a4u00c2u00a9u00d0u00b4u00d1u0091u00e2u0080u00b9-codes/ HTTP/1.1" 200 28346 "-" "Mozilla/5.0 (Windows NT 10.0; Win64; x64) AppleWebKit/537.36 (KHTML, like Gecko) Chrome/145.0.0.0 Safari/537.36 (compatible; meta-externalagent/1.1 (+https://developers.facebook.com/docs/sharing/webmasters/crawler))"
::1 - - [26/Aug/2026:14:24:34 +0800] "OPTIONS * HTTP/1.0" 200 110 "-" "Apache/2.4.68 (Ubuntu) OpenSSL/3.0.19 (internal dummy connection)"
74.125.150.165 - - [26/Aug/2026:14:24:34 +0800] "GET /wp-content/themes/oceanwp/assets/js/ow-slider.min.js HTTP/1.1" 304 790 "https://www.najh.ilc.edu.tw/" "AdsBot-Google (+http://www.google.com/adsbot.html)"
2a03:2880:f802:33:: - - [26/Aug/2026:14:24:33 +0800] "GET /32745/2024/11/09/ HTTP/1.1" 200 91439 "-" "Mozilla/5.0 (Macintosh; Intel Mac OS X 10_15_7) AppleWebKit/537.36 (KHTML, like Gecko) Chrome/145.0.0.0 Safari/537.36 (compatible; meta-externalagent/1.1 (+https://developers.facebook.com/docs/sharing/webmasters/crawler))"
2a03:2880:f802:40:: - - [26/Aug/2026:14:24:33 +0800] "GET /26150/2015/06/15/104%e5%b9%b4%e7%a5%96%e5%ad%ab%e9%96%b1%e8%ae%80%e7%a8%85%e6%9c%89%e8%b6%a3%e6%b4%bb%e5%8b%95%e8%a8%88%e7%95%ab%ef%bc%8c%e6%ad%a1%e8%bf%8e%e7%b8%a3%e5%85%a7%e7%a5%96%e7%88%b6%e6%af%8d%e8%88%87/ HTTP/1.1" 200 23975 "-" "Mozilla/5.0 (Windows NT 10.0; Win64; x64) AppleWebKit/537.36 (KHTML, like Gecko) Chrome/145.0.0.0 Safari/537.36 Edg/145.0.0.0 (compatible; meta-externalagent/1.1 (+https://developers.facebook.com/docs/sharing/webmasters/crawler))"
23.21.204.95 - - [26/Aug/2026:14:24:35 +0800] "GET /wp-content/uploads/sites/734/2020/09/?C=N;O%3DD HTTP/1.1" 200 1112 "-" "Mozilla/5.0 AppleWebKit/537.36 (KHTML, like Gecko; compatible; Amazonbot/0.1; +https://developer.amazon.com/support/amazonbot) Chrome/119.0.6045.214 Safari/537.36"
66.249.79.163 - - [26/Aug/2026:14:24:35 +0800] "GET /read/wp-content/uploads/sites/1311/2020/04/210573.jpg HTTP/1.1" 200 123657 "-" "Googlebot-Image/1.0"
2001:288:a23c:1:df6:d69e:49df:b6b - - [26/Aug/2026:14:24:35 +0800] "GET /2025/06/25/%E6%95%99%E5%8B%99%E8%99%95/ HTTP/1.1" 200 13844 "https://www.wjjh.ilc.edu.tw/" "Mozilla/5.0 (Windows NT 10.0; Win64; x64) AppleWebKit/537.36 (KHTML, like Gecko) Chrome/151.0.0.0 Safari/537.36"
240e:944:4:1::249 - - [26/Aug/2026:14:24:35 +0800] "GET /wp-content/themes/oceanwp/assets/js/drop-down-mobile-menu.min.js HTTP/1.1" 200 4663 "https://www.cwjh.ilc.edu.tw/page/3/" "Mozilla/5.0 (Windows NT 10.0; Win64; x64) AppleWebKit/537.36 (KHTML, like Gecko) Chrome/144.0.0.0 Safari/537.36"
2001:288:a23c:1:df6:d69e:49df:b6b - - [26/Aug/2026:14:24:35 +0800] "GET /wp-content/cache/www.wjjh.ilc.edu.tw/wpfc-minified/g3uw8xgy/hmh4p.css HTTP/1.1" 200 14211 "https://www.wjjh.ilc.edu.tw/2025/06/25/%E6%95%99%E5%8B%99%E8%99%95/" "Mozilla/5.0 (Windows NT 10.0; Win64; x64) AppleWebKit/537.36 (KHTML, like Gecko) Chrome/151.0.0.0 Safari/537.36"
2001:288:a23c:1:df6:d69e:49df:b6b - - [26/Aug/2026:14:24:35 +0800] "GET /wp-content/cache/www.wjjh.ilc.edu.tw/wpfc-minified/8yv1kd2o/hmlq7.css HTTP/1.1" 200 15980 "https://www.wjjh.ilc.edu.tw/2025/06/25/%E6%95%99%E5%8B%99%E8%99%95/" "Mozilla/5.0 (Windows NT 10.0; Win64; x64) AppleWebKit/537.36 (KHTML, like Gecko) Chrome/151.0.0.0 Safari/537.36"
2001:288:a23c:1:df6:d69e:49df:b6b - - [26/Aug/2026:14:24:35 +0800] "GET /wp-content/cache/www.wjjh.ilc.edu.tw/wpfc-minified/djqj6fsp/43gr0.js HTTP/1.1" 200 1978 "https://www.wjjh.ilc.edu.tw/2025/06/25/%E6%95%99%E5%8B%99%E8%99%95/" "Mozilla/5.0 (Windows NT 10.0; Win64; x64) AppleWebKit/537.36 (KHTML, like Gecko) Chrome/151.0.0.0 Safari/537.36"
74.125.150.166 - - [26/Aug/2026:14:24:35 +0800] "GET /wp-content/themes/oceanwp/assets/js/scroll-top.min.js HTTP/1.1" 304 790 "https://www.najh.ilc.edu.tw/" "AdsBot-Google (+http://www.google.com/adsbot.html)"
240e:97e:2000:900:1234:4321:0:76 - - [26/Aug/2026:14:24:35 +0800] "GET /5595/wp-content/cache/2blog.ilc.edu.tw/wpfc-minified/d6r5s2si/7tqoa.css HTTP/1.1" 200 20576 "https://2blog.ilc.edu.tw/5595/2017/09/18/105%e4%b8%8b%e8%97%9d%e6%96%87%e9%a0%98%e5%9f%9f%e6%95%99%e5%b8%ab%e5%b0%88%e6%a5%ad%e6%88%90%e9%95%b7-%e7%ac%ac%e4%b8%89%e5%a0%b4/" "Mozilla/5.0 (Windows NT 10.0; Win64; x64) AppleWebKit/537.36 (KHTML, like Gecko) Chrome/144.0.0.0 Safari/537.36"
140.111.67.10 - - [26/Aug/2026:14:24:35 +0800] "GET /" 301 273 "-" "-"
2001:288:a23c:1:df6:d69e:49df:b6b - - [26/Aug/2026:14:24:35 +0800] "POST /wp-json/ilc-summary/v1/popular-posts HTTP/1.1" 201 1396 "https://www.wjjh.ilc.edu.tw/2025/06/25/%E6%95%99%E5%8B%99%E8%99%95/" "Mozilla/5.0 (Windows NT 10.0; Win64; x64) AppleWebKit/537.36 (KHTML, like Gecko) Chrome/151.0.0.0 Safari/537.36"
240e:944:4:1::249 - - [26/Aug/2026:14:24:35 +0800] "GET /wp-content/themes/oceanwp/assets/js/ow-slider.min.js HTTP/1.1" 200 1761 "https://www.cwjh.ilc.edu.tw/page/3/" "Mozilla/5.0 (Windows NT 10.0; Win64; x64) AppleWebKit/537.36 (KHTML, like Gecko) Chrome/144.0.0.0 Safari/537.36"
140.111.67.195 - - [26/Aug/2026:14:24:35 +0800] "GET /wp-admin/admin-post.php?action=steps_ad HTTP/1.1" 200 1649 "-" "node-fetch/1.0 (+https://github.com/bitinn/node-fetch)"
140.111.67.195 - - [26/Aug/2026:14:24:35 +0800] "GET /wp-admin/admin-post.php?action=steps_ad HTTP/1.1" 200 1649 "-" "node-fetch/1.0 (+https://github.com/bitinn/node-fetch)"
74.125.150.166 - - [26/Aug/2026:14:24:35 +0800] "GET /wp-content/themes/oceanwp/assets/js/select.min.js HTTP/1.1" 304 790 "https://www.najh.ilc.edu.tw/" "AdsBot-Google (+http://www.google.com/adsbot.html)"
34.56.53.225 - - [26/Aug/2026:14:24:35 +0800] "GET /6448/2018/11/11/107_4-5_%E7%AF%80%E8%83%BD%E6%B8%9B%E7%A2%B3_%E6%A9%9F%E8%BB%8A%E7%86%84%E7%81%AB/ HTTP/1.1" 200 16465 "-" "Mozilla/5.0 (Macintosh; Intel Mac OS X 10_15_7) AppleWebKit/537.36 (KHTML, like Gecko) Chrome/120.0.0.0 Safari/537.36"
2001:288:a260:1:3cb2:7a81:9cd3:a745 - - [26/Aug/2026:14:24:35 +0800] "POST /wp-admin/admin-ajax.php HTTP/1.1" 200 1459 "https://2blog.ilc.edu.tw/wp-admin/my-sites.php" "Mozilla/5.0 (Windows NT 10.0; Win64; x64) AppleWebKit/537.36 (KHTML, like Gecko) Chrome/151.0.0.0 Safari/537.36"
240e:97e:2000:900:1234:4321:0:76 - - [26/Aug/2026:14:24:36 +0800] "GET /5595/wp-content/cache/2blog.ilc.edu.tw/wpfc-minified/kzqpbrma/7tqoa.css HTTP/1.1" 200 40886 "https://2blog.ilc.edu.tw/5595/2017/09/18/105%e4%b8%8b%e8%97%9d%e6%96%87%e9%a0%98%e5%9f%9f%e6%95%99%e5%b8%ab%e5%b0%88%e6%a5%ad%e6%88%90%e9%95%b7-%e7%ac%ac%e4%b8%89%e5%a0%b4/" "Mozilla/5.0 (Windows NT 10.0; Win64; x64) AppleWebKit/537.36 (KHTML, like Gecko) Chrome/144.0.0.0 Safari/537.36"
74.125.150.165 - - [26/Aug/2026:14:24:36 +0800] "GET /wp-content/plugins/ocean-extra/includes/widgets/js/flickr.min.js HTTP/1.1" 304 790 "https://www.najh.ilc.edu.tw/" "AdsBot-Google (+http://www.google.com/adsbot.html)"
240e:97e:2000:900:1234:4321:0:76 - - [26/Aug/2026:14:24:36 +0800] "GET /5595/wp-content/cache/2blog.ilc.edu.tw/wpfc-minified/eewj344l/7tqoa.css HTTP/1.1" 200 1496 "https://2blog.ilc.edu.tw/5595/2017/09/18/105%e4%b8%8b%e8%97%9d%e6%96%87%e9%a0%98%e5%9f%9f%e6%95%99%e5%b8%ab%e5%b0%88%e6%a5%ad%e6%88%90%e9%95%b7-%e7%ac%ac%e4%b8%89%e5%a0%b4/" "Mozilla/5.0 (Windows NT 10.0; Win64; x64) AppleWebKit/537.36 (KHTML, like Gecko) Chrome/144.0.0.0 Safari/537.36"
42.79.130.35 - - [26/Aug/2026:14:24:36 +0800] "GET /wp-content/uploads/sites/1664/elementor/css/post-2.css HTTP/1.1" 304 5590 "https://www.gjes.ilc.edu.tw/" "Mozilla/5.0 (iPhone; CPU iPhone OS 18_7 like Mac OS X) AppleWebKit/605.1.15 (KHTML, like Gecko) Version/26.6 Mobile/15E148 Safari/604.1"
240e:97e:2000:900:1234:4321:0:76 - - [26/Aug/2026:14:24:36 +0800] "GET /5595/wp-content/cache/2blog.ilc.edu.tw/wpfc-minified/1ouaizzw/7tqoa.css HTTP/1.1" 200 32573 "https://2blog.ilc.edu.tw/5595/2017/09/18/105%e4%b8%8b%e8%97%9d%e6%96%87%e9%a0%98%e5%9f%9f%e6%95%99%e5%b8%ab%e5%b0%88%e6%a5%ad%e6%88%90%e9%95%b7-%e7%ac%ac%e4%b8%89%e5%a0%b4/" "Mozilla/5.0 (Windows NT 10.0; Win64; x64) AppleWebKit/537.36 (KHTML, like Gecko) Chrome/144.0.0.0 Safari/537.36"
240e:944:4:1::249 - - [26/Aug/2026:14:24:36 +0800] "GET /wp-content/plugins/ocean-extra/includes/widgets/js/flickr.min.js HTTP/1.1" 200 1319 "https://www.cwjh.ilc.edu.tw/page/3/" "Mozilla/5.0 (Windows NT 10.0; Win64; x64) AppleWebKit/537.36 (KHTML, like Gecko) Chrome/144.0.0.0 Safari/537.36"
240e:97e:2000:900:1234:4321:0:76 - - [26/Aug/2026:14:24:36 +0800] "GET /5595/wp-content/cache/2blog.ilc.edu.tw/wpfc-minified/e604j9h2/7tqoa.js HTTP/1.1" 200 35565 "https://2blog.ilc.edu.tw/5595/2017/09/18/105%e4%b8%8b%e8%97%9d%e6%96%87%e9%a0%98%e5%9f%9f%e6%95%99%e5%b8%ab%e5%b0%88%e6%a5%ad%e6%88%90%e9%95%b7-%e7%ac%ac%e4%b8%89%e5%a0%b4/" "Mozilla/5.0 (Windows NT 10.0; Win64; x64) AppleWebKit/537.36 (KHTML, like Gecko) Chrome/144.0.0.0 Safari/537.36"
74.125.150.165 - - [26/Aug/2026:14:24:36 +0800] "GET /wp-includes/js/mediaelement/mediaelement-migrate.min.js HTTP/1.1" 304 790 "https://www.najh.ilc.edu.tw/" "AdsBot-Google (+http://www.google.com/adsbot.html)"
140.111.67.195 - - [26/Aug/2026:14:24:36 +0800] "GET /wp-admin/admin-post.php?action=steps_ad HTTP/1.1" 200 1649 "-" "node-fetch/1.0 (+https://github.com/bitinn/node-fetch)"
74.125.150.166 - - [26/Aug/2026:14:24:37 +0800] "GET /wp-content/plugins/elementor/assets/js/frontend-modules.min.js HTTP/1.1" 304 790 "https://www.najh.ilc.edu.tw/" "AdsBot-Google (+http://www.google.com/adsbot.html)"
2001:288:a212:1:b94d:2fb8:c510:201a - - [26/Aug/2026:14:24:37 +0800] "-" 408 339 "-" "-"
42.79.130.35 - - [26/Aug/2026:14:24:37 +0800] "POST /wp-json/wp-statistics/v2/hit HTTP/1.1" 200 1212 "https://www.gjes.ilc.edu.tw/" "Mozilla/5.0 (iPhone; CPU iPhone OS 18_7 like Mac OS X) AppleWebKit/605.1.15 (KHTML, like Gecko) Version/26.6 Mobile/15E148 Safari/604.1"
2a03:2880:f802:40:: - - [26/Aug/2026:14:24:37 +0800] "GET /6573/category/%e7%92%b0%e5%a2%83%e7%ae%a1%e7%90%86%e5%8f%8a%e9%85%8d%e5%90%88%e6%8e%aa%e6%96%bd/page/7/ HTTP/1.1" 200 16151 "-" "Mozilla/5.0 (Windows NT 10.0; Win64; x64) AppleWebKit/537.36 (KHTML, like Gecko) Chrome/145.0.0.0 Safari/537.36 (compatible; meta-externalagent/1.1 (+https://developers.facebook.com/docs/sharing/webmasters/crawler))"
240e:97e:2000:900:1234:4321:0:76 - - [26/Aug/2026:14:24:37 +0800] "GET /5595/wp-includes/js/admin-bar.min.js HTTP/1.1" 200 2237 "https://2blog.ilc.edu.tw/5595/2017/09/18/105%e4%b8%8b%e8%97%9d%e6%96%87%e9%a0%98%e5%9f%9f%e6%95%99%e5%b8%ab%e5%b0%88%e6%a5%ad%e6%88%90%e9%95%b7-%e7%ac%ac%e4%b8%89%e5%a0%b4/" "Mozilla/5.0 (Windows NT 10.0; Win64; x64) AppleWebKit/537.36 (KHTML, like Gecko) Chrome/144.0.0.0 Safari/537.36"
74.125.150.165 - - [26/Aug/2026:14:24:38 +0800] "GET /wp-content/plugins/elementor/assets/js/webpack.runtime.min.js HTTP/1.1" 304 790 "https://www.najh.ilc.edu.tw/" "AdsBot-Google (+http://www.google.com/adsbot.html)"
2001:288:a201::66:125 - - [26/Aug/2026:14:24:38 +0800] "GET /blog/active.php HTTP/1.1" 301 1026 "-" "-"
2001:288:a201::66:125 - - [26/Aug/2026:14:24:38 +0800] "GET /blog/active.php HTTP/1.1" 404 1084 "-" "-"
240e:97e:2000:900:1234:4321:0:76 - - [26/Aug/2026:14:24:38 +0800] "GET /5595/wp-includes/js/hoverintent-js.min.js HTTP/1.1" 200 1597 "https://2blog.ilc.edu.tw/5595/2017/09/18/105%e4%b8%8b%e8%97%9d%e6%96%87%e9%a0%98%e5%9f%9f%e6%95%99%e5%b8%ab%e5%b0%88%e6%a5%ad%e6%88%90%e9%95%b7-%e7%ac%ac%e4%b8%89%e5%a0%b4/" "Mozilla/5.0 (Windows NT 10.0; Win64; x64) AppleWebKit/537.36 (KHTML, like Gecko) Chrome/144.0.0.0 Safari/537.36"
2a03:2880:f802:6:: - - [26/Aug/2026:14:24:38 +0800] "GET /6415/2015/11/13/ HTTP/1.1" 200 15841 "-" "Mozilla/5.0 (Macintosh; Intel Mac OS X 10_15_7) AppleWebKit/537.36 (KHTML, like Gecko) Chrome/145.0.0.0 Safari/537.36 (compatible; meta-externalagent/1.1 (+https://developers.facebook.com/docs/sharing/webmasters/crawler))"
74.125.150.165 - - [26/Aug/2026:14:24:38 +0800] "GET /wp-includes/js/mediaelement/wp-mediaelement.min.js HTTP/1.1" 304 790 "https://www.najh.ilc.edu.tw/" "AdsBot-Google (+http://www.google.com/adsbot.html)"
240e:97e:2000:900:1234:4321:0:76 - - [26/Aug/2026:14:24:38 +0800] "GET /5595/wp-content/cache/2blog.ilc.edu.tw/wpfc-minified/e5xwigfi/7tqoa.js HTTP/1.1" 200 1981 "https://2blog.ilc.edu.tw/5595/2017/09/18/105%e4%b8%8b%e8%97%9d%e6%96%87%e9%a0%98%e5%9f%9f%e6%95%99%e5%b8%ab%e5%b0%88%e6%a5%ad%e6%88%90%e9%95%b7-%e7%ac%ac%e4%b8%89%e5%a0%b4/" "Mozilla/5.0 (Windows NT 10.0; Win64; x64) AppleWebKit/537.36 (KHTML, like Gecko) Chrome/144.0.0.0 Safari/537.36"
74.125.150.165 - - [26/Aug/2026:14:24:38 +0800] "GET /wp-content/plugins/elementor/assets/lib/waypoints/waypoints.min.js HTTP/1.1" 304 790 "https://www.najh.ilc.edu.tw/" "AdsBot-Google (+http://www.google.com/adsbot.html)"
240e:97e:2000:900:1234:4321:0:76 - - [26/Aug/2026:14:24:39 +0800] "GET /5595/wp-content/cache/2blog.ilc.edu.tw/wpfc-minified/fpt43xtj/7tqoa.css HTTP/1.1" 200 2095 "https://2blog.ilc.edu.tw/5595/2017/09/18/105%e4%b8%8b%e8%97%9d%e6%96%87%e9%a0%98%e5%9f%9f%e6%95%99%e5%b8%ab%e5%b0%88%e6%a5%ad%e6%88%90%e9%95%b7-%e7%ac%ac%e4%b8%89%e5%a0%b4/" "Mozilla/5.0 (Windows NT 10.0; Win64; x64) AppleWebKit/537.36 (KHTML, like Gecko) Chrome/144.0.0.0 Safari/537.36"
2a03:2880:f802:17:: - - [26/Aug/2026:14:24:38 +0800] "GET /6452/author/gui2051/ HTTP/1.1" 200 15935 "-" "Mozilla/5.0 (Windows NT 10.0; Win64; x64) AppleWebKit/537.36 (KHTML, like Gecko) Chrome/145.0.0.0 Safari/537.36 (compatible; meta-externalagent/1.1 (+https://developers.facebook.com/docs/sharing/webmasters/crawler))"
3.94.157.25 - - [26/Aug/2026:14:24:39 +0800] "GET /wp-content/uploads/sites/1058/2024/?C=S;O%3DA HTTP/1.1" 200 1319 "-" "Mozilla/5.0 AppleWebKit/537.36 (KHTML, like Gecko; compatible; Amazonbot/0.1; +https://developer.amazon.com/support/amazonbot) Chrome/119.0.6045.214 Safari/537.36"
34.171.68.95 - - [26/Aug/2026:14:24:37 +0800] "GET /32745/2022/12/02/ HTTP/1.1" 200 91541 "-" "Mozilla/5.0 (Macintosh; Intel Mac OS X 10_15_7) AppleWebKit/537.36 (KHTML, like Gecko) Chrome/120.0.0.0 Safari/537.36"
240e:97e:2000:900:1234:4321:0:76 - - [26/Aug/2026:14:24:39 +0800] "POST /5595/wp-json/ilc-summary/v1/popular-posts HTTP/1.1" 201 1270 "https://2blog.ilc.edu.tw/5595/2017/09/18/105%e4%b8%8b%e8%97%9d%e6%96%87%e9%a0%98%e5%9f%9f%e6%95%99%e5%b8%ab%e5%b0%88%e6%a5%ad%e6%88%90%e9%95%b7-%e7%ac%ac%e4%b8%89%e5%a0%b4/" "Mozilla/5.0 (Windows NT 10.0; Win64; x64) AppleWebKit/537.36 (KHTML, like Gecko) Chrome/144.0.0.0 Safari/537.36"
240e:97e:2000:900:1234:4321:0:76 - - [26/Aug/2026:14:24:39 +0800] "GET /favicon.ico HTTP/1.1" 302 901 "https://2blog.ilc.edu.tw/5595/2017/09/18/105%e4%b8%8b%e8%97%9d%e6%96%87%e9%a0%98%e5%9f%9f%e6%95%99%e5%b8%ab%e5%b0%88%e6%a5%ad%e6%88%90%e9%95%b7-%e7%ac%ac%e4%b8%89%e5%a0%b4/" "Mozilla/5.0 (Windows NT 10.0; Win64; x64) AppleWebKit/537.36 (KHTML, like Gecko) Chrome/144.0.0.0 Safari/537.36"
178.171.80.190 - - [26/Aug/2026:14:24:39 +0800] "GET /9536/2005/02/02/%E7%A4%BE%E5%8D%80%E6%97%A5%E6%9B%86-%E5%A4%A7%E5%88%A9%E6%BE%A4-%E4%BA%94%E5%8D%81%E4%BA%8C%E7%94%B2%E7%9A%84%E6%B0%B4%E9%B3%A5/ HTTP/1.1" 200 14740 "-" "Mozilla/5.0 (Windows NT 10.0; Win64; x64) AppleWebKit/537.36 (KHTML, like Gecko) Chrome/152.0.0.0 Safari/537.36"
74.125.150.165 - - [26/Aug/2026:14:24:39 +0800] "GET /wp-content/themes/oceanwp/assets/js/scroll-effect.min.js HTTP/1.1" 304 790 "https://www.najh.ilc.edu.tw/" "AdsBot-Google (+http://www.google.com/adsbot.html)"
66.249.79.163 - - [26/Aug/2026:14:24:39 +0800] "GET /6509/2015/11/06/%E5%AE%9A%E6%9C%9F%E6%B8%85%E6%B4%97%E6%B0%B4%E5%A1%94%EF%BC%8C%E7%B6%AD%E8%AD%B7%E9%A3%B2%E6%B0%B4%E5%AE%89%E5%85%A8/ HTTP/1.1" 200 16174 "-" "Mozilla/5.0 (Linux; Android 6.0.1; Nexus 5X Build/MMB29P) AppleWebKit/537.36 (KHTML, like Gecko) Chrome/151.0.7922.173 Mobile Safari/537.36 (compatible; Googlebot/2.1; +http://www.google.com/bot.html)"
34.171.68.95 - - [26/Aug/2026:14:24:39 +0800] "GET /6489/2012/11/21/%E4%BA%8C%E6%89%8B%E5%88%B6%E6%9C%8D%E3%80%81%E6%95%99%E7%A7%91%E6%9B%B8%E5%8F%8A%E5%AD%B8%E7%94%A8%E5%93%81%E5%9B%9E%E6%94%B6%E5%86%8D%E5%88%A9%E7%94%A8%E6%83%85%E5%BD%A2-2/ HTTP/1.1" 200 31504 "-" "Mozilla/5.0 (Macintosh; Intel Mac OS X 10_15_7) AppleWebKit/537.36 (KHTML, like Gecko) Chrome/120.0.0.0 Safari/537.36"
240e:97e:2000:900:1234:4321:0:76 - - [26/Aug/2026:14:24:40 +0800] "GET /wp-includes/images/w-logo-blue-white-bg.png HTTP/1.1" 200 4946 "https://2blog.ilc.edu.tw/5595/2017/09/18/105%e4%b8%8b%e8%97%9d%e6%96%87%e9%a0%98%e5%9f%9f%e6%95%99%e5%b8%ab%e5%b0%88%e6%a5%ad%e6%88%90%e9%95%b7-%e7%ac%ac%e4%b8%89%e5%a0%b4/" "Mozilla/5.0 (Windows NT 10.0; Win64; x64) AppleWebKit/537.36 (KHTML, like Gecko) Chrome/144.0.0.0 Safari/537.36"
57.141.2.67 - - [26/Aug/2026:14:24:39 +0800] "GET /6486/author/aaron/ HTTP/1.1" 200 15675 "-" "Mozilla/5.0 (Windows NT 10.0; Win64; x64) AppleWebKit/537.36 (KHTML, like Gecko) Chrome/144.0.0.0 Safari/537.36 Edg/144.0.0.0 (compatible; meta-externalagent/1.1 (+https://developers.facebook.com/docs/sharing/webmasters/crawler))"
74.125.150.165 - - [26/Aug/2026:14:24:40 +0800] "GET /wp-content/themes/oceanwp/assets/js/vendors/flickity.pkgd.min.js HTTP/1.1" 304 790 "https://www.najh.ilc.edu.tw/" "AdsBot-Google (+http://www.google.com/adsbot.html)"
66.249.79.137 - - [26/Aug/2026:14:24:37 +0800] "GET /wp-login.php?action=ilc_logout&_wpnonce=43754d0aad&redirect_to=//worldeventspb.ru/job/74470/ HTTP/1.1" 302 8243 "-" "Mozilla/5.0 (Linux; Android 6.0.1; Nexus 5X Build/MMB29P) AppleWebKit/537.36 (KHTML, like Gecko) Chrome/151.0.7922.173 Mobile Safari/537.36 (compatible; Googlebot/2.1; +http://www.google.com/bot.html)"
140.111.67.10 - - [26/Aug/2026:14:24:40 +0800] "GET /" 301 273 "-" "-"
2402:7500:4e5:cd82:d093:689c:7ee5:5318 - - [26/Aug/2026:14:24:40 +0800] "GET /wp-content/uploads/sites/893/1279/1279-3544480.png HTTP/1.1" 200 116171 "-" "Google/434.2.961627397 CFNetwork/3826.500.131 Darwin/24.5.0"
74.125.150.165 - - [26/Aug/2026:14:24:40 +0800] "GET /wp-includes/js/jquery/ui/core.min.js HTTP/1.1" 304 790 "https://www.najh.ilc.edu.tw/" "AdsBot-Google (+http://www.google.com/adsbot.html)"
2a03:2880:f802:: - - [26/Aug/2026:14:24:39 +0800] "GET /32745/2024/02/06/ HTTP/1.1" 200 91046 "-" "Mozilla/5.0 (Windows NT 10.0; Win64; x64) AppleWebKit/537.36 (KHTML, like Gecko) Chrome/145.0.0.0 Safari/537.36 (compatible; meta-externalagent/1.1 (+https://developers.facebook.com/docs/sharing/webmasters/crawler))"
74.125.150.165 - - [26/Aug/2026:14:24:41 +0800] "GET /wp-content/themes/oceanwp/assets/js/drop-down-mobile-menu.min.js HTTP/1.1" 304 790 "https://www.najh.ilc.edu.tw/" "AdsBot-Google (+http://www.google.com/adsbot.html)"
::1 - - [26/Aug/2026:14:24:41 +0800] "OPTIONS * HTTP/1.0" 200 110 "-" "Apache/2.4.68 (Ubuntu) OpenSSL/3.0.19 (internal dummy connection)"
74.125.150.165 - - [26/Aug/2026:14:24:41 +0800] "GET /wp-content/themes/oceanwp/assets/js/ow-lightbox.min.js HTTP/1.1" 304 790 "https://www.najh.ilc.edu.tw/" "AdsBot-Google (+http://www.google.com/adsbot.html)"
74.125.150.165 - - [26/Aug/2026:14:24:41 +0800] "GET /wp-includes/js/mediaelement/mediaelement-and-player.min.js HTTP/1.1" 304 790 "https://www.najh.ilc.edu.tw/" "AdsBot-Google (+http://www.google.com/adsbot.html)"
74.125.150.165 - - [26/Aug/2026:14:24:42 +0800] "GET /wp-content/plugins/elementor/assets/js/frontend.min.js HTTP/1.1" 304 790 "https://www.najh.ilc.edu.tw/" "AdsBot-Google (+http://www.google.com/adsbot.html)"
::1 - - [26/Aug/2026:14:24:42 +0800] "OPTIONS * HTTP/1.0" 200 110 "-" "Apache/2.4.68 (Ubuntu) OpenSSL/3.0.19 (internal dummy connection)"
2001:288:a201::66:125 - - [26/Aug/2026:14:24:43 +0800] "GET /blog/active.php HTTP/1.1" 301 1026 "-" "-"
74.125.150.165 - - [26/Aug/2026:14:24:43 +0800] "GET /wp-content/themes/oceanwp/assets/fonts/fontawesome/webfonts/fa-solid-900.woff2 HTTP/1.1" 304 790 "https://www.najh.ilc.edu.tw/wp-content/cache/www.najh.ilc.edu.tw/wpfc-minified/31mbn6pb/6xg2.css" "AdsBot-Google (+http://www.google.com/adsbot.html)"
2001:288:a201::66:125 - - [26/Aug/2026:14:24:43 +0800] "GET /blog/active.php HTTP/1.1" 404 1084 "-" "-"
::1 - - [26/Aug/2026:14:24:43 +0800] "OPTIONS * HTTP/1.0" 200 110 "-" "Apache/2.4.68 (Ubuntu) OpenSSL/3.0.19 (internal dummy connection)"
74.125.150.165 - - [26/Aug/2026:14:24:43 +0800] "GET /wp-includes/js/mediaelement/renderers/vimeo.min.js HTTP/1.1" 304 790 "https://www.najh.ilc.edu.tw/" "AdsBot-Google (+http://www.google.com/adsbot.html)"
18.208.11.93 - - [26/Aug/2026:14:24:43 +0800] "GET /amy6998/wp-content/uploads/sites/2364/2024/08/IMG_0071ggg-768x577.jpg HTTP/1.1" 200 104817 "-" "Mozilla/5.0 AppleWebKit/537.36 (KHTML, like Gecko; compatible; Amazonbot/0.1; +https://developer.amazon.com/support/amazonbot) Chrome/119.0.6045.214 Safari/537.36"
54.147.238.89 - - [26/Aug/2026:14:24:43 +0800] "GET /332test/wp-content/uploads/sites/3511/2022/06/%E5%BB%BA%E7%AB%8B%E6%99%AF%E9%BB%9E012.jpg HTTP/1.1" 200 165293 "-" "Mozilla/5.0 AppleWebKit/537.36 (KHTML, like Gecko; compatible; Amazonbot/0.1; +https://developer.amazon.com/support/amazonbot) Chrome/119.0.6045.214 Safari/537.36"
74.125.150.165 - - [26/Aug/2026:14:24:43 +0800] "GET /wp-content/themes/oceanwp/assets/fonts/fontawesome/webfonts/fa-regular-400.woff2 HTTP/1.1" 304 790 "https://www.najh.ilc.edu.tw/wp-content/cache/www.najh.ilc.edu.tw/wpfc-minified/31mbn6pb/6xg2.css" "AdsBot-Google (+http://www.google.com/adsbot.html)"
2a03:2880:f802:40:: - - [26/Aug/2026:14:24:44 +0800] "GET /32745/wp-json/wp/v2/categories/2974 HTTP/1.1" 200 6740 "-" "Mozilla/5.0 (Macintosh; Intel Mac OS X 10_15_7) AppleWebKit/537.36 (KHTML, like Gecko) Chrome/145.0.0.0 Safari/537.36 (compatible; meta-externalagent/1.1 (+https://developers.facebook.com/docs/sharing/webmasters/crawler))"
66.249.71.37 - - [26/Aug/2026:14:24:44 +0800] "GET /wp-content/uploads/sites/2520/6514/6514-1035021.xls HTTP/1.1" 200 50228 "-" "Mozilla/5.0 (Linux; Android 6.0.1; Nexus 5X Build/MMB29P) AppleWebKit/537.36 (KHTML, like Gecko) Chrome/151.0.7922.173 Mobile Safari/537.36 (compatible; Googlebot/2.1; +http://www.google.com/bot.html)"
::1 - - [26/Aug/2026:14:24:44 +0800] "OPTIONS * HTTP/1.0" 200 110 "-" "Apache/2.4.68 (Ubuntu) OpenSSL/3.0.19 (internal dummy connection)"
2a03:2880:f802:42:: - - [26/Aug/2026:14:24:42 +0800] "GET /fi/spirit-master-u00d0u00b0u00d1u0091u00e2u0080u00a2u00d0u00b0u00d1u0091u00d1u0096u00d0u00b0u00d1u0091u00e2u0084u00a2u00d0u00b0u00d1u0091u00d0u0086u00d0u00b0u00d1u0091u00e2u0084u00a2u00d0u00b0u00d1u0091u00c2u00a0u00d0u00b0u00d1u0091u00e2u0084u0096u00d0u00b0u00d1u0091u00e2u0080u00a2u00d0u00b0u00d1u0091u00e2u0080u0093u00d0u00b0u00d1u0091u00c2u00b1u00d0u00b0u00d1u0091u00e2u0080u00a1u00d0u00b0u00d1u0091u00e2u0080u00b9u00d0u00b0u00d1u0091u00d0u0086u00d0u00b0u00d1u0091u00e2u0084u00a2-codes/ HTTP/1.1" 200 28346 "-" "Mozilla/5.0 (Windows NT 10.0; Win64; x64) AppleWebKit/537.36 (KHTML, like Gecko) Chrome/145.0.0.0 Safari/537.36 (compatible; meta-externalagent/1.1 (+https://developers.facebook.com/docs/sharing/webmasters/crawler))"
66.249.79.137 - - [26/Aug/2026:14:24:42 +0800] "GET /wp-login.php?action=ilc_logout&_wpnonce=43754d0aad&redirect_to=http://worldeventspb.ru/creator/3634/ HTTP/1.1" 302 3466 "-" "Mozilla/5.0 (Linux; Android 6.0.1; Nexus 5X Build/MMB29P) AppleWebKit/537.36 (KHTML, like Gecko) Chrome/151.0.7922.173 Mobile Safari/537.36 (compatible; Googlebot/2.1; +http://www.google.com/bot.html)"
143.20.253.187 - - [26/Aug/2026:14:24:42 +0800] "GET /26150/2015/08/page/3 HTTP/1.1" 301 5715 "-" "Mozilla/5.0 (Windows NT 10.0; Win64; x64) AppleWebKit/537.36 (KHTML, like Gecko) Chrome/131.0.0.0 Safari/537.36"
66.249.79.163 - - [26/Aug/2026:14:24:44 +0800] "GET /amy6998/category/uncategorized/page/222/ HTTP/1.1" 200 22202 "-" "Mozilla/5.0 (Linux; Android 6.0.1; Nexus 5X Build/MMB29P) AppleWebKit/537.36 (KHTML, like Gecko) Chrome/151.0.7922.173 Mobile Safari/537.36 (compatible; Googlebot/2.1; +http://www.google.com/bot.html)"
66.249.68.96 - - [26/Aug/2026:14:24:45 +0800] "GET /2011/page/6/ HTTP/1.1" 200 17185 "-" "Mozilla/5.0 (Linux; Android 6.0.1; Nexus 5X Build/MMB29P) AppleWebKit/537.36 (KHTML, like Gecko) Chrome/151.0.7922.173 Mobile Safari/537.36 (compatible; Googlebot/2.1; +http://www.google.com/bot.html)"
::1 - - [26/Aug/2026:14:24:45 +0800] "OPTIONS * HTTP/1.0" 200 110 "-" "Apache/2.4.68 (Ubuntu) OpenSSL/3.0.19 (internal dummy connection)"
140.111.67.10 - - [26/Aug/2026:14:24:45 +0800] "GET /" 301 273 "-" "-"
66.249.71.170 - - [26/Aug/2026:14:24:45 +0800] "GET /blog/blog/25793/post/78464/554551 HTTP/1.1" 301 1099 "-" "Mozilla/5.0 (Linux; Android 6.0.1; Nexus 5X Build/MMB29P) AppleWebKit/537.36 (KHTML, like Gecko) Chrome/151.0.7922.173 Mobile Safari/537.36 (compatible; GoogleOther)"
::1 - - [26/Aug/2026:14:24:46 +0800] "OPTIONS * HTTP/1.0" 200 110 "-" "Apache/2.4.68 (Ubuntu) OpenSSL/3.0.19 (internal dummy connection)"
52.21.62.139 - - [26/Aug/2026:14:24:46 +0800] "GET /32745/wp-json/wp/v2/tags?post=11547 HTTP/1.1" 200 6011 "-" "Mozilla/5.0 AppleWebKit/537.36 (KHTML, like Gecko; compatible; Amazonbot/0.1; +https://developer.amazon.com/support/amazonbot) Chrome/119.0.6045.214 Safari/537.36"
2a03:2880:f802:14:: - - [26/Aug/2026:14:24:44 +0800] "GET /de/offline-games-codes/ HTTP/1.1" 200 28346 "-" "Mozilla/5.0 (Windows NT 10.0; Win64; x64) AppleWebKit/537.36 (KHTML, like Gecko) Chrome/145.0.0.0 Safari/537.36 (compatible; meta-externalagent/1.1 (+https://developers.facebook.com/docs/sharing/webmasters/crawler))"
::1 - - [26/Aug/2026:14:24:47 +0800] "OPTIONS * HTTP/1.0" 200 110 "-" "Apache/2.4.68 (Ubuntu) OpenSSL/3.0.19 (internal dummy connection)"
3.210.114.189 - - [26/Aug/2026:14:24:47 +0800] "GET /wp-content/uploads/sites/2530/2024/02/?C=N;O%3DD HTTP/1.1" 200 1112 "-" "Mozilla/5.0 AppleWebKit/537.36 (KHTML, like Gecko; compatible; Amazonbot/0.1; +https://developer.amazon.com/support/amazonbot) Chrome/119.0.6045.214 Safari/537.36"
2001:288:a201::66:125 - - [26/Aug/2026:14:24:48 +0800] "GET /blog/active.php HTTP/1.1" 301 1026 "-" "-"
2001:288:a201::66:125 - - [26/Aug/2026:14:24:48 +0800] "GET /blog/active.php HTTP/1.1" 404 5511 "-" "-"
::1 - - [26/Aug/2026:14:24:48 +0800] "OPTIONS * HTTP/1.0" 200 110 "-" "Apache/2.4.68 (Ubuntu) OpenSSL/3.0.19 (internal dummy connection)"
75.101.203.230 - - [26/Aug/2026:14:24:48 +0800] "GET /.well-known/openid-configuration HTTP/1.1" 404 46790 "-" "python-httpx/0.28.1"
140.111.67.195 - - [26/Aug/2026:14:24:48 +0800] "GET /wp-admin/admin-post.php?action=steps_ad HTTP/1.1" 200 1973 "-" "node-fetch/1.0 (+https://github.com/bitinn/node-fetch)"
66.249.71.37 - - [26/Aug/2026:14:24:49 +0800] "GET /blog/blog/25793/post/78464/554551 HTTP/1.1" 404 25470 "-" "Mozilla/5.0 (Linux; Android 6.0.1; Nexus 5X Build/MMB29P) AppleWebKit/537.36 (KHTML, like Gecko) Chrome/151.0.7922.173 Mobile Safari/537.36 (compatible; GoogleOther)"
140.111.67.195 - - [26/Aug/2026:14:24:49 +0800] "GET /wp-admin/admin-post.php?action=steps_ad HTTP/1.1" 200 1649 "-" "node-fetch/1.0 (+https://github.com/bitinn/node-fetch)"
2407:4b00:4c0c:82f0:186:e77c:b65a:c905 - - [26/Aug/2026:14:24:49 +0800] "GET / HTTP/1.1" 200 20466 "https://www.google.com/" "Mozilla/5.0 (iPad; CPU OS 26_6_0 like Mac OS X) AppleWebKit/605.1.15 (KHTML, like Gecko) CriOS/151.0.7922.112 Mobile/15E148 Safari/604.1"
::1 - - [26/Aug/2026:14:24:49 +0800] "OPTIONS * HTTP/1.0" 200 110 "-" "Apache/2.4.68 (Ubuntu) OpenSSL/3.0.19 (internal dummy connection)"
2407:4b00:4c0c:82f0:186:e77c:b65a:c905 - - [26/Aug/2026:14:24:49 +0800] "GET /wp-content/cache/www.ltjh.ilc.edu.tw/wpfc-minified/e5uoopy9/6vwn.css HTTP/1.1" 200 1157 "https://www.ltjh.ilc.edu.tw/" "Mozilla/5.0 (iPad; CPU OS 26_6_0 like Mac OS X) AppleWebKit/605.1.15 (KHTML, like Gecko) CriOS/151.0.7922.112 Mobile/15E148 Safari/604.1"
2407:4b00:4c0c:82f0:186:e77c:b65a:c905 - - [26/Aug/2026:14:24:49 +0800] "GET /wp-content/cache/www.ltjh.ilc.edu.tw/wpfc-minified/7ll1qgx3/6vwn.css HTTP/1.1" 200 45685 "https://www.ltjh.ilc.edu.tw/" "Mozilla/5.0 (iPad; CPU OS 26_6_0 like Mac OS X) AppleWebKit/605.1.15 (KHTML, like Gecko) CriOS/151.0.7922.112 Mobile/15E148 Safari/604.1"
2407:4b00:4c0c:82f0:186:e77c:b65a:c905 - - [26/Aug/2026:14:24:49 +0800] "GET /wp-content/cache/www.ltjh.ilc.edu.tw/wpfc-minified/ladi6hp7/6vwn.js HTTP/1.1" 200 35558 "https://www.ltjh.ilc.edu.tw/" "Mozilla/5.0 (iPad; CPU OS 26_6_0 like Mac OS X) AppleWebKit/605.1.15 (KHTML, like Gecko) CriOS/151.0.7922.112 Mobile/15E148 Safari/604.1"
2407:4b00:4c0c:82f0:186:e77c:b65a:c905 - - [26/Aug/2026:14:24:49 +0800] "GET /wp-content/cache/www.ltjh.ilc.edu.tw/wpfc-minified/7z2n64hl/6vwn.css HTTP/1.1" 200 56877 "https://www.ltjh.ilc.edu.tw/" "Mozilla/5.0 (iPad; CPU OS 26_6_0 like Mac OS X) AppleWebKit/605.1.15 (KHTML, like Gecko) CriOS/151.0.7922.112 Mobile/15E148 Safari/604.1"
2407:4b00:4c0c:82f0:186:e77c:b65a:c905 - - [26/Aug/2026:14:24:49 +0800] "GET /wp-content/cache/www.ltjh.ilc.edu.tw/wpfc-minified/21qwfrah/6vwn.css HTTP/1.1" 200 59369 "https://www.ltjh.ilc.edu.tw/" "Mozilla/5.0 (iPad; CPU OS 26_6_0 like Mac OS X) AppleWebKit/605.1.15 (KHTML, like Gecko) CriOS/151.0.7922.112 Mobile/15E148 Safari/604.1"
2407:4b00:4c0c:82f0:186:e77c:b65a:c905 - - [26/Aug/2026:14:24:49 +0800] "GET /wp-includes/js/hoverintent-js.min.js HTTP/1.1" 200 1597 "https://www.ltjh.ilc.edu.tw/" "Mozilla/5.0 (iPad; CPU OS 26_6_0 like Mac OS X) AppleWebKit/605.1.15 (KHTML, like Gecko) CriOS/151.0.7922.112 Mobile/15E148 Safari/604.1"
2407:4b00:4c0c:82f0:186:e77c:b65a:c905 - - [26/Aug/2026:14:24:49 +0800] "GET /wp-includes/js/admin-bar.min.js HTTP/1.1" 200 2237 "https://www.ltjh.ilc.edu.tw/" "Mozilla/5.0 (iPad; CPU OS 26_6_0 like Mac OS X) AppleWebKit/605.1.15 (KHTML, like Gecko) CriOS/151.0.7922.112 Mobile/15E148 Safari/604.1"
2407:4b00:4c0c:82f0:186:e77c:b65a:c905 - - [26/Aug/2026:14:24:49 +0800] "GET /wp-content/uploads/sites/411/elementor/css/post-182.css HTTP/1.1" 200 958 "https://www.ltjh.ilc.edu.tw/" "Mozilla/5.0 (iPad; CPU OS 26_6_0 like Mac OS X) AppleWebKit/605.1.15 (KHTML, like Gecko) CriOS/151.0.7922.112 Mobile/15E148 Safari/604.1"
2407:4b00:4c0c:82f0:186:e77c:b65a:c905 - - [26/Aug/2026:14:24:49 +0800] "GET /ltjh/wp-content/uploads/sites/411/2019/08/ltjh_fans.jpg HTTP/1.1" 200 13342 "https://www.ltjh.ilc.edu.tw/" "Mozilla/5.0 (iPad; CPU OS 26_6_0 like Mac OS X) AppleWebKit/605.1.15 (KHTML, like Gecko) CriOS/151.0.7922.112 Mobile/15E148 Safari/604.1"
2407:4b00:4c0c:82f0:186:e77c:b65a:c905 - - [26/Aug/2026:14:24:49 +0800] "GET /wp-content/themes/toujours/js/jquery.flexslider.js HTTP/1.1" 200 12795 "https://www.ltjh.ilc.edu.tw/" "Mozilla/5.0 (iPad; CPU OS 26_6_0 like Mac OS X) AppleWebKit/605.1.15 (KHTML, like Gecko) CriOS/151.0.7922.112 Mobile/15E148 Safari/604.1"
2407:4b00:4c0c:82f0:186:e77c:b65a:c905 - - [26/Aug/2026:14:24:50 +0800] "GET /wp-includes/js/imagesloaded.min.js HTTP/1.1" 200 2683 "https://www.ltjh.ilc.edu.tw/" "Mozilla/5.0 (iPad; CPU OS 26_6_0 like Mac OS X) AppleWebKit/605.1.15 (KHTML, like Gecko) CriOS/151.0.7922.112 Mobile/15E148 Safari/604.1"
2407:4b00:4c0c:82f0:186:e77c:b65a:c905 - - [26/Aug/2026:14:24:50 +0800] "GET /wp-content/themes/toujours/js/navigation.js HTTP/1.1" 200 1748 "https://www.ltjh.ilc.edu.tw/" "Mozilla/5.0 (iPad; CPU OS 26_6_0 like Mac OS X) AppleWebKit/605.1.15 (KHTML, like Gecko) CriOS/151.0.7922.112 Mobile/15E148 Safari/604.1"
2407:4b00:4c0c:82f0:186:e77c:b65a:c905 - - [26/Aug/2026:14:24:50 +0800] "GET /wp-content/uploads/sites/411/elementor/css/post-880.css HTTP/1.1" 200 6070 "https://www.ltjh.ilc.edu.tw/" "Mozilla/5.0 (iPad; CPU OS 26_6_0 like Mac OS X) AppleWebKit/605.1.15 (KHTML, like Gecko) CriOS/151.0.7922.112 Mobile/15E148 Safari/604.1"
2407:4b00:4c0c:82f0:186:e77c:b65a:c905 - - [26/Aug/2026:14:24:50 +0800] "GET /wp-content/plugins/elementor-pro/assets/js/webpack-pro.runtime.min.js HTTP/1.1" 200 3562 "https://www.ltjh.ilc.edu.tw/" "Mozilla/5.0 (iPad; CPU OS 26_6_0 like Mac OS X) AppleWebKit/605.1.15 (KHTML, like Gecko) CriOS/151.0.7922.112 Mobile/15E148 Safari/604.1"
2001:288:a273:1:94b7:ab7f:cdd6:4186 - - [26/Aug/2026:14:24:50 +0800] "GET / HTTP/1.1" 200 31774 "-" "Mozilla/5.0 (Windows NT 10.0; Win64; x64) AppleWebKit/537.36 (KHTML, like Gecko) Chrome/151.0.0.0 Safari/537.36"
2407:4b00:4c0c:82f0:186:e77c:b65a:c905 - - [26/Aug/2026:14:24:50 +0800] "GET /wp-content/plugins/elementor/assets/js/frontend-modules.min.js HTTP/1.1" 200 19416 "https://www.ltjh.ilc.edu.tw/" "Mozilla/5.0 (iPad; CPU OS 26_6_0 like Mac OS X) AppleWebKit/605.1.15 (KHTML, like Gecko) CriOS/151.0.7922.112 Mobile/15E148 Safari/604.1"
2407:4b00:4c0c:82f0:186:e77c:b65a:c905 - - [26/Aug/2026:14:24:50 +0800] "GET /wp-includes/js/dist/hooks.min.js HTTP/1.1" 200 2421 "https://www.ltjh.ilc.edu.tw/" "Mozilla/5.0 (iPad; CPU OS 26_6_0 like Mac OS X) AppleWebKit/605.1.15 (KHTML, like Gecko) CriOS/151.0.7922.112 Mobile/15E148 Safari/604.1"
2407:4b00:4c0c:82f0:186:e77c:b65a:c905 - - [26/Aug/2026:14:24:50 +0800] "GET /ltjh/wp-content/uploads/sites/411/2019/04/cropped-slide_7_1.jpg HTTP/1.1" 200 70102 "https://www.ltjh.ilc.edu.tw/" "Mozilla/5.0 (iPad; CPU OS 26_6_0 like Mac OS X) AppleWebKit/605.1.15 (KHTML, like Gecko) CriOS/151.0.7922.112 Mobile/15E148 Safari/604.1"
2407:4b00:4c0c:82f0:186:e77c:b65a:c905 - - [26/Aug/2026:14:24:50 +0800] "GET /wp-content/themes/toujours/js/skip-link-focus-fix.js HTTP/1.1" 200 1344 "https://www.ltjh.ilc.edu.tw/" "Mozilla/5.0 (iPad; CPU OS 26_6_0 like Mac OS X) AppleWebKit/605.1.15 (KHTML, like Gecko) CriOS/151.0.7922.112 Mobile/15E148 Safari/604.1"
2407:4b00:4c0c:82f0:186:e77c:b65a:c905 - - [26/Aug/2026:14:24:50 +0800] "GET /wp-includes/js/dist/i18n.min.js HTTP/1.1" 200 4547 "https://www.ltjh.ilc.edu.tw/" "Mozilla/5.0 (iPad; CPU OS 26_6_0 like Mac OS X) AppleWebKit/605.1.15 (KHTML, like Gecko) CriOS/151.0.7922.112 Mobile/15E148 Safari/604.1"
