2001:288:a223:1:458:2393:df5c:e617 - - [26/Aug/2026:14:28:17 +0800] "GET /wp-content/uploads/sites/3846/2026/08/%E8%BE%B2%E6%A5%AD%E9%83%A8%E5%BB%A3%E5%91%8A.jpg HTTP/1.1" 200 236123 "https://it.ilc.edu.tw/" "Mozilla/5.0 (Windows NT 10.0; Win64; x64) AppleWebKit/537.36 (KHTML, like Gecko) Chrome/151.0.0.0 Safari/537.36"
2001:288:a223:1:458:2393:df5c:e617 - - [26/Aug/2026:14:28:17 +0800] "GET /wp-content/uploads/sites/3846/2026/06/%E5%AE%A3%E5%82%B3%E5%9C%96%E7%89%87.png HTTP/1.1" 200 1053112 "https://it.ilc.edu.tw/" "Mozilla/5.0 (Windows NT 10.0; Win64; x64) AppleWebKit/537.36 (KHTML, like Gecko) Chrome/151.0.0.0 Safari/537.36"
2001:288:a223:1:458:2393:df5c:e617 - - [26/Aug/2026:14:28:17 +0800] "GET /wp-content/uploads/sites/3846/2026/06/2026%E5%AE%9C%E8%98%AD%E7%98%8B%E5%AD%B8%E7%BF%92-%E6%9A%91%E5%81%87_%E6%95%99%E8%82%B2%E8%99%95%E9%A6%96%E9%A0%81-1440-x-1080-%E5%83%8F%E7%B4%A0.png HTTP/1.1" 200 2050723 "https://it.ilc.edu.tw/" "Mozilla/5.0 (Windows NT 10.0; Win64; x64) AppleWebKit/537.36 (KHTML, like Gecko) Chrome/151.0.0.0 Safari/537.36"
59.124.9.103 - - [26/Aug/2026:14:28:17 +0800] "GET /wp-content/uploads/sites/1678/2021/05/%E5%AE%9C%E8%98%AD%E7%B8%A3%E9%98%B2%E7%96%AB%E7%9F%AD%E7%89%87.mp4?_=2 HTTP/1.1" 200 1753336 "https://www.nses.ilc.edu.tw/?p=490" "Mozilla/5.0 (Windows NT 10.0; Win64; x64) AppleWebKit/537.36 (KHTML, like Gecko) Chrome/151.0.0.0 Safari/537.36 Edg/151.0.0.0"
2001:288:a201::66:125 - - [26/Aug/2026:14:28:18 +0800] "GET /blog/active.php HTTP/1.1" 301 1026 "-" "-"
2001:288:a201::66:125 - - [26/Aug/2026:14:28:18 +0800] "GET /blog/active.php HTTP/1.1" 404 1084 "-" "-"
2a03:2880:f802:42:: - - [26/Aug/2026:14:28:19 +0800] "GET /24441/2017/01/03/ HTTP/1.1" 200 14334 "-" "Mozilla/5.0 (Windows NT 10.0; Win64; x64) AppleWebKit/537.36 (KHTML, like Gecko) Chrome/145.0.0.0 Safari/537.36 (compatible; meta-externalagent/1.1 (+https://developers.facebook.com/docs/sharing/webmasters/crawler))"
140.111.67.195 - - [26/Aug/2026:14:28:19 +0800] "GET /wp-admin/admin-post.php?action=steps_ad HTTP/1.1" 200 1649 "-" "node-fetch/1.0 (+https://github.com/bitinn/node-fetch)"
140.111.67.195 - - [26/Aug/2026:14:28:19 +0800] "GET /wp-admin/admin-post.php?action=steps_ad HTTP/1.1" 200 1649 "-" "node-fetch/1.0 (+https://github.com/bitinn/node-fetch)"
140.111.67.195 - - [26/Aug/2026:14:28:20 +0800] "GET /wp-admin/admin-post.php?action=steps_ad HTTP/1.1" 200 1649 "-" "node-fetch/1.0 (+https://github.com/bitinn/node-fetch)"
2001:b400:e296:4d99:611a:9d69:a300:2d30 - - [26/Aug/2026:14:28:20 +0800] "GET /category/c-8591/c-59237/ HTTP/1.1" 200 22973 "https://www.google.com/url?q=https://www.cwjh.ilc.edu.tw/category/c-8591/c-59237/&sa=U&sqi=2&ved=2ahUKEwjwzuiZ1b2WAxUeiuEIHfEQMb8QFnoECA8QAQ&zccpm=epi&usg=AOvVaw00_Dpr-S8wL6y2FIPukJl7" "Mozilla/5.0 (iPhone; CPU iPhone OS 26_1_0 like Mac OS X) AppleWebKit/605.1.15 (KHTML, like Gecko) GSA/424.4.924152415 Mobile/15E148 Safari/604.1"
2001:b400:e296:4d99:611a:9d69:a300:2d30 - - [26/Aug/2026:14:28:20 +0800] "GET /wp-content/cache/www.cwjh.ilc.edu.tw/wpfc-minified/2mrmz3dm/77dd.css HTTP/1.1" 200 40884 "https://www.cwjh.ilc.edu.tw/category/c-8591/c-59237/" "Mozilla/5.0 (iPhone; CPU iPhone OS 26_1_0 like Mac OS X) AppleWebKit/605.1.15 (KHTML, like Gecko) GSA/424.4.924152415 Mobile/15E148 Safari/604.1"
2001:b400:e296:4d99:611a:9d69:a300:2d30 - - [26/Aug/2026:14:28:20 +0800] "GET /wp-includes/js/admin-bar.min.js HTTP/1.1" 200 2237 "https://www.cwjh.ilc.edu.tw/category/c-8591/c-59237/" "Mozilla/5.0 (iPhone; CPU iPhone OS 26_1_0 like Mac OS X) AppleWebKit/605.1.15 (KHTML, like Gecko) GSA/424.4.924152415 Mobile/15E148 Safari/604.1"
2001:b400:e296:4d99:611a:9d69:a300:2d30 - - [26/Aug/2026:14:28:20 +0800] "GET /wp-includes/js/hoverintent-js.min.js HTTP/1.1" 200 6400 "https://www.cwjh.ilc.edu.tw/category/c-8591/c-59237/" "Mozilla/5.0 (iPhone; CPU iPhone OS 26_1_0 like Mac OS X) AppleWebKit/605.1.15 (KHTML, like Gecko) GSA/424.4.924152415 Mobile/15E148 Safari/604.1"
2001:b400:e296:4d99:611a:9d69:a300:2d30 - - [26/Aug/2026:14:28:20 +0800] "GET /wp-content/cache/www.cwjh.ilc.edu.tw/wpfc-minified/8wopko65/77dd.css HTTP/1.1" 200 5960 "https://www.cwjh.ilc.edu.tw/category/c-8591/c-59237/" "Mozilla/5.0 (iPhone; CPU iPhone OS 26_1_0 like Mac OS X) AppleWebKit/605.1.15 (KHTML, like Gecko) GSA/424.4.924152415 Mobile/15E148 Safari/604.1"
2001:b400:e296:4d99:611a:9d69:a300:2d30 - - [26/Aug/2026:14:28:20 +0800] "GET /wp-content/cache/www.cwjh.ilc.edu.tw/wpfc-minified/7957u2ji/77dd.css HTTP/1.1" 200 20585 "https://www.cwjh.ilc.edu.tw/category/c-8591/c-59237/" "Mozilla/5.0 (iPhone; CPU iPhone OS 26_1_0 like Mac OS X) AppleWebKit/605.1.15 (KHTML, like Gecko) GSA/424.4.924152415 Mobile/15E148 Safari/604.1"
2001:b400:e296:4d99:611a:9d69:a300:2d30 - - [26/Aug/2026:14:28:20 +0800] "GET /wp-content/cache/www.cwjh.ilc.edu.tw/wpfc-minified/dhutxct0/77dd.css HTTP/1.1" 200 66148 "https://www.cwjh.ilc.edu.tw/category/c-8591/c-59237/" "Mozilla/5.0 (iPhone; CPU iPhone OS 26_1_0 like Mac OS X) AppleWebKit/605.1.15 (KHTML, like Gecko) GSA/424.4.924152415 Mobile/15E148 Safari/604.1"
2001:b400:e296:4d99:611a:9d69:a300:2d30 - - [26/Aug/2026:14:28:20 +0800] "GET /wp-content/cache/www.cwjh.ilc.edu.tw/wpfc-minified/f11u7byj/77dd.js HTTP/1.1" 200 40362 "https://www.cwjh.ilc.edu.tw/category/c-8591/c-59237/" "Mozilla/5.0 (iPhone; CPU iPhone OS 26_1_0 like Mac OS X) AppleWebKit/605.1.15 (KHTML, like Gecko) GSA/424.4.924152415 Mobile/15E148 Safari/604.1"
2001:b400:e296:4d99:611a:9d69:a300:2d30 - - [26/Aug/2026:14:28:20 +0800] "GET /wp-includes/js/imagesloaded.min.js HTTP/1.1" 200 2683 "https://www.cwjh.ilc.edu.tw/category/c-8591/c-59237/" "Mozilla/5.0 (iPhone; CPU iPhone OS 26_1_0 like Mac OS X) AppleWebKit/605.1.15 (KHTML, like Gecko) GSA/424.4.924152415 Mobile/15E148 Safari/604.1"
2001:b400:e296:4d99:611a:9d69:a300:2d30 - - [26/Aug/2026:14:28:20 +0800] "GET /wp-content/themes/oceanwp/assets/js/theme.min.js HTTP/1.1" 200 5130 "https://www.cwjh.ilc.edu.tw/category/c-8591/c-59237/" "Mozilla/5.0 (iPhone; CPU iPhone OS 26_1_0 like Mac OS X) AppleWebKit/605.1.15 (KHTML, like Gecko) GSA/424.4.924152415 Mobile/15E148 Safari/604.1"
2001:b400:e296:4d99:611a:9d69:a300:2d30 - - [26/Aug/2026:14:28:20 +0800] "GET /wp-content/themes/oceanwp/assets/js/drop-down-mobile-menu.min.js HTTP/1.1" 200 4663 "https://www.cwjh.ilc.edu.tw/category/c-8591/c-59237/" "Mozilla/5.0 (iPhone; CPU iPhone OS 26_1_0 like Mac OS X) AppleWebKit/605.1.15 (KHTML, like Gecko) GSA/424.4.924152415 Mobile/15E148 Safari/604.1"
2001:b400:e296:4d99:611a:9d69:a300:2d30 - - [26/Aug/2026:14:28:20 +0800] "GET /wp-content/themes/oceanwp/assets/js/vendors/magnific-popup.min.js HTTP/1.1" 200 8270 "https://www.cwjh.ilc.edu.tw/category/c-8591/c-59237/" "Mozilla/5.0 (iPhone; CPU iPhone OS 26_1_0 like Mac OS X) AppleWebKit/605.1.15 (KHTML, like Gecko) GSA/424.4.924152415 Mobile/15E148 Safari/604.1"
140.111.67.195 - - [26/Aug/2026:14:28:20 +0800] "GET /wp-admin/admin-post.php?action=steps_ad HTTP/1.1" 200 1649 "-" "node-fetch/1.0 (+https://github.com/bitinn/node-fetch)"
2001:b400:e296:4d99:611a:9d69:a300:2d30 - - [26/Aug/2026:14:28:20 +0800] "GET /wp-content/themes/oceanwp/assets/js/drop-down-search.min.js HTTP/1.1" 200 2968 "https://www.cwjh.ilc.edu.tw/category/c-8591/c-59237/" "Mozilla/5.0 (iPhone; CPU iPhone OS 26_1_0 like Mac OS X) AppleWebKit/605.1.15 (KHTML, like Gecko) GSA/424.4.924152415 Mobile/15E148 Safari/604.1"
2001:b400:e296:4d99:611a:9d69:a300:2d30 - - [26/Aug/2026:14:28:20 +0800] "GET /wp-content/themes/oceanwp/assets/js/ow-lightbox.min.js HTTP/1.1" 200 2321 "https://www.cwjh.ilc.edu.tw/category/c-8591/c-59237/" "Mozilla/5.0 (iPhone; CPU iPhone OS 26_1_0 like Mac OS X) AppleWebKit/605.1.15 (KHTML, like Gecko) GSA/424.4.924152415 Mobile/15E148 Safari/604.1"
2001:b400:e296:4d99:611a:9d69:a300:2d30 - - [26/Aug/2026:14:28:20 +0800] "GET /wp-content/themes/oceanwp/assets/js/vendors/flickity.pkgd.min.js HTTP/1.1" 200 15048 "https://www.cwjh.ilc.edu.tw/category/c-8591/c-59237/" "Mozilla/5.0 (iPhone; CPU iPhone OS 26_1_0 like Mac OS X) AppleWebKit/605.1.15 (KHTML, like Gecko) GSA/424.4.924152415 Mobile/15E148 Safari/604.1"
2001:b400:e296:4d99:611a:9d69:a300:2d30 - - [26/Aug/2026:14:28:20 +0800] "GET /wp-content/themes/oceanwp/assets/js/ow-slider.min.js HTTP/1.1" 200 1761 "https://www.cwjh.ilc.edu.tw/category/c-8591/c-59237/" "Mozilla/5.0 (iPhone; CPU iPhone OS 26_1_0 like Mac OS X) AppleWebKit/605.1.15 (KHTML, like Gecko) GSA/424.4.924152415 Mobile/15E148 Safari/604.1"
2001:b400:e296:4d99:611a:9d69:a300:2d30 - - [26/Aug/2026:14:28:20 +0800] "GET /wp-content/themes/oceanwp/assets/js/scroll-effect.min.js HTTP/1.1" 200 4127 "https://www.cwjh.ilc.edu.tw/category/c-8591/c-59237/" "Mozilla/5.0 (iPhone; CPU iPhone OS 26_1_0 like Mac OS X) AppleWebKit/605.1.15 (KHTML, like Gecko) GSA/424.4.924152415 Mobile/15E148 Safari/604.1"
2001:b400:e296:4d99:611a:9d69:a300:2d30 - - [26/Aug/2026:14:28:20 +0800] "GET /wp-content/themes/oceanwp/assets/js/select.min.js HTTP/1.1" 200 2408 "https://www.cwjh.ilc.edu.tw/category/c-8591/c-59237/" "Mozilla/5.0 (iPhone; CPU iPhone OS 26_1_0 like Mac OS X) AppleWebKit/605.1.15 (KHTML, like Gecko) GSA/424.4.924152415 Mobile/15E148 Safari/604.1"
2001:b400:e296:4d99:611a:9d69:a300:2d30 - - [26/Aug/2026:14:28:20 +0800] "GET /wp-content/themes/oceanwp/assets/js/scroll-top.min.js HTTP/1.1" 200 3202 "https://www.cwjh.ilc.edu.tw/category/c-8591/c-59237/" "Mozilla/5.0 (iPhone; CPU iPhone OS 26_1_0 like Mac OS X) AppleWebKit/605.1.15 (KHTML, like Gecko) GSA/424.4.924152415 Mobile/15E148 Safari/604.1"
2001:b400:e296:4d99:611a:9d69:a300:2d30 - - [26/Aug/2026:14:28:20 +0800] "GET /wp-content/plugins/ocean-extra/includes/widgets/js/flickr.min.js HTTP/1.1" 200 1319 "https://www.cwjh.ilc.edu.tw/category/c-8591/c-59237/" "Mozilla/5.0 (iPhone; CPU iPhone OS 26_1_0 like Mac OS X) AppleWebKit/605.1.15 (KHTML, like Gecko) GSA/424.4.924152415 Mobile/15E148 Safari/604.1"
2001:b400:e296:4d99:611a:9d69:a300:2d30 - - [26/Aug/2026:14:28:20 +0800] "GET /wp-content/themes/oceanwp/assets/fonts/simple-line-icons/Simple-Line-Icons.woff2?v=2.4.0 HTTP/1.1" 200 30959 "https://www.cwjh.ilc.edu.tw/category/c-8591/c-59237/" "Mozilla/5.0 (iPhone; CPU iPhone OS 26_1_0 like Mac OS X) AppleWebKit/605.1.15 (KHTML, like Gecko) GSA/424.4.924152415 Mobile/15E148 Safari/604.1"
2001:b400:e296:4d99:611a:9d69:a300:2d30 - - [26/Aug/2026:14:28:20 +0800] "GET /wp-content/themes/oceanwp/assets/fonts/fontawesome/webfonts/fa-solid-900.woff2 HTTP/1.1" 200 151246 "https://www.cwjh.ilc.edu.tw/category/c-8591/c-59237/" "Mozilla/5.0 (iPhone; CPU iPhone OS 26_1_0 like Mac OS X) AppleWebKit/605.1.15 (KHTML, like Gecko) GSA/424.4.924152415 Mobile/15E148 Safari/604.1"
2001:b400:e296:4d99:611a:9d69:a300:2d30 - - [26/Aug/2026:14:28:20 +0800] "GET /wp-content/themes/oceanwp/assets/fonts/fontawesome/webfonts/fa-regular-400.woff2 HTTP/1.1" 200 25383 "https://www.cwjh.ilc.edu.tw/category/c-8591/c-59237/" "Mozilla/5.0 (iPhone; CPU iPhone OS 26_1_0 like Mac OS X) AppleWebKit/605.1.15 (KHTML, like Gecko) GSA/424.4.924152415 Mobile/15E148 Safari/604.1"
2001:b400:e296:4d99:611a:9d69:a300:2d30 - - [26/Aug/2026:14:28:20 +0800] "GET /wp-content/uploads/sites/1364/2019/10/cropped-21502-3467847-1.png HTTP/1.1" 200 1491354 "https://www.cwjh.ilc.edu.tw/category/c-8591/c-59237/" "Mozilla/5.0 (iPhone; CPU iPhone OS 26_1_0 like Mac OS X) AppleWebKit/605.1.15 (KHTML, like Gecko) GSA/424.4.924152415 Mobile/15E148 Safari/604.1"
140.111.67.195 - - [26/Aug/2026:14:28:20 +0800] "GET /wp-admin/admin-post.php?action=steps_ad HTTP/1.1" 200 1649 "-" "node-fetch/1.0 (+https://github.com/bitinn/node-fetch)"
140.111.67.10 - - [26/Aug/2026:14:28:20 +0800] "GET /" 301 273 "-" "-"
57.141.2.75 - - [26/Aug/2026:14:28:20 +0800] "GET /6426/2017/11/08/106_2-1-3_%e7%92%b0%e5%a2%83%e6%95%99%e8%82%b2%e8%9e%8d%e5%85%a5%e6%95%99%e5%ad%b8-%e5%8b%95%e6%89%8b%e5%81%9a%e6%9c%8d%e8%a3%9d/ HTTP/1.1" 200 17140 "-" "Mozilla/5.0 (X11; Linux x86_64) AppleWebKit/537.36 (KHTML, like Gecko) Chrome/145.0.0.0 Safari/537.36 (compatible; meta-externalagent/1.1 (+https://developers.facebook.com/docs/sharing/webmasters/crawler))"
122.100.115.25 - - [26/Aug/2026:14:28:20 +0800] "POST /wp-json/wp-statistics/v2/hit HTTP/1.1" 200 5883 "https://www.gjes.ilc.edu.tw/" "Mozilla/5.0 (Linux; Android 10; K) AppleWebKit/537.36 (KHTML, like Gecko) Chrome/151.0.0.0 Mobile Safari/537.36"
34.56.53.225 - - [26/Aug/2026:14:28:21 +0800] "GET /7706/?p=3344 HTTP/1.1" 301 5665 "-" "Mozilla/5.0 (Macintosh; Intel Mac OS X 10_15_7) AppleWebKit/537.36 (KHTML, like Gecko) Chrome/120.0.0.0 Safari/537.36"
2001:b400:e230:ce59:9501:612e:7466:d3b6 - - [26/Aug/2026:14:28:22 +0800] "-" 408 4804 "-" "-"
2001:b400:e230:ce59:9501:612e:7466:d3b6 - - [26/Aug/2026:14:28:22 +0800] "-" 408 4804 "-" "-"
216.73.217.64 - - [26/Aug/2026:14:28:22 +0800] "GET /32745/2021/06/page/32/ HTTP/1.1" 200 91214 "-" "Mozilla/5.0 AppleWebKit/537.36 (KHTML, like Gecko; compatible; ClaudeBot/1.0; +claudebot@anthropic.com)"
140.111.67.195 - - [26/Aug/2026:14:28:22 +0800] "GET /wp-admin/admin-post.php?action=steps_ad HTTP/1.1" 200 1649 "-" "node-fetch/1.0 (+https://github.com/bitinn/node-fetch)"
140.111.67.195 - - [26/Aug/2026:14:28:22 +0800] "GET /wp-admin/admin-post.php?action=steps_ad HTTP/1.1" 200 1649 "-" "node-fetch/1.0 (+https://github.com/bitinn/node-fetch)"
2001:288:a201::66:125 - - [26/Aug/2026:14:28:23 +0800] "GET /blog/active.php HTTP/1.1" 301 1026 "-" "-"
2001:288:a201::66:125 - - [26/Aug/2026:14:28:23 +0800] "GET /blog/active.php HTTP/1.1" 404 1084 "-" "-"
52.167.144.206 - - [26/Aug/2026:14:28:21 +0800] "GET /26150/2026/06/15/%E3%80%8C%E7%B7%A3%E4%BE%86%E5%A6%82%E6%AD%A4%EF%BD%9E%E6%84%9B%E5%B0%B1%E9%86%AC%E3%80%8D2026%E6%83%85%E6%84%9F%E9%97%9C%E4%BF%82%E5%B7%A5%E4%BD%9C%E5%9D%8A%E5%B0%87%E6%96%BC8%E6%9C%882%E6%97%A5/ HTTP/1.1" 200 24966 "-" "Mozilla/5.0 AppleWebKit/537.36 (KHTML, like Gecko; compatible; bingbot/2.0; +http://www.bing.com/bingbot.htm) Chrome/116.0.1938.76 Safari/537.36"
57.141.2.75 - - [26/Aug/2026:14:28:22 +0800] "GET /32745/2021/11/04/ HTTP/1.1" 200 91480 "-" "Mozilla/5.0 (Windows NT 10.0; Win64; x64) AppleWebKit/537.36 (KHTML, like Gecko) Chrome/145.0.0.0 Safari/537.36 (compatible; meta-externalagent/1.1 (+https://developers.facebook.com/docs/sharing/webmasters/crawler))"
216.73.217.64 - - [26/Aug/2026:14:28:24 +0800] "GET /qlesct1130706/ HTTP/1.1" 200 15533 "-" "Mozilla/5.0 AppleWebKit/537.36 (KHTML, like Gecko; compatible; ClaudeBot/1.0; +claudebot@anthropic.com)"
216.73.217.64 - - [26/Aug/2026:14:28:24 +0800] "GET /9536/page/532/ HTTP/1.1" 200 14508 "-" "Mozilla/5.0 AppleWebKit/537.36 (KHTML, like Gecko; compatible; ClaudeBot/1.0; +claudebot@anthropic.com)"
34.171.68.95 - - [26/Aug/2026:14:28:24 +0800] "GET /32745/?p=29131 HTTP/1.1" 301 5602 "-" "Mozilla/5.0 (Macintosh; Intel Mac OS X 10_15_7) AppleWebKit/537.36 (KHTML, like Gecko) Chrome/120.0.0.0 Safari/537.36"
::1 - - [26/Aug/2026:14:28:24 +0800] "OPTIONS * HTTP/1.0" 200 110 "-" "Apache/2.4.68 (Ubuntu) OpenSSL/3.0.19 (internal dummy connection)"
216.73.217.64 - - [26/Aug/2026:14:28:24 +0800] "GET /9536/wp-json/wp/v2/posts/52714 HTTP/1.1" 200 6026 "-" "Mozilla/5.0 AppleWebKit/537.36 (KHTML, like Gecko; compatible; ClaudeBot/1.0; +claudebot@anthropic.com)"
140.111.67.10 - - [26/Aug/2026:14:28:25 +0800] "GET /" 301 273 "-" "-"
140.111.140.57 - - [26/Aug/2026:14:28:25 +0800] "POST /wp-json/wp-statistics/v2/hit HTTP/1.1" 200 6012 "https://www.gjes.ilc.edu.tw/" "Mozilla/5.0 (Windows NT 10.0; Win64; x64) AppleWebKit/537.36 (KHTML, like Gecko) Chrome/151.0.0.0 Safari/537.36 Edg/151.0.0.0"
140.111.67.195 - - [26/Aug/2026:14:28:25 +0800] "GET /wp-admin/admin-post.php?action=steps_ad HTTP/1.1" 200 1649 "-" "node-fetch/1.0 (+https://github.com/bitinn/node-fetch)"
2a03:2880:f802:42:: - - [26/Aug/2026:14:28:24 +0800] "GET /32745/2024/01/ HTTP/1.1" 200 91347 "-" "Mozilla/5.0 (X11; Linux x86_64) AppleWebKit/537.36 (KHTML, like Gecko) Chrome/145.0.0.0 Safari/537.36 (compatible; meta-externalagent/1.1 (+https://developers.facebook.com/docs/sharing/webmasters/crawler))"
216.73.217.64 - - [26/Aug/2026:14:28:25 +0800] "GET /9536/wp-json/wp/v2/posts/52726 HTTP/1.1" 200 6519 "-" "Mozilla/5.0 AppleWebKit/537.36 (KHTML, like Gecko; compatible; ClaudeBot/1.0; +claudebot@anthropic.com)"
2a03:2880:f802:42:: - - [26/Aug/2026:14:28:26 +0800] "GET /6553/2014/ HTTP/1.1" 200 15614 "-" "Mozilla/5.0 (Macintosh; Intel Mac OS X 10_15_7) AppleWebKit/537.36 (KHTML, like Gecko) Chrome/145.0.0.0 Safari/537.36 (compatible; meta-externalagent/1.1 (+https://developers.facebook.com/docs/sharing/webmasters/crawler))"
2a03:2880:f802:2a:: - - [26/Aug/2026:14:28:26 +0800] "GET /18998/category/c-13516/c-88480/ HTTP/1.1" 200 15757 "-" "Mozilla/5.0 (Windows NT 10.0; Win64; x64) AppleWebKit/537.36 (KHTML, like Gecko) Chrome/145.0.0.0 Safari/537.36 (compatible; meta-externalagent/1.1 (+https://developers.facebook.com/docs/sharing/webmasters/crawler))"
2001:b400:e296:4d99:611a:9d69:a300:2d30 - - [26/Aug/2026:14:28:26 +0800] "GET /2023/10/31/112%e5%ad%b8%e5%b9%b4%e5%ba%a6%e5%a3%af%e5%9c%8d%e5%9c%8b%e4%b8%ad%e5%90%84%e9%a0%98%e5%9f%9f%e6%95%99%e5%b8%ab%e5%90%8d%e5%96%ae/ HTTP/1.1" 200 29192 "https://www.cwjh.ilc.edu.tw/category/c-8591/c-59237/" "Mozilla/5.0 (iPhone; CPU iPhone OS 26_1_0 like Mac OS X) AppleWebKit/605.1.15 (KHTML, like Gecko) GSA/424.4.924152415 Mobile/15E148 Safari/604.1"
59.124.9.103 - - [26/Aug/2026:14:28:26 +0800] "GET /?p=95 HTTP/1.1" 200 26216 "https://www.nses.ilc.edu.tw/?p=490" "Mozilla/5.0 (Windows NT 10.0; Win64; x64) AppleWebKit/537.36 (KHTML, like Gecko) Chrome/151.0.0.0 Safari/537.36 Edg/151.0.0.0"
66.249.79.234 - - [26/Aug/2026:14:28:26 +0800] "GET /blog/blog/2564/post/64157/427363 HTTP/1.1" 301 1097 "-" "Mozilla/5.0 (Linux; Android 6.0.1; Nexus 5X Build/MMB29P) AppleWebKit/537.36 (KHTML, like Gecko) Chrome/151.0.7922.173 Mobile Safari/537.36 (compatible; GoogleOther)"
2001:b400:e296:4d99:611a:9d69:a300:2d30 - - [26/Aug/2026:14:28:26 +0800] "GET /wp-content/cache/www.cwjh.ilc.edu.tw/wpfc-minified/ky24g1hk/7m68.js HTTP/1.1" 200 1638 "https://www.cwjh.ilc.edu.tw/2023/10/31/112%e5%ad%b8%e5%b9%b4%e5%ba%a6%e5%a3%af%e5%9c%8d%e5%9c%8b%e4%b8%ad%e5%90%84%e9%a0%98%e5%9f%9f%e6%95%99%e5%b8%ab%e5%90%8d%e5%96%ae/" "Mozilla/5.0 (iPhone; CPU iPhone OS 26_1_0 like Mac OS X) AppleWebKit/605.1.15 (KHTML, like Gecko) GSA/424.4.924152415 Mobile/15E148 Safari/604.1"
2001:b400:e296:4d99:611a:9d69:a300:2d30 - - [26/Aug/2026:14:28:26 +0800] "GET /wp-content/uploads/sites/1364/2020/02/Animated-Gif-New-1.gif HTTP/1.1" 200 3399 "https://www.cwjh.ilc.edu.tw/2023/10/31/112%e5%ad%b8%e5%b9%b4%e5%ba%a6%e5%a3%af%e5%9c%8d%e5%9c%8b%e4%b8%ad%e5%90%84%e9%a0%98%e5%9f%9f%e6%95%99%e5%b8%ab%e5%90%8d%e5%96%ae/" "Mozilla/5.0 (iPhone; CPU iPhone OS 26_1_0 like Mac OS X) AppleWebKit/605.1.15 (KHTML, like Gecko) GSA/424.4.924152415 Mobile/15E148 Safari/604.1"
59.124.9.103 - - [26/Aug/2026:14:28:26 +0800] "GET /wp-content/uploads/sites/1678/elementor/css/post-95.css HTTP/1.1" 200 1557 "https://www.nses.ilc.edu.tw/?p=95" "Mozilla/5.0 (Windows NT 10.0; Win64; x64) AppleWebKit/537.36 (KHTML, like Gecko) Chrome/151.0.0.0 Safari/537.36 Edg/151.0.0.0"
2001:b400:e296:4d99:611a:9d69:a300:2d30 - - [26/Aug/2026:14:28:26 +0800] "GET /wp-content/uploads/sites/1364/2025/11/376420000A_1140189696_ATTACH1.png HTTP/1.1" 200 23239 "https://www.cwjh.ilc.edu.tw/2023/10/31/112%e5%ad%b8%e5%b9%b4%e5%ba%a6%e5%a3%af%e5%9c%8d%e5%9c%8b%e4%b8%ad%e5%90%84%e9%a0%98%e5%9f%9f%e6%95%99%e5%b8%ab%e5%90%8d%e5%96%ae/" "Mozilla/5.0 (iPhone; CPU iPhone OS 26_1_0 like Mac OS X) AppleWebKit/605.1.15 (KHTML, like Gecko) GSA/424.4.924152415 Mobile/15E148 Safari/604.1"
2001:b400:e296:4d99:611a:9d69:a300:2d30 - - [26/Aug/2026:14:28:26 +0800] "GET /wp-content/uploads/sites/1364/2026/07/ChatGPT-Image-2026%E5%B9%B47%E6%9C%882%E6%97%A5-%E4%B8%8A%E5%8D%8811_24_32-1024x576.png HTTP/1.1" 200 1076753 "https://www.cwjh.ilc.edu.tw/2023/10/31/112%e5%ad%b8%e5%b9%b4%e5%ba%a6%e5%a3%af%e5%9c%8d%e5%9c%8b%e4%b8%ad%e5%90%84%e9%a0%98%e5%9f%9f%e6%95%99%e5%b8%ab%e5%90%8d%e5%96%ae/" "Mozilla/5.0 (iPhone; CPU iPhone OS 26_1_0 like Mac OS X) AppleWebKit/605.1.15 (KHTML, like Gecko) GSA/424.4.924152415 Mobile/15E148 Safari/604.1"
59.124.9.103 - - [26/Aug/2026:14:28:26 +0800] "POST /index.php?rest_route=/ilc-summary/v1/popular-posts HTTP/1.1" 201 1282 "https://www.nses.ilc.edu.tw/?p=95" "Mozilla/5.0 (Windows NT 10.0; Win64; x64) AppleWebKit/537.36 (KHTML, like Gecko) Chrome/151.0.0.0 Safari/537.36 Edg/151.0.0.0"
2a03:2880:f80e:4e:: - - [26/Aug/2026:14:28:27 +0800] "GET /6422/author/hsing/page/11/ HTTP/1.1" 200 14768 "-" "Mozilla/5.0 (X11; Linux x86_64) AppleWebKit/537.36 (KHTML, like Gecko) Chrome/145.0.0.0 Safari/537.36 (compatible; meta-externalagent/1.1 (+https://developers.facebook.com/docs/sharing/webmasters/crawler))"
59.124.9.103 - - [26/Aug/2026:14:28:27 +0800] "GET /wp-content/uploads/sites/1678/2021/05/%E5%AE%9C%E8%98%AD%E7%B8%A3%E9%98%B2%E7%96%AB%E7%9F%AD%E7%89%87.mp4?_=2 HTTP/1.1" 200 2231219 "https://www.nses.ilc.edu.tw/?p=95" "Mozilla/5.0 (Windows NT 10.0; Win64; x64) AppleWebKit/537.36 (KHTML, like Gecko) Chrome/151.0.0.0 Safari/537.36 Edg/151.0.0.0"
59.124.9.103 - - [26/Aug/2026:14:28:27 +0800] "GET /wp-content/uploads/sites/1678/2022/07/%E9%AB%98%E6%BA%AB%E8%A5%B2%E6%93%8A%EF%BC%8C%E5%B0%8F%E5%BF%83%E7%86%B1%E5%82%B7%E5%AE%B3%EF%BC%81.mp4?_=1 HTTP/1.1" 200 1968994 "https://www.nses.ilc.edu.tw/?p=95" "Mozilla/5.0 (Windows NT 10.0; Win64; x64) AppleWebKit/537.36 (KHTML, like Gecko) Chrome/151.0.0.0 Safari/537.36 Edg/151.0.0.0"
59.124.9.103 - - [26/Aug/2026:14:28:27 +0800] "GET /wp-content/uploads/sites/1678/2021/05/%E5%AE%9C%E8%98%AD%E7%B8%A3%E9%98%B2%E7%96%AB%E7%9F%AD%E7%89%87.mp4?_=2 HTTP/1.1" 200 1785456 "https://www.nses.ilc.edu.tw/?p=95" "Mozilla/5.0 (Windows NT 10.0; Win64; x64) AppleWebKit/537.36 (KHTML, like Gecko) Chrome/151.0.0.0 Safari/537.36 Edg/151.0.0.0"
2a03:2880:f802:41:: - - [26/Aug/2026:14:28:27 +0800] "GET /6554/2019/11/09/108_4-5_%e6%b8%9b%e5%a1%91%e6%b4%bb%e5%8b%95%e7%99%bb%e8%a8%98%e8%a1%a806/ HTTP/1.1" 200 16598 "-" "Mozilla/5.0 (Windows NT 10.0; Win64; x64) AppleWebKit/537.36 (KHTML, like Gecko) Chrome/145.0.0.0 Safari/537.36 (compatible; meta-externalagent/1.1 (+https://developers.facebook.com/docs/sharing/webmasters/crawler))"
2a03:2880:f802:2b:: - - [26/Aug/2026:14:28:25 +0800] "GET /de/spirit-master-u00d0u00b0u00d1u0091u00e2u0080u00a2u00d0u00b0u00d1u0091u00d1u0096u00d0u00b0u00d1u0091u00e2u0084u00a2u00d0u00b0u00d1u0091u00d0u0086u00d0u00b0u00d1u0091u00e2u0084u00a2u00d0u00b0u00d1u0091u00c2u00a0u00d0u00b0u00d1u0091u00e2u0084u0096u00d0u00b0u00d1u0091u00e2u0080u00a2u00d0u00b0u00d1u0091u00e2u0080u0093u00d0u00b0u00d1u0091u00c2u00b1u00d0u00b0u00d1u0091u00e2u0080u00a1u00d0u00b0u00d1u0091u00e2u0080u00b9u00d0u00b0u00d1u0091u00d0u0086u00d0u00b0u00d1u0091u00e2u0084u00a2-codes/ HTTP/1.1" 200 28346 "-" "Mozilla/5.0 (Windows NT 10.0; Win64; x64) AppleWebKit/537.36 (KHTML, like Gecko) Chrome/145.0.0.0 Safari/537.36 (compatible; meta-externalagent/1.1 (+https://developers.facebook.com/docs/sharing/webmasters/crawler))"
2001:4860:7:810::eb - - [26/Aug/2026:14:28:27 +0800] "GET /868/47373/ HTTP/1.1" 200 20056 "https://www.google.com/" "Mozilla/5.0 (X11; CrOS x86_64 14541.0.0) AppleWebKit/537.36 (KHTML, like Gecko) Chrome/151.0.0.0 Safari/537.36"
2001:288:a201::66:125 - - [26/Aug/2026:14:28:28 +0800] "GET /blog/active.php HTTP/1.1" 301 1026 "-" "-"
2001:288:a201::66:125 - - [26/Aug/2026:14:28:28 +0800] "GET /blog/active.php HTTP/1.1" 404 1084 "-" "-"
2a03:2880:f802:48:: - - [26/Aug/2026:14:28:28 +0800] "GET /39204/2025/05/19/ HTTP/1.1" 200 14452 "-" "Mozilla/5.0 (Windows NT 10.0; Win64; x64) AppleWebKit/537.36 (KHTML, like Gecko) Chrome/145.0.0.0 Safari/537.36 (compatible; meta-externalagent/1.1 (+https://developers.facebook.com/docs/sharing/webmasters/crawler))"
::1 - - [26/Aug/2026:14:28:28 +0800] "OPTIONS * HTTP/1.0" 200 110 "-" "Apache/2.4.68 (Ubuntu) OpenSSL/3.0.19 (internal dummy connection)"
2001:b400:e296:4d99:611a:9d69:a300:2d30 - - [26/Aug/2026:14:28:26 +0800] "POST /wp-json/ilc-summary/v1/popular-posts HTTP/1.1" 201 6202 "https://www.cwjh.ilc.edu.tw/2023/10/31/112%e5%ad%b8%e5%b9%b4%e5%ba%a6%e5%a3%af%e5%9c%8d%e5%9c%8b%e4%b8%ad%e5%90%84%e9%a0%98%e5%9f%9f%e6%95%99%e5%b8%ab%e5%90%8d%e5%96%ae/" "Mozilla/5.0 (iPhone; CPU iPhone OS 26_1_0 like Mac OS X) AppleWebKit/605.1.15 (KHTML, like Gecko) GSA/424.4.924152415 Mobile/15E148 Safari/604.1"
::1 - - [26/Aug/2026:14:28:29 +0800] "OPTIONS * HTTP/1.0" 200 110 "-" "Apache/2.4.68 (Ubuntu) OpenSSL/3.0.19 (internal dummy connection)"
140.111.67.10 - - [26/Aug/2026:14:28:30 +0800] "GET /" 301 273 "-" "-"
34.123.149.87 - - [26/Aug/2026:14:28:30 +0800] "GET /33938/wp-json/wp/v2/posts/57 HTTP/1.1" 200 9639 "-" "Mozilla/5.0 (Macintosh; Intel Mac OS X 10_15_7) AppleWebKit/537.36 (KHTML, like Gecko) Chrome/120.0.0.0 Safari/537.36"
::1 - - [26/Aug/2026:14:28:30 +0800] "OPTIONS * HTTP/1.0" 200 110 "-" "Apache/2.4.68 (Ubuntu) OpenSSL/3.0.19 (internal dummy connection)"
59.124.9.103 - - [26/Aug/2026:14:28:27 +0800] "GET /wp-content/uploads/sites/1678/2022/07/%E9%AB%98%E6%BA%AB%E8%A5%B2%E6%93%8A%EF%BC%8C%E5%B0%8F%E5%BF%83%E7%86%B1%E5%82%B7%E5%AE%B3%EF%BC%81.mp4?_=1 HTTP/1.1" 200 1284254 "https://www.nses.ilc.edu.tw/?p=95" "Mozilla/5.0 (Windows NT 10.0; Win64; x64) AppleWebKit/537.36 (KHTML, like Gecko) Chrome/151.0.0.0 Safari/537.36 Edg/151.0.0.0"
57.141.2.75 - - [26/Aug/2026:14:28:31 +0800] "GET /2711/2020/10/ HTTP/1.1" 200 14967 "-" "Mozilla/5.0 (Macintosh; Intel Mac OS X 10_15_7) AppleWebKit/537.36 (KHTML, like Gecko) Chrome/145.0.0.0 Safari/537.36 (compatible; meta-externalagent/1.1 (+https://developers.facebook.com/docs/sharing/webmasters/crawler))"
::1 - - [26/Aug/2026:14:28:31 +0800] "OPTIONS * HTTP/1.0" 200 110 "-" "Apache/2.4.68 (Ubuntu) OpenSSL/3.0.19 (internal dummy connection)"
66.249.71.169 - - [26/Aug/2026:14:28:32 +0800] "GET /blog/resserver.php?blogId=186&resource=13444-16.jpg HTTP/1.1" 301 1139 "-" "GoogleOther-Image/1.0"
2a03:2880:f802:6:: - - [26/Aug/2026:14:28:32 +0800] "GET /6430/2016/11/11/105-%e4%ba%8c-5-1%e7%b5%90%e5%90%88%e5%9c%b0%e6%96%b9%e7%94%a2%e6%a5%ad%e8%be%a6%e7%90%86%e7%92%b0%e5%a2%83%e6%95%99%e8%82%b2%e6%b4%bb%e5%8b%95/ HTTP/1.1" 200 15309 "-" "Mozilla/5.0 (Macintosh; Intel Mac OS X 10_15_7) AppleWebKit/537.36 (KHTML, like Gecko) Chrome/145.0.0.0 Safari/537.36 (compatible; meta-externalagent/1.1 (+https://developers.facebook.com/docs/sharing/webmasters/crawler))"
140.111.67.195 - - [26/Aug/2026:14:28:32 +0800] "GET /wp-admin/admin-post.php?action=steps_ad HTTP/1.1" 200 1973 "-" "node-fetch/1.0 (+https://github.com/bitinn/node-fetch)"
2001:288:a201::66:125 - - [26/Aug/2026:14:28:33 +0800] "GET /blog/active.php HTTP/1.1" 301 1026 "-" "-"
2001:288:a201::66:125 - - [26/Aug/2026:14:28:33 +0800] "GET /blog/active.php HTTP/1.1" 404 1084 "-" "-"
34.30.223.149 - - [26/Aug/2026:14:28:33 +0800] "GET /6452/2016/11/08/105-3-3%E7%92%B0%E5%A2%83%E8%A1%9B%E7%94%9F%E7%AE%A1%E7%90%86%E6%83%85%E5%BD%A2/ HTTP/1.1" 200 17052 "-" "Mozilla/5.0 (Macintosh; Intel Mac OS X 10_15_7) AppleWebKit/537.36 (KHTML, like Gecko) Chrome/120.0.0.0 Safari/537.36"
2001:b400:e296:4d99:611a:9d69:a300:2d30 - - [26/Aug/2026:14:28:33 +0800] "GET /2017/09/04/106%e5%ad%b8%e5%b9%b4%e5%ba%a6%e5%90%84%e9%a0%98%e5%9f%9f%e6%95%99%e5%b8%ab/ HTTP/1.1" 200 29136 "https://www.cwjh.ilc.edu.tw/category/c-8591/c-59237/" "Mozilla/5.0 (iPhone; CPU iPhone OS 26_1_0 like Mac OS X) AppleWebKit/605.1.15 (KHTML, like Gecko) GSA/424.4.924152415 Mobile/15E148 Safari/604.1"
48.47.32.9 - - [26/Aug/2026:14:28:33 +0800] "GET /526/wp-content/uploads/sites/1318/2020/06/1591874845016.jpg HTTP/1.1" 200 244718 "-" "Mozilla/5.0 (Macintosh; Intel Mac OS X 10.15; rv:151.0) Gecko/20100101 Firefox/151.0"
57.141.2.32 - - [26/Aug/2026:14:28:34 +0800] "GET /16771/2025/09/10/ HTTP/1.1" 200 13261 "-" "Mozilla/5.0 (Windows NT 10.0; Win64; x64) AppleWebKit/537.36 (KHTML, like Gecko) Chrome/145.0.0.0 Safari/537.36 (compatible; meta-externalagent/1.1 (+https://developers.facebook.com/docs/sharing/webmasters/crawler))"
2a09:bac3:d482:323::50:107 - - [26/Aug/2026:14:28:34 +0800] "GET / HTTP/1.1" 200 28987 "-" "Mozilla/5.0 (iPhone; CPU iPhone OS 18_7 like Mac OS X) AppleWebKit/605.1.15 (KHTML, like Gecko) Version/26.3 Mobile/15E148 Safari/604.1"
2a09:bac3:d482:323::50:107 - - [26/Aug/2026:14:28:34 +0800] "GET /wp-content/cache/www.gjes.ilc.edu.tw/wpfc-minified/jomxhdgo/72cw.css HTTP/1.1" 200 11615 "https://www.gjes.ilc.edu.tw/" "Mozilla/5.0 (iPhone; CPU iPhone OS 18_7 like Mac OS X) AppleWebKit/605.1.15 (KHTML, like Gecko) Version/26.3 Mobile/15E148 Safari/604.1"
2a09:bac3:d482:323::50:107 - - [26/Aug/2026:14:28:34 +0800] "GET /wp-content/themes/oceanwp/assets/js/select.min.js HTTP/1.1" 200 2408 "https://www.gjes.ilc.edu.tw/" "Mozilla/5.0 (iPhone; CPU iPhone OS 18_7 like Mac OS X) AppleWebKit/605.1.15 (KHTML, like Gecko) Version/26.3 Mobile/15E148 Safari/604.1"
2a09:bac3:d482:323::50:107 - - [26/Aug/2026:14:28:35 +0800] "GET /wp-content/plugins/elementor/assets/js/webpack.runtime.min.js HTTP/1.1" 200 3095 "https://www.gjes.ilc.edu.tw/" "Mozilla/5.0 (iPhone; CPU iPhone OS 18_7 like Mac OS X) AppleWebKit/605.1.15 (KHTML, like Gecko) Version/26.3 Mobile/15E148 Safari/604.1"
2a09:bac3:d482:323::50:107 - - [26/Aug/2026:14:28:35 +0800] "GET /wp-content/cache/www.gjes.ilc.edu.tw/wpfc-minified/jp72otdk/72cw.js HTTP/1.1" 200 40358 "https://www.gjes.ilc.edu.tw/" "Mozilla/5.0 (iPhone; CPU iPhone OS 18_7 like Mac OS X) AppleWebKit/605.1.15 (KHTML, like Gecko) Version/26.3 Mobile/15E148 Safari/604.1"
2a09:bac3:d482:323::50:107 - - [26/Aug/2026:14:28:35 +0800] "GET /wp-content/themes/oceanwp/assets/js/scroll-top.min.js HTTP/1.1" 200 3202 "https://www.gjes.ilc.edu.tw/" "Mozilla/5.0 (iPhone; CPU iPhone OS 18_7 like Mac OS X) AppleWebKit/605.1.15 (KHTML, like Gecko) Version/26.3 Mobile/15E148 Safari/604.1"
57.141.2.37 - - [26/Aug/2026:14:28:35 +0800] "GET /21002/category/c-8033/c-55848/page/7/ HTTP/1.1" 200 30561 "-" "Mozilla/5.0 (Windows NT 10.0; Win64; x64) AppleWebKit/537.36 (KHTML, like Gecko) Chrome/145.0.0.0 Safari/537.36 (compatible; meta-externalagent/1.1 (+https://developers.facebook.com/docs/sharing/webmasters/crawler))"
140.111.67.10 - - [26/Aug/2026:14:28:35 +0800] "GET /" 301 273 "-" "-"
66.249.82.37 - - [26/Aug/2026:14:28:36 +0800] "GET /2017/09/04/106%E5%AD%B8%E5%B9%B4%E5%BA%A6%E5%90%84%E9%A0%98%E5%9F%9F%E6%95%99%E5%B8%AB/ HTTP/1.1" 200 29121 "-" "Mozilla/5.0 (Linux; Android 10; K) AppleWebKit/537.36 (KHTML, like Gecko) Chrome/138.0.0.0 Mobile Safari/537.36 (compatible; Google-Read-Aloud; +https://support.google.com/webmasters/answer/1061943)"
66.249.82.37 - - [26/Aug/2026:14:28:36 +0800] "GET /wp-includes/js/admin-bar.min.js HTTP/1.1" 200 2237 "https://www.cwjh.ilc.edu.tw/2017/09/04/106%E5%AD%B8%E5%B9%B4%E5%BA%A6%E5%90%84%E9%A0%98%E5%9F%9F%E6%95%99%E5%B8%AB/" "Mozilla/5.0 (Linux; Android 10; K) AppleWebKit/537.36 (KHTML, like Gecko) Chrome/138.0.0.0 Mobile Safari/537.36 (compatible; Google-Read-Aloud; +https://support.google.com/webmasters/answer/1061943)"
66.249.82.37 - - [26/Aug/2026:14:28:36 +0800] "GET /wp-content/cache/www.cwjh.ilc.edu.tw/wpfc-minified/ky24g1hk/7m68.js HTTP/1.1" 200 1638 "https://www.cwjh.ilc.edu.tw/2017/09/04/106%E5%AD%B8%E5%B9%B4%E5%BA%A6%E5%90%84%E9%A0%98%E5%9F%9F%E6%95%99%E5%B8%AB/" "Mozilla/5.0 (Linux; Android 10; K) AppleWebKit/537.36 (KHTML, like Gecko) Chrome/138.0.0.0 Mobile Safari/537.36 (compatible; Google-Read-Aloud; +https://support.google.com/webmasters/answer/1061943)"
66.249.82.36 - - [26/Aug/2026:14:28:36 +0800] "GET /wp-content/cache/www.cwjh.ilc.edu.tw/wpfc-minified/dhutxct0/77dd.css HTTP/1.1" 200 66133 "https://www.cwjh.ilc.edu.tw/2017/09/04/106%E5%AD%B8%E5%B9%B4%E5%BA%A6%E5%90%84%E9%A0%98%E5%9F%9F%E6%95%99%E5%B8%AB/" "Mozilla/5.0 (Linux; Android 10; K) AppleWebKit/537.36 (KHTML, like Gecko) Chrome/138.0.0.0 Mobile Safari/537.36 (compatible; Google-Read-Aloud; +https://support.google.com/webmasters/answer/1061943)"
66.249.82.36 - - [26/Aug/2026:14:28:36 +0800] "GET /wp-includes/js/imagesloaded.min.js HTTP/1.1" 200 7471 "https://www.cwjh.ilc.edu.tw/2017/09/04/106%E5%AD%B8%E5%B9%B4%E5%BA%A6%E5%90%84%E9%A0%98%E5%9F%9F%E6%95%99%E5%B8%AB/" "Mozilla/5.0 (Linux; Android 10; K) AppleWebKit/537.36 (KHTML, like Gecko) Chrome/138.0.0.0 Mobile Safari/537.36 (compatible; Google-Read-Aloud; +https://support.google.com/webmasters/answer/1061943)"
66.249.82.37 - - [26/Aug/2026:14:28:36 +0800] "GET /wp-content/cache/www.cwjh.ilc.edu.tw/wpfc-minified/7957u2ji/77dd.css HTTP/1.1" 200 15782 "https://www.cwjh.ilc.edu.tw/2017/09/04/106%E5%AD%B8%E5%B9%B4%E5%BA%A6%E5%90%84%E9%A0%98%E5%9F%9F%E6%95%99%E5%B8%AB/" "Mozilla/5.0 (Linux; Android 10; K) AppleWebKit/537.36 (KHTML, like Gecko) Chrome/138.0.0.0 Mobile Safari/537.36 (compatible; Google-Read-Aloud; +https://support.google.com/webmasters/answer/1061943)"
66.249.82.37 - - [26/Aug/2026:14:28:36 +0800] "GET /wp-content/cache/www.cwjh.ilc.edu.tw/wpfc-minified/8wopko65/77dd.css HTTP/1.1" 200 5945 "https://www.cwjh.ilc.edu.tw/2017/09/04/106%E5%AD%B8%E5%B9%B4%E5%BA%A6%E5%90%84%E9%A0%98%E5%9F%9F%E6%95%99%E5%B8%AB/" "Mozilla/5.0 (Linux; Android 10; K) AppleWebKit/537.36 (KHTML, like Gecko) Chrome/138.0.0.0 Mobile Safari/537.36 (compatible; Google-Read-Aloud; +https://support.google.com/webmasters/answer/1061943)"
66.249.82.37 - - [26/Aug/2026:14:28:36 +0800] "GET /wp-includes/js/hoverintent-js.min.js HTTP/1.1" 200 6385 "https://www.cwjh.ilc.edu.tw/2017/09/04/106%E5%AD%B8%E5%B9%B4%E5%BA%A6%E5%90%84%E9%A0%98%E5%9F%9F%E6%95%99%E5%B8%AB/" "Mozilla/5.0 (Linux; Android 10; K) AppleWebKit/537.36 (KHTML, like Gecko) Chrome/138.0.0.0 Mobile Safari/537.36 (compatible; Google-Read-Aloud; +https://support.google.com/webmasters/answer/1061943)"
66.249.82.36 - - [26/Aug/2026:14:28:36 +0800] "GET /wp-content/cache/www.cwjh.ilc.edu.tw/wpfc-minified/f11u7byj/77dd.js HTTP/1.1" 200 40347 "https://www.cwjh.ilc.edu.tw/2017/09/04/106%E5%AD%B8%E5%B9%B4%E5%BA%A6%E5%90%84%E9%A0%98%E5%9F%9F%E6%95%99%E5%B8%AB/" "Mozilla/5.0 (Linux; Android 10; K) AppleWebKit/537.36 (KHTML, like Gecko) Chrome/138.0.0.0 Mobile Safari/537.36 (compatible; Google-Read-Aloud; +https://support.google.com/webmasters/answer/1061943)"
66.249.82.37 - - [26/Aug/2026:14:28:36 +0800] "GET /wp-content/themes/oceanwp/assets/js/theme.min.js HTTP/1.1" 200 5130 "https://www.cwjh.ilc.edu.tw/2017/09/04/106%E5%AD%B8%E5%B9%B4%E5%BA%A6%E5%90%84%E9%A0%98%E5%9F%9F%E6%95%99%E5%B8%AB/" "Mozilla/5.0 (Linux; Android 10; K) AppleWebKit/537.36 (KHTML, like Gecko) Chrome/138.0.0.0 Mobile Safari/537.36 (compatible; Google-Read-Aloud; +https://support.google.com/webmasters/answer/1061943)"
66.249.82.38 - - [26/Aug/2026:14:28:36 +0800] "GET /wp-content/themes/oceanwp/assets/js/drop-down-search.min.js HTTP/1.1" 200 7756 "https://www.cwjh.ilc.edu.tw/2017/09/04/106%E5%AD%B8%E5%B9%B4%E5%BA%A6%E5%90%84%E9%A0%98%E5%9F%9F%E6%95%99%E5%B8%AB/" "Mozilla/5.0 (Linux; Android 10; K) AppleWebKit/537.36 (KHTML, like Gecko) Chrome/138.0.0.0 Mobile Safari/537.36 (compatible; Google-Read-Aloud; +https://support.google.com/webmasters/answer/1061943)"
66.249.82.38 - - [26/Aug/2026:14:28:36 +0800] "GET /wp-content/themes/oceanwp/assets/js/vendors/magnific-popup.min.js HTTP/1.1" 200 13058 "https://www.cwjh.ilc.edu.tw/2017/09/04/106%E5%AD%B8%E5%B9%B4%E5%BA%A6%E5%90%84%E9%A0%98%E5%9F%9F%E6%95%99%E5%B8%AB/" "Mozilla/5.0 (Linux; Android 10; K) AppleWebKit/537.36 (KHTML, like Gecko) Chrome/138.0.0.0 Mobile Safari/537.36 (compatible; Google-Read-Aloud; +https://support.google.com/webmasters/answer/1061943)"
2001:b400:e296:4d99:611a:9d69:a300:2d30 - - [26/Aug/2026:14:28:33 +0800] "POST /wp-json/ilc-summary/v1/popular-posts HTTP/1.1" 201 6072 "https://www.cwjh.ilc.edu.tw/2017/09/04/106%e5%ad%b8%e5%b9%b4%e5%ba%a6%e5%90%84%e9%a0%98%e5%9f%9f%e6%95%99%e5%b8%ab/" "Mozilla/5.0 (iPhone; CPU iPhone OS 26_1_0 like Mac OS X) AppleWebKit/605.1.15 (KHTML, like Gecko) GSA/424.4.924152415 Mobile/15E148 Safari/604.1"
66.249.82.38 - - [26/Aug/2026:14:28:36 +0800] "GET /wp-content/themes/oceanwp/assets/js/vendors/flickity.pkgd.min.js HTTP/1.1" 200 15048 "https://www.cwjh.ilc.edu.tw/2017/09/04/106%E5%AD%B8%E5%B9%B4%E5%BA%A6%E5%90%84%E9%A0%98%E5%9F%9F%E6%95%99%E5%B8%AB/" "Mozilla/5.0 (Linux; Android 10; K) AppleWebKit/537.36 (KHTML, like Gecko) Chrome/138.0.0.0 Mobile Safari/537.36 (compatible; Google-Read-Aloud; +https://support.google.com/webmasters/answer/1061943)"
66.249.82.38 - - [26/Aug/2026:14:28:36 +0800] "GET /wp-content/themes/oceanwp/assets/js/ow-lightbox.min.js HTTP/1.1" 200 2321 "https://www.cwjh.ilc.edu.tw/2017/09/04/106%E5%AD%B8%E5%B9%B4%E5%BA%A6%E5%90%84%E9%A0%98%E5%9F%9F%E6%95%99%E5%B8%AB/" "Mozilla/5.0 (Linux; Android 10; K) AppleWebKit/537.36 (KHTML, like Gecko) Chrome/138.0.0.0 Mobile Safari/537.36 (compatible; Google-Read-Aloud; +https://support.google.com/webmasters/answer/1061943)"
66.249.82.36 - - [26/Aug/2026:14:28:36 +0800] "GET /wp-content/themes/oceanwp/assets/js/scroll-effect.min.js HTTP/1.1" 200 4127 "https://www.cwjh.ilc.edu.tw/2017/09/04/106%E5%AD%B8%E5%B9%B4%E5%BA%A6%E5%90%84%E9%A0%98%E5%9F%9F%E6%95%99%E5%B8%AB/" "Mozilla/5.0 (Linux; Android 10; K) AppleWebKit/537.36 (KHTML, like Gecko) Chrome/138.0.0.0 Mobile Safari/537.36 (compatible; Google-Read-Aloud; +https://support.google.com/webmasters/answer/1061943)"
66.249.82.38 - - [26/Aug/2026:14:28:36 +0800] "GET /wp-content/themes/oceanwp/assets/js/scroll-top.min.js HTTP/1.1" 200 3202 "https://www.cwjh.ilc.edu.tw/2017/09/04/106%E5%AD%B8%E5%B9%B4%E5%BA%A6%E5%90%84%E9%A0%98%E5%9F%9F%E6%95%99%E5%B8%AB/" "Mozilla/5.0 (Linux; Android 10; K) AppleWebKit/537.36 (KHTML, like Gecko) Chrome/138.0.0.0 Mobile Safari/537.36 (compatible; Google-Read-Aloud; +https://support.google.com/webmasters/answer/1061943)"
66.249.82.36 - - [26/Aug/2026:14:28:36 +0800] "GET /wp-content/themes/oceanwp/assets/js/select.min.js HTTP/1.1" 200 2408 "https://www.cwjh.ilc.edu.tw/2017/09/04/106%E5%AD%B8%E5%B9%B4%E5%BA%A6%E5%90%84%E9%A0%98%E5%9F%9F%E6%95%99%E5%B8%AB/" "Mozilla/5.0 (Linux; Android 10; K) AppleWebKit/537.36 (KHTML, like Gecko) Chrome/138.0.0.0 Mobile Safari/537.36 (compatible; Google-Read-Aloud; +https://support.google.com/webmasters/answer/1061943)"
66.249.82.36 - - [26/Aug/2026:14:28:36 +0800] "GET /wp-content/plugins/ocean-extra/includes/widgets/js/flickr.min.js HTTP/1.1" 200 1319 "https://www.cwjh.ilc.edu.tw/2017/09/04/106%E5%AD%B8%E5%B9%B4%E5%BA%A6%E5%90%84%E9%A0%98%E5%9F%9F%E6%95%99%E5%B8%AB/" "Mozilla/5.0 (Linux; Android 10; K) AppleWebKit/537.36 (KHTML, like Gecko) Chrome/138.0.0.0 Mobile Safari/537.36 (compatible; Google-Read-Aloud; +https://support.google.com/webmasters/answer/1061943)"
66.249.82.38 - - [26/Aug/2026:14:28:36 +0800] "GET /wp-content/themes/oceanwp/assets/fonts/simple-line-icons/Simple-Line-Icons.woff2?v=2.4.0 HTTP/1.1" 200 30959 "https://www.cwjh.ilc.edu.tw/wp-content/cache/www.cwjh.ilc.edu.tw/wpfc-minified/dhutxct0/77dd.css" "Mozilla/5.0 (Linux; Android 10; K) AppleWebKit/537.36 (KHTML, like Gecko) Chrome/138.0.0.0 Mobile Safari/537.36 (compatible; Google-Read-Aloud; +https://support.google.com/webmasters/answer/1061943)"
66.249.82.38 - - [26/Aug/2026:14:28:36 +0800] "GET /wp-content/themes/oceanwp/assets/fonts/fontawesome/webfonts/fa-solid-900.woff2 HTTP/1.1" 200 156034 "https://www.cwjh.ilc.edu.tw/wp-content/cache/www.cwjh.ilc.edu.tw/wpfc-minified/dhutxct0/77dd.css" "Mozilla/5.0 (Linux; Android 10; K) AppleWebKit/537.36 (KHTML, like Gecko) Chrome/138.0.0.0 Mobile Safari/537.36 (compatible; Google-Read-Aloud; +https://support.google.com/webmasters/answer/1061943)"
2a09:bac3:d482:323::50:107 - - [26/Aug/2026:14:28:36 +0800] "GET /wp-content/uploads/sites/1664/2020/06/S__11362402.jpg HTTP/1.1" 200 103660 "https://www.gjes.ilc.edu.tw/" "Mozilla/5.0 (iPhone; CPU iPhone OS 18_7 like Mac OS X) AppleWebKit/605.1.15 (KHTML, like Gecko) Version/26.3 Mobile/15E148 Safari/604.1"
2a09:bac3:d482:323::50:107 - - [26/Aug/2026:14:28:36 +0800] "GET /wp-content/uploads/sites/1664/2020/10/Image-14.jpg HTTP/1.1" 200 570169 "https://www.gjes.ilc.edu.tw/" "Mozilla/5.0 (iPhone; CPU iPhone OS 18_7 like Mac OS X) AppleWebKit/605.1.15 (KHTML, like Gecko) Version/26.3 Mobile/15E148 Safari/604.1"
2a09:bac3:d482:323::50:107 - - [26/Aug/2026:14:28:36 +0800] "GET /wp-content/uploads/sites/1664/2021/08/%E6%88%AA%E5%9C%96-2021-08-14-%E4%B8%8A%E5%8D%889.23.20-1024x218.png HTTP/1.1" 200 71432 "https://www.gjes.ilc.edu.tw/" "Mozilla/5.0 (iPhone; CPU iPhone OS 18_7 like Mac OS X) AppleWebKit/605.1.15 (KHTML, like Gecko) Version/26.3 Mobile/15E148 Safari/604.1"
2a09:bac3:d482:323::50:107 - - [26/Aug/2026:14:28:36 +0800] "POST /wp-json/wp-statistics/v2/hit HTTP/1.1" 200 1212 "https://www.gjes.ilc.edu.tw/" "Mozilla/5.0 (iPhone; CPU iPhone OS 18_7 like Mac OS X) AppleWebKit/605.1.15 (KHTML, like Gecko) Version/26.3 Mobile/15E148 Safari/604.1"
74.125.212.36 - - [26/Aug/2026:14:28:36 +0800] "GET /2017/09/04/106%E5%AD%B8%E5%B9%B4%E5%BA%A6%E5%90%84%E9%A0%98%E5%9F%9F%E6%95%99%E5%B8%AB/ HTTP/1.1" 200 29121 "-" "Mozilla/5.0 (Linux; Android 10; K) AppleWebKit/537.36 (KHTML, like Gecko) Chrome/138.0.0.0 Mobile Safari/537.36 (compatible; Google-Read-Aloud; +https://support.google.com/webmasters/answer/1061943)"
140.111.67.195 - - [26/Aug/2026:14:28:37 +0800] "GET /wp-admin/admin-post.php?action=steps_ad HTTP/1.1" 200 1649 "-" "node-fetch/1.0 (+https://github.com/bitinn/node-fetch)"
2001:288:a223:1:458:2393:df5c:e617 - - [26/Aug/2026:14:28:37 +0800] "-" 408 4791 "-" "-"
74.125.212.36 - - [26/Aug/2026:14:28:37 +0800] "GET /wp-content/cache/www.cwjh.ilc.edu.tw/wpfc-minified/8wopko65/77dd.css HTTP/1.1" 200 1157 "https://www.cwjh.ilc.edu.tw/2017/09/04/106%E5%AD%B8%E5%B9%B4%E5%BA%A6%E5%90%84%E9%A0%98%E5%9F%9F%E6%95%99%E5%B8%AB/" "Mozilla/5.0 (Linux; Android 10; K) AppleWebKit/537.36 (KHTML, like Gecko) Chrome/138.0.0.0 Mobile Safari/537.36 (compatible; Google-Read-Aloud; +https://support.google.com/webmasters/answer/1061943)"
74.125.212.35 - - [26/Aug/2026:14:28:37 +0800] "GET /wp-content/cache/www.cwjh.ilc.edu.tw/wpfc-minified/dhutxct0/77dd.css HTTP/1.1" 200 66133 "https://www.cwjh.ilc.edu.tw/2017/09/04/106%E5%AD%B8%E5%B9%B4%E5%BA%A6%E5%90%84%E9%A0%98%E5%9F%9F%E6%95%99%E5%B8%AB/" "Mozilla/5.0 (Linux; Android 10; K) AppleWebKit/537.36 (KHTML, like Gecko) Chrome/138.0.0.0 Mobile Safari/537.36 (compatible; Google-Read-Aloud; +https://support.google.com/webmasters/answer/1061943)"
74.125.212.35 - - [26/Aug/2026:14:28:37 +0800] "GET /wp-content/cache/www.cwjh.ilc.edu.tw/wpfc-minified/2mrmz3dm/77dd.css HTTP/1.1" 200 45672 "https://www.cwjh.ilc.edu.tw/2017/09/04/106%E5%AD%B8%E5%B9%B4%E5%BA%A6%E5%90%84%E9%A0%98%E5%9F%9F%E6%95%99%E5%B8%AB/" "Mozilla/5.0 (Linux; Android 10; K) AppleWebKit/537.36 (KHTML, like Gecko) Chrome/138.0.0.0 Mobile Safari/537.36 (compatible; Google-Read-Aloud; +https://support.google.com/webmasters/answer/1061943)"
74.125.212.34 - - [26/Aug/2026:14:28:37 +0800] "GET /wp-content/cache/www.cwjh.ilc.edu.tw/wpfc-minified/7957u2ji/77dd.css HTTP/1.1" 200 20570 "https://www.cwjh.ilc.edu.tw/2017/09/04/106%E5%AD%B8%E5%B9%B4%E5%BA%A6%E5%90%84%E9%A0%98%E5%9F%9F%E6%95%99%E5%B8%AB/" "Mozilla/5.0 (Linux; Android 10; K) AppleWebKit/537.36 (KHTML, like Gecko) Chrome/138.0.0.0 Mobile Safari/537.36 (compatible; Google-Read-Aloud; +https://support.google.com/webmasters/answer/1061943)"
2a09:bac3:d482:323::50:107 - - [26/Aug/2026:14:28:37 +0800] "GET /wp-content/uploads/sites/1664/elementor/thumbs/-45-pb8umof1jp3bcqtjbe2z8nzij640t09znlvuh5r9o0.png HTTP/1.1" 200 15872 "https://www.gjes.ilc.edu.tw/" "Mozilla/5.0 (iPhone; CPU iPhone OS 18_7 like Mac OS X) AppleWebKit/605.1.15 (KHTML, like Gecko) Version/26.3 Mobile/15E148 Safari/604.1"
140.111.67.195 - - [26/Aug/2026:14:28:37 +0800] "GET /wp-admin/admin-post.php?action=steps_ad HTTP/1.1" 200 1649 "-" "node-fetch/1.0 (+https://github.com/bitinn/node-fetch)"
2001:288:a201::66:125 - - [26/Aug/2026:14:28:38 +0800] "GET /blog/active.php HTTP/1.1" 301 1026 "-" "-"
2001:288:a201::66:125 - - [26/Aug/2026:14:28:38 +0800] "GET /blog/active.php HTTP/1.1" 404 1084 "-" "-"
2001:288:a260:1:3cb2:7a81:9cd3:a745 - - [26/Aug/2026:14:28:37 +0800] "POST /wp-admin/admin-ajax.php HTTP/1.1" 200 1459 "https://2blog.ilc.edu.tw/wp-admin/my-sites.php" "Mozilla/5.0 (Windows NT 10.0; Win64; x64) AppleWebKit/537.36 (KHTML, like Gecko) Chrome/151.0.0.0 Safari/537.36"
74.125.212.36 - - [26/Aug/2026:14:28:38 +0800] "GET /wp-content/themes/oceanwp/assets/fonts/simple-line-icons/Simple-Line-Icons.woff2?v=2.4.0 HTTP/1.1" 200 30959 "https://www.cwjh.ilc.edu.tw/wp-content/cache/www.cwjh.ilc.edu.tw/wpfc-minified/dhutxct0/77dd.css" "Mozilla/5.0 (Linux; Android 10; K) AppleWebKit/537.36 (KHTML, like Gecko) Chrome/138.0.0.0 Mobile Safari/537.36 (compatible; Google-Read-Aloud; +https://support.google.com/webmasters/answer/1061943)"
74.125.212.35 - - [26/Aug/2026:14:28:38 +0800] "GET /wp-content/themes/oceanwp/assets/fonts/fontawesome/webfonts/fa-solid-900.woff2 HTTP/1.1" 200 151246 "https://www.cwjh.ilc.edu.tw/wp-content/cache/www.cwjh.ilc.edu.tw/wpfc-minified/dhutxct0/77dd.css" "Mozilla/5.0 (Linux; Android 10; K) AppleWebKit/537.36 (KHTML, like Gecko) Chrome/138.0.0.0 Mobile Safari/537.36 (compatible; Google-Read-Aloud; +https://support.google.com/webmasters/answer/1061943)"
52.167.144.206 - - [26/Aug/2026:14:28:38 +0800] "GET /2226/archives/280 HTTP/1.1" 200 17769 "-" "Mozilla/5.0 AppleWebKit/537.36 (KHTML, like Gecko; compatible; bingbot/2.0; +http://www.bing.com/bingbot.htm) Chrome/116.0.1938.76 Safari/537.36"
::1 - - [26/Aug/2026:14:28:38 +0800] "OPTIONS * HTTP/1.0" 200 110 "-" "Apache/2.4.68 (Ubuntu) OpenSSL/3.0.19 (internal dummy connection)"
2001:b400:e296:4d99:611a:9d69:a300:2d30 - - [26/Aug/2026:14:28:36 +0800] "POST /wp-json/ilc-summary/v1/popular-posts HTTP/1.1" 201 1113 "https://www.cwjh.ilc.edu.tw/2023/10/31/112%e5%ad%b8%e5%b9%b4%e5%ba%a6%e5%a3%af%e5%9c%8d%e5%9c%8b%e4%b8%ad%e5%90%84%e9%a0%98%e5%9f%9f%e6%95%99%e5%b8%ab%e5%90%8d%e5%96%ae/" "Mozilla/5.0 (iPhone; CPU iPhone OS 26_1_0 like Mac OS X) AppleWebKit/605.1.15 (KHTML, like Gecko) GSA/424.4.924152415 Mobile/15E148 Safari/604.1"
66.249.82.38 - - [26/Aug/2026:14:28:36 +0800] "POST /wp-json/ilc-summary/v1/popular-posts HTTP/1.1" 201 1398 "https://www.cwjh.ilc.edu.tw/2017/09/04/106%E5%AD%B8%E5%B9%B4%E5%BA%A6%E5%90%84%E9%A0%98%E5%9F%9F%E6%95%99%E5%B8%AB/" "Mozilla/5.0 (Linux; Android 10; K) AppleWebKit/537.36 (KHTML, like Gecko) Chrome/138.0.0.0 Mobile Safari/537.36 (compatible; Google-Read-Aloud; +https://support.google.com/webmasters/answer/1061943)"
240e:946:1000:2002:1::5 - - [26/Aug/2026:14:28:39 +0800] "GET /2019/05 HTTP/1.1" 301 5743 "-" "Mozilla/5.0 (Windows NT 10.0; Win64; x64) AppleWebKit/537.36 (KHTML, like Gecko) Chrome/144.0.0.0 Safari/537.36"
2a03:2880:f802:3f:: - - [26/Aug/2026:14:28:39 +0800] "GET /6547/2020/10/24/ HTTP/1.1" 200 15318 "-" "Mozilla/5.0 (Macintosh; Intel Mac OS X 10_15_7) AppleWebKit/537.36 (KHTML, like Gecko) Chrome/145.0.0.0 Safari/537.36 (compatible; meta-externalagent/1.1 (+https://developers.facebook.com/docs/sharing/webmasters/crawler))"
::1 - - [26/Aug/2026:14:28:39 +0800] "OPTIONS * HTTP/1.0" 200 110 "-" "Apache/2.4.68 (Ubuntu) OpenSSL/3.0.19 (internal dummy connection)"
34.30.223.149 - - [26/Aug/2026:14:28:39 +0800] "GET /32745/category/%E6%BA%AB%E7%80%9A%E9%BE%8D/ HTTP/1.1" 200 90689 "-" "Mozilla/5.0 (Macintosh; Intel Mac OS X 10_15_7) AppleWebKit/537.36 (KHTML, like Gecko) Chrome/120.0.0.0 Safari/537.36"
240e:946:1000:2002:1::5 - - [26/Aug/2026:14:28:40 +0800] "GET /2019/05/ HTTP/1.1" 200 21130 "-" "Mozilla/5.0 (Windows NT 10.0; Win64; x64) AppleWebKit/537.36 (KHTML, like Gecko) Chrome/144.0.0.0 Safari/537.36"
140.111.67.10 - - [26/Aug/2026:14:28:40 +0800] "GET /" 301 273 "-" "-"
2407:4b00:4c01:f13:d372:86b8:76d4:dbbd - - [26/Aug/2026:14:28:40 +0800] "GET / HTTP/1.1" 200 23547 "https://www.google.com/" "Mozilla/5.0 (Linux; Android 10; K) AppleWebKit/537.36 (KHTML, like Gecko) Chrome/151.0.0.0 Mobile Safari/537.36"
34.171.68.95 - - [26/Aug/2026:14:28:40 +0800] "GET /2226/wp-json/wp/v2/posts/27 HTTP/1.1" 200 36047 "-" "Mozilla/5.0 (Macintosh; Intel Mac OS X 10_15_7) AppleWebKit/537.36 (KHTML, like Gecko) Chrome/120.0.0.0 Safari/537.36"
165.22.9.23 - - [26/Aug/2026:14:28:40 +0800] "GET /blog/gallery/25793/previews-med/25793-2932626.png HTTP/1.1" 301 1094 "http://feeds.feedburner.com/" "Mozilla/5.0 (Windows NT 10.0; Win64; x64) AppleWebKit/537.36 (KHTML, like Gecko) Chrome/105.0.0.0 Safari/537.3"
34.56.124.53 - - [26/Aug/2026:14:28:39 +0800] "GET /32745/2022/03/09/%E7%95%B0%E9%84%89%E7%9A%84%E7%81%AB%E8%BB%8A%E9%A0%AD/ HTTP/1.1" 200 92109 "-" "Mozilla/5.0 (Macintosh; Intel Mac OS X 10_15_7) AppleWebKit/537.36 (KHTML, like Gecko) Chrome/120.0.0.0 Safari/537.36"
::1 - - [26/Aug/2026:14:28:40 +0800] "OPTIONS * HTTP/1.0" 200 110 "-" "Apache/2.4.68 (Ubuntu) OpenSSL/3.0.19 (internal dummy connection)"
2407:4b00:4c01:f13:d372:86b8:76d4:dbbd - - [26/Aug/2026:14:28:41 +0800] "GET /wp-content/uploads/sites/823/elementor/css/post-605.css HTTP/1.1" 304 790 "https://www.tcjh.ilc.edu.tw/" "Mozilla/5.0 (Linux; Android 10; K) AppleWebKit/537.36 (KHTML, like Gecko) Chrome/151.0.0.0 Mobile Safari/537.36"
140.111.67.195 - - [26/Aug/2026:14:28:41 +0800] "GET /wp-admin/admin-post.php?action=steps_ad HTTP/1.1" 200 1649 "-" "node-fetch/1.0 (+https://github.com/bitinn/node-fetch)"
2a09:bac3:d482:323::50:107 - - [26/Aug/2026:14:28:41 +0800] "GET /wp-content/uploads/sites/1664/elementor/thumbs/-2-qud1byma7lyqjvx6kp3vc9jnq3vspu03h1hubp8ofk.png HTTP/1.1" 200 13269 "https://www.gjes.ilc.edu.tw/" "Mozilla/5.0 (iPhone; CPU iPhone OS 18_7 like Mac OS X) AppleWebKit/605.1.15 (KHTML, like Gecko) Version/26.3 Mobile/15E148 Safari/604.1"
::1 - - [26/Aug/2026:14:28:41 +0800] "OPTIONS * HTTP/1.0" 200 110 "-" "Apache/2.4.68 (Ubuntu) OpenSSL/3.0.19 (internal dummy connection)"
140.111.67.195 - - [26/Aug/2026:14:28:41 +0800] "GET /wp-admin/admin-post.php?action=steps_ad HTTP/1.1" 200 1649 "-" "node-fetch/1.0 (+https://github.com/bitinn/node-fetch)"
