2001:b400:e296:4d99:611a:9d69:a300:2d30 - - [26/Aug/2026:14:29:57 +0800] "GET /wp-content/themes/oceanwp/assets/fonts/fontawesome/webfonts/fa-solid-900.woff2 HTTP/1.1" 200 151246 "https://www.cwjh.ilc.edu.tw/" "Mozilla/5.0 (iPhone; CPU iPhone OS 26_1_0 like Mac OS X) AppleWebKit/605.1.15 (KHTML, like Gecko) GSA/424.4.924152415 Mobile/15E148 Safari/604.1"
2001:b400:e296:4d99:611a:9d69:a300:2d30 - - [26/Aug/2026:14:29:57 +0800] "GET /wp-content/uploads/sites/1364/2024/07/Reference-School-Horizontal.png HTTP/1.1" 200 22083 "https://www.cwjh.ilc.edu.tw/" "Mozilla/5.0 (iPhone; CPU iPhone OS 26_1_0 like Mac OS X) AppleWebKit/605.1.15 (KHTML, like Gecko) GSA/424.4.924152415 Mobile/15E148 Safari/604.1"
2001:b400:e296:4d99:611a:9d69:a300:2d30 - - [26/Aug/2026:14:29:57 +0800] "GET /wp-content/themes/oceanwp/assets/fonts/fontawesome/webfonts/fa-regular-400.woff2 HTTP/1.1" 200 25383 "https://www.cwjh.ilc.edu.tw/" "Mozilla/5.0 (iPhone; CPU iPhone OS 26_1_0 like Mac OS X) AppleWebKit/605.1.15 (KHTML, like Gecko) GSA/424.4.924152415 Mobile/15E148 Safari/604.1"
2001:b400:e296:4d99:611a:9d69:a300:2d30 - - [26/Aug/2026:14:29:57 +0800] "GET /wp-content/uploads/sites/1364/2025/11/376420000A_1140189696_ATTACH1.png HTTP/1.1" 200 18436 "https://www.cwjh.ilc.edu.tw/" "Mozilla/5.0 (iPhone; CPU iPhone OS 26_1_0 like Mac OS X) AppleWebKit/605.1.15 (KHTML, like Gecko) GSA/424.4.924152415 Mobile/15E148 Safari/604.1"
2001:b400:e296:4d99:611a:9d69:a300:2d30 - - [26/Aug/2026:14:29:57 +0800] "GET /wp-content/uploads/sites/1364/2019/10/cropped-21502-3467847-1.png HTTP/1.1" 200 1491354 "https://www.cwjh.ilc.edu.tw/" "Mozilla/5.0 (iPhone; CPU iPhone OS 26_1_0 like Mac OS X) AppleWebKit/605.1.15 (KHTML, like Gecko) GSA/424.4.924152415 Mobile/15E148 Safari/604.1"
35.170.205.140 - - [26/Aug/2026:14:29:57 +0800] "GET /wp-json/oembed/1.0/embed?format=xml&url=https://www.kyes.ilc.edu.tw/2013/04/22/%25e5%25ad%25b8%25e7%25bf%2592%25e7%25af%2580%25e6%2595%25b8%25e5%2588%2586%25e9%2585%258d%25e8%25a1%25a8/ HTTP/1.1" 200 7219 "-" "Mozilla/5.0 AppleWebKit/537.36 (KHTML, like Gecko; compatible; Amazonbot/0.1; +https://developer.amazon.com/support/amazonbot) Chrome/119.0.6045.214 Safari/537.36"
114.24.248.200 - - [26/Aug/2026:14:29:57 +0800] "GET /wp-content/uploads/sites/1517/2020/11/asfc99.png HTTP/1.1" 200 49717 "https://www.waldorf.ilc.edu.tw/" "Mozilla/5.0 (iPhone; CPU iPhone OS 18_7 like Mac OS X) AppleWebKit/605.1.15 (KHTML, like Gecko) Version/26.6 Mobile/15E148 Safari/604.1"
18.215.24.66 - - [26/Aug/2026:14:29:57 +0800] "GET /wp-content/uploads/sites/823/2020/02/u5716/u72473.jpg HTTP/1.1" 500 6128 "-" "Mozilla/5.0 AppleWebKit/537.36 (KHTML, like Gecko; compatible; Amazonbot/0.1; +https://developer.amazon.com/support/amazonbot) Chrome/119.0.6045.214 Safari/537.36"
34.236.41.241 - - [26/Aug/2026:14:29:55 +0800] "GET /index.php?rest_route=/oembed/1.0/embed&url=https://www.utaes.ilc.edu.tw/?attachment_id%3D20217 HTTP/1.1" 200 8421 "-" "Mozilla/5.0 AppleWebKit/537.36 (KHTML, like Gecko; compatible; Amazonbot/0.1; +https://developer.amazon.com/support/amazonbot) Chrome/119.0.6045.214 Safari/537.36"
114.24.248.200 - - [26/Aug/2026:14:29:57 +0800] "GET /wp-content/uploads/sites/1517/2020/11/asfc95.png HTTP/1.1" 200 58205 "https://www.waldorf.ilc.edu.tw/" "Mozilla/5.0 (iPhone; CPU iPhone OS 18_7 like Mac OS X) AppleWebKit/605.1.15 (KHTML, like Gecko) Version/26.6 Mobile/15E148 Safari/604.1"
2001:4860:7:b07::d0 - - [26/Aug/2026:14:29:57 +0800] "GET /28/2022/02/23/angel-%E4%BB%8B%E7%B4%B9-gimkit-%E5%B9%B3%E5%8F%B0/ HTTP/1.1" 200 15224 "https://www.google.com/" "Mozilla/5.0 (Windows NT 10.0; Win64; x64) AppleWebKit/537.36 (KHTML, like Gecko) Chrome/151.0.0.0 Safari/537.36"
2a03:2880:f802:44:: - - [26/Aug/2026:14:29:57 +0800] "GET /6430/category/c-21115/page/6/ HTTP/1.1" 200 14883 "-" "Mozilla/5.0 (Windows NT 10.0; Win64; x64) AppleWebKit/537.36 (KHTML, like Gecko) Chrome/145.0.0.0 Safari/537.36 (compatible; meta-externalagent/1.1 (+https://developers.facebook.com/docs/sharing/webmasters/crawler))"
2001:288:a201::66:125 - - [26/Aug/2026:14:29:58 +0800] "GET /blog/active.php HTTP/1.1" 301 1026 "-" "-"
::1 - - [26/Aug/2026:14:29:58 +0800] "OPTIONS * HTTP/1.0" 200 110 "-" "Apache/2.4.68 (Ubuntu) OpenSSL/3.0.19 (internal dummy connection)"
2001:288:a201::66:125 - - [26/Aug/2026:14:29:58 +0800] "GET /blog/active.php HTTP/1.1" 404 1084 "-" "-"
34.123.149.87 - - [26/Aug/2026:14:29:57 +0800] "GET /32745/wp-json/wp/v2/posts/1034 HTTP/1.1" 200 16137 "-" "Mozilla/5.0 (Macintosh; Intel Mac OS X 10_15_7) AppleWebKit/537.36 (KHTML, like Gecko) Chrome/120.0.0.0 Safari/537.36"
52.3.102.51 - - [26/Aug/2026:14:29:58 +0800] "GET /2020/07/27/20200725%E6%A0%A1%E5%8F%8B%E7%9B%83%E4%B8%89%E5%B0%8D%E4%B8%89%E7%B1%83%E7%90%83%E8%B3%BD/dsc_3507/embed/ HTTP/1.1" 200 12594 "-" "Mozilla/5.0 AppleWebKit/537.36 (KHTML, like Gecko; compatible; Amazonbot/0.1; +https://developer.amazon.com/support/amazonbot) Chrome/119.0.6045.214 Safari/537.36"
140.111.67.195 - - [26/Aug/2026:14:29:58 +0800] "GET /wp-admin/admin-post.php?action=steps_ad HTTP/1.1" 200 1973 "-" "node-fetch/1.0 (+https://github.com/bitinn/node-fetch)"
54.89.90.224 - - [26/Aug/2026:14:29:58 +0800] "GET /2019/page/2/ HTTP/1.1" 200 20888 "-" "Mozilla/5.0 AppleWebKit/537.36 (KHTML, like Gecko; compatible; Amazonbot/0.1; +https://developer.amazon.com/support/amazonbot) Chrome/119.0.6045.214 Safari/537.36"
2001:4860:7:510::fb - - [26/Aug/2026:14:29:58 +0800] "GET / HTTP/1.1" 200 28264 "https://www.google.com/" "Mozilla/5.0 (Windows NT 10.0; Win64; x64) AppleWebKit/537.36 (KHTML, like Gecko) Chrome/151.0.0.0 Safari/537.36"
2001:288:a20f:1:86b:d09a:1ee:16a9 - - [26/Aug/2026:14:29:58 +0800] "-" 408 4800 "-" "-"
66.249.82.237 - - [26/Aug/2026:14:29:58 +0800] "GET /.well-known/traffic-advice HTTP/1.1" 301 5773 "-" "Chrome Privacy Preserving Prefetch Proxy"
2001:288:a239:1:201a:f90d:93b:637f - - [26/Aug/2026:14:29:59 +0800] "-" 408 339 "-" "-"
::1 - - [26/Aug/2026:14:29:59 +0800] "OPTIONS * HTTP/1.0" 200 110 "-" "Apache/2.4.68 (Ubuntu) OpenSSL/3.0.19 (internal dummy connection)"
3.221.244.28 - - [26/Aug/2026:14:29:59 +0800] "GET /author/jecica/ HTTP/1.1" 200 15499 "-" "Mozilla/5.0 AppleWebKit/537.36 (KHTML, like Gecko; compatible; Amazonbot/0.1; +https://developer.amazon.com/support/amazonbot) Chrome/119.0.6045.214 Safari/537.36"
34.123.149.87 - - [26/Aug/2026:14:29:59 +0800] "GET /6415/2018/11/page/2/ HTTP/1.1" 200 15298 "-" "Mozilla/5.0 (Macintosh; Intel Mac OS X 10_15_7) AppleWebKit/537.36 (KHTML, like Gecko) Chrome/120.0.0.0 Safari/537.36"
140.111.67.195 - - [26/Aug/2026:14:29:59 +0800] "GET /wp-admin/admin-post.php?action=steps_ad HTTP/1.1" 200 1649 "-" "node-fetch/1.0 (+https://github.com/bitinn/node-fetch)"
44.215.67.210 - - [26/Aug/2026:14:29:59 +0800] "GET /.well-known/security.txt HTTP/1.1" 404 86801 "-" "python-httpx/0.28.1"
44.215.67.210 - - [26/Aug/2026:14:29:59 +0800] "GET /robots.txt HTTP/1.1" 200 5602 "-" "python-httpx/0.28.1"
44.215.67.210 - - [26/Aug/2026:14:29:59 +0800] "GET / HTTP/1.1" 200 30887 "-" "Mozilla/5.0 (X11; Linux x86_64) AppleWebKit/537.36 (KHTML, like Gecko) Chrome/151.0.0.0 Safari/537.36"
::1 - - [26/Aug/2026:14:30:00 +0800] "OPTIONS * HTTP/1.0" 200 110 "-" "Apache/2.4.68 (Ubuntu) OpenSSL/3.0.19 (internal dummy connection)"
44.215.67.210 - - [26/Aug/2026:14:30:00 +0800] "GET /sitemap.xml HTTP/1.1" 302 806 "-" "python-httpx/0.28.1"
66.249.84.166 - - [26/Aug/2026:14:30:00 +0800] "GET /blog/gallery/11078/11078-945237.jpg HTTP/1.1" 301 1103 "-" "Mozilla/5.0 (Windows NT 5.1; rv:11.0) Gecko Firefox/11.0 (via ggpht.com GoogleImageProxy)"
44.215.67.210 - - [26/Aug/2026:14:30:00 +0800] "GET /wp-content/cache/www.saes.ilc.edu.tw/wpfc-minified/18y6p7w/6wia.css HTTP/1.1" 200 40884 "https://www.saes.ilc.edu.tw/" "Mozilla/5.0 (X11; Linux x86_64) AppleWebKit/537.36 (KHTML, like Gecko) Chrome/151.0.0.0 Safari/537.36"
140.111.67.10 - - [26/Aug/2026:14:30:00 +0800] "GET /" 301 273 "-" "-"
44.215.67.210 - - [26/Aug/2026:14:30:00 +0800] "GET /wp-content/cache/www.saes.ilc.edu.tw/wpfc-minified/qupodzbg/6wia.css HTTP/1.1" 200 1157 "https://www.saes.ilc.edu.tw/" "Mozilla/5.0 (X11; Linux x86_64) AppleWebKit/537.36 (KHTML, like Gecko) Chrome/151.0.0.0 Safari/537.36"
44.215.67.210 - - [26/Aug/2026:14:30:00 +0800] "GET /.well-known/assetlinks.json HTTP/1.1" 404 86801 "-" "python-httpx/0.28.1"
44.215.67.210 - - [26/Aug/2026:14:30:00 +0800] "GET /wp-content/uploads/sites/1042/elementor/css/post-352.css HTTP/1.1" 200 6070 "https://www.saes.ilc.edu.tw/" "Mozilla/5.0 (X11; Linux x86_64) AppleWebKit/537.36 (KHTML, like Gecko) Chrome/151.0.0.0 Safari/537.36"
44.215.67.210 - - [26/Aug/2026:14:30:00 +0800] "GET /saesblog/wp-content/uploads/sites/1042/2019/09/cropped-%E8%98%87%E5%B0%8F%E6%A9%AB%E5%B9%85%E5%8A%A0%E5%AD%972000x200.jpg HTTP/1.1" 200 55054 "https://www.saes.ilc.edu.tw/" "Mozilla/5.0 (X11; Linux x86_64) AppleWebKit/537.36 (KHTML, like Gecko) Chrome/151.0.0.0 Safari/537.36"
44.215.67.210 - - [26/Aug/2026:14:30:00 +0800] "GET /wp-content/cache/www.saes.ilc.edu.tw/wpfc-minified/4awjkg6/6wia.css HTTP/1.1" 200 54568 "https://www.saes.ilc.edu.tw/" "Mozilla/5.0 (X11; Linux x86_64) AppleWebKit/537.36 (KHTML, like Gecko) Chrome/151.0.0.0 Safari/537.36"
44.215.67.210 - - [26/Aug/2026:14:30:00 +0800] "GET /wp-content/uploads/sites/1042/elementor/css/post-30.css HTTP/1.1" 200 1070 "https://www.saes.ilc.edu.tw/" "Mozilla/5.0 (X11; Linux x86_64) AppleWebKit/537.36 (KHTML, like Gecko) Chrome/151.0.0.0 Safari/537.36"
44.215.67.210 - - [26/Aug/2026:14:30:01 +0800] "GET /wp-content/cache/www.saes.ilc.edu.tw/wpfc-minified/7z592dfa/6wia.js HTTP/1.1" 200 35557 "https://www.saes.ilc.edu.tw/" "Mozilla/5.0 (X11; Linux x86_64) AppleWebKit/537.36 (KHTML, like Gecko) Chrome/151.0.0.0 Safari/537.36"
::1 - - [26/Aug/2026:14:30:01 +0800] "OPTIONS * HTTP/1.0" 200 110 "-" "Apache/2.4.68 (Ubuntu) OpenSSL/3.0.19 (internal dummy connection)"
44.215.67.210 - - [26/Aug/2026:14:30:01 +0800] "GET /wp-content/uploads/sites/1042/elementor/thumbs/3-rbgcatnth7drv10sw2fu5w41x7yp5bmbnkesau37c8.png HTTP/1.1" 200 72124 "https://www.saes.ilc.edu.tw/" "Mozilla/5.0 (X11; Linux x86_64) AppleWebKit/537.36 (KHTML, like Gecko) Chrome/151.0.0.0 Safari/537.36"
44.215.67.210 - - [26/Aug/2026:14:30:01 +0800] "GET /wp-content/uploads/sites/1042/elementor/thumbs/4-rbgcavjhuvgci8y2l393avmz3zpfkptsbtpr9e0ezs.png HTTP/1.1" 200 67518 "https://www.saes.ilc.edu.tw/" "Mozilla/5.0 (X11; Linux x86_64) AppleWebKit/537.36 (KHTML, like Gecko) Chrome/151.0.0.0 Safari/537.36"
44.215.67.210 - - [26/Aug/2026:14:30:01 +0800] "GET /wp-content/cache/www.saes.ilc.edu.tw/wpfc-minified/8w3bt7p1/6wia.css HTTP/1.1" 200 45631 "https://www.saes.ilc.edu.tw/" "Mozilla/5.0 (X11; Linux x86_64) AppleWebKit/537.36 (KHTML, like Gecko) Chrome/151.0.0.0 Safari/537.36"
2a03:2880:f802:2a:: - - [26/Aug/2026:14:30:01 +0800] "GET /suscratch/2026/07/ HTTP/1.1" 200 17562 "-" "Mozilla/5.0 (Windows NT 10.0; Win64; x64) AppleWebKit/537.36 (KHTML, like Gecko) Chrome/145.0.0.0 Safari/537.36 (compatible; meta-externalagent/1.1 (+https://developers.facebook.com/docs/sharing/webmasters/crawler))"
44.215.67.210 - - [26/Aug/2026:14:30:01 +0800] "GET /wp-content/uploads/sites/1042/elementor/thumbs/5-rbgcawhc1phmtuwpflnpvdefpdkssexinyd8qnz0tk.png HTTP/1.1" 200 70242 "https://www.saes.ilc.edu.tw/" "Mozilla/5.0 (X11; Linux x86_64) AppleWebKit/537.36 (KHTML, like Gecko) Chrome/151.0.0.0 Safari/537.36"
44.215.67.210 - - [26/Aug/2026:14:30:01 +0800] "GET /wp-content/cache/www.saes.ilc.edu.tw/wpfc-minified/btjvsaj/6wia.css HTTP/1.1" 200 18877 "https://www.saes.ilc.edu.tw/" "Mozilla/5.0 (X11; Linux x86_64) AppleWebKit/537.36 (KHTML, like Gecko) Chrome/151.0.0.0 Safari/537.36"
44.215.67.210 - - [26/Aug/2026:14:30:01 +0800] "GET /wp-content/cache/www.saes.ilc.edu.tw/wpfc-minified/100tcqwn/6wia.css HTTP/1.1" 200 4322 "https://www.saes.ilc.edu.tw/" "Mozilla/5.0 (X11; Linux x86_64) AppleWebKit/537.36 (KHTML, like Gecko) Chrome/151.0.0.0 Safari/537.36"
2001:288:a201::67:84 - - [26/Aug/2026:14:30:01 +0800] "GET / HTTP/1.1" 200 56291 "-" "curl/7.81.0"
44.215.67.210 - - [26/Aug/2026:14:30:01 +0800] "GET /wp-content/uploads/sites/1042/2024/08/White-Blue-Professional-Appreciation-Winning-Competition-Certificate-%E7%9A%84%E8%A4%87%E6%9C%AC-2-720x340.png HTTP/1.1" 200 137816 "https://www.saes.ilc.edu.tw/" "Mozilla/5.0 (X11; Linux x86_64) AppleWebKit/537.36 (KHTML, like Gecko) Chrome/151.0.0.0 Safari/537.36"
::1 - - [26/Aug/2026:14:30:02 +0800] "OPTIONS * HTTP/1.0" 200 110 "-" "Apache/2.4.68 (Ubuntu) OpenSSL/3.0.19 (internal dummy connection)"
44.215.67.210 - - [26/Aug/2026:14:30:02 +0800] "GET /wp-includes/js/hoverintent-js.min.js HTTP/1.1" 200 1597 "https://www.saes.ilc.edu.tw/" "Mozilla/5.0 (X11; Linux x86_64) AppleWebKit/537.36 (KHTML, like Gecko) Chrome/151.0.0.0 Safari/537.36"
140.111.67.86 - - [26/Aug/2026:14:30:02 +0800] "GET / HTTP/1.1" 200 56291 "-" "curl/7.81.0"
2001:288:a21e:1:1d6a:5846:9e50:2ee3 - - [26/Aug/2026:14:30:02 +0800] "-" 408 4791 "-" "-"
44.215.67.210 - - [26/Aug/2026:14:30:02 +0800] "GET /wp-includes/js/admin-bar.min.js HTTP/1.1" 200 2237 "https://www.saes.ilc.edu.tw/" "Mozilla/5.0 (X11; Linux x86_64) AppleWebKit/537.36 (KHTML, like Gecko) Chrome/151.0.0.0 Safari/537.36"
44.215.67.210 - - [26/Aug/2026:14:30:02 +0800] "GET /wp-includes/js/underscore.min.js HTTP/1.1" 200 8191 "https://www.saes.ilc.edu.tw/" "Mozilla/5.0 (X11; Linux x86_64) AppleWebKit/537.36 (KHTML, like Gecko) Chrome/151.0.0.0 Safari/537.36"
44.215.67.210 - - [26/Aug/2026:14:30:02 +0800] "GET /wp-content/themes/huemanilc/assets/front/js/scripts.min.js HTTP/1.1" 200 27001 "https://www.saes.ilc.edu.tw/" "Mozilla/5.0 (X11; Linux x86_64) AppleWebKit/537.36 (KHTML, like Gecko) Chrome/151.0.0.0 Safari/537.36"
44.215.67.210 - - [26/Aug/2026:14:30:02 +0800] "GET /wp-includes/js/mediaelement/mediaelement-and-player.min.js HTTP/1.1" 200 44604 "https://www.saes.ilc.edu.tw/" "Mozilla/5.0 (X11; Linux x86_64) AppleWebKit/537.36 (KHTML, like Gecko) Chrome/151.0.0.0 Safari/537.36"
2a03:2880:f802:25:: - - [26/Aug/2026:14:30:02 +0800] "GET /41795/2026/04/08/ HTTP/1.1" 200 15887 "-" "Mozilla/5.0 (Windows NT 10.0; Win64; x64) AppleWebKit/537.36 (KHTML, like Gecko) Chrome/145.0.0.0 Safari/537.36 (compatible; meta-externalagent/1.1 (+https://developers.facebook.com/docs/sharing/webmasters/crawler))"
44.215.67.210 - - [26/Aug/2026:14:30:02 +0800] "GET /wp-includes/js/mediaelement/mediaelement-migrate.min.js HTTP/1.1" 200 1419 "https://www.saes.ilc.edu.tw/" "Mozilla/5.0 (X11; Linux x86_64) AppleWebKit/537.36 (KHTML, like Gecko) Chrome/151.0.0.0 Safari/537.36"
107.20.181.148 - - [26/Aug/2026:14:30:02 +0800] "GET /2013/ HTTP/1.1" 200 19691 "-" "Mozilla/5.0 AppleWebKit/537.36 (KHTML, like Gecko; compatible; Amazonbot/0.1; +https://developer.amazon.com/support/amazonbot) Chrome/119.0.6045.214 Safari/537.36"
52.204.253.129 - - [26/Aug/2026:14:30:02 +0800] "GET /wp-content/uploads/sites/411/2020/02/s04-300x224.jpg HTTP/1.1" 200 29909 "-" "Mozilla/5.0 AppleWebKit/537.36 (KHTML, like Gecko; compatible; Amazonbot/0.1; +https://developer.amazon.com/support/amazonbot) Chrome/119.0.6045.214 Safari/537.36"
18.215.24.66 - - [26/Aug/2026:14:30:02 +0800] "GET /index.php?rest_route=/wp/v2/media/1172 HTTP/1.1" 200 11966 "-" "Mozilla/5.0 AppleWebKit/537.36 (KHTML, like Gecko; compatible; Amazonbot/0.1; +https://developer.amazon.com/support/amazonbot) Chrome/119.0.6045.214 Safari/537.36"
44.215.67.210 - - [26/Aug/2026:14:30:02 +0800] "GET /wp-content/themes/huemanilc/assets/front/webfonts/fa-brands-400.woff2?v=5.5.0 HTTP/1.1" 200 70613 "https://www.saes.ilc.edu.tw/wp-content/cache/www.saes.ilc.edu.tw/wpfc-minified/8w3bt7p1/6wia.css" "Mozilla/5.0 (X11; Linux x86_64) AppleWebKit/537.36 (KHTML, like Gecko) Chrome/151.0.0.0 Safari/537.36"
44.215.67.210 - - [26/Aug/2026:14:30:02 +0800] "GET /wp-content/plugins/elementor/assets/lib/eicons/fonts/eicons.woff2?5.30.0 HTTP/1.1" 200 98225 "https://www.saes.ilc.edu.tw/wp-content/cache/www.saes.ilc.edu.tw/wpfc-minified/8w3bt7p1/6wia.css" "Mozilla/5.0 (X11; Linux x86_64) AppleWebKit/537.36 (KHTML, like Gecko) Chrome/151.0.0.0 Safari/537.36"
44.215.67.210 - - [26/Aug/2026:14:30:02 +0800] "GET /wp-content/uploads/sites/1042/2026/07/%E8%9E%A2%E5%B9%95%E6%93%B7%E5%8F%96%E7%95%AB%E9%9D%A2-2026-07-08-214410.png HTTP/1.1" 200 12872 "https://www.saes.ilc.edu.tw/" "Mozilla/5.0 (X11; Linux x86_64) AppleWebKit/537.36 (KHTML, like Gecko) Chrome/151.0.0.0 Safari/537.36"
34.205.163.103 - - [26/Aug/2026:14:30:00 +0800] "GET /2009/10/26/%E6%AD%B7%E5%B1%86%E7%8F%AD%E7%B4%9A/embed/ HTTP/1.1" 200 12499 "-" "Mozilla/5.0 AppleWebKit/537.36 (KHTML, like Gecko; compatible; Amazonbot/0.1; +https://developer.amazon.com/support/amazonbot) Chrome/119.0.6045.214 Safari/537.36"
140.119.100.236 - - [26/Aug/2026:14:30:02 +0800] "GET /wp-content/cache/www.nses.ilc.edu.tw/wpfc-minified/7mapdogu/72dd.css HTTP/1.1" 200 45686 "https://www.nses.ilc.edu.tw/" "Mozilla/5.0 (Windows NT 10.0; Win64; x64) AppleWebKit/537.36 (KHTML, like Gecko) Chrome/151.0.0.0 Safari/537.36"
140.119.100.236 - - [26/Aug/2026:14:30:02 +0800] "GET /wp-content/cache/www.nses.ilc.edu.tw/wpfc-minified/jqf66u8t/72dd.css HTTP/1.1" 200 1157 "https://www.nses.ilc.edu.tw/" "Mozilla/5.0 (Windows NT 10.0; Win64; x64) AppleWebKit/537.36 (KHTML, like Gecko) Chrome/151.0.0.0 Safari/537.36"
140.119.100.236 - - [26/Aug/2026:14:30:02 +0800] "GET /wp-content/cache/www.nses.ilc.edu.tw/wpfc-minified/e4asi92t/72dd.js HTTP/1.1" 200 35556 "https://www.nses.ilc.edu.tw/" "Mozilla/5.0 (Windows NT 10.0; Win64; x64) AppleWebKit/537.36 (KHTML, like Gecko) Chrome/151.0.0.0 Safari/537.36"
2001:288:a229:1:b905:ccdd:f4f:48da - - [26/Aug/2026:14:30:02 +0800] "GET / HTTP/1.1" 200 20715 "-" "Mozilla/5.0 (Windows NT 10.0; Win64; x64) AppleWebKit/537.36 (KHTML, like Gecko) Chrome/152.0.0.0 Safari/537.36"
2a03:2880:f802:3b:: - - [26/Aug/2026:14:30:01 +0800] "GET /32745/category/%e6%be%8e%e6%81%b0%e6%81%b0vs%e8%a8%b1%e6%95%88%e8%88%9cvs%e6%9d%8e%e5%8d%83%e9%82%a3vs%e9%bb%83%e9%90%99%e8%bc%9dvs%e5%8a%89%e6%98%8e%e6%b9%98vs%e6%96%b9%e7%82%af%e9%91%8c/ HTTP/1.1" 200 90697 "-" "Mozilla/5.0 (Macintosh; Intel Mac OS X 10_15_7) AppleWebKit/537.36 (KHTML, like Gecko) Chrome/145.0.0.0 Safari/537.36 (compatible; meta-externalagent/1.1 (+https://developers.facebook.com/docs/sharing/webmasters/crawler))"
44.215.67.210 - - [26/Aug/2026:14:30:02 +0800] "GET /wp-includes/js/mediaelement/renderers/vimeo.min.js HTTP/1.1" 200 3164 "https://www.saes.ilc.edu.tw/" "Mozilla/5.0 (X11; Linux x86_64) AppleWebKit/537.36 (KHTML, like Gecko) Chrome/151.0.0.0 Safari/537.36"
140.119.100.236 - - [26/Aug/2026:14:30:02 +0800] "GET /wp-content/uploads/sites/1678/2025/05/%E9%98%B2%E7%81%BD%E8%A8%88%E7%95%ABlogo.png HTTP/1.1" 200 1727615 "https://www.nses.ilc.edu.tw/" "Mozilla/5.0 (Windows NT 10.0; Win64; x64) AppleWebKit/537.36 (KHTML, like Gecko) Chrome/151.0.0.0 Safari/537.36"
2001:288:a201::67:82 - - [26/Aug/2026:14:30:02 +0800] "GET / HTTP/1.1" 200 56291 "-" "curl/7.81.0"
2001:288:a229:1:b905:ccdd:f4f:48da - - [26/Aug/2026:14:30:02 +0800] "GET /wp-content/cache/www.tces.ilc.edu.tw/wpfc-minified/dq16v0m2/77oe.css HTTP/1.1" 200 40884 "https://www.tces.ilc.edu.tw/" "Mozilla/5.0 (Windows NT 10.0; Win64; x64) AppleWebKit/537.36 (KHTML, like Gecko) Chrome/152.0.0.0 Safari/537.36"
2001:288:a229:1:b905:ccdd:f4f:48da - - [26/Aug/2026:14:30:02 +0800] "GET /wp-content/cache/www.tces.ilc.edu.tw/wpfc-minified/9h424c7l/77oe.css HTTP/1.1" 200 1157 "https://www.tces.ilc.edu.tw/" "Mozilla/5.0 (Windows NT 10.0; Win64; x64) AppleWebKit/537.36 (KHTML, like Gecko) Chrome/152.0.0.0 Safari/537.36"
2001:288:a229:1:b905:ccdd:f4f:48da - - [26/Aug/2026:14:30:02 +0800] "GET /wp-content/cache/www.tces.ilc.edu.tw/wpfc-minified/k26jrcx2/77oe.js HTTP/1.1" 200 40360 "https://www.tces.ilc.edu.tw/" "Mozilla/5.0 (Windows NT 10.0; Win64; x64) AppleWebKit/537.36 (KHTML, like Gecko) Chrome/152.0.0.0 Safari/537.36"
2001:288:a229:1:b905:ccdd:f4f:48da - - [26/Aug/2026:14:30:02 +0800] "GET /wp-content/uploads/sites/449/elementor/css/post-617.css HTTP/1.1" 200 1268 "https://www.tces.ilc.edu.tw/" "Mozilla/5.0 (Windows NT 10.0; Win64; x64) AppleWebKit/537.36 (KHTML, like Gecko) Chrome/152.0.0.0 Safari/537.36"
2001:288:a229:1:b905:ccdd:f4f:48da - - [26/Aug/2026:14:30:02 +0800] "GET /wp-content/cache/www.tces.ilc.edu.tw/wpfc-minified/8uavxyn0/77oe.css HTTP/1.1" 200 58865 "https://www.tces.ilc.edu.tw/" "Mozilla/5.0 (Windows NT 10.0; Win64; x64) AppleWebKit/537.36 (KHTML, like Gecko) Chrome/152.0.0.0 Safari/537.36"
2001:288:a229:1:b905:ccdd:f4f:48da - - [26/Aug/2026:14:30:02 +0800] "GET /wp-content/cache/www.tces.ilc.edu.tw/wpfc-minified/mcjcx99s/77oe.css HTTP/1.1" 200 91710 "https://www.tces.ilc.edu.tw/" "Mozilla/5.0 (Windows NT 10.0; Win64; x64) AppleWebKit/537.36 (KHTML, like Gecko) Chrome/152.0.0.0 Safari/537.36"
140.119.100.236 - - [26/Aug/2026:14:30:02 +0800] "GET /wp-content/uploads/sites/1678/2020/07/%E8%90%AC%E5%AE%8943%E8%99%9F-1-211x300.jpg HTTP/1.1" 200 18561 "https://www.nses.ilc.edu.tw/" "Mozilla/5.0 (Windows NT 10.0; Win64; x64) AppleWebKit/537.36 (KHTML, like Gecko) Chrome/151.0.0.0 Safari/537.36"
140.119.100.236 - - [26/Aug/2026:14:30:02 +0800] "GET /wp-content/cache/www.nses.ilc.edu.tw/wpfc-minified/moeabej5/72dd.css HTTP/1.1" 200 4322 "https://www.nses.ilc.edu.tw/" "Mozilla/5.0 (Windows NT 10.0; Win64; x64) AppleWebKit/537.36 (KHTML, like Gecko) Chrome/151.0.0.0 Safari/537.36"
140.119.100.236 - - [26/Aug/2026:14:30:03 +0800] "GET /wp-includes/js/admin-bar.min.js HTTP/1.1" 200 2237 "https://www.nses.ilc.edu.tw/" "Mozilla/5.0 (Windows NT 10.0; Win64; x64) AppleWebKit/537.36 (KHTML, like Gecko) Chrome/151.0.0.0 Safari/537.36"
140.119.100.236 - - [26/Aug/2026:14:30:03 +0800] "GET /wp-content/uploads/sites/1678/2020/04/cropped-%E5%8D%97%E5%B1%B1%E5%9C%8B%E5%B0%8F%E6%A0%A1%E5%9C%92-7.jpg HTTP/1.1" 200 171608 "https://www.nses.ilc.edu.tw/" "Mozilla/5.0 (Windows NT 10.0; Win64; x64) AppleWebKit/537.36 (KHTML, like Gecko) Chrome/151.0.0.0 Safari/537.36"
44.215.67.210 - - [26/Aug/2026:14:30:03 +0800] "GET /wp-content/themes/huemanilc/assets/front/webfonts/fa-solid-900.woff2?v=5.5.0 HTTP/1.1" 200 74879 "https://www.saes.ilc.edu.tw/wp-content/cache/www.saes.ilc.edu.tw/wpfc-minified/8w3bt7p1/6wia.css" "Mozilla/5.0 (X11; Linux x86_64) AppleWebKit/537.36 (KHTML, like Gecko) Chrome/151.0.0.0 Safari/537.36"
140.119.100.236 - - [26/Aug/2026:14:30:03 +0800] "GET /wp-content/themes/oceanwp/assets/fonts/simple-line-icons/Simple-Line-Icons.woff2?v=2.4.0 HTTP/1.1" 200 30959 "https://www.nses.ilc.edu.tw/wp-content/cache/www.nses.ilc.edu.tw/wpfc-minified/8ligkt5s/72dd.css" "Mozilla/5.0 (Windows NT 10.0; Win64; x64) AppleWebKit/537.36 (KHTML, like Gecko) Chrome/151.0.0.0 Safari/537.36"
140.119.100.236 - - [26/Aug/2026:14:30:03 +0800] "GET /wp-content/themes/oceanwp/assets/js/theme.min.js HTTP/1.1" 200 9932 "https://www.nses.ilc.edu.tw/" "Mozilla/5.0 (Windows NT 10.0; Win64; x64) AppleWebKit/537.36 (KHTML, like Gecko) Chrome/151.0.0.0 Safari/537.36"
52.2.83.227 - - [26/Aug/2026:14:30:02 +0800] "GET /wp-json/oembed/1.0/embed?url=https://www.kyes.ilc.edu.tw/2010/11/25/%25e5%25ad%25b8%25e6%25a0%25a1%25e7%2599%25bc%25e5%25b1%2595%25e8%25aa%25b2%25e7%25a8%258b%25e6%25a2%259d%25e4%25bb%25b6%25e5%2588%2586%25e6%259e%2590/ HTTP/1.1" 200 8526 "-" "Mozilla/5.0 AppleWebKit/537.36 (KHTML, like Gecko; compatible; Amazonbot/0.1; +https://developer.amazon.com/support/amazonbot) Chrome/119.0.6045.214 Safari/537.36"
140.119.100.236 - - [26/Aug/2026:14:30:03 +0800] "GET /wp-content/themes/oceanwp/assets/js/drop-down-mobile-menu.min.js HTTP/1.1" 200 4663 "https://www.nses.ilc.edu.tw/" "Mozilla/5.0 (Windows NT 10.0; Win64; x64) AppleWebKit/537.36 (KHTML, like Gecko) Chrome/151.0.0.0 Safari/537.36"
140.119.100.236 - - [26/Aug/2026:14:30:03 +0800] "GET /wp-content/themes/oceanwp/assets/js/drop-down-search.min.js HTTP/1.1" 200 2968 "https://www.nses.ilc.edu.tw/" "Mozilla/5.0 (Windows NT 10.0; Win64; x64) AppleWebKit/537.36 (KHTML, like Gecko) Chrome/151.0.0.0 Safari/537.36"
44.215.67.210 - - [26/Aug/2026:14:30:03 +0800] "GET /wp-content/plugins/elementor-pro/assets/js/webpack-pro.runtime.min.js HTTP/1.1" 200 3562 "https://www.saes.ilc.edu.tw/" "Mozilla/5.0 (X11; Linux x86_64) AppleWebKit/537.36 (KHTML, like Gecko) Chrome/151.0.0.0 Safari/537.36"
140.119.100.236 - - [26/Aug/2026:14:30:03 +0800] "GET /wp-content/themes/oceanwp/assets/js/vendors/magnific-popup.min.js HTTP/1.1" 200 8270 "https://www.nses.ilc.edu.tw/" "Mozilla/5.0 (Windows NT 10.0; Win64; x64) AppleWebKit/537.36 (KHTML, like Gecko) Chrome/151.0.0.0 Safari/537.36"
140.119.100.236 - - [26/Aug/2026:14:30:03 +0800] "GET /wp-content/themes/oceanwp/assets/js/ow-lightbox.min.js HTTP/1.1" 200 2321 "https://www.nses.ilc.edu.tw/" "Mozilla/5.0 (Windows NT 10.0; Win64; x64) AppleWebKit/537.36 (KHTML, like Gecko) Chrome/151.0.0.0 Safari/537.36"
140.119.100.236 - - [26/Aug/2026:14:30:03 +0800] "GET /wp-content/themes/oceanwp/assets/js/vendors/flickity.pkgd.min.js HTTP/1.1" 200 15048 "https://www.nses.ilc.edu.tw/" "Mozilla/5.0 (Windows NT 10.0; Win64; x64) AppleWebKit/537.36 (KHTML, like Gecko) Chrome/151.0.0.0 Safari/537.36"
140.119.100.236 - - [26/Aug/2026:14:30:03 +0800] "GET /wp-content/themes/oceanwp/assets/js/scroll-effect.min.js HTTP/1.1" 200 4127 "https://www.nses.ilc.edu.tw/" "Mozilla/5.0 (Windows NT 10.0; Win64; x64) AppleWebKit/537.36 (KHTML, like Gecko) Chrome/151.0.0.0 Safari/537.36"
44.215.67.210 - - [26/Aug/2026:14:30:03 +0800] "GET /wp-sitemap.xml HTTP/1.1" 200 996 "-" "python-httpx/0.28.1"
140.119.100.236 - - [26/Aug/2026:14:30:03 +0800] "GET /wp-content/themes/oceanwp/assets/js/ow-slider.min.js HTTP/1.1" 200 1761 "https://www.nses.ilc.edu.tw/" "Mozilla/5.0 (Windows NT 10.0; Win64; x64) AppleWebKit/537.36 (KHTML, like Gecko) Chrome/151.0.0.0 Safari/537.36"
140.119.100.236 - - [26/Aug/2026:14:30:03 +0800] "GET /wp-content/themes/oceanwp/assets/js/scroll-top.min.js HTTP/1.1" 200 3202 "https://www.nses.ilc.edu.tw/" "Mozilla/5.0 (Windows NT 10.0; Win64; x64) AppleWebKit/537.36 (KHTML, like Gecko) Chrome/151.0.0.0 Safari/537.36"
140.119.100.236 - - [26/Aug/2026:14:30:03 +0800] "GET /wp-content/themes/oceanwp/assets/js/select.min.js HTTP/1.1" 200 2408 "https://www.nses.ilc.edu.tw/" "Mozilla/5.0 (Windows NT 10.0; Win64; x64) AppleWebKit/537.36 (KHTML, like Gecko) Chrome/151.0.0.0 Safari/537.36"
140.119.100.236 - - [26/Aug/2026:14:30:03 +0800] "GET /wp-includes/js/mediaelement/mediaelement-and-player.min.js HTTP/1.1" 200 39802 "https://www.nses.ilc.edu.tw/" "Mozilla/5.0 (Windows NT 10.0; Win64; x64) AppleWebKit/537.36 (KHTML, like Gecko) Chrome/151.0.0.0 Safari/537.36"
44.215.67.210 - - [26/Aug/2026:14:30:03 +0800] "GET /wp-content/plugins/elementor/assets/js/webpack.runtime.min.js HTTP/1.1" 200 3095 "https://www.saes.ilc.edu.tw/" "Mozilla/5.0 (X11; Linux x86_64) AppleWebKit/537.36 (KHTML, like Gecko) Chrome/151.0.0.0 Safari/537.36"
57.141.2.43 - - [26/Aug/2026:14:30:02 +0800] "GET /32745/wp-json/wp/v2/categories/2768 HTTP/1.1" 200 6662 "-" "Mozilla/5.0 (Macintosh; Intel Mac OS X 10_15_7) AppleWebKit/537.36 (KHTML, like Gecko) Chrome/145.0.0.0 Safari/537.36 (compatible; meta-externalagent/1.1 (+https://developers.facebook.com/docs/sharing/webmasters/crawler))"
140.119.100.236 - - [26/Aug/2026:14:30:03 +0800] "GET /wp-includes/js/mediaelement/mediaelement-migrate.min.js HTTP/1.1" 200 1419 "https://www.nses.ilc.edu.tw/" "Mozilla/5.0 (Windows NT 10.0; Win64; x64) AppleWebKit/537.36 (KHTML, like Gecko) Chrome/151.0.0.0 Safari/537.36"
2001:288:a201::66:125 - - [26/Aug/2026:14:30:03 +0800] "GET /blog/active.php HTTP/1.1" 301 1026 "-" "-"
140.119.100.236 - - [26/Aug/2026:14:30:03 +0800] "GET /wp-includes/js/mediaelement/wp-mediaelement.min.js HTTP/1.1" 200 1417 "https://www.nses.ilc.edu.tw/" "Mozilla/5.0 (Windows NT 10.0; Win64; x64) AppleWebKit/537.36 (KHTML, like Gecko) Chrome/151.0.0.0 Safari/537.36"
140.119.100.236 - - [26/Aug/2026:14:30:03 +0800] "GET /wp-includes/js/mediaelement/renderers/vimeo.min.js HTTP/1.1" 200 3164 "https://www.nses.ilc.edu.tw/" "Mozilla/5.0 (Windows NT 10.0; Win64; x64) AppleWebKit/537.36 (KHTML, like Gecko) Chrome/151.0.0.0 Safari/537.36"
140.119.100.236 - - [26/Aug/2026:14:30:03 +0800] "GET /wp-content/uploads/sites/1678/2024/09/%E5%9C%B0%E9%9C%87%E4%BF%9D%E5%91%BD%E6%AD%A5%E9%A9%9F-207x300.jpg HTTP/1.1" 200 20182 "https://www.nses.ilc.edu.tw/" "Mozilla/5.0 (Windows NT 10.0; Win64; x64) AppleWebKit/537.36 (KHTML, like Gecko) Chrome/151.0.0.0 Safari/537.36"
140.119.100.236 - - [26/Aug/2026:14:30:03 +0800] "GET /wp-content/uploads/sites/1678/2024/09/%E5%BF%83%E7%90%86%E8%A1%9B%E7%94%9F%E6%8E%A8%E5%BB%A3-300x300.png HTTP/1.1" 200 156776 "https://www.nses.ilc.edu.tw/" "Mozilla/5.0 (Windows NT 10.0; Win64; x64) AppleWebKit/537.36 (KHTML, like Gecko) Chrome/151.0.0.0 Safari/537.36"
44.215.67.210 - - [26/Aug/2026:14:30:03 +0800] "GET /wp-content/plugins/elementor/assets/js/frontend-modules.min.js HTTP/1.1" 200 19416 "https://www.saes.ilc.edu.tw/" "Mozilla/5.0 (X11; Linux x86_64) AppleWebKit/537.36 (KHTML, like Gecko) Chrome/151.0.0.0 Safari/537.36"
140.119.100.236 - - [26/Aug/2026:14:30:03 +0800] "GET /wp-content/uploads/sites/1678/2024/11/%E4%B8%8D%E5%8F%AF%E7%94%A8%E5%A1%91%E8%86%A0%E7%89%A9%E5%93%81-300x300.png HTTP/1.1" 200 158521 "https://www.nses.ilc.edu.tw/" "Mozilla/5.0 (Windows NT 10.0; Win64; x64) AppleWebKit/537.36 (KHTML, like Gecko) Chrome/151.0.0.0 Safari/537.36"
140.119.100.236 - - [26/Aug/2026:14:30:03 +0800] "GET /wp-content/uploads/sites/1678/2024/11/%E8%97%A5%E7%89%A9%E6%BF%AB%E7%94%A8%E5%AE%A3%E5%B0%8E-600x600.png HTTP/1.1" 200 545721 "https://www.nses.ilc.edu.tw/" "Mozilla/5.0 (Windows NT 10.0; Win64; x64) AppleWebKit/537.36 (KHTML, like Gecko) Chrome/151.0.0.0 Safari/537.36"
2001:288:a201::66:125 - - [26/Aug/2026:14:30:03 +0800] "GET /blog/active.php HTTP/1.1" 404 1084 "-" "-"
98.82.107.102 - - [26/Aug/2026:14:30:03 +0800] "GET /wp-content/uploads/sites/1603/32363/previews-med/32363-3620483.jpg HTTP/1.1" 200 98743 "-" "Mozilla/5.0 AppleWebKit/537.36 (KHTML, like Gecko; compatible; Amazonbot/0.1; +https://developer.amazon.com/support/amazonbot) Chrome/119.0.6045.214 Safari/537.36"
140.119.100.236 - - [26/Aug/2026:14:30:03 +0800] "GET /wp-content/uploads/sites/1678/2024/11/%E8%AA%B2%E7%A8%8B%E8%A8%88%E7%95%AB%E5%9C%96.png HTTP/1.1" 200 636515 "https://www.nses.ilc.edu.tw/" "Mozilla/5.0 (Windows NT 10.0; Win64; x64) AppleWebKit/537.36 (KHTML, like Gecko) Chrome/151.0.0.0 Safari/537.36"
140.119.100.236 - - [26/Aug/2026:14:30:03 +0800] "GET /wp-content/uploads/sites/1678/2024/11/%E8%AA%B2%E7%A8%8B%E8%A8%88%E7%95%AB%E5%90%8C%E6%84%8F%E5%82%99%E6%9F%A5.png HTTP/1.1" 200 684206 "https://www.nses.ilc.edu.tw/" "Mozilla/5.0 (Windows NT 10.0; Win64; x64) AppleWebKit/537.36 (KHTML, like Gecko) Chrome/151.0.0.0 Safari/537.36"
44.215.67.210 - - [26/Aug/2026:14:30:03 +0800] "GET /wp-includes/js/dist/hooks.min.js HTTP/1.1" 200 2421 "https://www.saes.ilc.edu.tw/" "Mozilla/5.0 (X11; Linux x86_64) AppleWebKit/537.36 (KHTML, like Gecko) Chrome/151.0.0.0 Safari/537.36"
140.119.100.236 - - [26/Aug/2026:14:30:03 +0800] "GET /wp-content/uploads/sites/1678/2022/12/%E6%A0%A1%E5%9C%92%E5%82%B3%E6%9F%93%E7%97%85%E9%98%B2%E6%B2%BB-%E6%B0%B4%E7%97%98-212x300.png HTTP/1.1" 200 66819 "https://www.nses.ilc.edu.tw/" "Mozilla/5.0 (Windows NT 10.0; Win64; x64) AppleWebKit/537.36 (KHTML, like Gecko) Chrome/151.0.0.0 Safari/537.36"
44.215.67.210 - - [26/Aug/2026:14:30:03 +0800] "GET /wp-includes/js/dist/i18n.min.js HTTP/1.1" 200 4547 "https://www.saes.ilc.edu.tw/" "Mozilla/5.0 (X11; Linux x86_64) AppleWebKit/537.36 (KHTML, like Gecko) Chrome/151.0.0.0 Safari/537.36"
44.217.255.167 - - [26/Aug/2026:14:30:00 +0800] "GET /?amp&attachment_id=432 HTTP/1.1" 200 25496 "-" "Mozilla/5.0 AppleWebKit/537.36 (KHTML, like Gecko; compatible; Amazonbot/0.1; +https://developer.amazon.com/support/amazonbot) Chrome/119.0.6045.214 Safari/537.36"
52.45.15.233 - - [26/Aug/2026:14:30:02 +0800] "GET /wp-json/wp/v2/posts/114 HTTP/1.1" 200 8617 "-" "Mozilla/5.0 AppleWebKit/537.36 (KHTML, like Gecko; compatible; Amazonbot/0.1; +https://developer.amazon.com/support/amazonbot) Chrome/119.0.6045.214 Safari/537.36"
44.215.67.210 - - [26/Aug/2026:14:30:03 +0800] "GET /wp-sitemap-posts-post-1.xml HTTP/1.1" 200 1177 "-" "python-httpx/0.28.1"
44.215.67.210 - - [26/Aug/2026:14:30:03 +0800] "GET /wp-content/plugins/elementor-pro/assets/js/frontend.min.js HTTP/1.1" 200 7574 "https://www.saes.ilc.edu.tw/" "Mozilla/5.0 (X11; Linux x86_64) AppleWebKit/537.36 (KHTML, like Gecko) Chrome/151.0.0.0 Safari/537.36"
2001:288:a229:1:b905:ccdd:f4f:48da - - [26/Aug/2026:14:30:03 +0800] "GET /wp-includes/js/hoverintent-js.min.js HTTP/1.1" 200 1597 "https://www.tces.ilc.edu.tw/" "Mozilla/5.0 (Windows NT 10.0; Win64; x64) AppleWebKit/537.36 (KHTML, like Gecko) Chrome/152.0.0.0 Safari/537.36"
2001:288:a229:1:b905:ccdd:f4f:48da - - [26/Aug/2026:14:30:03 +0800] "GET /wp-includes/js/imagesloaded.min.js HTTP/1.1" 200 7486 "https://www.tces.ilc.edu.tw/" "Mozilla/5.0 (Windows NT 10.0; Win64; x64) AppleWebKit/537.36 (KHTML, like Gecko) Chrome/152.0.0.0 Safari/537.36"
2001:288:a229:1:b905:ccdd:f4f:48da - - [26/Aug/2026:14:30:03 +0800] "GET /wp-includes/js/admin-bar.min.js HTTP/1.1" 200 7040 "https://www.tces.ilc.edu.tw/" "Mozilla/5.0 (Windows NT 10.0; Win64; x64) AppleWebKit/537.36 (KHTML, like Gecko) Chrome/152.0.0.0 Safari/537.36"
101.14.11.191 - - [26/Aug/2026:14:30:03 +0800] "GET / HTTP/1.1" 200 30637 "-" "Mozilla/5.0 (Windows NT 10.0; Win64; x64) AppleWebKit/537.36 (KHTML, like Gecko) Chrome/151.0.0.0 Safari/537.36"
2001:288:a229:1:b905:ccdd:f4f:48da - - [26/Aug/2026:14:30:03 +0800] "GET /wp-content/uploads/sites/449/21820/21820-1360230.jpg HTTP/1.1" 200 9647 "https://www.tces.ilc.edu.tw/" "Mozilla/5.0 (Windows NT 10.0; Win64; x64) AppleWebKit/537.36 (KHTML, like Gecko) Chrome/152.0.0.0 Safari/537.36"
2001:288:a229:1:b905:ccdd:f4f:48da - - [26/Aug/2026:14:30:03 +0800] "GET /wp-content/themes/oceanwp/assets/js/drop-down-mobile-menu.min.js HTTP/1.1" 200 4663 "https://www.tces.ilc.edu.tw/" "Mozilla/5.0 (Windows NT 10.0; Win64; x64) AppleWebKit/537.36 (KHTML, like Gecko) Chrome/152.0.0.0 Safari/537.36"
44.215.67.210 - - [26/Aug/2026:14:30:03 +0800] "GET /wp-content/plugins/elementor-pro/assets/js/elements-handlers.min.js HTTP/1.1" 200 10882 "https://www.saes.ilc.edu.tw/" "Mozilla/5.0 (X11; Linux x86_64) AppleWebKit/537.36 (KHTML, like Gecko) Chrome/151.0.0.0 Safari/537.36"
2001:288:a229:1:b905:ccdd:f4f:48da - - [26/Aug/2026:14:30:03 +0800] "GET /wp-content/themes/oceanwp/assets/js/theme.min.js HTTP/1.1" 200 5130 "https://www.tces.ilc.edu.tw/" "Mozilla/5.0 (Windows NT 10.0; Win64; x64) AppleWebKit/537.36 (KHTML, like Gecko) Chrome/152.0.0.0 Safari/537.36"
2001:288:a229:1:b905:ccdd:f4f:48da - - [26/Aug/2026:14:30:03 +0800] "GET /wp-content/uploads/sites/449/21820/21820-2261462.jpg HTTP/1.1" 200 8980 "https://www.tces.ilc.edu.tw/" "Mozilla/5.0 (Windows NT 10.0; Win64; x64) AppleWebKit/537.36 (KHTML, like Gecko) Chrome/152.0.0.0 Safari/537.36"
2001:288:a229:1:b905:ccdd:f4f:48da - - [26/Aug/2026:14:30:03 +0800] "GET /wp-content/themes/oceanwp/assets/js/drop-down-search.min.js HTTP/1.1" 200 2968 "https://www.tces.ilc.edu.tw/" "Mozilla/5.0 (Windows NT 10.0; Win64; x64) AppleWebKit/537.36 (KHTML, like Gecko) Chrome/152.0.0.0 Safari/537.36"
2001:288:a229:1:b905:ccdd:f4f:48da - - [26/Aug/2026:14:30:03 +0800] "GET /wp-content/uploads/sites/449/21820/21820-3606001.jpg HTTP/1.1" 200 573252 "https://www.tces.ilc.edu.tw/" "Mozilla/5.0 (Windows NT 10.0; Win64; x64) AppleWebKit/537.36 (KHTML, like Gecko) Chrome/152.0.0.0 Safari/537.36"
2001:288:a229:1:b905:ccdd:f4f:48da - - [26/Aug/2026:14:30:03 +0800] "GET /wp-content/themes/oceanwp/assets/js/vendors/magnific-popup.min.js HTTP/1.1" 200 8270 "https://www.tces.ilc.edu.tw/" "Mozilla/5.0 (Windows NT 10.0; Win64; x64) AppleWebKit/537.36 (KHTML, like Gecko) Chrome/152.0.0.0 Safari/537.36"
44.215.67.210 - - [26/Aug/2026:14:30:03 +0800] "GET /wp-sitemap-posts-page-1.xml HTTP/1.1" 200 2102 "-" "python-httpx/0.28.1"
2001:288:a229:1:b905:ccdd:f4f:48da - - [26/Aug/2026:14:30:03 +0800] "GET /wp-content/themes/oceanwp/assets/js/ow-lightbox.min.js HTTP/1.1" 200 2321 "https://www.tces.ilc.edu.tw/" "Mozilla/5.0 (Windows NT 10.0; Win64; x64) AppleWebKit/537.36 (KHTML, like Gecko) Chrome/152.0.0.0 Safari/537.36"
2001:288:a229:1:b905:ccdd:f4f:48da - - [26/Aug/2026:14:30:03 +0800] "GET /wp-content/themes/oceanwp/assets/js/vendors/flickity.pkgd.min.js HTTP/1.1" 200 15048 "https://www.tces.ilc.edu.tw/" "Mozilla/5.0 (Windows NT 10.0; Win64; x64) AppleWebKit/537.36 (KHTML, like Gecko) Chrome/152.0.0.0 Safari/537.36"
2001:288:a229:1:b905:ccdd:f4f:48da - - [26/Aug/2026:14:30:03 +0800] "GET /wp-content/themes/oceanwp/assets/js/ow-slider.min.js HTTP/1.1" 200 1761 "https://www.tces.ilc.edu.tw/" "Mozilla/5.0 (Windows NT 10.0; Win64; x64) AppleWebKit/537.36 (KHTML, like Gecko) Chrome/152.0.0.0 Safari/537.36"
2001:288:a229:1:b905:ccdd:f4f:48da - - [26/Aug/2026:14:30:03 +0800] "GET /wp-content/themes/oceanwp/assets/js/scroll-effect.min.js HTTP/1.1" 200 4127 "https://www.tces.ilc.edu.tw/" "Mozilla/5.0 (Windows NT 10.0; Win64; x64) AppleWebKit/537.36 (KHTML, like Gecko) Chrome/152.0.0.0 Safari/537.36"
140.119.100.236 - - [26/Aug/2026:14:30:03 +0800] "GET /wp-content/uploads/sites/1678/2022/07/%E9%AB%98%E6%BA%AB%E8%A5%B2%E6%93%8A%EF%BC%8C%E5%B0%8F%E5%BF%83%E7%86%B1%E5%82%B7%E5%AE%B3%EF%BC%81.mp4?_=1 HTTP/1.1" 200 2615802 "https://www.nses.ilc.edu.tw/" "Mozilla/5.0 (Windows NT 10.0; Win64; x64) AppleWebKit/537.36 (KHTML, like Gecko) Chrome/151.0.0.0 Safari/537.36"
2001:288:a229:1:b905:ccdd:f4f:48da - - [26/Aug/2026:14:30:03 +0800] "GET /21820/wp-content/uploads/sites/449/2019/08/googlemaps.png HTTP/1.1" 200 53633 "https://www.tces.ilc.edu.tw/" "Mozilla/5.0 (Windows NT 10.0; Win64; x64) AppleWebKit/537.36 (KHTML, like Gecko) Chrome/152.0.0.0 Safari/537.36"
2001:288:a229:1:b905:ccdd:f4f:48da - - [26/Aug/2026:14:30:03 +0800] "GET /21820/wp-content/uploads/sites/449/2020/05/21820-4240962.png HTTP/1.1" 200 15787 "https://www.tces.ilc.edu.tw/" "Mozilla/5.0 (Windows NT 10.0; Win64; x64) AppleWebKit/537.36 (KHTML, like Gecko) Chrome/152.0.0.0 Safari/537.36"
2001:288:a229:1:b905:ccdd:f4f:48da - - [26/Aug/2026:14:30:03 +0800] "GET /wp-content/themes/oceanwp/assets/js/scroll-top.min.js HTTP/1.1" 200 3202 "https://www.tces.ilc.edu.tw/" "Mozilla/5.0 (Windows NT 10.0; Win64; x64) AppleWebKit/537.36 (KHTML, like Gecko) Chrome/152.0.0.0 Safari/537.36"
2001:288:a229:1:b905:ccdd:f4f:48da - - [26/Aug/2026:14:30:03 +0800] "GET /21820/wp-content/uploads/sites/449/2020/05/21820-4239927.jpg HTTP/1.1" 200 9021 "https://www.tces.ilc.edu.tw/" "Mozilla/5.0 (Windows NT 10.0; Win64; x64) AppleWebKit/537.36 (KHTML, like Gecko) Chrome/152.0.0.0 Safari/537.36"
2001:288:a229:1:b905:ccdd:f4f:48da - - [26/Aug/2026:14:30:03 +0800] "GET /wp-content/themes/oceanwp/assets/js/select.min.js HTTP/1.1" 200 2408 "https://www.tces.ilc.edu.tw/" "Mozilla/5.0 (Windows NT 10.0; Win64; x64) AppleWebKit/537.36 (KHTML, like Gecko) Chrome/152.0.0.0 Safari/537.36"
2001:288:a229:1:b905:ccdd:f4f:48da - - [26/Aug/2026:14:30:03 +0800] "GET /wp-content/plugins/ocean-extra/includes/widgets/js/flickr.min.js HTTP/1.1" 200 1319 "https://www.tces.ilc.edu.tw/" "Mozilla/5.0 (Windows NT 10.0; Win64; x64) AppleWebKit/537.36 (KHTML, like Gecko) Chrome/152.0.0.0 Safari/537.36"
2001:288:a229:1:b905:ccdd:f4f:48da - - [26/Aug/2026:14:30:03 +0800] "GET /wp-content/uploads/sites/449/21820/21820-2491341.jpg HTTP/1.1" 200 5608 "https://www.tces.ilc.edu.tw/" "Mozilla/5.0 (Windows NT 10.0; Win64; x64) AppleWebKit/537.36 (KHTML, like Gecko) Chrome/152.0.0.0 Safari/537.36"
2001:288:a229:1:b905:ccdd:f4f:48da - - [26/Aug/2026:14:30:03 +0800] "GET /wp-content/uploads/sites/449/21820/21820-2387377.png HTTP/1.1" 200 14622 "https://www.tces.ilc.edu.tw/" "Mozilla/5.0 (Windows NT 10.0; Win64; x64) AppleWebKit/537.36 (KHTML, like Gecko) Chrome/152.0.0.0 Safari/537.36"
2001:288:a229:1:b905:ccdd:f4f:48da - - [26/Aug/2026:14:30:03 +0800] "GET /wp-content/uploads/sites/449/2020/08/108.jpg HTTP/1.1" 200 23557 "https://www.tces.ilc.edu.tw/" "Mozilla/5.0 (Windows NT 10.0; Win64; x64) AppleWebKit/537.36 (KHTML, like Gecko) Chrome/152.0.0.0 Safari/537.36"
2001:288:a229:1:b905:ccdd:f4f:48da - - [26/Aug/2026:14:30:03 +0800] "GET /wp-content/uploads/sites/449/2026/04/%E8%9E%A2%E5%B9%95%E6%93%B7%E5%8F%96%E7%95%AB%E9%9D%A2-2026-04-28-102701.png HTTP/1.1" 200 18603 "https://www.tces.ilc.edu.tw/" "Mozilla/5.0 (Windows NT 10.0; Win64; x64) AppleWebKit/537.36 (KHTML, like Gecko) Chrome/152.0.0.0 Safari/537.36"
2001:288:a229:1:b905:ccdd:f4f:48da - - [26/Aug/2026:14:30:03 +0800] "GET /wp-content/uploads/sites/449/2024/06/%E9%A0%AD%E5%9F%8E%E5%9C%8B%E5%B0%8F%E5%B9%B3%E9%9D%A2%E9%85%8D%E7%BD%AE%E5%9C%961130516.jpg HTTP/1.1" 200 15544 "https://www.tces.ilc.edu.tw/" "Mozilla/5.0 (Windows NT 10.0; Win64; x64) AppleWebKit/537.36 (KHTML, like Gecko) Chrome/152.0.0.0 Safari/537.36"
2001:288:a229:1:b905:ccdd:f4f:48da - - [26/Aug/2026:14:30:03 +0800] "GET /wp-content/uploads/sites/449/2024/09/2024-09-23_090802.png HTTP/1.1" 200 55018 "https://www.tces.ilc.edu.tw/" "Mozilla/5.0 (Windows NT 10.0; Win64; x64) AppleWebKit/537.36 (KHTML, like Gecko) Chrome/152.0.0.0 Safari/537.36"
2001:288:a229:1:b905:ccdd:f4f:48da - - [26/Aug/2026:14:30:03 +0800] "GET /wp-content/uploads/sites/449/21820/21820-4004347.jpg HTTP/1.1" 200 22156 "https://www.tces.ilc.edu.tw/" "Mozilla/5.0 (Windows NT 10.0; Win64; x64) AppleWebKit/537.36 (KHTML, like Gecko) Chrome/152.0.0.0 Safari/537.36"
2001:288:a229:1:b905:ccdd:f4f:48da - - [26/Aug/2026:14:30:03 +0800] "GET /wp-content/uploads/sites/449/21820/21820-1360244.png HTTP/1.1" 200 19035 "https://www.tces.ilc.edu.tw/" "Mozilla/5.0 (Windows NT 10.0; Win64; x64) AppleWebKit/537.36 (KHTML, like Gecko) Chrome/152.0.0.0 Safari/537.36"
2001:288:a229:1:b905:ccdd:f4f:48da - - [26/Aug/2026:14:30:03 +0800] "GET /wp-content/uploads/sites/449/21820/21820-1360226.gif HTTP/1.1" 200 11727 "https://www.tces.ilc.edu.tw/" "Mozilla/5.0 (Windows NT 10.0; Win64; x64) AppleWebKit/537.36 (KHTML, like Gecko) Chrome/152.0.0.0 Safari/537.36"
2001:288:a229:1:b905:ccdd:f4f:48da - - [26/Aug/2026:14:30:03 +0800] "GET /wp-content/uploads/sites/449/21820/21820-1360234.jpg HTTP/1.1" 200 6013 "https://www.tces.ilc.edu.tw/" "Mozilla/5.0 (Windows NT 10.0; Win64; x64) AppleWebKit/537.36 (KHTML, like Gecko) Chrome/152.0.0.0 Safari/537.36"
2001:288:a229:1:b905:ccdd:f4f:48da - - [26/Aug/2026:14:30:03 +0800] "GET /wp-content/uploads/sites/449/21820/21820-1360228.jpg HTTP/1.1" 200 7128 "https://www.tces.ilc.edu.tw/" "Mozilla/5.0 (Windows NT 10.0; Win64; x64) AppleWebKit/537.36 (KHTML, like Gecko) Chrome/152.0.0.0 Safari/537.36"
2001:288:a229:1:b905:ccdd:f4f:48da - - [26/Aug/2026:14:30:03 +0800] "GET /wp-content/uploads/sites/449/21820/21820-1360229.jpg HTTP/1.1" 200 10265 "https://www.tces.ilc.edu.tw/" "Mozilla/5.0 (Windows NT 10.0; Win64; x64) AppleWebKit/537.36 (KHTML, like Gecko) Chrome/152.0.0.0 Safari/537.36"
2001:288:a229:1:b905:ccdd:f4f:48da - - [26/Aug/2026:14:30:03 +0800] "GET /wp-content/uploads/sites/449/21820/21820-1360233.jpg HTTP/1.1" 200 6545 "https://www.tces.ilc.edu.tw/" "Mozilla/5.0 (Windows NT 10.0; Win64; x64) AppleWebKit/537.36 (KHTML, like Gecko) Chrome/152.0.0.0 Safari/537.36"
2001:288:a229:1:b905:ccdd:f4f:48da - - [26/Aug/2026:14:30:03 +0800] "GET /wp-content/uploads/sites/449/21820/21820-1360241.png HTTP/1.1" 200 12553 "https://www.tces.ilc.edu.tw/" "Mozilla/5.0 (Windows NT 10.0; Win64; x64) AppleWebKit/537.36 (KHTML, like Gecko) Chrome/152.0.0.0 Safari/537.36"
2001:288:a229:1:b905:ccdd:f4f:48da - - [26/Aug/2026:14:30:03 +0800] "GET /wp-content/uploads/sites/449/21820/21820-1360235.jpg HTTP/1.1" 200 17074 "https://www.tces.ilc.edu.tw/" "Mozilla/5.0 (Windows NT 10.0; Win64; x64) AppleWebKit/537.36 (KHTML, like Gecko) Chrome/152.0.0.0 Safari/537.36"
2001:288:a229:1:b905:ccdd:f4f:48da - - [26/Aug/2026:14:30:03 +0800] "GET /wp-content/uploads/sites/449/21820/21820-1411881.png HTTP/1.1" 200 20763 "https://www.tces.ilc.edu.tw/" "Mozilla/5.0 (Windows NT 10.0; Win64; x64) AppleWebKit/537.36 (KHTML, like Gecko) Chrome/152.0.0.0 Safari/537.36"
2001:288:a229:1:b905:ccdd:f4f:48da - - [26/Aug/2026:14:30:03 +0800] "GET /wp-content/uploads/sites/449/21820/21820-1369983.jpg HTTP/1.1" 200 11467 "https://www.tces.ilc.edu.tw/" "Mozilla/5.0 (Windows NT 10.0; Win64; x64) AppleWebKit/537.36 (KHTML, like Gecko) Chrome/152.0.0.0 Safari/537.36"
2001:288:a229:1:b905:ccdd:f4f:48da - - [26/Aug/2026:14:30:03 +0800] "GET /wp-content/uploads/sites/449/21820/21820-1461398.png HTTP/1.1" 200 3912 "https://www.tces.ilc.edu.tw/" "Mozilla/5.0 (Windows NT 10.0; Win64; x64) AppleWebKit/537.36 (KHTML, like Gecko) Chrome/152.0.0.0 Safari/537.36"
2001:288:a229:1:b905:ccdd:f4f:48da - - [26/Aug/2026:14:30:03 +0800] "GET /wp-content/uploads/sites/449/21820/21820-1637435.jpg HTTP/1.1" 200 13766 "https://www.tces.ilc.edu.tw/" "Mozilla/5.0 (Windows NT 10.0; Win64; x64) AppleWebKit/537.36 (KHTML, like Gecko) Chrome/152.0.0.0 Safari/537.36"
2001:288:a229:1:b905:ccdd:f4f:48da - - [26/Aug/2026:14:30:03 +0800] "GET /wp-content/uploads/sites/449/21820/21820-1641079.jpg HTTP/1.1" 200 20509 "https://www.tces.ilc.edu.tw/" "Mozilla/5.0 (Windows NT 10.0; Win64; x64) AppleWebKit/537.36 (KHTML, like Gecko) Chrome/152.0.0.0 Safari/537.36"
2001:288:a229:1:b905:ccdd:f4f:48da - - [26/Aug/2026:14:30:03 +0800] "GET /wp-content/uploads/sites/449/21820/21820-1725956.jpg HTTP/1.1" 200 26379 "https://www.tces.ilc.edu.tw/" "Mozilla/5.0 (Windows NT 10.0; Win64; x64) AppleWebKit/537.36 (KHTML, like Gecko) Chrome/152.0.0.0 Safari/537.36"
2001:288:a229:1:b905:ccdd:f4f:48da - - [26/Aug/2026:14:30:03 +0800] "GET /wp-content/uploads/sites/449/21820/21820-1804392.gif HTTP/1.1" 200 36984 "https://www.tces.ilc.edu.tw/" "Mozilla/5.0 (Windows NT 10.0; Win64; x64) AppleWebKit/537.36 (KHTML, like Gecko) Chrome/152.0.0.0 Safari/537.36"
2001:288:a229:1:b905:ccdd:f4f:48da - - [26/Aug/2026:14:30:03 +0800] "GET /wp-content/uploads/sites/449/21820/21820-1725955.jpg HTTP/1.1" 200 26463 "https://www.tces.ilc.edu.tw/" "Mozilla/5.0 (Windows NT 10.0; Win64; x64) AppleWebKit/537.36 (KHTML, like Gecko) Chrome/152.0.0.0 Safari/537.36"
2001:288:a229:1:b905:ccdd:f4f:48da - - [26/Aug/2026:14:30:03 +0800] "GET /wp-content/uploads/sites/449/21820/21820-1839283.jpg HTTP/1.1" 200 6591 "https://www.tces.ilc.edu.tw/" "Mozilla/5.0 (Windows NT 10.0; Win64; x64) AppleWebKit/537.36 (KHTML, like Gecko) Chrome/152.0.0.0 Safari/537.36"
2001:288:a229:1:b905:ccdd:f4f:48da - - [26/Aug/2026:14:30:03 +0800] "GET /wp-content/uploads/sites/449/21820/21820-1976399.png HTTP/1.1" 200 12496 "https://www.tces.ilc.edu.tw/" "Mozilla/5.0 (Windows NT 10.0; Win64; x64) AppleWebKit/537.36 (KHTML, like Gecko) Chrome/152.0.0.0 Safari/537.36"
2001:288:a229:1:b905:ccdd:f4f:48da - - [26/Aug/2026:14:30:03 +0800] "GET /wp-content/uploads/sites/449/21820/21820-1988914.jpg HTTP/1.1" 200 32989 "https://www.tces.ilc.edu.tw/" "Mozilla/5.0 (Windows NT 10.0; Win64; x64) AppleWebKit/537.36 (KHTML, like Gecko) Chrome/152.0.0.0 Safari/537.36"
2001:288:a229:1:b905:ccdd:f4f:48da - - [26/Aug/2026:14:30:03 +0800] "GET /wp-content/uploads/sites/449/21820/21820-2386308.png HTTP/1.1" 200 18042 "https://www.tces.ilc.edu.tw/" "Mozilla/5.0 (Windows NT 10.0; Win64; x64) AppleWebKit/537.36 (KHTML, like Gecko) Chrome/152.0.0.0 Safari/537.36"
2001:288:a229:1:b905:ccdd:f4f:48da - - [26/Aug/2026:14:30:03 +0800] "GET /wp-content/uploads/sites/449/21820/21820-2389949.jpg HTTP/1.1" 200 6134 "https://www.tces.ilc.edu.tw/" "Mozilla/5.0 (Windows NT 10.0; Win64; x64) AppleWebKit/537.36 (KHTML, like Gecko) Chrome/152.0.0.0 Safari/537.36"
2001:288:a229:1:b905:ccdd:f4f:48da - - [26/Aug/2026:14:30:03 +0800] "GET /wp-content/uploads/sites/449/21820/21820-2616451.gif HTTP/1.1" 200 141008 "https://www.tces.ilc.edu.tw/" "Mozilla/5.0 (Windows NT 10.0; Win64; x64) AppleWebKit/537.36 (KHTML, like Gecko) Chrome/152.0.0.0 Safari/537.36"
2001:288:a229:1:b905:ccdd:f4f:48da - - [26/Aug/2026:14:30:03 +0800] "GET /wp-content/uploads/sites/449/21820/21820-2667705.png HTTP/1.1" 200 30834 "https://www.tces.ilc.edu.tw/" "Mozilla/5.0 (Windows NT 10.0; Win64; x64) AppleWebKit/537.36 (KHTML, like Gecko) Chrome/152.0.0.0 Safari/537.36"
2001:288:a229:1:b905:ccdd:f4f:48da - - [26/Aug/2026:14:30:03 +0800] "GET /wp-content/uploads/sites/449/21820/21820-2957968.jpg HTTP/1.1" 200 5473 "https://www.tces.ilc.edu.tw/" "Mozilla/5.0 (Windows NT 10.0; Win64; x64) AppleWebKit/537.36 (KHTML, like Gecko) Chrome/152.0.0.0 Safari/537.36"
2001:288:a229:1:b905:ccdd:f4f:48da - - [26/Aug/2026:14:30:03 +0800] "GET /wp-content/uploads/sites/449/2021/08/%E5%9A%B4%E9%87%8D%E7%89%B9%E6%AE%8A%E5%82%B3%E6%9F%93%E6%80%A7%E8%82%BA%E7%82%8E%E5%B0%88%E5%8D%80-%E7%B6%B2%E7%AB%99%E9%80%A3%E7%B5%90%E5%9C%96%E7%A4%BA.jpg HTTP/1.1" 200 5631 "https://www.tces.ilc.edu.tw/" "Mozilla/5.0 (Windows NT 10.0; Win64; x64) AppleWebKit/537.36 (KHTML, like Gecko) Chrome/152.0.0.0 Safari/537.36"
2001:288:a229:1:b905:ccdd:f4f:48da - - [26/Aug/2026:14:30:03 +0800] "GET /wp-content/uploads/sites/449/2024/04/County.png HTTP/1.1" 200 686382 "https://www.tces.ilc.edu.tw/" "Mozilla/5.0 (Windows NT 10.0; Win64; x64) AppleWebKit/537.36 (KHTML, like Gecko) Chrome/152.0.0.0 Safari/537.36"
2001:288:a229:1:b905:ccdd:f4f:48da - - [26/Aug/2026:14:30:03 +0800] "GET /wp-content/themes/oceanwp/assets/fonts/fontawesome/webfonts/fa-solid-900.woff2 HTTP/1.1" 200 151246 "https://www.tces.ilc.edu.tw/wp-content/cache/www.tces.ilc.edu.tw/wpfc-minified/mcjcx99s/77oe.css" "Mozilla/5.0 (Windows NT 10.0; Win64; x64) AppleWebKit/537.36 (KHTML, like Gecko) Chrome/152.0.0.0 Safari/537.36"
140.119.100.236 - - [26/Aug/2026:14:30:03 +0800] "GET /wp-content/uploads/sites/1678/2021/05/%E5%AE%9C%E8%98%AD%E7%B8%A3%E9%98%B2%E7%96%AB%E7%9F%AD%E7%89%87.mp4?_=2 HTTP/1.1" 200 3173720 "https://www.nses.ilc.edu.tw/" "Mozilla/5.0 (Windows NT 10.0; Win64; x64) AppleWebKit/537.36 (KHTML, like Gecko) Chrome/151.0.0.0 Safari/537.36"
