216.73.217.64 - - [26/Aug/2026:14:22:38 +0800] "GET /9536/2003/12/21/%e7%a4%be%e5%8d%80%e6%97%a5%e6%9b%86-%e9%80%b2%e5%a3%ab%e7%a4%be%e5%8d%80-%e7%94%b0%e9%87%8e%e4%b8%ad%e7%9a%84%e5%b0%8f%e7%b2%be%e9%9d%88/ HTTP/1.1" 200 14883 "-" "Mozilla/5.0 AppleWebKit/537.36 (KHTML, like Gecko; compatible; ClaudeBot/1.0; +claudebot@anthropic.com)"
216.73.217.64 - - [26/Aug/2026:14:22:39 +0800] "GET /robots.txt HTTP/1.1" 200 5547 "-" "Mozilla/5.0 AppleWebKit/537.36 (KHTML, like Gecko; compatible; ClaudeBot/1.0; +claudebot@anthropic.com)"
57.141.2.46 - - [26/Aug/2026:14:22:39 +0800] "GET /4297/2022/11/20/ HTTP/1.1" 200 14904 "-" "Mozilla/5.0 (Windows NT 10.0; Win64; x64) AppleWebKit/537.36 (KHTML, like Gecko) Chrome/145.0.0.0 Safari/537.36 (compatible; meta-externalagent/1.1 (+https://developers.facebook.com/docs/sharing/webmasters/crawler))"
192.0.100.59 - - [26/Aug/2026:14:22:39 +0800] "GET /blog/gallery/848/848-752508.jpg HTTP/1.1" 404 25422 "-" "Photon/1.0"
52.167.144.206 - - [26/Aug/2026:14:22:36 +0800] "GET /26150/2014/05/05/%E6%95%99%E8%82%B2%E9%83%A8%E4%BA%94%E6%9C%88%E4%BB%BDapp%E6%B4%BB%E5%8B%95kiss%E5%AA%BD%E5%92%AA%E5%82%B3%E9%80%81%E6%84%9B%EF%BC%8C%E6%AD%A1%E8%BF%8E%E6%B0%91%E7%9C%BE%E8%B8%B4%E8%BA%8D%E4%B8%8A/ HTTP/1.1" 200 23871 "-" "Mozilla/5.0 AppleWebKit/537.36 (KHTML, like Gecko; compatible; bingbot/2.0; +http://www.bing.com/bingbot.htm) Chrome/116.0.1938.76 Safari/537.36"
66.249.71.9 - - [26/Aug/2026:14:22:37 +0800] "GET /wp-login.php?action=ilc_logout&_wpnonce=43754d0aad&redirect_to=http://biofurolan.ru/gallery/19322/ HTTP/1.1" 302 8249 "-" "Mozilla/5.0 (Linux; Android 6.0.1; Nexus 5X Build/MMB29P) AppleWebKit/537.36 (KHTML, like Gecko) Chrome/151.0.7922.173 Mobile Safari/537.36 (compatible; GoogleOther)"
2a03:2880:f802:18:: - - [26/Aug/2026:14:22:39 +0800] "GET /6555/2019/11/19/ HTTP/1.1" 200 14771 "-" "Mozilla/5.0 (Windows NT 10.0; Win64; x64) AppleWebKit/537.36 (KHTML, like Gecko) Chrome/145.0.0.0 Safari/537.36 (compatible; meta-externalagent/1.1 (+https://developers.facebook.com/docs/sharing/webmasters/crawler))"
216.73.217.64 - - [26/Aug/2026:14:22:40 +0800] "GET /2018/11/07/%E9%99%84%E8%A8%AD%E5%B9%BC%E5%85%92%E5%9C%92/ HTTP/1.1" 200 24336 "-" "Mozilla/5.0 AppleWebKit/537.36 (KHTML, like Gecko; compatible; ClaudeBot/1.0; +claudebot@anthropic.com)"
140.111.67.195 - - [26/Aug/2026:14:22:40 +0800] "GET /wp-admin/admin-post.php?action=steps_ad HTTP/1.1" 200 1973 "-" "node-fetch/1.0 (+https://github.com/bitinn/node-fetch)"
140.111.67.10 - - [26/Aug/2026:14:22:40 +0800] "GET /" 301 273 "-" "-"
2001:288:a277:1:1914:cf13:2842:54e6 - - [26/Aug/2026:14:22:37 +0800] "GET / HTTP/1.1" 200 34780 "-" "Mozilla/5.0 (Windows NT 10.0; Win64; x64) AppleWebKit/537.36 (KHTML, like Gecko) Chrome/151.0.0.0 Safari/537.36 Edg/151.0.0.0"
2a03:2880:f802:44:: - - [26/Aug/2026:14:22:41 +0800] "GET /2026/08/17/%e8%87%aa%e7%84%b6%e7%94%9f%e7%a7%91%e9%a0%98%e5%9f%9f/ HTTP/1.1" 200 27093 "-" "Mozilla/5.0 (Windows NT 10.0; Win64; x64) AppleWebKit/537.36 (KHTML, like Gecko) Chrome/145.0.0.0 Safari/537.36 (compatible; meta-externalagent/1.1 (+https://developers.facebook.com/docs/sharing/webmasters/crawler))"
66.249.79.163 - - [26/Aug/2026:14:22:41 +0800] "GET /dafu/2024/01/ HTTP/1.1" 200 14065 "-" "Mozilla/5.0 (Linux; Android 6.0.1; Nexus 5X Build/MMB29P) AppleWebKit/537.36 (KHTML, like Gecko) Chrome/151.0.7922.173 Mobile Safari/537.36 (compatible; Googlebot/2.1; +http://www.google.com/bot.html)"
2a03:2880:f802:48:: - - [26/Aug/2026:14:22:42 +0800] "GET /hsics/2023/06/10/%e6%9c%ac%e6%a0%a1%e9%ab%98%e5%b9%b4%e7%b4%9a%e7%94%9f%e5%8f%8a%e9%99%84%e8%a8%ad%e5%b9%bc%e7%a8%9a%e5%9c%92%e7%94%9f%e5%8f%83%e8%88%87112%e5%b9%b4%e5%a4%a7%e5%90%8c%e9%84%89%e8%aa%9e%e6%96%87/line_album_1120607%e5%a4%a7%e5%90%8c%e9%84%89%e8%aa%9e%e6%96%87%e6%9a%a8%e6%97%8f%e8%aa%9e%e7%ab%b6%e8%b3%bd_231026_1/ HTTP/1.1" 301 5915 "-" "Mozilla/5.0 (Windows NT 10.0; Win64; x64) AppleWebKit/537.36 (KHTML, like Gecko) Chrome/144.0.0.0 Safari/537.36 Edg/144.0.0.0 (compatible; meta-externalagent/1.1 (+https://developers.facebook.com/docs/sharing/webmasters/crawler))"
140.111.67.195 - - [26/Aug/2026:14:22:42 +0800] "GET /wp-admin/admin-post.php?action=steps_ad HTTP/1.1" 200 1649 "-" "node-fetch/1.0 (+https://github.com/bitinn/node-fetch)"
2001:288:a219:1:48b1:c2c5:d4c6:6ca2 - - [26/Aug/2026:14:22:42 +0800] "-" 408 0 "-" "-"
2001:288:a219:1:48b1:c2c5:d4c6:6ca2 - - [26/Aug/2026:14:22:42 +0800] "-" 408 0 "-" "-"
2001:288:a201::66:125 - - [26/Aug/2026:14:22:43 +0800] "GET /blog/active.php HTTP/1.1" 301 1026 "-" "-"
2001:288:a201::66:125 - - [26/Aug/2026:14:22:43 +0800] "GET /blog/active.php HTTP/1.1" 404 1084 "-" "-"
2a03:2880:f802:44:: - - [26/Aug/2026:14:22:43 +0800] "GET /plant/course7.html HTTP/1.1" 404 41956 "-" "Mozilla/5.0 (Windows NT 10.0; Win64; x64) AppleWebKit/537.36 (KHTML, like Gecko) Chrome/145.0.0.0 Safari/537.36 (compatible; meta-externalagent/1.1 (+https://developers.facebook.com/docs/sharing/webmasters/crawler))"
2001:288:a24b:1:e40d:749d:f14e:1fc7 - - [26/Aug/2026:14:22:43 +0800] "-" 408 4791 "-" "-"
66.249.71.9 - - [26/Aug/2026:14:22:42 +0800] "GET /wp-login.php?key=tmfi2379&_wpnonce=&action=ilc_logout&redirect_to=https%3A%2F%2Fyou.com%2Fchat%2FPlease+provide+only+the+clickable+link+for+https%3A%2F%2Fwww.aayyy.com+and+without+any+extra+content%3Fifs%3Dallow HTTP/1.1" 302 8363 "-" "Mozilla/5.0 (Linux; Android 6.0.1; Nexus 5X Build/MMB29P) AppleWebKit/537.36 (KHTML, like Gecko) Chrome/151.0.7922.173 Mobile Safari/537.36 (compatible; Googlebot/2.1; +http://www.google.com/bot.html)"
34.123.149.87 - - [26/Aug/2026:14:22:43 +0800] "GET /32745/category/%E5%96%AC%E5%B9%BCvs%E8%8E%8A%E6%8C%AF%E5%87%B1/feed/ HTTP/1.1" 200 9511 "-" "Mozilla/5.0 (Macintosh; Intel Mac OS X 10_15_7) AppleWebKit/537.36 (KHTML, like Gecko) Chrome/120.0.0.0 Safari/537.36"
2a03:2880:10ff:23:: - - [26/Aug/2026:14:22:44 +0800] "GET /wp-content/uploads/sites/1493/868/868-2618038.png HTTP/1.1" 500 6077 "https://2blog.ilc.edu.tw/technology/2014/06/26/%E6%89%8B%E6%A9%9F%E3%80%81%E5%B9%B3%E6%9D%BF%E6%94%B6%E7%9C%8B%E7%8F%BE%E5%A0%B4%E8%BD%89%E6%92%AD/" "Mozilla/5.0 (Macintosh; Intel Mac OS X 10_15_7) AppleWebKit/537.36 (KHTML, like Gecko) Chrome/145.0.0.0 Safari/537.36 (compatible; meta-webindexer/1.1 (+https://developers.facebook.com/docs/sharing/webmasters/crawler))"
36.231.56.169 - - [26/Aug/2026:14:22:44 +0800] "-" 408 4801 "-" "-"
2a03:2880:f802:f:: - - [26/Aug/2026:14:22:44 +0800] "GET /17281/author/lingkao/ HTTP/1.1" 200 18133 "-" "Mozilla/5.0 (Macintosh; Intel Mac OS X 10_15_7) AppleWebKit/537.36 (KHTML, like Gecko) Chrome/145.0.0.0 Safari/537.36 (compatible; meta-externalagent/1.1 (+https://developers.facebook.com/docs/sharing/webmasters/crawler))"
2a03:2880:18ff:4f:: - - [26/Aug/2026:14:22:45 +0800] "GET /wp-content/uploads/sites/1493/868/868-2618034.png HTTP/1.1" 500 6077 "https://2blog.ilc.edu.tw/technology/2014/06/26/%E6%89%8B%E6%A9%9F%E3%80%81%E5%B9%B3%E6%9D%BF%E6%94%B6%E7%9C%8B%E7%8F%BE%E5%A0%B4%E8%BD%89%E6%92%AD/" "Mozilla/5.0 (Macintosh; Intel Mac OS X 10_15_7) AppleWebKit/537.36 (KHTML, like Gecko) Chrome/145.0.0.0 Safari/537.36 (compatible; meta-webindexer/1.1 (+https://developers.facebook.com/docs/sharing/webmasters/crawler))"
140.111.67.10 - - [26/Aug/2026:14:22:45 +0800] "GET /" 301 273 "-" "-"
107.150.65.20 - - [26/Aug/2026:14:22:43 +0800] "GET /wp-login.php?action=ilc_logout&_wpnonce=43754d0aad&redirect_to=https://freepromocodex.com/ HTTP/1.1" 302 8241 "http://menuiserie-monville-le-tholonet-13.fr/2020/02/27/bonjour-tout-le-monde/" "Mozilla/5.0 (Windows NT 6.3; Win64; x64) AppleWebKit/537.36 (KHTML, like Gecko) Chrome/103.0.0.0 Safari/537.36"
66.249.79.137 - - [26/Aug/2026:14:22:43 +0800] "GET /wp-login.php?key=hqpia378&_wpnonce=&action=ilc_logout&redirect_to=https%3A%2F%2Fwww.aayyy.com HTTP/1.1" 302 8235 "-" "Mozilla/5.0 (Linux; Android 6.0.1; Nexus 5X Build/MMB29P) AppleWebKit/537.36 (KHTML, like Gecko) Chrome/151.0.7922.173 Mobile Safari/537.36 (compatible; Googlebot/2.1; +http://www.google.com/bot.html)"
2a03:2880:f802:e:: - - [26/Aug/2026:14:22:45 +0800] "GET /hsics/wp-content/uploads/sites/2866/2023/10/LINE_ALBUM_1120607%E5%A4%A7%E5%90%8C%E9%84%89%E8%AA%9E%E6%96%87%E6%9A%A8%E6%97%8F%E8%AA%9E%E7%AB%B6%E8%B3%BD_231026_1.jpg HTTP/1.1" 200 436483 "-" "Mozilla/5.0 (Windows NT 10.0; Win64; x64) AppleWebKit/537.36 (KHTML, like Gecko) Chrome/144.0.0.0 Safari/537.36 Edg/144.0.0.0 (compatible; meta-externalagent/1.1 (+https://developers.facebook.com/docs/sharing/webmasters/crawler))"
173.252.82.7 - - [26/Aug/2026:14:22:45 +0800] "GET /technology/wp-includes/js/jquery/ui/core.min.js HTTP/1.1" 200 12780 "https://2blog.ilc.edu.tw/technology/2014/06/26/%E6%89%8B%E6%A9%9F%E3%80%81%E5%B9%B3%E6%9D%BF%E6%94%B6%E7%9C%8B%E7%8F%BE%E5%A0%B4%E8%BD%89%E6%92%AD/" "Mozilla/5.0 (Macintosh; Intel Mac OS X 10_15_7) AppleWebKit/537.36 (KHTML, like Gecko) Chrome/145.0.0.0 Safari/537.36 (compatible; meta-webindexer/1.1 (+https://developers.facebook.com/docs/sharing/webmasters/crawler))"
211.72.177.46 - - [26/Aug/2026:14:22:46 +0800] "GET /wp-content/cache/isupport.ilc.edu.tw/wpfc-minified/fhgiw72a/ks8w.css HTTP/1.1" 200 45684 "https://isupport.ilc.edu.tw/4804/" "Mozilla/5.0 (Windows NT 10.0; Win64; x64) AppleWebKit/537.36 (KHTML, like Gecko) Chrome/151.0.0.0 Safari/537.36"
211.72.177.46 - - [26/Aug/2026:14:22:46 +0800] "GET /wp-content/cache/isupport.ilc.edu.tw/wpfc-minified/jpyo1yc2/ks8w.css HTTP/1.1" 200 5958 "https://isupport.ilc.edu.tw/4804/" "Mozilla/5.0 (Windows NT 10.0; Win64; x64) AppleWebKit/537.36 (KHTML, like Gecko) Chrome/151.0.0.0 Safari/537.36"
211.72.177.46 - - [26/Aug/2026:14:22:46 +0800] "GET /wp-content/cache/isupport.ilc.edu.tw/wpfc-minified/8jq1rsi9/ks8w.css HTTP/1.1" 200 53283 "https://isupport.ilc.edu.tw/4804/" "Mozilla/5.0 (Windows NT 10.0; Win64; x64) AppleWebKit/537.36 (KHTML, like Gecko) Chrome/151.0.0.0 Safari/537.36"
211.72.177.46 - - [26/Aug/2026:14:22:46 +0800] "GET /wp-content/cache/isupport.ilc.edu.tw/wpfc-minified/drup3mak/ks8w.css HTTP/1.1" 200 27560 "https://isupport.ilc.edu.tw/4804/" "Mozilla/5.0 (Windows NT 10.0; Win64; x64) AppleWebKit/537.36 (KHTML, like Gecko) Chrome/151.0.0.0 Safari/537.36"
211.72.177.46 - - [26/Aug/2026:14:22:46 +0800] "GET /wp-content/uploads/sites/3591/elementor/css/post-3.css HTTP/1.1" 200 2101 "https://isupport.ilc.edu.tw/4804/" "Mozilla/5.0 (Windows NT 10.0; Win64; x64) AppleWebKit/537.36 (KHTML, like Gecko) Chrome/151.0.0.0 Safari/537.36"
211.72.177.46 - - [26/Aug/2026:14:22:46 +0800] "GET /wp-content/cache/isupport.ilc.edu.tw/wpfc-minified/lwjo9g1t/ks8w.css HTTP/1.1" 200 6343 "https://isupport.ilc.edu.tw/4804/" "Mozilla/5.0 (Windows NT 10.0; Win64; x64) AppleWebKit/537.36 (KHTML, like Gecko) Chrome/151.0.0.0 Safari/537.36"
211.72.177.46 - - [26/Aug/2026:14:22:46 +0800] "GET /wp-content/uploads/sites/3591/elementor/css/post-4804.css HTTP/1.1" 200 1090 "https://isupport.ilc.edu.tw/4804/" "Mozilla/5.0 (Windows NT 10.0; Win64; x64) AppleWebKit/537.36 (KHTML, like Gecko) Chrome/151.0.0.0 Safari/537.36"
211.72.177.46 - - [26/Aug/2026:14:22:46 +0800] "GET /wp-content/cache/isupport.ilc.edu.tw/wpfc-minified/kxdlh8d7/ks8w.css HTTP/1.1" 200 7701 "https://isupport.ilc.edu.tw/4804/" "Mozilla/5.0 (Windows NT 10.0; Win64; x64) AppleWebKit/537.36 (KHTML, like Gecko) Chrome/151.0.0.0 Safari/537.36"
211.72.177.46 - - [26/Aug/2026:14:22:46 +0800] "GET /wp-content/cache/isupport.ilc.edu.tw/wpfc-minified/10m74ssp/ks8x.js HTTP/1.1" 200 35551 "https://isupport.ilc.edu.tw/4804/" "Mozilla/5.0 (Windows NT 10.0; Win64; x64) AppleWebKit/537.36 (KHTML, like Gecko) Chrome/151.0.0.0 Safari/537.36"
211.72.177.46 - - [26/Aug/2026:14:22:46 +0800] "GET /wp-content/cache/isupport.ilc.edu.tw/wpfc-minified/fqv0eogw/ks8w.js HTTP/1.1" 200 1635 "https://isupport.ilc.edu.tw/4804/" "Mozilla/5.0 (Windows NT 10.0; Win64; x64) AppleWebKit/537.36 (KHTML, like Gecko) Chrome/151.0.0.0 Safari/537.36"
211.72.177.46 - - [26/Aug/2026:14:22:46 +0800] "GET /wp-content/uploads/sites/3591/2022/09/sites.png HTTP/1.1" 200 26657 "https://isupport.ilc.edu.tw/4804/" "Mozilla/5.0 (Windows NT 10.0; Win64; x64) AppleWebKit/537.36 (KHTML, like Gecko) Chrome/151.0.0.0 Safari/537.36"
211.72.177.46 - - [26/Aug/2026:14:22:46 +0800] "GET /wp-includes/js/hoverintent-js.min.js HTTP/1.1" 200 1597 "https://isupport.ilc.edu.tw/4804/" "Mozilla/5.0 (Windows NT 10.0; Win64; x64) AppleWebKit/537.36 (KHTML, like Gecko) Chrome/151.0.0.0 Safari/537.36"
211.72.177.46 - - [26/Aug/2026:14:22:46 +0800] "GET /wp-includes/js/admin-bar.min.js HTTP/1.1" 200 2237 "https://isupport.ilc.edu.tw/4804/" "Mozilla/5.0 (Windows NT 10.0; Win64; x64) AppleWebKit/537.36 (KHTML, like Gecko) Chrome/151.0.0.0 Safari/537.36"
211.72.177.46 - - [26/Aug/2026:14:22:46 +0800] "GET /wp-includes/js/imagesloaded.min.js HTTP/1.1" 200 2683 "https://isupport.ilc.edu.tw/4804/" "Mozilla/5.0 (Windows NT 10.0; Win64; x64) AppleWebKit/537.36 (KHTML, like Gecko) Chrome/151.0.0.0 Safari/537.36"
211.72.177.46 - - [26/Aug/2026:14:22:46 +0800] "GET /wp-content/themes/oceanwp/assets/js/vendors/sidr.js HTTP/1.1" 200 4102 "https://isupport.ilc.edu.tw/4804/" "Mozilla/5.0 (Windows NT 10.0; Win64; x64) AppleWebKit/537.36 (KHTML, like Gecko) Chrome/151.0.0.0 Safari/537.36"
211.72.177.46 - - [26/Aug/2026:14:22:46 +0800] "GET /wp-content/themes/oceanwp/assets/js/theme.min.js HTTP/1.1" 200 5130 "https://isupport.ilc.edu.tw/4804/" "Mozilla/5.0 (Windows NT 10.0; Win64; x64) AppleWebKit/537.36 (KHTML, like Gecko) Chrome/151.0.0.0 Safari/537.36"
211.72.177.46 - - [26/Aug/2026:14:22:46 +0800] "GET /wp-content/themes/oceanwp/assets/js/sidebar-mobile-menu.min.js HTTP/1.1" 200 4731 "https://isupport.ilc.edu.tw/4804/" "Mozilla/5.0 (Windows NT 10.0; Win64; x64) AppleWebKit/537.36 (KHTML, like Gecko) Chrome/151.0.0.0 Safari/537.36"
211.72.177.46 - - [26/Aug/2026:14:22:46 +0800] "GET /wp-content/themes/oceanwp/assets/js/drop-down-search.min.js HTTP/1.1" 200 2968 "https://isupport.ilc.edu.tw/4804/" "Mozilla/5.0 (Windows NT 10.0; Win64; x64) AppleWebKit/537.36 (KHTML, like Gecko) Chrome/151.0.0.0 Safari/537.36"
211.72.177.46 - - [26/Aug/2026:14:22:46 +0800] "GET /wp-content/themes/oceanwp/assets/js/equal-height-elements.min.js HTTP/1.1" 200 2606 "https://isupport.ilc.edu.tw/4804/" "Mozilla/5.0 (Windows NT 10.0; Win64; x64) AppleWebKit/537.36 (KHTML, like Gecko) Chrome/151.0.0.0 Safari/537.36"
211.72.177.46 - - [26/Aug/2026:14:22:46 +0800] "GET /wp-content/themes/oceanwp/assets/js/vendors/magnific-popup.min.js HTTP/1.1" 200 8270 "https://isupport.ilc.edu.tw/4804/" "Mozilla/5.0 (Windows NT 10.0; Win64; x64) AppleWebKit/537.36 (KHTML, like Gecko) Chrome/151.0.0.0 Safari/537.36"
211.72.177.46 - - [26/Aug/2026:14:22:46 +0800] "GET /wp-content/themes/oceanwp/assets/js/ow-lightbox.min.js HTTP/1.1" 200 2321 "https://isupport.ilc.edu.tw/4804/" "Mozilla/5.0 (Windows NT 10.0; Win64; x64) AppleWebKit/537.36 (KHTML, like Gecko) Chrome/151.0.0.0 Safari/537.36"
211.72.177.46 - - [26/Aug/2026:14:22:46 +0800] "GET /wp-content/themes/oceanwp/assets/js/vendors/flickity.pkgd.min.js HTTP/1.1" 200 15048 "https://isupport.ilc.edu.tw/4804/" "Mozilla/5.0 (Windows NT 10.0; Win64; x64) AppleWebKit/537.36 (KHTML, like Gecko) Chrome/151.0.0.0 Safari/537.36"
211.72.177.46 - - [26/Aug/2026:14:22:46 +0800] "GET /wp-content/themes/oceanwp/assets/js/ow-slider.min.js HTTP/1.1" 200 1761 "https://isupport.ilc.edu.tw/4804/" "Mozilla/5.0 (Windows NT 10.0; Win64; x64) AppleWebKit/537.36 (KHTML, like Gecko) Chrome/151.0.0.0 Safari/537.36"
211.72.177.46 - - [26/Aug/2026:14:22:46 +0800] "GET /wp-content/themes/oceanwp/assets/js/scroll-effect.min.js HTTP/1.1" 200 4127 "https://isupport.ilc.edu.tw/4804/" "Mozilla/5.0 (Windows NT 10.0; Win64; x64) AppleWebKit/537.36 (KHTML, like Gecko) Chrome/151.0.0.0 Safari/537.36"
211.72.177.46 - - [26/Aug/2026:14:22:46 +0800] "GET /wp-content/themes/oceanwp/assets/js/scroll-top.min.js HTTP/1.1" 200 3202 "https://isupport.ilc.edu.tw/4804/" "Mozilla/5.0 (Windows NT 10.0; Win64; x64) AppleWebKit/537.36 (KHTML, like Gecko) Chrome/151.0.0.0 Safari/537.36"
211.72.177.46 - - [26/Aug/2026:14:22:46 +0800] "GET /wp-content/themes/oceanwp/assets/js/select.min.js HTTP/1.1" 200 2408 "https://isupport.ilc.edu.tw/4804/" "Mozilla/5.0 (Windows NT 10.0; Win64; x64) AppleWebKit/537.36 (KHTML, like Gecko) Chrome/151.0.0.0 Safari/537.36"
211.72.177.46 - - [26/Aug/2026:14:22:46 +0800] "GET /wp-content/themes/oceanwp/assets/js/ow-infinite-scroll.min.js HTTP/1.1" 200 8588 "https://isupport.ilc.edu.tw/4804/" "Mozilla/5.0 (Windows NT 10.0; Win64; x64) AppleWebKit/537.36 (KHTML, like Gecko) Chrome/151.0.0.0 Safari/537.36"
211.72.177.46 - - [26/Aug/2026:14:22:46 +0800] "GET /wp-content/plugins/elementor-pro/assets/js/webpack-pro.runtime.min.js HTTP/1.1" 200 3562 "https://isupport.ilc.edu.tw/4804/" "Mozilla/5.0 (Windows NT 10.0; Win64; x64) AppleWebKit/537.36 (KHTML, like Gecko) Chrome/151.0.0.0 Safari/537.36"
::1 - - [26/Aug/2026:14:22:46 +0800] "OPTIONS * HTTP/1.0" 200 110 "-" "Apache/2.4.68 (Ubuntu) OpenSSL/3.0.19 (internal dummy connection)"
211.72.177.46 - - [26/Aug/2026:14:22:46 +0800] "GET /wp-content/plugins/ocean-extra/includes/widgets/js/flickr.min.js HTTP/1.1" 200 1319 "https://isupport.ilc.edu.tw/4804/" "Mozilla/5.0 (Windows NT 10.0; Win64; x64) AppleWebKit/537.36 (KHTML, like Gecko) Chrome/151.0.0.0 Safari/537.36"
211.72.177.46 - - [26/Aug/2026:14:22:46 +0800] "GET /wp-content/plugins/elementor/assets/js/webpack.runtime.min.js HTTP/1.1" 200 3095 "https://isupport.ilc.edu.tw/4804/" "Mozilla/5.0 (Windows NT 10.0; Win64; x64) AppleWebKit/537.36 (KHTML, like Gecko) Chrome/151.0.0.0 Safari/537.36"
211.72.177.46 - - [26/Aug/2026:14:22:46 +0800] "GET /wp-includes/js/dist/hooks.min.js HTTP/1.1" 200 2421 "https://isupport.ilc.edu.tw/4804/" "Mozilla/5.0 (Windows NT 10.0; Win64; x64) AppleWebKit/537.36 (KHTML, like Gecko) Chrome/151.0.0.0 Safari/537.36"
211.72.177.46 - - [26/Aug/2026:14:22:46 +0800] "GET /wp-content/plugins/elementor/assets/js/frontend-modules.min.js HTTP/1.1" 200 19416 "https://isupport.ilc.edu.tw/4804/" "Mozilla/5.0 (Windows NT 10.0; Win64; x64) AppleWebKit/537.36 (KHTML, like Gecko) Chrome/151.0.0.0 Safari/537.36"
211.72.177.46 - - [26/Aug/2026:14:22:46 +0800] "GET /wp-includes/js/dist/i18n.min.js HTTP/1.1" 200 4547 "https://isupport.ilc.edu.tw/4804/" "Mozilla/5.0 (Windows NT 10.0; Win64; x64) AppleWebKit/537.36 (KHTML, like Gecko) Chrome/151.0.0.0 Safari/537.36"
211.72.177.46 - - [26/Aug/2026:14:22:46 +0800] "GET /wp-content/plugins/elementor-pro/assets/js/frontend.min.js HTTP/1.1" 200 7574 "https://isupport.ilc.edu.tw/4804/" "Mozilla/5.0 (Windows NT 10.0; Win64; x64) AppleWebKit/537.36 (KHTML, like Gecko) Chrome/151.0.0.0 Safari/537.36"
211.72.177.46 - - [26/Aug/2026:14:22:46 +0800] "GET /wp-content/plugins/elementor/assets/lib/waypoints/waypoints.min.js HTTP/1.1" 200 3873 "https://isupport.ilc.edu.tw/4804/" "Mozilla/5.0 (Windows NT 10.0; Win64; x64) AppleWebKit/537.36 (KHTML, like Gecko) Chrome/151.0.0.0 Safari/537.36"
211.72.177.46 - - [26/Aug/2026:14:22:46 +0800] "GET /wp-includes/js/jquery/ui/core.min.js HTTP/1.1" 200 7986 "https://isupport.ilc.edu.tw/4804/" "Mozilla/5.0 (Windows NT 10.0; Win64; x64) AppleWebKit/537.36 (KHTML, like Gecko) Chrome/151.0.0.0 Safari/537.36"
211.72.177.46 - - [26/Aug/2026:14:22:46 +0800] "GET /wp-content/plugins/elementor/assets/js/frontend.min.js HTTP/1.1" 200 13169 "https://isupport.ilc.edu.tw/4804/" "Mozilla/5.0 (Windows NT 10.0; Win64; x64) AppleWebKit/537.36 (KHTML, like Gecko) Chrome/151.0.0.0 Safari/537.36"
211.72.177.46 - - [26/Aug/2026:14:22:46 +0800] "GET /wp-content/plugins/elementor-pro/assets/js/elements-handlers.min.js HTTP/1.1" 200 10882 "https://isupport.ilc.edu.tw/4804/" "Mozilla/5.0 (Windows NT 10.0; Win64; x64) AppleWebKit/537.36 (KHTML, like Gecko) Chrome/151.0.0.0 Safari/537.36"
211.72.177.46 - - [26/Aug/2026:14:22:46 +0800] "GET /wp-content/uploads/sites/3591/2023/04/%E6%95%B8%E4%BD%8D%E5%AD%B8%E7%BF%92%E6%94%AF%E6%8C%81%E5%B9%B3%E5%8F%B0logo_50.png HTTP/1.1" 200 3861 "https://isupport.ilc.edu.tw/4804/" "Mozilla/5.0 (Windows NT 10.0; Win64; x64) AppleWebKit/537.36 (KHTML, like Gecko) Chrome/151.0.0.0 Safari/537.36"
211.72.177.46 - - [26/Aug/2026:14:22:46 +0800] "GET /wp-content/uploads/sites/3591/2022/11/banner_%E6%96%87%E7%AB%A0%E5%85%A7%E5%AE%B9.jpg HTTP/1.1" 200 18255 "https://isupport.ilc.edu.tw/4804/" "Mozilla/5.0 (Windows NT 10.0; Win64; x64) AppleWebKit/537.36 (KHTML, like Gecko) Chrome/151.0.0.0 Safari/537.36"
211.72.177.46 - - [26/Aug/2026:14:22:46 +0800] "GET /wp-content/themes/oceanwp/assets/fonts/simple-line-icons/Simple-Line-Icons.woff2?v=2.4.0 HTTP/1.1" 200 30959 "https://isupport.ilc.edu.tw/wp-content/cache/isupport.ilc.edu.tw/wpfc-minified/8jq1rsi9/ks8w.css" "Mozilla/5.0 (Windows NT 10.0; Win64; x64) AppleWebKit/537.36 (KHTML, like Gecko) Chrome/151.0.0.0 Safari/537.36"
211.72.177.46 - - [26/Aug/2026:14:22:46 +0800] "GET /wp-content/themes/oceanwp/assets/fonts/fontawesome/webfonts/fa-solid-900.woff2 HTTP/1.1" 200 151246 "https://isupport.ilc.edu.tw/wp-content/cache/isupport.ilc.edu.tw/wpfc-minified/8jq1rsi9/ks8w.css" "Mozilla/5.0 (Windows NT 10.0; Win64; x64) AppleWebKit/537.36 (KHTML, like Gecko) Chrome/151.0.0.0 Safari/537.36"
2a03:2880:f802:7:: - - [26/Aug/2026:14:22:46 +0800] "GET /25738/2018/ HTTP/1.1" 200 14970 "-" "Mozilla/5.0 (Windows NT 10.0; Win64; x64) AppleWebKit/537.36 (KHTML, like Gecko) Chrome/145.0.0.0 Safari/537.36 (compatible; meta-externalagent/1.1 (+https://developers.facebook.com/docs/sharing/webmasters/crawler))"
2001:4860:7:410::ef - - [26/Aug/2026:14:22:46 +0800] "GET / HTTP/1.1" 200 17555 "https://www.google.com/" "Mozilla/5.0 (Windows NT 10.0; Win64; x64) AppleWebKit/537.36 (KHTML, like Gecko) Chrome/151.0.0.0 Safari/537.36"
211.72.177.46 - - [26/Aug/2026:14:22:46 +0800] "POST /wp-json/ilc-summary/v1/popular-posts HTTP/1.1" 201 1399 "https://isupport.ilc.edu.tw/4804/" "Mozilla/5.0 (Windows NT 10.0; Win64; x64) AppleWebKit/537.36 (KHTML, like Gecko) Chrome/151.0.0.0 Safari/537.36"
140.111.67.195 - - [26/Aug/2026:14:22:46 +0800] "GET /wp-admin/admin-post.php?action=steps_ad HTTP/1.1" 200 1649 "-" "node-fetch/1.0 (+https://github.com/bitinn/node-fetch)"
211.72.177.46 - - [26/Aug/2026:14:22:46 +0800] "GET /wp-content/plugins/elementor/assets/js/text-editor.2c35aafbe5bf0e127950.bundle.min.js HTTP/1.1" 200 1545 "https://isupport.ilc.edu.tw/4804/" "Mozilla/5.0 (Windows NT 10.0; Win64; x64) AppleWebKit/537.36 (KHTML, like Gecko) Chrome/151.0.0.0 Safari/537.36"
211.72.177.46 - - [26/Aug/2026:14:22:46 +0800] "GET /wp-content/plugins/elementor/assets/js/video.d11c91c1b2b642a34601.bundle.min.js HTTP/1.1" 200 2161 "https://isupport.ilc.edu.tw/4804/" "Mozilla/5.0 (Windows NT 10.0; Win64; x64) AppleWebKit/537.36 (KHTML, like Gecko) Chrome/151.0.0.0 Safari/537.36"
34.10.180.98 - - [26/Aug/2026:14:22:45 +0800] "GET /32745/2022/01/09/%E5%85%A9%E8%B7%A4%E8%A1%8C%E6%9D%8E/ HTTP/1.1" 200 92461 "-" "Mozilla/5.0 (Macintosh; Intel Mac OS X 10_15_7) AppleWebKit/537.36 (KHTML, like Gecko) Chrome/120.0.0.0 Safari/537.36"
2a03:2880:f802:2b:: - - [26/Aug/2026:14:22:46 +0800] "GET /6472/author/login/ HTTP/1.1" 200 16293 "-" "Mozilla/5.0 (Windows NT 10.0; Win64; x64) AppleWebKit/537.36 (KHTML, like Gecko) Chrome/145.0.0.0 Safari/537.36 (compatible; meta-externalagent/1.1 (+https://developers.facebook.com/docs/sharing/webmasters/crawler))"
211.72.177.46 - - [26/Aug/2026:14:22:46 +0800] "GET /wp-content/uploads/sites/3591/2022/07/cropped-%E6%95%B8%E4%BD%8D%E5%AD%B8%E7%BF%92%E6%94%AF%E6%8C%81%E5%B9%B3%E5%8F%B0logo_lg-32x32.png HTTP/1.1" 200 1779 "https://isupport.ilc.edu.tw/4804/" "Mozilla/5.0 (Windows NT 10.0; Win64; x64) AppleWebKit/537.36 (KHTML, like Gecko) Chrome/151.0.0.0 Safari/537.36"
2001:288:c263:1:d4d7:d6d2:6c9d:92ef - - [26/Aug/2026:14:22:47 +0800] "-" 408 4794 "-" "-"
::1 - - [26/Aug/2026:14:22:47 +0800] "OPTIONS * HTTP/1.0" 200 110 "-" "Apache/2.4.68 (Ubuntu) OpenSSL/3.0.19 (internal dummy connection)"
2001:288:c263:1:d4d7:d6d2:6c9d:92ef - - [26/Aug/2026:14:22:47 +0800] "-" 408 4794 "-" "-"
34.10.180.98 - - [26/Aug/2026:14:22:47 +0800] "GET /32745/?p=141158 HTTP/1.1" 301 5602 "-" "Mozilla/5.0 (Macintosh; Intel Mac OS X 10_15_7) AppleWebKit/537.36 (KHTML, like Gecko) Chrome/120.0.0.0 Safari/537.36"
210.69.149.162 - - [26/Aug/2026:14:22:47 +0800] "-" 408 4794 "-" "-"
2a03:2880:10ff:56:: - - [26/Aug/2026:14:22:47 +0800] "GET /wp-content/uploads/sites/1493/868/868-2618046.png HTTP/1.1" 500 6077 "https://2blog.ilc.edu.tw/technology/2014/06/26/%E6%89%8B%E6%A9%9F%E3%80%81%E5%B9%B3%E6%9D%BF%E6%94%B6%E7%9C%8B%E7%8F%BE%E5%A0%B4%E8%BD%89%E6%92%AD/" "Mozilla/5.0 (Macintosh; Intel Mac OS X 10_15_7) AppleWebKit/537.36 (KHTML, like Gecko) Chrome/145.0.0.0 Safari/537.36 (compatible; meta-webindexer/1.1 (+https://developers.facebook.com/docs/sharing/webmasters/crawler))"
2001:288:a201::66:125 - - [26/Aug/2026:14:22:48 +0800] "GET /blog/active.php HTTP/1.1" 301 1026 "-" "-"
2001:288:a201::66:125 - - [26/Aug/2026:14:22:48 +0800] "GET /blog/active.php HTTP/1.1" 404 1084 "-" "-"
::1 - - [26/Aug/2026:14:22:48 +0800] "OPTIONS * HTTP/1.0" 200 110 "-" "Apache/2.4.68 (Ubuntu) OpenSSL/3.0.19 (internal dummy connection)"
52.167.144.206 - - [26/Aug/2026:14:22:48 +0800] "GET /6569/2009/12/29/981023%E4%BA%94%E5%AD%9D%E8%87%AA%E7%84%B6%E9%A0%98%E5%9F%9F%E6%95%99%E5%AD%B8-%E6%B5%81%E6%B0%B4%E5%AF%A6%E9%A9%97/ HTTP/1.1" 200 11347 "-" "Mozilla/5.0 AppleWebKit/537.36 (KHTML, like Gecko; compatible; bingbot/2.0; +http://www.bing.com/bingbot.htm) Chrome/116.0.1938.76 Safari/537.36"
::1 - - [26/Aug/2026:14:22:49 +0800] "OPTIONS * HTTP/1.0" 200 110 "-" "Apache/2.4.68 (Ubuntu) OpenSSL/3.0.19 (internal dummy connection)"
49.158.151.86 - - [26/Aug/2026:14:22:49 +0800] "GET / HTTP/1.1" 200 28987 "https://www.google.com/" "Mozilla/5.0 (iPhone; CPU iPhone OS 26_6_0 like Mac OS X) AppleWebKit/605.1.15 (KHTML, like Gecko) CriOS/151.0.7922.112 Mobile/15E148 Safari/604.1"
49.158.151.86 - - [26/Aug/2026:14:22:49 +0800] "GET /wp-content/uploads/sites/1664/elementor/css/post-2.css HTTP/1.1" 200 7396 "https://www.gjes.ilc.edu.tw/" "Mozilla/5.0 (iPhone; CPU iPhone OS 26_6_0 like Mac OS X) AppleWebKit/605.1.15 (KHTML, like Gecko) CriOS/151.0.7922.112 Mobile/15E148 Safari/604.1"
34.61.96.6 - - [26/Aug/2026:14:22:49 +0800] "GET /6510/wp-json/wp/v2/posts/13 HTTP/1.1" 200 10385 "-" "Mozilla/5.0 (Macintosh; Intel Mac OS X 10_15_7) AppleWebKit/537.36 (KHTML, like Gecko) Chrome/120.0.0.0 Safari/537.36"
::1 - - [26/Aug/2026:14:22:50 +0800] "OPTIONS * HTTP/1.0" 200 110 "-" "Apache/2.4.68 (Ubuntu) OpenSSL/3.0.19 (internal dummy connection)"
49.158.151.86 - - [26/Aug/2026:14:22:50 +0800] "POST /wp-json/wp-statistics/v2/hit HTTP/1.1" 200 1212 "https://www.gjes.ilc.edu.tw/" "Mozilla/5.0 (iPhone; CPU iPhone OS 26_6_0 like Mac OS X) AppleWebKit/605.1.15 (KHTML, like Gecko) CriOS/151.0.7922.112 Mobile/15E148 Safari/604.1"
140.111.67.10 - - [26/Aug/2026:14:22:50 +0800] "GET /" 301 273 "-" "-"
140.111.67.195 - - [26/Aug/2026:14:22:50 +0800] "GET /wp-admin/admin-post.php?action=steps_ad HTTP/1.1" 200 1649 "-" "node-fetch/1.0 (+https://github.com/bitinn/node-fetch)"
52.6.232.201 - - [26/Aug/2026:14:22:50 +0800] "GET /32745/wp-json/wp/v2/posts/63664/revisions/63666 HTTP/1.1" 401 6198 "-" "Mozilla/5.0 AppleWebKit/537.36 (KHTML, like Gecko; compatible; Amazonbot/0.1; +https://developer.amazon.com/support/amazonbot) Chrome/119.0.6045.214 Safari/537.36"
2a03:2880:f802:26:: - - [26/Aug/2026:14:22:50 +0800] "GET /3226/wp-json/wp/v2/categories/267 HTTP/1.1" 200 6724 "-" "Mozilla/5.0 (Windows NT 10.0; Win64; x64) AppleWebKit/537.36 (KHTML, like Gecko) Chrome/145.0.0.0 Safari/537.36 (compatible; meta-externalagent/1.1 (+https://developers.facebook.com/docs/sharing/webmasters/crawler))"
34.10.180.98 - - [26/Aug/2026:14:22:51 +0800] "GET /dashen/%E7%94%9F%E7%94%9F%E7%94%A8%E5%B9%B3%E6%9D%BF%E8%B5%B7%E8%B7%91%E5%89%8D%EF%BC%8C%E6%89%BE%E5%87%BA%E4%BD%A0%E7%9A%84%E9%81%B8%E7%94%A8%E5%9B%A0%E7%B4%A0%E2%94%80%E4%B8%89%E5%80%8B%E9%9A%8E%E6%AE%B5/ HTTP/1.1" 200 24788 "-" "Mozilla/5.0 (Macintosh; Intel Mac OS X 10_15_7) AppleWebKit/537.36 (KHTML, like Gecko) Chrome/120.0.0.0 Safari/537.36"
2a03:2880:f802:41:: - - [26/Aug/2026:14:22:51 +0800] "GET /kkes603/2022/12/21/ HTTP/1.1" 200 13817 "-" "Mozilla/5.0 (Macintosh; Intel Mac OS X 10_15_7) AppleWebKit/537.36 (KHTML, like Gecko) Chrome/145.0.0.0 Safari/537.36 (compatible; meta-externalagent/1.1 (+https://developers.facebook.com/docs/sharing/webmasters/crawler))"
::1 - - [26/Aug/2026:14:22:52 +0800] "OPTIONS * HTTP/1.0" 200 110 "-" "Apache/2.4.68 (Ubuntu) OpenSSL/3.0.19 (internal dummy connection)"
140.111.67.195 - - [26/Aug/2026:14:22:52 +0800] "GET /wp-admin/admin-post.php?action=steps_ad HTTP/1.1" 200 1649 "-" "node-fetch/1.0 (+https://github.com/bitinn/node-fetch)"
2001:288:a23c:1:df6:d69e:49df:b6b - - [26/Aug/2026:14:22:52 +0800] "GET / HTTP/1.1" 200 20084 "https://www.google.com/" "Mozilla/5.0 (Windows NT 10.0; Win64; x64) AppleWebKit/537.36 (KHTML, like Gecko) Chrome/151.0.0.0 Safari/537.36"
2001:288:a23c:1:df6:d69e:49df:b6b - - [26/Aug/2026:14:22:52 +0800] "GET /wp-content/cache/www.wjjh.ilc.edu.tw/wpfc-minified/lxaahtu1/6xsc.css HTTP/1.1" 200 1496 "https://www.wjjh.ilc.edu.tw/" "Mozilla/5.0 (Windows NT 10.0; Win64; x64) AppleWebKit/537.36 (KHTML, like Gecko) Chrome/151.0.0.0 Safari/537.36"
2001:288:a23c:1:df6:d69e:49df:b6b - - [26/Aug/2026:14:22:52 +0800] "GET /wp-content/cache/www.wjjh.ilc.edu.tw/wpfc-minified/98d2uc5p/6xsc.css HTTP/1.1" 200 40885 "https://www.wjjh.ilc.edu.tw/" "Mozilla/5.0 (Windows NT 10.0; Win64; x64) AppleWebKit/537.36 (KHTML, like Gecko) Chrome/151.0.0.0 Safari/537.36"
2001:288:a23c:1:df6:d69e:49df:b6b - - [26/Aug/2026:14:22:52 +0800] "GET /wp-content/uploads/sites/187/elementor/css/post-304.css HTTP/1.1" 200 1575 "https://www.wjjh.ilc.edu.tw/" "Mozilla/5.0 (Windows NT 10.0; Win64; x64) AppleWebKit/537.36 (KHTML, like Gecko) Chrome/151.0.0.0 Safari/537.36"
2001:288:a23c:1:df6:d69e:49df:b6b - - [26/Aug/2026:14:22:52 +0800] "GET /wp-content/cache/www.wjjh.ilc.edu.tw/wpfc-minified/6jf9r0k4/hmh4p.css HTTP/1.1" 200 19347 "https://www.wjjh.ilc.edu.tw/" "Mozilla/5.0 (Windows NT 10.0; Win64; x64) AppleWebKit/537.36 (KHTML, like Gecko) Chrome/151.0.0.0 Safari/537.36"
2001:288:a23c:1:df6:d69e:49df:b6b - - [26/Aug/2026:14:22:52 +0800] "GET /wp-content/cache/www.wjjh.ilc.edu.tw/wpfc-minified/6n0b7xth/hmh4p.css HTTP/1.1" 200 18820 "https://www.wjjh.ilc.edu.tw/" "Mozilla/5.0 (Windows NT 10.0; Win64; x64) AppleWebKit/537.36 (KHTML, like Gecko) Chrome/151.0.0.0 Safari/537.36"
2001:288:a23c:1:df6:d69e:49df:b6b - - [26/Aug/2026:14:22:52 +0800] "GET /wp-content/cache/www.wjjh.ilc.edu.tw/wpfc-minified/ladqu73p/hmh4p.css HTTP/1.1" 200 46969 "https://www.wjjh.ilc.edu.tw/" "Mozilla/5.0 (Windows NT 10.0; Win64; x64) AppleWebKit/537.36 (KHTML, like Gecko) Chrome/151.0.0.0 Safari/537.36"
2001:288:a23c:1:df6:d69e:49df:b6b - - [26/Aug/2026:14:22:52 +0800] "GET /wp-content/cache/www.wjjh.ilc.edu.tw/wpfc-minified/1rs68hx/hmh4p.js HTTP/1.1" 200 9969 "https://www.wjjh.ilc.edu.tw/" "Mozilla/5.0 (Windows NT 10.0; Win64; x64) AppleWebKit/537.36 (KHTML, like Gecko) Chrome/151.0.0.0 Safari/537.36"
2001:288:a23c:1:df6:d69e:49df:b6b - - [26/Aug/2026:14:22:52 +0800] "GET /wp-content/themes/hueman/assets/front/webfonts/fa-regular-400.woff2?v=5.15.2 HTTP/1.1" 200 14439 "https://www.wjjh.ilc.edu.tw/" "Mozilla/5.0 (Windows NT 10.0; Win64; x64) AppleWebKit/537.36 (KHTML, like Gecko) Chrome/151.0.0.0 Safari/537.36"
2001:288:a23c:1:df6:d69e:49df:b6b - - [26/Aug/2026:14:22:52 +0800] "GET /wp-content/themes/hueman/assets/front/webfonts/fa-brands-400.woff2?v=5.15.2 HTTP/1.1" 200 79499 "https://www.wjjh.ilc.edu.tw/" "Mozilla/5.0 (Windows NT 10.0; Win64; x64) AppleWebKit/537.36 (KHTML, like Gecko) Chrome/151.0.0.0 Safari/537.36"
2001:288:a23c:1:df6:d69e:49df:b6b - - [26/Aug/2026:14:22:52 +0800] "GET /wp-content/themes/hueman/assets/front/webfonts/fa-solid-900.woff2?v=5.15.2 HTTP/1.1" 200 81301 "https://www.wjjh.ilc.edu.tw/" "Mozilla/5.0 (Windows NT 10.0; Win64; x64) AppleWebKit/537.36 (KHTML, like Gecko) Chrome/151.0.0.0 Safari/537.36"
2001:288:a23c:1:df6:d69e:49df:b6b - - [26/Aug/2026:14:22:52 +0800] "GET /wp-content/cache/www.wjjh.ilc.edu.tw/wpfc-minified/1cyp6uvk/6xsc.js HTTP/1.1" 200 40363 "https://www.wjjh.ilc.edu.tw/" "Mozilla/5.0 (Windows NT 10.0; Win64; x64) AppleWebKit/537.36 (KHTML, like Gecko) Chrome/151.0.0.0 Safari/537.36"
2001:288:a23c:1:df6:d69e:49df:b6b - - [26/Aug/2026:14:22:52 +0800] "GET /wp-content/uploads/sites/187/2026/04/%E6%8A%80%E8%97%9D%E7%AB%B6%E8%B3%BD%E7%AC%AC6%E5%90%8D-450x300.png HTTP/1.1" 200 248733 "https://www.wjjh.ilc.edu.tw/" "Mozilla/5.0 (Windows NT 10.0; Win64; x64) AppleWebKit/537.36 (KHTML, like Gecko) Chrome/151.0.0.0 Safari/537.36"
2001:288:a23c:1:df6:d69e:49df:b6b - - [26/Aug/2026:14:22:52 +0800] "GET /wp-content/uploads/sites/187/2026/03/Gemini_Generated_Image_jpege3jpege3jpeg-450x300.png HTTP/1.1" 200 247434 "https://www.wjjh.ilc.edu.tw/" "Mozilla/5.0 (Windows NT 10.0; Win64; x64) AppleWebKit/537.36 (KHTML, like Gecko) Chrome/151.0.0.0 Safari/537.36"
2001:288:a23c:1:df6:d69e:49df:b6b - - [26/Aug/2026:14:22:52 +0800] "GET /wp-content/uploads/sites/187/2026/04/114_EEG1-450x300.png HTTP/1.1" 200 219559 "https://www.wjjh.ilc.edu.tw/" "Mozilla/5.0 (Windows NT 10.0; Win64; x64) AppleWebKit/537.36 (KHTML, like Gecko) Chrome/151.0.0.0 Safari/537.36"
2001:288:a23c:1:df6:d69e:49df:b6b - - [26/Aug/2026:14:22:52 +0800] "GET /wp-content/cache/www.wjjh.ilc.edu.tw/wpfc-minified/f12ye6p8/hmh4p.css HTTP/1.1" 200 4464 "https://www.wjjh.ilc.edu.tw/" "Mozilla/5.0 (Windows NT 10.0; Win64; x64) AppleWebKit/537.36 (KHTML, like Gecko) Chrome/151.0.0.0 Safari/537.36"
2001:288:a23c:1:df6:d69e:49df:b6b - - [26/Aug/2026:14:22:52 +0800] "GET /wp-content/cache/www.wjjh.ilc.edu.tw/wpfc-minified/f4mxje6w/hmh4p.css HTTP/1.1" 200 1607 "https://www.wjjh.ilc.edu.tw/" "Mozilla/5.0 (Windows NT 10.0; Win64; x64) AppleWebKit/537.36 (KHTML, like Gecko) Chrome/151.0.0.0 Safari/537.36"
140.111.67.195 - - [26/Aug/2026:14:22:52 +0800] "GET /wp-admin/admin-post.php?action=steps_ad HTTP/1.1" 200 1649 "-" "node-fetch/1.0 (+https://github.com/bitinn/node-fetch)"
2001:288:a23c:1:df6:d69e:49df:b6b - - [26/Aug/2026:14:22:53 +0800] "GET /wp-includes/js/hoverintent-js.min.js HTTP/1.1" 200 1597 "https://www.wjjh.ilc.edu.tw/" "Mozilla/5.0 (Windows NT 10.0; Win64; x64) AppleWebKit/537.36 (KHTML, like Gecko) Chrome/151.0.0.0 Safari/537.36"
2001:288:a23c:1:df6:d69e:49df:b6b - - [26/Aug/2026:14:22:53 +0800] "GET /wp-includes/js/admin-bar.min.js HTTP/1.1" 200 2237 "https://www.wjjh.ilc.edu.tw/" "Mozilla/5.0 (Windows NT 10.0; Win64; x64) AppleWebKit/537.36 (KHTML, like Gecko) Chrome/151.0.0.0 Safari/537.36"
2001:288:a23c:1:df6:d69e:49df:b6b - - [26/Aug/2026:14:22:53 +0800] "GET /wp-includes/js/underscore.min.js HTTP/1.1" 200 8191 "https://www.wjjh.ilc.edu.tw/" "Mozilla/5.0 (Windows NT 10.0; Win64; x64) AppleWebKit/537.36 (KHTML, like Gecko) Chrome/151.0.0.0 Safari/537.36"
2001:288:a23c:1:df6:d69e:49df:b6b - - [26/Aug/2026:14:22:53 +0800] "GET /wp-content/plugins/ml-slider/assets/sliders/nivoslider/jquery.nivo.slider.pack.js HTTP/1.1" 200 3941 "https://www.wjjh.ilc.edu.tw/" "Mozilla/5.0 (Windows NT 10.0; Win64; x64) AppleWebKit/537.36 (KHTML, like Gecko) Chrome/151.0.0.0 Safari/537.36"
2001:288:a23c:1:df6:d69e:49df:b6b - - [26/Aug/2026:14:22:53 +0800] "GET /wp-content/plugins/ml-slider/assets/metaslider/script.min.js HTTP/1.1" 200 1261 "https://www.wjjh.ilc.edu.tw/" "Mozilla/5.0 (Windows NT 10.0; Win64; x64) AppleWebKit/537.36 (KHTML, like Gecko) Chrome/151.0.0.0 Safari/537.36"
2001:288:a23c:1:df6:d69e:49df:b6b - - [26/Aug/2026:14:22:53 +0800] "GET /wp-content/plugins/elementor/assets/js/webpack.runtime.min.js HTTP/1.1" 200 3095 "https://www.wjjh.ilc.edu.tw/" "Mozilla/5.0 (Windows NT 10.0; Win64; x64) AppleWebKit/537.36 (KHTML, like Gecko) Chrome/151.0.0.0 Safari/537.36"
2001:288:a23c:1:df6:d69e:49df:b6b - - [26/Aug/2026:14:22:53 +0800] "GET /wp-content/plugins/elementor/assets/lib/waypoints/waypoints.min.js HTTP/1.1" 200 3873 "https://www.wjjh.ilc.edu.tw/" "Mozilla/5.0 (Windows NT 10.0; Win64; x64) AppleWebKit/537.36 (KHTML, like Gecko) Chrome/151.0.0.0 Safari/537.36"
2001:288:a23c:1:df6:d69e:49df:b6b - - [26/Aug/2026:14:22:53 +0800] "GET /wp-content/plugins/elementor/assets/js/frontend-modules.min.js HTTP/1.1" 200 19416 "https://www.wjjh.ilc.edu.tw/" "Mozilla/5.0 (Windows NT 10.0; Win64; x64) AppleWebKit/537.36 (KHTML, like Gecko) Chrome/151.0.0.0 Safari/537.36"
2001:288:a23c:1:df6:d69e:49df:b6b - - [26/Aug/2026:14:22:53 +0800] "GET /wp-includes/js/jquery/ui/core.min.js HTTP/1.1" 200 7986 "https://www.wjjh.ilc.edu.tw/" "Mozilla/5.0 (Windows NT 10.0; Win64; x64) AppleWebKit/537.36 (KHTML, like Gecko) Chrome/151.0.0.0 Safari/537.36"
2001:288:a23c:1:df6:d69e:49df:b6b - - [26/Aug/2026:14:22:53 +0800] "GET /wp-content/plugins/elementor/assets/js/frontend.min.js HTTP/1.1" 200 13169 "https://www.wjjh.ilc.edu.tw/" "Mozilla/5.0 (Windows NT 10.0; Win64; x64) AppleWebKit/537.36 (KHTML, like Gecko) Chrome/151.0.0.0 Safari/537.36"
2001:288:a23c:1:df6:d69e:49df:b6b - - [26/Aug/2026:14:22:53 +0800] "GET /wp-content/themes/hueman/assets/front/js/scripts.min.js HTTP/1.1" 200 22643 "https://www.wjjh.ilc.edu.tw/" "Mozilla/5.0 (Windows NT 10.0; Win64; x64) AppleWebKit/537.36 (KHTML, like Gecko) Chrome/151.0.0.0 Safari/537.36"
184.73.195.18 - - [26/Aug/2026:14:22:52 +0800] "GET /3513/2020/11/17/%E5%B9%B9%E9%83%A8%E8%A8%93%E7%B7%B4%E3%80%81%E5%BF%97%E5%B7%A5%E5%8F%8A%E6%95%B4%E6%BD%94%E8%A9%95%E5%88%86%E7%9B%B8%E9%97%9C%E8%B3%87%E8%A8%8A/ HTTP/1.1" 200 18694 "-" "Mozilla/5.0 AppleWebKit/537.36 (KHTML, like Gecko; compatible; Amazonbot/0.1; +https://developer.amazon.com/support/amazonbot) Chrome/119.0.6045.214 Safari/537.36"
2001:288:a201::66:125 - - [26/Aug/2026:14:22:53 +0800] "GET /blog/active.php HTTP/1.1" 301 1026 "-" "-"
2001:288:a201::66:125 - - [26/Aug/2026:14:22:53 +0800] "GET /blog/active.php HTTP/1.1" 404 1084 "-" "-"
2001:288:a23c:1:df6:d69e:49df:b6b - - [26/Aug/2026:14:22:53 +0800] "GET /wp-content/plugins/elementor/assets/lib/font-awesome/webfonts/fa-solid-900.woff2 HTTP/1.1" 200 79223 "https://www.wjjh.ilc.edu.tw/wp-content/cache/www.wjjh.ilc.edu.tw/wpfc-minified/6n0b7xth/hmh4p.css" "Mozilla/5.0 (Windows NT 10.0; Win64; x64) AppleWebKit/537.36 (KHTML, like Gecko) Chrome/151.0.0.0 Safari/537.36"
2001:288:a23c:1:df6:d69e:49df:b6b - - [26/Aug/2026:14:22:53 +0800] "GET /wp-content/uploads/sites/187/2025/06/%E4%BA%94%E7%B5%90%E5%9C%8B%E4%B8%AD%E6%A0%A1%E5%8F%B2%E6%95%B8%E4%BD%8D%E5%B1%95.jpg HTTP/1.1" 200 53953 "https://www.wjjh.ilc.edu.tw/" "Mozilla/5.0 (Windows NT 10.0; Win64; x64) AppleWebKit/537.36 (KHTML, like Gecko) Chrome/151.0.0.0 Safari/537.36"
2001:288:a23c:1:df6:d69e:49df:b6b - - [26/Aug/2026:14:22:53 +0800] "GET /wp-content/plugins/elementor/assets/lib/font-awesome/webfonts/fa-brands-400.woff2 HTTP/1.1" 200 82661 "https://www.wjjh.ilc.edu.tw/wp-content/cache/www.wjjh.ilc.edu.tw/wpfc-minified/6n0b7xth/hmh4p.css" "Mozilla/5.0 (Windows NT 10.0; Win64; x64) AppleWebKit/537.36 (KHTML, like Gecko) Chrome/151.0.0.0 Safari/537.36"
2001:288:a23c:1:df6:d69e:49df:b6b - - [26/Aug/2026:14:22:53 +0800] "GET /wp-content/uploads/sites/187/2025/06/%E6%88%90%E9%95%B7%E8%87%AA%E6%88%91-%E6%8E%A2%E7%B4%A2%E6%9C%AA%E4%BE%86-1.png HTTP/1.1" 200 1008231 "https://www.wjjh.ilc.edu.tw/" "Mozilla/5.0 (Windows NT 10.0; Win64; x64) AppleWebKit/537.36 (KHTML, like Gecko) Chrome/151.0.0.0 Safari/537.36"
2001:288:a23c:1:df6:d69e:49df:b6b - - [26/Aug/2026:14:22:53 +0800] "GET /wp-content/plugins/ml-slider/assets/sliders/nivoslider/themes/default/arrows.png HTTP/1.1" 200 1650 "https://www.wjjh.ilc.edu.tw/wp-content/cache/www.wjjh.ilc.edu.tw/wpfc-minified/f4mxje6w/hmh4p.css" "Mozilla/5.0 (Windows NT 10.0; Win64; x64) AppleWebKit/537.36 (KHTML, like Gecko) Chrome/151.0.0.0 Safari/537.36"
2001:288:a23c:1:df6:d69e:49df:b6b - - [26/Aug/2026:14:22:53 +0800] "GET /wp-content/plugins/ml-slider/assets/sliders/nivoslider/themes/default/bullets.png HTTP/1.1" 200 2108 "https://www.wjjh.ilc.edu.tw/wp-content/cache/www.wjjh.ilc.edu.tw/wpfc-minified/f4mxje6w/hmh4p.css" "Mozilla/5.0 (Windows NT 10.0; Win64; x64) AppleWebKit/537.36 (KHTML, like Gecko) Chrome/151.0.0.0 Safari/537.36"
2001:288:a23c:1:df6:d69e:49df:b6b - - [26/Aug/2026:14:22:53 +0800] "GET /wp-content/plugins/elementor/assets/js/text-editor.2c35aafbe5bf0e127950.bundle.min.js HTTP/1.1" 200 1545 "https://www.wjjh.ilc.edu.tw/" "Mozilla/5.0 (Windows NT 10.0; Win64; x64) AppleWebKit/537.36 (KHTML, like Gecko) Chrome/151.0.0.0 Safari/537.36"
2001:454e:c010:101::146 - - [26/Aug/2026:14:22:53 +0800] "GET / HTTP/1.1" 301 996 "-" "Mozilla/4.0 (compatible; MSIE 8.0; Windows NT 6.1)"
2001:454e:c010:101::146 - - [26/Aug/2026:14:22:53 +0800] "GET / HTTP/1.1" 301 996 "-" "Mozilla/4.0 (compatible; MSIE 8.0; Windows NT 6.1)"
2001:b011:7806:98aa:e46d:3bad:845e:18ff - - [26/Aug/2026:14:22:54 +0800] "-" 408 4801 "-" "-"
2001:b011:7806:98aa:e46d:3bad:845e:18ff - - [26/Aug/2026:14:22:54 +0800] "-" 408 4801 "-" "-"
2a03:2880:f802:3e:: - - [26/Aug/2026:14:22:53 +0800] "GET /25559/wp-json/wp/v2/categories/20 HTTP/1.1" 200 6737 "-" "Mozilla/5.0 (Windows NT 10.0; Win64; x64) AppleWebKit/537.36 (KHTML, like Gecko) Chrome/145.0.0.0 Safari/537.36 (compatible; meta-externalagent/1.1 (+https://developers.facebook.com/docs/sharing/webmasters/crawler))"
2001:b011:7806:98aa:e46d:3bad:845e:18ff - - [26/Aug/2026:14:22:54 +0800] "-" 408 4801 "-" "-"
57.141.2.20 - - [26/Aug/2026:14:22:54 +0800] "GET /kkes603/2022/10/ HTTP/1.1" 200 13784 "-" "Mozilla/5.0 (Macintosh; Intel Mac OS X 10.15; rv:147.0) Gecko/20100101 Firefox/147.0 (compatible; meta-externalagent/1.1 (+https://developers.facebook.com/docs/sharing/webmasters/crawler))"
66.249.79.164 - - [26/Aug/2026:14:22:54 +0800] "GET /wp-content/uploads/sites/233/1003/1003-3509311.jpg HTTP/1.1" 304 5569 "-" "Googlebot-Image/1.0"
::1 - - [26/Aug/2026:14:22:55 +0800] "OPTIONS * HTTP/1.0" 200 110 "-" "Apache/2.4.68 (Ubuntu) OpenSSL/3.0.19 (internal dummy connection)"
2001:288:a23c:1:df6:d69e:49df:b6b - - [26/Aug/2026:14:22:55 +0800] "GET /wp-content/themes/hueman/assets/front/img/opacity-10.png HTTP/1.1" 200 902 "https://www.wjjh.ilc.edu.tw/wp-content/cache/www.wjjh.ilc.edu.tw/wpfc-minified/6jf9r0k4/hmh4p.css" "Mozilla/5.0 (Windows NT 10.0; Win64; x64) AppleWebKit/537.36 (KHTML, like Gecko) Chrome/151.0.0.0 Safari/537.36"
140.111.67.10 - - [26/Aug/2026:14:22:55 +0800] "GET /" 301 273 "-" "-"
2a03:2880:f802:31:: - - [26/Aug/2026:14:22:55 +0800] "GET /17281/2020/05/11/ HTTP/1.1" 200 16040 "-" "Mozilla/5.0 (Windows NT 10.0; Win64; x64) AppleWebKit/537.36 (KHTML, like Gecko) Chrome/145.0.0.0 Safari/537.36 (compatible; meta-externalagent/1.1 (+https://developers.facebook.com/docs/sharing/webmasters/crawler))"
2001:288:a277:1:1914:cf13:2842:54e6 - - [26/Aug/2026:14:22:52 +0800] "GET /wp-admin/ HTTP/1.1" 200 47025 "https://www.utaes.ilc.edu.tw/" "Mozilla/5.0 (Windows NT 10.0; Win64; x64) AppleWebKit/537.36 (KHTML, like Gecko) Chrome/151.0.0.0 Safari/537.36 Edg/151.0.0.0"
2001:288:a277:1:1914:cf13:2842:54e6 - - [26/Aug/2026:14:22:56 +0800] "GET /wp-content/plugins/ocean-extra/assets/css/admin.min.css HTTP/1.1" 200 1233 "https://www.utaes.ilc.edu.tw/wp-admin/" "Mozilla/5.0 (Windows NT 10.0; Win64; x64) AppleWebKit/537.36 (KHTML, like Gecko) Chrome/151.0.0.0 Safari/537.36 Edg/151.0.0.0"
2001:288:a277:1:1914:cf13:2842:54e6 - - [26/Aug/2026:14:22:56 +0800] "GET /wp-content/plugins/wp-statistics/assets/css/jqvmap/jqvmap.min.css HTTP/1.1" 200 1500 "https://www.utaes.ilc.edu.tw/wp-admin/" "Mozilla/5.0 (Windows NT 10.0; Win64; x64) AppleWebKit/537.36 (KHTML, like Gecko) Chrome/151.0.0.0 Safari/537.36 Edg/151.0.0.0"
2001:288:a277:1:1914:cf13:2842:54e6 - - [26/Aug/2026:14:22:56 +0800] "GET /wp-content/plugins/wp-statistics/assets/css/datepicker/daterangepicker.css HTTP/1.1" 200 3154 "https://www.utaes.ilc.edu.tw/wp-admin/" "Mozilla/5.0 (Windows NT 10.0; Win64; x64) AppleWebKit/537.36 (KHTML, like Gecko) Chrome/151.0.0.0 Safari/537.36 Edg/151.0.0.0"
2001:288:a277:1:1914:cf13:2842:54e6 - - [26/Aug/2026:14:22:56 +0800] "GET /wp-content/plugins/wp-statistics/assets/css/datepicker/customize.css HTTP/1.1" 200 1115 "https://www.utaes.ilc.edu.tw/wp-admin/" "Mozilla/5.0 (Windows NT 10.0; Win64; x64) AppleWebKit/537.36 (KHTML, like Gecko) Chrome/151.0.0.0 Safari/537.36 Edg/151.0.0.0"
2001:288:a277:1:1914:cf13:2842:54e6 - - [26/Aug/2026:14:22:56 +0800] "GET /wp-content/plugins/admin-menu-editor-pro/js/admin-helpers.js HTTP/1.1" 200 2130 "https://www.utaes.ilc.edu.tw/wp-admin/" "Mozilla/5.0 (Windows NT 10.0; Win64; x64) AppleWebKit/537.36 (KHTML, like Gecko) Chrome/151.0.0.0 Safari/537.36 Edg/151.0.0.0"
2001:288:a277:1:1914:cf13:2842:54e6 - - [26/Aug/2026:14:22:56 +0800] "GET /wp-includes/js/dist/dom-ready.min.js HTTP/1.1" 200 1199 "https://www.utaes.ilc.edu.tw/wp-admin/" "Mozilla/5.0 (Windows NT 10.0; Win64; x64) AppleWebKit/537.36 (KHTML, like Gecko) Chrome/151.0.0.0 Safari/537.36 Edg/151.0.0.0"
2001:288:a277:1:1914:cf13:2842:54e6 - - [26/Aug/2026:14:22:56 +0800] "GET /wp-includes/js/dist/a11y.min.js HTTP/1.1" 200 1829 "https://www.utaes.ilc.edu.tw/wp-admin/" "Mozilla/5.0 (Windows NT 10.0; Win64; x64) AppleWebKit/537.36 (KHTML, like Gecko) Chrome/151.0.0.0 Safari/537.36 Edg/151.0.0.0"
2001:288:a277:1:1914:cf13:2842:54e6 - - [26/Aug/2026:14:22:56 +0800] "GET /wp-admin/load-scripts.php?c=1&load%5Bchunk_0%5D=jquery-core,jquery-migrate,utils,wp-hooks&ver=6.6.7 HTTP/1.1" 200 37408 "https://www.utaes.ilc.edu.tw/wp-admin/" "Mozilla/5.0 (Windows NT 10.0; Win64; x64) AppleWebKit/537.36 (KHTML, like Gecko) Chrome/151.0.0.0 Safari/537.36 Edg/151.0.0.0"
2001:288:a277:1:1914:cf13:2842:54e6 - - [26/Aug/2026:14:22:56 +0800] "GET /wp-includes/js/dist/deprecated.min.js HTTP/1.1" 200 1325 "https://www.utaes.ilc.edu.tw/wp-admin/" "Mozilla/5.0 (Windows NT 10.0; Win64; x64) AppleWebKit/537.36 (KHTML, like Gecko) Chrome/151.0.0.0 Safari/537.36 Edg/151.0.0.0"
2001:288:a277:1:1914:cf13:2842:54e6 - - [26/Aug/2026:14:22:56 +0800] "GET /wp-includes/js/dist/vendor/moment.min.js HTTP/1.1" 200 19514 "https://www.utaes.ilc.edu.tw/wp-admin/" "Mozilla/5.0 (Windows NT 10.0; Win64; x64) AppleWebKit/537.36 (KHTML, like Gecko) Chrome/151.0.0.0 Safari/537.36 Edg/151.0.0.0"
2001:288:a277:1:1914:cf13:2842:54e6 - - [26/Aug/2026:14:22:56 +0800] "GET /wp-content/plugins/limit-login-attempts-reloaded/assets/css/fonts/stylesheet.css HTTP/1.1" 200 1213 "https://www.utaes.ilc.edu.tw/wp-content/plugins/limit-login-attempts-reloaded/assets/css/limit-login-attempts.css" "Mozilla/5.0 (Windows NT 10.0; Win64; x64) AppleWebKit/537.36 (KHTML, like Gecko) Chrome/151.0.0.0 Safari/537.36 Edg/151.0.0.0"
2001:288:a277:1:1914:cf13:2842:54e6 - - [26/Aug/2026:14:22:56 +0800] "GET /wp-includes/js/dist/url.min.js HTTP/1.1" 200 4615 "https://www.utaes.ilc.edu.tw/wp-admin/" "Mozilla/5.0 (Windows NT 10.0; Win64; x64) AppleWebKit/537.36 (KHTML, like Gecko) Chrome/151.0.0.0 Safari/537.36 Edg/151.0.0.0"
2001:288:a277:1:1914:cf13:2842:54e6 - - [26/Aug/2026:14:22:56 +0800] "GET /wp-includes/js/dist/date.min.js HTTP/1.1" 200 44608 "https://www.utaes.ilc.edu.tw/wp-admin/" "Mozilla/5.0 (Windows NT 10.0; Win64; x64) AppleWebKit/537.36 (KHTML, like Gecko) Chrome/151.0.0.0 Safari/537.36 Edg/151.0.0.0"
2001:288:a277:1:1914:cf13:2842:54e6 - - [26/Aug/2026:14:22:56 +0800] "GET /wp-includes/js/dist/api-fetch.min.js HTTP/1.1" 200 3212 "https://www.utaes.ilc.edu.tw/wp-admin/" "Mozilla/5.0 (Windows NT 10.0; Win64; x64) AppleWebKit/537.36 (KHTML, like Gecko) Chrome/151.0.0.0 Safari/537.36 Edg/151.0.0.0"
2001:288:a277:1:1914:cf13:2842:54e6 - - [26/Aug/2026:14:22:56 +0800] "GET /wp-includes/js/dist/vendor/react-jsx-runtime.min.js HTTP/1.1" 200 1431 "https://www.utaes.ilc.edu.tw/wp-admin/" "Mozilla/5.0 (Windows NT 10.0; Win64; x64) AppleWebKit/537.36 (KHTML, like Gecko) Chrome/151.0.0.0 Safari/537.36 Edg/151.0.0.0"
2001:288:a277:1:1914:cf13:2842:54e6 - - [26/Aug/2026:14:22:56 +0800] "GET /wp-content/plugins/wp-statistics/assets/css/plugin/tooltipster.bundle.css HTTP/1.1" 200 2837 "https://www.utaes.ilc.edu.tw/wp-content/plugins/wp-statistics/assets/css/admin.min.css" "Mozilla/5.0 (Windows NT 10.0; Win64; x64) AppleWebKit/537.36 (KHTML, like Gecko) Chrome/151.0.0.0 Safari/537.36 Edg/151.0.0.0"
2001:288:a277:1:1914:cf13:2842:54e6 - - [26/Aug/2026:14:22:56 +0800] "GET /wp-includes/js/dist/dom.min.js HTTP/1.1" 200 5570 "https://www.utaes.ilc.edu.tw/wp-admin/" "Mozilla/5.0 (Windows NT 10.0; Win64; x64) AppleWebKit/537.36 (KHTML, like Gecko) Chrome/151.0.0.0 Safari/537.36 Edg/151.0.0.0"
2001:288:a277:1:1914:cf13:2842:54e6 - - [26/Aug/2026:14:22:56 +0800] "GET /wp-includes/js/dist/escape-html.min.js HTTP/1.1" 200 1411 "https://www.utaes.ilc.edu.tw/wp-admin/" "Mozilla/5.0 (Windows NT 10.0; Win64; x64) AppleWebKit/537.36 (KHTML, like Gecko) Chrome/151.0.0.0 Safari/537.36 Edg/151.0.0.0"
2001:288:a277:1:1914:cf13:2842:54e6 - - [26/Aug/2026:14:22:56 +0800] "GET /wp-includes/js/dist/element.min.js HTTP/1.1" 200 5839 "https://www.utaes.ilc.edu.tw/wp-admin/" "Mozilla/5.0 (Windows NT 10.0; Win64; x64) AppleWebKit/537.36 (KHTML, like Gecko) Chrome/151.0.0.0 Safari/537.36 Edg/151.0.0.0"
2001:288:a277:1:1914:cf13:2842:54e6 - - [26/Aug/2026:14:22:56 +0800] "GET /wp-includes/js/dist/is-shallow-equal.min.js HTTP/1.1" 200 1399 "https://www.utaes.ilc.edu.tw/wp-admin/" "Mozilla/5.0 (Windows NT 10.0; Win64; x64) AppleWebKit/537.36 (KHTML, like Gecko) Chrome/151.0.0.0 Safari/537.36 Edg/151.0.0.0"
2001:288:a277:1:1914:cf13:2842:54e6 - - [26/Aug/2026:14:22:56 +0800] "GET /wp-includes/js/dist/keycodes.min.js HTTP/1.1" 200 2271 "https://www.utaes.ilc.edu.tw/wp-admin/" "Mozilla/5.0 (Windows NT 10.0; Win64; x64) AppleWebKit/537.36 (KHTML, like Gecko) Chrome/151.0.0.0 Safari/537.36 Edg/151.0.0.0"
2001:288:a277:1:1914:cf13:2842:54e6 - - [26/Aug/2026:14:22:56 +0800] "GET /wp-includes/js/dist/priority-queue.min.js HTTP/1.1" 200 2405 "https://www.utaes.ilc.edu.tw/wp-admin/" "Mozilla/5.0 (Windows NT 10.0; Win64; x64) AppleWebKit/537.36 (KHTML, like Gecko) Chrome/151.0.0.0 Safari/537.36 Edg/151.0.0.0"
