2001:b400:e296:4d99:611a:9d69:a300:2d30 - - [26/Aug/2026:14:29:38 +0800] "GET /wp-content/themes/oceanwp/assets/js/ow-lightbox.min.js HTTP/1.1" 200 2321 "https://www.cwjh.ilc.edu.tw/category/c-8591/c-59237/" "Mozilla/5.0 (iPhone; CPU iPhone OS 26_1_0 like Mac OS X) AppleWebKit/605.1.15 (KHTML, like Gecko) GSA/424.4.924152415 Mobile/15E148 Safari/604.1"
2001:b400:e296:4d99:611a:9d69:a300:2d30 - - [26/Aug/2026:14:29:38 +0800] "GET /wp-content/themes/oceanwp/assets/js/vendors/magnific-popup.min.js HTTP/1.1" 200 8270 "https://www.cwjh.ilc.edu.tw/category/c-8591/c-59237/" "Mozilla/5.0 (iPhone; CPU iPhone OS 26_1_0 like Mac OS X) AppleWebKit/605.1.15 (KHTML, like Gecko) GSA/424.4.924152415 Mobile/15E148 Safari/604.1"
2001:b400:e296:4d99:611a:9d69:a300:2d30 - - [26/Aug/2026:14:29:38 +0800] "GET /wp-content/themes/oceanwp/assets/js/drop-down-search.min.js HTTP/1.1" 200 2968 "https://www.cwjh.ilc.edu.tw/category/c-8591/c-59237/" "Mozilla/5.0 (iPhone; CPU iPhone OS 26_1_0 like Mac OS X) AppleWebKit/605.1.15 (KHTML, like Gecko) GSA/424.4.924152415 Mobile/15E148 Safari/604.1"
2001:b400:e296:4d99:611a:9d69:a300:2d30 - - [26/Aug/2026:14:29:38 +0800] "GET /wp-content/themes/oceanwp/assets/js/vendors/flickity.pkgd.min.js HTTP/1.1" 200 15048 "https://www.cwjh.ilc.edu.tw/category/c-8591/c-59237/" "Mozilla/5.0 (iPhone; CPU iPhone OS 26_1_0 like Mac OS X) AppleWebKit/605.1.15 (KHTML, like Gecko) GSA/424.4.924152415 Mobile/15E148 Safari/604.1"
2001:b400:e296:4d99:611a:9d69:a300:2d30 - - [26/Aug/2026:14:29:38 +0800] "GET /wp-content/themes/oceanwp/assets/js/ow-slider.min.js HTTP/1.1" 200 1761 "https://www.cwjh.ilc.edu.tw/category/c-8591/c-59237/" "Mozilla/5.0 (iPhone; CPU iPhone OS 26_1_0 like Mac OS X) AppleWebKit/605.1.15 (KHTML, like Gecko) GSA/424.4.924152415 Mobile/15E148 Safari/604.1"
2001:b400:e296:4d99:611a:9d69:a300:2d30 - - [26/Aug/2026:14:29:38 +0800] "GET /wp-content/themes/oceanwp/assets/js/scroll-effect.min.js HTTP/1.1" 200 4127 "https://www.cwjh.ilc.edu.tw/category/c-8591/c-59237/" "Mozilla/5.0 (iPhone; CPU iPhone OS 26_1_0 like Mac OS X) AppleWebKit/605.1.15 (KHTML, like Gecko) GSA/424.4.924152415 Mobile/15E148 Safari/604.1"
2001:b400:e296:4d99:611a:9d69:a300:2d30 - - [26/Aug/2026:14:29:38 +0800] "GET /wp-content/themes/oceanwp/assets/js/scroll-top.min.js HTTP/1.1" 200 3202 "https://www.cwjh.ilc.edu.tw/category/c-8591/c-59237/" "Mozilla/5.0 (iPhone; CPU iPhone OS 26_1_0 like Mac OS X) AppleWebKit/605.1.15 (KHTML, like Gecko) GSA/424.4.924152415 Mobile/15E148 Safari/604.1"
2001:b400:e296:4d99:611a:9d69:a300:2d30 - - [26/Aug/2026:14:29:38 +0800] "GET /wp-content/plugins/ocean-extra/includes/widgets/js/flickr.min.js HTTP/1.1" 200 1319 "https://www.cwjh.ilc.edu.tw/category/c-8591/c-59237/" "Mozilla/5.0 (iPhone; CPU iPhone OS 26_1_0 like Mac OS X) AppleWebKit/605.1.15 (KHTML, like Gecko) GSA/424.4.924152415 Mobile/15E148 Safari/604.1"
2001:b400:e296:4d99:611a:9d69:a300:2d30 - - [26/Aug/2026:14:29:38 +0800] "GET /wp-content/themes/oceanwp/assets/js/select.min.js HTTP/1.1" 200 2408 "https://www.cwjh.ilc.edu.tw/category/c-8591/c-59237/" "Mozilla/5.0 (iPhone; CPU iPhone OS 26_1_0 like Mac OS X) AppleWebKit/605.1.15 (KHTML, like Gecko) GSA/424.4.924152415 Mobile/15E148 Safari/604.1"
2001:b400:e296:4d99:611a:9d69:a300:2d30 - - [26/Aug/2026:14:29:38 +0800] "GET /wp-content/themes/oceanwp/assets/fonts/fontawesome/webfonts/fa-solid-900.woff2 HTTP/1.1" 200 151246 "https://www.cwjh.ilc.edu.tw/category/c-8591/c-59237/" "Mozilla/5.0 (iPhone; CPU iPhone OS 26_1_0 like Mac OS X) AppleWebKit/605.1.15 (KHTML, like Gecko) GSA/424.4.924152415 Mobile/15E148 Safari/604.1"
2001:b400:e296:4d99:611a:9d69:a300:2d30 - - [26/Aug/2026:14:29:38 +0800] "GET /wp-content/themes/oceanwp/assets/fonts/simple-line-icons/Simple-Line-Icons.woff2?v=2.4.0 HTTP/1.1" 200 30959 "https://www.cwjh.ilc.edu.tw/category/c-8591/c-59237/" "Mozilla/5.0 (iPhone; CPU iPhone OS 26_1_0 like Mac OS X) AppleWebKit/605.1.15 (KHTML, like Gecko) GSA/424.4.924152415 Mobile/15E148 Safari/604.1"
2001:b400:e296:4d99:611a:9d69:a300:2d30 - - [26/Aug/2026:14:29:38 +0800] "GET /wp-content/themes/oceanwp/assets/fonts/fontawesome/webfonts/fa-regular-400.woff2 HTTP/1.1" 200 25383 "https://www.cwjh.ilc.edu.tw/category/c-8591/c-59237/" "Mozilla/5.0 (iPhone; CPU iPhone OS 26_1_0 like Mac OS X) AppleWebKit/605.1.15 (KHTML, like Gecko) GSA/424.4.924152415 Mobile/15E148 Safari/604.1"
2001:b400:e296:4d99:611a:9d69:a300:2d30 - - [26/Aug/2026:14:29:38 +0800] "GET /wp-content/uploads/sites/1364/2019/10/cropped-21502-3467847-1.png HTTP/1.1" 200 1491354 "https://www.cwjh.ilc.edu.tw/category/c-8591/c-59237/" "Mozilla/5.0 (iPhone; CPU iPhone OS 26_1_0 like Mac OS X) AppleWebKit/605.1.15 (KHTML, like Gecko) GSA/424.4.924152415 Mobile/15E148 Safari/604.1"
2a03:2880:f802:27:: - - [26/Aug/2026:14:29:38 +0800] "GET /16811/2014/11/page/3/ HTTP/1.1" 200 41084 "-" "Mozilla/5.0 (Macintosh; Intel Mac OS X 10_15_7) AppleWebKit/537.36 (KHTML, like Gecko) Chrome/145.0.0.0 Safari/537.36 (compatible; meta-externalagent/1.1 (+https://developers.facebook.com/docs/sharing/webmasters/crawler))"
2a03:2880:f802:32:: - - [26/Aug/2026:14:29:39 +0800] "GET /1990/2022/06/ HTTP/1.1" 200 15144 "-" "Mozilla/5.0 (Macintosh; Intel Mac OS X 10_15_7) AppleWebKit/537.36 (KHTML, like Gecko) Chrome/145.0.0.0 Safari/537.36 (compatible; meta-externalagent/1.1 (+https://developers.facebook.com/docs/sharing/webmasters/crawler))"
140.128.162.86 - - [26/Aug/2026:14:29:39 +0800] "GET /lunch/category/%e7%87%9f%e9%a4%8a%e6%95%99%e8%82%b2/ HTTP/1.1" 200 30599 "https://2blog.ilc.edu.tw/lunch/" "Mozilla/5.0 (Windows NT 10.0; Win64; x64) AppleWebKit/537.36 (KHTML, like Gecko) Chrome/151.0.0.0 Safari/537.36"
140.111.67.10 - - [26/Aug/2026:14:29:40 +0800] "GET /" 301 273 "-" "-"
::1 - - [26/Aug/2026:14:29:41 +0800] "OPTIONS * HTTP/1.0" 200 110 "-" "Apache/2.4.68 (Ubuntu) OpenSSL/3.0.19 (internal dummy connection)"
140.111.67.195 - - [26/Aug/2026:14:29:41 +0800] "GET /wp-admin/admin-post.php?action=steps_ad HTTP/1.1" 200 1973 "-" "node-fetch/1.0 (+https://github.com/bitinn/node-fetch)"
2001:b400:e296:4d99:611a:9d69:a300:2d30 - - [26/Aug/2026:14:29:41 +0800] "GET /2024/10/16/113%e5%ad%b8%e5%b9%b4%e5%ba%a6%e5%a3%af%e5%9c%8d%e5%9c%8b%e4%b8%ad%e5%90%84%e9%a0%98%e5%9f%9f%e6%95%99%e5%b8%ab%e5%90%8d%e5%96%ae/ HTTP/1.1" 200 29190 "https://www.cwjh.ilc.edu.tw/category/c-8591/c-59237/" "Mozilla/5.0 (iPhone; CPU iPhone OS 26_1_0 like Mac OS X) AppleWebKit/605.1.15 (KHTML, like Gecko) GSA/424.4.924152415 Mobile/15E148 Safari/604.1"
2001:b400:e296:4d99:611a:9d69:a300:2d30 - - [26/Aug/2026:14:29:41 +0800] "GET /wp-content/cache/www.cwjh.ilc.edu.tw/wpfc-minified/ky24g1hk/7m68.js HTTP/1.1" 200 6441 "https://www.cwjh.ilc.edu.tw/2024/10/16/113%e5%ad%b8%e5%b9%b4%e5%ba%a6%e5%a3%af%e5%9c%8d%e5%9c%8b%e4%b8%ad%e5%90%84%e9%a0%98%e5%9f%9f%e6%95%99%e5%b8%ab%e5%90%8d%e5%96%ae/" "Mozilla/5.0 (iPhone; CPU iPhone OS 26_1_0 like Mac OS X) AppleWebKit/605.1.15 (KHTML, like Gecko) GSA/424.4.924152415 Mobile/15E148 Safari/604.1"
2001:b400:e296:4d99:611a:9d69:a300:2d30 - - [26/Aug/2026:14:29:41 +0800] "GET /wp-content/uploads/sites/1364/2020/02/Animated-Gif-New-1.gif HTTP/1.1" 200 3399 "https://www.cwjh.ilc.edu.tw/2024/10/16/113%e5%ad%b8%e5%b9%b4%e5%ba%a6%e5%a3%af%e5%9c%8d%e5%9c%8b%e4%b8%ad%e5%90%84%e9%a0%98%e5%9f%9f%e6%95%99%e5%b8%ab%e5%90%8d%e5%96%ae/" "Mozilla/5.0 (iPhone; CPU iPhone OS 26_1_0 like Mac OS X) AppleWebKit/605.1.15 (KHTML, like Gecko) GSA/424.4.924152415 Mobile/15E148 Safari/604.1"
2001:b400:e296:4d99:611a:9d69:a300:2d30 - - [26/Aug/2026:14:29:41 +0800] "GET /wp-content/uploads/sites/1364/2026/07/ChatGPT-Image-2026%E5%B9%B47%E6%9C%882%E6%97%A5-%E4%B8%8A%E5%8D%8811_24_32-1024x576.png HTTP/1.1" 200 1071950 "https://www.cwjh.ilc.edu.tw/2024/10/16/113%e5%ad%b8%e5%b9%b4%e5%ba%a6%e5%a3%af%e5%9c%8d%e5%9c%8b%e4%b8%ad%e5%90%84%e9%a0%98%e5%9f%9f%e6%95%99%e5%b8%ab%e5%90%8d%e5%96%ae/" "Mozilla/5.0 (iPhone; CPU iPhone OS 26_1_0 like Mac OS X) AppleWebKit/605.1.15 (KHTML, like Gecko) GSA/424.4.924152415 Mobile/15E148 Safari/604.1"
2001:b400:e296:4d99:611a:9d69:a300:2d30 - - [26/Aug/2026:14:29:41 +0800] "GET /wp-content/uploads/sites/1364/2025/11/376420000A_1140189696_ATTACH1.png HTTP/1.1" 200 23239 "https://www.cwjh.ilc.edu.tw/2024/10/16/113%e5%ad%b8%e5%b9%b4%e5%ba%a6%e5%a3%af%e5%9c%8d%e5%9c%8b%e4%b8%ad%e5%90%84%e9%a0%98%e5%9f%9f%e6%95%99%e5%b8%ab%e5%90%8d%e5%96%ae/" "Mozilla/5.0 (iPhone; CPU iPhone OS 26_1_0 like Mac OS X) AppleWebKit/605.1.15 (KHTML, like Gecko) GSA/424.4.924152415 Mobile/15E148 Safari/604.1"
2a03:2880:f802:42:: - - [26/Aug/2026:14:29:41 +0800] "GET /2026/08/17/%e6%95%b8%e5%ad%b8%e9%a0%98%e5%9f%9f/ HTTP/1.1" 200 26847 "-" "Mozilla/5.0 (Windows NT 10.0; Win64; x64) AppleWebKit/537.36 (KHTML, like Gecko) Chrome/145.0.0.0 Safari/537.36 (compatible; meta-externalagent/1.1 (+https://developers.facebook.com/docs/sharing/webmasters/crawler))"
2001:288:a201::66:125 - - [26/Aug/2026:14:29:43 +0800] "GET /blog/active.php HTTP/1.1" 301 1026 "-" "-"
2001:288:a201::66:125 - - [26/Aug/2026:14:29:43 +0800] "GET /blog/active.php HTTP/1.1" 404 1084 "-" "-"
2001:4860:7:b10::fc - - [26/Aug/2026:14:29:43 +0800] "GET /11463/ HTTP/1.1" 200 27526 "https://www.google.com/" "Mozilla/5.0 (Windows NT 10.0; Win64; x64) AppleWebKit/537.36 (KHTML, like Gecko) Chrome/151.0.0.0 Safari/537.36"
2001:b400:e296:4d99:611a:9d69:a300:2d30 - - [26/Aug/2026:14:29:41 +0800] "POST /wp-json/ilc-summary/v1/popular-posts HTTP/1.1" 201 5916 "https://www.cwjh.ilc.edu.tw/2024/10/16/113%e5%ad%b8%e5%b9%b4%e5%ba%a6%e5%a3%af%e5%9c%8d%e5%9c%8b%e4%b8%ad%e5%90%84%e9%a0%98%e5%9f%9f%e6%95%99%e5%b8%ab%e5%90%8d%e5%96%ae/" "Mozilla/5.0 (iPhone; CPU iPhone OS 26_1_0 like Mac OS X) AppleWebKit/605.1.15 (KHTML, like Gecko) GSA/424.4.924152415 Mobile/15E148 Safari/604.1"
::1 - - [26/Aug/2026:14:29:44 +0800] "OPTIONS * HTTP/1.0" 200 110 "-" "Apache/2.4.68 (Ubuntu) OpenSSL/3.0.19 (internal dummy connection)"
::1 - - [26/Aug/2026:14:29:45 +0800] "OPTIONS * HTTP/1.0" 200 110 "-" "Apache/2.4.68 (Ubuntu) OpenSSL/3.0.19 (internal dummy connection)"
2a03:2880:f802:f:: - - [26/Aug/2026:14:29:43 +0800] "GET /32745/2026/01/01/%e9%a3%9f%e8%a2%82%e8%91%97%e7%a1%9e%e7%a1%9e%e7%b6%b4%e9%a3%9f%e8%91%97%e5%ab%8c%e6%bc%9a%e8%b2%a8/ HTTP/1.1" 200 92302 "-" "Mozilla/5.0 (Windows NT 10.0; Win64; x64) AppleWebKit/537.36 (KHTML, like Gecko) Chrome/145.0.0.0 Safari/537.36 (compatible; meta-externalagent/1.1 (+https://developers.facebook.com/docs/sharing/webmasters/crawler))"
140.111.67.10 - - [26/Aug/2026:14:29:45 +0800] "GET /" 301 273 "-" "-"
::1 - - [26/Aug/2026:14:29:46 +0800] "OPTIONS * HTTP/1.0" 200 110 "-" "Apache/2.4.68 (Ubuntu) OpenSSL/3.0.19 (internal dummy connection)"
57.141.2.4 - - [26/Aug/2026:14:29:46 +0800] "GET /yleerc/2026/03/13/ HTTP/1.1" 200 21030 "-" "Mozilla/5.0 (Windows NT 10.0; Win64; x64) AppleWebKit/537.36 (KHTML, like Gecko) Chrome/145.0.0.0 Safari/537.36 Edg/145.0.0.0 (compatible; meta-externalagent/1.1 (+https://developers.facebook.com/docs/sharing/webmasters/crawler))"
34.10.180.98 - - [26/Aug/2026:14:29:46 +0800] "GET /amy6998/wp-json/oembed/1.0/embed?url=https://2blog.ilc.edu.tw/amy6998/2025/01/08/114%25e5%25b9%25b41%25e6%259c%25886%25e6%2597%25a5%25e7%25a5%259d%25e5%25ae%25b6%25e8%25b1%25aa%25e7%2594%259f%25e6%2597%25a5%25e5%25bf%25ab%25e6%25a8%2582/ HTTP/1.1" 200 8424 "-" "Mozilla/5.0 (Macintosh; Intel Mac OS X 10_15_7) AppleWebKit/537.36 (KHTML, like Gecko) Chrome/120.0.0.0 Safari/537.36"
34.171.68.95 - - [26/Aug/2026:14:29:46 +0800] "GET /7986/?p=294 HTTP/1.1" 301 5713 "-" "Mozilla/5.0 (Macintosh; Intel Mac OS X 10_15_7) AppleWebKit/537.36 (KHTML, like Gecko) Chrome/120.0.0.0 Safari/537.36"
100.30.224.240 - - [26/Aug/2026:14:29:47 +0800] "GET /feed/ HTTP/1.1" 200 9298 "https://www.google.com/" "Mozilla/5.0 (Windows NT 10.0; Win64; x64) AppleWebKit/537.36 (KHTML, like Gecko) Chrome/70.0.3538.102 Safari/537.36 Edge/18.18363"
2001:288:a201::66:125 - - [26/Aug/2026:14:29:48 +0800] "GET /blog/active.php HTTP/1.1" 301 1026 "-" "-"
2001:288:a201::66:125 - - [26/Aug/2026:14:29:48 +0800] "GET /blog/active.php HTTP/1.1" 404 5511 "-" "-"
2a03:2880:f802:: - - [26/Aug/2026:14:29:48 +0800] "GET /28926/wp-content/uploads/sites/3002/2025/12/\xe5\x8d\x97\xe6\xbe\xb3\xe5\x8d\x80\xe9\x99\x84\xe5\xb9\xbc11411\xe8\x8f\x9c\xe5\x96\xae\xe6\x98\x8e\xe7\xb4\xb0\xe8\xa1\xa8\xe5\x85\xac\xe5\x91\x8a.xls HTTP/1.1" 200 80694 "-" "Mozilla/5.0 (Windows NT 10.0; Win64; x64) AppleWebKit/537.36 (KHTML, like Gecko) Chrome/145.0.0.0 Safari/537.36 (compatible; meta-externalagent/1.1 (+https://developers.facebook.com/docs/sharing/webmasters/crawler))"
136.119.35.120 - - [26/Aug/2026:14:29:49 +0800] "GET /qles110080101/?p=68 HTTP/1.1" 301 5738 "-" "Mozilla/5.0 (Macintosh; Intel Mac OS X 10_15_7) AppleWebKit/537.36 (KHTML, like Gecko) Chrome/120.0.0.0 Safari/537.36"
98.83.8.142 - - [26/Aug/2026:14:29:49 +0800] "GET /2016/08/04/%E6%98%A5%E7%AF%80%E9%96%8B%E6%94%BE%E6%99%82%E9%96%93/embed/ HTTP/1.1" 200 12445 "-" "Mozilla/5.0 AppleWebKit/537.36 (KHTML, like Gecko; compatible; Amazonbot/0.1; +https://developer.amazon.com/support/amazonbot) Chrome/119.0.6045.214 Safari/537.36"
66.249.79.233 - - [26/Aug/2026:14:29:50 +0800] "GET /blog/resserver.php?blogId=186&resource=13471-43.jpg HTTP/1.1" 301 1139 "-" "GoogleOther-Image/1.0"
18.219.3.112 - - [26/Aug/2026:14:29:50 +0800] "GET /?rest_route=/batch/v1 HTTP/1.1" 404 6079 "-" "Mozilla/5.0 (Windows NT 10.0; Win64; x64) AppleWebKit/537.36 (KHTML, like Gecko) Chrome/126.0.0.0 Safari/537.36"
57.141.2.75 - - [26/Aug/2026:14:29:50 +0800] "GET /5026/2021/02/24/ HTTP/1.1" 200 13874 "-" "Mozilla/5.0 (Windows NT 10.0; Win64; x64) AppleWebKit/537.36 (KHTML, like Gecko) Chrome/145.0.0.0 Safari/537.36 (compatible; meta-externalagent/1.1 (+https://developers.facebook.com/docs/sharing/webmasters/crawler))"
140.111.67.10 - - [26/Aug/2026:14:29:50 +0800] "GET /" 301 273 "-" "-"
18.214.124.6 - - [26/Aug/2026:14:29:50 +0800] "GET /index.php?format=xml&rest_route=/oembed/1.0/embed&url=https://www.ltjh.ilc.edu.tw/?p%3D1333 HTTP/1.1" 200 7277 "-" "Mozilla/5.0 AppleWebKit/537.36 (KHTML, like Gecko; compatible; Amazonbot/0.1; +https://developer.amazon.com/support/amazonbot) Chrome/119.0.6045.214 Safari/537.36"
44.223.115.10 - - [26/Aug/2026:14:29:51 +0800] "GET /blog/blog/6513/post/22133/446899 HTTP/1.1" 301 1060 "-" "Mozilla/5.0 AppleWebKit/537.36 (KHTML, like Gecko; compatible; Amazonbot/0.1; +https://developer.amazon.com/support/amazonbot) Chrome/119.0.6045.214 Safari/537.36"
140.128.162.86 - - [26/Aug/2026:14:29:51 +0800] "GET /lunch/wp-content/uploads/sites/1315/2025/08/1140813-01-%E5%AD%B8%E6%A0%A1%E5%8D%88%E9%A4%90%E6%A8%99%E6%BA%96%E4%BD%9C%E6%A5%AD%E6%B5%81%E7%A8%8B-1.pdf HTTP/1.1" 200 3003477 "https://2blog.ilc.edu.tw/lunch/category/%e7%87%9f%e9%a4%8a%e6%95%99%e8%82%b2/" "Mozilla/5.0 (Windows NT 10.0; Win64; x64) AppleWebKit/537.36 (KHTML, like Gecko) Chrome/151.0.0.0 Safari/537.36"
100.28.133.214 - - [26/Aug/2026:14:29:50 +0800] "GET /wp-json/wp/v2/users/138 HTTP/1.1" 200 6618 "-" "Mozilla/5.0 AppleWebKit/537.36 (KHTML, like Gecko; compatible; Amazonbot/0.1; +https://developer.amazon.com/support/amazonbot) Chrome/119.0.6045.214 Safari/537.36"
2a03:2880:f802:3b:: - - [26/Aug/2026:14:29:51 +0800] "GET /6426/author/huey8796/ HTTP/1.1" 200 17134 "-" "Mozilla/5.0 (Windows NT 10.0; Win64; x64) AppleWebKit/537.36 (KHTML, like Gecko) Chrome/145.0.0.0 Safari/537.36 (compatible; meta-externalagent/1.1 (+https://developers.facebook.com/docs/sharing/webmasters/crawler))"
2a03:2880:f802:4:: - - [26/Aug/2026:14:29:51 +0800] "GET /InterActive/Article/Detail.asp?ID=21708 HTTP/1.1" 404 90807 "-" "Mozilla/5.0 (Macintosh; Intel Mac OS X 10_15_7) AppleWebKit/537.36 (KHTML, like Gecko) Chrome/145.0.0.0 Safari/537.36 (compatible; meta-externalagent/1.1 (+https://developers.facebook.com/docs/sharing/webmasters/crawler))"
114.24.248.200 - - [26/Aug/2026:14:29:52 +0800] "GET / HTTP/1.1" 200 22438 "https://www.google.com/" "Mozilla/5.0 (iPhone; CPU iPhone OS 18_7 like Mac OS X) AppleWebKit/605.1.15 (KHTML, like Gecko) Version/26.6 Mobile/15E148 Safari/604.1"
114.24.248.200 - - [26/Aug/2026:14:29:52 +0800] "GET /wp-content/cache/www.waldorf.ilc.edu.tw/wpfc-minified/jpr50rx6/6xg3.css HTTP/1.1" 200 1157 "https://www.waldorf.ilc.edu.tw/" "Mozilla/5.0 (iPhone; CPU iPhone OS 18_7 like Mac OS X) AppleWebKit/605.1.15 (KHTML, like Gecko) Version/26.6 Mobile/15E148 Safari/604.1"
114.24.248.200 - - [26/Aug/2026:14:29:52 +0800] "GET /wp-content/cache/www.waldorf.ilc.edu.tw/wpfc-minified/ff80h2zh/6xg3.css HTTP/1.1" 200 45695 "https://www.waldorf.ilc.edu.tw/" "Mozilla/5.0 (iPhone; CPU iPhone OS 18_7 like Mac OS X) AppleWebKit/605.1.15 (KHTML, like Gecko) Version/26.6 Mobile/15E148 Safari/604.1"
114.24.248.200 - - [26/Aug/2026:14:29:52 +0800] "GET /wp-content/uploads/sites/1517/elementor/css/post-1413.css HTTP/1.1" 200 2011 "https://www.waldorf.ilc.edu.tw/" "Mozilla/5.0 (iPhone; CPU iPhone OS 18_7 like Mac OS X) AppleWebKit/605.1.15 (KHTML, like Gecko) Version/26.6 Mobile/15E148 Safari/604.1"
114.24.248.200 - - [26/Aug/2026:14:29:52 +0800] "GET /wp-content/cache/www.waldorf.ilc.edu.tw/wpfc-minified/3pjp17l/6xg3.css HTTP/1.1" 200 13906 "https://www.waldorf.ilc.edu.tw/" "Mozilla/5.0 (iPhone; CPU iPhone OS 18_7 like Mac OS X) AppleWebKit/605.1.15 (KHTML, like Gecko) Version/26.6 Mobile/15E148 Safari/604.1"
114.24.248.200 - - [26/Aug/2026:14:29:52 +0800] "GET /wp-content/cache/www.waldorf.ilc.edu.tw/wpfc-minified/kl1hde1y/6xg3.js HTTP/1.1" 200 35563 "https://www.waldorf.ilc.edu.tw/" "Mozilla/5.0 (iPhone; CPU iPhone OS 18_7 like Mac OS X) AppleWebKit/605.1.15 (KHTML, like Gecko) Version/26.6 Mobile/15E148 Safari/604.1"
114.24.248.200 - - [26/Aug/2026:14:29:52 +0800] "GET /wp-content/themes/hueman/assets/front/webfonts/fa-brands-400.woff2?v=5.15.2 HTTP/1.1" 200 79499 "https://www.waldorf.ilc.edu.tw/" "Mozilla/5.0 (iPhone; CPU iPhone OS 18_7 like Mac OS X) AppleWebKit/605.1.15 (KHTML, like Gecko) Version/26.6 Mobile/15E148 Safari/604.1"
114.24.248.200 - - [26/Aug/2026:14:29:52 +0800] "GET /wp-content/themes/hueman/assets/front/webfonts/fa-regular-400.woff2?v=5.15.2 HTTP/1.1" 200 14439 "https://www.waldorf.ilc.edu.tw/" "Mozilla/5.0 (iPhone; CPU iPhone OS 18_7 like Mac OS X) AppleWebKit/605.1.15 (KHTML, like Gecko) Version/26.6 Mobile/15E148 Safari/604.1"
114.24.248.200 - - [26/Aug/2026:14:29:52 +0800] "GET /wp-content/themes/hueman/assets/front/webfonts/fa-solid-900.woff2?v=5.15.2 HTTP/1.1" 200 81301 "https://www.waldorf.ilc.edu.tw/" "Mozilla/5.0 (iPhone; CPU iPhone OS 18_7 like Mac OS X) AppleWebKit/605.1.15 (KHTML, like Gecko) Version/26.6 Mobile/15E148 Safari/604.1"
114.24.248.200 - - [26/Aug/2026:14:29:52 +0800] "GET /wp-content/themes/hueman/assets/front/fonts/titillium-light-webfont.woff HTTP/1.1" 200 25606 "https://www.waldorf.ilc.edu.tw/" "Mozilla/5.0 (iPhone; CPU iPhone OS 18_7 like Mac OS X) AppleWebKit/605.1.15 (KHTML, like Gecko) Version/26.6 Mobile/15E148 Safari/604.1"
114.24.248.200 - - [26/Aug/2026:14:29:52 +0800] "GET /wp-content/themes/hueman/assets/front/fonts/titillium-lightitalic-webfont.woff HTTP/1.1" 200 27654 "https://www.waldorf.ilc.edu.tw/" "Mozilla/5.0 (iPhone; CPU iPhone OS 18_7 like Mac OS X) AppleWebKit/605.1.15 (KHTML, like Gecko) Version/26.6 Mobile/15E148 Safari/604.1"
114.24.248.200 - - [26/Aug/2026:14:29:52 +0800] "GET /wp-content/themes/hueman/assets/front/fonts/titillium-regular-webfont.woff HTTP/1.1" 200 25590 "https://www.waldorf.ilc.edu.tw/" "Mozilla/5.0 (iPhone; CPU iPhone OS 18_7 like Mac OS X) AppleWebKit/605.1.15 (KHTML, like Gecko) Version/26.6 Mobile/15E148 Safari/604.1"
114.24.248.200 - - [26/Aug/2026:14:29:52 +0800] "GET /wp-content/themes/hueman/assets/front/fonts/titillium-regularitalic-webfont.woff HTTP/1.1" 200 27482 "https://www.waldorf.ilc.edu.tw/" "Mozilla/5.0 (iPhone; CPU iPhone OS 18_7 like Mac OS X) AppleWebKit/605.1.15 (KHTML, like Gecko) Version/26.6 Mobile/15E148 Safari/604.1"
114.24.248.200 - - [26/Aug/2026:14:29:52 +0800] "GET /wp-content/themes/hueman/assets/front/fonts/titillium-semibold-webfont.woff HTTP/1.1" 200 25626 "https://www.waldorf.ilc.edu.tw/" "Mozilla/5.0 (iPhone; CPU iPhone OS 18_7 like Mac OS X) AppleWebKit/605.1.15 (KHTML, like Gecko) Version/26.6 Mobile/15E148 Safari/604.1"
114.24.248.200 - - [26/Aug/2026:14:29:52 +0800] "GET /wp-content/cache/www.waldorf.ilc.edu.tw/wpfc-minified/l0srqxzl/6xg3.css HTTP/1.1" 200 3465 "https://www.waldorf.ilc.edu.tw/" "Mozilla/5.0 (iPhone; CPU iPhone OS 18_7 like Mac OS X) AppleWebKit/605.1.15 (KHTML, like Gecko) Version/26.6 Mobile/15E148 Safari/604.1"
114.24.248.200 - - [26/Aug/2026:14:29:52 +0800] "GET /wp-includes/js/hoverintent-js.min.js HTTP/1.1" 200 1597 "https://www.waldorf.ilc.edu.tw/" "Mozilla/5.0 (iPhone; CPU iPhone OS 18_7 like Mac OS X) AppleWebKit/605.1.15 (KHTML, like Gecko) Version/26.6 Mobile/15E148 Safari/604.1"
114.24.248.200 - - [26/Aug/2026:14:29:52 +0800] "GET /wp-includes/js/admin-bar.min.js HTTP/1.1" 200 2237 "https://www.waldorf.ilc.edu.tw/" "Mozilla/5.0 (iPhone; CPU iPhone OS 18_7 like Mac OS X) AppleWebKit/605.1.15 (KHTML, like Gecko) Version/26.6 Mobile/15E148 Safari/604.1"
114.24.248.200 - - [26/Aug/2026:14:29:52 +0800] "GET /wp-includes/js/underscore.min.js HTTP/1.1" 200 8191 "https://www.waldorf.ilc.edu.tw/" "Mozilla/5.0 (iPhone; CPU iPhone OS 18_7 like Mac OS X) AppleWebKit/605.1.15 (KHTML, like Gecko) Version/26.6 Mobile/15E148 Safari/604.1"
114.24.248.200 - - [26/Aug/2026:14:29:52 +0800] "GET /wp-content/plugins/elementor-pro/assets/js/webpack-pro.runtime.min.js HTTP/1.1" 200 3562 "https://www.waldorf.ilc.edu.tw/" "Mozilla/5.0 (iPhone; CPU iPhone OS 18_7 like Mac OS X) AppleWebKit/605.1.15 (KHTML, like Gecko) Version/26.6 Mobile/15E148 Safari/604.1"
114.24.248.200 - - [26/Aug/2026:14:29:52 +0800] "GET /wp-content/themes/hueman/assets/front/js/scripts.min.js HTTP/1.1" 200 22643 "https://www.waldorf.ilc.edu.tw/" "Mozilla/5.0 (iPhone; CPU iPhone OS 18_7 like Mac OS X) AppleWebKit/605.1.15 (KHTML, like Gecko) Version/26.6 Mobile/15E148 Safari/604.1"
114.24.248.200 - - [26/Aug/2026:14:29:52 +0800] "GET /wp-content/plugins/elementor/assets/js/webpack.runtime.min.js HTTP/1.1" 200 3095 "https://www.waldorf.ilc.edu.tw/" "Mozilla/5.0 (iPhone; CPU iPhone OS 18_7 like Mac OS X) AppleWebKit/605.1.15 (KHTML, like Gecko) Version/26.6 Mobile/15E148 Safari/604.1"
114.24.248.200 - - [26/Aug/2026:14:29:52 +0800] "GET /wp-content/plugins/elementor/assets/js/frontend-modules.min.js HTTP/1.1" 200 19416 "https://www.waldorf.ilc.edu.tw/" "Mozilla/5.0 (iPhone; CPU iPhone OS 18_7 like Mac OS X) AppleWebKit/605.1.15 (KHTML, like Gecko) Version/26.6 Mobile/15E148 Safari/604.1"
114.24.248.200 - - [26/Aug/2026:14:29:52 +0800] "GET /wp-includes/js/dist/hooks.min.js HTTP/1.1" 200 2421 "https://www.waldorf.ilc.edu.tw/" "Mozilla/5.0 (iPhone; CPU iPhone OS 18_7 like Mac OS X) AppleWebKit/605.1.15 (KHTML, like Gecko) Version/26.6 Mobile/15E148 Safari/604.1"
114.24.248.200 - - [26/Aug/2026:14:29:52 +0800] "GET /wp-includes/js/dist/i18n.min.js HTTP/1.1" 200 4547 "https://www.waldorf.ilc.edu.tw/" "Mozilla/5.0 (iPhone; CPU iPhone OS 18_7 like Mac OS X) AppleWebKit/605.1.15 (KHTML, like Gecko) Version/26.6 Mobile/15E148 Safari/604.1"
114.24.248.200 - - [26/Aug/2026:14:29:52 +0800] "GET /wp-content/plugins/elementor-pro/assets/js/frontend.min.js HTTP/1.1" 200 7574 "https://www.waldorf.ilc.edu.tw/" "Mozilla/5.0 (iPhone; CPU iPhone OS 18_7 like Mac OS X) AppleWebKit/605.1.15 (KHTML, like Gecko) Version/26.6 Mobile/15E148 Safari/604.1"
114.24.248.200 - - [26/Aug/2026:14:29:52 +0800] "GET /wp-content/plugins/elementor/assets/lib/waypoints/waypoints.min.js HTTP/1.1" 200 3873 "https://www.waldorf.ilc.edu.tw/" "Mozilla/5.0 (iPhone; CPU iPhone OS 18_7 like Mac OS X) AppleWebKit/605.1.15 (KHTML, like Gecko) Version/26.6 Mobile/15E148 Safari/604.1"
114.24.248.200 - - [26/Aug/2026:14:29:52 +0800] "GET /wp-includes/js/jquery/ui/core.min.js HTTP/1.1" 200 7986 "https://www.waldorf.ilc.edu.tw/" "Mozilla/5.0 (iPhone; CPU iPhone OS 18_7 like Mac OS X) AppleWebKit/605.1.15 (KHTML, like Gecko) Version/26.6 Mobile/15E148 Safari/604.1"
114.24.248.200 - - [26/Aug/2026:14:29:52 +0800] "GET /wp-content/plugins/elementor/assets/js/frontend.min.js HTTP/1.1" 200 13169 "https://www.waldorf.ilc.edu.tw/" "Mozilla/5.0 (iPhone; CPU iPhone OS 18_7 like Mac OS X) AppleWebKit/605.1.15 (KHTML, like Gecko) Version/26.6 Mobile/15E148 Safari/604.1"
114.24.248.200 - - [26/Aug/2026:14:29:52 +0800] "GET /wp-content/plugins/elementor-pro/assets/js/elements-handlers.min.js HTTP/1.1" 200 10882 "https://www.waldorf.ilc.edu.tw/" "Mozilla/5.0 (iPhone; CPU iPhone OS 18_7 like Mac OS X) AppleWebKit/605.1.15 (KHTML, like Gecko) Version/26.6 Mobile/15E148 Safari/604.1"
34.231.156.59 - - [26/Aug/2026:14:29:52 +0800] "GET /wp-json/wp/v2/pages/2 HTTP/1.1" 200 11556 "-" "Mozilla/5.0 AppleWebKit/537.36 (KHTML, like Gecko; compatible; Amazonbot/0.1; +https://developer.amazon.com/support/amazonbot) Chrome/119.0.6045.214 Safari/537.36"
98.82.59.253 - - [26/Aug/2026:14:29:52 +0800] "GET /index.php?parent=1181&rest_route=/wp/v2/media HTTP/1.1" 200 18758 "-" "Mozilla/5.0 AppleWebKit/537.36 (KHTML, like Gecko; compatible; Amazonbot/0.1; +https://developer.amazon.com/support/amazonbot) Chrome/119.0.6045.214 Safari/537.36"
2402:7500:5e7:2664::935d:a749 - - [26/Aug/2026:14:29:53 +0800] "-" 408 339 "-" "-"
44.223.115.10 - - [26/Aug/2026:14:29:52 +0800] "GET /blog/blog/6513/post/22133/446899 HTTP/1.1" 404 25485 "-" "Mozilla/5.0 AppleWebKit/537.36 (KHTML, like Gecko; compatible; Amazonbot/0.1; +https://developer.amazon.com/support/amazonbot) Chrome/119.0.6045.214 Safari/537.36"
114.24.248.200 - - [26/Aug/2026:14:29:53 +0800] "GET /wp-content/cache/www.waldorf.ilc.edu.tw/wpfc-minified/lwt2mv0t/6xg3.css HTTP/1.1" 200 23817 "https://www.waldorf.ilc.edu.tw/" "Mozilla/5.0 (iPhone; CPU iPhone OS 18_7 like Mac OS X) AppleWebKit/605.1.15 (KHTML, like Gecko) Version/26.6 Mobile/15E148 Safari/604.1"
114.24.248.200 - - [26/Aug/2026:14:29:53 +0800] "GET /wp-content/uploads/sites/1517/elementor/css/post-3740.css HTTP/1.1" 200 6113 "https://www.waldorf.ilc.edu.tw/" "Mozilla/5.0 (iPhone; CPU iPhone OS 18_7 like Mac OS X) AppleWebKit/605.1.15 (KHTML, like Gecko) Version/26.6 Mobile/15E148 Safari/604.1"
114.24.248.200 - - [26/Aug/2026:14:29:53 +0800] "GET /wp-content/cache/www.waldorf.ilc.edu.tw/wpfc-minified/g1ne7hpx/6xg3.css HTTP/1.1" 200 53165 "https://www.waldorf.ilc.edu.tw/" "Mozilla/5.0 (iPhone; CPU iPhone OS 18_7 like Mac OS X) AppleWebKit/605.1.15 (KHTML, like Gecko) Version/26.6 Mobile/15E148 Safari/604.1"
114.24.248.200 - - [26/Aug/2026:14:29:53 +0800] "GET /wp-content/cache/www.waldorf.ilc.edu.tw/wpfc-minified/s9du8dd/6xg3.css HTTP/1.1" 200 52093 "https://www.waldorf.ilc.edu.tw/" "Mozilla/5.0 (iPhone; CPU iPhone OS 18_7 like Mac OS X) AppleWebKit/605.1.15 (KHTML, like Gecko) Version/26.6 Mobile/15E148 Safari/604.1"
2001:288:a201::66:125 - - [26/Aug/2026:14:29:53 +0800] "GET /blog/active.php HTTP/1.1" 301 1026 "-" "-"
114.24.248.200 - - [26/Aug/2026:14:29:53 +0800] "GET /wp-content/uploads/sites/1517/2024/07/%E6%A0%A1%E8%88%8D%E5%8B%B8%E5%8B%9F%E5%B0%88%E5%8D%80.png HTTP/1.1" 200 11216 "https://www.waldorf.ilc.edu.tw/" "Mozilla/5.0 (iPhone; CPU iPhone OS 18_7 like Mac OS X) AppleWebKit/605.1.15 (KHTML, like Gecko) Version/26.6 Mobile/15E148 Safari/604.1"
114.24.248.200 - - [26/Aug/2026:14:29:53 +0800] "GET /wp-content/uploads/sites/1517/2024/08/%E5%B9%B4%E5%BA%A6%E8%AA%B2%E7%A8%8B%E8%A8%88%E7%95%AB.png HTTP/1.1" 200 10087 "https://www.waldorf.ilc.edu.tw/" "Mozilla/5.0 (iPhone; CPU iPhone OS 18_7 like Mac OS X) AppleWebKit/605.1.15 (KHTML, like Gecko) Version/26.6 Mobile/15E148 Safari/604.1"
2001:288:a201::66:125 - - [26/Aug/2026:14:29:53 +0800] "GET /blog/active.php HTTP/1.1" 404 1084 "-" "-"
114.24.248.200 - - [26/Aug/2026:14:29:53 +0800] "GET /wp-content/uploads/sites/1517/2024/03/%E5%8F%8B%E5%96%84%E6%A0%A1%E5%9C%92%E5%B0%88%E5%8D%80.png HTTP/1.1" 200 10591 "https://www.waldorf.ilc.edu.tw/" "Mozilla/5.0 (iPhone; CPU iPhone OS 18_7 like Mac OS X) AppleWebKit/605.1.15 (KHTML, like Gecko) Version/26.6 Mobile/15E148 Safari/604.1"
114.24.248.200 - - [26/Aug/2026:14:29:53 +0800] "GET /wp-content/plugins/elementor/assets/lib/font-awesome/webfonts/fa-solid-900.woff2 HTTP/1.1" 200 79223 "https://www.waldorf.ilc.edu.tw/" "Mozilla/5.0 (iPhone; CPU iPhone OS 18_7 like Mac OS X) AppleWebKit/605.1.15 (KHTML, like Gecko) Version/26.6 Mobile/15E148 Safari/604.1"
114.24.248.200 - - [26/Aug/2026:14:29:53 +0800] "GET /wp-content/uploads/sites/1517/2024/01/49827-2-1536x312.jpg HTTP/1.1" 200 94382 "https://www.waldorf.ilc.edu.tw/" "Mozilla/5.0 (iPhone; CPU iPhone OS 18_7 like Mac OS X) AppleWebKit/605.1.15 (KHTML, like Gecko) Version/26.6 Mobile/15E148 Safari/604.1"
114.24.248.200 - - [26/Aug/2026:14:29:53 +0800] "GET /wp-content/uploads/sites/1517/2024/01/%E5%8D%88%E9%A4%90%E5%B0%88%E5%8D%80.png HTTP/1.1" 200 8269 "https://www.waldorf.ilc.edu.tw/" "Mozilla/5.0 (iPhone; CPU iPhone OS 18_7 like Mac OS X) AppleWebKit/605.1.15 (KHTML, like Gecko) Version/26.6 Mobile/15E148 Safari/604.1"
114.24.248.200 - - [26/Aug/2026:14:29:53 +0800] "GET /wp-content/uploads/sites/1517/2024/07/%E5%9C%8B%E4%B8%AD%E5%8D%87%E5%AD%B8%E5%B0%88%E5%8D%80.png HTTP/1.1" 200 9911 "https://www.waldorf.ilc.edu.tw/" "Mozilla/5.0 (iPhone; CPU iPhone OS 18_7 like Mac OS X) AppleWebKit/605.1.15 (KHTML, like Gecko) Version/26.6 Mobile/15E148 Safari/604.1"
57.141.2.27 - - [26/Aug/2026:14:29:49 +0800] "GET /26150/2023/12/01/ HTTP/1.1" 200 21456 "-" "Mozilla/5.0 (Macintosh; Intel Mac OS X 10_15_7) AppleWebKit/537.36 (KHTML, like Gecko) Chrome/145.0.0.0 Safari/537.36 (compatible; meta-externalagent/1.1 (+https://developers.facebook.com/docs/sharing/webmasters/crawler))"
114.24.248.200 - - [26/Aug/2026:14:29:53 +0800] "GET /wp-content/plugins/elementor-pro/assets/js/social.2d2e44e8608690943f29.bundle.min.js HTTP/1.1" 200 1433 "https://www.waldorf.ilc.edu.tw/" "Mozilla/5.0 (iPhone; CPU iPhone OS 18_7 like Mac OS X) AppleWebKit/605.1.15 (KHTML, like Gecko) Version/26.6 Mobile/15E148 Safari/604.1"
114.24.248.200 - - [26/Aug/2026:14:29:53 +0800] "GET /wp-content/plugins/elementor/assets/js/toggle.31881477c45ff5cf9d4d.bundle.min.js HTTP/1.1" 200 2281 "https://www.waldorf.ilc.edu.tw/" "Mozilla/5.0 (iPhone; CPU iPhone OS 18_7 like Mac OS X) AppleWebKit/605.1.15 (KHTML, like Gecko) Version/26.6 Mobile/15E148 Safari/604.1"
114.24.248.200 - - [26/Aug/2026:14:29:53 +0800] "GET /wp-content/plugins/elementor/assets/js/text-editor.2c35aafbe5bf0e127950.bundle.min.js HTTP/1.1" 200 1545 "https://www.waldorf.ilc.edu.tw/" "Mozilla/5.0 (iPhone; CPU iPhone OS 18_7 like Mac OS X) AppleWebKit/605.1.15 (KHTML, like Gecko) Version/26.6 Mobile/15E148 Safari/604.1"
114.24.248.200 - - [26/Aug/2026:14:29:53 +0800] "GET /wp-content/uploads/sites/1517/2024/12/%E7%89%B9%E6%95%99%E8%BC%94%E5%B0%8E%E5%B0%88%E5%8D%80.png HTTP/1.1" 200 11227 "https://www.waldorf.ilc.edu.tw/" "Mozilla/5.0 (iPhone; CPU iPhone OS 18_7 like Mac OS X) AppleWebKit/605.1.15 (KHTML, like Gecko) Version/26.6 Mobile/15E148 Safari/604.1"
44.221.37.41 - - [26/Aug/2026:14:29:50 +0800] "GET /?amp&p=255 HTTP/1.1" 200 25763 "-" "Mozilla/5.0 AppleWebKit/537.36 (KHTML, like Gecko; compatible; Amazonbot/0.1; +https://developer.amazon.com/support/amazonbot) Chrome/119.0.6045.214 Safari/537.36"
52.204.253.129 - - [26/Aug/2026:14:29:53 +0800] "GET /2018/06/06/1070525%E8%87%AA%E6%B2%BB%E5%B9%B9%E9%83%A8%E9%81%B8%E8%88%89%E6%8A%95%E7%A5%A8-%E9%96%8B%E7%A5%A8%E6%9A%A8%E9%A0%92%E7%99%BC%E7%95%B6%E9%81%B8%E8%AD%89%E6%9B%B8/embed/ HTTP/1.1" 200 12060 "-" "Mozilla/5.0 AppleWebKit/537.36 (KHTML, like Gecko; compatible; Amazonbot/0.1; +https://developer.amazon.com/support/amazonbot) Chrome/119.0.6045.214 Safari/537.36"
44.205.74.196 - - [26/Aug/2026:14:29:53 +0800] "GET /dscf0701/embed/ HTTP/1.1" 200 12389 "-" "Mozilla/5.0 AppleWebKit/537.36 (KHTML, like Gecko; compatible; Amazonbot/0.1; +https://developer.amazon.com/support/amazonbot) Chrome/119.0.6045.214 Safari/537.36"
184.73.239.35 - - [26/Aug/2026:14:29:53 +0800] "GET /%E5%8E%9F%E4%BD%8F%E6%B0%91%E6%95%99%E8%82%B2%E6%96%87%E6%9C%AC%E7%B4%A0%E6%9D%90%E6%B3%B0%E9%9B%85%E6%97%8F110%E5%B9%B4%E5%85%A8%E5%9C%8B%E5%8E%9F%E4%BD%8F%E6%B0%91%E6%97%8F%E8%AA%9E%E6%96%87/embed/ HTTP/1.1" 200 12975 "-" "Mozilla/5.0 AppleWebKit/537.36 (KHTML, like Gecko; compatible; Amazonbot/0.1; +https://developer.amazon.com/support/amazonbot) Chrome/119.0.6045.214 Safari/537.36"
34.192.67.98 - - [26/Aug/2026:14:29:53 +0800] "GET /2021/06/07/110-05-14%E6%B5%B7%E6%B4%8B%E9%A3%9F%E8%BE%B2%E6%95%99%E8%82%B2/a53a1637/embed/ HTTP/1.1" 200 12638 "-" "Mozilla/5.0 AppleWebKit/537.36 (KHTML, like Gecko; compatible; Amazonbot/0.1; +https://developer.amazon.com/support/amazonbot) Chrome/119.0.6045.214 Safari/537.36"
18.219.3.112 - - [26/Aug/2026:14:29:52 +0800] "POST /?rest_route=/batch/v1 HTTP/1.1" 500 6372 "-" "Mozilla/5.0 (Windows NT 10.0; Win64; x64) AppleWebKit/537.36 (KHTML, like Gecko) Chrome/126.0.0.0 Safari/537.36"
107.22.208.39 - - [26/Aug/2026:14:29:53 +0800] "GET /2016/03/07/104%E5%AD%B8%E5%B9%B4%E5%BA%A6%E5%AE%9C%E8%98%AD%E7%B8%A3%E4%B8%AD%E5%B0%8F%E5%AD%B8%E9%81%8B%E5%8B%95%E6%9C%83%E7%9B%B8%E7%89%87%E9%9B%86%E9%8C%A6/ HTTP/1.1" 200 20491 "-" "Mozilla/5.0 AppleWebKit/537.36 (KHTML, like Gecko; compatible; Amazonbot/0.1; +https://developer.amazon.com/support/amazonbot) Chrome/119.0.6045.214 Safari/537.36"
18.214.138.148 - - [26/Aug/2026:14:29:54 +0800] "GET /2025/08/14/%E5%AD%B8%E7%94%9F%E7%94%B3%E8%A8%B4%E5%8F%8A%E5%86%8D%E7%94%B3%E8%A8%B4%E5%B0%88%E5%8D%80/embed/ HTTP/1.1" 200 12426 "-" "Mozilla/5.0 AppleWebKit/537.36 (KHTML, like Gecko; compatible; Amazonbot/0.1; +https://developer.amazon.com/support/amazonbot) Chrome/119.0.6045.214 Safari/537.36"
114.24.248.200 - - [26/Aug/2026:14:29:54 +0800] "GET /wp-content/uploads/sites/1517/2022/09/cropped-%E6%88%AA%E5%9C%96-2022-09-01-15_0.59.21-32x32.png HTTP/1.1" 200 1932 "https://www.waldorf.ilc.edu.tw/" "Mozilla/5.0 (iPhone; CPU iPhone OS 18_7 like Mac OS X) AppleWebKit/605.1.15 (KHTML, like Gecko) Version/26.6 Mobile/15E148 Safari/604.1"
114.24.248.200 - - [26/Aug/2026:14:29:54 +0800] "GET /wp-content/uploads/sites/1517/2022/09/cropped-%E6%88%AA%E5%9C%96-2022-09-01-15_0.59.21-192x192.png HTTP/1.1" 200 16548 "https://www.waldorf.ilc.edu.tw/" "Mozilla/5.0 (iPhone; CPU iPhone OS 18_7 like Mac OS X) AppleWebKit/605.1.15 (KHTML, like Gecko) Version/26.6 Mobile/15E148 Safari/604.1"
52.3.26.180 - - [26/Aug/2026:14:29:54 +0800] "GET /category/c-3479/c-70116/feed/ HTTP/1.1" 200 6869 "-" "Mozilla/5.0 AppleWebKit/537.36 (KHTML, like Gecko; compatible; Amazonbot/0.1; +https://developer.amazon.com/support/amazonbot) Chrome/119.0.6045.214 Safari/537.36"
54.152.163.42 - - [26/Aug/2026:14:29:54 +0800] "GET /index.php?rest_route=/wp/v2/media/2616 HTTP/1.1" 200 11359 "-" "Mozilla/5.0 AppleWebKit/537.36 (KHTML, like Gecko; compatible; Amazonbot/0.1; +https://developer.amazon.com/support/amazonbot) Chrome/119.0.6045.214 Safari/537.36"
2001:288:a201::67:82 - - [26/Aug/2026:14:29:52 +0800] "POST /26150/2023/12/01/?fsm_edd_37394=a1e98de67582441c2c22252d88818693 HTTP/1.1" 200 13008 "-" "WordPress/6.6.7; https://2blog.ilc.edu.tw/26150"
34.56.124.53 - - [26/Aug/2026:14:29:52 +0800] "GET /26150/2024/05/27/%E5%87%BD%E8%BD%89%E8%B2%A1%E5%9C%98%E6%B3%95%E4%BA%BA%E8%A6%8B%E8%B3%A2%E6%80%9D%E7%90%AA%E6%95%99%E8%82%B2%E5%9F%BA%E9%87%91%E6%9C%83%E8%BE%A6%E7%90%86%E3%80%8E2024%E9%9D%92%E6%98%A5%E7%90%AA/ HTTP/1.1" 200 23880 "-" "Mozilla/5.0 (Macintosh; Intel Mac OS X 10_15_7) AppleWebKit/537.36 (KHTML, like Gecko) Chrome/120.0.0.0 Safari/537.36"
::1 - - [26/Aug/2026:14:29:55 +0800] "OPTIONS * HTTP/1.0" 200 110 "-" "Apache/2.4.68 (Ubuntu) OpenSSL/3.0.19 (internal dummy connection)"
54.147.238.89 - - [26/Aug/2026:14:29:54 +0800] "GET /2016/09/14/%E7%BE%8A%E8%B9%84/embed/ HTTP/1.1" 200 12511 "-" "Mozilla/5.0 AppleWebKit/537.36 (KHTML, like Gecko; compatible; Amazonbot/0.1; +https://developer.amazon.com/support/amazonbot) Chrome/119.0.6045.214 Safari/537.36"
2a03:2880:f802:7:: - - [26/Aug/2026:14:29:54 +0800] "GET /yleerc/2026/03/12/ HTTP/1.1" 200 21035 "-" "Mozilla/5.0 (Macintosh; Intel Mac OS X 10_15_7) AppleWebKit/537.36 (KHTML, like Gecko) Chrome/145.0.0.0 Safari/537.36 (compatible; meta-externalagent/1.1 (+https://developers.facebook.com/docs/sharing/webmasters/crawler))"
3.89.176.255 - - [26/Aug/2026:14:29:55 +0800] "GET /blog/blog/6572/post/22660/346793 HTTP/1.1" 404 25485 "-" "Mozilla/5.0 AppleWebKit/537.36 (KHTML, like Gecko; compatible; Amazonbot/0.1; +https://developer.amazon.com/support/amazonbot) Chrome/119.0.6045.214 Safari/537.36"
140.111.67.10 - - [26/Aug/2026:14:29:55 +0800] "GET /" 301 273 "-" "-"
98.83.177.42 - - [26/Aug/2026:14:29:55 +0800] "GET /wp-json/oembed/1.0/embed?url=https://www.ltes.ilc.edu.tw/2016/04/21/%25e7%258b%2582%25e8%25b3%2580%25ef%25bc%2581%25e9%25be%258d%25e6%25bd%25ad%25e5%259c%258b%25e5%25b0%258f%25e5%2581%25b6%25e6%2588%25b2%25e5%259b%259b%25e9%2580%25a3%25e9%259c%25b8-%25e7%2593%25b6%25e4%25b8%25ad%25e4%25bf%25a1%25e9%25a9%259a%25e5%25a5%2587%25e9%2581%258a%25e4%25b8%2596%25e7%2595%258c/ HTTP/1.1" 200 8898 "-" "Mozilla/5.0 AppleWebKit/537.36 (KHTML, like Gecko; compatible; Amazonbot/0.1; +https://developer.amazon.com/support/amazonbot) Chrome/119.0.6045.214 Safari/537.36"
98.84.60.17 - - [26/Aug/2026:14:29:55 +0800] "GET /2013/01/22/%E5%AD%B8%E6%A0%A1%E7%B6%B2%E7%AB%99%E4%BD%BF%E7%94%A8%E8%AA%AA%E6%98%8E/ HTTP/1.1" 200 21786 "-" "Mozilla/5.0 AppleWebKit/537.36 (KHTML, like Gecko; compatible; Amazonbot/0.1; +https://developer.amazon.com/support/amazonbot) Chrome/119.0.6045.214 Safari/537.36"
::1 - - [26/Aug/2026:14:29:56 +0800] "OPTIONS * HTTP/1.0" 200 110 "-" "Apache/2.4.68 (Ubuntu) OpenSSL/3.0.19 (internal dummy connection)"
3.93.253.174 - - [26/Aug/2026:14:29:56 +0800] "GET /2013/page/22/ HTTP/1.1" 200 17447 "-" "Mozilla/5.0 AppleWebKit/537.36 (KHTML, like Gecko; compatible; Amazonbot/0.1; +https://developer.amazon.com/support/amazonbot) Chrome/119.0.6045.214 Safari/537.36"
114.24.248.200 - - [26/Aug/2026:14:29:56 +0800] "GET /wp-content/uploads/sites/1517/2020/11/as1.jpg HTTP/1.1" 200 25119 "https://www.waldorf.ilc.edu.tw/" "Mozilla/5.0 (iPhone; CPU iPhone OS 18_7 like Mac OS X) AppleWebKit/605.1.15 (KHTML, like Gecko) Version/26.6 Mobile/15E148 Safari/604.1"
184.73.195.18 - - [26/Aug/2026:14:29:53 +0800] "GET /2020/09/30/109/embed/ HTTP/1.1" 200 12333 "-" "Mozilla/5.0 AppleWebKit/537.36 (KHTML, like Gecko; compatible; Amazonbot/0.1; +https://developer.amazon.com/support/amazonbot) Chrome/119.0.6045.214 Safari/537.36"
34.30.223.149 - - [26/Aug/2026:14:29:55 +0800] "GET /wp-content/uploads/sites/1603/2024/12/113%E5%AD%B8%E5%B9%B4%E5%BA%A6%E5%AE%9C%E8%98%AD%E7%B8%A3%E7%A7%91%E6%8A%80%E7%AB%B6%E8%B3%BD%E6%9A%A8%E6%95%B8%E4%BD%8D%E5%AD%B8%E7%BF%92%E8%A6%AA%E5%AD%90%E5%98%89%E5%B9%B4%E8%8F%AF%E6%B4%BB%E5%8B%95%E5%AF%A6%E6%96%BD%E8%A8%88%E7%95%AB.pdf HTTP/1.1" 200 615818 "-" "Mozilla/5.0 (Macintosh; Intel Mac OS X 10_15_7) AppleWebKit/537.36 (KHTML, like Gecko) Chrome/120.0.0.0 Safari/537.36"
18.219.3.112 - - [26/Aug/2026:14:29:56 +0800] "POST /wp-json/batch/v1 HTTP/1.1" 500 6372 "-" "Mozilla/5.0 (Windows NT 10.0; Win64; x64) AppleWebKit/537.36 (KHTML, like Gecko) Chrome/126.0.0.0 Safari/537.36"
114.24.248.200 - - [26/Aug/2026:14:29:56 +0800] "GET /wp-content/uploads/sites/1517/2020/11/asfc.png HTTP/1.1" 200 48257 "https://www.waldorf.ilc.edu.tw/" "Mozilla/5.0 (iPhone; CPU iPhone OS 18_7 like Mac OS X) AppleWebKit/605.1.15 (KHTML, like Gecko) Version/26.6 Mobile/15E148 Safari/604.1"
74.7.243.200 - - [26/Aug/2026:14:29:56 +0800] "GET / HTTP/1.1" 301 973 "https://2blog.ilc.edu.tw" "Mozilla/5.0 AppleWebKit/537.36 (KHTML, like Gecko; compatible; GPTBot/1.4; +https://openai.com/gptbot)"
2001:288:a201::67:82 - - [26/Aug/2026:14:29:51 +0800] "POST /wp-json/wp/v2/users/138?fsm_edd_37394=cf84cd7be0a2befb8eda86acd90d8685 HTTP/1.1" 401 6152 "-" "WordPress/6.6.7; https://www.eces.ilc.edu.tw"
114.24.248.200 - - [26/Aug/2026:14:29:56 +0800] "GET /wp-content/uploads/sites/1517/2020/11/asfc98.png HTTP/1.1" 200 45201 "https://www.waldorf.ilc.edu.tw/" "Mozilla/5.0 (iPhone; CPU iPhone OS 18_7 like Mac OS X) AppleWebKit/605.1.15 (KHTML, like Gecko) Version/26.6 Mobile/15E148 Safari/604.1"
98.83.10.183 - - [26/Aug/2026:14:29:56 +0800] "GET /wp-json/oembed/1.0/embed?url=https://www.najh.ilc.edu.tw/2022/11/24/%25e8%25bd%2589%25e7%259f%25a5111-%25e5%25b9%25b4%25e5%25ba%25a6%25e3%2580%258c%25e6%2595%2599%25e8%2582%25b2%25e9%2583%25a8%25e6%259c%25ac%25e5%259c%259f%25e6%2595%2599%25e8%2582%25b2%25e6%258e%25a8%25e5%25b1%2595%25e8%25b2%25a2%25e7%258d%25bb%25e7%258d%258e%25e3%2580%258d%25e5%25af%25a6%25e6%2596%25bd%25e8%25a8%2588/ HTTP/1.1" 200 8932 "-" "Mozilla/5.0 AppleWebKit/537.36 (KHTML, like Gecko; compatible; Amazonbot/0.1; +https://developer.amazon.com/support/amazonbot) Chrome/119.0.6045.214 Safari/537.36"
2001:b400:e296:4d99:611a:9d69:a300:2d30 - - [26/Aug/2026:14:29:56 +0800] "GET / HTTP/1.1" 200 30892 "https://www.google.com/url?q=https://www.cwjh.ilc.edu.tw/&sa=U&sqi=2&ved=2ahUKEwjwzuiZ1b2WAxUeiuEIHfEQMb8QFnoECFEQAQ&zccpm=epi&usg=AOvVaw1V5GNf01ILyils5__7ucQO" "Mozilla/5.0 (iPhone; CPU iPhone OS 26_1_0 like Mac OS X) AppleWebKit/605.1.15 (KHTML, like Gecko) GSA/424.4.924152415 Mobile/15E148 Safari/604.1"
::1 - - [26/Aug/2026:14:29:57 +0800] "OPTIONS * HTTP/1.0" 200 110 "-" "Apache/2.4.68 (Ubuntu) OpenSSL/3.0.19 (internal dummy connection)"
2a03:2880:f802:48:: - - [26/Aug/2026:14:29:54 +0800] "GET /26150/2023/04/20/112-%e5%b9%b4%e5%b9%b8%e7%a6%8f%e5%ae%b6%e5%ba%ad%e7%a9%ba%e4%b8%ad%e8%ac%9b%e5%a0%82-01/ HTTP/1.1" 200 23035 "-" "Mozilla/5.0 (Windows NT 10.0; Win64; x64) AppleWebKit/537.36 (KHTML, like Gecko) Chrome/145.0.0.0 Safari/537.36 (compatible; meta-externalagent/1.1 (+https://developers.facebook.com/docs/sharing/webmasters/crawler))"
2001:b400:e296:4d99:611a:9d69:a300:2d30 - - [26/Aug/2026:14:29:57 +0800] "GET /wp-content/cache/www.cwjh.ilc.edu.tw/wpfc-minified/7957u2ji/77dd.css HTTP/1.1" 200 15782 "https://www.cwjh.ilc.edu.tw/" "Mozilla/5.0 (iPhone; CPU iPhone OS 26_1_0 like Mac OS X) AppleWebKit/605.1.15 (KHTML, like Gecko) GSA/424.4.924152415 Mobile/15E148 Safari/604.1"
2001:b400:e296:4d99:611a:9d69:a300:2d30 - - [26/Aug/2026:14:29:57 +0800] "GET /wp-content/cache/www.cwjh.ilc.edu.tw/wpfc-minified/2mrmz3dm/77dd.css HTTP/1.1" 200 45687 "https://www.cwjh.ilc.edu.tw/" "Mozilla/5.0 (iPhone; CPU iPhone OS 26_1_0 like Mac OS X) AppleWebKit/605.1.15 (KHTML, like Gecko) GSA/424.4.924152415 Mobile/15E148 Safari/604.1"
2001:b400:e296:4d99:611a:9d69:a300:2d30 - - [26/Aug/2026:14:29:57 +0800] "GET /wp-includes/js/hoverintent-js.min.js HTTP/1.1" 200 1597 "https://www.cwjh.ilc.edu.tw/" "Mozilla/5.0 (iPhone; CPU iPhone OS 26_1_0 like Mac OS X) AppleWebKit/605.1.15 (KHTML, like Gecko) GSA/424.4.924152415 Mobile/15E148 Safari/604.1"
2001:b400:e296:4d99:611a:9d69:a300:2d30 - - [26/Aug/2026:14:29:57 +0800] "GET /wp-content/cache/www.cwjh.ilc.edu.tw/wpfc-minified/8wopko65/77dd.css HTTP/1.1" 200 5960 "https://www.cwjh.ilc.edu.tw/" "Mozilla/5.0 (iPhone; CPU iPhone OS 26_1_0 like Mac OS X) AppleWebKit/605.1.15 (KHTML, like Gecko) GSA/424.4.924152415 Mobile/15E148 Safari/604.1"
2001:b400:e296:4d99:611a:9d69:a300:2d30 - - [26/Aug/2026:14:29:57 +0800] "GET /wp-includes/js/admin-bar.min.js HTTP/1.1" 200 2237 "https://www.cwjh.ilc.edu.tw/" "Mozilla/5.0 (iPhone; CPU iPhone OS 26_1_0 like Mac OS X) AppleWebKit/605.1.15 (KHTML, like Gecko) GSA/424.4.924152415 Mobile/15E148 Safari/604.1"
2001:b400:e296:4d99:611a:9d69:a300:2d30 - - [26/Aug/2026:14:29:57 +0800] "GET /wp-includes/js/imagesloaded.min.js HTTP/1.1" 200 2683 "https://www.cwjh.ilc.edu.tw/" "Mozilla/5.0 (iPhone; CPU iPhone OS 26_1_0 like Mac OS X) AppleWebKit/605.1.15 (KHTML, like Gecko) GSA/424.4.924152415 Mobile/15E148 Safari/604.1"
34.236.41.241 - - [26/Aug/2026:14:29:57 +0800] "GET /2016/09/21/105%E5%AD%B8%E5%B9%B4%E5%BA%A6%E4%B8%80%E5%B9%B4%E7%B4%9A%E5%BF%83%E9%9F%B3%E5%BF%83%E9%9B%BB%E5%9C%96%E6%AA%A2%E6%9F%A5/ HTTP/1.1" 200 16864 "-" "Mozilla/5.0 AppleWebKit/537.36 (KHTML, like Gecko; compatible; Amazonbot/0.1; +https://developer.amazon.com/support/amazonbot) Chrome/119.0.6045.214 Safari/537.36"
2001:b400:e296:4d99:611a:9d69:a300:2d30 - - [26/Aug/2026:14:29:57 +0800] "GET /wp-content/cache/www.cwjh.ilc.edu.tw/wpfc-minified/f11u7byj/77dd.js HTTP/1.1" 200 40362 "https://www.cwjh.ilc.edu.tw/" "Mozilla/5.0 (iPhone; CPU iPhone OS 26_1_0 like Mac OS X) AppleWebKit/605.1.15 (KHTML, like Gecko) GSA/424.4.924152415 Mobile/15E148 Safari/604.1"
2001:b400:e296:4d99:611a:9d69:a300:2d30 - - [26/Aug/2026:14:29:57 +0800] "GET /wp-content/cache/www.cwjh.ilc.edu.tw/wpfc-minified/dhutxct0/77dd.css HTTP/1.1" 200 66148 "https://www.cwjh.ilc.edu.tw/" "Mozilla/5.0 (iPhone; CPU iPhone OS 26_1_0 like Mac OS X) AppleWebKit/605.1.15 (KHTML, like Gecko) GSA/424.4.924152415 Mobile/15E148 Safari/604.1"
2001:b400:e296:4d99:611a:9d69:a300:2d30 - - [26/Aug/2026:14:29:57 +0800] "GET /wp-content/themes/oceanwp/assets/js/theme.min.js HTTP/1.1" 200 5130 "https://www.cwjh.ilc.edu.tw/" "Mozilla/5.0 (iPhone; CPU iPhone OS 26_1_0 like Mac OS X) AppleWebKit/605.1.15 (KHTML, like Gecko) GSA/424.4.924152415 Mobile/15E148 Safari/604.1"
2001:b400:e296:4d99:611a:9d69:a300:2d30 - - [26/Aug/2026:14:29:57 +0800] "GET /wp-content/themes/oceanwp/assets/js/drop-down-mobile-menu.min.js HTTP/1.1" 200 4663 "https://www.cwjh.ilc.edu.tw/" "Mozilla/5.0 (iPhone; CPU iPhone OS 26_1_0 like Mac OS X) AppleWebKit/605.1.15 (KHTML, like Gecko) GSA/424.4.924152415 Mobile/15E148 Safari/604.1"
2001:b400:e296:4d99:611a:9d69:a300:2d30 - - [26/Aug/2026:14:29:57 +0800] "GET /wp-content/themes/oceanwp/assets/js/drop-down-search.min.js HTTP/1.1" 200 2968 "https://www.cwjh.ilc.edu.tw/" "Mozilla/5.0 (iPhone; CPU iPhone OS 26_1_0 like Mac OS X) AppleWebKit/605.1.15 (KHTML, like Gecko) GSA/424.4.924152415 Mobile/15E148 Safari/604.1"
2001:b400:e296:4d99:611a:9d69:a300:2d30 - - [26/Aug/2026:14:29:57 +0800] "GET /wp-content/themes/oceanwp/assets/js/vendors/magnific-popup.min.js HTTP/1.1" 200 8270 "https://www.cwjh.ilc.edu.tw/" "Mozilla/5.0 (iPhone; CPU iPhone OS 26_1_0 like Mac OS X) AppleWebKit/605.1.15 (KHTML, like Gecko) GSA/424.4.924152415 Mobile/15E148 Safari/604.1"
2001:b400:e296:4d99:611a:9d69:a300:2d30 - - [26/Aug/2026:14:29:57 +0800] "GET /wp-content/themes/oceanwp/assets/js/ow-lightbox.min.js HTTP/1.1" 200 2321 "https://www.cwjh.ilc.edu.tw/" "Mozilla/5.0 (iPhone; CPU iPhone OS 26_1_0 like Mac OS X) AppleWebKit/605.1.15 (KHTML, like Gecko) GSA/424.4.924152415 Mobile/15E148 Safari/604.1"
2001:b400:e296:4d99:611a:9d69:a300:2d30 - - [26/Aug/2026:14:29:57 +0800] "GET /wp-content/themes/oceanwp/assets/js/vendors/flickity.pkgd.min.js HTTP/1.1" 200 15048 "https://www.cwjh.ilc.edu.tw/" "Mozilla/5.0 (iPhone; CPU iPhone OS 26_1_0 like Mac OS X) AppleWebKit/605.1.15 (KHTML, like Gecko) GSA/424.4.924152415 Mobile/15E148 Safari/604.1"
2001:b400:e296:4d99:611a:9d69:a300:2d30 - - [26/Aug/2026:14:29:57 +0800] "GET /wp-content/themes/oceanwp/assets/js/ow-slider.min.js HTTP/1.1" 200 1761 "https://www.cwjh.ilc.edu.tw/" "Mozilla/5.0 (iPhone; CPU iPhone OS 26_1_0 like Mac OS X) AppleWebKit/605.1.15 (KHTML, like Gecko) GSA/424.4.924152415 Mobile/15E148 Safari/604.1"
2001:b400:e296:4d99:611a:9d69:a300:2d30 - - [26/Aug/2026:14:29:57 +0800] "GET /wp-content/themes/oceanwp/assets/js/scroll-effect.min.js HTTP/1.1" 200 4127 "https://www.cwjh.ilc.edu.tw/" "Mozilla/5.0 (iPhone; CPU iPhone OS 26_1_0 like Mac OS X) AppleWebKit/605.1.15 (KHTML, like Gecko) GSA/424.4.924152415 Mobile/15E148 Safari/604.1"
2001:b400:e296:4d99:611a:9d69:a300:2d30 - - [26/Aug/2026:14:29:57 +0800] "GET /wp-content/themes/oceanwp/assets/js/select.min.js HTTP/1.1" 200 2408 "https://www.cwjh.ilc.edu.tw/" "Mozilla/5.0 (iPhone; CPU iPhone OS 26_1_0 like Mac OS X) AppleWebKit/605.1.15 (KHTML, like Gecko) GSA/424.4.924152415 Mobile/15E148 Safari/604.1"
2001:b400:e296:4d99:611a:9d69:a300:2d30 - - [26/Aug/2026:14:29:57 +0800] "GET /wp-content/themes/oceanwp/assets/js/scroll-top.min.js HTTP/1.1" 200 3202 "https://www.cwjh.ilc.edu.tw/" "Mozilla/5.0 (iPhone; CPU iPhone OS 26_1_0 like Mac OS X) AppleWebKit/605.1.15 (KHTML, like Gecko) GSA/424.4.924152415 Mobile/15E148 Safari/604.1"
2001:b400:e296:4d99:611a:9d69:a300:2d30 - - [26/Aug/2026:14:29:57 +0800] "GET /wp-content/plugins/ocean-extra/includes/widgets/js/flickr.min.js HTTP/1.1" 200 1319 "https://www.cwjh.ilc.edu.tw/" "Mozilla/5.0 (iPhone; CPU iPhone OS 26_1_0 like Mac OS X) AppleWebKit/605.1.15 (KHTML, like Gecko) GSA/424.4.924152415 Mobile/15E148 Safari/604.1"
2001:b400:e296:4d99:611a:9d69:a300:2d30 - - [26/Aug/2026:14:29:57 +0800] "GET /wp-content/uploads/sites/1364/2026/07/ChatGPT-Image-2026%E5%B9%B47%E6%9C%882%E6%97%A5-%E4%B8%8A%E5%8D%8811_24_32-1024x576.png HTTP/1.1" 200 1076753 "https://www.cwjh.ilc.edu.tw/" "Mozilla/5.0 (iPhone; CPU iPhone OS 26_1_0 like Mac OS X) AppleWebKit/605.1.15 (KHTML, like Gecko) GSA/424.4.924152415 Mobile/15E148 Safari/604.1"
2001:b400:e296:4d99:611a:9d69:a300:2d30 - - [26/Aug/2026:14:29:57 +0800] "GET /wp-content/uploads/sites/1364/2020/02/Animated-Gif-New-1.gif HTTP/1.1" 200 3399 "https://www.cwjh.ilc.edu.tw/" "Mozilla/5.0 (iPhone; CPU iPhone OS 26_1_0 like Mac OS X) AppleWebKit/605.1.15 (KHTML, like Gecko) GSA/424.4.924152415 Mobile/15E148 Safari/604.1"
98.83.10.183 - - [26/Aug/2026:14:29:57 +0800] "GET /2021/06/07/110-05-14%E6%B5%B7%E6%B4%8B%E9%A3%9F%E8%BE%B2%E6%95%99%E8%82%B2/a53a1664/embed/ HTTP/1.1" 200 12639 "-" "Mozilla/5.0 AppleWebKit/537.36 (KHTML, like Gecko; compatible; Amazonbot/0.1; +https://developer.amazon.com/support/amazonbot) Chrome/119.0.6045.214 Safari/537.36"
2001:b400:e296:4d99:611a:9d69:a300:2d30 - - [26/Aug/2026:14:29:57 +0800] "GET /wp-content/themes/oceanwp/assets/fonts/simple-line-icons/Simple-Line-Icons.woff2?v=2.4.0 HTTP/1.1" 200 30959 "https://www.cwjh.ilc.edu.tw/" "Mozilla/5.0 (iPhone; CPU iPhone OS 26_1_0 like Mac OS X) AppleWebKit/605.1.15 (KHTML, like Gecko) GSA/424.4.924152415 Mobile/15E148 Safari/604.1"
