2407:4b00:4c0c:82f0:186:e77c:b65a:c905 - - [26/Aug/2026:14:24:50 +0800] "GET /wp-content/themes/toujours/js/global.js HTTP/1.1" 200 2171 "https://www.ltjh.ilc.edu.tw/" "Mozilla/5.0 (iPad; CPU OS 26_6_0 like Mac OS X) AppleWebKit/605.1.15 (KHTML, like Gecko) CriOS/151.0.7922.112 Mobile/15E148 Safari/604.1"
2407:4b00:4c0c:82f0:186:e77c:b65a:c905 - - [26/Aug/2026:14:24:50 +0800] "GET /wp-content/plugins/elementor-pro/assets/js/frontend.min.js HTTP/1.1" 200 7574 "https://www.ltjh.ilc.edu.tw/" "Mozilla/5.0 (iPad; CPU OS 26_6_0 like Mac OS X) AppleWebKit/605.1.15 (KHTML, like Gecko) CriOS/151.0.7922.112 Mobile/15E148 Safari/604.1"
2407:4b00:4c0c:82f0:186:e77c:b65a:c905 - - [26/Aug/2026:14:24:50 +0800] "GET /wp-content/plugins/elementor/assets/js/webpack.runtime.min.js HTTP/1.1" 200 3095 "https://www.ltjh.ilc.edu.tw/" "Mozilla/5.0 (iPad; CPU OS 26_6_0 like Mac OS X) AppleWebKit/605.1.15 (KHTML, like Gecko) CriOS/151.0.7922.112 Mobile/15E148 Safari/604.1"
2407:4b00:4c0c:82f0:186:e77c:b65a:c905 - - [26/Aug/2026:14:24:50 +0800] "GET /wp-content/plugins/elementor/assets/lib/waypoints/waypoints.min.js HTTP/1.1" 200 3873 "https://www.ltjh.ilc.edu.tw/" "Mozilla/5.0 (iPad; CPU OS 26_6_0 like Mac OS X) AppleWebKit/605.1.15 (KHTML, like Gecko) CriOS/151.0.7922.112 Mobile/15E148 Safari/604.1"
2407:4b00:4c0c:82f0:186:e77c:b65a:c905 - - [26/Aug/2026:14:24:50 +0800] "GET /wp-includes/js/jquery/ui/core.min.js HTTP/1.1" 200 7986 "https://www.ltjh.ilc.edu.tw/" "Mozilla/5.0 (iPad; CPU OS 26_6_0 like Mac OS X) AppleWebKit/605.1.15 (KHTML, like Gecko) CriOS/151.0.7922.112 Mobile/15E148 Safari/604.1"
2407:4b00:4c0c:82f0:186:e77c:b65a:c905 - - [26/Aug/2026:14:24:50 +0800] "GET /wp-content/plugins/elementor/assets/js/frontend.min.js HTTP/1.1" 200 13169 "https://www.ltjh.ilc.edu.tw/" "Mozilla/5.0 (iPad; CPU OS 26_6_0 like Mac OS X) AppleWebKit/605.1.15 (KHTML, like Gecko) CriOS/151.0.7922.112 Mobile/15E148 Safari/604.1"
2407:4b00:4c0c:82f0:186:e77c:b65a:c905 - - [26/Aug/2026:14:24:50 +0800] "GET /wp-content/plugins/elementor-pro/assets/js/elements-handlers.min.js HTTP/1.1" 200 10882 "https://www.ltjh.ilc.edu.tw/" "Mozilla/5.0 (iPad; CPU OS 26_6_0 like Mac OS X) AppleWebKit/605.1.15 (KHTML, like Gecko) CriOS/151.0.7922.112 Mobile/15E148 Safari/604.1"
140.111.67.10 - - [26/Aug/2026:14:24:50 +0800] "GET /" 301 273 "-" "-"
75.101.203.230 - - [26/Aug/2026:14:24:50 +0800] "GET /.well-known/assetlinks.json HTTP/1.1" 404 46790 "-" "python-httpx/0.28.1"
2001:288:a273:1:94b7:ab7f:cdd6:4186 - - [26/Aug/2026:14:24:50 +0800] "GET /wp-content/cache/www.ilc.edu.tw/wpfc-minified/sz1rpuo/8141l.css HTTP/1.1" 200 40885 "https://www.ilc.edu.tw/" "Mozilla/5.0 (Windows NT 10.0; Win64; x64) AppleWebKit/537.36 (KHTML, like Gecko) Chrome/151.0.0.0 Safari/537.36"
2001:288:a273:1:94b7:ab7f:cdd6:4186 - - [26/Aug/2026:14:24:50 +0800] "GET /wp-content/cache/www.ilc.edu.tw/wpfc-minified/7ihu9bns/8141l.css HTTP/1.1" 200 1500 "https://www.ilc.edu.tw/" "Mozilla/5.0 (Windows NT 10.0; Win64; x64) AppleWebKit/537.36 (KHTML, like Gecko) Chrome/151.0.0.0 Safari/537.36"
2001:288:a273:1:94b7:ab7f:cdd6:4186 - - [26/Aug/2026:14:24:50 +0800] "GET /wp-content/uploads/sites/3846/elementor/css/post-3.css HTTP/1.1" 200 6090 "https://www.ilc.edu.tw/" "Mozilla/5.0 (Windows NT 10.0; Win64; x64) AppleWebKit/537.36 (KHTML, like Gecko) Chrome/151.0.0.0 Safari/537.36"
2001:288:a273:1:94b7:ab7f:cdd6:4186 - - [26/Aug/2026:14:24:50 +0800] "GET /wp-content/cache/www.ilc.edu.tw/wpfc-minified/2encr51g/8141l.css HTTP/1.1" 200 10823 "https://www.ilc.edu.tw/" "Mozilla/5.0 (Windows NT 10.0; Win64; x64) AppleWebKit/537.36 (KHTML, like Gecko) Chrome/151.0.0.0 Safari/537.36"
2001:288:a273:1:94b7:ab7f:cdd6:4186 - - [26/Aug/2026:14:24:50 +0800] "GET /wp-content/uploads/sites/3846/elementor/css/post-19.css HTTP/1.1" 200 6463 "https://www.ilc.edu.tw/" "Mozilla/5.0 (Windows NT 10.0; Win64; x64) AppleWebKit/537.36 (KHTML, like Gecko) Chrome/151.0.0.0 Safari/537.36"
2001:288:a273:1:94b7:ab7f:cdd6:4186 - - [26/Aug/2026:14:24:50 +0800] "GET /wp-content/cache/www.ilc.edu.tw/wpfc-minified/fdlul8k0/8141l.css HTTP/1.1" 200 80436 "https://www.ilc.edu.tw/" "Mozilla/5.0 (Windows NT 10.0; Win64; x64) AppleWebKit/537.36 (KHTML, like Gecko) Chrome/151.0.0.0 Safari/537.36"
2001:288:a273:1:94b7:ab7f:cdd6:4186 - - [26/Aug/2026:14:24:50 +0800] "GET /wp-content/cache/www.ilc.edu.tw/wpfc-minified/difb1vbs/8141l.js HTTP/1.1" 200 35549 "https://www.ilc.edu.tw/" "Mozilla/5.0 (Windows NT 10.0; Win64; x64) AppleWebKit/537.36 (KHTML, like Gecko) Chrome/151.0.0.0 Safari/537.36"
2001:288:a273:1:94b7:ab7f:cdd6:4186 - - [26/Aug/2026:14:24:50 +0800] "GET /wp-content/uploads/sites/3846/2026/05/05bfd164-030e-448f-b83b-37c7dcb01eec.png HTTP/1.1" 200 3476 "https://www.ilc.edu.tw/" "Mozilla/5.0 (Windows NT 10.0; Win64; x64) AppleWebKit/537.36 (KHTML, like Gecko) Chrome/151.0.0.0 Safari/537.36"
2001:288:a273:1:94b7:ab7f:cdd6:4186 - - [26/Aug/2026:14:24:50 +0800] "GET /wp-content/cache/www.ilc.edu.tw/wpfc-minified/21kp93v9/8141l.css HTTP/1.1" 200 4167 "https://www.ilc.edu.tw/" "Mozilla/5.0 (Windows NT 10.0; Win64; x64) AppleWebKit/537.36 (KHTML, like Gecko) Chrome/151.0.0.0 Safari/537.36"
2001:288:a273:1:94b7:ab7f:cdd6:4186 - - [26/Aug/2026:14:24:50 +0800] "GET /wp-includes/js/hoverintent-js.min.js HTTP/1.1" 200 1597 "https://www.ilc.edu.tw/" "Mozilla/5.0 (Windows NT 10.0; Win64; x64) AppleWebKit/537.36 (KHTML, like Gecko) Chrome/151.0.0.0 Safari/537.36"
2001:288:a273:1:94b7:ab7f:cdd6:4186 - - [26/Aug/2026:14:24:50 +0800] "GET /wp-includes/js/admin-bar.min.js HTTP/1.1" 200 2237 "https://www.ilc.edu.tw/" "Mozilla/5.0 (Windows NT 10.0; Win64; x64) AppleWebKit/537.36 (KHTML, like Gecko) Chrome/151.0.0.0 Safari/537.36"
2001:288:a273:1:94b7:ab7f:cdd6:4186 - - [26/Aug/2026:14:24:50 +0800] "GET /wp-includes/js/imagesloaded.min.js HTTP/1.1" 200 2683 "https://www.ilc.edu.tw/" "Mozilla/5.0 (Windows NT 10.0; Win64; x64) AppleWebKit/537.36 (KHTML, like Gecko) Chrome/151.0.0.0 Safari/537.36"
2001:288:a273:1:94b7:ab7f:cdd6:4186 - - [26/Aug/2026:14:24:50 +0800] "GET /wp-content/themes/oceanwp/assets/js/theme.min.js HTTP/1.1" 200 5130 "https://www.ilc.edu.tw/" "Mozilla/5.0 (Windows NT 10.0; Win64; x64) AppleWebKit/537.36 (KHTML, like Gecko) Chrome/151.0.0.0 Safari/537.36"
2001:288:a273:1:94b7:ab7f:cdd6:4186 - - [26/Aug/2026:14:24:50 +0800] "GET /wp-content/themes/oceanwp/assets/js/drop-down-mobile-menu.min.js HTTP/1.1" 200 4663 "https://www.ilc.edu.tw/" "Mozilla/5.0 (Windows NT 10.0; Win64; x64) AppleWebKit/537.36 (KHTML, like Gecko) Chrome/151.0.0.0 Safari/537.36"
2001:288:a273:1:94b7:ab7f:cdd6:4186 - - [26/Aug/2026:14:24:50 +0800] "GET /wp-content/themes/oceanwp/assets/js/vendors/magnific-popup.min.js HTTP/1.1" 200 8270 "https://www.ilc.edu.tw/" "Mozilla/5.0 (Windows NT 10.0; Win64; x64) AppleWebKit/537.36 (KHTML, like Gecko) Chrome/151.0.0.0 Safari/537.36"
2001:288:a273:1:94b7:ab7f:cdd6:4186 - - [26/Aug/2026:14:24:51 +0800] "GET /wp-content/themes/oceanwp/assets/js/ow-lightbox.min.js HTTP/1.1" 200 2321 "https://www.ilc.edu.tw/" "Mozilla/5.0 (Windows NT 10.0; Win64; x64) AppleWebKit/537.36 (KHTML, like Gecko) Chrome/151.0.0.0 Safari/537.36"
2001:288:a273:1:94b7:ab7f:cdd6:4186 - - [26/Aug/2026:14:24:51 +0800] "GET /wp-content/themes/oceanwp/assets/js/vendors/flickity.pkgd.min.js HTTP/1.1" 200 15048 "https://www.ilc.edu.tw/" "Mozilla/5.0 (Windows NT 10.0; Win64; x64) AppleWebKit/537.36 (KHTML, like Gecko) Chrome/151.0.0.0 Safari/537.36"
2001:288:a273:1:94b7:ab7f:cdd6:4186 - - [26/Aug/2026:14:24:51 +0800] "GET /wp-content/themes/oceanwp/assets/js/ow-slider.min.js HTTP/1.1" 200 1761 "https://www.ilc.edu.tw/" "Mozilla/5.0 (Windows NT 10.0; Win64; x64) AppleWebKit/537.36 (KHTML, like Gecko) Chrome/151.0.0.0 Safari/537.36"
2001:288:a273:1:94b7:ab7f:cdd6:4186 - - [26/Aug/2026:14:24:51 +0800] "GET /wp-content/themes/oceanwp/assets/js/scroll-effect.min.js HTTP/1.1" 200 4127 "https://www.ilc.edu.tw/" "Mozilla/5.0 (Windows NT 10.0; Win64; x64) AppleWebKit/537.36 (KHTML, like Gecko) Chrome/151.0.0.0 Safari/537.36"
2001:288:a273:1:94b7:ab7f:cdd6:4186 - - [26/Aug/2026:14:24:51 +0800] "GET /wp-content/themes/oceanwp/assets/js/scroll-top.min.js HTTP/1.1" 200 3202 "https://www.ilc.edu.tw/" "Mozilla/5.0 (Windows NT 10.0; Win64; x64) AppleWebKit/537.36 (KHTML, like Gecko) Chrome/151.0.0.0 Safari/537.36"
2001:288:a273:1:94b7:ab7f:cdd6:4186 - - [26/Aug/2026:14:24:51 +0800] "GET /wp-content/themes/oceanwp/assets/js/select.min.js HTTP/1.1" 200 2408 "https://www.ilc.edu.tw/" "Mozilla/5.0 (Windows NT 10.0; Win64; x64) AppleWebKit/537.36 (KHTML, like Gecko) Chrome/151.0.0.0 Safari/537.36"
2001:288:a273:1:94b7:ab7f:cdd6:4186 - - [26/Aug/2026:14:24:51 +0800] "GET /wp-content/plugins/elementor-pro/assets/js/webpack-pro.runtime.min.js HTTP/1.1" 200 3562 "https://www.ilc.edu.tw/" "Mozilla/5.0 (Windows NT 10.0; Win64; x64) AppleWebKit/537.36 (KHTML, like Gecko) Chrome/151.0.0.0 Safari/537.36"
2407:4b00:4c0c:82f0:186:e77c:b65a:c905 - - [26/Aug/2026:14:24:51 +0800] "GET /wp-includes/js/masonry.min.js HTTP/1.1" 200 8306 "https://www.ltjh.ilc.edu.tw/" "Mozilla/5.0 (iPad; CPU OS 26_6_0 like Mac OS X) AppleWebKit/605.1.15 (KHTML, like Gecko) CriOS/151.0.7922.112 Mobile/15E148 Safari/604.1"
2001:288:a273:1:94b7:ab7f:cdd6:4186 - - [26/Aug/2026:14:24:51 +0800] "GET /wp-content/plugins/elementor/assets/js/webpack.runtime.min.js HTTP/1.1" 200 3095 "https://www.ilc.edu.tw/" "Mozilla/5.0 (Windows NT 10.0; Win64; x64) AppleWebKit/537.36 (KHTML, like Gecko) Chrome/151.0.0.0 Safari/537.36"
2001:288:a273:1:94b7:ab7f:cdd6:4186 - - [26/Aug/2026:14:24:51 +0800] "GET /wp-content/plugins/elementor/assets/js/frontend-modules.min.js HTTP/1.1" 200 19416 "https://www.ilc.edu.tw/" "Mozilla/5.0 (Windows NT 10.0; Win64; x64) AppleWebKit/537.36 (KHTML, like Gecko) Chrome/151.0.0.0 Safari/537.36"
2001:288:a273:1:94b7:ab7f:cdd6:4186 - - [26/Aug/2026:14:24:51 +0800] "GET /wp-includes/js/dist/hooks.min.js HTTP/1.1" 200 2421 "https://www.ilc.edu.tw/" "Mozilla/5.0 (Windows NT 10.0; Win64; x64) AppleWebKit/537.36 (KHTML, like Gecko) Chrome/151.0.0.0 Safari/537.36"
2001:288:a273:1:94b7:ab7f:cdd6:4186 - - [26/Aug/2026:14:24:51 +0800] "GET /wp-includes/js/dist/i18n.min.js HTTP/1.1" 200 4547 "https://www.ilc.edu.tw/" "Mozilla/5.0 (Windows NT 10.0; Win64; x64) AppleWebKit/537.36 (KHTML, like Gecko) Chrome/151.0.0.0 Safari/537.36"
2001:288:a273:1:94b7:ab7f:cdd6:4186 - - [26/Aug/2026:14:24:51 +0800] "GET /wp-content/plugins/elementor-pro/assets/js/frontend.min.js HTTP/1.1" 200 7574 "https://www.ilc.edu.tw/" "Mozilla/5.0 (Windows NT 10.0; Win64; x64) AppleWebKit/537.36 (KHTML, like Gecko) Chrome/151.0.0.0 Safari/537.36"
2001:288:a273:1:94b7:ab7f:cdd6:4186 - - [26/Aug/2026:14:24:51 +0800] "GET /wp-content/plugins/elementor/assets/lib/waypoints/waypoints.min.js HTTP/1.1" 200 3873 "https://www.ilc.edu.tw/" "Mozilla/5.0 (Windows NT 10.0; Win64; x64) AppleWebKit/537.36 (KHTML, like Gecko) Chrome/151.0.0.0 Safari/537.36"
2001:288:a273:1:94b7:ab7f:cdd6:4186 - - [26/Aug/2026:14:24:51 +0800] "GET /wp-includes/js/jquery/ui/core.min.js HTTP/1.1" 200 7986 "https://www.ilc.edu.tw/" "Mozilla/5.0 (Windows NT 10.0; Win64; x64) AppleWebKit/537.36 (KHTML, like Gecko) Chrome/151.0.0.0 Safari/537.36"
2001:288:a273:1:94b7:ab7f:cdd6:4186 - - [26/Aug/2026:14:24:51 +0800] "GET /wp-content/plugins/elementor/assets/js/frontend.min.js HTTP/1.1" 200 13169 "https://www.ilc.edu.tw/" "Mozilla/5.0 (Windows NT 10.0; Win64; x64) AppleWebKit/537.36 (KHTML, like Gecko) Chrome/151.0.0.0 Safari/537.36"
2001:288:a273:1:94b7:ab7f:cdd6:4186 - - [26/Aug/2026:14:24:51 +0800] "GET /wp-content/plugins/elementor-pro/assets/js/elements-handlers.min.js HTTP/1.1" 200 10882 "https://www.ilc.edu.tw/" "Mozilla/5.0 (Windows NT 10.0; Win64; x64) AppleWebKit/537.36 (KHTML, like Gecko) Chrome/151.0.0.0 Safari/537.36"
54.92.171.106 - - [26/Aug/2026:14:24:50 +0800] "GET /32745/wp-json/wp/v2/posts/100130/revisions/100316 HTTP/1.1" 401 6198 "-" "Mozilla/5.0 AppleWebKit/537.36 (KHTML, like Gecko; compatible; Amazonbot/0.1; +https://developer.amazon.com/support/amazonbot) Chrome/119.0.6045.214 Safari/537.36"
2a03:2880:f802:a:: - - [26/Aug/2026:14:24:50 +0800] "GET /32745/2026/06/20/ HTTP/1.1" 200 91363 "-" "Mozilla/5.0 (Windows NT 10.0; Win64; x64) AppleWebKit/537.36 (KHTML, like Gecko) Chrome/145.0.0.0 Safari/537.36 (compatible; meta-externalagent/1.1 (+https://developers.facebook.com/docs/sharing/webmasters/crawler))"
2001:288:a273:1:94b7:ab7f:cdd6:4186 - - [26/Aug/2026:14:24:51 +0800] "GET /wp-content/uploads/sites/3846/2023/05/%E5%AE%9C%E8%98%AD%E7%B8%A3%E6%94%BF%E5%BA%9C%E6%95%99%E8%82%B2%E8%99%95logo.png HTTP/1.1" 200 16335 "https://www.ilc.edu.tw/" "Mozilla/5.0 (Windows NT 10.0; Win64; x64) AppleWebKit/537.36 (KHTML, like Gecko) Chrome/151.0.0.0 Safari/537.36"
2001:288:a273:1:94b7:ab7f:cdd6:4186 - - [26/Aug/2026:14:24:51 +0800] "GET /wp-content/uploads/sites/3846/2023/05/%E9%A6%96%E9%A0%81%E5%B0%8F%E6%A8%99_%E6%9C%80%E6%96%B0%E6%B6%88%E6%81%AF.png HTTP/1.1" 200 2537 "https://www.ilc.edu.tw/" "Mozilla/5.0 (Windows NT 10.0; Win64; x64) AppleWebKit/537.36 (KHTML, like Gecko) Chrome/151.0.0.0 Safari/537.36"
2001:288:a273:1:94b7:ab7f:cdd6:4186 - - [26/Aug/2026:14:24:51 +0800] "GET /wp-content/uploads/sites/3846/2023/05/%E5%85%AC%E5%91%8A%E6%90%9C%E5%B0%8B.png HTTP/1.1" 200 3549 "https://www.ilc.edu.tw/" "Mozilla/5.0 (Windows NT 10.0; Win64; x64) AppleWebKit/537.36 (KHTML, like Gecko) Chrome/151.0.0.0 Safari/537.36"
34.123.149.87 - - [26/Aug/2026:14:24:51 +0800] "GET /32745/wp-json/wp/v2/posts/134345 HTTP/1.1" 200 18923 "-" "Mozilla/5.0 (Macintosh; Intel Mac OS X 10_15_7) AppleWebKit/537.36 (KHTML, like Gecko) Chrome/120.0.0.0 Safari/537.36"
34.204.150.196 - - [26/Aug/2026:14:24:51 +0800] "GET /332test/wp-content/uploads/sites/3511/2022/06/%E5%BB%BA%E7%AB%8B%E6%99%AF%E9%BB%9E020-1024x656.jpg HTTP/1.1" 200 105290 "-" "Mozilla/5.0 AppleWebKit/537.36 (KHTML, like Gecko; compatible; Amazonbot/0.1; +https://developer.amazon.com/support/amazonbot) Chrome/119.0.6045.214 Safari/537.36"
2001:288:a221:1:3cb7:dcd2:146c:60e - - [26/Aug/2026:14:24:51 +0800] "-" 408 4802 "-" "-"
2409:8c34:2220:25:0:1:0:4 - - [26/Aug/2026:14:24:51 +0800] "-" 408 4794 "-" "-"
2001:288:a221:1:3cb7:dcd2:146c:60e - - [26/Aug/2026:14:24:51 +0800] "-" 408 4802 "-" "-"
2407:4b00:4c0c:82f0:186:e77c:b65a:c905 - - [26/Aug/2026:14:24:51 +0800] "GET /wp-content/uploads/sites/411/2026/08/1150729_%E9%BB%9B%E8%90%8C%E4%B8%8D%E5%91%86-1-768x576.png HTTP/1.1" 200 868113 "https://www.ltjh.ilc.edu.tw/" "Mozilla/5.0 (iPad; CPU OS 26_6_0 like Mac OS X) AppleWebKit/605.1.15 (KHTML, like Gecko) CriOS/151.0.7922.112 Mobile/15E148 Safari/604.1"
2001:288:a273:1:94b7:ab7f:cdd6:4186 - - [26/Aug/2026:14:24:52 +0800] "GET /wp-content/uploads/sites/3846/2025/04/%E7%AB%A5%E5%BF%83%E7%AB%A5%E9%81%8A-%E6%AD%A1%E6%A8%82%E8%98%AD%E9%99%BD-%E5%85%92%E7%AB%A5%E7%AF%80%E5%BF%AB%E6%A8%82.jpg HTTP/1.1" 200 126952 "https://www.ilc.edu.tw/" "Mozilla/5.0 (Windows NT 10.0; Win64; x64) AppleWebKit/537.36 (KHTML, like Gecko) Chrome/151.0.0.0 Safari/537.36"
2001:288:a273:1:94b7:ab7f:cdd6:4186 - - [26/Aug/2026:14:24:52 +0800] "GET /wp-content/uploads/sites/3846/2025/11/%E8%9E%A2%E5%B9%95%E6%93%B7%E5%8F%96%E7%95%AB%E9%9D%A2-2025-11-27-141357.png HTTP/1.1" 200 216157 "https://www.ilc.edu.tw/" "Mozilla/5.0 (Windows NT 10.0; Win64; x64) AppleWebKit/537.36 (KHTML, like Gecko) Chrome/151.0.0.0 Safari/537.36"
2001:288:a273:1:94b7:ab7f:cdd6:4186 - - [26/Aug/2026:14:24:52 +0800] "GET /wp-content/uploads/sites/3846/2024/09/%E6%95%99%E5%B8%AB%E7%AF%80%E5%BD%B1%E7%89%87.jpg HTTP/1.1" 200 72504 "https://www.ilc.edu.tw/" "Mozilla/5.0 (Windows NT 10.0; Win64; x64) AppleWebKit/537.36 (KHTML, like Gecko) Chrome/151.0.0.0 Safari/537.36"
60.248.109.100 - - [26/Aug/2026:14:24:52 +0800] "-" 408 4794 "-" "-"
2a03:2880:f802:21:: - - [26/Aug/2026:14:24:52 +0800] "GET /hsreading/2023/12/20/%e5%af%92%e6%ba%aa%e5%9c%8b%e6%b0%91%e5%b0%8f%e5%ad%b8%e3%80%8c%e7%a4%be%e5%8d%80%e5%85%b1%e8%ae%80%e7%ab%99-stacis%e5%85%b1%e8%ae%80%e7%ab%99%e3%80%8d%e6%8f%ad%e7%89%8c%e6%88%90%e7%ab%8b/ HTTP/1.1" 200 14253 "-" "Mozilla/5.0 (X11; Linux x86_64) AppleWebKit/537.36 (KHTML, like Gecko) Chrome/145.0.0.0 Safari/537.36 (compatible; meta-externalagent/1.1 (+https://developers.facebook.com/docs/sharing/webmasters/crawler))"
2407:4b00:4c0c:82f0:186:e77c:b65a:c905 - - [26/Aug/2026:14:24:52 +0800] "GET /wp-content/uploads/sites/411/2026/08/1150729_science-2-768x432.png HTTP/1.1" 200 653635 "https://www.ltjh.ilc.edu.tw/" "Mozilla/5.0 (iPad; CPU OS 26_6_0 like Mac OS X) AppleWebKit/605.1.15 (KHTML, like Gecko) CriOS/151.0.7922.112 Mobile/15E148 Safari/604.1"
2001:288:a273:1:94b7:ab7f:cdd6:4186 - - [26/Aug/2026:14:24:52 +0800] "GET /wp-content/uploads/sites/3846/2026/05/%E8%9E%A2%E5%B9%95%E6%93%B7%E5%8F%96%E7%95%AB%E9%9D%A2-2026-05-07-100749.png HTTP/1.1" 200 1349539 "https://www.ilc.edu.tw/" "Mozilla/5.0 (Windows NT 10.0; Win64; x64) AppleWebKit/537.36 (KHTML, like Gecko) Chrome/151.0.0.0 Safari/537.36"
2001:288:a273:1:94b7:ab7f:cdd6:4186 - - [26/Aug/2026:14:24:52 +0800] "GET /wp-content/themes/oceanwp/assets/fonts/fontawesome/webfonts/fa-solid-900.woff2 HTTP/1.1" 200 151246 "https://www.ilc.edu.tw/wp-content/cache/www.ilc.edu.tw/wpfc-minified/fdlul8k0/8141l.css" "Mozilla/5.0 (Windows NT 10.0; Win64; x64) AppleWebKit/537.36 (KHTML, like Gecko) Chrome/151.0.0.0 Safari/537.36"
143.20.253.187 - - [26/Aug/2026:14:24:53 +0800] "GET /26150/wp-content/uploads/sites/67/elementor/css/post-4937.css HTTP/1.1" 200 6064 "https://2blog.ilc.edu.tw/26150/2015/08/page/3/" "Mozilla/5.0 (X11; Linux x86_64) AppleWebKit/537.36 (KHTML, like Gecko) Chrome/146.0.0.0 Safari/537.36"
2001:288:a273:1:94b7:ab7f:cdd6:4186 - - [26/Aug/2026:14:24:53 +0800] "GET /wp-content/plugins/elementor/assets/lib/eicons/fonts/eicons.woff2?5.30.0 HTTP/1.1" 200 98225 "https://www.ilc.edu.tw/wp-content/cache/www.ilc.edu.tw/wpfc-minified/fdlul8k0/8141l.css" "Mozilla/5.0 (Windows NT 10.0; Win64; x64) AppleWebKit/537.36 (KHTML, like Gecko) Chrome/151.0.0.0 Safari/537.36"
2001:288:a273:1:94b7:ab7f:cdd6:4186 - - [26/Aug/2026:14:24:53 +0800] "GET /wp-content/uploads/sites/3846/2023/05/%E9%A6%96%E9%A0%81%E5%B0%8F%E6%A8%99_%E5%BD%B1%E9%9F%B3.png HTTP/1.1" 200 2462 "https://www.ilc.edu.tw/" "Mozilla/5.0 (Windows NT 10.0; Win64; x64) AppleWebKit/537.36 (KHTML, like Gecko) Chrome/151.0.0.0 Safari/537.36"
2001:288:a201::66:125 - - [26/Aug/2026:14:24:53 +0800] "GET /blog/active.php HTTP/1.1" 301 1026 "-" "-"
2001:288:a273:1:94b7:ab7f:cdd6:4186 - - [26/Aug/2026:14:24:53 +0800] "GET /wp-content/uploads/sites/3846/2023/10/C1.png HTTP/1.1" 200 342209 "https://www.ilc.edu.tw/" "Mozilla/5.0 (Windows NT 10.0; Win64; x64) AppleWebKit/537.36 (KHTML, like Gecko) Chrome/151.0.0.0 Safari/537.36"
2001:288:a201::66:125 - - [26/Aug/2026:14:24:53 +0800] "GET /blog/active.php HTTP/1.1" 404 1084 "-" "-"
2001:288:a273:1:94b7:ab7f:cdd6:4186 - - [26/Aug/2026:14:24:52 +0800] "GET /wp-content/uploads/sites/3846/2026/02/%E8%9E%A2%E5%B9%95%E6%93%B7%E5%8F%96%E7%95%AB%E9%9D%A2-2026-02-24-081359.png HTTP/1.1" 200 1572728 "https://www.ilc.edu.tw/" "Mozilla/5.0 (Windows NT 10.0; Win64; x64) AppleWebKit/537.36 (KHTML, like Gecko) Chrome/151.0.0.0 Safari/537.36"
2001:288:a273:1:94b7:ab7f:cdd6:4186 - - [26/Aug/2026:14:24:53 +0800] "GET /wp-content/uploads/sites/3846/2023/10/C3.png HTTP/1.1" 200 192155 "https://www.ilc.edu.tw/" "Mozilla/5.0 (Windows NT 10.0; Win64; x64) AppleWebKit/537.36 (KHTML, like Gecko) Chrome/151.0.0.0 Safari/537.36"
2001:288:a273:1:94b7:ab7f:cdd6:4186 - - [26/Aug/2026:14:24:53 +0800] "GET /wp-content/uploads/sites/3846/2023/10/C2.png HTTP/1.1" 200 259646 "https://www.ilc.edu.tw/" "Mozilla/5.0 (Windows NT 10.0; Win64; x64) AppleWebKit/537.36 (KHTML, like Gecko) Chrome/151.0.0.0 Safari/537.36"
2001:288:a273:1:94b7:ab7f:cdd6:4186 - - [26/Aug/2026:14:24:53 +0800] "GET /wp-content/uploads/sites/3846/2023/10/C4.png HTTP/1.1" 200 139328 "https://www.ilc.edu.tw/" "Mozilla/5.0 (Windows NT 10.0; Win64; x64) AppleWebKit/537.36 (KHTML, like Gecko) Chrome/151.0.0.0 Safari/537.36"
2001:288:a273:1:94b7:ab7f:cdd6:4186 - - [26/Aug/2026:14:24:53 +0800] "GET /wp-content/uploads/sites/3846/2023/10/C5.png HTTP/1.1" 200 267535 "https://www.ilc.edu.tw/" "Mozilla/5.0 (Windows NT 10.0; Win64; x64) AppleWebKit/537.36 (KHTML, like Gecko) Chrome/151.0.0.0 Safari/537.36"
2001:288:a273:1:94b7:ab7f:cdd6:4186 - - [26/Aug/2026:14:24:52 +0800] "GET /wp-content/uploads/sites/3846/2024/08/%E8%9E%A2%E5%B9%95%E6%93%B7%E5%8F%96%E7%95%AB%E9%9D%A2-2024-08-07-151319.png HTTP/1.1" 200 2714068 "https://www.ilc.edu.tw/" "Mozilla/5.0 (Windows NT 10.0; Win64; x64) AppleWebKit/537.36 (KHTML, like Gecko) Chrome/151.0.0.0 Safari/537.36"
143.20.253.187 - - [26/Aug/2026:14:24:53 +0800] "GET /26150/wp-content/cache/2blog.ilc.edu.tw/wpfc-minified/ehsm4i5w/5wols.css HTTP/1.1" 200 47287 "https://2blog.ilc.edu.tw/26150/2015/08/page/3/" "Mozilla/5.0 (X11; Linux x86_64) AppleWebKit/537.36 (KHTML, like Gecko) Chrome/146.0.0.0 Safari/537.36"
2001:288:a273:1:94b7:ab7f:cdd6:4186 - - [26/Aug/2026:14:24:53 +0800] "GET /wp-content/uploads/sites/3846/2023/05/%E5%8E%9F%E6%B0%91%E6%95%99%E8%82%B2%E5%9C%A8%E5%AE%9C%E8%98%ADYT.jpg HTTP/1.1" 200 607016 "https://www.ilc.edu.tw/" "Mozilla/5.0 (Windows NT 10.0; Win64; x64) AppleWebKit/537.36 (KHTML, like Gecko) Chrome/151.0.0.0 Safari/537.36"
2001:288:a273:1:94b7:ab7f:cdd6:4186 - - [26/Aug/2026:14:24:53 +0800] "GET /wp-content/uploads/sites/3846/2023/05/%E8%B7%A8%E9%96%B1%E5%88%9D%E8%A1%B7YT.jpg HTTP/1.1" 200 579849 "https://www.ilc.edu.tw/" "Mozilla/5.0 (Windows NT 10.0; Win64; x64) AppleWebKit/537.36 (KHTML, like Gecko) Chrome/151.0.0.0 Safari/537.36"
2001:288:a273:1:94b7:ab7f:cdd6:4186 - - [26/Aug/2026:14:24:53 +0800] "GET /wp-content/uploads/sites/3846/2023/05/%E6%84%9BEnglishYT.jpg HTTP/1.1" 200 245320 "https://www.ilc.edu.tw/" "Mozilla/5.0 (Windows NT 10.0; Win64; x64) AppleWebKit/537.36 (KHTML, like Gecko) Chrome/151.0.0.0 Safari/537.36"
2001:b011:7801:50b1:6896:e40d:fa1:6e2a - - [26/Aug/2026:14:24:53 +0800] "-" 408 4794 "-" "-"
2407:4b00:4c0c:82f0:186:e77c:b65a:c905 - - [26/Aug/2026:14:24:53 +0800] "GET /wp-content/uploads/sites/411/2026/08/1150729_%E6%97%85%E9%81%8A%E8%B6%A3-1-768x432.png HTTP/1.1" 200 672861 "https://www.ltjh.ilc.edu.tw/" "Mozilla/5.0 (iPad; CPU OS 26_6_0 like Mac OS X) AppleWebKit/605.1.15 (KHTML, like Gecko) CriOS/151.0.7922.112 Mobile/15E148 Safari/604.1"
2001:288:a273:1:94b7:ab7f:cdd6:4186 - - [26/Aug/2026:14:24:54 +0800] "GET /wp-content/uploads/sites/3846/2025/09/YT%E5%B0%81%E9%9D%A2-1.jpg HTTP/1.1" 200 173035 "https://www.ilc.edu.tw/" "Mozilla/5.0 (Windows NT 10.0; Win64; x64) AppleWebKit/537.36 (KHTML, like Gecko) Chrome/151.0.0.0 Safari/537.36"
2001:288:a273:1:94b7:ab7f:cdd6:4186 - - [26/Aug/2026:14:24:53 +0800] "GET /wp-content/uploads/sites/3846/2023/05/%E5%B9%BC%E8%A6%8B%E5%B9%B8%E7%A6%8FYT.jpg HTTP/1.1" 200 664803 "https://www.ilc.edu.tw/" "Mozilla/5.0 (Windows NT 10.0; Win64; x64) AppleWebKit/537.36 (KHTML, like Gecko) Chrome/151.0.0.0 Safari/537.36"
2001:288:a273:1:94b7:ab7f:cdd6:4186 - - [26/Aug/2026:14:24:53 +0800] "GET /wp-content/uploads/sites/3846/2023/05/%E6%B0%B4%E5%9F%9F%E5%AE%89%E5%85%A8%E5%AE%A3%E5%B0%8EYT.jpg HTTP/1.1" 200 809930 "https://www.ilc.edu.tw/" "Mozilla/5.0 (Windows NT 10.0; Win64; x64) AppleWebKit/537.36 (KHTML, like Gecko) Chrome/151.0.0.0 Safari/537.36"
2001:288:a273:1:94b7:ab7f:cdd6:4186 - - [26/Aug/2026:14:24:53 +0800] "GET /wp-content/uploads/sites/3846/2023/05/%E5%A6%82%E6%9E%9C%E9%9B%A8%E7%9F%A5%E9%81%93YT.jpg HTTP/1.1" 200 529331 "https://www.ilc.edu.tw/" "Mozilla/5.0 (Windows NT 10.0; Win64; x64) AppleWebKit/537.36 (KHTML, like Gecko) Chrome/151.0.0.0 Safari/537.36"
2407:4b00:4c0c:82f0:186:e77c:b65a:c905 - - [26/Aug/2026:14:24:54 +0800] "GET /wp-content/uploads/sites/411/2026/06/4-768x528.jpg HTTP/1.1" 200 69768 "https://www.ltjh.ilc.edu.tw/" "Mozilla/5.0 (iPad; CPU OS 26_6_0 like Mac OS X) AppleWebKit/605.1.15 (KHTML, like Gecko) CriOS/151.0.7922.112 Mobile/15E148 Safari/604.1"
2001:288:a273:1:94b7:ab7f:cdd6:4186 - - [26/Aug/2026:14:24:54 +0800] "GET /wp-content/uploads/sites/3846/2023/05/%E9%A6%96%E9%A0%81%E5%B0%8F%E6%A8%99_%E6%B4%BB%E5%8B%95%E5%B0%88%E5%8D%80.png HTTP/1.1" 200 2545 "https://www.ilc.edu.tw/" "Mozilla/5.0 (Windows NT 10.0; Win64; x64) AppleWebKit/537.36 (KHTML, like Gecko) Chrome/151.0.0.0 Safari/537.36"
2001:288:a273:1:94b7:ab7f:cdd6:4186 - - [26/Aug/2026:14:24:54 +0800] "GET /wp-content/uploads/sites/3846/2023/05/%E6%95%B8%E4%BD%8D%E5%AD%B8%E7%BF%92%E6%94%AF%E6%8C%81%E5%B9%B3%E5%8F%B0-Banner.png HTTP/1.1" 200 16589 "https://www.ilc.edu.tw/" "Mozilla/5.0 (Windows NT 10.0; Win64; x64) AppleWebKit/537.36 (KHTML, like Gecko) Chrome/151.0.0.0 Safari/537.36"
2001:288:a273:1:94b7:ab7f:cdd6:4186 - - [26/Aug/2026:14:24:52 +0800] "GET /wp-content/uploads/sites/3846/2025/11/%E8%9E%A2%E5%B9%95%E6%93%B7%E5%8F%96%E7%95%AB%E9%9D%A2-2025-11-10-141501.png HTTP/1.1" 200 2445011 "https://www.ilc.edu.tw/" "Mozilla/5.0 (Windows NT 10.0; Win64; x64) AppleWebKit/537.36 (KHTML, like Gecko) Chrome/151.0.0.0 Safari/537.36"
2001:288:a273:1:94b7:ab7f:cdd6:4186 - - [26/Aug/2026:14:24:54 +0800] "GET /wp-content/uploads/sites/3846/2024/01/%E7%A7%91%E6%8A%80%E9%A0%98%E5%9F%9F%E6%87%89%E7%94%A8%E7%AB%B6%E8%B3%BD.png HTTP/1.1" 200 20326 "https://www.ilc.edu.tw/" "Mozilla/5.0 (Windows NT 10.0; Win64; x64) AppleWebKit/537.36 (KHTML, like Gecko) Chrome/151.0.0.0 Safari/537.36"
2001:288:a273:1:94b7:ab7f:cdd6:4186 - - [26/Aug/2026:14:24:54 +0800] "GET /wp-content/uploads/sites/3846/2023/05/%E6%94%BF%E7%AD%96%E6%A5%AD%E5%8B%99%E5%AE%A3%E5%B0%8E-banner.png HTTP/1.1" 200 19385 "https://www.ilc.edu.tw/" "Mozilla/5.0 (Windows NT 10.0; Win64; x64) AppleWebKit/537.36 (KHTML, like Gecko) Chrome/151.0.0.0 Safari/537.36"
2001:288:a273:1:94b7:ab7f:cdd6:4186 - - [26/Aug/2026:14:24:54 +0800] "GET /wp-content/uploads/sites/3846/2024/04/%E5%AD%B8%E6%A0%A1%E7%94%A8%E5%9C%B0.png HTTP/1.1" 200 19801 "https://www.ilc.edu.tw/" "Mozilla/5.0 (Windows NT 10.0; Win64; x64) AppleWebKit/537.36 (KHTML, like Gecko) Chrome/151.0.0.0 Safari/537.36"
::1 - - [26/Aug/2026:14:24:54 +0800] "OPTIONS * HTTP/1.0" 200 110 "-" "Apache/2.4.68 (Ubuntu) OpenSSL/3.0.19 (internal dummy connection)"
2001:288:a273:1:94b7:ab7f:cdd6:4186 - - [26/Aug/2026:14:24:54 +0800] "GET /wp-content/uploads/sites/3846/2025/05/%E8%BC%AA%E6%92%AD%E5%9C%96%E8%AA%BF%E5%A4%A7%E5%B0%8F_%E6%95%99%E8%82%B2%E8%99%95%E5%B0%8Fbanner.png HTTP/1.1" 200 6660 "https://www.ilc.edu.tw/" "Mozilla/5.0 (Windows NT 10.0; Win64; x64) AppleWebKit/537.36 (KHTML, like Gecko) Chrome/151.0.0.0 Safari/537.36"
2001:288:a273:1:94b7:ab7f:cdd6:4186 - - [26/Aug/2026:14:24:54 +0800] "GET /wp-content/uploads/sites/3846/2025/05/%E8%AA%9E%E6%96%87%E7%AB%B6%E8%B3%BD180X50.png HTTP/1.1" 200 10112 "https://www.ilc.edu.tw/" "Mozilla/5.0 (Windows NT 10.0; Win64; x64) AppleWebKit/537.36 (KHTML, like Gecko) Chrome/151.0.0.0 Safari/537.36"
2001:288:a273:1:94b7:ab7f:cdd6:4186 - - [26/Aug/2026:14:24:54 +0800] "GET /wp-content/uploads/sites/3846/2023/05/%E8%88%9E%E8%B9%88%E6%AF%94%E8%B3%BD-banner.jpg HTTP/1.1" 200 9565 "https://www.ilc.edu.tw/" "Mozilla/5.0 (Windows NT 10.0; Win64; x64) AppleWebKit/537.36 (KHTML, like Gecko) Chrome/151.0.0.0 Safari/537.36"
2001:288:a273:1:94b7:ab7f:cdd6:4186 - - [26/Aug/2026:14:24:54 +0800] "GET /wp-content/uploads/sites/3846/2025/09/%E6%95%99%E8%82%B2%E8%99%95%E6%B4%BB%E5%8B%95%E5%B0%88%E5%8D%80%E5%B0%8F%E5%9C%96-4-2.png HTTP/1.1" 200 21768 "https://www.ilc.edu.tw/" "Mozilla/5.0 (Windows NT 10.0; Win64; x64) AppleWebKit/537.36 (KHTML, like Gecko) Chrome/151.0.0.0 Safari/537.36"
2001:288:a273:1:94b7:ab7f:cdd6:4186 - - [26/Aug/2026:14:24:54 +0800] "GET /wp-content/uploads/sites/3846/2025/09/%E6%95%99%E8%82%B2%E8%99%95%E6%B4%BB%E5%8B%95%E5%B0%88%E5%8D%80%E5%B0%8F%E5%9C%96-3.png HTTP/1.1" 200 12380 "https://www.ilc.edu.tw/" "Mozilla/5.0 (Windows NT 10.0; Win64; x64) AppleWebKit/537.36 (KHTML, like Gecko) Chrome/151.0.0.0 Safari/537.36"
2001:288:a273:1:94b7:ab7f:cdd6:4186 - - [26/Aug/2026:14:24:54 +0800] "GET /wp-content/uploads/sites/3846/2025/07/%E6%95%99%E8%82%B2%E8%99%95%E9%A6%96%E9%A0%81_%E5%B0%8Fbanner_%E5%AE%9C%E8%98%AD%E7%B8%A3%E6%94%BF%E5%BA%9C%E5%9C%8B%E4%B8%AD%E5%B0%8F%E6%AD%A3%E5%B8%B8%E6%95%99%E5%AD%B8%E8%A6%96%E5%B0%8E-1.png HTTP/1.1" 200 8670 "https://www.ilc.edu.tw/" "Mozilla/5.0 (Windows NT 10.0; Win64; x64) AppleWebKit/537.36 (KHTML, like Gecko) Chrome/151.0.0.0 Safari/537.36"
2001:288:a273:1:94b7:ab7f:cdd6:4186 - - [26/Aug/2026:14:24:54 +0800] "GET /wp-content/uploads/sites/3846/2025/09/%E6%95%99%E8%82%B2%E8%99%95%E6%B4%BB%E5%8B%95%E5%B0%88%E5%8D%80%E5%B0%8F%E5%9C%96-2-3.png HTTP/1.1" 200 9664 "https://www.ilc.edu.tw/" "Mozilla/5.0 (Windows NT 10.0; Win64; x64) AppleWebKit/537.36 (KHTML, like Gecko) Chrome/151.0.0.0 Safari/537.36"
2001:288:a273:1:94b7:ab7f:cdd6:4186 - - [26/Aug/2026:14:24:54 +0800] "GET /wp-content/uploads/sites/3846/2026/08/%E6%95%99%E8%82%B2%E8%99%95%E6%B4%BB%E5%8B%95%E5%B0%88%E5%8D%80%E5%B0%8F%E5%9C%96-7.png HTTP/1.1" 200 12851 "https://www.ilc.edu.tw/" "Mozilla/5.0 (Windows NT 10.0; Win64; x64) AppleWebKit/537.36 (KHTML, like Gecko) Chrome/151.0.0.0 Safari/537.36"
2001:288:a273:1:94b7:ab7f:cdd6:4186 - - [26/Aug/2026:14:24:54 +0800] "GET /wp-content/plugins/elementor-pro/assets/js/media-carousel.aca2224ef13e6f999011.bundle.min.js HTTP/1.1" 200 2948 "https://www.ilc.edu.tw/" "Mozilla/5.0 (Windows NT 10.0; Win64; x64) AppleWebKit/537.36 (KHTML, like Gecko) Chrome/151.0.0.0 Safari/537.36"
2001:288:a273:1:94b7:ab7f:cdd6:4186 - - [26/Aug/2026:14:24:54 +0800] "GET /wp-content/plugins/elementor/assets/lib/swiper/v8/swiper.min.js?ver=8.4.5 HTTP/1.1" 200 40708 "https://www.ilc.edu.tw/" "Mozilla/5.0 (Windows NT 10.0; Win64; x64) AppleWebKit/537.36 (KHTML, like Gecko) Chrome/151.0.0.0 Safari/537.36"
143.20.253.187 - - [26/Aug/2026:14:24:54 +0800] "GET /26150/wp-content/uploads/sites/67/2020/03/%E6%96%B0%E5%B8%83%E8%90%BD%E6%A0%BC.png HTTP/1.1" 200 6864 "https://2blog.ilc.edu.tw/26150/2015/08/page/3/" "Mozilla/5.0 (X11; Linux x86_64) AppleWebKit/537.36 (KHTML, like Gecko) Chrome/146.0.0.0 Safari/537.36"
2001:288:a219:1:6629:213e:6f06:39eb - - [26/Aug/2026:14:24:54 +0800] "-" 408 4801 "-" "-"
2001:288:a219:1:6629:213e:6f06:39eb - - [26/Aug/2026:14:24:54 +0800] "-" 408 4801 "-" "-"
2407:4b00:4c0c:82f0:186:e77c:b65a:c905 - - [26/Aug/2026:14:24:54 +0800] "GET /wp-content/uploads/sites/411/2026/06/%E5%AD%B8%E6%A0%A1LED%E7%9C%8B%E6%9D%BF-1.png HTTP/1.1" 200 317195 "https://www.ltjh.ilc.edu.tw/" "Mozilla/5.0 (iPad; CPU OS 26_6_0 like Mac OS X) AppleWebKit/605.1.15 (KHTML, like Gecko) CriOS/151.0.7922.112 Mobile/15E148 Safari/604.1"
66.249.71.9 - - [26/Aug/2026:14:24:52 +0800] "GET /wp-login.php?action=ilc_logout&_wpnonce=43754d0aad&redirect_to=http://prodlipodpisku.ru/job/87897/ HTTP/1.1" 302 8249 "-" "Mozilla/5.0 (Linux; Android 6.0.1; Nexus 5X Build/MMB29P) AppleWebKit/537.36 (KHTML, like Gecko) Chrome/151.0.7922.173 Mobile Safari/537.36 (compatible; GoogleOther)"
143.20.253.187 - - [26/Aug/2026:14:24:54 +0800] "GET /26150/wp-includes/js/hoverintent-js.min.js HTTP/1.1" 200 1597 "https://2blog.ilc.edu.tw/26150/2015/08/page/3/" "Mozilla/5.0 (X11; Linux x86_64) AppleWebKit/537.36 (KHTML, like Gecko) Chrome/146.0.0.0 Safari/537.36"
2407:4b00:4c0c:82f0:186:e77c:b65a:c905 - - [26/Aug/2026:14:24:54 +0800] "GET /wp-content/uploads/sites/411/2026/06/6-768x528.jpg HTTP/1.1" 200 76801 "https://www.ltjh.ilc.edu.tw/" "Mozilla/5.0 (iPad; CPU OS 26_6_0 like Mac OS X) AppleWebKit/605.1.15 (KHTML, like Gecko) CriOS/151.0.7922.112 Mobile/15E148 Safari/604.1"
2001:288:a273:1:94b7:ab7f:cdd6:4186 - - [26/Aug/2026:14:24:52 +0800] "GET /wp-content/uploads/sites/3846/2025/11/%E8%9E%A2%E5%B9%95%E6%93%B7%E5%8F%96%E7%95%AB%E9%9D%A2-2025-11-13-131522.png HTTP/1.1" 200 3761926 "https://www.ilc.edu.tw/" "Mozilla/5.0 (Windows NT 10.0; Win64; x64) AppleWebKit/537.36 (KHTML, like Gecko) Chrome/151.0.0.0 Safari/537.36"
2407:4b00:4c0c:82f0:186:e77c:b65a:c905 - - [26/Aug/2026:14:24:55 +0800] "GET /wp-content/uploads/sites/411/2026/06/3-768x528.jpg HTTP/1.1" 200 130385 "https://www.ltjh.ilc.edu.tw/" "Mozilla/5.0 (iPad; CPU OS 26_6_0 like Mac OS X) AppleWebKit/605.1.15 (KHTML, like Gecko) CriOS/151.0.7922.112 Mobile/15E148 Safari/604.1"
100.28.49.152 - - [26/Aug/2026:14:24:55 +0800] "GET /332test/wp-content/uploads/sites/3511/2022/06/%E5%BB%BA%E7%AB%8B%E6%99%AF%E9%BB%9E013.jpg HTTP/1.1" 200 69243 "-" "Mozilla/5.0 AppleWebKit/537.36 (KHTML, like Gecko; compatible; Amazonbot/0.1; +https://developer.amazon.com/support/amazonbot) Chrome/119.0.6045.214 Safari/537.36"
2001:288:a273:1:94b7:ab7f:cdd6:4186 - - [26/Aug/2026:14:24:54 +0800] "GET /wp-content/uploads/sites/3846/2024/05/%E8%9E%A2%E5%B9%95%E6%93%B7%E5%8F%96%E7%95%AB%E9%9D%A2-2024-05-16-103456.png HTTP/1.1" 200 2702922 "https://www.ilc.edu.tw/" "Mozilla/5.0 (Windows NT 10.0; Win64; x64) AppleWebKit/537.36 (KHTML, like Gecko) Chrome/151.0.0.0 Safari/537.36"
::1 - - [26/Aug/2026:14:24:55 +0800] "OPTIONS * HTTP/1.0" 200 110 "-" "Apache/2.4.68 (Ubuntu) OpenSSL/3.0.19 (internal dummy connection)"
140.111.67.10 - - [26/Aug/2026:14:24:55 +0800] "GET /" 301 273 "-" "-"
2407:4b00:4c0c:82f0:186:e77c:b65a:c905 - - [26/Aug/2026:14:24:55 +0800] "GET /wp-content/uploads/sites/411/2026/06/7-768x528.jpg HTTP/1.1" 200 74069 "https://www.ltjh.ilc.edu.tw/" "Mozilla/5.0 (iPad; CPU OS 26_6_0 like Mac OS X) AppleWebKit/605.1.15 (KHTML, like Gecko) CriOS/151.0.7922.112 Mobile/15E148 Safari/604.1"
143.20.253.187 - - [26/Aug/2026:14:24:55 +0800] "GET /26150/wp-content/themes/oceanwp/assets/js/theme.min.js HTTP/1.1" 200 5130 "https://2blog.ilc.edu.tw/26150/2015/08/page/3/" "Mozilla/5.0 (X11; Linux x86_64) AppleWebKit/537.36 (KHTML, like Gecko) Chrome/146.0.0.0 Safari/537.36"
2407:4b00:4c0c:82f0:186:e77c:b65a:c905 - - [26/Aug/2026:14:24:55 +0800] "GET /wp-content/uploads/sites/411/2026/06/8-768x528.jpg HTTP/1.1" 200 123588 "https://www.ltjh.ilc.edu.tw/" "Mozilla/5.0 (iPad; CPU OS 26_6_0 like Mac OS X) AppleWebKit/605.1.15 (KHTML, like Gecko) CriOS/151.0.7922.112 Mobile/15E148 Safari/604.1"
140.111.67.195 - - [26/Aug/2026:14:24:55 +0800] "GET /wp-admin/admin-post.php?action=steps_ad HTTP/1.1" 200 1973 "-" "node-fetch/1.0 (+https://github.com/bitinn/node-fetch)"
2001:b400:e25d:3b2c:b971:95c0:de73:8d1c - - [26/Aug/2026:14:24:55 +0800] "GET / HTTP/1.1" 200 29814 "https://www.google.com/" "Mozilla/5.0 (iPhone; CPU iPhone OS 18_7 like Mac OS X) AppleWebKit/605.1.15 (KHTML, like Gecko) Version/26.0.1 Mobile/15E148 Safari/604.1"
2001:b400:e25d:3b2c:b971:95c0:de73:8d1c - - [26/Aug/2026:14:24:56 +0800] "GET /wp-content/cache/www.fsjh.ilc.edu.tw/wpfc-minified/k1jimmmj/6wah.css HTTP/1.1" 200 45695 "https://www.fsjh.ilc.edu.tw/" "Mozilla/5.0 (iPhone; CPU iPhone OS 18_7 like Mac OS X) AppleWebKit/605.1.15 (KHTML, like Gecko) Version/26.0.1 Mobile/15E148 Safari/604.1"
2001:b400:e25d:3b2c:b971:95c0:de73:8d1c - - [26/Aug/2026:14:24:56 +0800] "GET /wp-content/cache/www.fsjh.ilc.edu.tw/wpfc-minified/qa4zgiv7/6wah.css HTTP/1.1" 200 5939 "https://www.fsjh.ilc.edu.tw/" "Mozilla/5.0 (iPhone; CPU iPhone OS 18_7 like Mac OS X) AppleWebKit/605.1.15 (KHTML, like Gecko) Version/26.0.1 Mobile/15E148 Safari/604.1"
2001:b400:e25d:3b2c:b971:95c0:de73:8d1c - - [26/Aug/2026:14:24:56 +0800] "GET /wp-content/cache/www.fsjh.ilc.edu.tw/wpfc-minified/6klmbkv7/6wah.css HTTP/1.1" 200 28116 "https://www.fsjh.ilc.edu.tw/" "Mozilla/5.0 (iPhone; CPU iPhone OS 18_7 like Mac OS X) AppleWebKit/605.1.15 (KHTML, like Gecko) Version/26.0.1 Mobile/15E148 Safari/604.1"
2001:b400:e25d:3b2c:b971:95c0:de73:8d1c - - [26/Aug/2026:14:24:56 +0800] "GET /wp-content/uploads/sites/2666/elementor/css/post-103.css HTTP/1.1" 200 5805 "https://www.fsjh.ilc.edu.tw/" "Mozilla/5.0 (iPhone; CPU iPhone OS 18_7 like Mac OS X) AppleWebKit/605.1.15 (KHTML, like Gecko) Version/26.0.1 Mobile/15E148 Safari/604.1"
2001:b400:e25d:3b2c:b971:95c0:de73:8d1c - - [26/Aug/2026:14:24:56 +0800] "GET /wp-includes/js/imagesloaded.min.js HTTP/1.1" 200 2683 "https://www.fsjh.ilc.edu.tw/" "Mozilla/5.0 (iPhone; CPU iPhone OS 18_7 like Mac OS X) AppleWebKit/605.1.15 (KHTML, like Gecko) Version/26.0.1 Mobile/15E148 Safari/604.1"
2001:b400:e25d:3b2c:b971:95c0:de73:8d1c - - [26/Aug/2026:14:24:56 +0800] "GET /wp-includes/js/admin-bar.min.js HTTP/1.1" 200 2237 "https://www.fsjh.ilc.edu.tw/" "Mozilla/5.0 (iPhone; CPU iPhone OS 18_7 like Mac OS X) AppleWebKit/605.1.15 (KHTML, like Gecko) Version/26.0.1 Mobile/15E148 Safari/604.1"
2001:b400:e25d:3b2c:b971:95c0:de73:8d1c - - [26/Aug/2026:14:24:56 +0800] "GET /wp-content/themes/oceanwp/assets/js/theme.min.js HTTP/1.1" 200 5130 "https://www.fsjh.ilc.edu.tw/" "Mozilla/5.0 (iPhone; CPU iPhone OS 18_7 like Mac OS X) AppleWebKit/605.1.15 (KHTML, like Gecko) Version/26.0.1 Mobile/15E148 Safari/604.1"
2407:4b00:4c0c:82f0:186:e77c:b65a:c905 - - [26/Aug/2026:14:24:56 +0800] "GET /wp-content/uploads/sites/411/2026/06/9-768x528.jpg HTTP/1.1" 200 114799 "https://www.ltjh.ilc.edu.tw/" "Mozilla/5.0 (iPad; CPU OS 26_6_0 like Mac OS X) AppleWebKit/605.1.15 (KHTML, like Gecko) CriOS/151.0.7922.112 Mobile/15E148 Safari/604.1"
2001:b400:e25d:3b2c:b971:95c0:de73:8d1c - - [26/Aug/2026:14:24:56 +0800] "GET /wp-content/themes/oceanwp/assets/js/ow-lightbox.min.js HTTP/1.1" 200 2321 "https://www.fsjh.ilc.edu.tw/" "Mozilla/5.0 (iPhone; CPU iPhone OS 18_7 like Mac OS X) AppleWebKit/605.1.15 (KHTML, like Gecko) Version/26.0.1 Mobile/15E148 Safari/604.1"
2001:b400:e25d:3b2c:b971:95c0:de73:8d1c - - [26/Aug/2026:14:24:56 +0800] "GET /wp-content/cache/www.fsjh.ilc.edu.tw/wpfc-minified/lm0klrml/6wah.css HTTP/1.1" 200 93589 "https://www.fsjh.ilc.edu.tw/" "Mozilla/5.0 (iPhone; CPU iPhone OS 18_7 like Mac OS X) AppleWebKit/605.1.15 (KHTML, like Gecko) Version/26.0.1 Mobile/15E148 Safari/604.1"
2001:b400:e25d:3b2c:b971:95c0:de73:8d1c - - [26/Aug/2026:14:24:56 +0800] "GET /wp-content/themes/oceanwp/assets/js/vendors/flickity.pkgd.min.js HTTP/1.1" 200 15048 "https://www.fsjh.ilc.edu.tw/" "Mozilla/5.0 (iPhone; CPU iPhone OS 18_7 like Mac OS X) AppleWebKit/605.1.15 (KHTML, like Gecko) Version/26.0.1 Mobile/15E148 Safari/604.1"
2001:b400:e25d:3b2c:b971:95c0:de73:8d1c - - [26/Aug/2026:14:24:56 +0800] "GET /wp-content/themes/oceanwp/assets/js/scroll-effect.min.js HTTP/1.1" 200 4127 "https://www.fsjh.ilc.edu.tw/" "Mozilla/5.0 (iPhone; CPU iPhone OS 18_7 like Mac OS X) AppleWebKit/605.1.15 (KHTML, like Gecko) Version/26.0.1 Mobile/15E148 Safari/604.1"
2001:b400:e25d:3b2c:b971:95c0:de73:8d1c - - [26/Aug/2026:14:24:56 +0800] "GET /wp-content/plugins/elementor-pro/assets/js/webpack-pro.runtime.min.js HTTP/1.1" 200 3562 "https://www.fsjh.ilc.edu.tw/" "Mozilla/5.0 (iPhone; CPU iPhone OS 18_7 like Mac OS X) AppleWebKit/605.1.15 (KHTML, like Gecko) Version/26.0.1 Mobile/15E148 Safari/604.1"
2001:b400:e25d:3b2c:b971:95c0:de73:8d1c - - [26/Aug/2026:14:24:56 +0800] "GET /wp-content/plugins/elementor/assets/js/frontend-modules.min.js HTTP/1.1" 200 19416 "https://www.fsjh.ilc.edu.tw/" "Mozilla/5.0 (iPhone; CPU iPhone OS 18_7 like Mac OS X) AppleWebKit/605.1.15 (KHTML, like Gecko) Version/26.0.1 Mobile/15E148 Safari/604.1"
2001:b400:e25d:3b2c:b971:95c0:de73:8d1c - - [26/Aug/2026:14:24:56 +0800] "GET /wp-content/plugins/elementor-pro/assets/js/frontend.min.js HTTP/1.1" 200 7574 "https://www.fsjh.ilc.edu.tw/" "Mozilla/5.0 (iPhone; CPU iPhone OS 18_7 like Mac OS X) AppleWebKit/605.1.15 (KHTML, like Gecko) Version/26.0.1 Mobile/15E148 Safari/604.1"
2001:b400:e25d:3b2c:b971:95c0:de73:8d1c - - [26/Aug/2026:14:24:56 +0800] "GET /wp-content/plugins/elementor/assets/lib/waypoints/waypoints.min.js HTTP/1.1" 200 3873 "https://www.fsjh.ilc.edu.tw/" "Mozilla/5.0 (iPhone; CPU iPhone OS 18_7 like Mac OS X) AppleWebKit/605.1.15 (KHTML, like Gecko) Version/26.0.1 Mobile/15E148 Safari/604.1"
2001:b400:e25d:3b2c:b971:95c0:de73:8d1c - - [26/Aug/2026:14:24:56 +0800] "GET /wp-content/plugins/elementor/assets/js/frontend.min.js HTTP/1.1" 200 13169 "https://www.fsjh.ilc.edu.tw/" "Mozilla/5.0 (iPhone; CPU iPhone OS 18_7 like Mac OS X) AppleWebKit/605.1.15 (KHTML, like Gecko) Version/26.0.1 Mobile/15E148 Safari/604.1"
140.111.67.195 - - [26/Aug/2026:14:24:55 +0800] "GET /wp-admin/admin-post.php?action=steps_ad HTTP/1.1" 200 1649 "-" "node-fetch/1.0 (+https://github.com/bitinn/node-fetch)"
2001:b400:e25d:3b2c:b971:95c0:de73:8d1c - - [26/Aug/2026:14:24:56 +0800] "GET /wp-content/plugins/wp-dtree-30/dtree-img/join.gif HTTP/1.1" 200 894 "https://www.fsjh.ilc.edu.tw/" "Mozilla/5.0 (iPhone; CPU iPhone OS 18_7 like Mac OS X) AppleWebKit/605.1.15 (KHTML, like Gecko) Version/26.0.1 Mobile/15E148 Safari/604.1"
2001:b400:e25d:3b2c:b971:95c0:de73:8d1c - - [26/Aug/2026:14:24:56 +0800] "GET /wp-content/plugins/wp-dtree-30/dtree-img/joinbottom.gif HTTP/1.1" 200 891 "https://www.fsjh.ilc.edu.tw/" "Mozilla/5.0 (iPhone; CPU iPhone OS 18_7 like Mac OS X) AppleWebKit/605.1.15 (KHTML, like Gecko) Version/26.0.1 Mobile/15E148 Safari/604.1"
2001:b400:e25d:3b2c:b971:95c0:de73:8d1c - - [26/Aug/2026:14:24:56 +0800] "GET /wp-content/uploads/sites/2666/2021/04/bg18.gif HTTP/1.1" 200 4792 "https://www.fsjh.ilc.edu.tw/" "Mozilla/5.0 (iPhone; CPU iPhone OS 18_7 like Mac OS X) AppleWebKit/605.1.15 (KHTML, like Gecko) Version/26.0.1 Mobile/15E148 Safari/604.1"
2001:b400:e25d:3b2c:b971:95c0:de73:8d1c - - [26/Aug/2026:14:24:56 +0800] "GET /wp-content/uploads/sites/2666/2021/04/BLOG_Banner.jpg HTTP/1.1" 200 103266 "https://www.fsjh.ilc.edu.tw/" "Mozilla/5.0 (iPhone; CPU iPhone OS 18_7 like Mac OS X) AppleWebKit/605.1.15 (KHTML, like Gecko) Version/26.0.1 Mobile/15E148 Safari/604.1"
143.20.253.187 - - [26/Aug/2026:14:24:56 +0800] "GET /26150/wp-content/themes/oceanwp/assets/js/ow-lightbox.min.js HTTP/1.1" 200 2321 "https://2blog.ilc.edu.tw/26150/2015/08/page/3/" "Mozilla/5.0 (X11; Linux x86_64) AppleWebKit/537.36 (KHTML, like Gecko) Chrome/146.0.0.0 Safari/537.36"
2001:4860:7:810::e6 - - [26/Aug/2026:14:24:56 +0800] "GET /1003/category/c-29886/page/9/ HTTP/1.1" 200 19457 "https://www.google.com/" "Mozilla/5.0 (Windows NT 10.0; Win64; x64) AppleWebKit/537.36 (KHTML, like Gecko) Chrome/151.0.0.0 Safari/537.36"
2407:4b00:4c0c:82f0:186:e77c:b65a:c905 - - [26/Aug/2026:14:24:56 +0800] "GET /wp-content/uploads/sites/411/2026/06/10-768x528.jpg HTTP/1.1" 200 109168 "https://www.ltjh.ilc.edu.tw/" "Mozilla/5.0 (iPad; CPU OS 26_6_0 like Mac OS X) AppleWebKit/605.1.15 (KHTML, like Gecko) CriOS/151.0.7922.112 Mobile/15E148 Safari/604.1"
143.20.253.187 - - [26/Aug/2026:14:24:56 +0800] "GET /26150/wp-content/themes/oceanwp/assets/js/scroll-effect.min.js HTTP/1.1" 200 4127 "https://2blog.ilc.edu.tw/26150/2015/08/page/3/" "Mozilla/5.0 (X11; Linux x86_64) AppleWebKit/537.36 (KHTML, like Gecko) Chrome/146.0.0.0 Safari/537.36"
2001:288:a221:1:a15c:2a34:8e2:530 - - [26/Aug/2026:14:24:56 +0800] "GET /wp-content/uploads/sites/3846/2023/05/%E9%A6%96%E9%A0%81%E5%B0%8F%E6%A8%99_%E5%BD%B1%E9%9F%B3.png HTTP/1.1" 200 7253 "https://www.ilc.edu.tw/" "Mozilla/5.0 (Windows NT 10.0; Win64; x64) AppleWebKit/537.36 (KHTML, like Gecko) Chrome/151.0.0.0 Safari/537.36"
2001:288:a221:1:a15c:2a34:8e2:530 - - [26/Aug/2026:14:24:56 +0800] "GET /wp-content/uploads/sites/3846/2024/04/%E5%AD%B8%E6%A0%A1%E7%94%A8%E5%9C%B0.png HTTP/1.1" 200 24592 "https://www.ilc.edu.tw/" "Mozilla/5.0 (Windows NT 10.0; Win64; x64) AppleWebKit/537.36 (KHTML, like Gecko) Chrome/151.0.0.0 Safari/537.36"
2001:288:a221:1:a15c:2a34:8e2:530 - - [26/Aug/2026:14:24:56 +0800] "GET /wp-content/uploads/sites/3846/2023/05/%E6%95%B8%E4%BD%8D%E5%AD%B8%E7%BF%92%E6%94%AF%E6%8C%81%E5%B9%B3%E5%8F%B0-Banner.png HTTP/1.1" 200 21380 "https://www.ilc.edu.tw/" "Mozilla/5.0 (Windows NT 10.0; Win64; x64) AppleWebKit/537.36 (KHTML, like Gecko) Chrome/151.0.0.0 Safari/537.36"
2001:288:a221:1:a15c:2a34:8e2:530 - - [26/Aug/2026:14:24:56 +0800] "GET /wp-content/uploads/sites/3846/2024/01/%E7%A7%91%E6%8A%80%E9%A0%98%E5%9F%9F%E6%87%89%E7%94%A8%E7%AB%B6%E8%B3%BD.png HTTP/1.1" 200 25117 "https://www.ilc.edu.tw/" "Mozilla/5.0 (Windows NT 10.0; Win64; x64) AppleWebKit/537.36 (KHTML, like Gecko) Chrome/151.0.0.0 Safari/537.36"
2001:288:a221:1:a15c:2a34:8e2:530 - - [26/Aug/2026:14:24:56 +0800] "GET /wp-content/uploads/sites/3846/2023/05/%E9%A6%96%E9%A0%81%E5%B0%8F%E6%A8%99_%E6%B4%BB%E5%8B%95%E5%B0%88%E5%8D%80.png HTTP/1.1" 200 7336 "https://www.ilc.edu.tw/" "Mozilla/5.0 (Windows NT 10.0; Win64; x64) AppleWebKit/537.36 (KHTML, like Gecko) Chrome/151.0.0.0 Safari/537.36"
2001:288:a221:1:a15c:2a34:8e2:530 - - [26/Aug/2026:14:24:56 +0800] "GET /wp-content/uploads/sites/3846/2023/05/%E6%94%BF%E7%AD%96%E6%A5%AD%E5%8B%99%E5%AE%A3%E5%B0%8E-banner.png HTTP/1.1" 200 24176 "https://www.ilc.edu.tw/" "Mozilla/5.0 (Windows NT 10.0; Win64; x64) AppleWebKit/537.36 (KHTML, like Gecko) Chrome/151.0.0.0 Safari/537.36"
2001:288:a221:1:a15c:2a34:8e2:530 - - [26/Aug/2026:14:24:56 +0800] "GET /wp-content/uploads/sites/3846/2025/05/%E8%BC%AA%E6%92%AD%E5%9C%96%E8%AA%BF%E5%A4%A7%E5%B0%8F_%E6%95%99%E8%82%B2%E8%99%95%E5%B0%8Fbanner.png HTTP/1.1" 200 6660 "https://www.ilc.edu.tw/" "Mozilla/5.0 (Windows NT 10.0; Win64; x64) AppleWebKit/537.36 (KHTML, like Gecko) Chrome/151.0.0.0 Safari/537.36"
2001:288:a221:1:a15c:2a34:8e2:530 - - [26/Aug/2026:14:24:56 +0800] "GET /wp-content/uploads/sites/3846/2025/05/%E8%AA%9E%E6%96%87%E7%AB%B6%E8%B3%BD180X50.png HTTP/1.1" 200 10112 "https://www.ilc.edu.tw/" "Mozilla/5.0 (Windows NT 10.0; Win64; x64) AppleWebKit/537.36 (KHTML, like Gecko) Chrome/151.0.0.0 Safari/537.36"
2001:288:a221:1:a15c:2a34:8e2:530 - - [26/Aug/2026:14:24:56 +0800] "GET /wp-content/uploads/sites/3846/2023/05/%E8%88%9E%E8%B9%88%E6%AF%94%E8%B3%BD-banner.jpg HTTP/1.1" 200 9565 "https://www.ilc.edu.tw/" "Mozilla/5.0 (Windows NT 10.0; Win64; x64) AppleWebKit/537.36 (KHTML, like Gecko) Chrome/151.0.0.0 Safari/537.36"
2001:288:a221:1:a15c:2a34:8e2:530 - - [26/Aug/2026:14:24:56 +0800] "GET /wp-content/uploads/sites/3846/2025/09/%E6%95%99%E8%82%B2%E8%99%95%E6%B4%BB%E5%8B%95%E5%B0%88%E5%8D%80%E5%B0%8F%E5%9C%96-4-2.png HTTP/1.1" 200 21768 "https://www.ilc.edu.tw/" "Mozilla/5.0 (Windows NT 10.0; Win64; x64) AppleWebKit/537.36 (KHTML, like Gecko) Chrome/151.0.0.0 Safari/537.36"
2001:288:a221:1:a15c:2a34:8e2:530 - - [26/Aug/2026:14:24:56 +0800] "GET /wp-content/uploads/sites/3846/2025/09/%E6%95%99%E8%82%B2%E8%99%95%E6%B4%BB%E5%8B%95%E5%B0%88%E5%8D%80%E5%B0%8F%E5%9C%96-3.png HTTP/1.1" 200 12380 "https://www.ilc.edu.tw/" "Mozilla/5.0 (Windows NT 10.0; Win64; x64) AppleWebKit/537.36 (KHTML, like Gecko) Chrome/151.0.0.0 Safari/537.36"
2001:288:a221:1:a15c:2a34:8e2:530 - - [26/Aug/2026:14:24:56 +0800] "GET /wp-content/uploads/sites/3846/2025/09/%E6%95%99%E8%82%B2%E8%99%95%E6%B4%BB%E5%8B%95%E5%B0%88%E5%8D%80%E5%B0%8F%E5%9C%96-2-3.png HTTP/1.1" 200 9664 "https://www.ilc.edu.tw/" "Mozilla/5.0 (Windows NT 10.0; Win64; x64) AppleWebKit/537.36 (KHTML, like Gecko) Chrome/151.0.0.0 Safari/537.36"
2001:288:a221:1:a15c:2a34:8e2:530 - - [26/Aug/2026:14:24:56 +0800] "GET /wp-content/uploads/sites/3846/2025/07/%E6%95%99%E8%82%B2%E8%99%95%E9%A6%96%E9%A0%81_%E5%B0%8Fbanner_%E5%AE%9C%E8%98%AD%E7%B8%A3%E6%94%BF%E5%BA%9C%E5%9C%8B%E4%B8%AD%E5%B0%8F%E6%AD%A3%E5%B8%B8%E6%95%99%E5%AD%B8%E8%A6%96%E5%B0%8E-1.png HTTP/1.1" 200 8670 "https://www.ilc.edu.tw/" "Mozilla/5.0 (Windows NT 10.0; Win64; x64) AppleWebKit/537.36 (KHTML, like Gecko) Chrome/151.0.0.0 Safari/537.36"
2001:288:a221:1:a15c:2a34:8e2:530 - - [26/Aug/2026:14:24:56 +0800] "GET /wp-content/uploads/sites/3846/2026/08/%E6%95%99%E8%82%B2%E8%99%95%E6%B4%BB%E5%8B%95%E5%B0%88%E5%8D%80%E5%B0%8F%E5%9C%96-7.png HTTP/1.1" 200 12851 "https://www.ilc.edu.tw/" "Mozilla/5.0 (Windows NT 10.0; Win64; x64) AppleWebKit/537.36 (KHTML, like Gecko) Chrome/151.0.0.0 Safari/537.36"
2407:4b00:4c0c:82f0:186:e77c:b65a:c905 - - [26/Aug/2026:14:24:56 +0800] "GET /wp-content/uploads/sites/411/2025/06/%E9%98%B2%E6%B2%BB%E6%80%A7%E9%A8%B7.png HTTP/1.1" 200 196010 "https://www.ltjh.ilc.edu.tw/" "Mozilla/5.0 (iPad; CPU OS 26_6_0 like Mac OS X) AppleWebKit/605.1.15 (KHTML, like Gecko) CriOS/151.0.7922.112 Mobile/15E148 Safari/604.1"
140.111.67.195 - - [26/Aug/2026:14:24:56 +0800] "GET /wp-admin/admin-post.php?action=steps_ad HTTP/1.1" 200 1649 "-" "node-fetch/1.0 (+https://github.com/bitinn/node-fetch)"
143.20.253.187 - - [26/Aug/2026:14:24:57 +0800] "GET /26150/wp-content/themes/oceanwp/assets/js/select.min.js HTTP/1.1" 200 2408 "https://2blog.ilc.edu.tw/26150/2015/08/page/3/" "Mozilla/5.0 (X11; Linux x86_64) AppleWebKit/537.36 (KHTML, like Gecko) Chrome/146.0.0.0 Safari/537.36"
2001:b400:e25d:3b2c:b971:95c0:de73:8d1c - - [26/Aug/2026:14:24:57 +0800] "GET /wp-content/uploads/sites/2666/2020/10/cropped-040628%E5%BE%A9%E8%88%88%E5%9C%8B%E4%B8%ADlogo-only-FSblue-3-192x192.gif HTTP/1.1" 200 9425 "https://www.fsjh.ilc.edu.tw/" "Mozilla/5.0 (iPhone; CPU iPhone OS 18_7 like Mac OS X) AppleWebKit/605.1.15 (KHTML, like Gecko) Version/26.0.1 Mobile/15E148 Safari/604.1"
2001:b400:e25d:3b2c:b971:95c0:de73:8d1c - - [26/Aug/2026:14:24:57 +0800] "GET /wp-content/uploads/sites/2666/2020/10/cropped-040628%E5%BE%A9%E8%88%88%E5%9C%8B%E4%B8%ADlogo-only-FSblue-3-32x32.gif HTTP/1.1" 200 1778 "https://www.fsjh.ilc.edu.tw/" "Mozilla/5.0 (iPhone; CPU iPhone OS 18_7 like Mac OS X) AppleWebKit/605.1.15 (KHTML, like Gecko) Version/26.0.1 Mobile/15E148 Safari/604.1"
34.57.162.91 - - [26/Aug/2026:14:24:57 +0800] "GET /2024/09/13/%E8%BD%89%E7%9F%A5%E8%A1%9B%E7%94%9F%E7%A6%8F%E5%88%A9%E9%83%A8%E9%A3%9F%E5%93%81%E8%97%A5%E7%89%A9%E7%AE%A1%E7%90%86%E7%BD%B2%E8%A8%82%E5%AE%9A%E3%80%8C%E9%A4%90%E9%A3%B2%E6%A5%AD%E7%8F%BE%E5%A0%B4/ HTTP/1.1" 200 29638 "-" "Mozilla/5.0 (Macintosh; Intel Mac OS X 10_15_7) AppleWebKit/537.36 (KHTML, like Gecko) Chrome/120.0.0.0 Safari/537.36"
2407:4b00:4c0c:82f0:186:e77c:b65a:c905 - - [26/Aug/2026:14:24:57 +0800] "GET /wp-content/uploads/sites/411/2025/11/376420000A_1140189696_ATTACH1.png HTTP/1.1" 200 18436 "https://www.ltjh.ilc.edu.tw/" "Mozilla/5.0 (iPad; CPU OS 26_6_0 like Mac OS X) AppleWebKit/605.1.15 (KHTML, like Gecko) CriOS/151.0.7922.112 Mobile/15E148 Safari/604.1"
