2001:4860:7:410::ee - - [26/Aug/2026:14:23:41 +0800] "GET /26151/2020/07/28/%E7%89%B9%E6%95%99%E8%B3%87%E6%BA%90%E4%B8%AD%E5%BF%83%E6%88%90%E5%93%A1%E5%8F%8A%E5%B7%A5%E4%BD%9C%E5%9F%B7%E6%8E%8C-2/ HTTP/1.1" 200 26186 "https://www.google.com/" "Mozilla/5.0 (Linux; Android 10; K) AppleWebKit/537.36 (KHTML, like Gecko) Chrome/151.0.0.0 Mobile Safari/537.36"
140.111.67.195 - - [26/Aug/2026:14:23:41 +0800] "GET /wp-admin/admin-post.php?action=steps_ad HTTP/1.1" 200 1649 "-" "node-fetch/1.0 (+https://github.com/bitinn/node-fetch)"
2a03:2880:f802:2a:: - - [26/Aug/2026:14:23:41 +0800] "GET /Other/MIDI/default.htm HTTP/1.1" 404 90807 "-" "Mozilla/5.0 (Windows NT 10.0; Win64; x64) AppleWebKit/537.36 (KHTML, like Gecko) Chrome/145.0.0.0 Safari/537.36 (compatible; meta-externalagent/1.1 (+https://developers.facebook.com/docs/sharing/webmasters/crawler))"
57.141.2.44 - - [26/Aug/2026:14:23:42 +0800] "GET /6537/wp-json/wp/v2/posts/6387 HTTP/1.1" 200 13707 "-" "Mozilla/5.0 (Windows NT 10.0; Win64; x64) AppleWebKit/537.36 (KHTML, like Gecko) Chrome/145.0.0.0 Safari/537.36 (compatible; meta-externalagent/1.1 (+https://developers.facebook.com/docs/sharing/webmasters/crawler))"
34.206.193.60 - - [26/Aug/2026:14:23:42 +0800] "GET /wp-content/uploads/sites/3591/simply-static/temp-files/simply-static-3591-1736237769/wp-content/uploads/sites/3591/2024/09/%E7%A7%91%E5%AD%B804.jpg HTTP/1.1" 200 68093 "-" "Mozilla/5.0 AppleWebKit/537.36 (KHTML, like Gecko; compatible; Amazonbot/0.1; +https://developer.amazon.com/support/amazonbot) Chrome/119.0.6045.214 Safari/537.36"
2402:7500:916:b3a5::8afd:3e3b - - [26/Aug/2026:14:23:42 +0800] "GET /1003/wp-content/cache/2blog.ilc.edu.tw/wpfc-minified/mknpejql/5woub.css HTTP/1.1" 200 45680 "-" "Mozilla/5.0 (Linux; Android 10; K) AppleWebKit/537.36 (KHTML, like Gecko) Chrome/151.0.0.0 Mobile Safari/537.36"
240e:971:6000:1::7a - - [26/Aug/2026:14:23:42 +0800] "GET /6093/wp-content/cache/2blog.ilc.edu.tw/wpfc-minified/6wsjmytt/5wosg.css HTTP/1.1" 200 16121 "https://2blog.ilc.edu.tw/6093/category/%E3%80%8A%E5%A4%A7%E9%87%8C%E5%9C%8B%E5%B0%8F%E7%92%B0%E5%A2%83%E6%95%99%E8%82%B2%E6%AD%B7%E5%B9%B4%E8%B3%87%E6%96%99%E3%80%8B/c-20127/page/2/" "Mozilla/5.0 (Windows NT 10.0; Win64; x64) AppleWebKit/537.36 (KHTML, like Gecko) Chrome/144.0.0.0 Safari/537.36"
2402:7500:916:b3a5::8afd:3e3b - - [26/Aug/2026:14:23:42 +0800] "GET /1003/2012/06/25/%E5%AF%AB%E4%BD%9C%E6%95%99%E5%AD%B8%E4%B8%89%E5%B9%B4%E7%B4%9A%E5%AD%B8%E7%94%9F%E8%87%AA%E4%B8%BB%E5%AD%B8%E7%BF%92%E7%9A%84%E4%BD%9C%E6%96%87%E6%95%99%E5%AD%B8/ HTTP/1.1" 200 20702 "https://www.google.com/" "Mozilla/5.0 (Linux; Android 10; K) AppleWebKit/537.36 (KHTML, like Gecko) Chrome/151.0.0.0 Mobile Safari/537.36"
144.31.35.208 - - [26/Aug/2026:14:23:42 +0800] "GET /category/etools HTTP/1.1" 301 5776 "-" "Mozilla/5.0 (X11; Linux x86_64) AppleWebKit/537.36 (KHTML, like Gecko) Chrome/146.0.0.0 Safari/537.36"
2402:7500:916:b3a5::8afd:3e3b - - [26/Aug/2026:14:23:42 +0800] "GET /1003/wp-content/cache/2blog.ilc.edu.tw/wpfc-minified/lx5sg0nx/5wohd.css HTTP/1.1" 200 18290 "-" "Mozilla/5.0 (Linux; Android 10; K) AppleWebKit/537.36 (KHTML, like Gecko) Chrome/151.0.0.0 Mobile Safari/537.36"
2001:288:a213:1:e5bd:a51e:a230:e0fd - - [26/Aug/2026:14:23:42 +0800] "GET /26151/ HTTP/1.1" 200 22971 "https://www.google.com/" "Mozilla/5.0 (Windows NT 10.0; Win64; x64) AppleWebKit/537.36 (KHTML, like Gecko) Chrome/151.0.0.0 Safari/537.36"
2001:288:a213:1:e5bd:a51e:a230:e0fd - - [26/Aug/2026:14:23:42 +0800] "GET /26151/wp-content/cache/2blog.ilc.edu.tw/wpfc-minified/1br8unvq/5wowj.css HTTP/1.1" 200 40888 "https://2blog.ilc.edu.tw/26151/" "Mozilla/5.0 (Windows NT 10.0; Win64; x64) AppleWebKit/537.36 (KHTML, like Gecko) Chrome/151.0.0.0 Safari/537.36"
2001:288:a213:1:e5bd:a51e:a230:e0fd - - [26/Aug/2026:14:23:42 +0800] "GET /26151/wp-content/cache/2blog.ilc.edu.tw/wpfc-minified/knvudv50/5wowj.css HTTP/1.1" 200 20576 "https://2blog.ilc.edu.tw/26151/" "Mozilla/5.0 (Windows NT 10.0; Win64; x64) AppleWebKit/537.36 (KHTML, like Gecko) Chrome/151.0.0.0 Safari/537.36"
2402:7500:916:b3a5::8afd:3e3b - - [26/Aug/2026:14:23:42 +0800] "GET /1003/wp-content/cache/2blog.ilc.edu.tw/wpfc-minified/6jx87ldu/5wohd.js HTTP/1.1" 200 1641 "https://2blog.ilc.edu.tw/1003/2012/06/25/%E5%AF%AB%E4%BD%9C%E6%95%99%E5%AD%B8%E4%B8%89%E5%B9%B4%E7%B4%9A%E5%AD%B8%E7%94%9F%E8%87%AA%E4%B8%BB%E5%AD%B8%E7%BF%92%E7%9A%84%E4%BD%9C%E6%96%87%E6%95%99%E5%AD%B8/" "Mozilla/5.0 (Linux; Android 10; K) AppleWebKit/537.36 (KHTML, like Gecko) Chrome/151.0.0.0 Mobile Safari/537.36"
2001:288:a213:1:e5bd:a51e:a230:e0fd - - [26/Aug/2026:14:23:42 +0800] "GET /26151/wp-content/cache/2blog.ilc.edu.tw/wpfc-minified/7llzr42t/5wowj.css HTTP/1.1" 200 1157 "https://2blog.ilc.edu.tw/26151/" "Mozilla/5.0 (Windows NT 10.0; Win64; x64) AppleWebKit/537.36 (KHTML, like Gecko) Chrome/151.0.0.0 Safari/537.36"
2001:288:a213:1:e5bd:a51e:a230:e0fd - - [26/Aug/2026:14:23:42 +0800] "GET /26151/wp-content/cache/2blog.ilc.edu.tw/wpfc-minified/klk42qct/5wowj.css HTTP/1.1" 200 86510 "https://2blog.ilc.edu.tw/26151/" "Mozilla/5.0 (Windows NT 10.0; Win64; x64) AppleWebKit/537.36 (KHTML, like Gecko) Chrome/151.0.0.0 Safari/537.36"
2001:288:a213:1:e5bd:a51e:a230:e0fd - - [26/Aug/2026:14:23:42 +0800] "GET /26151/wp-content/uploads/sites/1079/elementor/css/post-1945.css HTTP/1.1" 200 1269 "https://2blog.ilc.edu.tw/26151/" "Mozilla/5.0 (Windows NT 10.0; Win64; x64) AppleWebKit/537.36 (KHTML, like Gecko) Chrome/151.0.0.0 Safari/537.36"
2001:288:a213:1:e5bd:a51e:a230:e0fd - - [26/Aug/2026:14:23:42 +0800] "GET /26151/wp-content/cache/2blog.ilc.edu.tw/wpfc-minified/dhzg3i5b/5wowj.css HTTP/1.1" 200 47287 "https://2blog.ilc.edu.tw/26151/" "Mozilla/5.0 (Windows NT 10.0; Win64; x64) AppleWebKit/537.36 (KHTML, like Gecko) Chrome/151.0.0.0 Safari/537.36"
2001:288:a213:1:e5bd:a51e:a230:e0fd - - [26/Aug/2026:14:23:42 +0800] "GET /26151/wp-content/uploads/sites/1079/elementor/css/post-2090.css HTTP/1.1" 200 2251 "https://2blog.ilc.edu.tw/26151/" "Mozilla/5.0 (Windows NT 10.0; Win64; x64) AppleWebKit/537.36 (KHTML, like Gecko) Chrome/151.0.0.0 Safari/537.36"
2001:288:a213:1:e5bd:a51e:a230:e0fd - - [26/Aug/2026:14:23:42 +0800] "GET /26151/wp-content/cache/2blog.ilc.edu.tw/wpfc-minified/kxz5d64a/5wowj.css HTTP/1.1" 200 7988 "https://2blog.ilc.edu.tw/26151/" "Mozilla/5.0 (Windows NT 10.0; Win64; x64) AppleWebKit/537.36 (KHTML, like Gecko) Chrome/151.0.0.0 Safari/537.36"
2001:288:a213:1:e5bd:a51e:a230:e0fd - - [26/Aug/2026:14:23:42 +0800] "GET /26151/wp-content/cache/2blog.ilc.edu.tw/wpfc-minified/zab1kgf/5wowi.css HTTP/1.1" 200 13905 "https://2blog.ilc.edu.tw/26151/" "Mozilla/5.0 (Windows NT 10.0; Win64; x64) AppleWebKit/537.36 (KHTML, like Gecko) Chrome/151.0.0.0 Safari/537.36"
2001:288:a213:1:e5bd:a51e:a230:e0fd - - [26/Aug/2026:14:23:42 +0800] "GET /26151/wp-content/uploads/sites/1079/2021/04/123.jpg HTTP/1.1" 200 57238 "https://2blog.ilc.edu.tw/26151/" "Mozilla/5.0 (Windows NT 10.0; Win64; x64) AppleWebKit/537.36 (KHTML, like Gecko) Chrome/151.0.0.0 Safari/537.36"
2001:288:a213:1:e5bd:a51e:a230:e0fd - - [26/Aug/2026:14:23:42 +0800] "GET /26151/wp-content/cache/2blog.ilc.edu.tw/wpfc-minified/lavtaioi/5wowj.js HTTP/1.1" 200 35566 "https://2blog.ilc.edu.tw/26151/" "Mozilla/5.0 (Windows NT 10.0; Win64; x64) AppleWebKit/537.36 (KHTML, like Gecko) Chrome/151.0.0.0 Safari/537.36"
2001:288:a213:1:e5bd:a51e:a230:e0fd - - [26/Aug/2026:14:23:42 +0800] "GET /26151/wp-includes/js/hoverintent-js.min.js HTTP/1.1" 200 1597 "https://2blog.ilc.edu.tw/26151/" "Mozilla/5.0 (Windows NT 10.0; Win64; x64) AppleWebKit/537.36 (KHTML, like Gecko) Chrome/151.0.0.0 Safari/537.36"
2001:288:a213:1:e5bd:a51e:a230:e0fd - - [26/Aug/2026:14:23:42 +0800] "GET /26151/wp-includes/js/admin-bar.min.js HTTP/1.1" 200 2237 "https://2blog.ilc.edu.tw/26151/" "Mozilla/5.0 (Windows NT 10.0; Win64; x64) AppleWebKit/537.36 (KHTML, like Gecko) Chrome/151.0.0.0 Safari/537.36"
2402:7500:916:b3a5::8afd:3e3b - - [26/Aug/2026:14:23:42 +0800] "GET /1003/wp-content/cache/2blog.ilc.edu.tw/wpfc-minified/q8iljgfz/5woub.js HTTP/1.1" 200 3455 "https://2blog.ilc.edu.tw/1003/2012/06/25/%E5%AF%AB%E4%BD%9C%E6%95%99%E5%AD%B8%E4%B8%89%E5%B9%B4%E7%B4%9A%E5%AD%B8%E7%94%9F%E8%87%AA%E4%B8%BB%E5%AD%B8%E7%BF%92%E7%9A%84%E4%BD%9C%E6%96%87%E6%95%99%E5%AD%B8/" "Mozilla/5.0 (Linux; Android 10; K) AppleWebKit/537.36 (KHTML, like Gecko) Chrome/151.0.0.0 Mobile Safari/537.36"
2001:288:a213:1:e5bd:a51e:a230:e0fd - - [26/Aug/2026:14:23:42 +0800] "GET /26151/wp-includes/js/imagesloaded.min.js HTTP/1.1" 200 2683 "https://2blog.ilc.edu.tw/26151/" "Mozilla/5.0 (Windows NT 10.0; Win64; x64) AppleWebKit/537.36 (KHTML, like Gecko) Chrome/151.0.0.0 Safari/537.36"
2001:288:a213:1:e5bd:a51e:a230:e0fd - - [26/Aug/2026:14:23:42 +0800] "GET /26151/wp-content/themes/oceanwp/assets/js/theme.min.js HTTP/1.1" 200 5130 "https://2blog.ilc.edu.tw/26151/" "Mozilla/5.0 (Windows NT 10.0; Win64; x64) AppleWebKit/537.36 (KHTML, like Gecko) Chrome/151.0.0.0 Safari/537.36"
2001:288:a213:1:e5bd:a51e:a230:e0fd - - [26/Aug/2026:14:23:42 +0800] "GET /26151/wp-content/themes/oceanwp/assets/js/drop-down-mobile-menu.min.js HTTP/1.1" 200 4663 "https://2blog.ilc.edu.tw/26151/" "Mozilla/5.0 (Windows NT 10.0; Win64; x64) AppleWebKit/537.36 (KHTML, like Gecko) Chrome/151.0.0.0 Safari/537.36"
2001:288:a213:1:e5bd:a51e:a230:e0fd - - [26/Aug/2026:14:23:42 +0800] "GET /26151/wp-content/themes/oceanwp/assets/js/drop-down-search.min.js HTTP/1.1" 200 2968 "https://2blog.ilc.edu.tw/26151/" "Mozilla/5.0 (Windows NT 10.0; Win64; x64) AppleWebKit/537.36 (KHTML, like Gecko) Chrome/151.0.0.0 Safari/537.36"
2001:288:a213:1:e5bd:a51e:a230:e0fd - - [26/Aug/2026:14:23:42 +0800] "GET /26151/wp-content/themes/oceanwp/assets/js/vendors/magnific-popup.min.js HTTP/1.1" 200 8270 "https://2blog.ilc.edu.tw/26151/" "Mozilla/5.0 (Windows NT 10.0; Win64; x64) AppleWebKit/537.36 (KHTML, like Gecko) Chrome/151.0.0.0 Safari/537.36"
2001:288:a213:1:e5bd:a51e:a230:e0fd - - [26/Aug/2026:14:23:42 +0800] "GET /26151/wp-content/themes/oceanwp/assets/js/ow-lightbox.min.js HTTP/1.1" 200 2321 "https://2blog.ilc.edu.tw/26151/" "Mozilla/5.0 (Windows NT 10.0; Win64; x64) AppleWebKit/537.36 (KHTML, like Gecko) Chrome/151.0.0.0 Safari/537.36"
2001:288:a213:1:e5bd:a51e:a230:e0fd - - [26/Aug/2026:14:23:42 +0800] "GET /26151/wp-content/themes/oceanwp/assets/js/vendors/flickity.pkgd.min.js HTTP/1.1" 200 15048 "https://2blog.ilc.edu.tw/26151/" "Mozilla/5.0 (Windows NT 10.0; Win64; x64) AppleWebKit/537.36 (KHTML, like Gecko) Chrome/151.0.0.0 Safari/537.36"
2001:288:a213:1:e5bd:a51e:a230:e0fd - - [26/Aug/2026:14:23:42 +0800] "GET /26151/wp-content/themes/oceanwp/assets/js/ow-slider.min.js HTTP/1.1" 200 1761 "https://2blog.ilc.edu.tw/26151/" "Mozilla/5.0 (Windows NT 10.0; Win64; x64) AppleWebKit/537.36 (KHTML, like Gecko) Chrome/151.0.0.0 Safari/537.36"
2001:288:a213:1:e5bd:a51e:a230:e0fd - - [26/Aug/2026:14:23:42 +0800] "GET /26151/wp-content/themes/oceanwp/assets/js/scroll-effect.min.js HTTP/1.1" 200 4127 "https://2blog.ilc.edu.tw/26151/" "Mozilla/5.0 (Windows NT 10.0; Win64; x64) AppleWebKit/537.36 (KHTML, like Gecko) Chrome/151.0.0.0 Safari/537.36"
2001:288:a213:1:e5bd:a51e:a230:e0fd - - [26/Aug/2026:14:23:42 +0800] "GET /26151/wp-content/themes/oceanwp/assets/js/scroll-top.min.js HTTP/1.1" 200 3202 "https://2blog.ilc.edu.tw/26151/" "Mozilla/5.0 (Windows NT 10.0; Win64; x64) AppleWebKit/537.36 (KHTML, like Gecko) Chrome/151.0.0.0 Safari/537.36"
2001:288:a213:1:e5bd:a51e:a230:e0fd - - [26/Aug/2026:14:23:42 +0800] "GET /26151/wp-content/plugins/ocean-extra/includes/widgets/js/flickr.min.js HTTP/1.1" 200 1319 "https://2blog.ilc.edu.tw/26151/" "Mozilla/5.0 (Windows NT 10.0; Win64; x64) AppleWebKit/537.36 (KHTML, like Gecko) Chrome/151.0.0.0 Safari/537.36"
2001:288:a213:1:e5bd:a51e:a230:e0fd - - [26/Aug/2026:14:23:42 +0800] "GET /26151/wp-content/themes/oceanwp/assets/js/select.min.js HTTP/1.1" 200 2408 "https://2blog.ilc.edu.tw/26151/" "Mozilla/5.0 (Windows NT 10.0; Win64; x64) AppleWebKit/537.36 (KHTML, like Gecko) Chrome/151.0.0.0 Safari/537.36"
2001:288:a213:1:e5bd:a51e:a230:e0fd - - [26/Aug/2026:14:23:42 +0800] "GET /26151/wp-content/plugins/elementor-pro/assets/lib/sticky/jquery.sticky.min.js HTTP/1.1" 200 2422 "https://2blog.ilc.edu.tw/26151/" "Mozilla/5.0 (Windows NT 10.0; Win64; x64) AppleWebKit/537.36 (KHTML, like Gecko) Chrome/151.0.0.0 Safari/537.36"
2001:288:a213:1:e5bd:a51e:a230:e0fd - - [26/Aug/2026:14:23:42 +0800] "GET /26151/wp-content/plugins/elementor-pro/assets/lib/smartmenus/jquery.smartmenus.min.js HTTP/1.1" 200 7967 "https://2blog.ilc.edu.tw/26151/" "Mozilla/5.0 (Windows NT 10.0; Win64; x64) AppleWebKit/537.36 (KHTML, like Gecko) Chrome/151.0.0.0 Safari/537.36"
2001:288:a213:1:e5bd:a51e:a230:e0fd - - [26/Aug/2026:14:23:42 +0800] "GET /26151/wp-content/plugins/elementor-pro/assets/js/webpack-pro.runtime.min.js HTTP/1.1" 200 3562 "https://2blog.ilc.edu.tw/26151/" "Mozilla/5.0 (Windows NT 10.0; Win64; x64) AppleWebKit/537.36 (KHTML, like Gecko) Chrome/151.0.0.0 Safari/537.36"
2001:288:a213:1:e5bd:a51e:a230:e0fd - - [26/Aug/2026:14:23:42 +0800] "GET /26151/wp-content/plugins/elementor/assets/js/webpack.runtime.min.js HTTP/1.1" 200 3095 "https://2blog.ilc.edu.tw/26151/" "Mozilla/5.0 (Windows NT 10.0; Win64; x64) AppleWebKit/537.36 (KHTML, like Gecko) Chrome/151.0.0.0 Safari/537.36"
2001:288:a213:1:e5bd:a51e:a230:e0fd - - [26/Aug/2026:14:23:42 +0800] "GET /26151/wp-includes/js/dist/hooks.min.js HTTP/1.1" 200 2421 "https://2blog.ilc.edu.tw/26151/" "Mozilla/5.0 (Windows NT 10.0; Win64; x64) AppleWebKit/537.36 (KHTML, like Gecko) Chrome/151.0.0.0 Safari/537.36"
2001:288:a213:1:e5bd:a51e:a230:e0fd - - [26/Aug/2026:14:23:42 +0800] "GET /26151/wp-content/plugins/elementor/assets/js/frontend-modules.min.js HTTP/1.1" 200 19416 "https://2blog.ilc.edu.tw/26151/" "Mozilla/5.0 (Windows NT 10.0; Win64; x64) AppleWebKit/537.36 (KHTML, like Gecko) Chrome/151.0.0.0 Safari/537.36"
2001:288:a213:1:e5bd:a51e:a230:e0fd - - [26/Aug/2026:14:23:42 +0800] "GET /26151/wp-includes/js/dist/i18n.min.js HTTP/1.1" 200 4547 "https://2blog.ilc.edu.tw/26151/" "Mozilla/5.0 (Windows NT 10.0; Win64; x64) AppleWebKit/537.36 (KHTML, like Gecko) Chrome/151.0.0.0 Safari/537.36"
2001:288:a213:1:e5bd:a51e:a230:e0fd - - [26/Aug/2026:14:23:42 +0800] "GET /26151/wp-content/plugins/elementor/assets/lib/waypoints/waypoints.min.js HTTP/1.1" 200 3873 "https://2blog.ilc.edu.tw/26151/" "Mozilla/5.0 (Windows NT 10.0; Win64; x64) AppleWebKit/537.36 (KHTML, like Gecko) Chrome/151.0.0.0 Safari/537.36"
2001:288:a213:1:e5bd:a51e:a230:e0fd - - [26/Aug/2026:14:23:42 +0800] "GET /26151/wp-content/plugins/elementor-pro/assets/js/frontend.min.js HTTP/1.1" 200 7574 "https://2blog.ilc.edu.tw/26151/" "Mozilla/5.0 (Windows NT 10.0; Win64; x64) AppleWebKit/537.36 (KHTML, like Gecko) Chrome/151.0.0.0 Safari/537.36"
2001:288:a213:1:e5bd:a51e:a230:e0fd - - [26/Aug/2026:14:23:42 +0800] "GET /26151/wp-includes/js/jquery/ui/core.min.js HTTP/1.1" 200 7986 "https://2blog.ilc.edu.tw/26151/" "Mozilla/5.0 (Windows NT 10.0; Win64; x64) AppleWebKit/537.36 (KHTML, like Gecko) Chrome/151.0.0.0 Safari/537.36"
2001:288:a213:1:e5bd:a51e:a230:e0fd - - [26/Aug/2026:14:23:42 +0800] "GET /26151/wp-content/plugins/elementor/assets/js/frontend.min.js HTTP/1.1" 200 13169 "https://2blog.ilc.edu.tw/26151/" "Mozilla/5.0 (Windows NT 10.0; Win64; x64) AppleWebKit/537.36 (KHTML, like Gecko) Chrome/151.0.0.0 Safari/537.36"
2001:288:a213:1:e5bd:a51e:a230:e0fd - - [26/Aug/2026:14:23:42 +0800] "GET /26151/wp-content/plugins/elementor-pro/assets/js/elements-handlers.min.js HTTP/1.1" 200 10882 "https://2blog.ilc.edu.tw/26151/" "Mozilla/5.0 (Windows NT 10.0; Win64; x64) AppleWebKit/537.36 (KHTML, like Gecko) Chrome/151.0.0.0 Safari/537.36"
2402:7500:916:b3a5::8afd:3e3b - - [26/Aug/2026:14:23:42 +0800] "GET /1003/wp-content/cache/2blog.ilc.edu.tw/wpfc-minified/8x7tn0v6/5wohd.css HTTP/1.1" 200 20774 "-" "Mozilla/5.0 (Linux; Android 10; K) AppleWebKit/537.36 (KHTML, like Gecko) Chrome/151.0.0.0 Mobile Safari/537.36"
144.31.35.208 - - [26/Aug/2026:14:23:42 +0800] "GET /category/etools/ HTTP/1.1" 200 14813 "-" "Mozilla/5.0 (X11; Linux x86_64) AppleWebKit/537.36 (KHTML, like Gecko) Chrome/146.0.0.0 Safari/537.36"
2402:7500:916:b3a5::8afd:3e3b - - [26/Aug/2026:14:23:42 +0800] "GET /1003/wp-content/cache/2blog.ilc.edu.tw/wpfc-minified/7jci0eqx/5woub.js HTTP/1.1" 200 35562 "https://2blog.ilc.edu.tw/1003/2012/06/25/%E5%AF%AB%E4%BD%9C%E6%95%99%E5%AD%B8%E4%B8%89%E5%B9%B4%E7%B4%9A%E5%AD%B8%E7%94%9F%E8%87%AA%E4%B8%BB%E5%AD%B8%E7%BF%92%E7%9A%84%E4%BD%9C%E6%96%87%E6%95%99%E5%AD%B8/" "Mozilla/5.0 (Linux; Android 10; K) AppleWebKit/537.36 (KHTML, like Gecko) Chrome/151.0.0.0 Mobile Safari/537.36"
240e:971:6000:1::7a - - [26/Aug/2026:14:23:43 +0800] "GET /6093/wp-content/cache/2blog.ilc.edu.tw/wpfc-minified/7m6bix8t/5wosg.css HTTP/1.1" 200 53636 "https://2blog.ilc.edu.tw/6093/category/%E3%80%8A%E5%A4%A7%E9%87%8C%E5%9C%8B%E5%B0%8F%E7%92%B0%E5%A2%83%E6%95%99%E8%82%B2%E6%AD%B7%E5%B9%B4%E8%B3%87%E6%96%99%E3%80%8B/c-20127/page/2/" "Mozilla/5.0 (Windows NT 10.0; Win64; x64) AppleWebKit/537.36 (KHTML, like Gecko) Chrome/144.0.0.0 Safari/537.36"
2402:7500:916:b3a5::8afd:3e3b - - [26/Aug/2026:14:23:42 +0800] "GET /wp-content/uploads/sites/233/1003/1003-1322477.png HTTP/1.1" 200 555003 "https://2blog.ilc.edu.tw/1003/2012/06/25/%E5%AF%AB%E4%BD%9C%E6%95%99%E5%AD%B8%E4%B8%89%E5%B9%B4%E7%B4%9A%E5%AD%B8%E7%94%9F%E8%87%AA%E4%B8%BB%E5%AD%B8%E7%BF%92%E7%9A%84%E4%BD%9C%E6%96%87%E6%95%99%E5%AD%B8/" "Mozilla/5.0 (Linux; Android 10; K) AppleWebKit/537.36 (KHTML, like Gecko) Chrome/151.0.0.0 Mobile Safari/537.36"
2001:288:a213:1:e5bd:a51e:a230:e0fd - - [26/Aug/2026:14:23:43 +0800] "GET /26151/wp-content/uploads/sites/1079/2021/04/1120-1-1.jpg HTTP/1.1" 200 20437 "https://2blog.ilc.edu.tw/26151/wp-content/uploads/sites/1079/elementor/css/post-2090.css" "Mozilla/5.0 (Windows NT 10.0; Win64; x64) AppleWebKit/537.36 (KHTML, like Gecko) Chrome/151.0.0.0 Safari/537.36"
2001:288:a213:1:e5bd:a51e:a230:e0fd - - [26/Aug/2026:14:23:43 +0800] "GET /26151/wp-content/uploads/sites/1079/2021/04/1112.jpg HTTP/1.1" 200 70181 "https://2blog.ilc.edu.tw/26151/" "Mozilla/5.0 (Windows NT 10.0; Win64; x64) AppleWebKit/537.36 (KHTML, like Gecko) Chrome/151.0.0.0 Safari/537.36"
2001:288:a213:1:e5bd:a51e:a230:e0fd - - [26/Aug/2026:14:23:43 +0800] "GET /26151/wp-content/uploads/sites/1079/2021/04/1113.jpg HTTP/1.1" 200 289833 "https://2blog.ilc.edu.tw/26151/" "Mozilla/5.0 (Windows NT 10.0; Win64; x64) AppleWebKit/537.36 (KHTML, like Gecko) Chrome/151.0.0.0 Safari/537.36"
2001:288:a213:1:e5bd:a51e:a230:e0fd - - [26/Aug/2026:14:23:43 +0800] "GET /26151/wp-content/uploads/sites/1079/2021/04/111.jpg HTTP/1.1" 200 136045 "https://2blog.ilc.edu.tw/26151/" "Mozilla/5.0 (Windows NT 10.0; Win64; x64) AppleWebKit/537.36 (KHTML, like Gecko) Chrome/151.0.0.0 Safari/537.36"
2402:7500:916:b3a5::8afd:3e3b - - [26/Aug/2026:14:23:43 +0800] "GET /wp-content/uploads/sites/233/1003/1003-1322478.png HTTP/1.1" 200 407587 "https://2blog.ilc.edu.tw/1003/2012/06/25/%E5%AF%AB%E4%BD%9C%E6%95%99%E5%AD%B8%E4%B8%89%E5%B9%B4%E7%B4%9A%E5%AD%B8%E7%94%9F%E8%87%AA%E4%B8%BB%E5%AD%B8%E7%BF%92%E7%9A%84%E4%BD%9C%E6%96%87%E6%95%99%E5%AD%B8/" "Mozilla/5.0 (Linux; Android 10; K) AppleWebKit/537.36 (KHTML, like Gecko) Chrome/151.0.0.0 Mobile Safari/537.36"
240e:971:6000:1::7a - - [26/Aug/2026:14:23:43 +0800] "GET /6093/wp-content/cache/2blog.ilc.edu.tw/wpfc-minified/kehe5gf7/5wosg.css HTTP/1.1" 200 1157 "https://2blog.ilc.edu.tw/6093/category/%E3%80%8A%E5%A4%A7%E9%87%8C%E5%9C%8B%E5%B0%8F%E7%92%B0%E5%A2%83%E6%95%99%E8%82%B2%E6%AD%B7%E5%B9%B4%E8%B3%87%E6%96%99%E3%80%8B/c-20127/page/2/" "Mozilla/5.0 (Windows NT 10.0; Win64; x64) AppleWebKit/537.36 (KHTML, like Gecko) Chrome/144.0.0.0 Safari/537.36"
2001:288:a213:1:e5bd:a51e:a230:e0fd - - [26/Aug/2026:14:23:43 +0800] "GET /26151/wp-content/themes/oceanwp/assets/fonts/simple-line-icons/Simple-Line-Icons.woff2?v=2.4.0 HTTP/1.1" 200 30959 "https://2blog.ilc.edu.tw/26151/wp-content/cache/2blog.ilc.edu.tw/wpfc-minified/klk42qct/5wowj.css" "Mozilla/5.0 (Windows NT 10.0; Win64; x64) AppleWebKit/537.36 (KHTML, like Gecko) Chrome/151.0.0.0 Safari/537.36"
2001:288:a213:1:e5bd:a51e:a230:e0fd - - [26/Aug/2026:14:23:43 +0800] "GET /26151/wp-content/plugins/elementor/assets/lib/eicons/fonts/eicons.woff2?5.30.0 HTTP/1.1" 200 98225 "https://2blog.ilc.edu.tw/26151/wp-content/cache/2blog.ilc.edu.tw/wpfc-minified/klk42qct/5wowj.css" "Mozilla/5.0 (Windows NT 10.0; Win64; x64) AppleWebKit/537.36 (KHTML, like Gecko) Chrome/151.0.0.0 Safari/537.36"
2001:288:a213:1:e5bd:a51e:a230:e0fd - - [26/Aug/2026:14:23:43 +0800] "GET /26151/wp-content/plugins/elementor/assets/lib/font-awesome/webfonts/fa-solid-900.woff2 HTTP/1.1" 200 79223 "https://2blog.ilc.edu.tw/26151/wp-content/cache/2blog.ilc.edu.tw/wpfc-minified/zab1kgf/5wowi.css" "Mozilla/5.0 (Windows NT 10.0; Win64; x64) AppleWebKit/537.36 (KHTML, like Gecko) Chrome/151.0.0.0 Safari/537.36"
34.123.149.87 - - [26/Aug/2026:14:23:42 +0800] "GET /32745/wp-json/wp/v2/posts/40287 HTTP/1.1" 200 19914 "-" "Mozilla/5.0 (Macintosh; Intel Mac OS X 10_15_7) AppleWebKit/537.36 (KHTML, like Gecko) Chrome/120.0.0.0 Safari/537.36"
240e:971:6000:1::7a - - [26/Aug/2026:14:23:43 +0800] "GET /6093/wp-content/cache/2blog.ilc.edu.tw/wpfc-minified/86vam1yv/5wosg.js HTTP/1.1" 200 35902 "https://2blog.ilc.edu.tw/6093/category/%E3%80%8A%E5%A4%A7%E9%87%8C%E5%9C%8B%E5%B0%8F%E7%92%B0%E5%A2%83%E6%95%99%E8%82%B2%E6%AD%B7%E5%B9%B4%E8%B3%87%E6%96%99%E3%80%8B/c-20127/page/2/" "Mozilla/5.0 (Windows NT 10.0; Win64; x64) AppleWebKit/537.36 (KHTML, like Gecko) Chrome/144.0.0.0 Safari/537.36"
2001:288:a213:1:e5bd:a51e:a230:e0fd - - [26/Aug/2026:14:23:43 +0800] "GET /26151/wp-content/plugins/elementor-pro/assets/js/nav-menu.e65811186e94a386ba7b.bundle.min.js HTTP/1.1" 200 2690 "https://2blog.ilc.edu.tw/26151/" "Mozilla/5.0 (Windows NT 10.0; Win64; x64) AppleWebKit/537.36 (KHTML, like Gecko) Chrome/151.0.0.0 Safari/537.36"
2001:288:a213:1:e5bd:a51e:a230:e0fd - - [26/Aug/2026:14:23:43 +0800] "GET /26151/wp-content/plugins/elementor/assets/js/video.d11c91c1b2b642a34601.bundle.min.js HTTP/1.1" 200 2161 "https://2blog.ilc.edu.tw/26151/" "Mozilla/5.0 (Windows NT 10.0; Win64; x64) AppleWebKit/537.36 (KHTML, like Gecko) Chrome/151.0.0.0 Safari/537.36"
2402:7500:916:b3a5::8afd:3e3b - - [26/Aug/2026:14:23:43 +0800] "GET /1003/wp-content/uploads/sites/233/2023/04/338250713_886939739267121_7258247398763374813_n.jpg HTTP/1.1" 200 101554 "https://2blog.ilc.edu.tw/1003/2012/06/25/%E5%AF%AB%E4%BD%9C%E6%95%99%E5%AD%B8%E4%B8%89%E5%B9%B4%E7%B4%9A%E5%AD%B8%E7%94%9F%E8%87%AA%E4%B8%BB%E5%AD%B8%E7%BF%92%E7%9A%84%E4%BD%9C%E6%96%87%E6%95%99%E5%AD%B8/" "Mozilla/5.0 (Linux; Android 10; K) AppleWebKit/537.36 (KHTML, like Gecko) Chrome/151.0.0.0 Mobile Safari/537.36"
144.31.35.208 - - [26/Aug/2026:14:23:43 +0800] "GET /wp-content/cache/isupport.ilc.edu.tw/wpfc-minified/fhgiw72a/ks8w.css HTTP/1.1" 200 40883 "https://isupport.ilc.edu.tw/category/etools/" "Mozilla/5.0 (X11; Linux x86_64) AppleWebKit/537.36 (KHTML, like Gecko) Chrome/146.0.0.0 Safari/537.36"
2402:7500:916:b3a5::8afd:3e3b - - [26/Aug/2026:14:23:43 +0800] "GET /wp-content/uploads/sites/233/1003/1003-1322476.png HTTP/1.1" 200 216920 "https://2blog.ilc.edu.tw/1003/2012/06/25/%E5%AF%AB%E4%BD%9C%E6%95%99%E5%AD%B8%E4%B8%89%E5%B9%B4%E7%B4%9A%E5%AD%B8%E7%94%9F%E8%87%AA%E4%B8%BB%E5%AD%B8%E7%BF%92%E7%9A%84%E4%BD%9C%E6%96%87%E6%95%99%E5%AD%B8/" "Mozilla/5.0 (Linux; Android 10; K) AppleWebKit/537.36 (KHTML, like Gecko) Chrome/151.0.0.0 Mobile Safari/537.36"
240e:971:6000:1::7a - - [26/Aug/2026:14:23:43 +0800] "GET /6093/wp-includes/js/hoverintent-js.min.js HTTP/1.1" 200 1597 "https://2blog.ilc.edu.tw/6093/category/%E3%80%8A%E5%A4%A7%E9%87%8C%E5%9C%8B%E5%B0%8F%E7%92%B0%E5%A2%83%E6%95%99%E8%82%B2%E6%AD%B7%E5%B9%B4%E8%B3%87%E6%96%99%E3%80%8B/c-20127/page/2/" "Mozilla/5.0 (Windows NT 10.0; Win64; x64) AppleWebKit/537.36 (KHTML, like Gecko) Chrome/144.0.0.0 Safari/537.36"
2402:7500:916:b3a5::8afd:3e3b - - [26/Aug/2026:14:23:43 +0800] "GET /1003/wp-content/uploads/sites/233/2024/03/Snipaste_2024-03-11_23-36-51.png HTTP/1.1" 200 452199 "https://2blog.ilc.edu.tw/1003/2012/06/25/%E5%AF%AB%E4%BD%9C%E6%95%99%E5%AD%B8%E4%B8%89%E5%B9%B4%E7%B4%9A%E5%AD%B8%E7%94%9F%E8%87%AA%E4%B8%BB%E5%AD%B8%E7%BF%92%E7%9A%84%E4%BD%9C%E6%96%87%E6%95%99%E5%AD%B8/" "Mozilla/5.0 (Linux; Android 10; K) AppleWebKit/537.36 (KHTML, like Gecko) Chrome/151.0.0.0 Mobile Safari/537.36"
2001:288:a201::66:125 - - [26/Aug/2026:14:23:43 +0800] "GET /blog/active.php HTTP/1.1" 301 1026 "-" "-"
2402:7500:916:b3a5::8afd:3e3b - - [26/Aug/2026:14:23:43 +0800] "POST /1003/wp-json/ilc-summary/v1/popular-posts HTTP/1.1" 201 1272 "https://2blog.ilc.edu.tw/1003/2012/06/25/%E5%AF%AB%E4%BD%9C%E6%95%99%E5%AD%B8%E4%B8%89%E5%B9%B4%E7%B4%9A%E5%AD%B8%E7%94%9F%E8%87%AA%E4%B8%BB%E5%AD%B8%E7%BF%92%E7%9A%84%E4%BD%9C%E6%96%87%E6%95%99%E5%AD%B8/" "Mozilla/5.0 (Linux; Android 10; K) AppleWebKit/537.36 (KHTML, like Gecko) Chrome/151.0.0.0 Mobile Safari/537.36"
2402:7500:916:b3a5::8afd:3e3b - - [26/Aug/2026:14:23:44 +0800] "GET /1003/wp-content/themes/textbook/assets/js/jquery.flexslider.js HTTP/1.1" 200 12801 "https://2blog.ilc.edu.tw/1003/2012/06/25/%E5%AF%AB%E4%BD%9C%E6%95%99%E5%AD%B8%E4%B8%89%E5%B9%B4%E7%B4%9A%E5%AD%B8%E7%94%9F%E8%87%AA%E4%B8%BB%E5%AD%B8%E7%BF%92%E7%9A%84%E4%BD%9C%E6%96%87%E6%95%99%E5%AD%B8/" "Mozilla/5.0 (Linux; Android 10; K) AppleWebKit/537.36 (KHTML, like Gecko) Chrome/151.0.0.0 Mobile Safari/537.36"
2402:7500:916:b3a5::8afd:3e3b - - [26/Aug/2026:14:23:44 +0800] "GET /1003/wp-includes/js/admin-bar.min.js HTTP/1.1" 200 2237 "https://2blog.ilc.edu.tw/1003/2012/06/25/%E5%AF%AB%E4%BD%9C%E6%95%99%E5%AD%B8%E4%B8%89%E5%B9%B4%E7%B4%9A%E5%AD%B8%E7%94%9F%E8%87%AA%E4%B8%BB%E5%AD%B8%E7%BF%92%E7%9A%84%E4%BD%9C%E6%96%87%E6%95%99%E5%AD%B8/" "Mozilla/5.0 (Linux; Android 10; K) AppleWebKit/537.36 (KHTML, like Gecko) Chrome/151.0.0.0 Mobile Safari/537.36"
2001:288:a23c:1:df6:d69e:49df:b6b - - [26/Aug/2026:14:23:44 +0800] "GET /wp-content/uploads/sites/187/2025/07/%E5%AE%9C%E8%98%AD%E7%B8%A3%E7%AC%AC%E5%8D%81%E5%B1%86%E3%80%8C%E5%8E%9F%E4%BD%8F%E6%B0%91%E6%97%8F%E8%AA%9E%E8%A8%80%E5%96%AE%E8%A9%9E%E7%AB%B6%E8%B3%BD%E5%88%9D%E8%B3%BD%E3%80%8D%E5%9C%8B%E4%B8%AD%E7%B5%84%E7%AC%AC%E4%B8%89%E5%90%8D-450x300.png HTTP/1.1" 200 227769 "https://www.wjjh.ilc.edu.tw/" "Mozilla/5.0 (Windows NT 10.0; Win64; x64) AppleWebKit/537.36 (KHTML, like Gecko) Chrome/151.0.0.0 Safari/537.36"
144.31.35.208 - - [26/Aug/2026:14:23:44 +0800] "GET /wp-content/cache/isupport.ilc.edu.tw/wpfc-minified/jpyo1yc2/ks8w.css HTTP/1.1" 200 1157 "https://isupport.ilc.edu.tw/category/etools/" "Mozilla/5.0 (X11; Linux x86_64) AppleWebKit/537.36 (KHTML, like Gecko) Chrome/146.0.0.0 Safari/537.36"
2402:7500:916:b3a5::8afd:3e3b - - [26/Aug/2026:14:23:44 +0800] "GET /1003/wp-content/themes/textbook/assets/js/skip-link-focus-fix.js HTTP/1.1" 200 1690 "https://2blog.ilc.edu.tw/1003/2012/06/25/%E5%AF%AB%E4%BD%9C%E6%95%99%E5%AD%B8%E4%B8%89%E5%B9%B4%E7%B4%9A%E5%AD%B8%E7%94%9F%E8%87%AA%E4%B8%BB%E5%AD%B8%E7%BF%92%E7%9A%84%E4%BD%9C%E6%96%87%E6%95%99%E5%AD%B8/" "Mozilla/5.0 (Linux; Android 10; K) AppleWebKit/537.36 (KHTML, like Gecko) Chrome/151.0.0.0 Mobile Safari/537.36"
2402:7500:916:b3a5::8afd:3e3b - - [26/Aug/2026:14:23:44 +0800] "GET /1003/wp-includes/js/hoverintent-js.min.js HTTP/1.1" 200 1597 "https://2blog.ilc.edu.tw/1003/2012/06/25/%E5%AF%AB%E4%BD%9C%E6%95%99%E5%AD%B8%E4%B8%89%E5%B9%B4%E7%B4%9A%E5%AD%B8%E7%94%9F%E8%87%AA%E4%B8%BB%E5%AD%B8%E7%BF%92%E7%9A%84%E4%BD%9C%E6%96%87%E6%95%99%E5%AD%B8/" "Mozilla/5.0 (Linux; Android 10; K) AppleWebKit/537.36 (KHTML, like Gecko) Chrome/151.0.0.0 Mobile Safari/537.36"
178.171.81.42 - - [26/Aug/2026:14:23:43 +0800] "GET /746/2009/02/26/%e9%ac%86%e5%9c%9f%e3%80%81%e6%8b%94%e8%8d%89%e3%80%81%e6%8f%ae%e6%b1%97%e7%b5%82%e6%96%bc%e6%92%ad%e7%a8%ae/ HTTP/1.1" 200 16831 "-" "Mozilla/5.0 (Windows NT 10.0; Win64; x64) AppleWebKit/537.36 (KHTML, like Gecko) Chrome/150.0.0.0 Safari/537.36"
240e:971:6000:1::7a - - [26/Aug/2026:14:23:44 +0800] "GET /6093/wp-includes/js/admin-bar.min.js HTTP/1.1" 200 2237 "https://2blog.ilc.edu.tw/6093/category/%E3%80%8A%E5%A4%A7%E9%87%8C%E5%9C%8B%E5%B0%8F%E7%92%B0%E5%A2%83%E6%95%99%E8%82%B2%E6%AD%B7%E5%B9%B4%E8%B3%87%E6%96%99%E3%80%8B/c-20127/page/2/" "Mozilla/5.0 (Windows NT 10.0; Win64; x64) AppleWebKit/537.36 (KHTML, like Gecko) Chrome/144.0.0.0 Safari/537.36"
2402:7500:916:b3a5::8afd:3e3b - - [26/Aug/2026:14:23:44 +0800] "GET /1003/wp-content/themes/textbook/assets/js/functions.js HTTP/1.1" 200 1934 "https://2blog.ilc.edu.tw/1003/2012/06/25/%E5%AF%AB%E4%BD%9C%E6%95%99%E5%AD%B8%E4%B8%89%E5%B9%B4%E7%B4%9A%E5%AD%B8%E7%94%9F%E8%87%AA%E4%B8%BB%E5%AD%B8%E7%BF%92%E7%9A%84%E4%BD%9C%E6%96%87%E6%95%99%E5%AD%B8/" "Mozilla/5.0 (Linux; Android 10; K) AppleWebKit/537.36 (KHTML, like Gecko) Chrome/151.0.0.0 Mobile Safari/537.36"
2402:7500:916:b3a5::8afd:3e3b - - [26/Aug/2026:14:23:44 +0800] "GET /1003/wp-content/uploads/sites/233/2019/05/84-1024x1024.png HTTP/1.1" 200 353002 "https://2blog.ilc.edu.tw/1003/2012/06/25/%E5%AF%AB%E4%BD%9C%E6%95%99%E5%AD%B8%E4%B8%89%E5%B9%B4%E7%B4%9A%E5%AD%B8%E7%94%9F%E8%87%AA%E4%B8%BB%E5%AD%B8%E7%BF%92%E7%9A%84%E4%BD%9C%E6%96%87%E6%95%99%E5%AD%B8/" "Mozilla/5.0 (Linux; Android 10; K) AppleWebKit/537.36 (KHTML, like Gecko) Chrome/151.0.0.0 Mobile Safari/537.36"
2402:7500:916:b3a5::8afd:3e3b - - [26/Aug/2026:14:23:44 +0800] "GET /1003/wp-content/themes/textbook/assets/js/navigation.js HTTP/1.1" 200 2931 "https://2blog.ilc.edu.tw/1003/2012/06/25/%E5%AF%AB%E4%BD%9C%E6%95%99%E5%AD%B8%E4%B8%89%E5%B9%B4%E7%B4%9A%E5%AD%B8%E7%94%9F%E8%87%AA%E4%B8%BB%E5%AD%B8%E7%BF%92%E7%9A%84%E4%BD%9C%E6%96%87%E6%95%99%E5%AD%B8/" "Mozilla/5.0 (Linux; Android 10; K) AppleWebKit/537.36 (KHTML, like Gecko) Chrome/151.0.0.0 Mobile Safari/537.36"
144.31.35.208 - - [26/Aug/2026:14:23:44 +0800] "GET /wp-content/cache/isupport.ilc.edu.tw/wpfc-minified/8jq1rsi9/ks8w.css HTTP/1.1" 200 53283 "https://isupport.ilc.edu.tw/category/etools/" "Mozilla/5.0 (X11; Linux x86_64) AppleWebKit/537.36 (KHTML, like Gecko) Chrome/146.0.0.0 Safari/537.36"
2402:7500:487:244a:75d6:836:439a:4e70 - - [26/Aug/2026:14:23:44 +0800] "GET /wp-content/uploads/sites/2127/6348/6348-582873.gif HTTP/1.1" 200 22880 "https://www.ysjh.ilc.edu.tw/" "Mozilla/5.0 (iPhone; CPU iPhone OS 18_7 like Mac OS X) AppleWebKit/605.1.15 (KHTML, like Gecko) Version/26.2 Mobile/15E148 Safari/604.1"
2402:7500:916:b3a5::8afd:3e3b - - [26/Aug/2026:14:23:44 +0800] "GET /1003/wp-content/uploads/sites/233/2019/08/Snipaste_2019-08-25_21-24-17-1-1024x508.jpg HTTP/1.1" 200 64477 "https://2blog.ilc.edu.tw/1003/2012/06/25/%E5%AF%AB%E4%BD%9C%E6%95%99%E5%AD%B8%E4%B8%89%E5%B9%B4%E7%B4%9A%E5%AD%B8%E7%94%9F%E8%87%AA%E4%B8%BB%E5%AD%B8%E7%BF%92%E7%9A%84%E4%BD%9C%E6%96%87%E6%95%99%E5%AD%B8/" "Mozilla/5.0 (Linux; Android 10; K) AppleWebKit/537.36 (KHTML, like Gecko) Chrome/151.0.0.0 Mobile Safari/537.36"
140.111.67.195 - - [26/Aug/2026:14:23:44 +0800] "GET /wp-admin/admin-post.php?action=steps_ad HTTP/1.1" 200 1649 "-" "node-fetch/1.0 (+https://github.com/bitinn/node-fetch)"
144.31.35.208 - - [26/Aug/2026:14:23:45 +0800] "GET /wp-content/cache/isupport.ilc.edu.tw/wpfc-minified/q9778z71/ksje.css HTTP/1.1" 200 7983 "https://isupport.ilc.edu.tw/category/etools/" "Mozilla/5.0 (X11; Linux x86_64) AppleWebKit/537.36 (KHTML, like Gecko) Chrome/146.0.0.0 Safari/537.36"
240e:971:6000:1::7a - - [26/Aug/2026:14:23:45 +0800] "GET /6093/wp-includes/js/imagesloaded.min.js HTTP/1.1" 200 7477 "https://2blog.ilc.edu.tw/6093/category/%E3%80%8A%E5%A4%A7%E9%87%8C%E5%9C%8B%E5%B0%8F%E7%92%B0%E5%A2%83%E6%95%99%E8%82%B2%E6%AD%B7%E5%B9%B4%E8%B3%87%E6%96%99%E3%80%8B/c-20127/page/2/" "Mozilla/5.0 (Windows NT 10.0; Win64; x64) AppleWebKit/537.36 (KHTML, like Gecko) Chrome/144.0.0.0 Safari/537.36"
2001:288:a201::66:125 - - [26/Aug/2026:14:23:45 +0800] "GET /blog/active.php HTTP/1.1" 404 1084 "-" "-"
52.207.47.227 - - [26/Aug/2026:14:23:45 +0800] "GET /wp-content/uploads/sites/3290/?C=N;O%3DD HTTP/1.1" 200 1236 "-" "Mozilla/5.0 AppleWebKit/537.36 (KHTML, like Gecko; compatible; Amazonbot/0.1; +https://developer.amazon.com/support/amazonbot) Chrome/119.0.6045.214 Safari/537.36"
2402:7500:916:b3a5::8afd:3e3b - - [26/Aug/2026:14:23:45 +0800] "GET /1003/wp-content/uploads/sites/233/2019/05/cropped-1-180x180.png HTTP/1.1" 200 40029 "https://2blog.ilc.edu.tw/1003/2012/06/25/%E5%AF%AB%E4%BD%9C%E6%95%99%E5%AD%B8%E4%B8%89%E5%B9%B4%E7%B4%9A%E5%AD%B8%E7%94%9F%E8%87%AA%E4%B8%BB%E5%AD%B8%E7%BF%92%E7%9A%84%E4%BD%9C%E6%96%87%E6%95%99%E5%AD%B8/" "Mozilla/5.0 (Linux; Android 10; K) AppleWebKit/537.36 (KHTML, like Gecko) Chrome/151.0.0.0 Mobile Safari/537.36"
2402:7500:916:b3a5::8afd:3e3b - - [26/Aug/2026:14:23:45 +0800] "GET /1003/wp-content/uploads/sites/233/2019/05/cropped-1-192x192.png HTTP/1.1" 200 37703 "https://2blog.ilc.edu.tw/1003/2012/06/25/%E5%AF%AB%E4%BD%9C%E6%95%99%E5%AD%B8%E4%B8%89%E5%B9%B4%E7%B4%9A%E5%AD%B8%E7%94%9F%E8%87%AA%E4%B8%BB%E5%AD%B8%E7%BF%92%E7%9A%84%E4%BD%9C%E6%96%87%E6%95%99%E5%AD%B8/" "Mozilla/5.0 (Linux; Android 10; K) AppleWebKit/537.36 (KHTML, like Gecko) Chrome/151.0.0.0 Mobile Safari/537.36"
140.111.67.195 - - [26/Aug/2026:14:23:45 +0800] "GET /wp-admin/admin-post.php?action=steps_ad HTTP/1.1" 200 1649 "-" "node-fetch/1.0 (+https://github.com/bitinn/node-fetch)"
18.208.11.93 - - [26/Aug/2026:14:23:45 +0800] "GET /amy6998/wp-content/uploads/sites/2364/2025/03/IMG_2486-1-300x225.jpg HTTP/1.1" 200 28528 "-" "Mozilla/5.0 AppleWebKit/537.36 (KHTML, like Gecko; compatible; Amazonbot/0.1; +https://developer.amazon.com/support/amazonbot) Chrome/119.0.6045.214 Safari/537.36"
2a03:2880:f802:2a:: - - [26/Aug/2026:14:23:45 +0800] "GET /4297/2017/11/15/ HTTP/1.1" 200 14744 "-" "Mozilla/5.0 (Windows NT 10.0; Win64; x64) AppleWebKit/537.36 (KHTML, like Gecko) Chrome/145.0.0.0 Safari/537.36 (compatible; meta-externalagent/1.1 (+https://developers.facebook.com/docs/sharing/webmasters/crawler))"
140.111.67.10 - - [26/Aug/2026:14:23:45 +0800] "GET /" 301 273 "-" "-"
240e:971:6000:1::7a - - [26/Aug/2026:14:23:45 +0800] "GET /6093/wp-content/themes/oceanwp/assets/js/drop-down-mobile-menu.min.js HTTP/1.1" 200 4663 "https://2blog.ilc.edu.tw/6093/category/%E3%80%8A%E5%A4%A7%E9%87%8C%E5%9C%8B%E5%B0%8F%E7%92%B0%E5%A2%83%E6%95%99%E8%82%B2%E6%AD%B7%E5%B9%B4%E8%B3%87%E6%96%99%E3%80%8B/c-20127/page/2/" "Mozilla/5.0 (Windows NT 10.0; Win64; x64) AppleWebKit/537.36 (KHTML, like Gecko) Chrome/144.0.0.0 Safari/537.36"
144.31.35.208 - - [26/Aug/2026:14:23:45 +0800] "GET /wp-content/cache/isupport.ilc.edu.tw/wpfc-minified/10m74ssp/ks8x.js HTTP/1.1" 200 35551 "https://isupport.ilc.edu.tw/category/etools/" "Mozilla/5.0 (X11; Linux x86_64) AppleWebKit/537.36 (KHTML, like Gecko) Chrome/146.0.0.0 Safari/537.36"
117.56.213.61 - - [26/Aug/2026:14:23:45 +0800] "GET /favicon.ico HTTP/1.1" 302 5824 "https://2blog.ilc.edu.tw/wp-content/uploads/sites/207/6043/6043-1172991.pdf" "Mozilla/5.0 (Windows NT 10.0; Win64; x64) AppleWebKit/537.36 (KHTML, like Gecko) Chrome/151.0.0.0 Safari/537.36"
117.56.213.61 - - [26/Aug/2026:14:23:46 +0800] "GET /wp-includes/images/w-logo-blue-white-bg.png HTTP/1.1" 200 4946 "https://2blog.ilc.edu.tw/wp-content/uploads/sites/207/6043/6043-1172991.pdf" "Mozilla/5.0 (Windows NT 10.0; Win64; x64) AppleWebKit/537.36 (KHTML, like Gecko) Chrome/151.0.0.0 Safari/537.36"
140.111.67.195 - - [26/Aug/2026:14:23:45 +0800] "GET /wp-admin/admin-post.php?action=steps_ad HTTP/1.1" 200 1649 "-" "node-fetch/1.0 (+https://github.com/bitinn/node-fetch)"
34.10.180.98 - - [26/Aug/2026:14:23:45 +0800] "GET /6569/wp-json/oembed/1.0/embed?format=xml&url=https://2blog.ilc.edu.tw/6569/2016/11/04/105_4-3_%25e5%25ad%25b8%25e6%25a0%25a1%25e5%25ae%25a3%25e5%25b0%258e%25e6%25b4%25bb%25e5%258b%2595/ HTTP/1.1" 200 7038 "-" "Mozilla/5.0 (Macintosh; Intel Mac OS X 10_15_7) AppleWebKit/537.36 (KHTML, like Gecko) Chrome/120.0.0.0 Safari/537.36"
117.56.213.61 - - [26/Aug/2026:14:23:45 +0800] "GET /wp-content/uploads/sites/207/6043/6043-1172991.pdf HTTP/1.1" 200 4254075 "https://www.google.com/" "Mozilla/5.0 (Windows NT 10.0; Win64; x64) AppleWebKit/537.36 (KHTML, like Gecko) Chrome/151.0.0.0 Safari/537.36"
240e:971:6000:1::7a - - [26/Aug/2026:14:23:46 +0800] "GET /6093/wp-content/themes/oceanwp/assets/js/drop-down-search.min.js HTTP/1.1" 200 2968 "https://2blog.ilc.edu.tw/6093/category/%E3%80%8A%E5%A4%A7%E9%87%8C%E5%9C%8B%E5%B0%8F%E7%92%B0%E5%A2%83%E6%95%99%E8%82%B2%E6%AD%B7%E5%B9%B4%E8%B3%87%E6%96%99%E3%80%8B/c-20127/page/2/" "Mozilla/5.0 (Windows NT 10.0; Win64; x64) AppleWebKit/537.36 (KHTML, like Gecko) Chrome/144.0.0.0 Safari/537.36"
34.56.124.53 - - [26/Aug/2026:14:23:45 +0800] "GET /yleerc/2024/07/22/ HTTP/1.1" 200 20755 "-" "Mozilla/5.0 (Macintosh; Intel Mac OS X 10_15_7) AppleWebKit/537.36 (KHTML, like Gecko) Chrome/120.0.0.0 Safari/537.36"
144.31.35.208 - - [26/Aug/2026:14:23:46 +0800] "GET /wp-includes/js/admin-bar.min.js HTTP/1.1" 200 2576 "https://isupport.ilc.edu.tw/category/etools/" "Mozilla/5.0 (X11; Linux x86_64) AppleWebKit/537.36 (KHTML, like Gecko) Chrome/146.0.0.0 Safari/537.36"
49.216.133.8 - - [26/Aug/2026:14:23:46 +0800] "-" 408 339 "-" "-"
143.20.253.46 - - [26/Aug/2026:14:23:46 +0800] "GET /34437/2024/05/01 HTTP/1.1" 301 5685 "-" "Mozilla/5.0 (Macintosh; Intel Mac OS X 10_15_7) AppleWebKit/605.1.15 (KHTML, like Gecko) Version/26.0.1 Safari/605.1.15"
144.31.35.208 - - [26/Aug/2026:14:23:46 +0800] "GET /wp-includes/js/imagesloaded.min.js HTTP/1.1" 200 2683 "https://isupport.ilc.edu.tw/category/etools/" "Mozilla/5.0 (X11; Linux x86_64) AppleWebKit/537.36 (KHTML, like Gecko) Chrome/146.0.0.0 Safari/537.36"
34.30.223.149 - - [26/Aug/2026:14:23:46 +0800] "GET /43789/wp-json/wp/v2/posts/235 HTTP/1.1" 200 9331 "-" "Mozilla/5.0 (Macintosh; Intel Mac OS X 10_15_7) AppleWebKit/537.36 (KHTML, like Gecko) Chrome/120.0.0.0 Safari/537.36"
144.31.35.208 - - [26/Aug/2026:14:23:46 +0800] "GET /wp-content/themes/oceanwp/assets/js/theme.min.js HTTP/1.1" 200 5130 "https://isupport.ilc.edu.tw/category/etools/" "Mozilla/5.0 (X11; Linux x86_64) AppleWebKit/537.36 (KHTML, like Gecko) Chrome/146.0.0.0 Safari/537.36"
143.20.253.46 - - [26/Aug/2026:14:23:46 +0800] "GET /34437/2024/05/01/ HTTP/1.1" 200 9496 "-" "Mozilla/5.0 (Macintosh; Intel Mac OS X 10_15_7) AppleWebKit/605.1.15 (KHTML, like Gecko) Version/26.0.1 Safari/605.1.15"
140.111.67.195 - - [26/Aug/2026:14:23:46 +0800] "GET /wp-admin/admin-post.php?action=steps_ad HTTP/1.1" 200 1649 "-" "node-fetch/1.0 (+https://github.com/bitinn/node-fetch)"
144.31.35.208 - - [26/Aug/2026:14:23:46 +0800] "GET /wp-content/themes/oceanwp/assets/js/sidebar-mobile-menu.min.js HTTP/1.1" 200 4731 "https://isupport.ilc.edu.tw/category/etools/" "Mozilla/5.0 (X11; Linux x86_64) AppleWebKit/537.36 (KHTML, like Gecko) Chrome/146.0.0.0 Safari/537.36"
240e:971:6000:1::7a - - [26/Aug/2026:14:23:46 +0800] "GET /6093/wp-content/themes/oceanwp/assets/js/theme.min.js HTTP/1.1" 200 5130 "https://2blog.ilc.edu.tw/6093/category/%E3%80%8A%E5%A4%A7%E9%87%8C%E5%9C%8B%E5%B0%8F%E7%92%B0%E5%A2%83%E6%95%99%E8%82%B2%E6%AD%B7%E5%B9%B4%E8%B3%87%E6%96%99%E3%80%8B/c-20127/page/2/" "Mozilla/5.0 (Windows NT 10.0; Win64; x64) AppleWebKit/537.36 (KHTML, like Gecko) Chrome/144.0.0.0 Safari/537.36"
144.31.35.208 - - [26/Aug/2026:14:23:47 +0800] "GET /wp-content/themes/oceanwp/assets/js/vendors/sidr.js HTTP/1.1" 200 4102 "https://isupport.ilc.edu.tw/category/etools/" "Mozilla/5.0 (X11; Linux x86_64) AppleWebKit/537.36 (KHTML, like Gecko) Chrome/146.0.0.0 Safari/537.36"
2a03:2880:f802:33:: - - [26/Aug/2026:14:23:47 +0800] "GET /6415/2012/10/04/ HTTP/1.1" 200 14186 "-" "Mozilla/5.0 (Windows NT 10.0; Win64; x64) AppleWebKit/537.36 (KHTML, like Gecko) Chrome/145.0.0.0 Safari/537.36 (compatible; meta-externalagent/1.1 (+https://developers.facebook.com/docs/sharing/webmasters/crawler))"
2001:288:a23c:1:df6:d69e:49df:b6b - - [26/Aug/2026:14:23:47 +0800] "GET /wp-content/uploads/sites/187/2025/07/113%E5%AD%B8%E5%B9%B4%E5%BA%A6%E5%AE%9C%E8%98%AD%E7%B8%A3%E8%8B%B1%E8%AA%9E%E5%96%AE%E5%AD%97%E7%8E%8B%E6%A6%AE%E7%8D%B2%E7%AC%AC%E4%B8%80%E5%90%8D%E3%80%81%E7%AC%AC%E4%B8%89%E5%90%8D%E5%8F%8A%E5%85%A5%E9%81%B8-450x300.png HTTP/1.1" 200 207159 "https://www.wjjh.ilc.edu.tw/" "Mozilla/5.0 (Windows NT 10.0; Win64; x64) AppleWebKit/537.36 (KHTML, like Gecko) Chrome/151.0.0.0 Safari/537.36"
144.31.35.208 - - [26/Aug/2026:14:23:47 +0800] "GET /wp-content/themes/oceanwp/assets/js/equal-height-elements.min.js HTTP/1.1" 200 2606 "https://isupport.ilc.edu.tw/category/etools/" "Mozilla/5.0 (X11; Linux x86_64) AppleWebKit/537.36 (KHTML, like Gecko) Chrome/146.0.0.0 Safari/537.36"
::1 - - [26/Aug/2026:14:23:47 +0800] "OPTIONS * HTTP/1.0" 200 110 "-" "Apache/2.4.68 (Ubuntu) OpenSSL/3.0.19 (internal dummy connection)"
143.20.253.34 - - [26/Aug/2026:14:23:47 +0800] "GET /6093/category/%E3%80%8A%E5%A4%A7%E9%87%8C%E5%9C%8B%E5%B0%8F%E7%92%B0%E5%A2%83%E6%95%99%E8%82%B2%E6%AD%B7%E5%B9%B4%E8%B3%87%E6%96%99%E3%80%8B/c-22593/page/11 HTTP/1.1" 301 5851 "-" "Mozilla/5.0 (Macintosh; Intel Mac OS X 10_15_7) AppleWebKit/605.1.15 (KHTML, like Gecko) Version/26.0.1 Safari/605.1.15"
66.249.71.37 - - [26/Aug/2026:14:23:47 +0800] "POST /1003/wp-json/ilc-summary/v1/popular-posts HTTP/1.1" 201 6051 "https://2blog.ilc.edu.tw/1003/2019/05/13/%E3%80%90%E8%B7%9F%E8%91%97%E5%B0%8F%E5%A3%81%E8%99%8E%E5%AD%B8%E5%AF%AB%E4%BD%9C%E3%80%91%E5%A6%82%E4%BD%95%E8%B1%90%E5%AF%8C%E8%A8%98%E6%95%98%E6%96%87%E7%9A%84%E5%85%A7%E5%AE%B9%EF%BC%9F/" "Mozilla/5.0 (Linux; Android 6.0.1; Nexus 5X Build/MMB29P) AppleWebKit/537.36 (KHTML, like Gecko) Chrome/151.0.7922.173 Mobile Safari/537.36 (compatible; Googlebot/2.1; +http://www.google.com/bot.html)"
144.31.35.208 - - [26/Aug/2026:14:23:47 +0800] "GET /wp-content/themes/oceanwp/assets/js/ow-lightbox.min.js HTTP/1.1" 200 2321 "https://isupport.ilc.edu.tw/category/etools/" "Mozilla/5.0 (X11; Linux x86_64) AppleWebKit/537.36 (KHTML, like Gecko) Chrome/146.0.0.0 Safari/537.36"
240e:971:6000:1::7a - - [26/Aug/2026:14:23:47 +0800] "GET /6093/wp-content/themes/oceanwp/assets/js/ow-lightbox.min.js HTTP/1.1" 200 2321 "https://2blog.ilc.edu.tw/6093/category/%E3%80%8A%E5%A4%A7%E9%87%8C%E5%9C%8B%E5%B0%8F%E7%92%B0%E5%A2%83%E6%95%99%E8%82%B2%E6%AD%B7%E5%B9%B4%E8%B3%87%E6%96%99%E3%80%8B/c-20127/page/2/" "Mozilla/5.0 (Windows NT 10.0; Win64; x64) AppleWebKit/537.36 (KHTML, like Gecko) Chrome/144.0.0.0 Safari/537.36"
240e:971:6000:1::7a - - [26/Aug/2026:14:23:47 +0800] "GET /6093/wp-content/themes/oceanwp/assets/js/vendors/flickity.pkgd.min.js HTTP/1.1" 200 15048 "https://2blog.ilc.edu.tw/6093/category/%E3%80%8A%E5%A4%A7%E9%87%8C%E5%9C%8B%E5%B0%8F%E7%92%B0%E5%A2%83%E6%95%99%E8%82%B2%E6%AD%B7%E5%B9%B4%E8%B3%87%E6%96%99%E3%80%8B/c-20127/page/2/" "Mozilla/5.0 (Windows NT 10.0; Win64; x64) AppleWebKit/537.36 (KHTML, like Gecko) Chrome/144.0.0.0 Safari/537.36"
2a03:2880:f802:3f:: - - [26/Aug/2026:14:23:46 +0800] "GET /wp-content/uploads/sites/2560/31421/31421-3007630.sb HTTP/1.1" 200 1105145 "-" "Mozilla/5.0 (Windows NT 10.0; Win64; x64) AppleWebKit/537.36 (KHTML, like Gecko) Chrome/145.0.0.0 Safari/537.36 (compatible; meta-externalagent/1.1 (+https://developers.facebook.com/docs/sharing/webmasters/crawler))"
66.249.79.163 - - [26/Aug/2026:14:23:47 +0800] "GET /1003/wp-content/themes/textbook/assets/js/navigation.js HTTP/1.1" 200 7710 "https://2blog.ilc.edu.tw/1003/2019/05/13/%E3%80%90%E8%B7%9F%E8%91%97%E5%B0%8F%E5%A3%81%E8%99%8E%E5%AD%B8%E5%AF%AB%E4%BD%9C%E3%80%91%E5%A6%82%E4%BD%95%E8%B1%90%E5%AF%8C%E8%A8%98%E6%95%98%E6%96%87%E7%9A%84%E5%85%A7%E5%AE%B9%EF%BC%9F/" "Mozilla/5.0 (Linux; Android 6.0.1; Nexus 5X Build/MMB29P) AppleWebKit/537.36 (KHTML, like Gecko) Chrome/151.0.7922.173 Mobile Safari/537.36 (compatible; Googlebot/2.1; +http://www.google.com/bot.html)"
52.201.155.215 - - [26/Aug/2026:14:23:47 +0800] "GET /amy6998/wp-content/uploads/sites/2364/2023/04/IMG_7508-1024x769.jpg HTTP/1.1" 200 160859 "-" "Mozilla/5.0 AppleWebKit/537.36 (KHTML, like Gecko; compatible; Amazonbot/0.1; +https://developer.amazon.com/support/amazonbot) Chrome/119.0.6045.214 Safari/537.36"
34.171.68.95 - - [26/Aug/2026:14:23:47 +0800] "GET /6434/2013/11/20/%E5%AE%9C%E8%98%AD%E7%B8%A3%E5%9B%9B%E5%AD%A3%E5%9C%8B%E5%B0%8F102%E5%AD%B8%E5%B9%B4%E5%BA%A6%E6%8E%A8%E5%8B%95%E7%AF%80%E7%B4%84%E8%83%BD%E5%B7%A5%E4%BD%9C%E8%81%B7%E8%B2%AC/ HTTP/1.1" 200 14948 "-" "Mozilla/5.0 (Macintosh; Intel Mac OS X 10_15_7) AppleWebKit/537.36 (KHTML, like Gecko) Chrome/120.0.0.0 Safari/537.36"
240e:971:6000:1::7a - - [26/Aug/2026:14:23:47 +0800] "GET /6093/wp-content/themes/oceanwp/assets/fonts/simple-line-icons/Simple-Line-Icons.woff2?v=2.4.0 HTTP/1.1" 200 30959 "https://2blog.ilc.edu.tw/6093/wp-content/cache/2blog.ilc.edu.tw/wpfc-minified/7m6bix8t/5wosg.css" "Mozilla/5.0 (Windows NT 10.0; Win64; x64) AppleWebKit/537.36 (KHTML, like Gecko) Chrome/144.0.0.0 Safari/537.36"
240e:971:6000:1::7a - - [26/Aug/2026:14:23:48 +0800] "GET /6093/wp-content/themes/oceanwp/assets/js/vendors/magnific-popup.min.js HTTP/1.1" 200 8270 "https://2blog.ilc.edu.tw/6093/category/%E3%80%8A%E5%A4%A7%E9%87%8C%E5%9C%8B%E5%B0%8F%E7%92%B0%E5%A2%83%E6%95%99%E8%82%B2%E6%AD%B7%E5%B9%B4%E8%B3%87%E6%96%99%E3%80%8B/c-20127/page/2/" "Mozilla/5.0 (Windows NT 10.0; Win64; x64) AppleWebKit/537.36 (KHTML, like Gecko) Chrome/144.0.0.0 Safari/537.36"
2a03:2880:f802:2a:: - - [26/Aug/2026:14:23:44 +0800] "GET /linkc/2024/11/06/ HTTP/1.1" 200 17887 "-" "Mozilla/5.0 (Windows NT 10.0; Win64; x64) AppleWebKit/537.36 (KHTML, like Gecko) Chrome/145.0.0.0 Safari/537.36 (compatible; meta-externalagent/1.1 (+https://developers.facebook.com/docs/sharing/webmasters/crawler))"
2001:288:a201::66:125 - - [26/Aug/2026:14:23:48 +0800] "GET /blog/active.php HTTP/1.1" 301 1026 "-" "-"
2001:288:a201::66:125 - - [26/Aug/2026:14:23:48 +0800] "GET /blog/active.php HTTP/1.1" 404 1084 "-" "-"
144.31.35.208 - - [26/Aug/2026:14:23:48 +0800] "GET /wp-content/themes/oceanwp/assets/fonts/simple-line-icons/Simple-Line-Icons.woff2?v=2.4.0 HTTP/1.1" 200 30959 "https://isupport.ilc.edu.tw/wp-content/cache/isupport.ilc.edu.tw/wpfc-minified/8jq1rsi9/ks8w.css" "Mozilla/5.0 (X11; Linux x86_64) AppleWebKit/537.36 (KHTML, like Gecko) Chrome/146.0.0.0 Safari/537.36"
18.213.240.226 - - [26/Aug/2026:14:23:48 +0800] "GET /wp-content/uploads/sites/3591/simply-static/temp-files/simply-static-3591-1736237769/wp-content/uploads/sites/3591/2024/09/%E7%A7%91%E5%AD%B8012.jpg HTTP/1.1" 200 57333 "-" "Mozilla/5.0 AppleWebKit/537.36 (KHTML, like Gecko; compatible; Amazonbot/0.1; +https://developer.amazon.com/support/amazonbot) Chrome/119.0.6045.214 Safari/537.36"
240e:971:6000:1::7a - - [26/Aug/2026:14:23:48 +0800] "GET /6093/wp-content/themes/oceanwp/assets/js/ow-slider.min.js HTTP/1.1" 200 6555 "https://2blog.ilc.edu.tw/6093/category/%E3%80%8A%E5%A4%A7%E9%87%8C%E5%9C%8B%E5%B0%8F%E7%92%B0%E5%A2%83%E6%95%99%E8%82%B2%E6%AD%B7%E5%B9%B4%E8%B3%87%E6%96%99%E3%80%8B/c-20127/page/2/" "Mozilla/5.0 (Windows NT 10.0; Win64; x64) AppleWebKit/537.36 (KHTML, like Gecko) Chrome/144.0.0.0 Safari/537.36"
143.20.253.34 - - [26/Aug/2026:14:23:48 +0800] "GET /6093/category/%E3%80%8A%E5%A4%A7%E9%87%8C%E5%9C%8B%E5%B0%8F%E7%92%B0%E5%A2%83%E6%95%99%E8%82%B2%E6%AD%B7%E5%B9%B4%E8%B3%87%E6%96%99%E3%80%8B/c-22593/page/11/ HTTP/1.1" 200 15632 "-" "Mozilla/5.0 (Macintosh; Intel Mac OS X 10_15_7) AppleWebKit/605.1.15 (KHTML, like Gecko) Version/26.0.1 Safari/605.1.15"
240e:971:6000:1::7a - - [26/Aug/2026:14:23:48 +0800] "GET /6093/wp-content/themes/oceanwp/assets/js/scroll-effect.min.js HTTP/1.1" 200 4127 "https://2blog.ilc.edu.tw/6093/category/%E3%80%8A%E5%A4%A7%E9%87%8C%E5%9C%8B%E5%B0%8F%E7%92%B0%E5%A2%83%E6%95%99%E8%82%B2%E6%AD%B7%E5%B9%B4%E8%B3%87%E6%96%99%E3%80%8B/c-20127/page/2/" "Mozilla/5.0 (Windows NT 10.0; Win64; x64) AppleWebKit/537.36 (KHTML, like Gecko) Chrome/144.0.0.0 Safari/537.36"
240e:971:6000:1::7a - - [26/Aug/2026:14:23:48 +0800] "GET /6093/wp-content/themes/oceanwp/assets/js/scroll-top.min.js HTTP/1.1" 200 3202 "https://2blog.ilc.edu.tw/6093/category/%E3%80%8A%E5%A4%A7%E9%87%8C%E5%9C%8B%E5%B0%8F%E7%92%B0%E5%A2%83%E6%95%99%E8%82%B2%E6%AD%B7%E5%B9%B4%E8%B3%87%E6%96%99%E3%80%8B/c-20127/page/2/" "Mozilla/5.0 (Windows NT 10.0; Win64; x64) AppleWebKit/537.36 (KHTML, like Gecko) Chrome/144.0.0.0 Safari/537.36"
144.31.35.208 - - [26/Aug/2026:14:23:48 +0800] "GET /wp-content/uploads/sites/3591/2022/11/banner_%E6%96%87%E7%AB%A0%E5%85%A7%E5%AE%B9.jpg HTTP/1.1" 200 18255 "https://isupport.ilc.edu.tw/category/etools/" "Mozilla/5.0 (X11; Linux x86_64) AppleWebKit/537.36 (KHTML, like Gecko) Chrome/146.0.0.0 Safari/537.36"
34.56.53.225 - - [26/Aug/2026:14:23:48 +0800] "GET /32745/wp-json/wp/v2/posts/65901 HTTP/1.1" 200 28036 "-" "Mozilla/5.0 (Macintosh; Intel Mac OS X 10_15_7) AppleWebKit/537.36 (KHTML, like Gecko) Chrome/120.0.0.0 Safari/537.36"
240e:971:6000:1::7a - - [26/Aug/2026:14:23:48 +0800] "GET /6093/wp-content/themes/oceanwp/assets/js/select.min.js HTTP/1.1" 200 2408 "https://2blog.ilc.edu.tw/6093/category/%E3%80%8A%E5%A4%A7%E9%87%8C%E5%9C%8B%E5%B0%8F%E7%92%B0%E5%A2%83%E6%95%99%E8%82%B2%E6%AD%B7%E5%B9%B4%E8%B3%87%E6%96%99%E3%80%8B/c-20127/page/2/" "Mozilla/5.0 (Windows NT 10.0; Win64; x64) AppleWebKit/537.36 (KHTML, like Gecko) Chrome/144.0.0.0 Safari/537.36"
144.31.35.208 - - [26/Aug/2026:14:23:48 +0800] "GET /wp-content/uploads/sites/3591/2023/04/%E6%95%B8%E4%BD%8D%E5%AD%B8%E7%BF%92%E6%94%AF%E6%8C%81%E5%B9%B3%E5%8F%B0logo_50.png HTTP/1.1" 200 3861 "https://isupport.ilc.edu.tw/category/etools/" "Mozilla/5.0 (X11; Linux x86_64) AppleWebKit/537.36 (KHTML, like Gecko) Chrome/146.0.0.0 Safari/537.36"
144.31.35.208 - - [26/Aug/2026:14:23:49 +0800] "GET /wp-content/themes/oceanwp/assets/js/scroll-effect.min.js HTTP/1.1" 200 8928 "https://isupport.ilc.edu.tw/category/etools/" "Mozilla/5.0 (X11; Linux x86_64) AppleWebKit/537.36 (KHTML, like Gecko) Chrome/146.0.0.0 Safari/537.36"
