59.124.9.103 - - [26/Aug/2026:14:27:16 +0800] "GET /wp-content/uploads/sites/1678/2021/05/%E5%AE%9C%E8%98%AD%E7%B8%A3%E9%98%B2%E7%96%AB%E7%9F%AD%E7%89%87.mp4?_=2 HTTP/1.1" 200 992912 "https://www.nses.ilc.edu.tw/?p=87" "Mozilla/5.0 (Windows NT 10.0; Win64; x64) AppleWebKit/537.36 (KHTML, like Gecko) Chrome/151.0.0.0 Safari/537.36 Edg/151.0.0.0"
2001:288:a219:1:c979:56e8:fa73:2215 - - [26/Aug/2026:14:27:16 +0800] "GET /wp-content/uploads/sites/3846/2026/08/%E8%BE%B2%E6%A5%AD%E9%83%A8%E5%BB%A3%E5%91%8A.jpg HTTP/1.1" 304 5581 "https://it.ilc.edu.tw/" "Mozilla/5.0 (Windows NT 10.0; Win64; x64) AppleWebKit/537.36 (KHTML, like Gecko) Chrome/151.0.0.0 Safari/537.36 Edg/151.0.0.0"
34.10.180.98 - - [26/Aug/2026:14:27:15 +0800] "GET /wp-content/uploads/sites/2616/6486/6486-2401693.pdf HTTP/1.1" 200 2274118 "-" "Mozilla/5.0 (Macintosh; Intel Mac OS X 10_15_7) AppleWebKit/537.36 (KHTML, like Gecko) Chrome/120.0.0.0 Safari/537.36"
59.124.9.103 - - [26/Aug/2026:14:27:16 +0800] "GET /wp-content/plugins/elementor/assets/js/video.d11c91c1b2b642a34601.bundle.min.js HTTP/1.1" 200 2161 "https://www.nses.ilc.edu.tw/?p=87" "Mozilla/5.0 (Windows NT 10.0; Win64; x64) AppleWebKit/537.36 (KHTML, like Gecko) Chrome/151.0.0.0 Safari/537.36 Edg/151.0.0.0"
59.124.9.103 - - [26/Aug/2026:14:27:16 +0800] "GET /wp-content/plugins/elementor/assets/js/text-editor.2c35aafbe5bf0e127950.bundle.min.js HTTP/1.1" 200 1545 "https://www.nses.ilc.edu.tw/?p=87" "Mozilla/5.0 (Windows NT 10.0; Win64; x64) AppleWebKit/537.36 (KHTML, like Gecko) Chrome/151.0.0.0 Safari/537.36 Edg/151.0.0.0"
2001:4860:7:b10::f2 - - [26/Aug/2026:14:27:16 +0800] "GET /tcesinfo/2020/12/30/%E5%95%9F%E7%94%A8-win10-%E5%85%A7%E5%BB%BA%E7%9A%84%E9%82%84%E5%8E%9F%E5%8A%9F%E8%83%BD-unified-write-filter-uwf/ HTTP/1.1" 200 17507 "https://www.google.com/" "Mozilla/5.0 (Windows NT 10.0; Win64; x64) AppleWebKit/537.36 (KHTML, like Gecko) Chrome/151.0.0.0 Safari/537.36"
59.124.9.103 - - [26/Aug/2026:14:27:16 +0800] "GET /wp-content/uploads/sites/1678/2022/07/%E9%AB%98%E6%BA%AB%E8%A5%B2%E6%93%8A%EF%BC%8C%E5%B0%8F%E5%BF%83%E7%86%B1%E5%82%B7%E5%AE%B3%EF%BC%81.mp4?_=1 HTTP/1.1" 200 2733280 "https://www.nses.ilc.edu.tw/?p=87" "Mozilla/5.0 (Windows NT 10.0; Win64; x64) AppleWebKit/537.36 (KHTML, like Gecko) Chrome/151.0.0.0 Safari/537.36 Edg/151.0.0.0"
59.124.9.103 - - [26/Aug/2026:14:27:16 +0800] "GET /wp-content/uploads/sites/1678/2021/05/%E5%AE%9C%E8%98%AD%E7%B8%A3%E9%98%B2%E7%96%AB%E7%9F%AD%E7%89%87.mp4?_=2 HTTP/1.1" 200 2548582 "https://www.nses.ilc.edu.tw/?p=87" "Mozilla/5.0 (Windows NT 10.0; Win64; x64) AppleWebKit/537.36 (KHTML, like Gecko) Chrome/151.0.0.0 Safari/537.36 Edg/151.0.0.0"
59.124.9.103 - - [26/Aug/2026:14:27:17 +0800] "GET /wp-content/uploads/sites/1678/2020/04/%E6%A0%A1%E5%BE%BD504x504-150x150.jpg HTTP/1.1" 200 8352 "https://www.nses.ilc.edu.tw/?p=87" "Mozilla/5.0 (Windows NT 10.0; Win64; x64) AppleWebKit/537.36 (KHTML, like Gecko) Chrome/151.0.0.0 Safari/537.36 Edg/151.0.0.0"
143.20.253.125 - - [26/Aug/2026:14:27:17 +0800] "GET /technology/wp-content/cache/2blog.ilc.edu.tw/wpfc-minified/89r52xig/5wom1.css HTTP/1.1" 200 86387 "https://2blog.ilc.edu.tw/technology/author/highlander/page/7/" "Mozilla/5.0 (X11; Linux x86_64) AppleWebKit/537.36 (KHTML, like Gecko) Chrome/146.0.0.0 Safari/537.36"
::1 - - [26/Aug/2026:14:27:17 +0800] "OPTIONS * HTTP/1.0" 200 110 "-" "Apache/2.4.68 (Ubuntu) OpenSSL/3.0.19 (internal dummy connection)"
2001:288:a201::66:125 - - [26/Aug/2026:14:27:18 +0800] "GET /blog/active.php HTTP/1.1" 301 1026 "-" "-"
2001:288:a201::66:125 - - [26/Aug/2026:14:27:18 +0800] "GET /blog/active.php HTTP/1.1" 404 1084 "-" "-"
40.77.167.28 - - [26/Aug/2026:14:27:18 +0800] "GET /6491/2020/11/19/109-3-21%E6%A0%A1%E5%9C%92%E7%A9%BA%E6%B0%A3%E5%93%81%E8%B3%AA%E6%AA%A2%E6%A0%B8%E8%A1%A8%E6%A0%B8%E7%AB%A0/ HTTP/1.1" 200 16795 "-" "Mozilla/5.0 AppleWebKit/537.36 (KHTML, like Gecko; compatible; bingbot/2.0; +http://www.bing.com/bingbot.htm) Chrome/116.0.1938.76 Safari/537.36"
143.20.253.125 - - [26/Aug/2026:14:27:18 +0800] "GET /technology/wp-content/cache/2blog.ilc.edu.tw/wpfc-minified/qtq1x9uj/5wohy.css HTTP/1.1" 200 9772 "https://2blog.ilc.edu.tw/technology/author/highlander/page/7/" "Mozilla/5.0 (X11; Linux x86_64) AppleWebKit/537.36 (KHTML, like Gecko) Chrome/146.0.0.0 Safari/537.36"
::1 - - [26/Aug/2026:14:27:18 +0800] "OPTIONS * HTTP/1.0" 200 110 "-" "Apache/2.4.68 (Ubuntu) OpenSSL/3.0.19 (internal dummy connection)"
143.20.253.125 - - [26/Aug/2026:14:27:19 +0800] "GET /technology/wp-content/cache/2blog.ilc.edu.tw/wpfc-minified/f2818dbe/5wohy.js HTTP/1.1" 200 2373 "https://2blog.ilc.edu.tw/technology/author/highlander/page/7/" "Mozilla/5.0 (X11; Linux x86_64) AppleWebKit/537.36 (KHTML, like Gecko) Chrome/146.0.0.0 Safari/537.36"
2a03:2880:f80e:2d:: - - [26/Aug/2026:14:27:19 +0800] "GET /6430/2019/11/10/108-%e5%9b%9b-9%e8%b3%87%e6%ba%90%e5%9b%9e%e6%94%b6%e5%86%8d%e5%88%a9%e7%94%a8/ HTTP/1.1" 200 15507 "-" "Mozilla/5.0 (X11; Linux x86_64) AppleWebKit/537.36 (KHTML, like Gecko) Chrome/145.0.0.0 Safari/537.36 (compatible; meta-externalagent/1.1 (+https://developers.facebook.com/docs/sharing/webmasters/crawler))"
143.20.253.125 - - [26/Aug/2026:14:27:19 +0800] "GET /technology/wp-content/plugins/ele-custom-skin/assets/js/ecs_admin_bar_menu.js HTTP/1.1" 200 1099 "https://2blog.ilc.edu.tw/technology/author/highlander/page/7/" "Mozilla/5.0 (X11; Linux x86_64) AppleWebKit/537.36 (KHTML, like Gecko) Chrome/146.0.0.0 Safari/537.36"
::1 - - [26/Aug/2026:14:27:19 +0800] "OPTIONS * HTTP/1.0" 200 110 "-" "Apache/2.4.68 (Ubuntu) OpenSSL/3.0.19 (internal dummy connection)"
143.20.253.125 - - [26/Aug/2026:14:27:20 +0800] "GET /technology/wp-includes/js/imagesloaded.min.js HTTP/1.1" 200 2683 "https://2blog.ilc.edu.tw/technology/author/highlander/page/7/" "Mozilla/5.0 (X11; Linux x86_64) AppleWebKit/537.36 (KHTML, like Gecko) Chrome/146.0.0.0 Safari/537.36"
143.20.253.125 - - [26/Aug/2026:14:27:20 +0800] "GET /technology/wp-content/themes/oceanwp/assets/js/drop-down-mobile-menu.min.js HTTP/1.1" 200 4663 "https://2blog.ilc.edu.tw/technology/author/highlander/page/7/" "Mozilla/5.0 (X11; Linux x86_64) AppleWebKit/537.36 (KHTML, like Gecko) Chrome/146.0.0.0 Safari/537.36"
140.111.67.10 - - [26/Aug/2026:14:27:20 +0800] "GET /" 301 273 "-" "-"
2001:288:a26c:1:6331:7c5b:672a:30fe - - [26/Aug/2026:14:27:20 +0800] "GET /2026/06/26/%e5%ae%9c%e8%98%ad%e7%b8%a32026%e5%b9%b4ai%e7%b4%a0%e9%a4%8a%e7%88%ad%e9%9c%b8%e8%b3%bd%e6%9a%a8%e5%b8%ab%e7%94%9f%e5%9f%b9%e8%a8%93%e7%87%9f%e9%9a%8a-%e5%a0%b1%e5%90%8d%e5%b0%88%e5%8d%80/ HTTP/1.1" 200 11915 "https://tech.ilc.edu.tw/" "Mozilla/5.0 (Windows NT 10.0; Win64; x64) AppleWebKit/537.36 (KHTML, like Gecko) Chrome/151.0.0.0 Safari/537.36"
::1 - - [26/Aug/2026:14:27:20 +0800] "OPTIONS * HTTP/1.0" 200 110 "-" "Apache/2.4.68 (Ubuntu) OpenSSL/3.0.19 (internal dummy connection)"
2001:288:a26c:1:6331:7c5b:672a:30fe - - [26/Aug/2026:14:27:20 +0800] "GET /wp-content/cache/tech.ilc.edu.tw/wpfc-minified/f3zdy0pq/bwqi.js HTTP/1.1" 200 1635 "https://tech.ilc.edu.tw/2026/06/26/%e5%ae%9c%e8%98%ad%e7%b8%a32026%e5%b9%b4ai%e7%b4%a0%e9%a4%8a%e7%88%ad%e9%9c%b8%e8%b3%bd%e6%9a%a8%e5%b8%ab%e7%94%9f%e5%9f%b9%e8%a8%93%e7%87%9f%e9%9a%8a-%e5%a0%b1%e5%90%8d%e5%b0%88%e5%8d%80/" "Mozilla/5.0 (Windows NT 10.0; Win64; x64) AppleWebKit/537.36 (KHTML, like Gecko) Chrome/151.0.0.0 Safari/537.36"
143.20.253.125 - - [26/Aug/2026:14:27:21 +0800] "GET /technology/wp-content/themes/oceanwp/assets/js/vendors/flickity.pkgd.min.js HTTP/1.1" 200 15048 "https://2blog.ilc.edu.tw/technology/author/highlander/page/7/" "Mozilla/5.0 (X11; Linux x86_64) AppleWebKit/537.36 (KHTML, like Gecko) Chrome/146.0.0.0 Safari/537.36"
2001:288:a26c:1:6331:7c5b:672a:30fe - - [26/Aug/2026:14:27:21 +0800] "POST /wp-json/ilc-summary/v1/popular-posts HTTP/1.1" 201 1395 "https://tech.ilc.edu.tw/2026/06/26/%e5%ae%9c%e8%98%ad%e7%b8%a32026%e5%b9%b4ai%e7%b4%a0%e9%a4%8a%e7%88%ad%e9%9c%b8%e8%b3%bd%e6%9a%a8%e5%b8%ab%e7%94%9f%e5%9f%b9%e8%a8%93%e7%87%9f%e9%9a%8a-%e5%a0%b1%e5%90%8d%e5%b0%88%e5%8d%80/" "Mozilla/5.0 (Windows NT 10.0; Win64; x64) AppleWebKit/537.36 (KHTML, like Gecko) Chrome/151.0.0.0 Safari/537.36"
57.141.2.38 - - [26/Aug/2026:14:27:21 +0800] "GET /3863/2023/03/04/ HTTP/1.1" 200 14058 "-" "Mozilla/5.0 (Windows NT 10.0; Win64; x64) AppleWebKit/537.36 (KHTML, like Gecko) Chrome/145.0.0.0 Safari/537.36 (compatible; meta-externalagent/1.1 (+https://developers.facebook.com/docs/sharing/webmasters/crawler))"
57.141.2.33 - - [26/Aug/2026:14:27:19 +0800] "GET /tl/spirit-master-u00d0u00b0u00d1u0091u00e2u0080u00a2u00d0u00b0u00d1u0091u00d1u0096u00d0u00b0u00d1u0091u00e2u0084u00a2u00d0u00b0u00d1u0091u00d0u0086u00d0u00b0u00d1u0091u00e2u0084u00a2u00d0u00b0u00d1u0091u00c2u00a0u00d0u00b0u00d1u0091u00e2u0084u0096u00d0u00b0u00d1u0091u00e2u0080u00a2u00d0u00b0u00d1u0091u00e2u0080u0093u00d0u00b0u00d1u0091u00c2u00b1u00d0u00b0u00d1u0091u00e2u0080u00a1u00d0u00b0u00d1u0091u00e2u0080u00b9u00d0u00b0u00d1u0091u00d0u0086u00d0u00b0u00d1u0091u00e2u0084u00a2-codes/ HTTP/1.1" 200 28346 "-" "Mozilla/5.0 (Windows NT 10.0; Win64; x64) AppleWebKit/537.36 (KHTML, like Gecko) Chrome/145.0.0.0 Safari/537.36 (compatible; meta-externalagent/1.1 (+https://developers.facebook.com/docs/sharing/webmasters/crawler))"
143.20.253.125 - - [26/Aug/2026:14:27:21 +0800] "GET /technology/wp-content/plugins/ocean-extra/includes/widgets/js/flickr.min.js HTTP/1.1" 200 1319 "https://2blog.ilc.edu.tw/technology/author/highlander/page/7/" "Mozilla/5.0 (X11; Linux x86_64) AppleWebKit/537.36 (KHTML, like Gecko) Chrome/146.0.0.0 Safari/537.36"
57.141.2.38 - - [26/Aug/2026:14:27:21 +0800] "GET /6555/2012/page/6/ HTTP/1.1" 200 16079 "-" "Mozilla/5.0 (Windows NT 10.0; Win64; x64) AppleWebKit/537.36 (KHTML, like Gecko) Chrome/145.0.0.0 Safari/537.36 (compatible; meta-externalagent/1.1 (+https://developers.facebook.com/docs/sharing/webmasters/crawler))"
143.20.253.125 - - [26/Aug/2026:14:27:21 +0800] "GET /technology/wp-content/plugins/elementor/assets/js/webpack.runtime.min.js HTTP/1.1" 200 3095 "https://2blog.ilc.edu.tw/technology/author/highlander/page/7/" "Mozilla/5.0 (X11; Linux x86_64) AppleWebKit/537.36 (KHTML, like Gecko) Chrome/146.0.0.0 Safari/537.36"
143.20.253.125 - - [26/Aug/2026:14:27:22 +0800] "GET /technology/wp-includes/js/jquery/ui/core.min.js HTTP/1.1" 200 7986 "https://2blog.ilc.edu.tw/technology/author/highlander/page/7/" "Mozilla/5.0 (X11; Linux x86_64) AppleWebKit/537.36 (KHTML, like Gecko) Chrome/146.0.0.0 Safari/537.36"
159.89.235.201 - - [26/Aug/2026:14:27:22 +0800] "GET /blog/gallery/25793/previews-med/25793-2932636.png HTTP/1.1" 404 25426 "http://feeds.feedburner.com/" "Mozilla/5.0 (Windows NT 10.0; Win64; x64) AppleWebKit/537.36 (KHTML, like Gecko) Chrome/105.0.0.0 Safari/537.3"
143.20.253.125 - - [26/Aug/2026:14:27:22 +0800] "GET /technology/wp-content/plugins/ele-custom-skin-pro/assets/js/ecspro.js HTTP/1.1" 200 4445 "https://2blog.ilc.edu.tw/technology/author/highlander/page/7/" "Mozilla/5.0 (X11; Linux x86_64) AppleWebKit/537.36 (KHTML, like Gecko) Chrome/146.0.0.0 Safari/537.36"
::1 - - [26/Aug/2026:14:27:22 +0800] "OPTIONS * HTTP/1.0" 200 110 "-" "Apache/2.4.68 (Ubuntu) OpenSSL/3.0.19 (internal dummy connection)"
2001:288:a201::66:125 - - [26/Aug/2026:14:27:23 +0800] "GET /blog/active.php HTTP/1.1" 301 1026 "-" "-"
2001:288:a201::66:125 - - [26/Aug/2026:14:27:23 +0800] "GET /blog/active.php HTTP/1.1" 404 1084 "-" "-"
59.124.9.103 - - [26/Aug/2026:14:27:23 +0800] "GET /wp-content/uploads/sites/1678/2025/08/1754978429167.jpg HTTP/1.1" 200 314344 "https://www.nses.ilc.edu.tw/?p=87" "Mozilla/5.0 (Windows NT 10.0; Win64; x64) AppleWebKit/537.36 (KHTML, like Gecko) Chrome/151.0.0.0 Safari/537.36 Edg/151.0.0.0"
59.124.9.103 - - [26/Aug/2026:14:27:23 +0800] "GET /wp-content/uploads/sites/1678/2025/08/1754978455521.jpg HTTP/1.1" 200 302747 "https://www.nses.ilc.edu.tw/?p=87" "Mozilla/5.0 (Windows NT 10.0; Win64; x64) AppleWebKit/537.36 (KHTML, like Gecko) Chrome/151.0.0.0 Safari/537.36 Edg/151.0.0.0"
::1 - - [26/Aug/2026:14:27:23 +0800] "OPTIONS * HTTP/1.0" 200 110 "-" "Apache/2.4.68 (Ubuntu) OpenSSL/3.0.19 (internal dummy connection)"
143.20.253.125 - - [26/Aug/2026:14:27:23 +0800] "GET /technology/wp-includes/js/dist/i18n.min.js HTTP/1.1" 200 4547 "https://2blog.ilc.edu.tw/technology/author/highlander/page/7/" "Mozilla/5.0 (X11; Linux x86_64) AppleWebKit/537.36 (KHTML, like Gecko) Chrome/146.0.0.0 Safari/537.36"
223.143.242.101 - - [26/Aug/2026:14:27:24 +0800] "GET /wp-content/uploads/sites/823/2026/04/S__29442054_0.jpg HTTP/1.1" 200 146843 "https://www.tcjh.ilc.edu.tw/" "Mozilla/5.0 (iPhone; CPU iPhone OS 18_5 like Mac OS X) AppleWebKit/605.1.15 (KHTML, like Gecko) Version/18.5 Mobile/15E148 Safari/604.1"
101.12.162.128 - - [26/Aug/2026:14:27:24 +0800] "GET / HTTP/1.1" 200 27901 "https://www.google.com/" "Mozilla/5.0 (iPhone; CPU iPhone OS 18_5_0 like Mac OS X) AppleWebKit/605.1.15 (KHTML, like Gecko) GSA/375.1.776343893 Mobile/15E148 Safari/604.1"
101.12.162.128 - - [26/Aug/2026:14:27:24 +0800] "GET /wp-content/cache/www.gtes.ilc.edu.tw/wpfc-minified/20bual27/73cg.css HTTP/1.1" 200 23314 "https://www.gtes.ilc.edu.tw/" "Mozilla/5.0 (iPhone; CPU iPhone OS 18_5_0 like Mac OS X) AppleWebKit/605.1.15 (KHTML, like Gecko) GSA/375.1.776343893 Mobile/15E148 Safari/604.1"
101.12.162.128 - - [26/Aug/2026:14:27:24 +0800] "GET /wp-content/cache/www.gtes.ilc.edu.tw/wpfc-minified/g38i2bl2/73cg.css HTTP/1.1" 200 7701 "https://www.gtes.ilc.edu.tw/" "Mozilla/5.0 (iPhone; CPU iPhone OS 18_5_0 like Mac OS X) AppleWebKit/605.1.15 (KHTML, like Gecko) GSA/375.1.776343893 Mobile/15E148 Safari/604.1"
101.12.162.128 - - [26/Aug/2026:14:27:24 +0800] "GET /wp-content/cache/www.gtes.ilc.edu.tw/wpfc-minified/1e1ydukd/73cg.js HTTP/1.1" 200 5165 "https://www.gtes.ilc.edu.tw/" "Mozilla/5.0 (iPhone; CPU iPhone OS 18_5_0 like Mac OS X) AppleWebKit/605.1.15 (KHTML, like Gecko) GSA/375.1.776343893 Mobile/15E148 Safari/604.1"
101.12.162.128 - - [26/Aug/2026:14:27:24 +0800] "GET /wp-content/cache/www.gtes.ilc.edu.tw/wpfc-minified/1mt3t83s/73cg.css HTTP/1.1" 200 5960 "https://www.gtes.ilc.edu.tw/" "Mozilla/5.0 (iPhone; CPU iPhone OS 18_5_0 like Mac OS X) AppleWebKit/605.1.15 (KHTML, like Gecko) GSA/375.1.776343893 Mobile/15E148 Safari/604.1"
101.12.162.128 - - [26/Aug/2026:14:27:24 +0800] "GET /wp-content/cache/www.gtes.ilc.edu.tw/wpfc-minified/dsh8vxni/73cg.css HTTP/1.1" 200 91931 "https://www.gtes.ilc.edu.tw/" "Mozilla/5.0 (iPhone; CPU iPhone OS 18_5_0 like Mac OS X) AppleWebKit/605.1.15 (KHTML, like Gecko) GSA/375.1.776343893 Mobile/15E148 Safari/604.1"
101.12.162.128 - - [26/Aug/2026:14:27:24 +0800] "GET /wp-content/uploads/sites/73/elementor/css/post-629.css HTTP/1.1" 200 6072 "https://www.gtes.ilc.edu.tw/" "Mozilla/5.0 (iPhone; CPU iPhone OS 18_5_0 like Mac OS X) AppleWebKit/605.1.15 (KHTML, like Gecko) GSA/375.1.776343893 Mobile/15E148 Safari/604.1"
101.12.162.128 - - [26/Aug/2026:14:27:24 +0800] "GET /wp-content/uploads/sites/73/elementor/css/post-94.css HTTP/1.1" 200 5927 "https://www.gtes.ilc.edu.tw/" "Mozilla/5.0 (iPhone; CPU iPhone OS 18_5_0 like Mac OS X) AppleWebKit/605.1.15 (KHTML, like Gecko) GSA/375.1.776343893 Mobile/15E148 Safari/604.1"
101.12.162.128 - - [26/Aug/2026:14:27:24 +0800] "GET /wp-includes/js/hoverintent-js.min.js HTTP/1.1" 200 1597 "https://www.gtes.ilc.edu.tw/" "Mozilla/5.0 (iPhone; CPU iPhone OS 18_5_0 like Mac OS X) AppleWebKit/605.1.15 (KHTML, like Gecko) GSA/375.1.776343893 Mobile/15E148 Safari/604.1"
101.12.162.128 - - [26/Aug/2026:14:27:24 +0800] "GET /wp-content/cache/www.gtes.ilc.edu.tw/wpfc-minified/lwlsgrcb/73cg.css HTTP/1.1" 200 157030 "https://www.gtes.ilc.edu.tw/" "Mozilla/5.0 (iPhone; CPU iPhone OS 18_5_0 like Mac OS X) AppleWebKit/605.1.15 (KHTML, like Gecko) GSA/375.1.776343893 Mobile/15E148 Safari/604.1"
101.12.162.128 - - [26/Aug/2026:14:27:24 +0800] "GET /wp-includes/js/imagesloaded.min.js HTTP/1.1" 200 2683 "https://www.gtes.ilc.edu.tw/" "Mozilla/5.0 (iPhone; CPU iPhone OS 18_5_0 like Mac OS X) AppleWebKit/605.1.15 (KHTML, like Gecko) GSA/375.1.776343893 Mobile/15E148 Safari/604.1"
101.12.162.128 - - [26/Aug/2026:14:27:24 +0800] "GET /wp-content/themes/oceanwp/assets/js/drop-down-mobile-menu.min.js HTTP/1.1" 200 4663 "https://www.gtes.ilc.edu.tw/" "Mozilla/5.0 (iPhone; CPU iPhone OS 18_5_0 like Mac OS X) AppleWebKit/605.1.15 (KHTML, like Gecko) GSA/375.1.776343893 Mobile/15E148 Safari/604.1"
101.12.162.128 - - [26/Aug/2026:14:27:24 +0800] "GET /wp-includes/js/admin-bar.min.js HTTP/1.1" 200 2237 "https://www.gtes.ilc.edu.tw/" "Mozilla/5.0 (iPhone; CPU iPhone OS 18_5_0 like Mac OS X) AppleWebKit/605.1.15 (KHTML, like Gecko) GSA/375.1.776343893 Mobile/15E148 Safari/604.1"
101.12.162.128 - - [26/Aug/2026:14:27:24 +0800] "GET /wp-content/themes/oceanwp/assets/js/theme.min.js HTTP/1.1" 200 5130 "https://www.gtes.ilc.edu.tw/" "Mozilla/5.0 (iPhone; CPU iPhone OS 18_5_0 like Mac OS X) AppleWebKit/605.1.15 (KHTML, like Gecko) GSA/375.1.776343893 Mobile/15E148 Safari/604.1"
101.12.162.128 - - [26/Aug/2026:14:27:24 +0800] "GET /wp-content/themes/oceanwp/assets/js/drop-down-search.min.js HTTP/1.1" 200 2968 "https://www.gtes.ilc.edu.tw/" "Mozilla/5.0 (iPhone; CPU iPhone OS 18_5_0 like Mac OS X) AppleWebKit/605.1.15 (KHTML, like Gecko) GSA/375.1.776343893 Mobile/15E148 Safari/604.1"
101.12.162.128 - - [26/Aug/2026:14:27:24 +0800] "GET /wp-content/themes/oceanwp/assets/js/vendors/magnific-popup.min.js HTTP/1.1" 200 8270 "https://www.gtes.ilc.edu.tw/" "Mozilla/5.0 (iPhone; CPU iPhone OS 18_5_0 like Mac OS X) AppleWebKit/605.1.15 (KHTML, like Gecko) GSA/375.1.776343893 Mobile/15E148 Safari/604.1"
101.12.162.128 - - [26/Aug/2026:14:27:24 +0800] "GET /wp-content/themes/oceanwp/assets/js/ow-lightbox.min.js HTTP/1.1" 200 2321 "https://www.gtes.ilc.edu.tw/" "Mozilla/5.0 (iPhone; CPU iPhone OS 18_5_0 like Mac OS X) AppleWebKit/605.1.15 (KHTML, like Gecko) GSA/375.1.776343893 Mobile/15E148 Safari/604.1"
101.12.162.128 - - [26/Aug/2026:14:27:24 +0800] "GET /wp-content/themes/oceanwp/assets/js/vendors/flickity.pkgd.min.js HTTP/1.1" 200 15048 "https://www.gtes.ilc.edu.tw/" "Mozilla/5.0 (iPhone; CPU iPhone OS 18_5_0 like Mac OS X) AppleWebKit/605.1.15 (KHTML, like Gecko) GSA/375.1.776343893 Mobile/15E148 Safari/604.1"
101.12.162.128 - - [26/Aug/2026:14:27:24 +0800] "GET /wp-content/themes/oceanwp/assets/js/ow-slider.min.js HTTP/1.1" 200 1761 "https://www.gtes.ilc.edu.tw/" "Mozilla/5.0 (iPhone; CPU iPhone OS 18_5_0 like Mac OS X) AppleWebKit/605.1.15 (KHTML, like Gecko) GSA/375.1.776343893 Mobile/15E148 Safari/604.1"
101.12.162.128 - - [26/Aug/2026:14:27:24 +0800] "GET /wp-content/themes/oceanwp/assets/js/scroll-effect.min.js HTTP/1.1" 200 4127 "https://www.gtes.ilc.edu.tw/" "Mozilla/5.0 (iPhone; CPU iPhone OS 18_5_0 like Mac OS X) AppleWebKit/605.1.15 (KHTML, like Gecko) GSA/375.1.776343893 Mobile/15E148 Safari/604.1"
101.12.162.128 - - [26/Aug/2026:14:27:24 +0800] "GET /wp-content/themes/oceanwp/assets/js/select.min.js HTTP/1.1" 200 2408 "https://www.gtes.ilc.edu.tw/" "Mozilla/5.0 (iPhone; CPU iPhone OS 18_5_0 like Mac OS X) AppleWebKit/605.1.15 (KHTML, like Gecko) GSA/375.1.776343893 Mobile/15E148 Safari/604.1"
101.12.162.128 - - [26/Aug/2026:14:27:24 +0800] "GET /wp-content/plugins/ocean-extra/includes/widgets/js/flickr.min.js HTTP/1.1" 200 1319 "https://www.gtes.ilc.edu.tw/" "Mozilla/5.0 (iPhone; CPU iPhone OS 18_5_0 like Mac OS X) AppleWebKit/605.1.15 (KHTML, like Gecko) GSA/375.1.776343893 Mobile/15E148 Safari/604.1"
101.12.162.128 - - [26/Aug/2026:14:27:24 +0800] "GET /wp-content/plugins/elementor-pro/assets/js/webpack-pro.runtime.min.js HTTP/1.1" 200 3562 "https://www.gtes.ilc.edu.tw/" "Mozilla/5.0 (iPhone; CPU iPhone OS 18_5_0 like Mac OS X) AppleWebKit/605.1.15 (KHTML, like Gecko) GSA/375.1.776343893 Mobile/15E148 Safari/604.1"
101.12.162.128 - - [26/Aug/2026:14:27:24 +0800] "GET /wp-content/plugins/elementor/assets/js/webpack.runtime.min.js HTTP/1.1" 200 3095 "https://www.gtes.ilc.edu.tw/" "Mozilla/5.0 (iPhone; CPU iPhone OS 18_5_0 like Mac OS X) AppleWebKit/605.1.15 (KHTML, like Gecko) GSA/375.1.776343893 Mobile/15E148 Safari/604.1"
101.12.162.128 - - [26/Aug/2026:14:27:24 +0800] "GET /wp-includes/js/dist/hooks.min.js HTTP/1.1" 200 2421 "https://www.gtes.ilc.edu.tw/" "Mozilla/5.0 (iPhone; CPU iPhone OS 18_5_0 like Mac OS X) AppleWebKit/605.1.15 (KHTML, like Gecko) GSA/375.1.776343893 Mobile/15E148 Safari/604.1"
101.12.162.128 - - [26/Aug/2026:14:27:24 +0800] "GET /wp-content/plugins/elementor/assets/js/frontend-modules.min.js HTTP/1.1" 200 19416 "https://www.gtes.ilc.edu.tw/" "Mozilla/5.0 (iPhone; CPU iPhone OS 18_5_0 like Mac OS X) AppleWebKit/605.1.15 (KHTML, like Gecko) GSA/375.1.776343893 Mobile/15E148 Safari/604.1"
101.12.162.128 - - [26/Aug/2026:14:27:24 +0800] "GET /wp-includes/js/dist/i18n.min.js HTTP/1.1" 200 4547 "https://www.gtes.ilc.edu.tw/" "Mozilla/5.0 (iPhone; CPU iPhone OS 18_5_0 like Mac OS X) AppleWebKit/605.1.15 (KHTML, like Gecko) GSA/375.1.776343893 Mobile/15E148 Safari/604.1"
101.12.162.128 - - [26/Aug/2026:14:27:24 +0800] "GET /wp-content/plugins/elementor-pro/assets/js/frontend.min.js HTTP/1.1" 200 7574 "https://www.gtes.ilc.edu.tw/" "Mozilla/5.0 (iPhone; CPU iPhone OS 18_5_0 like Mac OS X) AppleWebKit/605.1.15 (KHTML, like Gecko) GSA/375.1.776343893 Mobile/15E148 Safari/604.1"
101.12.162.128 - - [26/Aug/2026:14:27:24 +0800] "GET /wp-content/plugins/elementor/assets/lib/waypoints/waypoints.min.js HTTP/1.1" 200 3873 "https://www.gtes.ilc.edu.tw/" "Mozilla/5.0 (iPhone; CPU iPhone OS 18_5_0 like Mac OS X) AppleWebKit/605.1.15 (KHTML, like Gecko) GSA/375.1.776343893 Mobile/15E148 Safari/604.1"
101.12.162.128 - - [26/Aug/2026:14:27:24 +0800] "GET /wp-content/plugins/elementor/assets/js/frontend.min.js HTTP/1.1" 200 13169 "https://www.gtes.ilc.edu.tw/" "Mozilla/5.0 (iPhone; CPU iPhone OS 18_5_0 like Mac OS X) AppleWebKit/605.1.15 (KHTML, like Gecko) GSA/375.1.776343893 Mobile/15E148 Safari/604.1"
101.12.162.128 - - [26/Aug/2026:14:27:24 +0800] "GET /wp-content/plugins/elementor-pro/assets/js/elements-handlers.min.js HTTP/1.1" 200 10882 "https://www.gtes.ilc.edu.tw/" "Mozilla/5.0 (iPhone; CPU iPhone OS 18_5_0 like Mac OS X) AppleWebKit/605.1.15 (KHTML, like Gecko) GSA/375.1.776343893 Mobile/15E148 Safari/604.1"
101.12.162.128 - - [26/Aug/2026:14:27:24 +0800] "GET /wp-content/uploads/sites/73/2019/10/114%E5%AD%B8%E5%B9%B4%E5%BA%A6%E5%B0%8F%E4%B8%80%E6%96%B0%E7%94%9F%E6%8B%9B%E7%94%9F%E6%B5%B7%E5%A0%B1-1448x2048.jpg HTTP/1.1" 200 409931 "https://www.gtes.ilc.edu.tw/" "Mozilla/5.0 (iPhone; CPU iPhone OS 18_5_0 like Mac OS X) AppleWebKit/605.1.15 (KHTML, like Gecko) GSA/375.1.776343893 Mobile/15E148 Safari/604.1"
101.12.162.128 - - [26/Aug/2026:14:27:24 +0800] "GET /wp-content/uploads/sites/73/2019/10/%E5%8F%A4%E5%B0%8FFB%E5%B0%81%E9%9D%A2.jpg HTTP/1.1" 200 184927 "https://www.gtes.ilc.edu.tw/" "Mozilla/5.0 (iPhone; CPU iPhone OS 18_5_0 like Mac OS X) AppleWebKit/605.1.15 (KHTML, like Gecko) GSA/375.1.776343893 Mobile/15E148 Safari/604.1"
101.12.162.128 - - [26/Aug/2026:14:27:25 +0800] "GET /wp-content/plugins/elementor/assets/lib/font-awesome/webfonts/fa-regular-400.woff2 HTTP/1.1" 200 14127 "https://www.gtes.ilc.edu.tw/" "Mozilla/5.0 (iPhone; CPU iPhone OS 18_5_0 like Mac OS X) AppleWebKit/605.1.15 (KHTML, like Gecko) GSA/375.1.776343893 Mobile/15E148 Safari/604.1"
101.12.162.128 - - [26/Aug/2026:14:27:25 +0800] "GET /wp-content/uploads/sites/73/2019/10/%E5%88%86%E9%9A%94%E7%B7%9A-%E8%99%9B%E7%B7%9A.jpg HTTP/1.1" 200 5463 "https://www.gtes.ilc.edu.tw/" "Mozilla/5.0 (iPhone; CPU iPhone OS 18_5_0 like Mac OS X) AppleWebKit/605.1.15 (KHTML, like Gecko) GSA/375.1.776343893 Mobile/15E148 Safari/604.1"
101.12.162.128 - - [26/Aug/2026:14:27:25 +0800] "GET /wp-content/themes/oceanwp/assets/fonts/fontawesome/webfonts/fa-regular-400.woff2 HTTP/1.1" 200 25383 "https://www.gtes.ilc.edu.tw/" "Mozilla/5.0 (iPhone; CPU iPhone OS 18_5_0 like Mac OS X) AppleWebKit/605.1.15 (KHTML, like Gecko) GSA/375.1.776343893 Mobile/15E148 Safari/604.1"
101.12.162.128 - - [26/Aug/2026:14:27:25 +0800] "GET /wp-content/plugins/elementor-pro/assets/js/animated-headline.3efc6517c2a055f6c242.bundle.min.js HTTP/1.1" 200 3602 "https://www.gtes.ilc.edu.tw/" "Mozilla/5.0 (iPhone; CPU iPhone OS 18_5_0 like Mac OS X) AppleWebKit/605.1.15 (KHTML, like Gecko) GSA/375.1.776343893 Mobile/15E148 Safari/604.1"
143.20.253.125 - - [26/Aug/2026:14:27:25 +0800] "GET /technology/wp-content/plugins/elementor/assets/lib/eicons/fonts/eicons.woff2?5.30.0 HTTP/1.1" 200 98225 "https://2blog.ilc.edu.tw/technology/wp-content/cache/2blog.ilc.edu.tw/wpfc-minified/89r52xig/5wom1.css" "Mozilla/5.0 (X11; Linux x86_64) AppleWebKit/537.36 (KHTML, like Gecko) Chrome/146.0.0.0 Safari/537.36"
101.12.162.128 - - [26/Aug/2026:14:27:25 +0800] "GET /wp-content/plugins/elementor-pro/assets/js/load-more.bc9573b5d1f73abd80b9.bundle.min.js HTTP/1.1" 200 2424 "https://www.gtes.ilc.edu.tw/" "Mozilla/5.0 (iPhone; CPU iPhone OS 18_5_0 like Mac OS X) AppleWebKit/605.1.15 (KHTML, like Gecko) GSA/375.1.776343893 Mobile/15E148 Safari/604.1"
101.12.162.128 - - [26/Aug/2026:14:27:25 +0800] "GET /wp-content/plugins/elementor/assets/js/video.d11c91c1b2b642a34601.bundle.min.js HTTP/1.1" 200 2161 "https://www.gtes.ilc.edu.tw/" "Mozilla/5.0 (iPhone; CPU iPhone OS 18_5_0 like Mac OS X) AppleWebKit/605.1.15 (KHTML, like Gecko) GSA/375.1.776343893 Mobile/15E148 Safari/604.1"
140.111.67.10 - - [26/Aug/2026:14:27:25 +0800] "GET /" 301 273 "-" "-"
2a03:2880:f802:18:: - - [26/Aug/2026:14:27:25 +0800] "GET /6437/2021/12/02/ HTTP/1.1" 200 14829 "-" "Mozilla/5.0 (Windows NT 10.0; Win64; x64) AppleWebKit/537.36 (KHTML, like Gecko) Chrome/145.0.0.0 Safari/537.36 (compatible; meta-externalagent/1.1 (+https://developers.facebook.com/docs/sharing/webmasters/crawler))"
140.111.175.150 - - [26/Aug/2026:14:27:25 +0800] "-" 408 339 "-" "-"
140.111.175.150 - - [26/Aug/2026:14:27:25 +0800] "-" 408 4791 "-" "-"
140.111.175.150 - - [26/Aug/2026:14:27:25 +0800] "-" 408 339 "-" "-"
140.111.175.150 - - [26/Aug/2026:14:27:25 +0800] "-" 408 4791 "-" "-"
2a03:2880:f80e:5:: - - [26/Aug/2026:14:27:25 +0800] "GET /32745/2022/02/19/ HTTP/1.1" 200 91568 "-" "Mozilla/5.0 (Windows NT 10.0; Win64; x64) AppleWebKit/537.36 (KHTML, like Gecko) Chrome/145.0.0.0 Safari/537.36 Edg/145.0.0.0 (compatible; meta-externalagent/1.1 (+https://developers.facebook.com/docs/sharing/webmasters/crawler))"
34.30.223.149 - - [26/Aug/2026:14:27:26 +0800] "GET /16811/?p=158 HTTP/1.1" 301 5749 "-" "Mozilla/5.0 (Macintosh; Intel Mac OS X 10_15_7) AppleWebKit/537.36 (KHTML, like Gecko) Chrome/120.0.0.0 Safari/537.36"
52.167.144.236 - - [26/Aug/2026:14:27:26 +0800] "GET /1003/?s=walburga97%40freenet.de HTTP/1.1" 200 13749 "-" "Mozilla/5.0 AppleWebKit/537.36 (KHTML, like Gecko; compatible; bingbot/2.0; +http://www.bing.com/bingbot.htm) Chrome/116.0.1938.76 Safari/537.36"
2a03:2880:f802:2a:: - - [26/Aug/2026:14:27:23 +0800] "GET /26150/2024/page/10/ HTTP/1.1" 200 22938 "-" "Mozilla/5.0 (Windows NT 10.0; Win64; x64) AppleWebKit/537.36 (KHTML, like Gecko) Chrome/145.0.0.0 Safari/537.36 (compatible; meta-externalagent/1.1 (+https://developers.facebook.com/docs/sharing/webmasters/crawler))"
::1 - - [26/Aug/2026:14:27:26 +0800] "OPTIONS * HTTP/1.0" 200 110 "-" "Apache/2.4.68 (Ubuntu) OpenSSL/3.0.19 (internal dummy connection)"
140.111.67.195 - - [26/Aug/2026:14:27:27 +0800] "GET /wp-admin/admin-post.php?action=steps_ad HTTP/1.1" 200 6425 "-" "node-fetch/1.0 (+https://github.com/bitinn/node-fetch)"
::1 - - [26/Aug/2026:14:27:27 +0800] "OPTIONS * HTTP/1.0" 200 110 "-" "Apache/2.4.68 (Ubuntu) OpenSSL/3.0.19 (internal dummy connection)"
2001:288:a201::67:82 - - [26/Aug/2026:14:27:25 +0800] "POST /26150/2024/page/10/?fsm_edd_37394=c58688f54c98c4d0fd0e71f6a81ba48b HTTP/1.1" 200 13008 "-" "WordPress/6.6.7; https://2blog.ilc.edu.tw/26150"
2001:288:a201::66:125 - - [26/Aug/2026:14:27:28 +0800] "GET /blog/active.php HTTP/1.1" 301 1026 "-" "-"
2001:288:a201::66:125 - - [26/Aug/2026:14:27:28 +0800] "GET /blog/active.php HTTP/1.1" 404 1084 "-" "-"
2a03:2880:f802:45:: - - [26/Aug/2026:14:27:25 +0800] "GET /vi/u00d0u00b4u00d1u0095u00c2u00a0u00d0u00b5u00c2u00aeu00d1u009eu00d0u00b6u00d0u008au00e2u0080u009au00d0u00b6u00d1u009au00d1u0094u00d0u00b4u00d1u0098u00c2u00a0-u00d0u00b5u00d0u008cu00e2u0080u00a2u00d0u00b6u00d1u009au00d1u0094u00d0u00b6u00c2u00b1u00d1u009fu00d0u00b6u00e2u0084u0096u00e2u0080u0093u00d0u00b7u00d1u0095u00c2u00a4u00d0u00b4u00d1u0095u00c2u00a0u00d0u00b9u00e2u0080u0094u00d0u0087u00d0u00b6u00c2u00adu00c2u00a6u00d0u00b6u00d1u009bu00e2u0080u0094u00d0u00b5u00c2u00a4u00c2u00a9u00d0u00b4u00d1u0091u00e2u0080u00b9-code/ HTTP/1.1" 200 28346 "-" "Mozilla/5.0 (Windows NT 10.0; Win64; x64) AppleWebKit/537.36 (KHTML, like Gecko) Chrome/145.0.0.0 Safari/537.36 (compatible; meta-externalagent/1.1 (+https://developers.facebook.com/docs/sharing/webmasters/crawler))"
216.73.217.64 - - [26/Aug/2026:14:27:28 +0800] "GET /9536/?p=52716 HTTP/1.1" 301 5795 "-" "Mozilla/5.0 AppleWebKit/537.36 (KHTML, like Gecko; compatible; ClaudeBot/1.0; +claudebot@anthropic.com)"
::1 - - [26/Aug/2026:14:27:28 +0800] "OPTIONS * HTTP/1.0" 200 110 "-" "Apache/2.4.68 (Ubuntu) OpenSSL/3.0.19 (internal dummy connection)"
52.167.144.206 - - [26/Aug/2026:14:27:28 +0800] "GET /9536/2011/04/21/%E5%88%A9%E6%BE%A4%E5%9C%8B%E5%B0%8F%E6%A0%A1%E5%8B%99%E7%8F%BE%E6%B3%81-%E4%BA%8C%E7%99%BC%E5%B1%95%E7%89%B9%E8%89%B2/ HTTP/1.1" 200 15976 "-" "Mozilla/5.0 AppleWebKit/537.36 (KHTML, like Gecko; compatible; bingbot/2.0; +http://www.bing.com/bingbot.htm) Chrome/116.0.1938.76 Safari/537.36"
59.124.9.103 - - [26/Aug/2026:14:27:28 +0800] "GET /wp-content/uploads/sites/1678/2024/11/%E7%B7%8A%E6%80%A5%E5%82%B7%E7%97%85%E8%99%95%E7%90%86.png HTTP/1.1" 200 837641 "https://www.nses.ilc.edu.tw/?p=87" "Mozilla/5.0 (Windows NT 10.0; Win64; x64) AppleWebKit/537.36 (KHTML, like Gecko) Chrome/151.0.0.0 Safari/537.36 Edg/151.0.0.0"
34.57.162.91 - - [26/Aug/2026:14:27:28 +0800] "GET /6509/2015/04/02/%E7%92%B0%E5%A2%83%E6%95%99%E8%82%B2%E8%B3%87%E8%A8%8A%E5%B9%B3%E5%8F%B0%E9%96%8B%E8%B7%91%E5%9B%89/ HTTP/1.1" 200 15677 "-" "Mozilla/5.0 (Macintosh; Intel Mac OS X 10_15_7) AppleWebKit/537.36 (KHTML, like Gecko) Chrome/120.0.0.0 Safari/537.36"
216.73.217.64 - - [26/Aug/2026:14:27:28 +0800] "GET /9536/wp-json/wp/v2/posts/52716 HTTP/1.1" 200 6403 "-" "Mozilla/5.0 AppleWebKit/537.36 (KHTML, like Gecko; compatible; ClaudeBot/1.0; +claudebot@anthropic.com)"
2a03:2880:f802:2a:: - - [26/Aug/2026:14:27:28 +0800] "GET /1/2025/10/ HTTP/1.1" 200 19856 "-" "Mozilla/5.0 (Windows NT 10.0; Win64; x64) AppleWebKit/537.36 (KHTML, like Gecko) Chrome/145.0.0.0 Safari/537.36 (compatible; meta-externalagent/1.1 (+https://developers.facebook.com/docs/sharing/webmasters/crawler))"
34.30.223.149 - - [26/Aug/2026:14:27:29 +0800] "GET /32745/?p=59910 HTTP/1.1" 301 5602 "-" "Mozilla/5.0 (Macintosh; Intel Mac OS X 10_15_7) AppleWebKit/537.36 (KHTML, like Gecko) Chrome/120.0.0.0 Safari/537.36"
216.73.217.64 - - [26/Aug/2026:14:27:29 +0800] "GET /9536/2004/08/08/%e7%a4%be%e5%8d%80%e6%97%a5%e6%9b%86-%e6%b9%96%e6%9d%b1%e7%a4%be%e5%8d%80-%e5%a4%a7%e6%b9%96%e5%9c%8b%e5%b0%8f/ HTTP/1.1" 200 9664 "https://2blog.ilc.edu.tw/9536/?p=52716" "Mozilla/5.0 AppleWebKit/537.36 (KHTML, like Gecko; compatible; ClaudeBot/1.0; +claudebot@anthropic.com)"
216.73.217.64 - - [26/Aug/2026:14:27:29 +0800] "GET /9536/wp-json/wp/v2/posts/58554 HTTP/1.1" 200 6038 "-" "Mozilla/5.0 AppleWebKit/537.36 (KHTML, like Gecko; compatible; ClaudeBot/1.0; +claudebot@anthropic.com)"
2a03:2880:f802:31:: - - [26/Aug/2026:14:27:29 +0800] "GET /6415/2016/10/17/ HTTP/1.1" 200 13983 "-" "Mozilla/5.0 (Windows NT 10.0; Win64; x64) AppleWebKit/537.36 (KHTML, like Gecko) Chrome/145.0.0.0 Safari/537.36 (compatible; meta-externalagent/1.1 (+https://developers.facebook.com/docs/sharing/webmasters/crawler))"
::1 - - [26/Aug/2026:14:27:29 +0800] "OPTIONS * HTTP/1.0" 200 110 "-" "Apache/2.4.68 (Ubuntu) OpenSSL/3.0.19 (internal dummy connection)"
2a03:2880:f802:44:: - - [26/Aug/2026:14:27:30 +0800] "GET /6452/2015/ HTTP/1.1" 200 15710 "-" "Mozilla/5.0 (Macintosh; Intel Mac OS X 10_15_7) AppleWebKit/537.36 (KHTML, like Gecko) Chrome/145.0.0.0 Safari/537.36 (compatible; meta-externalagent/1.1 (+https://developers.facebook.com/docs/sharing/webmasters/crawler))"
140.111.67.10 - - [26/Aug/2026:14:27:30 +0800] "GET /" 301 273 "-" "-"
2001:b400:e296:4d99:611a:9d69:a300:2d30 - - [26/Aug/2026:14:27:31 +0800] "GET /2020/09/20/%E6%95%99%E5%8B%99%E8%99%95/ HTTP/1.1" 200 24846 "https://www.google.com/url?q=https://www.iljh.ilc.edu.tw/2020/09/20/%25E6%2595%2599%25E5%258B%2599%25E8%2599%2595/&sa=U&sqi=2&ved=2ahUKEwjlx4_r1L2WAxXCjOEIHf6XAIkQFnoECEkQAQ&zccpm=epi&usg=AOvVaw3zDDhHwreBcvcHg4RqLM7u" "Mozilla/5.0 (iPhone; CPU iPhone OS 26_1_0 like Mac OS X) AppleWebKit/605.1.15 (KHTML, like Gecko) GSA/424.4.924152415 Mobile/15E148 Safari/604.1"
2001:b400:e296:4d99:611a:9d69:a300:2d30 - - [26/Aug/2026:14:27:31 +0800] "GET /wp-content/cache/www.iljh.ilc.edu.tw/wpfc-minified/g37rvqkn/6x5k.css HTTP/1.1" 200 45684 "https://www.iljh.ilc.edu.tw/2020/09/20/%E6%95%99%E5%8B%99%E8%99%95/" "Mozilla/5.0 (iPhone; CPU iPhone OS 26_1_0 like Mac OS X) AppleWebKit/605.1.15 (KHTML, like Gecko) GSA/424.4.924152415 Mobile/15E148 Safari/604.1"
2001:b400:e296:4d99:611a:9d69:a300:2d30 - - [26/Aug/2026:14:27:31 +0800] "GET /wp-content/cache/www.iljh.ilc.edu.tw/wpfc-minified/6mf2o59z/6x5k.css HTTP/1.1" 200 15782 "https://www.iljh.ilc.edu.tw/2020/09/20/%E6%95%99%E5%8B%99%E8%99%95/" "Mozilla/5.0 (iPhone; CPU iPhone OS 26_1_0 like Mac OS X) AppleWebKit/605.1.15 (KHTML, like Gecko) GSA/424.4.924152415 Mobile/15E148 Safari/604.1"
2001:b400:e296:4d99:611a:9d69:a300:2d30 - - [26/Aug/2026:14:27:31 +0800] "GET /wp-content/cache/www.iljh.ilc.edu.tw/wpfc-minified/f1u5yfdd/6x5k.js HTTP/1.1" 200 3452 "https://www.iljh.ilc.edu.tw/2020/09/20/%E6%95%99%E5%8B%99%E8%99%95/" "Mozilla/5.0 (iPhone; CPU iPhone OS 26_1_0 like Mac OS X) AppleWebKit/605.1.15 (KHTML, like Gecko) GSA/424.4.924152415 Mobile/15E148 Safari/604.1"
2001:b400:e296:4d99:611a:9d69:a300:2d30 - - [26/Aug/2026:14:27:31 +0800] "GET /wp-content/uploads/sites/1364/2020/02/main.h1.gif HTTP/1.1" 200 11567 "https://www.iljh.ilc.edu.tw/2020/09/20/%E6%95%99%E5%8B%99%E8%99%95/" "Mozilla/5.0 (iPhone; CPU iPhone OS 26_1_0 like Mac OS X) AppleWebKit/605.1.15 (KHTML, like Gecko) GSA/424.4.924152415 Mobile/15E148 Safari/604.1"
2001:b400:e296:4d99:611a:9d69:a300:2d30 - - [26/Aug/2026:14:27:31 +0800] "GET /wp-content/cache/www.iljh.ilc.edu.tw/wpfc-minified/o7iwr51/72cs.js HTTP/1.1" 200 6439 "https://www.iljh.ilc.edu.tw/2020/09/20/%E6%95%99%E5%8B%99%E8%99%95/" "Mozilla/5.0 (iPhone; CPU iPhone OS 26_1_0 like Mac OS X) AppleWebKit/605.1.15 (KHTML, like Gecko) GSA/424.4.924152415 Mobile/15E148 Safari/604.1"
2001:b400:e296:4d99:611a:9d69:a300:2d30 - - [26/Aug/2026:14:27:31 +0800] "GET /wp-content/cache/www.iljh.ilc.edu.tw/wpfc-minified/lpq7ontm/6x5k.js HTTP/1.1" 200 40358 "https://www.iljh.ilc.edu.tw/2020/09/20/%E6%95%99%E5%8B%99%E8%99%95/" "Mozilla/5.0 (iPhone; CPU iPhone OS 26_1_0 like Mac OS X) AppleWebKit/605.1.15 (KHTML, like Gecko) GSA/424.4.924152415 Mobile/15E148 Safari/604.1"
2001:b400:e296:4d99:611a:9d69:a300:2d30 - - [26/Aug/2026:14:27:31 +0800] "GET /wp-content/cache/www.iljh.ilc.edu.tw/wpfc-minified/qlyj1p0o/6x5k.css HTTP/1.1" 200 23116 "https://www.iljh.ilc.edu.tw/2020/09/20/%E6%95%99%E5%8B%99%E8%99%95/" "Mozilla/5.0 (iPhone; CPU iPhone OS 26_1_0 like Mac OS X) AppleWebKit/605.1.15 (KHTML, like Gecko) GSA/424.4.924152415 Mobile/15E148 Safari/604.1"
2001:b400:e296:4d99:611a:9d69:a300:2d30 - - [26/Aug/2026:14:27:31 +0800] "GET /wp-content/uploads/sites/399/elementor/css/post-177.css HTTP/1.1" 200 1268 "https://www.iljh.ilc.edu.tw/2020/09/20/%E6%95%99%E5%8B%99%E8%99%95/" "Mozilla/5.0 (iPhone; CPU iPhone OS 26_1_0 like Mac OS X) AppleWebKit/605.1.15 (KHTML, like Gecko) GSA/424.4.924152415 Mobile/15E148 Safari/604.1"
2001:b400:e296:4d99:611a:9d69:a300:2d30 - - [26/Aug/2026:14:27:31 +0800] "GET /wp-content/cache/www.iljh.ilc.edu.tw/wpfc-minified/l08hupu6/6x5k.css HTTP/1.1" 200 5958 "https://www.iljh.ilc.edu.tw/2020/09/20/%E6%95%99%E5%8B%99%E8%99%95/" "Mozilla/5.0 (iPhone; CPU iPhone OS 26_1_0 like Mac OS X) AppleWebKit/605.1.15 (KHTML, like Gecko) GSA/424.4.924152415 Mobile/15E148 Safari/604.1"
2001:b400:e296:4d99:611a:9d69:a300:2d30 - - [26/Aug/2026:14:27:31 +0800] "GET /wp-content/cache/www.iljh.ilc.edu.tw/wpfc-minified/qiyhuxze/9jzf1.css HTTP/1.1" 200 66283 "https://www.iljh.ilc.edu.tw/2020/09/20/%E6%95%99%E5%8B%99%E8%99%95/" "Mozilla/5.0 (iPhone; CPU iPhone OS 26_1_0 like Mac OS X) AppleWebKit/605.1.15 (KHTML, like Gecko) GSA/424.4.924152415 Mobile/15E148 Safari/604.1"
2001:b400:e296:4d99:611a:9d69:a300:2d30 - - [26/Aug/2026:14:27:31 +0800] "GET /wp-content/cache/www.iljh.ilc.edu.tw/wpfc-minified/kq8d2w4m/6x5k.css HTTP/1.1" 200 22541 "https://www.iljh.ilc.edu.tw/2020/09/20/%E6%95%99%E5%8B%99%E8%99%95/" "Mozilla/5.0 (iPhone; CPU iPhone OS 26_1_0 like Mac OS X) AppleWebKit/605.1.15 (KHTML, like Gecko) GSA/424.4.924152415 Mobile/15E148 Safari/604.1"
2001:b400:e296:4d99:611a:9d69:a300:2d30 - - [26/Aug/2026:14:27:31 +0800] "GET /wp-includes/js/hoverintent-js.min.js HTTP/1.1" 200 1597 "https://www.iljh.ilc.edu.tw/2020/09/20/%E6%95%99%E5%8B%99%E8%99%95/" "Mozilla/5.0 (iPhone; CPU iPhone OS 26_1_0 like Mac OS X) AppleWebKit/605.1.15 (KHTML, like Gecko) GSA/424.4.924152415 Mobile/15E148 Safari/604.1"
2001:b400:e296:4d99:611a:9d69:a300:2d30 - - [26/Aug/2026:14:27:31 +0800] "GET /wp-includes/js/admin-bar.min.js HTTP/1.1" 200 2237 "https://www.iljh.ilc.edu.tw/2020/09/20/%E6%95%99%E5%8B%99%E8%99%95/" "Mozilla/5.0 (iPhone; CPU iPhone OS 26_1_0 like Mac OS X) AppleWebKit/605.1.15 (KHTML, like Gecko) GSA/424.4.924152415 Mobile/15E148 Safari/604.1"
2001:b400:e296:4d99:611a:9d69:a300:2d30 - - [26/Aug/2026:14:27:31 +0800] "GET /wp-includes/js/imagesloaded.min.js HTTP/1.1" 200 2683 "https://www.iljh.ilc.edu.tw/2020/09/20/%E6%95%99%E5%8B%99%E8%99%95/" "Mozilla/5.0 (iPhone; CPU iPhone OS 26_1_0 like Mac OS X) AppleWebKit/605.1.15 (KHTML, like Gecko) GSA/424.4.924152415 Mobile/15E148 Safari/604.1"
2001:b400:e296:4d99:611a:9d69:a300:2d30 - - [26/Aug/2026:14:27:31 +0800] "GET /wp-content/themes/oceanwp/assets/js/ow-lightbox.min.js HTTP/1.1" 200 2321 "https://www.iljh.ilc.edu.tw/2020/09/20/%E6%95%99%E5%8B%99%E8%99%95/" "Mozilla/5.0 (iPhone; CPU iPhone OS 26_1_0 like Mac OS X) AppleWebKit/605.1.15 (KHTML, like Gecko) GSA/424.4.924152415 Mobile/15E148 Safari/604.1"
2001:b400:e296:4d99:611a:9d69:a300:2d30 - - [26/Aug/2026:14:27:31 +0800] "GET /wp-content/themes/oceanwp/assets/js/drop-down-mobile-menu.min.js HTTP/1.1" 200 4663 "https://www.iljh.ilc.edu.tw/2020/09/20/%E6%95%99%E5%8B%99%E8%99%95/" "Mozilla/5.0 (iPhone; CPU iPhone OS 26_1_0 like Mac OS X) AppleWebKit/605.1.15 (KHTML, like Gecko) GSA/424.4.924152415 Mobile/15E148 Safari/604.1"
2001:b400:e296:4d99:611a:9d69:a300:2d30 - - [26/Aug/2026:14:27:31 +0800] "GET /wp-content/themes/oceanwp/assets/js/drop-down-search.min.js HTTP/1.1" 200 2968 "https://www.iljh.ilc.edu.tw/2020/09/20/%E6%95%99%E5%8B%99%E8%99%95/" "Mozilla/5.0 (iPhone; CPU iPhone OS 26_1_0 like Mac OS X) AppleWebKit/605.1.15 (KHTML, like Gecko) GSA/424.4.924152415 Mobile/15E148 Safari/604.1"
2001:b400:e296:4d99:611a:9d69:a300:2d30 - - [26/Aug/2026:14:27:31 +0800] "GET /wp-content/themes/oceanwp/assets/js/theme.min.js HTTP/1.1" 200 5130 "https://www.iljh.ilc.edu.tw/2020/09/20/%E6%95%99%E5%8B%99%E8%99%95/" "Mozilla/5.0 (iPhone; CPU iPhone OS 26_1_0 like Mac OS X) AppleWebKit/605.1.15 (KHTML, like Gecko) GSA/424.4.924152415 Mobile/15E148 Safari/604.1"
2001:b400:e296:4d99:611a:9d69:a300:2d30 - - [26/Aug/2026:14:27:31 +0800] "GET /wp-content/themes/oceanwp/assets/js/vendors/magnific-popup.min.js HTTP/1.1" 200 8270 "https://www.iljh.ilc.edu.tw/2020/09/20/%E6%95%99%E5%8B%99%E8%99%95/" "Mozilla/5.0 (iPhone; CPU iPhone OS 26_1_0 like Mac OS X) AppleWebKit/605.1.15 (KHTML, like Gecko) GSA/424.4.924152415 Mobile/15E148 Safari/604.1"
2001:b400:e296:4d99:611a:9d69:a300:2d30 - - [26/Aug/2026:14:27:31 +0800] "GET /wp-content/themes/oceanwp/assets/js/vendors/flickity.pkgd.min.js HTTP/1.1" 200 15048 "https://www.iljh.ilc.edu.tw/2020/09/20/%E6%95%99%E5%8B%99%E8%99%95/" "Mozilla/5.0 (iPhone; CPU iPhone OS 26_1_0 like Mac OS X) AppleWebKit/605.1.15 (KHTML, like Gecko) GSA/424.4.924152415 Mobile/15E148 Safari/604.1"
2001:b400:e296:4d99:611a:9d69:a300:2d30 - - [26/Aug/2026:14:27:31 +0800] "GET /wp-content/themes/oceanwp/assets/js/ow-slider.min.js HTTP/1.1" 200 1761 "https://www.iljh.ilc.edu.tw/2020/09/20/%E6%95%99%E5%8B%99%E8%99%95/" "Mozilla/5.0 (iPhone; CPU iPhone OS 26_1_0 like Mac OS X) AppleWebKit/605.1.15 (KHTML, like Gecko) GSA/424.4.924152415 Mobile/15E148 Safari/604.1"
2001:b400:e296:4d99:611a:9d69:a300:2d30 - - [26/Aug/2026:14:27:31 +0800] "GET /wp-content/themes/oceanwp/assets/js/scroll-effect.min.js HTTP/1.1" 200 4127 "https://www.iljh.ilc.edu.tw/2020/09/20/%E6%95%99%E5%8B%99%E8%99%95/" "Mozilla/5.0 (iPhone; CPU iPhone OS 26_1_0 like Mac OS X) AppleWebKit/605.1.15 (KHTML, like Gecko) GSA/424.4.924152415 Mobile/15E148 Safari/604.1"
2001:b400:e296:4d99:611a:9d69:a300:2d30 - - [26/Aug/2026:14:27:31 +0800] "GET /wp-content/plugins/ocean-extra/includes/widgets/js/flickr.min.js HTTP/1.1" 200 1319 "https://www.iljh.ilc.edu.tw/2020/09/20/%E6%95%99%E5%8B%99%E8%99%95/" "Mozilla/5.0 (iPhone; CPU iPhone OS 26_1_0 like Mac OS X) AppleWebKit/605.1.15 (KHTML, like Gecko) GSA/424.4.924152415 Mobile/15E148 Safari/604.1"
2001:b400:e296:4d99:611a:9d69:a300:2d30 - - [26/Aug/2026:14:27:31 +0800] "GET /wp-content/themes/oceanwp/assets/js/scroll-top.min.js HTTP/1.1" 200 3202 "https://www.iljh.ilc.edu.tw/2020/09/20/%E6%95%99%E5%8B%99%E8%99%95/" "Mozilla/5.0 (iPhone; CPU iPhone OS 26_1_0 like Mac OS X) AppleWebKit/605.1.15 (KHTML, like Gecko) GSA/424.4.924152415 Mobile/15E148 Safari/604.1"
2001:b400:e296:4d99:611a:9d69:a300:2d30 - - [26/Aug/2026:14:27:31 +0800] "GET /wp-content/themes/oceanwp/assets/js/select.min.js HTTP/1.1" 200 2408 "https://www.iljh.ilc.edu.tw/2020/09/20/%E6%95%99%E5%8B%99%E8%99%95/" "Mozilla/5.0 (iPhone; CPU iPhone OS 26_1_0 like Mac OS X) AppleWebKit/605.1.15 (KHTML, like Gecko) GSA/424.4.924152415 Mobile/15E148 Safari/604.1"
2001:b400:e296:4d99:611a:9d69:a300:2d30 - - [26/Aug/2026:14:27:31 +0800] "GET /wp-content/plugins/elementor/assets/lib/font-awesome/js/v4-shims.min.js HTTP/1.1" 200 5089 "https://www.iljh.ilc.edu.tw/2020/09/20/%E6%95%99%E5%8B%99%E8%99%95/" "Mozilla/5.0 (iPhone; CPU iPhone OS 26_1_0 like Mac OS X) AppleWebKit/605.1.15 (KHTML, like Gecko) GSA/424.4.924152415 Mobile/15E148 Safari/604.1"
2001:b400:e296:4d99:611a:9d69:a300:2d30 - - [26/Aug/2026:14:27:31 +0800] "GET /wp-content/plugins/elementor/assets/js/webpack.runtime.min.js HTTP/1.1" 200 3095 "https://www.iljh.ilc.edu.tw/2020/09/20/%E6%95%99%E5%8B%99%E8%99%95/" "Mozilla/5.0 (iPhone; CPU iPhone OS 26_1_0 like Mac OS X) AppleWebKit/605.1.15 (KHTML, like Gecko) GSA/424.4.924152415 Mobile/15E148 Safari/604.1"
2001:b400:e296:4d99:611a:9d69:a300:2d30 - - [26/Aug/2026:14:27:31 +0800] "GET /wp-content/plugins/elementor-pro/assets/js/webpack-pro.runtime.min.js HTTP/1.1" 200 3562 "https://www.iljh.ilc.edu.tw/2020/09/20/%E6%95%99%E5%8B%99%E8%99%95/" "Mozilla/5.0 (iPhone; CPU iPhone OS 26_1_0 like Mac OS X) AppleWebKit/605.1.15 (KHTML, like Gecko) GSA/424.4.924152415 Mobile/15E148 Safari/604.1"
2001:b400:e296:4d99:611a:9d69:a300:2d30 - - [26/Aug/2026:14:27:31 +0800] "GET /wp-includes/js/dist/i18n.min.js HTTP/1.1" 200 4547 "https://www.iljh.ilc.edu.tw/2020/09/20/%E6%95%99%E5%8B%99%E8%99%95/" "Mozilla/5.0 (iPhone; CPU iPhone OS 26_1_0 like Mac OS X) AppleWebKit/605.1.15 (KHTML, like Gecko) GSA/424.4.924152415 Mobile/15E148 Safari/604.1"
2001:b400:e296:4d99:611a:9d69:a300:2d30 - - [26/Aug/2026:14:27:31 +0800] "GET /wp-includes/js/dist/hooks.min.js HTTP/1.1" 200 2421 "https://www.iljh.ilc.edu.tw/2020/09/20/%E6%95%99%E5%8B%99%E8%99%95/" "Mozilla/5.0 (iPhone; CPU iPhone OS 26_1_0 like Mac OS X) AppleWebKit/605.1.15 (KHTML, like Gecko) GSA/424.4.924152415 Mobile/15E148 Safari/604.1"
2001:b400:e296:4d99:611a:9d69:a300:2d30 - - [26/Aug/2026:14:27:31 +0800] "GET /wp-content/plugins/elementor/assets/js/frontend-modules.min.js HTTP/1.1" 200 19416 "https://www.iljh.ilc.edu.tw/2020/09/20/%E6%95%99%E5%8B%99%E8%99%95/" "Mozilla/5.0 (iPhone; CPU iPhone OS 26_1_0 like Mac OS X) AppleWebKit/605.1.15 (KHTML, like Gecko) GSA/424.4.924152415 Mobile/15E148 Safari/604.1"
2001:b400:e296:4d99:611a:9d69:a300:2d30 - - [26/Aug/2026:14:27:31 +0800] "GET /wp-content/plugins/elementor-pro/assets/js/frontend.min.js HTTP/1.1" 200 7574 "https://www.iljh.ilc.edu.tw/2020/09/20/%E6%95%99%E5%8B%99%E8%99%95/" "Mozilla/5.0 (iPhone; CPU iPhone OS 26_1_0 like Mac OS X) AppleWebKit/605.1.15 (KHTML, like Gecko) GSA/424.4.924152415 Mobile/15E148 Safari/604.1"
2001:b400:e296:4d99:611a:9d69:a300:2d30 - - [26/Aug/2026:14:27:31 +0800] "GET /wp-includes/js/jquery/ui/core.min.js HTTP/1.1" 200 7986 "https://www.iljh.ilc.edu.tw/2020/09/20/%E6%95%99%E5%8B%99%E8%99%95/" "Mozilla/5.0 (iPhone; CPU iPhone OS 26_1_0 like Mac OS X) AppleWebKit/605.1.15 (KHTML, like Gecko) GSA/424.4.924152415 Mobile/15E148 Safari/604.1"
2001:b400:e296:4d99:611a:9d69:a300:2d30 - - [26/Aug/2026:14:27:31 +0800] "GET /wp-content/plugins/elementor/assets/lib/waypoints/waypoints.min.js HTTP/1.1" 200 3873 "https://www.iljh.ilc.edu.tw/2020/09/20/%E6%95%99%E5%8B%99%E8%99%95/" "Mozilla/5.0 (iPhone; CPU iPhone OS 26_1_0 like Mac OS X) AppleWebKit/605.1.15 (KHTML, like Gecko) GSA/424.4.924152415 Mobile/15E148 Safari/604.1"
2001:b400:e296:4d99:611a:9d69:a300:2d30 - - [26/Aug/2026:14:27:31 +0800] "GET /wp-content/plugins/elementor/assets/js/frontend.min.js HTTP/1.1" 200 13169 "https://www.iljh.ilc.edu.tw/2020/09/20/%E6%95%99%E5%8B%99%E8%99%95/" "Mozilla/5.0 (iPhone; CPU iPhone OS 26_1_0 like Mac OS X) AppleWebKit/605.1.15 (KHTML, like Gecko) GSA/424.4.924152415 Mobile/15E148 Safari/604.1"
2001:b400:e296:4d99:611a:9d69:a300:2d30 - - [26/Aug/2026:14:27:31 +0800] "GET /wp-content/plugins/elementor-pro/assets/js/elements-handlers.min.js HTTP/1.1" 200 10882 "https://www.iljh.ilc.edu.tw/2020/09/20/%E6%95%99%E5%8B%99%E8%99%95/" "Mozilla/5.0 (iPhone; CPU iPhone OS 26_1_0 like Mac OS X) AppleWebKit/605.1.15 (KHTML, like Gecko) GSA/424.4.924152415 Mobile/15E148 Safari/604.1"
2001:b400:e296:4d99:611a:9d69:a300:2d30 - - [26/Aug/2026:14:27:31 +0800] "GET /wp-content/uploads/sites/399/2026/07/%E9%BB%83%E8%89%B2%E7%B4%85%E8%89%B2%E5%95%A1%E8%89%B2%E6%9C%89%E8%B6%A3%E7%9A%84%E6%85%B6%E5%85%B8%E5%BC%8F%E5%82%B3%E7%B5%B1%E7%95%A2%E6%A5%AD%E6%A9%AB%E9%A1%8D-1536x768.png HTTP/1.1" 200 129125 "https://www.iljh.ilc.edu.tw/2020/09/20/%E6%95%99%E5%8B%99%E8%99%95/" "Mozilla/5.0 (iPhone; CPU iPhone OS 26_1_0 like Mac OS X) AppleWebKit/605.1.15 (KHTML, like Gecko) GSA/424.4.924152415 Mobile/15E148 Safari/604.1"
2001:b400:e296:4d99:611a:9d69:a300:2d30 - - [26/Aug/2026:14:27:31 +0800] "GET /wp-content/plugins/elementor/assets/lib/font-awesome/webfonts/fa-solid-900.woff2 HTTP/1.1" 200 79223 "https://www.iljh.ilc.edu.tw/2020/09/20/%E6%95%99%E5%8B%99%E8%99%95/" "Mozilla/5.0 (iPhone; CPU iPhone OS 26_1_0 like Mac OS X) AppleWebKit/605.1.15 (KHTML, like Gecko) GSA/424.4.924152415 Mobile/15E148 Safari/604.1"
2001:b400:e296:4d99:611a:9d69:a300:2d30 - - [26/Aug/2026:14:27:31 +0800] "GET /wp-content/themes/oceanwp/assets/fonts/simple-line-icons/Simple-Line-Icons.woff2?v=2.4.0 HTTP/1.1" 200 30959 "https://www.iljh.ilc.edu.tw/2020/09/20/%E6%95%99%E5%8B%99%E8%99%95/" "Mozilla/5.0 (iPhone; CPU iPhone OS 26_1_0 like Mac OS X) AppleWebKit/605.1.15 (KHTML, like Gecko) GSA/424.4.924152415 Mobile/15E148 Safari/604.1"
2001:b400:e296:4d99:611a:9d69:a300:2d30 - - [26/Aug/2026:14:27:31 +0800] "GET /wp-content/plugins/elementor/assets/js/lightbox.94b920846d1e37cafb78.bundle.min.js HTTP/1.1" 200 10857 "https://www.iljh.ilc.edu.tw/2020/09/20/%E6%95%99%E5%8B%99%E8%99%95/" "Mozilla/5.0 (iPhone; CPU iPhone OS 26_1_0 like Mac OS X) AppleWebKit/605.1.15 (KHTML, like Gecko) GSA/424.4.924152415 Mobile/15E148 Safari/604.1"
2001:b400:e296:4d99:611a:9d69:a300:2d30 - - [26/Aug/2026:14:27:31 +0800] "GET /wp-content/plugins/elementor/assets/lib/dialog/dialog.min.js?ver=4.9.0 HTTP/1.1" 200 4368 "https://www.iljh.ilc.edu.tw/2020/09/20/%E6%95%99%E5%8B%99%E8%99%95/" "Mozilla/5.0 (iPhone; CPU iPhone OS 26_1_0 like Mac OS X) AppleWebKit/605.1.15 (KHTML, like Gecko) GSA/424.4.924152415 Mobile/15E148 Safari/604.1"
2001:b400:e296:4d99:611a:9d69:a300:2d30 - - [26/Aug/2026:14:27:31 +0800] "GET /wp-content/plugins/elementor/assets/lib/share-link/share-link.min.js?ver=3.22.3 HTTP/1.1" 200 2049 "https://www.iljh.ilc.edu.tw/2020/09/20/%E6%95%99%E5%8B%99%E8%99%95/" "Mozilla/5.0 (iPhone; CPU iPhone OS 26_1_0 like Mac OS X) AppleWebKit/605.1.15 (KHTML, like Gecko) GSA/424.4.924152415 Mobile/15E148 Safari/604.1"
2001:b400:e296:4d99:611a:9d69:a300:2d30 - - [26/Aug/2026:14:27:31 +0800] "GET /wp-content/plugins/elementor/assets/js/text-editor.2c35aafbe5bf0e127950.bundle.min.js HTTP/1.1" 200 1545 "https://www.iljh.ilc.edu.tw/2020/09/20/%E6%95%99%E5%8B%99%E8%99%95/" "Mozilla/5.0 (iPhone; CPU iPhone OS 26_1_0 like Mac OS X) AppleWebKit/605.1.15 (KHTML, like Gecko) GSA/424.4.924152415 Mobile/15E148 Safari/604.1"
2001:b400:e296:4d99:611a:9d69:a300:2d30 - - [26/Aug/2026:14:27:31 +0800] "GET /wp-content/uploads/sites/399/2025/05/%E6%96%B0%E5%A2%9E%E5%B0%88%E6%A1%88-1-1.jpg HTTP/1.1" 200 664018 "https://www.iljh.ilc.edu.tw/2020/09/20/%E6%95%99%E5%8B%99%E8%99%95/" "Mozilla/5.0 (iPhone; CPU iPhone OS 26_1_0 like Mac OS X) AppleWebKit/605.1.15 (KHTML, like Gecko) GSA/424.4.924152415 Mobile/15E148 Safari/604.1"
2001:b400:e296:4d99:611a:9d69:a300:2d30 - - [26/Aug/2026:14:27:31 +0800] "GET /wp-content/themes/oceanwp/assets/fonts/fontawesome/webfonts/fa-solid-900.woff2 HTTP/1.1" 200 151246 "https://www.iljh.ilc.edu.tw/2020/09/20/%E6%95%99%E5%8B%99%E8%99%95/" "Mozilla/5.0 (iPhone; CPU iPhone OS 26_1_0 like Mac OS X) AppleWebKit/605.1.15 (KHTML, like Gecko) GSA/424.4.924152415 Mobile/15E148 Safari/604.1"
