2001:b400:e296:4d99:611a:9d69:a300:2d30 - - [26/Aug/2026:14:27:31 +0800] "GET /wp-content/uploads/sites/399/2019/06/406467821_7388977591120447_7556267014640184717_n-1024x768.jpg HTTP/1.1" 200 225584 "https://www.iljh.ilc.edu.tw/2020/09/20/%E6%95%99%E5%8B%99%E8%99%95/" "Mozilla/5.0 (iPhone; CPU iPhone OS 26_1_0 like Mac OS X) AppleWebKit/605.1.15 (KHTML, like Gecko) GSA/424.4.924152415 Mobile/15E148 Safari/604.1"
2001:b400:e296:4d99:611a:9d69:a300:2d30 - - [26/Aug/2026:14:27:31 +0800] "GET /wp-content/uploads/sites/399/2026/06/c89be951-26ff-4770-a5e5-5df647053831.jpg HTTP/1.1" 200 244087 "https://www.iljh.ilc.edu.tw/2020/09/20/%E6%95%99%E5%8B%99%E8%99%95/" "Mozilla/5.0 (iPhone; CPU iPhone OS 26_1_0 like Mac OS X) AppleWebKit/605.1.15 (KHTML, like Gecko) GSA/424.4.924152415 Mobile/15E148 Safari/604.1"
2001:b400:e296:4d99:611a:9d69:a300:2d30 - - [26/Aug/2026:14:27:31 +0800] "GET /wp-content/uploads/sites/399/2022/03/%E8%98%AD%E4%B8%AD%E7%9B%B8%E7%B0%BF.jpg HTTP/1.1" 200 47709 "https://www.iljh.ilc.edu.tw/2020/09/20/%E6%95%99%E5%8B%99%E8%99%95/" "Mozilla/5.0 (iPhone; CPU iPhone OS 26_1_0 like Mac OS X) AppleWebKit/605.1.15 (KHTML, like Gecko) GSA/424.4.924152415 Mobile/15E148 Safari/604.1"
2001:b400:e296:4d99:611a:9d69:a300:2d30 - - [26/Aug/2026:14:27:31 +0800] "GET /wp-content/uploads/sites/399/2026/02/unnamed-12.jpg HTTP/1.1" 200 245291 "https://www.iljh.ilc.edu.tw/2020/09/20/%E6%95%99%E5%8B%99%E8%99%95/" "Mozilla/5.0 (iPhone; CPU iPhone OS 26_1_0 like Mac OS X) AppleWebKit/605.1.15 (KHTML, like Gecko) GSA/424.4.924152415 Mobile/15E148 Safari/604.1"
2001:b400:e296:4d99:611a:9d69:a300:2d30 - - [26/Aug/2026:14:27:31 +0800] "POST /wp-json/ilc-summary/v1/popular-posts HTTP/1.1" 201 1113 "https://www.iljh.ilc.edu.tw/2020/09/20/%E6%95%99%E5%8B%99%E8%99%95/" "Mozilla/5.0 (iPhone; CPU iPhone OS 26_1_0 like Mac OS X) AppleWebKit/605.1.15 (KHTML, like Gecko) GSA/424.4.924152415 Mobile/15E148 Safari/604.1"
2001:b400:e296:4d99:611a:9d69:a300:2d30 - - [26/Aug/2026:14:27:31 +0800] "GET /wp-content/uploads/sites/399/2025/08/114%E5%B9%B4%E3%80%8C%E6%9A%91%E6%9C%9F%E4%BF%9D%E8%AD%B7%E9%9D%92%E5%B0%91%E5%B9%B4-%E9%9D%92%E6%98%A5%E5%B0%88%E6%A1%88%E3%80%8D%E5%AE%A3%E5%B0%8E-%E4%B8%80%E3%80%81-%E6%8B%92%E7%B5%95%E5%85%92%E7%AB%A5%E5%8F%8A%E9%9D%92%E5%B0%91%E5%B9%B4%E9%81%AD%E5%8F%97%E6%80%A7%E5%89%9D%E5%89%8A%E3%80%82-%E4%BA%8C%E3%80%81-%E4%BB%BB%E4%BD%95%E4%BA%BA-1-1536x1086.png HTTP/1.1" 200 746436 "https://www.iljh.ilc.edu.tw/2020/09/20/%E6%95%99%E5%8B%99%E8%99%95/" "Mozilla/5.0 (iPhone; CPU iPhone OS 26_1_0 like Mac OS X) AppleWebKit/605.1.15 (KHTML, like Gecko) GSA/424.4.924152415 Mobile/15E148 Safari/604.1"
2001:b400:e296:4d99:611a:9d69:a300:2d30 - - [26/Aug/2026:14:27:31 +0800] "GET /wp-content/uploads/sites/399/2025/06/6064c312_E775167_4a519498-removebg-preview.png HTTP/1.1" 200 90554 "https://www.iljh.ilc.edu.tw/2020/09/20/%E6%95%99%E5%8B%99%E8%99%95/" "Mozilla/5.0 (iPhone; CPU iPhone OS 26_1_0 like Mac OS X) AppleWebKit/605.1.15 (KHTML, like Gecko) GSA/424.4.924152415 Mobile/15E148 Safari/604.1"
2001:b400:e296:4d99:611a:9d69:a300:2d30 - - [26/Aug/2026:14:27:31 +0800] "GET /wp-content/uploads/sites/399/2025/07/searching.png HTTP/1.1" 200 2685 "https://www.iljh.ilc.edu.tw/2020/09/20/%E6%95%99%E5%8B%99%E8%99%95/" "Mozilla/5.0 (iPhone; CPU iPhone OS 26_1_0 like Mac OS X) AppleWebKit/605.1.15 (KHTML, like Gecko) GSA/424.4.924152415 Mobile/15E148 Safari/604.1"
2001:b400:e296:4d99:611a:9d69:a300:2d30 - - [26/Aug/2026:14:27:31 +0800] "GET /wp-content/plugins/elementor/assets/lib/font-awesome/webfonts/fa-regular-400.woff2 HTTP/1.1" 200 14127 "https://www.iljh.ilc.edu.tw/2020/09/20/%E6%95%99%E5%8B%99%E8%99%95/" "Mozilla/5.0 (iPhone; CPU iPhone OS 26_1_0 like Mac OS X) AppleWebKit/605.1.15 (KHTML, like Gecko) GSA/424.4.924152415 Mobile/15E148 Safari/604.1"
2001:b400:e296:4d99:611a:9d69:a300:2d30 - - [26/Aug/2026:14:27:32 +0800] "GET /wp-content/themes/oceanwp/assets/fonts/fontawesome/webfonts/fa-regular-400.woff2 HTTP/1.1" 200 25383 "https://www.iljh.ilc.edu.tw/2020/09/20/%E6%95%99%E5%8B%99%E8%99%95/" "Mozilla/5.0 (iPhone; CPU iPhone OS 26_1_0 like Mac OS X) AppleWebKit/605.1.15 (KHTML, like Gecko) GSA/424.4.924152415 Mobile/15E148 Safari/604.1"
140.111.67.195 - - [26/Aug/2026:14:27:32 +0800] "GET /wp-admin/admin-post.php?action=steps_ad HTTP/1.1" 200 1973 "-" "node-fetch/1.0 (+https://github.com/bitinn/node-fetch)"
2001:288:a202:0:58d7:f084:7976:aa1c - - [26/Aug/2026:14:27:32 +0800] "-" 408 339 "-" "-"
2001:288:a202:0:58d7:f084:7976:aa1c - - [26/Aug/2026:14:27:32 +0800] "-" 408 4791 "-" "-"
140.111.67.195 - - [26/Aug/2026:14:27:32 +0800] "GET /wp-admin/admin-post.php?action=steps_ad HTTP/1.1" 200 1649 "-" "node-fetch/1.0 (+https://github.com/bitinn/node-fetch)"
124.155.139.9 - - [26/Aug/2026:14:27:30 +0800] "GET /technology/2012/03/01/%E6%A0%A1%E5%8B%99%E8%A1%8C%E6%94%BF%E7%B3%BB%E7%B5%B1%EF%BC%8C%E6%95%99%E5%AD%B8%E7%B5%84%E9%95%B7%E6%8E%92%E8%AA%B2%E3%80%81%E8%AA%BF%E8%AA%B2%EF%BC%8C%E5%88%97%E5%8D%B0%E6%95%99%E5%B8%AB%E8%88%87/ HTTP/1.1" 200 23623 "https://www.google.com/" "Mozilla/5.0 (Windows NT 10.0; Win64; x64) AppleWebKit/537.36 (KHTML, like Gecko) Chrome/151.0.0.0 Safari/537.36"
124.155.139.9 - - [26/Aug/2026:14:27:32 +0800] "GET /technology/wp-content/cache/2blog.ilc.edu.tw/wpfc-minified/3226x8uj/5wohy.css HTTP/1.1" 200 20576 "https://2blog.ilc.edu.tw/technology/2012/03/01/%E6%A0%A1%E5%8B%99%E8%A1%8C%E6%94%BF%E7%B3%BB%E7%B5%B1%EF%BC%8C%E6%95%99%E5%AD%B8%E7%B5%84%E9%95%B7%E6%8E%92%E8%AA%B2%E3%80%81%E8%AA%BF%E8%AA%B2%EF%BC%8C%E5%88%97%E5%8D%B0%E6%95%99%E5%B8%AB%E8%88%87/" "Mozilla/5.0 (Windows NT 10.0; Win64; x64) AppleWebKit/537.36 (KHTML, like Gecko) Chrome/151.0.0.0 Safari/537.36"
124.155.139.9 - - [26/Aug/2026:14:27:32 +0800] "GET /technology/wp-content/cache/2blog.ilc.edu.tw/wpfc-minified/7cakikd2/5wohy.css HTTP/1.1" 200 40895 "https://2blog.ilc.edu.tw/technology/2012/03/01/%E6%A0%A1%E5%8B%99%E8%A1%8C%E6%94%BF%E7%B3%BB%E7%B5%B1%EF%BC%8C%E6%95%99%E5%AD%B8%E7%B5%84%E9%95%B7%E6%8E%92%E8%AA%B2%E3%80%81%E8%AA%BF%E8%AA%B2%EF%BC%8C%E5%88%97%E5%8D%B0%E6%95%99%E5%B8%AB%E8%88%87/" "Mozilla/5.0 (Windows NT 10.0; Win64; x64) AppleWebKit/537.36 (KHTML, like Gecko) Chrome/151.0.0.0 Safari/537.36"
124.155.139.9 - - [26/Aug/2026:14:27:32 +0800] "GET /technology/wp-content/cache/2blog.ilc.edu.tw/wpfc-minified/7jtn3kqh/5wom1.css HTTP/1.1" 200 1157 "https://2blog.ilc.edu.tw/technology/2012/03/01/%E6%A0%A1%E5%8B%99%E8%A1%8C%E6%94%BF%E7%B3%BB%E7%B5%B1%EF%BC%8C%E6%95%99%E5%AD%B8%E7%B5%84%E9%95%B7%E6%8E%92%E8%AA%B2%E3%80%81%E8%AA%BF%E8%AA%B2%EF%BC%8C%E5%88%97%E5%8D%B0%E6%95%99%E5%B8%AB%E8%88%87/" "Mozilla/5.0 (Windows NT 10.0; Win64; x64) AppleWebKit/537.36 (KHTML, like Gecko) Chrome/151.0.0.0 Safari/537.36"
124.155.139.9 - - [26/Aug/2026:14:27:33 +0800] "GET /technology/wp-content/cache/2blog.ilc.edu.tw/wpfc-minified/89r52xig/5wom1.css HTTP/1.1" 200 86387 "https://2blog.ilc.edu.tw/technology/2012/03/01/%E6%A0%A1%E5%8B%99%E8%A1%8C%E6%94%BF%E7%B3%BB%E7%B5%B1%EF%BC%8C%E6%95%99%E5%AD%B8%E7%B5%84%E9%95%B7%E6%8E%92%E8%AA%B2%E3%80%81%E8%AA%BF%E8%AA%B2%EF%BC%8C%E5%88%97%E5%8D%B0%E6%95%99%E5%B8%AB%E8%88%87/" "Mozilla/5.0 (Windows NT 10.0; Win64; x64) AppleWebKit/537.36 (KHTML, like Gecko) Chrome/151.0.0.0 Safari/537.36"
124.155.139.9 - - [26/Aug/2026:14:27:33 +0800] "GET /technology/wp-content/uploads/sites/1308/elementor/css/post-3189.css HTTP/1.1" 200 1322 "https://2blog.ilc.edu.tw/technology/2012/03/01/%E6%A0%A1%E5%8B%99%E8%A1%8C%E6%94%BF%E7%B3%BB%E7%B5%B1%EF%BC%8C%E6%95%99%E5%AD%B8%E7%B5%84%E9%95%B7%E6%8E%92%E8%AA%B2%E3%80%81%E8%AA%BF%E8%AA%B2%EF%BC%8C%E5%88%97%E5%8D%B0%E6%95%99%E5%B8%AB%E8%88%87/" "Mozilla/5.0 (Windows NT 10.0; Win64; x64) AppleWebKit/537.36 (KHTML, like Gecko) Chrome/151.0.0.0 Safari/537.36"
124.155.139.9 - - [26/Aug/2026:14:27:33 +0800] "GET /technology/wp-content/cache/2blog.ilc.edu.tw/wpfc-minified/faimvau/5wohy.css HTTP/1.1" 200 132909 "https://2blog.ilc.edu.tw/technology/2012/03/01/%E6%A0%A1%E5%8B%99%E8%A1%8C%E6%94%BF%E7%B3%BB%E7%B5%B1%EF%BC%8C%E6%95%99%E5%AD%B8%E7%B5%84%E9%95%B7%E6%8E%92%E8%AA%B2%E3%80%81%E8%AA%BF%E8%AA%B2%EF%BC%8C%E5%88%97%E5%8D%B0%E6%95%99%E5%B8%AB%E8%88%87/" "Mozilla/5.0 (Windows NT 10.0; Win64; x64) AppleWebKit/537.36 (KHTML, like Gecko) Chrome/151.0.0.0 Safari/537.36"
124.155.139.9 - - [26/Aug/2026:14:27:33 +0800] "GET /technology/wp-content/uploads/sites/1308/elementor/css/post-2275.css HTTP/1.1" 200 2070 "https://2blog.ilc.edu.tw/technology/2012/03/01/%E6%A0%A1%E5%8B%99%E8%A1%8C%E6%94%BF%E7%B3%BB%E7%B5%B1%EF%BC%8C%E6%95%99%E5%AD%B8%E7%B5%84%E9%95%B7%E6%8E%92%E8%AA%B2%E3%80%81%E8%AA%BF%E8%AA%B2%EF%BC%8C%E5%88%97%E5%8D%B0%E6%95%99%E5%B8%AB%E8%88%87/" "Mozilla/5.0 (Windows NT 10.0; Win64; x64) AppleWebKit/537.36 (KHTML, like Gecko) Chrome/151.0.0.0 Safari/537.36"
2001:288:a201::66:125 - - [26/Aug/2026:14:27:33 +0800] "GET /blog/active.php HTTP/1.1" 301 1026 "-" "-"
124.155.139.9 - - [26/Aug/2026:14:27:33 +0800] "GET /technology/wp-content/cache/2blog.ilc.edu.tw/wpfc-minified/qtq1x9uj/5wohy.css HTTP/1.1" 200 9772 "https://2blog.ilc.edu.tw/technology/2012/03/01/%E6%A0%A1%E5%8B%99%E8%A1%8C%E6%94%BF%E7%B3%BB%E7%B5%B1%EF%BC%8C%E6%95%99%E5%AD%B8%E7%B5%84%E9%95%B7%E6%8E%92%E8%AA%B2%E3%80%81%E8%AA%BF%E8%AA%B2%EF%BC%8C%E5%88%97%E5%8D%B0%E6%95%99%E5%B8%AB%E8%88%87/" "Mozilla/5.0 (Windows NT 10.0; Win64; x64) AppleWebKit/537.36 (KHTML, like Gecko) Chrome/151.0.0.0 Safari/537.36"
124.155.139.9 - - [26/Aug/2026:14:27:33 +0800] "GET /technology/wp-content/cache/2blog.ilc.edu.tw/wpfc-minified/h9oxuv2/5wohy.js HTTP/1.1" 200 35568 "https://2blog.ilc.edu.tw/technology/2012/03/01/%E6%A0%A1%E5%8B%99%E8%A1%8C%E6%94%BF%E7%B3%BB%E7%B5%B1%EF%BC%8C%E6%95%99%E5%AD%B8%E7%B5%84%E9%95%B7%E6%8E%92%E8%AA%B2%E3%80%81%E8%AA%BF%E8%AA%B2%EF%BC%8C%E5%88%97%E5%8D%B0%E6%95%99%E5%B8%AB%E8%88%87/" "Mozilla/5.0 (Windows NT 10.0; Win64; x64) AppleWebKit/537.36 (KHTML, like Gecko) Chrome/151.0.0.0 Safari/537.36"
124.155.139.9 - - [26/Aug/2026:14:27:33 +0800] "GET /technology/wp-content/uploads/sites/1308/elementor/css/post-2909.css HTTP/1.1" 200 1344 "https://2blog.ilc.edu.tw/technology/2012/03/01/%E6%A0%A1%E5%8B%99%E8%A1%8C%E6%94%BF%E7%B3%BB%E7%B5%B1%EF%BC%8C%E6%95%99%E5%AD%B8%E7%B5%84%E9%95%B7%E6%8E%92%E8%AA%B2%E3%80%81%E8%AA%BF%E8%AA%B2%EF%BC%8C%E5%88%97%E5%8D%B0%E6%95%99%E5%B8%AB%E8%88%87/" "Mozilla/5.0 (Windows NT 10.0; Win64; x64) AppleWebKit/537.36 (KHTML, like Gecko) Chrome/151.0.0.0 Safari/537.36"
124.155.139.9 - - [26/Aug/2026:14:27:33 +0800] "GET /technology/wp-content/cache/2blog.ilc.edu.tw/wpfc-minified/2ad6ijh7/5wohy.js HTTP/1.1" 200 1982 "https://2blog.ilc.edu.tw/technology/2012/03/01/%E6%A0%A1%E5%8B%99%E8%A1%8C%E6%94%BF%E7%B3%BB%E7%B5%B1%EF%BC%8C%E6%95%99%E5%AD%B8%E7%B5%84%E9%95%B7%E6%8E%92%E8%AA%B2%E3%80%81%E8%AA%BF%E8%AA%B2%EF%BC%8C%E5%88%97%E5%8D%B0%E6%95%99%E5%B8%AB%E8%88%87/" "Mozilla/5.0 (Windows NT 10.0; Win64; x64) AppleWebKit/537.36 (KHTML, like Gecko) Chrome/151.0.0.0 Safari/537.36"
124.155.139.9 - - [26/Aug/2026:14:27:33 +0800] "GET /technology/wp-content/cache/2blog.ilc.edu.tw/wpfc-minified/f2818dbe/5wohy.js HTTP/1.1" 200 2712 "https://2blog.ilc.edu.tw/technology/2012/03/01/%E6%A0%A1%E5%8B%99%E8%A1%8C%E6%94%BF%E7%B3%BB%E7%B5%B1%EF%BC%8C%E6%95%99%E5%AD%B8%E7%B5%84%E9%95%B7%E6%8E%92%E8%AA%B2%E3%80%81%E8%AA%BF%E8%AA%B2%EF%BC%8C%E5%88%97%E5%8D%B0%E6%95%99%E5%B8%AB%E8%88%87/" "Mozilla/5.0 (Windows NT 10.0; Win64; x64) AppleWebKit/537.36 (KHTML, like Gecko) Chrome/151.0.0.0 Safari/537.36"
2001:288:a201::66:125 - - [26/Aug/2026:14:27:33 +0800] "GET /blog/active.php HTTP/1.1" 404 1084 "-" "-"
2001:4860:7:810::fa - - [26/Aug/2026:14:27:33 +0800] "GET /%E6%AD%B7%E4%BB%BB%E6%A0%A1%E9%95%B7/ HTTP/1.1" 200 24738 "https://www.google.com/" "Mozilla/5.0 (Linux; Android 10; K) AppleWebKit/537.36 (KHTML, like Gecko) Chrome/140.0.0.0 Mobile Safari/537.36"
173.252.82.56 - - [26/Aug/2026:14:27:33 +0800] "GET /robots.txt HTTP/1.1" 200 5604 "-" "facebookexternalhit/1.1 (+http://www.facebook.com/externalhit_uatext.php)"
124.155.139.9 - - [26/Aug/2026:14:27:33 +0800] "GET /technology/wp-includes/js/hoverintent-js.min.js HTTP/1.1" 200 1597 "https://2blog.ilc.edu.tw/technology/2012/03/01/%E6%A0%A1%E5%8B%99%E8%A1%8C%E6%94%BF%E7%B3%BB%E7%B5%B1%EF%BC%8C%E6%95%99%E5%AD%B8%E7%B5%84%E9%95%B7%E6%8E%92%E8%AA%B2%E3%80%81%E8%AA%BF%E8%AA%B2%EF%BC%8C%E5%88%97%E5%8D%B0%E6%95%99%E5%B8%AB%E8%88%87/" "Mozilla/5.0 (Windows NT 10.0; Win64; x64) AppleWebKit/537.36 (KHTML, like Gecko) Chrome/151.0.0.0 Safari/537.36"
124.155.139.9 - - [26/Aug/2026:14:27:33 +0800] "GET /technology/wp-includes/js/imagesloaded.min.js HTTP/1.1" 200 2683 "https://2blog.ilc.edu.tw/technology/2012/03/01/%E6%A0%A1%E5%8B%99%E8%A1%8C%E6%94%BF%E7%B3%BB%E7%B5%B1%EF%BC%8C%E6%95%99%E5%AD%B8%E7%B5%84%E9%95%B7%E6%8E%92%E8%AA%B2%E3%80%81%E8%AA%BF%E8%AA%B2%EF%BC%8C%E5%88%97%E5%8D%B0%E6%95%99%E5%B8%AB%E8%88%87/" "Mozilla/5.0 (Windows NT 10.0; Win64; x64) AppleWebKit/537.36 (KHTML, like Gecko) Chrome/151.0.0.0 Safari/537.36"
124.155.139.9 - - [26/Aug/2026:14:27:33 +0800] "GET /technology/wp-content/themes/oceanwp/assets/js/theme.min.js HTTP/1.1" 200 5130 "https://2blog.ilc.edu.tw/technology/2012/03/01/%E6%A0%A1%E5%8B%99%E8%A1%8C%E6%94%BF%E7%B3%BB%E7%B5%B1%EF%BC%8C%E6%95%99%E5%AD%B8%E7%B5%84%E9%95%B7%E6%8E%92%E8%AA%B2%E3%80%81%E8%AA%BF%E8%AA%B2%EF%BC%8C%E5%88%97%E5%8D%B0%E6%95%99%E5%B8%AB%E8%88%87/" "Mozilla/5.0 (Windows NT 10.0; Win64; x64) AppleWebKit/537.36 (KHTML, like Gecko) Chrome/151.0.0.0 Safari/537.36"
124.155.139.9 - - [26/Aug/2026:14:27:33 +0800] "GET /technology/wp-content/plugins/ele-custom-skin/assets/js/ecs_admin_bar_menu.js HTTP/1.1" 200 1099 "https://2blog.ilc.edu.tw/technology/2012/03/01/%E6%A0%A1%E5%8B%99%E8%A1%8C%E6%94%BF%E7%B3%BB%E7%B5%B1%EF%BC%8C%E6%95%99%E5%AD%B8%E7%B5%84%E9%95%B7%E6%8E%92%E8%AA%B2%E3%80%81%E8%AA%BF%E8%AA%B2%EF%BC%8C%E5%88%97%E5%8D%B0%E6%95%99%E5%B8%AB%E8%88%87/" "Mozilla/5.0 (Windows NT 10.0; Win64; x64) AppleWebKit/537.36 (KHTML, like Gecko) Chrome/151.0.0.0 Safari/537.36"
124.155.139.9 - - [26/Aug/2026:14:27:33 +0800] "GET /technology/wp-includes/js/admin-bar.min.js HTTP/1.1" 200 2237 "https://2blog.ilc.edu.tw/technology/2012/03/01/%E6%A0%A1%E5%8B%99%E8%A1%8C%E6%94%BF%E7%B3%BB%E7%B5%B1%EF%BC%8C%E6%95%99%E5%AD%B8%E7%B5%84%E9%95%B7%E6%8E%92%E8%AA%B2%E3%80%81%E8%AA%BF%E8%AA%B2%EF%BC%8C%E5%88%97%E5%8D%B0%E6%95%99%E5%B8%AB%E8%88%87/" "Mozilla/5.0 (Windows NT 10.0; Win64; x64) AppleWebKit/537.36 (KHTML, like Gecko) Chrome/151.0.0.0 Safari/537.36"
124.155.139.9 - - [26/Aug/2026:14:27:33 +0800] "GET /technology/wp-content/themes/oceanwp/assets/js/vendors/magnific-popup.min.js HTTP/1.1" 200 8270 "https://2blog.ilc.edu.tw/technology/2012/03/01/%E6%A0%A1%E5%8B%99%E8%A1%8C%E6%94%BF%E7%B3%BB%E7%B5%B1%EF%BC%8C%E6%95%99%E5%AD%B8%E7%B5%84%E9%95%B7%E6%8E%92%E8%AA%B2%E3%80%81%E8%AA%BF%E8%AA%B2%EF%BC%8C%E5%88%97%E5%8D%B0%E6%95%99%E5%B8%AB%E8%88%87/" "Mozilla/5.0 (Windows NT 10.0; Win64; x64) AppleWebKit/537.36 (KHTML, like Gecko) Chrome/151.0.0.0 Safari/537.36"
124.155.139.9 - - [26/Aug/2026:14:27:33 +0800] "GET /technology/wp-content/themes/oceanwp/assets/js/vendors/flickity.pkgd.min.js HTTP/1.1" 200 15048 "https://2blog.ilc.edu.tw/technology/2012/03/01/%E6%A0%A1%E5%8B%99%E8%A1%8C%E6%94%BF%E7%B3%BB%E7%B5%B1%EF%BC%8C%E6%95%99%E5%AD%B8%E7%B5%84%E9%95%B7%E6%8E%92%E8%AA%B2%E3%80%81%E8%AA%BF%E8%AA%B2%EF%BC%8C%E5%88%97%E5%8D%B0%E6%95%99%E5%B8%AB%E8%88%87/" "Mozilla/5.0 (Windows NT 10.0; Win64; x64) AppleWebKit/537.36 (KHTML, like Gecko) Chrome/151.0.0.0 Safari/537.36"
124.155.139.9 - - [26/Aug/2026:14:27:33 +0800] "GET /technology/wp-content/themes/oceanwp/assets/js/ow-lightbox.min.js HTTP/1.1" 200 2321 "https://2blog.ilc.edu.tw/technology/2012/03/01/%E6%A0%A1%E5%8B%99%E8%A1%8C%E6%94%BF%E7%B3%BB%E7%B5%B1%EF%BC%8C%E6%95%99%E5%AD%B8%E7%B5%84%E9%95%B7%E6%8E%92%E8%AA%B2%E3%80%81%E8%AA%BF%E8%AA%B2%EF%BC%8C%E5%88%97%E5%8D%B0%E6%95%99%E5%B8%AB%E8%88%87/" "Mozilla/5.0 (Windows NT 10.0; Win64; x64) AppleWebKit/537.36 (KHTML, like Gecko) Chrome/151.0.0.0 Safari/537.36"
124.155.139.9 - - [26/Aug/2026:14:27:33 +0800] "GET /technology/wp-content/themes/oceanwp/assets/js/drop-down-mobile-menu.min.js HTTP/1.1" 200 4663 "https://2blog.ilc.edu.tw/technology/2012/03/01/%E6%A0%A1%E5%8B%99%E8%A1%8C%E6%94%BF%E7%B3%BB%E7%B5%B1%EF%BC%8C%E6%95%99%E5%AD%B8%E7%B5%84%E9%95%B7%E6%8E%92%E8%AA%B2%E3%80%81%E8%AA%BF%E8%AA%B2%EF%BC%8C%E5%88%97%E5%8D%B0%E6%95%99%E5%B8%AB%E8%88%87/" "Mozilla/5.0 (Windows NT 10.0; Win64; x64) AppleWebKit/537.36 (KHTML, like Gecko) Chrome/151.0.0.0 Safari/537.36"
124.155.139.9 - - [26/Aug/2026:14:27:33 +0800] "GET /technology/wp-content/themes/oceanwp/assets/js/scroll-top.min.js HTTP/1.1" 200 3202 "https://2blog.ilc.edu.tw/technology/2012/03/01/%E6%A0%A1%E5%8B%99%E8%A1%8C%E6%94%BF%E7%B3%BB%E7%B5%B1%EF%BC%8C%E6%95%99%E5%AD%B8%E7%B5%84%E9%95%B7%E6%8E%92%E8%AA%B2%E3%80%81%E8%AA%BF%E8%AA%B2%EF%BC%8C%E5%88%97%E5%8D%B0%E6%95%99%E5%B8%AB%E8%88%87/" "Mozilla/5.0 (Windows NT 10.0; Win64; x64) AppleWebKit/537.36 (KHTML, like Gecko) Chrome/151.0.0.0 Safari/537.36"
124.155.139.9 - - [26/Aug/2026:14:27:33 +0800] "GET /technology/wp-content/themes/oceanwp/assets/js/ow-slider.min.js HTTP/1.1" 200 1761 "https://2blog.ilc.edu.tw/technology/2012/03/01/%E6%A0%A1%E5%8B%99%E8%A1%8C%E6%94%BF%E7%B3%BB%E7%B5%B1%EF%BC%8C%E6%95%99%E5%AD%B8%E7%B5%84%E9%95%B7%E6%8E%92%E8%AA%B2%E3%80%81%E8%AA%BF%E8%AA%B2%EF%BC%8C%E5%88%97%E5%8D%B0%E6%95%99%E5%B8%AB%E8%88%87/" "Mozilla/5.0 (Windows NT 10.0; Win64; x64) AppleWebKit/537.36 (KHTML, like Gecko) Chrome/151.0.0.0 Safari/537.36"
124.155.139.9 - - [26/Aug/2026:14:27:33 +0800] "GET /technology/wp-content/themes/oceanwp/assets/js/scroll-effect.min.js HTTP/1.1" 200 4127 "https://2blog.ilc.edu.tw/technology/2012/03/01/%E6%A0%A1%E5%8B%99%E8%A1%8C%E6%94%BF%E7%B3%BB%E7%B5%B1%EF%BC%8C%E6%95%99%E5%AD%B8%E7%B5%84%E9%95%B7%E6%8E%92%E8%AA%B2%E3%80%81%E8%AA%BF%E8%AA%B2%EF%BC%8C%E5%88%97%E5%8D%B0%E6%95%99%E5%B8%AB%E8%88%87/" "Mozilla/5.0 (Windows NT 10.0; Win64; x64) AppleWebKit/537.36 (KHTML, like Gecko) Chrome/151.0.0.0 Safari/537.36"
124.155.139.9 - - [26/Aug/2026:14:27:33 +0800] "GET /technology/wp-content/themes/oceanwp/assets/js/select.min.js HTTP/1.1" 200 2408 "https://2blog.ilc.edu.tw/technology/2012/03/01/%E6%A0%A1%E5%8B%99%E8%A1%8C%E6%94%BF%E7%B3%BB%E7%B5%B1%EF%BC%8C%E6%95%99%E5%AD%B8%E7%B5%84%E9%95%B7%E6%8E%92%E8%AA%B2%E3%80%81%E8%AA%BF%E8%AA%B2%EF%BC%8C%E5%88%97%E5%8D%B0%E6%95%99%E5%B8%AB%E8%88%87/" "Mozilla/5.0 (Windows NT 10.0; Win64; x64) AppleWebKit/537.36 (KHTML, like Gecko) Chrome/151.0.0.0 Safari/537.36"
124.155.139.9 - - [26/Aug/2026:14:27:33 +0800] "GET /technology/wp-content/plugins/ocean-extra/includes/widgets/js/flickr.min.js HTTP/1.1" 200 1319 "https://2blog.ilc.edu.tw/technology/2012/03/01/%E6%A0%A1%E5%8B%99%E8%A1%8C%E6%94%BF%E7%B3%BB%E7%B5%B1%EF%BC%8C%E6%95%99%E5%AD%B8%E7%B5%84%E9%95%B7%E6%8E%92%E8%AA%B2%E3%80%81%E8%AA%BF%E8%AA%B2%EF%BC%8C%E5%88%97%E5%8D%B0%E6%95%99%E5%B8%AB%E8%88%87/" "Mozilla/5.0 (Windows NT 10.0; Win64; x64) AppleWebKit/537.36 (KHTML, like Gecko) Chrome/151.0.0.0 Safari/537.36"
57.141.2.34 - - [26/Aug/2026:14:27:33 +0800] "GET /16821/wp-json/wp/v2/pages/2 HTTP/1.1" 200 9933 "-" "Mozilla/5.0 (Windows NT 10.0; Win64; x64) AppleWebKit/537.36 (KHTML, like Gecko) Chrome/145.0.0.0 Safari/537.36 (compatible; meta-externalagent/1.1 (+https://developers.facebook.com/docs/sharing/webmasters/crawler))"
124.155.139.9 - - [26/Aug/2026:14:27:33 +0800] "GET /technology/wp-content/plugins/elementor-pro/assets/lib/sticky/jquery.sticky.min.js HTTP/1.1" 200 2422 "https://2blog.ilc.edu.tw/technology/2012/03/01/%E6%A0%A1%E5%8B%99%E8%A1%8C%E6%94%BF%E7%B3%BB%E7%B5%B1%EF%BC%8C%E6%95%99%E5%AD%B8%E7%B5%84%E9%95%B7%E6%8E%92%E8%AA%B2%E3%80%81%E8%AA%BF%E8%AA%B2%EF%BC%8C%E5%88%97%E5%8D%B0%E6%95%99%E5%B8%AB%E8%88%87/" "Mozilla/5.0 (Windows NT 10.0; Win64; x64) AppleWebKit/537.36 (KHTML, like Gecko) Chrome/151.0.0.0 Safari/537.36"
124.155.139.9 - - [26/Aug/2026:14:27:33 +0800] "GET /technology/wp-content/plugins/elementor-pro/assets/lib/smartmenus/jquery.smartmenus.min.js HTTP/1.1" 200 7967 "https://2blog.ilc.edu.tw/technology/2012/03/01/%E6%A0%A1%E5%8B%99%E8%A1%8C%E6%94%BF%E7%B3%BB%E7%B5%B1%EF%BC%8C%E6%95%99%E5%AD%B8%E7%B5%84%E9%95%B7%E6%8E%92%E8%AA%B2%E3%80%81%E8%AA%BF%E8%AA%B2%EF%BC%8C%E5%88%97%E5%8D%B0%E6%95%99%E5%B8%AB%E8%88%87/" "Mozilla/5.0 (Windows NT 10.0; Win64; x64) AppleWebKit/537.36 (KHTML, like Gecko) Chrome/151.0.0.0 Safari/537.36"
124.155.139.9 - - [26/Aug/2026:14:27:33 +0800] "GET /technology/wp-content/plugins/elementor/assets/js/webpack.runtime.min.js HTTP/1.1" 200 3095 "https://2blog.ilc.edu.tw/technology/2012/03/01/%E6%A0%A1%E5%8B%99%E8%A1%8C%E6%94%BF%E7%B3%BB%E7%B5%B1%EF%BC%8C%E6%95%99%E5%AD%B8%E7%B5%84%E9%95%B7%E6%8E%92%E8%AA%B2%E3%80%81%E8%AA%BF%E8%AA%B2%EF%BC%8C%E5%88%97%E5%8D%B0%E6%95%99%E5%B8%AB%E8%88%87/" "Mozilla/5.0 (Windows NT 10.0; Win64; x64) AppleWebKit/537.36 (KHTML, like Gecko) Chrome/151.0.0.0 Safari/537.36"
124.155.139.9 - - [26/Aug/2026:14:27:33 +0800] "GET /technology/wp-content/plugins/elementor/assets/js/frontend-modules.min.js HTTP/1.1" 200 19416 "https://2blog.ilc.edu.tw/technology/2012/03/01/%E6%A0%A1%E5%8B%99%E8%A1%8C%E6%94%BF%E7%B3%BB%E7%B5%B1%EF%BC%8C%E6%95%99%E5%AD%B8%E7%B5%84%E9%95%B7%E6%8E%92%E8%AA%B2%E3%80%81%E8%AA%BF%E8%AA%B2%EF%BC%8C%E5%88%97%E5%8D%B0%E6%95%99%E5%B8%AB%E8%88%87/" "Mozilla/5.0 (Windows NT 10.0; Win64; x64) AppleWebKit/537.36 (KHTML, like Gecko) Chrome/151.0.0.0 Safari/537.36"
124.155.139.9 - - [26/Aug/2026:14:27:33 +0800] "GET /technology/wp-content/plugins/elementor/assets/lib/waypoints/waypoints.min.js HTTP/1.1" 200 3873 "https://2blog.ilc.edu.tw/technology/2012/03/01/%E6%A0%A1%E5%8B%99%E8%A1%8C%E6%94%BF%E7%B3%BB%E7%B5%B1%EF%BC%8C%E6%95%99%E5%AD%B8%E7%B5%84%E9%95%B7%E6%8E%92%E8%AA%B2%E3%80%81%E8%AA%BF%E8%AA%B2%EF%BC%8C%E5%88%97%E5%8D%B0%E6%95%99%E5%B8%AB%E8%88%87/" "Mozilla/5.0 (Windows NT 10.0; Win64; x64) AppleWebKit/537.36 (KHTML, like Gecko) Chrome/151.0.0.0 Safari/537.36"
124.155.139.9 - - [26/Aug/2026:14:27:33 +0800] "GET /technology/wp-includes/js/jquery/ui/core.min.js HTTP/1.1" 200 7986 "https://2blog.ilc.edu.tw/technology/2012/03/01/%E6%A0%A1%E5%8B%99%E8%A1%8C%E6%94%BF%E7%B3%BB%E7%B5%B1%EF%BC%8C%E6%95%99%E5%AD%B8%E7%B5%84%E9%95%B7%E6%8E%92%E8%AA%B2%E3%80%81%E8%AA%BF%E8%AA%B2%EF%BC%8C%E5%88%97%E5%8D%B0%E6%95%99%E5%B8%AB%E8%88%87/" "Mozilla/5.0 (Windows NT 10.0; Win64; x64) AppleWebKit/537.36 (KHTML, like Gecko) Chrome/151.0.0.0 Safari/537.36"
124.155.139.9 - - [26/Aug/2026:14:27:33 +0800] "GET /technology/wp-content/plugins/elementor/assets/js/frontend.min.js HTTP/1.1" 200 13169 "https://2blog.ilc.edu.tw/technology/2012/03/01/%E6%A0%A1%E5%8B%99%E8%A1%8C%E6%94%BF%E7%B3%BB%E7%B5%B1%EF%BC%8C%E6%95%99%E5%AD%B8%E7%B5%84%E9%95%B7%E6%8E%92%E8%AA%B2%E3%80%81%E8%AA%BF%E8%AA%B2%EF%BC%8C%E5%88%97%E5%8D%B0%E6%95%99%E5%B8%AB%E8%88%87/" "Mozilla/5.0 (Windows NT 10.0; Win64; x64) AppleWebKit/537.36 (KHTML, like Gecko) Chrome/151.0.0.0 Safari/537.36"
124.155.139.9 - - [26/Aug/2026:14:27:33 +0800] "GET /technology/wp-content/plugins/ele-custom-skin-pro/assets/js/ecspro.js HTTP/1.1" 200 4445 "https://2blog.ilc.edu.tw/technology/2012/03/01/%E6%A0%A1%E5%8B%99%E8%A1%8C%E6%94%BF%E7%B3%BB%E7%B5%B1%EF%BC%8C%E6%95%99%E5%AD%B8%E7%B5%84%E9%95%B7%E6%8E%92%E8%AA%B2%E3%80%81%E8%AA%BF%E8%AA%B2%EF%BC%8C%E5%88%97%E5%8D%B0%E6%95%99%E5%B8%AB%E8%88%87/" "Mozilla/5.0 (Windows NT 10.0; Win64; x64) AppleWebKit/537.36 (KHTML, like Gecko) Chrome/151.0.0.0 Safari/537.36"
124.155.139.9 - - [26/Aug/2026:14:27:33 +0800] "GET /technology/wp-content/plugins/elementor-pro/assets/js/webpack-pro.runtime.min.js HTTP/1.1" 200 3562 "https://2blog.ilc.edu.tw/technology/2012/03/01/%E6%A0%A1%E5%8B%99%E8%A1%8C%E6%94%BF%E7%B3%BB%E7%B5%B1%EF%BC%8C%E6%95%99%E5%AD%B8%E7%B5%84%E9%95%B7%E6%8E%92%E8%AA%B2%E3%80%81%E8%AA%BF%E8%AA%B2%EF%BC%8C%E5%88%97%E5%8D%B0%E6%95%99%E5%B8%AB%E8%88%87/" "Mozilla/5.0 (Windows NT 10.0; Win64; x64) AppleWebKit/537.36 (KHTML, like Gecko) Chrome/151.0.0.0 Safari/537.36"
124.155.139.9 - - [26/Aug/2026:14:27:33 +0800] "GET /technology/wp-includes/js/dist/hooks.min.js HTTP/1.1" 200 2421 "https://2blog.ilc.edu.tw/technology/2012/03/01/%E6%A0%A1%E5%8B%99%E8%A1%8C%E6%94%BF%E7%B3%BB%E7%B5%B1%EF%BC%8C%E6%95%99%E5%AD%B8%E7%B5%84%E9%95%B7%E6%8E%92%E8%AA%B2%E3%80%81%E8%AA%BF%E8%AA%B2%EF%BC%8C%E5%88%97%E5%8D%B0%E6%95%99%E5%B8%AB%E8%88%87/" "Mozilla/5.0 (Windows NT 10.0; Win64; x64) AppleWebKit/537.36 (KHTML, like Gecko) Chrome/151.0.0.0 Safari/537.36"
124.155.139.9 - - [26/Aug/2026:14:27:33 +0800] "GET /technology/wp-includes/js/dist/i18n.min.js HTTP/1.1" 200 4547 "https://2blog.ilc.edu.tw/technology/2012/03/01/%E6%A0%A1%E5%8B%99%E8%A1%8C%E6%94%BF%E7%B3%BB%E7%B5%B1%EF%BC%8C%E6%95%99%E5%AD%B8%E7%B5%84%E9%95%B7%E6%8E%92%E8%AA%B2%E3%80%81%E8%AA%BF%E8%AA%B2%EF%BC%8C%E5%88%97%E5%8D%B0%E6%95%99%E5%B8%AB%E8%88%87/" "Mozilla/5.0 (Windows NT 10.0; Win64; x64) AppleWebKit/537.36 (KHTML, like Gecko) Chrome/151.0.0.0 Safari/537.36"
124.155.139.9 - - [26/Aug/2026:14:27:33 +0800] "GET /technology/wp-content/plugins/elementor-pro/assets/js/frontend.min.js HTTP/1.1" 200 7574 "https://2blog.ilc.edu.tw/technology/2012/03/01/%E6%A0%A1%E5%8B%99%E8%A1%8C%E6%94%BF%E7%B3%BB%E7%B5%B1%EF%BC%8C%E6%95%99%E5%AD%B8%E7%B5%84%E9%95%B7%E6%8E%92%E8%AA%B2%E3%80%81%E8%AA%BF%E8%AA%B2%EF%BC%8C%E5%88%97%E5%8D%B0%E6%95%99%E5%B8%AB%E8%88%87/" "Mozilla/5.0 (Windows NT 10.0; Win64; x64) AppleWebKit/537.36 (KHTML, like Gecko) Chrome/151.0.0.0 Safari/537.36"
124.155.139.9 - - [26/Aug/2026:14:27:33 +0800] "GET /technology/wp-content/plugins/elementor-pro/assets/js/elements-handlers.min.js HTTP/1.1" 200 10882 "https://2blog.ilc.edu.tw/technology/2012/03/01/%E6%A0%A1%E5%8B%99%E8%A1%8C%E6%94%BF%E7%B3%BB%E7%B5%B1%EF%BC%8C%E6%95%99%E5%AD%B8%E7%B5%84%E9%95%B7%E6%8E%92%E8%AA%B2%E3%80%81%E8%AA%BF%E8%AA%B2%EF%BC%8C%E5%88%97%E5%8D%B0%E6%95%99%E5%B8%AB%E8%88%87/" "Mozilla/5.0 (Windows NT 10.0; Win64; x64) AppleWebKit/537.36 (KHTML, like Gecko) Chrome/151.0.0.0 Safari/537.36"
124.155.139.9 - - [26/Aug/2026:14:27:33 +0800] "GET /technology/wp-content/themes/oceanwp/assets/fonts/fontawesome/webfonts/fa-brands-400.woff2 HTTP/1.1" 200 110924 "https://2blog.ilc.edu.tw/technology/wp-content/cache/2blog.ilc.edu.tw/wpfc-minified/89r52xig/5wom1.css" "Mozilla/5.0 (Windows NT 10.0; Win64; x64) AppleWebKit/537.36 (KHTML, like Gecko) Chrome/151.0.0.0 Safari/537.36"
124.155.139.9 - - [26/Aug/2026:14:27:33 +0800] "GET /technology/wp-content/uploads/sites/1308/2020/02/%E7%A7%91%E6%8A%80%E6%95%99%E8%82%B2%E7%B6%B2%E7%AB%99banner-01.png HTTP/1.1" 200 16428 "https://2blog.ilc.edu.tw/technology/2012/03/01/%E6%A0%A1%E5%8B%99%E8%A1%8C%E6%94%BF%E7%B3%BB%E7%B5%B1%EF%BC%8C%E6%95%99%E5%AD%B8%E7%B5%84%E9%95%B7%E6%8E%92%E8%AA%B2%E3%80%81%E8%AA%BF%E8%AA%B2%EF%BC%8C%E5%88%97%E5%8D%B0%E6%95%99%E5%B8%AB%E8%88%87/" "Mozilla/5.0 (Windows NT 10.0; Win64; x64) AppleWebKit/537.36 (KHTML, like Gecko) Chrome/151.0.0.0 Safari/537.36"
124.155.139.9 - - [26/Aug/2026:14:27:33 +0800] "GET /technology/wp-content/themes/oceanwp/assets/fonts/fontawesome/webfonts/fa-solid-900.woff2 HTTP/1.1" 200 151246 "https://2blog.ilc.edu.tw/technology/wp-content/cache/2blog.ilc.edu.tw/wpfc-minified/89r52xig/5wom1.css" "Mozilla/5.0 (Windows NT 10.0; Win64; x64) AppleWebKit/537.36 (KHTML, like Gecko) Chrome/151.0.0.0 Safari/537.36"
124.155.139.9 - - [26/Aug/2026:14:27:34 +0800] "GET /technology/wp-content/plugins/elementor-pro/assets/js/nav-menu.e65811186e94a386ba7b.bundle.min.js HTTP/1.1" 200 2690 "https://2blog.ilc.edu.tw/technology/2012/03/01/%E6%A0%A1%E5%8B%99%E8%A1%8C%E6%94%BF%E7%B3%BB%E7%B5%B1%EF%BC%8C%E6%95%99%E5%AD%B8%E7%B5%84%E9%95%B7%E6%8E%92%E8%AA%B2%E3%80%81%E8%AA%BF%E8%AA%B2%EF%BC%8C%E5%88%97%E5%8D%B0%E6%95%99%E5%B8%AB%E8%88%87/" "Mozilla/5.0 (Windows NT 10.0; Win64; x64) AppleWebKit/537.36 (KHTML, like Gecko) Chrome/151.0.0.0 Safari/537.36"
124.155.139.9 - - [26/Aug/2026:14:27:34 +0800] "GET /technology/wp-content/plugins/elementor/assets/lib/eicons/fonts/eicons.woff2?5.30.0 HTTP/1.1" 200 98225 "https://2blog.ilc.edu.tw/technology/wp-content/cache/2blog.ilc.edu.tw/wpfc-minified/89r52xig/5wom1.css" "Mozilla/5.0 (Windows NT 10.0; Win64; x64) AppleWebKit/537.36 (KHTML, like Gecko) Chrome/151.0.0.0 Safari/537.36"
140.111.67.195 - - [26/Aug/2026:14:27:34 +0800] "GET /wp-admin/admin-post.php?action=steps_ad HTTP/1.1" 200 1649 "-" "node-fetch/1.0 (+https://github.com/bitinn/node-fetch)"
40.77.167.28 - - [26/Aug/2026:14:27:33 +0800] "GET /wp-content/uploads/sites/268/868/868-3869843.pdf HTTP/1.1" 200 157560 "-" "Mozilla/5.0 AppleWebKit/537.36 (KHTML, like Gecko; compatible; bingbot/2.0; +http://www.bing.com/bingbot.htm) Chrome/116.0.1938.76 Safari/537.36"
::1 - - [26/Aug/2026:14:27:34 +0800] "OPTIONS * HTTP/1.0" 200 110 "-" "Apache/2.4.68 (Ubuntu) OpenSSL/3.0.19 (internal dummy connection)"
140.128.162.86 - - [26/Aug/2026:14:27:34 +0800] "-" 408 339 "-" "-"
118.165.142.23 - - [26/Aug/2026:14:27:34 +0800] "GET /wp-content/uploads/sites/3846/2026/06/%E5%AE%A3%E5%82%B3%E5%9C%96%E7%89%87.png HTTP/1.1" 200 1053112 "https://it.ilc.edu.tw/" "Mozilla/5.0 (Windows NT 10.0; Win64; x64) AppleWebKit/537.36 (KHTML, like Gecko) Chrome/151.0.0.0 Safari/537.36"
140.111.67.195 - - [26/Aug/2026:14:27:35 +0800] "GET /wp-admin/admin-post.php?action=steps_ad HTTP/1.1" 200 1649 "-" "node-fetch/1.0 (+https://github.com/bitinn/node-fetch)"
124.155.139.9 - - [26/Aug/2026:14:27:33 +0800] "POST /technology/wp-json/ilc-summary/v1/popular-posts HTTP/1.1" 201 1277 "https://2blog.ilc.edu.tw/technology/2012/03/01/%E6%A0%A1%E5%8B%99%E8%A1%8C%E6%94%BF%E7%B3%BB%E7%B5%B1%EF%BC%8C%E6%95%99%E5%AD%B8%E7%B5%84%E9%95%B7%E6%8E%92%E8%AA%B2%E3%80%81%E8%AA%BF%E8%AA%B2%EF%BC%8C%E5%88%97%E5%8D%B0%E6%95%99%E5%B8%AB%E8%88%87/" "Mozilla/5.0 (Windows NT 10.0; Win64; x64) AppleWebKit/537.36 (KHTML, like Gecko) Chrome/151.0.0.0 Safari/537.36"
2a03:2880:f802:a:: - - [26/Aug/2026:14:27:35 +0800] "GET /27417/2020/05/04/ HTTP/1.1" 200 15990 "-" "Mozilla/5.0 (Windows NT 10.0; Win64; x64) AppleWebKit/537.36 (KHTML, like Gecko) Chrome/145.0.0.0 Safari/537.36 (compatible; meta-externalagent/1.1 (+https://developers.facebook.com/docs/sharing/webmasters/crawler))"
140.111.67.10 - - [26/Aug/2026:14:27:35 +0800] "GET /" 301 273 "-" "-"
2a03:2880:f802:e:: - - [26/Aug/2026:14:27:35 +0800] "GET /6422/2019/ HTTP/1.1" 200 15411 "-" "Mozilla/5.0 (Macintosh; Intel Mac OS X 10_15_7) AppleWebKit/537.36 (KHTML, like Gecko) Chrome/145.0.0.0 Safari/537.36 (compatible; meta-externalagent/1.1 (+https://developers.facebook.com/docs/sharing/webmasters/crawler))"
::1 - - [26/Aug/2026:14:27:35 +0800] "OPTIONS * HTTP/1.0" 200 110 "-" "Apache/2.4.68 (Ubuntu) OpenSSL/3.0.19 (internal dummy connection)"
::1 - - [26/Aug/2026:14:27:36 +0800] "OPTIONS * HTTP/1.0" 200 110 "-" "Apache/2.4.68 (Ubuntu) OpenSSL/3.0.19 (internal dummy connection)"
140.111.67.195 - - [26/Aug/2026:14:27:37 +0800] "GET /wp-admin/admin-post.php?action=steps_ad HTTP/1.1" 200 1649 "-" "node-fetch/1.0 (+https://github.com/bitinn/node-fetch)"
::1 - - [26/Aug/2026:14:27:37 +0800] "OPTIONS * HTTP/1.0" 200 110 "-" "Apache/2.4.68 (Ubuntu) OpenSSL/3.0.19 (internal dummy connection)"
140.111.67.195 - - [26/Aug/2026:14:27:37 +0800] "GET /wp-admin/admin-post.php?action=steps_ad HTTP/1.1" 200 1649 "-" "node-fetch/1.0 (+https://github.com/bitinn/node-fetch)"
2001:288:a201::66:125 - - [26/Aug/2026:14:27:38 +0800] "GET /blog/active.php HTTP/1.1" 301 1026 "-" "-"
2001:288:a201::66:125 - - [26/Aug/2026:14:27:38 +0800] "GET /blog/active.php HTTP/1.1" 404 1084 "-" "-"
2a03:2880:f802:2:: - - [26/Aug/2026:14:27:37 +0800] "GET /32745/2022/03/29/%e7%9b%b8%e6%80%9d%e5%a4%a2-3/ HTTP/1.1" 200 92112 "-" "Mozilla/5.0 (Macintosh; Intel Mac OS X 10_15_7) AppleWebKit/537.36 (KHTML, like Gecko) Chrome/145.0.0.0 Safari/537.36 (compatible; meta-externalagent/1.1 (+https://developers.facebook.com/docs/sharing/webmasters/crawler))"
210.69.40.253 - - [26/Aug/2026:14:27:38 +0800] "GET /2011/11/29/%E6%95%99%E5%B8%AB%E8%81%98%E7%B4%84%E7%B4%8D%E5%85%A5%E6%80%A7%E4%BE%B5%E6%80%A7%E9%A8%B7%E6%93%BE%E9%98%B2%E6%B2%BB%E6%BA%96%E5%89%87%E5%85%AC%E5%91%8A_%E4%BA%BA%E4%BA%8B%E5%AE%A4/ HTTP/1.1" 200 22132 "https://www.google.com/" "Mozilla/5.0 (Windows NT 10.0; Win64; x64) AppleWebKit/537.36 (KHTML, like Gecko) Chrome/151.0.0.0 Safari/537.36"
210.69.40.253 - - [26/Aug/2026:14:27:38 +0800] "GET /wp-content/cache/www.nojh.ilc.edu.tw/wpfc-minified/lcph9ky1/72xy.css HTTP/1.1" 200 45686 "https://www.nojh.ilc.edu.tw/2011/11/29/%E6%95%99%E5%B8%AB%E8%81%98%E7%B4%84%E7%B4%8D%E5%85%A5%E6%80%A7%E4%BE%B5%E6%80%A7%E9%A8%B7%E6%93%BE%E9%98%B2%E6%B2%BB%E6%BA%96%E5%89%87%E5%85%AC%E5%91%8A_%E4%BA%BA%E4%BA%8B%E5%AE%A4/" "Mozilla/5.0 (Windows NT 10.0; Win64; x64) AppleWebKit/537.36 (KHTML, like Gecko) Chrome/151.0.0.0 Safari/537.36"
210.69.40.253 - - [26/Aug/2026:14:27:38 +0800] "GET /wp-content/cache/www.nojh.ilc.edu.tw/wpfc-minified/ld93sxea/72xy.css HTTP/1.1" 200 15782 "https://www.nojh.ilc.edu.tw/2011/11/29/%E6%95%99%E5%B8%AB%E8%81%98%E7%B4%84%E7%B4%8D%E5%85%A5%E6%80%A7%E4%BE%B5%E6%80%A7%E9%A8%B7%E6%93%BE%E9%98%B2%E6%B2%BB%E6%BA%96%E5%89%87%E5%85%AC%E5%91%8A_%E4%BA%BA%E4%BA%8B%E5%AE%A4/" "Mozilla/5.0 (Windows NT 10.0; Win64; x64) AppleWebKit/537.36 (KHTML, like Gecko) Chrome/151.0.0.0 Safari/537.36"
210.69.40.253 - - [26/Aug/2026:14:27:38 +0800] "GET /wp-content/cache/www.nojh.ilc.edu.tw/wpfc-minified/fghjj8wa/72xy.css HTTP/1.1" 200 1157 "https://www.nojh.ilc.edu.tw/2011/11/29/%E6%95%99%E5%B8%AB%E8%81%98%E7%B4%84%E7%B4%8D%E5%85%A5%E6%80%A7%E4%BE%B5%E6%80%A7%E9%A8%B7%E6%93%BE%E9%98%B2%E6%B2%BB%E6%BA%96%E5%89%87%E5%85%AC%E5%91%8A_%E4%BA%BA%E4%BA%8B%E5%AE%A4/" "Mozilla/5.0 (Windows NT 10.0; Win64; x64) AppleWebKit/537.36 (KHTML, like Gecko) Chrome/151.0.0.0 Safari/537.36"
210.69.40.253 - - [26/Aug/2026:14:27:38 +0800] "GET /wp-content/cache/www.nojh.ilc.edu.tw/wpfc-minified/6me3b0wj/72xy.js HTTP/1.1" 200 35896 "https://www.nojh.ilc.edu.tw/2011/11/29/%E6%95%99%E5%B8%AB%E8%81%98%E7%B4%84%E7%B4%8D%E5%85%A5%E6%80%A7%E4%BE%B5%E6%80%A7%E9%A8%B7%E6%93%BE%E9%98%B2%E6%B2%BB%E6%BA%96%E5%89%87%E5%85%AC%E5%91%8A_%E4%BA%BA%E4%BA%8B%E5%AE%A4/" "Mozilla/5.0 (Windows NT 10.0; Win64; x64) AppleWebKit/537.36 (KHTML, like Gecko) Chrome/151.0.0.0 Safari/537.36"
210.69.40.253 - - [26/Aug/2026:14:27:38 +0800] "GET /wp-content/cache/www.nojh.ilc.edu.tw/wpfc-minified/977jkrz1/hdo0.js HTTP/1.1" 200 6441 "https://www.nojh.ilc.edu.tw/2011/11/29/%E6%95%99%E5%B8%AB%E8%81%98%E7%B4%84%E7%B4%8D%E5%85%A5%E6%80%A7%E4%BE%B5%E6%80%A7%E9%A8%B7%E6%93%BE%E9%98%B2%E6%B2%BB%E6%BA%96%E5%89%87%E5%85%AC%E5%91%8A_%E4%BA%BA%E4%BA%8B%E5%AE%A4/" "Mozilla/5.0 (Windows NT 10.0; Win64; x64) AppleWebKit/537.36 (KHTML, like Gecko) Chrome/151.0.0.0 Safari/537.36"
210.69.40.253 - - [26/Aug/2026:14:27:38 +0800] "GET /wp-content/cache/www.nojh.ilc.edu.tw/wpfc-minified/240kj1qz/72xy.css HTTP/1.1" 200 61683 "https://www.nojh.ilc.edu.tw/2011/11/29/%E6%95%99%E5%B8%AB%E8%81%98%E7%B4%84%E7%B4%8D%E5%85%A5%E6%80%A7%E4%BE%B5%E6%80%A7%E9%A8%B7%E6%93%BE%E9%98%B2%E6%B2%BB%E6%BA%96%E5%89%87%E5%85%AC%E5%91%8A_%E4%BA%BA%E4%BA%8B%E5%AE%A4/" "Mozilla/5.0 (Windows NT 10.0; Win64; x64) AppleWebKit/537.36 (KHTML, like Gecko) Chrome/151.0.0.0 Safari/537.36"
210.69.40.253 - - [26/Aug/2026:14:27:38 +0800] "GET /wp-content/uploads/sites/859/4907/4907-4051438.png HTTP/1.1" 200 72146 "https://www.nojh.ilc.edu.tw/2011/11/29/%E6%95%99%E5%B8%AB%E8%81%98%E7%B4%84%E7%B4%8D%E5%85%A5%E6%80%A7%E4%BE%B5%E6%80%A7%E9%A8%B7%E6%93%BE%E9%98%B2%E6%B2%BB%E6%BA%96%E5%89%87%E5%85%AC%E5%91%8A_%E4%BA%BA%E4%BA%8B%E5%AE%A4/" "Mozilla/5.0 (Windows NT 10.0; Win64; x64) AppleWebKit/537.36 (KHTML, like Gecko) Chrome/151.0.0.0 Safari/537.36"
210.69.40.253 - - [26/Aug/2026:14:27:38 +0800] "GET /wp-content/uploads/sites/859/4907/4907-4051442.png HTTP/1.1" 200 108078 "https://www.nojh.ilc.edu.tw/2011/11/29/%E6%95%99%E5%B8%AB%E8%81%98%E7%B4%84%E7%B4%8D%E5%85%A5%E6%80%A7%E4%BE%B5%E6%80%A7%E9%A8%B7%E6%93%BE%E9%98%B2%E6%B2%BB%E6%BA%96%E5%89%87%E5%85%AC%E5%91%8A_%E4%BA%BA%E4%BA%8B%E5%AE%A4/" "Mozilla/5.0 (Windows NT 10.0; Win64; x64) AppleWebKit/537.36 (KHTML, like Gecko) Chrome/151.0.0.0 Safari/537.36"
210.69.40.253 - - [26/Aug/2026:14:27:38 +0800] "GET /wp-content/uploads/sites/859/2022/04/antidrug-logo.jpg HTTP/1.1" 200 32459 "https://www.nojh.ilc.edu.tw/2011/11/29/%E6%95%99%E5%B8%AB%E8%81%98%E7%B4%84%E7%B4%8D%E5%85%A5%E6%80%A7%E4%BE%B5%E6%80%A7%E9%A8%B7%E6%93%BE%E9%98%B2%E6%B2%BB%E6%BA%96%E5%89%87%E5%85%AC%E5%91%8A_%E4%BA%BA%E4%BA%8B%E5%AE%A4/" "Mozilla/5.0 (Windows NT 10.0; Win64; x64) AppleWebKit/537.36 (KHTML, like Gecko) Chrome/151.0.0.0 Safari/537.36"
210.69.40.253 - - [26/Aug/2026:14:27:38 +0800] "GET /wp-includes/js/hoverintent-js.min.js HTTP/1.1" 200 1597 "https://www.nojh.ilc.edu.tw/2011/11/29/%E6%95%99%E5%B8%AB%E8%81%98%E7%B4%84%E7%B4%8D%E5%85%A5%E6%80%A7%E4%BE%B5%E6%80%A7%E9%A8%B7%E6%93%BE%E9%98%B2%E6%B2%BB%E6%BA%96%E5%89%87%E5%85%AC%E5%91%8A_%E4%BA%BA%E4%BA%8B%E5%AE%A4/" "Mozilla/5.0 (Windows NT 10.0; Win64; x64) AppleWebKit/537.36 (KHTML, like Gecko) Chrome/151.0.0.0 Safari/537.36"
210.69.40.253 - - [26/Aug/2026:14:27:38 +0800] "GET /wp-includes/js/admin-bar.min.js HTTP/1.1" 200 2237 "https://www.nojh.ilc.edu.tw/2011/11/29/%E6%95%99%E5%B8%AB%E8%81%98%E7%B4%84%E7%B4%8D%E5%85%A5%E6%80%A7%E4%BE%B5%E6%80%A7%E9%A8%B7%E6%93%BE%E9%98%B2%E6%B2%BB%E6%BA%96%E5%89%87%E5%85%AC%E5%91%8A_%E4%BA%BA%E4%BA%8B%E5%AE%A4/" "Mozilla/5.0 (Windows NT 10.0; Win64; x64) AppleWebKit/537.36 (KHTML, like Gecko) Chrome/151.0.0.0 Safari/537.36"
210.69.40.253 - - [26/Aug/2026:14:27:38 +0800] "GET /wp-includes/js/imagesloaded.min.js HTTP/1.1" 200 2683 "https://www.nojh.ilc.edu.tw/2011/11/29/%E6%95%99%E5%B8%AB%E8%81%98%E7%B4%84%E7%B4%8D%E5%85%A5%E6%80%A7%E4%BE%B5%E6%80%A7%E9%A8%B7%E6%93%BE%E9%98%B2%E6%B2%BB%E6%BA%96%E5%89%87%E5%85%AC%E5%91%8A_%E4%BA%BA%E4%BA%8B%E5%AE%A4/" "Mozilla/5.0 (Windows NT 10.0; Win64; x64) AppleWebKit/537.36 (KHTML, like Gecko) Chrome/151.0.0.0 Safari/537.36"
210.69.40.253 - - [26/Aug/2026:14:27:38 +0800] "GET /wp-content/themes/oceanwp/assets/js/theme.min.js HTTP/1.1" 200 5130 "https://www.nojh.ilc.edu.tw/2011/11/29/%E6%95%99%E5%B8%AB%E8%81%98%E7%B4%84%E7%B4%8D%E5%85%A5%E6%80%A7%E4%BE%B5%E6%80%A7%E9%A8%B7%E6%93%BE%E9%98%B2%E6%B2%BB%E6%BA%96%E5%89%87%E5%85%AC%E5%91%8A_%E4%BA%BA%E4%BA%8B%E5%AE%A4/" "Mozilla/5.0 (Windows NT 10.0; Win64; x64) AppleWebKit/537.36 (KHTML, like Gecko) Chrome/151.0.0.0 Safari/537.36"
210.69.40.253 - - [26/Aug/2026:14:27:38 +0800] "GET /wp-content/themes/oceanwp/assets/js/drop-down-mobile-menu.min.js HTTP/1.1" 200 4663 "https://www.nojh.ilc.edu.tw/2011/11/29/%E6%95%99%E5%B8%AB%E8%81%98%E7%B4%84%E7%B4%8D%E5%85%A5%E6%80%A7%E4%BE%B5%E6%80%A7%E9%A8%B7%E6%93%BE%E9%98%B2%E6%B2%BB%E6%BA%96%E5%89%87%E5%85%AC%E5%91%8A_%E4%BA%BA%E4%BA%8B%E5%AE%A4/" "Mozilla/5.0 (Windows NT 10.0; Win64; x64) AppleWebKit/537.36 (KHTML, like Gecko) Chrome/151.0.0.0 Safari/537.36"
210.69.40.253 - - [26/Aug/2026:14:27:39 +0800] "GET /wp-content/themes/oceanwp/assets/js/drop-down-search.min.js HTTP/1.1" 200 2968 "https://www.nojh.ilc.edu.tw/2011/11/29/%E6%95%99%E5%B8%AB%E8%81%98%E7%B4%84%E7%B4%8D%E5%85%A5%E6%80%A7%E4%BE%B5%E6%80%A7%E9%A8%B7%E6%93%BE%E9%98%B2%E6%B2%BB%E6%BA%96%E5%89%87%E5%85%AC%E5%91%8A_%E4%BA%BA%E4%BA%8B%E5%AE%A4/" "Mozilla/5.0 (Windows NT 10.0; Win64; x64) AppleWebKit/537.36 (KHTML, like Gecko) Chrome/151.0.0.0 Safari/537.36"
210.69.40.253 - - [26/Aug/2026:14:27:39 +0800] "GET /wp-content/themes/oceanwp/assets/js/vendors/magnific-popup.min.js HTTP/1.1" 200 8270 "https://www.nojh.ilc.edu.tw/2011/11/29/%E6%95%99%E5%B8%AB%E8%81%98%E7%B4%84%E7%B4%8D%E5%85%A5%E6%80%A7%E4%BE%B5%E6%80%A7%E9%A8%B7%E6%93%BE%E9%98%B2%E6%B2%BB%E6%BA%96%E5%89%87%E5%85%AC%E5%91%8A_%E4%BA%BA%E4%BA%8B%E5%AE%A4/" "Mozilla/5.0 (Windows NT 10.0; Win64; x64) AppleWebKit/537.36 (KHTML, like Gecko) Chrome/151.0.0.0 Safari/537.36"
210.69.40.253 - - [26/Aug/2026:14:27:39 +0800] "GET /wp-content/themes/oceanwp/assets/js/ow-lightbox.min.js HTTP/1.1" 200 2321 "https://www.nojh.ilc.edu.tw/2011/11/29/%E6%95%99%E5%B8%AB%E8%81%98%E7%B4%84%E7%B4%8D%E5%85%A5%E6%80%A7%E4%BE%B5%E6%80%A7%E9%A8%B7%E6%93%BE%E9%98%B2%E6%B2%BB%E6%BA%96%E5%89%87%E5%85%AC%E5%91%8A_%E4%BA%BA%E4%BA%8B%E5%AE%A4/" "Mozilla/5.0 (Windows NT 10.0; Win64; x64) AppleWebKit/537.36 (KHTML, like Gecko) Chrome/151.0.0.0 Safari/537.36"
210.69.40.253 - - [26/Aug/2026:14:27:39 +0800] "GET /wp-content/themes/oceanwp/assets/js/vendors/flickity.pkgd.min.js HTTP/1.1" 200 15048 "https://www.nojh.ilc.edu.tw/2011/11/29/%E6%95%99%E5%B8%AB%E8%81%98%E7%B4%84%E7%B4%8D%E5%85%A5%E6%80%A7%E4%BE%B5%E6%80%A7%E9%A8%B7%E6%93%BE%E9%98%B2%E6%B2%BB%E6%BA%96%E5%89%87%E5%85%AC%E5%91%8A_%E4%BA%BA%E4%BA%8B%E5%AE%A4/" "Mozilla/5.0 (Windows NT 10.0; Win64; x64) AppleWebKit/537.36 (KHTML, like Gecko) Chrome/151.0.0.0 Safari/537.36"
210.69.40.253 - - [26/Aug/2026:14:27:39 +0800] "GET /wp-content/themes/oceanwp/assets/js/ow-slider.min.js HTTP/1.1" 200 1761 "https://www.nojh.ilc.edu.tw/2011/11/29/%E6%95%99%E5%B8%AB%E8%81%98%E7%B4%84%E7%B4%8D%E5%85%A5%E6%80%A7%E4%BE%B5%E6%80%A7%E9%A8%B7%E6%93%BE%E9%98%B2%E6%B2%BB%E6%BA%96%E5%89%87%E5%85%AC%E5%91%8A_%E4%BA%BA%E4%BA%8B%E5%AE%A4/" "Mozilla/5.0 (Windows NT 10.0; Win64; x64) AppleWebKit/537.36 (KHTML, like Gecko) Chrome/151.0.0.0 Safari/537.36"
210.69.40.253 - - [26/Aug/2026:14:27:39 +0800] "GET /wp-content/themes/oceanwp/assets/js/scroll-effect.min.js HTTP/1.1" 200 4127 "https://www.nojh.ilc.edu.tw/2011/11/29/%E6%95%99%E5%B8%AB%E8%81%98%E7%B4%84%E7%B4%8D%E5%85%A5%E6%80%A7%E4%BE%B5%E6%80%A7%E9%A8%B7%E6%93%BE%E9%98%B2%E6%B2%BB%E6%BA%96%E5%89%87%E5%85%AC%E5%91%8A_%E4%BA%BA%E4%BA%8B%E5%AE%A4/" "Mozilla/5.0 (Windows NT 10.0; Win64; x64) AppleWebKit/537.36 (KHTML, like Gecko) Chrome/151.0.0.0 Safari/537.36"
210.69.40.253 - - [26/Aug/2026:14:27:39 +0800] "GET /wp-content/themes/oceanwp/assets/js/scroll-top.min.js HTTP/1.1" 200 3202 "https://www.nojh.ilc.edu.tw/2011/11/29/%E6%95%99%E5%B8%AB%E8%81%98%E7%B4%84%E7%B4%8D%E5%85%A5%E6%80%A7%E4%BE%B5%E6%80%A7%E9%A8%B7%E6%93%BE%E9%98%B2%E6%B2%BB%E6%BA%96%E5%89%87%E5%85%AC%E5%91%8A_%E4%BA%BA%E4%BA%8B%E5%AE%A4/" "Mozilla/5.0 (Windows NT 10.0; Win64; x64) AppleWebKit/537.36 (KHTML, like Gecko) Chrome/151.0.0.0 Safari/537.36"
210.69.40.253 - - [26/Aug/2026:14:27:39 +0800] "GET /wp-content/themes/oceanwp/assets/js/select.min.js HTTP/1.1" 200 2408 "https://www.nojh.ilc.edu.tw/2011/11/29/%E6%95%99%E5%B8%AB%E8%81%98%E7%B4%84%E7%B4%8D%E5%85%A5%E6%80%A7%E4%BE%B5%E6%80%A7%E9%A8%B7%E6%93%BE%E9%98%B2%E6%B2%BB%E6%BA%96%E5%89%87%E5%85%AC%E5%91%8A_%E4%BA%BA%E4%BA%8B%E5%AE%A4/" "Mozilla/5.0 (Windows NT 10.0; Win64; x64) AppleWebKit/537.36 (KHTML, like Gecko) Chrome/151.0.0.0 Safari/537.36"
210.69.40.253 - - [26/Aug/2026:14:27:39 +0800] "GET /wp-content/plugins/ocean-extra/includes/widgets/js/flickr.min.js HTTP/1.1" 200 1319 "https://www.nojh.ilc.edu.tw/2011/11/29/%E6%95%99%E5%B8%AB%E8%81%98%E7%B4%84%E7%B4%8D%E5%85%A5%E6%80%A7%E4%BE%B5%E6%80%A7%E9%A8%B7%E6%93%BE%E9%98%B2%E6%B2%BB%E6%BA%96%E5%89%87%E5%85%AC%E5%91%8A_%E4%BA%BA%E4%BA%8B%E5%AE%A4/" "Mozilla/5.0 (Windows NT 10.0; Win64; x64) AppleWebKit/537.36 (KHTML, like Gecko) Chrome/151.0.0.0 Safari/537.36"
210.69.40.253 - - [26/Aug/2026:14:27:39 +0800] "GET /wp-content/uploads/sites/859/2026/04/%E6%95%99%E5%B8%AB%E5%BE%B5%E6%89%8Dlogo.jpg HTTP/1.1" 200 26893 "https://www.nojh.ilc.edu.tw/2011/11/29/%E6%95%99%E5%B8%AB%E8%81%98%E7%B4%84%E7%B4%8D%E5%85%A5%E6%80%A7%E4%BE%B5%E6%80%A7%E9%A8%B7%E6%93%BE%E9%98%B2%E6%B2%BB%E6%BA%96%E5%89%87%E5%85%AC%E5%91%8A_%E4%BA%BA%E4%BA%8B%E5%AE%A4/" "Mozilla/5.0 (Windows NT 10.0; Win64; x64) AppleWebKit/537.36 (KHTML, like Gecko) Chrome/151.0.0.0 Safari/537.36"
210.69.40.253 - - [26/Aug/2026:14:27:39 +0800] "GET /wp-content/uploads/sites/859/2022/04/%E5%A4%A7%E5%AD%B8%E5%95%8Flogo.png HTTP/1.1" 200 11441 "https://www.nojh.ilc.edu.tw/2011/11/29/%E6%95%99%E5%B8%AB%E8%81%98%E7%B4%84%E7%B4%8D%E5%85%A5%E6%80%A7%E4%BE%B5%E6%80%A7%E9%A8%B7%E6%93%BE%E9%98%B2%E6%B2%BB%E6%BA%96%E5%89%87%E5%85%AC%E5%91%8A_%E4%BA%BA%E4%BA%8B%E5%AE%A4/" "Mozilla/5.0 (Windows NT 10.0; Win64; x64) AppleWebKit/537.36 (KHTML, like Gecko) Chrome/151.0.0.0 Safari/537.36"
210.69.40.253 - - [26/Aug/2026:14:27:39 +0800] "GET /wp-content/uploads/sites/859/2022/04/Greenliving_Logo.png HTTP/1.1" 200 10055 "https://www.nojh.ilc.edu.tw/2011/11/29/%E6%95%99%E5%B8%AB%E8%81%98%E7%B4%84%E7%B4%8D%E5%85%A5%E6%80%A7%E4%BE%B5%E6%80%A7%E9%A8%B7%E6%93%BE%E9%98%B2%E6%B2%BB%E6%BA%96%E5%89%87%E5%85%AC%E5%91%8A_%E4%BA%BA%E4%BA%8B%E5%AE%A4/" "Mozilla/5.0 (Windows NT 10.0; Win64; x64) AppleWebKit/537.36 (KHTML, like Gecko) Chrome/151.0.0.0 Safari/537.36"
210.69.40.253 - - [26/Aug/2026:14:27:39 +0800] "GET /wp-content/uploads/sites/859/2022/04/noexamLogo3.jpg HTTP/1.1" 200 14746 "https://www.nojh.ilc.edu.tw/2011/11/29/%E6%95%99%E5%B8%AB%E8%81%98%E7%B4%84%E7%B4%8D%E5%85%A5%E6%80%A7%E4%BE%B5%E6%80%A7%E9%A8%B7%E6%93%BE%E9%98%B2%E6%B2%BB%E6%BA%96%E5%89%87%E5%85%AC%E5%91%8A_%E4%BA%BA%E4%BA%8B%E5%AE%A4/" "Mozilla/5.0 (Windows NT 10.0; Win64; x64) AppleWebKit/537.36 (KHTML, like Gecko) Chrome/151.0.0.0 Safari/537.36"
210.69.40.253 - - [26/Aug/2026:14:27:39 +0800] "GET /wp-content/uploads/sites/859/2022/04/%E9%98%B2%E7%96%AB%E5%B0%88%E5%8D%80-01-01.png HTTP/1.1" 200 7785 "https://www.nojh.ilc.edu.tw/2011/11/29/%E6%95%99%E5%B8%AB%E8%81%98%E7%B4%84%E7%B4%8D%E5%85%A5%E6%80%A7%E4%BE%B5%E6%80%A7%E9%A8%B7%E6%93%BE%E9%98%B2%E6%B2%BB%E6%BA%96%E5%89%87%E5%85%AC%E5%91%8A_%E4%BA%BA%E4%BA%8B%E5%AE%A4/" "Mozilla/5.0 (Windows NT 10.0; Win64; x64) AppleWebKit/537.36 (KHTML, like Gecko) Chrome/151.0.0.0 Safari/537.36"
210.69.40.253 - - [26/Aug/2026:14:27:39 +0800] "GET /wp-content/uploads/sites/859/2023/12/%E6%80%A7%E5%B9%B3%E5%B0%88%E5%8D%80-2.jpg HTTP/1.1" 200 99831 "https://www.nojh.ilc.edu.tw/2011/11/29/%E6%95%99%E5%B8%AB%E8%81%98%E7%B4%84%E7%B4%8D%E5%85%A5%E6%80%A7%E4%BE%B5%E6%80%A7%E9%A8%B7%E6%93%BE%E9%98%B2%E6%B2%BB%E6%BA%96%E5%89%87%E5%85%AC%E5%91%8A_%E4%BA%BA%E4%BA%8B%E5%AE%A4/" "Mozilla/5.0 (Windows NT 10.0; Win64; x64) AppleWebKit/537.36 (KHTML, like Gecko) Chrome/151.0.0.0 Safari/537.36"
210.69.40.253 - - [26/Aug/2026:14:27:39 +0800] "GET /wp-content/uploads/sites/859/2022/08/1953%E5%8F%8D%E9%9C%B8%E5%87%8C%E5%B0%88%E7%B7%9A-1.png HTTP/1.1" 200 8531 "https://www.nojh.ilc.edu.tw/2011/11/29/%E6%95%99%E5%B8%AB%E8%81%98%E7%B4%84%E7%B4%8D%E5%85%A5%E6%80%A7%E4%BE%B5%E6%80%A7%E9%A8%B7%E6%93%BE%E9%98%B2%E6%B2%BB%E6%BA%96%E5%89%87%E5%85%AC%E5%91%8A_%E4%BA%BA%E4%BA%8B%E5%AE%A4/" "Mozilla/5.0 (Windows NT 10.0; Win64; x64) AppleWebKit/537.36 (KHTML, like Gecko) Chrome/151.0.0.0 Safari/537.36"
210.69.40.253 - - [26/Aug/2026:14:27:39 +0800] "GET /wp-content/uploads/sites/859/2022/04/165logo.png HTTP/1.1" 200 44849 "https://www.nojh.ilc.edu.tw/2011/11/29/%E6%95%99%E5%B8%AB%E8%81%98%E7%B4%84%E7%B4%8D%E5%85%A5%E6%80%A7%E4%BE%B5%E6%80%A7%E9%A8%B7%E6%93%BE%E9%98%B2%E6%B2%BB%E6%BA%96%E5%89%87%E5%85%AC%E5%91%8A_%E4%BA%BA%E4%BA%8B%E5%AE%A4/" "Mozilla/5.0 (Windows NT 10.0; Win64; x64) AppleWebKit/537.36 (KHTML, like Gecko) Chrome/151.0.0.0 Safari/537.36"
210.69.40.253 - - [26/Aug/2026:14:27:39 +0800] "GET /wp-content/uploads/sites/859/4907/4907-706798.jpg HTTP/1.1" 200 10901 "https://www.nojh.ilc.edu.tw/2011/11/29/%E6%95%99%E5%B8%AB%E8%81%98%E7%B4%84%E7%B4%8D%E5%85%A5%E6%80%A7%E4%BE%B5%E6%80%A7%E9%A8%B7%E6%93%BE%E9%98%B2%E6%B2%BB%E6%BA%96%E5%89%87%E5%85%AC%E5%91%8A_%E4%BA%BA%E4%BA%8B%E5%AE%A4/" "Mozilla/5.0 (Windows NT 10.0; Win64; x64) AppleWebKit/537.36 (KHTML, like Gecko) Chrome/151.0.0.0 Safari/537.36"
210.69.40.253 - - [26/Aug/2026:14:27:39 +0800] "GET /wp-content/uploads/sites/859/4907/4907-4050619.png HTTP/1.1" 200 160979 "https://www.nojh.ilc.edu.tw/2011/11/29/%E6%95%99%E5%B8%AB%E8%81%98%E7%B4%84%E7%B4%8D%E5%85%A5%E6%80%A7%E4%BE%B5%E6%80%A7%E9%A8%B7%E6%93%BE%E9%98%B2%E6%B2%BB%E6%BA%96%E5%89%87%E5%85%AC%E5%91%8A_%E4%BA%BA%E4%BA%8B%E5%AE%A4/" "Mozilla/5.0 (Windows NT 10.0; Win64; x64) AppleWebKit/537.36 (KHTML, like Gecko) Chrome/151.0.0.0 Safari/537.36"
210.69.40.253 - - [26/Aug/2026:14:27:39 +0800] "GET /wp-content/uploads/sites/859/2022/04/%E6%95%99%E5%B8%AB%E5%B0%88%E6%A5%AD%E7%99%BC%E5%B1%95logo1.png HTTP/1.1" 200 6615 "https://www.nojh.ilc.edu.tw/2011/11/29/%E6%95%99%E5%B8%AB%E8%81%98%E7%B4%84%E7%B4%8D%E5%85%A5%E6%80%A7%E4%BE%B5%E6%80%A7%E9%A8%B7%E6%93%BE%E9%98%B2%E6%B2%BB%E6%BA%96%E5%89%87%E5%85%AC%E5%91%8A_%E4%BA%BA%E4%BA%8B%E5%AE%A4/" "Mozilla/5.0 (Windows NT 10.0; Win64; x64) AppleWebKit/537.36 (KHTML, like Gecko) Chrome/151.0.0.0 Safari/537.36"
210.69.40.253 - - [26/Aug/2026:14:27:39 +0800] "GET /wp-content/uploads/sites/859/4907/4907-843105.gif HTTP/1.1" 200 6609 "https://www.nojh.ilc.edu.tw/2011/11/29/%E6%95%99%E5%B8%AB%E8%81%98%E7%B4%84%E7%B4%8D%E5%85%A5%E6%80%A7%E4%BE%B5%E6%80%A7%E9%A8%B7%E6%93%BE%E9%98%B2%E6%B2%BB%E6%BA%96%E5%89%87%E5%85%AC%E5%91%8A_%E4%BA%BA%E4%BA%8B%E5%AE%A4/" "Mozilla/5.0 (Windows NT 10.0; Win64; x64) AppleWebKit/537.36 (KHTML, like Gecko) Chrome/151.0.0.0 Safari/537.36"
210.69.40.253 - - [26/Aug/2026:14:27:39 +0800] "GET /wp-content/uploads/sites/859/4907/4907-892983.jpg HTTP/1.1" 200 3237 "https://www.nojh.ilc.edu.tw/2011/11/29/%E6%95%99%E5%B8%AB%E8%81%98%E7%B4%84%E7%B4%8D%E5%85%A5%E6%80%A7%E4%BE%B5%E6%80%A7%E9%A8%B7%E6%93%BE%E9%98%B2%E6%B2%BB%E6%BA%96%E5%89%87%E5%85%AC%E5%91%8A_%E4%BA%BA%E4%BA%8B%E5%AE%A4/" "Mozilla/5.0 (Windows NT 10.0; Win64; x64) AppleWebKit/537.36 (KHTML, like Gecko) Chrome/151.0.0.0 Safari/537.36"
210.69.40.253 - - [26/Aug/2026:14:27:39 +0800] "GET /wp-content/uploads/sites/859/2019/07/nojh.png HTTP/1.1" 200 3984 "https://www.nojh.ilc.edu.tw/2011/11/29/%E6%95%99%E5%B8%AB%E8%81%98%E7%B4%84%E7%B4%8D%E5%85%A5%E6%80%A7%E4%BE%B5%E6%80%A7%E9%A8%B7%E6%93%BE%E9%98%B2%E6%B2%BB%E6%BA%96%E5%89%87%E5%85%AC%E5%91%8A_%E4%BA%BA%E4%BA%8B%E5%AE%A4/" "Mozilla/5.0 (Windows NT 10.0; Win64; x64) AppleWebKit/537.36 (KHTML, like Gecko) Chrome/151.0.0.0 Safari/537.36"
210.69.40.253 - - [26/Aug/2026:14:27:39 +0800] "GET /wp-content/uploads/sites/859/2021/09/%E5%8D%97%E6%BE%B3%E9%AB%98%E4%B8%AD%E5%A4%A7%E9%96%805.jpg HTTP/1.1" 200 388550 "https://www.nojh.ilc.edu.tw/2011/11/29/%E6%95%99%E5%B8%AB%E8%81%98%E7%B4%84%E7%B4%8D%E5%85%A5%E6%80%A7%E4%BE%B5%E6%80%A7%E9%A8%B7%E6%93%BE%E9%98%B2%E6%B2%BB%E6%BA%96%E5%89%87%E5%85%AC%E5%91%8A_%E4%BA%BA%E4%BA%8B%E5%AE%A4/" "Mozilla/5.0 (Windows NT 10.0; Win64; x64) AppleWebKit/537.36 (KHTML, like Gecko) Chrome/151.0.0.0 Safari/537.36"
