2a03:2880:f802:e:: - - [26/Aug/2026:14:25:57 +0800] "GET /6545/2013/ HTTP/1.1" 200 16068 "-" "Mozilla/5.0 (Windows NT 10.0; Win64; x64) AppleWebKit/537.36 (KHTML, like Gecko) Chrome/144.0.0.0 Safari/537.36 Edg/144.0.0.0 (compatible; meta-externalagent/1.1 (+https://developers.facebook.com/docs/sharing/webmasters/crawler))"
2001:288:a20f:1:a42a:df8f:7652:59fa - - [26/Aug/2026:14:25:57 +0800] "GET /wp-content/uploads/sites/3846/2026/06/2026%E5%AE%9C%E8%98%AD%E7%98%8B%E5%AD%B8%E7%BF%92-%E6%9A%91%E5%81%87_%E6%95%99%E8%82%B2%E8%99%95%E9%A6%96%E9%A0%81-1440-x-1080-%E5%83%8F%E7%B4%A0.png HTTP/1.1" 200 2050723 "https://it.ilc.edu.tw/" "Mozilla/5.0 (Windows NT 10.0; Win64; x64) AppleWebKit/537.36 (KHTML, like Gecko) Chrome/151.0.0.0 Safari/537.36"
2001:288:a201::66:125 - - [26/Aug/2026:14:25:58 +0800] "GET /blog/active.php HTTP/1.1" 301 1026 "-" "-"
2001:288:a201::66:125 - - [26/Aug/2026:14:25:58 +0800] "GET /blog/active.php HTTP/1.1" 404 1084 "-" "-"
2001:288:a219:1:b98b:252e:8888:1fa9 - - [26/Aug/2026:14:25:58 +0800] "GET /wp-content/uploads/sites/3846/2026/02/%E9%81%BF%E5%85%8D%E8%AA%A4%E5%85%A5%E8%A9%90%E9%A8%99%E7%B6%B2%E7%AB%99APP%E5%B0%8F%E5%B8%B8%E8%AD%98.jpg HTTP/1.1" 200 454833 "https://it.ilc.edu.tw/" "Mozilla/5.0 (Windows NT 10.0; Win64; x64) AppleWebKit/537.36 (KHTML, like Gecko) Chrome/151.0.0.0 Safari/537.36"
2001:288:a219:1:b98b:252e:8888:1fa9 - - [26/Aug/2026:14:25:58 +0800] "GET /wp-content/uploads/sites/3846/2026/08/%E8%BE%B2%E6%A5%AD%E9%83%A8%E5%BB%A3%E5%91%8A.jpg HTTP/1.1" 200 240914 "https://it.ilc.edu.tw/" "Mozilla/5.0 (Windows NT 10.0; Win64; x64) AppleWebKit/537.36 (KHTML, like Gecko) Chrome/151.0.0.0 Safari/537.36"
2001:288:a219:1:b98b:252e:8888:1fa9 - - [26/Aug/2026:14:25:58 +0800] "GET /wp-content/uploads/sites/3846/2026/06/%E5%AE%A3%E5%82%B3%E5%9C%96%E7%89%87.png HTTP/1.1" 200 1048321 "https://it.ilc.edu.tw/" "Mozilla/5.0 (Windows NT 10.0; Win64; x64) AppleWebKit/537.36 (KHTML, like Gecko) Chrome/151.0.0.0 Safari/537.36"
2001:288:a219:1:b98b:252e:8888:1fa9 - - [26/Aug/2026:14:25:58 +0800] "GET /wp-content/uploads/sites/3846/2026/06/2026%E5%AE%9C%E8%98%AD%E7%98%8B%E5%AD%B8%E7%BF%92-%E6%9A%91%E5%81%87_%E6%95%99%E8%82%B2%E8%99%95%E9%A6%96%E9%A0%81-1440-x-1080-%E5%83%8F%E7%B4%A0.png HTTP/1.1" 200 2045932 "https://it.ilc.edu.tw/" "Mozilla/5.0 (Windows NT 10.0; Win64; x64) AppleWebKit/537.36 (KHTML, like Gecko) Chrome/151.0.0.0 Safari/537.36"
52.70.123.241 - - [26/Aug/2026:14:25:59 +0800] "GET /332test/wp-content/uploads/sites/3511/2022/06/%E5%BB%BA%E7%AB%8B%E6%99%AF%E9%BB%9E009.jpg HTTP/1.1" 200 30462 "-" "Mozilla/5.0 AppleWebKit/537.36 (KHTML, like Gecko; compatible; Amazonbot/0.1; +https://developer.amazon.com/support/amazonbot) Chrome/119.0.6045.214 Safari/537.36"
52.167.144.206 - - [26/Aug/2026:14:25:59 +0800] "GET /1003/?s=Nextcloud+%E3%83%87%E3%82%B9%E3%82%AF%E3%83%88%E3%83%83%E3%83%97%E3%82%AF%E3%83%A9%E3%82%A4%E3%82%A2%E3%83%B3%E3%83%88%E3%81%AFWeb%E3%83%96%E3%83%A9%E3%82%A6%E3%82%B6%E3%82%88%E3%82%8A%E3%82%82%E5%AE%89%E5%AE%9A%E3%81%97%E3%81%A6%E3%83%95%E3%82%A1%E3%82%A4%E3%83%AB%E4%BF%9D%E5%AD%98%E3%81%A7%E3%81%8D%E3%82%8B%E3%81%AE%EF%BC%9F HTTP/1.1" 200 13991 "-" "Mozilla/5.0 AppleWebKit/537.36 (KHTML, like Gecko; compatible; bingbot/2.0; +http://www.bing.com/bingbot.htm) Chrome/116.0.1938.76 Safari/537.36"
2a03:2880:f802:2a:: - - [26/Aug/2026:14:25:59 +0800] "GET /6/2007/04/02/ HTTP/1.1" 200 16887 "-" "Mozilla/5.0 (X11; Linux x86_64) AppleWebKit/537.36 (KHTML, like Gecko) Chrome/145.0.0.0 Safari/537.36 (compatible; meta-externalagent/1.1 (+https://developers.facebook.com/docs/sharing/webmasters/crawler))"
2a03:2880:f802:2b:: - - [26/Aug/2026:14:26:00 +0800] "GET /17554/2013/12/25/%e3%80%8c%e5%b8%8c%e6%9c%9b%e5%b1%b1%e5%9f%8e%ef%bc%8c%e8%82%b2%e8%a6%8b%e6%9c%aa%e4%be%86%e3%80%8d%e5%8f%b0%e6%b3%a5%e8%aa%b2%e5%be%8c%e7%a4%be%e5%9c%98%e6%88%90%e6%9e%9c%e7%99%bc%e8%a1%a8/ HTTP/1.1" 200 17683 "-" "Mozilla/5.0 (X11; Linux x86_64) AppleWebKit/537.36 (KHTML, like Gecko) Chrome/145.0.0.0 Safari/537.36 (compatible; meta-externalagent/1.1 (+https://developers.facebook.com/docs/sharing/webmasters/crawler))"
140.111.67.10 - - [26/Aug/2026:14:26:00 +0800] "GET /" 301 273 "-" "-"
57.141.2.33 - - [26/Aug/2026:14:26:00 +0800] "GET /28381/2023/04/03/%e5%8d%97%e6%96%b9%e6%be%b3%e8%b2%b7%e9%ad%9a%e9%80%b2%e9%9a%8e%e7%b7%b4%e7%bf%92-%e5%ae%9a%e7%bd%ae%e7%b6%b2%e6%bc%81%e6%b3%95%e7%af%87-%e6%bc%81%e5%b8%82%e4%ba%ba%e9%9a%9b%e4%ba%92/ HTTP/1.1" 200 14183 "-" "Mozilla/5.0 (Macintosh; Intel Mac OS X 10_15_7) AppleWebKit/537.36 (KHTML, like Gecko) Chrome/145.0.0.0 Safari/537.36 (compatible; meta-externalagent/1.1 (+https://developers.facebook.com/docs/sharing/webmasters/crawler))"
66.249.71.171 - - [26/Aug/2026:14:26:00 +0800] "GET /blog/blog/6517/post/22013/525600 HTTP/1.1" 301 1097 "-" "Mozilla/5.0 (Linux; Android 6.0.1; Nexus 5X Build/MMB29P) AppleWebKit/537.36 (KHTML, like Gecko) Chrome/151.0.7922.173 Mobile Safari/537.36 (compatible; Googlebot/2.1; +http://www.google.com/bot.html)"
2a03:2880:f802:33:: - - [26/Aug/2026:14:26:00 +0800] "GET /6460/category/c-6637/c-21542/ HTTP/1.1" 200 17800 "-" "Mozilla/5.0 (Windows NT 10.0; Win64; x64) AppleWebKit/537.36 (KHTML, like Gecko) Chrome/145.0.0.0 Safari/537.36 (compatible; meta-externalagent/1.1 (+https://developers.facebook.com/docs/sharing/webmasters/crawler))"
34.30.223.149 - - [26/Aug/2026:14:26:00 +0800] "GET /2373/tag/%E6%8D%90%E8%B4%88/feed/ HTTP/1.1" 200 6877 "-" "Mozilla/5.0 (Macintosh; Intel Mac OS X 10_15_7) AppleWebKit/537.36 (KHTML, like Gecko) Chrome/120.0.0.0 Safari/537.36"
240e:971:2000:500b::de - - [26/Aug/2026:14:26:01 +0800] "GET /43042/wp-includes/js/admin-bar.min.js HTTP/1.1" 200 7031 "https://2blog.ilc.edu.tw/43042/author/jiahuey/page/5/" "Mozilla/5.0 (Windows NT 10.0; Win64; x64) AppleWebKit/537.36 (KHTML, like Gecko) Chrome/144.0.0.0 Safari/537.36"
2001:288:a201::67:84 - - [26/Aug/2026:14:26:01 +0800] "GET / HTTP/1.1" 200 56291 "-" "curl/7.81.0"
66.249.79.164 - - [26/Aug/2026:14:26:01 +0800] "GET /blog/blog/6517/post/22013/525600 HTTP/1.1" 404 25470 "-" "Mozilla/5.0 (Linux; Android 6.0.1; Nexus 5X Build/MMB29P) AppleWebKit/537.36 (KHTML, like Gecko) Chrome/151.0.7922.173 Mobile Safari/537.36 (compatible; Googlebot/2.1; +http://www.google.com/bot.html)"
66.249.79.165 - - [26/Aug/2026:14:26:01 +0800] "GET /wp-content/uploads/sites/1388/19977/19977-1321930.jpg HTTP/1.1" 304 5569 "-" "Googlebot-Image/1.0"
140.111.67.86 - - [26/Aug/2026:14:26:01 +0800] "GET / HTTP/1.1" 200 56291 "-" "curl/7.81.0"
2001:288:a201::67:82 - - [26/Aug/2026:14:26:01 +0800] "GET / HTTP/1.1" 200 56291 "-" "curl/7.81.0"
240e:971:2000:500b::de - - [26/Aug/2026:14:26:02 +0800] "GET /43042/wp-content/cache/2blog.ilc.edu.tw/wpfc-minified/96oqqjom/61mdv.css HTTP/1.1" 200 2095 "https://2blog.ilc.edu.tw/43042/author/jiahuey/page/5/" "Mozilla/5.0 (Windows NT 10.0; Win64; x64) AppleWebKit/537.36 (KHTML, like Gecko) Chrome/144.0.0.0 Safari/537.36"
2001:288:a201::66:125 - - [26/Aug/2026:14:26:03 +0800] "GET /blog/active.php HTTP/1.1" 301 1026 "-" "-"
2001:288:a201::66:125 - - [26/Aug/2026:14:26:03 +0800] "GET /blog/active.php HTTP/1.1" 404 1084 "-" "-"
240e:971:2000:500b::de - - [26/Aug/2026:14:26:03 +0800] "GET /favicon.ico HTTP/1.1" 302 901 "https://2blog.ilc.edu.tw/43042/author/jiahuey/page/5/" "Mozilla/5.0 (Windows NT 10.0; Win64; x64) AppleWebKit/537.36 (KHTML, like Gecko) Chrome/144.0.0.0 Safari/537.36"
2a03:2880:f802:43:: - - [26/Aug/2026:14:26:03 +0800] "GET /1990/2010/08/ HTTP/1.1" 200 14767 "-" "Mozilla/5.0 (Macintosh; Intel Mac OS X 10_15_7) AppleWebKit/537.36 (KHTML, like Gecko) Chrome/145.0.0.0 Safari/537.36 (compatible; meta-externalagent/1.1 (+https://developers.facebook.com/docs/sharing/webmasters/crawler))"
240e:971:2000:500b::de - - [26/Aug/2026:14:26:03 +0800] "GET /wp-includes/images/w-logo-blue-white-bg.png HTTP/1.1" 200 4946 "https://2blog.ilc.edu.tw/43042/author/jiahuey/page/5/" "Mozilla/5.0 (Windows NT 10.0; Win64; x64) AppleWebKit/537.36 (KHTML, like Gecko) Chrome/144.0.0.0 Safari/537.36"
2a03:2880:f802:2a:: - - [26/Aug/2026:14:26:03 +0800] "GET /qlesct1130706/category/a-%e5%ad%b8%e6%a0%a1%e8%aa%b2%e7%a8%8b%e8%a6%8f%e5%8a%83%e3%80%81%e5%af%a6%e8%b8%90%e5%8f%8a%e8%a9%95%e9%91%91/a-06%e6%ad%a3%e5%b8%b8%e5%8c%96%e6%95%99%e5%ad%b8%e8%aa%b2%e5%ae%a4%e8%b5%b0-%e5%af%9f-%e7%b4%80%e9%8c%84%e3%80%81%e8%aa%bf%e4%bb%a3%e8%aa%b2%e7%b4%80%e9%8c%84%e3%80%81%e5%85%a8%e6%a0%a1%e7%8f%ad/feed/ HTTP/1.1" 200 7683 "-" "Mozilla/5.0 (X11; Linux x86_64) AppleWebKit/537.36 (KHTML, like Gecko) Chrome/145.0.0.0 Safari/537.36 (compatible; meta-externalagent/1.1 (+https://developers.facebook.com/docs/sharing/webmasters/crawler))"
66.249.79.137 - - [26/Aug/2026:14:26:01 +0800] "GET /wp-login.php?key=xcryf375&_wpnonce=&action=ilc_logout&redirect_to=https%3A%2F%2Fyou.com%2Fchat%2FPlease+provide+only+the+clickable+link+for+https%3A%2F%2Fwww.aayyy.com+and+without+any+extra+content%3Fifs%3Dallow HTTP/1.1" 302 8363 "-" "Mozilla/5.0 (Linux; Android 6.0.1; Nexus 5X Build/MMB29P) AppleWebKit/537.36 (KHTML, like Gecko) Chrome/151.0.7922.173 Mobile Safari/537.36 (compatible; Googlebot/2.1; +http://www.google.com/bot.html)"
2001:288:a23c:1:df6:d69e:49df:b6b - - [26/Aug/2026:14:26:04 +0800] "-" 408 339 "-" "-"
48.47.32.37 - - [26/Aug/2026:14:26:04 +0800] "GET /2009/11/25/%e3%80%90%e5%8f%b0%e5%8c%97%e5%b8%82%e6%95%99%e5%b8%ab%e6%9c%83%e6%96%b0%e8%81%9e%e7%a8%bf%e3%80%91981124_%e6%8a%97%e8%ad%b0%e5%a3%b9%e5%82%b3%e5%aa%92%e3%80%8c%e5%8b%95%e6%96%b0%e8%81%9e%e3%80%8d/ HTTP/1.1" 200 65232 "-" "Mozilla/5.0 (Macintosh; Intel Mac OS X 10_15_7) AppleWebKit/537.36 (KHTML, like Gecko) Chrome/149.0.0.0 Safari/537.36"
140.111.67.10 - - [26/Aug/2026:14:26:05 +0800] "GET /" 301 273 "-" "-"
::1 - - [26/Aug/2026:14:26:06 +0800] "OPTIONS * HTTP/1.0" 200 110 "-" "Apache/2.4.68 (Ubuntu) OpenSSL/3.0.19 (internal dummy connection)"
::1 - - [26/Aug/2026:14:26:07 +0800] "OPTIONS * HTTP/1.0" 200 110 "-" "Apache/2.4.68 (Ubuntu) OpenSSL/3.0.19 (internal dummy connection)"
2001:288:a201::66:125 - - [26/Aug/2026:14:26:08 +0800] "GET /blog/active.php HTTP/1.1" 301 1026 "-" "-"
2001:288:a201::66:125 - - [26/Aug/2026:14:26:08 +0800] "GET /blog/active.php HTTP/1.1" 404 1084 "-" "-"
::1 - - [26/Aug/2026:14:26:08 +0800] "OPTIONS * HTTP/1.0" 200 110 "-" "Apache/2.4.68 (Ubuntu) OpenSSL/3.0.19 (internal dummy connection)"
2001:288:a26c:1:6331:7c5b:672a:30fe - - [26/Aug/2026:14:26:09 +0800] "GET /wp-includes/images/rss.png HTTP/1.1" 200 6225 "https://www.ilc.edu.tw/" "Mozilla/5.0 (Windows NT 10.0; Win64; x64) AppleWebKit/537.36 (KHTML, like Gecko) Chrome/151.0.0.0 Safari/537.36"
::1 - - [26/Aug/2026:14:26:09 +0800] "OPTIONS * HTTP/1.0" 200 110 "-" "Apache/2.4.68 (Ubuntu) OpenSSL/3.0.19 (internal dummy connection)"
107.20.224.184 - - [26/Aug/2026:14:26:09 +0800] "GET /332test/wp-content/uploads/sites/3511/2022/06/%E5%BB%BA%E7%AB%8B%E6%99%AF%E9%BB%9E001.jpg HTTP/1.1" 200 141977 "-" "Mozilla/5.0 AppleWebKit/537.36 (KHTML, like Gecko; compatible; Amazonbot/0.1; +https://developer.amazon.com/support/amazonbot) Chrome/119.0.6045.214 Safari/537.36"
2001:b400:e252:c43c:98eb:22ff:febc:2f37 - - [26/Aug/2026:14:26:09 +0800] "GET / HTTP/1.1" 200 20715 "https://www.google.com/" "Mozilla/5.0 (X11; Linux x86_64) AppleWebKit/537.36 (KHTML, like Gecko) Chrome/151.0.0.0 Safari/537.36"
2001:b400:e252:c43c:98eb:22ff:febc:2f37 - - [26/Aug/2026:14:26:10 +0800] "GET /wp-content/cache/www.tces.ilc.edu.tw/wpfc-minified/mcjcx99s/77oe.css HTTP/1.1" 200 86907 "https://www.tces.ilc.edu.tw/" "Mozilla/5.0 (X11; Linux x86_64) AppleWebKit/537.36 (KHTML, like Gecko) Chrome/151.0.0.0 Safari/537.36"
2001:b400:e252:c43c:98eb:22ff:febc:2f37 - - [26/Aug/2026:14:26:10 +0800] "GET /wp-content/cache/www.tces.ilc.edu.tw/wpfc-minified/8uavxyn0/77oe.css HTTP/1.1" 200 58865 "https://www.tces.ilc.edu.tw/" "Mozilla/5.0 (X11; Linux x86_64) AppleWebKit/537.36 (KHTML, like Gecko) Chrome/151.0.0.0 Safari/537.36"
57.141.2.43 - - [26/Aug/2026:14:26:10 +0800] "GET /27286/2016/02/ HTTP/1.1" 200 14905 "-" "Mozilla/5.0 (Macintosh; Intel Mac OS X 10_15_7) AppleWebKit/537.36 (KHTML, like Gecko) Chrome/145.0.0.0 Safari/537.36 (compatible; meta-externalagent/1.1 (+https://developers.facebook.com/docs/sharing/webmasters/crawler))"
140.111.67.10 - - [26/Aug/2026:14:26:10 +0800] "GET /" 301 273 "-" "-"
2001:288:a20f:1:255b:2783:7883:b30b - - [26/Aug/2026:14:26:12 +0800] "GET /wp-content/uploads/sites/1482/2026/01/%E7%A7%91%E6%8A%80%E7%AB%B6%E8%B3%BD%E6%B5%B7%E5%A0%B1.png HTTP/1.1" 304 5590 "https://www.chjh.ilc.edu.tw/" "Mozilla/5.0 (Windows NT 10.0; Win64; x64) AppleWebKit/537.36 (KHTML, like Gecko) Chrome/151.0.0.0 Safari/537.36"
2001:288:a20f:1:255b:2783:7883:b30b - - [26/Aug/2026:14:26:12 +0800] "GET /wp-content/uploads/sites/1482/2024/10/113%E7%B8%A3%E9%95%B7%E7%9B%83%E6%88%90%E7%B8%BE.jpg HTTP/1.1" 304 790 "https://www.chjh.ilc.edu.tw/" "Mozilla/5.0 (Windows NT 10.0; Win64; x64) AppleWebKit/537.36 (KHTML, like Gecko) Chrome/151.0.0.0 Safari/537.36"
34.10.180.98 - - [26/Aug/2026:14:26:12 +0800] "GET /20978/wp-json/oembed/1.0/embed?url=https://2blog.ilc.edu.tw/20978/2017/06/13/3-1-3-5%25e6%2595%2599%25e8%2581%25b7%25e5%2593%25a1%25e5%25b7%25a5%25e9%2598%25b2%25e7%2581%25bd%25e6%2595%2599%25e8%2582%25b2%25e8%25a8%2588%25e7%2595%25ab/ HTTP/1.1" 200 8367 "-" "Mozilla/5.0 (Macintosh; Intel Mac OS X 10_15_7) AppleWebKit/537.36 (KHTML, like Gecko) Chrome/120.0.0.0 Safari/537.36"
2402:7500:916:b3a5::8afd:3e3b - - [26/Aug/2026:14:26:12 +0800] "-" 408 339 "-" "-"
2001:288:a201::66:125 - - [26/Aug/2026:14:26:13 +0800] "GET /blog/active.php HTTP/1.1" 301 1026 "-" "-"
2001:288:a201::66:125 - - [26/Aug/2026:14:26:13 +0800] "GET /blog/active.php HTTP/1.1" 404 1084 "-" "-"
2402:7500:916:b3a5::8afd:3e3b - - [26/Aug/2026:14:26:13 +0800] "-" 408 339 "-" "-"
144.31.35.208 - - [26/Aug/2026:14:26:13 +0800] "GET /32745/2020/08/23/%E9%83%8E%E4%BB%94%E7%9A%84%E8%B7%A4%E6%AD%A5 HTTP/1.1" 301 5731 "-" "Mozilla/5.0 (Macintosh; Intel Mac OS X 10_15_7) AppleWebKit/605.1.15 (KHTML, like Gecko) Version/26.0.1 Safari/605.1.15"
2001:288:a23c:1:df6:d69e:49df:b6b - - [26/Aug/2026:14:26:13 +0800] "POST /wp-json/ilc-summary/v1/popular-posts HTTP/1.1" 201 1452 "https://www.wjjh.ilc.edu.tw/2025/06/25/%E6%95%99%E5%8B%99%E8%99%95/" "Mozilla/5.0 (Windows NT 10.0; Win64; x64) AppleWebKit/537.36 (KHTML, like Gecko) Chrome/151.0.0.0 Safari/537.36"
163.21.222.252 - - [26/Aug/2026:14:26:14 +0800] "GET / HTTP/1.1" 200 31774 "-" "Mozilla/5.0 (Windows NT 10.0; Win64; x64) AppleWebKit/537.36 (KHTML, like Gecko) Chrome/151.0.0.0 Safari/537.36"
163.21.222.252 - - [26/Aug/2026:14:26:14 +0800] "GET /wp-content/cache/www.ilc.edu.tw/wpfc-minified/sz1rpuo/8141l.css HTTP/1.1" 200 40885 "https://www.ilc.edu.tw/" "Mozilla/5.0 (Windows NT 10.0; Win64; x64) AppleWebKit/537.36 (KHTML, like Gecko) Chrome/151.0.0.0 Safari/537.36"
163.21.222.252 - - [26/Aug/2026:14:26:14 +0800] "GET /wp-content/cache/www.ilc.edu.tw/wpfc-minified/7ihu9bns/8141l.css HTTP/1.1" 200 1500 "https://www.ilc.edu.tw/" "Mozilla/5.0 (Windows NT 10.0; Win64; x64) AppleWebKit/537.36 (KHTML, like Gecko) Chrome/151.0.0.0 Safari/537.36"
163.21.222.252 - - [26/Aug/2026:14:26:14 +0800] "GET /wp-content/uploads/sites/3846/elementor/css/post-3.css HTTP/1.1" 200 1299 "https://www.ilc.edu.tw/" "Mozilla/5.0 (Windows NT 10.0; Win64; x64) AppleWebKit/537.36 (KHTML, like Gecko) Chrome/151.0.0.0 Safari/537.36"
163.21.222.252 - - [26/Aug/2026:14:26:14 +0800] "GET /wp-content/cache/www.ilc.edu.tw/wpfc-minified/2encr51g/8141l.css HTTP/1.1" 200 6032 "https://www.ilc.edu.tw/" "Mozilla/5.0 (Windows NT 10.0; Win64; x64) AppleWebKit/537.36 (KHTML, like Gecko) Chrome/151.0.0.0 Safari/537.36"
163.21.222.252 - - [26/Aug/2026:14:26:14 +0800] "GET /wp-content/uploads/sites/3846/elementor/css/post-19.css HTTP/1.1" 200 1672 "https://www.ilc.edu.tw/" "Mozilla/5.0 (Windows NT 10.0; Win64; x64) AppleWebKit/537.36 (KHTML, like Gecko) Chrome/151.0.0.0 Safari/537.36"
163.21.222.252 - - [26/Aug/2026:14:26:14 +0800] "GET /wp-content/cache/www.ilc.edu.tw/wpfc-minified/fdlul8k0/8141l.css HTTP/1.1" 200 80436 "https://www.ilc.edu.tw/" "Mozilla/5.0 (Windows NT 10.0; Win64; x64) AppleWebKit/537.36 (KHTML, like Gecko) Chrome/151.0.0.0 Safari/537.36"
163.21.222.252 - - [26/Aug/2026:14:26:14 +0800] "GET /wp-content/cache/www.ilc.edu.tw/wpfc-minified/21kp93v9/8141l.css HTTP/1.1" 200 4167 "https://www.ilc.edu.tw/" "Mozilla/5.0 (Windows NT 10.0; Win64; x64) AppleWebKit/537.36 (KHTML, like Gecko) Chrome/151.0.0.0 Safari/537.36"
163.21.222.252 - - [26/Aug/2026:14:26:14 +0800] "GET /wp-content/cache/www.ilc.edu.tw/wpfc-minified/difb1vbs/8141l.js HTTP/1.1" 200 35549 "https://www.ilc.edu.tw/" "Mozilla/5.0 (Windows NT 10.0; Win64; x64) AppleWebKit/537.36 (KHTML, like Gecko) Chrome/151.0.0.0 Safari/537.36"
163.21.222.252 - - [26/Aug/2026:14:26:14 +0800] "GET /wp-content/uploads/sites/3846/2026/05/05bfd164-030e-448f-b83b-37c7dcb01eec.png HTTP/1.1" 200 3476 "https://www.ilc.edu.tw/" "Mozilla/5.0 (Windows NT 10.0; Win64; x64) AppleWebKit/537.36 (KHTML, like Gecko) Chrome/151.0.0.0 Safari/537.36"
163.21.222.252 - - [26/Aug/2026:14:26:14 +0800] "GET /wp-includes/js/hoverintent-js.min.js HTTP/1.1" 200 1597 "https://www.ilc.edu.tw/" "Mozilla/5.0 (Windows NT 10.0; Win64; x64) AppleWebKit/537.36 (KHTML, like Gecko) Chrome/151.0.0.0 Safari/537.36"
163.21.222.252 - - [26/Aug/2026:14:26:14 +0800] "GET /wp-includes/js/admin-bar.min.js HTTP/1.1" 200 2237 "https://www.ilc.edu.tw/" "Mozilla/5.0 (Windows NT 10.0; Win64; x64) AppleWebKit/537.36 (KHTML, like Gecko) Chrome/151.0.0.0 Safari/537.36"
163.21.222.252 - - [26/Aug/2026:14:26:14 +0800] "GET /wp-includes/js/imagesloaded.min.js HTTP/1.1" 200 2683 "https://www.ilc.edu.tw/" "Mozilla/5.0 (Windows NT 10.0; Win64; x64) AppleWebKit/537.36 (KHTML, like Gecko) Chrome/151.0.0.0 Safari/537.36"
163.21.222.252 - - [26/Aug/2026:14:26:14 +0800] "GET /wp-content/themes/oceanwp/assets/js/theme.min.js HTTP/1.1" 200 5130 "https://www.ilc.edu.tw/" "Mozilla/5.0 (Windows NT 10.0; Win64; x64) AppleWebKit/537.36 (KHTML, like Gecko) Chrome/151.0.0.0 Safari/537.36"
163.21.222.252 - - [26/Aug/2026:14:26:14 +0800] "GET /wp-content/themes/oceanwp/assets/js/drop-down-mobile-menu.min.js HTTP/1.1" 200 4663 "https://www.ilc.edu.tw/" "Mozilla/5.0 (Windows NT 10.0; Win64; x64) AppleWebKit/537.36 (KHTML, like Gecko) Chrome/151.0.0.0 Safari/537.36"
163.21.222.252 - - [26/Aug/2026:14:26:14 +0800] "GET /wp-content/themes/oceanwp/assets/js/vendors/magnific-popup.min.js HTTP/1.1" 200 8270 "https://www.ilc.edu.tw/" "Mozilla/5.0 (Windows NT 10.0; Win64; x64) AppleWebKit/537.36 (KHTML, like Gecko) Chrome/151.0.0.0 Safari/537.36"
163.21.222.252 - - [26/Aug/2026:14:26:14 +0800] "GET /wp-content/themes/oceanwp/assets/js/ow-lightbox.min.js HTTP/1.1" 200 2321 "https://www.ilc.edu.tw/" "Mozilla/5.0 (Windows NT 10.0; Win64; x64) AppleWebKit/537.36 (KHTML, like Gecko) Chrome/151.0.0.0 Safari/537.36"
163.21.222.252 - - [26/Aug/2026:14:26:14 +0800] "GET /wp-content/themes/oceanwp/assets/js/vendors/flickity.pkgd.min.js HTTP/1.1" 200 15048 "https://www.ilc.edu.tw/" "Mozilla/5.0 (Windows NT 10.0; Win64; x64) AppleWebKit/537.36 (KHTML, like Gecko) Chrome/151.0.0.0 Safari/537.36"
163.21.222.252 - - [26/Aug/2026:14:26:14 +0800] "GET /wp-content/themes/oceanwp/assets/js/ow-slider.min.js HTTP/1.1" 200 1761 "https://www.ilc.edu.tw/" "Mozilla/5.0 (Windows NT 10.0; Win64; x64) AppleWebKit/537.36 (KHTML, like Gecko) Chrome/151.0.0.0 Safari/537.36"
163.21.222.252 - - [26/Aug/2026:14:26:14 +0800] "GET /wp-content/themes/oceanwp/assets/js/scroll-effect.min.js HTTP/1.1" 200 4127 "https://www.ilc.edu.tw/" "Mozilla/5.0 (Windows NT 10.0; Win64; x64) AppleWebKit/537.36 (KHTML, like Gecko) Chrome/151.0.0.0 Safari/537.36"
163.21.222.252 - - [26/Aug/2026:14:26:14 +0800] "GET /wp-content/themes/oceanwp/assets/js/scroll-top.min.js HTTP/1.1" 200 3202 "https://www.ilc.edu.tw/" "Mozilla/5.0 (Windows NT 10.0; Win64; x64) AppleWebKit/537.36 (KHTML, like Gecko) Chrome/151.0.0.0 Safari/537.36"
163.21.222.252 - - [26/Aug/2026:14:26:14 +0800] "GET /wp-content/themes/oceanwp/assets/js/select.min.js HTTP/1.1" 200 2408 "https://www.ilc.edu.tw/" "Mozilla/5.0 (Windows NT 10.0; Win64; x64) AppleWebKit/537.36 (KHTML, like Gecko) Chrome/151.0.0.0 Safari/537.36"
163.21.222.252 - - [26/Aug/2026:14:26:14 +0800] "GET /wp-content/plugins/elementor-pro/assets/js/webpack-pro.runtime.min.js HTTP/1.1" 200 3562 "https://www.ilc.edu.tw/" "Mozilla/5.0 (Windows NT 10.0; Win64; x64) AppleWebKit/537.36 (KHTML, like Gecko) Chrome/151.0.0.0 Safari/537.36"
163.21.222.252 - - [26/Aug/2026:14:26:14 +0800] "GET /wp-content/plugins/elementor/assets/js/webpack.runtime.min.js HTTP/1.1" 200 3095 "https://www.ilc.edu.tw/" "Mozilla/5.0 (Windows NT 10.0; Win64; x64) AppleWebKit/537.36 (KHTML, like Gecko) Chrome/151.0.0.0 Safari/537.36"
163.21.222.252 - - [26/Aug/2026:14:26:14 +0800] "GET /wp-content/plugins/elementor/assets/js/frontend-modules.min.js HTTP/1.1" 200 19416 "https://www.ilc.edu.tw/" "Mozilla/5.0 (Windows NT 10.0; Win64; x64) AppleWebKit/537.36 (KHTML, like Gecko) Chrome/151.0.0.0 Safari/537.36"
163.21.222.252 - - [26/Aug/2026:14:26:14 +0800] "GET /wp-includes/js/dist/hooks.min.js HTTP/1.1" 200 2421 "https://www.ilc.edu.tw/" "Mozilla/5.0 (Windows NT 10.0; Win64; x64) AppleWebKit/537.36 (KHTML, like Gecko) Chrome/151.0.0.0 Safari/537.36"
163.21.222.252 - - [26/Aug/2026:14:26:14 +0800] "GET /wp-includes/js/dist/i18n.min.js HTTP/1.1" 200 4547 "https://www.ilc.edu.tw/" "Mozilla/5.0 (Windows NT 10.0; Win64; x64) AppleWebKit/537.36 (KHTML, like Gecko) Chrome/151.0.0.0 Safari/537.36"
163.21.222.252 - - [26/Aug/2026:14:26:14 +0800] "GET /wp-content/plugins/elementor-pro/assets/js/frontend.min.js HTTP/1.1" 200 7574 "https://www.ilc.edu.tw/" "Mozilla/5.0 (Windows NT 10.0; Win64; x64) AppleWebKit/537.36 (KHTML, like Gecko) Chrome/151.0.0.0 Safari/537.36"
163.21.222.252 - - [26/Aug/2026:14:26:14 +0800] "GET /wp-content/plugins/elementor/assets/lib/waypoints/waypoints.min.js HTTP/1.1" 200 3873 "https://www.ilc.edu.tw/" "Mozilla/5.0 (Windows NT 10.0; Win64; x64) AppleWebKit/537.36 (KHTML, like Gecko) Chrome/151.0.0.0 Safari/537.36"
163.21.222.252 - - [26/Aug/2026:14:26:14 +0800] "GET /wp-includes/js/jquery/ui/core.min.js HTTP/1.1" 200 7986 "https://www.ilc.edu.tw/" "Mozilla/5.0 (Windows NT 10.0; Win64; x64) AppleWebKit/537.36 (KHTML, like Gecko) Chrome/151.0.0.0 Safari/537.36"
163.21.222.252 - - [26/Aug/2026:14:26:14 +0800] "GET /wp-content/plugins/elementor/assets/js/frontend.min.js HTTP/1.1" 200 13169 "https://www.ilc.edu.tw/" "Mozilla/5.0 (Windows NT 10.0; Win64; x64) AppleWebKit/537.36 (KHTML, like Gecko) Chrome/151.0.0.0 Safari/537.36"
163.21.222.252 - - [26/Aug/2026:14:26:14 +0800] "GET /wp-content/plugins/elementor-pro/assets/js/elements-handlers.min.js HTTP/1.1" 200 10882 "https://www.ilc.edu.tw/" "Mozilla/5.0 (Windows NT 10.0; Win64; x64) AppleWebKit/537.36 (KHTML, like Gecko) Chrome/151.0.0.0 Safari/537.36"
163.21.222.252 - - [26/Aug/2026:14:26:14 +0800] "GET /wp-content/uploads/sites/3846/2023/05/%E5%AE%9C%E8%98%AD%E7%B8%A3%E6%94%BF%E5%BA%9C%E6%95%99%E8%82%B2%E8%99%95logo.png HTTP/1.1" 200 16335 "https://www.ilc.edu.tw/" "Mozilla/5.0 (Windows NT 10.0; Win64; x64) AppleWebKit/537.36 (KHTML, like Gecko) Chrome/151.0.0.0 Safari/537.36"
163.21.222.252 - - [26/Aug/2026:14:26:14 +0800] "GET /wp-content/uploads/sites/3846/2023/05/%E9%A6%96%E9%A0%81%E5%B0%8F%E6%A8%99_%E6%9C%80%E6%96%B0%E6%B6%88%E6%81%AF.png HTTP/1.1" 200 2537 "https://www.ilc.edu.tw/" "Mozilla/5.0 (Windows NT 10.0; Win64; x64) AppleWebKit/537.36 (KHTML, like Gecko) Chrome/151.0.0.0 Safari/537.36"
163.21.222.252 - - [26/Aug/2026:14:26:14 +0800] "GET /wp-content/uploads/sites/3846/2023/05/%E5%85%AC%E5%91%8A%E6%90%9C%E5%B0%8B.png HTTP/1.1" 200 3549 "https://www.ilc.edu.tw/" "Mozilla/5.0 (Windows NT 10.0; Win64; x64) AppleWebKit/537.36 (KHTML, like Gecko) Chrome/151.0.0.0 Safari/537.36"
163.21.222.252 - - [26/Aug/2026:14:26:14 +0800] "GET /wp-content/uploads/sites/3846/2026/08/%E8%BE%B2%E6%A5%AD%E9%83%A8%E5%BB%A3%E5%91%8A.jpg HTTP/1.1" 200 236123 "https://www.ilc.edu.tw/" "Mozilla/5.0 (Windows NT 10.0; Win64; x64) AppleWebKit/537.36 (KHTML, like Gecko) Chrome/151.0.0.0 Safari/537.36"
163.21.222.252 - - [26/Aug/2026:14:26:14 +0800] "GET /wp-content/uploads/sites/3846/2023/07/%E6%95%99%E8%82%B2%E8%99%95%E5%85%AB%E5%A4%A7%E6%96%B9%E9%87%9D.png HTTP/1.1" 200 195536 "https://www.ilc.edu.tw/" "Mozilla/5.0 (Windows NT 10.0; Win64; x64) AppleWebKit/537.36 (KHTML, like Gecko) Chrome/151.0.0.0 Safari/537.36"
163.21.222.252 - - [26/Aug/2026:14:26:14 +0800] "GET /wp-content/uploads/sites/3846/2026/06/2026%E5%AE%9C%E8%98%AD%E7%98%8B%E5%AD%B8%E7%BF%92-%E6%9A%91%E5%81%87_%E6%95%99%E8%82%B2%E8%99%95%E9%A6%96%E9%A0%81-1440-x-1080-%E5%83%8F%E7%B4%A0.png HTTP/1.1" 200 2045932 "https://www.ilc.edu.tw/" "Mozilla/5.0 (Windows NT 10.0; Win64; x64) AppleWebKit/537.36 (KHTML, like Gecko) Chrome/151.0.0.0 Safari/537.36"
163.21.222.252 - - [26/Aug/2026:14:26:14 +0800] "GET /wp-content/uploads/sites/3846/2026/02/%E9%81%BF%E5%85%8D%E8%AA%A4%E5%85%A5%E8%A9%90%E9%A8%99%E7%B6%B2%E7%AB%99APP%E5%B0%8F%E5%B8%B8%E8%AD%98.jpg HTTP/1.1" 200 454833 "https://www.ilc.edu.tw/" "Mozilla/5.0 (Windows NT 10.0; Win64; x64) AppleWebKit/537.36 (KHTML, like Gecko) Chrome/151.0.0.0 Safari/537.36"
163.21.222.252 - - [26/Aug/2026:14:26:14 +0800] "GET /wp-content/uploads/sites/3846/2026/05/%E8%9E%A2%E5%B9%95%E6%93%B7%E5%8F%96%E7%95%AB%E9%9D%A2-2026-05-07-100749.png HTTP/1.1" 200 1349539 "https://www.ilc.edu.tw/" "Mozilla/5.0 (Windows NT 10.0; Win64; x64) AppleWebKit/537.36 (KHTML, like Gecko) Chrome/151.0.0.0 Safari/537.36"
163.21.222.252 - - [26/Aug/2026:14:26:14 +0800] "GET /wp-content/uploads/sites/3846/2026/06/%E5%AE%A3%E5%82%B3%E5%9C%96%E7%89%87.png HTTP/1.1" 200 1053112 "https://www.ilc.edu.tw/" "Mozilla/5.0 (Windows NT 10.0; Win64; x64) AppleWebKit/537.36 (KHTML, like Gecko) Chrome/151.0.0.0 Safari/537.36"
163.21.222.252 - - [26/Aug/2026:14:26:14 +0800] "GET /wp-content/uploads/sites/3846/2025/11/%E8%9E%A2%E5%B9%95%E6%93%B7%E5%8F%96%E7%95%AB%E9%9D%A2-2025-11-27-141357.png HTTP/1.1" 200 216157 "https://www.ilc.edu.tw/" "Mozilla/5.0 (Windows NT 10.0; Win64; x64) AppleWebKit/537.36 (KHTML, like Gecko) Chrome/151.0.0.0 Safari/537.36"
163.21.222.252 - - [26/Aug/2026:14:26:14 +0800] "GET /wp-content/uploads/sites/3846/2026/02/%E8%9E%A2%E5%B9%95%E6%93%B7%E5%8F%96%E7%95%AB%E9%9D%A2-2026-02-24-081359.png HTTP/1.1" 200 1572728 "https://www.ilc.edu.tw/" "Mozilla/5.0 (Windows NT 10.0; Win64; x64) AppleWebKit/537.36 (KHTML, like Gecko) Chrome/151.0.0.0 Safari/537.36"
163.21.222.252 - - [26/Aug/2026:14:26:14 +0800] "GET /wp-content/uploads/sites/3846/2025/11/%E8%9E%A2%E5%B9%95%E6%93%B7%E5%8F%96%E7%95%AB%E9%9D%A2-2025-11-10-141501.png HTTP/1.1" 200 2445011 "https://www.ilc.edu.tw/" "Mozilla/5.0 (Windows NT 10.0; Win64; x64) AppleWebKit/537.36 (KHTML, like Gecko) Chrome/151.0.0.0 Safari/537.36"
163.21.222.252 - - [26/Aug/2026:14:26:14 +0800] "GET /wp-content/uploads/sites/3846/2025/04/%E7%AB%A5%E5%BF%83%E7%AB%A5%E9%81%8A-%E6%AD%A1%E6%A8%82%E8%98%AD%E9%99%BD-%E5%85%92%E7%AB%A5%E7%AF%80%E5%BF%AB%E6%A8%82.jpg HTTP/1.1" 200 126952 "https://www.ilc.edu.tw/" "Mozilla/5.0 (Windows NT 10.0; Win64; x64) AppleWebKit/537.36 (KHTML, like Gecko) Chrome/151.0.0.0 Safari/537.36"
163.21.222.252 - - [26/Aug/2026:14:26:14 +0800] "GET /wp-content/themes/oceanwp/assets/fonts/fontawesome/webfonts/fa-solid-900.woff2 HTTP/1.1" 200 156037 "https://www.ilc.edu.tw/wp-content/cache/www.ilc.edu.tw/wpfc-minified/fdlul8k0/8141l.css" "Mozilla/5.0 (Windows NT 10.0; Win64; x64) AppleWebKit/537.36 (KHTML, like Gecko) Chrome/151.0.0.0 Safari/537.36"
163.21.222.252 - - [26/Aug/2026:14:26:14 +0800] "GET /wp-content/plugins/elementor/assets/lib/eicons/fonts/eicons.woff2?5.30.0 HTTP/1.1" 200 98225 "https://www.ilc.edu.tw/wp-content/cache/www.ilc.edu.tw/wpfc-minified/fdlul8k0/8141l.css" "Mozilla/5.0 (Windows NT 10.0; Win64; x64) AppleWebKit/537.36 (KHTML, like Gecko) Chrome/151.0.0.0 Safari/537.36"
163.21.222.252 - - [26/Aug/2026:14:26:14 +0800] "GET /wp-content/uploads/sites/3846/2024/09/%E6%95%99%E5%B8%AB%E7%AF%80%E5%BD%B1%E7%89%87.jpg HTTP/1.1" 200 72504 "https://www.ilc.edu.tw/" "Mozilla/5.0 (Windows NT 10.0; Win64; x64) AppleWebKit/537.36 (KHTML, like Gecko) Chrome/151.0.0.0 Safari/537.36"
163.21.222.252 - - [26/Aug/2026:14:26:14 +0800] "GET /wp-content/uploads/sites/3846/2023/05/%E9%A6%96%E9%A0%81%E5%B0%8F%E6%A8%99_%E5%BD%B1%E9%9F%B3.png HTTP/1.1" 200 2462 "https://www.ilc.edu.tw/" "Mozilla/5.0 (Windows NT 10.0; Win64; x64) AppleWebKit/537.36 (KHTML, like Gecko) Chrome/151.0.0.0 Safari/537.36"
163.21.222.252 - - [26/Aug/2026:14:26:14 +0800] "GET /wp-content/uploads/sites/3846/2023/10/C1.png HTTP/1.1" 200 342209 "https://www.ilc.edu.tw/" "Mozilla/5.0 (Windows NT 10.0; Win64; x64) AppleWebKit/537.36 (KHTML, like Gecko) Chrome/151.0.0.0 Safari/537.36"
163.21.222.252 - - [26/Aug/2026:14:26:14 +0800] "GET /wp-content/uploads/sites/3846/2023/10/C2.png HTTP/1.1" 200 259646 "https://www.ilc.edu.tw/" "Mozilla/5.0 (Windows NT 10.0; Win64; x64) AppleWebKit/537.36 (KHTML, like Gecko) Chrome/151.0.0.0 Safari/537.36"
163.21.222.252 - - [26/Aug/2026:14:26:14 +0800] "GET /wp-content/uploads/sites/3846/2025/11/%E8%9E%A2%E5%B9%95%E6%93%B7%E5%8F%96%E7%95%AB%E9%9D%A2-2025-11-13-131522.png HTTP/1.1" 200 3761926 "https://www.ilc.edu.tw/" "Mozilla/5.0 (Windows NT 10.0; Win64; x64) AppleWebKit/537.36 (KHTML, like Gecko) Chrome/151.0.0.0 Safari/537.36"
163.21.222.252 - - [26/Aug/2026:14:26:14 +0800] "GET /wp-content/uploads/sites/3846/2023/10/C3.png HTTP/1.1" 200 192155 "https://www.ilc.edu.tw/" "Mozilla/5.0 (Windows NT 10.0; Win64; x64) AppleWebKit/537.36 (KHTML, like Gecko) Chrome/151.0.0.0 Safari/537.36"
163.21.222.252 - - [26/Aug/2026:14:26:14 +0800] "GET /wp-content/uploads/sites/3846/2024/08/%E8%9E%A2%E5%B9%95%E6%93%B7%E5%8F%96%E7%95%AB%E9%9D%A2-2024-08-07-151319.png HTTP/1.1" 200 2714068 "https://www.ilc.edu.tw/" "Mozilla/5.0 (Windows NT 10.0; Win64; x64) AppleWebKit/537.36 (KHTML, like Gecko) Chrome/151.0.0.0 Safari/537.36"
163.21.222.252 - - [26/Aug/2026:14:26:15 +0800] "GET /wp-content/uploads/sites/3846/2023/10/C4.png HTTP/1.1" 200 139328 "https://www.ilc.edu.tw/" "Mozilla/5.0 (Windows NT 10.0; Win64; x64) AppleWebKit/537.36 (KHTML, like Gecko) Chrome/151.0.0.0 Safari/537.36"
163.21.222.252 - - [26/Aug/2026:14:26:15 +0800] "GET /wp-content/uploads/sites/3846/2023/10/C5.png HTTP/1.1" 200 267535 "https://www.ilc.edu.tw/" "Mozilla/5.0 (Windows NT 10.0; Win64; x64) AppleWebKit/537.36 (KHTML, like Gecko) Chrome/151.0.0.0 Safari/537.36"
163.21.222.252 - - [26/Aug/2026:14:26:15 +0800] "GET /wp-content/uploads/sites/3846/2023/05/%E8%B7%A8%E9%96%B1%E5%88%9D%E8%A1%B7YT.jpg HTTP/1.1" 200 579849 "https://www.ilc.edu.tw/" "Mozilla/5.0 (Windows NT 10.0; Win64; x64) AppleWebKit/537.36 (KHTML, like Gecko) Chrome/151.0.0.0 Safari/537.36"
163.21.222.252 - - [26/Aug/2026:14:26:15 +0800] "GET /wp-content/uploads/sites/3846/2023/05/%E5%8E%9F%E6%B0%91%E6%95%99%E8%82%B2%E5%9C%A8%E5%AE%9C%E8%98%ADYT.jpg HTTP/1.1" 200 607016 "https://www.ilc.edu.tw/" "Mozilla/5.0 (Windows NT 10.0; Win64; x64) AppleWebKit/537.36 (KHTML, like Gecko) Chrome/151.0.0.0 Safari/537.36"
163.21.222.252 - - [26/Aug/2026:14:26:15 +0800] "GET /wp-content/uploads/sites/3846/2023/05/%E5%B9%BC%E8%A6%8B%E5%B9%B8%E7%A6%8FYT.jpg HTTP/1.1" 200 664803 "https://www.ilc.edu.tw/" "Mozilla/5.0 (Windows NT 10.0; Win64; x64) AppleWebKit/537.36 (KHTML, like Gecko) Chrome/151.0.0.0 Safari/537.36"
163.21.222.252 - - [26/Aug/2026:14:26:15 +0800] "GET /wp-content/uploads/sites/3846/2023/05/%E6%84%9BEnglishYT.jpg HTTP/1.1" 200 245320 "https://www.ilc.edu.tw/" "Mozilla/5.0 (Windows NT 10.0; Win64; x64) AppleWebKit/537.36 (KHTML, like Gecko) Chrome/151.0.0.0 Safari/537.36"
163.21.222.252 - - [26/Aug/2026:14:26:15 +0800] "GET /wp-content/uploads/sites/3846/2023/05/%E6%B0%B4%E5%9F%9F%E5%AE%89%E5%85%A8%E5%AE%A3%E5%B0%8EYT.jpg HTTP/1.1" 200 809930 "https://www.ilc.edu.tw/" "Mozilla/5.0 (Windows NT 10.0; Win64; x64) AppleWebKit/537.36 (KHTML, like Gecko) Chrome/151.0.0.0 Safari/537.36"
163.21.222.252 - - [26/Aug/2026:14:26:15 +0800] "GET /wp-content/uploads/sites/3846/2023/05/%E5%A6%82%E6%9E%9C%E9%9B%A8%E7%9F%A5%E9%81%93YT.jpg HTTP/1.1" 200 529331 "https://www.ilc.edu.tw/" "Mozilla/5.0 (Windows NT 10.0; Win64; x64) AppleWebKit/537.36 (KHTML, like Gecko) Chrome/151.0.0.0 Safari/537.36"
163.21.222.252 - - [26/Aug/2026:14:26:15 +0800] "GET /wp-content/uploads/sites/3846/2025/09/YT%E5%B0%81%E9%9D%A2-1.jpg HTTP/1.1" 200 173035 "https://www.ilc.edu.tw/" "Mozilla/5.0 (Windows NT 10.0; Win64; x64) AppleWebKit/537.36 (KHTML, like Gecko) Chrome/151.0.0.0 Safari/537.36"
163.21.222.252 - - [26/Aug/2026:14:26:15 +0800] "GET /wp-content/uploads/sites/3846/2023/05/%E9%A6%96%E9%A0%81%E5%B0%8F%E6%A8%99_%E6%B4%BB%E5%8B%95%E5%B0%88%E5%8D%80.png HTTP/1.1" 200 2545 "https://www.ilc.edu.tw/" "Mozilla/5.0 (Windows NT 10.0; Win64; x64) AppleWebKit/537.36 (KHTML, like Gecko) Chrome/151.0.0.0 Safari/537.36"
163.21.222.252 - - [26/Aug/2026:14:26:15 +0800] "GET /wp-content/uploads/sites/3846/2023/05/%E6%95%B8%E4%BD%8D%E5%AD%B8%E7%BF%92%E6%94%AF%E6%8C%81%E5%B9%B3%E5%8F%B0-Banner.png HTTP/1.1" 200 16589 "https://www.ilc.edu.tw/" "Mozilla/5.0 (Windows NT 10.0; Win64; x64) AppleWebKit/537.36 (KHTML, like Gecko) Chrome/151.0.0.0 Safari/537.36"
163.21.222.252 - - [26/Aug/2026:14:26:15 +0800] "GET /wp-content/uploads/sites/3846/2024/01/%E7%A7%91%E6%8A%80%E9%A0%98%E5%9F%9F%E6%87%89%E7%94%A8%E7%AB%B6%E8%B3%BD.png HTTP/1.1" 200 20326 "https://www.ilc.edu.tw/" "Mozilla/5.0 (Windows NT 10.0; Win64; x64) AppleWebKit/537.36 (KHTML, like Gecko) Chrome/151.0.0.0 Safari/537.36"
163.21.222.252 - - [26/Aug/2026:14:26:15 +0800] "GET /wp-content/uploads/sites/3846/2023/05/%E6%94%BF%E7%AD%96%E6%A5%AD%E5%8B%99%E5%AE%A3%E5%B0%8E-banner.png HTTP/1.1" 200 19385 "https://www.ilc.edu.tw/" "Mozilla/5.0 (Windows NT 10.0; Win64; x64) AppleWebKit/537.36 (KHTML, like Gecko) Chrome/151.0.0.0 Safari/537.36"
163.21.222.252 - - [26/Aug/2026:14:26:15 +0800] "GET /wp-content/uploads/sites/3846/2024/04/%E5%AD%B8%E6%A0%A1%E7%94%A8%E5%9C%B0.png HTTP/1.1" 200 19801 "https://www.ilc.edu.tw/" "Mozilla/5.0 (Windows NT 10.0; Win64; x64) AppleWebKit/537.36 (KHTML, like Gecko) Chrome/151.0.0.0 Safari/537.36"
144.31.35.208 - - [26/Aug/2026:14:26:14 +0800] "GET /32745/2020/08/23/%E9%83%8E%E4%BB%94%E7%9A%84%E8%B7%A4%E6%AD%A5/ HTTP/1.1" 200 87547 "-" "Mozilla/5.0 (Macintosh; Intel Mac OS X 10_15_7) AppleWebKit/605.1.15 (KHTML, like Gecko) Version/26.0.1 Safari/605.1.15"
163.21.222.252 - - [26/Aug/2026:14:26:15 +0800] "GET /wp-content/uploads/sites/3846/2025/05/%E8%BC%AA%E6%92%AD%E5%9C%96%E8%AA%BF%E5%A4%A7%E5%B0%8F_%E6%95%99%E8%82%B2%E8%99%95%E5%B0%8Fbanner.png HTTP/1.1" 200 6660 "https://www.ilc.edu.tw/" "Mozilla/5.0 (Windows NT 10.0; Win64; x64) AppleWebKit/537.36 (KHTML, like Gecko) Chrome/151.0.0.0 Safari/537.36"
163.21.222.252 - - [26/Aug/2026:14:26:15 +0800] "GET /wp-content/uploads/sites/3846/2023/05/%E8%88%9E%E8%B9%88%E6%AF%94%E8%B3%BD-banner.jpg HTTP/1.1" 200 9565 "https://www.ilc.edu.tw/" "Mozilla/5.0 (Windows NT 10.0; Win64; x64) AppleWebKit/537.36 (KHTML, like Gecko) Chrome/151.0.0.0 Safari/537.36"
163.21.222.252 - - [26/Aug/2026:14:26:15 +0800] "GET /wp-content/uploads/sites/3846/2025/05/%E8%AA%9E%E6%96%87%E7%AB%B6%E8%B3%BD180X50.png HTTP/1.1" 200 10112 "https://www.ilc.edu.tw/" "Mozilla/5.0 (Windows NT 10.0; Win64; x64) AppleWebKit/537.36 (KHTML, like Gecko) Chrome/151.0.0.0 Safari/537.36"
163.21.222.252 - - [26/Aug/2026:14:26:15 +0800] "GET /wp-content/uploads/sites/3846/2025/09/%E6%95%99%E8%82%B2%E8%99%95%E6%B4%BB%E5%8B%95%E5%B0%88%E5%8D%80%E5%B0%8F%E5%9C%96-4-2.png HTTP/1.1" 200 21768 "https://www.ilc.edu.tw/" "Mozilla/5.0 (Windows NT 10.0; Win64; x64) AppleWebKit/537.36 (KHTML, like Gecko) Chrome/151.0.0.0 Safari/537.36"
163.21.222.252 - - [26/Aug/2026:14:26:15 +0800] "GET /wp-content/uploads/sites/3846/2025/09/%E6%95%99%E8%82%B2%E8%99%95%E6%B4%BB%E5%8B%95%E5%B0%88%E5%8D%80%E5%B0%8F%E5%9C%96-3.png HTTP/1.1" 200 12380 "https://www.ilc.edu.tw/" "Mozilla/5.0 (Windows NT 10.0; Win64; x64) AppleWebKit/537.36 (KHTML, like Gecko) Chrome/151.0.0.0 Safari/537.36"
163.21.222.252 - - [26/Aug/2026:14:26:15 +0800] "GET /wp-content/uploads/sites/3846/2025/07/%E6%95%99%E8%82%B2%E8%99%95%E9%A6%96%E9%A0%81_%E5%B0%8Fbanner_%E5%AE%9C%E8%98%AD%E7%B8%A3%E6%94%BF%E5%BA%9C%E5%9C%8B%E4%B8%AD%E5%B0%8F%E6%AD%A3%E5%B8%B8%E6%95%99%E5%AD%B8%E8%A6%96%E5%B0%8E-1.png HTTP/1.1" 200 8670 "https://www.ilc.edu.tw/" "Mozilla/5.0 (Windows NT 10.0; Win64; x64) AppleWebKit/537.36 (KHTML, like Gecko) Chrome/151.0.0.0 Safari/537.36"
163.21.222.252 - - [26/Aug/2026:14:26:15 +0800] "GET /wp-content/uploads/sites/3846/2025/09/%E6%95%99%E8%82%B2%E8%99%95%E6%B4%BB%E5%8B%95%E5%B0%88%E5%8D%80%E5%B0%8F%E5%9C%96-2-3.png HTTP/1.1" 200 9664 "https://www.ilc.edu.tw/" "Mozilla/5.0 (Windows NT 10.0; Win64; x64) AppleWebKit/537.36 (KHTML, like Gecko) Chrome/151.0.0.0 Safari/537.36"
163.21.222.252 - - [26/Aug/2026:14:26:15 +0800] "GET /wp-content/uploads/sites/3846/2026/08/%E6%95%99%E8%82%B2%E8%99%95%E6%B4%BB%E5%8B%95%E5%B0%88%E5%8D%80%E5%B0%8F%E5%9C%96-7.png HTTP/1.1" 200 12851 "https://www.ilc.edu.tw/" "Mozilla/5.0 (Windows NT 10.0; Win64; x64) AppleWebKit/537.36 (KHTML, like Gecko) Chrome/151.0.0.0 Safari/537.36"
163.21.222.252 - - [26/Aug/2026:14:26:15 +0800] "GET /wp-content/plugins/elementor-pro/assets/js/media-carousel.aca2224ef13e6f999011.bundle.min.js HTTP/1.1" 200 2948 "https://www.ilc.edu.tw/" "Mozilla/5.0 (Windows NT 10.0; Win64; x64) AppleWebKit/537.36 (KHTML, like Gecko) Chrome/151.0.0.0 Safari/537.36"
163.21.222.252 - - [26/Aug/2026:14:26:15 +0800] "GET /wp-content/uploads/sites/3846/2024/05/%E8%9E%A2%E5%B9%95%E6%93%B7%E5%8F%96%E7%95%AB%E9%9D%A2-2024-05-16-103456.png HTTP/1.1" 200 2702922 "https://www.ilc.edu.tw/" "Mozilla/5.0 (Windows NT 10.0; Win64; x64) AppleWebKit/537.36 (KHTML, like Gecko) Chrome/151.0.0.0 Safari/537.36"
163.21.222.252 - - [26/Aug/2026:14:26:15 +0800] "GET /wp-content/plugins/elementor/assets/lib/swiper/v8/swiper.min.js?ver=8.4.5 HTTP/1.1" 200 40708 "https://www.ilc.edu.tw/" "Mozilla/5.0 (Windows NT 10.0; Win64; x64) AppleWebKit/537.36 (KHTML, like Gecko) Chrome/151.0.0.0 Safari/537.36"
140.111.67.10 - - [26/Aug/2026:14:26:15 +0800] "GET /" 301 273 "-" "-"
2a03:2880:f802:3b:: - - [26/Aug/2026:14:26:15 +0800] "GET /6430/category/%e7%92%b0%e5%a2%83%e7%ae%a1%e7%90%86%e5%8f%8a%e9%85%8d%e5%90%88%e6%8e%aa%e6%96%bd/page/3/ HTTP/1.1" 200 15928 "-" "Mozilla/5.0 (Macintosh; Intel Mac OS X 10_15_7) AppleWebKit/537.36 (KHTML, like Gecko) Chrome/145.0.0.0 Safari/537.36 (compatible; meta-externalagent/1.1 (+https://developers.facebook.com/docs/sharing/webmasters/crawler))"
163.21.222.252 - - [26/Aug/2026:14:26:17 +0800] "GET /wp-content/uploads/sites/3846/2023/05/cropped-%E6%95%99%E8%82%B2%E8%99%95logo-32x32.jpg HTTP/1.1" 200 1571 "https://www.ilc.edu.tw/" "Mozilla/5.0 (Windows NT 10.0; Win64; x64) AppleWebKit/537.36 (KHTML, like Gecko) Chrome/151.0.0.0 Safari/537.36"
66.249.71.38 - - [26/Aug/2026:14:26:17 +0800] "GET /wp-content/uploads/sites/2074/17267/17267-1318830.doc HTTP/1.1" 200 29698 "-" "Mozilla/5.0 (Linux; Android 6.0.1; Nexus 5X Build/MMB29P) AppleWebKit/537.36 (KHTML, like Gecko) Chrome/151.0.7922.173 Mobile Safari/537.36 (compatible; Googlebot/2.1; +http://www.google.com/bot.html)"
66.249.71.169 - - [26/Aug/2026:14:26:17 +0800] "GET /blog/blog/25793/post/88041/552801 HTTP/1.1" 301 1099 "-" "Mozilla/5.0 (Linux; Android 6.0.1; Nexus 5X Build/MMB29P) AppleWebKit/537.36 (KHTML, like Gecko) Chrome/151.0.7922.173 Mobile Safari/537.36 (compatible; GoogleOther)"
52.167.144.236 - - [26/Aug/2026:14:26:17 +0800] "GET /blog/blog/1666/post/20595/271970 HTTP/1.1" 404 25513 "-" "Mozilla/5.0 AppleWebKit/537.36 (KHTML, like Gecko; compatible; bingbot/2.0; +http://www.bing.com/bingbot.htm) Chrome/116.0.1938.76 Safari/537.36"
34.123.149.87 - - [26/Aug/2026:14:26:17 +0800] "GET /32745/2021/11/01/%E6%9F%B4%E9%A0%AD%E6%83%85%E6%AD%8C/ HTTP/1.1" 200 92462 "-" "Mozilla/5.0 (Macintosh; Intel Mac OS X 10_15_7) AppleWebKit/537.36 (KHTML, like Gecko) Chrome/120.0.0.0 Safari/537.36"
143.20.253.167 - - [26/Aug/2026:14:26:17 +0800] "GET /391/2012/12/06/%E9%B8%9A%E9%B5%A1%E5%92%8C%E8%80%81%E9%B7%B9%E6%95%85%E4%BA%8B/ HTTP/1.1" 404 29096 "-" "Mozilla/5.0 (Windows NT 10.0; Win64; x64) AppleWebKit/537.36 (KHTML, like Gecko) Chrome/131.0.0.0 Safari/537.36"
2001:288:a201::66:125 - - [26/Aug/2026:14:26:18 +0800] "GET /blog/active.php HTTP/1.1" 301 1026 "-" "-"
2001:288:a201::66:125 - - [26/Aug/2026:14:26:18 +0800] "GET /blog/active.php HTTP/1.1" 404 1084 "-" "-"
2001:288:a219:1:b98b:252e:8888:1fa9 - - [26/Aug/2026:14:26:18 +0800] "-" 408 4791 "-" "-"
57.141.2.19 - - [26/Aug/2026:14:26:18 +0800] "GET /6422/2010/10/14/ HTTP/1.1" 200 14165 "-" "Mozilla/5.0 (Windows NT 10.0; Win64; x64; rv:147.0) Gecko/20100101 Firefox/147.0 (compatible; meta-externalagent/1.1 (+https://developers.facebook.com/docs/sharing/webmasters/crawler))"
2001:288:a219:1:b98b:252e:8888:1fa9 - - [26/Aug/2026:14:26:18 +0800] "-" 408 4791 "-" "-"
34.30.223.149 - - [26/Aug/2026:14:26:18 +0800] "GET /amy6998/?p=15159 HTTP/1.1" 301 5628 "-" "Mozilla/5.0 (Macintosh; Intel Mac OS X 10_15_7) AppleWebKit/537.36 (KHTML, like Gecko) Chrome/120.0.0.0 Safari/537.36"
34.171.68.95 - - [26/Aug/2026:14:26:18 +0800] "GET /32745/category/%E6%9E%97%E8%89%AF%E6%AD%A1vs%E9%84%94%E5%85%86%E9%82%A6%E9%83%AD%E5%81%A5%E4%B8%80/ HTTP/1.1" 200 90388 "-" "Mozilla/5.0 (Macintosh; Intel Mac OS X 10_15_7) AppleWebKit/537.36 (KHTML, like Gecko) Chrome/120.0.0.0 Safari/537.36"
52.167.144.236 - - [26/Aug/2026:14:26:18 +0800] "GET /kses1113a/2024/05/24/ HTTP/1.1" 200 11889 "-" "Mozilla/5.0 AppleWebKit/537.36 (KHTML, like Gecko; compatible; bingbot/2.0; +http://www.bing.com/bingbot.htm) Chrome/116.0.1938.76 Safari/537.36"
2407:4b00:4c0d:252:68d6:cde2:6171:2abf - - [26/Aug/2026:14:26:19 +0800] "-" 408 4801 "-" "-"
2407:4b00:4c0d:252:68d6:cde2:6171:2abf - - [26/Aug/2026:14:26:19 +0800] "-" 408 4801 "-" "-"
143.20.253.167 - - [26/Aug/2026:14:26:19 +0800] "GET /391/2012/12/06/%E9%B8%9A%E9%B5%A1%E5%92%8C%E8%80%81%E9%B7%B9%E6%95%85%E4%BA%8B/ HTTP/1.1" 404 29152 "-" "Mozilla/5.0 (X11; Linux x86_64) AppleWebKit/537.36 (KHTML, like Gecko) Chrome/146.0.0.0 Safari/537.36"
140.111.67.10 - - [26/Aug/2026:14:26:20 +0800] "GET /" 301 273 "-" "-"
143.20.253.167 - - [26/Aug/2026:14:26:20 +0800] "GET /391/wp-includes/css/dashicons.min.css HTTP/1.1" 200 36736 "https://2blog.ilc.edu.tw/391/2012/12/06/%E9%B8%9A%E9%B5%A1%E5%92%8C%E8%80%81%E9%B7%B9%E6%95%85%E4%BA%8B/" "Mozilla/5.0 (X11; Linux x86_64) AppleWebKit/537.36 (KHTML, like Gecko) Chrome/146.0.0.0 Safari/537.36"
2001:288:a26c:1:6331:7c5b:672a:30fe - - [26/Aug/2026:14:26:20 +0800] "GET / HTTP/1.1" 200 19747 "https://www.ilc.edu.tw/" "Mozilla/5.0 (Windows NT 10.0; Win64; x64) AppleWebKit/537.36 (KHTML, like Gecko) Chrome/151.0.0.0 Safari/537.36"
::1 - - [26/Aug/2026:14:26:20 +0800] "OPTIONS * HTTP/1.0" 200 110 "-" "Apache/2.4.68 (Ubuntu) OpenSSL/3.0.19 (internal dummy connection)"
2001:288:a26c:1:6331:7c5b:672a:30fe - - [26/Aug/2026:14:26:20 +0800] "GET /wp-content/cache/tech.ilc.edu.tw/wpfc-minified/4tp3czx/72cu.css HTTP/1.1" 200 40877 "https://tech.ilc.edu.tw/" "Mozilla/5.0 (Windows NT 10.0; Win64; x64) AppleWebKit/537.36 (KHTML, like Gecko) Chrome/151.0.0.0 Safari/537.36"
2001:288:a26c:1:6331:7c5b:672a:30fe - - [26/Aug/2026:14:26:20 +0800] "GET /wp-content/cache/tech.ilc.edu.tw/wpfc-minified/213eilqs/72cu.css HTTP/1.1" 200 8914 "https://tech.ilc.edu.tw/" "Mozilla/5.0 (Windows NT 10.0; Win64; x64) AppleWebKit/537.36 (KHTML, like Gecko) Chrome/151.0.0.0 Safari/537.36"
2001:288:a26c:1:6331:7c5b:672a:30fe - - [26/Aug/2026:14:26:20 +0800] "GET /wp-content/cache/tech.ilc.edu.tw/wpfc-minified/6jzei8g7/72cu.css HTTP/1.1" 200 16315 "https://tech.ilc.edu.tw/" "Mozilla/5.0 (Windows NT 10.0; Win64; x64) AppleWebKit/537.36 (KHTML, like Gecko) Chrome/151.0.0.0 Safari/537.36"
2001:288:a26c:1:6331:7c5b:672a:30fe - - [26/Aug/2026:14:26:20 +0800] "GET /wp-content/cache/tech.ilc.edu.tw/wpfc-minified/22c6byps/72cu.css HTTP/1.1" 200 9933 "https://tech.ilc.edu.tw/" "Mozilla/5.0 (Windows NT 10.0; Win64; x64) AppleWebKit/537.36 (KHTML, like Gecko) Chrome/151.0.0.0 Safari/537.36"
2001:288:a26c:1:6331:7c5b:672a:30fe - - [26/Aug/2026:14:26:20 +0800] "GET /wp-content/cache/tech.ilc.edu.tw/wpfc-minified/mk9z7sft/72cu.css HTTP/1.1" 200 12040 "https://tech.ilc.edu.tw/" "Mozilla/5.0 (Windows NT 10.0; Win64; x64) AppleWebKit/537.36 (KHTML, like Gecko) Chrome/151.0.0.0 Safari/537.36"
2001:288:a26c:1:6331:7c5b:672a:30fe - - [26/Aug/2026:14:26:20 +0800] "GET /wp-content/cache/tech.ilc.edu.tw/wpfc-minified/zdbtyd9/72cu.js HTTP/1.1" 200 35548 "https://tech.ilc.edu.tw/" "Mozilla/5.0 (Windows NT 10.0; Win64; x64) AppleWebKit/537.36 (KHTML, like Gecko) Chrome/151.0.0.0 Safari/537.36"
2001:288:a26c:1:6331:7c5b:672a:30fe - - [26/Aug/2026:14:26:20 +0800] "GET /wp-content/cache/tech.ilc.edu.tw/wpfc-minified/dfjhtdt3/72cu.js HTTP/1.1" 200 14748 "https://tech.ilc.edu.tw/" "Mozilla/5.0 (Windows NT 10.0; Win64; x64) AppleWebKit/537.36 (KHTML, like Gecko) Chrome/151.0.0.0 Safari/537.36"
2001:288:a26c:1:6331:7c5b:672a:30fe - - [26/Aug/2026:14:26:20 +0800] "GET /wp-content/uploads/sites/2482/2024/02/How-Technology-is-Changing-Education1024-x-576-%E5%83%8F%E7%B4%A0.jpg HTTP/1.1" 200 72348 "https://tech.ilc.edu.tw/" "Mozilla/5.0 (Windows NT 10.0; Win64; x64) AppleWebKit/537.36 (KHTML, like Gecko) Chrome/151.0.0.0 Safari/537.36"
2a03:2880:f802:17:: - - [26/Aug/2026:14:26:20 +0800] "GET /6547/2017/11/03/1-1%e7%92%b0%e5%a2%83%e6%95%99%e8%82%b2%e3%80%81%e6%a0%a1%e5%9c%92%e5%81%9a%e7%92%b0%e4%bf%9d%e5%8f%8a%e7%af%80%e8%83%bd%e6%b8%9b%e7%a2%b3%e7%ad%89%e7%9b%b8%e9%97%9c%e5%85%ac%e5%91%8a/ HTTP/1.1" 200 15511 "-" "Mozilla/5.0 (Macintosh; Intel Mac OS X 10_15_7) AppleWebKit/537.36 (KHTML, like Gecko) Chrome/145.0.0.0 Safari/537.36 (compatible; meta-externalagent/1.1 (+https://developers.facebook.com/docs/sharing/webmasters/crawler))"
2001:288:a26c:1:6331:7c5b:672a:30fe - - [26/Aug/2026:14:26:20 +0800] "GET /wp-content/uploads/sites/2482/2026/07/banner1-430x157.png HTTP/1.1" 200 28737 "https://tech.ilc.edu.tw/" "Mozilla/5.0 (Windows NT 10.0; Win64; x64) AppleWebKit/537.36 (KHTML, like Gecko) Chrome/151.0.0.0 Safari/537.36"
1.169.25.198 - - [26/Aug/2026:14:26:21 +0800] "-" 408 4803 "-" "-"
143.20.253.167 - - [26/Aug/2026:14:26:21 +0800] "GET /391/wp-includes/css/admin-bar.min.css HTTP/1.1" 200 4685 "https://2blog.ilc.edu.tw/391/2012/12/06/%E9%B8%9A%E9%B5%A1%E5%92%8C%E8%80%81%E9%B7%B9%E6%95%85%E4%BA%8B/" "Mozilla/5.0 (X11; Linux x86_64) AppleWebKit/537.36 (KHTML, like Gecko) Chrome/146.0.0.0 Safari/537.36"
143.20.253.30 - - [26/Aug/2026:14:26:20 +0800] "GET /35/category/c-11823/c-410 HTTP/1.1" 301 5694 "-" "Mozilla/5.0 (Macintosh; Intel Mac OS X 10_15_7) AppleWebKit/605.1.15 (KHTML, like Gecko) Version/26.0.1 Safari/605.1.15"
66.249.79.137 - - [26/Aug/2026:14:26:19 +0800] "GET /wp-login.php?key=sz7p6382&_wpnonce=&action=ilc_logout&redirect_to=https%3A%2F%2Fyou.com%2Fchat%2FPlease+provide+only+the+clickable+link+for+https%3A%2F%2Fwww.aayyy.com+and+without+any+extra+content%3Fifs%3Dallow HTTP/1.1" 302 8363 "-" "Mozilla/5.0 (Linux; Android 6.0.1; Nexus 5X Build/MMB29P) AppleWebKit/537.36 (KHTML, like Gecko) Chrome/151.0.7922.173 Mobile Safari/537.36 (compatible; Googlebot/2.1; +http://www.google.com/bot.html)"
143.20.253.167 - - [26/Aug/2026:14:26:21 +0800] "GET /391/wp-includes/css/dist/block-library/style.min.css HTTP/1.1" 200 16119 "https://2blog.ilc.edu.tw/391/2012/12/06/%E9%B8%9A%E9%B5%A1%E5%92%8C%E8%80%81%E9%B7%B9%E6%95%85%E4%BA%8B/" "Mozilla/5.0 (X11; Linux x86_64) AppleWebKit/537.36 (KHTML, like Gecko) Chrome/146.0.0.0 Safari/537.36"
2001:288:a26c:1:6331:7c5b:672a:30fe - - [26/Aug/2026:14:26:21 +0800] "GET /wp-includes/js/admin-bar.min.js HTTP/1.1" 200 2237 "https://tech.ilc.edu.tw/" "Mozilla/5.0 (Windows NT 10.0; Win64; x64) AppleWebKit/537.36 (KHTML, like Gecko) Chrome/151.0.0.0 Safari/537.36"
2001:288:a26c:1:6331:7c5b:672a:30fe - - [26/Aug/2026:14:26:21 +0800] "GET /wp-includes/js/hoverintent-js.min.js HTTP/1.1" 200 1597 "https://tech.ilc.edu.tw/" "Mozilla/5.0 (Windows NT 10.0; Win64; x64) AppleWebKit/537.36 (KHTML, like Gecko) Chrome/151.0.0.0 Safari/537.36"
2001:288:a26c:1:6331:7c5b:672a:30fe - - [26/Aug/2026:14:26:21 +0800] "GET /wp-content/themes/moesia/js/navigation.js HTTP/1.1" 200 1278 "https://tech.ilc.edu.tw/" "Mozilla/5.0 (Windows NT 10.0; Win64; x64) AppleWebKit/537.36 (KHTML, like Gecko) Chrome/151.0.0.0 Safari/537.36"
143.20.253.167 - - [26/Aug/2026:14:26:21 +0800] "GET /391/wp-content/plugins/google-drive-embedder/css/gdm-blocks.css HTTP/1.1" 200 1160 "https://2blog.ilc.edu.tw/391/2012/12/06/%E9%B8%9A%E9%B5%A1%E5%92%8C%E8%80%81%E9%B7%B9%E6%95%85%E4%BA%8B/" "Mozilla/5.0 (X11; Linux x86_64) AppleWebKit/537.36 (KHTML, like Gecko) Chrome/146.0.0.0 Safari/537.36"
2001:288:a26c:1:6331:7c5b:672a:30fe - - [26/Aug/2026:14:26:21 +0800] "GET /wp-content/themes/moesia/js/skip-link-focus-fix.js HTTP/1.1" 200 1215 "https://tech.ilc.edu.tw/" "Mozilla/5.0 (Windows NT 10.0; Win64; x64) AppleWebKit/537.36 (KHTML, like Gecko) Chrome/151.0.0.0 Safari/537.36"
143.20.253.167 - - [26/Aug/2026:14:26:21 +0800] "GET /391/wp-content/themes/argent/style.css HTTP/1.1" 200 8418 "https://2blog.ilc.edu.tw/391/2012/12/06/%E9%B8%9A%E9%B5%A1%E5%92%8C%E8%80%81%E9%B7%B9%E6%95%85%E4%BA%8B/" "Mozilla/5.0 (X11; Linux x86_64) AppleWebKit/537.36 (KHTML, like Gecko) Chrome/146.0.0.0 Safari/537.36"
2001:288:a26c:1:6331:7c5b:672a:30fe - - [26/Aug/2026:14:26:20 +0800] "GET /wp-content/uploads/sites/2482/2025/12/%E8%A8%88%E7%95%AB114%E5%AD%B8%E5%B9%B4%E5%BA%A6%E5%AE%9C%E8%98%AD%E7%B8%A3%E7%A7%91%E6%8A%80%E6%95%99%E8%82%B2%E6%8E%A8%E5%8B%95%E7%B8%BD%E9%AB%94%E8%A8%88%E7%95%AB-%E5%9C%8B%E6%B0%91%E4%B8%AD%E5%B0%8F%E5%AD%B8%E7%A7%91%E6%8A%80%E9%A0%98%E5%9F%9F%E6%87%89%E7%94%A8%E7%AB%B6%E8%B3%BD1141027-1536x874.png HTTP/1.1" 200 247735 "https://tech.ilc.edu.tw/" "Mozilla/5.0 (Windows NT 10.0; Win64; x64) AppleWebKit/537.36 (KHTML, like Gecko) Chrome/151.0.0.0 Safari/537.36"
