210.69.40.253 - - [26/Aug/2026:14:27:39 +0800] "GET /wp-content/themes/oceanwp/assets/fonts/simple-line-icons/Simple-Line-Icons.woff2?v=2.4.0 HTTP/1.1" 200 30959 "https://www.nojh.ilc.edu.tw/wp-content/cache/www.nojh.ilc.edu.tw/wpfc-minified/240kj1qz/72xy.css" "Mozilla/5.0 (Windows NT 10.0; Win64; x64) AppleWebKit/537.36 (KHTML, like Gecko) Chrome/151.0.0.0 Safari/537.36"
210.69.40.253 - - [26/Aug/2026:14:27:39 +0800] "GET /wp-content/themes/oceanwp/assets/fonts/fontawesome/webfonts/fa-solid-900.woff2 HTTP/1.1" 200 151246 "https://www.nojh.ilc.edu.tw/wp-content/cache/www.nojh.ilc.edu.tw/wpfc-minified/240kj1qz/72xy.css" "Mozilla/5.0 (Windows NT 10.0; Win64; x64) AppleWebKit/537.36 (KHTML, like Gecko) Chrome/151.0.0.0 Safari/537.36"
210.69.40.253 - - [26/Aug/2026:14:27:39 +0800] "GET /wp-content/uploads/sites/859/2019/07/Logo-150x150.jpg HTTP/1.1" 200 5597 "https://www.nojh.ilc.edu.tw/2011/11/29/%E6%95%99%E5%B8%AB%E8%81%98%E7%B4%84%E7%B4%8D%E5%85%A5%E6%80%A7%E4%BE%B5%E6%80%A7%E9%A8%B7%E6%93%BE%E9%98%B2%E6%B2%BB%E6%BA%96%E5%89%87%E5%85%AC%E5%91%8A_%E4%BA%BA%E4%BA%8B%E5%AE%A4/" "Mozilla/5.0 (Windows NT 10.0; Win64; x64) AppleWebKit/537.36 (KHTML, like Gecko) Chrome/151.0.0.0 Safari/537.36"
210.69.40.253 - - [26/Aug/2026:14:27:39 +0800] "POST /wp-json/ilc-summary/v1/popular-posts HTTP/1.1" 201 1397 "https://www.nojh.ilc.edu.tw/2011/11/29/%E6%95%99%E5%B8%AB%E8%81%98%E7%B4%84%E7%B4%8D%E5%85%A5%E6%80%A7%E4%BE%B5%E6%80%A7%E9%A8%B7%E6%93%BE%E9%98%B2%E6%B2%BB%E6%BA%96%E5%89%87%E5%85%AC%E5%91%8A_%E4%BA%BA%E4%BA%8B%E5%AE%A4/" "Mozilla/5.0 (Windows NT 10.0; Win64; x64) AppleWebKit/537.36 (KHTML, like Gecko) Chrome/151.0.0.0 Safari/537.36"
2a03:2880:f802:2a:: - - [26/Aug/2026:14:27:40 +0800] "GET /6437/2021/10/ HTTP/1.1" 200 16401 "-" "Mozilla/5.0 (Macintosh; Intel Mac OS X 10_15_7) AppleWebKit/537.36 (KHTML, like Gecko) Chrome/145.0.0.0 Safari/537.36 (compatible; meta-externalagent/1.1 (+https://developers.facebook.com/docs/sharing/webmasters/crawler))"
2a03:2880:f802:1a:: - - [26/Aug/2026:14:27:40 +0800] "GET /39204/2024/07/04/ HTTP/1.1" 200 14431 "-" "Mozilla/5.0 (Windows NT 10.0; Win64; x64) AppleWebKit/537.36 (KHTML, like Gecko) Chrome/145.0.0.0 Safari/537.36 Edg/145.0.0.0 (compatible; meta-externalagent/1.1 (+https://developers.facebook.com/docs/sharing/webmasters/crawler))"
140.111.67.10 - - [26/Aug/2026:14:27:40 +0800] "GET /" 301 273 "-" "-"
96.29.243.78 - - [26/Aug/2026:14:27:40 +0800] "GET /2010/05/14/%e3%80%90%e6%9c%ac%e6%9c%83%e7%99%bc%e6%96%87%e3%80%91%e8%ab%8b%e7%b8%a3%e5%ba%9c%e9%80%9a%e7%9b%a4%e6%aa%a2%e8%a8%8e%e3%80%8c%e5%ae%9c%e8%98%ad%e7%b8%a3%e5%a9%a6%e5%a5%b3%e7%94%9f%e8%82%b2%e6%b4%a5/ HTTP/1.1" 200 55997 "-" "Mozilla/5.0 (Macintosh; Intel Mac OS X 10_15_7) AppleWebKit/537.36 (KHTML, like Gecko) Chrome/149.0.0.0 Safari/537.36"
2001:288:a26c:1:6331:7c5b:672a:30fe - - [26/Aug/2026:14:27:40 +0800] "-" 408 339 "-" "-"
::1 - - [26/Aug/2026:14:27:40 +0800] "OPTIONS * HTTP/1.0" 200 110 "-" "Apache/2.4.68 (Ubuntu) OpenSSL/3.0.19 (internal dummy connection)"
57.141.2.16 - - [26/Aug/2026:14:27:40 +0800] "GET /6452/2018/11/ HTTP/1.1" 200 15297 "-" "Mozilla/5.0 (Macintosh; Intel Mac OS X 10_15_7) AppleWebKit/537.36 (KHTML, like Gecko) Chrome/145.0.0.0 Safari/537.36 (compatible; meta-externalagent/1.1 (+https://developers.facebook.com/docs/sharing/webmasters/crawler))"
::1 - - [26/Aug/2026:14:27:41 +0800] "OPTIONS * HTTP/1.0" 200 110 "-" "Apache/2.4.68 (Ubuntu) OpenSSL/3.0.19 (internal dummy connection)"
40.77.167.11 - - [26/Aug/2026:14:27:42 +0800] "GET /Resource/Neturl/Sub-Going.asp?url=cutt.ly/SzGju8z HTTP/1.1" 404 90842 "-" "Mozilla/5.0 AppleWebKit/537.36 (KHTML, like Gecko; compatible; bingbot/2.0; +http://www.bing.com/bingbot.htm) Chrome/116.0.1938.76 Safari/537.36"
::1 - - [26/Aug/2026:14:27:42 +0800] "OPTIONS * HTTP/1.0" 200 110 "-" "Apache/2.4.68 (Ubuntu) OpenSSL/3.0.19 (internal dummy connection)"
2001:288:a201::66:125 - - [26/Aug/2026:14:27:43 +0800] "GET /blog/active.php HTTP/1.1" 301 1026 "-" "-"
2001:288:a201::66:125 - - [26/Aug/2026:14:27:43 +0800] "GET /blog/active.php HTTP/1.1" 404 1084 "-" "-"
34.30.223.149 - - [26/Aug/2026:14:27:40 +0800] "GET /527/2011/06/ HTTP/1.1" 200 35895 "-" "Mozilla/5.0 (Macintosh; Intel Mac OS X 10_15_7) AppleWebKit/537.36 (KHTML, like Gecko) Chrome/120.0.0.0 Safari/537.36"
49.159.180.194 - - [26/Aug/2026:14:27:43 +0800] "-" 408 4801 "-" "-"
2a03:2880:f802:3c:: - - [26/Aug/2026:14:27:43 +0800] "GET /kkes603/2021/12/ HTTP/1.1" 200 13809 "-" "Mozilla/5.0 (Windows NT 10.0; Win64; x64) AppleWebKit/537.36 (KHTML, like Gecko) Chrome/145.0.0.0 Safari/537.36 (compatible; meta-externalagent/1.1 (+https://developers.facebook.com/docs/sharing/webmasters/crawler))"
2a03:2880:f802:3c:: - - [26/Aug/2026:14:27:43 +0800] "GET /qles110080101/2021/12/ HTTP/1.1" 200 17379 "-" "Mozilla/5.0 (Windows NT 10.0; Win64; x64) AppleWebKit/537.36 (KHTML, like Gecko) Chrome/145.0.0.0 Safari/537.36 (compatible; meta-externalagent/1.1 (+https://developers.facebook.com/docs/sharing/webmasters/crawler))"
40.77.167.11 - - [26/Aug/2026:14:27:43 +0800] "GET /Form/Teacher/Photos.asp?Y=1 HTTP/1.1" 404 85950 "-" "Mozilla/5.0 AppleWebKit/537.36 (KHTML, like Gecko; compatible; bingbot/2.0; +http://www.bing.com/bingbot.htm) Chrome/116.0.1938.76 Safari/537.36"
34.30.223.149 - - [26/Aug/2026:14:27:44 +0800] "GET /23/wp-json/wp/v2/posts/2182 HTTP/1.1" 200 13756 "-" "Mozilla/5.0 (Macintosh; Intel Mac OS X 10_15_7) AppleWebKit/537.36 (KHTML, like Gecko) Chrome/120.0.0.0 Safari/537.36"
::1 - - [26/Aug/2026:14:27:44 +0800] "OPTIONS * HTTP/1.0" 200 110 "-" "Apache/2.4.68 (Ubuntu) OpenSSL/3.0.19 (internal dummy connection)"
57.141.2.1 - - [26/Aug/2026:14:27:45 +0800] "GET /funzone/2013/06/07/%e6%84%9b%e7%9a%84%e7%95%a2%e6%a5%ad%e4%bd%9c%e6%8a%8a%e7%a0%b4%e5%8e%9d%e8%ae%8a%e6%96%b0%e7%aa%a9/ HTTP/1.1" 200 32054 "-" "Mozilla/5.0 (X11; Linux x86_64) AppleWebKit/537.36 (KHTML, like Gecko) Chrome/145.0.0.0 Safari/537.36 (compatible; meta-externalagent/1.1 (+https://developers.facebook.com/docs/sharing/webmasters/crawler))"
140.111.67.10 - - [26/Aug/2026:14:27:45 +0800] "GET /" 301 273 "-" "-"
216.73.217.64 - - [26/Aug/2026:14:27:45 +0800] "GET /9536/wp-json/wp/v2/posts/52693 HTTP/1.1" 200 11751 "-" "Mozilla/5.0 AppleWebKit/537.36 (KHTML, like Gecko; compatible; ClaudeBot/1.0; +claudebot@anthropic.com)"
::1 - - [26/Aug/2026:14:27:45 +0800] "OPTIONS * HTTP/1.0" 200 110 "-" "Apache/2.4.68 (Ubuntu) OpenSSL/3.0.19 (internal dummy connection)"
216.73.217.64 - - [26/Aug/2026:14:27:46 +0800] "GET /9536/wp-json/wp/v2/posts/52702 HTTP/1.1" 200 6635 "-" "Mozilla/5.0 AppleWebKit/537.36 (KHTML, like Gecko; compatible; ClaudeBot/1.0; +claudebot@anthropic.com)"
2a03:2880:f802:2a:: - - [26/Aug/2026:14:27:46 +0800] "GET /6545/2016/11/ HTTP/1.1" 200 15844 "-" "Mozilla/5.0 (Macintosh; Intel Mac OS X 10_15_7) AppleWebKit/537.36 (KHTML, like Gecko) Chrome/145.0.0.0 Safari/537.36 (compatible; meta-externalagent/1.1 (+https://developers.facebook.com/docs/sharing/webmasters/crawler))"
34.30.223.149 - - [26/Aug/2026:14:27:46 +0800] "GET /32745/2022/02/03/%E8%B7%AF%E7%87%88/ HTTP/1.1" 200 92786 "-" "Mozilla/5.0 (Macintosh; Intel Mac OS X 10_15_7) AppleWebKit/537.36 (KHTML, like Gecko) Chrome/120.0.0.0 Safari/537.36"
2001:288:a26c:1:6331:7c5b:672a:30fe - - [26/Aug/2026:14:27:47 +0800] "GET /2026/05/22/115%e5%ad%b8%e5%b9%b4%e5%ba%a6%e5%ae%9c%e8%98%ad%e7%b8%a3%e5%9c%8b%e6%b0%91%e4%b8%ad%e5%b0%8f%e5%ad%b8%e7%a7%91%e6%8a%80%e9%a0%98%e5%9f%9f%e6%87%89%e7%94%a8%e7%ab%b6%e8%b3%bd-%e5%89%8d%e5%b0%8e/ HTTP/1.1" 200 10882 "https://tech.ilc.edu.tw/" "Mozilla/5.0 (Windows NT 10.0; Win64; x64) AppleWebKit/537.36 (KHTML, like Gecko) Chrome/151.0.0.0 Safari/537.36"
2001:b400:e296:4d99:611a:9d69:a300:2d30 - - [26/Aug/2026:14:27:47 +0800] "GET /2020/09/20/%e6%95%99%e5%8b%99%e8%99%95/ HTTP/1.1" 200 24846 "https://www.iljh.ilc.edu.tw/2020/09/20/%E6%95%99%E5%8B%99%E8%99%95/" "Mozilla/5.0 (iPhone; CPU iPhone OS 26_1_0 like Mac OS X) AppleWebKit/605.1.15 (KHTML, like Gecko) GSA/424.4.924152415 Mobile/15E148 Safari/604.1"
2001:288:a26c:1:6331:7c5b:672a:30fe - - [26/Aug/2026:14:27:47 +0800] "POST /wp-json/ilc-summary/v1/popular-posts HTTP/1.1" 201 1605 "https://tech.ilc.edu.tw/2026/05/22/115%e5%ad%b8%e5%b9%b4%e5%ba%a6%e5%ae%9c%e8%98%ad%e7%b8%a3%e5%9c%8b%e6%b0%91%e4%b8%ad%e5%b0%8f%e5%ad%b8%e7%a7%91%e6%8a%80%e9%a0%98%e5%9f%9f%e6%87%89%e7%94%a8%e7%ab%b6%e8%b3%bd-%e5%89%8d%e5%b0%8e/" "Mozilla/5.0 (Windows NT 10.0; Win64; x64) AppleWebKit/537.36 (KHTML, like Gecko) Chrome/151.0.0.0 Safari/537.36"
2001:b400:e296:4d99:611a:9d69:a300:2d30 - - [26/Aug/2026:14:27:47 +0800] "POST /wp-json/ilc-summary/v1/popular-posts HTTP/1.1" 201 5914 "https://www.iljh.ilc.edu.tw/2020/09/20/%e6%95%99%e5%8b%99%e8%99%95/" "Mozilla/5.0 (iPhone; CPU iPhone OS 26_1_0 like Mac OS X) AppleWebKit/605.1.15 (KHTML, like Gecko) GSA/424.4.924152415 Mobile/15E148 Safari/604.1"
2001:288:a201::66:125 - - [26/Aug/2026:14:27:48 +0800] "GET /blog/active.php HTTP/1.1" 301 1026 "-" "-"
2001:288:a201::66:125 - - [26/Aug/2026:14:27:48 +0800] "GET /blog/active.php HTTP/1.1" 404 1084 "-" "-"
34.123.149.87 - - [26/Aug/2026:14:27:48 +0800] "GET /4950/wp-json/oembed/1.0/embed?format=xml&url=https://2blog.ilc.edu.tw/4950/2015/07/24/eip%25e5%25b8%25b3%25e8%2599%259f%25e5%258f%25af%25e7%2599%25bb%25e5%2585%25a5mindomo%25e9%259b%25b2%25e7%25ab%25af%25e7%2589%2588app/ HTTP/1.1" 200 7053 "-" "Mozilla/5.0 (Macintosh; Intel Mac OS X 10_15_7) AppleWebKit/537.36 (KHTML, like Gecko) Chrome/120.0.0.0 Safari/537.36"
216.73.217.64 - - [26/Aug/2026:14:27:48 +0800] "GET /9536/wp-json/wp/v2/posts/52698 HTTP/1.1" 200 11580 "-" "Mozilla/5.0 AppleWebKit/537.36 (KHTML, like Gecko; compatible; ClaudeBot/1.0; +claudebot@anthropic.com)"
216.73.217.64 - - [26/Aug/2026:14:27:48 +0800] "GET /9536/wp-json/wp/v2/posts/52655 HTTP/1.1" 200 7434 "-" "Mozilla/5.0 AppleWebKit/537.36 (KHTML, like Gecko; compatible; ClaudeBot/1.0; +claudebot@anthropic.com)"
2a03:2880:f802:3c:: - - [26/Aug/2026:14:27:48 +0800] "GET /6461/2019/11/14/108-2-3-5-108%e7%94%9f%e6%85%8b%e5%bd%b1%e5%b1%95%e5%9c%a8%e9%bb%8e%e6%98%8e/ HTTP/1.1" 200 15404 "-" "Mozilla/5.0 (Windows NT 10.0; Win64; x64) AppleWebKit/537.36 (KHTML, like Gecko) Chrome/145.0.0.0 Safari/537.36 (compatible; meta-externalagent/1.1 (+https://developers.facebook.com/docs/sharing/webmasters/crawler))"
2a03:2880:f802:18:: - - [26/Aug/2026:14:27:48 +0800] "GET /qles110080101/2024/08/ HTTP/1.1" 200 16434 "-" "Mozilla/5.0 (Windows NT 10.0; Win64; x64) AppleWebKit/537.36 (KHTML, like Gecko) Chrome/145.0.0.0 Safari/537.36 (compatible; meta-externalagent/1.1 (+https://developers.facebook.com/docs/sharing/webmasters/crawler))"
216.73.217.64 - - [26/Aug/2026:14:27:49 +0800] "GET /9536/wp-json/wp/v2/posts/52663 HTTP/1.1" 200 6814 "-" "Mozilla/5.0 AppleWebKit/537.36 (KHTML, like Gecko; compatible; ClaudeBot/1.0; +claudebot@anthropic.com)"
2001:b400:e296:4d99:611a:9d69:a300:2d30 - - [26/Aug/2026:14:27:49 +0800] "GET /category/%e8%a1%8c%e6%94%bf%e7%b5%84%e7%b9%94/ HTTP/1.1" 200 13847 "https://www.iljh.ilc.edu.tw/2020/09/20/%e6%95%99%e5%8b%99%e8%99%95/" "Mozilla/5.0 (iPhone; CPU iPhone OS 26_1_0 like Mac OS X) AppleWebKit/605.1.15 (KHTML, like Gecko) GSA/424.4.924152415 Mobile/15E148 Safari/604.1"
140.111.67.195 - - [26/Aug/2026:14:27:49 +0800] "GET /wp-admin/admin-post.php?action=steps_ad HTTP/1.1" 200 1973 "-" "node-fetch/1.0 (+https://github.com/bitinn/node-fetch)"
52.167.144.206 - - [26/Aug/2026:14:27:49 +0800] "GET /32745/2023/01/21/%E6%84%9B%E7%84%A1%E8%BC%83%E7%B8%92/ HTTP/1.1" 200 92442 "-" "Mozilla/5.0 AppleWebKit/537.36 (KHTML, like Gecko; compatible; bingbot/2.0; +http://www.bing.com/bingbot.htm) Chrome/116.0.1938.76 Safari/537.36"
2001:288:a25e:1:3dce:76f1:e393:dccd - - [26/Aug/2026:14:27:49 +0800] "GET /wp-content/uploads/sites/1352/2023/09/cropped-%E6%A0%A1%E5%BE%BD10701070-32x32.png HTTP/1.1" 200 8260 "https://www.sanjh.ilc.edu.tw/" "Mozilla/5.0 (Windows NT 10.0; Win64; x64) AppleWebKit/537.36 (KHTML, like Gecko) Chrome/151.0.0.0 Safari/537.36"
2a03:2880:f802:25:: - - [26/Aug/2026:14:27:49 +0800] "GET /6571/wp-json/wp/v2/categories/2 HTTP/1.1" 200 6601 "-" "Mozilla/5.0 (Windows NT 10.0; Win64; x64) AppleWebKit/537.36 (KHTML, like Gecko) Chrome/145.0.0.0 Safari/537.36 (compatible; meta-externalagent/1.1 (+https://developers.facebook.com/docs/sharing/webmasters/crawler))"
140.111.67.195 - - [26/Aug/2026:14:27:49 +0800] "GET /wp-admin/admin-post.php?action=steps_ad HTTP/1.1" 200 1649 "-" "node-fetch/1.0 (+https://github.com/bitinn/node-fetch)"
57.141.2.78 - - [26/Aug/2026:14:27:50 +0800] "GET /6486/2014/04/16/ HTTP/1.1" 200 14583 "-" "Mozilla/5.0 (Windows NT 10.0; Win64; x64) AppleWebKit/537.36 (KHTML, like Gecko) Chrome/145.0.0.0 Safari/537.36 (compatible; meta-externalagent/1.1 (+https://developers.facebook.com/docs/sharing/webmasters/crawler))"
140.111.67.10 - - [26/Aug/2026:14:27:50 +0800] "GET /" 301 273 "-" "-"
140.111.67.195 - - [26/Aug/2026:14:27:50 +0800] "GET /wp-admin/admin-post.php?action=steps_ad HTTP/1.1" 200 1649 "-" "node-fetch/1.0 (+https://github.com/bitinn/node-fetch)"
140.111.67.195 - - [26/Aug/2026:14:27:50 +0800] "GET /wp-admin/admin-post.php?action=steps_ad HTTP/1.1" 200 1973 "-" "node-fetch/1.0 (+https://github.com/bitinn/node-fetch)"
216.73.217.64 - - [26/Aug/2026:14:27:50 +0800] "GET /9536/page/533/ HTTP/1.1" 200 14439 "-" "Mozilla/5.0 AppleWebKit/537.36 (KHTML, like Gecko; compatible; ClaudeBot/1.0; +claudebot@anthropic.com)"
59.124.9.103 - - [26/Aug/2026:14:27:50 +0800] "GET /?p=202 HTTP/1.1" 200 24355 "https://www.nses.ilc.edu.tw/?p=87" "Mozilla/5.0 (Windows NT 10.0; Win64; x64) AppleWebKit/537.36 (KHTML, like Gecko) Chrome/151.0.0.0 Safari/537.36 Edg/151.0.0.0"
59.124.9.103 - - [26/Aug/2026:14:27:51 +0800] "GET /wp-includes/css/dist/block-library/style.min.css HTTP/1.1" 200 16119 "https://www.nses.ilc.edu.tw/?p=202" "Mozilla/5.0 (Windows NT 10.0; Win64; x64) AppleWebKit/537.36 (KHTML, like Gecko) Chrome/151.0.0.0 Safari/537.36 Edg/151.0.0.0"
59.124.9.103 - - [26/Aug/2026:14:27:51 +0800] "POST /index.php?rest_route=/ilc-summary/v1/popular-posts HTTP/1.1" 201 1283 "https://www.nses.ilc.edu.tw/?p=202" "Mozilla/5.0 (Windows NT 10.0; Win64; x64) AppleWebKit/537.36 (KHTML, like Gecko) Chrome/151.0.0.0 Safari/537.36 Edg/151.0.0.0"
59.124.9.103 - - [26/Aug/2026:14:27:51 +0800] "GET /wp-content/uploads/sites/1678/2022/07/%E9%AB%98%E6%BA%AB%E8%A5%B2%E6%93%8A%EF%BC%8C%E5%B0%8F%E5%BF%83%E7%86%B1%E5%82%B7%E5%AE%B3%EF%BC%81.mp4?_=1 HTTP/1.1" 200 2158794 "https://www.nses.ilc.edu.tw/?p=202" "Mozilla/5.0 (Windows NT 10.0; Win64; x64) AppleWebKit/537.36 (KHTML, like Gecko) Chrome/151.0.0.0 Safari/537.36 Edg/151.0.0.0"
59.124.9.103 - - [26/Aug/2026:14:27:51 +0800] "GET /wp-content/uploads/sites/1678/2021/05/%E5%AE%9C%E8%98%AD%E7%B8%A3%E9%98%B2%E7%96%AB%E7%9F%AD%E7%89%87.mp4?_=2 HTTP/1.1" 200 2296919 "https://www.nses.ilc.edu.tw/?p=202" "Mozilla/5.0 (Windows NT 10.0; Win64; x64) AppleWebKit/537.36 (KHTML, like Gecko) Chrome/151.0.0.0 Safari/537.36 Edg/151.0.0.0"
2409:8a44:540:db4:d863:3f06:9412:4091 - - [26/Aug/2026:14:27:51 +0800] "GET /author/as HTTP/1.1" 301 5771 "-" "Mozilla/5.0 (Windows NT 10.0; Win64; x64) AppleWebKit/537.36 (KHTML, like Gecko) Chrome/144.0.0.0 Safari/537.36"
59.124.9.103 - - [26/Aug/2026:14:27:51 +0800] "GET /wp-content/uploads/sites/1678/2021/05/%E5%AE%9C%E8%98%AD%E7%B8%A3%E9%98%B2%E7%96%AB%E7%9F%AD%E7%89%87.mp4?_=2 HTTP/1.1" 200 2450650 "https://www.nses.ilc.edu.tw/?p=202" "Mozilla/5.0 (Windows NT 10.0; Win64; x64) AppleWebKit/537.36 (KHTML, like Gecko) Chrome/151.0.0.0 Safari/537.36 Edg/151.0.0.0"
216.73.217.64 - - [26/Aug/2026:14:27:52 +0800] "GET /9536/wp-json/wp/v2/posts/52708 HTTP/1.1" 200 11733 "-" "Mozilla/5.0 AppleWebKit/537.36 (KHTML, like Gecko; compatible; ClaudeBot/1.0; +claudebot@anthropic.com)"
216.73.217.64 - - [26/Aug/2026:14:27:52 +0800] "GET /9536/wp-json/wp/v2/posts/58552 HTTP/1.1" 200 11306 "-" "Mozilla/5.0 AppleWebKit/537.36 (KHTML, like Gecko; compatible; ClaudeBot/1.0; +claudebot@anthropic.com)"
178.171.81.142 - - [26/Aug/2026:14:27:52 +0800] "GET /25793/2016/05/24/%E6%9F%A5%E7%9C%8B-directx-%E7%89%88%E6%9C%AC/ HTTP/1.1" 200 31854 "https://2blog.ilc.edu.tw/" "Mozilla/5.0 (Windows NT 10.0; Win64; x64; rv:153.0) Gecko/20100101 Firefox/153.0"
2001:288:a201::66:125 - - [26/Aug/2026:14:27:53 +0800] "GET /blog/active.php HTTP/1.1" 301 1026 "-" "-"
2409:8a44:540:db4:d863:3f06:9412:4091 - - [26/Aug/2026:14:27:53 +0800] "GET /author/as/ HTTP/1.1" 200 10591 "-" "Mozilla/5.0 (Windows NT 10.0; Win64; x64) AppleWebKit/537.36 (KHTML, like Gecko) Chrome/144.0.0.0 Safari/537.36"
2001:288:a201::66:125 - - [26/Aug/2026:14:27:53 +0800] "GET /blog/active.php HTTP/1.1" 404 1084 "-" "-"
2a03:2880:f802:32:: - - [26/Aug/2026:14:27:53 +0800] "GET /6569/author/d93/page/2/ HTTP/1.1" 200 16499 "-" "Mozilla/5.0 (Windows NT 10.0; Win64; x64) AppleWebKit/537.36 (KHTML, like Gecko) Chrome/145.0.0.0 Safari/537.36 (compatible; meta-externalagent/1.1 (+https://developers.facebook.com/docs/sharing/webmasters/crawler))"
216.73.217.64 - - [26/Aug/2026:14:27:53 +0800] "GET /9536/wp-json/wp/v2/posts/52706 HTTP/1.1" 200 5813 "-" "Mozilla/5.0 AppleWebKit/537.36 (KHTML, like Gecko; compatible; ClaudeBot/1.0; +claudebot@anthropic.com)"
216.73.217.64 - - [26/Aug/2026:14:27:54 +0800] "GET /9536/wp-json/wp/v2/posts/58555 HTTP/1.1" 200 6355 "-" "Mozilla/5.0 AppleWebKit/537.36 (KHTML, like Gecko; compatible; ClaudeBot/1.0; +claudebot@anthropic.com)"
2001:4860:7:b10::fe - - [26/Aug/2026:14:27:54 +0800] "GET /868/44170/ HTTP/1.1" 200 21925 "https://www.google.com/" "Mozilla/5.0 (Windows NT 10.0; Win64; x64) AppleWebKit/537.36 (KHTML, like Gecko) Chrome/151.0.0.0 Safari/537.36"
2001:4860:7:410::f0 - - [26/Aug/2026:14:27:54 +0800] "GET /technology/2015/11/06/arduino%E7%AC%AC%E5%8D%81%E4%B8%80%E8%AA%B2%E4%BC%BA%E6%9C%8D%E9%A6%AC%E9%81%94/ HTTP/1.1" 200 22787 "https://www.google.com/" "Mozilla/5.0 (Windows NT 10.0; Win64; x64) AppleWebKit/537.36 (KHTML, like Gecko) Chrome/152.0.0.0 Safari/537.36"
2409:8a44:540:db4:d863:3f06:9412:4091 - - [26/Aug/2026:14:27:55 +0800] "GET /wp-content/cache/www.daes.ilc.edu.tw/wpfc-minified/f3c1mnf7/73ws.css HTTP/1.1" 200 40884 "https://www.daes.ilc.edu.tw/author/as/" "Mozilla/5.0 (Windows NT 10.0; Win64; x64) AppleWebKit/537.36 (KHTML, like Gecko) Chrome/144.0.0.0 Safari/537.36"
117.56.213.48 - - [26/Aug/2026:14:27:55 +0800] "GET /868/wp-content/cache/2blog.ilc.edu.tw/wpfc-minified/8lw6462p/5woku.css HTTP/1.1" 200 45678 "https://2blog.ilc.edu.tw/868/44170/" "Mozilla/5.0 (Windows NT 10.0; Win64; x64) AppleWebKit/537.36 (KHTML, like Gecko) Chrome/151.0.0.0 Safari/537.36"
117.56.213.48 - - [26/Aug/2026:14:27:55 +0800] "GET /868/wp-content/cache/2blog.ilc.edu.tw/wpfc-minified/7nvg1c6t/5woku.css HTTP/1.1" 200 20774 "https://2blog.ilc.edu.tw/868/44170/" "Mozilla/5.0 (Windows NT 10.0; Win64; x64) AppleWebKit/537.36 (KHTML, like Gecko) Chrome/151.0.0.0 Safari/537.36"
117.56.213.48 - - [26/Aug/2026:14:27:55 +0800] "GET /868/wp-content/cache/2blog.ilc.edu.tw/wpfc-minified/maqxx0v5/5woku.css HTTP/1.1" 200 18665 "https://2blog.ilc.edu.tw/868/44170/" "Mozilla/5.0 (Windows NT 10.0; Win64; x64) AppleWebKit/537.36 (KHTML, like Gecko) Chrome/151.0.0.0 Safari/537.36"
117.56.213.48 - - [26/Aug/2026:14:27:55 +0800] "GET /868/wp-content/cache/2blog.ilc.edu.tw/wpfc-minified/13m1ver4/5wob8.css HTTP/1.1" 200 23803 "https://2blog.ilc.edu.tw/868/44170/" "Mozilla/5.0 (Windows NT 10.0; Win64; x64) AppleWebKit/537.36 (KHTML, like Gecko) Chrome/151.0.0.0 Safari/537.36"
117.56.213.48 - - [26/Aug/2026:14:27:55 +0800] "GET /868/wp-content/cache/2blog.ilc.edu.tw/wpfc-minified/1gd3zqn9/5wovy.js HTTP/1.1" 200 6436 "https://2blog.ilc.edu.tw/868/44170/" "Mozilla/5.0 (Windows NT 10.0; Win64; x64) AppleWebKit/537.36 (KHTML, like Gecko) Chrome/151.0.0.0 Safari/537.36"
117.56.213.48 - - [26/Aug/2026:14:27:55 +0800] "GET /868/wp-content/cache/2blog.ilc.edu.tw/wpfc-minified/dj3aok4x/5woku.js HTTP/1.1" 200 40356 "https://2blog.ilc.edu.tw/868/44170/" "Mozilla/5.0 (Windows NT 10.0; Win64; x64) AppleWebKit/537.36 (KHTML, like Gecko) Chrome/151.0.0.0 Safari/537.36"
2001:b400:e296:4d99:611a:9d69:a300:2d30 - - [26/Aug/2026:14:27:55 +0800] "GET /2020/09/20/384/ HTTP/1.1" 200 24165 "https://www.iljh.ilc.edu.tw/category/%e8%a1%8c%e6%94%bf%e7%b5%84%e7%b9%94/" "Mozilla/5.0 (iPhone; CPU iPhone OS 26_1_0 like Mac OS X) AppleWebKit/605.1.15 (KHTML, like Gecko) GSA/424.4.924152415 Mobile/15E148 Safari/604.1"
117.56.213.48 - - [26/Aug/2026:14:27:55 +0800] "GET /868/wp-content/themes/hueman/assets/front/webfonts/fa-brands-400.woff2?v=5.15.2 HTTP/1.1" 200 79499 "https://2blog.ilc.edu.tw/868/44170/" "Mozilla/5.0 (Windows NT 10.0; Win64; x64) AppleWebKit/537.36 (KHTML, like Gecko) Chrome/151.0.0.0 Safari/537.36"
117.56.213.48 - - [26/Aug/2026:14:27:55 +0800] "GET /868/wp-content/themes/hueman/assets/front/webfonts/fa-regular-400.woff2?v=5.15.2 HTTP/1.1" 200 14439 "https://2blog.ilc.edu.tw/868/44170/" "Mozilla/5.0 (Windows NT 10.0; Win64; x64) AppleWebKit/537.36 (KHTML, like Gecko) Chrome/151.0.0.0 Safari/537.36"
117.56.213.48 - - [26/Aug/2026:14:27:55 +0800] "GET /868/wp-content/themes/hueman/assets/front/fonts/titillium-light-webfont.woff HTTP/1.1" 200 25606 "https://2blog.ilc.edu.tw/868/44170/" "Mozilla/5.0 (Windows NT 10.0; Win64; x64) AppleWebKit/537.36 (KHTML, like Gecko) Chrome/151.0.0.0 Safari/537.36"
117.56.213.48 - - [26/Aug/2026:14:27:55 +0800] "GET /868/wp-content/themes/hueman/assets/front/webfonts/fa-solid-900.woff2?v=5.15.2 HTTP/1.1" 200 81301 "https://2blog.ilc.edu.tw/868/44170/" "Mozilla/5.0 (Windows NT 10.0; Win64; x64) AppleWebKit/537.36 (KHTML, like Gecko) Chrome/151.0.0.0 Safari/537.36"
117.56.213.48 - - [26/Aug/2026:14:27:55 +0800] "GET /868/wp-content/themes/hueman/assets/front/fonts/titillium-lightitalic-webfont.woff HTTP/1.1" 200 27654 "https://2blog.ilc.edu.tw/868/44170/" "Mozilla/5.0 (Windows NT 10.0; Win64; x64) AppleWebKit/537.36 (KHTML, like Gecko) Chrome/151.0.0.0 Safari/537.36"
117.56.213.48 - - [26/Aug/2026:14:27:55 +0800] "GET /868/wp-content/themes/hueman/assets/front/fonts/titillium-regular-webfont.woff HTTP/1.1" 200 25590 "https://2blog.ilc.edu.tw/868/44170/" "Mozilla/5.0 (Windows NT 10.0; Win64; x64) AppleWebKit/537.36 (KHTML, like Gecko) Chrome/151.0.0.0 Safari/537.36"
117.56.213.48 - - [26/Aug/2026:14:27:55 +0800] "GET /868/wp-content/themes/hueman/assets/front/fonts/titillium-regularitalic-webfont.woff HTTP/1.1" 200 27482 "https://2blog.ilc.edu.tw/868/44170/" "Mozilla/5.0 (Windows NT 10.0; Win64; x64) AppleWebKit/537.36 (KHTML, like Gecko) Chrome/151.0.0.0 Safari/537.36"
117.56.213.48 - - [26/Aug/2026:14:27:55 +0800] "GET /868/wp-content/themes/hueman/assets/front/fonts/titillium-semibold-webfont.woff HTTP/1.1" 200 25626 "https://2blog.ilc.edu.tw/868/44170/" "Mozilla/5.0 (Windows NT 10.0; Win64; x64) AppleWebKit/537.36 (KHTML, like Gecko) Chrome/151.0.0.0 Safari/537.36"
140.111.67.195 - - [26/Aug/2026:14:27:55 +0800] "GET /wp-admin/admin-post.php?action=steps_ad HTTP/1.1" 200 1649 "-" "node-fetch/1.0 (+https://github.com/bitinn/node-fetch)"
2001:b400:e296:4d99:611a:9d69:a300:2d30 - - [26/Aug/2026:14:27:55 +0800] "POST /wp-json/ilc-summary/v1/popular-posts HTTP/1.1" 201 6069 "https://www.iljh.ilc.edu.tw/2020/09/20/384/" "Mozilla/5.0 (iPhone; CPU iPhone OS 26_1_0 like Mac OS X) AppleWebKit/605.1.15 (KHTML, like Gecko) GSA/424.4.924152415 Mobile/15E148 Safari/604.1"
140.111.67.10 - - [26/Aug/2026:14:27:55 +0800] "GET /" 301 273 "-" "-"
2409:8a44:540:db4:d863:3f06:9412:4091 - - [26/Aug/2026:14:27:56 +0800] "GET /wp-content/cache/www.daes.ilc.edu.tw/wpfc-minified/fde0jnib/73ws.css HTTP/1.1" 200 5959 "https://www.daes.ilc.edu.tw/author/as/" "Mozilla/5.0 (Windows NT 10.0; Win64; x64) AppleWebKit/537.36 (KHTML, like Gecko) Chrome/144.0.0.0 Safari/537.36"
117.56.213.48 - - [26/Aug/2026:14:27:55 +0800] "GET /wp-content/uploads/sites/268/868/868-1985004.jpg HTTP/1.1" 200 25628 "https://2blog.ilc.edu.tw/868/44170/" "Mozilla/5.0 (Windows NT 10.0; Win64; x64) AppleWebKit/537.36 (KHTML, like Gecko) Chrome/151.0.0.0 Safari/537.36"
117.56.213.48 - - [26/Aug/2026:14:27:55 +0800] "GET /wp-content/uploads/sites/268/868/868-1984905.jpg HTTP/1.1" 200 19127 "https://2blog.ilc.edu.tw/868/44170/" "Mozilla/5.0 (Windows NT 10.0; Win64; x64) AppleWebKit/537.36 (KHTML, like Gecko) Chrome/151.0.0.0 Safari/537.36"
117.56.213.48 - - [26/Aug/2026:14:27:55 +0800] "GET /wp-content/uploads/sites/268/868/868-617539.jpg HTTP/1.1" 200 24494 "https://2blog.ilc.edu.tw/868/44170/" "Mozilla/5.0 (Windows NT 10.0; Win64; x64) AppleWebKit/537.36 (KHTML, like Gecko) Chrome/151.0.0.0 Safari/537.36"
117.56.213.48 - - [26/Aug/2026:14:27:56 +0800] "GET /wp-content/uploads/sites/268/868/868-1984906.jpg HTTP/1.1" 200 18758 "https://2blog.ilc.edu.tw/868/44170/" "Mozilla/5.0 (Windows NT 10.0; Win64; x64) AppleWebKit/537.36 (KHTML, like Gecko) Chrome/151.0.0.0 Safari/537.36"
117.56.213.48 - - [26/Aug/2026:14:27:56 +0800] "GET /wp-content/uploads/sites/268/868/868-1984907.jpg HTTP/1.1" 200 28669 "https://2blog.ilc.edu.tw/868/44170/" "Mozilla/5.0 (Windows NT 10.0; Win64; x64) AppleWebKit/537.36 (KHTML, like Gecko) Chrome/151.0.0.0 Safari/537.36"
117.56.213.48 - - [26/Aug/2026:14:27:56 +0800] "GET /wp-content/uploads/sites/268/868/868-1984908.jpg HTTP/1.1" 200 30718 "https://2blog.ilc.edu.tw/868/44170/" "Mozilla/5.0 (Windows NT 10.0; Win64; x64) AppleWebKit/537.36 (KHTML, like Gecko) Chrome/151.0.0.0 Safari/537.36"
117.56.213.48 - - [26/Aug/2026:14:27:56 +0800] "GET /868/wp-includes/js/hoverintent-js.min.js HTTP/1.1" 200 1597 "https://2blog.ilc.edu.tw/868/44170/" "Mozilla/5.0 (Windows NT 10.0; Win64; x64) AppleWebKit/537.36 (KHTML, like Gecko) Chrome/151.0.0.0 Safari/537.36"
117.56.213.48 - - [26/Aug/2026:14:27:56 +0800] "GET /868/wp-includes/js/admin-bar.min.js HTTP/1.1" 200 2237 "https://2blog.ilc.edu.tw/868/44170/" "Mozilla/5.0 (Windows NT 10.0; Win64; x64) AppleWebKit/537.36 (KHTML, like Gecko) Chrome/151.0.0.0 Safari/537.36"
117.56.213.48 - - [26/Aug/2026:14:27:56 +0800] "GET /868/wp-includes/js/underscore.min.js HTTP/1.1" 200 8191 "https://2blog.ilc.edu.tw/868/44170/" "Mozilla/5.0 (Windows NT 10.0; Win64; x64) AppleWebKit/537.36 (KHTML, like Gecko) Chrome/151.0.0.0 Safari/537.36"
2a03:2880:f802:5:: - - [26/Aug/2026:14:27:55 +0800] "GET /26150/2025/10/13/%e8%bd%89%e7%9f%a5%e7%ac%ac%e5%8d%81%e4%b9%9d%e5%b1%86%e5%8f%b0%e7%81%a3%e8%a6%aa%e5%ad%90%e8%ab%96%e5%a3%87%e6%b4%bb%e5%8b%95%e8%a8%8a%e6%81%af%ef%bc%8c%e8%ab%8b%e8%a9%b3%e9%96%b1%e6%b4%bb%e5%8b%95/ HTTP/1.1" 200 23146 "-" "Mozilla/5.0 (Macintosh; Intel Mac OS X 10_15_7) AppleWebKit/537.36 (KHTML, like Gecko) Chrome/145.0.0.0 Safari/537.36 (compatible; meta-externalagent/1.1 (+https://developers.facebook.com/docs/sharing/webmasters/crawler))"
52.167.144.213 - - [26/Aug/2026:14:27:57 +0800] "GET /form/Student/ListMe.asp?SID=912021 HTTP/1.1" 404 90842 "-" "Mozilla/5.0 AppleWebKit/537.36 (KHTML, like Gecko; compatible; bingbot/2.0; +http://www.bing.com/bingbot.htm) Chrome/116.0.1938.76 Safari/537.36"
2001:288:a201::66:125 - - [26/Aug/2026:14:27:58 +0800] "GET /blog/active.php HTTP/1.1" 301 1026 "-" "-"
140.111.67.195 - - [26/Aug/2026:14:27:57 +0800] "GET /wp-admin/admin-post.php?action=steps_ad HTTP/1.1" 200 1649 "-" "node-fetch/1.0 (+https://github.com/bitinn/node-fetch)"
2001:288:a201::66:125 - - [26/Aug/2026:14:27:58 +0800] "GET /blog/active.php HTTP/1.1" 404 1084 "-" "-"
61.58.104.27 - - [26/Aug/2026:14:27:58 +0800] "-" 408 4791 "-" "-"
192.241.145.113 - - [26/Aug/2026:14:27:59 +0800] "GET /blog/gallery/25793/previews-med/25793-2932627.png HTTP/1.1" 301 1094 "http://feeds.feedburner.com/" "Mozilla/5.0 (Windows NT 10.0; Win64; x64) AppleWebKit/537.36 (KHTML, like Gecko) Chrome/105.0.0.0 Safari/537.3"
52.167.144.236 - - [26/Aug/2026:14:27:58 +0800] "GET /32745/2021/04/05/%E5%95%8F%E7%84%A1%E6%83%85%E5%A4%A9/ HTTP/1.1" 200 92245 "-" "Mozilla/5.0 AppleWebKit/537.36 (KHTML, like Gecko; compatible; bingbot/2.0; +http://www.bing.com/bingbot.htm) Chrome/116.0.1938.76 Safari/537.36"
57.141.2.2 - - [26/Aug/2026:14:27:59 +0800] "GET /6555/2012/page/5/ HTTP/1.1" 200 15997 "-" "Mozilla/5.0 (Windows NT 10.0; Win64; x64) AppleWebKit/537.36 (KHTML, like Gecko) Chrome/145.0.0.0 Safari/537.36 (compatible; meta-externalagent/1.1 (+https://developers.facebook.com/docs/sharing/webmasters/crawler))"
2407:4b00:4c02:7f1f:55e7:de36:dcb0:68b4 - - [26/Aug/2026:14:27:59 +0800] "-" 408 4791 "-" "-"
::1 - - [26/Aug/2026:14:27:59 +0800] "OPTIONS * HTTP/1.0" 200 110 "-" "Apache/2.4.68 (Ubuntu) OpenSSL/3.0.19 (internal dummy connection)"
2409:8a44:540:db4:d863:3f06:9412:4091 - - [26/Aug/2026:14:28:00 +0800] "GET /wp-includes/js/admin-bar.min.js HTTP/1.1" 200 2237 "https://www.daes.ilc.edu.tw/author/as/" "Mozilla/5.0 (Windows NT 10.0; Win64; x64) AppleWebKit/537.36 (KHTML, like Gecko) Chrome/144.0.0.0 Safari/537.36"
140.111.67.10 - - [26/Aug/2026:14:28:00 +0800] "GET /" 301 273 "-" "-"
::1 - - [26/Aug/2026:14:28:00 +0800] "OPTIONS * HTTP/1.0" 200 110 "-" "Apache/2.4.68 (Ubuntu) OpenSSL/3.0.19 (internal dummy connection)"
2409:8a44:540:db4:d863:3f06:9412:4091 - - [26/Aug/2026:14:28:00 +0800] "GET /wp-includes/js/imagesloaded.min.js HTTP/1.1" 200 2683 "https://www.daes.ilc.edu.tw/author/as/" "Mozilla/5.0 (Windows NT 10.0; Win64; x64) AppleWebKit/537.36 (KHTML, like Gecko) Chrome/144.0.0.0 Safari/537.36"
216.73.217.64 - - [26/Aug/2026:14:28:01 +0800] "GET /9536/wp-json/wp/v2/posts/52712 HTTP/1.1" 200 11393 "-" "Mozilla/5.0 AppleWebKit/537.36 (KHTML, like Gecko; compatible; ClaudeBot/1.0; +claudebot@anthropic.com)"
2001:b400:e296:4d99:611a:9d69:a300:2d30 - - [26/Aug/2026:14:28:01 +0800] "GET /2020/09/17/%e8%a1%8c%e6%94%bf%e7%b5%84%e7%b9%94/ HTTP/1.1" 200 23128 "https://www.iljh.ilc.edu.tw/2020/09/20/384/" "Mozilla/5.0 (iPhone; CPU iPhone OS 26_1_0 like Mac OS X) AppleWebKit/605.1.15 (KHTML, like Gecko) GSA/424.4.924152415 Mobile/15E148 Safari/604.1"
2001:288:a201::67:82 - - [26/Aug/2026:14:28:01 +0800] "GET / HTTP/1.1" 200 56291 "-" "curl/7.81.0"
::1 - - [26/Aug/2026:14:28:01 +0800] "OPTIONS * HTTP/1.0" 200 110 "-" "Apache/2.4.68 (Ubuntu) OpenSSL/3.0.19 (internal dummy connection)"
140.111.67.86 - - [26/Aug/2026:14:28:01 +0800] "GET / HTTP/1.1" 200 56291 "-" "curl/7.81.0"
216.73.217.64 - - [26/Aug/2026:14:28:01 +0800] "GET /9536/wp-json/wp/v2/posts/52710 HTTP/1.1" 200 6943 "-" "Mozilla/5.0 AppleWebKit/537.36 (KHTML, like Gecko; compatible; ClaudeBot/1.0; +claudebot@anthropic.com)"
2001:b400:e296:4d99:611a:9d69:a300:2d30 - - [26/Aug/2026:14:28:01 +0800] "GET /wp-content/uploads/sites/399/2020/09/%E8%9E%A2%E5%B9%95%E6%93%B7%E5%8F%96%E7%95%AB%E9%9D%A2-2025-09-04-161523.png HTTP/1.1" 200 147936 "https://www.iljh.ilc.edu.tw/2020/09/17/%e8%a1%8c%e6%94%bf%e7%b5%84%e7%b9%94/" "Mozilla/5.0 (iPhone; CPU iPhone OS 26_1_0 like Mac OS X) AppleWebKit/605.1.15 (KHTML, like Gecko) GSA/424.4.924152415 Mobile/15E148 Safari/604.1"
2a03:2880:f802:44:: - - [26/Aug/2026:14:28:01 +0800] "GET /hsics/wp-content/uploads/sites/2866/2023/10/LINE_ALBUM_1120607%E5%A4%A7%E5%90%8C%E9%84%89%E8%AA%9E%E6%96%87%E6%9A%A8%E6%97%8F%E8%AA%9E%E7%AB%B6%E8%B3%BD_231026_2.jpg HTTP/1.1" 200 302869 "-" "Mozilla/5.0 (X11; Linux x86_64) AppleWebKit/537.36 (KHTML, like Gecko) Chrome/145.0.0.0 Safari/537.36 (compatible; meta-externalagent/1.1 (+https://developers.facebook.com/docs/sharing/webmasters/crawler))"
2001:b400:e296:4d99:611a:9d69:a300:2d30 - - [26/Aug/2026:14:28:01 +0800] "POST /wp-json/ilc-summary/v1/popular-posts HTTP/1.1" 201 6068 "https://www.iljh.ilc.edu.tw/2020/09/17/%e8%a1%8c%e6%94%bf%e7%b5%84%e7%b9%94/" "Mozilla/5.0 (iPhone; CPU iPhone OS 26_1_0 like Mac OS X) AppleWebKit/605.1.15 (KHTML, like Gecko) GSA/424.4.924152415 Mobile/15E148 Safari/604.1"
2409:8a44:540:db4:d863:3f06:9412:4091 - - [26/Aug/2026:14:28:02 +0800] "GET /wp-content/themes/oceanwp/assets/js/drop-down-mobile-menu.min.js HTTP/1.1" 200 4663 "https://www.daes.ilc.edu.tw/author/as/" "Mozilla/5.0 (Windows NT 10.0; Win64; x64) AppleWebKit/537.36 (KHTML, like Gecko) Chrome/144.0.0.0 Safari/537.36"
140.111.67.195 - - [26/Aug/2026:14:28:02 +0800] "GET /wp-admin/admin-post.php?action=steps_ad HTTP/1.1" 200 1649 "-" "node-fetch/1.0 (+https://github.com/bitinn/node-fetch)"
::1 - - [26/Aug/2026:14:28:02 +0800] "OPTIONS * HTTP/1.0" 200 110 "-" "Apache/2.4.68 (Ubuntu) OpenSSL/3.0.19 (internal dummy connection)"
216.73.217.64 - - [26/Aug/2026:14:28:02 +0800] "GET /9536/wp-json/wp/v2/posts/58553 HTTP/1.1" 200 6548 "-" "Mozilla/5.0 AppleWebKit/537.36 (KHTML, like Gecko; compatible; ClaudeBot/1.0; +claudebot@anthropic.com)"
2001:288:a201::66:125 - - [26/Aug/2026:14:28:03 +0800] "GET /blog/active.php HTTP/1.1" 301 1026 "-" "-"
2001:288:a201::66:125 - - [26/Aug/2026:14:28:03 +0800] "GET /blog/active.php HTTP/1.1" 404 1084 "-" "-"
216.73.217.64 - - [26/Aug/2026:14:28:03 +0800] "GET /9536/wp-json/wp/v2/posts/52730 HTTP/1.1" 200 6855 "-" "Mozilla/5.0 AppleWebKit/537.36 (KHTML, like Gecko; compatible; ClaudeBot/1.0; +claudebot@anthropic.com)"
2409:8a44:540:db4:d863:3f06:9412:4091 - - [26/Aug/2026:14:28:03 +0800] "GET /wp-content/themes/oceanwp/assets/js/drop-down-search.min.js HTTP/1.1" 200 2968 "https://www.daes.ilc.edu.tw/author/as/" "Mozilla/5.0 (Windows NT 10.0; Win64; x64) AppleWebKit/537.36 (KHTML, like Gecko) Chrome/144.0.0.0 Safari/537.36"
::1 - - [26/Aug/2026:14:28:03 +0800] "OPTIONS * HTTP/1.0" 200 110 "-" "Apache/2.4.68 (Ubuntu) OpenSSL/3.0.19 (internal dummy connection)"
2409:8a44:540:db4:d863:3f06:9412:4091 - - [26/Aug/2026:14:28:03 +0800] "GET /wp-content/themes/oceanwp/assets/js/ow-lightbox.min.js HTTP/1.1" 200 2321 "https://www.daes.ilc.edu.tw/author/as/" "Mozilla/5.0 (Windows NT 10.0; Win64; x64) AppleWebKit/537.36 (KHTML, like Gecko) Chrome/144.0.0.0 Safari/537.36"
216.73.217.64 - - [26/Aug/2026:14:28:03 +0800] "GET /9536/wp-json/wp/v2/posts/52704 HTTP/1.1" 200 6444 "-" "Mozilla/5.0 AppleWebKit/537.36 (KHTML, like Gecko; compatible; ClaudeBot/1.0; +claudebot@anthropic.com)"
2409:8a44:540:db4:d863:3f06:9412:4091 - - [26/Aug/2026:14:28:04 +0800] "GET /wp-content/themes/oceanwp/assets/js/vendors/flickity.pkgd.min.js HTTP/1.1" 200 15048 "https://www.daes.ilc.edu.tw/author/as/" "Mozilla/5.0 (Windows NT 10.0; Win64; x64) AppleWebKit/537.36 (KHTML, like Gecko) Chrome/144.0.0.0 Safari/537.36"
::1 - - [26/Aug/2026:14:28:04 +0800] "OPTIONS * HTTP/1.0" 200 110 "-" "Apache/2.4.68 (Ubuntu) OpenSSL/3.0.19 (internal dummy connection)"
140.111.67.10 - - [26/Aug/2026:14:28:05 +0800] "GET /" 301 273 "-" "-"
2a03:2880:f802:26:: - - [26/Aug/2026:14:28:05 +0800] "GET /6555/2012/12/24/ HTTP/1.1" 200 14814 "-" "Mozilla/5.0 (Macintosh; Intel Mac OS X 10_15_7) AppleWebKit/537.36 (KHTML, like Gecko) Chrome/145.0.0.0 Safari/537.36 (compatible; meta-externalagent/1.1 (+https://developers.facebook.com/docs/sharing/webmasters/crawler))"
216.73.217.64 - - [26/Aug/2026:14:28:06 +0800] "GET /9536/wp-json/wp/v2/posts/52722 HTTP/1.1" 200 7112 "-" "Mozilla/5.0 AppleWebKit/537.36 (KHTML, like Gecko; compatible; ClaudeBot/1.0; +claudebot@anthropic.com)"
66.249.71.169 - - [26/Aug/2026:14:28:07 +0800] "GET /blog/resserver.php?blogId=186&resource=13448-20.jpg HTTP/1.1" 301 1139 "-" "GoogleOther-Image/1.0"
140.111.67.195 - - [26/Aug/2026:14:28:06 +0800] "GET /wp-admin/admin-post.php?action=steps_ad HTTP/1.1" 200 1649 "-" "node-fetch/1.0 (+https://github.com/bitinn/node-fetch)"
2001:288:a201::66:125 - - [26/Aug/2026:14:28:08 +0800] "GET /blog/active.php HTTP/1.1" 301 1026 "-" "-"
2001:288:a201::66:125 - - [26/Aug/2026:14:28:08 +0800] "GET /blog/active.php HTTP/1.1" 404 1084 "-" "-"
2001:288:a25e:1:3dce:76f1:e393:dccd - - [26/Aug/2026:14:28:08 +0800] "-" 408 4807 "-" "-"
2a03:2880:f802:12:: - - [26/Aug/2026:14:28:09 +0800] "GET /6555/2013/05/01/ HTTP/1.1" 200 14480 "-" "Mozilla/5.0 (Windows NT 10.0; Win64; x64) AppleWebKit/537.36 (KHTML, like Gecko) Chrome/145.0.0.0 Safari/537.36 (compatible; meta-externalagent/1.1 (+https://developers.facebook.com/docs/sharing/webmasters/crawler))"
::1 - - [26/Aug/2026:14:28:09 +0800] "OPTIONS * HTTP/1.0" 200 110 "-" "Apache/2.4.68 (Ubuntu) OpenSSL/3.0.19 (internal dummy connection)"
117.56.213.48 - - [26/Aug/2026:14:28:09 +0800] "GET /wp-content/uploads/sites/268/868/868-1984912.jpg HTTP/1.1" 200 17480 "https://2blog.ilc.edu.tw/868/44170/" "Mozilla/5.0 (Windows NT 10.0; Win64; x64) AppleWebKit/537.36 (KHTML, like Gecko) Chrome/151.0.0.0 Safari/537.36"
117.56.213.48 - - [26/Aug/2026:14:28:09 +0800] "GET /wp-content/uploads/sites/268/868/868-1984910.jpg HTTP/1.1" 200 17607 "https://2blog.ilc.edu.tw/868/44170/" "Mozilla/5.0 (Windows NT 10.0; Win64; x64) AppleWebKit/537.36 (KHTML, like Gecko) Chrome/151.0.0.0 Safari/537.36"
117.56.213.48 - - [26/Aug/2026:14:28:09 +0800] "GET /wp-content/uploads/sites/268/868/868-1984909.jpg HTTP/1.1" 200 30603 "https://2blog.ilc.edu.tw/868/44170/" "Mozilla/5.0 (Windows NT 10.0; Win64; x64) AppleWebKit/537.36 (KHTML, like Gecko) Chrome/151.0.0.0 Safari/537.36"
117.56.213.48 - - [26/Aug/2026:14:28:09 +0800] "GET /wp-content/uploads/sites/268/868/868-1984911.jpg HTTP/1.1" 200 30752 "https://2blog.ilc.edu.tw/868/44170/" "Mozilla/5.0 (Windows NT 10.0; Win64; x64) AppleWebKit/537.36 (KHTML, like Gecko) Chrome/151.0.0.0 Safari/537.36"
117.56.213.48 - - [26/Aug/2026:14:28:09 +0800] "GET /wp-content/uploads/sites/268/868/868-1984913.jpg HTTP/1.1" 200 31785 "https://2blog.ilc.edu.tw/868/44170/" "Mozilla/5.0 (Windows NT 10.0; Win64; x64) AppleWebKit/537.36 (KHTML, like Gecko) Chrome/151.0.0.0 Safari/537.36"
117.56.213.48 - - [26/Aug/2026:14:28:09 +0800] "GET /wp-content/uploads/sites/268/868/868-1984915.jpg HTTP/1.1" 200 36971 "https://2blog.ilc.edu.tw/868/44170/" "Mozilla/5.0 (Windows NT 10.0; Win64; x64) AppleWebKit/537.36 (KHTML, like Gecko) Chrome/151.0.0.0 Safari/537.36"
117.56.213.48 - - [26/Aug/2026:14:28:09 +0800] "GET /wp-content/uploads/sites/268/868/868-1984914.jpg HTTP/1.1" 200 30453 "https://2blog.ilc.edu.tw/868/44170/" "Mozilla/5.0 (Windows NT 10.0; Win64; x64) AppleWebKit/537.36 (KHTML, like Gecko) Chrome/151.0.0.0 Safari/537.36"
117.56.213.48 - - [26/Aug/2026:14:28:09 +0800] "GET /wp-content/uploads/sites/268/868/868-1984916.jpg HTTP/1.1" 200 19127 "https://2blog.ilc.edu.tw/868/44170/" "Mozilla/5.0 (Windows NT 10.0; Win64; x64) AppleWebKit/537.36 (KHTML, like Gecko) Chrome/151.0.0.0 Safari/537.36"
117.56.213.48 - - [26/Aug/2026:14:28:09 +0800] "GET /wp-content/uploads/sites/268/868/868-1984917.jpg HTTP/1.1" 200 18758 "https://2blog.ilc.edu.tw/868/44170/" "Mozilla/5.0 (Windows NT 10.0; Win64; x64) AppleWebKit/537.36 (KHTML, like Gecko) Chrome/151.0.0.0 Safari/537.36"
117.56.213.48 - - [26/Aug/2026:14:28:09 +0800] "GET /wp-content/uploads/sites/268/868/868-1984918.jpg HTTP/1.1" 200 26991 "https://2blog.ilc.edu.tw/868/44170/" "Mozilla/5.0 (Windows NT 10.0; Win64; x64) AppleWebKit/537.36 (KHTML, like Gecko) Chrome/151.0.0.0 Safari/537.36"
117.56.213.48 - - [26/Aug/2026:14:28:09 +0800] "GET /wp-content/uploads/sites/268/868/868-1984919.jpg HTTP/1.1" 200 31421 "https://2blog.ilc.edu.tw/868/44170/" "Mozilla/5.0 (Windows NT 10.0; Win64; x64) AppleWebKit/537.36 (KHTML, like Gecko) Chrome/151.0.0.0 Safari/537.36"
117.56.213.48 - - [26/Aug/2026:14:28:09 +0800] "GET /wp-content/uploads/sites/268/868/868-1984920.jpg HTTP/1.1" 200 51471 "https://2blog.ilc.edu.tw/868/44170/" "Mozilla/5.0 (Windows NT 10.0; Win64; x64) AppleWebKit/537.36 (KHTML, like Gecko) Chrome/151.0.0.0 Safari/537.36"
117.56.213.48 - - [26/Aug/2026:14:28:09 +0800] "GET /wp-content/uploads/sites/268/868/868-1984921.jpg HTTP/1.1" 200 23644 "https://2blog.ilc.edu.tw/868/44170/" "Mozilla/5.0 (Windows NT 10.0; Win64; x64) AppleWebKit/537.36 (KHTML, like Gecko) Chrome/151.0.0.0 Safari/537.36"
117.56.213.48 - - [26/Aug/2026:14:28:10 +0800] "GET /wp-content/uploads/sites/268/868/868-1984922.jpg HTTP/1.1" 200 24497 "https://2blog.ilc.edu.tw/868/44170/" "Mozilla/5.0 (Windows NT 10.0; Win64; x64) AppleWebKit/537.36 (KHTML, like Gecko) Chrome/151.0.0.0 Safari/537.36"
117.56.213.48 - - [26/Aug/2026:14:28:10 +0800] "GET /wp-content/uploads/sites/268/868/868-1984923.jpg HTTP/1.1" 200 38544 "https://2blog.ilc.edu.tw/868/44170/" "Mozilla/5.0 (Windows NT 10.0; Win64; x64) AppleWebKit/537.36 (KHTML, like Gecko) Chrome/151.0.0.0 Safari/537.36"
117.56.213.48 - - [26/Aug/2026:14:28:10 +0800] "GET /wp-content/uploads/sites/268/868/868-2741144.jpg HTTP/1.1" 200 122944 "https://2blog.ilc.edu.tw/868/44170/" "Mozilla/5.0 (Windows NT 10.0; Win64; x64) AppleWebKit/537.36 (KHTML, like Gecko) Chrome/151.0.0.0 Safari/537.36"
117.56.213.48 - - [26/Aug/2026:14:28:10 +0800] "GET /wp-content/uploads/sites/268/868/868-1984924.jpg HTTP/1.1" 200 26991 "https://2blog.ilc.edu.tw/868/44170/" "Mozilla/5.0 (Windows NT 10.0; Win64; x64) AppleWebKit/537.36 (KHTML, like Gecko) Chrome/151.0.0.0 Safari/537.36"
117.56.213.48 - - [26/Aug/2026:14:28:10 +0800] "GET /868/wp-content/themes/hueman/assets/front/img/thumb-medium-empty.png HTTP/1.1" 200 936 "https://2blog.ilc.edu.tw/868/44170/" "Mozilla/5.0 (Windows NT 10.0; Win64; x64) AppleWebKit/537.36 (KHTML, like Gecko) Chrome/151.0.0.0 Safari/537.36"
117.56.213.48 - - [26/Aug/2026:14:28:10 +0800] "GET /868/wp-content/uploads/sites/268/2025/03/%E5%9C%96%E7%89%872.png HTTP/1.1" 200 6637 "https://2blog.ilc.edu.tw/868/44170/" "Mozilla/5.0 (Windows NT 10.0; Win64; x64) AppleWebKit/537.36 (KHTML, like Gecko) Chrome/151.0.0.0 Safari/537.36"
117.56.213.48 - - [26/Aug/2026:14:28:10 +0800] "GET /868/wp-content/uploads/sites/268/2025/03/%E5%9C%96%E7%89%873.png HTTP/1.1" 200 8600 "https://2blog.ilc.edu.tw/868/44170/" "Mozilla/5.0 (Windows NT 10.0; Win64; x64) AppleWebKit/537.36 (KHTML, like Gecko) Chrome/151.0.0.0 Safari/537.36"
117.56.213.48 - - [26/Aug/2026:14:28:10 +0800] "GET /868/wp-content/themes/hueman/assets/front/js/scripts.min.js HTTP/1.1" 200 22643 "https://2blog.ilc.edu.tw/868/44170/" "Mozilla/5.0 (Windows NT 10.0; Win64; x64) AppleWebKit/537.36 (KHTML, like Gecko) Chrome/151.0.0.0 Safari/537.36"
117.56.213.48 - - [26/Aug/2026:14:28:09 +0800] "POST /868/wp-json/ilc-summary/v1/popular-posts HTTP/1.1" 201 1608 "https://2blog.ilc.edu.tw/868/44170/" "Mozilla/5.0 (Windows NT 10.0; Win64; x64) AppleWebKit/537.36 (KHTML, like Gecko) Chrome/151.0.0.0 Safari/537.36"
140.111.67.10 - - [26/Aug/2026:14:28:10 +0800] "GET /" 301 273 "-" "-"
117.56.213.48 - - [26/Aug/2026:14:28:10 +0800] "GET /868/wp-content/themes/hueman/assets/front/img/opacity-10.png HTTP/1.1" 200 902 "https://2blog.ilc.edu.tw/868/wp-content/cache/2blog.ilc.edu.tw/wpfc-minified/13m1ver4/5wob8.css" "Mozilla/5.0 (Windows NT 10.0; Win64; x64) AppleWebKit/537.36 (KHTML, like Gecko) Chrome/151.0.0.0 Safari/537.36"
140.111.67.195 - - [26/Aug/2026:14:28:11 +0800] "GET /wp-admin/admin-post.php?action=steps_ad HTTP/1.1" 200 1649 "-" "node-fetch/1.0 (+https://github.com/bitinn/node-fetch)"
161.153.113.113 - - [26/Aug/2026:14:28:11 +0800] "GET /wp-content/uploads/sites/1962/4719/4719-415906.ppt HTTP/1.1" 200 4097400 "-" "Mozilla/5.0 (X11; Linux x86_64) AppleWebKit/537.36 (KHTML, like Gecko) Chrome/126.0.0.0 Safari/537.36 (compatible; AionBot/1.0)"
96.19.95.184 - - [26/Aug/2026:14:28:12 +0800] "GET /wp-login.php?action=ilc_logout&_wpnonce=020ea612b9&redirect_to=Http://henryVIII.uk/ HTTP/1.1" 302 8225 "https://baskentklimaks.com/2020/06/05/climatix-600/" "Mozilla/5.0 (Windows NT 6.3; Win64; x64) AppleWebKit/537.36 (KHTML, like Gecko) Chrome/103.0.0.0 Safari/537.36"
2001:288:a201::66:125 - - [26/Aug/2026:14:28:13 +0800] "GET /blog/active.php HTTP/1.1" 301 1026 "-" "-"
2001:288:a201::66:125 - - [26/Aug/2026:14:28:13 +0800] "GET /blog/active.php HTTP/1.1" 404 1084 "-" "-"
2a03:2880:f802:3e:: - - [26/Aug/2026:14:28:14 +0800] "GET /6555/2012/page/1/ HTTP/1.1" 301 5760 "-" "Mozilla/5.0 (Windows NT 10.0; Win64; x64) AppleWebKit/537.36 (KHTML, like Gecko) Chrome/145.0.0.0 Safari/537.36 (compatible; meta-externalagent/1.1 (+https://developers.facebook.com/docs/sharing/webmasters/crawler))"
2a03:2880:f802:f:: - - [26/Aug/2026:14:28:12 +0800] "GET /en/u00d0u00b4u00d1u0095u00c2u00a0u00d0u00b5u00c2u00aeu00d1u009eu00d0u00b6u00d0u008au00e2u0080u009au00d0u00b6u00d1u009au00d1u0094u00d0u00b4u00d1u0098u00c2u00a0-u00d0u00b5u00d0u008cu00e2u0080u00a2u00d0u00b6u00d1u009au00d1u0094u00d0u00b6u00c2u00b1u00d1u009fu00d0u00b6u00e2u0084u0096u00e2u0080u0093u00d0u00b7u00d1u0095u00c2u00a4u00d0u00b4u00d1u0095u00c2u00a0u00d0u00b9u00e2u0080u0094u00d0u0087u00d0u00b6u00c2u00adu00c2u00a6u00d0u00b6u00d1u009bu00e2u0080u0094u00d0u00b5u00c2u00a4u00c2u00a9u00d0u00b4u00d1u0091u00e2u0080u00b9-codes/ HTTP/1.1" 200 28346 "-" "Mozilla/5.0 (Windows NT 10.0; Win64; x64) AppleWebKit/537.36 (KHTML, like Gecko) Chrome/145.0.0.0 Safari/537.36 (compatible; meta-externalagent/1.1 (+https://developers.facebook.com/docs/sharing/webmasters/crawler))"
140.111.67.10 - - [26/Aug/2026:14:28:15 +0800] "GET /" 301 273 "-" "-"
2001:288:a223:1:458:2393:df5c:e617 - - [26/Aug/2026:14:28:15 +0800] "GET /wp-content/uploads/sites/3846/2023/07/%E6%95%99%E8%82%B2%E8%99%95%E5%85%AB%E5%A4%A7%E6%96%B9%E9%87%9D.png HTTP/1.1" 200 200327 "https://it.ilc.edu.tw/" "Mozilla/5.0 (Windows NT 10.0; Win64; x64) AppleWebKit/537.36 (KHTML, like Gecko) Chrome/151.0.0.0 Safari/537.36"
2a03:2880:f802:48:: - - [26/Aug/2026:14:28:15 +0800] "GET /6553/2015/04/13/104%e5%b9%b4%e5%ae%9a%e6%9c%9f%e5%81%9a%e5%bb%9a%e6%88%bf%e5%ae%a4%e5%85%a7%e5%8f%8a%e5%ae%a4%e5%a4%96%e5%91%a8%e9%82%8a%e8%8a%b1%e8%8d%89%e6%b0%b4%e6%ba%9d%e7%ad%89%e7%97%85%e5%aa%92%e5%ae%b3/ HTTP/1.1" 200 15208 "-" "Mozilla/5.0 (Windows NT 10.0; Win64; x64) AppleWebKit/537.36 (KHTML, like Gecko) Chrome/145.0.0.0 Safari/537.36 (compatible; meta-externalagent/1.1 (+https://developers.facebook.com/docs/sharing/webmasters/crawler))"
117.56.213.48 - - [26/Aug/2026:14:28:15 +0800] "GET /favicon.ico HTTP/1.1" 302 901 "https://2blog.ilc.edu.tw/868/44170/" "Mozilla/5.0 (Windows NT 10.0; Win64; x64) AppleWebKit/537.36 (KHTML, like Gecko) Chrome/151.0.0.0 Safari/537.36"
117.56.213.48 - - [26/Aug/2026:14:28:15 +0800] "GET /wp-includes/images/w-logo-blue-white-bg.png HTTP/1.1" 200 4946 "https://2blog.ilc.edu.tw/868/44170/" "Mozilla/5.0 (Windows NT 10.0; Win64; x64) AppleWebKit/537.36 (KHTML, like Gecko) Chrome/151.0.0.0 Safari/537.36"
34.30.223.149 - - [26/Aug/2026:14:28:15 +0800] "GET /32745/?p=4564 HTTP/1.1" 301 5584 "-" "Mozilla/5.0 (Macintosh; Intel Mac OS X 10_15_7) AppleWebKit/537.36 (KHTML, like Gecko) Chrome/120.0.0.0 Safari/537.36"
2a03:2880:f802:2a:: - - [26/Aug/2026:14:28:16 +0800] "GET /16847/author/kjnm/ HTTP/1.1" 200 18535 "-" "Mozilla/5.0 (Windows NT 10.0; Win64; x64) AppleWebKit/537.36 (KHTML, like Gecko) Chrome/145.0.0.0 Safari/537.36 (compatible; meta-externalagent/1.1 (+https://developers.facebook.com/docs/sharing/webmasters/crawler))"
59.124.9.103 - - [26/Aug/2026:14:28:16 +0800] "GET /?p=490 HTTP/1.1" 200 30437 "https://www.nses.ilc.edu.tw/?p=202" "Mozilla/5.0 (Windows NT 10.0; Win64; x64) AppleWebKit/537.36 (KHTML, like Gecko) Chrome/151.0.0.0 Safari/537.36 Edg/151.0.0.0"
59.124.9.103 - - [26/Aug/2026:14:28:16 +0800] "GET /wp-content/uploads/sites/1678/elementor/css/post-490.css HTTP/1.1" 200 1118 "https://www.nses.ilc.edu.tw/?p=490" "Mozilla/5.0 (Windows NT 10.0; Win64; x64) AppleWebKit/537.36 (KHTML, like Gecko) Chrome/151.0.0.0 Safari/537.36 Edg/151.0.0.0"
2a03:2880:f802:40:: - - [26/Aug/2026:14:28:16 +0800] "GET /6555/2012/ HTTP/1.1" 200 16163 "-" "Mozilla/5.0 (Windows NT 10.0; Win64; x64) AppleWebKit/537.36 (KHTML, like Gecko) Chrome/145.0.0.0 Safari/537.36 (compatible; meta-externalagent/1.1 (+https://developers.facebook.com/docs/sharing/webmasters/crawler))"
59.124.9.103 - - [26/Aug/2026:14:28:16 +0800] "POST /index.php?rest_route=/ilc-summary/v1/popular-posts HTTP/1.1" 201 1283 "https://www.nses.ilc.edu.tw/?p=490" "Mozilla/5.0 (Windows NT 10.0; Win64; x64) AppleWebKit/537.36 (KHTML, like Gecko) Chrome/151.0.0.0 Safari/537.36 Edg/151.0.0.0"
2a03:2880:f802:e:: - - [26/Aug/2026:14:28:16 +0800] "GET /6452/author/piggy42/ HTTP/1.1" 200 15780 "-" "Mozilla/5.0 (Windows NT 10.0; Win64; x64) AppleWebKit/537.36 (KHTML, like Gecko) Chrome/145.0.0.0 Safari/537.36 (compatible; meta-externalagent/1.1 (+https://developers.facebook.com/docs/sharing/webmasters/crawler))"
2a03:2880:f802:18:: - - [26/Aug/2026:14:28:14 +0800] "GET /en/solitaire-associations-journey-codes/ HTTP/1.1" 200 28346 "-" "Mozilla/5.0 (Windows NT 10.0; Win64; x64) AppleWebKit/537.36 (KHTML, like Gecko) Chrome/145.0.0.0 Safari/537.36 (compatible; meta-externalagent/1.1 (+https://developers.facebook.com/docs/sharing/webmasters/crawler))"
59.124.9.103 - - [26/Aug/2026:14:28:17 +0800] "GET /wp-content/uploads/sites/1678/2021/05/%E5%AE%9C%E8%98%AD%E7%B8%A3%E9%98%B2%E7%96%AB%E7%9F%AD%E7%89%87.mp4?_=2 HTTP/1.1" 200 1705619 "https://www.nses.ilc.edu.tw/?p=490" "Mozilla/5.0 (Windows NT 10.0; Win64; x64) AppleWebKit/537.36 (KHTML, like Gecko) Chrome/151.0.0.0 Safari/537.36 Edg/151.0.0.0"
59.124.9.103 - - [26/Aug/2026:14:28:17 +0800] "GET /wp-content/uploads/sites/1678/2022/07/%E9%AB%98%E6%BA%AB%E8%A5%B2%E6%93%8A%EF%BC%8C%E5%B0%8F%E5%BF%83%E7%86%B1%E5%82%B7%E5%AE%B3%EF%BC%81.mp4?_=1 HTTP/1.1" 200 1864876 "https://www.nses.ilc.edu.tw/?p=490" "Mozilla/5.0 (Windows NT 10.0; Win64; x64) AppleWebKit/537.36 (KHTML, like Gecko) Chrome/151.0.0.0 Safari/537.36 Edg/151.0.0.0"
140.111.67.195 - - [26/Aug/2026:14:28:17 +0800] "GET /wp-admin/admin-post.php?action=steps_ad HTTP/1.1" 200 1973 "-" "node-fetch/1.0 (+https://github.com/bitinn/node-fetch)"
140.111.67.195 - - [26/Aug/2026:14:28:17 +0800] "GET /wp-admin/admin-post.php?action=steps_ad HTTP/1.1" 200 1973 "-" "node-fetch/1.0 (+https://github.com/bitinn/node-fetch)"
2001:288:a223:1:458:2393:df5c:e617 - - [26/Aug/2026:14:28:17 +0800] "GET /wp-content/uploads/sites/3846/2026/02/%E9%81%BF%E5%85%8D%E8%AA%A4%E5%85%A5%E8%A9%90%E9%A8%99%E7%B6%B2%E7%AB%99APP%E5%B0%8F%E5%B8%B8%E8%AD%98.jpg HTTP/1.1" 200 454833 "https://it.ilc.edu.tw/" "Mozilla/5.0 (Windows NT 10.0; Win64; x64) AppleWebKit/537.36 (KHTML, like Gecko) Chrome/151.0.0.0 Safari/537.36"
