2001:288:a219:1:eda6:7115:7979:b63e - - [26/Aug/2026:14:24:57 +0800] "GET /wp-content/uploads/sites/3846/2026/06/2026%E5%AE%9C%E8%98%AD%E7%98%8B%E5%AD%B8%E7%BF%92-%E6%9A%91%E5%81%87_%E6%95%99%E8%82%B2%E8%99%95%E9%A6%96%E9%A0%81-1440-x-1080-%E5%83%8F%E7%B4%A0.png HTTP/1.1" 304 5581 "https://it.ilc.edu.tw/" "Mozilla/5.0 (Windows NT 10.0; Win64; x64) AppleWebKit/537.36 (KHTML, like Gecko) Chrome/151.0.0.0 Safari/537.36"
2001:288:a219:1:eda6:7115:7979:b63e - - [26/Aug/2026:14:24:57 +0800] "GET /wp-content/uploads/sites/3846/2026/06/%E5%AE%A3%E5%82%B3%E5%9C%96%E7%89%87.png HTTP/1.1" 304 5581 "https://it.ilc.edu.tw/" "Mozilla/5.0 (Windows NT 10.0; Win64; x64) AppleWebKit/537.36 (KHTML, like Gecko) Chrome/151.0.0.0 Safari/537.36"
2001:288:a219:1:eda6:7115:7979:b63e - - [26/Aug/2026:14:24:57 +0800] "GET /wp-content/uploads/sites/3846/2026/02/%E9%81%BF%E5%85%8D%E8%AA%A4%E5%85%A5%E8%A9%90%E9%A8%99%E7%B6%B2%E7%AB%99APP%E5%B0%8F%E5%B8%B8%E8%AD%98.jpg HTTP/1.1" 304 5581 "https://it.ilc.edu.tw/" "Mozilla/5.0 (Windows NT 10.0; Win64; x64) AppleWebKit/537.36 (KHTML, like Gecko) Chrome/151.0.0.0 Safari/537.36"
2001:288:a219:1:eda6:7115:7979:b63e - - [26/Aug/2026:14:24:57 +0800] "GET /wp-content/uploads/sites/3846/2026/08/%E8%BE%B2%E6%A5%AD%E9%83%A8%E5%BB%A3%E5%91%8A.jpg HTTP/1.1" 304 5581 "https://it.ilc.edu.tw/" "Mozilla/5.0 (Windows NT 10.0; Win64; x64) AppleWebKit/537.36 (KHTML, like Gecko) Chrome/151.0.0.0 Safari/537.36"
66.249.71.37 - - [26/Aug/2026:14:24:57 +0800] "POST /6509/wp-json/ilc-summary/v1/popular-posts HTTP/1.1" 201 6052 "https://2blog.ilc.edu.tw/6509/2015/11/06/%E5%AE%9A%E6%9C%9F%E6%B8%85%E6%B4%97%E6%B0%B4%E5%A1%94%EF%BC%8C%E7%B6%AD%E8%AD%B7%E9%A3%B2%E6%B0%B4%E5%AE%89%E5%85%A8/" "Mozilla/5.0 (Linux; Android 6.0.1; Nexus 5X Build/MMB29P) AppleWebKit/537.36 (KHTML, like Gecko) Chrome/151.0.7922.173 Mobile Safari/537.36 (compatible; Googlebot/2.1; +http://www.google.com/bot.html)"
2407:4b00:4c0c:82f0:186:e77c:b65a:c905 - - [26/Aug/2026:14:24:58 +0800] "GET /wp-content/cache/www.ltjh.ilc.edu.tw/wpfc-minified/lojpp9tb/6vwn.css HTTP/1.1" 200 18616 "https://www.ltjh.ilc.edu.tw/" "Mozilla/5.0 (iPad; CPU OS 26_6_0 like Mac OS X) AppleWebKit/605.1.15 (KHTML, like Gecko) CriOS/151.0.7922.112 Mobile/15E148 Safari/604.1"
2001:288:a201::66:125 - - [26/Aug/2026:14:24:58 +0800] "GET /blog/active.php HTTP/1.1" 301 1026 "-" "-"
2001:288:a201::66:125 - - [26/Aug/2026:14:24:58 +0800] "GET /blog/active.php HTTP/1.1" 404 1084 "-" "-"
2407:4b00:4c0c:82f0:186:e77c:b65a:c905 - - [26/Aug/2026:14:24:58 +0800] "GET /wp-content/plugins/elementor/assets/lib/eicons/fonts/eicons.woff2?5.30.0 HTTP/1.1" 200 98225 "https://www.ltjh.ilc.edu.tw/" "Mozilla/5.0 (iPad; CPU OS 26_6_0 like Mac OS X) AppleWebKit/605.1.15 (KHTML, like Gecko) CriOS/151.0.7922.112 Mobile/15E148 Safari/604.1"
2407:4b00:4c0c:82f0:186:e77c:b65a:c905 - - [26/Aug/2026:14:24:58 +0800] "GET /wp-content/themes/toujours/genericons/Genericons.svg HTTP/1.1" 200 78010 "https://www.ltjh.ilc.edu.tw/" "Mozilla/5.0 (iPad; CPU OS 26_6_0 like Mac OS X) AppleWebKit/605.1.15 (KHTML, like Gecko) CriOS/151.0.7922.112 Mobile/15E148 Safari/604.1"
2407:4b00:4c0c:82f0:186:e77c:b65a:c905 - - [26/Aug/2026:14:24:58 +0800] "GET /wp-content/themes/toujours/images/toujoursbackground20160105.png HTTP/1.1" 200 1387 "https://www.ltjh.ilc.edu.tw/" "Mozilla/5.0 (iPad; CPU OS 26_6_0 like Mac OS X) AppleWebKit/605.1.15 (KHTML, like Gecko) CriOS/151.0.7922.112 Mobile/15E148 Safari/604.1"
2407:4b00:4c0c:82f0:186:e77c:b65a:c905 - - [26/Aug/2026:14:24:58 +0800] "GET /wp-content/plugins/elementor/assets/js/image-carousel.4455c6362492d9067512.bundle.min.js HTTP/1.1" 200 1176 "https://www.ltjh.ilc.edu.tw/" "Mozilla/5.0 (iPad; CPU OS 26_6_0 like Mac OS X) AppleWebKit/605.1.15 (KHTML, like Gecko) CriOS/151.0.7922.112 Mobile/15E148 Safari/604.1"
66.249.71.37 - - [26/Aug/2026:14:24:58 +0800] "GET /wp-content/uploads/gallery/114/previews-med/114-633592.jpg HTTP/1.1" 200 92187 "-" "Googlebot-Image/1.0"
143.20.253.187 - - [26/Aug/2026:14:24:59 +0800] "GET /26150/wp-includes/js/dist/hooks.min.js HTTP/1.1" 200 7215 "https://2blog.ilc.edu.tw/26150/2015/08/page/3/" "Mozilla/5.0 (X11; Linux x86_64) AppleWebKit/537.36 (KHTML, like Gecko) Chrome/146.0.0.0 Safari/537.36"
143.20.253.187 - - [26/Aug/2026:14:24:59 +0800] "GET /26150/wp-includes/js/dist/i18n.min.js HTTP/1.1" 200 9341 "https://2blog.ilc.edu.tw/26150/2015/08/page/3/" "Mozilla/5.0 (X11; Linux x86_64) AppleWebKit/537.36 (KHTML, like Gecko) Chrome/146.0.0.0 Safari/537.36"
2001:b400:e252:c43c:98eb:22ff:febc:2f37 - - [26/Aug/2026:14:24:59 +0800] "GET /category/c-59766/ HTTP/1.1" 200 22401 "https://www.google.com/" "Mozilla/5.0 (X11; Linux x86_64) AppleWebKit/537.36 (KHTML, like Gecko) Chrome/151.0.0.0 Safari/537.36"
2001:b400:e252:c43c:98eb:22ff:febc:2f37 - - [26/Aug/2026:14:24:59 +0800] "GET /wp-content/cache/www.tces.ilc.edu.tw/wpfc-minified/dq16v0m2/77oe.css HTTP/1.1" 200 40884 "https://www.tces.ilc.edu.tw/category/c-59766/" "Mozilla/5.0 (X11; Linux x86_64) AppleWebKit/537.36 (KHTML, like Gecko) Chrome/151.0.0.0 Safari/537.36"
2001:b400:e252:c43c:98eb:22ff:febc:2f37 - - [26/Aug/2026:14:24:59 +0800] "GET /wp-content/cache/www.tces.ilc.edu.tw/wpfc-minified/ld97mu9b/ap08.css HTTP/1.1" 200 65621 "https://www.tces.ilc.edu.tw/category/c-59766/" "Mozilla/5.0 (X11; Linux x86_64) AppleWebKit/537.36 (KHTML, like Gecko) Chrome/151.0.0.0 Safari/537.36"
2407:4b00:4c0c:82f0:186:e77c:b65a:c905 - - [26/Aug/2026:14:24:59 +0800] "GET /wp-content/plugins/elementor/assets/lib/swiper/v8/swiper.min.js?ver=8.4.5 HTTP/1.1" 200 40708 "https://www.ltjh.ilc.edu.tw/" "Mozilla/5.0 (iPad; CPU OS 26_6_0 like Mac OS X) AppleWebKit/605.1.15 (KHTML, like Gecko) CriOS/151.0.7922.112 Mobile/15E148 Safari/604.1"
66.249.79.226 - - [26/Aug/2026:14:24:59 +0800] "GET /2017/01/19/%E5%9C%8B%E5%AE%B6%E6%95%99%E8%82%B2%E7%A0%94%E7%A9%B6%E9%99%A2105%E5%B9%B4%E5%BA%A6%E6%95%99%E5%AD%B8%E5%BD%B1%E7%89%87%E6%8E%9B%E8%BC%89%E6%96%BC%E6%84%9B%E5%AD%B8%E7%B6%B2%EF%BC%8C%E9%BC%93/ HTTP/1.1" 200 23043 "-" "Mozilla/5.0 (Linux; Android 6.0.1; Nexus 5X Build/MMB29P) AppleWebKit/537.36 (KHTML, like Gecko) Chrome/151.0.7922.173 Mobile Safari/537.36 (compatible; Googlebot/2.1; +http://www.google.com/bot.html)"
143.20.253.187 - - [26/Aug/2026:14:24:59 +0800] "GET /26150/wp-content/plugins/elementor/assets/lib/waypoints/waypoints.min.js HTTP/1.1" 200 3873 "https://2blog.ilc.edu.tw/26150/2015/08/page/3/" "Mozilla/5.0 (X11; Linux x86_64) AppleWebKit/537.36 (KHTML, like Gecko) Chrome/146.0.0.0 Safari/537.36"
2a03:2880:f802:2a:: - - [26/Aug/2026:14:24:56 +0800] "GET /26150/category/c-11220/c-74098/page/1/ HTTP/1.1" 301 5781 "-" "Mozilla/5.0 (Windows NT 10.0; Win64; x64) AppleWebKit/537.36 (KHTML, like Gecko) Chrome/145.0.0.0 Safari/537.36 (compatible; meta-externalagent/1.1 (+https://developers.facebook.com/docs/sharing/webmasters/crawler))"
143.20.253.187 - - [26/Aug/2026:14:24:59 +0800] "GET /26150/wp-includes/js/jquery/ui/core.min.js HTTP/1.1" 200 7986 "https://2blog.ilc.edu.tw/26150/2015/08/page/3/" "Mozilla/5.0 (X11; Linux x86_64) AppleWebKit/537.36 (KHTML, like Gecko) Chrome/146.0.0.0 Safari/537.36"
2001:b400:e252:c43c:98eb:22ff:febc:2f37 - - [26/Aug/2026:14:24:59 +0800] "GET /wp-content/uploads/sites/449/2024/09/2024-09-23_090802.png HTTP/1.1" 200 55018 "https://www.tces.ilc.edu.tw/category/c-59766/" "Mozilla/5.0 (X11; Linux x86_64) AppleWebKit/537.36 (KHTML, like Gecko) Chrome/151.0.0.0 Safari/537.36"
2001:b400:e252:c43c:98eb:22ff:febc:2f37 - - [26/Aug/2026:14:24:59 +0800] "GET /wp-content/themes/oceanwp/assets/fonts/fontawesome/webfonts/fa-solid-900.woff2 HTTP/1.1" 200 151585 "https://www.tces.ilc.edu.tw/wp-content/cache/www.tces.ilc.edu.tw/wpfc-minified/ld97mu9b/ap08.css" "Mozilla/5.0 (X11; Linux x86_64) AppleWebKit/537.36 (KHTML, like Gecko) Chrome/151.0.0.0 Safari/537.36"
143.20.253.187 - - [26/Aug/2026:14:25:00 +0800] "GET /26150/wp-content/plugins/elementor/assets/js/frontend.min.js HTTP/1.1" 200 13169 "https://2blog.ilc.edu.tw/26150/2015/08/page/3/" "Mozilla/5.0 (X11; Linux x86_64) AppleWebKit/537.36 (KHTML, like Gecko) Chrome/146.0.0.0 Safari/537.36"
2001:41d0:2:9bd7::1 - - [26/Aug/2026:14:24:59 +0800] "GET / HTTP/1.1" 200 82787 "-" "Mozilla/5.0 (Windows NT 10.0; Win64; x64; rv:148.0) Gecko/20100101 Firefox/148.0"
2001:b400:e252:c43c:98eb:22ff:febc:2f37 - - [26/Aug/2026:14:25:00 +0800] "GET /wp-content/uploads/sites/449/2024/04/County.png HTTP/1.1" 200 686382 "https://www.tces.ilc.edu.tw/category/c-59766/" "Mozilla/5.0 (X11; Linux x86_64) AppleWebKit/537.36 (KHTML, like Gecko) Chrome/151.0.0.0 Safari/537.36"
143.20.253.187 - - [26/Aug/2026:14:25:00 +0800] "GET /26150/wp-content/plugins/elementor-pro/assets/js/elements-handlers.min.js HTTP/1.1" 200 10882 "https://2blog.ilc.edu.tw/26150/2015/08/page/3/" "Mozilla/5.0 (X11; Linux x86_64) AppleWebKit/537.36 (KHTML, like Gecko) Chrome/146.0.0.0 Safari/537.36"
2001:b400:e252:c43c:98eb:22ff:febc:2f37 - - [26/Aug/2026:14:25:00 +0800] "GET /wp-content/uploads/sites/449/21820/21820-2616451.gif HTTP/1.1" 200 141008 "https://www.tces.ilc.edu.tw/category/c-59766/" "Mozilla/5.0 (X11; Linux x86_64) AppleWebKit/537.36 (KHTML, like Gecko) Chrome/151.0.0.0 Safari/537.36"
57.141.2.31 - - [26/Aug/2026:14:25:00 +0800] "GET /6569/author/kanner/ HTTP/1.1" 200 15648 "-" "Mozilla/5.0 (Macintosh; Intel Mac OS X 10_15_7) AppleWebKit/537.36 (KHTML, like Gecko) Chrome/145.0.0.0 Safari/537.36 (compatible; meta-externalagent/1.1 (+https://developers.facebook.com/docs/sharing/webmasters/crawler))"
2001:b400:e252:c43c:98eb:22ff:febc:2f37 - - [26/Aug/2026:14:24:59 +0800] "GET /wp-content/uploads/sites/449/21820/21820-3606001.jpg HTTP/1.1" 200 573252 "https://www.tces.ilc.edu.tw/category/c-59766/" "Mozilla/5.0 (X11; Linux x86_64) AppleWebKit/537.36 (KHTML, like Gecko) Chrome/151.0.0.0 Safari/537.36"
140.111.67.10 - - [26/Aug/2026:14:25:01 +0800] "GET /" 301 273 "-" "-"
143.20.253.187 - - [26/Aug/2026:14:25:01 +0800] "GET /26150/wp-content/themes/oceanwp/assets/fonts/simple-line-icons/Simple-Line-Icons.woff2?v=2.4.0 HTTP/1.1" 200 30959 "https://2blog.ilc.edu.tw/26150/wp-content/cache/2blog.ilc.edu.tw/wpfc-minified/kc6fgvop/5wols.css" "Mozilla/5.0 (X11; Linux x86_64) AppleWebKit/537.36 (KHTML, like Gecko) Chrome/146.0.0.0 Safari/537.36"
2001:288:a201::67:82 - - [26/Aug/2026:14:24:58 +0800] "POST /26150/category/c-11220/c-74098/page/1/?fsm_edd_37394=616e516ccf4581c30190490f9ae7717a HTTP/1.1" 200 13008 "-" "WordPress/6.6.7; https://2blog.ilc.edu.tw/26150"
143.20.253.187 - - [26/Aug/2026:14:25:01 +0800] "GET /26150/wp-content/plugins/elementor/assets/lib/eicons/fonts/eicons.woff2?5.30.0 HTTP/1.1" 200 98225 "https://2blog.ilc.edu.tw/26150/wp-content/cache/2blog.ilc.edu.tw/wpfc-minified/kc6fgvop/5wols.css" "Mozilla/5.0 (X11; Linux x86_64) AppleWebKit/537.36 (KHTML, like Gecko) Chrome/146.0.0.0 Safari/537.36"
140.111.67.195 - - [26/Aug/2026:14:25:01 +0800] "GET /wp-admin/admin-post.php?action=steps_ad HTTP/1.1" 200 1649 "-" "node-fetch/1.0 (+https://github.com/bitinn/node-fetch)"
143.20.253.187 - - [26/Aug/2026:14:25:01 +0800] "GET /26150/wp-content/plugins/elementor-pro/assets/js/nav-menu.e65811186e94a386ba7b.bundle.min.js HTTP/1.1" 200 2690 "https://2blog.ilc.edu.tw/26150/2015/08/page/3/" "Mozilla/5.0 (X11; Linux x86_64) AppleWebKit/537.36 (KHTML, like Gecko) Chrome/146.0.0.0 Safari/537.36"
2a03:2880:f802:6:: - - [26/Aug/2026:14:25:01 +0800] "GET /33938/2019/12/18/ HTTP/1.1" 200 14476 "-" "Mozilla/5.0 (Windows NT 10.0; Win64; x64) AppleWebKit/537.36 (KHTML, like Gecko) Chrome/145.0.0.0 Safari/537.36 (compatible; meta-externalagent/1.1 (+https://developers.facebook.com/docs/sharing/webmasters/crawler))"
75.101.203.230 - - [26/Aug/2026:14:25:01 +0800] "GET /2019/10/04/hello-world/ HTTP/1.1" 200 16781 "-" "python-httpx/0.28.1"
75.101.203.230 - - [26/Aug/2026:14:25:02 +0800] "GET /%e7%a0%94%e7%bf%92%e8%b3%87%e8%a8%8a/ HTTP/1.1" 200 20274 "-" "python-httpx/0.28.1"
75.101.203.230 - - [26/Aug/2026:14:25:01 +0800] "GET /2019/11/07/%e9%9b%b2%e7%ab%af%e7%a1%ac%e7%a2%9f/ HTTP/1.1" 200 18213 "-" "python-httpx/0.28.1"
100.29.63.24 - - [26/Aug/2026:14:25:02 +0800] "GET /schooolplant/wp-content/uploads/sites/3405/2021/10/IMAG5794-768x432.jpg HTTP/1.1" 200 92173 "-" "Mozilla/5.0 AppleWebKit/537.36 (KHTML, like Gecko; compatible; Amazonbot/0.1; +https://developer.amazon.com/support/amazonbot) Chrome/119.0.6045.214 Safari/537.36"
75.101.203.230 - - [26/Aug/2026:14:25:02 +0800] "GET /%e7%8d%8e%e5%8a%a9%e5%ad%b8%e9%87%91/ HTTP/1.1" 200 15547 "-" "python-httpx/0.28.1"
75.101.203.230 - - [26/Aug/2026:14:25:02 +0800] "GET /%e6%a0%a1%e5%8f%b2%e7%b0%a1%e4%bb%8b/ HTTP/1.1" 200 17979 "-" "python-httpx/0.28.1"
2a03:2880:f802:2b:: - - [26/Aug/2026:14:25:02 +0800] "GET /24441/author/551119/ HTTP/1.1" 200 15097 "-" "Mozilla/5.0 (Windows NT 10.0; Win64; x64) AppleWebKit/537.36 (KHTML, like Gecko) Chrome/145.0.0.0 Safari/537.36 (compatible; meta-externalagent/1.1 (+https://developers.facebook.com/docs/sharing/webmasters/crawler))"
75.101.203.230 - - [26/Aug/2026:14:25:02 +0800] "GET /%e8%a1%8c%e4%ba%8b%e6%9b%86/ HTTP/1.1" 200 15515 "-" "python-httpx/0.28.1"
143.20.253.187 - - [26/Aug/2026:14:25:02 +0800] "GET /26150/wp-content/uploads/sites/67/2020/02/cropped-%E4%B8%AD%E5%BF%83%E5%9C%96%E7%A4%BA%E5%8E%BB%E8%83%8C%E6%99%AF-32x32.png HTTP/1.1" 200 3366 "https://2blog.ilc.edu.tw/26150/2015/08/page/3/" "Mozilla/5.0 (X11; Linux x86_64) AppleWebKit/537.36 (KHTML, like Gecko) Chrome/146.0.0.0 Safari/537.36"
75.101.203.230 - - [26/Aug/2026:14:25:02 +0800] "GET /%e8%a8%ad%e5%82%99%e9%a0%90%e7%b4%84/ HTTP/1.1" 200 8237 "-" "python-httpx/0.28.1"
75.101.203.230 - - [26/Aug/2026:14:25:02 +0800] "GET /%e6%95%99%e5%8b%99%e8%99%95/ HTTP/1.1" 200 16231 "-" "python-httpx/0.28.1"
75.101.203.230 - - [26/Aug/2026:14:25:02 +0800] "GET /%e5%ad%b8%e5%8b%99%e8%99%95/ HTTP/1.1" 200 16696 "-" "python-httpx/0.28.1"
75.101.203.230 - - [26/Aug/2026:14:25:03 +0800] "GET /%e8%bc%94%e5%b0%8e%e5%ae%a4/ HTTP/1.1" 200 16180 "-" "python-httpx/0.28.1"
2001:288:a201::66:125 - - [26/Aug/2026:14:25:03 +0800] "GET /blog/active.php HTTP/1.1" 301 1026 "-" "-"
2001:288:a201::66:125 - - [26/Aug/2026:14:25:03 +0800] "GET /blog/active.php HTTP/1.1" 404 1084 "-" "-"
::1 - - [26/Aug/2026:14:25:03 +0800] "OPTIONS * HTTP/1.0" 200 110 "-" "Apache/2.4.68 (Ubuntu) OpenSSL/3.0.19 (internal dummy connection)"
2001:288:a000:192:250:56ff:feae:a27e - - [26/Aug/2026:14:25:03 +0800] "HEAD / HTTP/1.1" 200 5485 "-" "Mozilla/5.0 (compatible; phpservermon/3.5.2; +https://github.com/phpservermon/phpservermon)"
75.101.203.230 - - [26/Aug/2026:14:25:03 +0800] "GET /wp-login.php?redirect_to=https://www.dsjh.ilc.edu.tw/wp-admin&ilc_multi=Y&ilc_blog_id=1252 HTTP/1.1" 200 11070 "-" "python-httpx/0.28.1"
::1 - - [26/Aug/2026:14:25:04 +0800] "OPTIONS * HTTP/1.0" 200 110 "-" "Apache/2.4.68 (Ubuntu) OpenSSL/3.0.19 (internal dummy connection)"
140.111.67.195 - - [26/Aug/2026:14:25:04 +0800] "GET /wp-admin/admin-post.php?action=steps_ad HTTP/1.1" 200 1649 "-" "node-fetch/1.0 (+https://github.com/bitinn/node-fetch)"
2a03:2880:f802:42:: - - [26/Aug/2026:14:25:01 +0800] "GET /26150/category/c-11220/c-74098/ HTTP/1.1" 200 24135 "-" "Mozilla/5.0 (Windows NT 10.0; Win64; x64) AppleWebKit/537.36 (KHTML, like Gecko) Chrome/145.0.0.0 Safari/537.36 (compatible; meta-externalagent/1.1 (+https://developers.facebook.com/docs/sharing/webmasters/crawler))"
140.111.67.195 - - [26/Aug/2026:14:25:04 +0800] "GET /wp-admin/admin-post.php?action=steps_ad HTTP/1.1" 200 1649 "-" "node-fetch/1.0 (+https://github.com/bitinn/node-fetch)"
34.171.68.95 - - [26/Aug/2026:14:25:05 +0800] "GET /2019/10/07/%E8%B3%80-%E6%9E%97%E5%BF%97%E6%98%8E%E5%85%88%E7%94%9F%E7%95%B6%E9%81%B8%E6%9C%AC%E6%A0%A1%E5%AD%B8%E7%94%9F%E5%AE%B6%E9%95%B7%E6%9C%83%E6%9C%83%E9%95%B7-2/ HTTP/1.1" 200 29299 "-" "Mozilla/5.0 (Macintosh; Intel Mac OS X 10_15_7) AppleWebKit/537.36 (KHTML, like Gecko) Chrome/120.0.0.0 Safari/537.36"
20.125.101.194 - - [26/Aug/2026:14:25:05 +0800] "GET /25222/wp-content/uploads/sites/79/2021/01/3-%E9%AB%98%E7%B4%9A%E4%B8%AD%E7%AD%89%E6%95%99%E8%82%B2%E9%9A%8E%E6%AE%B5%E5%AD%B8%E7%94%9F%E5%AD%B8%E7%BF%92%E6%AD%B7%E7%A8%8B%E6%AA%94%E6%A1%88%E7%9A%84%E6%AA%94%E6%A1%88%E6%A0%BC%E5%BC%8F%E8%A6%8F%E6%A0%BC.pdf HTTP/1.1" 200 131265 "-" "Mozilla/5.0 (compatible; MSR-Financial-PDF-Scorer/1.0)"
140.111.67.10 - - [26/Aug/2026:14:25:05 +0800] "GET /" 301 273 "-" "-"
::1 - - [26/Aug/2026:14:25:05 +0800] "OPTIONS * HTTP/1.0" 200 110 "-" "Apache/2.4.68 (Ubuntu) OpenSSL/3.0.19 (internal dummy connection)"
34.171.68.95 - - [26/Aug/2026:14:25:05 +0800] "GET /6572/category/%E7%92%B0%E5%A2%83%E7%AE%A1%E7%90%86%E5%8F%8A%E9%85%8D%E5%90%88%E6%8E%AA%E6%96%BD/c-22660/page/13/ HTTP/1.1" 200 16003 "-" "Mozilla/5.0 (Macintosh; Intel Mac OS X 10_15_7) AppleWebKit/537.36 (KHTML, like Gecko) Chrome/120.0.0.0 Safari/537.36"
::1 - - [26/Aug/2026:14:25:06 +0800] "OPTIONS * HTTP/1.0" 200 110 "-" "Apache/2.4.68 (Ubuntu) OpenSSL/3.0.19 (internal dummy connection)"
127.0.0.1 - - [26/Aug/2026:14:25:06 +0800] "GET / HTTP/1.1" 301 977 "-" "curl/7.81.0"
127.0.0.1 - - [26/Aug/2026:14:25:06 +0800] "GET / HTTP/1.1" 302 5497 "-" "curl/7.81.0"
127.0.0.1 - - [26/Aug/2026:14:25:06 +0800] "HEAD / HTTP/1.1" 302 5478 "-" "curl/7.81.0"
57.141.14.82 - - [26/Aug/2026:14:25:06 +0800] "GET /6553/category/%E7%92%B0%E5%A2%83%E7%AE%A1%E7%90%86%E5%8F%8A%E9%85%8D%E5%90%88%E6%8E%AA%E6%96%BD/c-22706/page/1/ HTTP/1.1" 301 5854 "-" "Mozilla/5.0 (Windows NT 10.0; Win64; x64) AppleWebKit/537.36 (KHTML, like Gecko) Chrome/145.0.0.0 Safari/537.36 (compatible; meta-externalagent/1.1 (+https://developers.facebook.com/docs/sharing/webmasters/crawler))"
::1 - - [26/Aug/2026:14:25:07 +0800] "OPTIONS * HTTP/1.0" 200 110 "-" "Apache/2.4.68 (Ubuntu) OpenSSL/3.0.19 (internal dummy connection)"
2001:288:a201::66:125 - - [26/Aug/2026:14:25:08 +0800] "GET /blog/active.php HTTP/1.1" 301 1026 "-" "-"
2001:288:a201::66:125 - - [26/Aug/2026:14:25:08 +0800] "GET /blog/active.php HTTP/1.1" 404 1084 "-" "-"
140.111.67.195 - - [26/Aug/2026:14:25:08 +0800] "GET /wp-admin/admin-post.php?action=steps_ad HTTP/1.1" 200 1649 "-" "node-fetch/1.0 (+https://github.com/bitinn/node-fetch)"
::1 - - [26/Aug/2026:14:25:08 +0800] "OPTIONS * HTTP/1.0" 200 110 "-" "Apache/2.4.68 (Ubuntu) OpenSSL/3.0.19 (internal dummy connection)"
100.24.149.244 - - [26/Aug/2026:14:25:09 +0800] "GET /332test/wp-content/uploads/sites/3511/2022/06/%E5%BB%BA%E7%AB%8B%E6%99%AF%E9%BB%9E007-1024x618.jpg HTTP/1.1" 200 30409 "-" "Mozilla/5.0 AppleWebKit/537.36 (KHTML, like Gecko; compatible; Amazonbot/0.1; +https://developer.amazon.com/support/amazonbot) Chrome/119.0.6045.214 Safari/537.36"
2a03:2880:f802:31:: - - [26/Aug/2026:14:25:09 +0800] "GET /6553/category/%E7%92%B0%E5%A2%83%E7%AE%A1%E7%90%86%E5%8F%8A%E9%85%8D%E5%90%88%E6%8E%AA%E6%96%BD/c-22706/ HTTP/1.1" 200 16005 "-" "Mozilla/5.0 (Windows NT 10.0; Win64; x64) AppleWebKit/537.36 (KHTML, like Gecko) Chrome/145.0.0.0 Safari/537.36 (compatible; meta-externalagent/1.1 (+https://developers.facebook.com/docs/sharing/webmasters/crawler))"
35.153.207.36 - - [26/Aug/2026:14:25:09 +0800] "GET /robots.txt HTTP/1.1" 200 5546 "-" "Mozilla/5.0 (compatible; getdomaindata/1.0; +https://getdomaindata.com/bot)"
::1 - - [26/Aug/2026:14:25:09 +0800] "OPTIONS * HTTP/1.0" 200 110 "-" "Apache/2.4.68 (Ubuntu) OpenSSL/3.0.19 (internal dummy connection)"
34.171.68.95 - - [26/Aug/2026:14:25:09 +0800] "GET /wp-content/uploads/sites/2640/6569/20131201121823.files/oledata.mso HTTP/1.1" 500 6077 "-" "Mozilla/5.0 (Macintosh; Intel Mac OS X 10_15_7) AppleWebKit/537.36 (KHTML, like Gecko) Chrome/120.0.0.0 Safari/537.36"
35.153.207.36 - - [26/Aug/2026:14:25:09 +0800] "GET / HTTP/1.1" 200 16338 "-" "Mozilla/5.0 (compatible; getdomaindata/1.0; +https://getdomaindata.com/bot)"
140.111.67.10 - - [26/Aug/2026:14:25:10 +0800] "GET /" 301 273 "-" "-"
::1 - - [26/Aug/2026:14:25:10 +0800] "OPTIONS * HTTP/1.0" 200 110 "-" "Apache/2.4.68 (Ubuntu) OpenSSL/3.0.19 (internal dummy connection)"
210.69.149.252 - - [26/Aug/2026:14:25:10 +0800] "-" 408 4791 "-" "-"
140.111.67.195 - - [26/Aug/2026:14:25:11 +0800] "GET /wp-admin/admin-post.php?action=steps_ad HTTP/1.1" 200 1649 "-" "node-fetch/1.0 (+https://github.com/bitinn/node-fetch)"
::1 - - [26/Aug/2026:14:25:11 +0800] "OPTIONS * HTTP/1.0" 200 110 "-" "Apache/2.4.68 (Ubuntu) OpenSSL/3.0.19 (internal dummy connection)"
::1 - - [26/Aug/2026:14:25:12 +0800] "OPTIONS * HTTP/1.0" 200 110 "-" "Apache/2.4.68 (Ubuntu) OpenSSL/3.0.19 (internal dummy connection)"
140.111.67.195 - - [26/Aug/2026:14:25:12 +0800] "GET /wp-admin/admin-post.php?action=steps_ad HTTP/1.1" 200 1649 "-" "node-fetch/1.0 (+https://github.com/bitinn/node-fetch)"
2001:288:a201::66:125 - - [26/Aug/2026:14:25:13 +0800] "GET /blog/active.php HTTP/1.1" 301 1026 "-" "-"
2001:288:a201::66:125 - - [26/Aug/2026:14:25:13 +0800] "GET /blog/active.php HTTP/1.1" 404 1084 "-" "-"
::1 - - [26/Aug/2026:14:25:13 +0800] "OPTIONS * HTTP/1.0" 200 110 "-" "Apache/2.4.68 (Ubuntu) OpenSSL/3.0.19 (internal dummy connection)"
40.77.167.18 - - [26/Aug/2026:14:25:14 +0800] "GET /blog/blog/20594/post/52914/272212 HTTP/1.1" 301 1043 "-" "Mozilla/5.0 AppleWebKit/537.36 (KHTML, like Gecko; compatible; bingbot/2.0; +http://www.bing.com/bingbot.htm) Chrome/116.0.1938.76 Safari/537.36"
140.111.67.195 - - [26/Aug/2026:14:25:14 +0800] "GET /wp-admin/admin-post.php?action=steps_ad HTTP/1.1" 200 1649 "-" "node-fetch/1.0 (+https://github.com/bitinn/node-fetch)"
18.214.124.6 - - [26/Aug/2026:14:25:14 +0800] "GET /32745/?p=95375 HTTP/1.1" 301 5776 "-" "Mozilla/5.0 AppleWebKit/537.36 (KHTML, like Gecko; compatible; Amazonbot/0.1; +https://developer.amazon.com/support/amazonbot) Chrome/119.0.6045.214 Safari/537.36"
40.77.167.18 - - [26/Aug/2026:14:25:14 +0800] "GET /blog/blog/4950/post/19409/272160 HTTP/1.1" 301 1041 "-" "Mozilla/5.0 AppleWebKit/537.36 (KHTML, like Gecko; compatible; bingbot/2.0; +http://www.bing.com/bingbot.htm) Chrome/116.0.1938.76 Safari/537.36"
::1 - - [26/Aug/2026:14:25:14 +0800] "OPTIONS * HTTP/1.0" 200 110 "-" "Apache/2.4.68 (Ubuntu) OpenSSL/3.0.19 (internal dummy connection)"
40.77.167.18 - - [26/Aug/2026:14:25:14 +0800] "GET /blog/blog/2341/post/6536/270498 HTTP/1.1" 301 1039 "-" "Mozilla/5.0 AppleWebKit/537.36 (KHTML, like Gecko; compatible; bingbot/2.0; +http://www.bing.com/bingbot.htm) Chrome/116.0.1938.76 Safari/537.36"
40.77.167.18 - - [26/Aug/2026:14:25:14 +0800] "GET /blog/blog/699/post/2445/272464 HTTP/1.1" 301 1037 "-" "Mozilla/5.0 AppleWebKit/537.36 (KHTML, like Gecko; compatible; bingbot/2.0; +http://www.bing.com/bingbot.htm) Chrome/116.0.1938.76 Safari/537.36"
2401:e180:8d83:79bf:6dfc:6c33:6ae0:199f - - [26/Aug/2026:14:25:14 +0800] "GET / HTTP/1.1" 200 29814 "https://www.google.com/" "Mozilla/5.0 (Linux; Android 10; K) AppleWebKit/537.36 (KHTML, like Gecko) Chrome/151.0.0.0 Mobile Safari/537.36"
2401:e180:8d83:79bf:6dfc:6c33:6ae0:199f - - [26/Aug/2026:14:25:14 +0800] "GET /wp-content/uploads/sites/2666/elementor/css/post-103.css HTTP/1.1" 200 1004 "https://www.fsjh.ilc.edu.tw/" "Mozilla/5.0 (Linux; Android 10; K) AppleWebKit/537.36 (KHTML, like Gecko) Chrome/151.0.0.0 Mobile Safari/537.36"
2a03:2880:f802:3f:: - - [26/Aug/2026:14:25:14 +0800] "GET /27417/2022/03/14/ HTTP/1.1" 200 15973 "-" "Mozilla/5.0 (X11; Linux x86_64) AppleWebKit/537.36 (KHTML, like Gecko) Chrome/145.0.0.0 Safari/537.36 (compatible; meta-externalagent/1.1 (+https://developers.facebook.com/docs/sharing/webmasters/crawler))"
2401:e180:8d83:79bf:6dfc:6c33:6ae0:199f - - [26/Aug/2026:14:25:15 +0800] "GET /wp-content/plugins/elementor-pro/assets/js/webpack-pro.runtime.min.js HTTP/1.1" 200 3562 "https://www.fsjh.ilc.edu.tw/" "Mozilla/5.0 (Linux; Android 10; K) AppleWebKit/537.36 (KHTML, like Gecko) Chrome/151.0.0.0 Mobile Safari/537.36"
2401:e180:8d83:79bf:6dfc:6c33:6ae0:199f - - [26/Aug/2026:14:25:15 +0800] "GET /wp-content/plugins/elementor/assets/js/webpack.runtime.min.js HTTP/1.1" 200 7896 "https://www.fsjh.ilc.edu.tw/" "Mozilla/5.0 (Linux; Android 10; K) AppleWebKit/537.36 (KHTML, like Gecko) Chrome/151.0.0.0 Mobile Safari/537.36"
2401:e180:8d83:79bf:6dfc:6c33:6ae0:199f - - [26/Aug/2026:14:25:15 +0800] "GET /wp-includes/js/dist/hooks.min.js HTTP/1.1" 200 2421 "https://www.fsjh.ilc.edu.tw/" "Mozilla/5.0 (Linux; Android 10; K) AppleWebKit/537.36 (KHTML, like Gecko) Chrome/151.0.0.0 Mobile Safari/537.36"
2401:e180:8d83:79bf:6dfc:6c33:6ae0:199f - - [26/Aug/2026:14:25:15 +0800] "GET /wp-content/plugins/elementor/assets/js/frontend-modules.min.js HTTP/1.1" 200 19416 "https://www.fsjh.ilc.edu.tw/" "Mozilla/5.0 (Linux; Android 10; K) AppleWebKit/537.36 (KHTML, like Gecko) Chrome/151.0.0.0 Mobile Safari/537.36"
2401:e180:8d83:79bf:6dfc:6c33:6ae0:199f - - [26/Aug/2026:14:25:15 +0800] "GET /wp-includes/js/dist/i18n.min.js HTTP/1.1" 200 4886 "https://www.fsjh.ilc.edu.tw/" "Mozilla/5.0 (Linux; Android 10; K) AppleWebKit/537.36 (KHTML, like Gecko) Chrome/151.0.0.0 Mobile Safari/537.36"
2a03:2880:f802:2a:: - - [26/Aug/2026:14:25:15 +0800] "GET /6537/2020/10/20/109_%e4%ba%8c%e3%80%812-3%e7%b5%90%e5%90%88%e7%a4%be%e5%8d%80%e8%b3%87%e6%ba%90%e8%be%a6%e7%90%86%e7%92%b0%e6%95%99%e6%b4%bb%e5%8b%95-%e9%be%8d%e6%bd%ad%e6%b9%96%e7%9a%84%e7%94%9f%e7%89%a9%e5%ae%b6/ HTTP/1.1" 200 16123 "-" "Mozilla/5.0 (Windows NT 10.0; Win64; x64) AppleWebKit/537.36 (KHTML, like Gecko) Chrome/145.0.0.0 Safari/537.36 (compatible; meta-externalagent/1.1 (+https://developers.facebook.com/docs/sharing/webmasters/crawler))"
2401:e180:8d83:79bf:6dfc:6c33:6ae0:199f - - [26/Aug/2026:14:25:15 +0800] "GET /wp-content/plugins/elementor-pro/assets/js/frontend.min.js HTTP/1.1" 200 7913 "https://www.fsjh.ilc.edu.tw/" "Mozilla/5.0 (Linux; Android 10; K) AppleWebKit/537.36 (KHTML, like Gecko) Chrome/151.0.0.0 Mobile Safari/537.36"
2401:e180:8d83:79bf:6dfc:6c33:6ae0:199f - - [26/Aug/2026:14:25:15 +0800] "GET /wp-content/plugins/elementor/assets/lib/waypoints/waypoints.min.js HTTP/1.1" 200 8674 "https://www.fsjh.ilc.edu.tw/" "Mozilla/5.0 (Linux; Android 10; K) AppleWebKit/537.36 (KHTML, like Gecko) Chrome/151.0.0.0 Mobile Safari/537.36"
2401:e180:8d83:79bf:6dfc:6c33:6ae0:199f - - [26/Aug/2026:14:25:15 +0800] "GET /wp-includes/js/jquery/ui/core.min.js HTTP/1.1" 200 7986 "https://www.fsjh.ilc.edu.tw/" "Mozilla/5.0 (Linux; Android 10; K) AppleWebKit/537.36 (KHTML, like Gecko) Chrome/151.0.0.0 Mobile Safari/537.36"
2401:e180:8d83:79bf:6dfc:6c33:6ae0:199f - - [26/Aug/2026:14:25:15 +0800] "GET /wp-content/plugins/elementor/assets/js/frontend.min.js HTTP/1.1" 200 17970 "https://www.fsjh.ilc.edu.tw/" "Mozilla/5.0 (Linux; Android 10; K) AppleWebKit/537.36 (KHTML, like Gecko) Chrome/151.0.0.0 Mobile Safari/537.36"
2401:e180:8d83:79bf:6dfc:6c33:6ae0:199f - - [26/Aug/2026:14:25:15 +0800] "GET /wp-content/plugins/elementor-pro/assets/js/elements-handlers.min.js HTTP/1.1" 200 10882 "https://www.fsjh.ilc.edu.tw/" "Mozilla/5.0 (Linux; Android 10; K) AppleWebKit/537.36 (KHTML, like Gecko) Chrome/151.0.0.0 Mobile Safari/537.36"
140.111.67.10 - - [26/Aug/2026:14:25:15 +0800] "GET /" 301 273 "-" "-"
::1 - - [26/Aug/2026:14:25:15 +0800] "OPTIONS * HTTP/1.0" 200 110 "-" "Apache/2.4.68 (Ubuntu) OpenSSL/3.0.19 (internal dummy connection)"
34.10.180.98 - - [26/Aug/2026:14:25:15 +0800] "GET /cramschool/wp-json/wp/v2/posts/288 HTTP/1.1" 200 10336 "-" "Mozilla/5.0 (Macintosh; Intel Mac OS X 10_15_7) AppleWebKit/537.36 (KHTML, like Gecko) Chrome/120.0.0.0 Safari/537.36"
3.215.221.125 - - [26/Aug/2026:14:25:15 +0800] "GET /amy6998/wp-content/uploads/sites/2364/2023/04/IMG_7474-1024x769.jpg HTTP/1.1" 200 247415 "-" "Mozilla/5.0 AppleWebKit/537.36 (KHTML, like Gecko; compatible; Amazonbot/0.1; +https://developer.amazon.com/support/amazonbot) Chrome/119.0.6045.214 Safari/537.36"
2a03:2880:f802:32:: - - [26/Aug/2026:14:25:15 +0800] "GET /hsies401/category/%e6%a0%a1%e5%85%a7%e9%81%8b%e5%8b%95%e6%80%a7%e6%b4%bb%e5%8b%95/ HTTP/1.1" 200 14387 "-" "Mozilla/5.0 (Windows NT 10.0; Win64; x64) AppleWebKit/537.36 (KHTML, like Gecko) Chrome/145.0.0.0 Safari/537.36 (compatible; meta-externalagent/1.1 (+https://developers.facebook.com/docs/sharing/webmasters/crawler))"
::1 - - [26/Aug/2026:14:25:16 +0800] "OPTIONS * HTTP/1.0" 200 110 "-" "Apache/2.4.68 (Ubuntu) OpenSSL/3.0.19 (internal dummy connection)"
23.168.24.17 - - [26/Aug/2026:14:25:12 +0800] "GET / HTTP/1.1" 200 146473 "-" "Mozilla/5.0 (Windows NT 10.0; Win64; x64; rv:148.0) Gecko/20100101 Firefox/148.0"
54.84.147.79 - - [26/Aug/2026:14:25:15 +0800] "GET /32745/2023/10/29/%E5%A4%A9%E7%87%88%E5%AA%BD/ HTTP/1.1" 200 91963 "-" "Mozilla/5.0 AppleWebKit/537.36 (KHTML, like Gecko; compatible; Amazonbot/0.1; +https://developer.amazon.com/support/amazonbot) Chrome/119.0.6045.214 Safari/537.36"
2a03:2880:f802:17:: - - [26/Aug/2026:14:25:15 +0800] "GET /32745/category/%e6%bd%98%e9%b3%b4%e8%bc%9d/ HTTP/1.1" 200 90531 "-" "Mozilla/5.0 (Windows NT 10.0; Win64; x64) AppleWebKit/537.36 (KHTML, like Gecko) Chrome/145.0.0.0 Safari/537.36 (compatible; meta-externalagent/1.1 (+https://developers.facebook.com/docs/sharing/webmasters/crawler))"
::1 - - [26/Aug/2026:14:25:17 +0800] "OPTIONS * HTTP/1.0" 200 110 "-" "Apache/2.4.68 (Ubuntu) OpenSSL/3.0.19 (internal dummy connection)"
2001:4860:7:810::ff - - [26/Aug/2026:14:25:17 +0800] "GET /1003/2020/09/16/%E5%B0%8F%E4%B8%80%E5%81%A5%E5%BA%B7%E8%AA%B2%E4%BD%A0%E6%9C%83%E4%B8%8A%E5%AD%B8%E6%A0%A1%E7%9A%84%E5%BB%81%E6%89%80%E5%97%8E%EF%BC%9F/ HTTP/1.1" 200 20460 "https://www.google.com/" "Mozilla/5.0 (Windows NT 10.0; Win64; x64) AppleWebKit/537.36 (KHTML, like Gecko) Chrome/151.0.0.0 Safari/537.36"
2001:288:a201::66:125 - - [26/Aug/2026:14:25:18 +0800] "GET /blog/active.php HTTP/1.1" 301 1026 "-" "-"
2001:288:a201::66:125 - - [26/Aug/2026:14:25:18 +0800] "GET /blog/active.php HTTP/1.1" 404 1084 "-" "-"
54.225.81.20 - - [26/Aug/2026:14:25:18 +0800] "GET /amy6998/?p=31650 HTTP/1.1" 301 5820 "-" "Mozilla/5.0 AppleWebKit/537.36 (KHTML, like Gecko; compatible; Amazonbot/0.1; +https://developer.amazon.com/support/amazonbot) Chrome/119.0.6045.214 Safari/537.36"
66.249.71.1 - - [26/Aug/2026:14:25:15 +0800] "GET /wp-login.php?action=ilc_logout&_wpnonce=43754d0aad&redirect_to=//uristnews.ru/job/49920/ HTTP/1.1" 302 8239 "-" "Mozilla/5.0 (compatible; Googlebot/2.1; +http://www.google.com/bot.html)"
66.249.79.128 - - [26/Aug/2026:14:25:15 +0800] "GET /wp-login.php?action=ilc_logout&_wpnonce=43754d0aad&redirect_to=http://bitorg-oil.ru/gallery/38602/ HTTP/1.1" 302 8249 "-" "Mozilla/5.0 (compatible; Googlebot/2.1; +http://www.google.com/bot.html)"
52.167.144.220 - - [26/Aug/2026:14:25:19 +0800] "GET /blog/blog/2282/post/6482/272960 HTTP/1.1" 301 1039 "-" "Mozilla/5.0 AppleWebKit/537.36 (KHTML, like Gecko; compatible; bingbot/2.0; +http://www.bing.com/bingbot.htm) Chrome/116.0.1938.76 Safari/537.36"
52.167.144.220 - - [26/Aug/2026:14:25:19 +0800] "GET /blog/blog/16935/post/41362/271650 HTTP/1.1" 301 1043 "-" "Mozilla/5.0 AppleWebKit/537.36 (KHTML, like Gecko; compatible; bingbot/2.0; +http://www.bing.com/bingbot.htm) Chrome/116.0.1938.76 Safari/537.36"
140.111.83.38 - - [26/Aug/2026:14:25:19 +0800] "-" 408 4809 "-" "-"
140.111.83.38 - - [26/Aug/2026:14:25:19 +0800] "-" 408 4809 "-" "-"
52.167.144.220 - - [26/Aug/2026:14:25:19 +0800] "GET /blog/blog/2117/post/49148/271449 HTTP/1.1" 301 1041 "-" "Mozilla/5.0 AppleWebKit/537.36 (KHTML, like Gecko; compatible; bingbot/2.0; +http://www.bing.com/bingbot.htm) Chrome/116.0.1938.76 Safari/537.36"
66.249.79.138 - - [26/Aug/2026:14:25:16 +0800] "GET /wp-login.php?action=ilc_logout&_wpnonce=43754d0aad&redirect_to=//bitorg-oil.ru/job/64544/ HTTP/1.1" 302 8240 "-" "Mozilla/5.0 (compatible; Googlebot/2.1; +http://www.google.com/bot.html)"
66.249.79.163 - - [26/Aug/2026:14:25:19 +0800] "GET /24/category/%E5%AD%B8%E7%BF%92%E8%A1%A8%E7%8F%BE-student-performance/page/6/ HTTP/1.1" 200 53747 "-" "Mozilla/5.0 (Linux; Android 6.0.1; Nexus 5X Build/MMB29P) AppleWebKit/537.36 (KHTML, like Gecko) Chrome/151.0.7922.173 Mobile Safari/537.36 (compatible; Googlebot/2.1; +http://www.google.com/bot.html)"
44.193.115.232 - - [26/Aug/2026:14:25:19 +0800] "GET /332test/wp-content/uploads/sites/3511/2022/06/%E5%BB%BA%E7%AB%8B%E6%99%AF%E9%BB%9E015-1024x772.jpg HTTP/1.1" 200 133595 "-" "Mozilla/5.0 AppleWebKit/537.36 (KHTML, like Gecko; compatible; Amazonbot/0.1; +https://developer.amazon.com/support/amazonbot) Chrome/119.0.6045.214 Safari/537.36"
44.212.232.231 - - [26/Aug/2026:14:25:19 +0800] "GET /amy6998/2026/01/28/115%E5%B9%B41%E6%9C%8815%E6%97%A5%E7%BE%8E%E9%BA%97%E7%9A%84%E8%8A%B1/ HTTP/1.1" 200 17635 "-" "Mozilla/5.0 AppleWebKit/537.36 (KHTML, like Gecko; compatible; Amazonbot/0.1; +https://developer.amazon.com/support/amazonbot) Chrome/119.0.6045.214 Safari/537.36"
52.167.144.220 - - [26/Aug/2026:14:25:19 +0800] "GET /blog/blog/6021/post/19927/272847 HTTP/1.1" 301 1041 "-" "Mozilla/5.0 AppleWebKit/537.36 (KHTML, like Gecko; compatible; bingbot/2.0; +http://www.bing.com/bingbot.htm) Chrome/116.0.1938.76 Safari/537.36"
66.249.79.226 - - [26/Aug/2026:14:25:19 +0800] "POST /wp-json/ilc-summary/v1/popular-posts HTTP/1.1" 201 6185 "https://www.ytes.ilc.edu.tw/2017/01/19/%E5%9C%8B%E5%AE%B6%E6%95%99%E8%82%B2%E7%A0%94%E7%A9%B6%E9%99%A2105%E5%B9%B4%E5%BA%A6%E6%95%99%E5%AD%B8%E5%BD%B1%E7%89%87%E6%8E%9B%E8%BC%89%E6%96%BC%E6%84%9B%E5%AD%B8%E7%B6%B2%EF%BC%8C%E9%BC%93/" "Mozilla/5.0 (Linux; Android 6.0.1; Nexus 5X Build/MMB29P) AppleWebKit/537.36 (KHTML, like Gecko) Chrome/151.0.7922.173 Mobile Safari/537.36 (compatible; Googlebot/2.1; +http://www.google.com/bot.html)"
2a03:2880:f802:17:: - - [26/Aug/2026:14:25:19 +0800] "GET /nanaobaby/2025/05/ HTTP/1.1" 200 13859 "-" "Mozilla/5.0 (Windows NT 10.0; Win64; x64) AppleWebKit/537.36 (KHTML, like Gecko) Chrome/145.0.0.0 Safari/537.36 (compatible; meta-externalagent/1.1 (+https://developers.facebook.com/docs/sharing/webmasters/crawler))"
66.249.71.37 - - [26/Aug/2026:14:25:20 +0800] "GET /wp-content/uploads/sites/2557/6574/6574-563351.doc HTTP/1.1" 200 133921 "-" "Mozilla/5.0 (Linux; Android 6.0.1; Nexus 5X Build/MMB29P) AppleWebKit/537.36 (KHTML, like Gecko) Chrome/151.0.7922.173 Mobile Safari/537.36 (compatible; Googlebot/2.1; +http://www.google.com/bot.html)"
34.225.24.180 - - [26/Aug/2026:14:25:19 +0800] "GET /wp-content/uploads/sites/1781/35720/previews-med/ HTTP/1.1" 200 1212 "-" "Mozilla/5.0 AppleWebKit/537.36 (KHTML, like Gecko; compatible; Amazonbot/0.1; +https://developer.amazon.com/support/amazonbot) Chrome/119.0.6045.214 Safari/537.36"
140.111.67.10 - - [26/Aug/2026:14:25:20 +0800] "GET /" 301 273 "-" "-"
52.167.144.220 - - [26/Aug/2026:14:25:20 +0800] "GET /blog/blog/4684/post/52819/271586 HTTP/1.1" 301 1041 "-" "Mozilla/5.0 AppleWebKit/537.36 (KHTML, like Gecko; compatible; bingbot/2.0; +http://www.bing.com/bingbot.htm) Chrome/116.0.1938.76 Safari/537.36"
52.167.144.220 - - [26/Aug/2026:14:25:20 +0800] "GET /blog/blog/20255/post/51183/272423 HTTP/1.1" 301 1043 "-" "Mozilla/5.0 AppleWebKit/537.36 (KHTML, like Gecko; compatible; bingbot/2.0; +http://www.bing.com/bingbot.htm) Chrome/116.0.1938.76 Safari/537.36"
57.141.2.41 - - [26/Aug/2026:14:25:20 +0800] "GET /6426/2013/11/26/1-4%e7%99%bb%e9%8c%84%e6%95%99%e8%82%b2%e9%83%a8%e7%b6%a0%e8%89%b2%e5%ad%b8%e6%a0%a1%e4%bc%99%e4%bc%b4%e6%9c%89%e6%8f%90%e5%a0%b1%e6%95%b8/title=\"\xe6\x95\x99\xe5\xad\xb8\xe8\x88\x87\xe5\xae\xa3\xe5\xb0\x8e\xe6\xb4\xbb\xe5\x8b\x95\" HTTP/1.1" 301 6067 "-" "Mozilla/5.0 (Windows NT 10.0; Win64; x64) AppleWebKit/537.36 (KHTML, like Gecko) Chrome/145.0.0.0 Safari/537.36 (compatible; meta-externalagent/1.1 (+https://developers.facebook.com/docs/sharing/webmasters/crawler))"
54.167.32.123 - - [26/Aug/2026:14:25:20 +0800] "GET /332test/wp-content/uploads/sites/3511/2022/06/%E5%BB%BA%E7%AB%8B%E6%99%AF%E9%BB%9E005.jpg HTTP/1.1" 200 16604 "-" "Mozilla/5.0 AppleWebKit/537.36 (KHTML, like Gecko; compatible; Amazonbot/0.1; +https://developer.amazon.com/support/amazonbot) Chrome/119.0.6045.214 Safari/537.36"
52.167.144.220 - - [26/Aug/2026:14:25:21 +0800] "GET /blog/blog/16833/post/40838/272793 HTTP/1.1" 301 1043 "-" "Mozilla/5.0 AppleWebKit/537.36 (KHTML, like Gecko; compatible; bingbot/2.0; +http://www.bing.com/bingbot.htm) Chrome/116.0.1938.76 Safari/537.36"
66.249.79.163 - - [26/Aug/2026:14:25:21 +0800] "GET /1003/wp-content/uploads/sites/233/2019/11/%E6%8A%95%E5%BD%B1%E7%89%8712-300x225.jpg HTTP/1.1" 304 790 "-" "Googlebot-Image/1.0"
::1 - - [26/Aug/2026:14:25:22 +0800] "OPTIONS * HTTP/1.0" 200 110 "-" "Apache/2.4.68 (Ubuntu) OpenSSL/3.0.19 (internal dummy connection)"
2001:288:a201::66:125 - - [26/Aug/2026:14:25:23 +0800] "GET /blog/active.php HTTP/1.1" 301 1026 "-" "-"
2001:288:a201::66:125 - - [26/Aug/2026:14:25:23 +0800] "GET /blog/active.php HTTP/1.1" 404 1084 "-" "-"
66.249.71.9 - - [26/Aug/2026:14:25:19 +0800] "GET /wp-login.php?key=ejylf381&_wpnonce=&action=ilc_logout&redirect_to=https%3A%2F%2Fplay.google.com%2Fstore%2Fapps%2Fdetails%3Fid%3Dcom.us.dyjycbt.google HTTP/1.1" 302 8281 "-" "Mozilla/5.0 (Linux; Android 6.0.1; Nexus 5X Build/MMB29P) AppleWebKit/537.36 (KHTML, like Gecko) Chrome/151.0.7922.173 Mobile Safari/537.36 (compatible; Googlebot/2.1; +http://www.google.com/bot.html)"
::1 - - [26/Aug/2026:14:25:23 +0800] "OPTIONS * HTTP/1.0" 200 110 "-" "Apache/2.4.68 (Ubuntu) OpenSSL/3.0.19 (internal dummy connection)"
66.249.79.163 - - [26/Aug/2026:14:25:19 +0800] "GET /technology/2010/08/16/ HTTP/1.1" 200 19923 "-" "Mozilla/5.0 (Linux; Android 6.0.1; Nexus 5X Build/MMB29P) AppleWebKit/537.36 (KHTML, like Gecko) Chrome/151.0.7922.173 Mobile Safari/537.36 (compatible; Googlebot/2.1; +http://www.google.com/bot.html)"
128.241.98.61 - - [26/Aug/2026:14:25:24 +0800] "GET /6483/wp-content/cache/2blog.ilc.edu.tw/wpfc-minified/76vqzzz4/2f0jv.js HTTP/1.1" 200 6437 "https://2blog.ilc.edu.tw/6483/2012/05/15/%e8%a6%aa%e8%81%b7%e8%ac%9b%e5%ba%a7%e7%b3%bb%e5%88%97%e6%b4%bb%e5%8b%95-2/" "Mozilla/5.0 (Linux; Android 15; Pixel 9) AppleWebKit/537.36 (KHTML, like Gecko) Chrome/151.0.0.0 Mobile Safari/537.36"
128.241.98.61 - - [26/Aug/2026:14:25:24 +0800] "GET /6483/wp-includes/js/admin-bar.min.js HTTP/1.1" 200 2237 "https://2blog.ilc.edu.tw/6483/2012/05/15/%e8%a6%aa%e8%81%b7%e8%ac%9b%e5%ba%a7%e7%b3%bb%e5%88%97%e6%b4%bb%e5%8b%95-2/" "Mozilla/5.0 (Linux; Android 15; Pixel 9) AppleWebKit/537.36 (KHTML, like Gecko) Chrome/151.0.0.0 Mobile Safari/537.36"
::1 - - [26/Aug/2026:14:25:24 +0800] "OPTIONS * HTTP/1.0" 200 110 "-" "Apache/2.4.68 (Ubuntu) OpenSSL/3.0.19 (internal dummy connection)"
2001:288:a219:1:6629:213e:6f06:39eb - - [26/Aug/2026:14:25:24 +0800] "GET /wp-content/uploads/sites/50/2025/04/cropped-KS-logo-new.png HTTP/1.1" 200 17934 "https://www.ksjh.ilc.edu.tw/" "Mozilla/5.0 (X11; CrOS x86_64 14541.0.0) AppleWebKit/537.36 (KHTML, like Gecko) Chrome/149.0.0.0 Safari/537.36"
2001:288:a219:1:6629:213e:6f06:39eb - - [26/Aug/2026:14:25:24 +0800] "GET /wp-content/uploads/sites/50/2024/03/CRPDLOGOFINAL-1024x512.jpg HTTP/1.1" 200 77767 "https://www.ksjh.ilc.edu.tw/" "Mozilla/5.0 (X11; CrOS x86_64 14541.0.0) AppleWebKit/537.36 (KHTML, like Gecko) Chrome/149.0.0.0 Safari/537.36"
2001:288:a219:1:6629:213e:6f06:39eb - - [26/Aug/2026:14:25:24 +0800] "GET /wp-content/uploads/sites/50/2025/04/cropped-KS-logo.png HTTP/1.1" 200 134130 "https://www.ksjh.ilc.edu.tw/" "Mozilla/5.0 (X11; CrOS x86_64 14541.0.0) AppleWebKit/537.36 (KHTML, like Gecko) Chrome/149.0.0.0 Safari/537.36"
128.241.98.61 - - [26/Aug/2026:14:25:24 +0800] "POST /6483/wp-json/ilc-summary/v1/popular-posts HTTP/1.1" 201 1271 "https://2blog.ilc.edu.tw/6483/2012/05/15/%e8%a6%aa%e8%81%b7%e8%ac%9b%e5%ba%a7%e7%b3%bb%e5%88%97%e6%b4%bb%e5%8b%95-2/" "Mozilla/5.0 (Linux; Android 15; Pixel 9) AppleWebKit/537.36 (KHTML, like Gecko) Chrome/151.0.0.0 Mobile Safari/537.36"
128.241.98.61 - - [26/Aug/2026:14:25:25 +0800] "GET /6483/wp-content/themes/twentyseventeen/assets/js/global.js HTTP/1.1" 200 3495 "https://2blog.ilc.edu.tw/6483/2012/05/15/%e8%a6%aa%e8%81%b7%e8%ac%9b%e5%ba%a7%e7%b3%bb%e5%88%97%e6%b4%bb%e5%8b%95-2/" "Mozilla/5.0 (Linux; Android 15; Pixel 9) AppleWebKit/537.36 (KHTML, like Gecko) Chrome/151.0.0.0 Mobile Safari/537.36"
140.111.67.10 - - [26/Aug/2026:14:25:25 +0800] "GET /" 301 273 "-" "-"
128.241.98.61 - - [26/Aug/2026:14:25:25 +0800] "GET /6483/wp-content/themes/twentyseventeen/assets/js/jquery.scrollTo.js HTTP/1.1" 200 3289 "https://2blog.ilc.edu.tw/6483/2012/05/15/%e8%a6%aa%e8%81%b7%e8%ac%9b%e5%ba%a7%e7%b3%bb%e5%88%97%e6%b4%bb%e5%8b%95-2/" "Mozilla/5.0 (Linux; Android 15; Pixel 9) AppleWebKit/537.36 (KHTML, like Gecko) Chrome/151.0.0.0 Mobile Safari/537.36"
::1 - - [26/Aug/2026:14:25:25 +0800] "OPTIONS * HTTP/1.0" 200 110 "-" "Apache/2.4.68 (Ubuntu) OpenSSL/3.0.19 (internal dummy connection)"
2001:b400:e245:3643:f576:dce1:29a8:9d01 - - [26/Aug/2026:14:25:25 +0800] "POST /wp-json/wp-statistics/v2/online HTTP/1.1" 200 5885 "https://www.npes.ilc.edu.tw/" "Mozilla/5.0 (iPhone; CPU iPhone OS 18_7 like Mac OS X) AppleWebKit/605.1.15 (KHTML, like Gecko) Version/26.6 Mobile/15E148 Safari/604.1"
::1 - - [26/Aug/2026:14:25:26 +0800] "OPTIONS * HTTP/1.0" 200 110 "-" "Apache/2.4.68 (Ubuntu) OpenSSL/3.0.19 (internal dummy connection)"
54.80.185.200 - - [26/Aug/2026:14:25:26 +0800] "GET /wp-content/uploads/sites/826/2022/ HTTP/1.1" 200 1262 "-" "Mozilla/5.0 AppleWebKit/537.36 (KHTML, like Gecko; compatible; Amazonbot/0.1; +https://developer.amazon.com/support/amazonbot) Chrome/119.0.6045.214 Safari/537.36"
44.215.210.112 - - [26/Aug/2026:14:25:26 +0800] "GET /39664/2020/12/22/%E3%80%90%E6%80%9D%E5%9C%A8%E5%AD%B8%E5%A0%82%E3%80%91%E5%B0%8F%E5%89%B5%E5%AE%A2%E9%AB%94%E9%A9%97%E7%87%9F-%E5%AF%A6%E8%B8%90%E8%88%87%E7%9C%81%E6%80%9D/embed/ HTTP/1.1" 200 12908 "-" "Mozilla/5.0 AppleWebKit/537.36 (KHTML, like Gecko; compatible; Amazonbot/0.1; +https://developer.amazon.com/support/amazonbot) Chrome/119.0.6045.214 Safari/537.36"
::1 - - [26/Aug/2026:14:25:27 +0800] "OPTIONS * HTTP/1.0" 200 110 "-" "Apache/2.4.68 (Ubuntu) OpenSSL/3.0.19 (internal dummy connection)"
140.111.67.195 - - [26/Aug/2026:14:25:27 +0800] "GET /wp-admin/admin-post.php?action=steps_ad HTTP/1.1" 200 1973 "-" "node-fetch/1.0 (+https://github.com/bitinn/node-fetch)"
66.249.71.37 - - [26/Aug/2026:14:25:27 +0800] "GET /upload/2281622426.m3u8 HTTP/1.1" 404 25470 "-" "Mozilla/5.0 (Linux; Android 6.0.1; Nexus 5X Build/MMB29P) AppleWebKit/537.36 (KHTML, like Gecko) Chrome/151.0.7922.173 Mobile Safari/537.36 (compatible; Googlebot/2.1; +http://www.google.com/bot.html)"
2001:288:a201::66:125 - - [26/Aug/2026:14:25:28 +0800] "GET /blog/active.php HTTP/1.1" 301 1026 "-" "-"
2001:288:a201::66:125 - - [26/Aug/2026:14:25:28 +0800] "GET /blog/active.php HTTP/1.1" 404 1084 "-" "-"
::1 - - [26/Aug/2026:14:25:28 +0800] "OPTIONS * HTTP/1.0" 200 110 "-" "Apache/2.4.68 (Ubuntu) OpenSSL/3.0.19 (internal dummy connection)"
140.111.67.195 - - [26/Aug/2026:14:25:29 +0800] "GET /wp-admin/admin-post.php?action=steps_ad HTTP/1.1" 200 1649 "-" "node-fetch/1.0 (+https://github.com/bitinn/node-fetch)"
::1 - - [26/Aug/2026:14:25:29 +0800] "OPTIONS * HTTP/1.0" 200 110 "-" "Apache/2.4.68 (Ubuntu) OpenSSL/3.0.19 (internal dummy connection)"
66.249.71.9 - - [26/Aug/2026:14:25:27 +0800] "GET /wp-login.php?action=ilc_logout&_wpnonce=43754d0aad&redirect_to=//biofurolan.ru/gallery/82039/ HTTP/1.1" 302 3459 "-" "Mozilla/5.0 (Linux; Android 6.0.1; Nexus 5X Build/MMB29P) AppleWebKit/537.36 (KHTML, like Gecko) Chrome/151.0.7922.173 Mobile Safari/537.36 (compatible; Googlebot/2.1; +http://www.google.com/bot.html)"
66.249.79.163 - - [26/Aug/2026:14:25:29 +0800] "GET /technology/wp-content/cache/2blog.ilc.edu.tw/wpfc-minified/89r52xig/5wom1.css HTTP/1.1" 200 90827 "https://2blog.ilc.edu.tw/technology/2010/08/16/" "Mozilla/5.0 (Linux; Android 6.0.1; Nexus 5X Build/MMB29P) AppleWebKit/537.36 (KHTML, like Gecko) Chrome/151.0.7922.173 Mobile Safari/537.36 (compatible; Googlebot/2.1; +http://www.google.com/bot.html)"
140.111.67.10 - - [26/Aug/2026:14:25:30 +0800] "GET /" 301 273 "-" "-"
66.249.79.234 - - [26/Aug/2026:14:25:30 +0800] "GET /blog/gallery/19977/previews-med/19977-2498717.jpg HTTP/1.1" 301 1131 "-" "Googlebot-Image/1.0"
2a03:2880:f802:5:: - - [26/Aug/2026:14:25:30 +0800] "GET /16824/2022/05/05/%e7%be%85%e4%b8%ad111%e4%ba%94%e5%b0%88%e5%85%8d%e8%a9%a6%e5%85%a5%e5%ad%b8%e5%a0%b1%e5%90%8d%e8%bc%94%e5%8a%a9%e8%b3%87%e6%96%99%e7%b5%a6%e5%a0%b1%e5%90%8d%e8%80%85/ HTTP/1.1" 200 15662 "-" "Mozilla/5.0 (Windows NT 10.0; Win64; x64) AppleWebKit/537.36 (KHTML, like Gecko) Chrome/145.0.0.0 Safari/537.36 (compatible; meta-externalagent/1.1 (+https://developers.facebook.com/docs/sharing/webmasters/crawler))"
54.204.62.163 - - [26/Aug/2026:14:25:30 +0800] "GET /wp-content/uploads/sites/1245/2024/ HTTP/1.1" 200 1148 "-" "Mozilla/5.0 AppleWebKit/537.36 (KHTML, like Gecko; compatible; Amazonbot/0.1; +https://developer.amazon.com/support/amazonbot) Chrome/119.0.6045.214 Safari/537.36"
66.249.79.163 - - [26/Aug/2026:14:25:30 +0800] "GET /blog/gallery/19977/previews-med/19977-2498717.jpg HTTP/1.1" 404 25463 "-" "Googlebot-Image/1.0"
::1 - - [26/Aug/2026:14:25:31 +0800] "OPTIONS * HTTP/1.0" 200 110 "-" "Apache/2.4.68 (Ubuntu) OpenSSL/3.0.19 (internal dummy connection)"
::1 - - [26/Aug/2026:14:25:32 +0800] "OPTIONS * HTTP/1.0" 200 110 "-" "Apache/2.4.68 (Ubuntu) OpenSSL/3.0.19 (internal dummy connection)"
2001:288:a201::66:125 - - [26/Aug/2026:14:25:33 +0800] "GET /blog/active.php HTTP/1.1" 301 1026 "-" "-"
2001:288:a201::66:125 - - [26/Aug/2026:14:25:33 +0800] "GET /blog/active.php HTTP/1.1" 404 1084 "-" "-"
34.123.149.87 - - [26/Aug/2026:14:25:33 +0800] "GET /4925/wp-json/wp/v2/posts/4601 HTTP/1.1" 200 11754 "-" "Mozilla/5.0 (Macintosh; Intel Mac OS X 10_15_7) AppleWebKit/537.36 (KHTML, like Gecko) Chrome/120.0.0.0 Safari/537.36"
34.30.223.149 - - [26/Aug/2026:14:25:33 +0800] "GET /6523/2020/11/10/109-4-2-2-%E7%BE%85%E6%9D%B1%E5%9C%8B%E4%B8%AD%E7%94%9F%E6%B6%AF%E6%8E%A2%E7%B4%A2%E8%A8%88%E7%95%AB/ HTTP/1.1" 200 30101 "-" "Mozilla/5.0 (Macintosh; Intel Mac OS X 10_15_7) AppleWebKit/537.36 (KHTML, like Gecko) Chrome/120.0.0.0 Safari/537.36"
140.111.67.195 - - [26/Aug/2026:14:25:33 +0800] "GET /wp-admin/admin-post.php?action=steps_ad HTTP/1.1" 200 1649 "-" "node-fetch/1.0 (+https://github.com/bitinn/node-fetch)"
100.29.155.89 - - [26/Aug/2026:14:25:33 +0800] "GET /6572/author/frimaire1019/ HTTP/1.1" 200 16099 "-" "Mozilla/5.0 AppleWebKit/537.36 (KHTML, like Gecko; compatible; Amazonbot/0.1; +https://developer.amazon.com/support/amazonbot) Chrome/119.0.6045.214 Safari/537.36"
34.171.68.95 - - [26/Aug/2026:14:25:34 +0800] "GET /6535/?p=3468 HTTP/1.1" 301 5738 "-" "Mozilla/5.0 (Macintosh; Intel Mac OS X 10_15_7) AppleWebKit/537.36 (KHTML, like Gecko) Chrome/120.0.0.0 Safari/537.36"
2401:e180:8d83:79bf:6dfc:6c33:6ae0:199f - - [26/Aug/2026:14:25:34 +0800] "-" 408 4794 "-" "-"
2a03:2880:f802:20:: - - [26/Aug/2026:14:25:34 +0800] "GET /2026/06/06/%e6%b0%b4%e5%9f%9f%e5%ae%89%e5%85%a8%e8%88%87%e9%98%b2%e6%ba%ba%e9%a0%88%e7%9f%a5/ HTTP/1.1" 200 51777 "-" "Mozilla/5.0 (Windows NT 10.0; Win64; x64) AppleWebKit/537.36 (KHTML, like Gecko) Chrome/145.0.0.0 Safari/537.36 (compatible; meta-externalagent/1.1 (+https://developers.facebook.com/docs/sharing/webmasters/crawler))"
140.111.67.10 - - [26/Aug/2026:14:25:35 +0800] "GET /" 301 273 "-" "-"
::1 - - [26/Aug/2026:14:25:35 +0800] "OPTIONS * HTTP/1.0" 200 110 "-" "Apache/2.4.68 (Ubuntu) OpenSSL/3.0.19 (internal dummy connection)"
23.81.81.71 - - [26/Aug/2026:14:25:33 +0800] "GET /wp-login.php?action=ilc_logout&_wpnonce=43754d0aad&redirect_to=https://nature-et-avenir.org/ HTTP/1.1" 302 8243 "https://abracadamots.fr/roman-policier-intrigue-captivante-suspense-enquete-criminelle/" "Mozilla/5.0 (Windows NT 6.3; Win64; x64) AppleWebKit/537.36 (KHTML, like Gecko) Chrome/103.0.0.0 Safari/537.36"
140.111.67.195 - - [26/Aug/2026:14:25:36 +0800] "GET /wp-admin/admin-post.php?action=steps_ad HTTP/1.1" 200 1649 "-" "node-fetch/1.0 (+https://github.com/bitinn/node-fetch)"
66.249.71.166 - - [26/Aug/2026:14:25:36 +0800] "GET /wp-content/themes/oceanwp/assets/css/third/simple-line-icons.min.css HTTP/1.1" 200 8108 "https://www.nses.ilc.edu.tw/www.betortam1.net/holiganbet/nakitbahisofficial.com/?paged=18" "Mozilla/5.0 (Linux; Android 6.0.1; Nexus 5X Build/MMB29P) AppleWebKit/537.36 (KHTML, like Gecko) Chrome/151.0.7922.173 Mobile Safari/537.36 (compatible; Googlebot/2.1; +http://www.google.com/bot.html)"
2a03:2880:f802:44:: - - [26/Aug/2026:14:25:36 +0800] "GET /6437/2018/11/02/ HTTP/1.1" 200 16231 "-" "Mozilla/5.0 (Macintosh; Intel Mac OS X 10_15_7) AppleWebKit/537.36 (KHTML, like Gecko) Chrome/145.0.0.0 Safari/537.36 (compatible; meta-externalagent/1.1 (+https://developers.facebook.com/docs/sharing/webmasters/crawler))"
52.167.144.236 - - [26/Aug/2026:14:25:37 +0800] "GET /blog/blog/1666/post/20595/271970 HTTP/1.1" 404 25498 "-" "Mozilla/5.0 AppleWebKit/537.36 (KHTML, like Gecko; compatible; bingbot/2.0; +http://www.bing.com/bingbot.htm) Chrome/116.0.1938.76 Safari/537.36"
2a03:2880:f802:2a:: - - [26/Aug/2026:14:25:37 +0800] "GET /6173/2010/09/13/%e7%92%b0%e5%a2%83%e4%bf%9d%e8%ad%b7%e5%b0%b1%e5%b7%ae%e4%bd%a0%e4%b8%80%e5%80%8b%e4%ba%ba/ HTTP/1.1" 200 14404 "-" "Mozilla/5.0 (Windows NT 10.0; Win64; x64) AppleWebKit/537.36 (KHTML, like Gecko) Chrome/145.0.0.0 Safari/537.36 (compatible; meta-externalagent/1.1 (+https://developers.facebook.com/docs/sharing/webmasters/crawler))"
140.111.67.195 - - [26/Aug/2026:14:25:37 +0800] "GET /wp-admin/admin-post.php?action=steps_ad HTTP/1.1" 200 1649 "-" "node-fetch/1.0 (+https://github.com/bitinn/node-fetch)"
66.249.79.163 - - [26/Aug/2026:14:25:37 +0800] "GET /24/wp-content/cache/2blog.ilc.edu.tw/wpfc-minified/qudelhzb/5wouu.css HTTP/1.1" 200 32119 "https://2blog.ilc.edu.tw/24/category/%E5%AD%B8%E7%BF%92%E8%A1%A8%E7%8F%BE-student-performance/page/6/" "Mozilla/5.0 (Linux; Android 6.0.1; Nexus 5X Build/MMB29P) AppleWebKit/537.36 (KHTML, like Gecko) Chrome/151.0.7922.173 Mobile Safari/537.36 (compatible; Googlebot/2.1; +http://www.google.com/bot.html)"
