2001:288:a256:1:d109:64d0:77f7:d720 - - [26/Aug/2026:14:20:23 +0800] "GET /wp-includes/js/dist/hooks.min.js HTTP/1.1" 200 2421 "https://www.ilc.edu.tw/" "Mozilla/5.0 (Windows NT 10.0; Win64; x64) AppleWebKit/537.36 (KHTML, like Gecko) Chrome/151.0.0.0 Safari/537.36"
2001:b400:e245:3643:f576:dce1:29a8:9d01 - - [26/Aug/2026:14:20:22 +0800] "GET /wp-content/uploads/sites/987/2026/04/%E6%8B%BE%E5%85%8975.png HTTP/1.1" 200 1136437 "https://www.npes.ilc.edu.tw/" "Mozilla/5.0 (iPhone; CPU iPhone OS 18_7 like Mac OS X) AppleWebKit/605.1.15 (KHTML, like Gecko) Version/26.6 Mobile/15E148 Safari/604.1"
2001:b400:e245:3643:f576:dce1:29a8:9d01 - - [26/Aug/2026:14:20:23 +0800] "GET /wp-content/plugins/elementor/assets/lib/eicons/fonts/eicons.woff2?5.30.0 HTTP/1.1" 200 98225 "https://www.npes.ilc.edu.tw/" "Mozilla/5.0 (iPhone; CPU iPhone OS 18_7 like Mac OS X) AppleWebKit/605.1.15 (KHTML, like Gecko) Version/26.6 Mobile/15E148 Safari/604.1"
2001:b400:e245:3643:f576:dce1:29a8:9d01 - - [26/Aug/2026:14:20:23 +0800] "GET /wp-content/themes/oceanwp/assets/fonts/fontawesome/webfonts/fa-regular-400.woff2 HTTP/1.1" 200 25383 "https://www.npes.ilc.edu.tw/" "Mozilla/5.0 (iPhone; CPU iPhone OS 18_7 like Mac OS X) AppleWebKit/605.1.15 (KHTML, like Gecko) Version/26.6 Mobile/15E148 Safari/604.1"
2001:b400:e245:3643:f576:dce1:29a8:9d01 - - [26/Aug/2026:14:20:23 +0800] "GET /wp-content/uploads/sites/987/2019/11/%E5%85%AC%E4%BB%94.jpg HTTP/1.1" 200 158800 "https://www.npes.ilc.edu.tw/" "Mozilla/5.0 (iPhone; CPU iPhone OS 18_7 like Mac OS X) AppleWebKit/605.1.15 (KHTML, like Gecko) Version/26.6 Mobile/15E148 Safari/604.1"
2001:288:a256:1:d109:64d0:77f7:d720 - - [26/Aug/2026:14:20:23 +0800] "GET /wp-includes/js/dist/i18n.min.js HTTP/1.1" 200 4547 "https://www.ilc.edu.tw/" "Mozilla/5.0 (Windows NT 10.0; Win64; x64) AppleWebKit/537.36 (KHTML, like Gecko) Chrome/151.0.0.0 Safari/537.36"
2001:288:a256:1:d109:64d0:77f7:d720 - - [26/Aug/2026:14:20:23 +0800] "GET /wp-content/plugins/elementor-pro/assets/js/frontend.min.js HTTP/1.1" 200 7574 "https://www.ilc.edu.tw/" "Mozilla/5.0 (Windows NT 10.0; Win64; x64) AppleWebKit/537.36 (KHTML, like Gecko) Chrome/151.0.0.0 Safari/537.36"
2001:288:a256:1:d109:64d0:77f7:d720 - - [26/Aug/2026:14:20:23 +0800] "GET /wp-content/plugins/elementor/assets/lib/waypoints/waypoints.min.js HTTP/1.1" 200 3873 "https://www.ilc.edu.tw/" "Mozilla/5.0 (Windows NT 10.0; Win64; x64) AppleWebKit/537.36 (KHTML, like Gecko) Chrome/151.0.0.0 Safari/537.36"
2001:288:a256:1:d109:64d0:77f7:d720 - - [26/Aug/2026:14:20:23 +0800] "GET /wp-includes/js/jquery/ui/core.min.js HTTP/1.1" 200 7986 "https://www.ilc.edu.tw/" "Mozilla/5.0 (Windows NT 10.0; Win64; x64) AppleWebKit/537.36 (KHTML, like Gecko) Chrome/151.0.0.0 Safari/537.36"
2001:288:a256:1:d109:64d0:77f7:d720 - - [26/Aug/2026:14:20:23 +0800] "GET /wp-content/plugins/elementor/assets/js/frontend.min.js HTTP/1.1" 200 13169 "https://www.ilc.edu.tw/" "Mozilla/5.0 (Windows NT 10.0; Win64; x64) AppleWebKit/537.36 (KHTML, like Gecko) Chrome/151.0.0.0 Safari/537.36"
2001:288:a256:1:d109:64d0:77f7:d720 - - [26/Aug/2026:14:20:23 +0800] "GET /wp-content/plugins/elementor-pro/assets/js/elements-handlers.min.js HTTP/1.1" 200 10882 "https://www.ilc.edu.tw/" "Mozilla/5.0 (Windows NT 10.0; Win64; x64) AppleWebKit/537.36 (KHTML, like Gecko) Chrome/151.0.0.0 Safari/537.36"
2001:b400:e245:3643:f576:dce1:29a8:9d01 - - [26/Aug/2026:14:20:23 +0800] "GET /wp-content/uploads/sites/987/2025/09/%E9%9F%B3%E6%A8%82%E7%8F%AD.png HTTP/1.1" 200 59809 "https://www.npes.ilc.edu.tw/" "Mozilla/5.0 (iPhone; CPU iPhone OS 18_7 like Mac OS X) AppleWebKit/605.1.15 (KHTML, like Gecko) Version/26.6 Mobile/15E148 Safari/604.1"
2001:288:a201::66:125 - - [26/Aug/2026:14:20:23 +0800] "GET /blog/active.php HTTP/1.1" 301 1026 "-" "-"
2001:288:a201::66:125 - - [26/Aug/2026:14:20:23 +0800] "GET /blog/active.php HTTP/1.1" 404 1084 "-" "-"
178.171.81.165 - - [26/Aug/2026:14:20:24 +0800] "GET /shjes111/2024/04/22/%E4%B8%80%E4%B8%8B-%E6%95%B8%E5%AD%B8-%E4%BA%94%E3%80%81%E5%9C%96%E5%BD%A2%E5%92%8C%E5%BD%A2%E9%AB%94/ HTTP/1.1" 200 14794 "-" "Mozilla/5.0 (Windows NT 10.0; Win64; x64) AppleWebKit/537.36 (KHTML, like Gecko) Chrome/151.0.0.0 Safari/537.36 Edg/151.0.0.0"
52.70.209.13 - - [26/Aug/2026:14:20:24 +0800] "GET /wp-content/uploads/sites/3254/2024/02/ HTTP/1.1" 200 1112 "-" "Mozilla/5.0 AppleWebKit/537.36 (KHTML, like Gecko; compatible; Amazonbot/0.1; +https://developer.amazon.com/support/amazonbot) Chrome/119.0.6045.214 Safari/537.36"
216.75.132.27 - - [26/Aug/2026:14:20:24 +0800] "GET /2023/page/3/ HTTP/1.1" 200 15464 "-" "Mozilla/5.0 (Macintosh; Intel Mac OS X 10_15_7) AppleWebKit/605.1.15 (KHTML, like Gecko) Version/26.0.1 Safari/605.1.15"
2001:b400:e245:3643:f576:dce1:29a8:9d01 - - [26/Aug/2026:14:20:24 +0800] "POST /wp-json/wp-statistics/v2/hit HTTP/1.1" 200 1212 "https://www.npes.ilc.edu.tw/" "Mozilla/5.0 (iPhone; CPU iPhone OS 18_7 like Mac OS X) AppleWebKit/605.1.15 (KHTML, like Gecko) Version/26.6 Mobile/15E148 Safari/604.1"
2a03:2880:f802:43:: - - [26/Aug/2026:14:20:24 +0800] "GET /6438/wp-json/wp/v2/posts/4394 HTTP/1.1" 200 8878 "-" "Mozilla/5.0 (Windows NT 10.0; Win64; x64) AppleWebKit/537.36 (KHTML, like Gecko) Chrome/145.0.0.0 Safari/537.36 (compatible; meta-externalagent/1.1 (+https://developers.facebook.com/docs/sharing/webmasters/crawler))"
2001:288:a256:1:d109:64d0:77f7:d720 - - [26/Aug/2026:14:20:24 +0800] "GET /wp-content/uploads/sites/3846/2023/05/%E5%AE%9C%E8%98%AD%E7%B8%A3%E6%94%BF%E5%BA%9C%E6%95%99%E8%82%B2%E8%99%95logo.png HTTP/1.1" 200 16335 "https://www.ilc.edu.tw/" "Mozilla/5.0 (Windows NT 10.0; Win64; x64) AppleWebKit/537.36 (KHTML, like Gecko) Chrome/151.0.0.0 Safari/537.36"
2001:288:a256:1:d109:64d0:77f7:d720 - - [26/Aug/2026:14:20:24 +0800] "GET /wp-content/uploads/sites/3846/2023/05/%E9%A6%96%E9%A0%81%E5%B0%8F%E6%A8%99_%E6%9C%80%E6%96%B0%E6%B6%88%E6%81%AF.png HTTP/1.1" 200 2537 "https://www.ilc.edu.tw/" "Mozilla/5.0 (Windows NT 10.0; Win64; x64) AppleWebKit/537.36 (KHTML, like Gecko) Chrome/151.0.0.0 Safari/537.36"
2001:288:a256:1:d109:64d0:77f7:d720 - - [26/Aug/2026:14:20:24 +0800] "GET /wp-content/uploads/sites/3846/2023/05/%E5%85%AC%E5%91%8A%E6%90%9C%E5%B0%8B.png HTTP/1.1" 200 3549 "https://www.ilc.edu.tw/" "Mozilla/5.0 (Windows NT 10.0; Win64; x64) AppleWebKit/537.36 (KHTML, like Gecko) Chrome/151.0.0.0 Safari/537.36"
2001:288:a256:1:d109:64d0:77f7:d720 - - [26/Aug/2026:14:20:25 +0800] "GET /wp-content/uploads/sites/3846/2023/07/%E6%95%99%E8%82%B2%E8%99%95%E5%85%AB%E5%A4%A7%E6%96%B9%E9%87%9D.png HTTP/1.1" 200 195536 "https://www.ilc.edu.tw/" "Mozilla/5.0 (Windows NT 10.0; Win64; x64) AppleWebKit/537.36 (KHTML, like Gecko) Chrome/151.0.0.0 Safari/537.36"
2001:288:a256:1:d109:64d0:77f7:d720 - - [26/Aug/2026:14:20:25 +0800] "GET /wp-content/uploads/sites/3846/2026/02/%E9%81%BF%E5%85%8D%E8%AA%A4%E5%85%A5%E8%A9%90%E9%A8%99%E7%B6%B2%E7%AB%99APP%E5%B0%8F%E5%B8%B8%E8%AD%98.jpg HTTP/1.1" 200 459624 "https://www.ilc.edu.tw/" "Mozilla/5.0 (Windows NT 10.0; Win64; x64) AppleWebKit/537.36 (KHTML, like Gecko) Chrome/151.0.0.0 Safari/537.36"
2001:288:a256:1:d109:64d0:77f7:d720 - - [26/Aug/2026:14:20:25 +0800] "GET /wp-content/uploads/sites/3846/2026/08/%E8%BE%B2%E6%A5%AD%E9%83%A8%E5%BB%A3%E5%91%8A.jpg HTTP/1.1" 200 236123 "https://www.ilc.edu.tw/" "Mozilla/5.0 (Windows NT 10.0; Win64; x64) AppleWebKit/537.36 (KHTML, like Gecko) Chrome/151.0.0.0 Safari/537.36"
2001:288:a256:1:d109:64d0:77f7:d720 - - [26/Aug/2026:14:20:25 +0800] "GET /wp-content/uploads/sites/3846/2026/05/%E8%9E%A2%E5%B9%95%E6%93%B7%E5%8F%96%E7%95%AB%E9%9D%A2-2026-05-07-100749.png HTTP/1.1" 200 1354330 "https://www.ilc.edu.tw/" "Mozilla/5.0 (Windows NT 10.0; Win64; x64) AppleWebKit/537.36 (KHTML, like Gecko) Chrome/151.0.0.0 Safari/537.36"
2001:288:a256:1:d109:64d0:77f7:d720 - - [26/Aug/2026:14:20:25 +0800] "GET /wp-content/uploads/sites/3846/2026/06/%E5%AE%A3%E5%82%B3%E5%9C%96%E7%89%87.png HTTP/1.1" 200 1053112 "https://www.ilc.edu.tw/" "Mozilla/5.0 (Windows NT 10.0; Win64; x64) AppleWebKit/537.36 (KHTML, like Gecko) Chrome/151.0.0.0 Safari/537.36"
2001:288:a256:1:d109:64d0:77f7:d720 - - [26/Aug/2026:14:20:25 +0800] "GET /wp-content/uploads/sites/3846/2025/11/%E8%9E%A2%E5%B9%95%E6%93%B7%E5%8F%96%E7%95%AB%E9%9D%A2-2025-11-27-141357.png HTTP/1.1" 200 216157 "https://www.ilc.edu.tw/" "Mozilla/5.0 (Windows NT 10.0; Win64; x64) AppleWebKit/537.36 (KHTML, like Gecko) Chrome/151.0.0.0 Safari/537.36"
2001:288:a256:1:d109:64d0:77f7:d720 - - [26/Aug/2026:14:20:25 +0800] "GET /wp-content/uploads/sites/3846/2026/02/%E8%9E%A2%E5%B9%95%E6%93%B7%E5%8F%96%E7%95%AB%E9%9D%A2-2026-02-24-081359.png HTTP/1.1" 200 1572728 "https://www.ilc.edu.tw/" "Mozilla/5.0 (Windows NT 10.0; Win64; x64) AppleWebKit/537.36 (KHTML, like Gecko) Chrome/151.0.0.0 Safari/537.36"
2001:288:a256:1:d109:64d0:77f7:d720 - - [26/Aug/2026:14:20:25 +0800] "GET /wp-content/uploads/sites/3846/2025/04/%E7%AB%A5%E5%BF%83%E7%AB%A5%E9%81%8A-%E6%AD%A1%E6%A8%82%E8%98%AD%E9%99%BD-%E5%85%92%E7%AB%A5%E7%AF%80%E5%BF%AB%E6%A8%82.jpg HTTP/1.1" 200 126952 "https://www.ilc.edu.tw/" "Mozilla/5.0 (Windows NT 10.0; Win64; x64) AppleWebKit/537.36 (KHTML, like Gecko) Chrome/151.0.0.0 Safari/537.36"
2001:288:a256:1:d109:64d0:77f7:d720 - - [26/Aug/2026:14:20:25 +0800] "GET /wp-content/uploads/sites/3846/2024/09/%E6%95%99%E5%B8%AB%E7%AF%80%E5%BD%B1%E7%89%87.jpg HTTP/1.1" 200 72504 "https://www.ilc.edu.tw/" "Mozilla/5.0 (Windows NT 10.0; Win64; x64) AppleWebKit/537.36 (KHTML, like Gecko) Chrome/151.0.0.0 Safari/537.36"
57.141.2.50 - - [26/Aug/2026:14:20:25 +0800] "GET /25738/2015/12/11/%e4%b8%96%e7%95%8c%e5%9c%b0%e7%90%83%e6%9d%91%e7%b5%90%e5%90%88%e8%a1%8c%e5%8b%95%e6%95%99%e5%ad%b8%e8%a1%8c%e5%8b%95%e6%95%99%e5%ad%b8%e7%a4%be%e7%be%a4/ HTTP/1.1" 200 18387 "-" "Mozilla/5.0 (Windows NT 10.0; Win64; x64) AppleWebKit/537.36 (KHTML, like Gecko) Chrome/145.0.0.0 Safari/537.36 (compatible; meta-externalagent/1.1 (+https://developers.facebook.com/docs/sharing/webmasters/crawler))"
2001:288:a256:1:d109:64d0:77f7:d720 - - [26/Aug/2026:14:20:25 +0800] "GET /wp-content/uploads/sites/3846/2023/10/C1.png HTTP/1.1" 200 342209 "https://www.ilc.edu.tw/" "Mozilla/5.0 (Windows NT 10.0; Win64; x64) AppleWebKit/537.36 (KHTML, like Gecko) Chrome/151.0.0.0 Safari/537.36"
2001:288:a256:1:d109:64d0:77f7:d720 - - [26/Aug/2026:14:20:25 +0800] "GET /wp-content/uploads/sites/3846/2023/10/C2.png HTTP/1.1" 200 259646 "https://www.ilc.edu.tw/" "Mozilla/5.0 (Windows NT 10.0; Win64; x64) AppleWebKit/537.36 (KHTML, like Gecko) Chrome/151.0.0.0 Safari/537.36"
2001:288:a256:1:d109:64d0:77f7:d720 - - [26/Aug/2026:14:20:25 +0800] "GET /wp-content/uploads/sites/3846/2023/10/C3.png HTTP/1.1" 200 192155 "https://www.ilc.edu.tw/" "Mozilla/5.0 (Windows NT 10.0; Win64; x64) AppleWebKit/537.36 (KHTML, like Gecko) Chrome/151.0.0.0 Safari/537.36"
2001:288:a256:1:d109:64d0:77f7:d720 - - [26/Aug/2026:14:20:25 +0800] "GET /wp-content/uploads/sites/3846/2023/10/C4.png HTTP/1.1" 200 139328 "https://www.ilc.edu.tw/" "Mozilla/5.0 (Windows NT 10.0; Win64; x64) AppleWebKit/537.36 (KHTML, like Gecko) Chrome/151.0.0.0 Safari/537.36"
2001:288:a256:1:d109:64d0:77f7:d720 - - [26/Aug/2026:14:20:25 +0800] "GET /wp-content/uploads/sites/3846/2023/10/C5.png HTTP/1.1" 200 267535 "https://www.ilc.edu.tw/" "Mozilla/5.0 (Windows NT 10.0; Win64; x64) AppleWebKit/537.36 (KHTML, like Gecko) Chrome/151.0.0.0 Safari/537.36"
2001:288:a256:1:d109:64d0:77f7:d720 - - [26/Aug/2026:14:20:25 +0800] "GET /wp-content/uploads/sites/3846/2023/05/%E8%B7%A8%E9%96%B1%E5%88%9D%E8%A1%B7YT.jpg HTTP/1.1" 200 579849 "https://www.ilc.edu.tw/" "Mozilla/5.0 (Windows NT 10.0; Win64; x64) AppleWebKit/537.36 (KHTML, like Gecko) Chrome/151.0.0.0 Safari/537.36"
2001:b400:e2a9:e0bd:80c0:26e0:3c5e:c507 - - [26/Aug/2026:14:20:25 +0800] "-" 408 339 "-" "-"
2001:288:a256:1:d109:64d0:77f7:d720 - - [26/Aug/2026:14:20:25 +0800] "GET /wp-content/uploads/sites/3846/2023/05/%E5%8E%9F%E6%B0%91%E6%95%99%E8%82%B2%E5%9C%A8%E5%AE%9C%E8%98%ADYT.jpg HTTP/1.1" 200 607016 "https://www.ilc.edu.tw/" "Mozilla/5.0 (Windows NT 10.0; Win64; x64) AppleWebKit/537.36 (KHTML, like Gecko) Chrome/151.0.0.0 Safari/537.36"
2001:288:a256:1:d109:64d0:77f7:d720 - - [26/Aug/2026:14:20:25 +0800] "GET /wp-content/uploads/sites/3846/2023/05/%E5%B9%BC%E8%A6%8B%E5%B9%B8%E7%A6%8FYT.jpg HTTP/1.1" 200 664803 "https://www.ilc.edu.tw/" "Mozilla/5.0 (Windows NT 10.0; Win64; x64) AppleWebKit/537.36 (KHTML, like Gecko) Chrome/151.0.0.0 Safari/537.36"
2001:288:a256:1:d109:64d0:77f7:d720 - - [26/Aug/2026:14:20:25 +0800] "GET /wp-content/uploads/sites/3846/2026/06/2026%E5%AE%9C%E8%98%AD%E7%98%8B%E5%AD%B8%E7%BF%92-%E6%9A%91%E5%81%87_%E6%95%99%E8%82%B2%E8%99%95%E9%A6%96%E9%A0%81-1440-x-1080-%E5%83%8F%E7%B4%A0.png HTTP/1.1" 200 2045932 "https://www.ilc.edu.tw/" "Mozilla/5.0 (Windows NT 10.0; Win64; x64) AppleWebKit/537.36 (KHTML, like Gecko) Chrome/151.0.0.0 Safari/537.36"
2001:288:a256:1:d109:64d0:77f7:d720 - - [26/Aug/2026:14:20:25 +0800] "GET /wp-content/uploads/sites/3846/2023/05/%E6%84%9BEnglishYT.jpg HTTP/1.1" 200 245320 "https://www.ilc.edu.tw/" "Mozilla/5.0 (Windows NT 10.0; Win64; x64) AppleWebKit/537.36 (KHTML, like Gecko) Chrome/151.0.0.0 Safari/537.36"
2001:288:a256:1:d109:64d0:77f7:d720 - - [26/Aug/2026:14:20:25 +0800] "GET /wp-content/uploads/sites/3846/2023/05/%E6%B0%B4%E5%9F%9F%E5%AE%89%E5%85%A8%E5%AE%A3%E5%B0%8EYT.jpg HTTP/1.1" 200 809930 "https://www.ilc.edu.tw/" "Mozilla/5.0 (Windows NT 10.0; Win64; x64) AppleWebKit/537.36 (KHTML, like Gecko) Chrome/151.0.0.0 Safari/537.36"
2001:288:a256:1:d109:64d0:77f7:d720 - - [26/Aug/2026:14:20:25 +0800] "GET /wp-content/uploads/sites/3846/2023/05/%E5%A6%82%E6%9E%9C%E9%9B%A8%E7%9F%A5%E9%81%93YT.jpg HTTP/1.1" 200 529331 "https://www.ilc.edu.tw/" "Mozilla/5.0 (Windows NT 10.0; Win64; x64) AppleWebKit/537.36 (KHTML, like Gecko) Chrome/151.0.0.0 Safari/537.36"
2001:288:a256:1:d109:64d0:77f7:d720 - - [26/Aug/2026:14:20:25 +0800] "GET /wp-content/uploads/sites/3846/2025/09/YT%E5%B0%81%E9%9D%A2-1.jpg HTTP/1.1" 200 173035 "https://www.ilc.edu.tw/" "Mozilla/5.0 (Windows NT 10.0; Win64; x64) AppleWebKit/537.36 (KHTML, like Gecko) Chrome/151.0.0.0 Safari/537.36"
2001:288:a256:1:d109:64d0:77f7:d720 - - [26/Aug/2026:14:20:25 +0800] "GET /wp-content/themes/oceanwp/assets/fonts/fontawesome/webfonts/fa-solid-900.woff2 HTTP/1.1" 200 151246 "https://www.ilc.edu.tw/wp-content/cache/www.ilc.edu.tw/wpfc-minified/fdlul8k0/8141l.css" "Mozilla/5.0 (Windows NT 10.0; Win64; x64) AppleWebKit/537.36 (KHTML, like Gecko) Chrome/151.0.0.0 Safari/537.36"
2001:288:a256:1:d109:64d0:77f7:d720 - - [26/Aug/2026:14:20:25 +0800] "GET /wp-content/plugins/elementor/assets/lib/eicons/fonts/eicons.woff2?5.30.0 HTTP/1.1" 200 98225 "https://www.ilc.edu.tw/wp-content/cache/www.ilc.edu.tw/wpfc-minified/fdlul8k0/8141l.css" "Mozilla/5.0 (Windows NT 10.0; Win64; x64) AppleWebKit/537.36 (KHTML, like Gecko) Chrome/151.0.0.0 Safari/537.36"
2001:288:a256:1:d109:64d0:77f7:d720 - - [26/Aug/2026:14:20:25 +0800] "GET /wp-content/uploads/sites/3846/2025/11/%E8%9E%A2%E5%B9%95%E6%93%B7%E5%8F%96%E7%95%AB%E9%9D%A2-2025-11-13-131522.png HTTP/1.1" 200 3761926 "https://www.ilc.edu.tw/" "Mozilla/5.0 (Windows NT 10.0; Win64; x64) AppleWebKit/537.36 (KHTML, like Gecko) Chrome/151.0.0.0 Safari/537.36"
2001:288:a256:1:d109:64d0:77f7:d720 - - [26/Aug/2026:14:20:25 +0800] "GET /wp-content/uploads/sites/3846/2023/05/%E9%A6%96%E9%A0%81%E5%B0%8F%E6%A8%99_%E5%BD%B1%E9%9F%B3.png HTTP/1.1" 200 2462 "https://www.ilc.edu.tw/" "Mozilla/5.0 (Windows NT 10.0; Win64; x64) AppleWebKit/537.36 (KHTML, like Gecko) Chrome/151.0.0.0 Safari/537.36"
2001:288:a256:1:d109:64d0:77f7:d720 - - [26/Aug/2026:14:20:25 +0800] "GET /wp-content/uploads/sites/3846/2023/05/%E9%A6%96%E9%A0%81%E5%B0%8F%E6%A8%99_%E6%B4%BB%E5%8B%95%E5%B0%88%E5%8D%80.png HTTP/1.1" 200 2545 "https://www.ilc.edu.tw/" "Mozilla/5.0 (Windows NT 10.0; Win64; x64) AppleWebKit/537.36 (KHTML, like Gecko) Chrome/151.0.0.0 Safari/537.36"
140.111.67.10 - - [26/Aug/2026:14:20:25 +0800] "GET /" 301 273 "-" "-"
2001:288:a256:1:d109:64d0:77f7:d720 - - [26/Aug/2026:14:20:25 +0800] "GET /wp-content/uploads/sites/3846/2023/05/%E6%95%B8%E4%BD%8D%E5%AD%B8%E7%BF%92%E6%94%AF%E6%8C%81%E5%B9%B3%E5%8F%B0-Banner.png HTTP/1.1" 200 16589 "https://www.ilc.edu.tw/" "Mozilla/5.0 (Windows NT 10.0; Win64; x64) AppleWebKit/537.36 (KHTML, like Gecko) Chrome/151.0.0.0 Safari/537.36"
2001:288:a256:1:d109:64d0:77f7:d720 - - [26/Aug/2026:14:20:25 +0800] "GET /wp-content/uploads/sites/3846/2024/01/%E7%A7%91%E6%8A%80%E9%A0%98%E5%9F%9F%E6%87%89%E7%94%A8%E7%AB%B6%E8%B3%BD.png HTTP/1.1" 200 20326 "https://www.ilc.edu.tw/" "Mozilla/5.0 (Windows NT 10.0; Win64; x64) AppleWebKit/537.36 (KHTML, like Gecko) Chrome/151.0.0.0 Safari/537.36"
2001:288:a256:1:d109:64d0:77f7:d720 - - [26/Aug/2026:14:20:25 +0800] "GET /wp-content/uploads/sites/3846/2024/05/%E8%9E%A2%E5%B9%95%E6%93%B7%E5%8F%96%E7%95%AB%E9%9D%A2-2024-05-16-103456.png HTTP/1.1" 200 2702922 "https://www.ilc.edu.tw/" "Mozilla/5.0 (Windows NT 10.0; Win64; x64) AppleWebKit/537.36 (KHTML, like Gecko) Chrome/151.0.0.0 Safari/537.36"
2001:288:a256:1:d109:64d0:77f7:d720 - - [26/Aug/2026:14:20:25 +0800] "GET /wp-content/uploads/sites/3846/2023/05/%E6%94%BF%E7%AD%96%E6%A5%AD%E5%8B%99%E5%AE%A3%E5%B0%8E-banner.png HTTP/1.1" 200 19385 "https://www.ilc.edu.tw/" "Mozilla/5.0 (Windows NT 10.0; Win64; x64) AppleWebKit/537.36 (KHTML, like Gecko) Chrome/151.0.0.0 Safari/537.36"
2001:288:a256:1:d109:64d0:77f7:d720 - - [26/Aug/2026:14:20:25 +0800] "GET /wp-content/uploads/sites/3846/2024/04/%E5%AD%B8%E6%A0%A1%E7%94%A8%E5%9C%B0.png HTTP/1.1" 200 19801 "https://www.ilc.edu.tw/" "Mozilla/5.0 (Windows NT 10.0; Win64; x64) AppleWebKit/537.36 (KHTML, like Gecko) Chrome/151.0.0.0 Safari/537.36"
2001:288:a256:1:d109:64d0:77f7:d720 - - [26/Aug/2026:14:20:25 +0800] "GET /wp-content/uploads/sites/3846/2025/05/%E8%BC%AA%E6%92%AD%E5%9C%96%E8%AA%BF%E5%A4%A7%E5%B0%8F_%E6%95%99%E8%82%B2%E8%99%95%E5%B0%8Fbanner.png HTTP/1.1" 200 6660 "https://www.ilc.edu.tw/" "Mozilla/5.0 (Windows NT 10.0; Win64; x64) AppleWebKit/537.36 (KHTML, like Gecko) Chrome/151.0.0.0 Safari/537.36"
2001:288:a256:1:d109:64d0:77f7:d720 - - [26/Aug/2026:14:20:25 +0800] "GET /wp-content/uploads/sites/3846/2025/05/%E8%AA%9E%E6%96%87%E7%AB%B6%E8%B3%BD180X50.png HTTP/1.1" 200 10112 "https://www.ilc.edu.tw/" "Mozilla/5.0 (Windows NT 10.0; Win64; x64) AppleWebKit/537.36 (KHTML, like Gecko) Chrome/151.0.0.0 Safari/537.36"
185.191.171.17 - - [26/Aug/2026:14:20:25 +0800] "GET /2011/04/11/ HTTP/1.1" 200 15457 "-" "Mozilla/5.0 (compatible; SemrushBot/7~bl; +http://www.semrush.com/bot.html)"
57.141.2.23 - - [26/Aug/2026:14:20:24 +0800] "GET /32745/2021/10/06/%e9%98%ae%e7%9a%84%e6%84%9b%e4%ba%ba%e8%a1%8c%e8%88%b9%e4%ba%ba/ HTTP/1.1" 200 93017 "-" "Mozilla/5.0 (Windows NT 10.0; Win64; x64) AppleWebKit/537.36 (KHTML, like Gecko) Chrome/145.0.0.0 Safari/537.36 (compatible; meta-externalagent/1.1 (+https://developers.facebook.com/docs/sharing/webmasters/crawler))"
2001:288:a256:1:d109:64d0:77f7:d720 - - [26/Aug/2026:14:20:25 +0800] "GET /wp-content/uploads/sites/3846/2023/05/%E8%88%9E%E8%B9%88%E6%AF%94%E8%B3%BD-banner.jpg HTTP/1.1" 200 9565 "https://www.ilc.edu.tw/" "Mozilla/5.0 (Windows NT 10.0; Win64; x64) AppleWebKit/537.36 (KHTML, like Gecko) Chrome/151.0.0.0 Safari/537.36"
2001:288:a256:1:d109:64d0:77f7:d720 - - [26/Aug/2026:14:20:25 +0800] "GET /wp-content/uploads/sites/3846/2025/09/%E6%95%99%E8%82%B2%E8%99%95%E6%B4%BB%E5%8B%95%E5%B0%88%E5%8D%80%E5%B0%8F%E5%9C%96-4-2.png HTTP/1.1" 200 21768 "https://www.ilc.edu.tw/" "Mozilla/5.0 (Windows NT 10.0; Win64; x64) AppleWebKit/537.36 (KHTML, like Gecko) Chrome/151.0.0.0 Safari/537.36"
2001:288:a256:1:d109:64d0:77f7:d720 - - [26/Aug/2026:14:20:25 +0800] "GET /wp-content/uploads/sites/3846/2025/09/%E6%95%99%E8%82%B2%E8%99%95%E6%B4%BB%E5%8B%95%E5%B0%88%E5%8D%80%E5%B0%8F%E5%9C%96-3.png HTTP/1.1" 200 12380 "https://www.ilc.edu.tw/" "Mozilla/5.0 (Windows NT 10.0; Win64; x64) AppleWebKit/537.36 (KHTML, like Gecko) Chrome/151.0.0.0 Safari/537.36"
2001:288:a256:1:d109:64d0:77f7:d720 - - [26/Aug/2026:14:20:25 +0800] "GET /wp-content/uploads/sites/3846/2025/09/%E6%95%99%E8%82%B2%E8%99%95%E6%B4%BB%E5%8B%95%E5%B0%88%E5%8D%80%E5%B0%8F%E5%9C%96-2-3.png HTTP/1.1" 200 9664 "https://www.ilc.edu.tw/" "Mozilla/5.0 (Windows NT 10.0; Win64; x64) AppleWebKit/537.36 (KHTML, like Gecko) Chrome/151.0.0.0 Safari/537.36"
2001:288:a256:1:d109:64d0:77f7:d720 - - [26/Aug/2026:14:20:25 +0800] "GET /wp-content/uploads/sites/3846/2025/07/%E6%95%99%E8%82%B2%E8%99%95%E9%A6%96%E9%A0%81_%E5%B0%8Fbanner_%E5%AE%9C%E8%98%AD%E7%B8%A3%E6%94%BF%E5%BA%9C%E5%9C%8B%E4%B8%AD%E5%B0%8F%E6%AD%A3%E5%B8%B8%E6%95%99%E5%AD%B8%E8%A6%96%E5%B0%8E-1.png HTTP/1.1" 200 8670 "https://www.ilc.edu.tw/" "Mozilla/5.0 (Windows NT 10.0; Win64; x64) AppleWebKit/537.36 (KHTML, like Gecko) Chrome/151.0.0.0 Safari/537.36"
2001:288:a256:1:d109:64d0:77f7:d720 - - [26/Aug/2026:14:20:25 +0800] "GET /wp-content/uploads/sites/3846/2026/08/%E6%95%99%E8%82%B2%E8%99%95%E6%B4%BB%E5%8B%95%E5%B0%88%E5%8D%80%E5%B0%8F%E5%9C%96-7.png HTTP/1.1" 200 12851 "https://www.ilc.edu.tw/" "Mozilla/5.0 (Windows NT 10.0; Win64; x64) AppleWebKit/537.36 (KHTML, like Gecko) Chrome/151.0.0.0 Safari/537.36"
2001:b400:e2a9:e0bd:80c0:26e0:3c5e:c507 - - [26/Aug/2026:14:20:25 +0800] "-" 408 339 "-" "-"
2001:288:a256:1:d109:64d0:77f7:d720 - - [26/Aug/2026:14:20:25 +0800] "GET /wp-content/uploads/sites/3846/2025/11/%E8%9E%A2%E5%B9%95%E6%93%B7%E5%8F%96%E7%95%AB%E9%9D%A2-2025-11-10-141501.png HTTP/1.1" 200 2445011 "https://www.ilc.edu.tw/" "Mozilla/5.0 (Windows NT 10.0; Win64; x64) AppleWebKit/537.36 (KHTML, like Gecko) Chrome/151.0.0.0 Safari/537.36"
::1 - - [26/Aug/2026:14:20:25 +0800] "OPTIONS * HTTP/1.0" 200 110 "-" "Apache/2.4.68 (Ubuntu) OpenSSL/3.0.19 (internal dummy connection)"
2001:288:a256:1:d109:64d0:77f7:d720 - - [26/Aug/2026:14:20:25 +0800] "GET /wp-content/uploads/sites/3846/2024/08/%E8%9E%A2%E5%B9%95%E6%93%B7%E5%8F%96%E7%95%AB%E9%9D%A2-2024-08-07-151319.png HTTP/1.1" 200 2714068 "https://www.ilc.edu.tw/" "Mozilla/5.0 (Windows NT 10.0; Win64; x64) AppleWebKit/537.36 (KHTML, like Gecko) Chrome/151.0.0.0 Safari/537.36"
2001:288:a256:1:d109:64d0:77f7:d720 - - [26/Aug/2026:14:20:26 +0800] "GET /wp-content/plugins/elementor-pro/assets/js/media-carousel.aca2224ef13e6f999011.bundle.min.js HTTP/1.1" 200 2948 "https://www.ilc.edu.tw/" "Mozilla/5.0 (Windows NT 10.0; Win64; x64) AppleWebKit/537.36 (KHTML, like Gecko) Chrome/151.0.0.0 Safari/537.36"
35.149.12.121 - - [26/Aug/2026:14:20:26 +0800] "GET /blog/blog/3780 HTTP/1.1" 301 1024 "-" "Mozilla/5.0 (Windows NT 10.0; Win64; x64) AppleWebKit/537.36 (KHTML, like Gecko) Chrome/116.0.0.0 Safari/537.36"
2001:288:a256:1:d109:64d0:77f7:d720 - - [26/Aug/2026:14:20:26 +0800] "GET /wp-content/plugins/elementor/assets/lib/swiper/v8/swiper.min.js?ver=8.4.5 HTTP/1.1" 200 40708 "https://www.ilc.edu.tw/" "Mozilla/5.0 (Windows NT 10.0; Win64; x64) AppleWebKit/537.36 (KHTML, like Gecko) Chrome/151.0.0.0 Safari/537.36"
2001:288:a256:1:d109:64d0:77f7:d720 - - [26/Aug/2026:14:20:26 +0800] "GET /wp-content/uploads/sites/3846/2023/05/cropped-%E6%95%99%E8%82%B2%E8%99%95logo-32x32.jpg HTTP/1.1" 200 1571 "https://www.ilc.edu.tw/" "Mozilla/5.0 (Windows NT 10.0; Win64; x64) AppleWebKit/537.36 (KHTML, like Gecko) Chrome/151.0.0.0 Safari/537.36"
66.249.71.37 - - [26/Aug/2026:14:20:26 +0800] "GET /1130801q/2025/02/12/113%E5%AD%B8%E5%B9%B4%E5%BA%A6%E7%AC%AC%E4%BA%8C%E5%AD%B8%E6%9C%9F%E5%AD%B8%E7%94%9F%E8%A1%8C%E4%BA%8B%E7%B0%A1%E6%9B%86/ HTTP/1.1" 200 15198 "-" "Mozilla/5.0 (Linux; Android 6.0.1; Nexus 5X Build/MMB29P) AppleWebKit/537.36 (KHTML, like Gecko) Chrome/151.0.7922.173 Mobile Safari/537.36 (compatible; Googlebot/2.1; +http://www.google.com/bot.html)"
163.20.154.253 - - [26/Aug/2026:14:20:27 +0800] "-" 408 4794 "-" "-"
2001:288:a201::66:125 - - [26/Aug/2026:14:20:28 +0800] "GET /blog/active.php HTTP/1.1" 301 1026 "-" "-"
2001:288:a201::66:125 - - [26/Aug/2026:14:20:28 +0800] "GET /blog/active.php HTTP/1.1" 404 1084 "-" "-"
2a03:2880:f802:3f:: - - [26/Aug/2026:14:20:27 +0800] "GET /32745/2020/04/30/%e5%a5%b3%e4%ba%ba%e7%9a%84%e9%a1%98%e6%9c%9b/ HTTP/1.1" 200 92267 "-" "Mozilla/5.0 (Windows NT 10.0; Win64; x64) AppleWebKit/537.36 (KHTML, like Gecko) Chrome/145.0.0.0 Safari/537.36 Edg/145.0.0.0 (compatible; meta-externalagent/1.1 (+https://developers.facebook.com/docs/sharing/webmasters/crawler))"
57.141.2.23 - - [26/Aug/2026:14:20:25 +0800] "GET /26150/wp-json/wp/v2/posts/6784 HTTP/1.1" 200 14526 "-" "Mozilla/5.0 (Macintosh; Intel Mac OS X 10_15_7) AppleWebKit/537.36 (KHTML, like Gecko) Chrome/145.0.0.0 Safari/537.36 (compatible; meta-externalagent/1.1 (+https://developers.facebook.com/docs/sharing/webmasters/crawler))"
::1 - - [26/Aug/2026:14:20:28 +0800] "OPTIONS * HTTP/1.0" 200 110 "-" "Apache/2.4.68 (Ubuntu) OpenSSL/3.0.19 (internal dummy connection)"
66.249.71.37 - - [26/Aug/2026:14:20:28 +0800] "GET /1279/2018/10/31/10-27-107%E5%B9%B4%E5%9C%8B%E5%B0%8F%E4%BD%8E%E5%B9%B4%E7%B4%9A%E4%B8%8D%E6%8F%92%E9%9B%BB%E8%B3%87%E8%A8%8A%E9%9B%BB%E8%85%A6%E8%AA%B2part-01-%E5%8F%B0%E5%8C%97%E5%B8%82%E5%8D%9A%E6%84%9B/ HTTP/1.1" 200 13657 "-" "Mozilla/5.0 (Linux; Android 6.0.1; Nexus 5X Build/MMB29P) AppleWebKit/537.36 (KHTML, like Gecko) Chrome/151.0.7922.173 Mobile Safari/537.36 (compatible; Googlebot/2.1; +http://www.google.com/bot.html)"
66.249.79.163 - - [26/Aug/2026:14:20:29 +0800] "GET /wp-content/uploads/sites/2048/5143/5143-3294189.doc HTTP/1.1" 200 94386 "-" "Mozilla/5.0 (Linux; Android 6.0.1; Nexus 5X Build/MMB29P) AppleWebKit/537.36 (KHTML, like Gecko) Chrome/151.0.7922.173 Mobile Safari/537.36 (compatible; Googlebot/2.1; +http://www.google.com/bot.html)"
2a03:2880:f802:a:: - - [26/Aug/2026:14:20:29 +0800] "GET /6489/2019/11/13/ HTTP/1.1" 200 38420 "-" "Mozilla/5.0 (Macintosh; Intel Mac OS X 10_15_7) AppleWebKit/537.36 (KHTML, like Gecko) Chrome/145.0.0.0 Safari/537.36 (compatible; meta-externalagent/1.1 (+https://developers.facebook.com/docs/sharing/webmasters/crawler))"
2001:b400:e245:3643:f576:dce1:29a8:9d01 - - [26/Aug/2026:14:20:29 +0800] "GET /wp-content/themes/oceanwp/assets/fonts/fontawesome/webfonts/fa-solid-900.woff2 HTTP/1.1" 200 156048 "https://www.npes.ilc.edu.tw/" "Mozilla/5.0 (iPhone; CPU iPhone OS 18_7 like Mac OS X) AppleWebKit/605.1.15 (KHTML, like Gecko) Version/26.6 Mobile/15E148 Safari/604.1"
2001:288:a201::67:82 - - [26/Aug/2026:14:20:27 +0800] "POST /26150/wp-json/wp/v2/posts/6784?fsm_edd_37394=909d48a94f0de9fc6af95ebd8b237891 HTTP/1.1" 401 6142 "-" "WordPress/6.6.7; https://2blog.ilc.edu.tw/26150"
2a03:2880:f80e:e:: - - [26/Aug/2026:14:20:30 +0800] "GET /17554/wp-json/wp/v2/posts/171 HTTP/1.1" 200 20900 "-" "Mozilla/5.0 (Windows NT 10.0; Win64; x64) AppleWebKit/537.36 (KHTML, like Gecko) Chrome/145.0.0.0 Safari/537.36 (compatible; meta-externalagent/1.1 (+https://developers.facebook.com/docs/sharing/webmasters/crawler))"
140.111.67.10 - - [26/Aug/2026:14:20:30 +0800] "GET /" 301 273 "-" "-"
2001:4860:7:810::e1 - - [26/Aug/2026:14:20:30 +0800] "GET / HTTP/1.1" 200 29814 "https://www.google.com/" "Mozilla/5.0 (Linux; Android 10; K) AppleWebKit/537.36 (KHTML, like Gecko) Chrome/151.0.0.0 Mobile Safari/537.36"
66.249.79.163 - - [26/Aug/2026:14:20:31 +0800] "GET /blog/gallery/1374/1374-87474.pdf HTTP/1.1" 404 25470 "-" "Mozilla/5.0 (Linux; Android 6.0.1; Nexus 5X Build/MMB29P) AppleWebKit/537.36 (KHTML, like Gecko) Chrome/151.0.7922.173 Mobile Safari/537.36 (compatible; GoogleOther)"
::1 - - [26/Aug/2026:14:20:31 +0800] "OPTIONS * HTTP/1.0" 200 110 "-" "Apache/2.4.68 (Ubuntu) OpenSSL/3.0.19 (internal dummy connection)"
66.249.79.163 - - [26/Aug/2026:14:20:32 +0800] "POST /1130801q/wp-json/ilc-summary/v1/popular-posts HTTP/1.1" 201 1275 "https://2blog.ilc.edu.tw/1130801q/2025/02/12/113%E5%AD%B8%E5%B9%B4%E5%BA%A6%E7%AC%AC%E4%BA%8C%E5%AD%B8%E6%9C%9F%E5%AD%B8%E7%94%9F%E8%A1%8C%E4%BA%8B%E7%B0%A1%E6%9B%86/" "Mozilla/5.0 (Linux; Android 6.0.1; Nexus 5X Build/MMB29P) AppleWebKit/537.36 (KHTML, like Gecko) Chrome/151.0.7922.173 Mobile Safari/537.36 (compatible; Googlebot/2.1; +http://www.google.com/bot.html)"
2a03:2880:f802:2:: - - [26/Aug/2026:14:20:31 +0800] "GET /32745/2024/02/06/%e9%82%b1%e5%87%b1%e5%87%b1/ HTTP/1.1" 200 90993 "-" "Mozilla/5.0 (Macintosh; Intel Mac OS X 10_15_7) AppleWebKit/537.36 (KHTML, like Gecko) Chrome/145.0.0.0 Safari/537.36 (compatible; meta-externalagent/1.1 (+https://developers.facebook.com/docs/sharing/webmasters/crawler))"
118.165.147.94 - - [26/Aug/2026:14:20:32 +0800] "-" 408 339 "-" "-"
57.141.2.34 - - [26/Aug/2026:14:20:32 +0800] "GET /16824/2024/04/ HTTP/1.1" 200 14346 "-" "Mozilla/5.0 (Windows NT 10.0; Win64; x64) AppleWebKit/537.36 (KHTML, like Gecko) Chrome/145.0.0.0 Safari/537.36 (compatible; meta-externalagent/1.1 (+https://developers.facebook.com/docs/sharing/webmasters/crawler))"
::1 - - [26/Aug/2026:14:20:32 +0800] "OPTIONS * HTTP/1.0" 200 110 "-" "Apache/2.4.68 (Ubuntu) OpenSSL/3.0.19 (internal dummy connection)"
2001:288:a201::66:125 - - [26/Aug/2026:14:20:33 +0800] "GET /blog/active.php HTTP/1.1" 404 1084 "-" "-"
2001:288:a201::66:125 - - [26/Aug/2026:14:20:33 +0800] "GET /blog/active.php HTTP/1.1" 301 1026 "-" "-"
2a03:2880:f802:e:: - - [26/Aug/2026:14:20:32 +0800] "GET /16824/2011/12/ HTTP/1.1" 200 14835 "-" "Mozilla/5.0 (Windows NT 10.0; Win64; x64) AppleWebKit/537.36 (KHTML, like Gecko) Chrome/145.0.0.0 Safari/537.36 Edg/145.0.0.0 (compatible; meta-externalagent/1.1 (+https://developers.facebook.com/docs/sharing/webmasters/crawler))"
2001:288:a230:1:8cd:4bef:259:678f - - [26/Aug/2026:14:20:33 +0800] "-" 408 4803 "-" "-"
34.30.223.149 - - [26/Aug/2026:14:20:33 +0800] "GET /32745/?p=62057 HTTP/1.1" 301 5649 "-" "Mozilla/5.0 (Macintosh; Intel Mac OS X 10_15_7) AppleWebKit/537.36 (KHTML, like Gecko) Chrome/120.0.0.0 Safari/537.36"
::1 - - [26/Aug/2026:14:20:33 +0800] "OPTIONS * HTTP/1.0" 200 110 "-" "Apache/2.4.68 (Ubuntu) OpenSSL/3.0.19 (internal dummy connection)"
66.249.71.37 - - [26/Aug/2026:14:20:33 +0800] "GET /1130801q/wp-content/themes/textbook/assets/js/navigation.js HTTP/1.1" 200 7710 "https://2blog.ilc.edu.tw/1130801q/2025/02/12/113%E5%AD%B8%E5%B9%B4%E5%BA%A6%E7%AC%AC%E4%BA%8C%E5%AD%B8%E6%9C%9F%E5%AD%B8%E7%94%9F%E8%A1%8C%E4%BA%8B%E7%B0%A1%E6%9B%86/" "Mozilla/5.0 (Linux; Android 6.0.1; Nexus 5X Build/MMB29P) AppleWebKit/537.36 (KHTML, like Gecko) Chrome/151.0.7922.173 Mobile Safari/537.36 (compatible; Googlebot/2.1; +http://www.google.com/bot.html)"
2001:288:a260:1:3cb2:7a81:9cd3:a745 - - [26/Aug/2026:14:20:33 +0800] "POST /wp-admin/admin-ajax.php HTTP/1.1" 200 1459 "https://2blog.ilc.edu.tw/wp-admin/my-sites.php" "Mozilla/5.0 (Windows NT 10.0; Win64; x64) AppleWebKit/537.36 (KHTML, like Gecko) Chrome/151.0.0.0 Safari/537.36"
2a03:2880:f802:27:: - - [26/Aug/2026:14:20:34 +0800] "GET /2711/2021/10/16/%e8%8d%89%e5%b6%ba%e5%8f%a4%e9%81%93%e5%81%a5%e8%a1%8c%e8%b6%a3/ HTTP/1.1" 200 16330 "-" "Mozilla/5.0 (Windows NT 10.0; Win64; x64) AppleWebKit/537.36 (KHTML, like Gecko) Chrome/145.0.0.0 Safari/537.36 (compatible; meta-externalagent/1.1 (+https://developers.facebook.com/docs/sharing/webmasters/crawler))"
52.167.144.236 - - [26/Aug/2026:14:20:34 +0800] "GET /1003/?s=%E4%BD%8E%E9%9B%BB%E4%BD%8D%E5%88%B0%E9%AB%98%E9%9B%BB%E4%BD%8D%E9%9F%B3%E6%AA%94 HTTP/1.1" 200 13806 "-" "Mozilla/5.0 AppleWebKit/537.36 (KHTML, like Gecko; compatible; bingbot/2.0; +http://www.bing.com/bingbot.htm) Chrome/116.0.1938.76 Safari/537.36"
::1 - - [26/Aug/2026:14:20:34 +0800] "OPTIONS * HTTP/1.0" 200 110 "-" "Apache/2.4.68 (Ubuntu) OpenSSL/3.0.19 (internal dummy connection)"
2001:b011:7806:98aa:e46d:3bad:845e:18ff - - [26/Aug/2026:14:20:34 +0800] "GET /favicon.ico HTTP/1.1" 302 1313 "https://www.csps.ilc.edu.tw/wp-content/uploads/sites/47/2025/11/CSPS-%E6%A0%A1%E5%9C%92%E5%AE%89%E5%85%A8%E5%9C%B0%E5%9C%96.png" "Mozilla/5.0 (Windows NT 10.0; Win64; x64) AppleWebKit/537.36 (KHTML, like Gecko) Chrome/151.0.0.0 Safari/537.36 Edg/151.0.0.0"
74.125.150.165 - - [26/Aug/2026:14:20:35 +0800] "GET /wp-content/cache/www.najh.ilc.edu.tw/wpfc-minified/kz7ju7r3/6wh9.css HTTP/1.1" 200 5944 "https://www.najh.ilc.edu.tw/" "AdsBot-Google (+http://www.google.com/adsbot.html)"
74.125.150.167 - - [26/Aug/2026:14:20:35 +0800] "GET /wp-includes/js/hoverintent-js.min.js HTTP/1.1" 200 6384 "https://www.najh.ilc.edu.tw/" "AdsBot-Google (+http://www.google.com/adsbot.html)"
74.125.150.167 - - [26/Aug/2026:14:20:35 +0800] "GET /wp-content/cache/www.najh.ilc.edu.tw/wpfc-minified/31mbn6pb/6xg2.css HTTP/1.1" 200 92236 "https://www.najh.ilc.edu.tw/" "AdsBot-Google (+http://www.google.com/adsbot.html)"
140.111.67.10 - - [26/Aug/2026:14:20:35 +0800] "GET /" 301 273 "-" "-"
74.125.150.165 - - [26/Aug/2026:14:20:35 +0800] "GET /wp-content/cache/www.najh.ilc.edu.tw/wpfc-minified/87xhsi2d/6wh9.css HTTP/1.1" 200 4322 "https://www.najh.ilc.edu.tw/" "AdsBot-Google (+http://www.google.com/adsbot.html)"
74.125.150.167 - - [26/Aug/2026:14:20:35 +0800] "GET /wp-content/cache/www.najh.ilc.edu.tw/wpfc-minified/13nuqams/6xg2.css HTTP/1.1" 200 9989 "https://www.najh.ilc.edu.tw/" "AdsBot-Google (+http://www.google.com/adsbot.html)"
74.125.150.165 - - [26/Aug/2026:14:20:36 +0800] "GET /wp-content/uploads/sites/1148/elementor/css/post-1409.css HTTP/1.1" 200 1228 "https://www.najh.ilc.edu.tw/" "AdsBot-Google (+http://www.google.com/adsbot.html)"
74.125.150.167 - - [26/Aug/2026:14:20:36 +0800] "GET /wp-content/cache/www.najh.ilc.edu.tw/wpfc-minified/k0kc5650/6wh9.js HTTP/1.1" 200 35558 "https://www.najh.ilc.edu.tw/" "AdsBot-Google (+http://www.google.com/adsbot.html)"
74.125.150.166 - - [26/Aug/2026:14:20:37 +0800] "GET /wp-content/cache/www.najh.ilc.edu.tw/wpfc-minified/1f13uvw/6wh9.css HTTP/1.1" 200 45671 "https://www.najh.ilc.edu.tw/" "AdsBot-Google (+http://www.google.com/adsbot.html)"
2a03:2880:f802:2a:: - - [26/Aug/2026:14:20:37 +0800] "GET /2373/2023/05/10/111%e5%ad%b8%e5%b9%b4%e5%ba%a660%e5%85%ac%e5%b0%ba%e5%be%91%e8%b3%bd%e7%9b%b4%e7%b7%9a%e8%b7%91%e7%b4%80%e9%8c%84/ HTTP/1.1" 200 21861 "-" "Mozilla/5.0 (Macintosh; Intel Mac OS X 10_15_7) AppleWebKit/537.36 (KHTML, like Gecko) Chrome/145.0.0.0 Safari/537.36 (compatible; meta-externalagent/1.1 (+https://developers.facebook.com/docs/sharing/webmasters/crawler))"
2a03:2880:f802:27:: - - [26/Aug/2026:14:20:36 +0800] "GET /32745/2023/11/12/%e6%82%b2%e6%83%85%e9%b4%9b%e9%b4%a6%e5%a4%a2-2/ HTTP/1.1" 200 92309 "-" "Mozilla/5.0 (Windows NT 10.0; Win64; x64) AppleWebKit/537.36 (KHTML, like Gecko) Chrome/145.0.0.0 Safari/537.36 (compatible; meta-externalagent/1.1 (+https://developers.facebook.com/docs/sharing/webmasters/crawler))"
74.125.150.166 - - [26/Aug/2026:14:20:37 +0800] "GET /wp-includes/js/admin-bar.min.js HTTP/1.1" 200 7024 "https://www.najh.ilc.edu.tw/" "AdsBot-Google (+http://www.google.com/adsbot.html)"
74.125.150.165 - - [26/Aug/2026:14:20:37 +0800] "GET /wp-includes/js/imagesloaded.min.js HTTP/1.1" 200 2683 "https://www.najh.ilc.edu.tw/" "AdsBot-Google (+http://www.google.com/adsbot.html)"
2a03:2880:f802:33:: - - [26/Aug/2026:14:20:37 +0800] "GET /6486/wp-json/wp/v2/posts/4217 HTTP/1.1" 200 59491 "-" "Mozilla/5.0 (Windows NT 10.0; Win64; x64; rv:147.0) Gecko/20100101 Firefox/147.0 (compatible; meta-externalagent/1.1 (+https://developers.facebook.com/docs/sharing/webmasters/crawler))"
2001:288:a201::66:125 - - [26/Aug/2026:14:20:38 +0800] "GET /blog/active.php HTTP/1.1" 404 1084 "-" "-"
2001:288:a201::66:125 - - [26/Aug/2026:14:20:38 +0800] "GET /blog/active.php HTTP/1.1" 301 1026 "-" "-"
2a03:2880:f802:42:: - - [26/Aug/2026:14:20:37 +0800] "GET /41795/2025/09/03/114%e5%b9%b49%e6%9c%883%e6%97%a5%e9%80%b1%e4%b8%89%e5%9b%9e%e5%ae%b6%e4%bd%9c%e6%a5%ad%e5%90%ab%e6%b3%a8%e6%84%8f%e4%ba%8b%e9%a0%85/ HTTP/1.1" 200 16735 "-" "Mozilla/5.0 (Windows NT 10.0; Win64; x64) AppleWebKit/537.36 (KHTML, like Gecko) Chrome/145.0.0.0 Safari/537.36 (compatible; meta-externalagent/1.1 (+https://developers.facebook.com/docs/sharing/webmasters/crawler))"
74.125.150.167 - - [26/Aug/2026:14:20:38 +0800] "GET /wp-content/themes/oceanwp/assets/js/drop-down-search.min.js HTTP/1.1" 200 2968 "https://www.najh.ilc.edu.tw/" "AdsBot-Google (+http://www.google.com/adsbot.html)"
2a03:2880:f802:43:: - - [26/Aug/2026:14:20:38 +0800] "GET /6437/2013/09/21/102-103-%e7%92%b0%e5%a2%83%e6%95%99%e8%82%b2%e6%b4%bb%e5%8b%95%e6%88%90%e6%9e%9c%e5%88%86%e4%ba%ab/ HTTP/1.1" 200 16171 "-" "Mozilla/5.0 (Macintosh; Intel Mac OS X 10_15_7) AppleWebKit/537.36 (KHTML, like Gecko) Chrome/145.0.0.0 Safari/537.36 (compatible; meta-externalagent/1.1 (+https://developers.facebook.com/docs/sharing/webmasters/crawler))"
74.125.150.166 - - [26/Aug/2026:14:20:38 +0800] "GET /wp-content/themes/oceanwp/assets/js/scroll-effect.min.js HTTP/1.1" 200 4127 "https://www.najh.ilc.edu.tw/" "AdsBot-Google (+http://www.google.com/adsbot.html)"
2001:4860:7:b10::f4 - - [26/Aug/2026:14:20:38 +0800] "GET /3860/2012/12/29/%E7%96%BC%E7%97%9B-%E7%96%BC%E6%83%9C-%E7%97%9B%E7%96%BC%E7%97%9B/ HTTP/1.1" 200 32040 "https://www.google.com/" "Mozilla/5.0 (Macintosh; Intel Mac OS X 10_15_7) AppleWebKit/537.36 (KHTML, like Gecko) Chrome/150.0.0.0 Safari/537.36"
74.125.150.166 - - [26/Aug/2026:14:20:39 +0800] "GET /wp-content/themes/oceanwp/assets/js/ow-slider.min.js HTTP/1.1" 200 1761 "https://www.najh.ilc.edu.tw/" "AdsBot-Google (+http://www.google.com/adsbot.html)"
2a03:2880:f802:33:: - - [26/Aug/2026:14:20:39 +0800] "GET /6553/category/c-22707/page/1/ HTTP/1.1" 301 5772 "-" "Mozilla/5.0 (Windows NT 10.0; Win64; x64) AppleWebKit/537.36 (KHTML, like Gecko) Chrome/144.0.0.0 Safari/537.36 Edg/144.0.0.0 (compatible; meta-externalagent/1.1 (+https://developers.facebook.com/docs/sharing/webmasters/crawler))"
66.249.79.163 - - [26/Aug/2026:14:20:39 +0800] "GET /bella520/wp-content/uploads/sites/1456/2020/10/IMG_1634.jpg HTTP/1.1" 200 75816 "-" "Googlebot-Image/1.0"
74.125.150.165 - - [26/Aug/2026:14:20:39 +0800] "GET /wp-includes/js/mediaelement/renderers/vimeo.min.js HTTP/1.1" 200 3164 "https://www.najh.ilc.edu.tw/" "AdsBot-Google (+http://www.google.com/adsbot.html)"
::1 - - [26/Aug/2026:14:20:39 +0800] "OPTIONS * HTTP/1.0" 200 110 "-" "Apache/2.4.68 (Ubuntu) OpenSSL/3.0.19 (internal dummy connection)"
2a03:2880:f802:3b:: - - [26/Aug/2026:14:20:38 +0800] "GET /32745/category/%e6%9d%8e%e5%8d%83%e5%a8%9c/page/2/ HTTP/1.1" 200 91430 "-" "Mozilla/5.0 (Macintosh; Intel Mac OS X 10_15_7) AppleWebKit/537.36 (KHTML, like Gecko) Chrome/145.0.0.0 Safari/537.36 (compatible; meta-externalagent/1.1 (+https://developers.facebook.com/docs/sharing/webmasters/crawler))"
74.125.150.166 - - [26/Aug/2026:14:20:40 +0800] "GET /wp-content/themes/oceanwp/assets/js/scroll-top.min.js HTTP/1.1" 200 3202 "https://www.najh.ilc.edu.tw/" "AdsBot-Google (+http://www.google.com/adsbot.html)"
140.111.67.10 - - [26/Aug/2026:14:20:40 +0800] "GET /" 301 273 "-" "-"
74.125.150.166 - - [26/Aug/2026:14:20:40 +0800] "GET /wp-includes/js/mediaelement/mediaelement-migrate.min.js HTTP/1.1" 200 1419 "https://www.najh.ilc.edu.tw/" "AdsBot-Google (+http://www.google.com/adsbot.html)"
2a03:2880:f802:2a:: - - [26/Aug/2026:14:20:40 +0800] "GET /6461/2016/11/01/ HTTP/1.1" 200 14417 "-" "Mozilla/5.0 (Macintosh; Intel Mac OS X 10_15_7) AppleWebKit/537.36 (KHTML, like Gecko) Chrome/145.0.0.0 Safari/537.36 (compatible; meta-externalagent/1.1 (+https://developers.facebook.com/docs/sharing/webmasters/crawler))"
74.125.150.166 - - [26/Aug/2026:14:20:41 +0800] "GET /wp-content/themes/oceanwp/assets/js/drop-down-mobile-menu.min.js HTTP/1.1" 200 4663 "https://www.najh.ilc.edu.tw/" "AdsBot-Google (+http://www.google.com/adsbot.html)"
69.143.32.172 - - [26/Aug/2026:14:20:41 +0800] "GET /blog/3228 HTTP/1.1" 301 1014 "-" "Mozilla/5.0 (Macintosh; Intel Mac OS X 10_15_7) AppleWebKit/537.36 (KHTML, like Gecko) Chrome/119.0.0.0 Safari/537.36"
66.249.71.170 - - [26/Aug/2026:14:20:41 +0800] "GET /blog/blog/6430/resource/45893/576938 HTTP/1.1" 301 1105 "-" "Mozilla/5.0 (Linux; Android 6.0.1; Nexus 5X Build/MMB29P) AppleWebKit/537.36 (KHTML, like Gecko) Chrome/151.0.7922.173 Mobile Safari/537.36 (compatible; GoogleOther)"
74.125.150.166 - - [26/Aug/2026:14:20:41 +0800] "GET /wp-content/plugins/ocean-extra/includes/widgets/js/flickr.min.js HTTP/1.1" 200 1319 "https://www.najh.ilc.edu.tw/" "AdsBot-Google (+http://www.google.com/adsbot.html)"
57.141.2.69 - - [26/Aug/2026:14:20:41 +0800] "GET /32745/category/%e7%8e%8b%e6%96%87/ HTTP/1.1" 200 90648 "-" "Mozilla/5.0 (Macintosh; Intel Mac OS X 10_15_7) AppleWebKit/537.36 (KHTML, like Gecko) Chrome/145.0.0.0 Safari/537.36 (compatible; meta-externalagent/1.1 (+https://developers.facebook.com/docs/sharing/webmasters/crawler))"
66.249.71.37 - - [26/Aug/2026:14:20:42 +0800] "POST /1279/wp-json/ilc-summary/v1/popular-posts HTTP/1.1" 201 6050 "https://2blog.ilc.edu.tw/1279/2018/10/31/10-27-107%E5%B9%B4%E5%9C%8B%E5%B0%8F%E4%BD%8E%E5%B9%B4%E7%B4%9A%E4%B8%8D%E6%8F%92%E9%9B%BB%E8%B3%87%E8%A8%8A%E9%9B%BB%E8%85%A6%E8%AA%B2part-01-%E5%8F%B0%E5%8C%97%E5%B8%82%E5%8D%9A%E6%84%9B/" "Mozilla/5.0 (Linux; Android 6.0.1; Nexus 5X Build/MMB29P) AppleWebKit/537.36 (KHTML, like Gecko) Chrome/151.0.7922.173 Mobile Safari/537.36 (compatible; Googlebot/2.1; +http://www.google.com/bot.html)"
74.125.150.166 - - [26/Aug/2026:14:20:42 +0800] "GET /wp-content/plugins/elementor/assets/js/webpack.runtime.min.js HTTP/1.1" 200 3095 "https://www.najh.ilc.edu.tw/" "AdsBot-Google (+http://www.google.com/adsbot.html)"
34.10.180.98 - - [26/Aug/2026:14:20:42 +0800] "GET /6537/2010/10/08/%E5%9B%9B-6-%E5%AE%9A%E6%9C%9F%E8%B3%87%E6%BA%90%E5%9B%9E%E6%94%B6%E4%B8%A6%E5%91%88%E5%A0%B1%E9%84%89%E5%85%AC%E6%89%80/ HTTP/1.1" 200 15865 "-" "Mozilla/5.0 (Macintosh; Intel Mac OS X 10_15_7) AppleWebKit/537.36 (KHTML, like Gecko) Chrome/120.0.0.0 Safari/537.36"
2a03:2880:f802:41:: - - [26/Aug/2026:14:20:42 +0800] "GET /6553/category/c-22707/ HTTP/1.1" 200 15474 "-" "Mozilla/5.0 (Windows NT 10.0; Win64; x64) AppleWebKit/537.36 (KHTML, like Gecko) Chrome/144.0.0.0 Safari/537.36 Edg/144.0.0.0 (compatible; meta-externalagent/1.1 (+https://developers.facebook.com/docs/sharing/webmasters/crawler))"
34.199.252.22 - - [26/Aug/2026:14:20:42 +0800] "GET /wp-content/uploads/sites/2211/2022/08/ HTTP/1.1" 200 1113 "-" "Mozilla/5.0 AppleWebKit/537.36 (KHTML, like Gecko; compatible; Amazonbot/0.1; +https://developer.amazon.com/support/amazonbot) Chrome/119.0.6045.214 Safari/537.36"
74.125.150.165 - - [26/Aug/2026:14:20:43 +0800] "GET /wp-content/themes/oceanwp/assets/js/theme.min.js HTTP/1.1" 200 5130 "https://www.najh.ilc.edu.tw/" "AdsBot-Google (+http://www.google.com/adsbot.html)"
2001:288:a201::66:125 - - [26/Aug/2026:14:20:43 +0800] "GET /blog/active.php HTTP/1.1" 301 1026 "-" "-"
2001:288:a201::66:125 - - [26/Aug/2026:14:20:43 +0800] "GET /blog/active.php HTTP/1.1" 404 1084 "-" "-"
2a03:2880:f802:e:: - - [26/Aug/2026:14:20:43 +0800] "GET /3642/2017/06/21/6%e6%9c%88%e3%80%82%e3%80%8ccsi%e7%8a%af%e7%bd%aa%e7%8f%be%e5%a0%b4%e3%80%8d%e4%b8%bb%e9%a1%8c%e8%aa%b2%e7%a8%8bg2%e5%b0%91%e5%b9%b4%e5%ad%b8%e5%81%b5%e6%8e%a2csi/ HTTP/1.1" 200 21054 "-" "Mozilla/5.0 (Macintosh; Intel Mac OS X 10_15_7) AppleWebKit/537.36 (KHTML, like Gecko) Chrome/145.0.0.0 Safari/537.36 (compatible; meta-externalagent/1.1 (+https://developers.facebook.com/docs/sharing/webmasters/crawler))"
74.125.150.165 - - [26/Aug/2026:14:20:43 +0800] "GET /wp-content/themes/oceanwp/assets/js/vendors/magnific-popup.min.js HTTP/1.1" 200 8270 "https://www.najh.ilc.edu.tw/" "AdsBot-Google (+http://www.google.com/adsbot.html)"
74.125.150.165 - - [26/Aug/2026:14:20:43 +0800] "GET /wp-content/plugins/elementor/assets/js/frontend.min.js HTTP/1.1" 200 13169 "https://www.najh.ilc.edu.tw/" "AdsBot-Google (+http://www.google.com/adsbot.html)"
66.249.71.37 - - [26/Aug/2026:14:20:44 +0800] "GET /1279/wp-content/themes/hueman/assets/front/js/scripts.min.js HTTP/1.1" 200 22643 "https://2blog.ilc.edu.tw/1279/2018/10/31/10-27-107%E5%B9%B4%E5%9C%8B%E5%B0%8F%E4%BD%8E%E5%B9%B4%E7%B4%9A%E4%B8%8D%E6%8F%92%E9%9B%BB%E8%B3%87%E8%A8%8A%E9%9B%BB%E8%85%A6%E8%AA%B2part-01-%E5%8F%B0%E5%8C%97%E5%B8%82%E5%8D%9A%E6%84%9B/" "Mozilla/5.0 (Linux; Android 6.0.1; Nexus 5X Build/MMB29P) AppleWebKit/537.36 (KHTML, like Gecko) Chrome/151.0.7922.173 Mobile Safari/537.36 (compatible; Googlebot/2.1; +http://www.google.com/bot.html)"
75.206.154.68 - - [26/Aug/2026:14:20:44 +0800] "GET /blog/blog/25793/post/78462/514410 HTTP/1.1" 301 1062 "-" "Mozilla/5.0 (Windows NT 10.0; Win64; x64) AppleWebKit/537.36 (KHTML, like Gecko) Chrome/104.0.0.0 Safari/537.36"
74.125.150.165 - - [26/Aug/2026:14:20:44 +0800] "GET /wp-includes/js/mediaelement/mediaelement-and-player.min.js HTTP/1.1" 200 39802 "https://www.najh.ilc.edu.tw/" "AdsBot-Google (+http://www.google.com/adsbot.html)"
40.77.167.77 - - [26/Aug/2026:14:20:44 +0800] "GET /2023/02/09/%E8%BD%89%E7%9F%A5%E5%AE%A2%E5%AE%B6%E5%A7%94%E5%93%A1%E6%9C%83%E8%BE%A6%E7%90%86%E3%80%8C112%E5%B9%B4%E4%B8%AD%E5%B0%8F%E5%AD%B8%E5%85%A8%E5%9C%8B%E5%AE%A2%E5%AE%B6%E8%97%9D%E6%96%87%E7%AB%B6/ HTTP/1.1" 200 51321 "-" "Mozilla/5.0 AppleWebKit/537.36 (KHTML, like Gecko; compatible; bingbot/2.0; +http://www.bing.com/bingbot.htm) Chrome/116.0.1938.76 Safari/537.36"
69.91.136.96 - - [26/Aug/2026:14:20:44 +0800] "GET /wp-content/uploads/sites/2144/4452/4452-3512983.jpg HTTP/1.1" 200 27096 "-" "Mozilla/5.0 (compatible; crawler)"
2001:4860:7:410::fd - - [26/Aug/2026:14:20:44 +0800] "GET /41336/2024-05-03%E5%8D%97%E5%B8%82%E3%80%8C%E7%AC%AC%E5%85%AB%E5%B1%86%E7%89%B9%E6%AE%8A%E6%95%99%E8%82%B2%E6%95%99%E6%9D%90%E6%95%99%E5%85%B7%E8%A3%BD%E4%BD%9C%E5%8F%8A%E6%95%99%E6%A1%88%E8%A8%AD%E8%A8%88/ HTTP/1.1" 200 26475 "https://www.google.com/" "Mozilla/5.0 (Windows NT 10.0; Win64; x64) AppleWebKit/537.36 (KHTML, like Gecko) Chrome/152.0.0.0 Safari/537.36"
2a03:2880:f802:2a:: - - [26/Aug/2026:14:20:43 +0800] "GET /32745/2023/01/24/%e7%94%b2%e5%ad%90%e6%85%a7vs%e9%99%b3%e5%81%89%e5%bc%b7/ HTTP/1.1" 200 91112 "-" "Mozilla/5.0 (Macintosh; Intel Mac OS X 10_15_7) AppleWebKit/537.36 (KHTML, like Gecko) Chrome/145.0.0.0 Safari/537.36 (compatible; meta-externalagent/1.1 (+https://developers.facebook.com/docs/sharing/webmasters/crawler))"
216.73.217.64 - - [26/Aug/2026:14:20:44 +0800] "GET /41799/author/su/page/31/ HTTP/1.1" 200 17989 "-" "Mozilla/5.0 AppleWebKit/537.36 (KHTML, like Gecko; compatible; ClaudeBot/1.0; +claudebot@anthropic.com)"
74.125.150.165 - - [26/Aug/2026:14:20:44 +0800] "GET /wp-content/plugins/elementor/assets/lib/waypoints/waypoints.min.js HTTP/1.1" 200 3873 "https://www.najh.ilc.edu.tw/" "AdsBot-Google (+http://www.google.com/adsbot.html)"
97.218.238.29 - - [26/Aug/2026:14:20:45 +0800] "GET /blog/blog/131/post/2859/125610 HTTP/1.1" 301 1056 "-" "Mozilla/5.0 (Macintosh; Intel Mac OS X 10_15_7) AppleWebKit/537.36 (KHTML, like Gecko) Chrome/119.0.0.0 Safari/537.36"
74.125.150.165 - - [26/Aug/2026:14:20:45 +0800] "GET /wp-content/themes/oceanwp/assets/js/vendors/flickity.pkgd.min.js HTTP/1.1" 200 15048 "https://www.najh.ilc.edu.tw/" "AdsBot-Google (+http://www.google.com/adsbot.html)"
140.111.67.10 - - [26/Aug/2026:14:20:45 +0800] "GET /" 301 273 "-" "-"
2a03:2880:f802:2a:: - - [26/Aug/2026:14:20:45 +0800] "GET /6512/2014/ HTTP/1.1" 200 15282 "-" "Mozilla/5.0 (Windows NT 10.0; Win64; x64) AppleWebKit/537.36 (KHTML, like Gecko) Chrome/145.0.0.0 Safari/537.36 (compatible; meta-externalagent/1.1 (+https://developers.facebook.com/docs/sharing/webmasters/crawler))"
74.125.150.165 - - [26/Aug/2026:14:20:45 +0800] "GET /wp-content/plugins/elementor/assets/js/frontend-modules.min.js HTTP/1.1" 200 19416 "https://www.najh.ilc.edu.tw/" "AdsBot-Google (+http://www.google.com/adsbot.html)"
74.125.150.165 - - [26/Aug/2026:14:20:46 +0800] "GET /wp-content/themes/oceanwp/assets/js/select.min.js HTTP/1.1" 200 2408 "https://www.najh.ilc.edu.tw/" "AdsBot-Google (+http://www.google.com/adsbot.html)"
216.73.217.64 - - [26/Aug/2026:14:20:46 +0800] "GET /9536/?p=52255 HTTP/1.1" 301 5885 "-" "Mozilla/5.0 AppleWebKit/537.36 (KHTML, like Gecko; compatible; ClaudeBot/1.0; +claudebot@anthropic.com)"
216.73.217.64 - - [26/Aug/2026:14:20:46 +0800] "GET /41799/author/su/page/30/ HTTP/1.1" 200 13281 "-" "Mozilla/5.0 AppleWebKit/537.36 (KHTML, like Gecko; compatible; ClaudeBot/1.0; +claudebot@anthropic.com)"
74.125.150.165 - - [26/Aug/2026:14:20:46 +0800] "GET /wp-includes/js/jquery/ui/core.min.js HTTP/1.1" 200 7986 "https://www.najh.ilc.edu.tw/" "AdsBot-Google (+http://www.google.com/adsbot.html)"
74.125.150.165 - - [26/Aug/2026:14:20:46 +0800] "GET /wp-includes/js/mediaelement/wp-mediaelement.min.js HTTP/1.1" 200 1417 "https://www.najh.ilc.edu.tw/" "AdsBot-Google (+http://www.google.com/adsbot.html)"
34.10.180.98 - - [26/Aug/2026:14:20:46 +0800] "GET /6553/2011/12/06/%E6%8E%A1%E8%A1%8C%E7%B6%A0%E5%BB%BA%E7%AF%89%E8%A7%80%E5%BF%B5-%E5%BB%BA%E6%A7%8B%E6%88%96%E4%BF%AE%E7%B9%95%E6%A0%A1%E5%9C%92%E5%A0%B4%E6%89%80%E8%88%87%E8%A8%AD%E6%96%BD-2/ HTTP/1.1" 200 15387 "-" "Mozilla/5.0 (Macintosh; Intel Mac OS X 10_15_7) AppleWebKit/537.36 (KHTML, like Gecko) Chrome/120.0.0.0 Safari/537.36"
52.6.232.201 - - [26/Aug/2026:14:20:47 +0800] "GET /amy6998/wp-json/oembed/1.0/embed?url=https://2blog.ilc.edu.tw/amy6998/2022/08/15/111%25e5%25b9%25b47%25e6%259c%25884%25e6%2597%25a5%25e5%25ae%25b6%25e9%2595%25b7%25e5%25a7%2594%25e5%2593%25a1%25e6%259c%2583/ HTTP/1.1" 200 8544 "-" "Mozilla/5.0 AppleWebKit/537.36 (KHTML, like Gecko; compatible; Amazonbot/0.1; +https://developer.amazon.com/support/amazonbot) Chrome/119.0.6045.214 Safari/537.36"
74.125.150.165 - - [26/Aug/2026:14:20:47 +0800] "GET /wp-content/themes/oceanwp/assets/fonts/fontawesome/webfonts/fa-solid-900.woff2 HTTP/1.1" 200 151246 "https://www.najh.ilc.edu.tw/wp-content/cache/www.najh.ilc.edu.tw/wpfc-minified/31mbn6pb/6xg2.css" "AdsBot-Google (+http://www.google.com/adsbot.html)"
2a03:2880:f802:43:: - - [26/Aug/2026:14:20:46 +0800] "GET /32745/2023/11/05/%e9%9c%a7%e5%a4%9c%e8%88%b9%e7%87%88/ HTTP/1.1" 200 92425 "-" "Mozilla/5.0 (Windows NT 10.0; Win64; x64) AppleWebKit/537.36 (KHTML, like Gecko) Chrome/145.0.0.0 Safari/537.36 (compatible; meta-externalagent/1.1 (+https://developers.facebook.com/docs/sharing/webmasters/crawler))"
