210.69.149.162 - - [26/Aug/2026:14:21:06 +0800] "GET /yilankindergartentest/wp-content/uploads/sites/3484/2022/03/cropped-cropped-228196990_4224825967632457_6292781217540444690_n-4.jpg HTTP/1.1" 200 333959 "https://2blog.ilc.edu.tw/yilankindergartentest/" "Mozilla/5.0 (Windows NT 10.0; Win64; x64) AppleWebKit/537.36 (KHTML, like Gecko) Chrome/151.0.0.0 Safari/537.36"
210.69.149.162 - - [26/Aug/2026:14:21:06 +0800] "GET /yilankindergartentest/wp-includes/js/admin-bar.min.js HTTP/1.1" 200 2237 "https://2blog.ilc.edu.tw/yilankindergartentest/" "Mozilla/5.0 (Windows NT 10.0; Win64; x64) AppleWebKit/537.36 (KHTML, like Gecko) Chrome/151.0.0.0 Safari/537.36"
2a03:2880:f802:f:: - - [26/Aug/2026:14:21:04 +0800] "GET /32745/2023/12/11/%e9%a2%a8%e9%9b%a8-2/ HTTP/1.1" 200 92694 "-" "Mozilla/5.0 (Macintosh; Intel Mac OS X 10_15_7) AppleWebKit/537.36 (KHTML, like Gecko) Chrome/145.0.0.0 Safari/537.36 (compatible; meta-externalagent/1.1 (+https://developers.facebook.com/docs/sharing/webmasters/crawler))"
210.69.149.162 - - [26/Aug/2026:14:21:06 +0800] "GET /yilankindergartentest/wp-content/themes/twentyseventeen/assets/js/skip-link-focus-fix.js HTTP/1.1" 200 1295 "https://2blog.ilc.edu.tw/yilankindergartentest/" "Mozilla/5.0 (Windows NT 10.0; Win64; x64) AppleWebKit/537.36 (KHTML, like Gecko) Chrome/151.0.0.0 Safari/537.36"
210.69.149.162 - - [26/Aug/2026:14:21:06 +0800] "GET /yilankindergartentest/wp-content/themes/twentyseventeen/assets/js/navigation.js HTTP/1.1" 200 2041 "https://2blog.ilc.edu.tw/yilankindergartentest/" "Mozilla/5.0 (Windows NT 10.0; Win64; x64) AppleWebKit/537.36 (KHTML, like Gecko) Chrome/151.0.0.0 Safari/537.36"
1.169.61.222 - - [26/Aug/2026:14:21:06 +0800] "GET /wp-content/uploads/sites/1640/2020/04/LINE_ALBUM__240916_5.jpg HTTP/1.1" 200 1160260 "https://www.lotes.ilc.edu.tw/wp-content/uploads/sites/1640/elementor/css/post-120.css" "Mozilla/5.0 (Linux; Android 10; K) AppleWebKit/537.36 (KHTML, like Gecko) Chrome/151.0.0.0 Mobile Safari/537.36"
210.69.149.162 - - [26/Aug/2026:14:21:06 +0800] "GET /yilankindergartentest/wp-content/themes/twentyseventeen/assets/js/jquery.scrollTo.js HTTP/1.1" 200 3289 "https://2blog.ilc.edu.tw/yilankindergartentest/" "Mozilla/5.0 (Windows NT 10.0; Win64; x64) AppleWebKit/537.36 (KHTML, like Gecko) Chrome/151.0.0.0 Safari/537.36"
211.21.133.30 - - [26/Aug/2026:14:21:06 +0800] "-" 408 339 "-" "-"
210.69.149.162 - - [26/Aug/2026:14:21:06 +0800] "GET /yilankindergartentest/wp-content/themes/twentyseventeen/assets/js/global.js HTTP/1.1" 200 3495 "https://2blog.ilc.edu.tw/yilankindergartentest/" "Mozilla/5.0 (Windows NT 10.0; Win64; x64) AppleWebKit/537.36 (KHTML, like Gecko) Chrome/151.0.0.0 Safari/537.36"
2402:7500:5f5:d89a:51d4:ec2c:1a75:7ede - - [26/Aug/2026:14:21:06 +0800] "GET /wp-content/plugins/elementor-pro/assets/js/animated-headline.3efc6517c2a055f6c242.bundle.min.js HTTP/1.1" 200 3602 "https://www.lotes.ilc.edu.tw/" "Mozilla/5.0 (iPhone; CPU iPhone OS 18_7 like Mac OS X) AppleWebKit/605.1.15 (KHTML, like Gecko) Version/26.6 Mobile/15E148 Safari/604.1"
1.169.61.222 - - [26/Aug/2026:14:21:06 +0800] "GET /wp-content/uploads/sites/1640/2020/04/LINE_ALBUM__240916_6.jpg HTTP/1.1" 200 1683688 "https://www.lotes.ilc.edu.tw/wp-content/uploads/sites/1640/elementor/css/post-120.css" "Mozilla/5.0 (Linux; Android 10; K) AppleWebKit/537.36 (KHTML, like Gecko) Chrome/151.0.0.0 Mobile Safari/537.36"
2402:7500:5f5:d89a:51d4:ec2c:1a75:7ede - - [26/Aug/2026:14:21:07 +0800] "GET /wp-content/uploads/sites/1640/2020/04/LINE_ALBUM__240916_17.jpg HTTP/1.1" 200 483577 "https://www.lotes.ilc.edu.tw/" "Mozilla/5.0 (iPhone; CPU iPhone OS 18_7 like Mac OS X) AppleWebKit/605.1.15 (KHTML, like Gecko) Version/26.6 Mobile/15E148 Safari/604.1"
192.241.150.135 - - [26/Aug/2026:14:21:07 +0800] "GET /blog/resserver.php?blogId=1233&resource=DSC06180.jpg&mode=preview HTTP/1.1" 301 1134 "http://blog.ilc.edu.tw/" "Mozilla/5.0 (Windows NT 10.0; Win64; x64) AppleWebKit/537.36 (KHTML, like Gecko) Chrome/131.0.0.0 Safari/537.36"
54.167.32.123 - - [26/Aug/2026:14:21:07 +0800] "GET /wp-content/uploads/sites/1038/2023/?C=D;O%3DA HTTP/1.1" 200 1322 "-" "Mozilla/5.0 AppleWebKit/537.36 (KHTML, like Gecko; compatible; Amazonbot/0.1; +https://developer.amazon.com/support/amazonbot) Chrome/119.0.6045.214 Safari/537.36"
2402:7500:5f5:d89a:51d4:ec2c:1a75:7ede - - [26/Aug/2026:14:21:07 +0800] "GET /wp-content/uploads/sites/1640/2020/04/LINE_ALBUM__240916_16.jpg HTTP/1.1" 200 559739 "https://www.lotes.ilc.edu.tw/" "Mozilla/5.0 (iPhone; CPU iPhone OS 18_7 like Mac OS X) AppleWebKit/605.1.15 (KHTML, like Gecko) Version/26.6 Mobile/15E148 Safari/604.1"
2402:7500:5f5:d89a:51d4:ec2c:1a75:7ede - - [26/Aug/2026:14:21:07 +0800] "GET /wp-content/uploads/sites/1640/2020/04/LINE_ALBUM__240916_11.jpg HTTP/1.1" 200 1228124 "https://www.lotes.ilc.edu.tw/" "Mozilla/5.0 (iPhone; CPU iPhone OS 18_7 like Mac OS X) AppleWebKit/605.1.15 (KHTML, like Gecko) Version/26.6 Mobile/15E148 Safari/604.1"
2402:7500:5f5:d89a:51d4:ec2c:1a75:7ede - - [26/Aug/2026:14:21:07 +0800] "GET /wp-content/uploads/sites/1640/2020/04/LINE_ALBUM_1130913_%E9%98%B2%E7%81%BD%E6%BC%94%E7%B7%B4%E9%A0%90%E6%BC%94_240916_1.jpg HTTP/1.1" 200 1392466 "https://www.lotes.ilc.edu.tw/" "Mozilla/5.0 (iPhone; CPU iPhone OS 18_7 like Mac OS X) AppleWebKit/605.1.15 (KHTML, like Gecko) Version/26.6 Mobile/15E148 Safari/604.1"
2402:7500:5f5:d89a:51d4:ec2c:1a75:7ede - - [26/Aug/2026:14:21:07 +0800] "GET /wp-content/uploads/sites/1640/2020/04/LINE_ALBUM__240916_8.jpg HTTP/1.1" 200 1446930 "https://www.lotes.ilc.edu.tw/" "Mozilla/5.0 (iPhone; CPU iPhone OS 18_7 like Mac OS X) AppleWebKit/605.1.15 (KHTML, like Gecko) Version/26.6 Mobile/15E148 Safari/604.1"
114.43.230.20 - - [26/Aug/2026:14:21:07 +0800] "-" 408 4806 "-" "-"
2402:7500:5f5:d89a:51d4:ec2c:1a75:7ede - - [26/Aug/2026:14:21:07 +0800] "GET /wp-content/uploads/sites/1640/2020/04/LINE_ALBUM_1130913_%E9%98%B2%E7%81%BD%E6%BC%94%E7%B7%B4%E9%A0%90%E6%BC%94_240916_2.jpg HTTP/1.1" 200 1448116 "https://www.lotes.ilc.edu.tw/" "Mozilla/5.0 (iPhone; CPU iPhone OS 18_7 like Mac OS X) AppleWebKit/605.1.15 (KHTML, like Gecko) Version/26.6 Mobile/15E148 Safari/604.1"
2402:7500:5f5:d89a:51d4:ec2c:1a75:7ede - - [26/Aug/2026:14:21:07 +0800] "GET /wp-content/uploads/sites/1640/2020/04/LINE_ALBUM__240916_5.jpg HTTP/1.1" 200 1160260 "https://www.lotes.ilc.edu.tw/" "Mozilla/5.0 (iPhone; CPU iPhone OS 18_7 like Mac OS X) AppleWebKit/605.1.15 (KHTML, like Gecko) Version/26.6 Mobile/15E148 Safari/604.1"
2402:7500:5f5:d89a:51d4:ec2c:1a75:7ede - - [26/Aug/2026:14:21:07 +0800] "GET /wp-includes/js/mediaelement/mejs-controls.svg HTTP/1.1" 200 5429 "https://www.lotes.ilc.edu.tw/" "Mozilla/5.0 (iPhone; CPU iPhone OS 18_7 like Mac OS X) AppleWebKit/605.1.15 (KHTML, like Gecko) Version/26.6 Mobile/15E148 Safari/604.1"
2402:7500:5f5:d89a:51d4:ec2c:1a75:7ede - - [26/Aug/2026:14:21:07 +0800] "GET /wp-content/uploads/sites/1640/2020/04/LINE_ALBUM__240916_6.jpg HTTP/1.1" 200 1678884 "https://www.lotes.ilc.edu.tw/" "Mozilla/5.0 (iPhone; CPU iPhone OS 18_7 like Mac OS X) AppleWebKit/605.1.15 (KHTML, like Gecko) Version/26.6 Mobile/15E148 Safari/604.1"
2402:7500:5f5:d89a:51d4:ec2c:1a75:7ede - - [26/Aug/2026:14:21:06 +0800] "GET /wp-content/uploads/sites/1640/2020/04/LINE_ALBUM__240916_14.jpg HTTP/1.1" 200 1818535 "https://www.lotes.ilc.edu.tw/" "Mozilla/5.0 (iPhone; CPU iPhone OS 18_7 like Mac OS X) AppleWebKit/605.1.15 (KHTML, like Gecko) Version/26.6 Mobile/15E148 Safari/604.1"
2402:7500:5f5:d89a:51d4:ec2c:1a75:7ede - - [26/Aug/2026:14:21:07 +0800] "GET /wp-content/uploads/sites/1640/2020/04/LINE_ALBUM__240916_7.jpg HTTP/1.1" 200 1720961 "https://www.lotes.ilc.edu.tw/" "Mozilla/5.0 (iPhone; CPU iPhone OS 18_7 like Mac OS X) AppleWebKit/605.1.15 (KHTML, like Gecko) Version/26.6 Mobile/15E148 Safari/604.1"
34.123.149.87 - - [26/Aug/2026:14:21:07 +0800] "GET /32745/2022/11/30/%E6%87%B7%E5%BF%B5%E7%9A%84%E6%84%9B%E4%BA%BA-2/ HTTP/1.1" 200 92577 "-" "Mozilla/5.0 (Macintosh; Intel Mac OS X 10_15_7) AppleWebKit/537.36 (KHTML, like Gecko) Chrome/120.0.0.0 Safari/537.36"
2001:288:a201::66:125 - - [26/Aug/2026:14:21:08 +0800] "GET /blog/active.php HTTP/1.1" 301 1026 "-" "-"
2a03:2880:f802:2a:: - - [26/Aug/2026:14:21:07 +0800] "GET /6571/wp-json/wp/v2/posts/2075 HTTP/1.1" 200 9046 "-" "Mozilla/5.0 (Windows NT 10.0; Win64; x64) AppleWebKit/537.36 (KHTML, like Gecko) Chrome/145.0.0.0 Safari/537.36 (compatible; meta-externalagent/1.1 (+https://developers.facebook.com/docs/sharing/webmasters/crawler))"
2001:288:a201::66:125 - - [26/Aug/2026:14:21:08 +0800] "GET /blog/active.php HTTP/1.1" 404 1084 "-" "-"
2402:7500:5f5:d89a:51d4:ec2c:1a75:7ede - - [26/Aug/2026:14:21:08 +0800] "GET /wp-content/uploads/sites/1640/2020/04/cropped-lotes_title-1-32x32.png HTTP/1.1" 200 3405 "https://www.lotes.ilc.edu.tw/" "Mozilla/5.0 (iPhone; CPU iPhone OS 18_7 like Mac OS X) AppleWebKit/605.1.15 (KHTML, like Gecko) Version/26.6 Mobile/15E148 Safari/604.1"
2402:7500:5f5:d89a:51d4:ec2c:1a75:7ede - - [26/Aug/2026:14:21:08 +0800] "GET /wp-content/uploads/sites/1640/2020/04/cropped-lotes_title-1-192x192.png HTTP/1.1" 200 69665 "https://www.lotes.ilc.edu.tw/" "Mozilla/5.0 (iPhone; CPU iPhone OS 18_7 like Mac OS X) AppleWebKit/605.1.15 (KHTML, like Gecko) Version/26.6 Mobile/15E148 Safari/604.1"
104.248.51.26 - - [26/Aug/2026:14:21:08 +0800] "GET /blog/resserver.php?blogId=1233&resource=DSC06180.jpg&mode=preview HTTP/1.1" 404 5715 "http://blog.ilc.edu.tw/" "Mozilla/5.0 (Windows NT 10.0; Win64; x64) AppleWebKit/537.36 (KHTML, like Gecko) Chrome/131.0.0.0 Safari/537.36"
240e:958:1200:402:be06:333a:7cc8:f - - [26/Aug/2026:14:21:08 +0800] "GET /3860/2019/11/ HTTP/1.1" 200 13573 "-" "Mozilla/5.0 (Windows NT 10.0; Win64; x64) AppleWebKit/537.36 (KHTML, like Gecko) Chrome/144.0.0.0 Safari/537.36"
2a03:2880:f802:3c:: - - [26/Aug/2026:14:21:08 +0800] "GET /6434/2020/11/page/2/ HTTP/1.1" 200 15542 "-" "Mozilla/5.0 (Windows NT 10.0; Win64; x64) AppleWebKit/537.36 (KHTML, like Gecko) Chrome/145.0.0.0 Safari/537.36 (compatible; meta-externalagent/1.1 (+https://developers.facebook.com/docs/sharing/webmasters/crawler))"
192.178.15.130 - - [26/Aug/2026:14:21:09 +0800] "GET / HTTP/1.1" 200 25753 "-" "Mozilla/5.0 (Linux; Android 10; K) AppleWebKit/537.36 (KHTML, like Gecko) Chrome/138.0.0.0 Mobile Safari/537.36 (compatible; Google-Read-Aloud; +https://support.google.com/webmasters/answer/1061943)"
64.227.10.150 - - [26/Aug/2026:14:21:09 +0800] "GET /blog/resserver.php?blogId=1233&resource=SANY0188.JPG&mode=medium HTTP/1.1" 301 1132 "http://blog.ilc.edu.tw/" "Mozilla/5.0 (Windows NT 10.0; Win64; x64) AppleWebKit/537.36 (KHTML, like Gecko) Chrome/131.0.0.0 Safari/537.36"
137.184.202.110 - - [26/Aug/2026:14:21:09 +0800] "GET /blog/resserver.php?blogId=1233&resource=SANY0198.JPG&mode=preview HTTP/1.1" 404 5715 "http://blog.ilc.edu.tw/" "Mozilla/5.0 (Windows NT 10.0; Win64; x64) AppleWebKit/537.36 (KHTML, like Gecko) Chrome/131.0.0.0 Safari/537.36"
::1 - - [26/Aug/2026:14:21:09 +0800] "OPTIONS * HTTP/1.0" 200 110 "-" "Apache/2.4.68 (Ubuntu) OpenSSL/3.0.19 (internal dummy connection)"
34.30.223.149 - - [26/Aug/2026:14:21:09 +0800] "GET /32745/2021/11/06/%E4%B8%80%E7%94%9F%E7%82%BA%E8%91%97%E4%BD%A0/ HTTP/1.1" 200 92426 "-" "Mozilla/5.0 (Macintosh; Intel Mac OS X 10_15_7) AppleWebKit/537.36 (KHTML, like Gecko) Chrome/120.0.0.0 Safari/537.36"
192.178.15.130 - - [26/Aug/2026:14:21:10 +0800] "GET /wp-content/uploads/sites/1640/elementor/css/post-120.css HTTP/1.1" 200 1362 "https://www.lotes.ilc.edu.tw/" "Mozilla/5.0 (Linux; Android 10; K) AppleWebKit/537.36 (KHTML, like Gecko) Chrome/138.0.0.0 Mobile Safari/537.36 (compatible; Google-Read-Aloud; +https://support.google.com/webmasters/answer/1061943)"
192.178.15.129 - - [26/Aug/2026:14:21:10 +0800] "GET /wp-content/uploads/sites/1640/elementor/css/post-273.css HTTP/1.1" 200 6057 "https://www.lotes.ilc.edu.tw/" "Mozilla/5.0 (Linux; Android 10; K) AppleWebKit/537.36 (KHTML, like Gecko) Chrome/138.0.0.0 Mobile Safari/537.36 (compatible; Google-Read-Aloud; +https://support.google.com/webmasters/answer/1061943)"
192.178.15.131 - - [26/Aug/2026:14:21:10 +0800] "GET /wp-content/cache/www.lotes.ilc.edu.tw/wpfc-minified/89r6c7e0/6vyb.css HTTP/1.1" 200 5946 "https://www.lotes.ilc.edu.tw/" "Mozilla/5.0 (Linux; Android 10; K) AppleWebKit/537.36 (KHTML, like Gecko) Chrome/138.0.0.0 Mobile Safari/537.36 (compatible; Google-Read-Aloud; +https://support.google.com/webmasters/answer/1061943)"
192.178.15.129 - - [26/Aug/2026:14:21:10 +0800] "GET /wp-content/cache/www.lotes.ilc.edu.tw/wpfc-minified/223e2on5/83pv9.css HTTP/1.1" 200 65509 "https://www.lotes.ilc.edu.tw/" "Mozilla/5.0 (Linux; Android 10; K) AppleWebKit/537.36 (KHTML, like Gecko) Chrome/138.0.0.0 Mobile Safari/537.36 (compatible; Google-Read-Aloud; +https://support.google.com/webmasters/answer/1061943)"
192.178.15.130 - - [26/Aug/2026:14:21:10 +0800] "GET /wp-content/cache/www.lotes.ilc.edu.tw/wpfc-minified/8axcrfkt/6vyb.css HTTP/1.1" 200 29882 "https://www.lotes.ilc.edu.tw/" "Mozilla/5.0 (Linux; Android 10; K) AppleWebKit/537.36 (KHTML, like Gecko) Chrome/138.0.0.0 Mobile Safari/537.36 (compatible; Google-Read-Aloud; +https://support.google.com/webmasters/answer/1061943)"
192.178.15.129 - - [26/Aug/2026:14:21:10 +0800] "GET /wp-content/cache/www.lotes.ilc.edu.tw/wpfc-minified/9i9mg4bm/6vyb.css HTTP/1.1" 200 45675 "https://www.lotes.ilc.edu.tw/" "Mozilla/5.0 (Linux; Android 10; K) AppleWebKit/537.36 (KHTML, like Gecko) Chrome/138.0.0.0 Mobile Safari/537.36 (compatible; Google-Read-Aloud; +https://support.google.com/webmasters/answer/1061943)"
192.178.15.130 - - [26/Aug/2026:14:21:10 +0800] "GET /wp-content/cache/www.lotes.ilc.edu.tw/wpfc-minified/7v2t3f1i/6vyb.css HTTP/1.1" 200 52076 "https://www.lotes.ilc.edu.tw/" "Mozilla/5.0 (Linux; Android 10; K) AppleWebKit/537.36 (KHTML, like Gecko) Chrome/138.0.0.0 Mobile Safari/537.36 (compatible; Google-Read-Aloud; +https://support.google.com/webmasters/answer/1061943)"
192.178.15.131 - - [26/Aug/2026:14:21:10 +0800] "GET /wp-content/cache/www.lotes.ilc.edu.tw/wpfc-minified/9i9mg4bm/6vyb.css HTTP/1.1" 200 45675 "https://www.lotes.ilc.edu.tw/" "Mozilla/5.0 (Linux; Android 10; K) AppleWebKit/537.36 (KHTML, like Gecko) Chrome/138.0.0.0 Mobile Safari/537.36 (compatible; Google-Read-Aloud; +https://support.google.com/webmasters/answer/1061943)"
192.178.15.129 - - [26/Aug/2026:14:21:10 +0800] "GET /wp-content/cache/www.lotes.ilc.edu.tw/wpfc-minified/89r6c7e0/6vyb.css HTTP/1.1" 200 5946 "https://www.lotes.ilc.edu.tw/" "Mozilla/5.0 (Linux; Android 10; K) AppleWebKit/537.36 (KHTML, like Gecko) Chrome/138.0.0.0 Mobile Safari/537.36 (compatible; Google-Read-Aloud; +https://support.google.com/webmasters/answer/1061943)"
192.178.15.130 - - [26/Aug/2026:14:21:10 +0800] "GET /wp-content/cache/www.lotes.ilc.edu.tw/wpfc-minified/8axcrfkt/6vyb.css HTTP/1.1" 200 29882 "https://www.lotes.ilc.edu.tw/" "Mozilla/5.0 (Linux; Android 10; K) AppleWebKit/537.36 (KHTML, like Gecko) Chrome/138.0.0.0 Mobile Safari/537.36 (compatible; Google-Read-Aloud; +https://support.google.com/webmasters/answer/1061943)"
140.111.67.10 - - [26/Aug/2026:14:21:10 +0800] "GET /" 301 273 "-" "-"
3.225.45.252 - - [26/Aug/2026:14:21:10 +0800] "GET /amy6998/wp-content/uploads/sites/2364/2025/03/IMG_2575-1-768x576.jpg HTTP/1.1" 200 129066 "-" "Mozilla/5.0 AppleWebKit/537.36 (KHTML, like Gecko; compatible; Amazonbot/0.1; +https://developer.amazon.com/support/amazonbot) Chrome/119.0.6045.214 Safari/537.36"
210.69.149.162 - - [26/Aug/2026:14:21:10 +0800] "GET /yilankindergartentest/wp-content/uploads/sites/3484/2022/03/cropped-%E9%98%B2%E7%81%BD%E8%BC%94%E5%B0%8E%E5%9C%98LOGO-scaled-2-32x32.jpg HTTP/1.1" 200 15107 "https://2blog.ilc.edu.tw/yilankindergartentest/" "Mozilla/5.0 (Windows NT 10.0; Win64; x64) AppleWebKit/537.36 (KHTML, like Gecko) Chrome/151.0.0.0 Safari/537.36"
2a03:2880:f80e:38:: - - [26/Aug/2026:14:21:10 +0800] "GET /6569/wp-json/wp/v2/posts/14735 HTTP/1.1" 200 9358 "-" "Mozilla/5.0 (Windows NT 10.0; Win64; x64) AppleWebKit/537.36 (KHTML, like Gecko) Chrome/145.0.0.0 Safari/537.36 (compatible; meta-externalagent/1.1 (+https://developers.facebook.com/docs/sharing/webmasters/crawler))"
66.249.71.37 - - [26/Aug/2026:14:21:10 +0800] "GET /2027/wp-content/uploads/sites/2985/2026/01/%E5%AE%9C%E8%98%AD%E7%B8%A3%E5%AE%9C%E8%98%AD%E5%B8%82%E5%87%B1%E6%97%8B%E5%9C%8B%E6%B0%91%E5%B0%8F%E5%AD%B860%E9%80%B1%E5%B9%B4%E6%A0%A1%E6%85%B6%E5%B8%AB%E7%94%9F%E6%A0%A1%E5%8F%8B%E8%81%AF%E6%AD%A1%E9%A4%90%E6%9C%83.docx HTTP/1.1" 200 24398 "-" "Mozilla/5.0 (Linux; Android 6.0.1; Nexus 5X Build/MMB29P) AppleWebKit/537.36 (KHTML, like Gecko) Chrome/151.0.7922.173 Mobile Safari/537.36 (compatible; Googlebot/2.1; +http://www.google.com/bot.html)"
192.178.15.131 - - [26/Aug/2026:14:21:10 +0800] "GET /wp-content/cache/www.lotes.ilc.edu.tw/wpfc-minified/8ijnw83p/6vyb.css HTTP/1.1" 200 20566 "https://www.lotes.ilc.edu.tw/" "Mozilla/5.0 (Linux; Android 10; K) AppleWebKit/537.36 (KHTML, like Gecko) Chrome/138.0.0.0 Mobile Safari/537.36 (compatible; Google-Read-Aloud; +https://support.google.com/webmasters/answer/1061943)"
192.178.15.130 - - [26/Aug/2026:14:21:10 +0800] "GET /wp-content/cache/www.lotes.ilc.edu.tw/wpfc-minified/f3kjq6g4/6vyb.css HTTP/1.1" 200 15353 "https://www.lotes.ilc.edu.tw/" "Mozilla/5.0 (Linux; Android 10; K) AppleWebKit/537.36 (KHTML, like Gecko) Chrome/138.0.0.0 Mobile Safari/537.36 (compatible; Google-Read-Aloud; +https://support.google.com/webmasters/answer/1061943)"
134.209.216.205 - - [26/Aug/2026:14:21:10 +0800] "GET /blog/resserver.php?blogId=1233&resource=SANY0174%20(800%20x%20600).jpg&mode=preview HTTP/1.1" 404 5715 "http://blog.ilc.edu.tw/" "Mozilla/5.0 (Windows NT 10.0; Win64; x64) AppleWebKit/537.36 (KHTML, like Gecko) Chrome/131.0.0.0 Safari/537.36"
44.209.187.99 - - [26/Aug/2026:14:21:11 +0800] "GET /wp-content/uploads/sites/641/2023/01/?C=D;O%3DA HTTP/1.1" 200 1112 "-" "Mozilla/5.0 AppleWebKit/537.36 (KHTML, like Gecko; compatible; Amazonbot/0.1; +https://developer.amazon.com/support/amazonbot) Chrome/119.0.6045.214 Safari/537.36"
2001:b400:e701:cf2:90a6:b9d3:d348:a213 - - [26/Aug/2026:14:21:11 +0800] "GET /26151/2025/07/04/%E6%95%99%E5%B8%AB%E5%8F%8A%E5%AD%B8%E7%94%9F%E5%8A%A9%E7%90%86%E4%BA%BA%E5%93%A1%E6%95%99%E8%82%B2%E9%83%A8%E7%B7%9A%E4%B8%8A%E7%A0%94%E7%BF%92%E8%B3%87%E8%A8%8A/ HTTP/1.1" 200 23131 "https://www.google.com/" "Mozilla/5.0 (Linux; Android 10; K) AppleWebKit/537.36 (KHTML, like Gecko) Chrome/151.0.0.0 Mobile Safari/537.36"
66.249.82.230 - - [26/Aug/2026:14:21:11 +0800] "GET /.well-known/traffic-advice HTTP/1.1" 404 56821 "-" "Chrome Privacy Preserving Prefetch Proxy"
2001:b400:e701:cf2:90a6:b9d3:d348:a213 - - [26/Aug/2026:14:21:11 +0800] "GET /26151/wp-content/cache/2blog.ilc.edu.tw/wpfc-minified/1br8unvq/5wowj.css HTTP/1.1" 200 40888 "https://2blog.ilc.edu.tw/26151/2025/07/04/%E6%95%99%E5%B8%AB%E5%8F%8A%E5%AD%B8%E7%94%9F%E5%8A%A9%E7%90%86%E4%BA%BA%E5%93%A1%E6%95%99%E8%82%B2%E9%83%A8%E7%B7%9A%E4%B8%8A%E7%A0%94%E7%BF%92%E8%B3%87%E8%A8%8A/" "Mozilla/5.0 (Linux; Android 10; K) AppleWebKit/537.36 (KHTML, like Gecko) Chrome/151.0.0.0 Mobile Safari/537.36"
2001:288:a26e:1:7c4f:16f4:d44c:174b - - [26/Aug/2026:14:21:11 +0800] "-" 408 4802 "-" "-"
240e:958:1200:402:be06:333a:7cc8:f - - [26/Aug/2026:14:21:11 +0800] "GET /3860/wp-content/cache/2blog.ilc.edu.tw/wpfc-minified/dsvp51ho/5woba.css HTTP/1.1" 200 40886 "https://2blog.ilc.edu.tw/3860/2019/11/" "Mozilla/5.0 (Windows NT 10.0; Win64; x64) AppleWebKit/537.36 (KHTML, like Gecko) Chrome/144.0.0.0 Safari/537.36"
192.178.15.129 - - [26/Aug/2026:14:21:11 +0800] "GET /wp-content/cache/www.lotes.ilc.edu.tw/wpfc-minified/7v2t3f1i/6vyb.css HTTP/1.1" 200 47287 "https://www.lotes.ilc.edu.tw/" "Mozilla/5.0 (Linux; Android 10; K) AppleWebKit/537.36 (KHTML, like Gecko) Chrome/138.0.0.0 Mobile Safari/537.36 (compatible; Google-Read-Aloud; +https://support.google.com/webmasters/answer/1061943)"
2001:b400:e701:cf2:90a6:b9d3:d348:a213 - - [26/Aug/2026:14:21:11 +0800] "GET /26151/wp-content/cache/2blog.ilc.edu.tw/wpfc-minified/knvudv50/5wowj.css HTTP/1.1" 200 15782 "https://2blog.ilc.edu.tw/26151/2025/07/04/%E6%95%99%E5%B8%AB%E5%8F%8A%E5%AD%B8%E7%94%9F%E5%8A%A9%E7%90%86%E4%BA%BA%E5%93%A1%E6%95%99%E8%82%B2%E9%83%A8%E7%B7%9A%E4%B8%8A%E7%A0%94%E7%BF%92%E8%B3%87%E8%A8%8A/" "Mozilla/5.0 (Linux; Android 10; K) AppleWebKit/537.36 (KHTML, like Gecko) Chrome/151.0.0.0 Mobile Safari/537.36"
2001:b400:e701:cf2:90a6:b9d3:d348:a213 - - [26/Aug/2026:14:21:11 +0800] "GET /26151/wp-content/cache/2blog.ilc.edu.tw/wpfc-minified/7llzr42t/5wowj.css HTTP/1.1" 200 1496 "https://2blog.ilc.edu.tw/26151/2025/07/04/%E6%95%99%E5%B8%AB%E5%8F%8A%E5%AD%B8%E7%94%9F%E5%8A%A9%E7%90%86%E4%BA%BA%E5%93%A1%E6%95%99%E8%82%B2%E9%83%A8%E7%B7%9A%E4%B8%8A%E7%A0%94%E7%BF%92%E8%B3%87%E8%A8%8A/" "Mozilla/5.0 (Linux; Android 10; K) AppleWebKit/537.36 (KHTML, like Gecko) Chrome/151.0.0.0 Mobile Safari/537.36"
2001:b400:e701:cf2:90a6:b9d3:d348:a213 - - [26/Aug/2026:14:21:11 +0800] "GET /26151/wp-content/uploads/sites/1079/elementor/css/post-1945.css HTTP/1.1" 200 1269 "https://2blog.ilc.edu.tw/26151/2025/07/04/%E6%95%99%E5%B8%AB%E5%8F%8A%E5%AD%B8%E7%94%9F%E5%8A%A9%E7%90%86%E4%BA%BA%E5%93%A1%E6%95%99%E8%82%B2%E9%83%A8%E7%B7%9A%E4%B8%8A%E7%A0%94%E7%BF%92%E8%B3%87%E8%A8%8A/" "Mozilla/5.0 (Linux; Android 10; K) AppleWebKit/537.36 (KHTML, like Gecko) Chrome/151.0.0.0 Mobile Safari/537.36"
2001:b400:e701:cf2:90a6:b9d3:d348:a213 - - [26/Aug/2026:14:21:11 +0800] "GET /26151/wp-content/cache/2blog.ilc.edu.tw/wpfc-minified/klk42qct/5wowj.css HTTP/1.1" 200 86510 "https://2blog.ilc.edu.tw/26151/2025/07/04/%E6%95%99%E5%B8%AB%E5%8F%8A%E5%AD%B8%E7%94%9F%E5%8A%A9%E7%90%86%E4%BA%BA%E5%93%A1%E6%95%99%E8%82%B2%E9%83%A8%E7%B7%9A%E4%B8%8A%E7%A0%94%E7%BF%92%E8%B3%87%E8%A8%8A/" "Mozilla/5.0 (Linux; Android 10; K) AppleWebKit/537.36 (KHTML, like Gecko) Chrome/151.0.0.0 Mobile Safari/537.36"
2001:b400:e701:cf2:90a6:b9d3:d348:a213 - - [26/Aug/2026:14:21:11 +0800] "GET /26151/wp-content/cache/2blog.ilc.edu.tw/wpfc-minified/dhzg3i5b/5wowj.css HTTP/1.1" 200 47287 "https://2blog.ilc.edu.tw/26151/2025/07/04/%E6%95%99%E5%B8%AB%E5%8F%8A%E5%AD%B8%E7%94%9F%E5%8A%A9%E7%90%86%E4%BA%BA%E5%93%A1%E6%95%99%E8%82%B2%E9%83%A8%E7%B7%9A%E4%B8%8A%E7%A0%94%E7%BF%92%E8%B3%87%E8%A8%8A/" "Mozilla/5.0 (Linux; Android 10; K) AppleWebKit/537.36 (KHTML, like Gecko) Chrome/151.0.0.0 Mobile Safari/537.36"
2001:b400:e701:cf2:90a6:b9d3:d348:a213 - - [26/Aug/2026:14:21:11 +0800] "GET /26151/wp-content/uploads/sites/1079/elementor/css/post-2090.css HTTP/1.1" 200 2251 "https://2blog.ilc.edu.tw/26151/2025/07/04/%E6%95%99%E5%B8%AB%E5%8F%8A%E5%AD%B8%E7%94%9F%E5%8A%A9%E7%90%86%E4%BA%BA%E5%93%A1%E6%95%99%E8%82%B2%E9%83%A8%E7%B7%9A%E4%B8%8A%E7%A0%94%E7%BF%92%E8%B3%87%E8%A8%8A/" "Mozilla/5.0 (Linux; Android 10; K) AppleWebKit/537.36 (KHTML, like Gecko) Chrome/151.0.0.0 Mobile Safari/537.36"
2001:b400:e701:cf2:90a6:b9d3:d348:a213 - - [26/Aug/2026:14:21:11 +0800] "GET /26151/wp-content/cache/2blog.ilc.edu.tw/wpfc-minified/zab1kgf/5wowi.css HTTP/1.1" 200 13905 "https://2blog.ilc.edu.tw/26151/2025/07/04/%E6%95%99%E5%B8%AB%E5%8F%8A%E5%AD%B8%E7%94%9F%E5%8A%A9%E7%90%86%E4%BA%BA%E5%93%A1%E6%95%99%E8%82%B2%E9%83%A8%E7%B7%9A%E4%B8%8A%E7%A0%94%E7%BF%92%E8%B3%87%E8%A8%8A/" "Mozilla/5.0 (Linux; Android 10; K) AppleWebKit/537.36 (KHTML, like Gecko) Chrome/151.0.0.0 Mobile Safari/537.36"
2001:b400:e701:cf2:90a6:b9d3:d348:a213 - - [26/Aug/2026:14:21:11 +0800] "GET /26151/wp-content/cache/2blog.ilc.edu.tw/wpfc-minified/lavtaioi/5wowj.js HTTP/1.1" 200 40360 "https://2blog.ilc.edu.tw/26151/2025/07/04/%E6%95%99%E5%B8%AB%E5%8F%8A%E5%AD%B8%E7%94%9F%E5%8A%A9%E7%90%86%E4%BA%BA%E5%93%A1%E6%95%99%E8%82%B2%E9%83%A8%E7%B7%9A%E4%B8%8A%E7%A0%94%E7%BF%92%E8%B3%87%E8%A8%8A/" "Mozilla/5.0 (Linux; Android 10; K) AppleWebKit/537.36 (KHTML, like Gecko) Chrome/151.0.0.0 Mobile Safari/537.36"
2001:b400:e701:cf2:90a6:b9d3:d348:a213 - - [26/Aug/2026:14:21:11 +0800] "GET /26151/wp-content/cache/2blog.ilc.edu.tw/wpfc-minified/e4pe9263/5wowj.js HTTP/1.1" 200 1643 "https://2blog.ilc.edu.tw/26151/2025/07/04/%E6%95%99%E5%B8%AB%E5%8F%8A%E5%AD%B8%E7%94%9F%E5%8A%A9%E7%90%86%E4%BA%BA%E5%93%A1%E6%95%99%E8%82%B2%E9%83%A8%E7%B7%9A%E4%B8%8A%E7%A0%94%E7%BF%92%E8%B3%87%E8%A8%8A/" "Mozilla/5.0 (Linux; Android 10; K) AppleWebKit/537.36 (KHTML, like Gecko) Chrome/151.0.0.0 Mobile Safari/537.36"
2001:b400:e701:cf2:90a6:b9d3:d348:a213 - - [26/Aug/2026:14:21:11 +0800] "GET /26151/wp-includes/js/hoverintent-js.min.js HTTP/1.1" 200 1597 "https://2blog.ilc.edu.tw/26151/2025/07/04/%E6%95%99%E5%B8%AB%E5%8F%8A%E5%AD%B8%E7%94%9F%E5%8A%A9%E7%90%86%E4%BA%BA%E5%93%A1%E6%95%99%E8%82%B2%E9%83%A8%E7%B7%9A%E4%B8%8A%E7%A0%94%E7%BF%92%E8%B3%87%E8%A8%8A/" "Mozilla/5.0 (Linux; Android 10; K) AppleWebKit/537.36 (KHTML, like Gecko) Chrome/151.0.0.0 Mobile Safari/537.36"
2001:b400:e701:cf2:90a6:b9d3:d348:a213 - - [26/Aug/2026:14:21:11 +0800] "GET /26151/wp-content/uploads/sites/1079/2021/04/123.jpg HTTP/1.1" 200 57238 "https://2blog.ilc.edu.tw/26151/2025/07/04/%E6%95%99%E5%B8%AB%E5%8F%8A%E5%AD%B8%E7%94%9F%E5%8A%A9%E7%90%86%E4%BA%BA%E5%93%A1%E6%95%99%E8%82%B2%E9%83%A8%E7%B7%9A%E4%B8%8A%E7%A0%94%E7%BF%92%E8%B3%87%E8%A8%8A/" "Mozilla/5.0 (Linux; Android 10; K) AppleWebKit/537.36 (KHTML, like Gecko) Chrome/151.0.0.0 Mobile Safari/537.36"
2001:b400:e701:cf2:90a6:b9d3:d348:a213 - - [26/Aug/2026:14:21:11 +0800] "GET /26151/wp-includes/js/admin-bar.min.js HTTP/1.1" 200 2237 "https://2blog.ilc.edu.tw/26151/2025/07/04/%E6%95%99%E5%B8%AB%E5%8F%8A%E5%AD%B8%E7%94%9F%E5%8A%A9%E7%90%86%E4%BA%BA%E5%93%A1%E6%95%99%E8%82%B2%E9%83%A8%E7%B7%9A%E4%B8%8A%E7%A0%94%E7%BF%92%E8%B3%87%E8%A8%8A/" "Mozilla/5.0 (Linux; Android 10; K) AppleWebKit/537.36 (KHTML, like Gecko) Chrome/151.0.0.0 Mobile Safari/537.36"
2001:4860:7:810::f7 - - [26/Aug/2026:14:21:11 +0800] "GET /%E4%B8%80%E5%BF%A0/ HTTP/1.1" 200 21131 "https://www.google.com/" "Mozilla/5.0 (Windows NT 10.0; Win64; x64) AppleWebKit/537.36 (KHTML, like Gecko) Chrome/151.0.0.0 Safari/537.36"
2001:b400:e701:cf2:90a6:b9d3:d348:a213 - - [26/Aug/2026:14:21:11 +0800] "GET /26151/wp-includes/js/imagesloaded.min.js HTTP/1.1" 200 2683 "https://2blog.ilc.edu.tw/26151/2025/07/04/%E6%95%99%E5%B8%AB%E5%8F%8A%E5%AD%B8%E7%94%9F%E5%8A%A9%E7%90%86%E4%BA%BA%E5%93%A1%E6%95%99%E8%82%B2%E9%83%A8%E7%B7%9A%E4%B8%8A%E7%A0%94%E7%BF%92%E8%B3%87%E8%A8%8A/" "Mozilla/5.0 (Linux; Android 10; K) AppleWebKit/537.36 (KHTML, like Gecko) Chrome/151.0.0.0 Mobile Safari/537.36"
2001:b400:e701:cf2:90a6:b9d3:d348:a213 - - [26/Aug/2026:14:21:11 +0800] "GET /26151/wp-content/themes/oceanwp/assets/js/theme.min.js HTTP/1.1" 200 5130 "https://2blog.ilc.edu.tw/26151/2025/07/04/%E6%95%99%E5%B8%AB%E5%8F%8A%E5%AD%B8%E7%94%9F%E5%8A%A9%E7%90%86%E4%BA%BA%E5%93%A1%E6%95%99%E8%82%B2%E9%83%A8%E7%B7%9A%E4%B8%8A%E7%A0%94%E7%BF%92%E8%B3%87%E8%A8%8A/" "Mozilla/5.0 (Linux; Android 10; K) AppleWebKit/537.36 (KHTML, like Gecko) Chrome/151.0.0.0 Mobile Safari/537.36"
2001:b400:e701:cf2:90a6:b9d3:d348:a213 - - [26/Aug/2026:14:21:12 +0800] "GET /26151/wp-content/themes/oceanwp/assets/js/drop-down-search.min.js HTTP/1.1" 200 2968 "https://2blog.ilc.edu.tw/26151/2025/07/04/%E6%95%99%E5%B8%AB%E5%8F%8A%E5%AD%B8%E7%94%9F%E5%8A%A9%E7%90%86%E4%BA%BA%E5%93%A1%E6%95%99%E8%82%B2%E9%83%A8%E7%B7%9A%E4%B8%8A%E7%A0%94%E7%BF%92%E8%B3%87%E8%A8%8A/" "Mozilla/5.0 (Linux; Android 10; K) AppleWebKit/537.36 (KHTML, like Gecko) Chrome/151.0.0.0 Mobile Safari/537.36"
2001:b400:e701:cf2:90a6:b9d3:d348:a213 - - [26/Aug/2026:14:21:12 +0800] "GET /26151/wp-content/themes/oceanwp/assets/js/vendors/magnific-popup.min.js HTTP/1.1" 200 8270 "https://2blog.ilc.edu.tw/26151/2025/07/04/%E6%95%99%E5%B8%AB%E5%8F%8A%E5%AD%B8%E7%94%9F%E5%8A%A9%E7%90%86%E4%BA%BA%E5%93%A1%E6%95%99%E8%82%B2%E9%83%A8%E7%B7%9A%E4%B8%8A%E7%A0%94%E7%BF%92%E8%B3%87%E8%A8%8A/" "Mozilla/5.0 (Linux; Android 10; K) AppleWebKit/537.36 (KHTML, like Gecko) Chrome/151.0.0.0 Mobile Safari/537.36"
2001:b400:e701:cf2:90a6:b9d3:d348:a213 - - [26/Aug/2026:14:21:12 +0800] "GET /26151/wp-content/themes/oceanwp/assets/js/ow-lightbox.min.js HTTP/1.1" 200 2321 "https://2blog.ilc.edu.tw/26151/2025/07/04/%E6%95%99%E5%B8%AB%E5%8F%8A%E5%AD%B8%E7%94%9F%E5%8A%A9%E7%90%86%E4%BA%BA%E5%93%A1%E6%95%99%E8%82%B2%E9%83%A8%E7%B7%9A%E4%B8%8A%E7%A0%94%E7%BF%92%E8%B3%87%E8%A8%8A/" "Mozilla/5.0 (Linux; Android 10; K) AppleWebKit/537.36 (KHTML, like Gecko) Chrome/151.0.0.0 Mobile Safari/537.36"
2001:b400:e701:cf2:90a6:b9d3:d348:a213 - - [26/Aug/2026:14:21:12 +0800] "GET /26151/wp-content/cache/2blog.ilc.edu.tw/wpfc-minified/kxz5d64a/5wowj.css HTTP/1.1" 200 7988 "https://2blog.ilc.edu.tw/26151/2025/07/04/%E6%95%99%E5%B8%AB%E5%8F%8A%E5%AD%B8%E7%94%9F%E5%8A%A9%E7%90%86%E4%BA%BA%E5%93%A1%E6%95%99%E8%82%B2%E9%83%A8%E7%B7%9A%E4%B8%8A%E7%A0%94%E7%BF%92%E8%B3%87%E8%A8%8A/" "Mozilla/5.0 (Linux; Android 10; K) AppleWebKit/537.36 (KHTML, like Gecko) Chrome/151.0.0.0 Mobile Safari/537.36"
2001:b400:e701:cf2:90a6:b9d3:d348:a213 - - [26/Aug/2026:14:21:12 +0800] "GET /26151/wp-content/themes/oceanwp/assets/js/vendors/flickity.pkgd.min.js HTTP/1.1" 200 15048 "https://2blog.ilc.edu.tw/26151/2025/07/04/%E6%95%99%E5%B8%AB%E5%8F%8A%E5%AD%B8%E7%94%9F%E5%8A%A9%E7%90%86%E4%BA%BA%E5%93%A1%E6%95%99%E8%82%B2%E9%83%A8%E7%B7%9A%E4%B8%8A%E7%A0%94%E7%BF%92%E8%B3%87%E8%A8%8A/" "Mozilla/5.0 (Linux; Android 10; K) AppleWebKit/537.36 (KHTML, like Gecko) Chrome/151.0.0.0 Mobile Safari/537.36"
2001:b400:e701:cf2:90a6:b9d3:d348:a213 - - [26/Aug/2026:14:21:12 +0800] "GET /26151/wp-content/themes/oceanwp/assets/js/drop-down-mobile-menu.min.js HTTP/1.1" 200 4663 "https://2blog.ilc.edu.tw/26151/2025/07/04/%E6%95%99%E5%B8%AB%E5%8F%8A%E5%AD%B8%E7%94%9F%E5%8A%A9%E7%90%86%E4%BA%BA%E5%93%A1%E6%95%99%E8%82%B2%E9%83%A8%E7%B7%9A%E4%B8%8A%E7%A0%94%E7%BF%92%E8%B3%87%E8%A8%8A/" "Mozilla/5.0 (Linux; Android 10; K) AppleWebKit/537.36 (KHTML, like Gecko) Chrome/151.0.0.0 Mobile Safari/537.36"
2001:b400:e701:cf2:90a6:b9d3:d348:a213 - - [26/Aug/2026:14:21:12 +0800] "GET /26151/wp-content/themes/oceanwp/assets/js/ow-slider.min.js HTTP/1.1" 200 1761 "https://2blog.ilc.edu.tw/26151/2025/07/04/%E6%95%99%E5%B8%AB%E5%8F%8A%E5%AD%B8%E7%94%9F%E5%8A%A9%E7%90%86%E4%BA%BA%E5%93%A1%E6%95%99%E8%82%B2%E9%83%A8%E7%B7%9A%E4%B8%8A%E7%A0%94%E7%BF%92%E8%B3%87%E8%A8%8A/" "Mozilla/5.0 (Linux; Android 10; K) AppleWebKit/537.36 (KHTML, like Gecko) Chrome/151.0.0.0 Mobile Safari/537.36"
2001:b400:e701:cf2:90a6:b9d3:d348:a213 - - [26/Aug/2026:14:21:12 +0800] "GET /26151/wp-content/themes/oceanwp/assets/js/scroll-effect.min.js HTTP/1.1" 200 8921 "https://2blog.ilc.edu.tw/26151/2025/07/04/%E6%95%99%E5%B8%AB%E5%8F%8A%E5%AD%B8%E7%94%9F%E5%8A%A9%E7%90%86%E4%BA%BA%E5%93%A1%E6%95%99%E8%82%B2%E9%83%A8%E7%B7%9A%E4%B8%8A%E7%A0%94%E7%BF%92%E8%B3%87%E8%A8%8A/" "Mozilla/5.0 (Linux; Android 10; K) AppleWebKit/537.36 (KHTML, like Gecko) Chrome/151.0.0.0 Mobile Safari/537.36"
2001:b400:e701:cf2:90a6:b9d3:d348:a213 - - [26/Aug/2026:14:21:12 +0800] "GET /26151/wp-content/themes/oceanwp/assets/js/scroll-top.min.js HTTP/1.1" 200 7996 "https://2blog.ilc.edu.tw/26151/2025/07/04/%E6%95%99%E5%B8%AB%E5%8F%8A%E5%AD%B8%E7%94%9F%E5%8A%A9%E7%90%86%E4%BA%BA%E5%93%A1%E6%95%99%E8%82%B2%E9%83%A8%E7%B7%9A%E4%B8%8A%E7%A0%94%E7%BF%92%E8%B3%87%E8%A8%8A/" "Mozilla/5.0 (Linux; Android 10; K) AppleWebKit/537.36 (KHTML, like Gecko) Chrome/151.0.0.0 Mobile Safari/537.36"
2001:b400:e701:cf2:90a6:b9d3:d348:a213 - - [26/Aug/2026:14:21:12 +0800] "GET /26151/wp-content/themes/oceanwp/assets/js/select.min.js HTTP/1.1" 200 2747 "https://2blog.ilc.edu.tw/26151/2025/07/04/%E6%95%99%E5%B8%AB%E5%8F%8A%E5%AD%B8%E7%94%9F%E5%8A%A9%E7%90%86%E4%BA%BA%E5%93%A1%E6%95%99%E8%82%B2%E9%83%A8%E7%B7%9A%E4%B8%8A%E7%A0%94%E7%BF%92%E8%B3%87%E8%A8%8A/" "Mozilla/5.0 (Linux; Android 10; K) AppleWebKit/537.36 (KHTML, like Gecko) Chrome/151.0.0.0 Mobile Safari/537.36"
2001:b400:e701:cf2:90a6:b9d3:d348:a213 - - [26/Aug/2026:14:21:12 +0800] "GET /26151/wp-content/plugins/elementor/assets/lib/font-awesome/webfonts/fa-solid-900.woff2 HTTP/1.1" 200 79223 "https://2blog.ilc.edu.tw/26151/wp-content/cache/2blog.ilc.edu.tw/wpfc-minified/zab1kgf/5wowi.css" "Mozilla/5.0 (Linux; Android 10; K) AppleWebKit/537.36 (KHTML, like Gecko) Chrome/151.0.0.0 Mobile Safari/537.36"
2001:b400:e701:cf2:90a6:b9d3:d348:a213 - - [26/Aug/2026:14:21:12 +0800] "GET /26151/wp-content/themes/oceanwp/assets/fonts/simple-line-icons/Simple-Line-Icons.woff2?v=2.4.0 HTTP/1.1" 200 30959 "https://2blog.ilc.edu.tw/26151/wp-content/cache/2blog.ilc.edu.tw/wpfc-minified/klk42qct/5wowj.css" "Mozilla/5.0 (Linux; Android 10; K) AppleWebKit/537.36 (KHTML, like Gecko) Chrome/151.0.0.0 Mobile Safari/537.36"
2001:b400:e701:cf2:90a6:b9d3:d348:a213 - - [26/Aug/2026:14:21:12 +0800] "GET /26151/wp-content/plugins/ocean-extra/includes/widgets/js/flickr.min.js HTTP/1.1" 200 1319 "https://2blog.ilc.edu.tw/26151/2025/07/04/%E6%95%99%E5%B8%AB%E5%8F%8A%E5%AD%B8%E7%94%9F%E5%8A%A9%E7%90%86%E4%BA%BA%E5%93%A1%E6%95%99%E8%82%B2%E9%83%A8%E7%B7%9A%E4%B8%8A%E7%A0%94%E7%BF%92%E8%B3%87%E8%A8%8A/" "Mozilla/5.0 (Linux; Android 10; K) AppleWebKit/537.36 (KHTML, like Gecko) Chrome/151.0.0.0 Mobile Safari/537.36"
2001:b400:e701:cf2:90a6:b9d3:d348:a213 - - [26/Aug/2026:14:21:12 +0800] "GET /26151/wp-content/uploads/sites/1079/2021/04/1120-1-1.jpg HTTP/1.1" 200 20437 "https://2blog.ilc.edu.tw/26151/wp-content/uploads/sites/1079/elementor/css/post-2090.css" "Mozilla/5.0 (Linux; Android 10; K) AppleWebKit/537.36 (KHTML, like Gecko) Chrome/151.0.0.0 Mobile Safari/537.36"
2001:b400:e701:cf2:90a6:b9d3:d348:a213 - - [26/Aug/2026:14:21:12 +0800] "GET /26151/wp-content/plugins/elementor/assets/lib/eicons/fonts/eicons.woff2?5.30.0 HTTP/1.1" 200 98225 "https://2blog.ilc.edu.tw/26151/wp-content/cache/2blog.ilc.edu.tw/wpfc-minified/klk42qct/5wowj.css" "Mozilla/5.0 (Linux; Android 10; K) AppleWebKit/537.36 (KHTML, like Gecko) Chrome/151.0.0.0 Mobile Safari/537.36"
2001:b400:e701:cf2:90a6:b9d3:d348:a213 - - [26/Aug/2026:14:21:12 +0800] "GET /26151/wp-content/plugins/elementor-pro/assets/lib/smartmenus/jquery.smartmenus.min.js HTTP/1.1" 200 7967 "https://2blog.ilc.edu.tw/26151/2025/07/04/%E6%95%99%E5%B8%AB%E5%8F%8A%E5%AD%B8%E7%94%9F%E5%8A%A9%E7%90%86%E4%BA%BA%E5%93%A1%E6%95%99%E8%82%B2%E9%83%A8%E7%B7%9A%E4%B8%8A%E7%A0%94%E7%BF%92%E8%B3%87%E8%A8%8A/" "Mozilla/5.0 (Linux; Android 10; K) AppleWebKit/537.36 (KHTML, like Gecko) Chrome/151.0.0.0 Mobile Safari/537.36"
2001:b400:e701:cf2:90a6:b9d3:d348:a213 - - [26/Aug/2026:14:21:12 +0800] "GET /26151/wp-content/plugins/elementor-pro/assets/lib/sticky/jquery.sticky.min.js HTTP/1.1" 200 2422 "https://2blog.ilc.edu.tw/26151/2025/07/04/%E6%95%99%E5%B8%AB%E5%8F%8A%E5%AD%B8%E7%94%9F%E5%8A%A9%E7%90%86%E4%BA%BA%E5%93%A1%E6%95%99%E8%82%B2%E9%83%A8%E7%B7%9A%E4%B8%8A%E7%A0%94%E7%BF%92%E8%B3%87%E8%A8%8A/" "Mozilla/5.0 (Linux; Android 10; K) AppleWebKit/537.36 (KHTML, like Gecko) Chrome/151.0.0.0 Mobile Safari/537.36"
192.178.15.130 - - [26/Aug/2026:14:21:12 +0800] "GET /wp-content/themes/oceanwp/assets/js/vendors/magnific-popup.min.js HTTP/1.1" 200 8270 "https://www.lotes.ilc.edu.tw/" "Mozilla/5.0 (Linux; Android 10; K) AppleWebKit/537.36 (KHTML, like Gecko) Chrome/138.0.0.0 Mobile Safari/537.36 (compatible; Google-Read-Aloud; +https://support.google.com/webmasters/answer/1061943)"
2001:b400:e701:cf2:90a6:b9d3:d348:a213 - - [26/Aug/2026:14:21:12 +0800] "GET /26151/wp-content/plugins/elementor/assets/js/webpack.runtime.min.js HTTP/1.1" 200 3095 "https://2blog.ilc.edu.tw/26151/2025/07/04/%E6%95%99%E5%B8%AB%E5%8F%8A%E5%AD%B8%E7%94%9F%E5%8A%A9%E7%90%86%E4%BA%BA%E5%93%A1%E6%95%99%E8%82%B2%E9%83%A8%E7%B7%9A%E4%B8%8A%E7%A0%94%E7%BF%92%E8%B3%87%E8%A8%8A/" "Mozilla/5.0 (Linux; Android 10; K) AppleWebKit/537.36 (KHTML, like Gecko) Chrome/151.0.0.0 Mobile Safari/537.36"
2001:b400:e701:cf2:90a6:b9d3:d348:a213 - - [26/Aug/2026:14:21:12 +0800] "GET /26151/wp-content/plugins/elementor-pro/assets/js/webpack-pro.runtime.min.js HTTP/1.1" 200 3562 "https://2blog.ilc.edu.tw/26151/2025/07/04/%E6%95%99%E5%B8%AB%E5%8F%8A%E5%AD%B8%E7%94%9F%E5%8A%A9%E7%90%86%E4%BA%BA%E5%93%A1%E6%95%99%E8%82%B2%E9%83%A8%E7%B7%9A%E4%B8%8A%E7%A0%94%E7%BF%92%E8%B3%87%E8%A8%8A/" "Mozilla/5.0 (Linux; Android 10; K) AppleWebKit/537.36 (KHTML, like Gecko) Chrome/151.0.0.0 Mobile Safari/537.36"
2001:b400:e701:cf2:90a6:b9d3:d348:a213 - - [26/Aug/2026:14:21:12 +0800] "GET /26151/wp-includes/js/dist/hooks.min.js HTTP/1.1" 200 2421 "https://2blog.ilc.edu.tw/26151/2025/07/04/%E6%95%99%E5%B8%AB%E5%8F%8A%E5%AD%B8%E7%94%9F%E5%8A%A9%E7%90%86%E4%BA%BA%E5%93%A1%E6%95%99%E8%82%B2%E9%83%A8%E7%B7%9A%E4%B8%8A%E7%A0%94%E7%BF%92%E8%B3%87%E8%A8%8A/" "Mozilla/5.0 (Linux; Android 10; K) AppleWebKit/537.36 (KHTML, like Gecko) Chrome/151.0.0.0 Mobile Safari/537.36"
2001:b400:e701:cf2:90a6:b9d3:d348:a213 - - [26/Aug/2026:14:21:12 +0800] "GET /26151/wp-content/plugins/elementor/assets/js/frontend-modules.min.js HTTP/1.1" 200 19416 "https://2blog.ilc.edu.tw/26151/2025/07/04/%E6%95%99%E5%B8%AB%E5%8F%8A%E5%AD%B8%E7%94%9F%E5%8A%A9%E7%90%86%E4%BA%BA%E5%93%A1%E6%95%99%E8%82%B2%E9%83%A8%E7%B7%9A%E4%B8%8A%E7%A0%94%E7%BF%92%E8%B3%87%E8%A8%8A/" "Mozilla/5.0 (Linux; Android 10; K) AppleWebKit/537.36 (KHTML, like Gecko) Chrome/151.0.0.0 Mobile Safari/537.36"
2001:b400:e701:cf2:90a6:b9d3:d348:a213 - - [26/Aug/2026:14:21:12 +0800] "GET /26151/wp-includes/js/dist/i18n.min.js HTTP/1.1" 200 4547 "https://2blog.ilc.edu.tw/26151/2025/07/04/%E6%95%99%E5%B8%AB%E5%8F%8A%E5%AD%B8%E7%94%9F%E5%8A%A9%E7%90%86%E4%BA%BA%E5%93%A1%E6%95%99%E8%82%B2%E9%83%A8%E7%B7%9A%E4%B8%8A%E7%A0%94%E7%BF%92%E8%B3%87%E8%A8%8A/" "Mozilla/5.0 (Linux; Android 10; K) AppleWebKit/537.36 (KHTML, like Gecko) Chrome/151.0.0.0 Mobile Safari/537.36"
2001:b400:e701:cf2:90a6:b9d3:d348:a213 - - [26/Aug/2026:14:21:12 +0800] "GET /26151/wp-content/plugins/elementor/assets/lib/waypoints/waypoints.min.js HTTP/1.1" 200 3873 "https://2blog.ilc.edu.tw/26151/2025/07/04/%E6%95%99%E5%B8%AB%E5%8F%8A%E5%AD%B8%E7%94%9F%E5%8A%A9%E7%90%86%E4%BA%BA%E5%93%A1%E6%95%99%E8%82%B2%E9%83%A8%E7%B7%9A%E4%B8%8A%E7%A0%94%E7%BF%92%E8%B3%87%E8%A8%8A/" "Mozilla/5.0 (Linux; Android 10; K) AppleWebKit/537.36 (KHTML, like Gecko) Chrome/151.0.0.0 Mobile Safari/537.36"
2001:b400:e701:cf2:90a6:b9d3:d348:a213 - - [26/Aug/2026:14:21:12 +0800] "GET /26151/wp-includes/js/jquery/ui/core.min.js HTTP/1.1" 200 7986 "https://2blog.ilc.edu.tw/26151/2025/07/04/%E6%95%99%E5%B8%AB%E5%8F%8A%E5%AD%B8%E7%94%9F%E5%8A%A9%E7%90%86%E4%BA%BA%E5%93%A1%E6%95%99%E8%82%B2%E9%83%A8%E7%B7%9A%E4%B8%8A%E7%A0%94%E7%BF%92%E8%B3%87%E8%A8%8A/" "Mozilla/5.0 (Linux; Android 10; K) AppleWebKit/537.36 (KHTML, like Gecko) Chrome/151.0.0.0 Mobile Safari/537.36"
2001:b400:e701:cf2:90a6:b9d3:d348:a213 - - [26/Aug/2026:14:21:12 +0800] "GET /26151/wp-content/plugins/elementor-pro/assets/js/frontend.min.js HTTP/1.1" 200 7574 "https://2blog.ilc.edu.tw/26151/2025/07/04/%E6%95%99%E5%B8%AB%E5%8F%8A%E5%AD%B8%E7%94%9F%E5%8A%A9%E7%90%86%E4%BA%BA%E5%93%A1%E6%95%99%E8%82%B2%E9%83%A8%E7%B7%9A%E4%B8%8A%E7%A0%94%E7%BF%92%E8%B3%87%E8%A8%8A/" "Mozilla/5.0 (Linux; Android 10; K) AppleWebKit/537.36 (KHTML, like Gecko) Chrome/151.0.0.0 Mobile Safari/537.36"
2001:b400:e701:cf2:90a6:b9d3:d348:a213 - - [26/Aug/2026:14:21:12 +0800] "GET /26151/wp-content/plugins/elementor/assets/js/frontend.min.js HTTP/1.1" 200 13169 "https://2blog.ilc.edu.tw/26151/2025/07/04/%E6%95%99%E5%B8%AB%E5%8F%8A%E5%AD%B8%E7%94%9F%E5%8A%A9%E7%90%86%E4%BA%BA%E5%93%A1%E6%95%99%E8%82%B2%E9%83%A8%E7%B7%9A%E4%B8%8A%E7%A0%94%E7%BF%92%E8%B3%87%E8%A8%8A/" "Mozilla/5.0 (Linux; Android 10; K) AppleWebKit/537.36 (KHTML, like Gecko) Chrome/151.0.0.0 Mobile Safari/537.36"
2001:b400:e701:cf2:90a6:b9d3:d348:a213 - - [26/Aug/2026:14:21:12 +0800] "POST /26151/wp-json/ilc-summary/v1/popular-posts HTTP/1.1" 201 1273 "https://2blog.ilc.edu.tw/26151/2025/07/04/%E6%95%99%E5%B8%AB%E5%8F%8A%E5%AD%B8%E7%94%9F%E5%8A%A9%E7%90%86%E4%BA%BA%E5%93%A1%E6%95%99%E8%82%B2%E9%83%A8%E7%B7%9A%E4%B8%8A%E7%A0%94%E7%BF%92%E8%B3%87%E8%A8%8A/" "Mozilla/5.0 (Linux; Android 10; K) AppleWebKit/537.36 (KHTML, like Gecko) Chrome/151.0.0.0 Mobile Safari/537.36"
68.183.138.13 - - [26/Aug/2026:14:21:12 +0800] "GET /blog/resserver.php?blogId=1233&resource=70853-304.jpg&mode=preview HTTP/1.1" 404 5715 "http://blog.ilc.edu.tw/" "Mozilla/5.0 (Windows NT 10.0; Win64; x64) AppleWebKit/537.36 (KHTML, like Gecko) Chrome/131.0.0.0 Safari/537.36"
2001:b400:e701:cf2:90a6:b9d3:d348:a213 - - [26/Aug/2026:14:21:12 +0800] "GET /26151/wp-content/plugins/elementor-pro/assets/js/elements-handlers.min.js HTTP/1.1" 200 10882 "https://2blog.ilc.edu.tw/26151/2025/07/04/%E6%95%99%E5%B8%AB%E5%8F%8A%E5%AD%B8%E7%94%9F%E5%8A%A9%E7%90%86%E4%BA%BA%E5%93%A1%E6%95%99%E8%82%B2%E9%83%A8%E7%B7%9A%E4%B8%8A%E7%A0%94%E7%BF%92%E8%B3%87%E8%A8%8A/" "Mozilla/5.0 (Linux; Android 10; K) AppleWebKit/537.36 (KHTML, like Gecko) Chrome/151.0.0.0 Mobile Safari/537.36"
61.219.70.166 - - [26/Aug/2026:14:21:12 +0800] "-" 408 339 "-" "-"
2001:b400:e701:cf2:90a6:b9d3:d348:a213 - - [26/Aug/2026:14:21:12 +0800] "GET /26151/wp-content/plugins/elementor/assets/js/video.d11c91c1b2b642a34601.bundle.min.js HTTP/1.1" 200 2161 "https://2blog.ilc.edu.tw/26151/2025/07/04/%E6%95%99%E5%B8%AB%E5%8F%8A%E5%AD%B8%E7%94%9F%E5%8A%A9%E7%90%86%E4%BA%BA%E5%93%A1%E6%95%99%E8%82%B2%E9%83%A8%E7%B7%9A%E4%B8%8A%E7%A0%94%E7%BF%92%E8%B3%87%E8%A8%8A/" "Mozilla/5.0 (Linux; Android 10; K) AppleWebKit/537.36 (KHTML, like Gecko) Chrome/151.0.0.0 Mobile Safari/537.36"
2001:b400:e701:cf2:90a6:b9d3:d348:a213 - - [26/Aug/2026:14:21:12 +0800] "GET /26151/wp-content/plugins/elementor-pro/assets/js/nav-menu.e65811186e94a386ba7b.bundle.min.js HTTP/1.1" 200 2690 "https://2blog.ilc.edu.tw/26151/2025/07/04/%E6%95%99%E5%B8%AB%E5%8F%8A%E5%AD%B8%E7%94%9F%E5%8A%A9%E7%90%86%E4%BA%BA%E5%93%A1%E6%95%99%E8%82%B2%E9%83%A8%E7%B7%9A%E4%B8%8A%E7%A0%94%E7%BF%92%E8%B3%87%E8%A8%8A/" "Mozilla/5.0 (Linux; Android 10; K) AppleWebKit/537.36 (KHTML, like Gecko) Chrome/151.0.0.0 Mobile Safari/537.36"
157.230.189.151 - - [26/Aug/2026:14:21:12 +0800] "GET /blog/imgs/thumbs_up.gif HTTP/1.1" 301 1042 "http://blog.ilc.edu.tw/" "Mozilla/5.0 (Windows NT 10.0; Win64; x64) AppleWebKit/537.36 (KHTML, like Gecko) Chrome/131.0.0.0 Safari/537.36"
2001:b400:e701:cf2:90a6:b9d3:d348:a213 - - [26/Aug/2026:14:21:12 +0800] "GET /favicon.ico HTTP/1.1" 302 901 "https://2blog.ilc.edu.tw/26151/2025/07/04/%E6%95%99%E5%B8%AB%E5%8F%8A%E5%AD%B8%E7%94%9F%E5%8A%A9%E7%90%86%E4%BA%BA%E5%93%A1%E6%95%99%E8%82%B2%E9%83%A8%E7%B7%9A%E4%B8%8A%E7%A0%94%E7%BF%92%E8%B3%87%E8%A8%8A/" "Mozilla/5.0 (Linux; Android 10; K) AppleWebKit/537.36 (KHTML, like Gecko) Chrome/151.0.0.0 Mobile Safari/537.36"
2001:b400:e701:cf2:90a6:b9d3:d348:a213 - - [26/Aug/2026:14:21:12 +0800] "GET /wp-includes/images/w-logo-blue-white-bg.png HTTP/1.1" 200 4946 "https://2blog.ilc.edu.tw/26151/2025/07/04/%E6%95%99%E5%B8%AB%E5%8F%8A%E5%AD%B8%E7%94%9F%E5%8A%A9%E7%90%86%E4%BA%BA%E5%93%A1%E6%95%99%E8%82%B2%E9%83%A8%E7%B7%9A%E4%B8%8A%E7%A0%94%E7%BF%92%E8%B3%87%E8%A8%8A/" "Mozilla/5.0 (Linux; Android 10; K) AppleWebKit/537.36 (KHTML, like Gecko) Chrome/151.0.0.0 Mobile Safari/537.36"
147.182.164.246 - - [26/Aug/2026:14:21:12 +0800] "GET /blog/resserver.php?blogId=1233&resource=SANY0188.JPG&mode=medium HTTP/1.1" 404 5715 "http://blog.ilc.edu.tw/" "Mozilla/5.0 (Windows NT 10.0; Win64; x64) AppleWebKit/537.36 (KHTML, like Gecko) Chrome/131.0.0.0 Safari/537.36"
2001:288:a201::66:125 - - [26/Aug/2026:14:21:13 +0800] "GET /blog/active.php HTTP/1.1" 301 1026 "-" "-"
2001:288:a201::66:125 - - [26/Aug/2026:14:21:13 +0800] "GET /blog/active.php HTTP/1.1" 404 1084 "-" "-"
192.178.15.131 - - [26/Aug/2026:14:21:13 +0800] "GET /wp-content/themes/oceanwp/assets/js/vendors/flickity.pkgd.min.js HTTP/1.1" 200 15048 "https://www.lotes.ilc.edu.tw/" "Mozilla/5.0 (Linux; Android 10; K) AppleWebKit/537.36 (KHTML, like Gecko) Chrome/138.0.0.0 Mobile Safari/537.36 (compatible; Google-Read-Aloud; +https://support.google.com/webmasters/answer/1061943)"
2a03:2880:f802:a:: - - [26/Aug/2026:14:21:13 +0800] "GET /6444/2018/11/17/1-2-2-107%e5%b9%b4%e5%ba%a6%e6%9c%ac%e6%a0%a1%e7%92%b0%e5%a2%83%e6%95%99%e8%82%b2%e8%a8%88%e7%95%ab%e5%8f%8a%e6%8e%a8%e5%8b%95%e5%b0%8f%e7%b5%84/ HTTP/1.1" 200 17957 "-" "Mozilla/5.0 (Windows NT 10.0; Win64; x64) AppleWebKit/537.36 (KHTML, like Gecko) Chrome/145.0.0.0 Safari/537.36 (compatible; meta-externalagent/1.1 (+https://developers.facebook.com/docs/sharing/webmasters/crawler))"
2a03:2880:f802:e:: - - [26/Aug/2026:14:21:13 +0800] "GET /6451/category/c-21598/ HTTP/1.1" 200 17949 "-" "Mozilla/5.0 (Macintosh; Intel Mac OS X 10_15_7) AppleWebKit/537.36 (KHTML, like Gecko) Chrome/145.0.0.0 Safari/537.36 (compatible; meta-externalagent/1.1 (+https://developers.facebook.com/docs/sharing/webmasters/crawler))"
101.10.7.147 - - [26/Aug/2026:14:21:13 +0800] "-" 408 4801 "-" "-"
240e:640:195:4::3 - - [26/Aug/2026:14:21:13 +0800] "GET /wp-content/cache/ilta.ilc.edu.tw/wpfc-minified/qm0ohmet/6wvk.css HTTP/1.1" 200 5952 "https://ilta.ilc.edu.tw/2011/01/page/2/" "Mozilla/5.0 (Windows NT 10.0; Win64; x64) AppleWebKit/537.36 (KHTML, like Gecko) Chrome/144.0.0.0 Safari/537.36"
240e:958:1200:402:be06:333a:7cc8:f - - [26/Aug/2026:14:21:13 +0800] "GET /3860/wp-content/themes/mynote/assets/webfonts/fa-solid-900.woff2 HTTP/1.1" 200 60555 "https://2blog.ilc.edu.tw/3860/wp-content/cache/2blog.ilc.edu.tw/wpfc-minified/2n9laxoh/5wolc.css" "Mozilla/5.0 (Windows NT 10.0; Win64; x64) AppleWebKit/537.36 (KHTML, like Gecko) Chrome/144.0.0.0 Safari/537.36"
192.178.15.130 - - [26/Aug/2026:14:21:13 +0800] "GET /wp-content/themes/oceanwp/assets/js/scroll-effect.min.js HTTP/1.1" 200 4127 "https://www.lotes.ilc.edu.tw/" "Mozilla/5.0 (Linux; Android 10; K) AppleWebKit/537.36 (KHTML, like Gecko) Chrome/138.0.0.0 Mobile Safari/537.36 (compatible; Google-Read-Aloud; +https://support.google.com/webmasters/answer/1061943)"
240e:640:195:4::3 - - [26/Aug/2026:14:21:13 +0800] "GET /wp-content/cache/ilta.ilc.edu.tw/wpfc-minified/7vo8n6iy/6wvk.css HTTP/1.1" 200 65503 "https://ilta.ilc.edu.tw/2011/01/page/2/" "Mozilla/5.0 (Windows NT 10.0; Win64; x64) AppleWebKit/537.36 (KHTML, like Gecko) Chrome/144.0.0.0 Safari/537.36"
2a03:2880:f802:20:: - - [26/Aug/2026:14:21:13 +0800] "GET /32817/2015/12/22/%e4%ba%8c-5-%e6%88%90%e7%ab%8b%e6%95%99%e5%b8%ab%e8%88%87%e5%ad%b8%e7%94%9f%e9%96%b1%e8%ae%80%e7%a4%be%e7%be%a4/ HTTP/1.1" 200 33397 "-" "Mozilla/5.0 (Windows NT 10.0; Win64; x64) AppleWebKit/537.36 (KHTML, like Gecko) Chrome/145.0.0.0 Safari/537.36 (compatible; meta-externalagent/1.1 (+https://developers.facebook.com/docs/sharing/webmasters/crawler))"
240e:640:195:4::3 - - [26/Aug/2026:14:21:13 +0800] "GET /wp-content/cache/ilta.ilc.edu.tw/wpfc-minified/l07fx5lw/6wvk.css HTTP/1.1" 200 20577 "https://ilta.ilc.edu.tw/2011/01/page/2/" "Mozilla/5.0 (Windows NT 10.0; Win64; x64) AppleWebKit/537.36 (KHTML, like Gecko) Chrome/144.0.0.0 Safari/537.36"
240e:640:195:4::3 - - [26/Aug/2026:14:21:13 +0800] "GET /wp-includes/js/hoverintent-js.min.js HTTP/1.1" 200 1597 "https://ilta.ilc.edu.tw/2011/01/page/2/" "Mozilla/5.0 (Windows NT 10.0; Win64; x64) AppleWebKit/537.36 (KHTML, like Gecko) Chrome/144.0.0.0 Safari/537.36"
34.30.223.149 - - [26/Aug/2026:14:21:13 +0800] "GET /32745/wp-json/wp/v2/posts/39944 HTTP/1.1" 200 20057 "-" "Mozilla/5.0 (Macintosh; Intel Mac OS X 10_15_7) AppleWebKit/537.36 (KHTML, like Gecko) Chrome/120.0.0.0 Safari/537.36"
2a03:2880:f802:27:: - - [26/Aug/2026:14:21:11 +0800] "GET /26150/2015/04/24/%e5%87%bd%e8%bd%89%e5%ae%9c%e8%98%ad%e7%b8%a3%e7%ab%8b%e9%ab%94%e8%82%b2%e5%a0%b4%e3%80%8c104%e5%b9%b4%e5%ae%9c%e8%98%ad%e5%8f%8a%e7%be%85%e6%9d%b1%e9%81%8b%e5%8b%95%e5%85%ac%e5%9c%92%e6%b8%b8/ HTTP/1.1" 200 23776 "-" "Mozilla/5.0 (Windows NT 10.0; Win64; x64) AppleWebKit/537.36 (KHTML, like Gecko) Chrome/145.0.0.0 Safari/537.36 (compatible; meta-externalagent/1.1 (+https://developers.facebook.com/docs/sharing/webmasters/crawler))"
192.178.15.131 - - [26/Aug/2026:14:21:13 +0800] "GET /wp-content/themes/oceanwp/assets/js/scroll-top.min.js HTTP/1.1" 200 3202 "https://www.lotes.ilc.edu.tw/" "Mozilla/5.0 (Linux; Android 10; K) AppleWebKit/537.36 (KHTML, like Gecko) Chrome/138.0.0.0 Mobile Safari/537.36 (compatible; Google-Read-Aloud; +https://support.google.com/webmasters/answer/1061943)"
120.101.213.185 - - [26/Aug/2026:14:21:13 +0800] "-" 408 4802 "-" "-"
192.178.15.130 - - [26/Aug/2026:14:21:14 +0800] "GET /wp-includes/js/mediaelement/mediaelement-and-player.min.js HTTP/1.1" 200 39802 "https://www.lotes.ilc.edu.tw/" "Mozilla/5.0 (Linux; Android 10; K) AppleWebKit/537.36 (KHTML, like Gecko) Chrome/138.0.0.0 Mobile Safari/537.36 (compatible; Google-Read-Aloud; +https://support.google.com/webmasters/answer/1061943)"
192.178.15.129 - - [26/Aug/2026:14:21:14 +0800] "GET /wp-content/plugins/elementor-pro/assets/js/webpack-pro.runtime.min.js HTTP/1.1" 200 3562 "https://www.lotes.ilc.edu.tw/" "Mozilla/5.0 (Linux; Android 10; K) AppleWebKit/537.36 (KHTML, like Gecko) Chrome/138.0.0.0 Mobile Safari/537.36 (compatible; Google-Read-Aloud; +https://support.google.com/webmasters/answer/1061943)"
240e:640:195:4::3 - - [26/Aug/2026:14:21:14 +0800] "GET /wp-includes/js/imagesloaded.min.js HTTP/1.1" 200 2683 "https://ilta.ilc.edu.tw/2011/01/page/2/" "Mozilla/5.0 (Windows NT 10.0; Win64; x64) AppleWebKit/537.36 (KHTML, like Gecko) Chrome/144.0.0.0 Safari/537.36"
192.178.15.130 - - [26/Aug/2026:14:21:14 +0800] "GET /wp-content/plugins/elementor/assets/js/frontend-modules.min.js HTTP/1.1" 200 19416 "https://www.lotes.ilc.edu.tw/" "Mozilla/5.0 (Linux; Android 10; K) AppleWebKit/537.36 (KHTML, like Gecko) Chrome/138.0.0.0 Mobile Safari/537.36 (compatible; Google-Read-Aloud; +https://support.google.com/webmasters/answer/1061943)"
192.178.15.129 - - [26/Aug/2026:14:21:14 +0800] "GET /wp-includes/js/dist/hooks.min.js HTTP/1.1" 200 2421 "https://www.lotes.ilc.edu.tw/" "Mozilla/5.0 (Linux; Android 10; K) AppleWebKit/537.36 (KHTML, like Gecko) Chrome/138.0.0.0 Mobile Safari/537.36 (compatible; Google-Read-Aloud; +https://support.google.com/webmasters/answer/1061943)"
