2001:288:a277:1:1914:cf13:2842:54e6 - - [26/Aug/2026:14:22:56 +0800] "GET /wp-includes/js/dist/html-entities.min.js HTTP/1.1" 200 1324 "https://www.utaes.ilc.edu.tw/wp-admin/" "Mozilla/5.0 (Windows NT 10.0; Win64; x64) AppleWebKit/537.36 (KHTML, like Gecko) Chrome/151.0.0.0 Safari/537.36 Edg/151.0.0.0"
2001:288:a277:1:1914:cf13:2842:54e6 - - [26/Aug/2026:14:22:56 +0800] "GET /wp-includes/js/dist/compose.min.js HTTP/1.1" 200 13933 "https://www.utaes.ilc.edu.tw/wp-admin/" "Mozilla/5.0 (Windows NT 10.0; Win64; x64) AppleWebKit/537.36 (KHTML, like Gecko) Chrome/151.0.0.0 Safari/537.36 Edg/151.0.0.0"
2001:288:a277:1:1914:cf13:2842:54e6 - - [26/Aug/2026:14:22:56 +0800] "GET /wp-includes/js/dist/primitives.min.js HTTP/1.1" 200 1707 "https://www.utaes.ilc.edu.tw/wp-admin/" "Mozilla/5.0 (Windows NT 10.0; Win64; x64) AppleWebKit/537.36 (KHTML, like Gecko) Chrome/151.0.0.0 Safari/537.36 Edg/151.0.0.0"
2001:288:a277:1:1914:cf13:2842:54e6 - - [26/Aug/2026:14:22:56 +0800] "GET /wp-includes/js/dist/private-apis.min.js HTTP/1.1" 200 1894 "https://www.utaes.ilc.edu.tw/wp-admin/" "Mozilla/5.0 (Windows NT 10.0; Win64; x64) AppleWebKit/537.36 (KHTML, like Gecko) Chrome/151.0.0.0 Safari/537.36 Edg/151.0.0.0"
2001:288:a277:1:1914:cf13:2842:54e6 - - [26/Aug/2026:14:22:56 +0800] "GET /wp-includes/js/dist/redux-routine.min.js HTTP/1.1" 200 3707 "https://www.utaes.ilc.edu.tw/wp-admin/" "Mozilla/5.0 (Windows NT 10.0; Win64; x64) AppleWebKit/537.36 (KHTML, like Gecko) Chrome/151.0.0.0 Safari/537.36 Edg/151.0.0.0"
2001:288:a277:1:1914:cf13:2842:54e6 - - [26/Aug/2026:14:22:56 +0800] "GET /wp-includes/js/dist/data.min.js HTTP/1.1" 200 10133 "https://www.utaes.ilc.edu.tw/wp-admin/" "Mozilla/5.0 (Windows NT 10.0; Win64; x64) AppleWebKit/537.36 (KHTML, like Gecko) Chrome/151.0.0.0 Safari/537.36 Edg/151.0.0.0"
2001:288:a277:1:1914:cf13:2842:54e6 - - [26/Aug/2026:14:22:56 +0800] "GET /wp-includes/js/dist/rich-text.min.js HTTP/1.1" 200 10991 "https://www.utaes.ilc.edu.tw/wp-admin/" "Mozilla/5.0 (Windows NT 10.0; Win64; x64) AppleWebKit/537.36 (KHTML, like Gecko) Chrome/151.0.0.0 Safari/537.36 Edg/151.0.0.0"
2001:288:a277:1:1914:cf13:2842:54e6 - - [26/Aug/2026:14:22:56 +0800] "GET /wp-includes/js/dist/warning.min.js HTTP/1.1" 200 1124 "https://www.utaes.ilc.edu.tw/wp-admin/" "Mozilla/5.0 (Windows NT 10.0; Win64; x64) AppleWebKit/537.36 (KHTML, like Gecko) Chrome/151.0.0.0 Safari/537.36 Edg/151.0.0.0"
2001:288:a277:1:1914:cf13:2842:54e6 - - [26/Aug/2026:14:22:56 +0800] "GET /wp-content/plugins/staatic/assets/admin.js HTTP/1.1" 200 8876 "https://www.utaes.ilc.edu.tw/wp-admin/" "Mozilla/5.0 (Windows NT 10.0; Win64; x64) AppleWebKit/537.36 (KHTML, like Gecko) Chrome/151.0.0.0 Safari/537.36 Edg/151.0.0.0"
2001:288:a277:1:1914:cf13:2842:54e6 - - [26/Aug/2026:14:22:56 +0800] "GET /wp-content/plugins/limit-login-attempts-reloaded/assets/js/chart.umd.js HTTP/1.1" 200 70890 "https://www.utaes.ilc.edu.tw/wp-admin/" "Mozilla/5.0 (Windows NT 10.0; Win64; x64) AppleWebKit/537.36 (KHTML, like Gecko) Chrome/151.0.0.0 Safari/537.36 Edg/151.0.0.0"
2001:288:a277:1:1914:cf13:2842:54e6 - - [26/Aug/2026:14:22:56 +0800] "GET /wp-content/themes/oceanwp/inc/themepanel/assets/images/themepanel-icon.svg HTTP/1.1" 200 2039 "https://www.utaes.ilc.edu.tw/wp-admin/" "Mozilla/5.0 (Windows NT 10.0; Win64; x64) AppleWebKit/537.36 (KHTML, like Gecko) Chrome/151.0.0.0 Safari/537.36 Edg/151.0.0.0"
2001:288:a277:1:1914:cf13:2842:54e6 - - [26/Aug/2026:14:22:56 +0800] "GET /wp-content/plugins/ocean-extra/assets/img/oceanwp.png HTTP/1.1" 200 1292 "https://www.utaes.ilc.edu.tw/wp-admin/" "Mozilla/5.0 (Windows NT 10.0; Win64; x64) AppleWebKit/537.36 (KHTML, like Gecko) Chrome/151.0.0.0 Safari/537.36 Edg/151.0.0.0"
2001:288:a277:1:1914:cf13:2842:54e6 - - [26/Aug/2026:14:22:56 +0800] "GET /wp-content/plugins/limit-login-attempts-reloaded/assets/css/jquery-ui.css HTTP/1.1" 200 9414 "https://www.utaes.ilc.edu.tw/wp-admin/" "Mozilla/5.0 (Windows NT 10.0; Win64; x64) AppleWebKit/537.36 (KHTML, like Gecko) Chrome/151.0.0.0 Safari/537.36 Edg/151.0.0.0"
2001:288:a277:1:1914:cf13:2842:54e6 - - [26/Aug/2026:14:22:56 +0800] "GET /wp-includes/js/dist/components.min.js HTTP/1.1" 200 225050 "https://www.utaes.ilc.edu.tw/wp-admin/" "Mozilla/5.0 (Windows NT 10.0; Win64; x64) AppleWebKit/537.36 (KHTML, like Gecko) Chrome/151.0.0.0 Safari/537.36 Edg/151.0.0.0"
2001:288:a277:1:1914:cf13:2842:54e6 - - [26/Aug/2026:14:22:56 +0800] "GET /wp-admin/load-scripts.php?c=1&load%5Bchunk_0%5D=hoverIntent&ver=6.6.7 HTTP/1.1" 200 1622 "https://www.utaes.ilc.edu.tw/wp-admin/" "Mozilla/5.0 (Windows NT 10.0; Win64; x64) AppleWebKit/537.36 (KHTML, like Gecko) Chrome/151.0.0.0 Safari/537.36 Edg/151.0.0.0"
49.158.151.86 - - [26/Aug/2026:14:22:56 +0800] "GET /wp-content/uploads/sites/1664/elementor/thumbs/12-qmx86vx8ly509mjq9zrb9yr86mbmxg6zl7wv8tt6eo.jpg HTTP/1.1" 200 10689 "https://www.gjes.ilc.edu.tw/" "Mozilla/5.0 (iPhone; CPU iPhone OS 26_6_0 like Mac OS X) AppleWebKit/605.1.15 (KHTML, like Gecko) CriOS/151.0.7922.112 Mobile/15E148 Safari/604.1"
2001:288:a277:1:1914:cf13:2842:54e6 - - [26/Aug/2026:14:22:56 +0800] "GET /wp-admin/js/common.min.js HTTP/1.1" 200 8210 "https://www.utaes.ilc.edu.tw/wp-admin/" "Mozilla/5.0 (Windows NT 10.0; Win64; x64) AppleWebKit/537.36 (KHTML, like Gecko) Chrome/151.0.0.0 Safari/537.36 Edg/151.0.0.0"
2001:288:a277:1:1914:cf13:2842:54e6 - - [26/Aug/2026:14:22:56 +0800] "GET /wp-includes/js/jquery/jquery.query.js HTTP/1.1" 200 2507 "https://www.utaes.ilc.edu.tw/wp-admin/" "Mozilla/5.0 (Windows NT 10.0; Win64; x64) AppleWebKit/537.36 (KHTML, like Gecko) Chrome/151.0.0.0 Safari/537.36 Edg/151.0.0.0"
2001:288:a277:1:1914:cf13:2842:54e6 - - [26/Aug/2026:14:22:56 +0800] "GET /wp-admin/js/edit-comments.min.js HTTP/1.1" 200 5990 "https://www.utaes.ilc.edu.tw/wp-admin/" "Mozilla/5.0 (Windows NT 10.0; Win64; x64) AppleWebKit/537.36 (KHTML, like Gecko) Chrome/151.0.0.0 Safari/537.36 Edg/151.0.0.0"
2001:288:a277:1:1914:cf13:2842:54e6 - - [26/Aug/2026:14:22:56 +0800] "GET /wp-includes/js/wp-util.min.js HTTP/1.1" 200 1633 "https://www.utaes.ilc.edu.tw/wp-admin/" "Mozilla/5.0 (Windows NT 10.0; Win64; x64) AppleWebKit/537.36 (KHTML, like Gecko) Chrome/151.0.0.0 Safari/537.36 Edg/151.0.0.0"
2001:288:a277:1:1914:cf13:2842:54e6 - - [26/Aug/2026:14:22:56 +0800] "GET /wp-admin/js/dashboard.min.js HTTP/1.1" 200 3942 "https://www.utaes.ilc.edu.tw/wp-admin/" "Mozilla/5.0 (Windows NT 10.0; Win64; x64) AppleWebKit/537.36 (KHTML, like Gecko) Chrome/151.0.0.0 Safari/537.36 Edg/151.0.0.0"
2001:288:a277:1:1914:cf13:2842:54e6 - - [26/Aug/2026:14:22:56 +0800] "GET /wp-admin/js/svg-painter.js HTTP/1.1" 200 3005 "https://www.utaes.ilc.edu.tw/wp-admin/" "Mozilla/5.0 (Windows NT 10.0; Win64; x64) AppleWebKit/537.36 (KHTML, like Gecko) Chrome/151.0.0.0 Safari/537.36 Edg/151.0.0.0"
2001:288:a277:1:1914:cf13:2842:54e6 - - [26/Aug/2026:14:22:56 +0800] "GET /wp-includes/js/thickbox/thickbox.js HTTP/1.1" 200 4912 "https://www.utaes.ilc.edu.tw/wp-admin/" "Mozilla/5.0 (Windows NT 10.0; Win64; x64) AppleWebKit/537.36 (KHTML, like Gecko) Chrome/151.0.0.0 Safari/537.36 Edg/151.0.0.0"
2001:288:a277:1:1914:cf13:2842:54e6 - - [26/Aug/2026:14:22:56 +0800] "GET /wp-includes/js/wp-auth-check.min.js HTTP/1.1" 200 1652 "https://www.utaes.ilc.edu.tw/wp-admin/" "Mozilla/5.0 (Windows NT 10.0; Win64; x64) AppleWebKit/537.36 (KHTML, like Gecko) Chrome/151.0.0.0 Safari/537.36 Edg/151.0.0.0"
2001:288:a277:1:1914:cf13:2842:54e6 - - [26/Aug/2026:14:22:56 +0800] "GET /wp-includes/js/heartbeat.min.js HTTP/1.1" 200 2936 "https://www.utaes.ilc.edu.tw/wp-admin/" "Mozilla/5.0 (Windows NT 10.0; Win64; x64) AppleWebKit/537.36 (KHTML, like Gecko) Chrome/151.0.0.0 Safari/537.36 Edg/151.0.0.0"
206.189.194.33 - - [26/Aug/2026:14:22:55 +0800] "GET /526/wp-content/uploads/sites/1318/2023/12/1121206%E7%A7%91%E5%AD%B8%E6%8E%A2%E7%A9%B6%E6%95%99%E5%AD%B8%E5%85%B1%E5%82%99%E5%B7%A5%E4%BD%9C%E5%9D%8A-%E5%9C%8B%E5%B0%8F%E6%BA%AA%E5%8C%97%E5%9C%98-14.jpg HTTP/1.1" 200 249001 "https://2blog.ilc.edu.tw/" "Mozilla/5.0 (Windows NT 10.0; Win64; x64) AppleWebKit/537.36 (KHTML, like Gecko) Chrome/120.0.0.0 Safari/537.36"
2001:288:a277:1:1914:cf13:2842:54e6 - - [26/Aug/2026:14:22:56 +0800] "GET /wp-content/plugins/admin-menu-editor-pro/js/menu-highlight-fix.js HTTP/1.1" 200 4413 "https://www.utaes.ilc.edu.tw/wp-admin/" "Mozilla/5.0 (Windows NT 10.0; Win64; x64) AppleWebKit/537.36 (KHTML, like Gecko) Chrome/151.0.0.0 Safari/537.36 Edg/151.0.0.0"
2001:288:a277:1:1914:cf13:2842:54e6 - - [26/Aug/2026:14:22:56 +0800] "GET /wp-content/plugins/elementor/assets/js/admin-modules.min.js HTTP/1.1" 200 6276 "https://www.utaes.ilc.edu.tw/wp-admin/" "Mozilla/5.0 (Windows NT 10.0; Win64; x64) AppleWebKit/537.36 (KHTML, like Gecko) Chrome/151.0.0.0 Safari/537.36 Edg/151.0.0.0"
2001:288:a277:1:1914:cf13:2842:54e6 - - [26/Aug/2026:14:22:56 +0800] "GET /wp-content/plugins/elementor-pro/assets/js/admin.min.js HTTP/1.1" 200 8681 "https://www.utaes.ilc.edu.tw/wp-admin/" "Mozilla/5.0 (Windows NT 10.0; Win64; x64) AppleWebKit/537.36 (KHTML, like Gecko) Chrome/151.0.0.0 Safari/537.36 Edg/151.0.0.0"
2001:288:a277:1:1914:cf13:2842:54e6 - - [26/Aug/2026:14:22:56 +0800] "GET /wp-content/plugins/elementor/assets/js/admin.min.js HTTP/1.1" 200 15297 "https://www.utaes.ilc.edu.tw/wp-admin/" "Mozilla/5.0 (Windows NT 10.0; Win64; x64) AppleWebKit/537.36 (KHTML, like Gecko) Chrome/151.0.0.0 Safari/537.36 Edg/151.0.0.0"
2001:288:a277:1:1914:cf13:2842:54e6 - - [26/Aug/2026:14:22:56 +0800] "GET /wp-content/plugins/elementor/assets/js/import-export-admin.min.js HTTP/1.1" 200 3031 "https://www.utaes.ilc.edu.tw/wp-admin/" "Mozilla/5.0 (Windows NT 10.0; Win64; x64) AppleWebKit/537.36 (KHTML, like Gecko) Chrome/151.0.0.0 Safari/537.36 Edg/151.0.0.0"
2001:288:a277:1:1914:cf13:2842:54e6 - - [26/Aug/2026:14:22:56 +0800] "GET /wp-content/plugins/wp-fastest-cache/js/column.js HTTP/1.1" 200 1390 "https://www.utaes.ilc.edu.tw/wp-admin/" "Mozilla/5.0 (Windows NT 10.0; Win64; x64) AppleWebKit/537.36 (KHTML, like Gecko) Chrome/151.0.0.0 Safari/537.36 Edg/151.0.0.0"
2001:288:a277:1:1914:cf13:2842:54e6 - - [26/Aug/2026:14:22:56 +0800] "GET /wp-content/themes/oceanwp/inc/themepanel/assets/js/admin.js HTTP/1.1" 200 1235 "https://www.utaes.ilc.edu.tw/wp-admin/" "Mozilla/5.0 (Windows NT 10.0; Win64; x64) AppleWebKit/537.36 (KHTML, like Gecko) Chrome/151.0.0.0 Safari/537.36 Edg/151.0.0.0"
2001:288:a277:1:1914:cf13:2842:54e6 - - [26/Aug/2026:14:22:56 +0800] "GET /wp-content/plugins/wp-statistics/assets/js/jqvmap/jquery.vmap.min.js HTTP/1.1" 200 7154 "https://www.utaes.ilc.edu.tw/wp-admin/" "Mozilla/5.0 (Windows NT 10.0; Win64; x64) AppleWebKit/537.36 (KHTML, like Gecko) Chrome/151.0.0.0 Safari/537.36 Edg/151.0.0.0"
2001:288:a277:1:1914:cf13:2842:54e6 - - [26/Aug/2026:14:22:56 +0800] "GET /wp-content/plugins/wp-statistics/assets/js/datepicker/moment.min.js HTTP/1.1" 200 17993 "https://www.utaes.ilc.edu.tw/wp-admin/" "Mozilla/5.0 (Windows NT 10.0; Win64; x64) AppleWebKit/537.36 (KHTML, like Gecko) Chrome/151.0.0.0 Safari/537.36 Edg/151.0.0.0"
2001:288:a277:1:1914:cf13:2842:54e6 - - [26/Aug/2026:14:22:56 +0800] "GET /wp-content/plugins/wp-statistics/assets/js/jqvmap/jquery.vmap.world.min.js HTTP/1.1" 200 24385 "https://www.utaes.ilc.edu.tw/wp-admin/" "Mozilla/5.0 (Windows NT 10.0; Win64; x64) AppleWebKit/537.36 (KHTML, like Gecko) Chrome/151.0.0.0 Safari/537.36 Edg/151.0.0.0"
2001:288:a277:1:1914:cf13:2842:54e6 - - [26/Aug/2026:14:22:56 +0800] "GET /wp-content/plugins/wp-statistics/assets/js/datepicker/daterangepicker.min.js HTTP/1.1" 200 8336 "https://www.utaes.ilc.edu.tw/wp-admin/" "Mozilla/5.0 (Windows NT 10.0; Win64; x64) AppleWebKit/537.36 (KHTML, like Gecko) Chrome/151.0.0.0 Safari/537.36 Edg/151.0.0.0"
2001:288:a277:1:1914:cf13:2842:54e6 - - [26/Aug/2026:14:22:56 +0800] "GET /wp-includes/js/jquery/ui/accordion.min.js HTTP/1.1" 200 3663 "https://www.utaes.ilc.edu.tw/wp-admin/" "Mozilla/5.0 (Windows NT 10.0; Win64; x64) AppleWebKit/537.36 (KHTML, like Gecko) Chrome/151.0.0.0 Safari/537.36 Edg/151.0.0.0"
2001:288:a277:1:1914:cf13:2842:54e6 - - [26/Aug/2026:14:22:56 +0800] "GET /wp-includes/js/jquery/ui/menu.min.js HTTP/1.1" 200 3938 "https://www.utaes.ilc.edu.tw/wp-admin/" "Mozilla/5.0 (Windows NT 10.0; Win64; x64) AppleWebKit/537.36 (KHTML, like Gecko) Chrome/151.0.0.0 Safari/537.36 Edg/151.0.0.0"
2001:288:a277:1:1914:cf13:2842:54e6 - - [26/Aug/2026:14:22:56 +0800] "GET /wp-includes/js/jquery/ui/autocomplete.min.js HTTP/1.1" 200 3785 "https://www.utaes.ilc.edu.tw/wp-admin/" "Mozilla/5.0 (Windows NT 10.0; Win64; x64) AppleWebKit/537.36 (KHTML, like Gecko) Chrome/151.0.0.0 Safari/537.36 Edg/151.0.0.0"
146.190.78.200 - - [26/Aug/2026:14:22:56 +0800] "GET /526/wp-content/uploads/sites/1318/2023/12/1121206%E7%A7%91%E5%AD%B8%E6%8E%A2%E7%A9%B6%E6%95%99%E5%AD%B8%E5%85%B1%E5%82%99%E5%B7%A5%E4%BD%9C%E5%9D%8A-%E5%9C%8B%E5%B0%8F%E6%BA%AA%E5%8C%97%E5%9C%98-11.jpg HTTP/1.1" 200 296261 "https://2blog.ilc.edu.tw/" "Mozilla/5.0 (Windows NT 10.0; Win64; x64) AppleWebKit/537.36 (KHTML, like Gecko) Chrome/120.0.0.0 Safari/537.36"
2001:288:a277:1:1914:cf13:2842:54e6 - - [26/Aug/2026:14:22:56 +0800] "GET /wp-content/plugins/wp-statistics/assets/fonts/roboto-v30-latin-500.woff2 HTTP/1.1" 200 16793 "https://www.utaes.ilc.edu.tw/wp-content/plugins/wp-statistics/assets/css/admin.min.css" "Mozilla/5.0 (Windows NT 10.0; Win64; x64) AppleWebKit/537.36 (KHTML, like Gecko) Chrome/151.0.0.0 Safari/537.36 Edg/151.0.0.0"
2001:288:a277:1:1914:cf13:2842:54e6 - - [26/Aug/2026:14:22:56 +0800] "GET /wp-content/plugins/wp-statistics/assets/fonts/roboto-v30-latin-regular.woff2 HTTP/1.1" 200 16617 "https://www.utaes.ilc.edu.tw/wp-content/plugins/wp-statistics/assets/css/admin.min.css" "Mozilla/5.0 (Windows NT 10.0; Win64; x64) AppleWebKit/537.36 (KHTML, like Gecko) Chrome/151.0.0.0 Safari/537.36 Edg/151.0.0.0"
2001:288:a277:1:1914:cf13:2842:54e6 - - [26/Aug/2026:14:22:56 +0800] "GET /wp-content/plugins/wp-statistics/assets/fonts/roboto-v30-latin-700.woff2 HTTP/1.1" 200 16733 "https://www.utaes.ilc.edu.tw/wp-content/plugins/wp-statistics/assets/css/admin.min.css" "Mozilla/5.0 (Windows NT 10.0; Win64; x64) AppleWebKit/537.36 (KHTML, like Gecko) Chrome/151.0.0.0 Safari/537.36 Edg/151.0.0.0"
142.93.55.234 - - [26/Aug/2026:14:22:56 +0800] "GET /526/wp-content/uploads/sites/1318/2023/12/1121206%E7%A7%91%E5%AD%B8%E6%8E%A2%E7%A9%B6%E6%95%99%E5%AD%B8%E5%85%B1%E5%82%99%E5%B7%A5%E4%BD%9C%E5%9D%8A-%E5%9C%8B%E5%B0%8F%E6%BA%AA%E5%8C%97%E5%9C%98-5.jpg HTTP/1.1" 200 226924 "https://2blog.ilc.edu.tw/" "Mozilla/5.0 (Windows NT 10.0; Win64; x64) AppleWebKit/537.36 (KHTML, like Gecko) Chrome/120.0.0.0 Safari/537.36"
2001:288:a277:1:1914:cf13:2842:54e6 - - [26/Aug/2026:14:22:56 +0800] "GET /wp-includes/js/thickbox/loadingAnimation.gif HTTP/1.1" 200 16088 "https://www.utaes.ilc.edu.tw/wp-admin/" "Mozilla/5.0 (Windows NT 10.0; Win64; x64) AppleWebKit/537.36 (KHTML, like Gecko) Chrome/151.0.0.0 Safari/537.36 Edg/151.0.0.0"
2a03:2880:f802:16:: - - [26/Aug/2026:14:22:53 +0800] "GET /pt/block%C2%A0blast-codes/ HTTP/1.1" 200 28346 "-" "Mozilla/5.0 (Windows NT 10.0; Win64; x64) AppleWebKit/537.36 (KHTML, like Gecko) Chrome/145.0.0.0 Safari/537.36 (compatible; meta-externalagent/1.1 (+https://developers.facebook.com/docs/sharing/webmasters/crawler))"
206.81.12.173 - - [26/Aug/2026:14:22:55 +0800] "GET /2373/wp-content/uploads/sites/1282/2024/09/20240915_094557-2048x1536.jpg HTTP/1.1" 200 555745 "https://2blog.ilc.edu.tw/" "Mozilla/5.0 (Windows NT 10.0; Win64; x64) AppleWebKit/537.36 (KHTML, like Gecko) Chrome/131.0.0.0 Safari/537.36"
146.190.78.200 - - [26/Aug/2026:14:22:56 +0800] "GET /2373/wp-content/uploads/sites/1282/2024/09/20240915_095323-2048x1536.jpg HTTP/1.1" 200 475435 "https://2blog.ilc.edu.tw/" "Mozilla/5.0 (Windows NT 10.0; Win64; x64) AppleWebKit/537.36 (KHTML, like Gecko) Chrome/131.0.0.0 Safari/537.36"
206.189.194.33 - - [26/Aug/2026:14:22:56 +0800] "GET /526/wp-content/uploads/sites/1318/2023/12/1121206%E7%A7%91%E5%AD%B8%E6%8E%A2%E7%A9%B6%E6%95%99%E5%AD%B8%E5%85%B1%E5%82%99%E5%B7%A5%E4%BD%9C%E5%9D%8A-%E5%9C%8B%E5%B0%8F%E6%BA%AA%E5%8C%97%E5%9C%98-3.jpg HTTP/1.1" 200 298770 "https://2blog.ilc.edu.tw/" "Mozilla/5.0 (Windows NT 10.0; Win64; x64) AppleWebKit/537.36 (KHTML, like Gecko) Chrome/120.0.0.0 Safari/537.36"
2001:b400:e230:ce59:9501:612e:7466:d3b6 - - [26/Aug/2026:14:22:56 +0800] "-" 408 4804 "-" "-"
206.81.12.173 - - [26/Aug/2026:14:22:56 +0800] "GET /2373/wp-content/uploads/sites/1282/2024/09/20240915_095719-2048x1536.jpg HTTP/1.1" 200 389668 "https://2blog.ilc.edu.tw/" "Mozilla/5.0 (Windows NT 10.0; Win64; x64) AppleWebKit/537.36 (KHTML, like Gecko) Chrome/131.0.0.0 Safari/537.36"
52.167.144.206 - - [26/Aug/2026:14:22:56 +0800] "POST /6569/wp-json/ilc-summary/v1/popular-posts HTTP/1.1" 201 6087 "https://2blog.ilc.edu.tw/6569/2009/12/29/981023%E4%BA%94%E5%AD%9D%E8%87%AA%E7%84%B6%E9%A0%98%E5%9F%9F%E6%95%99%E5%AD%B8-%E6%B5%81%E6%B0%B4%E5%AF%A6%E9%A9%97/" "Mozilla/5.0 AppleWebKit/537.36 (KHTML, like Gecko; compatible; bingbot/2.0; +http://www.bing.com/bingbot.htm) Chrome/136.0.0.0 Safari/537.36 AppleWebKit/537.36 (KHTML, like Gecko; compatible; bingbot/2.0; +http://www.bing.com/bingbot.htm) Chrome/116.0.1938.76 Safari/537.36"
143.198.179.130 - - [26/Aug/2026:14:22:55 +0800] "GET /2373/wp-content/uploads/sites/1282/2024/09/20240915_112257-2048x1536.jpg HTTP/1.1" 200 475505 "https://2blog.ilc.edu.tw/" "Mozilla/5.0 (Windows NT 10.0; Win64; x64) AppleWebKit/537.36 (KHTML, like Gecko) Chrome/131.0.0.0 Safari/537.36"
2001:b400:e230:ce59:9501:612e:7466:d3b6 - - [26/Aug/2026:14:22:57 +0800] "-" 408 339 "-" "-"
49.158.151.86 - - [26/Aug/2026:14:22:57 +0800] "GET /wp-content/uploads/sites/1664/elementor/thumbs/-1-r3k07sgq76s0rup4lkhxeswey5s1elieoa3medt7zk.png HTTP/1.1" 200 16829 "https://www.gjes.ilc.edu.tw/" "Mozilla/5.0 (iPhone; CPU iPhone OS 26_6_0 like Mac OS X) AppleWebKit/605.1.15 (KHTML, like Gecko) CriOS/151.0.7922.112 Mobile/15E148 Safari/604.1"
49.158.151.86 - - [26/Aug/2026:14:22:57 +0800] "GET /wp-content/uploads/sites/1664/2021/08/%E6%88%AA%E5%9C%96-2021-08-14-%E4%B8%8A%E5%8D%889.48.48-1024x224.png HTTP/1.1" 200 87490 "https://www.gjes.ilc.edu.tw/" "Mozilla/5.0 (iPhone; CPU iPhone OS 26_6_0 like Mac OS X) AppleWebKit/605.1.15 (KHTML, like Gecko) CriOS/151.0.7922.112 Mobile/15E148 Safari/604.1"
34.10.180.98 - - [26/Aug/2026:14:22:56 +0800] "GET /32745/category/%E6%9D%8E%E7%A2%A7%E9%9B%B2/ HTTP/1.1" 200 90470 "-" "Mozilla/5.0 (Macintosh; Intel Mac OS X 10_15_7) AppleWebKit/537.36 (KHTML, like Gecko) Chrome/120.0.0.0 Safari/537.36"
2001:288:a277:1:1914:cf13:2842:54e6 - - [26/Aug/2026:14:22:57 +0800] "-" 408 4807 "-" "-"
2001:288:a277:1:1914:cf13:2842:54e6 - - [26/Aug/2026:14:22:57 +0800] "-" 408 4807 "-" "-"
36.231.56.169 - - [26/Aug/2026:14:22:57 +0800] "GET /counseling/ HTTP/1.1" 200 15827 "-" "Mozilla/5.0 (Windows NT 10.0; Win64; x64) AppleWebKit/537.36 (KHTML, like Gecko) Chrome/151.0.0.0 Safari/537.36"
52.167.144.236 - - [26/Aug/2026:14:22:57 +0800] "GET /1003/category/c-8264/c-56548/ HTTP/1.1" 404 36817 "-" "Mozilla/5.0 AppleWebKit/537.36 (KHTML, like Gecko; compatible; bingbot/2.0; +http://www.bing.com/bingbot.htm) Chrome/116.0.1938.76 Safari/537.36"
36.231.56.169 - - [26/Aug/2026:14:22:58 +0800] "GET /wp-content/cache/www.jses.ilc.edu.tw/wpfc-minified/epyjuulk/7y93.css HTTP/1.1" 200 15777 "https://www.jses.ilc.edu.tw/counseling/" "Mozilla/5.0 (Windows NT 10.0; Win64; x64) AppleWebKit/537.36 (KHTML, like Gecko) Chrome/151.0.0.0 Safari/537.36"
206.189.194.33 - - [26/Aug/2026:14:22:57 +0800] "GET /2373/wp-content/uploads/sites/1282/2024/09/20240915_113631-2048x1536.jpg HTTP/1.1" 200 467630 "https://2blog.ilc.edu.tw/" "Mozilla/5.0 (Windows NT 10.0; Win64; x64) AppleWebKit/537.36 (KHTML, like Gecko) Chrome/131.0.0.0 Safari/537.36"
2a03:2880:f802:43:: - - [26/Aug/2026:14:22:56 +0800] "GET /32745/2020/07/18/page/2/ HTTP/1.1" 200 91253 "-" "Mozilla/5.0 (Windows NT 10.0; Win64; x64) AppleWebKit/537.36 (KHTML, like Gecko) Chrome/145.0.0.0 Safari/537.36 (compatible; meta-externalagent/1.1 (+https://developers.facebook.com/docs/sharing/webmasters/crawler))"
2001:288:a201::66:125 - - [26/Aug/2026:14:22:58 +0800] "GET /blog/active.php HTTP/1.1" 404 1084 "-" "-"
2001:288:a201::66:125 - - [26/Aug/2026:14:22:58 +0800] "GET /blog/active.php HTTP/1.1" 301 1026 "-" "-"
2a03:2880:f802:32:: - - [26/Aug/2026:14:22:58 +0800] "GET /16771/2023/12/ HTTP/1.1" 200 13493 "-" "Mozilla/5.0 (Windows NT 10.0; Win64; x64) AppleWebKit/537.36 (KHTML, like Gecko) Chrome/145.0.0.0 Safari/537.36 (compatible; meta-externalagent/1.1 (+https://developers.facebook.com/docs/sharing/webmasters/crawler))"
198.211.100.134 - - [26/Aug/2026:14:22:58 +0800] "GET /526/wp-content/uploads/sites/1318/2023/12/1121206%E7%A7%91%E5%AD%B8%E6%8E%A2%E7%A9%B6%E6%95%99%E5%AD%B8%E5%85%B1%E5%82%99%E5%B7%A5%E4%BD%9C%E5%9D%8A-%E5%9C%8B%E5%B0%8F%E6%BA%AA%E5%8C%97%E5%9C%98-25.jpg HTTP/1.1" 200 209241 "https://2blog.ilc.edu.tw/" "Mozilla/5.0 (Windows NT 10.0; Win64; x64) AppleWebKit/537.36 (KHTML, like Gecko) Chrome/120.0.0.0 Safari/537.36"
50.6.137.53 - - [26/Aug/2026:14:22:59 +0800] "GET /wp-json/wp/v2/comments?per_page=100&_fields=author_name,author_url HTTP/1.1" 200 6010 "-" "Mozilla/5.0 (Windows NT 10.0; Win64; x64) AppleWebKit/537.36 (KHTML, like Gecko) Chrome/151.0.0.0 Safari/537.36, Mozilla/5.0 (Windows NT 10.0; Win64; x64) AppleWebKit/537.36 (KHTML, like Gecko) Chrome/151.0.0.0 Safari/537.36"
::1 - - [26/Aug/2026:14:23:00 +0800] "OPTIONS * HTTP/1.0" 200 110 "-" "Apache/2.4.68 (Ubuntu) OpenSSL/3.0.19 (internal dummy connection)"
49.158.151.86 - - [26/Aug/2026:14:23:00 +0800] "GET /wp-content/uploads/sites/3846/2026/08/%E8%BE%B2%E6%A5%AD%E9%83%A8%E5%BB%A3%E5%91%8A.jpg HTTP/1.1" 200 240914 "https://it.ilc.edu.tw/" "Mozilla/5.0 (iPhone; CPU iPhone OS 26_6_0 like Mac OS X) AppleWebKit/605.1.15 (KHTML, like Gecko) CriOS/151.0.7922.112 Mobile/15E148 Safari/604.1"
49.158.151.86 - - [26/Aug/2026:14:23:00 +0800] "GET /wp-content/uploads/sites/3846/2026/06/%E5%AE%A3%E5%82%B3%E5%9C%96%E7%89%87.png HTTP/1.1" 304 5581 "https://it.ilc.edu.tw/" "Mozilla/5.0 (iPhone; CPU iPhone OS 26_6_0 like Mac OS X) AppleWebKit/605.1.15 (KHTML, like Gecko) CriOS/151.0.7922.112 Mobile/15E148 Safari/604.1"
49.158.151.86 - - [26/Aug/2026:14:23:00 +0800] "GET /wp-content/uploads/sites/3846/2026/02/%E9%81%BF%E5%85%8D%E8%AA%A4%E5%85%A5%E8%A9%90%E9%A8%99%E7%B6%B2%E7%AB%99APP%E5%B0%8F%E5%B8%B8%E8%AD%98.jpg HTTP/1.1" 304 5581 "https://it.ilc.edu.tw/" "Mozilla/5.0 (iPhone; CPU iPhone OS 26_6_0 like Mac OS X) AppleWebKit/605.1.15 (KHTML, like Gecko) CriOS/151.0.7922.112 Mobile/15E148 Safari/604.1"
49.158.151.86 - - [26/Aug/2026:14:23:00 +0800] "GET /wp-content/uploads/sites/3846/2026/06/2026%E5%AE%9C%E8%98%AD%E7%98%8B%E5%AD%B8%E7%BF%92-%E6%9A%91%E5%81%87_%E6%95%99%E8%82%B2%E8%99%95%E9%A6%96%E9%A0%81-1440-x-1080-%E5%83%8F%E7%B4%A0.png HTTP/1.1" 304 5581 "https://it.ilc.edu.tw/" "Mozilla/5.0 (iPhone; CPU iPhone OS 26_6_0 like Mac OS X) AppleWebKit/605.1.15 (KHTML, like Gecko) CriOS/151.0.7922.112 Mobile/15E148 Safari/604.1"
34.30.223.149 - - [26/Aug/2026:14:22:59 +0800] "GET /32745/2020/08/07/%E9%A2%A8%E9%9B%A8%E6%9A%9D/ HTTP/1.1" 200 91844 "-" "Mozilla/5.0 (Macintosh; Intel Mac OS X 10_15_7) AppleWebKit/537.36 (KHTML, like Gecko) Chrome/120.0.0.0 Safari/537.36"
140.111.67.10 - - [26/Aug/2026:14:23:00 +0800] "GET /" 301 273 "-" "-"
2001:288:a277:1:1914:cf13:2842:54e6 - - [26/Aug/2026:14:22:57 +0800] "POST /wp-admin/admin-ajax.php HTTP/1.1" 200 1112 "https://www.utaes.ilc.edu.tw/wp-admin/" "Mozilla/5.0 (Windows NT 10.0; Win64; x64) AppleWebKit/537.36 (KHTML, like Gecko) Chrome/151.0.0.0 Safari/537.36 Edg/151.0.0.0"
18.205.91.101 - - [26/Aug/2026:14:23:00 +0800] "GET /amy6998/wp-json/wp/v2/posts/3655/revisions HTTP/1.1" 401 6200 "-" "Mozilla/5.0 AppleWebKit/537.36 (KHTML, like Gecko; compatible; Amazonbot/0.1; +https://developer.amazon.com/support/amazonbot) Chrome/119.0.6045.214 Safari/537.36"
57.141.2.67 - - [26/Aug/2026:14:22:58 +0800] "GET /pl/u00d0u00b4u00d1u0095u00c2u00a0u00d0u00b5u00c2u00aeu00d1u009eu00d0u00b6u00d0u008au00e2u0080u009au00d0u00b6u00d1u009au00d1u0094u00d0u00b4u00d1u0098u00c2u00a0-u00d0u00b5u00d0u008cu00e2u0080u00a2u00d0u00b6u00d1u009au00d1u0094u00d0u00b6u00c2u00b1u00d1u009fu00d0u00b6u00e2u0084u0096u00e2u0080u0093u00d0u00b7u00d1u0095u00c2u00a4u00d0u00b4u00d1u0095u00c2u00a0u00d0u00b9u00e2u0080u0094u00d0u0087u00d0u00b6u00c2u00adu00c2u00a6u00d0u00b6u00d1u009bu00e2u0080u0094u00d0u00b5u00c2u00a4u00c2u00a9u00d0u00b4u00d1u0091u00e2u0080u00b9-codes/ HTTP/1.1" 200 28346 "-" "Mozilla/5.0 (Windows NT 10.0; Win64; x64) AppleWebKit/537.36 (KHTML, like Gecko) Chrome/145.0.0.0 Safari/537.36 (compatible; meta-externalagent/1.1 (+https://developers.facebook.com/docs/sharing/webmasters/crawler))"
36.231.56.169 - - [26/Aug/2026:14:23:01 +0800] "GET /wp-content/cache/www.jses.ilc.edu.tw/wpfc-minified/duqj3pkd/7y93.css HTTP/1.1" 200 62192 "https://www.jses.ilc.edu.tw/counseling/" "Mozilla/5.0 (Windows NT 10.0; Win64; x64) AppleWebKit/537.36 (KHTML, like Gecko) Chrome/151.0.0.0 Safari/537.36"
::1 - - [26/Aug/2026:14:23:01 +0800] "OPTIONS * HTTP/1.0" 200 110 "-" "Apache/2.4.68 (Ubuntu) OpenSSL/3.0.19 (internal dummy connection)"
2001:288:a277:1:1914:cf13:2842:54e6 - - [26/Aug/2026:14:22:56 +0800] "GET /wp-admin/admin-ajax.php?action=wp_statistics_admin_meta_box&ago=&name=quickstats&wps_nonce=e9548b447e&_=1787725376474 HTTP/1.1" 200 7844 "https://www.utaes.ilc.edu.tw/wp-admin/" "Mozilla/5.0 (Windows NT 10.0; Win64; x64) AppleWebKit/537.36 (KHTML, like Gecko) Chrome/151.0.0.0 Safari/537.36 Edg/151.0.0.0"
::1 - - [26/Aug/2026:14:23:02 +0800] "OPTIONS * HTTP/1.0" 200 110 "-" "Apache/2.4.68 (Ubuntu) OpenSSL/3.0.19 (internal dummy connection)"
23.84.64.61 - - [26/Aug/2026:14:23:02 +0800] "GET /blog/gallery/28/28-3175944.pdf HTTP/1.1" 301 1093 "-" "Mozilla/5.0 (Macintosh; Intel Mac OS X 10_15_7) AppleWebKit/537.36 (KHTML, like Gecko) Chrome/148.0.0.0 Safari/537.36 Edg/148.0.0.0"
140.111.140.71 - - [26/Aug/2026:14:23:03 +0800] "-" 408 4800 "-" "-"
2001:288:a201::66:125 - - [26/Aug/2026:14:23:03 +0800] "GET /blog/active.php HTTP/1.1" 301 1026 "-" "-"
2001:288:a201::66:125 - - [26/Aug/2026:14:23:03 +0800] "GET /blog/active.php HTTP/1.1" 404 1084 "-" "-"
::1 - - [26/Aug/2026:14:23:03 +0800] "OPTIONS * HTTP/1.0" 200 110 "-" "Apache/2.4.68 (Ubuntu) OpenSSL/3.0.19 (internal dummy connection)"
2001:288:a277:1:1914:cf13:2842:54e6 - - [26/Aug/2026:14:23:00 +0800] "GET /wp-admin/edit.php?post_type=page HTTP/1.1" 200 42109 "https://www.utaes.ilc.edu.tw/wp-admin/" "Mozilla/5.0 (Windows NT 10.0; Win64; x64) AppleWebKit/537.36 (KHTML, like Gecko) Chrome/151.0.0.0 Safari/537.36 Edg/151.0.0.0"
2a03:2880:f802:33:: - - [26/Aug/2026:14:23:00 +0800] "GET /fi/u00d0u00b4u00d1u0095u00c2u00a0u00d0u00b5u00c2u00aeu00d1u009eu00d0u00b6u00d0u008au00e2u0080u009au00d0u00b6u00d1u009au00d1u0094u00d0u00b4u00d1u0098u00c2u00a0-u00d0u00b5u00d0u008cu00e2u0080u00a2u00d0u00b6u00d1u009au00d1u0094u00d0u00b6u00c2u00b1u00d1u009fu00d0u00b6u00e2u0084u0096u00e2u0080u0093u00d0u00b7u00d1u0095u00c2u00a4u00d0u00b4u00d1u0095u00c2u00a0u00d0u00b9u00e2u0080u0094u00d0u0087u00d0u00b6u00c2u00adu00c2u00a6u00d0u00b6u00d1u009bu00e2u0080u0094u00d0u00b5u00c2u00a4u00c2u00a9u00d0u00b4u00d1u0091u00e2u0080u00b9-codes/ HTTP/1.1" 200 28346 "-" "Mozilla/5.0 (Windows NT 10.0; Win64; x64) AppleWebKit/537.36 (KHTML, like Gecko) Chrome/145.0.0.0 Safari/537.36 (compatible; meta-externalagent/1.1 (+https://developers.facebook.com/docs/sharing/webmasters/crawler))"
2a03:2880:f802:18:: - - [26/Aug/2026:14:23:04 +0800] "GET /3642/2021/ HTTP/1.1" 200 18560 "-" "Mozilla/5.0 (Macintosh; Intel Mac OS X 10_15_7) AppleWebKit/537.36 (KHTML, like Gecko) Chrome/145.0.0.0 Safari/537.36 (compatible; meta-externalagent/1.1 (+https://developers.facebook.com/docs/sharing/webmasters/crawler))"
::1 - - [26/Aug/2026:14:23:05 +0800] "OPTIONS * HTTP/1.0" 200 110 "-" "Apache/2.4.68 (Ubuntu) OpenSSL/3.0.19 (internal dummy connection)"
2001:288:a277:1:1914:cf13:2842:54e6 - - [26/Aug/2026:14:23:01 +0800] "GET /wp-admin/edit.php?post_type=page HTTP/1.1" 200 42448 "https://www.utaes.ilc.edu.tw/wp-admin/" "Mozilla/5.0 (Windows NT 10.0; Win64; x64) AppleWebKit/537.36 (KHTML, like Gecko) Chrome/151.0.0.0 Safari/537.36 Edg/151.0.0.0"
140.111.67.10 - - [26/Aug/2026:14:23:05 +0800] "GET /" 301 273 "-" "-"
2a03:2880:f802:2a:: - - [26/Aug/2026:14:23:05 +0800] "GET /hsics/2021/12/ HTTP/1.1" 200 14514 "-" "Mozilla/5.0 (Macintosh; Intel Mac OS X 10_15_7) AppleWebKit/537.36 (KHTML, like Gecko) Chrome/145.0.0.0 Safari/537.36 (compatible; meta-externalagent/1.1 (+https://developers.facebook.com/docs/sharing/webmasters/crawler))"
2001:288:a277:1:1914:cf13:2842:54e6 - - [26/Aug/2026:14:23:05 +0800] "GET /wp-admin/js/tags-suggest.min.js HTTP/1.1" 200 1965 "https://www.utaes.ilc.edu.tw/wp-admin/edit.php?post_type=page" "Mozilla/5.0 (Windows NT 10.0; Win64; x64) AppleWebKit/537.36 (KHTML, like Gecko) Chrome/151.0.0.0 Safari/537.36 Edg/151.0.0.0"
2001:4860:7:810::e8 - - [26/Aug/2026:14:23:05 +0800] "GET /school_principal/ HTTP/1.1" 200 26302 "https://www.google.com/" "Mozilla/5.0 (Windows NT 10.0; Win64; x64) AppleWebKit/537.36 (KHTML, like Gecko) Chrome/151.0.0.0 Safari/537.36"
2a03:2880:f802:1a:: - - [26/Aug/2026:14:23:06 +0800] "GET /6437/2021/10/04/ HTTP/1.1" 200 15551 "-" "Mozilla/5.0 (Macintosh; Intel Mac OS X 10_15_7) AppleWebKit/537.36 (KHTML, like Gecko) Chrome/145.0.0.0 Safari/537.36 (compatible; meta-externalagent/1.1 (+https://developers.facebook.com/docs/sharing/webmasters/crawler))"
::1 - - [26/Aug/2026:14:23:06 +0800] "OPTIONS * HTTP/1.0" 200 110 "-" "Apache/2.4.68 (Ubuntu) OpenSSL/3.0.19 (internal dummy connection)"
66.249.79.163 - - [26/Aug/2026:14:23:06 +0800] "GET /amy6998/2022/11/10/111%E5%B9%B411%E6%9C%8801%E6%97%A5%E6%93%B4%E5%A4%A7%E8%A1%8C%E6%94%BF%E6%9C%83%E5%A0%B1/ HTTP/1.1" 200 17863 "-" "Mozilla/5.0 (Linux; Android 6.0.1; Nexus 5X Build/MMB29P) AppleWebKit/537.36 (KHTML, like Gecko) Chrome/151.0.7922.173 Mobile Safari/537.36 (compatible; Googlebot/2.1; +http://www.google.com/bot.html)"
34.171.68.95 - - [26/Aug/2026:14:23:05 +0800] "GET /32745/2021/10/03/%E9%9B%A8%E9%9B%96%E7%84%A1%E6%83%85%E4%BD%A0%E6%9C%89%E6%83%85/ HTTP/1.1" 200 92465 "-" "Mozilla/5.0 (Macintosh; Intel Mac OS X 10_15_7) AppleWebKit/537.36 (KHTML, like Gecko) Chrome/120.0.0.0 Safari/537.36"
2a03:2880:f802:3f:: - - [26/Aug/2026:14:23:06 +0800] "GET /hsies111101/?p=90 HTTP/1.1" 301 5892 "-" "Mozilla/5.0 (Windows NT 10.0; Win64; x64) AppleWebKit/537.36 (KHTML, like Gecko) Chrome/145.0.0.0 Safari/537.36 (compatible; meta-externalagent/1.1 (+https://developers.facebook.com/docs/sharing/webmasters/crawler))"
::1 - - [26/Aug/2026:14:23:07 +0800] "OPTIONS * HTTP/1.0" 200 110 "-" "Apache/2.4.68 (Ubuntu) OpenSSL/3.0.19 (internal dummy connection)"
2001:288:a201::66:125 - - [26/Aug/2026:14:23:08 +0800] "GET /blog/active.php HTTP/1.1" 404 1084 "-" "-"
2001:288:a201::66:125 - - [26/Aug/2026:14:23:08 +0800] "GET /blog/active.php HTTP/1.1" 301 1026 "-" "-"
::1 - - [26/Aug/2026:14:23:08 +0800] "OPTIONS * HTTP/1.0" 200 110 "-" "Apache/2.4.68 (Ubuntu) OpenSSL/3.0.19 (internal dummy connection)"
163.21.61.205 - - [26/Aug/2026:14:23:08 +0800] "GET /1003/2013/07/29/%E7%8F%AD%E7%B4%9A%E7%B6%93%E7%87%9F%E5%B0%8F%E4%B8%80%E9%96%8B%E5%AD%B8%E7%9A%84%E7%9C%89%E7%9C%89%E8%A7%92%E8%A7%92/ HTTP/1.1" 200 23128 "https://www.google.com/" "Mozilla/5.0 (iPhone; CPU iPhone OS 26_6_0 like Mac OS X) AppleWebKit/605.1.15 (KHTML, like Gecko) GSA/435.4.965413651 Mobile/15E148 Safari/604.1"
2001:288:a23c:1:df6:d69e:49df:b6b - - [26/Aug/2026:14:23:08 +0800] "GET /wp-content/uploads/sites/187/2026/03/114%E9%9F%B3%E6%A8%82%E6%AF%94%E8%B3%BD-450x300.png HTTP/1.1" 200 289607 "https://www.wjjh.ilc.edu.tw/" "Mozilla/5.0 (Windows NT 10.0; Win64; x64) AppleWebKit/537.36 (KHTML, like Gecko) Chrome/151.0.0.0 Safari/537.36"
163.21.61.205 - - [26/Aug/2026:14:23:08 +0800] "GET /1003/wp-content/cache/2blog.ilc.edu.tw/wpfc-minified/mknpejql/5woub.css HTTP/1.1" 200 45680 "https://2blog.ilc.edu.tw/1003/2013/07/29/%E7%8F%AD%E7%B4%9A%E7%B6%93%E7%87%9F%E5%B0%8F%E4%B8%80%E9%96%8B%E5%AD%B8%E7%9A%84%E7%9C%89%E7%9C%89%E8%A7%92%E8%A7%92/" "Mozilla/5.0 (iPhone; CPU iPhone OS 26_6_0 like Mac OS X) AppleWebKit/605.1.15 (KHTML, like Gecko) GSA/435.4.965413651 Mobile/15E148 Safari/604.1"
163.21.61.205 - - [26/Aug/2026:14:23:08 +0800] "GET /1003/wp-content/cache/2blog.ilc.edu.tw/wpfc-minified/8x7tn0v6/5wohd.css HTTP/1.1" 200 15980 "https://2blog.ilc.edu.tw/1003/2013/07/29/%E7%8F%AD%E7%B4%9A%E7%B6%93%E7%87%9F%E5%B0%8F%E4%B8%80%E9%96%8B%E5%AD%B8%E7%9A%84%E7%9C%89%E7%9C%89%E8%A7%92%E8%A7%92/" "Mozilla/5.0 (iPhone; CPU iPhone OS 26_6_0 like Mac OS X) AppleWebKit/605.1.15 (KHTML, like Gecko) GSA/435.4.965413651 Mobile/15E148 Safari/604.1"
163.21.61.205 - - [26/Aug/2026:14:23:08 +0800] "GET /1003/wp-includes/js/hoverintent-js.min.js HTTP/1.1" 200 1597 "https://2blog.ilc.edu.tw/1003/2013/07/29/%E7%8F%AD%E7%B4%9A%E7%B6%93%E7%87%9F%E5%B0%8F%E4%B8%80%E9%96%8B%E5%AD%B8%E7%9A%84%E7%9C%89%E7%9C%89%E8%A7%92%E8%A7%92/" "Mozilla/5.0 (iPhone; CPU iPhone OS 26_6_0 like Mac OS X) AppleWebKit/605.1.15 (KHTML, like Gecko) GSA/435.4.965413651 Mobile/15E148 Safari/604.1"
163.21.61.205 - - [26/Aug/2026:14:23:08 +0800] "GET /wp-content/uploads/sites/233/1003/1003-1976655.jpg HTTP/1.1" 200 85456 "https://2blog.ilc.edu.tw/1003/2013/07/29/%E7%8F%AD%E7%B4%9A%E7%B6%93%E7%87%9F%E5%B0%8F%E4%B8%80%E9%96%8B%E5%AD%B8%E7%9A%84%E7%9C%89%E7%9C%89%E8%A7%92%E8%A7%92/" "Mozilla/5.0 (iPhone; CPU iPhone OS 26_6_0 like Mac OS X) AppleWebKit/605.1.15 (KHTML, like Gecko) GSA/435.4.965413651 Mobile/15E148 Safari/604.1"
163.21.61.205 - - [26/Aug/2026:14:23:08 +0800] "GET /1003/wp-content/cache/2blog.ilc.edu.tw/wpfc-minified/lx5sg0nx/5wohd.css HTTP/1.1" 200 23084 "https://2blog.ilc.edu.tw/1003/2013/07/29/%E7%8F%AD%E7%B4%9A%E7%B6%93%E7%87%9F%E5%B0%8F%E4%B8%80%E9%96%8B%E5%AD%B8%E7%9A%84%E7%9C%89%E7%9C%89%E8%A7%92%E8%A7%92/" "Mozilla/5.0 (iPhone; CPU iPhone OS 26_6_0 like Mac OS X) AppleWebKit/605.1.15 (KHTML, like Gecko) GSA/435.4.965413651 Mobile/15E148 Safari/604.1"
163.21.61.205 - - [26/Aug/2026:14:23:08 +0800] "GET /1003/wp-content/cache/2blog.ilc.edu.tw/wpfc-minified/6jx87ldu/5wohd.js HTTP/1.1" 200 6435 "https://2blog.ilc.edu.tw/1003/2013/07/29/%E7%8F%AD%E7%B4%9A%E7%B6%93%E7%87%9F%E5%B0%8F%E4%B8%80%E9%96%8B%E5%AD%B8%E7%9A%84%E7%9C%89%E7%9C%89%E8%A7%92%E8%A7%92/" "Mozilla/5.0 (iPhone; CPU iPhone OS 26_6_0 like Mac OS X) AppleWebKit/605.1.15 (KHTML, like Gecko) GSA/435.4.965413651 Mobile/15E148 Safari/604.1"
163.21.61.205 - - [26/Aug/2026:14:23:08 +0800] "GET /1003/wp-content/cache/2blog.ilc.edu.tw/wpfc-minified/q8iljgfz/5woub.js HTTP/1.1" 200 8249 "https://2blog.ilc.edu.tw/1003/2013/07/29/%E7%8F%AD%E7%B4%9A%E7%B6%93%E7%87%9F%E5%B0%8F%E4%B8%80%E9%96%8B%E5%AD%B8%E7%9A%84%E7%9C%89%E7%9C%89%E8%A7%92%E8%A7%92/" "Mozilla/5.0 (iPhone; CPU iPhone OS 26_6_0 like Mac OS X) AppleWebKit/605.1.15 (KHTML, like Gecko) GSA/435.4.965413651 Mobile/15E148 Safari/604.1"
163.21.61.205 - - [26/Aug/2026:14:23:08 +0800] "GET /1003/wp-includes/js/admin-bar.min.js HTTP/1.1" 200 2237 "https://2blog.ilc.edu.tw/1003/2013/07/29/%E7%8F%AD%E7%B4%9A%E7%B6%93%E7%87%9F%E5%B0%8F%E4%B8%80%E9%96%8B%E5%AD%B8%E7%9A%84%E7%9C%89%E7%9C%89%E8%A7%92%E8%A7%92/" "Mozilla/5.0 (iPhone; CPU iPhone OS 26_6_0 like Mac OS X) AppleWebKit/605.1.15 (KHTML, like Gecko) GSA/435.4.965413651 Mobile/15E148 Safari/604.1"
163.21.61.205 - - [26/Aug/2026:14:23:08 +0800] "GET /1003/wp-content/cache/2blog.ilc.edu.tw/wpfc-minified/7jci0eqx/5woub.js HTTP/1.1" 200 40356 "https://2blog.ilc.edu.tw/1003/2013/07/29/%E7%8F%AD%E7%B4%9A%E7%B6%93%E7%87%9F%E5%B0%8F%E4%B8%80%E9%96%8B%E5%AD%B8%E7%9A%84%E7%9C%89%E7%9C%89%E8%A7%92%E8%A7%92/" "Mozilla/5.0 (iPhone; CPU iPhone OS 26_6_0 like Mac OS X) AppleWebKit/605.1.15 (KHTML, like Gecko) GSA/435.4.965413651 Mobile/15E148 Safari/604.1"
163.21.61.205 - - [26/Aug/2026:14:23:08 +0800] "GET /1003/wp-content/themes/textbook/assets/js/jquery.flexslider.js HTTP/1.1" 200 12801 "https://2blog.ilc.edu.tw/1003/2013/07/29/%E7%8F%AD%E7%B4%9A%E7%B6%93%E7%87%9F%E5%B0%8F%E4%B8%80%E9%96%8B%E5%AD%B8%E7%9A%84%E7%9C%89%E7%9C%89%E8%A7%92%E8%A7%92/" "Mozilla/5.0 (iPhone; CPU iPhone OS 26_6_0 like Mac OS X) AppleWebKit/605.1.15 (KHTML, like Gecko) GSA/435.4.965413651 Mobile/15E148 Safari/604.1"
163.21.61.205 - - [26/Aug/2026:14:23:08 +0800] "GET /1003/wp-content/themes/textbook/assets/js/functions.js HTTP/1.1" 200 1934 "https://2blog.ilc.edu.tw/1003/2013/07/29/%E7%8F%AD%E7%B4%9A%E7%B6%93%E7%87%9F%E5%B0%8F%E4%B8%80%E9%96%8B%E5%AD%B8%E7%9A%84%E7%9C%89%E7%9C%89%E8%A7%92%E8%A7%92/" "Mozilla/5.0 (iPhone; CPU iPhone OS 26_6_0 like Mac OS X) AppleWebKit/605.1.15 (KHTML, like Gecko) GSA/435.4.965413651 Mobile/15E148 Safari/604.1"
163.21.61.205 - - [26/Aug/2026:14:23:08 +0800] "GET /1003/wp-content/themes/textbook/assets/js/navigation.js HTTP/1.1" 200 2931 "https://2blog.ilc.edu.tw/1003/2013/07/29/%E7%8F%AD%E7%B4%9A%E7%B6%93%E7%87%9F%E5%B0%8F%E4%B8%80%E9%96%8B%E5%AD%B8%E7%9A%84%E7%9C%89%E7%9C%89%E8%A7%92%E8%A7%92/" "Mozilla/5.0 (iPhone; CPU iPhone OS 26_6_0 like Mac OS X) AppleWebKit/605.1.15 (KHTML, like Gecko) GSA/435.4.965413651 Mobile/15E148 Safari/604.1"
163.21.61.205 - - [26/Aug/2026:14:23:08 +0800] "GET /1003/wp-content/themes/textbook/assets/js/skip-link-focus-fix.js HTTP/1.1" 200 1351 "https://2blog.ilc.edu.tw/1003/2013/07/29/%E7%8F%AD%E7%B4%9A%E7%B6%93%E7%87%9F%E5%B0%8F%E4%B8%80%E9%96%8B%E5%AD%B8%E7%9A%84%E7%9C%89%E7%9C%89%E8%A7%92%E8%A7%92/" "Mozilla/5.0 (iPhone; CPU iPhone OS 26_6_0 like Mac OS X) AppleWebKit/605.1.15 (KHTML, like Gecko) GSA/435.4.965413651 Mobile/15E148 Safari/604.1"
2a03:2880:f802:11:: - - [26/Aug/2026:14:23:05 +0800] "GET /ch/%E6%97%A0%E7%95%8F%E5%A5%91%E7%BA%A6-%E7%A4%BC%E5%8C%85%E7%A0%81/ HTTP/1.1" 200 28346 "-" "Mozilla/5.0 (Windows NT 10.0; Win64; x64) AppleWebKit/537.36 (KHTML, like Gecko) Chrome/145.0.0.0 Safari/537.36 (compatible; meta-externalagent/1.1 (+https://developers.facebook.com/docs/sharing/webmasters/crawler))"
163.21.61.205 - - [26/Aug/2026:14:23:08 +0800] "GET /wp-content/uploads/sites/233/1003/1003-1976656.jpg HTTP/1.1" 200 95699 "https://2blog.ilc.edu.tw/1003/2013/07/29/%E7%8F%AD%E7%B4%9A%E7%B6%93%E7%87%9F%E5%B0%8F%E4%B8%80%E9%96%8B%E5%AD%B8%E7%9A%84%E7%9C%89%E7%9C%89%E8%A7%92%E8%A7%92/" "Mozilla/5.0 (iPhone; CPU iPhone OS 26_6_0 like Mac OS X) AppleWebKit/605.1.15 (KHTML, like Gecko) GSA/435.4.965413651 Mobile/15E148 Safari/604.1"
163.21.61.205 - - [26/Aug/2026:14:23:08 +0800] "GET /wp-content/uploads/sites/233/1003/1003-1976657.jpg HTTP/1.1" 200 152477 "https://2blog.ilc.edu.tw/1003/2013/07/29/%E7%8F%AD%E7%B4%9A%E7%B6%93%E7%87%9F%E5%B0%8F%E4%B8%80%E9%96%8B%E5%AD%B8%E7%9A%84%E7%9C%89%E7%9C%89%E8%A7%92%E8%A7%92/" "Mozilla/5.0 (iPhone; CPU iPhone OS 26_6_0 like Mac OS X) AppleWebKit/605.1.15 (KHTML, like Gecko) GSA/435.4.965413651 Mobile/15E148 Safari/604.1"
23.23.99.55 - - [26/Aug/2026:14:23:08 +0800] "GET /wp-content/uploads/sites/1239/2023/12/?C=N;O%3DD HTTP/1.1" 200 1111 "-" "Mozilla/5.0 AppleWebKit/537.36 (KHTML, like Gecko; compatible; Amazonbot/0.1; +https://developer.amazon.com/support/amazonbot) Chrome/119.0.6045.214 Safari/537.36"
163.21.61.205 - - [26/Aug/2026:14:23:08 +0800] "GET /1003/wp-content/uploads/sites/233/2023/04/338250713_886939739267121_7258247398763374813_n.jpg HTTP/1.1" 200 101554 "https://2blog.ilc.edu.tw/1003/2013/07/29/%E7%8F%AD%E7%B4%9A%E7%B6%93%E7%87%9F%E5%B0%8F%E4%B8%80%E9%96%8B%E5%AD%B8%E7%9A%84%E7%9C%89%E7%9C%89%E8%A7%92%E8%A7%92/" "Mozilla/5.0 (iPhone; CPU iPhone OS 26_6_0 like Mac OS X) AppleWebKit/605.1.15 (KHTML, like Gecko) GSA/435.4.965413651 Mobile/15E148 Safari/604.1"
2001:288:a277:1:1914:cf13:2842:54e6 - - [26/Aug/2026:14:23:05 +0800] "POST /wp-admin/admin-ajax.php HTTP/1.1" 200 1124 "https://www.utaes.ilc.edu.tw/wp-admin/edit.php?post_type=page" "Mozilla/5.0 (Windows NT 10.0; Win64; x64) AppleWebKit/537.36 (KHTML, like Gecko) Chrome/151.0.0.0 Safari/537.36 Edg/151.0.0.0"
163.21.61.205 - - [26/Aug/2026:14:23:08 +0800] "GET /1003/wp-content/uploads/sites/233/2019/05/84-1024x1024.png HTTP/1.1" 200 352663 "https://2blog.ilc.edu.tw/1003/2013/07/29/%E7%8F%AD%E7%B4%9A%E7%B6%93%E7%87%9F%E5%B0%8F%E4%B8%80%E9%96%8B%E5%AD%B8%E7%9A%84%E7%9C%89%E7%9C%89%E8%A7%92%E8%A7%92/" "Mozilla/5.0 (iPhone; CPU iPhone OS 26_6_0 like Mac OS X) AppleWebKit/605.1.15 (KHTML, like Gecko) GSA/435.4.965413651 Mobile/15E148 Safari/604.1"
163.21.61.205 - - [26/Aug/2026:14:23:08 +0800] "GET /1003/wp-content/uploads/sites/233/2024/03/Snipaste_2024-03-11_23-36-51.png HTTP/1.1" 200 452199 "https://2blog.ilc.edu.tw/1003/2013/07/29/%E7%8F%AD%E7%B4%9A%E7%B6%93%E7%87%9F%E5%B0%8F%E4%B8%80%E9%96%8B%E5%AD%B8%E7%9A%84%E7%9C%89%E7%9C%89%E8%A7%92%E8%A7%92/" "Mozilla/5.0 (iPhone; CPU iPhone OS 26_6_0 like Mac OS X) AppleWebKit/605.1.15 (KHTML, like Gecko) GSA/435.4.965413651 Mobile/15E148 Safari/604.1"
163.21.61.205 - - [26/Aug/2026:14:23:08 +0800] "GET /1003/wp-content/uploads/sites/233/2019/08/Snipaste_2019-08-25_21-24-17-1-1024x508.jpg HTTP/1.1" 200 59683 "https://2blog.ilc.edu.tw/1003/2013/07/29/%E7%8F%AD%E7%B4%9A%E7%B6%93%E7%87%9F%E5%B0%8F%E4%B8%80%E9%96%8B%E5%AD%B8%E7%9A%84%E7%9C%89%E7%9C%89%E8%A7%92%E8%A7%92/" "Mozilla/5.0 (iPhone; CPU iPhone OS 26_6_0 like Mac OS X) AppleWebKit/605.1.15 (KHTML, like Gecko) GSA/435.4.965413651 Mobile/15E148 Safari/604.1"
163.21.61.205 - - [26/Aug/2026:14:23:08 +0800] "POST /1003/wp-json/ilc-summary/v1/popular-posts HTTP/1.1" 201 1401 "https://2blog.ilc.edu.tw/1003/2013/07/29/%E7%8F%AD%E7%B4%9A%E7%B6%93%E7%87%9F%E5%B0%8F%E4%B8%80%E9%96%8B%E5%AD%B8%E7%9A%84%E7%9C%89%E7%9C%89%E8%A7%92%E8%A7%92/" "Mozilla/5.0 (iPhone; CPU iPhone OS 26_6_0 like Mac OS X) AppleWebKit/605.1.15 (KHTML, like Gecko) GSA/435.4.965413651 Mobile/15E148 Safari/604.1"
36.231.56.169 - - [26/Aug/2026:14:23:09 +0800] "GET /wp-content/cache/www.jses.ilc.edu.tw/wpfc-minified/duqj3pkd/7y93.css HTTP/1.1" 200 62531 "https://www.jses.ilc.edu.tw/counseling/" "Mozilla/5.0 (Windows NT 10.0; Win64; x64) AppleWebKit/537.36 (KHTML, like Gecko) Chrome/151.0.0.0 Safari/537.36"
2001:288:a277:1:1914:cf13:2842:54e6 - - [26/Aug/2026:14:23:06 +0800] "POST /wp-admin/admin-ajax.php HTTP/1.1" 200 1451 "https://www.utaes.ilc.edu.tw/wp-admin/edit.php?post_type=page" "Mozilla/5.0 (Windows NT 10.0; Win64; x64) AppleWebKit/537.36 (KHTML, like Gecko) Chrome/151.0.0.0 Safari/537.36 Edg/151.0.0.0"
2a03:2880:f802:27:: - - [26/Aug/2026:14:23:09 +0800] "GET /41795/2026/04/24/ HTTP/1.1" 200 15894 "-" "Mozilla/5.0 (Windows NT 10.0; Win64; x64) AppleWebKit/537.36 (KHTML, like Gecko) Chrome/145.0.0.0 Safari/537.36 Edg/145.0.0.0 (compatible; meta-externalagent/1.1 (+https://developers.facebook.com/docs/sharing/webmasters/crawler))"
140.111.67.10 - - [26/Aug/2026:14:23:10 +0800] "GET /" 301 273 "-" "-"
2001:288:a218:1:e568:d5d5:a559:b325 - - [26/Aug/2026:14:23:10 +0800] "-" 408 4791 "-" "-"
2a03:2880:f802:20:: - - [26/Aug/2026:14:23:10 +0800] "GET /chjhta/2026/06/ HTTP/1.1" 200 13920 "-" "Mozilla/5.0 (Windows NT 10.0; Win64; x64) AppleWebKit/537.36 (KHTML, like Gecko) Chrome/145.0.0.0 Safari/537.36 Edg/145.0.0.0 (compatible; meta-externalagent/1.1 (+https://developers.facebook.com/docs/sharing/webmasters/crawler))"
2001:288:a211:1:5d5:dcd6:6ec5:f1f1 - - [26/Aug/2026:14:23:11 +0800] "-" 408 4791 "-" "-"
2408:8710:1020:18dc::2d - - [26/Aug/2026:14:23:11 +0800] "GET /wp-content/cache/www.gtes.ilc.edu.tw/wpfc-minified/2bmmzjzo/73cg.js HTTP/1.1" 200 40360 "https://www.gtes.ilc.edu.tw/2022/" "Mozilla/5.0 (Windows NT 10.0; Win64; x64) AppleWebKit/537.36 (KHTML, like Gecko) Chrome/144.0.0.0 Safari/537.36"
163.20.154.253 - - [26/Aug/2026:14:23:11 +0800] "-" 408 339 "-" "-"
2408:8710:1020:18dc::2d - - [26/Aug/2026:14:23:11 +0800] "GET /wp-content/cache/www.gtes.ilc.edu.tw/wpfc-minified/e5fpwgso/73cg.css HTTP/1.1" 200 29896 "https://www.gtes.ilc.edu.tw/2022/" "Mozilla/5.0 (Windows NT 10.0; Win64; x64) AppleWebKit/537.36 (KHTML, like Gecko) Chrome/144.0.0.0 Safari/537.36"
2001:288:a23c:1:df6:d69e:49df:b6b - - [26/Aug/2026:14:23:11 +0800] "GET /wp-content/uploads/sites/187/2026/01/Purple-and-Beige-Illustrative-Sports-Presentation-3-450x300.png HTTP/1.1" 200 200047 "https://www.wjjh.ilc.edu.tw/" "Mozilla/5.0 (Windows NT 10.0; Win64; x64) AppleWebKit/537.36 (KHTML, like Gecko) Chrome/151.0.0.0 Safari/537.36"
44.207.69.106 - - [26/Aug/2026:14:23:11 +0800] "GET /32745/wp-json/wp/v2/comments?post=76240 HTTP/1.1" 200 6011 "-" "Mozilla/5.0 AppleWebKit/537.36 (KHTML, like Gecko; compatible; Amazonbot/0.1; +https://developer.amazon.com/support/amazonbot) Chrome/119.0.6045.214 Safari/537.36"
2a03:2880:f802:3b:: - - [26/Aug/2026:14:23:12 +0800] "GET /4950/author/any/ HTTP/1.1" 200 15276 "-" "Mozilla/5.0 (Windows NT 10.0; Win64; x64) AppleWebKit/537.36 (KHTML, like Gecko) Chrome/145.0.0.0 Safari/537.36 (compatible; meta-externalagent/1.1 (+https://developers.facebook.com/docs/sharing/webmasters/crawler))"
2408:8710:1020:18dc::2d - - [26/Aug/2026:14:23:12 +0800] "GET /wp-includes/js/hoverintent-js.min.js HTTP/1.1" 200 6400 "https://www.gtes.ilc.edu.tw/2022/" "Mozilla/5.0 (Windows NT 10.0; Win64; x64) AppleWebKit/537.36 (KHTML, like Gecko) Chrome/144.0.0.0 Safari/537.36"
2408:8710:1020:18dc::2d - - [26/Aug/2026:14:23:12 +0800] "GET /wp-includes/js/admin-bar.min.js HTTP/1.1" 200 2576 "https://www.gtes.ilc.edu.tw/2022/" "Mozilla/5.0 (Windows NT 10.0; Win64; x64) AppleWebKit/537.36 (KHTML, like Gecko) Chrome/144.0.0.0 Safari/537.36"
2001:288:a23c:1:df6:d69e:49df:b6b - - [26/Aug/2026:14:23:12 +0800] "-" 408 4803 "-" "-"
2408:8710:1020:18dc::2d - - [26/Aug/2026:14:23:12 +0800] "GET /wp-content/cache/www.gtes.ilc.edu.tw/wpfc-minified/lwlsgrcb/73cg.css HTTP/1.1" 200 152227 "https://www.gtes.ilc.edu.tw/2022/" "Mozilla/5.0 (Windows NT 10.0; Win64; x64) AppleWebKit/537.36 (KHTML, like Gecko) Chrome/144.0.0.0 Safari/537.36"
2408:8710:1020:18dc::2d - - [26/Aug/2026:14:23:12 +0800] "GET /wp-includes/js/imagesloaded.min.js HTTP/1.1" 200 2683 "https://www.gtes.ilc.edu.tw/2022/" "Mozilla/5.0 (Windows NT 10.0; Win64; x64) AppleWebKit/537.36 (KHTML, like Gecko) Chrome/144.0.0.0 Safari/537.36"
2408:8710:1020:18dc::2d - - [26/Aug/2026:14:23:12 +0800] "GET /wp-content/themes/oceanwp/assets/js/drop-down-mobile-menu.min.js HTTP/1.1" 200 4663 "https://www.gtes.ilc.edu.tw/2022/" "Mozilla/5.0 (Windows NT 10.0; Win64; x64) AppleWebKit/537.36 (KHTML, like Gecko) Chrome/144.0.0.0 Safari/537.36"
2001:288:a201::66:125 - - [26/Aug/2026:14:23:13 +0800] "GET /blog/active.php HTTP/1.1" 301 1026 "-" "-"
2001:288:a201::66:125 - - [26/Aug/2026:14:23:13 +0800] "GET /blog/active.php HTTP/1.1" 404 1084 "-" "-"
::1 - - [26/Aug/2026:14:23:13 +0800] "OPTIONS * HTTP/1.0" 200 110 "-" "Apache/2.4.68 (Ubuntu) OpenSSL/3.0.19 (internal dummy connection)"
2408:8710:1020:18dc::2d - - [26/Aug/2026:14:23:13 +0800] "GET /wp-content/themes/oceanwp/assets/js/vendors/magnific-popup.min.js HTTP/1.1" 200 8270 "https://www.gtes.ilc.edu.tw/2022/" "Mozilla/5.0 (Windows NT 10.0; Win64; x64) AppleWebKit/537.36 (KHTML, like Gecko) Chrome/144.0.0.0 Safari/537.36"
2408:8710:1020:18dc::2d - - [26/Aug/2026:14:23:13 +0800] "GET /wp-content/themes/oceanwp/assets/js/vendors/flickity.pkgd.min.js HTTP/1.1" 200 15048 "https://www.gtes.ilc.edu.tw/2022/" "Mozilla/5.0 (Windows NT 10.0; Win64; x64) AppleWebKit/537.36 (KHTML, like Gecko) Chrome/144.0.0.0 Safari/537.36"
2408:8710:1020:18dc::2d - - [26/Aug/2026:14:23:13 +0800] "GET /wp-content/uploads/sites/73/elementor/css/post-629.css HTTP/1.1" 200 1269 "https://www.gtes.ilc.edu.tw/2022/" "Mozilla/5.0 (Windows NT 10.0; Win64; x64) AppleWebKit/537.36 (KHTML, like Gecko) Chrome/144.0.0.0 Safari/537.36"
2408:8710:1020:18dc::2d - - [26/Aug/2026:14:23:13 +0800] "GET /wp-content/themes/oceanwp/assets/fonts/simple-line-icons/Simple-Line-Icons.woff2?v=2.4.0 HTTP/1.1" 200 31298 "https://www.gtes.ilc.edu.tw/wp-content/cache/www.gtes.ilc.edu.tw/wpfc-minified/lodgpzod/ab1z.css" "Mozilla/5.0 (Windows NT 10.0; Win64; x64) AppleWebKit/537.36 (KHTML, like Gecko) Chrome/144.0.0.0 Safari/537.36"
2408:8710:1020:18dc::2d - - [26/Aug/2026:14:23:13 +0800] "GET /wp-content/themes/oceanwp/assets/js/ow-slider.min.js HTTP/1.1" 200 1761 "https://www.gtes.ilc.edu.tw/2022/" "Mozilla/5.0 (Windows NT 10.0; Win64; x64) AppleWebKit/537.36 (KHTML, like Gecko) Chrome/144.0.0.0 Safari/537.36"
2a03:2880:f802:11:: - - [26/Aug/2026:14:23:11 +0800] "GET /en/pixel-flow-codes/ HTTP/1.1" 200 28346 "-" "Mozilla/5.0 (Windows NT 10.0; Win64; x64) AppleWebKit/537.36 (KHTML, like Gecko) Chrome/145.0.0.0 Safari/537.36 (compatible; meta-externalagent/1.1 (+https://developers.facebook.com/docs/sharing/webmasters/crawler))"
2408:8710:1020:18dc::2d - - [26/Aug/2026:14:23:14 +0800] "GET /wp-content/themes/oceanwp/assets/js/select.min.js HTTP/1.1" 200 2408 "https://www.gtes.ilc.edu.tw/2022/" "Mozilla/5.0 (Windows NT 10.0; Win64; x64) AppleWebKit/537.36 (KHTML, like Gecko) Chrome/144.0.0.0 Safari/537.36"
2408:8710:1020:18dc::2d - - [26/Aug/2026:14:23:13 +0800] "GET /wp-content/themes/oceanwp/assets/fonts/fontawesome/webfonts/fa-solid-900.woff2 HTTP/1.1" 200 151246 "https://www.gtes.ilc.edu.tw/wp-content/cache/www.gtes.ilc.edu.tw/wpfc-minified/lodgpzod/ab1z.css" "Mozilla/5.0 (Windows NT 10.0; Win64; x64) AppleWebKit/537.36 (KHTML, like Gecko) Chrome/144.0.0.0 Safari/537.36"
2408:8710:1020:18dc::2d - - [26/Aug/2026:14:23:14 +0800] "GET /wp-content/plugins/ocean-extra/includes/widgets/js/flickr.min.js HTTP/1.1" 200 1319 "https://www.gtes.ilc.edu.tw/2022/" "Mozilla/5.0 (Windows NT 10.0; Win64; x64) AppleWebKit/537.36 (KHTML, like Gecko) Chrome/144.0.0.0 Safari/537.36"
::1 - - [26/Aug/2026:14:23:14 +0800] "OPTIONS * HTTP/1.0" 200 110 "-" "Apache/2.4.68 (Ubuntu) OpenSSL/3.0.19 (internal dummy connection)"
2001:288:a23c:1:df6:d69e:49df:b6b - - [26/Aug/2026:14:23:14 +0800] "GET /wp-content/uploads/sites/187/2025/12/%E6%9C%AA%E5%91%BD%E5%90%8D%E8%A8%AD%E8%A8%88-450x300.png HTTP/1.1" 200 182537 "https://www.wjjh.ilc.edu.tw/" "Mozilla/5.0 (Windows NT 10.0; Win64; x64) AppleWebKit/537.36 (KHTML, like Gecko) Chrome/151.0.0.0 Safari/537.36"
