[Wed Aug 26 02:09:08.517160 2026] [socache_shmcb:debug] [pid 2206115:tid 2206115] mod_socache_shmcb.c(508): AH00831: socache_shmcb_store (0x70 -> subcache 16)
[Wed Aug 26 02:09:08.517173 2026] [socache_shmcb:debug] [pid 2206115:tid 2206115] mod_socache_shmcb.c(860): AH00847: insert happened at idx=55, data=(8212:8244)
[Wed Aug 26 02:09:08.517180 2026] [socache_shmcb:debug] [pid 2206115:tid 2206115] mod_socache_shmcb.c(863): AH00848: finished insert, subcache: idx_pos/idx_used=30/26, data_pos/data_used=2644/5785
[Wed Aug 26 02:09:08.517186 2026] [socache_shmcb:debug] [pid 2206115:tid 2206115] mod_socache_shmcb.c(530): AH00834: leaving socache_shmcb_store successfully
[Wed Aug 26 02:09:08.517287 2026] [socache_shmcb:debug] [pid 2206115:tid 2206115] mod_socache_shmcb.c(508): AH00831: socache_shmcb_store (0xef -> subcache 15)
[Wed Aug 26 02:09:08.517298 2026] [socache_shmcb:debug] [pid 2206115:tid 2206115] mod_socache_shmcb.c(860): AH00847: insert happened at idx=20, data=(602:634)
[Wed Aug 26 02:09:08.517304 2026] [socache_shmcb:debug] [pid 2206115:tid 2206115] mod_socache_shmcb.c(863): AH00848: finished insert, subcache: idx_pos/idx_used=81/28, data_pos/data_used=8400/6283
[Wed Aug 26 02:09:08.517310 2026] [socache_shmcb:debug] [pid 2206115:tid 2206115] mod_socache_shmcb.c(530): AH00834: leaving socache_shmcb_store successfully
[Wed Aug 26 02:09:08.517512 2026] [ssl:debug] [pid 2206115:tid 2206115] ssl_engine_kernel.c(254): [client 3.218.35.239:30694] AH02034: Initial (No.1) HTTPS request received for child 0 (server www.najh.ilc.edu.tw:443)
[Wed Aug 26 02:09:08.518489 2026] [deflate:debug] [pid 2206107:tid 2206107] mod_deflate.c(909): [client 2401:e180:8d24:bb18:f93e:4dea:54f6:d03c:56902] AH01384: Zlib: Compressed 8921 to 2555 : URL /wp-content/cache/www.ghjh.ilc.edu.tw/wpfc-minified/7z1v8m27/6vxl.js, referer: https://www.ghjh.ilc.edu.tw/
[Wed Aug 26 02:09:08.518588 2026] [deflate:debug] [pid 2201351:tid 2201351] mod_deflate.c(909): [client 2401:e180:8d24:bb18:f93e:4dea:54f6:d03c:56901] AH01384: Zlib: Compressed 101296 to 34528 : URL /wp-content/cache/www.ghjh.ilc.edu.tw/wpfc-minified/d6oxvho1/6vxl.js, referer: https://www.ghjh.ilc.edu.tw/
[Wed Aug 26 02:09:08.520436 2026] [authz_core:debug] [pid 2206115:tid 2206115] mod_authz_core.c(815): [client 3.218.35.239:30694] AH01626: authorization result of Require all granted: granted
[Wed Aug 26 02:09:08.520445 2026] [authz_core:debug] [pid 2206115:tid 2206115] mod_authz_core.c(815): [client 3.218.35.239:30694] AH01626: authorization result of : granted
[Wed Aug 26 02:09:08.534328 2026] [ssl:debug] [pid 2206118:tid 2206118] ssl_engine_kernel.c(254): [client 2401:e180:8d24:bb18:f93e:4dea:54f6:d03c:56896] AH02034: Subsequent (No.4) HTTPS request received for child 11 (server www.ghjh.ilc.edu.tw:443), referer: https://www.ghjh.ilc.edu.tw/
[Wed Aug 26 02:09:08.534553 2026] [authz_core:debug] [pid 2206118:tid 2206118] mod_authz_core.c(815): [client 2401:e180:8d24:bb18:f93e:4dea:54f6:d03c:56896] AH01626: authorization result of Require all granted: granted, referer: https://www.ghjh.ilc.edu.tw/
[Wed Aug 26 02:09:08.534559 2026] [authz_core:debug] [pid 2206118:tid 2206118] mod_authz_core.c(815): [client 2401:e180:8d24:bb18:f93e:4dea:54f6:d03c:56896] AH01626: authorization result of : granted, referer: https://www.ghjh.ilc.edu.tw/
[Wed Aug 26 02:09:08.534853 2026] [deflate:debug] [pid 2206118:tid 2206118] mod_deflate.c(909): [client 2401:e180:8d24:bb18:f93e:4dea:54f6:d03c:56896] AH01384: Zlib: Compressed 3487 to 1339 : URL /wp-includes/js/admin-bar.min.js, referer: https://www.ghjh.ilc.edu.tw/
[Wed Aug 26 02:09:08.538303 2026] [ssl:debug] [pid 2206106:tid 2206106] ssl_engine_kernel.c(254): [client 2401:e180:8d24:bb18:f93e:4dea:54f6:d03c:56899] AH02034: Subsequent (No.2) HTTPS request received for child 18 (server www.ghjh.ilc.edu.tw:443), referer: https://www.ghjh.ilc.edu.tw/
[Wed Aug 26 02:09:08.538457 2026] [authz_core:debug] [pid 2206106:tid 2206106] mod_authz_core.c(815): [client 2401:e180:8d24:bb18:f93e:4dea:54f6:d03c:56899] AH01626: authorization result of Require all granted: granted, referer: https://www.ghjh.ilc.edu.tw/
[Wed Aug 26 02:09:08.538462 2026] [authz_core:debug] [pid 2206106:tid 2206106] mod_authz_core.c(815): [client 2401:e180:8d24:bb18:f93e:4dea:54f6:d03c:56899] AH01626: authorization result of : granted, referer: https://www.ghjh.ilc.edu.tw/
[Wed Aug 26 02:09:08.538713 2026] [deflate:debug] [pid 2206106:tid 2206106] mod_deflate.c(909): [client 2401:e180:8d24:bb18:f93e:4dea:54f6:d03c:56899] AH01384: Zlib: Compressed 5520 to 1785 : URL /wp-includes/js/imagesloaded.min.js, referer: https://www.ghjh.ilc.edu.tw/
[Wed Aug 26 02:09:08.580407 2026] [ssl:debug] [pid 2206107:tid 2206107] ssl_engine_kernel.c(254): [client 2401:e180:8d24:bb18:f93e:4dea:54f6:d03c:56902] AH02034: Subsequent (No.2) HTTPS request received for child 20 (server www.ghjh.ilc.edu.tw:443), referer: https://www.ghjh.ilc.edu.tw/
[Wed Aug 26 02:09:08.580617 2026] [authz_core:debug] [pid 2206107:tid 2206107] mod_authz_core.c(815): [client 2401:e180:8d24:bb18:f93e:4dea:54f6:d03c:56902] AH01626: authorization result of Require all granted: granted, referer: https://www.ghjh.ilc.edu.tw/
[Wed Aug 26 02:09:08.580622 2026] [authz_core:debug] [pid 2206107:tid 2206107] mod_authz_core.c(815): [client 2401:e180:8d24:bb18:f93e:4dea:54f6:d03c:56902] AH01626: authorization result of : granted, referer: https://www.ghjh.ilc.edu.tw/
[Wed Aug 26 02:09:08.581159 2026] [deflate:debug] [pid 2206107:tid 2206107] mod_deflate.c(909): [client 2401:e180:8d24:bb18:f93e:4dea:54f6:d03c:56902] AH01384: Zlib: Compressed 19719 to 4232 : URL /wp-content/themes/oceanwp/assets/js/theme.min.js, referer: https://www.ghjh.ilc.edu.tw/
[Wed Aug 26 02:09:08.588334 2026] [ssl:debug] [pid 2206004:tid 2206004] ssl_engine_kernel.c(254): [client 2401:e180:8d24:bb18:f93e:4dea:54f6:d03c:56898] AH02034: Subsequent (No.2) HTTPS request received for child 5 (server www.ghjh.ilc.edu.tw:443), referer: https://www.ghjh.ilc.edu.tw/
[Wed Aug 26 02:09:08.588512 2026] [authz_core:debug] [pid 2206004:tid 2206004] mod_authz_core.c(815): [client 2401:e180:8d24:bb18:f93e:4dea:54f6:d03c:56898] AH01626: authorization result of Require all granted: granted, referer: https://www.ghjh.ilc.edu.tw/
[Wed Aug 26 02:09:08.588518 2026] [authz_core:debug] [pid 2206004:tid 2206004] mod_authz_core.c(815): [client 2401:e180:8d24:bb18:f93e:4dea:54f6:d03c:56898] AH01626: authorization result of : granted, referer: https://www.ghjh.ilc.edu.tw/
[Wed Aug 26 02:09:08.588901 2026] [deflate:debug] [pid 2206004:tid 2206004] mod_deflate.c(909): [client 2401:e180:8d24:bb18:f93e:4dea:54f6:d03c:56898] AH01384: Zlib: Compressed 12482 to 3166 : URL /wp-content/themes/oceanwp/assets/js/full-screen-menu.min.js, referer: https://www.ghjh.ilc.edu.tw/
[Wed Aug 26 02:09:08.590325 2026] [ssl:debug] [pid 2206118:tid 2206118] ssl_engine_kernel.c(254): [client 2401:e180:8d24:bb18:f93e:4dea:54f6:d03c:56896] AH02034: Subsequent (No.5) HTTPS request received for child 11 (server www.ghjh.ilc.edu.tw:443), referer: https://www.ghjh.ilc.edu.tw/
[Wed Aug 26 02:09:08.590535 2026] [authz_core:debug] [pid 2206118:tid 2206118] mod_authz_core.c(815): [client 2401:e180:8d24:bb18:f93e:4dea:54f6:d03c:56896] AH01626: authorization result of Require all granted: granted, referer: https://www.ghjh.ilc.edu.tw/
[Wed Aug 26 02:09:08.590541 2026] [authz_core:debug] [pid 2206118:tid 2206118] mod_authz_core.c(815): [client 2401:e180:8d24:bb18:f93e:4dea:54f6:d03c:56896] AH01626: authorization result of : granted, referer: https://www.ghjh.ilc.edu.tw/
[Wed Aug 26 02:09:08.591051 2026] [deflate:debug] [pid 2206118:tid 2206118] mod_deflate.c(909): [client 2401:e180:8d24:bb18:f93e:4dea:54f6:d03c:56896] AH01384: Zlib: Compressed 14581 to 3765 : URL /wp-content/themes/oceanwp/assets/js/drop-down-mobile-menu.min.js, referer: https://www.ghjh.ilc.edu.tw/
[Wed Aug 26 02:09:08.593380 2026] [ssl:debug] [pid 2206106:tid 2206106] ssl_engine_kernel.c(254): [client 2401:e180:8d24:bb18:f93e:4dea:54f6:d03c:56899] AH02034: Subsequent (No.3) HTTPS request received for child 18 (server www.ghjh.ilc.edu.tw:443), referer: https://www.ghjh.ilc.edu.tw/
[Wed Aug 26 02:09:08.593535 2026] [authz_core:debug] [pid 2206106:tid 2206106] mod_authz_core.c(815): [client 2401:e180:8d24:bb18:f93e:4dea:54f6:d03c:56899] AH01626: authorization result of Require all granted: granted, referer: https://www.ghjh.ilc.edu.tw/
[Wed Aug 26 02:09:08.593540 2026] [authz_core:debug] [pid 2206106:tid 2206106] mod_authz_core.c(815): [client 2401:e180:8d24:bb18:f93e:4dea:54f6:d03c:56899] AH01626: authorization result of : granted, referer: https://www.ghjh.ilc.edu.tw/
[Wed Aug 26 02:09:08.593798 2026] [deflate:debug] [pid 2206106:tid 2206106] mod_deflate.c(909): [client 2401:e180:8d24:bb18:f93e:4dea:54f6:d03c:56899] AH01384: Zlib: Compressed 7540 to 2070 : URL /wp-content/themes/oceanwp/assets/js/drop-down-search.min.js, referer: https://www.ghjh.ilc.edu.tw/
[Wed Aug 26 02:09:08.614307 2026] [ssl:debug] [pid 2201351:tid 2201351] ssl_engine_kernel.c(254): [client 2401:e180:8d24:bb18:f93e:4dea:54f6:d03c:56901] AH02034: Subsequent (No.2) HTTPS request received for child 13 (server www.ghjh.ilc.edu.tw:443), referer: https://www.ghjh.ilc.edu.tw/
[Wed Aug 26 02:09:08.614500 2026] [authz_core:debug] [pid 2201351:tid 2201351] mod_authz_core.c(815): [client 2401:e180:8d24:bb18:f93e:4dea:54f6:d03c:56901] AH01626: authorization result of Require all granted: granted, referer: https://www.ghjh.ilc.edu.tw/
[Wed Aug 26 02:09:08.614512 2026] [authz_core:debug] [pid 2201351:tid 2201351] mod_authz_core.c(815): [client 2401:e180:8d24:bb18:f93e:4dea:54f6:d03c:56901] AH01626: authorization result of : granted, referer: https://www.ghjh.ilc.edu.tw/
[Wed Aug 26 02:09:08.615184 2026] [deflate:debug] [pid 2201351:tid 2201351] mod_deflate.c(909): [client 2401:e180:8d24:bb18:f93e:4dea:54f6:d03c:56901] AH01384: Zlib: Compressed 20216 to 7328 : URL /wp-content/themes/oceanwp/assets/js/vendors/magnific-popup.min.js, referer: https://www.ghjh.ilc.edu.tw/
[Wed Aug 26 02:09:08.643400 2026] [ssl:debug] [pid 2206019:tid 2206019] ssl_engine_kernel.c(254): [client 2401:e180:8d24:bb18:f93e:4dea:54f6:d03c:56900] AH02034: Subsequent (No.2) HTTPS request received for child 8 (server www.ghjh.ilc.edu.tw:443), referer: https://www.ghjh.ilc.edu.tw/
[Wed Aug 26 02:09:08.643627 2026] [authz_core:debug] [pid 2206019:tid 2206019] mod_authz_core.c(815): [client 2401:e180:8d24:bb18:f93e:4dea:54f6:d03c:56900] AH01626: authorization result of Require all granted: granted, referer: https://www.ghjh.ilc.edu.tw/
[Wed Aug 26 02:09:08.643633 2026] [authz_core:debug] [pid 2206019:tid 2206019] mod_authz_core.c(815): [client 2401:e180:8d24:bb18:f93e:4dea:54f6:d03c:56900] AH01626: authorization result of : granted, referer: https://www.ghjh.ilc.edu.tw/
[Wed Aug 26 02:09:08.643894 2026] [deflate:debug] [pid 2206019:tid 2206019] mod_deflate.c(909): [client 2401:e180:8d24:bb18:f93e:4dea:54f6:d03c:56900] AH01384: Zlib: Compressed 4111 to 1423 : URL /wp-content/themes/oceanwp/assets/js/ow-lightbox.min.js, referer: https://www.ghjh.ilc.edu.tw/
[Wed Aug 26 02:09:08.645212 2026] [ssl:debug] [pid 2206107:tid 2206107] ssl_engine_kernel.c(254): [client 2401:e180:8d24:bb18:f93e:4dea:54f6:d03c:56902] AH02034: Subsequent (No.3) HTTPS request received for child 20 (server www.ghjh.ilc.edu.tw:443), referer: https://www.ghjh.ilc.edu.tw/
[Wed Aug 26 02:09:08.645386 2026] [authz_core:debug] [pid 2206107:tid 2206107] mod_authz_core.c(815): [client 2401:e180:8d24:bb18:f93e:4dea:54f6:d03c:56902] AH01626: authorization result of Require all granted: granted, referer: https://www.ghjh.ilc.edu.tw/
[Wed Aug 26 02:09:08.645391 2026] [authz_core:debug] [pid 2206107:tid 2206107] mod_authz_core.c(815): [client 2401:e180:8d24:bb18:f93e:4dea:54f6:d03c:56902] AH01626: authorization result of : granted, referer: https://www.ghjh.ilc.edu.tw/
[Wed Aug 26 02:09:08.647015 2026] [deflate:debug] [pid 2206107:tid 2206107] mod_deflate.c(909): [client 2401:e180:8d24:bb18:f93e:4dea:54f6:d03c:56902] AH01384: Zlib: Compressed 57513 to 14083 : URL /wp-content/themes/oceanwp/assets/js/vendors/flickity.pkgd.min.js, referer: https://www.ghjh.ilc.edu.tw/
[Wed Aug 26 02:09:08.647296 2026] [ssl:debug] [pid 2206004:tid 2206004] ssl_engine_kernel.c(254): [client 2401:e180:8d24:bb18:f93e:4dea:54f6:d03c:56898] AH02034: Subsequent (No.3) HTTPS request received for child 5 (server www.ghjh.ilc.edu.tw:443), referer: https://www.ghjh.ilc.edu.tw/
[Wed Aug 26 02:09:08.647445 2026] [authz_core:debug] [pid 2206004:tid 2206004] mod_authz_core.c(815): [client 2401:e180:8d24:bb18:f93e:4dea:54f6:d03c:56898] AH01626: authorization result of Require all granted: granted, referer: https://www.ghjh.ilc.edu.tw/
[Wed Aug 26 02:09:08.647449 2026] [authz_core:debug] [pid 2206004:tid 2206004] mod_authz_core.c(815): [client 2401:e180:8d24:bb18:f93e:4dea:54f6:d03c:56898] AH01626: authorization result of : granted, referer: https://www.ghjh.ilc.edu.tw/
[Wed Aug 26 02:09:08.647619 2026] [deflate:debug] [pid 2206004:tid 2206004] mod_deflate.c(909): [client 2401:e180:8d24:bb18:f93e:4dea:54f6:d03c:56898] AH01384: Zlib: Compressed 2002 to 864 : URL /wp-content/themes/oceanwp/assets/js/ow-slider.min.js, referer: https://www.ghjh.ilc.edu.tw/
[Wed Aug 26 02:09:08.650292 2026] [ssl:debug] [pid 2206118:tid 2206118] ssl_engine_kernel.c(254): [client 2401:e180:8d24:bb18:f93e:4dea:54f6:d03c:56896] AH02034: Subsequent (No.6) HTTPS request received for child 11 (server www.ghjh.ilc.edu.tw:443), referer: https://www.ghjh.ilc.edu.tw/
[Wed Aug 26 02:09:08.650504 2026] [authz_core:debug] [pid 2206118:tid 2206118] mod_authz_core.c(815): [client 2401:e180:8d24:bb18:f93e:4dea:54f6:d03c:56896] AH01626: authorization result of Require all granted: granted, referer: https://www.ghjh.ilc.edu.tw/
[Wed Aug 26 02:09:08.650510 2026] [authz_core:debug] [pid 2206118:tid 2206118] mod_authz_core.c(815): [client 2401:e180:8d24:bb18:f93e:4dea:54f6:d03c:56896] AH01626: authorization result of : granted, referer: https://www.ghjh.ilc.edu.tw/
[Wed Aug 26 02:09:08.650938 2026] [deflate:debug] [pid 2206118:tid 2206118] mod_deflate.c(909): [client 2401:e180:8d24:bb18:f93e:4dea:54f6:d03c:56896] AH01384: Zlib: Compressed 12402 to 3229 : URL /wp-content/themes/oceanwp/assets/js/scroll-effect.min.js, referer: https://www.ghjh.ilc.edu.tw/
[Wed Aug 26 02:09:08.651315 2026] [ssl:debug] [pid 2206106:tid 2206106] ssl_engine_kernel.c(254): [client 2401:e180:8d24:bb18:f93e:4dea:54f6:d03c:56899] AH02034: Subsequent (No.4) HTTPS request received for child 18 (server www.ghjh.ilc.edu.tw:443), referer: https://www.ghjh.ilc.edu.tw/
[Wed Aug 26 02:09:08.651479 2026] [authz_core:debug] [pid 2206106:tid 2206106] mod_authz_core.c(815): [client 2401:e180:8d24:bb18:f93e:4dea:54f6:d03c:56899] AH01626: authorization result of Require all granted: granted, referer: https://www.ghjh.ilc.edu.tw/
[Wed Aug 26 02:09:08.651486 2026] [authz_core:debug] [pid 2206106:tid 2206106] mod_authz_core.c(815): [client 2401:e180:8d24:bb18:f93e:4dea:54f6:d03c:56899] AH01626: authorization result of : granted, referer: https://www.ghjh.ilc.edu.tw/
[Wed Aug 26 02:09:08.651799 2026] [deflate:debug] [pid 2206106:tid 2206106] mod_deflate.c(909): [client 2401:e180:8d24:bb18:f93e:4dea:54f6:d03c:56899] AH01384: Zlib: Compressed 8989 to 2304 : URL /wp-content/themes/oceanwp/assets/js/scroll-top.min.js, referer: https://www.ghjh.ilc.edu.tw/
[Wed Aug 26 02:09:08.660316 2026] [ssl:debug] [pid 2201351:tid 2201351] ssl_engine_kernel.c(254): [client 2401:e180:8d24:bb18:f93e:4dea:54f6:d03c:56901] AH02034: Subsequent (No.3) HTTPS request received for child 13 (server www.ghjh.ilc.edu.tw:443), referer: https://www.ghjh.ilc.edu.tw/
[Wed Aug 26 02:09:08.660564 2026] [authz_core:debug] [pid 2201351:tid 2201351] mod_authz_core.c(815): [client 2401:e180:8d24:bb18:f93e:4dea:54f6:d03c:56901] AH01626: authorization result of Require all granted: granted, referer: https://www.ghjh.ilc.edu.tw/
[Wed Aug 26 02:09:08.660571 2026] [authz_core:debug] [pid 2201351:tid 2201351] mod_authz_core.c(815): [client 2401:e180:8d24:bb18:f93e:4dea:54f6:d03c:56901] AH01626: authorization result of : granted, referer: https://www.ghjh.ilc.edu.tw/
[Wed Aug 26 02:09:08.660861 2026] [deflate:debug] [pid 2201351:tid 2201351] mod_deflate.c(909): [client 2401:e180:8d24:bb18:f93e:4dea:54f6:d03c:56901] AH01384: Zlib: Compressed 5181 to 1510 : URL /wp-content/themes/oceanwp/assets/js/select.min.js, referer: https://www.ghjh.ilc.edu.tw/
[Wed Aug 26 02:09:08.684311 2026] [ssl:debug] [pid 2206019:tid 2206019] ssl_engine_kernel.c(254): [client 2401:e180:8d24:bb18:f93e:4dea:54f6:d03c:56900] AH02034: Subsequent (No.3) HTTPS request received for child 8 (server www.ghjh.ilc.edu.tw:443), referer: https://www.ghjh.ilc.edu.tw/
[Wed Aug 26 02:09:08.684513 2026] [authz_core:debug] [pid 2206019:tid 2206019] mod_authz_core.c(815): [client 2401:e180:8d24:bb18:f93e:4dea:54f6:d03c:56900] AH01626: authorization result of Require all granted: granted, referer: https://www.ghjh.ilc.edu.tw/
[Wed Aug 26 02:09:08.684518 2026] [authz_core:debug] [pid 2206019:tid 2206019] mod_authz_core.c(815): [client 2401:e180:8d24:bb18:f93e:4dea:54f6:d03c:56900] AH01626: authorization result of : granted, referer: https://www.ghjh.ilc.edu.tw/
[Wed Aug 26 02:09:08.684703 2026] [deflate:debug] [pid 2206019:tid 2206019] mod_deflate.c(909): [client 2401:e180:8d24:bb18:f93e:4dea:54f6:d03c:56900] AH01384: Zlib: Compressed 712 to 422 : URL /wp-content/plugins/ocean-extra/includes/widgets/js/flickr.min.js, referer: https://www.ghjh.ilc.edu.tw/
[Wed Aug 26 02:09:08.712352 2026] [ssl:debug] [pid 2206004:tid 2206004] ssl_engine_kernel.c(254): [client 2401:e180:8d24:bb18:f93e:4dea:54f6:d03c:56898] AH02034: Subsequent (No.4) HTTPS request received for child 5 (server www.ghjh.ilc.edu.tw:443), referer: https://www.ghjh.ilc.edu.tw/
[Wed Aug 26 02:09:08.713053 2026] [authz_core:debug] [pid 2206004:tid 2206004] mod_authz_core.c(815): [client 2401:e180:8d24:bb18:f93e:4dea:54f6:d03c:56898] AH01626: authorization result of Require all granted: granted, referer: https://www.ghjh.ilc.edu.tw/
[Wed Aug 26 02:09:08.713061 2026] [authz_core:debug] [pid 2206004:tid 2206004] mod_authz_core.c(815): [client 2401:e180:8d24:bb18:f93e:4dea:54f6:d03c:56898] AH01626: authorization result of : granted, referer: https://www.ghjh.ilc.edu.tw/
[Wed Aug 26 02:09:08.720369 2026] [ssl:debug] [pid 2206118:tid 2206118] ssl_engine_kernel.c(254): [client 2401:e180:8d24:bb18:f93e:4dea:54f6:d03c:56896] AH02034: Subsequent (No.7) HTTPS request received for child 11 (server www.ghjh.ilc.edu.tw:443), referer: https://www.ghjh.ilc.edu.tw/
[Wed Aug 26 02:09:08.720800 2026] [authz_core:debug] [pid 2206118:tid 2206118] mod_authz_core.c(815): [client 2401:e180:8d24:bb18:f93e:4dea:54f6:d03c:56896] AH01626: authorization result of Require all granted: granted, referer: https://www.ghjh.ilc.edu.tw/
[Wed Aug 26 02:09:08.720808 2026] [authz_core:debug] [pid 2206118:tid 2206118] mod_authz_core.c(815): [client 2401:e180:8d24:bb18:f93e:4dea:54f6:d03c:56896] AH01626: authorization result of : granted, referer: https://www.ghjh.ilc.edu.tw/
[Wed Aug 26 02:09:08.781493 2026] [ssl:info] [pid 2206024:tid 2206024] (70014)End of file found: [client 66.249.71.37:59593] AH01992: SSL library error 6 reading data
[Wed Aug 26 02:09:08.781564 2026] [ssl:debug] [pid 2206024:tid 2206024] ssl_engine_io.c(1150): [client 66.249.71.37:59593] AH02001: Connection closed to child 7 with standard shutdown (server 2blog.ilc.edu.tw:443)
[Wed Aug 26 02:09:08.849522 2026] [watchdog:debug] [pid 2206206:tid 2206206] mod_watchdog.c(559): AH02980: Watchdog: nothing configured?
[Wed Aug 26 02:09:08.875129 2026] [ssl:info] [pid 2206029:tid 2206029] (70014)End of file found: [client 66.249.71.9:39376] AH01992: SSL library error 6 reading data
[Wed Aug 26 02:09:08.875214 2026] [ssl:debug] [pid 2206029:tid 2206029] ssl_engine_io.c(1150): [client 66.249.71.9:39376] AH02001: Connection closed to child 14 with standard shutdown (server www.jwes.ilc.edu.tw:443)
[Wed Aug 26 02:09:09.210976 2026] [ssl:debug] [pid 2206002:tid 2206002] ssl_engine_kernel.c(254): [client 66.249.79.138:53776] AH02034: Subsequent (No.2) HTTPS request received for child 21 (server www.jwes.ilc.edu.tw:443)
[Wed Aug 26 02:09:09.211195 2026] [authz_core:debug] [pid 2206002:tid 2206002] mod_authz_core.c(815): [client 66.249.79.138:53776] AH01626: authorization result of Require all granted: granted
[Wed Aug 26 02:09:09.211200 2026] [authz_core:debug] [pid 2206002:tid 2206002] mod_authz_core.c(815): [client 66.249.79.138:53776] AH01626: authorization result of : granted
[Wed Aug 26 02:09:09.214511 2026] [ssl:debug] [pid 2206115:tid 2206115] ssl_engine_io.c(1150): [client 3.218.35.239:30694] AH02001: Connection closed to child 0 with standard shutdown (server www.najh.ilc.edu.tw:443)
[Wed Aug 26 02:09:09.424398 2026] [ssl:info] [pid 2206105:tid 2206105] [client 144.31.35.244:35518] AH01964: Connection to child 17 established (server 2blog.ilc.edu.tw:443)
[Wed Aug 26 02:09:09.424704 2026] [ssl:info] [pid 2206105:tid 2206105] (70014)End of file found: [client 144.31.35.244:35518] AH02006: SSL handshake stopped: connection was closed
[Wed Aug 26 02:09:09.424766 2026] [ssl:info] [pid 2206105:tid 2206105] [client 144.31.35.244:35518] AH01998: Connection closed to child 17 with abortive shutdown (server 2blog.ilc.edu.tw:443)
[Wed Aug 26 02:09:09.730370 2026] [ssl:info] [pid 2206024:tid 2206024] [client 34.171.68.95:5120] AH01964: Connection to child 7 established (server 2blog.ilc.edu.tw:443)
[Wed Aug 26 02:09:09.730556 2026] [ssl:debug] [pid 2206024:tid 2206024] ssl_engine_kernel.c(2222): [client 34.171.68.95:5120] AH02043: SSL virtual host for servername 2blog.ilc.edu.tw found
[Wed Aug 26 02:09:09.730610 2026] [core:debug] [pid 2206024:tid 2206024] protocol.c(2460): [client 34.171.68.95:5120] AH03155: select protocol from , choices=http/1.1 for server 2blog.ilc.edu.tw
[Wed Aug 26 02:09:09.737204 2026] [ssl:info] [pid 2206106:tid 2206106] (104)Connection reset by peer: [client 2401:e180:8d24:bb18:f93e:4dea:54f6:d03c:56899] AH01991: SSL input filter read failed.
[Wed Aug 26 02:09:09.737289 2026] [ssl:debug] [pid 2206106:tid 2206106] ssl_engine_io.c(1150): [client 2401:e180:8d24:bb18:f93e:4dea:54f6:d03c:56899] AH02001: Connection closed to child 18 with standard shutdown (server www.ghjh.ilc.edu.tw:443)
[Wed Aug 26 02:09:09.745210 2026] [ssl:info] [pid 2206019:tid 2206019] (104)Connection reset by peer: [client 2401:e180:8d24:bb18:f93e:4dea:54f6:d03c:56900] AH01991: SSL input filter read failed.
[Wed Aug 26 02:09:09.745234 2026] [ssl:info] [pid 2201351:tid 2201351] (104)Connection reset by peer: [client 2401:e180:8d24:bb18:f93e:4dea:54f6:d03c:56901] AH01991: SSL input filter read failed.
[Wed Aug 26 02:09:09.745275 2026] [ssl:debug] [pid 2206019:tid 2206019] ssl_engine_io.c(1150): [client 2401:e180:8d24:bb18:f93e:4dea:54f6:d03c:56900] AH02001: Connection closed to child 8 with standard shutdown (server www.ghjh.ilc.edu.tw:443)
[Wed Aug 26 02:09:09.745282 2026] [ssl:debug] [pid 2201351:tid 2201351] ssl_engine_io.c(1150): [client 2401:e180:8d24:bb18:f93e:4dea:54f6:d03c:56901] AH02001: Connection closed to child 13 with standard shutdown (server www.ghjh.ilc.edu.tw:443)
[Wed Aug 26 02:09:09.745318 2026] [ssl:info] [pid 2206107:tid 2206107] (104)Connection reset by peer: [client 2401:e180:8d24:bb18:f93e:4dea:54f6:d03c:56902] AH01991: SSL input filter read failed.
[Wed Aug 26 02:09:09.745360 2026] [ssl:debug] [pid 2206107:tid 2206107] ssl_engine_io.c(1150): [client 2401:e180:8d24:bb18:f93e:4dea:54f6:d03c:56902] AH02001: Connection closed to child 20 with standard shutdown (server www.ghjh.ilc.edu.tw:443)
[Wed Aug 26 02:09:09.767183 2026] [ssl:info] [pid 2206004:tid 2206004] (104)Connection reset by peer: [client 2401:e180:8d24:bb18:f93e:4dea:54f6:d03c:56898] AH01991: SSL input filter read failed.
[Wed Aug 26 02:09:09.767244 2026] [ssl:debug] [pid 2206004:tid 2206004] ssl_engine_io.c(1150): [client 2401:e180:8d24:bb18:f93e:4dea:54f6:d03c:56898] AH02001: Connection closed to child 5 with standard shutdown (server www.ghjh.ilc.edu.tw:443)
[Wed Aug 26 02:09:09.775176 2026] [ssl:info] [pid 2206118:tid 2206118] (104)Connection reset by peer: [client 2401:e180:8d24:bb18:f93e:4dea:54f6:d03c:56896] AH01991: SSL input filter read failed.
[Wed Aug 26 02:09:09.775231 2026] [ssl:debug] [pid 2206118:tid 2206118] ssl_engine_io.c(1150): [client 2401:e180:8d24:bb18:f93e:4dea:54f6:d03c:56896] AH02001: Connection closed to child 11 with standard shutdown (server www.ghjh.ilc.edu.tw:443)
[Wed Aug 26 02:09:09.843483 2026] [ssl:info] [pid 2206206:tid 2206206] [client 52.204.174.139:55595] AH01964: Connection to child 1 established (server 2blog.ilc.edu.tw:443)
[Wed Aug 26 02:09:09.843992 2026] [ssl:debug] [pid 2206206:tid 2206206] ssl_engine_kernel.c(2222): [client 52.204.174.139:55595] AH02043: SSL virtual host for servername www.tcjh.ilc.edu.tw found
[Wed Aug 26 02:09:09.933735 2026] [ssl:debug] [pid 2206024:tid 2206024] ssl_engine_kernel.c(2082): [client 34.171.68.95:5120] AH02041: Protocol: TLSv1.3, Cipher: TLS_AES_256_GCM_SHA384 (256/256 bits)
[Wed Aug 26 02:09:09.933796 2026] [socache_shmcb:debug] [pid 2206024:tid 2206024] mod_socache_shmcb.c(508): AH00831: socache_shmcb_store (0x35 -> subcache 21)
[Wed Aug 26 02:09:09.933805 2026] [socache_shmcb:debug] [pid 2206024:tid 2206024] mod_socache_shmcb.c(860): AH00847: insert happened at idx=5, data=(3019:3051)
[Wed Aug 26 02:09:09.933808 2026] [socache_shmcb:debug] [pid 2206024:tid 2206024] mod_socache_shmcb.c(863): AH00848: finished insert, subcache: idx_pos/idx_used=69/25, data_pos/data_used=11552/5557
[Wed Aug 26 02:09:09.933823 2026] [socache_shmcb:debug] [pid 2206024:tid 2206024] mod_socache_shmcb.c(530): AH00834: leaving socache_shmcb_store successfully
[Wed Aug 26 02:09:09.933889 2026] [socache_shmcb:debug] [pid 2206024:tid 2206024] mod_socache_shmcb.c(508): AH00831: socache_shmcb_store (0x75 -> subcache 21)
[Wed Aug 26 02:09:09.933893 2026] [socache_shmcb:debug] [pid 2206024:tid 2206024] mod_socache_shmcb.c(860): AH00847: insert happened at idx=6, data=(3245:3277)
[Wed Aug 26 02:09:09.933895 2026] [socache_shmcb:debug] [pid 2206024:tid 2206024] mod_socache_shmcb.c(863): AH00848: finished insert, subcache: idx_pos/idx_used=69/26, data_pos/data_used=11552/5783
[Wed Aug 26 02:09:09.933896 2026] [socache_shmcb:debug] [pid 2206024:tid 2206024] mod_socache_shmcb.c(530): AH00834: leaving socache_shmcb_store successfully
[Wed Aug 26 02:09:09.938542 2026] [ssl:debug] [pid 2206024:tid 2206024] ssl_engine_kernel.c(254): [client 34.171.68.95:5120] AH02034: Initial (No.1) HTTPS request received for child 7 (server 2blog.ilc.edu.tw:443)
[Wed Aug 26 02:09:09.938736 2026] [authz_core:debug] [pid 2206024:tid 2206024] mod_authz_core.c(815): [client 34.171.68.95:5120] AH01626: authorization result of Require all granted: granted
[Wed Aug 26 02:09:09.938741 2026] [authz_core:debug] [pid 2206024:tid 2206024] mod_authz_core.c(815): [client 34.171.68.95:5120] AH01626: authorization result of : granted
[Wed Aug 26 02:09:09.938865 2026] [authz_core:debug] [pid 2206024:tid 2206024] mod_authz_core.c(815): [client 34.171.68.95:5120] AH01626: authorization result of Require all granted: granted
[Wed Aug 26 02:09:09.938868 2026] [authz_core:debug] [pid 2206024:tid 2206024] mod_authz_core.c(815): [client 34.171.68.95:5120] AH01626: authorization result of : granted
[Wed Aug 26 02:09:10.053440 2026] [ssl:debug] [pid 2206206:tid 2206206] ssl_engine_kernel.c(2082): [client 52.204.174.139:55595] AH02041: Protocol: TLSv1.3, Cipher: TLS_AES_256_GCM_SHA384 (256/256 bits)
[Wed Aug 26 02:09:10.053518 2026] [socache_shmcb:debug] [pid 2206206:tid 2206206] mod_socache_shmcb.c(508): AH00831: socache_shmcb_store (0x50 -> subcache 16)
[Wed Aug 26 02:09:10.053534 2026] [socache_shmcb:debug] [pid 2206206:tid 2206206] mod_socache_shmcb.c(860): AH00847: insert happened at idx=56, data=(8429:8461)
[Wed Aug 26 02:09:10.053537 2026] [socache_shmcb:debug] [pid 2206206:tid 2206206] mod_socache_shmcb.c(863): AH00848: finished insert, subcache: idx_pos/idx_used=30/27, data_pos/data_used=2644/6001
[Wed Aug 26 02:09:10.053539 2026] [socache_shmcb:debug] [pid 2206206:tid 2206206] mod_socache_shmcb.c(530): AH00834: leaving socache_shmcb_store successfully
[Wed Aug 26 02:09:10.053587 2026] [socache_shmcb:debug] [pid 2206206:tid 2206206] mod_socache_shmcb.c(508): AH00831: socache_shmcb_store (0x8f -> subcache 15)
[Wed Aug 26 02:09:10.053592 2026] [socache_shmcb:debug] [pid 2206206:tid 2206206] mod_socache_shmcb.c(860): AH00847: insert happened at idx=21, data=(819:851)
[Wed Aug 26 02:09:10.053594 2026] [socache_shmcb:debug] [pid 2206206:tid 2206206] mod_socache_shmcb.c(863): AH00848: finished insert, subcache: idx_pos/idx_used=81/29, data_pos/data_used=8400/6500
[Wed Aug 26 02:09:10.053595 2026] [socache_shmcb:debug] [pid 2206206:tid 2206206] mod_socache_shmcb.c(530): AH00834: leaving socache_shmcb_store successfully
[Wed Aug 26 02:09:10.053780 2026] [ssl:debug] [pid 2206206:tid 2206206] ssl_engine_kernel.c(254): [client 52.204.174.139:55595] AH02034: Initial (No.1) HTTPS request received for child 1 (server www.tcjh.ilc.edu.tw:443)
[Wed Aug 26 02:09:10.054051 2026] [authz_core:debug] [pid 2206206:tid 2206206] mod_authz_core.c(815): [client 52.204.174.139:55595] AH01626: authorization result of Require all granted: granted
[Wed Aug 26 02:09:10.054058 2026] [authz_core:debug] [pid 2206206:tid 2206206] mod_authz_core.c(815): [client 52.204.174.139:55595] AH01626: authorization result of : granted
[Wed Aug 26 02:09:10.203677 2026] [headers:debug] [pid 2206029:tid 2206029] mod_headers.c(900): AH01503: headers: ap_headers_error_filter()
[Wed Aug 26 02:09:10.285716 2026] [deflate:debug] [pid 2206024:tid 2206024] mod_deflate.c(909): [client 34.171.68.95:5120] AH01384: Zlib: Compressed 33859 to 8194 : URL /index.php
[Wed Aug 26 02:09:10.401443 2026] [ssl:debug] [pid 2206206:tid 2206206] ssl_engine_io.c(1150): [client 52.204.174.139:55595] AH02001: Connection closed to child 1 with standard shutdown (server www.tcjh.ilc.edu.tw:443)
[Wed Aug 26 02:09:10.516290 2026] [ssl:info] [pid 2206105:tid 2206105] [client 23.23.137.202:34446] AH01964: Connection to child 17 established (server 2blog.ilc.edu.tw:443)
[Wed Aug 26 02:09:10.516479 2026] [ssl:debug] [pid 2206105:tid 2206105] ssl_engine_kernel.c(2222): [client 23.23.137.202:34446] AH02043: SSL virtual host for servername 2blog.ilc.edu.tw found
[Wed Aug 26 02:09:10.551370 2026] [ssl:info] [pid 2206106:tid 2206106] [client 2401:e180:8d24:bb18:f93e:4dea:54f6:d03c:56906] AH01964: Connection to child 18 established (server 2blog.ilc.edu.tw:443)
[Wed Aug 26 02:09:10.552113 2026] [ssl:debug] [pid 2206106:tid 2206106] ssl_engine_kernel.c(2222): [client 2401:e180:8d24:bb18:f93e:4dea:54f6:d03c:56906] AH02043: SSL virtual host for servername www.ghjh.ilc.edu.tw found
[Wed Aug 26 02:09:10.552170 2026] [core:debug] [pid 2206106:tid 2206106] protocol.c(2460): [client 2401:e180:8d24:bb18:f93e:4dea:54f6:d03c:56906] AH03155: select protocol from , choices=h2,http/1.1 for server www.ghjh.ilc.edu.tw
[Wed Aug 26 02:09:10.552207 2026] [ssl:debug] [pid 2206106:tid 2206106] ssl_util_stapling.c(819): AH01951: stapling_cb: OCSP Stapling callback called
[Wed Aug 26 02:09:10.552211 2026] [ssl:info] [pid 2206106:tid 2206106] AH01926: stapling_get_certinfo: stapling not supported for certificate
[Wed Aug 26 02:09:10.555158 2026] [ssl:info] [pid 2206019:tid 2206019] [client 140.111.67.10:16593] AH01964: Connection to child 8 established (server 2blog.ilc.edu.tw:443)
[Wed Aug 26 02:09:10.555282 2026] [ssl:info] [pid 2206019:tid 2206019] (70014)End of file found: [client 140.111.67.10:16593] AH02006: SSL handshake stopped: connection was closed
[Wed Aug 26 02:09:10.555289 2026] [ssl:info] [pid 2206019:tid 2206019] [client 140.111.67.10:16593] AH01998: Connection closed to child 8 with abortive shutdown (server 2blog.ilc.edu.tw:443)
[Wed Aug 26 02:09:10.596390 2026] [ssl:debug] [pid 2206106:tid 2206106] ssl_engine_kernel.c(2082): [client 2401:e180:8d24:bb18:f93e:4dea:54f6:d03c:56906] AH02041: Protocol: TLSv1.3, Cipher: TLS_AES_256_GCM_SHA384 (256/256 bits)
[Wed Aug 26 02:09:10.596443 2026] [socache_shmcb:debug] [pid 2206106:tid 2206106] mod_socache_shmcb.c(508): AH00831: socache_shmcb_store (0x1e -> subcache 30)
[Wed Aug 26 02:09:10.596458 2026] [socache_shmcb:debug] [pid 2206106:tid 2206106] mod_socache_shmcb.c(745): AH00842: expiring 1 and reclaiming 0 removed socache entries
[Wed Aug 26 02:09:10.596461 2026] [socache_shmcb:debug] [pid 2206106:tid 2206106] mod_socache_shmcb.c(765): AH00843: we now have 32 socache entries
[Wed Aug 26 02:09:10.596463 2026] [socache_shmcb:debug] [pid 2206106:tid 2206106] mod_socache_shmcb.c(860): AH00847: insert happened at idx=14, data=(4712:4744)
[Wed Aug 26 02:09:10.596465 2026] [socache_shmcb:debug] [pid 2206106:tid 2206106] mod_socache_shmcb.c(863): AH00848: finished insert, subcache: idx_pos/idx_used=70/33, data_pos/data_used=11473/7331
[Wed Aug 26 02:09:10.596468 2026] [socache_shmcb:debug] [pid 2206106:tid 2206106] mod_socache_shmcb.c(530): AH00834: leaving socache_shmcb_store successfully
[Wed Aug 26 02:09:10.596515 2026] [socache_shmcb:debug] [pid 2206106:tid 2206106] mod_socache_shmcb.c(508): AH00831: socache_shmcb_store (0xd7 -> subcache 23)
[Wed Aug 26 02:09:10.596520 2026] [socache_shmcb:debug] [pid 2206106:tid 2206106] mod_socache_shmcb.c(745): AH00842: expiring 3 and reclaiming 1 removed socache entries
[Wed Aug 26 02:09:10.596522 2026] [socache_shmcb:debug] [pid 2206106:tid 2206106] mod_socache_shmcb.c(765): AH00843: we now have 32 socache entries
[Wed Aug 26 02:09:10.596523 2026] [socache_shmcb:debug] [pid 2206106:tid 2206106] mod_socache_shmcb.c(860): AH00847: insert happened at idx=82, data=(342:374)
[Wed Aug 26 02:09:10.596534 2026] [socache_shmcb:debug] [pid 2206106:tid 2206106] mod_socache_shmcb.c(863): AH00848: finished insert, subcache: idx_pos/idx_used=50/33, data_pos/data_used=7040/7394
[Wed Aug 26 02:09:10.596536 2026] [socache_shmcb:debug] [pid 2206106:tid 2206106] mod_socache_shmcb.c(530): AH00834: leaving socache_shmcb_store successfully
[Wed Aug 26 02:09:10.597410 2026] [ssl:debug] [pid 2206106:tid 2206106] ssl_engine_kernel.c(254): [client 2401:e180:8d24:bb18:f93e:4dea:54f6:d03c:56906] AH02034: Initial (No.1) HTTPS request received for child 18 (server www.ghjh.ilc.edu.tw:443), referer: https://www.ghjh.ilc.edu.tw/
[Wed Aug 26 02:09:10.598525 2026] [authz_core:debug] [pid 2206106:tid 2206106] mod_authz_core.c(815): [client 2401:e180:8d24:bb18:f93e:4dea:54f6:d03c:56906] AH01626: authorization result of Require all granted: granted, referer: https://www.ghjh.ilc.edu.tw/
[Wed Aug 26 02:09:10.598533 2026] [authz_core:debug] [pid 2206106:tid 2206106] mod_authz_core.c(815): [client 2401:e180:8d24:bb18:f93e:4dea:54f6:d03c:56906] AH01626: authorization result of : granted, referer: https://www.ghjh.ilc.edu.tw/
[Wed Aug 26 02:09:10.634331 2026] [ssl:info] [pid 2201351:tid 2201351] [client 2401:e180:8d24:bb18:f93e:4dea:54f6:d03c:56907] AH01964: Connection to child 13 established (server 2blog.ilc.edu.tw:443)
[Wed Aug 26 02:09:10.635247 2026] [ssl:debug] [pid 2201351:tid 2201351] ssl_engine_kernel.c(2222): [client 2401:e180:8d24:bb18:f93e:4dea:54f6:d03c:56907] AH02043: SSL virtual host for servername www.ghjh.ilc.edu.tw found
[Wed Aug 26 02:09:10.635327 2026] [core:debug] [pid 2201351:tid 2201351] protocol.c(2460): [client 2401:e180:8d24:bb18:f93e:4dea:54f6:d03c:56907] AH03155: select protocol from , choices=http/1.1 for server www.ghjh.ilc.edu.tw
[Wed Aug 26 02:09:10.635367 2026] [ssl:debug] [pid 2201351:tid 2201351] ssl_util_stapling.c(819): AH01951: stapling_cb: OCSP Stapling callback called
[Wed Aug 26 02:09:10.635372 2026] [ssl:info] [pid 2201351:tid 2201351] AH01926: stapling_get_certinfo: stapling not supported for certificate
[Wed Aug 26 02:09:10.637361 2026] [ssl:info] [pid 2206107:tid 2206107] [client 2401:e180:8d24:bb18:f93e:4dea:54f6:d03c:56908] AH01964: Connection to child 20 established (server 2blog.ilc.edu.tw:443)
[Wed Aug 26 02:09:10.638239 2026] [ssl:debug] [pid 2206107:tid 2206107] ssl_engine_kernel.c(2222): [client 2401:e180:8d24:bb18:f93e:4dea:54f6:d03c:56908] AH02043: SSL virtual host for servername www.ghjh.ilc.edu.tw found
[Wed Aug 26 02:09:10.638285 2026] [core:debug] [pid 2206107:tid 2206107] protocol.c(2460): [client 2401:e180:8d24:bb18:f93e:4dea:54f6:d03c:56908] AH03155: select protocol from , choices=http/1.1 for server www.ghjh.ilc.edu.tw
[Wed Aug 26 02:09:10.638345 2026] [ssl:debug] [pid 2206107:tid 2206107] ssl_util_stapling.c(819): AH01951: stapling_cb: OCSP Stapling callback called
[Wed Aug 26 02:09:10.638349 2026] [ssl:info] [pid 2206107:tid 2206107] AH01926: stapling_get_certinfo: stapling not supported for certificate
[Wed Aug 26 02:09:10.682422 2026] [ssl:debug] [pid 2201351:tid 2201351] ssl_engine_kernel.c(2082): [client 2401:e180:8d24:bb18:f93e:4dea:54f6:d03c:56907] AH02041: Protocol: TLSv1.3, Cipher: TLS_AES_256_GCM_SHA384 (256/256 bits)
[Wed Aug 26 02:09:10.682470 2026] [socache_shmcb:debug] [pid 2201351:tid 2201351] mod_socache_shmcb.c(508): AH00831: socache_shmcb_store (0x57 -> subcache 23)
[Wed Aug 26 02:09:10.682477 2026] [socache_shmcb:debug] [pid 2201351:tid 2201351] mod_socache_shmcb.c(860): AH00847: insert happened at idx=83, data=(570:602)
[Wed Aug 26 02:09:10.682479 2026] [socache_shmcb:debug] [pid 2201351:tid 2201351] mod_socache_shmcb.c(863): AH00848: finished insert, subcache: idx_pos/idx_used=50/34, data_pos/data_used=7040/7622
[Wed Aug 26 02:09:10.682481 2026] [socache_shmcb:debug] [pid 2201351:tid 2201351] mod_socache_shmcb.c(530): AH00834: leaving socache_shmcb_store successfully
[Wed Aug 26 02:09:10.682528 2026] [socache_shmcb:debug] [pid 2201351:tid 2201351] mod_socache_shmcb.c(508): AH00831: socache_shmcb_store (0x2d -> subcache 13)
[Wed Aug 26 02:09:10.682540 2026] [socache_shmcb:debug] [pid 2201351:tid 2201351] mod_socache_shmcb.c(860): AH00847: insert happened at idx=64, data=(10278:10310)
[Wed Aug 26 02:09:10.682542 2026] [socache_shmcb:debug] [pid 2201351:tid 2201351] mod_socache_shmcb.c(863): AH00848: finished insert, subcache: idx_pos/idx_used=33/32, data_pos/data_used=3349/7157
[Wed Aug 26 02:09:10.682544 2026] [socache_shmcb:debug] [pid 2201351:tid 2201351] mod_socache_shmcb.c(530): AH00834: leaving socache_shmcb_store successfully
[Wed Aug 26 02:09:10.685296 2026] [ssl:debug] [pid 2201351:tid 2201351] ssl_engine_kernel.c(254): [client 2401:e180:8d24:bb18:f93e:4dea:54f6:d03c:56907] AH02034: Initial (No.1) HTTPS request received for child 13 (server www.ghjh.ilc.edu.tw:443), referer: https://www.ghjh.ilc.edu.tw/
[Wed Aug 26 02:09:10.685306 2026] [ssl:debug] [pid 2206107:tid 2206107] ssl_engine_kernel.c(2082): [client 2401:e180:8d24:bb18:f93e:4dea:54f6:d03c:56908] AH02041: Protocol: TLSv1.3, Cipher: TLS_AES_256_GCM_SHA384 (256/256 bits)
[Wed Aug 26 02:09:10.685348 2026] [socache_shmcb:debug] [pid 2206107:tid 2206107] mod_socache_shmcb.c(508): AH00831: socache_shmcb_store (0x83 -> subcache 3)
[Wed Aug 26 02:09:10.685353 2026] [socache_shmcb:debug] [pid 2206107:tid 2206107] mod_socache_shmcb.c(745): AH00842: expiring 1 and reclaiming 0 removed socache entries
[Wed Aug 26 02:09:10.685355 2026] [socache_shmcb:debug] [pid 2206107:tid 2206107] mod_socache_shmcb.c(765): AH00843: we now have 29 socache entries
[Wed Aug 26 02:09:10.685357 2026] [socache_shmcb:debug] [pid 2206107:tid 2206107] mod_socache_shmcb.c(860): AH00847: insert happened at idx=43, data=(5661:5693)
[Wed Aug 26 02:09:10.685359 2026] [socache_shmcb:debug] [pid 2206107:tid 2206107] mod_socache_shmcb.c(863): AH00848: finished insert, subcache: idx_pos/idx_used=14/30, data_pos/data_used=13015/6739
[Wed Aug 26 02:09:10.685361 2026] [socache_shmcb:debug] [pid 2206107:tid 2206107] mod_socache_shmcb.c(530): AH00834: leaving socache_shmcb_store successfully
[Wed Aug 26 02:09:10.685405 2026] [socache_shmcb:debug] [pid 2206107:tid 2206107] mod_socache_shmcb.c(508): AH00831: socache_shmcb_store (0x6c -> subcache 12)
[Wed Aug 26 02:09:10.685410 2026] [socache_shmcb:debug] [pid 2206107:tid 2206107] mod_socache_shmcb.c(860): AH00847: insert happened at idx=72, data=(11893:11925)
[Wed Aug 26 02:09:10.685412 2026] [socache_shmcb:debug] [pid 2206107:tid 2206107] mod_socache_shmcb.c(863): AH00848: finished insert, subcache: idx_pos/idx_used=35/38, data_pos/data_used=3672/8450
[Wed Aug 26 02:09:10.685414 2026] [socache_shmcb:debug] [pid 2206107:tid 2206107] mod_socache_shmcb.c(530): AH00834: leaving socache_shmcb_store successfully
[Wed Aug 26 02:09:10.685508 2026] [authz_core:debug] [pid 2201351:tid 2201351] mod_authz_core.c(815): [client 2401:e180:8d24:bb18:f93e:4dea:54f6:d03c:56907] AH01626: authorization result of Require all granted: granted, referer: https://www.ghjh.ilc.edu.tw/
[Wed Aug 26 02:09:10.685513 2026] [authz_core:debug] [pid 2201351:tid 2201351] mod_authz_core.c(815): [client 2401:e180:8d24:bb18:f93e:4dea:54f6:d03c:56907] AH01626: authorization result of : granted, referer: https://www.ghjh.ilc.edu.tw/
[Wed Aug 26 02:09:10.689258 2026] [ssl:debug] [pid 2206107:tid 2206107] ssl_engine_kernel.c(254): [client 2401:e180:8d24:bb18:f93e:4dea:54f6:d03c:56908] AH02034: Initial (No.1) HTTPS request received for child 20 (server www.ghjh.ilc.edu.tw:443), referer: https://www.ghjh.ilc.edu.tw/
[Wed Aug 26 02:09:10.689507 2026] [authz_core:debug] [pid 2206107:tid 2206107] mod_authz_core.c(815): [client 2401:e180:8d24:bb18:f93e:4dea:54f6:d03c:56908] AH01626: authorization result of Require all granted: granted, referer: https://www.ghjh.ilc.edu.tw/
[Wed Aug 26 02:09:10.689517 2026] [authz_core:debug] [pid 2206107:tid 2206107] mod_authz_core.c(815): [client 2401:e180:8d24:bb18:f93e:4dea:54f6:d03c:56908] AH01626: authorization result of : granted, referer: https://www.ghjh.ilc.edu.tw/
[Wed Aug 26 02:09:10.845074 2026] [ssl:debug] [pid 2206105:tid 2206105] ssl_engine_kernel.c(2082): [client 23.23.137.202:34446] AH02041: Protocol: TLSv1.3, Cipher: TLS_AES_256_GCM_SHA384 (256/256 bits)
[Wed Aug 26 02:09:10.845134 2026] [socache_shmcb:debug] [pid 2206105:tid 2206105] mod_socache_shmcb.c(508): AH00831: socache_shmcb_store (0xc9 -> subcache 9)
[Wed Aug 26 02:09:10.845140 2026] [socache_shmcb:debug] [pid 2206105:tid 2206105] mod_socache_shmcb.c(745): AH00842: expiring 2 and reclaiming 0 removed socache entries
[Wed Aug 26 02:09:10.845143 2026] [socache_shmcb:debug] [pid 2206105:tid 2206105] mod_socache_shmcb.c(765): AH00843: we now have 28 socache entries
[Wed Aug 26 02:09:10.845145 2026] [socache_shmcb:debug] [pid 2206105:tid 2206105] mod_socache_shmcb.c(860): AH00847: insert happened at idx=52, data=(7330:7362)
[Wed Aug 26 02:09:10.845147 2026] [socache_shmcb:debug] [pid 2206105:tid 2206105] mod_socache_shmcb.c(863): AH00848: finished insert, subcache: idx_pos/idx_used=24/29, data_pos/data_used=1146/6398
[Wed Aug 26 02:09:10.845149 2026] [socache_shmcb:debug] [pid 2206105:tid 2206105] mod_socache_shmcb.c(530): AH00834: leaving socache_shmcb_store successfully
[Wed Aug 26 02:09:10.845193 2026] [socache_shmcb:debug] [pid 2206105:tid 2206105] mod_socache_shmcb.c(508): AH00831: socache_shmcb_store (0xdb -> subcache 27)
[Wed Aug 26 02:09:10.845198 2026] [socache_shmcb:debug] [pid 2206105:tid 2206105] mod_socache_shmcb.c(860): AH00847: insert happened at idx=14, data=(4905:4937)
[Wed Aug 26 02:09:10.845200 2026] [socache_shmcb:debug] [pid 2206105:tid 2206105] mod_socache_shmcb.c(863): AH00848: finished insert, subcache: idx_pos/idx_used=67/36, data_pos/data_used=11002/7981
[Wed Aug 26 02:09:10.845201 2026] [socache_shmcb:debug] [pid 2206105:tid 2206105] mod_socache_shmcb.c(530): AH00834: leaving socache_shmcb_store successfully
[Wed Aug 26 02:09:10.845318 2026] [ssl:debug] [pid 2206105:tid 2206105] ssl_engine_kernel.c(254): [client 23.23.137.202:34446] AH02034: Initial (No.1) HTTPS request received for child 17 (server 2blog.ilc.edu.tw:443)
[Wed Aug 26 02:09:10.845504 2026] [authz_core:debug] [pid 2206105:tid 2206105] mod_authz_core.c(815): [client 23.23.137.202:34446] AH01626: authorization result of Require all granted: granted
[Wed Aug 26 02:09:10.845508 2026] [authz_core:debug] [pid 2206105:tid 2206105] mod_authz_core.c(815): [client 23.23.137.202:34446] AH01626: authorization result of : granted
[Wed Aug 26 02:09:10.845633 2026] [authz_core:debug] [pid 2206105:tid 2206105] mod_authz_core.c(815): [client 23.23.137.202:34446] AH01626: authorization result of Require all granted: granted
[Wed Aug 26 02:09:10.845638 2026] [authz_core:debug] [pid 2206105:tid 2206105] mod_authz_core.c(815): [client 23.23.137.202:34446] AH01626: authorization result of : granted
[Wed Aug 26 02:09:11.186859 2026] [ssl:info] [pid 2206004:tid 2206004] [client 34.123.149.87:37376] AH01964: Connection to child 5 established (server 2blog.ilc.edu.tw:443)
[Wed Aug 26 02:09:11.187044 2026] [ssl:debug] [pid 2206004:tid 2206004] ssl_engine_kernel.c(2222): [client 34.123.149.87:37376] AH02043: SSL virtual host for servername 2blog.ilc.edu.tw found
[Wed Aug 26 02:09:11.187103 2026] [core:debug] [pid 2206004:tid 2206004] protocol.c(2460): [client 34.123.149.87:37376] AH03155: select protocol from , choices=http/1.1 for server 2blog.ilc.edu.tw
[Wed Aug 26 02:09:11.214552 2026] [ssl:debug] [pid 2206105:tid 2206105] ssl_engine_io.c(1150): [client 23.23.137.202:34446] AH02001: Connection closed to child 17 with standard shutdown (server 2blog.ilc.edu.tw:443)
[Wed Aug 26 02:09:11.391679 2026] [ssl:info] [pid 2206118:tid 2206118] [client 34.123.149.87:27648] AH01964: Connection to child 11 established (server 2blog.ilc.edu.tw:443)
[Wed Aug 26 02:09:11.391858 2026] [ssl:debug] [pid 2206118:tid 2206118] ssl_engine_kernel.c(2222): [client 34.123.149.87:27648] AH02043: SSL virtual host for servername 2blog.ilc.edu.tw found
[Wed Aug 26 02:09:11.391914 2026] [core:debug] [pid 2206118:tid 2206118] protocol.c(2460): [client 34.123.149.87:27648] AH03155: select protocol from , choices=http/1.1 for server 2blog.ilc.edu.tw
[Wed Aug 26 02:09:11.480628 2026] [authz_core:debug] [pid 2206115:tid 2206115] mod_authz_core.c(815): [client 2406:da18:85:1400:ca76:6426:7724:57f7:49904] AH01626: authorization result of Require all granted: granted
[Wed Aug 26 02:09:11.480652 2026] [authz_core:debug] [pid 2206115:tid 2206115] mod_authz_core.c(815): [client 2406:da18:85:1400:ca76:6426:7724:57f7:49904] AH01626: authorization result of : granted
[Wed Aug 26 02:09:11.691044 2026] [ssl:debug] [pid 2206002:tid 2206002] ssl_engine_kernel.c(254): [client 66.249.79.138:53776] AH02034: Subsequent (No.3) HTTPS request received for child 21 (server www.jwes.ilc.edu.tw:443)
[Wed Aug 26 02:09:11.691262 2026] [authz_core:debug] [pid 2206002:tid 2206002] mod_authz_core.c(815): [client 66.249.79.138:53776] AH01626: authorization result of Require all granted: granted
[Wed Aug 26 02:09:11.691267 2026] [authz_core:debug] [pid 2206002:tid 2206002] mod_authz_core.c(815): [client 66.249.79.138:53776] AH01626: authorization result of : granted
[Wed Aug 26 02:09:11.704291 2026] [ssl:debug] [pid 2206118:tid 2206118] ssl_engine_kernel.c(2082): [client 34.123.149.87:27648] AH02041: Protocol: TLSv1.3, Cipher: TLS_AES_256_GCM_SHA384 (256/256 bits)
[Wed Aug 26 02:09:11.704343 2026] [socache_shmcb:debug] [pid 2206118:tid 2206118] mod_socache_shmcb.c(508): AH00831: socache_shmcb_store (0xef -> subcache 15)
[Wed Aug 26 02:09:11.704359 2026] [socache_shmcb:debug] [pid 2206118:tid 2206118] mod_socache_shmcb.c(860): AH00847: insert happened at idx=22, data=(1036:1068)
[Wed Aug 26 02:09:11.704362 2026] [socache_shmcb:debug] [pid 2206118:tid 2206118] mod_socache_shmcb.c(863): AH00848: finished insert, subcache: idx_pos/idx_used=81/30, data_pos/data_used=8400/6725
[Wed Aug 26 02:09:11.704364 2026] [socache_shmcb:debug] [pid 2206118:tid 2206118] mod_socache_shmcb.c(530): AH00834: leaving socache_shmcb_store successfully
[Wed Aug 26 02:09:11.704441 2026] [socache_shmcb:debug] [pid 2206118:tid 2206118] mod_socache_shmcb.c(508): AH00831: socache_shmcb_store (0x52 -> subcache 18)
[Wed Aug 26 02:09:11.704451 2026] [socache_shmcb:debug] [pid 2206118:tid 2206118] mod_socache_shmcb.c(860): AH00847: insert happened at idx=32, data=(2980:3012)
[Wed Aug 26 02:09:11.704453 2026] [socache_shmcb:debug] [pid 2206118:tid 2206118] mod_socache_shmcb.c(863): AH00848: finished insert, subcache: idx_pos/idx_used=7/26, data_pos/data_used=11307/5763
[Wed Aug 26 02:09:11.704455 2026] [socache_shmcb:debug] [pid 2206118:tid 2206118] mod_socache_shmcb.c(530): AH00834: leaving socache_shmcb_store successfully
[Wed Aug 26 02:09:11.795270 2026] [ssl:debug] [pid 2206004:tid 2206004] ssl_engine_kernel.c(2082): [client 34.123.149.87:37376] AH02041: Protocol: TLSv1.3, Cipher: TLS_AES_256_GCM_SHA384 (256/256 bits)
[Wed Aug 26 02:09:11.795325 2026] [socache_shmcb:debug] [pid 2206004:tid 2206004] mod_socache_shmcb.c(508): AH00831: socache_shmcb_store (0x5e -> subcache 30)
[Wed Aug 26 02:09:11.795332 2026] [socache_shmcb:debug] [pid 2206004:tid 2206004] mod_socache_shmcb.c(860): AH00847: insert happened at idx=15, data=(4940:4972)
[Wed Aug 26 02:09:11.795334 2026] [socache_shmcb:debug] [pid 2206004:tid 2206004] mod_socache_shmcb.c(863): AH00848: finished insert, subcache: idx_pos/idx_used=70/34, data_pos/data_used=11473/7557
[Wed Aug 26 02:09:11.795336 2026] [socache_shmcb:debug] [pid 2206004:tid 2206004] mod_socache_shmcb.c(530): AH00834: leaving socache_shmcb_store successfully
[Wed Aug 26 02:09:11.795406 2026] [socache_shmcb:debug] [pid 2206004:tid 2206004] mod_socache_shmcb.c(508): AH00831: socache_shmcb_store (0x1e -> subcache 30)
[Wed Aug 26 02:09:11.795411 2026] [socache_shmcb:debug] [pid 2206004:tid 2206004] mod_socache_shmcb.c(860): AH00847: insert happened at idx=16, data=(5166:5198)
