[Wed Aug 26 01:59:06.002276 2026] [ssl:debug] [pid 2196252:tid 2196252] ssl_engine_kernel.c(254): [client 2409:8a50:401:ba7f:883c:bb70:40ba:be31:42140] AH02034: Subsequent (No.2) HTTPS request received for child 31 (server www.gtes.ilc.edu.tw:443), referer: https://www.gtes.ilc.edu.tw/2022/03/14/%E4%B8%89%E6%9C%88%E7%89%B9%E5%88%8A/
[Wed Aug 26 01:59:06.003401 2026] [authz_core:debug] [pid 2196252:tid 2196252] mod_authz_core.c(815): [client 2409:8a50:401:ba7f:883c:bb70:40ba:be31:42140] AH01626: authorization result of Require all granted: granted, referer: https://www.gtes.ilc.edu.tw/2022/03/14/%E4%B8%89%E6%9C%88%E7%89%B9%E5%88%8A/
[Wed Aug 26 01:59:06.003415 2026] [authz_core:debug] [pid 2196252:tid 2196252] mod_authz_core.c(815): [client 2409:8a50:401:ba7f:883c:bb70:40ba:be31:42140] AH01626: authorization result of : granted, referer: https://www.gtes.ilc.edu.tw/2022/03/14/%E4%B8%89%E6%9C%88%E7%89%B9%E5%88%8A/
[Wed Aug 26 01:59:06.004431 2026] [deflate:debug] [pid 2196252:tid 2196252] mod_deflate.c(909): [client 2409:8a50:401:ba7f:883c:bb70:40ba:be31:42140] AH01384: Zlib: Compressed 36687 to 8678 : URL /wp-content/cache/www.gtes.ilc.edu.tw/wpfc-minified/kmbl59n6/ab1z.css, referer: https://www.gtes.ilc.edu.tw/2022/03/14/%E4%B8%89%E6%9C%88%E7%89%B9%E5%88%8A/
[Wed Aug 26 01:59:06.009195 2026] [ssl:debug] [pid 2196242:tid 2196242] ssl_engine_kernel.c(254): [client 2409:8a50:401:ba7f:883c:bb70:40ba:be31:42136] AH02034: Subsequent (No.2) HTTPS request received for child 21 (server www.gtes.ilc.edu.tw:443), referer: https://www.gtes.ilc.edu.tw/2022/03/14/%E4%B8%89%E6%9C%88%E7%89%B9%E5%88%8A/
[Wed Aug 26 01:59:06.009582 2026] [authz_core:debug] [pid 2196242:tid 2196242] mod_authz_core.c(815): [client 2409:8a50:401:ba7f:883c:bb70:40ba:be31:42136] AH01626: authorization result of Require all granted: granted, referer: https://www.gtes.ilc.edu.tw/2022/03/14/%E4%B8%89%E6%9C%88%E7%89%B9%E5%88%8A/
[Wed Aug 26 01:59:06.009593 2026] [authz_core:debug] [pid 2196242:tid 2196242] mod_authz_core.c(815): [client 2409:8a50:401:ba7f:883c:bb70:40ba:be31:42136] AH01626: authorization result of : granted, referer: https://www.gtes.ilc.edu.tw/2022/03/14/%E4%B8%89%E6%9C%88%E7%89%B9%E5%88%8A/
[Wed Aug 26 01:59:06.010057 2026] [deflate:debug] [pid 2196242:tid 2196242] mod_deflate.c(909): [client 2409:8a50:401:ba7f:883c:bb70:40ba:be31:42136] AH01384: Zlib: Compressed 1195 to 379 : URL /wp-content/uploads/sites/73/elementor/css/post-629.css, referer: https://www.gtes.ilc.edu.tw/2022/03/14/%E4%B8%89%E6%9C%88%E7%89%B9%E5%88%8A/
[Wed Aug 26 01:59:06.119932 2026] [ssl:debug] [pid 2196371:tid 2196371] ssl_engine_kernel.c(254): [client 2409:8a50:401:ba7f:883c:bb70:40ba:be31:42138] AH02034: Subsequent (No.2) HTTPS request received for child 19 (server www.gtes.ilc.edu.tw:443), referer: https://www.gtes.ilc.edu.tw/2022/03/14/%E4%B8%89%E6%9C%88%E7%89%B9%E5%88%8A/
[Wed Aug 26 01:59:06.120122 2026] [authz_core:debug] [pid 2196371:tid 2196371] mod_authz_core.c(815): [client 2409:8a50:401:ba7f:883c:bb70:40ba:be31:42138] AH01626: authorization result of Require all granted: granted, referer: https://www.gtes.ilc.edu.tw/2022/03/14/%E4%B8%89%E6%9C%88%E7%89%B9%E5%88%8A/
[Wed Aug 26 01:59:06.120127 2026] [authz_core:debug] [pid 2196371:tid 2196371] mod_authz_core.c(815): [client 2409:8a50:401:ba7f:883c:bb70:40ba:be31:42138] AH01626: authorization result of : granted, referer: https://www.gtes.ilc.edu.tw/2022/03/14/%E4%B8%89%E6%9C%88%E7%89%B9%E5%88%8A/
[Wed Aug 26 01:59:06.120235 2026] [authz_core:debug] [pid 2196371:tid 2196371] mod_authz_core.c(815): [client 2409:8a50:401:ba7f:883c:bb70:40ba:be31:42138] AH01626: authorization result of Require all granted: granted, referer: https://www.gtes.ilc.edu.tw/2022/03/14/%E4%B8%89%E6%9C%88%E7%89%B9%E5%88%8A/
[Wed Aug 26 01:59:06.120245 2026] [authz_core:debug] [pid 2196371:tid 2196371] mod_authz_core.c(815): [client 2409:8a50:401:ba7f:883c:bb70:40ba:be31:42138] AH01626: authorization result of : granted, referer: https://www.gtes.ilc.edu.tw/2022/03/14/%E4%B8%89%E6%9C%88%E7%89%B9%E5%88%8A/
[Wed Aug 26 01:59:06.180272 2026] [ssl:debug] [pid 2196259:tid 2196259] ssl_engine_kernel.c(2082): [client 31.57.233.65:47167] AH02041: Protocol: TLSv1.3, Cipher: TLS_AES_256_GCM_SHA384 (256/256 bits)
[Wed Aug 26 01:59:06.180327 2026] [socache_shmcb:debug] [pid 2196259:tid 2196259] mod_socache_shmcb.c(508): AH00831: socache_shmcb_store (0x2a -> subcache 10)
[Wed Aug 26 01:59:06.180332 2026] [socache_shmcb:debug] [pid 2196259:tid 2196259] mod_socache_shmcb.c(860): AH00847: insert happened at idx=43, data=(13770:13802)
[Wed Aug 26 01:59:06.180334 2026] [socache_shmcb:debug] [pid 2196259:tid 2196259] mod_socache_shmcb.c(863): AH00848: finished insert, subcache: idx_pos/idx_used=7/37, data_pos/data_used=5727/8269
[Wed Aug 26 01:59:06.180336 2026] [socache_shmcb:debug] [pid 2196259:tid 2196259] mod_socache_shmcb.c(530): AH00834: leaving socache_shmcb_store successfully
[Wed Aug 26 01:59:06.180381 2026] [socache_shmcb:debug] [pid 2196259:tid 2196259] mod_socache_shmcb.c(508): AH00831: socache_shmcb_store (0xce -> subcache 14)
[Wed Aug 26 01:59:06.180385 2026] [socache_shmcb:debug] [pid 2196259:tid 2196259] mod_socache_shmcb.c(860): AH00847: insert happened at idx=17, data=(13556:13588)
[Wed Aug 26 01:59:06.180387 2026] [socache_shmcb:debug] [pid 2196259:tid 2196259] mod_socache_shmcb.c(863): AH00848: finished insert, subcache: idx_pos/idx_used=70/36, data_pos/data_used=5793/7989
[Wed Aug 26 01:59:06.180389 2026] [socache_shmcb:debug] [pid 2196259:tid 2196259] mod_socache_shmcb.c(530): AH00834: leaving socache_shmcb_store successfully
[Wed Aug 26 01:59:06.190631 2026] [ssl:debug] [pid 2196259:tid 2196259] ssl_engine_kernel.c(254): [client 31.57.233.65:47167] AH02034: Initial (No.1) HTTPS request received for child 36 (server 2blog.ilc.edu.tw:443), referer: https://2blog.ilc.edu.tw/17160/2018/09/27/%E3%80%90g45%E3%80%91%E6%9C%AA%E4%BE%86%E9%A0%98%E8%A2%96%E4%BA%8C-%E6%B4%BB%E5%8B%95%E4%BC%81%E5%8A%83%E9%AB%98%E6%89%8B%E7%9B%B8%E8%A6%8B%E6%AD%A1/
[Wed Aug 26 01:59:06.190788 2026] [authz_core:debug] [pid 2196259:tid 2196259] mod_authz_core.c(815): [client 31.57.233.65:47167] AH01626: authorization result of Require all granted: granted, referer: https://2blog.ilc.edu.tw/17160/2018/09/27/%E3%80%90g45%E3%80%91%E6%9C%AA%E4%BE%86%E9%A0%98%E8%A2%96%E4%BA%8C-%E6%B4%BB%E5%8B%95%E4%BC%81%E5%8A%83%E9%AB%98%E6%89%8B%E7%9B%B8%E8%A6%8B%E6%AD%A1/
[Wed Aug 26 01:59:06.190793 2026] [authz_core:debug] [pid 2196259:tid 2196259] mod_authz_core.c(815): [client 31.57.233.65:47167] AH01626: authorization result of : granted, referer: https://2blog.ilc.edu.tw/17160/2018/09/27/%E3%80%90g45%E3%80%91%E6%9C%AA%E4%BE%86%E9%A0%98%E8%A2%96%E4%BA%8C-%E6%B4%BB%E5%8B%95%E4%BC%81%E5%8A%83%E9%AB%98%E6%89%8B%E7%9B%B8%E8%A6%8B%E6%AD%A1/
[Wed Aug 26 01:59:06.194738 2026] [authz_core:debug] [pid 2196259:tid 2196259] mod_authz_core.c(815): [client 31.57.233.65:47167] AH01626: authorization result of Require all granted: granted, referer: https://2blog.ilc.edu.tw/17160/2018/09/27/%E3%80%90g45%E3%80%91%E6%9C%AA%E4%BE%86%E9%A0%98%E8%A2%96%E4%BA%8C-%E6%B4%BB%E5%8B%95%E4%BC%81%E5%8A%83%E9%AB%98%E6%89%8B%E7%9B%B8%E8%A6%8B%E6%AD%A1/
[Wed Aug 26 01:59:06.194752 2026] [authz_core:debug] [pid 2196259:tid 2196259] mod_authz_core.c(815): [client 31.57.233.65:47167] AH01626: authorization result of : granted, referer: https://2blog.ilc.edu.tw/17160/2018/09/27/%E3%80%90g45%E3%80%91%E6%9C%AA%E4%BE%86%E9%A0%98%E8%A2%96%E4%BA%8C-%E6%B4%BB%E5%8B%95%E4%BC%81%E5%8A%83%E9%AB%98%E6%89%8B%E7%9B%B8%E8%A6%8B%E6%AD%A1/
[Wed Aug 26 01:59:06.214751 2026] [deflate:debug] [pid 2196410:tid 2196410] mod_deflate.c(909): [client 66.249.79.164:50006] AH01384: Zlib: Compressed 114019 to 17868 : URL /index.php
[Wed Aug 26 01:59:06.270545 2026] [ssl:debug] [pid 2196252:tid 2196252] ssl_engine_kernel.c(254): [client 2409:8a50:401:ba7f:883c:bb70:40ba:be31:42140] AH02034: Subsequent (No.3) HTTPS request received for child 31 (server www.gtes.ilc.edu.tw:443), referer: https://www.gtes.ilc.edu.tw/2022/03/14/%E4%B8%89%E6%9C%88%E7%89%B9%E5%88%8A/
[Wed Aug 26 01:59:06.272017 2026] [authz_core:debug] [pid 2196252:tid 2196252] mod_authz_core.c(815): [client 2409:8a50:401:ba7f:883c:bb70:40ba:be31:42140] AH01626: authorization result of Require all granted: granted, referer: https://www.gtes.ilc.edu.tw/2022/03/14/%E4%B8%89%E6%9C%88%E7%89%B9%E5%88%8A/
[Wed Aug 26 01:59:06.272029 2026] [authz_core:debug] [pid 2196252:tid 2196252] mod_authz_core.c(815): [client 2409:8a50:401:ba7f:883c:bb70:40ba:be31:42140] AH01626: authorization result of : granted, referer: https://www.gtes.ilc.edu.tw/2022/03/14/%E4%B8%89%E6%9C%88%E7%89%B9%E5%88%8A/
[Wed Aug 26 01:59:06.297111 2026] [deflate:debug] [pid 2196252:tid 2196252] mod_deflate.c(909): [client 2409:8a50:401:ba7f:883c:bb70:40ba:be31:42140] AH01384: Zlib: Compressed 1367927 to 150515 : URL /wp-content/cache/www.gtes.ilc.edu.tw/wpfc-minified/lwlsgrcb/73cg.css, referer: https://www.gtes.ilc.edu.tw/2022/03/14/%E4%B8%89%E6%9C%88%E7%89%B9%E5%88%8A/
[Wed Aug 26 01:59:06.476335 2026] [ssl:debug] [pid 2196249:tid 2196249] ssl_engine_io.c(1150): [client 34.10.180.98:32256] AH02001: Connection closed to child 28 with standard shutdown (server 2blog.ilc.edu.tw:443)
[Wed Aug 26 01:59:06.506248 2026] [ssl:debug] [pid 2196242:tid 2196242] ssl_engine_kernel.c(254): [client 2409:8a50:401:ba7f:883c:bb70:40ba:be31:42136] AH02034: Subsequent (No.3) HTTPS request received for child 21 (server www.gtes.ilc.edu.tw:443), referer: https://www.gtes.ilc.edu.tw/2022/03/14/%E4%B8%89%E6%9C%88%E7%89%B9%E5%88%8A/
[Wed Aug 26 01:59:06.506437 2026] [authz_core:debug] [pid 2196242:tid 2196242] mod_authz_core.c(815): [client 2409:8a50:401:ba7f:883c:bb70:40ba:be31:42136] AH01626: authorization result of Require all granted: granted, referer: https://www.gtes.ilc.edu.tw/2022/03/14/%E4%B8%89%E6%9C%88%E7%89%B9%E5%88%8A/
[Wed Aug 26 01:59:06.506442 2026] [authz_core:debug] [pid 2196242:tid 2196242] mod_authz_core.c(815): [client 2409:8a50:401:ba7f:883c:bb70:40ba:be31:42136] AH01626: authorization result of : granted, referer: https://www.gtes.ilc.edu.tw/2022/03/14/%E4%B8%89%E6%9C%88%E7%89%B9%E5%88%8A/
[Wed Aug 26 01:59:06.506634 2026] [deflate:debug] [pid 2196242:tid 2196242] mod_deflate.c(909): [client 2409:8a50:401:ba7f:883c:bb70:40ba:be31:42136] AH01384: Zlib: Compressed 1718 to 700 : URL /wp-includes/js/hoverintent-js.min.js, referer: https://www.gtes.ilc.edu.tw/2022/03/14/%E4%B8%89%E6%9C%88%E7%89%B9%E5%88%8A/
[Wed Aug 26 01:59:06.584162 2026] [ssl:debug] [pid 2196370:tid 2196370] ssl_engine_kernel.c(254): [client 2409:8a50:401:ba7f:883c:bb70:40ba:be31:41626] AH02034: Subsequent (No.7) HTTPS request received for child 16 (server www.gtes.ilc.edu.tw:443), referer: https://www.gtes.ilc.edu.tw/2022/03/14/%E4%B8%89%E6%9C%88%E7%89%B9%E5%88%8A/
[Wed Aug 26 01:59:06.584394 2026] [authz_core:debug] [pid 2196370:tid 2196370] mod_authz_core.c(815): [client 2409:8a50:401:ba7f:883c:bb70:40ba:be31:41626] AH01626: authorization result of Require all granted: granted, referer: https://www.gtes.ilc.edu.tw/2022/03/14/%E4%B8%89%E6%9C%88%E7%89%B9%E5%88%8A/
[Wed Aug 26 01:59:06.584402 2026] [authz_core:debug] [pid 2196370:tid 2196370] mod_authz_core.c(815): [client 2409:8a50:401:ba7f:883c:bb70:40ba:be31:41626] AH01626: authorization result of : granted, referer: https://www.gtes.ilc.edu.tw/2022/03/14/%E4%B8%89%E6%9C%88%E7%89%B9%E5%88%8A/
[Wed Aug 26 01:59:06.584648 2026] [deflate:debug] [pid 2196370:tid 2196370] mod_deflate.c(909): [client 2409:8a50:401:ba7f:883c:bb70:40ba:be31:41626] AH01384: Zlib: Compressed 3487 to 1339 : URL /wp-includes/js/admin-bar.min.js, referer: https://www.gtes.ilc.edu.tw/2022/03/14/%E4%B8%89%E6%9C%88%E7%89%B9%E5%88%8A/
[Wed Aug 26 01:59:06.588190 2026] [ssl:debug] [pid 2196244:tid 2196244] ssl_engine_kernel.c(254): [client 2409:8a50:401:ba7f:883c:bb70:40ba:be31:42134] AH02034: Subsequent (No.2) HTTPS request received for child 23 (server www.gtes.ilc.edu.tw:443), referer: https://www.gtes.ilc.edu.tw/2022/03/14/%E4%B8%89%E6%9C%88%E7%89%B9%E5%88%8A/
[Wed Aug 26 01:59:06.588381 2026] [authz_core:debug] [pid 2196244:tid 2196244] mod_authz_core.c(815): [client 2409:8a50:401:ba7f:883c:bb70:40ba:be31:42134] AH01626: authorization result of Require all granted: granted, referer: https://www.gtes.ilc.edu.tw/2022/03/14/%E4%B8%89%E6%9C%88%E7%89%B9%E5%88%8A/
[Wed Aug 26 01:59:06.588387 2026] [authz_core:debug] [pid 2196244:tid 2196244] mod_authz_core.c(815): [client 2409:8a50:401:ba7f:883c:bb70:40ba:be31:42134] AH01626: authorization result of : granted, referer: https://www.gtes.ilc.edu.tw/2022/03/14/%E4%B8%89%E6%9C%88%E7%89%B9%E5%88%8A/
[Wed Aug 26 01:59:06.588657 2026] [deflate:debug] [pid 2196244:tid 2196244] mod_deflate.c(909): [client 2409:8a50:401:ba7f:883c:bb70:40ba:be31:42134] AH01384: Zlib: Compressed 5520 to 1785 : URL /wp-includes/js/imagesloaded.min.js, referer: https://www.gtes.ilc.edu.tw/2022/03/14/%E4%B8%89%E6%9C%88%E7%89%B9%E5%88%8A/
[Wed Aug 26 01:59:06.671573 2026] [deflate:debug] [pid 2196227:tid 2196227] mod_deflate.c(909): [client 34.30.223.149:61440] AH01384: Zlib: Compressed 533280 to 85900 : URL /index.php
[Wed Aug 26 01:59:06.708296 2026] [ssl:debug] [pid 2196242:tid 2196242] ssl_engine_kernel.c(254): [client 2409:8a50:401:ba7f:883c:bb70:40ba:be31:42136] AH02034: Subsequent (No.4) HTTPS request received for child 21 (server www.gtes.ilc.edu.tw:443), referer: https://www.gtes.ilc.edu.tw/2022/03/14/%E4%B8%89%E6%9C%88%E7%89%B9%E5%88%8A/
[Wed Aug 26 01:59:06.708501 2026] [authz_core:debug] [pid 2196242:tid 2196242] mod_authz_core.c(815): [client 2409:8a50:401:ba7f:883c:bb70:40ba:be31:42136] AH01626: authorization result of Require all granted: granted, referer: https://www.gtes.ilc.edu.tw/2022/03/14/%E4%B8%89%E6%9C%88%E7%89%B9%E5%88%8A/
[Wed Aug 26 01:59:06.708506 2026] [authz_core:debug] [pid 2196242:tid 2196242] mod_authz_core.c(815): [client 2409:8a50:401:ba7f:883c:bb70:40ba:be31:42136] AH01626: authorization result of : granted, referer: https://www.gtes.ilc.edu.tw/2022/03/14/%E4%B8%89%E6%9C%88%E7%89%B9%E5%88%8A/
[Wed Aug 26 01:59:06.709135 2026] [deflate:debug] [pid 2196242:tid 2196242] mod_deflate.c(909): [client 2409:8a50:401:ba7f:883c:bb70:40ba:be31:42136] AH01384: Zlib: Compressed 14581 to 3765 : URL /wp-content/themes/oceanwp/assets/js/drop-down-mobile-menu.min.js, referer: https://www.gtes.ilc.edu.tw/2022/03/14/%E4%B8%89%E6%9C%88%E7%89%B9%E5%88%8A/
[Wed Aug 26 01:59:06.748629 2026] [ssl:debug] [pid 2196371:tid 2196371] ssl_engine_kernel.c(254): [client 2409:8a50:401:ba7f:883c:bb70:40ba:be31:42138] AH02034: Subsequent (No.3) HTTPS request received for child 19 (server www.gtes.ilc.edu.tw:443), referer: https://www.gtes.ilc.edu.tw/wp-content/cache/www.gtes.ilc.edu.tw/wpfc-minified/lodgpzod/ab1z.css
[Wed Aug 26 01:59:06.748857 2026] [authz_core:debug] [pid 2196371:tid 2196371] mod_authz_core.c(815): [client 2409:8a50:401:ba7f:883c:bb70:40ba:be31:42138] AH01626: authorization result of Require all granted: granted, referer: https://www.gtes.ilc.edu.tw/wp-content/cache/www.gtes.ilc.edu.tw/wpfc-minified/lodgpzod/ab1z.css
[Wed Aug 26 01:59:06.748863 2026] [authz_core:debug] [pid 2196371:tid 2196371] mod_authz_core.c(815): [client 2409:8a50:401:ba7f:883c:bb70:40ba:be31:42138] AH01626: authorization result of : granted, referer: https://www.gtes.ilc.edu.tw/wp-content/cache/www.gtes.ilc.edu.tw/wpfc-minified/lodgpzod/ab1z.css
[Wed Aug 26 01:59:06.768660 2026] [watchdog:debug] [pid 2196412:tid 2196412] mod_watchdog.c(559): AH02980: Watchdog: nothing configured?
[Wed Aug 26 01:59:06.768863 2026] [ssl:info] [pid 2196412:tid 2196412] [client 211.22.184.58:52521] AH01964: Connection to child 1 established (server 2blog.ilc.edu.tw:443)
[Wed Aug 26 01:59:06.769152 2026] [ssl:debug] [pid 2196412:tid 2196412] ssl_engine_kernel.c(2222): [client 211.22.184.58:52521] AH02043: SSL virtual host for servername 2blog.ilc.edu.tw found
[Wed Aug 26 01:59:06.770571 2026] [watchdog:debug] [pid 2196413:tid 2196413] mod_watchdog.c(559): AH02980: Watchdog: nothing configured?
[Wed Aug 26 01:59:06.780743 2026] [socache_shmcb:debug] [pid 2196412:tid 2196412] mod_socache_shmcb.c(508): AH00831: socache_shmcb_store (0x23 -> subcache 3)
[Wed Aug 26 01:59:06.780762 2026] [socache_shmcb:debug] [pid 2196412:tid 2196412] mod_socache_shmcb.c(860): AH00847: insert happened at idx=76, data=(7240:7272)
[Wed Aug 26 01:59:06.780764 2026] [socache_shmcb:debug] [pid 2196412:tid 2196412] mod_socache_shmcb.c(863): AH00848: finished insert, subcache: idx_pos/idx_used=34/43, data_pos/data_used=11769/9540
[Wed Aug 26 01:59:06.780766 2026] [socache_shmcb:debug] [pid 2196412:tid 2196412] mod_socache_shmcb.c(530): AH00834: leaving socache_shmcb_store successfully
[Wed Aug 26 01:59:06.780778 2026] [ssl:debug] [pid 2196412:tid 2196412] ssl_engine_kernel.c(2082): [client 211.22.184.58:52521] AH02041: Protocol: TLSv1.2, Cipher: ECDHE-RSA-AES256-GCM-SHA384 (256/256 bits)
[Wed Aug 26 01:59:06.788323 2026] [ssl:debug] [pid 2196370:tid 2196370] ssl_engine_kernel.c(254): [client 2409:8a50:401:ba7f:883c:bb70:40ba:be31:41626] AH02034: Subsequent (No.8) HTTPS request received for child 16 (server www.gtes.ilc.edu.tw:443), referer: https://www.gtes.ilc.edu.tw/wp-content/cache/www.gtes.ilc.edu.tw/wpfc-minified/lodgpzod/ab1z.css
[Wed Aug 26 01:59:06.788425 2026] [ssl:debug] [pid 2196412:tid 2196412] ssl_engine_kernel.c(254): [client 211.22.184.58:52521] AH02034: Initial (No.1) HTTPS request received for child 1 (server 2blog.ilc.edu.tw:443)
[Wed Aug 26 01:59:06.788522 2026] [authz_core:debug] [pid 2196370:tid 2196370] mod_authz_core.c(815): [client 2409:8a50:401:ba7f:883c:bb70:40ba:be31:41626] AH01626: authorization result of Require all granted: granted, referer: https://www.gtes.ilc.edu.tw/wp-content/cache/www.gtes.ilc.edu.tw/wpfc-minified/lodgpzod/ab1z.css
[Wed Aug 26 01:59:06.788527 2026] [authz_core:debug] [pid 2196370:tid 2196370] mod_authz_core.c(815): [client 2409:8a50:401:ba7f:883c:bb70:40ba:be31:41626] AH01626: authorization result of : granted, referer: https://www.gtes.ilc.edu.tw/wp-content/cache/www.gtes.ilc.edu.tw/wpfc-minified/lodgpzod/ab1z.css
[Wed Aug 26 01:59:06.788652 2026] [authz_core:debug] [pid 2196412:tid 2196412] mod_authz_core.c(815): [client 211.22.184.58:52521] AH01626: authorization result of Require all granted: granted
[Wed Aug 26 01:59:06.788659 2026] [authz_core:debug] [pid 2196412:tid 2196412] mod_authz_core.c(815): [client 211.22.184.58:52521] AH01626: authorization result of : granted
[Wed Aug 26 01:59:06.789230 2026] [authz_core:debug] [pid 2196412:tid 2196412] mod_authz_core.c(815): [client 211.22.184.58:52521] AH01626: authorization result of Require all granted: granted
[Wed Aug 26 01:59:06.789237 2026] [authz_core:debug] [pid 2196412:tid 2196412] mod_authz_core.c(815): [client 211.22.184.58:52521] AH01626: authorization result of : granted
[Wed Aug 26 01:59:06.793601 2026] [ssl:debug] [pid 2196244:tid 2196244] ssl_engine_kernel.c(254): [client 2409:8a50:401:ba7f:883c:bb70:40ba:be31:42134] AH02034: Subsequent (No.3) HTTPS request received for child 23 (server www.gtes.ilc.edu.tw:443), referer: https://www.gtes.ilc.edu.tw/2022/03/14/%E4%B8%89%E6%9C%88%E7%89%B9%E5%88%8A/
[Wed Aug 26 01:59:06.793764 2026] [authz_core:debug] [pid 2196244:tid 2196244] mod_authz_core.c(815): [client 2409:8a50:401:ba7f:883c:bb70:40ba:be31:42134] AH01626: authorization result of Require all granted: granted, referer: https://www.gtes.ilc.edu.tw/2022/03/14/%E4%B8%89%E6%9C%88%E7%89%B9%E5%88%8A/
[Wed Aug 26 01:59:06.793769 2026] [authz_core:debug] [pid 2196244:tid 2196244] mod_authz_core.c(815): [client 2409:8a50:401:ba7f:883c:bb70:40ba:be31:42134] AH01626: authorization result of : granted, referer: https://www.gtes.ilc.edu.tw/2022/03/14/%E4%B8%89%E6%9C%88%E7%89%B9%E5%88%8A/
[Wed Aug 26 01:59:06.794041 2026] [deflate:debug] [pid 2196244:tid 2196244] mod_deflate.c(909): [client 2409:8a50:401:ba7f:883c:bb70:40ba:be31:42134] AH01384: Zlib: Compressed 7540 to 2070 : URL /wp-content/themes/oceanwp/assets/js/drop-down-search.min.js, referer: https://www.gtes.ilc.edu.tw/2022/03/14/%E4%B8%89%E6%9C%88%E7%89%B9%E5%88%8A/
[Wed Aug 26 01:59:06.874266 2026] [ssl:debug] [pid 2196252:tid 2196252] ssl_engine_kernel.c(254): [client 2409:8a50:401:ba7f:883c:bb70:40ba:be31:42140] AH02034: Subsequent (No.4) HTTPS request received for child 31 (server www.gtes.ilc.edu.tw:443), referer: https://www.gtes.ilc.edu.tw/2022/03/14/%E4%B8%89%E6%9C%88%E7%89%B9%E5%88%8A/
[Wed Aug 26 01:59:06.874453 2026] [authz_core:debug] [pid 2196252:tid 2196252] mod_authz_core.c(815): [client 2409:8a50:401:ba7f:883c:bb70:40ba:be31:42140] AH01626: authorization result of Require all granted: granted, referer: https://www.gtes.ilc.edu.tw/2022/03/14/%E4%B8%89%E6%9C%88%E7%89%B9%E5%88%8A/
[Wed Aug 26 01:59:06.874459 2026] [authz_core:debug] [pid 2196252:tid 2196252] mod_authz_core.c(815): [client 2409:8a50:401:ba7f:883c:bb70:40ba:be31:42140] AH01626: authorization result of : granted, referer: https://www.gtes.ilc.edu.tw/2022/03/14/%E4%B8%89%E6%9C%88%E7%89%B9%E5%88%8A/
[Wed Aug 26 01:59:06.874717 2026] [deflate:debug] [pid 2196252:tid 2196252] mod_deflate.c(909): [client 2409:8a50:401:ba7f:883c:bb70:40ba:be31:42140] AH01384: Zlib: Compressed 4111 to 1423 : URL /wp-content/themes/oceanwp/assets/js/ow-lightbox.min.js, referer: https://www.gtes.ilc.edu.tw/2022/03/14/%E4%B8%89%E6%9C%88%E7%89%B9%E5%88%8A/
[Wed Aug 26 01:59:06.911467 2026] [ssl:debug] [pid 2196242:tid 2196242] ssl_engine_kernel.c(254): [client 2409:8a50:401:ba7f:883c:bb70:40ba:be31:42136] AH02034: Subsequent (No.5) HTTPS request received for child 21 (server www.gtes.ilc.edu.tw:443), referer: https://www.gtes.ilc.edu.tw/2022/03/14/%E4%B8%89%E6%9C%88%E7%89%B9%E5%88%8A/
[Wed Aug 26 01:59:06.911664 2026] [authz_core:debug] [pid 2196242:tid 2196242] mod_authz_core.c(815): [client 2409:8a50:401:ba7f:883c:bb70:40ba:be31:42136] AH01626: authorization result of Require all granted: granted, referer: https://www.gtes.ilc.edu.tw/2022/03/14/%E4%B8%89%E6%9C%88%E7%89%B9%E5%88%8A/
[Wed Aug 26 01:59:06.911672 2026] [authz_core:debug] [pid 2196242:tid 2196242] mod_authz_core.c(815): [client 2409:8a50:401:ba7f:883c:bb70:40ba:be31:42136] AH01626: authorization result of : granted, referer: https://www.gtes.ilc.edu.tw/2022/03/14/%E4%B8%89%E6%9C%88%E7%89%B9%E5%88%8A/
[Wed Aug 26 01:59:06.913353 2026] [deflate:debug] [pid 2196242:tid 2196242] mod_deflate.c(909): [client 2409:8a50:401:ba7f:883c:bb70:40ba:be31:42136] AH01384: Zlib: Compressed 57513 to 14083 : URL /wp-content/themes/oceanwp/assets/js/vendors/flickity.pkgd.min.js, referer: https://www.gtes.ilc.edu.tw/2022/03/14/%E4%B8%89%E6%9C%88%E7%89%B9%E5%88%8A/
[Wed Aug 26 01:59:07.000059 2026] [ssl:debug] [pid 2196244:tid 2196244] ssl_engine_kernel.c(254): [client 2409:8a50:401:ba7f:883c:bb70:40ba:be31:42134] AH02034: Subsequent (No.4) HTTPS request received for child 23 (server www.gtes.ilc.edu.tw:443), referer: https://www.gtes.ilc.edu.tw/wp-content/cache/www.gtes.ilc.edu.tw/wpfc-minified/lwlsgrcb/73cg.css
[Wed Aug 26 01:59:07.000289 2026] [authz_core:debug] [pid 2196244:tid 2196244] mod_authz_core.c(815): [client 2409:8a50:401:ba7f:883c:bb70:40ba:be31:42134] AH01626: authorization result of Require all granted: granted, referer: https://www.gtes.ilc.edu.tw/wp-content/cache/www.gtes.ilc.edu.tw/wpfc-minified/lwlsgrcb/73cg.css
[Wed Aug 26 01:59:07.000295 2026] [authz_core:debug] [pid 2196244:tid 2196244] mod_authz_core.c(815): [client 2409:8a50:401:ba7f:883c:bb70:40ba:be31:42134] AH01626: authorization result of : granted, referer: https://www.gtes.ilc.edu.tw/wp-content/cache/www.gtes.ilc.edu.tw/wpfc-minified/lwlsgrcb/73cg.css
[Wed Aug 26 01:59:07.083466 2026] [ssl:debug] [pid 2196252:tid 2196252] ssl_engine_kernel.c(254): [client 2409:8a50:401:ba7f:883c:bb70:40ba:be31:42140] AH02034: Subsequent (No.5) HTTPS request received for child 31 (server www.gtes.ilc.edu.tw:443), referer: https://www.gtes.ilc.edu.tw/2022/03/14/%E4%B8%89%E6%9C%88%E7%89%B9%E5%88%8A/
[Wed Aug 26 01:59:07.083687 2026] [authz_core:debug] [pid 2196252:tid 2196252] mod_authz_core.c(815): [client 2409:8a50:401:ba7f:883c:bb70:40ba:be31:42140] AH01626: authorization result of Require all granted: granted, referer: https://www.gtes.ilc.edu.tw/2022/03/14/%E4%B8%89%E6%9C%88%E7%89%B9%E5%88%8A/
[Wed Aug 26 01:59:07.083693 2026] [authz_core:debug] [pid 2196252:tid 2196252] mod_authz_core.c(815): [client 2409:8a50:401:ba7f:883c:bb70:40ba:be31:42140] AH01626: authorization result of : granted, referer: https://www.gtes.ilc.edu.tw/2022/03/14/%E4%B8%89%E6%9C%88%E7%89%B9%E5%88%8A/
[Wed Aug 26 01:59:07.084063 2026] [deflate:debug] [pid 2196252:tid 2196252] mod_deflate.c(909): [client 2409:8a50:401:ba7f:883c:bb70:40ba:be31:42140] AH01384: Zlib: Compressed 12402 to 3229 : URL /wp-content/themes/oceanwp/assets/js/scroll-effect.min.js, referer: https://www.gtes.ilc.edu.tw/2022/03/14/%E4%B8%89%E6%9C%88%E7%89%B9%E5%88%8A/
[Wed Aug 26 01:59:07.117765 2026] [ssl:debug] [pid 2196242:tid 2196242] ssl_engine_kernel.c(254): [client 2409:8a50:401:ba7f:883c:bb70:40ba:be31:42136] AH02034: Subsequent (No.6) HTTPS request received for child 21 (server www.gtes.ilc.edu.tw:443), referer: https://www.gtes.ilc.edu.tw/2022/03/14/%E4%B8%89%E6%9C%88%E7%89%B9%E5%88%8A/
[Wed Aug 26 01:59:07.117976 2026] [authz_core:debug] [pid 2196242:tid 2196242] mod_authz_core.c(815): [client 2409:8a50:401:ba7f:883c:bb70:40ba:be31:42136] AH01626: authorization result of Require all granted: granted, referer: https://www.gtes.ilc.edu.tw/2022/03/14/%E4%B8%89%E6%9C%88%E7%89%B9%E5%88%8A/
[Wed Aug 26 01:59:07.117982 2026] [authz_core:debug] [pid 2196242:tid 2196242] mod_authz_core.c(815): [client 2409:8a50:401:ba7f:883c:bb70:40ba:be31:42136] AH01626: authorization result of : granted, referer: https://www.gtes.ilc.edu.tw/2022/03/14/%E4%B8%89%E6%9C%88%E7%89%B9%E5%88%8A/
[Wed Aug 26 01:59:07.118285 2026] [deflate:debug] [pid 2196242:tid 2196242] mod_deflate.c(909): [client 2409:8a50:401:ba7f:883c:bb70:40ba:be31:42136] AH01384: Zlib: Compressed 8989 to 2304 : URL /wp-content/themes/oceanwp/assets/js/scroll-top.min.js, referer: https://www.gtes.ilc.edu.tw/2022/03/14/%E4%B8%89%E6%9C%88%E7%89%B9%E5%88%8A/
[Wed Aug 26 01:59:07.127494 2026] [ssl:debug] [pid 2196259:tid 2196259] ssl_engine_io.c(1150): [client 31.57.233.65:47167] AH02001: Connection closed to child 36 with standard shutdown (server 2blog.ilc.edu.tw:443)
[Wed Aug 26 01:59:07.133010 2026] [ssl:info] [pid 2196413:tid 2196413] [client 34.42.229.145:50688] AH01964: Connection to child 2 established (server 2blog.ilc.edu.tw:443)
[Wed Aug 26 01:59:07.133305 2026] [ssl:debug] [pid 2196413:tid 2196413] ssl_engine_kernel.c(2222): [client 34.42.229.145:50688] AH02043: SSL virtual host for servername 2blog.ilc.edu.tw found
[Wed Aug 26 01:59:07.133410 2026] [core:debug] [pid 2196413:tid 2196413] protocol.c(2460): [client 34.42.229.145:50688] AH03155: select protocol from , choices=http/1.1 for server 2blog.ilc.edu.tw
[Wed Aug 26 01:59:07.154306 2026] [ssl:info] [pid 2196249:tid 2196249] [client 34.61.96.6:19969] AH01964: Connection to child 28 established (server 2blog.ilc.edu.tw:443)
[Wed Aug 26 01:59:07.154482 2026] [ssl:debug] [pid 2196249:tid 2196249] ssl_engine_kernel.c(2222): [client 34.61.96.6:19969] AH02043: SSL virtual host for servername 2blog.ilc.edu.tw found
[Wed Aug 26 01:59:07.154532 2026] [core:debug] [pid 2196249:tid 2196249] protocol.c(2460): [client 34.61.96.6:19969] AH03155: select protocol from , choices=http/1.1 for server 2blog.ilc.edu.tw
[Wed Aug 26 01:59:07.178103 2026] [ssl:debug] [pid 2196370:tid 2196370] ssl_engine_kernel.c(254): [client 2409:8a50:401:ba7f:883c:bb70:40ba:be31:41626] AH02034: Subsequent (No.9) HTTPS request received for child 16 (server www.gtes.ilc.edu.tw:443), referer: https://www.gtes.ilc.edu.tw/2022/03/14/%E4%B8%89%E6%9C%88%E7%89%B9%E5%88%8A/
[Wed Aug 26 01:59:07.178321 2026] [authz_core:debug] [pid 2196370:tid 2196370] mod_authz_core.c(815): [client 2409:8a50:401:ba7f:883c:bb70:40ba:be31:41626] AH01626: authorization result of Require all granted: granted, referer: https://www.gtes.ilc.edu.tw/2022/03/14/%E4%B8%89%E6%9C%88%E7%89%B9%E5%88%8A/
[Wed Aug 26 01:59:07.178326 2026] [authz_core:debug] [pid 2196370:tid 2196370] mod_authz_core.c(815): [client 2409:8a50:401:ba7f:883c:bb70:40ba:be31:41626] AH01626: authorization result of : granted, referer: https://www.gtes.ilc.edu.tw/2022/03/14/%E4%B8%89%E6%9C%88%E7%89%B9%E5%88%8A/
[Wed Aug 26 01:59:07.178574 2026] [deflate:debug] [pid 2196370:tid 2196370] mod_deflate.c(909): [client 2409:8a50:401:ba7f:883c:bb70:40ba:be31:41626] AH01384: Zlib: Compressed 5181 to 1510 : URL /wp-content/themes/oceanwp/assets/js/select.min.js, referer: https://www.gtes.ilc.edu.tw/2022/03/14/%E4%B8%89%E6%9C%88%E7%89%B9%E5%88%8A/
[Wed Aug 26 01:59:07.292493 2026] [ssl:debug] [pid 2196252:tid 2196252] ssl_engine_kernel.c(254): [client 2409:8a50:401:ba7f:883c:bb70:40ba:be31:42140] AH02034: Subsequent (No.6) HTTPS request received for child 31 (server www.gtes.ilc.edu.tw:443), referer: https://www.gtes.ilc.edu.tw/2022/03/14/%E4%B8%89%E6%9C%88%E7%89%B9%E5%88%8A/
[Wed Aug 26 01:59:07.292697 2026] [authz_core:debug] [pid 2196252:tid 2196252] mod_authz_core.c(815): [client 2409:8a50:401:ba7f:883c:bb70:40ba:be31:42140] AH01626: authorization result of Require all granted: granted, referer: https://www.gtes.ilc.edu.tw/2022/03/14/%E4%B8%89%E6%9C%88%E7%89%B9%E5%88%8A/
[Wed Aug 26 01:59:07.292703 2026] [authz_core:debug] [pid 2196252:tid 2196252] mod_authz_core.c(815): [client 2409:8a50:401:ba7f:883c:bb70:40ba:be31:42140] AH01626: authorization result of : granted, referer: https://www.gtes.ilc.edu.tw/2022/03/14/%E4%B8%89%E6%9C%88%E7%89%B9%E5%88%8A/
[Wed Aug 26 01:59:07.293232 2026] [deflate:debug] [pid 2196252:tid 2196252] mod_deflate.c(909): [client 2409:8a50:401:ba7f:883c:bb70:40ba:be31:42140] AH01384: Zlib: Compressed 15073 to 4191 : URL /wp-content/plugins/elementor/assets/lib/font-awesome/js/v4-shims.min.js, referer: https://www.gtes.ilc.edu.tw/2022/03/14/%E4%B8%89%E6%9C%88%E7%89%B9%E5%88%8A/
[Wed Aug 26 01:59:07.316420 2026] [ssl:debug] [pid 2196371:tid 2196371] ssl_engine_kernel.c(254): [client 2409:8a50:401:ba7f:883c:bb70:40ba:be31:42138] AH02034: Subsequent (No.4) HTTPS request received for child 19 (server www.gtes.ilc.edu.tw:443), referer: https://www.gtes.ilc.edu.tw/2022/03/14/%E4%B8%89%E6%9C%88%E7%89%B9%E5%88%8A/
[Wed Aug 26 01:59:07.316617 2026] [authz_core:debug] [pid 2196371:tid 2196371] mod_authz_core.c(815): [client 2409:8a50:401:ba7f:883c:bb70:40ba:be31:42138] AH01626: authorization result of Require all granted: granted, referer: https://www.gtes.ilc.edu.tw/2022/03/14/%E4%B8%89%E6%9C%88%E7%89%B9%E5%88%8A/
[Wed Aug 26 01:59:07.316622 2026] [authz_core:debug] [pid 2196371:tid 2196371] mod_authz_core.c(815): [client 2409:8a50:401:ba7f:883c:bb70:40ba:be31:42138] AH01626: authorization result of : granted, referer: https://www.gtes.ilc.edu.tw/2022/03/14/%E4%B8%89%E6%9C%88%E7%89%B9%E5%88%8A/
[Wed Aug 26 01:59:07.316890 2026] [deflate:debug] [pid 2196371:tid 2196371] mod_deflate.c(909): [client 2409:8a50:401:ba7f:883c:bb70:40ba:be31:42138] AH01384: Zlib: Compressed 5881 to 2664 : URL /wp-content/plugins/elementor-pro/assets/js/webpack-pro.runtime.min.js, referer: https://www.gtes.ilc.edu.tw/2022/03/14/%E4%B8%89%E6%9C%88%E7%89%B9%E5%88%8A/
[Wed Aug 26 01:59:07.323105 2026] [ssl:debug] [pid 2196242:tid 2196242] ssl_engine_kernel.c(254): [client 2409:8a50:401:ba7f:883c:bb70:40ba:be31:42136] AH02034: Subsequent (No.7) HTTPS request received for child 21 (server www.gtes.ilc.edu.tw:443), referer: https://www.gtes.ilc.edu.tw/2022/03/14/%E4%B8%89%E6%9C%88%E7%89%B9%E5%88%8A/
[Wed Aug 26 01:59:07.323296 2026] [authz_core:debug] [pid 2196242:tid 2196242] mod_authz_core.c(815): [client 2409:8a50:401:ba7f:883c:bb70:40ba:be31:42136] AH01626: authorization result of Require all granted: granted, referer: https://www.gtes.ilc.edu.tw/2022/03/14/%E4%B8%89%E6%9C%88%E7%89%B9%E5%88%8A/
[Wed Aug 26 01:59:07.323308 2026] [authz_core:debug] [pid 2196242:tid 2196242] mod_authz_core.c(815): [client 2409:8a50:401:ba7f:883c:bb70:40ba:be31:42136] AH01626: authorization result of : granted, referer: https://www.gtes.ilc.edu.tw/2022/03/14/%E4%B8%89%E6%9C%88%E7%89%B9%E5%88%8A/
[Wed Aug 26 01:59:07.323608 2026] [deflate:debug] [pid 2196242:tid 2196242] mod_deflate.c(909): [client 2409:8a50:401:ba7f:883c:bb70:40ba:be31:42136] AH01384: Zlib: Compressed 4997 to 2197 : URL /wp-content/plugins/elementor/assets/js/webpack.runtime.min.js, referer: https://www.gtes.ilc.edu.tw/2022/03/14/%E4%B8%89%E6%9C%88%E7%89%B9%E5%88%8A/
[Wed Aug 26 01:59:07.380724 2026] [ssl:debug] [pid 2196413:tid 2196413] ssl_engine_kernel.c(2082): [client 34.42.229.145:50688] AH02041: Protocol: TLSv1.3, Cipher: TLS_AES_256_GCM_SHA384 (256/256 bits)
[Wed Aug 26 01:59:07.380804 2026] [socache_shmcb:debug] [pid 2196413:tid 2196413] mod_socache_shmcb.c(508): AH00831: socache_shmcb_store (0x3e -> subcache 30)
[Wed Aug 26 01:59:07.380818 2026] [socache_shmcb:debug] [pid 2196413:tid 2196413] mod_socache_shmcb.c(745): AH00842: expiring 3 and reclaiming 0 removed socache entries
[Wed Aug 26 01:59:07.380822 2026] [socache_shmcb:debug] [pid 2196413:tid 2196413] mod_socache_shmcb.c(765): AH00843: we now have 36 socache entries
[Wed Aug 26 01:59:07.380825 2026] [socache_shmcb:debug] [pid 2196413:tid 2196413] mod_socache_shmcb.c(860): AH00847: insert happened at idx=32, data=(3016:3048)
[Wed Aug 26 01:59:07.380828 2026] [socache_shmcb:debug] [pid 2196413:tid 2196413] mod_socache_shmcb.c(863): AH00848: finished insert, subcache: idx_pos/idx_used=84/37, data_pos/data_used=8877/8228
[Wed Aug 26 01:59:07.380831 2026] [socache_shmcb:debug] [pid 2196413:tid 2196413] mod_socache_shmcb.c(530): AH00834: leaving socache_shmcb_store successfully
[Wed Aug 26 01:59:07.380906 2026] [socache_shmcb:debug] [pid 2196413:tid 2196413] mod_socache_shmcb.c(508): AH00831: socache_shmcb_store (0x04 -> subcache 4)
[Wed Aug 26 01:59:07.380918 2026] [socache_shmcb:debug] [pid 2196413:tid 2196413] mod_socache_shmcb.c(860): AH00847: insert happened at idx=12, data=(12688:12720)
[Wed Aug 26 01:59:07.380921 2026] [socache_shmcb:debug] [pid 2196413:tid 2196413] mod_socache_shmcb.c(863): AH00848: finished insert, subcache: idx_pos/idx_used=68/33, data_pos/data_used=5603/7311
[Wed Aug 26 01:59:07.380923 2026] [socache_shmcb:debug] [pid 2196413:tid 2196413] mod_socache_shmcb.c(530): AH00834: leaving socache_shmcb_store successfully
[Wed Aug 26 01:59:07.382879 2026] [ssl:debug] [pid 2196370:tid 2196370] ssl_engine_kernel.c(254): [client 2409:8a50:401:ba7f:883c:bb70:40ba:be31:41626] AH02034: Subsequent (No.10) HTTPS request received for child 16 (server www.gtes.ilc.edu.tw:443), referer: https://www.gtes.ilc.edu.tw/2022/03/14/%E4%B8%89%E6%9C%88%E7%89%B9%E5%88%8A/
[Wed Aug 26 01:59:07.383105 2026] [authz_core:debug] [pid 2196370:tid 2196370] mod_authz_core.c(815): [client 2409:8a50:401:ba7f:883c:bb70:40ba:be31:41626] AH01626: authorization result of Require all granted: granted, referer: https://www.gtes.ilc.edu.tw/2022/03/14/%E4%B8%89%E6%9C%88%E7%89%B9%E5%88%8A/
[Wed Aug 26 01:59:07.383111 2026] [authz_core:debug] [pid 2196370:tid 2196370] mod_authz_core.c(815): [client 2409:8a50:401:ba7f:883c:bb70:40ba:be31:41626] AH01626: authorization result of : granted, referer: https://www.gtes.ilc.edu.tw/2022/03/14/%E4%B8%89%E6%9C%88%E7%89%B9%E5%88%8A/
[Wed Aug 26 01:59:07.385260 2026] [deflate:debug] [pid 2196370:tid 2196370] mod_deflate.c(909): [client 2409:8a50:401:ba7f:883c:bb70:40ba:be31:41626] AH01384: Zlib: Compressed 67411 to 18429 : URL /wp-content/plugins/elementor/assets/js/frontend-modules.min.js, referer: https://www.gtes.ilc.edu.tw/2022/03/14/%E4%B8%89%E6%9C%88%E7%89%B9%E5%88%8A/
[Wed Aug 26 01:59:07.420404 2026] [ssl:debug] [pid 2196249:tid 2196249] ssl_engine_kernel.c(2082): [client 34.61.96.6:19969] AH02041: Protocol: TLSv1.3, Cipher: TLS_AES_256_GCM_SHA384 (256/256 bits)
[Wed Aug 26 01:59:07.420461 2026] [socache_shmcb:debug] [pid 2196249:tid 2196249] mod_socache_shmcb.c(508): AH00831: socache_shmcb_store (0xfc -> subcache 28)
[Wed Aug 26 01:59:07.420467 2026] [socache_shmcb:debug] [pid 2196249:tid 2196249] mod_socache_shmcb.c(745): AH00842: expiring 1 and reclaiming 0 removed socache entries
[Wed Aug 26 01:59:07.420469 2026] [socache_shmcb:debug] [pid 2196249:tid 2196249] mod_socache_shmcb.c(765): AH00843: we now have 34 socache entries
[Wed Aug 26 01:59:07.420471 2026] [socache_shmcb:debug] [pid 2196249:tid 2196249] mod_socache_shmcb.c(860): AH00847: insert happened at idx=64, data=(10100:10132)
[Wed Aug 26 01:59:07.420473 2026] [socache_shmcb:debug] [pid 2196249:tid 2196249] mod_socache_shmcb.c(863): AH00848: finished insert, subcache: idx_pos/idx_used=30/35, data_pos/data_used=2597/7728
[Wed Aug 26 01:59:07.420475 2026] [socache_shmcb:debug] [pid 2196249:tid 2196249] mod_socache_shmcb.c(530): AH00834: leaving socache_shmcb_store successfully
[Wed Aug 26 01:59:07.420526 2026] [socache_shmcb:debug] [pid 2196249:tid 2196249] mod_socache_shmcb.c(508): AH00831: socache_shmcb_store (0x54 -> subcache 20)
[Wed Aug 26 01:59:07.420530 2026] [socache_shmcb:debug] [pid 2196249:tid 2196249] mod_socache_shmcb.c(860): AH00847: insert happened at idx=22, data=(1278:1310)
[Wed Aug 26 01:59:07.420532 2026] [socache_shmcb:debug] [pid 2196249:tid 2196249] mod_socache_shmcb.c(863): AH00848: finished insert, subcache: idx_pos/idx_used=67/44, data_pos/data_used=5601/9766
[Wed Aug 26 01:59:07.420534 2026] [socache_shmcb:debug] [pid 2196249:tid 2196249] mod_socache_shmcb.c(530): AH00834: leaving socache_shmcb_store successfully
[Wed Aug 26 01:59:07.461907 2026] [ssl:debug] [pid 2196413:tid 2196413] ssl_engine_kernel.c(254): [client 34.42.229.145:50688] AH02034: Initial (No.1) HTTPS request received for child 2 (server 2blog.ilc.edu.tw:443)
[Wed Aug 26 01:59:07.462178 2026] [authz_core:debug] [pid 2196413:tid 2196413] mod_authz_core.c(815): [client 34.42.229.145:50688] AH01626: authorization result of Require all granted: granted
[Wed Aug 26 01:59:07.462184 2026] [authz_core:debug] [pid 2196413:tid 2196413] mod_authz_core.c(815): [client 34.42.229.145:50688] AH01626: authorization result of : granted
[Wed Aug 26 01:59:07.462738 2026] [authz_core:debug] [pid 2196413:tid 2196413] mod_authz_core.c(815): [client 34.42.229.145:50688] AH01626: authorization result of Require all granted: granted
[Wed Aug 26 01:59:07.462743 2026] [authz_core:debug] [pid 2196413:tid 2196413] mod_authz_core.c(815): [client 34.42.229.145:50688] AH01626: authorization result of : granted
[Wed Aug 26 01:59:07.480232 2026] [ssl:debug] [pid 2196249:tid 2196249] ssl_engine_kernel.c(254): [client 34.61.96.6:19969] AH02034: Initial (No.1) HTTPS request received for child 28 (server 2blog.ilc.edu.tw:443)
[Wed Aug 26 01:59:07.480403 2026] [authz_core:debug] [pid 2196249:tid 2196249] mod_authz_core.c(815): [client 34.61.96.6:19969] AH01626: authorization result of Require all granted: granted
[Wed Aug 26 01:59:07.480408 2026] [authz_core:debug] [pid 2196249:tid 2196249] mod_authz_core.c(815): [client 34.61.96.6:19969] AH01626: authorization result of : granted
[Wed Aug 26 01:59:07.480516 2026] [authz_core:debug] [pid 2196249:tid 2196249] mod_authz_core.c(815): [client 34.61.96.6:19969] AH01626: authorization result of Require all granted: granted
[Wed Aug 26 01:59:07.480519 2026] [authz_core:debug] [pid 2196249:tid 2196249] mod_authz_core.c(815): [client 34.61.96.6:19969] AH01626: authorization result of : granted
[Wed Aug 26 01:59:07.503035 2026] [ssl:debug] [pid 2196252:tid 2196252] ssl_engine_kernel.c(254): [client 2409:8a50:401:ba7f:883c:bb70:40ba:be31:42140] AH02034: Subsequent (No.7) HTTPS request received for child 31 (server www.gtes.ilc.edu.tw:443), referer: https://www.gtes.ilc.edu.tw/2022/03/14/%E4%B8%89%E6%9C%88%E7%89%B9%E5%88%8A/
[Wed Aug 26 01:59:07.503207 2026] [authz_core:debug] [pid 2196252:tid 2196252] mod_authz_core.c(815): [client 2409:8a50:401:ba7f:883c:bb70:40ba:be31:42140] AH01626: authorization result of Require all granted: granted, referer: https://www.gtes.ilc.edu.tw/2022/03/14/%E4%B8%89%E6%9C%88%E7%89%B9%E5%88%8A/
[Wed Aug 26 01:59:07.503218 2026] [authz_core:debug] [pid 2196252:tid 2196252] mod_authz_core.c(815): [client 2409:8a50:401:ba7f:883c:bb70:40ba:be31:42140] AH01626: authorization result of : granted, referer: https://www.gtes.ilc.edu.tw/2022/03/14/%E4%B8%89%E6%9C%88%E7%89%B9%E5%88%8A/
[Wed Aug 26 01:59:07.503579 2026] [deflate:debug] [pid 2196252:tid 2196252] mod_deflate.c(909): [client 2409:8a50:401:ba7f:883c:bb70:40ba:be31:42140] AH01384: Zlib: Compressed 9141 to 3649 : URL /wp-includes/js/dist/i18n.min.js, referer: https://www.gtes.ilc.edu.tw/2022/03/14/%E4%B8%89%E6%9C%88%E7%89%B9%E5%88%8A/
[Wed Aug 26 01:59:07.518016 2026] [ssl:debug] [pid 2196371:tid 2196371] ssl_engine_kernel.c(254): [client 2409:8a50:401:ba7f:883c:bb70:40ba:be31:42138] AH02034: Subsequent (No.5) HTTPS request received for child 19 (server www.gtes.ilc.edu.tw:443), referer: https://www.gtes.ilc.edu.tw/2022/03/14/%E4%B8%89%E6%9C%88%E7%89%B9%E5%88%8A/
[Wed Aug 26 01:59:07.518189 2026] [authz_core:debug] [pid 2196371:tid 2196371] mod_authz_core.c(815): [client 2409:8a50:401:ba7f:883c:bb70:40ba:be31:42138] AH01626: authorization result of Require all granted: granted, referer: https://www.gtes.ilc.edu.tw/2022/03/14/%E4%B8%89%E6%9C%88%E7%89%B9%E5%88%8A/
[Wed Aug 26 01:59:07.518193 2026] [authz_core:debug] [pid 2196371:tid 2196371] mod_authz_core.c(815): [client 2409:8a50:401:ba7f:883c:bb70:40ba:be31:42138] AH01626: authorization result of : granted, referer: https://www.gtes.ilc.edu.tw/2022/03/14/%E4%B8%89%E6%9C%88%E7%89%B9%E5%88%8A/
[Wed Aug 26 01:59:07.518870 2026] [deflate:debug] [pid 2196371:tid 2196371] mod_deflate.c(909): [client 2409:8a50:401:ba7f:883c:bb70:40ba:be31:42138] AH01384: Zlib: Compressed 25050 to 6676 : URL /wp-content/plugins/elementor-pro/assets/js/frontend.min.js, referer: https://www.gtes.ilc.edu.tw/2022/03/14/%E4%B8%89%E6%9C%88%E7%89%B9%E5%88%8A/
[Wed Aug 26 01:59:07.525846 2026] [ssl:debug] [pid 2196242:tid 2196242] ssl_engine_kernel.c(254): [client 2409:8a50:401:ba7f:883c:bb70:40ba:be31:42136] AH02034: Subsequent (No.8) HTTPS request received for child 21 (server www.gtes.ilc.edu.tw:443), referer: https://www.gtes.ilc.edu.tw/2022/03/14/%E4%B8%89%E6%9C%88%E7%89%B9%E5%88%8A/
[Wed Aug 26 01:59:07.526023 2026] [authz_core:debug] [pid 2196242:tid 2196242] mod_authz_core.c(815): [client 2409:8a50:401:ba7f:883c:bb70:40ba:be31:42136] AH01626: authorization result of Require all granted: granted, referer: https://www.gtes.ilc.edu.tw/2022/03/14/%E4%B8%89%E6%9C%88%E7%89%B9%E5%88%8A/
[Wed Aug 26 01:59:07.526028 2026] [authz_core:debug] [pid 2196242:tid 2196242] mod_authz_core.c(815): [client 2409:8a50:401:ba7f:883c:bb70:40ba:be31:42136] AH01626: authorization result of : granted, referer: https://www.gtes.ilc.edu.tw/2022/03/14/%E4%B8%89%E6%9C%88%E7%89%B9%E5%88%8A/
[Wed Aug 26 01:59:07.526423 2026] [deflate:debug] [pid 2196242:tid 2196242] mod_deflate.c(909): [client 2409:8a50:401:ba7f:883c:bb70:40ba:be31:42136] AH01384: Zlib: Compressed 12198 to 2975 : URL /wp-content/plugins/elementor/assets/lib/waypoints/waypoints.min.js, referer: https://www.gtes.ilc.edu.tw/2022/03/14/%E4%B8%89%E6%9C%88%E7%89%B9%E5%88%8A/
[Wed Aug 26 01:59:07.583995 2026] [ssl:debug] [pid 2196244:tid 2196244] ssl_engine_kernel.c(254): [client 2409:8a50:401:ba7f:883c:bb70:40ba:be31:42134] AH02034: Subsequent (No.5) HTTPS request received for child 23 (server www.gtes.ilc.edu.tw:443), referer: https://www.gtes.ilc.edu.tw/2022/03/14/%E4%B8%89%E6%9C%88%E7%89%B9%E5%88%8A/
[Wed Aug 26 01:59:07.584187 2026] [authz_core:debug] [pid 2196244:tid 2196244] mod_authz_core.c(815): [client 2409:8a50:401:ba7f:883c:bb70:40ba:be31:42134] AH01626: authorization result of Require all granted: granted, referer: https://www.gtes.ilc.edu.tw/2022/03/14/%E4%B8%89%E6%9C%88%E7%89%B9%E5%88%8A/
[Wed Aug 26 01:59:07.584194 2026] [authz_core:debug] [pid 2196244:tid 2196244] mod_authz_core.c(815): [client 2409:8a50:401:ba7f:883c:bb70:40ba:be31:42134] AH01626: authorization result of : granted, referer: https://www.gtes.ilc.edu.tw/2022/03/14/%E4%B8%89%E6%9C%88%E7%89%B9%E5%88%8A/
[Wed Aug 26 01:59:07.584901 2026] [deflate:debug] [pid 2196244:tid 2196244] mod_deflate.c(909): [client 2409:8a50:401:ba7f:883c:bb70:40ba:be31:42134] AH01384: Zlib: Compressed 21464 to 7088 : URL /wp-includes/js/jquery/ui/core.min.js, referer: https://www.gtes.ilc.edu.tw/2022/03/14/%E4%B8%89%E6%9C%88%E7%89%B9%E5%88%8A/
[Wed Aug 26 01:59:07.589766 2026] [ssl:debug] [pid 2196370:tid 2196370] ssl_engine_kernel.c(254): [client 2409:8a50:401:ba7f:883c:bb70:40ba:be31:41626] AH02034: Subsequent (No.11) HTTPS request received for child 16 (server www.gtes.ilc.edu.tw:443), referer: https://www.gtes.ilc.edu.tw/2022/03/14/%E4%B8%89%E6%9C%88%E7%89%B9%E5%88%8A/
[Wed Aug 26 01:59:07.590059 2026] [authz_core:debug] [pid 2196370:tid 2196370] mod_authz_core.c(815): [client 2409:8a50:401:ba7f:883c:bb70:40ba:be31:41626] AH01626: authorization result of Require all granted: granted, referer: https://www.gtes.ilc.edu.tw/2022/03/14/%E4%B8%89%E6%9C%88%E7%89%B9%E5%88%8A/
[Wed Aug 26 01:59:07.590067 2026] [authz_core:debug] [pid 2196370:tid 2196370] mod_authz_core.c(815): [client 2409:8a50:401:ba7f:883c:bb70:40ba:be31:41626] AH01626: authorization result of : granted, referer: https://www.gtes.ilc.edu.tw/2022/03/14/%E4%B8%89%E6%9C%88%E7%89%B9%E5%88%8A/
[Wed Aug 26 01:59:07.591235 2026] [deflate:debug] [pid 2196370:tid 2196370] mod_deflate.c(909): [client 2409:8a50:401:ba7f:883c:bb70:40ba:be31:41626] AH01384: Zlib: Compressed 40254 to 12204 : URL /wp-content/plugins/elementor/assets/js/frontend.min.js, referer: https://www.gtes.ilc.edu.tw/2022/03/14/%E4%B8%89%E6%9C%88%E7%89%B9%E5%88%8A/
[Wed Aug 26 01:59:07.603790 2026] [ssl:info] [pid 2196259:tid 2196259] [client 34.10.180.98:47618] AH01964: Connection to child 36 established (server 2blog.ilc.edu.tw:443)
[Wed Aug 26 01:59:07.603949 2026] [ssl:debug] [pid 2196259:tid 2196259] ssl_engine_kernel.c(2222): [client 34.10.180.98:47618] AH02043: SSL virtual host for servername 2blog.ilc.edu.tw found
[Wed Aug 26 01:59:07.603997 2026] [core:debug] [pid 2196259:tid 2196259] protocol.c(2460): [client 34.10.180.98:47618] AH03155: select protocol from , choices=http/1.1 for server 2blog.ilc.edu.tw
[Wed Aug 26 01:59:07.625572 2026] [deflate:debug] [pid 2196249:tid 2196249] mod_deflate.c(909): [client 34.61.96.6:19969] AH01384: Zlib: Compressed 39029 to 9399 : URL /index.php
[Wed Aug 26 01:59:07.686326 2026] [ssl:debug] [pid 2196375:tid 2196375] ssl_engine_io.c(1150): [client 34.10.180.98:32770] AH02001: Connection closed to child 33 with standard shutdown (server 2blog.ilc.edu.tw:443)
[Wed Aug 26 01:59:07.774364 2026] [watchdog:debug] [pid 2196414:tid 2196414] mod_watchdog.c(559): AH02980: Watchdog: nothing configured?
[Wed Aug 26 01:59:07.776236 2026] [watchdog:debug] [pid 2196415:tid 2196415] mod_watchdog.c(559): AH02980: Watchdog: nothing configured?
[Wed Aug 26 01:59:07.777996 2026] [ssl:info] [pid 2196414:tid 2196414] [client 34.30.223.149:61441] AH01964: Connection to child 4 established (server 2blog.ilc.edu.tw:443)
[Wed Aug 26 01:59:07.778201 2026] [watchdog:debug] [pid 2196416:tid 2196416] mod_watchdog.c(559): AH02980: Watchdog: nothing configured?
[Wed Aug 26 01:59:07.778285 2026] [ssl:debug] [pid 2196414:tid 2196414] ssl_engine_kernel.c(2222): [client 34.30.223.149:61441] AH02043: SSL virtual host for servername 2blog.ilc.edu.tw found
[Wed Aug 26 01:59:07.778388 2026] [core:debug] [pid 2196414:tid 2196414] protocol.c(2460): [client 34.30.223.149:61441] AH03155: select protocol from , choices=http/1.1 for server 2blog.ilc.edu.tw
[Wed Aug 26 01:59:07.780014 2026] [watchdog:debug] [pid 2196417:tid 2196417] mod_watchdog.c(559): AH02980: Watchdog: nothing configured?
[Wed Aug 26 01:59:07.837718 2026] [ssl:debug] [pid 2196259:tid 2196259] ssl_engine_kernel.c(2082): [client 34.10.180.98:47618] AH02041: Protocol: TLSv1.3, Cipher: TLS_AES_256_GCM_SHA384 (256/256 bits)
[Wed Aug 26 01:59:07.837776 2026] [socache_shmcb:debug] [pid 2196259:tid 2196259] mod_socache_shmcb.c(508): AH00831: socache_shmcb_store (0xee -> subcache 14)
[Wed Aug 26 01:59:07.837798 2026] [socache_shmcb:debug] [pid 2196259:tid 2196259] mod_socache_shmcb.c(860): AH00847: insert happened at idx=18, data=(13782:13814)
[Wed Aug 26 01:59:07.837801 2026] [socache_shmcb:debug] [pid 2196259:tid 2196259] mod_socache_shmcb.c(863): AH00848: finished insert, subcache: idx_pos/idx_used=70/37, data_pos/data_used=5793/8214
[Wed Aug 26 01:59:07.837803 2026] [socache_shmcb:debug] [pid 2196259:tid 2196259] mod_socache_shmcb.c(530): AH00834: leaving socache_shmcb_store successfully
[Wed Aug 26 01:59:07.837869 2026] [socache_shmcb:debug] [pid 2196259:tid 2196259] mod_socache_shmcb.c(508): AH00831: socache_shmcb_store (0x8f -> subcache 15)
[Wed Aug 26 01:59:07.837873 2026] [socache_shmcb:debug] [pid 2196259:tid 2196259] mod_socache_shmcb.c(745): AH00842: expiring 6 and reclaiming 0 removed socache entries
[Wed Aug 26 01:59:07.837875 2026] [socache_shmcb:debug] [pid 2196259:tid 2196259] mod_socache_shmcb.c(765): AH00843: we now have 30 socache entries
[Wed Aug 26 01:59:07.837877 2026] [socache_shmcb:debug] [pid 2196259:tid 2196259] mod_socache_shmcb.c(860): AH00847: insert happened at idx=46, data=(579:611)
[Wed Aug 26 01:59:07.837879 2026] [socache_shmcb:debug] [pid 2196259:tid 2196259] mod_socache_shmcb.c(863): AH00848: finished insert, subcache: idx_pos/idx_used=16/31, data_pos/data_used=7775/6893
[Wed Aug 26 01:59:07.837881 2026] [socache_shmcb:debug] [pid 2196259:tid 2196259] mod_socache_shmcb.c(530): AH00834: leaving socache_shmcb_store successfully
[Wed Aug 26 01:59:07.853292 2026] [ssl:debug] [pid 2196259:tid 2196259] ssl_engine_kernel.c(254): [client 34.10.180.98:47618] AH02034: Initial (No.1) HTTPS request received for child 36 (server 2blog.ilc.edu.tw:443)
