[Wed Aug 26 01:59:31.162111 2026] [deflate:debug] [pid 2196219:tid 2196219] mod_deflate.c(909): [client 2408:8710:1020:18dc::f:43652] AH01384: Zlib: Compressed 48950 to 9730 : URL /index.php
[Wed Aug 26 01:59:31.173803 2026] [ssl:debug] [pid 2196427:tid 2196427] ssl_engine_kernel.c(2082): [client 3.229.95.193:61691] AH02041: Protocol: TLSv1.3, Cipher: TLS_AES_256_GCM_SHA384 (256/256 bits)
[Wed Aug 26 01:59:31.173877 2026] [socache_shmcb:debug] [pid 2196427:tid 2196427] mod_socache_shmcb.c(508): AH00831: socache_shmcb_store (0x0d -> subcache 13)
[Wed Aug 26 01:59:31.173888 2026] [socache_shmcb:debug] [pid 2196427:tid 2196427] mod_socache_shmcb.c(745): AH00842: expiring 2 and reclaiming 0 removed socache entries
[Wed Aug 26 01:59:31.173891 2026] [socache_shmcb:debug] [pid 2196427:tid 2196427] mod_socache_shmcb.c(765): AH00843: we now have 24 socache entries
[Wed Aug 26 01:59:31.173893 2026] [socache_shmcb:debug] [pid 2196427:tid 2196427] mod_socache_shmcb.c(860): AH00847: insert happened at idx=2, data=(10321:10353)
[Wed Aug 26 01:59:31.173895 2026] [socache_shmcb:debug] [pid 2196427:tid 2196427] mod_socache_shmcb.c(863): AH00848: finished insert, subcache: idx_pos/idx_used=66/25, data_pos/data_used=4999/5535
[Wed Aug 26 01:59:31.173897 2026] [socache_shmcb:debug] [pid 2196427:tid 2196427] mod_socache_shmcb.c(530): AH00834: leaving socache_shmcb_store successfully
[Wed Aug 26 01:59:31.173947 2026] [socache_shmcb:debug] [pid 2196427:tid 2196427] mod_socache_shmcb.c(508): AH00831: socache_shmcb_store (0xde -> subcache 30)
[Wed Aug 26 01:59:31.173955 2026] [socache_shmcb:debug] [pid 2196427:tid 2196427] mod_socache_shmcb.c(860): AH00847: insert happened at idx=33, data=(3241:3273)
[Wed Aug 26 01:59:31.173957 2026] [socache_shmcb:debug] [pid 2196427:tid 2196427] mod_socache_shmcb.c(863): AH00848: finished insert, subcache: idx_pos/idx_used=84/38, data_pos/data_used=8877/8441
[Wed Aug 26 01:59:31.173959 2026] [socache_shmcb:debug] [pid 2196427:tid 2196427] mod_socache_shmcb.c(530): AH00834: leaving socache_shmcb_store successfully
[Wed Aug 26 01:59:31.174099 2026] [ssl:debug] [pid 2196427:tid 2196427] ssl_engine_kernel.c(254): [client 3.229.95.193:61691] AH02034: Initial (No.1) HTTPS request received for child 2 (server 2blog.ilc.edu.tw:443)
[Wed Aug 26 01:59:31.184217 2026] [authz_core:debug] [pid 2196427:tid 2196427] mod_authz_core.c(815): [client 3.229.95.193:61691] AH01626: authorization result of Require all granted: granted
[Wed Aug 26 01:59:31.184235 2026] [authz_core:debug] [pid 2196427:tid 2196427] mod_authz_core.c(815): [client 3.229.95.193:61691] AH01626: authorization result of : granted
[Wed Aug 26 01:59:31.187422 2026] [ssl:debug] [pid 2196427:tid 2196427] ssl_engine_io.c(1150): [client 3.229.95.193:61691] AH02001: Connection closed to child 2 with standard shutdown (server 2blog.ilc.edu.tw:443)
[Wed Aug 26 01:59:31.529849 2026] [ssl:debug] [pid 2196219:tid 2196219] ssl_engine_kernel.c(254): [client 2408:8710:1020:18dc::f:43652] AH02034: Subsequent (No.2) HTTPS request received for child 17 (server ilta.ilc.edu.tw:443), referer: https://ilta.ilc.edu.tw/2013/01/07/
[Wed Aug 26 01:59:31.530459 2026] [authz_core:debug] [pid 2196219:tid 2196219] mod_authz_core.c(815): [client 2408:8710:1020:18dc::f:43652] AH01626: authorization result of Require all granted: granted, referer: https://ilta.ilc.edu.tw/2013/01/07/
[Wed Aug 26 01:59:31.530466 2026] [authz_core:debug] [pid 2196219:tid 2196219] mod_authz_core.c(815): [client 2408:8710:1020:18dc::f:43652] AH01626: authorization result of : granted, referer: https://ilta.ilc.edu.tw/2013/01/07/
[Wed Aug 26 01:59:31.532800 2026] [deflate:debug] [pid 2196219:tid 2196219] mod_deflate.c(909): [client 2408:8710:1020:18dc::f:43652] AH01384: Zlib: Compressed 79246 to 39701 : URL /wp-content/cache/ilta.ilc.edu.tw/wpfc-minified/30cml7nx/6wvk.css, referer: https://ilta.ilc.edu.tw/2013/01/07/
[Wed Aug 26 01:59:31.603593 2026] [authz_core:debug] [pid 2196428:tid 2196428] mod_authz_core.c(815): [client 52.71.216.196:22070] AH01626: authorization result of Require all granted: granted
[Wed Aug 26 01:59:31.603621 2026] [authz_core:debug] [pid 2196428:tid 2196428] mod_authz_core.c(815): [client 52.71.216.196:22070] AH01626: authorization result of : granted
[Wed Aug 26 01:59:31.604379 2026] [authz_core:debug] [pid 2196428:tid 2196428] mod_authz_core.c(815): [client 52.71.216.196:22070] AH01626: authorization result of Require all granted: granted
[Wed Aug 26 01:59:31.604385 2026] [authz_core:debug] [pid 2196428:tid 2196428] mod_authz_core.c(815): [client 52.71.216.196:22070] AH01626: authorization result of : granted
[Wed Aug 26 01:59:31.604792 2026] [deflate:debug] [pid 2196428:tid 2196428] mod_deflate.c(909): [client 52.71.216.196:22070] AH01384: Zlib: Compressed 800 to 383 : URL /wp-content/uploads/sites/2670/2022/11/
[Wed Aug 26 01:59:31.677169 2026] [headers:debug] [pid 2196259:tid 2196259] mod_headers.c(900): AH01503: headers: ap_headers_error_filter()
[Wed Aug 26 01:59:31.681598 2026] [headers:debug] [pid 2196417:tid 2196417] mod_headers.c(900): AH01503: headers: ap_headers_error_filter()
[Wed Aug 26 01:59:31.688416 2026] [headers:debug] [pid 2196430:tid 2196430] mod_headers.c(900): AH01503: headers: ap_headers_error_filter()
[Wed Aug 26 01:59:31.694626 2026] [headers:debug] [pid 2196431:tid 2196431] mod_headers.c(900): AH01503: headers: ap_headers_error_filter()
[Wed Aug 26 01:59:31.706880 2026] [headers:debug] [pid 2196432:tid 2196432] mod_headers.c(900): AH01503: headers: ap_headers_error_filter()
[Wed Aug 26 01:59:31.713820 2026] [headers:debug] [pid 2196433:tid 2196433] mod_headers.c(900): AH01503: headers: ap_headers_error_filter()
[Wed Aug 26 01:59:31.719639 2026] [headers:debug] [pid 2196249:tid 2196249] mod_headers.c(900): AH01503: headers: ap_headers_error_filter()
[Wed Aug 26 01:59:31.800294 2026] [headers:debug] [pid 2196427:tid 2196427] mod_headers.c(900): AH01503: headers: ap_headers_error_filter()
[Wed Aug 26 01:59:31.821769 2026] [mpm_prefork:info] [pid 42267:tid 42267] AH00162: server seems busy, (you may need to increase StartServers, or Min/MaxSpareServers), spawning 8 children, there are 0 idle, and 20 total children
[Wed Aug 26 01:59:31.826223 2026] [watchdog:debug] [pid 2196435:tid 2196435] mod_watchdog.c(559): AH02980: Watchdog: nothing configured?
[Wed Aug 26 01:59:31.826642 2026] [headers:debug] [pid 2196435:tid 2196435] mod_headers.c(900): AH01503: headers: ap_headers_error_filter()
[Wed Aug 26 01:59:31.828148 2026] [watchdog:debug] [pid 2196436:tid 2196436] mod_watchdog.c(559): AH02980: Watchdog: nothing configured?
[Wed Aug 26 01:59:31.828531 2026] [headers:debug] [pid 2196436:tid 2196436] mod_headers.c(900): AH01503: headers: ap_headers_error_filter()
[Wed Aug 26 01:59:31.830276 2026] [watchdog:debug] [pid 2196437:tid 2196437] mod_watchdog.c(559): AH02980: Watchdog: nothing configured?
[Wed Aug 26 01:59:31.831890 2026] [watchdog:debug] [pid 2196438:tid 2196438] mod_watchdog.c(559): AH02980: Watchdog: nothing configured?
[Wed Aug 26 01:59:31.833751 2026] [watchdog:debug] [pid 2196439:tid 2196439] mod_watchdog.c(559): AH02980: Watchdog: nothing configured?
[Wed Aug 26 01:59:31.835315 2026] [watchdog:debug] [pid 2196440:tid 2196440] mod_watchdog.c(559): AH02980: Watchdog: nothing configured?
[Wed Aug 26 01:59:31.837081 2026] [watchdog:debug] [pid 2196441:tid 2196441] mod_watchdog.c(559): AH02980: Watchdog: nothing configured?
[Wed Aug 26 01:59:31.838738 2026] [watchdog:debug] [pid 2196442:tid 2196442] mod_watchdog.c(559): AH02980: Watchdog: nothing configured?
[Wed Aug 26 01:59:31.957733 2026] [ssl:info] [pid 2196437:tid 2196437] [client 2408:8710:1020:18dc::f:44016] AH01964: Connection to child 15 established (server 2blog.ilc.edu.tw:443)
[Wed Aug 26 01:59:31.958168 2026] [ssl:debug] [pid 2196437:tid 2196437] ssl_engine_kernel.c(2222): [client 2408:8710:1020:18dc::f:44016] AH02043: SSL virtual host for servername ilta.ilc.edu.tw found
[Wed Aug 26 01:59:31.958215 2026] [socache_shmcb:debug] [pid 2196437:tid 2196437] mod_socache_shmcb.c(545): AH00835: socache_shmcb_retrieve (0x5b -> subcache 27)
[Wed Aug 26 01:59:31.958227 2026] [socache_shmcb:debug] [pid 2196437:tid 2196437] mod_socache_shmcb.c(896): AH00849: match at idx=34, data=3694
[Wed Aug 26 01:59:31.958229 2026] [socache_shmcb:debug] [pid 2196437:tid 2196437] mod_socache_shmcb.c(556): AH00836: leaving socache_shmcb_retrieve successfully
[Wed Aug 26 01:59:31.958330 2026] [ssl:info] [pid 2196438:tid 2196438] [client 2408:8710:1020:18dc::f:44024] AH01964: Connection to child 18 established (server 2blog.ilc.edu.tw:443)
[Wed Aug 26 01:59:31.958534 2026] [core:debug] [pid 2196437:tid 2196437] protocol.c(2460): [client 2408:8710:1020:18dc::f:44016] AH03155: select protocol from , choices=h2,http/1.1 for server ilta.ilc.edu.tw
[Wed Aug 26 01:59:31.958616 2026] [ssl:debug] [pid 2196438:tid 2196438] ssl_engine_kernel.c(2222): [client 2408:8710:1020:18dc::f:44024] AH02043: SSL virtual host for servername ilta.ilc.edu.tw found
[Wed Aug 26 01:59:31.958651 2026] [socache_shmcb:debug] [pid 2196438:tid 2196438] mod_socache_shmcb.c(545): AH00835: socache_shmcb_retrieve (0x45 -> subcache 5)
[Wed Aug 26 01:59:31.958661 2026] [socache_shmcb:debug] [pid 2196438:tid 2196438] mod_socache_shmcb.c(896): AH00849: match at idx=76, data=6980
[Wed Aug 26 01:59:31.958664 2026] [socache_shmcb:debug] [pid 2196438:tid 2196438] mod_socache_shmcb.c(556): AH00836: leaving socache_shmcb_retrieve successfully
[Wed Aug 26 01:59:31.958957 2026] [core:debug] [pid 2196438:tid 2196438] protocol.c(2460): [client 2408:8710:1020:18dc::f:44024] AH03155: select protocol from , choices=h2,http/1.1 for server ilta.ilc.edu.tw
[Wed Aug 26 01:59:31.964167 2026] [ssl:info] [pid 2196439:tid 2196439] [client 2408:8710:1020:18dc::f:44022] AH01964: Connection to child 19 established (server 2blog.ilc.edu.tw:443)
[Wed Aug 26 01:59:31.964556 2026] [ssl:debug] [pid 2196439:tid 2196439] ssl_engine_kernel.c(2222): [client 2408:8710:1020:18dc::f:44022] AH02043: SSL virtual host for servername ilta.ilc.edu.tw found
[Wed Aug 26 01:59:31.964677 2026] [core:debug] [pid 2196439:tid 2196439] protocol.c(2460): [client 2408:8710:1020:18dc::f:44022] AH03155: select protocol from , choices=h2,http/1.1 for server ilta.ilc.edu.tw
[Wed Aug 26 01:59:31.964757 2026] [ssl:debug] [pid 2196439:tid 2196439] ssl_util_stapling.c(819): AH01951: stapling_cb: OCSP Stapling callback called
[Wed Aug 26 01:59:31.964764 2026] [ssl:info] [pid 2196439:tid 2196439] AH01926: stapling_get_certinfo: stapling not supported for certificate
[Wed Aug 26 01:59:31.966494 2026] [ssl:info] [pid 2196440:tid 2196440] [client 34.171.68.95:36352] AH01964: Connection to child 20 established (server 2blog.ilc.edu.tw:443)
[Wed Aug 26 01:59:31.966966 2026] [ssl:debug] [pid 2196440:tid 2196440] ssl_engine_kernel.c(2222): [client 34.171.68.95:36352] AH02043: SSL virtual host for servername 2blog.ilc.edu.tw found
[Wed Aug 26 01:59:31.967133 2026] [core:debug] [pid 2196440:tid 2196440] protocol.c(2460): [client 34.171.68.95:36352] AH03155: select protocol from , choices=http/1.1 for server 2blog.ilc.edu.tw
[Wed Aug 26 01:59:31.993758 2026] [ssl:info] [pid 2196441:tid 2196441] [client 2408:8710:1020:18dc::f:44020] AH01964: Connection to child 22 established (server 2blog.ilc.edu.tw:443)
[Wed Aug 26 01:59:31.994216 2026] [ssl:debug] [pid 2196441:tid 2196441] ssl_engine_kernel.c(2222): [client 2408:8710:1020:18dc::f:44020] AH02043: SSL virtual host for servername ilta.ilc.edu.tw found
[Wed Aug 26 01:59:31.994363 2026] [core:debug] [pid 2196441:tid 2196441] protocol.c(2460): [client 2408:8710:1020:18dc::f:44020] AH03155: select protocol from , choices=h2,http/1.1 for server ilta.ilc.edu.tw
[Wed Aug 26 01:59:31.994447 2026] [ssl:debug] [pid 2196441:tid 2196441] ssl_util_stapling.c(819): AH01951: stapling_cb: OCSP Stapling callback called
[Wed Aug 26 01:59:31.994455 2026] [ssl:info] [pid 2196441:tid 2196441] AH01926: stapling_get_certinfo: stapling not supported for certificate
[Wed Aug 26 01:59:32.005706 2026] [ssl:info] [pid 2196442:tid 2196442] [client 2408:8710:1020:18dc::f:44018] AH01964: Connection to child 24 established (server 2blog.ilc.edu.tw:443)
[Wed Aug 26 01:59:32.006086 2026] [ssl:debug] [pid 2196442:tid 2196442] ssl_engine_kernel.c(2222): [client 2408:8710:1020:18dc::f:44018] AH02043: SSL virtual host for servername ilta.ilc.edu.tw found
[Wed Aug 26 01:59:32.006192 2026] [core:debug] [pid 2196442:tid 2196442] protocol.c(2460): [client 2408:8710:1020:18dc::f:44018] AH03155: select protocol from , choices=h2,http/1.1 for server ilta.ilc.edu.tw
[Wed Aug 26 01:59:32.006260 2026] [ssl:debug] [pid 2196442:tid 2196442] ssl_util_stapling.c(819): AH01951: stapling_cb: OCSP Stapling callback called
[Wed Aug 26 01:59:32.006266 2026] [ssl:info] [pid 2196442:tid 2196442] AH01926: stapling_get_certinfo: stapling not supported for certificate
[Wed Aug 26 01:59:32.040793 2026] [headers:debug] [pid 2196259:tid 2196259] mod_headers.c(900): AH01503: headers: ap_headers_error_filter()
[Wed Aug 26 01:59:32.147894 2026] [ssl:debug] [pid 2196219:tid 2196219] ssl_engine_kernel.c(254): [client 2408:8710:1020:18dc::f:43652] AH02034: Subsequent (No.3) HTTPS request received for child 17 (server ilta.ilc.edu.tw:443), referer: https://ilta.ilc.edu.tw/2013/01/07/
[Wed Aug 26 01:59:32.148567 2026] [authz_core:debug] [pid 2196219:tid 2196219] mod_authz_core.c(815): [client 2408:8710:1020:18dc::f:43652] AH01626: authorization result of Require all granted: granted, referer: https://ilta.ilc.edu.tw/2013/01/07/
[Wed Aug 26 01:59:32.148577 2026] [authz_core:debug] [pid 2196219:tid 2196219] mod_authz_core.c(815): [client 2408:8710:1020:18dc::f:43652] AH01626: authorization result of : granted, referer: https://ilta.ilc.edu.tw/2013/01/07/
[Wed Aug 26 01:59:32.150791 2026] [deflate:debug] [pid 2196219:tid 2196219] mod_deflate.c(909): [client 2408:8710:1020:18dc::f:43652] AH01384: Zlib: Compressed 112428 to 14824 : URL /wp-content/cache/ilta.ilc.edu.tw/wpfc-minified/l07fx5lw/6wvk.css, referer: https://ilta.ilc.edu.tw/2013/01/07/
[Wed Aug 26 01:59:32.228586 2026] [ssl:info] [pid 2196417:tid 2196417] [client 34.56.53.225:22530] AH01964: Connection to child 9 established (server 2blog.ilc.edu.tw:443)
[Wed Aug 26 01:59:32.228740 2026] [ssl:debug] [pid 2196417:tid 2196417] ssl_engine_kernel.c(2222): [client 34.56.53.225:22530] AH02043: SSL virtual host for servername 2blog.ilc.edu.tw found
[Wed Aug 26 01:59:32.228787 2026] [core:debug] [pid 2196417:tid 2196417] protocol.c(2460): [client 34.56.53.225:22530] AH03155: select protocol from , choices=http/1.1 for server 2blog.ilc.edu.tw
[Wed Aug 26 01:59:32.279009 2026] [ssl:debug] [pid 2196440:tid 2196440] ssl_engine_kernel.c(2082): [client 34.171.68.95:36352] AH02041: Protocol: TLSv1.3, Cipher: TLS_AES_256_GCM_SHA384 (256/256 bits)
[Wed Aug 26 01:59:32.279009 2026] [ssl:debug] [pid 2196437:tid 2196437] ssl_engine_kernel.c(2082): [client 2408:8710:1020:18dc::f:44016] AH02041: Protocol: TLSv1.3, Cipher: TLS_AES_256_GCM_SHA384 (256/256 bits)
[Wed Aug 26 01:59:32.279094 2026] [socache_shmcb:debug] [pid 2196440:tid 2196440] mod_socache_shmcb.c(508): AH00831: socache_shmcb_store (0x2c -> subcache 12)
[Wed Aug 26 01:59:32.279122 2026] [socache_shmcb:debug] [pid 2196440:tid 2196440] mod_socache_shmcb.c(860): AH00847: insert happened at idx=3, data=(10385:10417)
[Wed Aug 26 01:59:32.279126 2026] [socache_shmcb:debug] [pid 2196440:tid 2196440] mod_socache_shmcb.c(863): AH00848: finished insert, subcache: idx_pos/idx_used=50/42, data_pos/data_used=1273/9337
[Wed Aug 26 01:59:32.279129 2026] [socache_shmcb:debug] [pid 2196440:tid 2196440] mod_socache_shmcb.c(530): AH00834: leaving socache_shmcb_store successfully
[Wed Aug 26 01:59:32.279139 2026] [socache_shmcb:debug] [pid 2196437:tid 2196437] mod_socache_shmcb.c(508): AH00831: socache_shmcb_store (0x81 -> subcache 1)
[Wed Aug 26 01:59:32.279146 2026] [socache_shmcb:debug] [pid 2196437:tid 2196437] mod_socache_shmcb.c(860): AH00847: insert happened at idx=56, data=(8275:8307)
[Wed Aug 26 01:59:32.279149 2026] [socache_shmcb:debug] [pid 2196437:tid 2196437] mod_socache_shmcb.c(863): AH00848: finished insert, subcache: idx_pos/idx_used=14/43, data_pos/data_used=12881/9483
[Wed Aug 26 01:59:32.279151 2026] [socache_shmcb:debug] [pid 2196437:tid 2196437] mod_socache_shmcb.c(530): AH00834: leaving socache_shmcb_store successfully
[Wed Aug 26 01:59:32.279213 2026] [socache_shmcb:debug] [pid 2196440:tid 2196440] mod_socache_shmcb.c(508): AH00831: socache_shmcb_store (0xc2 -> subcache 2)
[Wed Aug 26 01:59:32.279220 2026] [socache_shmcb:debug] [pid 2196440:tid 2196440] mod_socache_shmcb.c(860): AH00847: insert happened at idx=16, data=(13304:13336)
[Wed Aug 26 01:59:32.279223 2026] [socache_shmcb:debug] [pid 2196440:tid 2196440] mod_socache_shmcb.c(863): AH00848: finished insert, subcache: idx_pos/idx_used=60/45, data_pos/data_used=3502/10028
[Wed Aug 26 01:59:32.279225 2026] [socache_shmcb:debug] [pid 2196440:tid 2196440] mod_socache_shmcb.c(530): AH00834: leaving socache_shmcb_store successfully
[Wed Aug 26 01:59:32.279309 2026] [ssl:debug] [pid 2196438:tid 2196438] ssl_engine_kernel.c(2082): [client 2408:8710:1020:18dc::f:44024] AH02041: Protocol: TLSv1.3, Cipher: TLS_AES_256_GCM_SHA384 (256/256 bits)
[Wed Aug 26 01:59:32.279335 2026] [ssl:debug] [pid 2196437:tid 2196437] ssl_engine_kernel.c(254): [client 2408:8710:1020:18dc::f:44016] AH02034: Initial (No.1) HTTPS request received for child 15 (server ilta.ilc.edu.tw:443), referer: https://ilta.ilc.edu.tw/2013/01/07/
[Wed Aug 26 01:59:32.279369 2026] [socache_shmcb:debug] [pid 2196438:tid 2196438] mod_socache_shmcb.c(508): AH00831: socache_shmcb_store (0x52 -> subcache 18)
[Wed Aug 26 01:59:32.279382 2026] [socache_shmcb:debug] [pid 2196438:tid 2196438] mod_socache_shmcb.c(745): AH00842: expiring 1 and reclaiming 0 removed socache entries
[Wed Aug 26 01:59:32.279385 2026] [socache_shmcb:debug] [pid 2196438:tid 2196438] mod_socache_shmcb.c(765): AH00843: we now have 33 socache entries
[Wed Aug 26 01:59:32.279387 2026] [socache_shmcb:debug] [pid 2196438:tid 2196438] mod_socache_shmcb.c(860): AH00847: insert happened at idx=65, data=(4645:4677)
[Wed Aug 26 01:59:32.279390 2026] [socache_shmcb:debug] [pid 2196438:tid 2196438] mod_socache_shmcb.c(863): AH00848: finished insert, subcache: idx_pos/idx_used=32/34, data_pos/data_used=11246/7487
[Wed Aug 26 01:59:32.279392 2026] [socache_shmcb:debug] [pid 2196438:tid 2196438] mod_socache_shmcb.c(530): AH00834: leaving socache_shmcb_store successfully
[Wed Aug 26 01:59:32.279557 2026] [ssl:debug] [pid 2196438:tid 2196438] ssl_engine_kernel.c(254): [client 2408:8710:1020:18dc::f:44024] AH02034: Initial (No.1) HTTPS request received for child 18 (server ilta.ilc.edu.tw:443), referer: https://ilta.ilc.edu.tw/2013/01/07/
[Wed Aug 26 01:59:32.280525 2026] [authz_core:debug] [pid 2196437:tid 2196437] mod_authz_core.c(815): [client 2408:8710:1020:18dc::f:44016] AH01626: authorization result of Require all granted: granted, referer: https://ilta.ilc.edu.tw/2013/01/07/
[Wed Aug 26 01:59:32.280540 2026] [authz_core:debug] [pid 2196437:tid 2196437] mod_authz_core.c(815): [client 2408:8710:1020:18dc::f:44016] AH01626: authorization result of : granted, referer: https://ilta.ilc.edu.tw/2013/01/07/
[Wed Aug 26 01:59:32.280677 2026] [authz_core:debug] [pid 2196438:tid 2196438] mod_authz_core.c(815): [client 2408:8710:1020:18dc::f:44024] AH01626: authorization result of Require all granted: granted, referer: https://ilta.ilc.edu.tw/2013/01/07/
[Wed Aug 26 01:59:32.280692 2026] [authz_core:debug] [pid 2196438:tid 2196438] mod_authz_core.c(815): [client 2408:8710:1020:18dc::f:44024] AH01626: authorization result of : granted, referer: https://ilta.ilc.edu.tw/2013/01/07/
[Wed Aug 26 01:59:32.281568 2026] [deflate:debug] [pid 2196438:tid 2196438] mod_deflate.c(909): [client 2408:8710:1020:18dc::f:44024] AH01384: Zlib: Compressed 486 to 267 : URL /wp-content/cache/ilta.ilc.edu.tw/wpfc-minified/qm0ohmet/6wvk.css, referer: https://ilta.ilc.edu.tw/2013/01/07/
[Wed Aug 26 01:59:32.289319 2026] [deflate:debug] [pid 2196437:tid 2196437] mod_deflate.c(909): [client 2408:8710:1020:18dc::f:44016] AH01384: Zlib: Compressed 349937 to 59618 : URL /wp-content/cache/ilta.ilc.edu.tw/wpfc-minified/7vo8n6iy/6wvk.css, referer: https://ilta.ilc.edu.tw/2013/01/07/
[Wed Aug 26 01:59:32.289856 2026] [ssl:debug] [pid 2196439:tid 2196439] ssl_engine_kernel.c(2082): [client 2408:8710:1020:18dc::f:44022] AH02041: Protocol: TLSv1.3, Cipher: TLS_AES_256_GCM_SHA384 (256/256 bits)
[Wed Aug 26 01:59:32.289945 2026] [socache_shmcb:debug] [pid 2196439:tid 2196439] mod_socache_shmcb.c(508): AH00831: socache_shmcb_store (0x0b -> subcache 11)
[Wed Aug 26 01:59:32.289960 2026] [socache_shmcb:debug] [pid 2196439:tid 2196439] mod_socache_shmcb.c(745): AH00842: expiring 1 and reclaiming 0 removed socache entries
[Wed Aug 26 01:59:32.289964 2026] [socache_shmcb:debug] [pid 2196439:tid 2196439] mod_socache_shmcb.c(765): AH00843: we now have 39 socache entries
[Wed Aug 26 01:59:32.289969 2026] [socache_shmcb:debug] [pid 2196439:tid 2196439] mod_socache_shmcb.c(860): AH00847: insert happened at idx=36, data=(4236:4268)
[Wed Aug 26 01:59:32.289972 2026] [socache_shmcb:debug] [pid 2196439:tid 2196439] mod_socache_shmcb.c(863): AH00848: finished insert, subcache: idx_pos/idx_used=85/40, data_pos/data_used=9392/8932
[Wed Aug 26 01:59:32.289975 2026] [socache_shmcb:debug] [pid 2196439:tid 2196439] mod_socache_shmcb.c(530): AH00834: leaving socache_shmcb_store successfully
[Wed Aug 26 01:59:32.290047 2026] [socache_shmcb:debug] [pid 2196439:tid 2196439] mod_socache_shmcb.c(508): AH00831: socache_shmcb_store (0x1a -> subcache 26)
[Wed Aug 26 01:59:32.290059 2026] [socache_shmcb:debug] [pid 2196439:tid 2196439] mod_socache_shmcb.c(860): AH00847: insert happened at idx=64, data=(10114:10146)
[Wed Aug 26 01:59:32.290062 2026] [socache_shmcb:debug] [pid 2196439:tid 2196439] mod_socache_shmcb.c(863): AH00848: finished insert, subcache: idx_pos/idx_used=31/34, data_pos/data_used=2781/7557
[Wed Aug 26 01:59:32.290065 2026] [socache_shmcb:debug] [pid 2196439:tid 2196439] mod_socache_shmcb.c(530): AH00834: leaving socache_shmcb_store successfully
[Wed Aug 26 01:59:32.290248 2026] [ssl:debug] [pid 2196439:tid 2196439] ssl_engine_kernel.c(254): [client 2408:8710:1020:18dc::f:44022] AH02034: Initial (No.1) HTTPS request received for child 19 (server ilta.ilc.edu.tw:443), referer: https://ilta.ilc.edu.tw/2013/01/07/
[Wed Aug 26 01:59:32.291222 2026] [authz_core:debug] [pid 2196439:tid 2196439] mod_authz_core.c(815): [client 2408:8710:1020:18dc::f:44022] AH01626: authorization result of Require all granted: granted, referer: https://ilta.ilc.edu.tw/2013/01/07/
[Wed Aug 26 01:59:32.291235 2026] [authz_core:debug] [pid 2196439:tid 2196439] mod_authz_core.c(815): [client 2408:8710:1020:18dc::f:44022] AH01626: authorization result of : granted, referer: https://ilta.ilc.edu.tw/2013/01/07/
[Wed Aug 26 01:59:32.297027 2026] [deflate:debug] [pid 2196439:tid 2196439] mod_deflate.c(909): [client 2408:8710:1020:18dc::f:44022] AH01384: Zlib: Compressed 101288 to 34518 : URL /wp-content/cache/ilta.ilc.edu.tw/wpfc-minified/1qjpbzp9/6wvk.js, referer: https://ilta.ilc.edu.tw/2013/01/07/
[Wed Aug 26 01:59:32.301149 2026] [ssl:info] [pid 2196430:tid 2196430] [client 136.119.35.120:27137] AH01964: Connection to child 7 established (server 2blog.ilc.edu.tw:443)
[Wed Aug 26 01:59:32.301498 2026] [ssl:debug] [pid 2196430:tid 2196430] ssl_engine_kernel.c(2222): [client 136.119.35.120:27137] AH02043: SSL virtual host for servername 2blog.ilc.edu.tw found
[Wed Aug 26 01:59:32.301622 2026] [core:debug] [pid 2196430:tid 2196430] protocol.c(2460): [client 136.119.35.120:27137] AH03155: select protocol from , choices=http/1.1 for server 2blog.ilc.edu.tw
[Wed Aug 26 01:59:32.334947 2026] [ssl:debug] [pid 2196441:tid 2196441] ssl_engine_kernel.c(2082): [client 2408:8710:1020:18dc::f:44020] AH02041: Protocol: TLSv1.3, Cipher: TLS_AES_256_GCM_SHA384 (256/256 bits)
[Wed Aug 26 01:59:32.335030 2026] [socache_shmcb:debug] [pid 2196441:tid 2196441] mod_socache_shmcb.c(508): AH00831: socache_shmcb_store (0x9d -> subcache 29)
[Wed Aug 26 01:59:32.335041 2026] [socache_shmcb:debug] [pid 2196441:tid 2196441] mod_socache_shmcb.c(745): AH00842: expiring 1 and reclaiming 0 removed socache entries
[Wed Aug 26 01:59:32.335044 2026] [socache_shmcb:debug] [pid 2196441:tid 2196441] mod_socache_shmcb.c(765): AH00843: we now have 32 socache entries
[Wed Aug 26 01:59:32.335046 2026] [socache_shmcb:debug] [pid 2196441:tid 2196441] mod_socache_shmcb.c(860): AH00847: insert happened at idx=69, data=(5523:5555)
[Wed Aug 26 01:59:32.335048 2026] [socache_shmcb:debug] [pid 2196441:tid 2196441] mod_socache_shmcb.c(863): AH00848: finished insert, subcache: idx_pos/idx_used=37/33, data_pos/data_used=12262/7349
[Wed Aug 26 01:59:32.335050 2026] [socache_shmcb:debug] [pid 2196441:tid 2196441] mod_socache_shmcb.c(530): AH00834: leaving socache_shmcb_store successfully
[Wed Aug 26 01:59:32.335114 2026] [socache_shmcb:debug] [pid 2196441:tid 2196441] mod_socache_shmcb.c(508): AH00831: socache_shmcb_store (0xa4 -> subcache 4)
[Wed Aug 26 01:59:32.335123 2026] [socache_shmcb:debug] [pid 2196441:tid 2196441] mod_socache_shmcb.c(745): AH00842: expiring 1 and reclaiming 0 removed socache entries
[Wed Aug 26 01:59:32.335125 2026] [socache_shmcb:debug] [pid 2196441:tid 2196441] mod_socache_shmcb.c(765): AH00843: we now have 32 socache entries
[Wed Aug 26 01:59:32.335127 2026] [socache_shmcb:debug] [pid 2196441:tid 2196441] mod_socache_shmcb.c(860): AH00847: insert happened at idx=14, data=(13140:13172)
[Wed Aug 26 01:59:32.335129 2026] [socache_shmcb:debug] [pid 2196441:tid 2196441] mod_socache_shmcb.c(863): AH00848: finished insert, subcache: idx_pos/idx_used=70/33, data_pos/data_used=6041/7323
[Wed Aug 26 01:59:32.335131 2026] [socache_shmcb:debug] [pid 2196441:tid 2196441] mod_socache_shmcb.c(530): AH00834: leaving socache_shmcb_store successfully
[Wed Aug 26 01:59:32.335304 2026] [ssl:debug] [pid 2196441:tid 2196441] ssl_engine_kernel.c(254): [client 2408:8710:1020:18dc::f:44020] AH02034: Initial (No.1) HTTPS request received for child 22 (server ilta.ilc.edu.tw:443), referer: https://ilta.ilc.edu.tw/2013/01/07/
[Wed Aug 26 01:59:32.335594 2026] [authz_core:debug] [pid 2196441:tid 2196441] mod_authz_core.c(815): [client 2408:8710:1020:18dc::f:44020] AH01626: authorization result of Require all granted: granted, referer: https://ilta.ilc.edu.tw/2013/01/07/
[Wed Aug 26 01:59:32.335602 2026] [authz_core:debug] [pid 2196441:tid 2196441] mod_authz_core.c(815): [client 2408:8710:1020:18dc::f:44020] AH01626: authorization result of : granted, referer: https://ilta.ilc.edu.tw/2013/01/07/
[Wed Aug 26 01:59:32.336365 2026] [deflate:debug] [pid 2196441:tid 2196441] mod_deflate.c(909): [client 2408:8710:1020:18dc::f:44020] AH01384: Zlib: Compressed 1718 to 700 : URL /wp-includes/js/hoverintent-js.min.js, referer: https://ilta.ilc.edu.tw/2013/01/07/
[Wed Aug 26 01:59:32.347244 2026] [ssl:info] [pid 2196431:tid 2196431] [client 34.30.223.149:1536] AH01964: Connection to child 10 established (server 2blog.ilc.edu.tw:443)
[Wed Aug 26 01:59:32.347586 2026] [ssl:debug] [pid 2196431:tid 2196431] ssl_engine_kernel.c(2222): [client 34.30.223.149:1536] AH02043: SSL virtual host for servername 2blog.ilc.edu.tw found
[Wed Aug 26 01:59:32.347699 2026] [core:debug] [pid 2196431:tid 2196431] protocol.c(2460): [client 34.30.223.149:1536] AH03155: select protocol from , choices=http/1.1 for server 2blog.ilc.edu.tw
[Wed Aug 26 01:59:32.352161 2026] [ssl:debug] [pid 2196442:tid 2196442] ssl_engine_kernel.c(2082): [client 2408:8710:1020:18dc::f:44018] AH02041: Protocol: TLSv1.3, Cipher: TLS_AES_256_GCM_SHA384 (256/256 bits)
[Wed Aug 26 01:59:32.352238 2026] [socache_shmcb:debug] [pid 2196442:tid 2196442] mod_socache_shmcb.c(508): AH00831: socache_shmcb_store (0x95 -> subcache 21)
[Wed Aug 26 01:59:32.352250 2026] [socache_shmcb:debug] [pid 2196442:tid 2196442] mod_socache_shmcb.c(860): AH00847: insert happened at idx=28, data=(2372:2404)
[Wed Aug 26 01:59:32.352253 2026] [socache_shmcb:debug] [pid 2196442:tid 2196442] mod_socache_shmcb.c(863): AH00848: finished insert, subcache: idx_pos/idx_used=78/39, data_pos/data_used=7821/8640
[Wed Aug 26 01:59:32.352255 2026] [socache_shmcb:debug] [pid 2196442:tid 2196442] mod_socache_shmcb.c(530): AH00834: leaving socache_shmcb_store successfully
[Wed Aug 26 01:59:32.352300 2026] [socache_shmcb:debug] [pid 2196442:tid 2196442] mod_socache_shmcb.c(508): AH00831: socache_shmcb_store (0xa8 -> subcache 8)
[Wed Aug 26 01:59:32.352312 2026] [socache_shmcb:debug] [pid 2196442:tid 2196442] mod_socache_shmcb.c(745): AH00842: expiring 1 and reclaiming 0 removed socache entries
[Wed Aug 26 01:59:32.352314 2026] [socache_shmcb:debug] [pid 2196442:tid 2196442] mod_socache_shmcb.c(765): AH00843: we now have 41 socache entries
[Wed Aug 26 01:59:32.352316 2026] [socache_shmcb:debug] [pid 2196442:tid 2196442] mod_socache_shmcb.c(860): AH00847: insert happened at idx=66, data=(5052:5084)
[Wed Aug 26 01:59:32.352318 2026] [socache_shmcb:debug] [pid 2196442:tid 2196442] mod_socache_shmcb.c(863): AH00848: finished insert, subcache: idx_pos/idx_used=25/42, data_pos/data_used=9775/9366
[Wed Aug 26 01:59:32.352320 2026] [socache_shmcb:debug] [pid 2196442:tid 2196442] mod_socache_shmcb.c(530): AH00834: leaving socache_shmcb_store successfully
[Wed Aug 26 01:59:32.352465 2026] [ssl:debug] [pid 2196442:tid 2196442] ssl_engine_kernel.c(254): [client 2408:8710:1020:18dc::f:44018] AH02034: Initial (No.1) HTTPS request received for child 24 (server ilta.ilc.edu.tw:443), referer: https://ilta.ilc.edu.tw/2013/01/07/
[Wed Aug 26 01:59:32.352735 2026] [authz_core:debug] [pid 2196442:tid 2196442] mod_authz_core.c(815): [client 2408:8710:1020:18dc::f:44018] AH01626: authorization result of Require all granted: granted, referer: https://ilta.ilc.edu.tw/2013/01/07/
[Wed Aug 26 01:59:32.352740 2026] [authz_core:debug] [pid 2196442:tid 2196442] mod_authz_core.c(815): [client 2408:8710:1020:18dc::f:44018] AH01626: authorization result of : granted, referer: https://ilta.ilc.edu.tw/2013/01/07/
[Wed Aug 26 01:59:32.353521 2026] [deflate:debug] [pid 2196442:tid 2196442] mod_deflate.c(909): [client 2408:8710:1020:18dc::f:44018] AH01384: Zlib: Compressed 3487 to 1339 : URL /wp-includes/js/admin-bar.min.js, referer: https://ilta.ilc.edu.tw/2013/01/07/
[Wed Aug 26 01:59:32.373941 2026] [ssl:info] [pid 2196432:tid 2196432] [client 34.30.223.149:55808] AH01964: Connection to child 11 established (server 2blog.ilc.edu.tw:443)
[Wed Aug 26 01:59:32.374297 2026] [ssl:debug] [pid 2196432:tid 2196432] ssl_engine_kernel.c(2222): [client 34.30.223.149:55808] AH02043: SSL virtual host for servername 2blog.ilc.edu.tw found
[Wed Aug 26 01:59:32.374401 2026] [core:debug] [pid 2196432:tid 2196432] protocol.c(2460): [client 34.30.223.149:55808] AH03155: select protocol from , choices=http/1.1 for server 2blog.ilc.edu.tw
[Wed Aug 26 01:59:32.403208 2026] [ssl:debug] [pid 2196440:tid 2196440] ssl_engine_kernel.c(254): [client 34.171.68.95:36352] AH02034: Initial (No.1) HTTPS request received for child 20 (server 2blog.ilc.edu.tw:443)
[Wed Aug 26 01:59:32.411449 2026] [authz_core:debug] [pid 2196440:tid 2196440] mod_authz_core.c(815): [client 34.171.68.95:36352] AH01626: authorization result of Require all granted: granted
[Wed Aug 26 01:59:32.411465 2026] [authz_core:debug] [pid 2196440:tid 2196440] mod_authz_core.c(815): [client 34.171.68.95:36352] AH01626: authorization result of : granted
[Wed Aug 26 01:59:32.476232 2026] [ssl:info] [pid 2196433:tid 2196433] [client 40.77.167.77:45083] AH01964: Connection to child 12 established (server 2blog.ilc.edu.tw:443)
[Wed Aug 26 01:59:32.476574 2026] [ssl:debug] [pid 2196433:tid 2196433] ssl_engine_kernel.c(2222): [client 40.77.167.77:45083] AH02043: SSL virtual host for servername 2blog.ilc.edu.tw found
[Wed Aug 26 01:59:32.476765 2026] [core:debug] [pid 2196433:tid 2196433] protocol.c(2460): [client 40.77.167.77:45083] AH03155: select protocol from , choices=h2,http/1.1 for server 2blog.ilc.edu.tw
[Wed Aug 26 01:59:32.480008 2026] [ssl:debug] [pid 2196219:tid 2196219] ssl_engine_kernel.c(254): [client 2408:8710:1020:18dc::f:43652] AH02034: Subsequent (No.4) HTTPS request received for child 17 (server ilta.ilc.edu.tw:443), referer: https://ilta.ilc.edu.tw/2013/01/07/
[Wed Aug 26 01:59:32.480227 2026] [authz_core:debug] [pid 2196219:tid 2196219] mod_authz_core.c(815): [client 2408:8710:1020:18dc::f:43652] AH01626: authorization result of Require all granted: granted, referer: https://ilta.ilc.edu.tw/2013/01/07/
[Wed Aug 26 01:59:32.480235 2026] [authz_core:debug] [pid 2196219:tid 2196219] mod_authz_core.c(815): [client 2408:8710:1020:18dc::f:43652] AH01626: authorization result of : granted, referer: https://ilta.ilc.edu.tw/2013/01/07/
[Wed Aug 26 01:59:32.480568 2026] [deflate:debug] [pid 2196219:tid 2196219] mod_deflate.c(909): [client 2408:8710:1020:18dc::f:43652] AH01384: Zlib: Compressed 5520 to 1785 : URL /wp-includes/js/imagesloaded.min.js, referer: https://ilta.ilc.edu.tw/2013/01/07/
[Wed Aug 26 01:59:32.542772 2026] [ssl:debug] [pid 2196431:tid 2196431] ssl_engine_kernel.c(2082): [client 34.30.223.149:1536] AH02041: Protocol: TLSv1.3, Cipher: TLS_AES_256_GCM_SHA384 (256/256 bits)
[Wed Aug 26 01:59:32.542839 2026] [socache_shmcb:debug] [pid 2196431:tid 2196431] mod_socache_shmcb.c(508): AH00831: socache_shmcb_store (0x04 -> subcache 4)
[Wed Aug 26 01:59:32.542851 2026] [socache_shmcb:debug] [pid 2196431:tid 2196431] mod_socache_shmcb.c(860): AH00847: insert happened at idx=15, data=(13364:13396)
[Wed Aug 26 01:59:32.542853 2026] [socache_shmcb:debug] [pid 2196431:tid 2196431] mod_socache_shmcb.c(863): AH00848: finished insert, subcache: idx_pos/idx_used=70/34, data_pos/data_used=6041/7548
[Wed Aug 26 01:59:32.542855 2026] [socache_shmcb:debug] [pid 2196431:tid 2196431] mod_socache_shmcb.c(530): AH00834: leaving socache_shmcb_store successfully
[Wed Aug 26 01:59:32.542914 2026] [socache_shmcb:debug] [pid 2196431:tid 2196431] mod_socache_shmcb.c(508): AH00831: socache_shmcb_store (0x20 -> subcache 0)
[Wed Aug 26 01:59:32.542918 2026] [socache_shmcb:debug] [pid 2196431:tid 2196431] mod_socache_shmcb.c(745): AH00842: expiring 3 and reclaiming 0 removed socache entries
[Wed Aug 26 01:59:32.542920 2026] [socache_shmcb:debug] [pid 2196431:tid 2196431] mod_socache_shmcb.c(765): AH00843: we now have 33 socache entries
[Wed Aug 26 01:59:32.542922 2026] [socache_shmcb:debug] [pid 2196431:tid 2196431] mod_socache_shmcb.c(860): AH00847: insert happened at idx=17, data=(13534:13566)
[Wed Aug 26 01:59:32.542924 2026] [socache_shmcb:debug] [pid 2196431:tid 2196431] mod_socache_shmcb.c(863): AH00848: finished insert, subcache: idx_pos/idx_used=72/34, data_pos/data_used=6196/7564
[Wed Aug 26 01:59:32.542926 2026] [socache_shmcb:debug] [pid 2196431:tid 2196431] mod_socache_shmcb.c(530): AH00834: leaving socache_shmcb_store successfully
[Wed Aug 26 01:59:32.553609 2026] [ssl:debug] [pid 2196417:tid 2196417] ssl_engine_kernel.c(2082): [client 34.56.53.225:22530] AH02041: Protocol: TLSv1.3, Cipher: TLS_AES_256_GCM_SHA384 (256/256 bits)
[Wed Aug 26 01:59:32.553657 2026] [socache_shmcb:debug] [pid 2196417:tid 2196417] mod_socache_shmcb.c(508): AH00831: socache_shmcb_store (0xbc -> subcache 28)
[Wed Aug 26 01:59:32.553662 2026] [socache_shmcb:debug] [pid 2196417:tid 2196417] mod_socache_shmcb.c(745): AH00842: expiring 1 and reclaiming 0 removed socache entries
[Wed Aug 26 01:59:32.553672 2026] [socache_shmcb:debug] [pid 2196417:tid 2196417] mod_socache_shmcb.c(765): AH00843: we now have 33 socache entries
[Wed Aug 26 01:59:32.553674 2026] [socache_shmcb:debug] [pid 2196417:tid 2196417] mod_socache_shmcb.c(860): AH00847: insert happened at idx=67, data=(10777:10809)
[Wed Aug 26 01:59:32.553676 2026] [socache_shmcb:debug] [pid 2196417:tid 2196417] mod_socache_shmcb.c(863): AH00848: finished insert, subcache: idx_pos/idx_used=34/34, data_pos/data_used=3482/7520
[Wed Aug 26 01:59:32.553678 2026] [socache_shmcb:debug] [pid 2196417:tid 2196417] mod_socache_shmcb.c(530): AH00834: leaving socache_shmcb_store successfully
[Wed Aug 26 01:59:32.553741 2026] [socache_shmcb:debug] [pid 2196417:tid 2196417] mod_socache_shmcb.c(508): AH00831: socache_shmcb_store (0x2f -> subcache 15)
[Wed Aug 26 01:59:32.553755 2026] [socache_shmcb:debug] [pid 2196417:tid 2196417] mod_socache_shmcb.c(860): AH00847: insert happened at idx=49, data=(1257:1289)
[Wed Aug 26 01:59:32.553757 2026] [socache_shmcb:debug] [pid 2196417:tid 2196417] mod_socache_shmcb.c(863): AH00848: finished insert, subcache: idx_pos/idx_used=16/34, data_pos/data_used=7775/7571
[Wed Aug 26 01:59:32.553759 2026] [socache_shmcb:debug] [pid 2196417:tid 2196417] mod_socache_shmcb.c(530): AH00834: leaving socache_shmcb_store successfully
[Wed Aug 26 01:59:32.562787 2026] [ssl:debug] [pid 2196417:tid 2196417] ssl_engine_kernel.c(254): [client 34.56.53.225:22530] AH02034: Initial (No.1) HTTPS request received for child 9 (server 2blog.ilc.edu.tw:443)
[Wed Aug 26 01:59:32.562967 2026] [authz_core:debug] [pid 2196417:tid 2196417] mod_authz_core.c(815): [client 34.56.53.225:22530] AH01626: authorization result of Require all granted: granted
[Wed Aug 26 01:59:32.562971 2026] [authz_core:debug] [pid 2196417:tid 2196417] mod_authz_core.c(815): [client 34.56.53.225:22530] AH01626: authorization result of : granted
[Wed Aug 26 01:59:32.563095 2026] [authz_core:debug] [pid 2196417:tid 2196417] mod_authz_core.c(815): [client 34.56.53.225:22530] AH01626: authorization result of Require all granted: granted
[Wed Aug 26 01:59:32.563098 2026] [authz_core:debug] [pid 2196417:tid 2196417] mod_authz_core.c(815): [client 34.56.53.225:22530] AH01626: authorization result of : granted
[Wed Aug 26 01:59:32.603108 2026] [ssl:debug] [pid 2196438:tid 2196438] ssl_engine_kernel.c(254): [client 2408:8710:1020:18dc::f:44024] AH02034: Subsequent (No.2) HTTPS request received for child 18 (server ilta.ilc.edu.tw:443), referer: https://ilta.ilc.edu.tw/2013/01/07/
[Wed Aug 26 01:59:32.603292 2026] [authz_core:debug] [pid 2196438:tid 2196438] mod_authz_core.c(815): [client 2408:8710:1020:18dc::f:44024] AH01626: authorization result of Require all granted: granted, referer: https://ilta.ilc.edu.tw/2013/01/07/
[Wed Aug 26 01:59:32.603307 2026] [authz_core:debug] [pid 2196438:tid 2196438] mod_authz_core.c(815): [client 2408:8710:1020:18dc::f:44024] AH01626: authorization result of : granted, referer: https://ilta.ilc.edu.tw/2013/01/07/
[Wed Aug 26 01:59:32.603856 2026] [deflate:debug] [pid 2196438:tid 2196438] mod_deflate.c(909): [client 2408:8710:1020:18dc::f:44024] AH01384: Zlib: Compressed 19719 to 4232 : URL /wp-content/themes/oceanwp/assets/js/theme.min.js, referer: https://ilta.ilc.edu.tw/2013/01/07/
[Wed Aug 26 01:59:32.604468 2026] [ssl:debug] [pid 2196430:tid 2196430] ssl_engine_kernel.c(2082): [client 136.119.35.120:27137] AH02041: Protocol: TLSv1.3, Cipher: TLS_AES_256_GCM_SHA384 (256/256 bits)
[Wed Aug 26 01:59:32.604523 2026] [socache_shmcb:debug] [pid 2196430:tid 2196430] mod_socache_shmcb.c(508): AH00831: socache_shmcb_store (0x44 -> subcache 4)
[Wed Aug 26 01:59:32.604535 2026] [socache_shmcb:debug] [pid 2196430:tid 2196430] mod_socache_shmcb.c(860): AH00847: insert happened at idx=16, data=(13589:13621)
[Wed Aug 26 01:59:32.604537 2026] [socache_shmcb:debug] [pid 2196430:tid 2196430] mod_socache_shmcb.c(863): AH00848: finished insert, subcache: idx_pos/idx_used=70/35, data_pos/data_used=6041/7774
[Wed Aug 26 01:59:32.604548 2026] [socache_shmcb:debug] [pid 2196430:tid 2196430] mod_socache_shmcb.c(530): AH00834: leaving socache_shmcb_store successfully
[Wed Aug 26 01:59:32.604594 2026] [socache_shmcb:debug] [pid 2196430:tid 2196430] mod_socache_shmcb.c(508): AH00831: socache_shmcb_store (0x25 -> subcache 5)
[Wed Aug 26 01:59:32.604598 2026] [socache_shmcb:debug] [pid 2196430:tid 2196430] mod_socache_shmcb.c(860): AH00847: insert happened at idx=77, data=(7204:7236)
[Wed Aug 26 01:59:32.604600 2026] [socache_shmcb:debug] [pid 2196430:tid 2196430] mod_socache_shmcb.c(863): AH00848: finished insert, subcache: idx_pos/idx_used=37/41, data_pos/data_used=12135/9159
[Wed Aug 26 01:59:32.604602 2026] [socache_shmcb:debug] [pid 2196430:tid 2196430] mod_socache_shmcb.c(530): AH00834: leaving socache_shmcb_store successfully
[Wed Aug 26 01:59:32.609161 2026] [ssl:debug] [pid 2196431:tid 2196431] ssl_engine_kernel.c(254): [client 34.30.223.149:1536] AH02034: Initial (No.1) HTTPS request received for child 10 (server 2blog.ilc.edu.tw:443)
[Wed Aug 26 01:59:32.609454 2026] [authz_core:debug] [pid 2196431:tid 2196431] mod_authz_core.c(815): [client 34.30.223.149:1536] AH01626: authorization result of Require all granted: granted
[Wed Aug 26 01:59:32.609462 2026] [authz_core:debug] [pid 2196431:tid 2196431] mod_authz_core.c(815): [client 34.30.223.149:1536] AH01626: authorization result of : granted
[Wed Aug 26 01:59:32.609570 2026] [ssl:debug] [pid 2196430:tid 2196430] ssl_engine_kernel.c(254): [client 136.119.35.120:27137] AH02034: Initial (No.1) HTTPS request received for child 7 (server 2blog.ilc.edu.tw:443)
[Wed Aug 26 01:59:32.609823 2026] [authz_core:debug] [pid 2196430:tid 2196430] mod_authz_core.c(815): [client 136.119.35.120:27137] AH01626: authorization result of Require all granted: granted
[Wed Aug 26 01:59:32.609831 2026] [authz_core:debug] [pid 2196430:tid 2196430] mod_authz_core.c(815): [client 136.119.35.120:27137] AH01626: authorization result of : granted
[Wed Aug 26 01:59:32.609980 2026] [authz_core:debug] [pid 2196431:tid 2196431] mod_authz_core.c(815): [client 34.30.223.149:1536] AH01626: authorization result of Require all granted: granted
[Wed Aug 26 01:59:32.609985 2026] [authz_core:debug] [pid 2196431:tid 2196431] mod_authz_core.c(815): [client 34.30.223.149:1536] AH01626: authorization result of : granted
[Wed Aug 26 01:59:32.610458 2026] [authz_core:debug] [pid 2196430:tid 2196430] mod_authz_core.c(815): [client 136.119.35.120:27137] AH01626: authorization result of Require all granted: granted
[Wed Aug 26 01:59:32.610468 2026] [authz_core:debug] [pid 2196430:tid 2196430] mod_authz_core.c(815): [client 136.119.35.120:27137] AH01626: authorization result of : granted
[Wed Aug 26 01:59:32.667062 2026] [ssl:debug] [pid 2196433:tid 2196433] ssl_engine_kernel.c(2082): [client 40.77.167.77:45083] AH02041: Protocol: TLSv1.3, Cipher: TLS_AES_256_GCM_SHA384 (256/256 bits)
[Wed Aug 26 01:59:32.667159 2026] [socache_shmcb:debug] [pid 2196433:tid 2196433] mod_socache_shmcb.c(508): AH00831: socache_shmcb_store (0x61 -> subcache 1)
[Wed Aug 26 01:59:32.667170 2026] [socache_shmcb:debug] [pid 2196433:tid 2196433] mod_socache_shmcb.c(860): AH00847: insert happened at idx=57, data=(8500:8532)
[Wed Aug 26 01:59:32.667172 2026] [socache_shmcb:debug] [pid 2196433:tid 2196433] mod_socache_shmcb.c(863): AH00848: finished insert, subcache: idx_pos/idx_used=14/44, data_pos/data_used=12881/9709
[Wed Aug 26 01:59:32.667174 2026] [socache_shmcb:debug] [pid 2196433:tid 2196433] mod_socache_shmcb.c(530): AH00834: leaving socache_shmcb_store successfully
[Wed Aug 26 01:59:32.667246 2026] [socache_shmcb:debug] [pid 2196433:tid 2196433] mod_socache_shmcb.c(508): AH00831: socache_shmcb_store (0x50 -> subcache 16)
[Wed Aug 26 01:59:32.667257 2026] [socache_shmcb:debug] [pid 2196433:tid 2196433] mod_socache_shmcb.c(745): AH00842: expiring 1 and reclaiming 0 removed socache entries
[Wed Aug 26 01:59:32.667259 2026] [socache_shmcb:debug] [pid 2196433:tid 2196433] mod_socache_shmcb.c(765): AH00843: we now have 32 socache entries
[Wed Aug 26 01:59:32.667270 2026] [socache_shmcb:debug] [pid 2196433:tid 2196433] mod_socache_shmcb.c(860): AH00847: insert happened at idx=1, data=(9996:10028)
[Wed Aug 26 01:59:32.667272 2026] [socache_shmcb:debug] [pid 2196433:tid 2196433] mod_socache_shmcb.c(863): AH00848: finished insert, subcache: idx_pos/idx_used=57/33, data_pos/data_used=2857/7364
[Wed Aug 26 01:59:32.667274 2026] [socache_shmcb:debug] [pid 2196433:tid 2196433] mod_socache_shmcb.c(530): AH00834: leaving socache_shmcb_store successfully
[Wed Aug 26 01:59:32.667488 2026] [ssl:debug] [pid 2196433:tid 2196433] ssl_engine_kernel.c(254): [client 40.77.167.77:45083] AH02034: Initial (No.1) HTTPS request received for child 12 (server 2blog.ilc.edu.tw:443)
[Wed Aug 26 01:59:32.667805 2026] [authz_core:debug] [pid 2196433:tid 2196433] mod_authz_core.c(815): [client 40.77.167.77:45083] AH01626: authorization result of Require all granted: granted
[Wed Aug 26 01:59:32.667814 2026] [authz_core:debug] [pid 2196433:tid 2196433] mod_authz_core.c(815): [client 40.77.167.77:45083] AH01626: authorization result of : granted
[Wed Aug 26 01:59:32.668451 2026] [authz_core:debug] [pid 2196433:tid 2196433] mod_authz_core.c(815): [client 40.77.167.77:45083] AH01626: authorization result of Require all granted: granted
[Wed Aug 26 01:59:32.668462 2026] [authz_core:debug] [pid 2196433:tid 2196433] mod_authz_core.c(815): [client 40.77.167.77:45083] AH01626: authorization result of : granted
[Wed Aug 26 01:59:32.676360 2026] [ssl:debug] [pid 2196441:tid 2196441] ssl_engine_kernel.c(254): [client 2408:8710:1020:18dc::f:44020] AH02034: Subsequent (No.2) HTTPS request received for child 22 (server ilta.ilc.edu.tw:443), referer: https://ilta.ilc.edu.tw/2013/01/07/
[Wed Aug 26 01:59:32.676535 2026] [authz_core:debug] [pid 2196441:tid 2196441] mod_authz_core.c(815): [client 2408:8710:1020:18dc::f:44020] AH01626: authorization result of Require all granted: granted, referer: https://ilta.ilc.edu.tw/2013/01/07/
[Wed Aug 26 01:59:32.676542 2026] [authz_core:debug] [pid 2196441:tid 2196441] mod_authz_core.c(815): [client 2408:8710:1020:18dc::f:44020] AH01626: authorization result of : granted, referer: https://ilta.ilc.edu.tw/2013/01/07/
[Wed Aug 26 01:59:32.676977 2026] [deflate:debug] [pid 2196441:tid 2196441] mod_deflate.c(909): [client 2408:8710:1020:18dc::f:44020] AH01384: Zlib: Compressed 14581 to 3765 : URL /wp-content/themes/oceanwp/assets/js/drop-down-mobile-menu.min.js, referer: https://ilta.ilc.edu.tw/2013/01/07/
[Wed Aug 26 01:59:32.699440 2026] [ssl:debug] [pid 2196442:tid 2196442] ssl_engine_kernel.c(254): [client 2408:8710:1020:18dc::f:44018] AH02034: Subsequent (No.2) HTTPS request received for child 24 (server ilta.ilc.edu.tw:443), referer: https://ilta.ilc.edu.tw/2013/01/07/
[Wed Aug 26 01:59:32.699687 2026] [authz_core:debug] [pid 2196442:tid 2196442] mod_authz_core.c(815): [client 2408:8710:1020:18dc::f:44018] AH01626: authorization result of Require all granted: granted, referer: https://ilta.ilc.edu.tw/2013/01/07/
[Wed Aug 26 01:59:32.699695 2026] [authz_core:debug] [pid 2196442:tid 2196442] mod_authz_core.c(815): [client 2408:8710:1020:18dc::f:44018] AH01626: authorization result of : granted, referer: https://ilta.ilc.edu.tw/2013/01/07/
[Wed Aug 26 01:59:32.700075 2026] [deflate:debug] [pid 2196442:tid 2196442] mod_deflate.c(909): [client 2408:8710:1020:18dc::f:44018] AH01384: Zlib: Compressed 7540 to 2070 : URL /wp-content/themes/oceanwp/assets/js/drop-down-search.min.js, referer: https://ilta.ilc.edu.tw/2013/01/07/
[Wed Aug 26 01:59:32.730802 2026] [ssl:info] [pid 2196428:tid 2196428] [client 134.209.77.35:55594] AH01964: Connection to child 4 established (server 2blog.ilc.edu.tw:443)
[Wed Aug 26 01:59:32.731102 2026] [ssl:debug] [pid 2196428:tid 2196428] ssl_engine_kernel.c(2222): [client 134.209.77.35:55594] AH02043: SSL virtual host for servername 2blog.ilc.edu.tw found
[Wed Aug 26 01:59:32.731272 2026] [ssl:debug] [pid 2196428:tid 2196428] ssl_util_stapling.c(819): AH01951: stapling_cb: OCSP Stapling callback called
[Wed Aug 26 01:59:32.731288 2026] [ssl:info] [pid 2196428:tid 2196428] AH01926: stapling_get_certinfo: stapling not supported for certificate
[Wed Aug 26 01:59:32.732831 2026] [ssl:info] [pid 2196249:tid 2196249] [client 206.189.183.243:41414] AH01964: Connection to child 28 established (server 2blog.ilc.edu.tw:443)
[Wed Aug 26 01:59:32.732998 2026] [ssl:debug] [pid 2196249:tid 2196249] ssl_engine_kernel.c(2222): [client 206.189.183.243:41414] AH02043: SSL virtual host for servername 2blog.ilc.edu.tw found
[Wed Aug 26 01:59:32.733022 2026] [ssl:debug] [pid 2196410:tid 2196410] ssl_engine_io.c(1150): [client 216.73.216.242:62479] AH02001: Connection closed to child 0 with standard shutdown (server www.swes.ilc.edu.tw:443)
[Wed Aug 26 01:59:32.733062 2026] [ssl:debug] [pid 2196249:tid 2196249] ssl_util_stapling.c(819): AH01951: stapling_cb: OCSP Stapling callback called
[Wed Aug 26 01:59:32.733066 2026] [ssl:info] [pid 2196249:tid 2196249] AH01926: stapling_get_certinfo: stapling not supported for certificate
[Wed Aug 26 01:59:32.742028 2026] [deflate:debug] [pid 2196417:tid 2196417] mod_deflate.c(909): [client 34.56.53.225:22530] AH01384: Zlib: Compressed 2661 to 1205 : URL /index.php
[Wed Aug 26 01:59:32.749311 2026] [ssl:info] [pid 2196427:tid 2196427] [client 159.65.228.116:50742] AH01964: Connection to child 2 established (server 2blog.ilc.edu.tw:443)
[Wed Aug 26 01:59:32.749449 2026] [ssl:debug] [pid 2196427:tid 2196427] ssl_engine_kernel.c(2222): [client 159.65.228.116:50742] AH02043: SSL virtual host for servername 2blog.ilc.edu.tw found
[Wed Aug 26 01:59:32.749519 2026] [ssl:debug] [pid 2196427:tid 2196427] ssl_util_stapling.c(819): AH01951: stapling_cb: OCSP Stapling callback called
[Wed Aug 26 01:59:32.749524 2026] [ssl:info] [pid 2196427:tid 2196427] AH01926: stapling_get_certinfo: stapling not supported for certificate
[Wed Aug 26 01:59:32.751460 2026] [ssl:info] [pid 2196436:tid 2196436] [client 137.184.150.198:51920] AH01964: Connection to child 14 established (server 2blog.ilc.edu.tw:443)
