[Wed Aug 26 01:57:06.389084 2026] [authz_core:debug] [pid 2196240:tid 2196240] mod_authz_core.c(815): [client 216.73.216.242:37489] AH01626: authorization result of : granted
[Wed Aug 26 01:57:06.463170 2026] [ssl:debug] [pid 2196247:tid 2196247] ssl_engine_kernel.c(2082): [client 34.30.223.149:13825] AH02041: Protocol: TLSv1.3, Cipher: TLS_AES_256_GCM_SHA384 (256/256 bits)
[Wed Aug 26 01:57:06.463220 2026] [socache_shmcb:debug] [pid 2196247:tid 2196247] mod_socache_shmcb.c(508): AH00831: socache_shmcb_store (0x29 -> subcache 9)
[Wed Aug 26 01:57:06.463236 2026] [socache_shmcb:debug] [pid 2196247:tid 2196247] mod_socache_shmcb.c(860): AH00847: insert happened at idx=63, data=(4048:4080)
[Wed Aug 26 01:57:06.463239 2026] [socache_shmcb:debug] [pid 2196247:tid 2196247] mod_socache_shmcb.c(863): AH00848: finished insert, subcache: idx_pos/idx_used=36/28, data_pos/data_used=11903/6234
[Wed Aug 26 01:57:06.463241 2026] [socache_shmcb:debug] [pid 2196247:tid 2196247] mod_socache_shmcb.c(530): AH00834: leaving socache_shmcb_store successfully
[Wed Aug 26 01:57:06.463312 2026] [socache_shmcb:debug] [pid 2196247:tid 2196247] mod_socache_shmcb.c(508): AH00831: socache_shmcb_store (0x6f -> subcache 15)
[Wed Aug 26 01:57:06.463321 2026] [socache_shmcb:debug] [pid 2196247:tid 2196247] mod_socache_shmcb.c(745): AH00842: expiring 2 and reclaiming 0 removed socache entries
[Wed Aug 26 01:57:06.463324 2026] [socache_shmcb:debug] [pid 2196247:tid 2196247] mod_socache_shmcb.c(765): AH00843: we now have 33 socache entries
[Wed Aug 26 01:57:06.463325 2026] [socache_shmcb:debug] [pid 2196247:tid 2196247] mod_socache_shmcb.c(860): AH00847: insert happened at idx=32, data=(11286:11318)
[Wed Aug 26 01:57:06.463327 2026] [socache_shmcb:debug] [pid 2196247:tid 2196247] mod_socache_shmcb.c(863): AH00848: finished insert, subcache: idx_pos/idx_used=87/34, data_pos/data_used=3974/7537
[Wed Aug 26 01:57:06.463329 2026] [socache_shmcb:debug] [pid 2196247:tid 2196247] mod_socache_shmcb.c(530): AH00834: leaving socache_shmcb_store successfully
[Wed Aug 26 01:57:06.481743 2026] [ssl:debug] [pid 2196205:tid 2196205] ssl_engine_kernel.c(254): [client 216.73.216.242:12307] AH02034: Subsequent (No.17) HTTPS request received for child 14 (server 2blog.ilc.edu.tw:443)
[Wed Aug 26 01:57:06.481940 2026] [authz_core:debug] [pid 2196205:tid 2196205] mod_authz_core.c(815): [client 216.73.216.242:12307] AH01626: authorization result of Require all granted: granted
[Wed Aug 26 01:57:06.481946 2026] [authz_core:debug] [pid 2196205:tid 2196205] mod_authz_core.c(815): [client 216.73.216.242:12307] AH01626: authorization result of : granted
[Wed Aug 26 01:57:06.482089 2026] [authz_core:debug] [pid 2196205:tid 2196205] mod_authz_core.c(815): [client 216.73.216.242:12307] AH01626: authorization result of Require all granted: granted
[Wed Aug 26 01:57:06.482095 2026] [authz_core:debug] [pid 2196205:tid 2196205] mod_authz_core.c(815): [client 216.73.216.242:12307] AH01626: authorization result of : granted
[Wed Aug 26 01:57:06.571163 2026] [ssl:debug] [pid 2196244:tid 2196244] ssl_engine_kernel.c(254): [client 216.73.216.242:2282] AH02034: Subsequent (No.2) HTTPS request received for child 23 (server 2blog.ilc.edu.tw:443)
[Wed Aug 26 01:57:06.571426 2026] [authz_core:debug] [pid 2196244:tid 2196244] mod_authz_core.c(815): [client 216.73.216.242:2282] AH01626: authorization result of Require all granted: granted
[Wed Aug 26 01:57:06.571436 2026] [authz_core:debug] [pid 2196244:tid 2196244] mod_authz_core.c(815): [client 216.73.216.242:2282] AH01626: authorization result of : granted
[Wed Aug 26 01:57:06.571623 2026] [authz_core:debug] [pid 2196244:tid 2196244] mod_authz_core.c(815): [client 216.73.216.242:2282] AH01626: authorization result of Require all granted: granted
[Wed Aug 26 01:57:06.571630 2026] [authz_core:debug] [pid 2196244:tid 2196244] mod_authz_core.c(815): [client 216.73.216.242:2282] AH01626: authorization result of : granted
[Wed Aug 26 01:57:06.614260 2026] [deflate:debug] [pid 2196232:tid 2196232] mod_deflate.c(909): [client 216.73.216.242:26540] AH01384: Zlib: Compressed 2843 to 1280 : URL /index.php
[Wed Aug 26 01:57:06.661982 2026] [ssl:debug] [pid 2196239:tid 2196239] ssl_engine_kernel.c(254): [client 216.73.216.242:48727] AH02034: Subsequent (No.18) HTTPS request received for child 9 (server 2blog.ilc.edu.tw:443)
[Wed Aug 26 01:57:06.662147 2026] [authz_core:debug] [pid 2196239:tid 2196239] mod_authz_core.c(815): [client 216.73.216.242:48727] AH01626: authorization result of Require all granted: granted
[Wed Aug 26 01:57:06.662152 2026] [authz_core:debug] [pid 2196239:tid 2196239] mod_authz_core.c(815): [client 216.73.216.242:48727] AH01626: authorization result of : granted
[Wed Aug 26 01:57:06.662270 2026] [authz_core:debug] [pid 2196239:tid 2196239] mod_authz_core.c(815): [client 216.73.216.242:48727] AH01626: authorization result of Require all granted: granted
[Wed Aug 26 01:57:06.662273 2026] [authz_core:debug] [pid 2196239:tid 2196239] mod_authz_core.c(815): [client 216.73.216.242:48727] AH01626: authorization result of : granted
[Wed Aug 26 01:57:06.677087 2026] [ssl:debug] [pid 2196260:tid 2196260] ssl_engine_io.c(1150): [client 2001:b011:4005:1a69:6c83:cdae:1837:d8e3:63430] AH02001: Connection closed to child 37 with standard shutdown (server 2blog.ilc.edu.tw:443)
[Wed Aug 26 01:57:06.678272 2026] [ssl:info] [pid 2191547:tid 2191547] [client 66.249.71.37:55406] AH01964: Connection to child 3 established (server 2blog.ilc.edu.tw:443)
[Wed Aug 26 01:57:06.678411 2026] [ssl:debug] [pid 2191547:tid 2191547] ssl_engine_kernel.c(2222): [client 66.249.71.37:55406] AH02043: SSL virtual host for servername 2blog.ilc.edu.tw found
[Wed Aug 26 01:57:06.678482 2026] [ssl:debug] [pid 2191547:tid 2191547] ssl_util_stapling.c(819): AH01951: stapling_cb: OCSP Stapling callback called
[Wed Aug 26 01:57:06.678490 2026] [ssl:info] [pid 2191547:tid 2191547] AH01926: stapling_get_certinfo: stapling not supported for certificate
[Wed Aug 26 01:57:06.681487 2026] [ssl:debug] [pid 2196247:tid 2196247] ssl_engine_kernel.c(254): [client 34.30.223.149:13825] AH02034: Initial (No.1) HTTPS request received for child 26 (server 2blog.ilc.edu.tw:443)
[Wed Aug 26 01:57:06.681660 2026] [authz_core:debug] [pid 2196247:tid 2196247] mod_authz_core.c(815): [client 34.30.223.149:13825] AH01626: authorization result of Require all granted: granted
[Wed Aug 26 01:57:06.681665 2026] [authz_core:debug] [pid 2196247:tid 2196247] mod_authz_core.c(815): [client 34.30.223.149:13825] AH01626: authorization result of : granted
[Wed Aug 26 01:57:06.681790 2026] [authz_core:debug] [pid 2196247:tid 2196247] mod_authz_core.c(815): [client 34.30.223.149:13825] AH01626: authorization result of Require all granted: granted
[Wed Aug 26 01:57:06.681794 2026] [authz_core:debug] [pid 2196247:tid 2196247] mod_authz_core.c(815): [client 34.30.223.149:13825] AH01626: authorization result of : granted
[Wed Aug 26 01:57:06.687373 2026] [ssl:debug] [pid 2191547:tid 2191547] ssl_engine_kernel.c(2082): [client 66.249.71.37:55406] AH02041: Protocol: TLSv1.3, Cipher: TLS_AES_256_GCM_SHA384 (256/256 bits)
[Wed Aug 26 01:57:06.687434 2026] [socache_shmcb:debug] [pid 2191547:tid 2191547] mod_socache_shmcb.c(508): AH00831: socache_shmcb_store (0x66 -> subcache 6)
[Wed Aug 26 01:57:06.687441 2026] [socache_shmcb:debug] [pid 2191547:tid 2191547] mod_socache_shmcb.c(745): AH00842: expiring 1 and reclaiming 0 removed socache entries
[Wed Aug 26 01:57:06.687443 2026] [socache_shmcb:debug] [pid 2191547:tid 2191547] mod_socache_shmcb.c(765): AH00843: we now have 38 socache entries
[Wed Aug 26 01:57:06.687446 2026] [socache_shmcb:debug] [pid 2191547:tid 2191547] mod_socache_shmcb.c(860): AH00847: insert happened at idx=20, data=(236:268)
[Wed Aug 26 01:57:06.687449 2026] [socache_shmcb:debug] [pid 2191547:tid 2191547] mod_socache_shmcb.c(863): AH00848: finished insert, subcache: idx_pos/idx_used=70/39, data_pos/data_used=5656/8657
[Wed Aug 26 01:57:06.687451 2026] [socache_shmcb:debug] [pid 2191547:tid 2191547] mod_socache_shmcb.c(530): AH00834: leaving socache_shmcb_store successfully
[Wed Aug 26 01:57:06.687515 2026] [socache_shmcb:debug] [pid 2191547:tid 2191547] mod_socache_shmcb.c(508): AH00831: socache_shmcb_store (0xe4 -> subcache 4)
[Wed Aug 26 01:57:06.687521 2026] [socache_shmcb:debug] [pid 2191547:tid 2191547] mod_socache_shmcb.c(745): AH00842: expiring 1 and reclaiming 0 removed socache entries
[Wed Aug 26 01:57:06.687524 2026] [socache_shmcb:debug] [pid 2191547:tid 2191547] mod_socache_shmcb.c(765): AH00843: we now have 35 socache entries
[Wed Aug 26 01:57:06.687527 2026] [socache_shmcb:debug] [pid 2191547:tid 2191547] mod_socache_shmcb.c(860): AH00847: insert happened at idx=84, data=(9139:9171)
[Wed Aug 26 01:57:06.687529 2026] [socache_shmcb:debug] [pid 2191547:tid 2191547] mod_socache_shmcb.c(863): AH00848: finished insert, subcache: idx_pos/idx_used=49/36, data_pos/data_used=1365/7987
[Wed Aug 26 01:57:06.687532 2026] [socache_shmcb:debug] [pid 2191547:tid 2191547] mod_socache_shmcb.c(530): AH00834: leaving socache_shmcb_store successfully
[Wed Aug 26 01:57:06.687693 2026] [ssl:debug] [pid 2191547:tid 2191547] ssl_engine_kernel.c(254): [client 66.249.71.37:55406] AH02034: Initial (No.1) HTTPS request received for child 3 (server 2blog.ilc.edu.tw:443)
[Wed Aug 26 01:57:06.687917 2026] [authz_core:debug] [pid 2191547:tid 2191547] mod_authz_core.c(815): [client 66.249.71.37:55406] AH01626: authorization result of Require all granted: granted
[Wed Aug 26 01:57:06.687923 2026] [authz_core:debug] [pid 2191547:tid 2191547] mod_authz_core.c(815): [client 66.249.71.37:55406] AH01626: authorization result of : granted
[Wed Aug 26 01:57:06.688192 2026] [authz_core:debug] [pid 2191547:tid 2191547] mod_authz_core.c(815): [client 66.249.71.37:55406] AH01626: authorization result of Require all granted: granted
[Wed Aug 26 01:57:06.688209 2026] [authz_core:debug] [pid 2191547:tid 2191547] mod_authz_core.c(815): [client 66.249.71.37:55406] AH01626: authorization result of : granted
[Wed Aug 26 01:57:06.693118 2026] [ssl:debug] [pid 2195324:tid 2195324] ssl_engine_io.c(1150): [client 2001:b011:4005:1a69:6c83:cdae:1837:d8e3:63424] AH02001: Connection closed to child 2 with standard shutdown (server 2blog.ilc.edu.tw:443)
[Wed Aug 26 01:57:06.703782 2026] [deflate:debug] [pid 2196240:tid 2196240] mod_deflate.c(909): [client 216.73.216.242:37489] AH01384: Zlib: Compressed 2665 to 1214 : URL /index.php
[Wed Aug 26 01:57:06.718300 2026] [ssl:debug] [pid 2196261:tid 2196261] ssl_engine_io.c(1150): [client 2001:b011:4005:1a69:6c83:cdae:1837:d8e3:63428] AH02001: Connection closed to child 38 with standard shutdown (server 2blog.ilc.edu.tw:443)
[Wed Aug 26 01:57:06.730897 2026] [deflate:debug] [pid 2196243:tid 2196243] mod_deflate.c(909): [client 216.73.216.242:40951] AH01384: Zlib: Compressed 537136 to 86432 : URL /index.php
[Wed Aug 26 01:57:06.758909 2026] [ssl:debug] [pid 2196259:tid 2196259] ssl_engine_io.c(1150): [client 2001:b011:4005:1a69:6c83:cdae:1837:d8e3:63427] AH02001: Connection closed to child 36 with standard shutdown (server 2blog.ilc.edu.tw:443)
[Wed Aug 26 01:57:06.765265 2026] [ssl:debug] [pid 2196245:tid 2196245] ssl_engine_kernel.c(254): [client 216.73.216.242:1577] AH02034: Subsequent (No.9) HTTPS request received for child 24 (server 2blog.ilc.edu.tw:443)
[Wed Aug 26 01:57:06.765439 2026] [authz_core:debug] [pid 2196245:tid 2196245] mod_authz_core.c(815): [client 216.73.216.242:1577] AH01626: authorization result of Require all granted: granted
[Wed Aug 26 01:57:06.765445 2026] [authz_core:debug] [pid 2196245:tid 2196245] mod_authz_core.c(815): [client 216.73.216.242:1577] AH01626: authorization result of : granted
[Wed Aug 26 01:57:06.765556 2026] [authz_core:debug] [pid 2196245:tid 2196245] mod_authz_core.c(815): [client 216.73.216.242:1577] AH01626: authorization result of Require all granted: granted
[Wed Aug 26 01:57:06.765560 2026] [authz_core:debug] [pid 2196245:tid 2196245] mod_authz_core.c(815): [client 216.73.216.242:1577] AH01626: authorization result of : granted
[Wed Aug 26 01:57:06.786418 2026] [deflate:debug] [pid 2196205:tid 2196205] mod_deflate.c(909): [client 216.73.216.242:12307] AH01384: Zlib: Compressed 2852 to 1268 : URL /index.php
[Wed Aug 26 01:57:06.813049 2026] [ssl:debug] [pid 2196262:tid 2196262] ssl_engine_io.c(1150): [client 2001:b011:4005:1a69:6c83:cdae:1837:d8e3:63429] AH02001: Connection closed to child 40 with standard shutdown (server 2blog.ilc.edu.tw:443)
[Wed Aug 26 01:57:06.844248 2026] [ssl:debug] [pid 2196232:tid 2196232] ssl_engine_kernel.c(254): [client 216.73.216.242:26540] AH02034: Subsequent (No.20) HTTPS request received for child 5 (server 2blog.ilc.edu.tw:443)
[Wed Aug 26 01:57:06.844459 2026] [authz_core:debug] [pid 2196232:tid 2196232] mod_authz_core.c(815): [client 216.73.216.242:26540] AH01626: authorization result of Require all granted: granted
[Wed Aug 26 01:57:06.844468 2026] [authz_core:debug] [pid 2196232:tid 2196232] mod_authz_core.c(815): [client 216.73.216.242:26540] AH01626: authorization result of : granted
[Wed Aug 26 01:57:06.844645 2026] [authz_core:debug] [pid 2196232:tid 2196232] mod_authz_core.c(815): [client 216.73.216.242:26540] AH01626: authorization result of Require all granted: granted
[Wed Aug 26 01:57:06.844654 2026] [authz_core:debug] [pid 2196232:tid 2196232] mod_authz_core.c(815): [client 216.73.216.242:26540] AH01626: authorization result of : granted
[Wed Aug 26 01:57:06.914666 2026] [deflate:debug] [pid 2191547:tid 2191547] mod_deflate.c(909): [client 66.249.71.37:55406] AH01384: Zlib: Compressed 101297 to 18119 : URL /index.php
[Wed Aug 26 01:57:06.935278 2026] [ssl:debug] [pid 2196240:tid 2196240] ssl_engine_kernel.c(254): [client 216.73.216.242:37489] AH02034: Subsequent (No.15) HTTPS request received for child 18 (server 2blog.ilc.edu.tw:443)
[Wed Aug 26 01:57:06.935515 2026] [authz_core:debug] [pid 2196240:tid 2196240] mod_authz_core.c(815): [client 216.73.216.242:37489] AH01626: authorization result of Require all granted: granted
[Wed Aug 26 01:57:06.935522 2026] [authz_core:debug] [pid 2196240:tid 2196240] mod_authz_core.c(815): [client 216.73.216.242:37489] AH01626: authorization result of : granted
[Wed Aug 26 01:57:06.935689 2026] [authz_core:debug] [pid 2196240:tid 2196240] mod_authz_core.c(815): [client 216.73.216.242:37489] AH01626: authorization result of Require all granted: granted
[Wed Aug 26 01:57:06.935694 2026] [authz_core:debug] [pid 2196240:tid 2196240] mod_authz_core.c(815): [client 216.73.216.242:37489] AH01626: authorization result of : granted
[Wed Aug 26 01:57:06.937520 2026] [deflate:debug] [pid 2196244:tid 2196244] mod_deflate.c(909): [client 216.73.216.242:2282] AH01384: Zlib: Compressed 2852 to 1288 : URL /index.php
[Wed Aug 26 01:57:07.016308 2026] [deflate:debug] [pid 2196239:tid 2196239] mod_deflate.c(909): [client 216.73.216.242:48727] AH01384: Zlib: Compressed 2801 to 1270 : URL /index.php
[Wed Aug 26 01:57:07.016608 2026] [deflate:debug] [pid 2196219:tid 2196219] mod_deflate.c(909): [client 216.73.216.242:64722] AH01384: Zlib: Compressed 532572 to 85996 : URL /index.php
[Wed Aug 26 01:57:07.026709 2026] [ssl:debug] [pid 2196205:tid 2196205] ssl_engine_kernel.c(254): [client 216.73.216.242:12307] AH02034: Subsequent (No.18) HTTPS request received for child 14 (server 2blog.ilc.edu.tw:443)
[Wed Aug 26 01:57:07.026933 2026] [authz_core:debug] [pid 2196205:tid 2196205] mod_authz_core.c(815): [client 216.73.216.242:12307] AH01626: authorization result of Require all granted: granted
[Wed Aug 26 01:57:07.026940 2026] [authz_core:debug] [pid 2196205:tid 2196205] mod_authz_core.c(815): [client 216.73.216.242:12307] AH01626: authorization result of : granted
[Wed Aug 26 01:57:07.027117 2026] [authz_core:debug] [pid 2196205:tid 2196205] mod_authz_core.c(815): [client 216.73.216.242:12307] AH01626: authorization result of Require all granted: granted
[Wed Aug 26 01:57:07.027123 2026] [authz_core:debug] [pid 2196205:tid 2196205] mod_authz_core.c(815): [client 216.73.216.242:12307] AH01626: authorization result of : granted
[Wed Aug 26 01:57:07.053068 2026] [ssl:debug] [pid 2196214:tid 2196214] ssl_engine_io.c(1150): [client 2001:b011:4005:1a69:6c83:cdae:1837:d8e3:63431] AH02001: Connection closed to child 16 with standard shutdown (server 2blog.ilc.edu.tw:443)
[Wed Aug 26 01:57:07.081195 2026] [ssl:info] [pid 2196204:tid 2196204] (70014)End of file found: [client 2408:8726:2000:a::1313:52828] AH01992: SSL library error 6 reading data
[Wed Aug 26 01:57:07.081270 2026] [ssl:debug] [pid 2196204:tid 2196204] ssl_engine_io.c(1150): [client 2408:8726:2000:a::1313:52828] AH02001: Connection closed to child 13 with standard shutdown (server 2blog.ilc.edu.tw:443)
[Wed Aug 26 01:57:07.105578 2026] [ssl:info] [pid 2196227:tid 2196227] (70014)End of file found: [client 240e:935:a04:5403:0:1:0:d:42698] AH01992: SSL library error 6 reading data
[Wed Aug 26 01:57:07.105678 2026] [ssl:debug] [pid 2196227:tid 2196227] ssl_engine_io.c(1150): [client 240e:935:a04:5403:0:1:0:d:42698] AH02001: Connection closed to child 20 with standard shutdown (server 2blog.ilc.edu.tw:443)
[Wed Aug 26 01:57:07.128608 2026] [ssl:debug] [pid 2196246:tid 2196246] ssl_engine_kernel.c(254): [client 216.73.216.242:65218] AH02034: Subsequent (No.15) HTTPS request received for child 25 (server 2blog.ilc.edu.tw:443)
[Wed Aug 26 01:57:07.128928 2026] [authz_core:debug] [pid 2196246:tid 2196246] mod_authz_core.c(815): [client 216.73.216.242:65218] AH01626: authorization result of Require all granted: granted
[Wed Aug 26 01:57:07.128939 2026] [authz_core:debug] [pid 2196246:tid 2196246] mod_authz_core.c(815): [client 216.73.216.242:65218] AH01626: authorization result of : granted
[Wed Aug 26 01:57:07.129159 2026] [authz_core:debug] [pid 2196246:tid 2196246] mod_authz_core.c(815): [client 216.73.216.242:65218] AH01626: authorization result of Require all granted: granted
[Wed Aug 26 01:57:07.129167 2026] [authz_core:debug] [pid 2196246:tid 2196246] mod_authz_core.c(815): [client 216.73.216.242:65218] AH01626: authorization result of : granted
[Wed Aug 26 01:57:07.210822 2026] [ssl:debug] [pid 2196244:tid 2196244] ssl_engine_kernel.c(254): [client 216.73.216.242:2282] AH02034: Subsequent (No.3) HTTPS request received for child 23 (server 2blog.ilc.edu.tw:443)
[Wed Aug 26 01:57:07.211176 2026] [authz_core:debug] [pid 2196244:tid 2196244] mod_authz_core.c(815): [client 216.73.216.242:2282] AH01626: authorization result of Require all granted: granted
[Wed Aug 26 01:57:07.211185 2026] [authz_core:debug] [pid 2196244:tid 2196244] mod_authz_core.c(815): [client 216.73.216.242:2282] AH01626: authorization result of : granted
[Wed Aug 26 01:57:07.211363 2026] [authz_core:debug] [pid 2196244:tid 2196244] mod_authz_core.c(815): [client 216.73.216.242:2282] AH01626: authorization result of Require all granted: granted
[Wed Aug 26 01:57:07.211368 2026] [authz_core:debug] [pid 2196244:tid 2196244] mod_authz_core.c(815): [client 216.73.216.242:2282] AH01626: authorization result of : granted
[Wed Aug 26 01:57:07.271454 2026] [deflate:debug] [pid 2196240:tid 2196240] mod_deflate.c(909): [client 216.73.216.242:37489] AH01384: Zlib: Compressed 2812 to 1279 : URL /index.php
[Wed Aug 26 01:57:07.300749 2026] [ssl:debug] [pid 2196239:tid 2196239] ssl_engine_kernel.c(254): [client 216.73.216.242:48727] AH02034: Subsequent (No.19) HTTPS request received for child 9 (server 2blog.ilc.edu.tw:443)
[Wed Aug 26 01:57:07.301025 2026] [authz_core:debug] [pid 2196239:tid 2196239] mod_authz_core.c(815): [client 216.73.216.242:48727] AH01626: authorization result of Require all granted: granted
[Wed Aug 26 01:57:07.301052 2026] [authz_core:debug] [pid 2196239:tid 2196239] mod_authz_core.c(815): [client 216.73.216.242:48727] AH01626: authorization result of : granted
[Wed Aug 26 01:57:07.301215 2026] [authz_core:debug] [pid 2196239:tid 2196239] mod_authz_core.c(815): [client 216.73.216.242:48727] AH01626: authorization result of Require all granted: granted
[Wed Aug 26 01:57:07.301220 2026] [authz_core:debug] [pid 2196239:tid 2196239] mod_authz_core.c(815): [client 216.73.216.242:48727] AH01626: authorization result of : granted
[Wed Aug 26 01:57:07.319249 2026] [deflate:debug] [pid 2196205:tid 2196205] mod_deflate.c(909): [client 216.73.216.242:12307] AH01384: Zlib: Compressed 2852 to 1268 : URL /index.php
[Wed Aug 26 01:57:07.391335 2026] [ssl:info] [pid 2196253:tid 2196253] [client 34.30.223.149:2563] AH01964: Connection to child 32 established (server 2blog.ilc.edu.tw:443)
[Wed Aug 26 01:57:07.391546 2026] [ssl:debug] [pid 2196253:tid 2196253] ssl_engine_kernel.c(2222): [client 34.30.223.149:2563] AH02043: SSL virtual host for servername 2blog.ilc.edu.tw found
[Wed Aug 26 01:57:07.391612 2026] [core:debug] [pid 2196253:tid 2196253] protocol.c(2460): [client 34.30.223.149:2563] AH03155: select protocol from , choices=http/1.1 for server 2blog.ilc.edu.tw
[Wed Aug 26 01:57:07.401339 2026] [ssl:debug] [pid 2196245:tid 2196245] ssl_engine_kernel.c(254): [client 216.73.216.242:1577] AH02034: Subsequent (No.10) HTTPS request received for child 24 (server 2blog.ilc.edu.tw:443)
[Wed Aug 26 01:57:07.401627 2026] [authz_core:debug] [pid 2196245:tid 2196245] mod_authz_core.c(815): [client 216.73.216.242:1577] AH01626: authorization result of Require all granted: granted
[Wed Aug 26 01:57:07.401640 2026] [authz_core:debug] [pid 2196245:tid 2196245] mod_authz_core.c(815): [client 216.73.216.242:1577] AH01626: authorization result of : granted
[Wed Aug 26 01:57:07.401854 2026] [authz_core:debug] [pid 2196245:tid 2196245] mod_authz_core.c(815): [client 216.73.216.242:1577] AH01626: authorization result of Require all granted: granted
[Wed Aug 26 01:57:07.401865 2026] [authz_core:debug] [pid 2196245:tid 2196245] mod_authz_core.c(815): [client 216.73.216.242:1577] AH01626: authorization result of : granted
[Wed Aug 26 01:57:07.493486 2026] [ssl:debug] [pid 2196243:tid 2196243] ssl_engine_kernel.c(254): [client 216.73.216.242:40951] AH02034: Subsequent (No.14) HTTPS request received for child 22 (server 2blog.ilc.edu.tw:443)
[Wed Aug 26 01:57:07.493728 2026] [authz_core:debug] [pid 2196243:tid 2196243] mod_authz_core.c(815): [client 216.73.216.242:40951] AH01626: authorization result of Require all granted: granted
[Wed Aug 26 01:57:07.493736 2026] [authz_core:debug] [pid 2196243:tid 2196243] mod_authz_core.c(815): [client 216.73.216.242:40951] AH01626: authorization result of : granted
[Wed Aug 26 01:57:07.493915 2026] [authz_core:debug] [pid 2196243:tid 2196243] mod_authz_core.c(815): [client 216.73.216.242:40951] AH01626: authorization result of Require all granted: granted
[Wed Aug 26 01:57:07.493921 2026] [authz_core:debug] [pid 2196243:tid 2196243] mod_authz_core.c(815): [client 216.73.216.242:40951] AH01626: authorization result of : granted
[Wed Aug 26 01:57:07.494369 2026] [deflate:debug] [pid 2196245:tid 2196245] mod_deflate.c(909): [client 216.73.216.242:1577] AH01384: Zlib: Compressed 36392 to 9042 : URL /index.php
[Wed Aug 26 01:57:07.499523 2026] [deflate:debug] [pid 2196244:tid 2196244] mod_deflate.c(909): [client 216.73.216.242:2282] AH01384: Zlib: Compressed 2815 to 1275 : URL /index.php
[Wed Aug 26 01:57:07.549068 2026] [ssl:debug] [pid 2196238:tid 2196238] ssl_engine_io.c(1150): [client 2409:8718:271a:1075::11:58078] AH02001: Connection closed to child 8 with standard shutdown (server 2blog.ilc.edu.tw:443)
[Wed Aug 26 01:57:07.557665 2026] [ssl:debug] [pid 2191552:tid 2191552] ssl_engine_io.c(1150): [client 2409:8718:271a:1075::11:58076] AH02001: Connection closed to child 4 with standard shutdown (server 2blog.ilc.edu.tw:443)
[Wed Aug 26 01:57:07.561686 2026] [authz_core:debug] [pid 2196269:tid 2196269] mod_authz_core.c(815): [client 23.23.99.55:40514] AH01626: authorization result of Require all granted: granted
[Wed Aug 26 01:57:07.561711 2026] [authz_core:debug] [pid 2196269:tid 2196269] mod_authz_core.c(815): [client 23.23.99.55:40514] AH01626: authorization result of : granted
[Wed Aug 26 01:57:07.565070 2026] [authz_core:debug] [pid 2196269:tid 2196269] mod_authz_core.c(815): [client 23.23.99.55:40514] AH01626: authorization result of Require all granted: granted
[Wed Aug 26 01:57:07.565087 2026] [authz_core:debug] [pid 2196269:tid 2196269] mod_authz_core.c(815): [client 23.23.99.55:40514] AH01626: authorization result of : granted
[Wed Aug 26 01:57:07.566572 2026] [deflate:debug] [pid 2196269:tid 2196269] mod_deflate.c(909): [client 23.23.99.55:40514] AH01384: Zlib: Compressed 800 to 384 : URL /wp-content/uploads/sites/1736/2021/06/
[Wed Aug 26 01:57:07.573378 2026] [ssl:debug] [pid 2196205:tid 2196205] ssl_engine_kernel.c(254): [client 216.73.216.242:12307] AH02034: Subsequent (No.19) HTTPS request received for child 14 (server 2blog.ilc.edu.tw:443)
[Wed Aug 26 01:57:07.573624 2026] [authz_core:debug] [pid 2196205:tid 2196205] mod_authz_core.c(815): [client 216.73.216.242:12307] AH01626: authorization result of Require all granted: granted
[Wed Aug 26 01:57:07.573632 2026] [authz_core:debug] [pid 2196205:tid 2196205] mod_authz_core.c(815): [client 216.73.216.242:12307] AH01626: authorization result of : granted
[Wed Aug 26 01:57:07.573821 2026] [authz_core:debug] [pid 2196205:tid 2196205] mod_authz_core.c(815): [client 216.73.216.242:12307] AH01626: authorization result of Require all granted: granted
[Wed Aug 26 01:57:07.573827 2026] [authz_core:debug] [pid 2196205:tid 2196205] mod_authz_core.c(815): [client 216.73.216.242:12307] AH01626: authorization result of : granted
[Wed Aug 26 01:57:07.575491 2026] [deflate:debug] [pid 2196239:tid 2196239] mod_deflate.c(909): [client 216.73.216.242:48727] AH01384: Zlib: Compressed 2800 to 1263 : URL /index.php
[Wed Aug 26 01:57:07.613419 2026] [headers:debug] [pid 2196252:tid 2196252] mod_headers.c(900): AH01503: headers: ap_headers_error_filter()
[Wed Aug 26 01:57:07.675763 2026] [ssl:debug] [pid 2196246:tid 2196246] ssl_engine_kernel.c(254): [client 216.73.216.242:65218] AH02034: Subsequent (No.16) HTTPS request received for child 25 (server 2blog.ilc.edu.tw:443)
[Wed Aug 26 01:57:07.675974 2026] [authz_core:debug] [pid 2196246:tid 2196246] mod_authz_core.c(815): [client 216.73.216.242:65218] AH01626: authorization result of Require all granted: granted
[Wed Aug 26 01:57:07.675981 2026] [authz_core:debug] [pid 2196246:tid 2196246] mod_authz_core.c(815): [client 216.73.216.242:65218] AH01626: authorization result of : granted
[Wed Aug 26 01:57:07.676139 2026] [authz_core:debug] [pid 2196246:tid 2196246] mod_authz_core.c(815): [client 216.73.216.242:65218] AH01626: authorization result of Require all granted: granted
[Wed Aug 26 01:57:07.676145 2026] [authz_core:debug] [pid 2196246:tid 2196246] mod_authz_core.c(815): [client 216.73.216.242:65218] AH01626: authorization result of : granted
[Wed Aug 26 01:57:07.681112 2026] [ssl:debug] [pid 2196225:tid 2196225] ssl_engine_io.c(1150): [client 2409:8718:271a:1075::11:58074] AH02001: Connection closed to child 12 with standard shutdown (server 2blog.ilc.edu.tw:443)
[Wed Aug 26 01:57:07.685885 2026] [ssl:debug] [pid 2196253:tid 2196253] ssl_engine_kernel.c(2082): [client 34.30.223.149:2563] AH02041: Protocol: TLSv1.3, Cipher: TLS_AES_256_GCM_SHA384 (256/256 bits)
[Wed Aug 26 01:57:07.685950 2026] [socache_shmcb:debug] [pid 2196253:tid 2196253] mod_socache_shmcb.c(508): AH00831: socache_shmcb_store (0xea -> subcache 10)
[Wed Aug 26 01:57:07.685959 2026] [socache_shmcb:debug] [pid 2196253:tid 2196253] mod_socache_shmcb.c(860): AH00847: insert happened at idx=29, data=(10629:10661)
[Wed Aug 26 01:57:07.685962 2026] [socache_shmcb:debug] [pid 2196253:tid 2196253] mod_socache_shmcb.c(863): AH00848: finished insert, subcache: idx_pos/idx_used=79/39, data_pos/data_used=2180/8675
[Wed Aug 26 01:57:07.685965 2026] [socache_shmcb:debug] [pid 2196253:tid 2196253] mod_socache_shmcb.c(530): AH00834: leaving socache_shmcb_store successfully
[Wed Aug 26 01:57:07.686035 2026] [socache_shmcb:debug] [pid 2196253:tid 2196253] mod_socache_shmcb.c(508): AH00831: socache_shmcb_store (0x2b -> subcache 11)
[Wed Aug 26 01:57:07.686041 2026] [socache_shmcb:debug] [pid 2196253:tid 2196253] mod_socache_shmcb.c(745): AH00842: expiring 1 and reclaiming 0 removed socache entries
[Wed Aug 26 01:57:07.686044 2026] [socache_shmcb:debug] [pid 2196253:tid 2196253] mod_socache_shmcb.c(765): AH00843: we now have 34 socache entries
[Wed Aug 26 01:57:07.686047 2026] [socache_shmcb:debug] [pid 2196253:tid 2196253] mod_socache_shmcb.c(860): AH00847: insert happened at idx=18, data=(227:259)
[Wed Aug 26 01:57:07.686050 2026] [socache_shmcb:debug] [pid 2196253:tid 2196253] mod_socache_shmcb.c(863): AH00848: finished insert, subcache: idx_pos/idx_used=72/35, data_pos/data_used=6488/7829
[Wed Aug 26 01:57:07.686053 2026] [socache_shmcb:debug] [pid 2196253:tid 2196253] mod_socache_shmcb.c(530): AH00834: leaving socache_shmcb_store successfully
[Wed Aug 26 01:57:07.741059 2026] [ssl:debug] [pid 2196226:tid 2196226] ssl_engine_io.c(1150): [client 2409:8718:271a:1075::11:58072] AH02001: Connection closed to child 19 with standard shutdown (server 2blog.ilc.edu.tw:443)
[Wed Aug 26 01:57:07.761037 2026] [deflate:debug] [pid 2196243:tid 2196243] mod_deflate.c(909): [client 216.73.216.242:40951] AH01384: Zlib: Compressed 2852 to 1287 : URL /index.php
[Wed Aug 26 01:57:07.761079 2026] [ssl:debug] [pid 2190630:tid 2190630] ssl_engine_io.c(1150): [client 2409:8718:271a:1075::11:57712] AH02001: Connection closed to child 39 with standard shutdown (server 2blog.ilc.edu.tw:443)
[Wed Aug 26 01:57:07.765310 2026] [ssl:debug] [pid 2196245:tid 2196245] ssl_engine_kernel.c(254): [client 216.73.216.242:1577] AH02034: Subsequent (No.11) HTTPS request received for child 24 (server 2blog.ilc.edu.tw:443)
[Wed Aug 26 01:57:07.765482 2026] [authz_core:debug] [pid 2196245:tid 2196245] mod_authz_core.c(815): [client 216.73.216.242:1577] AH01626: authorization result of Require all granted: granted
[Wed Aug 26 01:57:07.765488 2026] [authz_core:debug] [pid 2196245:tid 2196245] mod_authz_core.c(815): [client 216.73.216.242:1577] AH01626: authorization result of : granted
[Wed Aug 26 01:57:07.765601 2026] [authz_core:debug] [pid 2196245:tid 2196245] mod_authz_core.c(815): [client 216.73.216.242:1577] AH01626: authorization result of Require all granted: granted
[Wed Aug 26 01:57:07.765604 2026] [authz_core:debug] [pid 2196245:tid 2196245] mod_authz_core.c(815): [client 216.73.216.242:1577] AH01626: authorization result of : granted
[Wed Aug 26 01:57:07.784195 2026] [ssl:debug] [pid 2196143:tid 2196143] ssl_engine_io.c(1150): [client 2409:8718:271a:1075::11:58080] AH02001: Connection closed to child 11 with standard shutdown (server 2blog.ilc.edu.tw:443)
[Wed Aug 26 01:57:07.803482 2026] [deflate:debug] [pid 2196246:tid 2196246] mod_deflate.c(909): [client 216.73.216.242:65218] AH01384: Zlib: Compressed 33075 to 8742 : URL /index.php
[Wed Aug 26 01:57:07.846815 2026] [ssl:debug] [pid 2196239:tid 2196239] ssl_engine_kernel.c(254): [client 216.73.216.242:48727] AH02034: Subsequent (No.20) HTTPS request received for child 9 (server 2blog.ilc.edu.tw:443)
[Wed Aug 26 01:57:07.847063 2026] [authz_core:debug] [pid 2196239:tid 2196239] mod_authz_core.c(815): [client 216.73.216.242:48727] AH01626: authorization result of Require all granted: granted
[Wed Aug 26 01:57:07.847076 2026] [authz_core:debug] [pid 2196239:tid 2196239] mod_authz_core.c(815): [client 216.73.216.242:48727] AH01626: authorization result of : granted
[Wed Aug 26 01:57:07.847321 2026] [authz_core:debug] [pid 2196239:tid 2196239] mod_authz_core.c(815): [client 216.73.216.242:48727] AH01626: authorization result of Require all granted: granted
[Wed Aug 26 01:57:07.847331 2026] [authz_core:debug] [pid 2196239:tid 2196239] mod_authz_core.c(815): [client 216.73.216.242:48727] AH01626: authorization result of : granted
[Wed Aug 26 01:57:07.859303 2026] [deflate:debug] [pid 2196205:tid 2196205] mod_deflate.c(909): [client 216.73.216.242:12307] AH01384: Zlib: Compressed 2862 to 1295 : URL /index.php
[Wed Aug 26 01:57:07.861647 2026] [ssl:debug] [pid 2196253:tid 2196253] ssl_engine_kernel.c(254): [client 34.30.223.149:2563] AH02034: Initial (No.1) HTTPS request received for child 32 (server 2blog.ilc.edu.tw:443)
[Wed Aug 26 01:57:07.861817 2026] [authz_core:debug] [pid 2196253:tid 2196253] mod_authz_core.c(815): [client 34.30.223.149:2563] AH01626: authorization result of Require all granted: granted
[Wed Aug 26 01:57:07.861823 2026] [authz_core:debug] [pid 2196253:tid 2196253] mod_authz_core.c(815): [client 34.30.223.149:2563] AH01626: authorization result of : granted
[Wed Aug 26 01:57:07.861935 2026] [authz_core:debug] [pid 2196253:tid 2196253] mod_authz_core.c(815): [client 34.30.223.149:2563] AH01626: authorization result of Require all granted: granted
[Wed Aug 26 01:57:07.861939 2026] [authz_core:debug] [pid 2196253:tid 2196253] mod_authz_core.c(815): [client 34.30.223.149:2563] AH01626: authorization result of : granted
[Wed Aug 26 01:57:07.948466 2026] [ssl:debug] [pid 2196219:tid 2196219] ssl_engine_kernel.c(254): [client 216.73.216.242:64722] AH02034: Subsequent (No.12) HTTPS request received for child 17 (server 2blog.ilc.edu.tw:443)
[Wed Aug 26 01:57:07.948721 2026] [authz_core:debug] [pid 2196219:tid 2196219] mod_authz_core.c(815): [client 216.73.216.242:64722] AH01626: authorization result of Require all granted: granted
[Wed Aug 26 01:57:07.948731 2026] [authz_core:debug] [pid 2196219:tid 2196219] mod_authz_core.c(815): [client 216.73.216.242:64722] AH01626: authorization result of : granted
[Wed Aug 26 01:57:07.948915 2026] [authz_core:debug] [pid 2196219:tid 2196219] mod_authz_core.c(815): [client 216.73.216.242:64722] AH01626: authorization result of Require all granted: granted
[Wed Aug 26 01:57:07.948921 2026] [authz_core:debug] [pid 2196219:tid 2196219] mod_authz_core.c(815): [client 216.73.216.242:64722] AH01626: authorization result of : granted
[Wed Aug 26 01:57:08.038359 2026] [ssl:debug] [pid 2196246:tid 2196246] ssl_engine_kernel.c(254): [client 216.73.216.242:65218] AH02034: Subsequent (No.17) HTTPS request received for child 25 (server 2blog.ilc.edu.tw:443)
[Wed Aug 26 01:57:08.038560 2026] [authz_core:debug] [pid 2196246:tid 2196246] mod_authz_core.c(815): [client 216.73.216.242:65218] AH01626: authorization result of Require all granted: granted
[Wed Aug 26 01:57:08.038565 2026] [authz_core:debug] [pid 2196246:tid 2196246] mod_authz_core.c(815): [client 216.73.216.242:65218] AH01626: authorization result of : granted
[Wed Aug 26 01:57:08.038687 2026] [authz_core:debug] [pid 2196246:tid 2196246] mod_authz_core.c(815): [client 216.73.216.242:65218] AH01626: authorization result of Require all granted: granted
[Wed Aug 26 01:57:08.038690 2026] [authz_core:debug] [pid 2196246:tid 2196246] mod_authz_core.c(815): [client 216.73.216.242:65218] AH01626: authorization result of : granted
[Wed Aug 26 01:57:08.048981 2026] [ssl:info] [pid 2196248:tid 2196248] [client 34.42.229.145:34816] AH01964: Connection to child 27 established (server 2blog.ilc.edu.tw:443)
[Wed Aug 26 01:57:08.049169 2026] [ssl:debug] [pid 2196248:tid 2196248] ssl_engine_kernel.c(2222): [client 34.42.229.145:34816] AH02043: SSL virtual host for servername 2blog.ilc.edu.tw found
[Wed Aug 26 01:57:08.049240 2026] [core:debug] [pid 2196248:tid 2196248] protocol.c(2460): [client 34.42.229.145:34816] AH03155: select protocol from , choices=http/1.1 for server 2blog.ilc.edu.tw
[Wed Aug 26 01:57:08.088659 2026] [deflate:debug] [pid 2196253:tid 2196253] mod_deflate.c(909): [client 34.30.223.149:2563] AH01384: Zlib: Compressed 2806 to 1243 : URL /index.php
[Wed Aug 26 01:57:08.119629 2026] [ssl:debug] [pid 2196205:tid 2196205] ssl_engine_kernel.c(254): [client 216.73.216.242:12307] AH02034: Subsequent (No.20) HTTPS request received for child 14 (server 2blog.ilc.edu.tw:443)
[Wed Aug 26 01:57:08.119834 2026] [authz_core:debug] [pid 2196205:tid 2196205] mod_authz_core.c(815): [client 216.73.216.242:12307] AH01626: authorization result of Require all granted: granted
[Wed Aug 26 01:57:08.119842 2026] [authz_core:debug] [pid 2196205:tid 2196205] mod_authz_core.c(815): [client 216.73.216.242:12307] AH01626: authorization result of : granted
[Wed Aug 26 01:57:08.119991 2026] [authz_core:debug] [pid 2196205:tid 2196205] mod_authz_core.c(815): [client 216.73.216.242:12307] AH01626: authorization result of Require all granted: granted
[Wed Aug 26 01:57:08.119996 2026] [authz_core:debug] [pid 2196205:tid 2196205] mod_authz_core.c(815): [client 216.73.216.242:12307] AH01626: authorization result of : granted
[Wed Aug 26 01:57:08.120153 2026] [headers:debug] [pid 2196249:tid 2196249] mod_headers.c(900): AH01503: headers: ap_headers_error_filter()
[Wed Aug 26 01:57:08.183794 2026] [ssl:info] [pid 2196230:tid 2196230] [client 2001:288:a201::66:125:9814] AH01964: Connection to child 0 established (server 2blog.ilc.edu.tw:443)
[Wed Aug 26 01:57:08.183951 2026] [ssl:debug] [pid 2196230:tid 2196230] ssl_engine_kernel.c(2252): [client 2001:288:a201::66:125:9814] AH02645: Server name not provided via TLS extension (using default/first virtual host)
[Wed Aug 26 01:57:08.183970 2026] [socache_shmcb:debug] [pid 2196230:tid 2196230] mod_socache_shmcb.c(545): AH00835: socache_shmcb_retrieve (0x7e -> subcache 30)
[Wed Aug 26 01:57:08.183990 2026] [socache_shmcb:debug] [pid 2196230:tid 2196230] mod_socache_shmcb.c(896): AH00849: match at idx=87, data=9547
[Wed Aug 26 01:57:08.183993 2026] [socache_shmcb:debug] [pid 2196230:tid 2196230] mod_socache_shmcb.c(556): AH00836: leaving socache_shmcb_retrieve successfully
[Wed Aug 26 01:57:08.185173 2026] [ssl:debug] [pid 2196230:tid 2196230] ssl_engine_kernel.c(2082): [client 2001:288:a201::66:125:9814] AH02041: Protocol: TLSv1.2, Cipher: ECDHE-RSA-AES256-GCM-SHA384 (256/256 bits)
[Wed Aug 26 01:57:08.185258 2026] [ssl:debug] [pid 2196230:tid 2196230] ssl_engine_kernel.c(254): [client 2001:288:a201::66:125:9814] AH02034: Initial (No.1) HTTPS request received for child 0 (server 2blog.ilc.edu.tw:443)
[Wed Aug 26 01:57:08.185425 2026] [authz_core:debug] [pid 2196230:tid 2196230] mod_authz_core.c(815): [client 2001:288:a201::66:125:9814] AH01626: authorization result of Require all granted: granted
[Wed Aug 26 01:57:08.185430 2026] [authz_core:debug] [pid 2196230:tid 2196230] mod_authz_core.c(815): [client 2001:288:a201::66:125:9814] AH01626: authorization result of : granted
[Wed Aug 26 01:57:08.185543 2026] [authz_core:debug] [pid 2196230:tid 2196230] mod_authz_core.c(815): [client 2001:288:a201::66:125:9814] AH01626: authorization result of Require all granted: granted
[Wed Aug 26 01:57:08.185547 2026] [authz_core:debug] [pid 2196230:tid 2196230] mod_authz_core.c(815): [client 2001:288:a201::66:125:9814] AH01626: authorization result of : granted
[Wed Aug 26 01:57:08.185557 2026] [php7:error] [pid 2196230:tid 2196230] [client 2001:288:a201::66:125:9814] script '/var/www/html/2blog/active.php' not found or unable to stat
[Wed Aug 26 01:57:08.185564 2026] [headers:debug] [pid 2196230:tid 2196230] mod_headers.c(900): AH01503: headers: ap_headers_error_filter()
[Wed Aug 26 01:57:08.185669 2026] [ssl:debug] [pid 2196230:tid 2196230] ssl_engine_io.c(1150): [client 2001:288:a201::66:125:9814] AH02001: Connection closed to child 0 with standard shutdown (server 2blog.ilc.edu.tw:443)
[Wed Aug 26 01:57:08.221123 2026] [ssl:debug] [pid 2196243:tid 2196243] ssl_engine_kernel.c(254): [client 216.73.216.242:40951] AH02034: Subsequent (No.15) HTTPS request received for child 22 (server 2blog.ilc.edu.tw:443)
[Wed Aug 26 01:57:08.221362 2026] [authz_core:debug] [pid 2196243:tid 2196243] mod_authz_core.c(815): [client 216.73.216.242:40951] AH01626: authorization result of Require all granted: granted
[Wed Aug 26 01:57:08.221369 2026] [authz_core:debug] [pid 2196243:tid 2196243] mod_authz_core.c(815): [client 216.73.216.242:40951] AH01626: authorization result of : granted
[Wed Aug 26 01:57:08.221532 2026] [authz_core:debug] [pid 2196243:tid 2196243] mod_authz_core.c(815): [client 216.73.216.242:40951] AH01626: authorization result of Require all granted: granted
[Wed Aug 26 01:57:08.221537 2026] [authz_core:debug] [pid 2196243:tid 2196243] mod_authz_core.c(815): [client 216.73.216.242:40951] AH01626: authorization result of : granted
[Wed Aug 26 01:57:08.249521 2026] [ssl:debug] [pid 2196248:tid 2196248] ssl_engine_kernel.c(2082): [client 34.42.229.145:34816] AH02041: Protocol: TLSv1.3, Cipher: TLS_AES_256_GCM_SHA384 (256/256 bits)
[Wed Aug 26 01:57:08.249569 2026] [socache_shmcb:debug] [pid 2196248:tid 2196248] mod_socache_shmcb.c(508): AH00831: socache_shmcb_store (0x14 -> subcache 20)
[Wed Aug 26 01:57:08.249575 2026] [socache_shmcb:debug] [pid 2196248:tid 2196248] mod_socache_shmcb.c(860): AH00847: insert happened at idx=6, data=(11552:11584)
[Wed Aug 26 01:57:08.249577 2026] [socache_shmcb:debug] [pid 2196248:tid 2196248] mod_socache_shmcb.c(863): AH00848: finished insert, subcache: idx_pos/idx_used=55/40, data_pos/data_used=2929/8849
[Wed Aug 26 01:57:08.249579 2026] [socache_shmcb:debug] [pid 2196248:tid 2196248] mod_socache_shmcb.c(530): AH00834: leaving socache_shmcb_store successfully
[Wed Aug 26 01:57:08.249649 2026] [socache_shmcb:debug] [pid 2196248:tid 2196248] mod_socache_shmcb.c(508): AH00831: socache_shmcb_store (0x2b -> subcache 11)
[Wed Aug 26 01:57:08.249662 2026] [socache_shmcb:debug] [pid 2196248:tid 2196248] mod_socache_shmcb.c(860): AH00847: insert happened at idx=19, data=(453:485)
[Wed Aug 26 01:57:08.249664 2026] [socache_shmcb:debug] [pid 2196248:tid 2196248] mod_socache_shmcb.c(863): AH00848: finished insert, subcache: idx_pos/idx_used=72/36, data_pos/data_used=6488/8055
[Wed Aug 26 01:57:08.249666 2026] [socache_shmcb:debug] [pid 2196248:tid 2196248] mod_socache_shmcb.c(530): AH00834: leaving socache_shmcb_store successfully
[Wed Aug 26 01:57:08.301011 2026] [ssl:debug] [pid 2196244:tid 2196244] ssl_engine_kernel.c(254): [client 216.73.216.242:2282] AH02034: Subsequent (No.4) HTTPS request received for child 23 (server 2blog.ilc.edu.tw:443)
[Wed Aug 26 01:57:08.301207 2026] [authz_core:debug] [pid 2196244:tid 2196244] mod_authz_core.c(815): [client 216.73.216.242:2282] AH01626: authorization result of Require all granted: granted
[Wed Aug 26 01:57:08.301212 2026] [authz_core:debug] [pid 2196244:tid 2196244] mod_authz_core.c(815): [client 216.73.216.242:2282] AH01626: authorization result of : granted
[Wed Aug 26 01:57:08.301332 2026] [authz_core:debug] [pid 2196244:tid 2196244] mod_authz_core.c(815): [client 216.73.216.242:2282] AH01626: authorization result of Require all granted: granted
[Wed Aug 26 01:57:08.301335 2026] [authz_core:debug] [pid 2196244:tid 2196244] mod_authz_core.c(815): [client 216.73.216.242:2282] AH01626: authorization result of : granted
[Wed Aug 26 01:57:08.363057 2026] [ssl:debug] [pid 2196248:tid 2196248] ssl_engine_kernel.c(254): [client 34.42.229.145:34816] AH02034: Initial (No.1) HTTPS request received for child 27 (server 2blog.ilc.edu.tw:443)
[Wed Aug 26 01:57:08.363241 2026] [authz_core:debug] [pid 2196248:tid 2196248] mod_authz_core.c(815): [client 34.42.229.145:34816] AH01626: authorization result of Require all granted: granted
[Wed Aug 26 01:57:08.363246 2026] [authz_core:debug] [pid 2196248:tid 2196248] mod_authz_core.c(815): [client 34.42.229.145:34816] AH01626: authorization result of : granted
[Wed Aug 26 01:57:08.363361 2026] [authz_core:debug] [pid 2196248:tid 2196248] mod_authz_core.c(815): [client 34.42.229.145:34816] AH01626: authorization result of Require all granted: granted
[Wed Aug 26 01:57:08.363365 2026] [authz_core:debug] [pid 2196248:tid 2196248] mod_authz_core.c(815): [client 34.42.229.145:34816] AH01626: authorization result of : granted
[Wed Aug 26 01:57:08.376426 2026] [ssl:info] [pid 2196206:tid 2196206] (70014)End of file found: [client 2409:8a50:e203:bec:8991:259d:9cc5:7dfd:2278] AH01992: SSL library error 6 reading data
[Wed Aug 26 01:57:08.376501 2026] [ssl:debug] [pid 2196206:tid 2196206] ssl_engine_io.c(1150): [client 2409:8a50:e203:bec:8991:259d:9cc5:7dfd:2278] AH02001: Connection closed to child 15 with standard shutdown (server 2blog.ilc.edu.tw:443)
[Wed Aug 26 01:57:08.392735 2026] [ssl:debug] [pid 2196239:tid 2196239] ssl_engine_kernel.c(254): [client 216.73.216.242:48727] AH02034: Subsequent (No.21) HTTPS request received for child 9 (server 2blog.ilc.edu.tw:443)
[Wed Aug 26 01:57:08.392906 2026] [authz_core:debug] [pid 2196239:tid 2196239] mod_authz_core.c(815): [client 216.73.216.242:48727] AH01626: authorization result of Require all granted: granted
[Wed Aug 26 01:57:08.392911 2026] [authz_core:debug] [pid 2196239:tid 2196239] mod_authz_core.c(815): [client 216.73.216.242:48727] AH01626: authorization result of : granted
[Wed Aug 26 01:57:08.393051 2026] [authz_core:debug] [pid 2196239:tid 2196239] mod_authz_core.c(815): [client 216.73.216.242:48727] AH01626: authorization result of Require all granted: granted
[Wed Aug 26 01:57:08.393056 2026] [authz_core:debug] [pid 2196239:tid 2196239] mod_authz_core.c(815): [client 216.73.216.242:48727] AH01626: authorization result of : granted
[Wed Aug 26 01:57:08.494867 2026] [ssl:debug] [pid 2196219:tid 2196219] ssl_engine_kernel.c(254): [client 216.73.216.242:64722] AH02034: Subsequent (No.13) HTTPS request received for child 17 (server 2blog.ilc.edu.tw:443)
[Wed Aug 26 01:57:08.495037 2026] [authz_core:debug] [pid 2196219:tid 2196219] mod_authz_core.c(815): [client 216.73.216.242:64722] AH01626: authorization result of Require all granted: granted
[Wed Aug 26 01:57:08.495041 2026] [authz_core:debug] [pid 2196219:tid 2196219] mod_authz_core.c(815): [client 216.73.216.242:64722] AH01626: authorization result of : granted
[Wed Aug 26 01:57:08.495150 2026] [authz_core:debug] [pid 2196219:tid 2196219] mod_authz_core.c(815): [client 216.73.216.242:64722] AH01626: authorization result of Require all granted: granted
[Wed Aug 26 01:57:08.495154 2026] [authz_core:debug] [pid 2196219:tid 2196219] mod_authz_core.c(815): [client 216.73.216.242:64722] AH01626: authorization result of : granted
[Wed Aug 26 01:57:08.584701 2026] [ssl:debug] [pid 2196246:tid 2196246] ssl_engine_kernel.c(254): [client 216.73.216.242:65218] AH02034: Subsequent (No.18) HTTPS request received for child 25 (server 2blog.ilc.edu.tw:443)
[Wed Aug 26 01:57:08.675195 2026] [ssl:debug] [pid 2196245:tid 2196245] ssl_engine_kernel.c(254): [client 216.73.216.242:1577] AH02034: Subsequent (No.12) HTTPS request received for child 24 (server 2blog.ilc.edu.tw:443)
[Wed Aug 26 01:57:08.733972 2026] [authz_core:debug] [pid 2196246:tid 2196246] mod_authz_core.c(815): [client 216.73.216.242:65218] AH01626: authorization result of Require all granted: granted
[Wed Aug 26 01:57:08.733981 2026] [authz_core:debug] [pid 2196246:tid 2196246] mod_authz_core.c(815): [client 216.73.216.242:65218] AH01626: authorization result of : granted
[Wed Aug 26 01:57:08.734056 2026] [authz_core:debug] [pid 2196245:tid 2196245] mod_authz_core.c(815): [client 216.73.216.242:1577] AH01626: authorization result of Require all granted: granted
[Wed Aug 26 01:57:08.734066 2026] [authz_core:debug] [pid 2196245:tid 2196245] mod_authz_core.c(815): [client 216.73.216.242:1577] AH01626: authorization result of : granted
[Wed Aug 26 01:57:08.734140 2026] [authz_core:debug] [pid 2196246:tid 2196246] mod_authz_core.c(815): [client 216.73.216.242:65218] AH01626: authorization result of Require all granted: granted
[Wed Aug 26 01:57:08.734147 2026] [authz_core:debug] [pid 2196246:tid 2196246] mod_authz_core.c(815): [client 216.73.216.242:65218] AH01626: authorization result of : granted
[Wed Aug 26 01:57:08.734193 2026] [authz_core:debug] [pid 2196245:tid 2196245] mod_authz_core.c(815): [client 216.73.216.242:1577] AH01626: authorization result of Require all granted: granted
[Wed Aug 26 01:57:08.734197 2026] [authz_core:debug] [pid 2196245:tid 2196245] mod_authz_core.c(815): [client 216.73.216.242:1577] AH01626: authorization result of : granted
[Wed Aug 26 01:57:08.757143 2026] [ssl:debug] [pid 2196205:tid 2196205] ssl_engine_kernel.c(254): [client 216.73.216.242:12307] AH02034: Subsequent (No.21) HTTPS request received for child 14 (server 2blog.ilc.edu.tw:443)
[Wed Aug 26 01:57:08.757315 2026] [authz_core:debug] [pid 2196205:tid 2196205] mod_authz_core.c(815): [client 216.73.216.242:12307] AH01626: authorization result of Require all granted: granted
[Wed Aug 26 01:57:08.757321 2026] [authz_core:debug] [pid 2196205:tid 2196205] mod_authz_core.c(815): [client 216.73.216.242:12307] AH01626: authorization result of : granted
[Wed Aug 26 01:57:08.757437 2026] [authz_core:debug] [pid 2196205:tid 2196205] mod_authz_core.c(815): [client 216.73.216.242:12307] AH01626: authorization result of Require all granted: granted
[Wed Aug 26 01:57:08.757441 2026] [authz_core:debug] [pid 2196205:tid 2196205] mod_authz_core.c(815): [client 216.73.216.242:12307] AH01626: authorization result of : granted
[Wed Aug 26 01:57:08.833059 2026] [ssl:debug] [pid 2196251:tid 2196251] ssl_engine_io.c(1150): [client 34.30.223.149:29184] AH02001: Connection closed to child 30 with standard shutdown (server 2blog.ilc.edu.tw:443)
[Wed Aug 26 01:57:08.848170 2026] [ssl:debug] [pid 2196240:tid 2196240] ssl_engine_kernel.c(254): [client 216.73.216.242:37489] AH02034: Subsequent (No.16) HTTPS request received for child 18 (server 2blog.ilc.edu.tw:443)
[Wed Aug 26 01:57:08.848350 2026] [authz_core:debug] [pid 2196240:tid 2196240] mod_authz_core.c(815): [client 216.73.216.242:37489] AH01626: authorization result of Require all granted: granted
[Wed Aug 26 01:57:08.848354 2026] [authz_core:debug] [pid 2196240:tid 2196240] mod_authz_core.c(815): [client 216.73.216.242:37489] AH01626: authorization result of : granted
