[Wed Aug 26 01:57:15.728275 2026] [authz_core:debug] [pid 2196240:tid 2196240] mod_authz_core.c(815): [client 216.73.216.242:37489] AH01626: authorization result of : granted
[Wed Aug 26 01:57:15.728463 2026] [authz_core:debug] [pid 2196240:tid 2196240] mod_authz_core.c(815): [client 216.73.216.242:37489] AH01626: authorization result of Require all granted: granted
[Wed Aug 26 01:57:15.728470 2026] [authz_core:debug] [pid 2196240:tid 2196240] mod_authz_core.c(815): [client 216.73.216.242:37489] AH01626: authorization result of : granted
[Wed Aug 26 01:57:15.820323 2026] [ssl:debug] [pid 2196205:tid 2196205] ssl_engine_kernel.c(254): [client 216.73.216.242:12307] AH02034: Subsequent (No.33) HTTPS request received for child 14 (server 2blog.ilc.edu.tw:443)
[Wed Aug 26 01:57:15.820584 2026] [authz_core:debug] [pid 2196205:tid 2196205] mod_authz_core.c(815): [client 216.73.216.242:12307] AH01626: authorization result of Require all granted: granted
[Wed Aug 26 01:57:15.820593 2026] [authz_core:debug] [pid 2196205:tid 2196205] mod_authz_core.c(815): [client 216.73.216.242:12307] AH01626: authorization result of : granted
[Wed Aug 26 01:57:15.820797 2026] [authz_core:debug] [pid 2196205:tid 2196205] mod_authz_core.c(815): [client 216.73.216.242:12307] AH01626: authorization result of Require all granted: granted
[Wed Aug 26 01:57:15.820806 2026] [authz_core:debug] [pid 2196205:tid 2196205] mod_authz_core.c(815): [client 216.73.216.242:12307] AH01626: authorization result of : granted
[Wed Aug 26 01:57:15.843545 2026] [ssl:info] [pid 2196251:tid 2196251] [client 34.56.53.225:34304] AH01964: Connection to child 30 established (server 2blog.ilc.edu.tw:443)
[Wed Aug 26 01:57:15.843834 2026] [ssl:debug] [pid 2196251:tid 2196251] ssl_engine_kernel.c(2222): [client 34.56.53.225:34304] AH02043: SSL virtual host for servername www.kyes.ilc.edu.tw found
[Wed Aug 26 01:57:15.843982 2026] [core:debug] [pid 2196251:tid 2196251] protocol.c(2460): [client 34.56.53.225:34304] AH03155: select protocol from , choices=http/1.1 for server www.kyes.ilc.edu.tw
[Wed Aug 26 01:57:15.856705 2026] [deflate:debug] [pid 2196244:tid 2196244] mod_deflate.c(909): [client 216.73.216.242:2282] AH01384: Zlib: Compressed 537806 to 86352 : URL /index.php
[Wed Aug 26 01:57:15.896230 2026] [deflate:debug] [pid 2196245:tid 2196245] mod_deflate.c(909): [client 216.73.216.242:1577] AH01384: Zlib: Compressed 2852 to 1286 : URL /index.php
[Wed Aug 26 01:57:15.921312 2026] [ssl:debug] [pid 2196246:tid 2196246] ssl_engine_kernel.c(254): [client 216.73.216.242:65218] AH02034: Subsequent (No.28) HTTPS request received for child 25 (server 2blog.ilc.edu.tw:443)
[Wed Aug 26 01:57:15.921501 2026] [authz_core:debug] [pid 2196246:tid 2196246] mod_authz_core.c(815): [client 216.73.216.242:65218] AH01626: authorization result of Require all granted: granted
[Wed Aug 26 01:57:15.921506 2026] [authz_core:debug] [pid 2196246:tid 2196246] mod_authz_core.c(815): [client 216.73.216.242:65218] AH01626: authorization result of : granted
[Wed Aug 26 01:57:15.921624 2026] [authz_core:debug] [pid 2196246:tid 2196246] mod_authz_core.c(815): [client 216.73.216.242:65218] AH01626: authorization result of Require all granted: granted
[Wed Aug 26 01:57:15.921627 2026] [authz_core:debug] [pid 2196246:tid 2196246] mod_authz_core.c(815): [client 216.73.216.242:65218] AH01626: authorization result of : granted
[Wed Aug 26 01:57:16.033297 2026] [deflate:debug] [pid 2196240:tid 2196240] mod_deflate.c(909): [client 216.73.216.242:37489] AH01384: Zlib: Compressed 2801 to 1265 : URL /index.php
[Wed Aug 26 01:57:16.045755 2026] [ssl:debug] [pid 2196243:tid 2196243] ssl_engine_kernel.c(254): [client 216.73.216.242:40951] AH02034: Subsequent (No.27) HTTPS request received for child 22 (server 2blog.ilc.edu.tw:443)
[Wed Aug 26 01:57:16.045942 2026] [authz_core:debug] [pid 2196243:tid 2196243] mod_authz_core.c(815): [client 216.73.216.242:40951] AH01626: authorization result of Require all granted: granted
[Wed Aug 26 01:57:16.045947 2026] [authz_core:debug] [pid 2196243:tid 2196243] mod_authz_core.c(815): [client 216.73.216.242:40951] AH01626: authorization result of : granted
[Wed Aug 26 01:57:16.046086 2026] [authz_core:debug] [pid 2196243:tid 2196243] mod_authz_core.c(815): [client 216.73.216.242:40951] AH01626: authorization result of Require all granted: granted
[Wed Aug 26 01:57:16.046093 2026] [authz_core:debug] [pid 2196243:tid 2196243] mod_authz_core.c(815): [client 216.73.216.242:40951] AH01626: authorization result of : granted
[Wed Aug 26 01:57:16.055615 2026] [ssl:debug] [pid 2196251:tid 2196251] ssl_engine_kernel.c(2082): [client 34.56.53.225:34304] AH02041: Protocol: TLSv1.3, Cipher: TLS_AES_256_GCM_SHA384 (256/256 bits)
[Wed Aug 26 01:57:16.055673 2026] [socache_shmcb:debug] [pid 2196251:tid 2196251] mod_socache_shmcb.c(508): AH00831: socache_shmcb_store (0xa6 -> subcache 6)
[Wed Aug 26 01:57:16.055679 2026] [socache_shmcb:debug] [pid 2196251:tid 2196251] mod_socache_shmcb.c(745): AH00842: expiring 1 and reclaiming 1 removed socache entries
[Wed Aug 26 01:57:16.055681 2026] [socache_shmcb:debug] [pid 2196251:tid 2196251] mod_socache_shmcb.c(765): AH00843: we now have 37 socache entries
[Wed Aug 26 01:57:16.055683 2026] [socache_shmcb:debug] [pid 2196251:tid 2196251] mod_socache_shmcb.c(860): AH00847: insert happened at idx=22, data=(663:695)
[Wed Aug 26 01:57:16.055685 2026] [socache_shmcb:debug] [pid 2196251:tid 2196251] mod_socache_shmcb.c(863): AH00848: finished insert, subcache: idx_pos/idx_used=73/38, data_pos/data_used=6333/8422
[Wed Aug 26 01:57:16.055687 2026] [socache_shmcb:debug] [pid 2196251:tid 2196251] mod_socache_shmcb.c(530): AH00834: leaving socache_shmcb_store successfully
[Wed Aug 26 01:57:16.055732 2026] [socache_shmcb:debug] [pid 2196251:tid 2196251] mod_socache_shmcb.c(508): AH00831: socache_shmcb_store (0xe2 -> subcache 2)
[Wed Aug 26 01:57:16.055736 2026] [socache_shmcb:debug] [pid 2196251:tid 2196251] mod_socache_shmcb.c(745): AH00842: expiring 3 and reclaiming 0 removed socache entries
[Wed Aug 26 01:57:16.055738 2026] [socache_shmcb:debug] [pid 2196251:tid 2196251] mod_socache_shmcb.c(765): AH00843: we now have 37 socache entries
[Wed Aug 26 01:57:16.055740 2026] [socache_shmcb:debug] [pid 2196251:tid 2196251] mod_socache_shmcb.c(860): AH00847: insert happened at idx=84, data=(8822:8854)
[Wed Aug 26 01:57:16.055742 2026] [socache_shmcb:debug] [pid 2196251:tid 2196251] mod_socache_shmcb.c(863): AH00848: finished insert, subcache: idx_pos/idx_used=47/38, data_pos/data_used=570/8481
[Wed Aug 26 01:57:16.055743 2026] [socache_shmcb:debug] [pid 2196251:tid 2196251] mod_socache_shmcb.c(530): AH00834: leaving socache_shmcb_store successfully
[Wed Aug 26 01:57:16.079570 2026] [ssl:debug] [pid 2196251:tid 2196251] ssl_engine_kernel.c(254): [client 34.56.53.225:34304] AH02034: Initial (No.1) HTTPS request received for child 30 (server www.kyes.ilc.edu.tw:443)
[Wed Aug 26 01:57:16.079792 2026] [authz_core:debug] [pid 2196251:tid 2196251] mod_authz_core.c(815): [client 34.56.53.225:34304] AH01626: authorization result of Require all granted: granted
[Wed Aug 26 01:57:16.079801 2026] [authz_core:debug] [pid 2196251:tid 2196251] mod_authz_core.c(815): [client 34.56.53.225:34304] AH01626: authorization result of : granted
[Wed Aug 26 01:57:16.079947 2026] [authz_core:debug] [pid 2196251:tid 2196251] mod_authz_core.c(815): [client 34.56.53.225:34304] AH01626: authorization result of Require all granted: granted
[Wed Aug 26 01:57:16.079954 2026] [authz_core:debug] [pid 2196251:tid 2196251] mod_authz_core.c(815): [client 34.56.53.225:34304] AH01626: authorization result of : granted
[Wed Aug 26 01:57:16.129220 2026] [ssl:info] [pid 2196141:tid 2196141] [client 34.42.229.145:21504] AH01964: Connection to child 10 established (server 2blog.ilc.edu.tw:443)
[Wed Aug 26 01:57:16.129525 2026] [ssl:debug] [pid 2196141:tid 2196141] ssl_engine_kernel.c(2222): [client 34.42.229.145:21504] AH02043: SSL virtual host for servername 2blog.ilc.edu.tw found
[Wed Aug 26 01:57:16.129598 2026] [core:debug] [pid 2196141:tid 2196141] protocol.c(2460): [client 34.42.229.145:21504] AH03155: select protocol from , choices=http/1.1 for server 2blog.ilc.edu.tw
[Wed Aug 26 01:57:16.130435 2026] [authz_core:debug] [pid 2195324:tid 2195324] mod_authz_core.c(815): [client 18.232.11.247:39305] AH01626: authorization result of Require all granted: granted
[Wed Aug 26 01:57:16.130458 2026] [authz_core:debug] [pid 2195324:tid 2195324] mod_authz_core.c(815): [client 18.232.11.247:39305] AH01626: authorization result of : granted
[Wed Aug 26 01:57:16.130840 2026] [authz_core:debug] [pid 2195324:tid 2195324] mod_authz_core.c(815): [client 18.232.11.247:39305] AH01626: authorization result of Require all granted: granted
[Wed Aug 26 01:57:16.130851 2026] [authz_core:debug] [pid 2195324:tid 2195324] mod_authz_core.c(815): [client 18.232.11.247:39305] AH01626: authorization result of : granted
[Wed Aug 26 01:57:16.131938 2026] [deflate:debug] [pid 2195324:tid 2195324] mod_deflate.c(909): [client 18.232.11.247:39305] AH01384: Zlib: Compressed 800 to 382 : URL /wp-content/uploads/sites/3454/2023/10/
[Wed Aug 26 01:57:16.142520 2026] [ssl:debug] [pid 2196245:tid 2196245] ssl_engine_kernel.c(254): [client 216.73.216.242:1577] AH02034: Subsequent (No.17) HTTPS request received for child 24 (server 2blog.ilc.edu.tw:443)
[Wed Aug 26 01:57:16.142764 2026] [authz_core:debug] [pid 2196245:tid 2196245] mod_authz_core.c(815): [client 216.73.216.242:1577] AH01626: authorization result of Require all granted: granted
[Wed Aug 26 01:57:16.142774 2026] [authz_core:debug] [pid 2196245:tid 2196245] mod_authz_core.c(815): [client 216.73.216.242:1577] AH01626: authorization result of : granted
[Wed Aug 26 01:57:16.142915 2026] [authz_core:debug] [pid 2196245:tid 2196245] mod_authz_core.c(815): [client 216.73.216.242:1577] AH01626: authorization result of Require all granted: granted
[Wed Aug 26 01:57:16.142920 2026] [authz_core:debug] [pid 2196245:tid 2196245] mod_authz_core.c(815): [client 216.73.216.242:1577] AH01626: authorization result of : granted
[Wed Aug 26 01:57:16.194263 2026] [ssl:debug] [pid 2196219:tid 2196219] ssl_engine_kernel.c(254): [client 216.73.216.242:64722] AH02034: Subsequent (No.25) HTTPS request received for child 17 (server 2blog.ilc.edu.tw:443)
[Wed Aug 26 01:57:16.194521 2026] [authz_core:debug] [pid 2196219:tid 2196219] mod_authz_core.c(815): [client 216.73.216.242:64722] AH01626: authorization result of Require all granted: granted
[Wed Aug 26 01:57:16.194530 2026] [authz_core:debug] [pid 2196219:tid 2196219] mod_authz_core.c(815): [client 216.73.216.242:64722] AH01626: authorization result of : granted
[Wed Aug 26 01:57:16.194722 2026] [authz_core:debug] [pid 2196219:tid 2196219] mod_authz_core.c(815): [client 216.73.216.242:64722] AH01626: authorization result of Require all granted: granted
[Wed Aug 26 01:57:16.194731 2026] [authz_core:debug] [pid 2196219:tid 2196219] mod_authz_core.c(815): [client 216.73.216.242:64722] AH01626: authorization result of : granted
[Wed Aug 26 01:57:16.275427 2026] [ssl:debug] [pid 2196240:tid 2196240] ssl_engine_kernel.c(254): [client 216.73.216.242:37489] AH02034: Subsequent (No.24) HTTPS request received for child 18 (server 2blog.ilc.edu.tw:443)
[Wed Aug 26 01:57:16.275595 2026] [authz_core:debug] [pid 2196240:tid 2196240] mod_authz_core.c(815): [client 216.73.216.242:37489] AH01626: authorization result of Require all granted: granted
[Wed Aug 26 01:57:16.275600 2026] [authz_core:debug] [pid 2196240:tid 2196240] mod_authz_core.c(815): [client 216.73.216.242:37489] AH01626: authorization result of : granted
[Wed Aug 26 01:57:16.275714 2026] [authz_core:debug] [pid 2196240:tid 2196240] mod_authz_core.c(815): [client 216.73.216.242:37489] AH01626: authorization result of Require all granted: granted
[Wed Aug 26 01:57:16.275718 2026] [authz_core:debug] [pid 2196240:tid 2196240] mod_authz_core.c(815): [client 216.73.216.242:37489] AH01626: authorization result of : granted
[Wed Aug 26 01:57:16.365683 2026] [ssl:debug] [pid 2196205:tid 2196205] ssl_engine_kernel.c(254): [client 216.73.216.242:12307] AH02034: Subsequent (No.34) HTTPS request received for child 14 (server 2blog.ilc.edu.tw:443)
[Wed Aug 26 01:57:16.365916 2026] [authz_core:debug] [pid 2196205:tid 2196205] mod_authz_core.c(815): [client 216.73.216.242:12307] AH01626: authorization result of Require all granted: granted
[Wed Aug 26 01:57:16.365921 2026] [authz_core:debug] [pid 2196205:tid 2196205] mod_authz_core.c(815): [client 216.73.216.242:12307] AH01626: authorization result of : granted
[Wed Aug 26 01:57:16.366036 2026] [authz_core:debug] [pid 2196205:tid 2196205] mod_authz_core.c(815): [client 216.73.216.242:12307] AH01626: authorization result of Require all granted: granted
[Wed Aug 26 01:57:16.366039 2026] [authz_core:debug] [pid 2196205:tid 2196205] mod_authz_core.c(815): [client 216.73.216.242:12307] AH01626: authorization result of : granted
[Wed Aug 26 01:57:16.466501 2026] [ssl:debug] [pid 2196246:tid 2196246] ssl_engine_kernel.c(254): [client 216.73.216.242:65218] AH02034: Subsequent (No.29) HTTPS request received for child 25 (server 2blog.ilc.edu.tw:443)
[Wed Aug 26 01:57:16.466753 2026] [authz_core:debug] [pid 2196246:tid 2196246] mod_authz_core.c(815): [client 216.73.216.242:65218] AH01626: authorization result of Require all granted: granted
[Wed Aug 26 01:57:16.466761 2026] [authz_core:debug] [pid 2196246:tid 2196246] mod_authz_core.c(815): [client 216.73.216.242:65218] AH01626: authorization result of : granted
[Wed Aug 26 01:57:16.466928 2026] [authz_core:debug] [pid 2196246:tid 2196246] mod_authz_core.c(815): [client 216.73.216.242:65218] AH01626: authorization result of Require all granted: granted
[Wed Aug 26 01:57:16.466934 2026] [authz_core:debug] [pid 2196246:tid 2196246] mod_authz_core.c(815): [client 216.73.216.242:65218] AH01626: authorization result of : granted
[Wed Aug 26 01:57:16.500140 2026] [deflate:debug] [pid 2196219:tid 2196219] mod_deflate.c(909): [client 216.73.216.242:64722] AH01384: Zlib: Compressed 2853 to 1293 : URL /index.php
[Wed Aug 26 01:57:16.547744 2026] [ssl:debug] [pid 2196244:tid 2196244] ssl_engine_kernel.c(254): [client 216.73.216.242:2282] AH02034: Subsequent (No.17) HTTPS request received for child 23 (server 2blog.ilc.edu.tw:443)
[Wed Aug 26 01:57:16.547919 2026] [authz_core:debug] [pid 2196244:tid 2196244] mod_authz_core.c(815): [client 216.73.216.242:2282] AH01626: authorization result of Require all granted: granted
[Wed Aug 26 01:57:16.547924 2026] [authz_core:debug] [pid 2196244:tid 2196244] mod_authz_core.c(815): [client 216.73.216.242:2282] AH01626: authorization result of : granted
[Wed Aug 26 01:57:16.548038 2026] [authz_core:debug] [pid 2196244:tid 2196244] mod_authz_core.c(815): [client 216.73.216.242:2282] AH01626: authorization result of Require all granted: granted
[Wed Aug 26 01:57:16.548042 2026] [authz_core:debug] [pid 2196244:tid 2196244] mod_authz_core.c(815): [client 216.73.216.242:2282] AH01626: authorization result of : granted
[Wed Aug 26 01:57:16.649470 2026] [ssl:debug] [pid 2196243:tid 2196243] ssl_engine_kernel.c(254): [client 216.73.216.242:40951] AH02034: Subsequent (No.28) HTTPS request received for child 22 (server 2blog.ilc.edu.tw:443)
[Wed Aug 26 01:57:16.649698 2026] [authz_core:debug] [pid 2196243:tid 2196243] mod_authz_core.c(815): [client 216.73.216.242:40951] AH01626: authorization result of Require all granted: granted
[Wed Aug 26 01:57:16.649707 2026] [authz_core:debug] [pid 2196243:tid 2196243] mod_authz_core.c(815): [client 216.73.216.242:40951] AH01626: authorization result of : granted
[Wed Aug 26 01:57:16.649888 2026] [authz_core:debug] [pid 2196243:tid 2196243] mod_authz_core.c(815): [client 216.73.216.242:40951] AH01626: authorization result of Require all granted: granted
[Wed Aug 26 01:57:16.649897 2026] [authz_core:debug] [pid 2196243:tid 2196243] mod_authz_core.c(815): [client 216.73.216.242:40951] AH01626: authorization result of : granted
[Wed Aug 26 01:57:16.671790 2026] [deflate:debug] [pid 2196205:tid 2196205] mod_deflate.c(909): [client 216.73.216.242:12307] AH01384: Zlib: Compressed 2851 to 1284 : URL /index.php
[Wed Aug 26 01:57:16.739389 2026] [ssl:debug] [pid 2196219:tid 2196219] ssl_engine_kernel.c(254): [client 216.73.216.242:64722] AH02034: Subsequent (No.26) HTTPS request received for child 17 (server 2blog.ilc.edu.tw:443)
[Wed Aug 26 01:57:16.739625 2026] [authz_core:debug] [pid 2196219:tid 2196219] mod_authz_core.c(815): [client 216.73.216.242:64722] AH01626: authorization result of Require all granted: granted
[Wed Aug 26 01:57:16.739634 2026] [authz_core:debug] [pid 2196219:tid 2196219] mod_authz_core.c(815): [client 216.73.216.242:64722] AH01626: authorization result of : granted
[Wed Aug 26 01:57:16.739819 2026] [authz_core:debug] [pid 2196219:tid 2196219] mod_authz_core.c(815): [client 216.73.216.242:64722] AH01626: authorization result of Require all granted: granted
[Wed Aug 26 01:57:16.739828 2026] [authz_core:debug] [pid 2196219:tid 2196219] mod_authz_core.c(815): [client 216.73.216.242:64722] AH01626: authorization result of : granted
[Wed Aug 26 01:57:16.759818 2026] [deflate:debug] [pid 2196246:tid 2196246] mod_deflate.c(909): [client 216.73.216.242:65218] AH01384: Zlib: Compressed 2800 to 1271 : URL /index.php
[Wed Aug 26 01:57:16.818609 2026] [ssl:debug] [pid 2196240:tid 2196240] ssl_engine_kernel.c(254): [client 216.73.216.242:37489] AH02034: Subsequent (No.25) HTTPS request received for child 18 (server 2blog.ilc.edu.tw:443)
[Wed Aug 26 01:57:16.818915 2026] [authz_core:debug] [pid 2196240:tid 2196240] mod_authz_core.c(815): [client 216.73.216.242:37489] AH01626: authorization result of Require all granted: granted
[Wed Aug 26 01:57:16.818933 2026] [authz_core:debug] [pid 2196240:tid 2196240] mod_authz_core.c(815): [client 216.73.216.242:37489] AH01626: authorization result of : granted
[Wed Aug 26 01:57:16.819126 2026] [authz_core:debug] [pid 2196240:tid 2196240] mod_authz_core.c(815): [client 216.73.216.242:37489] AH01626: authorization result of Require all granted: granted
[Wed Aug 26 01:57:16.819132 2026] [authz_core:debug] [pid 2196240:tid 2196240] mod_authz_core.c(815): [client 216.73.216.242:37489] AH01626: authorization result of : granted
[Wed Aug 26 01:57:16.870522 2026] [ssl:info] [pid 2196260:tid 2196260] [client 216.73.216.242:48969] AH01964: Connection to child 37 established (server 2blog.ilc.edu.tw:443)
[Wed Aug 26 01:57:16.870700 2026] [ssl:debug] [pid 2196260:tid 2196260] ssl_engine_kernel.c(2222): [client 216.73.216.242:48969] AH02043: SSL virtual host for servername 2blog.ilc.edu.tw found
[Wed Aug 26 01:57:16.870768 2026] [core:debug] [pid 2196260:tid 2196260] protocol.c(2460): [client 216.73.216.242:48969] AH03155: select protocol from , choices=h2,http/1.1 for server 2blog.ilc.edu.tw
[Wed Aug 26 01:57:16.870813 2026] [ssl:debug] [pid 2196260:tid 2196260] ssl_util_stapling.c(819): AH01951: stapling_cb: OCSP Stapling callback called
[Wed Aug 26 01:57:16.870820 2026] [ssl:info] [pid 2196260:tid 2196260] AH01926: stapling_get_certinfo: stapling not supported for certificate
[Wed Aug 26 01:57:16.873956 2026] [ssl:info] [pid 2196242:tid 2196242] [client 216.73.216.242:5872] AH01964: Connection to child 21 established (server 2blog.ilc.edu.tw:443)
[Wed Aug 26 01:57:16.874104 2026] [ssl:debug] [pid 2196242:tid 2196242] ssl_engine_kernel.c(2222): [client 216.73.216.242:5872] AH02043: SSL virtual host for servername 2blog.ilc.edu.tw found
[Wed Aug 26 01:57:16.874151 2026] [core:debug] [pid 2196242:tid 2196242] protocol.c(2460): [client 216.73.216.242:5872] AH03155: select protocol from , choices=h2,http/1.1 for server 2blog.ilc.edu.tw
[Wed Aug 26 01:57:16.874202 2026] [ssl:debug] [pid 2196242:tid 2196242] ssl_util_stapling.c(819): AH01951: stapling_cb: OCSP Stapling callback called
[Wed Aug 26 01:57:16.874209 2026] [ssl:info] [pid 2196242:tid 2196242] AH01926: stapling_get_certinfo: stapling not supported for certificate
[Wed Aug 26 01:57:16.890630 2026] [deflate:debug] [pid 2196245:tid 2196245] mod_deflate.c(909): [client 216.73.216.242:1577] AH01384: Zlib: Compressed 535979 to 86271 : URL /index.php
[Wed Aug 26 01:57:16.910579 2026] [ssl:debug] [pid 2196205:tid 2196205] ssl_engine_kernel.c(254): [client 216.73.216.242:12307] AH02034: Subsequent (No.35) HTTPS request received for child 14 (server 2blog.ilc.edu.tw:443)
[Wed Aug 26 01:57:16.910817 2026] [authz_core:debug] [pid 2196205:tid 2196205] mod_authz_core.c(815): [client 216.73.216.242:12307] AH01626: authorization result of Require all granted: granted
[Wed Aug 26 01:57:16.910829 2026] [authz_core:debug] [pid 2196205:tid 2196205] mod_authz_core.c(815): [client 216.73.216.242:12307] AH01626: authorization result of : granted
[Wed Aug 26 01:57:16.911012 2026] [authz_core:debug] [pid 2196205:tid 2196205] mod_authz_core.c(815): [client 216.73.216.242:12307] AH01626: authorization result of Require all granted: granted
[Wed Aug 26 01:57:16.911022 2026] [authz_core:debug] [pid 2196205:tid 2196205] mod_authz_core.c(815): [client 216.73.216.242:12307] AH01626: authorization result of : granted
[Wed Aug 26 01:57:16.997551 2026] [ssl:debug] [pid 2196141:tid 2196141] ssl_engine_kernel.c(2082): [client 34.42.229.145:21504] AH02041: Protocol: TLSv1.3, Cipher: TLS_AES_256_GCM_SHA384 (256/256 bits)
[Wed Aug 26 01:57:16.997610 2026] [socache_shmcb:debug] [pid 2196141:tid 2196141] mod_socache_shmcb.c(508): AH00831: socache_shmcb_store (0x13 -> subcache 19)
[Wed Aug 26 01:57:16.997618 2026] [socache_shmcb:debug] [pid 2196141:tid 2196141] mod_socache_shmcb.c(745): AH00842: expiring 1 and reclaiming 0 removed socache entries
[Wed Aug 26 01:57:16.997622 2026] [socache_shmcb:debug] [pid 2196141:tid 2196141] mod_socache_shmcb.c(765): AH00843: we now have 36 socache entries
[Wed Aug 26 01:57:16.997625 2026] [socache_shmcb:debug] [pid 2196141:tid 2196141] mod_socache_shmcb.c(860): AH00847: insert happened at idx=85, data=(8852:8884)
[Wed Aug 26 01:57:16.997627 2026] [socache_shmcb:debug] [pid 2196141:tid 2196141] mod_socache_shmcb.c(863): AH00848: finished insert, subcache: idx_pos/idx_used=49/37, data_pos/data_used=916/8161
[Wed Aug 26 01:57:16.997630 2026] [socache_shmcb:debug] [pid 2196141:tid 2196141] mod_socache_shmcb.c(530): AH00834: leaving socache_shmcb_store successfully
[Wed Aug 26 01:57:16.997709 2026] [socache_shmcb:debug] [pid 2196141:tid 2196141] mod_socache_shmcb.c(508): AH00831: socache_shmcb_store (0x8e -> subcache 14)
[Wed Aug 26 01:57:16.997715 2026] [socache_shmcb:debug] [pid 2196141:tid 2196141] mod_socache_shmcb.c(745): AH00842: expiring 2 and reclaiming 0 removed socache entries
[Wed Aug 26 01:57:16.997717 2026] [socache_shmcb:debug] [pid 2196141:tid 2196141] mod_socache_shmcb.c(765): AH00843: we now have 34 socache entries
[Wed Aug 26 01:57:16.997719 2026] [socache_shmcb:debug] [pid 2196141:tid 2196141] mod_socache_shmcb.c(860): AH00847: insert happened at idx=1, data=(9964:9996)
[Wed Aug 26 01:57:16.997721 2026] [socache_shmcb:debug] [pid 2196141:tid 2196141] mod_socache_shmcb.c(863): AH00848: finished insert, subcache: idx_pos/idx_used=55/35, data_pos/data_used=2440/7750
[Wed Aug 26 01:57:16.997723 2026] [socache_shmcb:debug] [pid 2196141:tid 2196141] mod_socache_shmcb.c(530): AH00834: leaving socache_shmcb_store successfully
[Wed Aug 26 01:57:17.011274 2026] [ssl:debug] [pid 2196246:tid 2196246] ssl_engine_kernel.c(254): [client 216.73.216.242:65218] AH02034: Subsequent (No.30) HTTPS request received for child 25 (server 2blog.ilc.edu.tw:443)
[Wed Aug 26 01:57:17.011512 2026] [authz_core:debug] [pid 2196246:tid 2196246] mod_authz_core.c(815): [client 216.73.216.242:65218] AH01626: authorization result of Require all granted: granted
[Wed Aug 26 01:57:17.011520 2026] [authz_core:debug] [pid 2196246:tid 2196246] mod_authz_core.c(815): [client 216.73.216.242:65218] AH01626: authorization result of : granted
[Wed Aug 26 01:57:17.011645 2026] [authz_core:debug] [pid 2196246:tid 2196246] mod_authz_core.c(815): [client 216.73.216.242:65218] AH01626: authorization result of Require all granted: granted
[Wed Aug 26 01:57:17.011650 2026] [authz_core:debug] [pid 2196246:tid 2196246] mod_authz_core.c(815): [client 216.73.216.242:65218] AH01626: authorization result of : granted
[Wed Aug 26 01:57:17.034815 2026] [deflate:debug] [pid 2196219:tid 2196219] mod_deflate.c(909): [client 216.73.216.242:64722] AH01384: Zlib: Compressed 2801 to 1266 : URL /index.php
[Wed Aug 26 01:57:17.058406 2026] [ssl:debug] [pid 2196141:tid 2196141] ssl_engine_kernel.c(254): [client 34.42.229.145:21504] AH02034: Initial (No.1) HTTPS request received for child 10 (server 2blog.ilc.edu.tw:443)
[Wed Aug 26 01:57:17.058579 2026] [authz_core:debug] [pid 2196141:tid 2196141] mod_authz_core.c(815): [client 34.42.229.145:21504] AH01626: authorization result of Require all granted: granted
[Wed Aug 26 01:57:17.058584 2026] [authz_core:debug] [pid 2196141:tid 2196141] mod_authz_core.c(815): [client 34.42.229.145:21504] AH01626: authorization result of : granted
[Wed Aug 26 01:57:17.058695 2026] [authz_core:debug] [pid 2196141:tid 2196141] mod_authz_core.c(815): [client 34.42.229.145:21504] AH01626: authorization result of Require all granted: granted
[Wed Aug 26 01:57:17.058698 2026] [authz_core:debug] [pid 2196141:tid 2196141] mod_authz_core.c(815): [client 34.42.229.145:21504] AH01626: authorization result of : granted
[Wed Aug 26 01:57:17.091617 2026] [ssl:debug] [pid 2196260:tid 2196260] ssl_engine_kernel.c(2082): [client 216.73.216.242:48969] AH02041: Protocol: TLSv1.3, Cipher: TLS_AES_256_GCM_SHA384 (256/256 bits)
[Wed Aug 26 01:57:17.091677 2026] [socache_shmcb:debug] [pid 2196260:tid 2196260] mod_socache_shmcb.c(508): AH00831: socache_shmcb_store (0x9c -> subcache 28)
[Wed Aug 26 01:57:17.091693 2026] [socache_shmcb:debug] [pid 2196260:tid 2196260] mod_socache_shmcb.c(745): AH00842: expiring 4 and reclaiming 0 removed socache entries
[Wed Aug 26 01:57:17.091695 2026] [socache_shmcb:debug] [pid 2196260:tid 2196260] mod_socache_shmcb.c(765): AH00843: we now have 34 socache entries
[Wed Aug 26 01:57:17.091697 2026] [socache_shmcb:debug] [pid 2196260:tid 2196260] mod_socache_shmcb.c(860): AH00847: insert happened at idx=53, data=(7690:7722)
[Wed Aug 26 01:57:17.091699 2026] [socache_shmcb:debug] [pid 2196260:tid 2196260] mod_socache_shmcb.c(863): AH00848: finished insert, subcache: idx_pos/idx_used=19/35, data_pos/data_used=130/7785
[Wed Aug 26 01:57:17.091701 2026] [socache_shmcb:debug] [pid 2196260:tid 2196260] mod_socache_shmcb.c(530): AH00834: leaving socache_shmcb_store successfully
[Wed Aug 26 01:57:17.091748 2026] [socache_shmcb:debug] [pid 2196260:tid 2196260] mod_socache_shmcb.c(508): AH00831: socache_shmcb_store (0xd5 -> subcache 21)
[Wed Aug 26 01:57:17.091756 2026] [socache_shmcb:debug] [pid 2196260:tid 2196260] mod_socache_shmcb.c(745): AH00842: expiring 3 and reclaiming 0 removed socache entries
[Wed Aug 26 01:57:17.091758 2026] [socache_shmcb:debug] [pid 2196260:tid 2196260] mod_socache_shmcb.c(765): AH00843: we now have 39 socache entries
[Wed Aug 26 01:57:17.091760 2026] [socache_shmcb:debug] [pid 2196260:tid 2196260] mod_socache_shmcb.c(860): AH00847: insert happened at idx=10, data=(12257:12289)
[Wed Aug 26 01:57:17.091762 2026] [socache_shmcb:debug] [pid 2196260:tid 2196260] mod_socache_shmcb.c(863): AH00848: finished insert, subcache: idx_pos/idx_used=59/40, data_pos/data_used=3529/8953
[Wed Aug 26 01:57:17.091763 2026] [socache_shmcb:debug] [pid 2196260:tid 2196260] mod_socache_shmcb.c(530): AH00834: leaving socache_shmcb_store successfully
[Wed Aug 26 01:57:17.092071 2026] [ssl:debug] [pid 2196260:tid 2196260] ssl_engine_kernel.c(254): [client 216.73.216.242:48969] AH02034: Initial (No.1) HTTPS request received for child 37 (server 2blog.ilc.edu.tw:443)
[Wed Aug 26 01:57:17.092228 2026] [authz_core:debug] [pid 2196260:tid 2196260] mod_authz_core.c(815): [client 216.73.216.242:48969] AH01626: authorization result of Require all granted: granted
[Wed Aug 26 01:57:17.092234 2026] [authz_core:debug] [pid 2196260:tid 2196260] mod_authz_core.c(815): [client 216.73.216.242:48969] AH01626: authorization result of : granted
[Wed Aug 26 01:57:17.092355 2026] [authz_core:debug] [pid 2196260:tid 2196260] mod_authz_core.c(815): [client 216.73.216.242:48969] AH01626: authorization result of Require all granted: granted
[Wed Aug 26 01:57:17.092367 2026] [authz_core:debug] [pid 2196260:tid 2196260] mod_authz_core.c(815): [client 216.73.216.242:48969] AH01626: authorization result of : granted
[Wed Aug 26 01:57:17.095293 2026] [ssl:debug] [pid 2196242:tid 2196242] ssl_engine_kernel.c(2082): [client 216.73.216.242:5872] AH02041: Protocol: TLSv1.3, Cipher: TLS_AES_256_GCM_SHA384 (256/256 bits)
[Wed Aug 26 01:57:17.095354 2026] [socache_shmcb:debug] [pid 2196242:tid 2196242] mod_socache_shmcb.c(508): AH00831: socache_shmcb_store (0xb3 -> subcache 19)
[Wed Aug 26 01:57:17.095370 2026] [socache_shmcb:debug] [pid 2196242:tid 2196242] mod_socache_shmcb.c(860): AH00847: insert happened at idx=86, data=(9077:9109)
[Wed Aug 26 01:57:17.095373 2026] [socache_shmcb:debug] [pid 2196242:tid 2196242] mod_socache_shmcb.c(863): AH00848: finished insert, subcache: idx_pos/idx_used=49/38, data_pos/data_used=916/8387
[Wed Aug 26 01:57:17.095376 2026] [socache_shmcb:debug] [pid 2196242:tid 2196242] mod_socache_shmcb.c(530): AH00834: leaving socache_shmcb_store successfully
[Wed Aug 26 01:57:17.095434 2026] [socache_shmcb:debug] [pid 2196242:tid 2196242] mod_socache_shmcb.c(508): AH00831: socache_shmcb_store (0xbd -> subcache 29)
[Wed Aug 26 01:57:17.095442 2026] [socache_shmcb:debug] [pid 2196242:tid 2196242] mod_socache_shmcb.c(745): AH00842: expiring 4 and reclaiming 0 removed socache entries
[Wed Aug 26 01:57:17.095444 2026] [socache_shmcb:debug] [pid 2196242:tid 2196242] mod_socache_shmcb.c(765): AH00843: we now have 28 socache entries
[Wed Aug 26 01:57:17.095446 2026] [socache_shmcb:debug] [pid 2196242:tid 2196242] mod_socache_shmcb.c(860): AH00847: insert happened at idx=53, data=(1958:1990)
[Wed Aug 26 01:57:17.095448 2026] [socache_shmcb:debug] [pid 2196242:tid 2196242] mod_socache_shmcb.c(863): AH00848: finished insert, subcache: idx_pos/idx_used=25/29, data_pos/data_used=9569/6478
[Wed Aug 26 01:57:17.095449 2026] [socache_shmcb:debug] [pid 2196242:tid 2196242] mod_socache_shmcb.c(530): AH00834: leaving socache_shmcb_store successfully
[Wed Aug 26 01:57:17.193898 2026] [ssl:debug] [pid 2196243:tid 2196243] ssl_engine_kernel.c(254): [client 216.73.216.242:40951] AH02034: Subsequent (No.29) HTTPS request received for child 22 (server 2blog.ilc.edu.tw:443)
[Wed Aug 26 01:57:17.194093 2026] [authz_core:debug] [pid 2196243:tid 2196243] mod_authz_core.c(815): [client 216.73.216.242:40951] AH01626: authorization result of Require all granted: granted
[Wed Aug 26 01:57:17.194099 2026] [authz_core:debug] [pid 2196243:tid 2196243] mod_authz_core.c(815): [client 216.73.216.242:40951] AH01626: authorization result of : granted
[Wed Aug 26 01:57:17.194222 2026] [authz_core:debug] [pid 2196243:tid 2196243] mod_authz_core.c(815): [client 216.73.216.242:40951] AH01626: authorization result of Require all granted: granted
[Wed Aug 26 01:57:17.194228 2026] [authz_core:debug] [pid 2196243:tid 2196243] mod_authz_core.c(815): [client 216.73.216.242:40951] AH01626: authorization result of : granted
[Wed Aug 26 01:57:17.285158 2026] [ssl:debug] [pid 2196219:tid 2196219] ssl_engine_kernel.c(254): [client 216.73.216.242:64722] AH02034: Subsequent (No.27) HTTPS request received for child 17 (server 2blog.ilc.edu.tw:443)
[Wed Aug 26 01:57:17.285325 2026] [authz_core:debug] [pid 2196219:tid 2196219] mod_authz_core.c(815): [client 216.73.216.242:64722] AH01626: authorization result of Require all granted: granted
[Wed Aug 26 01:57:17.285330 2026] [authz_core:debug] [pid 2196219:tid 2196219] mod_authz_core.c(815): [client 216.73.216.242:64722] AH01626: authorization result of : granted
[Wed Aug 26 01:57:17.285441 2026] [authz_core:debug] [pid 2196219:tid 2196219] mod_authz_core.c(815): [client 216.73.216.242:64722] AH01626: authorization result of Require all granted: granted
[Wed Aug 26 01:57:17.285445 2026] [authz_core:debug] [pid 2196219:tid 2196219] mod_authz_core.c(815): [client 216.73.216.242:64722] AH01626: authorization result of : granted
[Wed Aug 26 01:57:17.286656 2026] [ssl:debug] [pid 2196262:tid 2196262] ssl_engine_io.c(1150): [client 34.123.149.87:25600] AH02001: Connection closed to child 40 with standard shutdown (server 2blog.ilc.edu.tw:443)
[Wed Aug 26 01:57:17.309790 2026] [deflate:debug] [pid 2196246:tid 2196246] mod_deflate.c(909): [client 216.73.216.242:65218] AH01384: Zlib: Compressed 2809 to 1266 : URL /index.php
[Wed Aug 26 01:57:17.365537 2026] [ssl:debug] [pid 2196240:tid 2196240] ssl_engine_kernel.c(254): [client 216.73.216.242:37489] AH02034: Subsequent (No.26) HTTPS request received for child 18 (server 2blog.ilc.edu.tw:443)
[Wed Aug 26 01:57:17.365730 2026] [authz_core:debug] [pid 2196240:tid 2196240] mod_authz_core.c(815): [client 216.73.216.242:37489] AH01626: authorization result of Require all granted: granted
[Wed Aug 26 01:57:17.365735 2026] [authz_core:debug] [pid 2196240:tid 2196240] mod_authz_core.c(815): [client 216.73.216.242:37489] AH01626: authorization result of : granted
[Wed Aug 26 01:57:17.365857 2026] [authz_core:debug] [pid 2196240:tid 2196240] mod_authz_core.c(815): [client 216.73.216.242:37489] AH01626: authorization result of Require all granted: granted
[Wed Aug 26 01:57:17.365861 2026] [authz_core:debug] [pid 2196240:tid 2196240] mod_authz_core.c(815): [client 216.73.216.242:37489] AH01626: authorization result of : granted
[Wed Aug 26 01:57:17.440152 2026] [deflate:debug] [pid 2196260:tid 2196260] mod_deflate.c(909): [client 216.73.216.242:48969] AH01384: Zlib: Compressed 2809 to 1266 : URL /index.php
[Wed Aug 26 01:57:17.455868 2026] [ssl:debug] [pid 2196242:tid 2196242] ssl_engine_kernel.c(254): [client 216.73.216.242:5872] AH02034: Initial (No.1) HTTPS request received for child 21 (server 2blog.ilc.edu.tw:443)
[Wed Aug 26 01:57:17.456149 2026] [authz_core:debug] [pid 2196242:tid 2196242] mod_authz_core.c(815): [client 216.73.216.242:5872] AH01626: authorization result of Require all granted: granted
[Wed Aug 26 01:57:17.456156 2026] [authz_core:debug] [pid 2196242:tid 2196242] mod_authz_core.c(815): [client 216.73.216.242:5872] AH01626: authorization result of : granted
[Wed Aug 26 01:57:17.456821 2026] [authz_core:debug] [pid 2196242:tid 2196242] mod_authz_core.c(815): [client 216.73.216.242:5872] AH01626: authorization result of Require all granted: granted
[Wed Aug 26 01:57:17.456841 2026] [authz_core:debug] [pid 2196242:tid 2196242] mod_authz_core.c(815): [client 216.73.216.242:5872] AH01626: authorization result of : granted
[Wed Aug 26 01:57:17.548385 2026] [deflate:debug] [pid 2196205:tid 2196205] mod_deflate.c(909): [client 216.73.216.242:12307] AH01384: Zlib: Compressed 523093 to 84299 : URL /index.php
[Wed Aug 26 01:57:17.563897 2026] [ssl:debug] [pid 2196246:tid 2196246] ssl_engine_kernel.c(254): [client 216.73.216.242:65218] AH02034: Subsequent (No.31) HTTPS request received for child 25 (server 2blog.ilc.edu.tw:443)
[Wed Aug 26 01:57:17.564103 2026] [authz_core:debug] [pid 2196246:tid 2196246] mod_authz_core.c(815): [client 216.73.216.242:65218] AH01626: authorization result of Require all granted: granted
[Wed Aug 26 01:57:17.564109 2026] [authz_core:debug] [pid 2196246:tid 2196246] mod_authz_core.c(815): [client 216.73.216.242:65218] AH01626: authorization result of : granted
[Wed Aug 26 01:57:17.564231 2026] [authz_core:debug] [pid 2196246:tid 2196246] mod_authz_core.c(815): [client 216.73.216.242:65218] AH01626: authorization result of Require all granted: granted
[Wed Aug 26 01:57:17.564235 2026] [authz_core:debug] [pid 2196246:tid 2196246] mod_authz_core.c(815): [client 216.73.216.242:65218] AH01626: authorization result of : granted
[Wed Aug 26 01:57:17.648494 2026] [ssl:debug] [pid 2196245:tid 2196245] ssl_engine_kernel.c(254): [client 216.73.216.242:1577] AH02034: Subsequent (No.18) HTTPS request received for child 24 (server 2blog.ilc.edu.tw:443)
[Wed Aug 26 01:57:17.648731 2026] [authz_core:debug] [pid 2196245:tid 2196245] mod_authz_core.c(815): [client 216.73.216.242:1577] AH01626: authorization result of Require all granted: granted
[Wed Aug 26 01:57:17.648772 2026] [authz_core:debug] [pid 2196245:tid 2196245] mod_authz_core.c(815): [client 216.73.216.242:1577] AH01626: authorization result of : granted
[Wed Aug 26 01:57:17.648919 2026] [authz_core:debug] [pid 2196245:tid 2196245] mod_authz_core.c(815): [client 216.73.216.242:1577] AH01626: authorization result of Require all granted: granted
[Wed Aug 26 01:57:17.648925 2026] [authz_core:debug] [pid 2196245:tid 2196245] mod_authz_core.c(815): [client 216.73.216.242:1577] AH01626: authorization result of : granted
[Wed Aug 26 01:57:17.739804 2026] [ssl:debug] [pid 2196243:tid 2196243] ssl_engine_kernel.c(254): [client 216.73.216.242:40951] AH02034: Subsequent (No.30) HTTPS request received for child 22 (server 2blog.ilc.edu.tw:443)
[Wed Aug 26 01:57:17.740157 2026] [authz_core:debug] [pid 2196243:tid 2196243] mod_authz_core.c(815): [client 216.73.216.242:40951] AH01626: authorization result of Require all granted: granted
[Wed Aug 26 01:57:17.740175 2026] [authz_core:debug] [pid 2196243:tid 2196243] mod_authz_core.c(815): [client 216.73.216.242:40951] AH01626: authorization result of : granted
[Wed Aug 26 01:57:17.740370 2026] [authz_core:debug] [pid 2196243:tid 2196243] mod_authz_core.c(815): [client 216.73.216.242:40951] AH01626: authorization result of Require all granted: granted
[Wed Aug 26 01:57:17.740376 2026] [authz_core:debug] [pid 2196243:tid 2196243] mod_authz_core.c(815): [client 216.73.216.242:40951] AH01626: authorization result of : granted
[Wed Aug 26 01:57:17.819663 2026] [ssl:info] [pid 2191547:tid 2191547] [client 52.23.112.144:59392] AH01964: Connection to child 3 established (server 2blog.ilc.edu.tw:443)
[Wed Aug 26 01:57:17.819829 2026] [ssl:debug] [pid 2191547:tid 2191547] ssl_engine_kernel.c(2222): [client 52.23.112.144:59392] AH02043: SSL virtual host for servername 2blog.ilc.edu.tw found
[Wed Aug 26 01:57:17.831464 2026] [ssl:debug] [pid 2196219:tid 2196219] ssl_engine_kernel.c(254): [client 216.73.216.242:64722] AH02034: Subsequent (No.28) HTTPS request received for child 17 (server 2blog.ilc.edu.tw:443)
[Wed Aug 26 01:57:17.831646 2026] [authz_core:debug] [pid 2196219:tid 2196219] mod_authz_core.c(815): [client 216.73.216.242:64722] AH01626: authorization result of Require all granted: granted
[Wed Aug 26 01:57:17.831653 2026] [authz_core:debug] [pid 2196219:tid 2196219] mod_authz_core.c(815): [client 216.73.216.242:64722] AH01626: authorization result of : granted
[Wed Aug 26 01:57:17.831775 2026] [authz_core:debug] [pid 2196219:tid 2196219] mod_authz_core.c(815): [client 216.73.216.242:64722] AH01626: authorization result of Require all granted: granted
[Wed Aug 26 01:57:17.831779 2026] [authz_core:debug] [pid 2196219:tid 2196219] mod_authz_core.c(815): [client 216.73.216.242:64722] AH01626: authorization result of : granted
[Wed Aug 26 01:57:17.927465 2026] [ssl:debug] [pid 2196240:tid 2196240] ssl_engine_kernel.c(254): [client 216.73.216.242:37489] AH02034: Subsequent (No.27) HTTPS request received for child 18 (server 2blog.ilc.edu.tw:443)
[Wed Aug 26 01:57:17.927699 2026] [authz_core:debug] [pid 2196240:tid 2196240] mod_authz_core.c(815): [client 216.73.216.242:37489] AH01626: authorization result of Require all granted: granted
[Wed Aug 26 01:57:17.927710 2026] [authz_core:debug] [pid 2196240:tid 2196240] mod_authz_core.c(815): [client 216.73.216.242:37489] AH01626: authorization result of : granted
[Wed Aug 26 01:57:17.927843 2026] [authz_core:debug] [pid 2196240:tid 2196240] mod_authz_core.c(815): [client 216.73.216.242:37489] AH01626: authorization result of Require all granted: granted
[Wed Aug 26 01:57:17.927848 2026] [authz_core:debug] [pid 2196240:tid 2196240] mod_authz_core.c(815): [client 216.73.216.242:37489] AH01626: authorization result of : granted
[Wed Aug 26 01:57:18.020988 2026] [ssl:debug] [pid 2196242:tid 2196242] ssl_engine_kernel.c(254): [client 216.73.216.242:5872] AH02034: Subsequent (No.2) HTTPS request received for child 21 (server 2blog.ilc.edu.tw:443)
[Wed Aug 26 01:57:18.021199 2026] [authz_core:debug] [pid 2196242:tid 2196242] mod_authz_core.c(815): [client 216.73.216.242:5872] AH01626: authorization result of Require all granted: granted
[Wed Aug 26 01:57:18.021204 2026] [authz_core:debug] [pid 2196242:tid 2196242] mod_authz_core.c(815): [client 216.73.216.242:5872] AH01626: authorization result of : granted
[Wed Aug 26 01:57:18.021360 2026] [authz_core:debug] [pid 2196242:tid 2196242] mod_authz_core.c(815): [client 216.73.216.242:5872] AH01626: authorization result of Require all granted: granted
[Wed Aug 26 01:57:18.021367 2026] [authz_core:debug] [pid 2196242:tid 2196242] mod_authz_core.c(815): [client 216.73.216.242:5872] AH01626: authorization result of : granted
[Wed Aug 26 01:57:18.083978 2026] [headers:debug] [pid 2196227:tid 2196227] mod_headers.c(900): AH01503: headers: ap_headers_error_filter()
[Wed Aug 26 01:57:18.108889 2026] [ssl:debug] [pid 2191547:tid 2191547] ssl_engine_kernel.c(2082): [client 52.23.112.144:59392] AH02041: Protocol: TLSv1.3, Cipher: TLS_AES_256_GCM_SHA384 (256/256 bits)
[Wed Aug 26 01:57:18.108945 2026] [socache_shmcb:debug] [pid 2191547:tid 2191547] mod_socache_shmcb.c(508): AH00831: socache_shmcb_store (0x89 -> subcache 9)
[Wed Aug 26 01:57:18.108961 2026] [socache_shmcb:debug] [pid 2191547:tid 2191547] mod_socache_shmcb.c(860): AH00847: insert happened at idx=64, data=(4273:4305)
[Wed Aug 26 01:57:18.108963 2026] [socache_shmcb:debug] [pid 2191547:tid 2191547] mod_socache_shmcb.c(863): AH00848: finished insert, subcache: idx_pos/idx_used=36/29, data_pos/data_used=11903/6447
[Wed Aug 26 01:57:18.108965 2026] [socache_shmcb:debug] [pid 2191547:tid 2191547] mod_socache_shmcb.c(530): AH00834: leaving socache_shmcb_store successfully
[Wed Aug 26 01:57:18.109018 2026] [socache_shmcb:debug] [pid 2191547:tid 2191547] mod_socache_shmcb.c(508): AH00831: socache_shmcb_store (0x66 -> subcache 6)
[Wed Aug 26 01:57:18.109031 2026] [socache_shmcb:debug] [pid 2191547:tid 2191547] mod_socache_shmcb.c(860): AH00847: insert happened at idx=23, data=(891:923)
[Wed Aug 26 01:57:18.109033 2026] [socache_shmcb:debug] [pid 2191547:tid 2191547] mod_socache_shmcb.c(863): AH00848: finished insert, subcache: idx_pos/idx_used=73/39, data_pos/data_used=6333/8635
[Wed Aug 26 01:57:18.109035 2026] [socache_shmcb:debug] [pid 2191547:tid 2191547] mod_socache_shmcb.c(530): AH00834: leaving socache_shmcb_store successfully
[Wed Aug 26 01:57:18.109167 2026] [ssl:debug] [pid 2191547:tid 2191547] ssl_engine_kernel.c(254): [client 52.23.112.144:59392] AH02034: Initial (No.1) HTTPS request received for child 3 (server 2blog.ilc.edu.tw:443)
[Wed Aug 26 01:57:18.109391 2026] [authz_core:debug] [pid 2191547:tid 2191547] mod_authz_core.c(815): [client 52.23.112.144:59392] AH01626: authorization result of Require all granted: granted
[Wed Aug 26 01:57:18.109400 2026] [authz_core:debug] [pid 2191547:tid 2191547] mod_authz_core.c(815): [client 52.23.112.144:59392] AH01626: authorization result of : granted
[Wed Aug 26 01:57:18.109996 2026] [authz_core:debug] [pid 2191547:tid 2191547] mod_authz_core.c(815): [client 52.23.112.144:59392] AH01626: authorization result of Require all granted: granted
[Wed Aug 26 01:57:18.110010 2026] [authz_core:debug] [pid 2191547:tid 2191547] mod_authz_core.c(815): [client 52.23.112.144:59392] AH01626: authorization result of : granted
[Wed Aug 26 01:57:18.114698 2026] [ssl:info] [pid 2196259:tid 2196259] [client 2001:288:a201::66:125:58954] AH01964: Connection to child 36 established (server 2blog.ilc.edu.tw:443)
[Wed Aug 26 01:57:18.114830 2026] [ssl:debug] [pid 2196259:tid 2196259] ssl_engine_kernel.c(2252): [client 2001:288:a201::66:125:58954] AH02645: Server name not provided via TLS extension (using default/first virtual host)
[Wed Aug 26 01:57:18.114847 2026] [socache_shmcb:debug] [pid 2196259:tid 2196259] mod_socache_shmcb.c(545): AH00835: socache_shmcb_retrieve (0x7e -> subcache 30)
[Wed Aug 26 01:57:18.114872 2026] [socache_shmcb:debug] [pid 2196259:tid 2196259] mod_socache_shmcb.c(896): AH00849: match at idx=87, data=9547
[Wed Aug 26 01:57:18.114874 2026] [socache_shmcb:debug] [pid 2196259:tid 2196259] mod_socache_shmcb.c(556): AH00836: leaving socache_shmcb_retrieve successfully
[Wed Aug 26 01:57:18.115847 2026] [ssl:debug] [pid 2196259:tid 2196259] ssl_engine_kernel.c(2082): [client 2001:288:a201::66:125:58954] AH02041: Protocol: TLSv1.2, Cipher: ECDHE-RSA-AES256-GCM-SHA384 (256/256 bits)
[Wed Aug 26 01:57:18.115921 2026] [ssl:debug] [pid 2196259:tid 2196259] ssl_engine_kernel.c(254): [client 2001:288:a201::66:125:58954] AH02034: Initial (No.1) HTTPS request received for child 36 (server 2blog.ilc.edu.tw:443)
[Wed Aug 26 01:57:18.116069 2026] [authz_core:debug] [pid 2196259:tid 2196259] mod_authz_core.c(815): [client 2001:288:a201::66:125:58954] AH01626: authorization result of Require all granted: granted
[Wed Aug 26 01:57:18.116073 2026] [authz_core:debug] [pid 2196259:tid 2196259] mod_authz_core.c(815): [client 2001:288:a201::66:125:58954] AH01626: authorization result of : granted
[Wed Aug 26 01:57:18.116196 2026] [authz_core:debug] [pid 2196259:tid 2196259] mod_authz_core.c(815): [client 2001:288:a201::66:125:58954] AH01626: authorization result of Require all granted: granted
[Wed Aug 26 01:57:18.116199 2026] [authz_core:debug] [pid 2196259:tid 2196259] mod_authz_core.c(815): [client 2001:288:a201::66:125:58954] AH01626: authorization result of : granted
[Wed Aug 26 01:57:18.116211 2026] [php7:error] [pid 2196259:tid 2196259] [client 2001:288:a201::66:125:58954] script '/var/www/html/2blog/active.php' not found or unable to stat
[Wed Aug 26 01:57:18.116222 2026] [headers:debug] [pid 2196259:tid 2196259] mod_headers.c(900): AH01503: headers: ap_headers_error_filter()
[Wed Aug 26 01:57:18.116350 2026] [ssl:debug] [pid 2196259:tid 2196259] ssl_engine_io.c(1150): [client 2001:288:a201::66:125:58954] AH02001: Connection closed to child 36 with standard shutdown (server 2blog.ilc.edu.tw:443)
[Wed Aug 26 01:57:18.122210 2026] [ssl:debug] [pid 2196246:tid 2196246] ssl_engine_kernel.c(254): [client 216.73.216.242:65218] AH02034: Subsequent (No.32) HTTPS request received for child 25 (server 2blog.ilc.edu.tw:443)
[Wed Aug 26 01:57:18.122401 2026] [authz_core:debug] [pid 2196246:tid 2196246] mod_authz_core.c(815): [client 216.73.216.242:65218] AH01626: authorization result of Require all granted: granted
[Wed Aug 26 01:57:18.122407 2026] [authz_core:debug] [pid 2196246:tid 2196246] mod_authz_core.c(815): [client 216.73.216.242:65218] AH01626: authorization result of : granted
[Wed Aug 26 01:57:18.122525 2026] [authz_core:debug] [pid 2196246:tid 2196246] mod_authz_core.c(815): [client 216.73.216.242:65218] AH01626: authorization result of Require all granted: granted
[Wed Aug 26 01:57:18.122529 2026] [authz_core:debug] [pid 2196246:tid 2196246] mod_authz_core.c(815): [client 216.73.216.242:65218] AH01626: authorization result of : granted
[Wed Aug 26 01:57:18.140590 2026] [ssl:debug] [pid 2191547:tid 2191547] ssl_engine_io.c(1150): [client 52.23.112.144:59392] AH02001: Connection closed to child 3 with standard shutdown (server 2blog.ilc.edu.tw:443)
[Wed Aug 26 01:57:18.177541 2026] [ssl:info] [pid 2196247:tid 2196247] [client 34.30.223.149:26112] AH01964: Connection to child 26 established (server 2blog.ilc.edu.tw:443)
[Wed Aug 26 01:57:18.177709 2026] [ssl:debug] [pid 2196247:tid 2196247] ssl_engine_kernel.c(2222): [client 34.30.223.149:26112] AH02043: SSL virtual host for servername 2blog.ilc.edu.tw found
[Wed Aug 26 01:57:18.177775 2026] [core:debug] [pid 2196247:tid 2196247] protocol.c(2460): [client 34.30.223.149:26112] AH03155: select protocol from , choices=http/1.1 for server 2blog.ilc.edu.tw
[Wed Aug 26 01:57:18.196493 2026] [deflate:debug] [pid 2196240:tid 2196240] mod_deflate.c(909): [client 216.73.216.242:37489] AH01384: Zlib: Compressed 2655 to 1216 : URL /index.php
[Wed Aug 26 01:57:18.203043 2026] [ssl:debug] [pid 2196205:tid 2196205] ssl_engine_kernel.c(254): [client 216.73.216.242:12307] AH02034: Subsequent (No.36) HTTPS request received for child 14 (server 2blog.ilc.edu.tw:443)
[Wed Aug 26 01:57:18.203309 2026] [authz_core:debug] [pid 2196205:tid 2196205] mod_authz_core.c(815): [client 216.73.216.242:12307] AH01626: authorization result of Require all granted: granted
[Wed Aug 26 01:57:18.203317 2026] [authz_core:debug] [pid 2196205:tid 2196205] mod_authz_core.c(815): [client 216.73.216.242:12307] AH01626: authorization result of : granted
[Wed Aug 26 01:57:18.203472 2026] [authz_core:debug] [pid 2196205:tid 2196205] mod_authz_core.c(815): [client 216.73.216.242:12307] AH01626: authorization result of Require all granted: granted
[Wed Aug 26 01:57:18.203479 2026] [authz_core:debug] [pid 2196205:tid 2196205] mod_authz_core.c(815): [client 216.73.216.242:12307] AH01626: authorization result of : granted
[Wed Aug 26 01:57:18.244836 2026] [deflate:debug] [pid 2196246:tid 2196246] mod_deflate.c(909): [client 216.73.216.242:65218] AH01384: Zlib: Compressed 33395 to 8840 : URL /index.php
[Wed Aug 26 01:57:18.312254 2026] [ssl:debug] [pid 2196243:tid 2196243] ssl_engine_kernel.c(254): [client 216.73.216.242:40951] AH02034: Subsequent (No.31) HTTPS request received for child 22 (server 2blog.ilc.edu.tw:443)
[Wed Aug 26 01:57:18.312448 2026] [authz_core:debug] [pid 2196243:tid 2196243] mod_authz_core.c(815): [client 216.73.216.242:40951] AH01626: authorization result of Require all granted: granted
