[Wed Aug 26 01:57:18.312453 2026] [authz_core:debug] [pid 2196243:tid 2196243] mod_authz_core.c(815): [client 216.73.216.242:40951] AH01626: authorization result of : granted
[Wed Aug 26 01:57:18.312571 2026] [authz_core:debug] [pid 2196243:tid 2196243] mod_authz_core.c(815): [client 216.73.216.242:40951] AH01626: authorization result of Require all granted: granted
[Wed Aug 26 01:57:18.312575 2026] [authz_core:debug] [pid 2196243:tid 2196243] mod_authz_core.c(815): [client 216.73.216.242:40951] AH01626: authorization result of : granted
[Wed Aug 26 01:57:18.403026 2026] [ssl:debug] [pid 2196219:tid 2196219] ssl_engine_kernel.c(254): [client 216.73.216.242:64722] AH02034: Subsequent (No.29) HTTPS request received for child 17 (server 2blog.ilc.edu.tw:443)
[Wed Aug 26 01:57:18.403231 2026] [authz_core:debug] [pid 2196219:tid 2196219] mod_authz_core.c(815): [client 216.73.216.242:64722] AH01626: authorization result of Require all granted: granted
[Wed Aug 26 01:57:18.403236 2026] [authz_core:debug] [pid 2196219:tid 2196219] mod_authz_core.c(815): [client 216.73.216.242:64722] AH01626: authorization result of : granted
[Wed Aug 26 01:57:18.403356 2026] [authz_core:debug] [pid 2196219:tid 2196219] mod_authz_core.c(815): [client 216.73.216.242:64722] AH01626: authorization result of Require all granted: granted
[Wed Aug 26 01:57:18.403360 2026] [authz_core:debug] [pid 2196219:tid 2196219] mod_authz_core.c(815): [client 216.73.216.242:64722] AH01626: authorization result of : granted
[Wed Aug 26 01:57:18.422399 2026] [ssl:debug] [pid 2196247:tid 2196247] ssl_engine_kernel.c(2082): [client 34.30.223.149:26112] AH02041: Protocol: TLSv1.3, Cipher: TLS_AES_256_GCM_SHA384 (256/256 bits)
[Wed Aug 26 01:57:18.422448 2026] [socache_shmcb:debug] [pid 2196247:tid 2196247] mod_socache_shmcb.c(508): AH00831: socache_shmcb_store (0xac -> subcache 12)
[Wed Aug 26 01:57:18.422453 2026] [socache_shmcb:debug] [pid 2196247:tid 2196247] mod_socache_shmcb.c(745): AH00842: expiring 1 and reclaiming 0 removed socache entries
[Wed Aug 26 01:57:18.422456 2026] [socache_shmcb:debug] [pid 2196247:tid 2196247] mod_socache_shmcb.c(765): AH00843: we now have 34 socache entries
[Wed Aug 26 01:57:18.422458 2026] [socache_shmcb:debug] [pid 2196247:tid 2196247] mod_socache_shmcb.c(860): AH00847: insert happened at idx=73, data=(6353:6385)
[Wed Aug 26 01:57:18.422460 2026] [socache_shmcb:debug] [pid 2196247:tid 2196247] mod_socache_shmcb.c(863): AH00848: finished insert, subcache: idx_pos/idx_used=39/35, data_pos/data_used=12715/7728
[Wed Aug 26 01:57:18.422469 2026] [socache_shmcb:debug] [pid 2196247:tid 2196247] mod_socache_shmcb.c(530): AH00834: leaving socache_shmcb_store successfully
[Wed Aug 26 01:57:18.422521 2026] [socache_shmcb:debug] [pid 2196247:tid 2196247] mod_socache_shmcb.c(508): AH00831: socache_shmcb_store (0x05 -> subcache 5)
[Wed Aug 26 01:57:18.422534 2026] [socache_shmcb:debug] [pid 2196247:tid 2196247] mod_socache_shmcb.c(745): AH00842: expiring 7 and reclaiming 0 removed socache entries
[Wed Aug 26 01:57:18.422536 2026] [socache_shmcb:debug] [pid 2196247:tid 2196247] mod_socache_shmcb.c(765): AH00843: we now have 29 socache entries
[Wed Aug 26 01:57:18.422538 2026] [socache_shmcb:debug] [pid 2196247:tid 2196247] mod_socache_shmcb.c(860): AH00847: insert happened at idx=51, data=(1407:1439)
[Wed Aug 26 01:57:18.422539 2026] [socache_shmcb:debug] [pid 2196247:tid 2196247] mod_socache_shmcb.c(863): AH00848: finished insert, subcache: idx_pos/idx_used=22/30, data_pos/data_used=8793/6704
[Wed Aug 26 01:57:18.422541 2026] [socache_shmcb:debug] [pid 2196247:tid 2196247] mod_socache_shmcb.c(530): AH00834: leaving socache_shmcb_store successfully
[Wed Aug 26 01:57:18.444360 2026] [ssl:debug] [pid 2196247:tid 2196247] ssl_engine_kernel.c(254): [client 34.30.223.149:26112] AH02034: Initial (No.1) HTTPS request received for child 26 (server 2blog.ilc.edu.tw:443)
[Wed Aug 26 01:57:18.444605 2026] [authz_core:debug] [pid 2196247:tid 2196247] mod_authz_core.c(815): [client 34.30.223.149:26112] AH01626: authorization result of Require all granted: granted
[Wed Aug 26 01:57:18.444613 2026] [authz_core:debug] [pid 2196247:tid 2196247] mod_authz_core.c(815): [client 34.30.223.149:26112] AH01626: authorization result of : granted
[Wed Aug 26 01:57:18.444781 2026] [authz_core:debug] [pid 2196247:tid 2196247] mod_authz_core.c(815): [client 34.30.223.149:26112] AH01626: authorization result of Require all granted: granted
[Wed Aug 26 01:57:18.444787 2026] [authz_core:debug] [pid 2196247:tid 2196247] mod_authz_core.c(815): [client 34.30.223.149:26112] AH01626: authorization result of : granted
[Wed Aug 26 01:57:18.486585 2026] [deflate:debug] [pid 2196205:tid 2196205] mod_deflate.c(909): [client 216.73.216.242:12307] AH01384: Zlib: Compressed 2801 to 1267 : URL /index.php
[Wed Aug 26 01:57:18.500832 2026] [ssl:debug] [pid 2196246:tid 2196246] ssl_engine_kernel.c(254): [client 216.73.216.242:65218] AH02034: Subsequent (No.33) HTTPS request received for child 25 (server 2blog.ilc.edu.tw:443)
[Wed Aug 26 01:57:18.501038 2026] [authz_core:debug] [pid 2196246:tid 2196246] mod_authz_core.c(815): [client 216.73.216.242:65218] AH01626: authorization result of Require all granted: granted
[Wed Aug 26 01:57:18.501045 2026] [authz_core:debug] [pid 2196246:tid 2196246] mod_authz_core.c(815): [client 216.73.216.242:65218] AH01626: authorization result of : granted
[Wed Aug 26 01:57:18.501191 2026] [authz_core:debug] [pid 2196246:tid 2196246] mod_authz_core.c(815): [client 216.73.216.242:65218] AH01626: authorization result of Require all granted: granted
[Wed Aug 26 01:57:18.501201 2026] [authz_core:debug] [pid 2196246:tid 2196246] mod_authz_core.c(815): [client 216.73.216.242:65218] AH01626: authorization result of : granted
[Wed Aug 26 01:57:18.574566 2026] [ssl:debug] [pid 2196242:tid 2196242] ssl_engine_kernel.c(254): [client 216.73.216.242:5872] AH02034: Subsequent (No.3) HTTPS request received for child 21 (server 2blog.ilc.edu.tw:443)
[Wed Aug 26 01:57:18.574757 2026] [authz_core:debug] [pid 2196242:tid 2196242] mod_authz_core.c(815): [client 216.73.216.242:5872] AH01626: authorization result of Require all granted: granted
[Wed Aug 26 01:57:18.574763 2026] [authz_core:debug] [pid 2196242:tid 2196242] mod_authz_core.c(815): [client 216.73.216.242:5872] AH01626: authorization result of : granted
[Wed Aug 26 01:57:18.574884 2026] [authz_core:debug] [pid 2196242:tid 2196242] mod_authz_core.c(815): [client 216.73.216.242:5872] AH01626: authorization result of Require all granted: granted
[Wed Aug 26 01:57:18.574888 2026] [authz_core:debug] [pid 2196242:tid 2196242] mod_authz_core.c(815): [client 216.73.216.242:5872] AH01626: authorization result of : granted
[Wed Aug 26 01:57:18.665043 2026] [ssl:debug] [pid 2196240:tid 2196240] ssl_engine_kernel.c(254): [client 216.73.216.242:37489] AH02034: Subsequent (No.28) HTTPS request received for child 18 (server 2blog.ilc.edu.tw:443)
[Wed Aug 26 01:57:18.665233 2026] [authz_core:debug] [pid 2196240:tid 2196240] mod_authz_core.c(815): [client 216.73.216.242:37489] AH01626: authorization result of Require all granted: granted
[Wed Aug 26 01:57:18.665238 2026] [authz_core:debug] [pid 2196240:tid 2196240] mod_authz_core.c(815): [client 216.73.216.242:37489] AH01626: authorization result of : granted
[Wed Aug 26 01:57:18.665348 2026] [authz_core:debug] [pid 2196240:tid 2196240] mod_authz_core.c(815): [client 216.73.216.242:37489] AH01626: authorization result of Require all granted: granted
[Wed Aug 26 01:57:18.665352 2026] [authz_core:debug] [pid 2196240:tid 2196240] mod_authz_core.c(815): [client 216.73.216.242:37489] AH01626: authorization result of : granted
[Wed Aug 26 01:57:18.677078 2026] [deflate:debug] [pid 2196219:tid 2196219] mod_deflate.c(909): [client 216.73.216.242:64722] AH01384: Zlib: Compressed 2811 to 1274 : URL /index.php
[Wed Aug 26 01:57:18.756257 2026] [ssl:debug] [pid 2196205:tid 2196205] ssl_engine_kernel.c(254): [client 216.73.216.242:12307] AH02034: Subsequent (No.37) HTTPS request received for child 14 (server 2blog.ilc.edu.tw:443)
[Wed Aug 26 01:57:18.756439 2026] [authz_core:debug] [pid 2196205:tid 2196205] mod_authz_core.c(815): [client 216.73.216.242:12307] AH01626: authorization result of Require all granted: granted
[Wed Aug 26 01:57:18.756445 2026] [authz_core:debug] [pid 2196205:tid 2196205] mod_authz_core.c(815): [client 216.73.216.242:12307] AH01626: authorization result of : granted
[Wed Aug 26 01:57:18.756557 2026] [authz_core:debug] [pid 2196205:tid 2196205] mod_authz_core.c(815): [client 216.73.216.242:12307] AH01626: authorization result of Require all granted: granted
[Wed Aug 26 01:57:18.756561 2026] [authz_core:debug] [pid 2196205:tid 2196205] mod_authz_core.c(815): [client 216.73.216.242:12307] AH01626: authorization result of : granted
[Wed Aug 26 01:57:18.785303 2026] [ssl:info] [pid 2196252:tid 2196252] [client 34.61.96.6:40450] AH01964: Connection to child 31 established (server 2blog.ilc.edu.tw:443)
[Wed Aug 26 01:57:18.785454 2026] [ssl:debug] [pid 2196252:tid 2196252] ssl_engine_kernel.c(2222): [client 34.61.96.6:40450] AH02043: SSL virtual host for servername 2blog.ilc.edu.tw found
[Wed Aug 26 01:57:18.785501 2026] [core:debug] [pid 2196252:tid 2196252] protocol.c(2460): [client 34.61.96.6:40450] AH03155: select protocol from , choices=http/1.1 for server 2blog.ilc.edu.tw
[Wed Aug 26 01:57:18.857452 2026] [ssl:debug] [pid 2196245:tid 2196245] ssl_engine_kernel.c(254): [client 216.73.216.242:1577] AH02034: Subsequent (No.19) HTTPS request received for child 24 (server 2blog.ilc.edu.tw:443)
[Wed Aug 26 01:57:18.857656 2026] [authz_core:debug] [pid 2196245:tid 2196245] mod_authz_core.c(815): [client 216.73.216.242:1577] AH01626: authorization result of Require all granted: granted
[Wed Aug 26 01:57:18.857662 2026] [authz_core:debug] [pid 2196245:tid 2196245] mod_authz_core.c(815): [client 216.73.216.242:1577] AH01626: authorization result of : granted
[Wed Aug 26 01:57:18.857788 2026] [authz_core:debug] [pid 2196245:tid 2196245] mod_authz_core.c(815): [client 216.73.216.242:1577] AH01626: authorization result of Require all granted: granted
[Wed Aug 26 01:57:18.857793 2026] [authz_core:debug] [pid 2196245:tid 2196245] mod_authz_core.c(815): [client 216.73.216.242:1577] AH01626: authorization result of : granted
[Wed Aug 26 01:57:18.889391 2026] [deflate:debug] [pid 2196247:tid 2196247] mod_deflate.c(909): [client 34.30.223.149:26112] AH01384: Zlib: Compressed 81913 to 15010 : URL /index.php
[Wed Aug 26 01:57:18.931433 2026] [deflate:debug] [pid 2196240:tid 2196240] mod_deflate.c(909): [client 216.73.216.242:37489] AH01384: Zlib: Compressed 2814 to 1280 : URL /index.php
[Wed Aug 26 01:57:18.949044 2026] [ssl:debug] [pid 2196219:tid 2196219] ssl_engine_kernel.c(254): [client 216.73.216.242:64722] AH02034: Subsequent (No.30) HTTPS request received for child 17 (server 2blog.ilc.edu.tw:443)
[Wed Aug 26 01:57:18.949244 2026] [authz_core:debug] [pid 2196219:tid 2196219] mod_authz_core.c(815): [client 216.73.216.242:64722] AH01626: authorization result of Require all granted: granted
[Wed Aug 26 01:57:18.949253 2026] [authz_core:debug] [pid 2196219:tid 2196219] mod_authz_core.c(815): [client 216.73.216.242:64722] AH01626: authorization result of : granted
[Wed Aug 26 01:57:18.949386 2026] [authz_core:debug] [pid 2196219:tid 2196219] mod_authz_core.c(815): [client 216.73.216.242:64722] AH01626: authorization result of Require all granted: granted
[Wed Aug 26 01:57:18.949390 2026] [authz_core:debug] [pid 2196219:tid 2196219] mod_authz_core.c(815): [client 216.73.216.242:64722] AH01626: authorization result of : granted
[Wed Aug 26 01:57:19.022541 2026] [deflate:debug] [pid 2196205:tid 2196205] mod_deflate.c(909): [client 216.73.216.242:12307] AH01384: Zlib: Compressed 2811 to 1257 : URL /index.php
[Wed Aug 26 01:57:19.040844 2026] [ssl:debug] [pid 2196246:tid 2196246] ssl_engine_kernel.c(254): [client 216.73.216.242:65218] AH02034: Subsequent (No.34) HTTPS request received for child 25 (server 2blog.ilc.edu.tw:443)
[Wed Aug 26 01:57:19.041067 2026] [authz_core:debug] [pid 2196246:tid 2196246] mod_authz_core.c(815): [client 216.73.216.242:65218] AH01626: authorization result of Require all granted: granted
[Wed Aug 26 01:57:19.041075 2026] [authz_core:debug] [pid 2196246:tid 2196246] mod_authz_core.c(815): [client 216.73.216.242:65218] AH01626: authorization result of : granted
[Wed Aug 26 01:57:19.041229 2026] [authz_core:debug] [pid 2196246:tid 2196246] mod_authz_core.c(815): [client 216.73.216.242:65218] AH01626: authorization result of Require all granted: granted
[Wed Aug 26 01:57:19.041234 2026] [authz_core:debug] [pid 2196246:tid 2196246] mod_authz_core.c(815): [client 216.73.216.242:65218] AH01626: authorization result of : granted
[Wed Aug 26 01:57:19.085729 2026] [ssl:debug] [pid 2196252:tid 2196252] ssl_engine_kernel.c(2082): [client 34.61.96.6:40450] AH02041: Protocol: TLSv1.3, Cipher: TLS_AES_256_GCM_SHA384 (256/256 bits)
[Wed Aug 26 01:57:19.085787 2026] [socache_shmcb:debug] [pid 2196252:tid 2196252] mod_socache_shmcb.c(508): AH00831: socache_shmcb_store (0xb0 -> subcache 16)
[Wed Aug 26 01:57:19.085806 2026] [socache_shmcb:debug] [pid 2196252:tid 2196252] mod_socache_shmcb.c(745): AH00842: expiring 4 and reclaiming 0 removed socache entries
[Wed Aug 26 01:57:19.085808 2026] [socache_shmcb:debug] [pid 2196252:tid 2196252] mod_socache_shmcb.c(765): AH00843: we now have 33 socache entries
[Wed Aug 26 01:57:19.085810 2026] [socache_shmcb:debug] [pid 2196252:tid 2196252] mod_socache_shmcb.c(860): AH00847: insert happened at idx=73, data=(6415:6447)
[Wed Aug 26 01:57:19.085812 2026] [socache_shmcb:debug] [pid 2196252:tid 2196252] mod_socache_shmcb.c(863): AH00848: finished insert, subcache: idx_pos/idx_used=40/34, data_pos/data_used=12953/7551
[Wed Aug 26 01:57:19.085814 2026] [socache_shmcb:debug] [pid 2196252:tid 2196252] mod_socache_shmcb.c(530): AH00834: leaving socache_shmcb_store successfully
[Wed Aug 26 01:57:19.085875 2026] [socache_shmcb:debug] [pid 2196252:tid 2196252] mod_socache_shmcb.c(508): AH00831: socache_shmcb_store (0xc8 -> subcache 8)
[Wed Aug 26 01:57:19.085883 2026] [socache_shmcb:debug] [pid 2196252:tid 2196252] mod_socache_shmcb.c(860): AH00847: insert happened at idx=45, data=(312:344)
[Wed Aug 26 01:57:19.085885 2026] [socache_shmcb:debug] [pid 2196252:tid 2196252] mod_socache_shmcb.c(863): AH00848: finished insert, subcache: idx_pos/idx_used=11/35, data_pos/data_used=6648/7754
[Wed Aug 26 01:57:19.085886 2026] [socache_shmcb:debug] [pid 2196252:tid 2196252] mod_socache_shmcb.c(530): AH00834: leaving socache_shmcb_store successfully
[Wed Aug 26 01:57:19.086343 2026] [ssl:info] [pid 2196250:tid 2196250] [client 34.30.223.149:30208] AH01964: Connection to child 29 established (server 2blog.ilc.edu.tw:443)
[Wed Aug 26 01:57:19.086505 2026] [ssl:debug] [pid 2196250:tid 2196250] ssl_engine_kernel.c(2222): [client 34.30.223.149:30208] AH02043: SSL virtual host for servername 2blog.ilc.edu.tw found
[Wed Aug 26 01:57:19.086562 2026] [core:debug] [pid 2196250:tid 2196250] protocol.c(2460): [client 34.30.223.149:30208] AH03155: select protocol from , choices=http/1.1 for server 2blog.ilc.edu.tw
[Wed Aug 26 01:57:19.138168 2026] [ssl:debug] [pid 2196243:tid 2196243] ssl_engine_kernel.c(254): [client 216.73.216.242:40951] AH02034: Subsequent (No.32) HTTPS request received for child 22 (server 2blog.ilc.edu.tw:443)
[Wed Aug 26 01:57:19.138342 2026] [authz_core:debug] [pid 2196243:tid 2196243] mod_authz_core.c(815): [client 216.73.216.242:40951] AH01626: authorization result of Require all granted: granted
[Wed Aug 26 01:57:19.138347 2026] [authz_core:debug] [pid 2196243:tid 2196243] mod_authz_core.c(815): [client 216.73.216.242:40951] AH01626: authorization result of : granted
[Wed Aug 26 01:57:19.138460 2026] [authz_core:debug] [pid 2196243:tid 2196243] mod_authz_core.c(815): [client 216.73.216.242:40951] AH01626: authorization result of Require all granted: granted
[Wed Aug 26 01:57:19.138463 2026] [authz_core:debug] [pid 2196243:tid 2196243] mod_authz_core.c(815): [client 216.73.216.242:40951] AH01626: authorization result of : granted
[Wed Aug 26 01:57:19.173462 2026] [ssl:debug] [pid 2196252:tid 2196252] ssl_engine_kernel.c(254): [client 34.61.96.6:40450] AH02034: Initial (No.1) HTTPS request received for child 31 (server 2blog.ilc.edu.tw:443)
[Wed Aug 26 01:57:19.173636 2026] [authz_core:debug] [pid 2196252:tid 2196252] mod_authz_core.c(815): [client 34.61.96.6:40450] AH01626: authorization result of Require all granted: granted
[Wed Aug 26 01:57:19.173642 2026] [authz_core:debug] [pid 2196252:tid 2196252] mod_authz_core.c(815): [client 34.61.96.6:40450] AH01626: authorization result of : granted
[Wed Aug 26 01:57:19.173755 2026] [authz_core:debug] [pid 2196252:tid 2196252] mod_authz_core.c(815): [client 34.61.96.6:40450] AH01626: authorization result of Require all granted: granted
[Wed Aug 26 01:57:19.173758 2026] [authz_core:debug] [pid 2196252:tid 2196252] mod_authz_core.c(815): [client 34.61.96.6:40450] AH01626: authorization result of : granted
[Wed Aug 26 01:57:19.220346 2026] [ssl:debug] [pid 2196240:tid 2196240] ssl_engine_kernel.c(254): [client 216.73.216.242:37489] AH02034: Subsequent (No.29) HTTPS request received for child 18 (server 2blog.ilc.edu.tw:443)
[Wed Aug 26 01:57:19.220540 2026] [authz_core:debug] [pid 2196240:tid 2196240] mod_authz_core.c(815): [client 216.73.216.242:37489] AH01626: authorization result of Require all granted: granted
[Wed Aug 26 01:57:19.220545 2026] [authz_core:debug] [pid 2196240:tid 2196240] mod_authz_core.c(815): [client 216.73.216.242:37489] AH01626: authorization result of : granted
[Wed Aug 26 01:57:19.220713 2026] [authz_core:debug] [pid 2196240:tid 2196240] mod_authz_core.c(815): [client 216.73.216.242:37489] AH01626: authorization result of Require all granted: granted
[Wed Aug 26 01:57:19.220721 2026] [authz_core:debug] [pid 2196240:tid 2196240] mod_authz_core.c(815): [client 216.73.216.242:37489] AH01626: authorization result of : granted
[Wed Aug 26 01:57:19.311516 2026] [ssl:debug] [pid 2196205:tid 2196205] ssl_engine_kernel.c(254): [client 216.73.216.242:12307] AH02034: Subsequent (No.38) HTTPS request received for child 14 (server 2blog.ilc.edu.tw:443)
[Wed Aug 26 01:57:19.311702 2026] [authz_core:debug] [pid 2196205:tid 2196205] mod_authz_core.c(815): [client 216.73.216.242:12307] AH01626: authorization result of Require all granted: granted
[Wed Aug 26 01:57:19.311707 2026] [authz_core:debug] [pid 2196205:tid 2196205] mod_authz_core.c(815): [client 216.73.216.242:12307] AH01626: authorization result of : granted
[Wed Aug 26 01:57:19.311836 2026] [authz_core:debug] [pid 2196205:tid 2196205] mod_authz_core.c(815): [client 216.73.216.242:12307] AH01626: authorization result of Require all granted: granted
[Wed Aug 26 01:57:19.311840 2026] [authz_core:debug] [pid 2196205:tid 2196205] mod_authz_core.c(815): [client 216.73.216.242:12307] AH01626: authorization result of : granted
[Wed Aug 26 01:57:19.344564 2026] [deflate:debug] [pid 2196246:tid 2196246] mod_deflate.c(909): [client 216.73.216.242:65218] AH01384: Zlib: Compressed 2843 to 1272 : URL /index.php
[Wed Aug 26 01:57:19.384026 2026] [ssl:debug] [pid 2196250:tid 2196250] ssl_engine_kernel.c(2082): [client 34.30.223.149:30208] AH02041: Protocol: TLSv1.3, Cipher: TLS_AES_256_GCM_SHA384 (256/256 bits)
[Wed Aug 26 01:57:19.384115 2026] [socache_shmcb:debug] [pid 2196250:tid 2196250] mod_socache_shmcb.c(508): AH00831: socache_shmcb_store (0x78 -> subcache 24)
[Wed Aug 26 01:57:19.384136 2026] [socache_shmcb:debug] [pid 2196250:tid 2196250] mod_socache_shmcb.c(745): AH00842: expiring 2 and reclaiming 0 removed socache entries
[Wed Aug 26 01:57:19.384139 2026] [socache_shmcb:debug] [pid 2196250:tid 2196250] mod_socache_shmcb.c(765): AH00843: we now have 39 socache entries
[Wed Aug 26 01:57:19.384143 2026] [socache_shmcb:debug] [pid 2196250:tid 2196250] mod_socache_shmcb.c(860): AH00847: insert happened at idx=83, data=(8663:8695)
[Wed Aug 26 01:57:19.384146 2026] [socache_shmcb:debug] [pid 2196250:tid 2196250] mod_socache_shmcb.c(863): AH00848: finished insert, subcache: idx_pos/idx_used=44/40, data_pos/data_used=13787/8965
[Wed Aug 26 01:57:19.384149 2026] [socache_shmcb:debug] [pid 2196250:tid 2196250] mod_socache_shmcb.c(530): AH00834: leaving socache_shmcb_store successfully
[Wed Aug 26 01:57:19.384218 2026] [socache_shmcb:debug] [pid 2196250:tid 2196250] mod_socache_shmcb.c(508): AH00831: socache_shmcb_store (0x80 -> subcache 0)
[Wed Aug 26 01:57:19.384222 2026] [socache_shmcb:debug] [pid 2196250:tid 2196250] mod_socache_shmcb.c(745): AH00842: expiring 4 and reclaiming 0 removed socache entries
[Wed Aug 26 01:57:19.384224 2026] [socache_shmcb:debug] [pid 2196250:tid 2196250] mod_socache_shmcb.c(765): AH00843: we now have 37 socache entries
[Wed Aug 26 01:57:19.384226 2026] [socache_shmcb:debug] [pid 2196250:tid 2196250] mod_socache_shmcb.c(860): AH00847: insert happened at idx=2, data=(10158:10190)
[Wed Aug 26 01:57:19.384228 2026] [socache_shmcb:debug] [pid 2196250:tid 2196250] mod_socache_shmcb.c(863): AH00848: finished insert, subcache: idx_pos/idx_used=53/38, data_pos/data_used=1941/8442
[Wed Aug 26 01:57:19.384230 2026] [socache_shmcb:debug] [pid 2196250:tid 2196250] mod_socache_shmcb.c(530): AH00834: leaving socache_shmcb_store successfully
[Wed Aug 26 01:57:19.400316 2026] [ssl:debug] [pid 2196250:tid 2196250] ssl_engine_kernel.c(254): [client 34.30.223.149:30208] AH02034: Initial (No.1) HTTPS request received for child 29 (server 2blog.ilc.edu.tw:443)
[Wed Aug 26 01:57:19.400505 2026] [authz_core:debug] [pid 2196250:tid 2196250] mod_authz_core.c(815): [client 34.30.223.149:30208] AH01626: authorization result of Require all granted: granted
[Wed Aug 26 01:57:19.400510 2026] [authz_core:debug] [pid 2196250:tid 2196250] mod_authz_core.c(815): [client 34.30.223.149:30208] AH01626: authorization result of : granted
[Wed Aug 26 01:57:19.400668 2026] [authz_core:debug] [pid 2196250:tid 2196250] mod_authz_core.c(815): [client 34.30.223.149:30208] AH01626: authorization result of Require all granted: granted
[Wed Aug 26 01:57:19.400674 2026] [authz_core:debug] [pid 2196250:tid 2196250] mod_authz_core.c(815): [client 34.30.223.149:30208] AH01626: authorization result of : granted
[Wed Aug 26 01:57:19.412743 2026] [ssl:debug] [pid 2196245:tid 2196245] ssl_engine_kernel.c(254): [client 216.73.216.242:1577] AH02034: Subsequent (No.20) HTTPS request received for child 24 (server 2blog.ilc.edu.tw:443)
[Wed Aug 26 01:57:19.412928 2026] [authz_core:debug] [pid 2196245:tid 2196245] mod_authz_core.c(815): [client 216.73.216.242:1577] AH01626: authorization result of Require all granted: granted
[Wed Aug 26 01:57:19.412943 2026] [authz_core:debug] [pid 2196245:tid 2196245] mod_authz_core.c(815): [client 216.73.216.242:1577] AH01626: authorization result of : granted
[Wed Aug 26 01:57:19.413082 2026] [authz_core:debug] [pid 2196245:tid 2196245] mod_authz_core.c(815): [client 216.73.216.242:1577] AH01626: authorization result of Require all granted: granted
[Wed Aug 26 01:57:19.413086 2026] [authz_core:debug] [pid 2196245:tid 2196245] mod_authz_core.c(815): [client 216.73.216.242:1577] AH01626: authorization result of : granted
[Wed Aug 26 01:57:19.504275 2026] [ssl:debug] [pid 2196219:tid 2196219] ssl_engine_kernel.c(254): [client 216.73.216.242:64722] AH02034: Subsequent (No.31) HTTPS request received for child 17 (server 2blog.ilc.edu.tw:443)
[Wed Aug 26 01:57:19.504471 2026] [authz_core:debug] [pid 2196219:tid 2196219] mod_authz_core.c(815): [client 216.73.216.242:64722] AH01626: authorization result of Require all granted: granted
[Wed Aug 26 01:57:19.504476 2026] [authz_core:debug] [pid 2196219:tid 2196219] mod_authz_core.c(815): [client 216.73.216.242:64722] AH01626: authorization result of : granted
[Wed Aug 26 01:57:19.504588 2026] [authz_core:debug] [pid 2196219:tid 2196219] mod_authz_core.c(815): [client 216.73.216.242:64722] AH01626: authorization result of Require all granted: granted
[Wed Aug 26 01:57:19.504591 2026] [authz_core:debug] [pid 2196219:tid 2196219] mod_authz_core.c(815): [client 216.73.216.242:64722] AH01626: authorization result of : granted
[Wed Aug 26 01:57:19.509596 2026] [deflate:debug] [pid 2196243:tid 2196243] mod_deflate.c(909): [client 216.73.216.242:40951] AH01384: Zlib: Compressed 2851 to 1280 : URL /index.php
[Wed Aug 26 01:57:19.596778 2026] [deflate:debug] [pid 2196205:tid 2196205] mod_deflate.c(909): [client 216.73.216.242:12307] AH01384: Zlib: Compressed 2805 to 1268 : URL /index.php
[Wed Aug 26 01:57:19.604127 2026] [authz_core:debug] [pid 2196269:tid 2196269] mod_authz_core.c(815): [client 3.221.222.168:46225] AH01626: authorization result of Require all granted: granted
[Wed Aug 26 01:57:19.688481 2026] [authz_core:debug] [pid 2196269:tid 2196269] mod_authz_core.c(815): [client 3.221.222.168:46225] AH01626: authorization result of : granted
[Wed Aug 26 01:57:19.631928 2026] [ssl:debug] [pid 2196246:tid 2196246] ssl_engine_kernel.c(254): [client 216.73.216.242:65218] AH02034: Subsequent (No.35) HTTPS request received for child 25 (server 2blog.ilc.edu.tw:443)
[Wed Aug 26 01:57:19.665283 2026] [ssl:info] [pid 2196253:tid 2196253] [client 34.30.223.149:12289] AH01964: Connection to child 32 established (server 2blog.ilc.edu.tw:443)
[Wed Aug 26 01:57:19.688896 2026] [ssl:debug] [pid 2196253:tid 2196253] ssl_engine_kernel.c(2222): [client 34.30.223.149:12289] AH02043: SSL virtual host for servername 2blog.ilc.edu.tw found
[Wed Aug 26 01:57:19.688901 2026] [authz_core:debug] [pid 2196246:tid 2196246] mod_authz_core.c(815): [client 216.73.216.242:65218] AH01626: authorization result of Require all granted: granted
[Wed Aug 26 01:57:19.688911 2026] [authz_core:debug] [pid 2196246:tid 2196246] mod_authz_core.c(815): [client 216.73.216.242:65218] AH01626: authorization result of : granted
[Wed Aug 26 01:57:19.688977 2026] [core:debug] [pid 2196253:tid 2196253] protocol.c(2460): [client 34.30.223.149:12289] AH03155: select protocol from , choices=http/1.1 for server 2blog.ilc.edu.tw
[Wed Aug 26 01:57:19.689110 2026] [authz_core:debug] [pid 2196246:tid 2196246] mod_authz_core.c(815): [client 216.73.216.242:65218] AH01626: authorization result of Require all granted: granted
[Wed Aug 26 01:57:19.689119 2026] [authz_core:debug] [pid 2196246:tid 2196246] mod_authz_core.c(815): [client 216.73.216.242:65218] AH01626: authorization result of : granted
[Wed Aug 26 01:57:19.690640 2026] [authz_core:debug] [pid 2196269:tid 2196269] mod_authz_core.c(815): [client 3.221.222.168:46225] AH01626: authorization result of Require all granted: granted
[Wed Aug 26 01:57:19.690671 2026] [authz_core:debug] [pid 2196269:tid 2196269] mod_authz_core.c(815): [client 3.221.222.168:46225] AH01626: authorization result of : granted
[Wed Aug 26 01:57:19.694208 2026] [authz_core:debug] [pid 2196269:tid 2196269] mod_authz_core.c(815): [client 3.221.222.168:46225] AH01626: authorization result of Require all granted: granted
[Wed Aug 26 01:57:19.694224 2026] [authz_core:debug] [pid 2196269:tid 2196269] mod_authz_core.c(815): [client 3.221.222.168:46225] AH01626: authorization result of : granted
[Wed Aug 26 01:57:19.697745 2026] [authz_core:debug] [pid 2196269:tid 2196269] mod_authz_core.c(815): [client 3.221.222.168:46225] AH01626: authorization result of Require all granted: granted
[Wed Aug 26 01:57:19.697761 2026] [authz_core:debug] [pid 2196269:tid 2196269] mod_authz_core.c(815): [client 3.221.222.168:46225] AH01626: authorization result of : granted
[Wed Aug 26 01:57:19.699331 2026] [authz_core:debug] [pid 2196269:tid 2196269] mod_authz_core.c(815): [client 3.221.222.168:46225] AH01626: authorization result of Require all granted: granted
[Wed Aug 26 01:57:19.699347 2026] [authz_core:debug] [pid 2196269:tid 2196269] mod_authz_core.c(815): [client 3.221.222.168:46225] AH01626: authorization result of : granted
[Wed Aug 26 01:57:19.702724 2026] [authz_core:debug] [pid 2196269:tid 2196269] mod_authz_core.c(815): [client 3.221.222.168:46225] AH01626: authorization result of Require all granted: granted
[Wed Aug 26 01:57:19.702737 2026] [authz_core:debug] [pid 2196269:tid 2196269] mod_authz_core.c(815): [client 3.221.222.168:46225] AH01626: authorization result of : granted
[Wed Aug 26 01:57:19.704556 2026] [authz_core:debug] [pid 2196269:tid 2196269] mod_authz_core.c(815): [client 3.221.222.168:46225] AH01626: authorization result of Require all granted: granted
[Wed Aug 26 01:57:19.704566 2026] [authz_core:debug] [pid 2196269:tid 2196269] mod_authz_core.c(815): [client 3.221.222.168:46225] AH01626: authorization result of : granted
[Wed Aug 26 01:57:19.705805 2026] [authz_core:debug] [pid 2196269:tid 2196269] mod_authz_core.c(815): [client 3.221.222.168:46225] AH01626: authorization result of Require all granted: granted
[Wed Aug 26 01:57:19.705813 2026] [authz_core:debug] [pid 2196269:tid 2196269] mod_authz_core.c(815): [client 3.221.222.168:46225] AH01626: authorization result of : granted
[Wed Aug 26 01:57:19.707319 2026] [authz_core:debug] [pid 2196269:tid 2196269] mod_authz_core.c(815): [client 3.221.222.168:46225] AH01626: authorization result of Require all granted: granted
[Wed Aug 26 01:57:19.707327 2026] [authz_core:debug] [pid 2196269:tid 2196269] mod_authz_core.c(815): [client 3.221.222.168:46225] AH01626: authorization result of : granted
[Wed Aug 26 01:57:19.708646 2026] [authz_core:debug] [pid 2196269:tid 2196269] mod_authz_core.c(815): [client 3.221.222.168:46225] AH01626: authorization result of Require all granted: granted
[Wed Aug 26 01:57:19.708653 2026] [authz_core:debug] [pid 2196269:tid 2196269] mod_authz_core.c(815): [client 3.221.222.168:46225] AH01626: authorization result of : granted
[Wed Aug 26 01:57:19.709876 2026] [authz_core:debug] [pid 2196269:tid 2196269] mod_authz_core.c(815): [client 3.221.222.168:46225] AH01626: authorization result of Require all granted: granted
[Wed Aug 26 01:57:19.709883 2026] [authz_core:debug] [pid 2196269:tid 2196269] mod_authz_core.c(815): [client 3.221.222.168:46225] AH01626: authorization result of : granted
[Wed Aug 26 01:57:19.711074 2026] [authz_core:debug] [pid 2196269:tid 2196269] mod_authz_core.c(815): [client 3.221.222.168:46225] AH01626: authorization result of Require all granted: granted
[Wed Aug 26 01:57:19.711080 2026] [authz_core:debug] [pid 2196269:tid 2196269] mod_authz_core.c(815): [client 3.221.222.168:46225] AH01626: authorization result of : granted
[Wed Aug 26 01:57:19.712137 2026] [authz_core:debug] [pid 2196269:tid 2196269] mod_authz_core.c(815): [client 3.221.222.168:46225] AH01626: authorization result of Require all granted: granted
[Wed Aug 26 01:57:19.712150 2026] [authz_core:debug] [pid 2196269:tid 2196269] mod_authz_core.c(815): [client 3.221.222.168:46225] AH01626: authorization result of : granted
[Wed Aug 26 01:57:19.712879 2026] [deflate:debug] [pid 2196269:tid 2196269] mod_deflate.c(909): [client 3.221.222.168:46225] AH01384: Zlib: Compressed 2832 to 572 : URL /wp-content/uploads/sites/229/2020/
[Wed Aug 26 01:57:19.740974 2026] [ssl:debug] [pid 2196242:tid 2196242] ssl_engine_kernel.c(254): [client 216.73.216.242:5872] AH02034: Subsequent (No.4) HTTPS request received for child 21 (server 2blog.ilc.edu.tw:443)
[Wed Aug 26 01:57:19.741152 2026] [authz_core:debug] [pid 2196242:tid 2196242] mod_authz_core.c(815): [client 216.73.216.242:5872] AH01626: authorization result of Require all granted: granted
[Wed Aug 26 01:57:19.741156 2026] [authz_core:debug] [pid 2196242:tid 2196242] mod_authz_core.c(815): [client 216.73.216.242:5872] AH01626: authorization result of : granted
[Wed Aug 26 01:57:19.741269 2026] [authz_core:debug] [pid 2196242:tid 2196242] mod_authz_core.c(815): [client 216.73.216.242:5872] AH01626: authorization result of Require all granted: granted
[Wed Aug 26 01:57:19.741273 2026] [authz_core:debug] [pid 2196242:tid 2196242] mod_authz_core.c(815): [client 216.73.216.242:5872] AH01626: authorization result of : granted
[Wed Aug 26 01:57:19.833219 2026] [ssl:debug] [pid 2196205:tid 2196205] ssl_engine_kernel.c(254): [client 216.73.216.242:12307] AH02034: Subsequent (No.39) HTTPS request received for child 14 (server 2blog.ilc.edu.tw:443)
[Wed Aug 26 01:57:19.833426 2026] [authz_core:debug] [pid 2196205:tid 2196205] mod_authz_core.c(815): [client 216.73.216.242:12307] AH01626: authorization result of Require all granted: granted
[Wed Aug 26 01:57:19.833435 2026] [authz_core:debug] [pid 2196205:tid 2196205] mod_authz_core.c(815): [client 216.73.216.242:12307] AH01626: authorization result of : granted
[Wed Aug 26 01:57:19.833612 2026] [authz_core:debug] [pid 2196205:tid 2196205] mod_authz_core.c(815): [client 216.73.216.242:12307] AH01626: authorization result of Require all granted: granted
[Wed Aug 26 01:57:19.833621 2026] [authz_core:debug] [pid 2196205:tid 2196205] mod_authz_core.c(815): [client 216.73.216.242:12307] AH01626: authorization result of : granted
[Wed Aug 26 01:57:19.889799 2026] [ssl:debug] [pid 2196253:tid 2196253] ssl_engine_kernel.c(2082): [client 34.30.223.149:12289] AH02041: Protocol: TLSv1.3, Cipher: TLS_AES_256_GCM_SHA384 (256/256 bits)
[Wed Aug 26 01:57:19.889862 2026] [socache_shmcb:debug] [pid 2196253:tid 2196253] mod_socache_shmcb.c(508): AH00831: socache_shmcb_store (0x71 -> subcache 17)
[Wed Aug 26 01:57:19.889881 2026] [socache_shmcb:debug] [pid 2196253:tid 2196253] mod_socache_shmcb.c(745): AH00842: expiring 4 and reclaiming 0 removed socache entries
[Wed Aug 26 01:57:19.889885 2026] [socache_shmcb:debug] [pid 2196253:tid 2196253] mod_socache_shmcb.c(765): AH00843: we now have 29 socache entries
[Wed Aug 26 01:57:19.889888 2026] [socache_shmcb:debug] [pid 2196253:tid 2196253] mod_socache_shmcb.c(860): AH00847: insert happened at idx=10, data=(12052:12084)
[Wed Aug 26 01:57:19.889891 2026] [socache_shmcb:debug] [pid 2196253:tid 2196253] mod_socache_shmcb.c(863): AH00848: finished insert, subcache: idx_pos/idx_used=69/30, data_pos/data_used=5615/6663
[Wed Aug 26 01:57:19.889894 2026] [socache_shmcb:debug] [pid 2196253:tid 2196253] mod_socache_shmcb.c(530): AH00834: leaving socache_shmcb_store successfully
[Wed Aug 26 01:57:19.889998 2026] [socache_shmcb:debug] [pid 2196253:tid 2196253] mod_socache_shmcb.c(508): AH00831: socache_shmcb_store (0x69 -> subcache 9)
[Wed Aug 26 01:57:19.890005 2026] [socache_shmcb:debug] [pid 2196253:tid 2196253] mod_socache_shmcb.c(860): AH00847: insert happened at idx=65, data=(4486:4518)
[Wed Aug 26 01:57:19.890008 2026] [socache_shmcb:debug] [pid 2196253:tid 2196253] mod_socache_shmcb.c(863): AH00848: finished insert, subcache: idx_pos/idx_used=36/30, data_pos/data_used=11903/6672
[Wed Aug 26 01:57:19.890020 2026] [socache_shmcb:debug] [pid 2196253:tid 2196253] mod_socache_shmcb.c(530): AH00834: leaving socache_shmcb_store successfully
[Wed Aug 26 01:57:19.922870 2026] [ssl:debug] [pid 2196240:tid 2196240] ssl_engine_kernel.c(254): [client 216.73.216.242:37489] AH02034: Subsequent (No.30) HTTPS request received for child 18 (server 2blog.ilc.edu.tw:443)
[Wed Aug 26 01:57:19.923064 2026] [authz_core:debug] [pid 2196240:tid 2196240] mod_authz_core.c(815): [client 216.73.216.242:37489] AH01626: authorization result of Require all granted: granted
[Wed Aug 26 01:57:19.923071 2026] [authz_core:debug] [pid 2196240:tid 2196240] mod_authz_core.c(815): [client 216.73.216.242:37489] AH01626: authorization result of : granted
[Wed Aug 26 01:57:19.923229 2026] [authz_core:debug] [pid 2196240:tid 2196240] mod_authz_core.c(815): [client 216.73.216.242:37489] AH01626: authorization result of Require all granted: granted
[Wed Aug 26 01:57:19.923236 2026] [authz_core:debug] [pid 2196240:tid 2196240] mod_authz_core.c(815): [client 216.73.216.242:37489] AH01626: authorization result of : granted
[Wed Aug 26 01:57:19.934750 2026] [ssl:debug] [pid 2196253:tid 2196253] ssl_engine_kernel.c(254): [client 34.30.223.149:12289] AH02034: Initial (No.1) HTTPS request received for child 32 (server 2blog.ilc.edu.tw:443)
[Wed Aug 26 01:57:19.934988 2026] [authz_core:debug] [pid 2196253:tid 2196253] mod_authz_core.c(815): [client 34.30.223.149:12289] AH01626: authorization result of Require all granted: granted
[Wed Aug 26 01:57:19.934996 2026] [authz_core:debug] [pid 2196253:tid 2196253] mod_authz_core.c(815): [client 34.30.223.149:12289] AH01626: authorization result of : granted
[Wed Aug 26 01:57:19.935213 2026] [authz_core:debug] [pid 2196253:tid 2196253] mod_authz_core.c(815): [client 34.30.223.149:12289] AH01626: authorization result of Require all granted: granted
[Wed Aug 26 01:57:19.935221 2026] [authz_core:debug] [pid 2196253:tid 2196253] mod_authz_core.c(815): [client 34.30.223.149:12289] AH01626: authorization result of : granted
[Wed Aug 26 01:57:20.025194 2026] [ssl:debug] [pid 2196219:tid 2196219] ssl_engine_kernel.c(254): [client 216.73.216.242:64722] AH02034: Subsequent (No.32) HTTPS request received for child 17 (server 2blog.ilc.edu.tw:443)
[Wed Aug 26 01:57:20.025455 2026] [authz_core:debug] [pid 2196219:tid 2196219] mod_authz_core.c(815): [client 216.73.216.242:64722] AH01626: authorization result of Require all granted: granted
[Wed Aug 26 01:57:20.025465 2026] [authz_core:debug] [pid 2196219:tid 2196219] mod_authz_core.c(815): [client 216.73.216.242:64722] AH01626: authorization result of : granted
[Wed Aug 26 01:57:20.025656 2026] [authz_core:debug] [pid 2196219:tid 2196219] mod_authz_core.c(815): [client 216.73.216.242:64722] AH01626: authorization result of Require all granted: granted
[Wed Aug 26 01:57:20.025665 2026] [authz_core:debug] [pid 2196219:tid 2196219] mod_authz_core.c(815): [client 216.73.216.242:64722] AH01626: authorization result of : granted
[Wed Aug 26 01:57:20.110898 2026] [deflate:debug] [pid 2196242:tid 2196242] mod_deflate.c(909): [client 216.73.216.242:5872] AH01384: Zlib: Compressed 32393 to 8748 : URL /index.php
[Wed Aug 26 01:57:20.116629 2026] [ssl:debug] [pid 2196245:tid 2196245] ssl_engine_kernel.c(254): [client 216.73.216.242:1577] AH02034: Subsequent (No.21) HTTPS request received for child 24 (server 2blog.ilc.edu.tw:443)
[Wed Aug 26 01:57:20.116826 2026] [authz_core:debug] [pid 2196245:tid 2196245] mod_authz_core.c(815): [client 216.73.216.242:1577] AH01626: authorization result of Require all granted: granted
[Wed Aug 26 01:57:20.116832 2026] [authz_core:debug] [pid 2196245:tid 2196245] mod_authz_core.c(815): [client 216.73.216.242:1577] AH01626: authorization result of : granted
[Wed Aug 26 01:57:20.117013 2026] [authz_core:debug] [pid 2196245:tid 2196245] mod_authz_core.c(815): [client 216.73.216.242:1577] AH01626: authorization result of Require all granted: granted
[Wed Aug 26 01:57:20.117026 2026] [authz_core:debug] [pid 2196245:tid 2196245] mod_authz_core.c(815): [client 216.73.216.242:1577] AH01626: authorization result of : granted
[Wed Aug 26 01:57:20.171835 2026] [headers:debug] [pid 2196226:tid 2196226] mod_headers.c(900): AH01503: headers: ap_headers_error_filter()
[Wed Aug 26 01:57:20.211410 2026] [ssl:debug] [pid 2196246:tid 2196246] ssl_engine_kernel.c(254): [client 216.73.216.242:65218] AH02034: Subsequent (No.36) HTTPS request received for child 25 (server 2blog.ilc.edu.tw:443)
[Wed Aug 26 01:57:20.211688 2026] [authz_core:debug] [pid 2196246:tid 2196246] mod_authz_core.c(815): [client 216.73.216.242:65218] AH01626: authorization result of Require all granted: granted
[Wed Aug 26 01:57:20.211702 2026] [authz_core:debug] [pid 2196246:tid 2196246] mod_authz_core.c(815): [client 216.73.216.242:65218] AH01626: authorization result of : granted
[Wed Aug 26 01:57:20.211910 2026] [authz_core:debug] [pid 2196246:tid 2196246] mod_authz_core.c(815): [client 216.73.216.242:65218] AH01626: authorization result of Require all granted: granted
[Wed Aug 26 01:57:20.211921 2026] [authz_core:debug] [pid 2196246:tid 2196246] mod_authz_core.c(815): [client 216.73.216.242:65218] AH01626: authorization result of : granted
[Wed Aug 26 01:57:20.214750 2026] [ssl:info] [pid 2196143:tid 2196143] [client 34.42.229.145:34817] AH01964: Connection to child 11 established (server 2blog.ilc.edu.tw:443)
[Wed Aug 26 01:57:20.214932 2026] [ssl:debug] [pid 2196143:tid 2196143] ssl_engine_kernel.c(2222): [client 34.42.229.145:34817] AH02043: SSL virtual host for servername 2blog.ilc.edu.tw found
[Wed Aug 26 01:57:20.215093 2026] [core:debug] [pid 2196143:tid 2196143] protocol.c(2460): [client 34.42.229.145:34817] AH03155: select protocol from , choices=http/1.1 for server 2blog.ilc.edu.tw
[Wed Aug 26 01:57:20.243352 2026] [deflate:debug] [pid 2196240:tid 2196240] mod_deflate.c(909): [client 216.73.216.242:37489] AH01384: Zlib: Compressed 2805 to 1267 : URL /index.php
[Wed Aug 26 01:57:20.302990 2026] [ssl:debug] [pid 2196243:tid 2196243] ssl_engine_kernel.c(254): [client 216.73.216.242:40951] AH02034: Subsequent (No.33) HTTPS request received for child 22 (server 2blog.ilc.edu.tw:443)
[Wed Aug 26 01:57:20.303348 2026] [authz_core:debug] [pid 2196243:tid 2196243] mod_authz_core.c(815): [client 216.73.216.242:40951] AH01626: authorization result of Require all granted: granted
[Wed Aug 26 01:57:20.303361 2026] [authz_core:debug] [pid 2196243:tid 2196243] mod_authz_core.c(815): [client 216.73.216.242:40951] AH01626: authorization result of : granted
[Wed Aug 26 01:57:20.303566 2026] [authz_core:debug] [pid 2196243:tid 2196243] mod_authz_core.c(815): [client 216.73.216.242:40951] AH01626: authorization result of Require all granted: granted
[Wed Aug 26 01:57:20.303575 2026] [authz_core:debug] [pid 2196243:tid 2196243] mod_authz_core.c(815): [client 216.73.216.242:40951] AH01626: authorization result of : granted
[Wed Aug 26 01:57:20.383665 2026] [ssl:debug] [pid 2196205:tid 2196205] ssl_engine_kernel.c(254): [client 216.73.216.242:12307] AH02034: Subsequent (No.40) HTTPS request received for child 14 (server 2blog.ilc.edu.tw:443)
[Wed Aug 26 01:57:20.383918 2026] [authz_core:debug] [pid 2196205:tid 2196205] mod_authz_core.c(815): [client 216.73.216.242:12307] AH01626: authorization result of Require all granted: granted
[Wed Aug 26 01:57:20.383927 2026] [authz_core:debug] [pid 2196205:tid 2196205] mod_authz_core.c(815): [client 216.73.216.242:12307] AH01626: authorization result of : granted
[Wed Aug 26 01:57:20.384057 2026] [authz_core:debug] [pid 2196205:tid 2196205] mod_authz_core.c(815): [client 216.73.216.242:12307] AH01626: authorization result of Require all granted: granted
[Wed Aug 26 01:57:20.384062 2026] [authz_core:debug] [pid 2196205:tid 2196205] mod_authz_core.c(815): [client 216.73.216.242:12307] AH01626: authorization result of : granted
[Wed Aug 26 01:57:20.422978 2026] [ssl:debug] [pid 2196143:tid 2196143] ssl_engine_kernel.c(2082): [client 34.42.229.145:34817] AH02041: Protocol: TLSv1.3, Cipher: TLS_AES_256_GCM_SHA384 (256/256 bits)
[Wed Aug 26 01:57:20.423044 2026] [socache_shmcb:debug] [pid 2196143:tid 2196143] mod_socache_shmcb.c(508): AH00831: socache_shmcb_store (0xd7 -> subcache 23)
[Wed Aug 26 01:57:20.423050 2026] [socache_shmcb:debug] [pid 2196143:tid 2196143] mod_socache_shmcb.c(860): AH00847: insert happened at idx=4, data=(10646:10678)
[Wed Aug 26 01:57:20.423052 2026] [socache_shmcb:debug] [pid 2196143:tid 2196143] mod_socache_shmcb.c(863): AH00848: finished insert, subcache: idx_pos/idx_used=63/30, data_pos/data_used=4173/6698
[Wed Aug 26 01:57:20.423054 2026] [socache_shmcb:debug] [pid 2196143:tid 2196143] mod_socache_shmcb.c(530): AH00834: leaving socache_shmcb_store successfully
[Wed Aug 26 01:57:20.423170 2026] [socache_shmcb:debug] [pid 2196143:tid 2196143] mod_socache_shmcb.c(508): AH00831: socache_shmcb_store (0xf7 -> subcache 23)
[Wed Aug 26 01:57:20.423296 2026] [socache_shmcb:debug] [pid 2196143:tid 2196143] mod_socache_shmcb.c(860): AH00847: insert happened at idx=5, data=(10871:10903)
[Wed Aug 26 01:57:20.423298 2026] [socache_shmcb:debug] [pid 2196143:tid 2196143] mod_socache_shmcb.c(863): AH00848: finished insert, subcache: idx_pos/idx_used=63/31, data_pos/data_used=4173/6924
[Wed Aug 26 01:57:20.423300 2026] [socache_shmcb:debug] [pid 2196143:tid 2196143] mod_socache_shmcb.c(530): AH00834: leaving socache_shmcb_store successfully
[Wed Aug 26 01:57:20.479072 2026] [ssl:debug] [pid 2196240:tid 2196240] ssl_engine_kernel.c(254): [client 216.73.216.242:37489] AH02034: Subsequent (No.31) HTTPS request received for child 18 (server 2blog.ilc.edu.tw:443)
[Wed Aug 26 01:57:20.479249 2026] [authz_core:debug] [pid 2196240:tid 2196240] mod_authz_core.c(815): [client 216.73.216.242:37489] AH01626: authorization result of Require all granted: granted
[Wed Aug 26 01:57:20.479254 2026] [authz_core:debug] [pid 2196240:tid 2196240] mod_authz_core.c(815): [client 216.73.216.242:37489] AH01626: authorization result of : granted
[Wed Aug 26 01:57:20.479368 2026] [authz_core:debug] [pid 2196240:tid 2196240] mod_authz_core.c(815): [client 216.73.216.242:37489] AH01626: authorization result of Require all granted: granted
[Wed Aug 26 01:57:20.479372 2026] [authz_core:debug] [pid 2196240:tid 2196240] mod_authz_core.c(815): [client 216.73.216.242:37489] AH01626: authorization result of : granted
[Wed Aug 26 01:57:20.526576 2026] [ssl:info] [pid 2196225:tid 2196225] [client 140.111.67.10:39115] AH01964: Connection to child 12 established (server 2blog.ilc.edu.tw:443)
[Wed Aug 26 01:57:20.526731 2026] [ssl:info] [pid 2196225:tid 2196225] (70014)End of file found: [client 140.111.67.10:39115] AH02006: SSL handshake stopped: connection was closed
[Wed Aug 26 01:57:20.526738 2026] [ssl:info] [pid 2196225:tid 2196225] [client 140.111.67.10:39115] AH01998: Connection closed to child 12 with abortive shutdown (server 2blog.ilc.edu.tw:443)
[Wed Aug 26 01:57:20.529119 2026] [ssl:debug] [pid 2196239:tid 2196239] ssl_engine_io.c(1150): [client 216.73.216.242:48727] AH02001: Connection closed to child 9 with standard shutdown (server 2blog.ilc.edu.tw:443)
[Wed Aug 26 01:57:20.529977 2026] [ssl:debug] [pid 2196143:tid 2196143] ssl_engine_kernel.c(254): [client 34.42.229.145:34817] AH02034: Initial (No.1) HTTPS request received for child 11 (server 2blog.ilc.edu.tw:443)
[Wed Aug 26 01:57:20.530156 2026] [authz_core:debug] [pid 2196143:tid 2196143] mod_authz_core.c(815): [client 34.42.229.145:34817] AH01626: authorization result of Require all granted: granted
[Wed Aug 26 01:57:20.530164 2026] [authz_core:debug] [pid 2196143:tid 2196143] mod_authz_core.c(815): [client 34.42.229.145:34817] AH01626: authorization result of : granted
[Wed Aug 26 01:57:20.530347 2026] [authz_core:debug] [pid 2196143:tid 2196143] mod_authz_core.c(815): [client 34.42.229.145:34817] AH01626: authorization result of Require all granted: granted
[Wed Aug 26 01:57:20.530356 2026] [authz_core:debug] [pid 2196143:tid 2196143] mod_authz_core.c(815): [client 34.42.229.145:34817] AH01626: authorization result of : granted
[Wed Aug 26 01:57:20.581957 2026] [ssl:debug] [pid 2196219:tid 2196219] ssl_engine_kernel.c(254): [client 216.73.216.242:64722] AH02034: Subsequent (No.33) HTTPS request received for child 17 (server 2blog.ilc.edu.tw:443)
[Wed Aug 26 01:57:20.582210 2026] [authz_core:debug] [pid 2196219:tid 2196219] mod_authz_core.c(815): [client 216.73.216.242:64722] AH01626: authorization result of Require all granted: granted
[Wed Aug 26 01:57:20.582218 2026] [authz_core:debug] [pid 2196219:tid 2196219] mod_authz_core.c(815): [client 216.73.216.242:64722] AH01626: authorization result of : granted
[Wed Aug 26 01:57:20.582383 2026] [authz_core:debug] [pid 2196219:tid 2196219] mod_authz_core.c(815): [client 216.73.216.242:64722] AH01626: authorization result of Require all granted: granted
[Wed Aug 26 01:57:20.582390 2026] [authz_core:debug] [pid 2196219:tid 2196219] mod_authz_core.c(815): [client 216.73.216.242:64722] AH01626: authorization result of : granted
[Wed Aug 26 01:57:20.673535 2026] [ssl:debug] [pid 2196245:tid 2196245] ssl_engine_kernel.c(254): [client 216.73.216.242:1577] AH02034: Subsequent (No.22) HTTPS request received for child 24 (server 2blog.ilc.edu.tw:443)
[Wed Aug 26 01:57:20.673717 2026] [authz_core:debug] [pid 2196245:tid 2196245] mod_authz_core.c(815): [client 216.73.216.242:1577] AH01626: authorization result of Require all granted: granted
[Wed Aug 26 01:57:20.673722 2026] [authz_core:debug] [pid 2196245:tid 2196245] mod_authz_core.c(815): [client 216.73.216.242:1577] AH01626: authorization result of : granted
[Wed Aug 26 01:57:20.673880 2026] [authz_core:debug] [pid 2196245:tid 2196245] mod_authz_core.c(815): [client 216.73.216.242:1577] AH01626: authorization result of Require all granted: granted
[Wed Aug 26 01:57:20.673889 2026] [authz_core:debug] [pid 2196245:tid 2196245] mod_authz_core.c(815): [client 216.73.216.242:1577] AH01626: authorization result of : granted
[Wed Aug 26 01:57:20.696186 2026] [deflate:debug] [pid 2196240:tid 2196240] mod_deflate.c(909): [client 216.73.216.242:37489] AH01384: Zlib: Compressed 32479 to 8690 : URL /index.php
[Wed Aug 26 01:57:20.772000 2026] [ssl:debug] [pid 2196246:tid 2196246] ssl_engine_kernel.c(254): [client 216.73.216.242:65218] AH02034: Subsequent (No.37) HTTPS request received for child 25 (server 2blog.ilc.edu.tw:443)
[Wed Aug 26 01:57:20.772197 2026] [authz_core:debug] [pid 2196246:tid 2196246] mod_authz_core.c(815): [client 216.73.216.242:65218] AH01626: authorization result of Require all granted: granted
[Wed Aug 26 01:57:20.772202 2026] [authz_core:debug] [pid 2196246:tid 2196246] mod_authz_core.c(815): [client 216.73.216.242:65218] AH01626: authorization result of : granted
[Wed Aug 26 01:57:20.772319 2026] [authz_core:debug] [pid 2196246:tid 2196246] mod_authz_core.c(815): [client 216.73.216.242:65218] AH01626: authorization result of Require all granted: granted
[Wed Aug 26 01:57:20.772322 2026] [authz_core:debug] [pid 2196246:tid 2196246] mod_authz_core.c(815): [client 216.73.216.242:65218] AH01626: authorization result of : granted
