[Wed Aug 26 01:57:12.441302 2026] [ssl:debug] [pid 2196239:tid 2196239] ssl_engine_kernel.c(254): [client 216.73.216.242:48727] AH02034: Subsequent (No.27) HTTPS request received for child 9 (server 2blog.ilc.edu.tw:443)
[Wed Aug 26 01:57:12.441506 2026] [authz_core:debug] [pid 2196239:tid 2196239] mod_authz_core.c(815): [client 216.73.216.242:48727] AH01626: authorization result of Require all granted: granted
[Wed Aug 26 01:57:12.441515 2026] [authz_core:debug] [pid 2196239:tid 2196239] mod_authz_core.c(815): [client 216.73.216.242:48727] AH01626: authorization result of : granted
[Wed Aug 26 01:57:12.441848 2026] [authz_core:debug] [pid 2196239:tid 2196239] mod_authz_core.c(815): [client 216.73.216.242:48727] AH01626: authorization result of Require all granted: granted
[Wed Aug 26 01:57:12.441860 2026] [authz_core:debug] [pid 2196239:tid 2196239] mod_authz_core.c(815): [client 216.73.216.242:48727] AH01626: authorization result of : granted
[Wed Aug 26 01:57:12.543532 2026] [ssl:debug] [pid 2196246:tid 2196246] ssl_engine_kernel.c(254): [client 216.73.216.242:65218] AH02034: Subsequent (No.23) HTTPS request received for child 25 (server 2blog.ilc.edu.tw:443)
[Wed Aug 26 01:57:12.543727 2026] [authz_core:debug] [pid 2196246:tid 2196246] mod_authz_core.c(815): [client 216.73.216.242:65218] AH01626: authorization result of Require all granted: granted
[Wed Aug 26 01:57:12.543733 2026] [authz_core:debug] [pid 2196246:tid 2196246] mod_authz_core.c(815): [client 216.73.216.242:65218] AH01626: authorization result of : granted
[Wed Aug 26 01:57:12.543849 2026] [authz_core:debug] [pid 2196246:tid 2196246] mod_authz_core.c(815): [client 216.73.216.242:65218] AH01626: authorization result of Require all granted: granted
[Wed Aug 26 01:57:12.543853 2026] [authz_core:debug] [pid 2196246:tid 2196246] mod_authz_core.c(815): [client 216.73.216.242:65218] AH01626: authorization result of : granted
[Wed Aug 26 01:57:12.551278 2026] [deflate:debug] [pid 2196219:tid 2196219] mod_deflate.c(909): [client 216.73.216.242:64722] AH01384: Zlib: Compressed 2801 to 1262 : URL /index.php
[Wed Aug 26 01:57:12.562445 2026] [deflate:debug] [pid 2196243:tid 2196243] mod_deflate.c(909): [client 216.73.216.242:40951] AH01384: Zlib: Compressed 43872 to 10588 : URL /index.php
[Wed Aug 26 01:57:12.585890 2026] [deflate:debug] [pid 2196244:tid 2196244] mod_deflate.c(909): [client 216.73.216.242:2282] AH01384: Zlib: Compressed 2805 to 1269 : URL /index.php
[Wed Aug 26 01:57:12.622032 2026] [ssl:debug] [pid 2196240:tid 2196240] ssl_engine_kernel.c(254): [client 216.73.216.242:37489] AH02034: Subsequent (No.19) HTTPS request received for child 18 (server 2blog.ilc.edu.tw:443)
[Wed Aug 26 01:57:12.622252 2026] [authz_core:debug] [pid 2196240:tid 2196240] mod_authz_core.c(815): [client 216.73.216.242:37489] AH01626: authorization result of Require all granted: granted
[Wed Aug 26 01:57:12.622260 2026] [authz_core:debug] [pid 2196240:tid 2196240] mod_authz_core.c(815): [client 216.73.216.242:37489] AH01626: authorization result of : granted
[Wed Aug 26 01:57:12.622392 2026] [authz_core:debug] [pid 2196240:tid 2196240] mod_authz_core.c(815): [client 216.73.216.242:37489] AH01626: authorization result of Require all granted: granted
[Wed Aug 26 01:57:12.622397 2026] [authz_core:debug] [pid 2196240:tid 2196240] mod_authz_core.c(815): [client 216.73.216.242:37489] AH01626: authorization result of : granted
[Wed Aug 26 01:57:12.714185 2026] [ssl:debug] [pid 2196205:tid 2196205] ssl_engine_kernel.c(254): [client 216.73.216.242:12307] AH02034: Subsequent (No.28) HTTPS request received for child 14 (server 2blog.ilc.edu.tw:443)
[Wed Aug 26 01:57:12.714415 2026] [authz_core:debug] [pid 2196205:tid 2196205] mod_authz_core.c(815): [client 216.73.216.242:12307] AH01626: authorization result of Require all granted: granted
[Wed Aug 26 01:57:12.714422 2026] [authz_core:debug] [pid 2196205:tid 2196205] mod_authz_core.c(815): [client 216.73.216.242:12307] AH01626: authorization result of : granted
[Wed Aug 26 01:57:12.714602 2026] [authz_core:debug] [pid 2196205:tid 2196205] mod_authz_core.c(815): [client 216.73.216.242:12307] AH01626: authorization result of Require all granted: granted
[Wed Aug 26 01:57:12.714608 2026] [authz_core:debug] [pid 2196205:tid 2196205] mod_authz_core.c(815): [client 216.73.216.242:12307] AH01626: authorization result of : granted
[Wed Aug 26 01:57:12.805330 2026] [ssl:debug] [pid 2196244:tid 2196244] ssl_engine_kernel.c(254): [client 216.73.216.242:2282] AH02034: Subsequent (No.12) HTTPS request received for child 23 (server 2blog.ilc.edu.tw:443)
[Wed Aug 26 01:57:12.805581 2026] [authz_core:debug] [pid 2196244:tid 2196244] mod_authz_core.c(815): [client 216.73.216.242:2282] AH01626: authorization result of Require all granted: granted
[Wed Aug 26 01:57:12.805589 2026] [authz_core:debug] [pid 2196244:tid 2196244] mod_authz_core.c(815): [client 216.73.216.242:2282] AH01626: authorization result of : granted
[Wed Aug 26 01:57:12.805777 2026] [authz_core:debug] [pid 2196244:tid 2196244] mod_authz_core.c(815): [client 216.73.216.242:2282] AH01626: authorization result of Require all granted: granted
[Wed Aug 26 01:57:12.805783 2026] [authz_core:debug] [pid 2196244:tid 2196244] mod_authz_core.c(815): [client 216.73.216.242:2282] AH01626: authorization result of : granted
[Wed Aug 26 01:57:12.813504 2026] [ssl:info] [pid 2196250:tid 2196250] [client 34.171.68.95:53248] AH01964: Connection to child 29 established (server 2blog.ilc.edu.tw:443)
[Wed Aug 26 01:57:12.813673 2026] [ssl:info] [pid 2196250:tid 2196250] (70014)End of file found: [client 34.171.68.95:53248] AH02006: SSL handshake stopped: connection was closed
[Wed Aug 26 01:57:12.813684 2026] [ssl:info] [pid 2196250:tid 2196250] [client 34.171.68.95:53248] AH01998: Connection closed to child 29 with abortive shutdown (server 2blog.ilc.edu.tw:443)
[Wed Aug 26 01:57:12.907061 2026] [ssl:debug] [pid 2196243:tid 2196243] ssl_engine_kernel.c(254): [client 216.73.216.242:40951] AH02034: Subsequent (No.22) HTTPS request received for child 22 (server 2blog.ilc.edu.tw:443)
[Wed Aug 26 01:57:12.907308 2026] [authz_core:debug] [pid 2196243:tid 2196243] mod_authz_core.c(815): [client 216.73.216.242:40951] AH01626: authorization result of Require all granted: granted
[Wed Aug 26 01:57:12.907317 2026] [authz_core:debug] [pid 2196243:tid 2196243] mod_authz_core.c(815): [client 216.73.216.242:40951] AH01626: authorization result of : granted
[Wed Aug 26 01:57:12.907496 2026] [authz_core:debug] [pid 2196243:tid 2196243] mod_authz_core.c(815): [client 216.73.216.242:40951] AH01626: authorization result of Require all granted: granted
[Wed Aug 26 01:57:12.907503 2026] [authz_core:debug] [pid 2196243:tid 2196243] mod_authz_core.c(815): [client 216.73.216.242:40951] AH01626: authorization result of : granted
[Wed Aug 26 01:57:12.941428 2026] [deflate:debug] [pid 2196240:tid 2196240] mod_deflate.c(909): [client 216.73.216.242:37489] AH01384: Zlib: Compressed 2810 to 1268 : URL /index.php
[Wed Aug 26 01:57:12.987595 2026] [ssl:debug] [pid 2196239:tid 2196239] ssl_engine_kernel.c(254): [client 216.73.216.242:48727] AH02034: Subsequent (No.28) HTTPS request received for child 9 (server 2blog.ilc.edu.tw:443)
[Wed Aug 26 01:57:12.987836 2026] [authz_core:debug] [pid 2196239:tid 2196239] mod_authz_core.c(815): [client 216.73.216.242:48727] AH01626: authorization result of Require all granted: granted
[Wed Aug 26 01:57:12.987843 2026] [authz_core:debug] [pid 2196239:tid 2196239] mod_authz_core.c(815): [client 216.73.216.242:48727] AH01626: authorization result of : granted
[Wed Aug 26 01:57:12.988015 2026] [authz_core:debug] [pid 2196239:tid 2196239] mod_authz_core.c(815): [client 216.73.216.242:48727] AH01626: authorization result of Require all granted: granted
[Wed Aug 26 01:57:12.988020 2026] [authz_core:debug] [pid 2196239:tid 2196239] mod_authz_core.c(815): [client 216.73.216.242:48727] AH01626: authorization result of : granted
[Wed Aug 26 01:57:13.007668 2026] [deflate:debug] [pid 2196205:tid 2196205] mod_deflate.c(909): [client 216.73.216.242:12307] AH01384: Zlib: Compressed 2852 to 1288 : URL /index.php
[Wed Aug 26 01:57:13.086826 2026] [headers:debug] [pid 2196238:tid 2196238] mod_headers.c(900): AH01503: headers: ap_headers_error_filter()
[Wed Aug 26 01:57:13.089509 2026] [ssl:debug] [pid 2196219:tid 2196219] ssl_engine_kernel.c(254): [client 216.73.216.242:64722] AH02034: Subsequent (No.20) HTTPS request received for child 17 (server 2blog.ilc.edu.tw:443)
[Wed Aug 26 01:57:13.089748 2026] [authz_core:debug] [pid 2196219:tid 2196219] mod_authz_core.c(815): [client 216.73.216.242:64722] AH01626: authorization result of Require all granted: granted
[Wed Aug 26 01:57:13.089754 2026] [authz_core:debug] [pid 2196219:tid 2196219] mod_authz_core.c(815): [client 216.73.216.242:64722] AH01626: authorization result of : granted
[Wed Aug 26 01:57:13.089922 2026] [authz_core:debug] [pid 2196219:tid 2196219] mod_authz_core.c(815): [client 216.73.216.242:64722] AH01626: authorization result of Require all granted: granted
[Wed Aug 26 01:57:13.089929 2026] [authz_core:debug] [pid 2196219:tid 2196219] mod_authz_core.c(815): [client 216.73.216.242:64722] AH01626: authorization result of : granted
[Wed Aug 26 01:57:13.093089 2026] [ssl:debug] [pid 2196253:tid 2196253] ssl_engine_io.c(1150): [client 34.30.223.149:2563] AH02001: Connection closed to child 32 with standard shutdown (server 2blog.ilc.edu.tw:443)
[Wed Aug 26 01:57:13.116338 2026] [ssl:info] [pid 2196269:tid 2196269] [client 2001:288:a201::66:125:38974] AH01964: Connection to child 6 established (server 2blog.ilc.edu.tw:443)
[Wed Aug 26 01:57:13.116672 2026] [ssl:debug] [pid 2196269:tid 2196269] ssl_engine_kernel.c(2252): [client 2001:288:a201::66:125:38974] AH02645: Server name not provided via TLS extension (using default/first virtual host)
[Wed Aug 26 01:57:13.116727 2026] [socache_shmcb:debug] [pid 2196269:tid 2196269] mod_socache_shmcb.c(545): AH00835: socache_shmcb_retrieve (0x7e -> subcache 30)
[Wed Aug 26 01:57:13.116742 2026] [socache_shmcb:debug] [pid 2196269:tid 2196269] mod_socache_shmcb.c(896): AH00849: match at idx=87, data=9547
[Wed Aug 26 01:57:13.116745 2026] [socache_shmcb:debug] [pid 2196269:tid 2196269] mod_socache_shmcb.c(556): AH00836: leaving socache_shmcb_retrieve successfully
[Wed Aug 26 01:57:13.117939 2026] [ssl:debug] [pid 2196269:tid 2196269] ssl_engine_kernel.c(2082): [client 2001:288:a201::66:125:38974] AH02041: Protocol: TLSv1.2, Cipher: ECDHE-RSA-AES256-GCM-SHA384 (256/256 bits)
[Wed Aug 26 01:57:13.118034 2026] [ssl:debug] [pid 2196269:tid 2196269] ssl_engine_kernel.c(254): [client 2001:288:a201::66:125:38974] AH02034: Initial (No.1) HTTPS request received for child 6 (server 2blog.ilc.edu.tw:443)
[Wed Aug 26 01:57:13.118284 2026] [authz_core:debug] [pid 2196269:tid 2196269] mod_authz_core.c(815): [client 2001:288:a201::66:125:38974] AH01626: authorization result of Require all granted: granted
[Wed Aug 26 01:57:13.118292 2026] [authz_core:debug] [pid 2196269:tid 2196269] mod_authz_core.c(815): [client 2001:288:a201::66:125:38974] AH01626: authorization result of : granted
[Wed Aug 26 01:57:13.118473 2026] [authz_core:debug] [pid 2196269:tid 2196269] mod_authz_core.c(815): [client 2001:288:a201::66:125:38974] AH01626: authorization result of Require all granted: granted
[Wed Aug 26 01:57:13.118479 2026] [authz_core:debug] [pid 2196269:tid 2196269] mod_authz_core.c(815): [client 2001:288:a201::66:125:38974] AH01626: authorization result of : granted
[Wed Aug 26 01:57:13.118493 2026] [php7:error] [pid 2196269:tid 2196269] [client 2001:288:a201::66:125:38974] script '/var/www/html/2blog/active.php' not found or unable to stat
[Wed Aug 26 01:57:13.118503 2026] [headers:debug] [pid 2196269:tid 2196269] mod_headers.c(900): AH01503: headers: ap_headers_error_filter()
[Wed Aug 26 01:57:13.118649 2026] [ssl:debug] [pid 2196269:tid 2196269] ssl_engine_io.c(1150): [client 2001:288:a201::66:125:38974] AH02001: Connection closed to child 6 with standard shutdown (server 2blog.ilc.edu.tw:443)
[Wed Aug 26 01:57:13.169827 2026] [ssl:debug] [pid 2196240:tid 2196240] ssl_engine_kernel.c(254): [client 216.73.216.242:37489] AH02034: Subsequent (No.20) HTTPS request received for child 18 (server 2blog.ilc.edu.tw:443)
[Wed Aug 26 01:57:13.170078 2026] [authz_core:debug] [pid 2196240:tid 2196240] mod_authz_core.c(815): [client 216.73.216.242:37489] AH01626: authorization result of Require all granted: granted
[Wed Aug 26 01:57:13.170090 2026] [authz_core:debug] [pid 2196240:tid 2196240] mod_authz_core.c(815): [client 216.73.216.242:37489] AH01626: authorization result of : granted
[Wed Aug 26 01:57:13.170259 2026] [authz_core:debug] [pid 2196240:tid 2196240] mod_authz_core.c(815): [client 216.73.216.242:37489] AH01626: authorization result of Require all granted: granted
[Wed Aug 26 01:57:13.170268 2026] [authz_core:debug] [pid 2196240:tid 2196240] mod_authz_core.c(815): [client 216.73.216.242:37489] AH01626: authorization result of : granted
[Wed Aug 26 01:57:13.261318 2026] [ssl:debug] [pid 2196205:tid 2196205] ssl_engine_kernel.c(254): [client 216.73.216.242:12307] AH02034: Subsequent (No.29) HTTPS request received for child 14 (server 2blog.ilc.edu.tw:443)
[Wed Aug 26 01:57:13.261516 2026] [authz_core:debug] [pid 2196205:tid 2196205] mod_authz_core.c(815): [client 216.73.216.242:12307] AH01626: authorization result of Require all granted: granted
[Wed Aug 26 01:57:13.261523 2026] [authz_core:debug] [pid 2196205:tid 2196205] mod_authz_core.c(815): [client 216.73.216.242:12307] AH01626: authorization result of : granted
[Wed Aug 26 01:57:13.261667 2026] [authz_core:debug] [pid 2196205:tid 2196205] mod_authz_core.c(815): [client 216.73.216.242:12307] AH01626: authorization result of Require all granted: granted
[Wed Aug 26 01:57:13.261682 2026] [authz_core:debug] [pid 2196205:tid 2196205] mod_authz_core.c(815): [client 216.73.216.242:12307] AH01626: authorization result of : granted
[Wed Aug 26 01:57:13.326762 2026] [deflate:debug] [pid 2196239:tid 2196239] mod_deflate.c(909): [client 216.73.216.242:48727] AH01384: Zlib: Compressed 2801 to 1268 : URL /index.php
[Wed Aug 26 01:57:13.351768 2026] [ssl:debug] [pid 2196244:tid 2196244] ssl_engine_kernel.c(254): [client 216.73.216.242:2282] AH02034: Subsequent (No.13) HTTPS request received for child 23 (server 2blog.ilc.edu.tw:443)
[Wed Aug 26 01:57:13.352044 2026] [authz_core:debug] [pid 2196244:tid 2196244] mod_authz_core.c(815): [client 216.73.216.242:2282] AH01626: authorization result of Require all granted: granted
[Wed Aug 26 01:57:13.352055 2026] [authz_core:debug] [pid 2196244:tid 2196244] mod_authz_core.c(815): [client 216.73.216.242:2282] AH01626: authorization result of : granted
[Wed Aug 26 01:57:13.352227 2026] [authz_core:debug] [pid 2196244:tid 2196244] mod_authz_core.c(815): [client 216.73.216.242:2282] AH01626: authorization result of Require all granted: granted
[Wed Aug 26 01:57:13.352234 2026] [authz_core:debug] [pid 2196244:tid 2196244] mod_authz_core.c(815): [client 216.73.216.242:2282] AH01626: authorization result of : granted
[Wed Aug 26 01:57:13.453453 2026] [ssl:debug] [pid 2196246:tid 2196246] ssl_engine_kernel.c(254): [client 216.73.216.242:65218] AH02034: Subsequent (No.24) HTTPS request received for child 25 (server 2blog.ilc.edu.tw:443)
[Wed Aug 26 01:57:13.453656 2026] [authz_core:debug] [pid 2196246:tid 2196246] mod_authz_core.c(815): [client 216.73.216.242:65218] AH01626: authorization result of Require all granted: granted
[Wed Aug 26 01:57:13.453663 2026] [authz_core:debug] [pid 2196246:tid 2196246] mod_authz_core.c(815): [client 216.73.216.242:65218] AH01626: authorization result of : granted
[Wed Aug 26 01:57:13.453833 2026] [authz_core:debug] [pid 2196246:tid 2196246] mod_authz_core.c(815): [client 216.73.216.242:65218] AH01626: authorization result of Require all granted: granted
[Wed Aug 26 01:57:13.453840 2026] [authz_core:debug] [pid 2196246:tid 2196246] mod_authz_core.c(815): [client 216.73.216.242:65218] AH01626: authorization result of : granted
[Wed Aug 26 01:57:13.454146 2026] [deflate:debug] [pid 2196205:tid 2196205] mod_deflate.c(909): [client 216.73.216.242:12307] AH01384: Zlib: Compressed 63059 to 10993 : URL /index.php
[Wed Aug 26 01:57:13.517053 2026] [ssl:debug] [pid 2196248:tid 2196248] ssl_engine_io.c(1150): [client 34.42.229.145:34816] AH02001: Connection closed to child 27 with standard shutdown (server 2blog.ilc.edu.tw:443)
[Wed Aug 26 01:57:13.545206 2026] [ssl:debug] [pid 2196243:tid 2196243] ssl_engine_kernel.c(254): [client 216.73.216.242:40951] AH02034: Subsequent (No.23) HTTPS request received for child 22 (server 2blog.ilc.edu.tw:443)
[Wed Aug 26 01:57:13.545396 2026] [authz_core:debug] [pid 2196243:tid 2196243] mod_authz_core.c(815): [client 216.73.216.242:40951] AH01626: authorization result of Require all granted: granted
[Wed Aug 26 01:57:13.545401 2026] [authz_core:debug] [pid 2196243:tid 2196243] mod_authz_core.c(815): [client 216.73.216.242:40951] AH01626: authorization result of : granted
[Wed Aug 26 01:57:13.545517 2026] [authz_core:debug] [pid 2196243:tid 2196243] mod_authz_core.c(815): [client 216.73.216.242:40951] AH01626: authorization result of Require all granted: granted
[Wed Aug 26 01:57:13.545521 2026] [authz_core:debug] [pid 2196243:tid 2196243] mod_authz_core.c(815): [client 216.73.216.242:40951] AH01626: authorization result of : granted
[Wed Aug 26 01:57:13.625425 2026] [ssl:debug] [pid 2196239:tid 2196239] ssl_engine_kernel.c(254): [client 216.73.216.242:48727] AH02034: Subsequent (No.29) HTTPS request received for child 9 (server 2blog.ilc.edu.tw:443)
[Wed Aug 26 01:57:13.625649 2026] [authz_core:debug] [pid 2196239:tid 2196239] mod_authz_core.c(815): [client 216.73.216.242:48727] AH01626: authorization result of Require all granted: granted
[Wed Aug 26 01:57:13.625664 2026] [authz_core:debug] [pid 2196239:tid 2196239] mod_authz_core.c(815): [client 216.73.216.242:48727] AH01626: authorization result of : granted
[Wed Aug 26 01:57:13.625790 2026] [authz_core:debug] [pid 2196239:tid 2196239] mod_authz_core.c(815): [client 216.73.216.242:48727] AH01626: authorization result of Require all granted: granted
[Wed Aug 26 01:57:13.625794 2026] [authz_core:debug] [pid 2196239:tid 2196239] mod_authz_core.c(815): [client 216.73.216.242:48727] AH01626: authorization result of : granted
[Wed Aug 26 01:57:13.716745 2026] [ssl:debug] [pid 2196205:tid 2196205] ssl_engine_kernel.c(254): [client 216.73.216.242:12307] AH02034: Subsequent (No.30) HTTPS request received for child 14 (server 2blog.ilc.edu.tw:443)
[Wed Aug 26 01:57:13.717019 2026] [authz_core:debug] [pid 2196205:tid 2196205] mod_authz_core.c(815): [client 216.73.216.242:12307] AH01626: authorization result of Require all granted: granted
[Wed Aug 26 01:57:13.717032 2026] [authz_core:debug] [pid 2196205:tid 2196205] mod_authz_core.c(815): [client 216.73.216.242:12307] AH01626: authorization result of : granted
[Wed Aug 26 01:57:13.717246 2026] [authz_core:debug] [pid 2196205:tid 2196205] mod_authz_core.c(815): [client 216.73.216.242:12307] AH01626: authorization result of Require all granted: granted
[Wed Aug 26 01:57:13.717259 2026] [authz_core:debug] [pid 2196205:tid 2196205] mod_authz_core.c(815): [client 216.73.216.242:12307] AH01626: authorization result of : granted
[Wed Aug 26 01:57:13.768740 2026] [deflate:debug] [pid 2196246:tid 2196246] mod_deflate.c(909): [client 216.73.216.242:65218] AH01384: Zlib: Compressed 2851 to 1282 : URL /index.php
[Wed Aug 26 01:57:13.807231 2026] [ssl:debug] [pid 2196240:tid 2196240] ssl_engine_kernel.c(254): [client 216.73.216.242:37489] AH02034: Subsequent (No.21) HTTPS request received for child 18 (server 2blog.ilc.edu.tw:443)
[Wed Aug 26 01:57:13.807471 2026] [authz_core:debug] [pid 2196240:tid 2196240] mod_authz_core.c(815): [client 216.73.216.242:37489] AH01626: authorization result of Require all granted: granted
[Wed Aug 26 01:57:13.807477 2026] [authz_core:debug] [pid 2196240:tid 2196240] mod_authz_core.c(815): [client 216.73.216.242:37489] AH01626: authorization result of : granted
[Wed Aug 26 01:57:13.807749 2026] [authz_core:debug] [pid 2196240:tid 2196240] mod_authz_core.c(815): [client 216.73.216.242:37489] AH01626: authorization result of Require all granted: granted
[Wed Aug 26 01:57:13.807765 2026] [authz_core:debug] [pid 2196240:tid 2196240] mod_authz_core.c(815): [client 216.73.216.242:37489] AH01626: authorization result of : granted
[Wed Aug 26 01:57:13.897884 2026] [ssl:debug] [pid 2196244:tid 2196244] ssl_engine_kernel.c(254): [client 216.73.216.242:2282] AH02034: Subsequent (No.14) HTTPS request received for child 23 (server 2blog.ilc.edu.tw:443)
[Wed Aug 26 01:57:13.898116 2026] [authz_core:debug] [pid 2196244:tid 2196244] mod_authz_core.c(815): [client 216.73.216.242:2282] AH01626: authorization result of Require all granted: granted
[Wed Aug 26 01:57:13.898123 2026] [authz_core:debug] [pid 2196244:tid 2196244] mod_authz_core.c(815): [client 216.73.216.242:2282] AH01626: authorization result of : granted
[Wed Aug 26 01:57:13.898279 2026] [authz_core:debug] [pid 2196244:tid 2196244] mod_authz_core.c(815): [client 216.73.216.242:2282] AH01626: authorization result of Require all granted: granted
[Wed Aug 26 01:57:13.898285 2026] [authz_core:debug] [pid 2196244:tid 2196244] mod_authz_core.c(815): [client 216.73.216.242:2282] AH01626: authorization result of : granted
[Wed Aug 26 01:57:13.956007 2026] [ssl:info] [pid 2196225:tid 2196225] [client 52.202.233.37:51129] AH01964: Connection to child 12 established (server 2blog.ilc.edu.tw:443)
[Wed Aug 26 01:57:13.956148 2026] [ssl:debug] [pid 2196225:tid 2196225] ssl_engine_kernel.c(2222): [client 52.202.233.37:51129] AH02043: SSL virtual host for servername 2blog.ilc.edu.tw found
[Wed Aug 26 01:57:13.975046 2026] [ssl:info] [pid 2196226:tid 2196226] [client 34.30.223.149:2564] AH01964: Connection to child 19 established (server 2blog.ilc.edu.tw:443)
[Wed Aug 26 01:57:13.975215 2026] [ssl:info] [pid 2196226:tid 2196226] (70014)End of file found: [client 34.30.223.149:2564] AH02006: SSL handshake stopped: connection was closed
[Wed Aug 26 01:57:13.975227 2026] [ssl:info] [pid 2196226:tid 2196226] [client 34.30.223.149:2564] AH01998: Connection closed to child 19 with abortive shutdown (server 2blog.ilc.edu.tw:443)
[Wed Aug 26 01:57:13.999343 2026] [ssl:debug] [pid 2196246:tid 2196246] ssl_engine_kernel.c(254): [client 216.73.216.242:65218] AH02034: Subsequent (No.25) HTTPS request received for child 25 (server 2blog.ilc.edu.tw:443)
[Wed Aug 26 01:57:13.999532 2026] [authz_core:debug] [pid 2196246:tid 2196246] mod_authz_core.c(815): [client 216.73.216.242:65218] AH01626: authorization result of Require all granted: granted
[Wed Aug 26 01:57:13.999538 2026] [authz_core:debug] [pid 2196246:tid 2196246] mod_authz_core.c(815): [client 216.73.216.242:65218] AH01626: authorization result of : granted
[Wed Aug 26 01:57:13.999661 2026] [authz_core:debug] [pid 2196246:tid 2196246] mod_authz_core.c(815): [client 216.73.216.242:65218] AH01626: authorization result of Require all granted: granted
[Wed Aug 26 01:57:13.999666 2026] [authz_core:debug] [pid 2196246:tid 2196246] mod_authz_core.c(815): [client 216.73.216.242:65218] AH01626: authorization result of : granted
[Wed Aug 26 01:57:14.091327 2026] [ssl:debug] [pid 2196219:tid 2196219] ssl_engine_kernel.c(254): [client 216.73.216.242:64722] AH02034: Subsequent (No.21) HTTPS request received for child 17 (server 2blog.ilc.edu.tw:443)
[Wed Aug 26 01:57:14.091592 2026] [authz_core:debug] [pid 2196219:tid 2196219] mod_authz_core.c(815): [client 216.73.216.242:64722] AH01626: authorization result of Require all granted: granted
[Wed Aug 26 01:57:14.091601 2026] [authz_core:debug] [pid 2196219:tid 2196219] mod_authz_core.c(815): [client 216.73.216.242:64722] AH01626: authorization result of : granted
[Wed Aug 26 01:57:14.091784 2026] [authz_core:debug] [pid 2196219:tid 2196219] mod_authz_core.c(815): [client 216.73.216.242:64722] AH01626: authorization result of Require all granted: granted
[Wed Aug 26 01:57:14.091791 2026] [authz_core:debug] [pid 2196219:tid 2196219] mod_authz_core.c(815): [client 216.73.216.242:64722] AH01626: authorization result of : granted
[Wed Aug 26 01:57:14.107843 2026] [deflate:debug] [pid 2196240:tid 2196240] mod_deflate.c(909): [client 216.73.216.242:37489] AH01384: Zlib: Compressed 2801 to 1264 : URL /index.php
[Wed Aug 26 01:57:14.171484 2026] [ssl:debug] [pid 2196239:tid 2196239] ssl_engine_kernel.c(254): [client 216.73.216.242:48727] AH02034: Subsequent (No.30) HTTPS request received for child 9 (server 2blog.ilc.edu.tw:443)
[Wed Aug 26 01:57:14.171733 2026] [authz_core:debug] [pid 2196239:tid 2196239] mod_authz_core.c(815): [client 216.73.216.242:48727] AH01626: authorization result of Require all granted: granted
[Wed Aug 26 01:57:14.171742 2026] [authz_core:debug] [pid 2196239:tid 2196239] mod_authz_core.c(815): [client 216.73.216.242:48727] AH01626: authorization result of : granted
[Wed Aug 26 01:57:14.171921 2026] [authz_core:debug] [pid 2196239:tid 2196239] mod_authz_core.c(815): [client 216.73.216.242:48727] AH01626: authorization result of Require all granted: granted
[Wed Aug 26 01:57:14.171927 2026] [authz_core:debug] [pid 2196239:tid 2196239] mod_authz_core.c(815): [client 216.73.216.242:48727] AH01626: authorization result of : granted
[Wed Aug 26 01:57:14.190615 2026] [ssl:debug] [pid 2196225:tid 2196225] ssl_engine_kernel.c(2082): [client 52.202.233.37:51129] AH02041: Protocol: TLSv1.3, Cipher: TLS_AES_256_GCM_SHA384 (256/256 bits)
[Wed Aug 26 01:57:14.190690 2026] [socache_shmcb:debug] [pid 2196225:tid 2196225] mod_socache_shmcb.c(508): AH00831: socache_shmcb_store (0x08 -> subcache 8)
[Wed Aug 26 01:57:14.190697 2026] [socache_shmcb:debug] [pid 2196225:tid 2196225] mod_socache_shmcb.c(745): AH00842: expiring 1 and reclaiming 0 removed socache entries
[Wed Aug 26 01:57:14.190711 2026] [socache_shmcb:debug] [pid 2196225:tid 2196225] mod_socache_shmcb.c(765): AH00843: we now have 33 socache entries
[Wed Aug 26 01:57:14.190714 2026] [socache_shmcb:debug] [pid 2196225:tid 2196225] mod_socache_shmcb.c(860): AH00847: insert happened at idx=44, data=(99:131)
[Wed Aug 26 01:57:14.190717 2026] [socache_shmcb:debug] [pid 2196225:tid 2196225] mod_socache_shmcb.c(863): AH00848: finished insert, subcache: idx_pos/idx_used=11/34, data_pos/data_used=6648/7528
[Wed Aug 26 01:57:14.190719 2026] [socache_shmcb:debug] [pid 2196225:tid 2196225] mod_socache_shmcb.c(530): AH00834: leaving socache_shmcb_store successfully
[Wed Aug 26 01:57:14.190791 2026] [socache_shmcb:debug] [pid 2196225:tid 2196225] mod_socache_shmcb.c(508): AH00831: socache_shmcb_store (0xb4 -> subcache 20)
[Wed Aug 26 01:57:14.190815 2026] [socache_shmcb:debug] [pid 2196225:tid 2196225] mod_socache_shmcb.c(860): AH00847: insert happened at idx=8, data=(12004:12036)
[Wed Aug 26 01:57:14.190818 2026] [socache_shmcb:debug] [pid 2196225:tid 2196225] mod_socache_shmcb.c(863): AH00848: finished insert, subcache: idx_pos/idx_used=55/42, data_pos/data_used=2929/9289
[Wed Aug 26 01:57:14.190821 2026] [socache_shmcb:debug] [pid 2196225:tid 2196225] mod_socache_shmcb.c(530): AH00834: leaving socache_shmcb_store successfully
[Wed Aug 26 01:57:14.190967 2026] [ssl:debug] [pid 2196225:tid 2196225] ssl_engine_kernel.c(254): [client 52.202.233.37:51129] AH02034: Initial (No.1) HTTPS request received for child 12 (server 2blog.ilc.edu.tw:443)
[Wed Aug 26 01:57:14.191179 2026] [authz_core:debug] [pid 2196225:tid 2196225] mod_authz_core.c(815): [client 52.202.233.37:51129] AH01626: authorization result of Require all granted: granted
[Wed Aug 26 01:57:14.191187 2026] [authz_core:debug] [pid 2196225:tid 2196225] mod_authz_core.c(815): [client 52.202.233.37:51129] AH01626: authorization result of : granted
[Wed Aug 26 01:57:14.191369 2026] [authz_core:debug] [pid 2196225:tid 2196225] mod_authz_core.c(815): [client 52.202.233.37:51129] AH01626: authorization result of Require all granted: granted
[Wed Aug 26 01:57:14.191375 2026] [authz_core:debug] [pid 2196225:tid 2196225] mod_authz_core.c(815): [client 52.202.233.37:51129] AH01626: authorization result of : granted
[Wed Aug 26 01:57:14.273059 2026] [ssl:debug] [pid 2196243:tid 2196243] ssl_engine_kernel.c(254): [client 216.73.216.242:40951] AH02034: Subsequent (No.24) HTTPS request received for child 22 (server 2blog.ilc.edu.tw:443)
[Wed Aug 26 01:57:14.273255 2026] [authz_core:debug] [pid 2196243:tid 2196243] mod_authz_core.c(815): [client 216.73.216.242:40951] AH01626: authorization result of Require all granted: granted
[Wed Aug 26 01:57:14.273260 2026] [authz_core:debug] [pid 2196243:tid 2196243] mod_authz_core.c(815): [client 216.73.216.242:40951] AH01626: authorization result of : granted
[Wed Aug 26 01:57:14.273377 2026] [authz_core:debug] [pid 2196243:tid 2196243] mod_authz_core.c(815): [client 216.73.216.242:40951] AH01626: authorization result of Require all granted: granted
[Wed Aug 26 01:57:14.273381 2026] [authz_core:debug] [pid 2196243:tid 2196243] mod_authz_core.c(815): [client 216.73.216.242:40951] AH01626: authorization result of : granted
[Wed Aug 26 01:57:14.360477 2026] [ssl:debug] [pid 2196240:tid 2196240] ssl_engine_kernel.c(254): [client 216.73.216.242:37489] AH02034: Subsequent (No.22) HTTPS request received for child 18 (server 2blog.ilc.edu.tw:443)
[Wed Aug 26 01:57:14.360657 2026] [authz_core:debug] [pid 2196240:tid 2196240] mod_authz_core.c(815): [client 216.73.216.242:37489] AH01626: authorization result of Require all granted: granted
[Wed Aug 26 01:57:14.360661 2026] [authz_core:debug] [pid 2196240:tid 2196240] mod_authz_core.c(815): [client 216.73.216.242:37489] AH01626: authorization result of : granted
[Wed Aug 26 01:57:14.360774 2026] [authz_core:debug] [pid 2196240:tid 2196240] mod_authz_core.c(815): [client 216.73.216.242:37489] AH01626: authorization result of Require all granted: granted
[Wed Aug 26 01:57:14.360784 2026] [authz_core:debug] [pid 2196240:tid 2196240] mod_authz_core.c(815): [client 216.73.216.242:37489] AH01626: authorization result of : granted
[Wed Aug 26 01:57:14.366733 2026] [deflate:debug] [pid 2196219:tid 2196219] mod_deflate.c(909): [client 216.73.216.242:64722] AH01384: Zlib: Compressed 2799 to 1265 : URL /index.php
[Wed Aug 26 01:57:14.451618 2026] [ssl:debug] [pid 2196244:tid 2196244] ssl_engine_kernel.c(254): [client 216.73.216.242:2282] AH02034: Subsequent (No.15) HTTPS request received for child 23 (server 2blog.ilc.edu.tw:443)
[Wed Aug 26 01:57:14.451920 2026] [authz_core:debug] [pid 2196244:tid 2196244] mod_authz_core.c(815): [client 216.73.216.242:2282] AH01626: authorization result of Require all granted: granted
[Wed Aug 26 01:57:14.451930 2026] [authz_core:debug] [pid 2196244:tid 2196244] mod_authz_core.c(815): [client 216.73.216.242:2282] AH01626: authorization result of : granted
[Wed Aug 26 01:57:14.452111 2026] [authz_core:debug] [pid 2196244:tid 2196244] mod_authz_core.c(815): [client 216.73.216.242:2282] AH01626: authorization result of Require all granted: granted
[Wed Aug 26 01:57:14.452116 2026] [authz_core:debug] [pid 2196244:tid 2196244] mod_authz_core.c(815): [client 216.73.216.242:2282] AH01626: authorization result of : granted
[Wed Aug 26 01:57:14.543893 2026] [ssl:debug] [pid 2196205:tid 2196205] ssl_engine_kernel.c(254): [client 216.73.216.242:12307] AH02034: Subsequent (No.31) HTTPS request received for child 14 (server 2blog.ilc.edu.tw:443)
[Wed Aug 26 01:57:14.544191 2026] [authz_core:debug] [pid 2196205:tid 2196205] mod_authz_core.c(815): [client 216.73.216.242:12307] AH01626: authorization result of Require all granted: granted
[Wed Aug 26 01:57:14.544203 2026] [authz_core:debug] [pid 2196205:tid 2196205] mod_authz_core.c(815): [client 216.73.216.242:12307] AH01626: authorization result of : granted
[Wed Aug 26 01:57:14.544415 2026] [authz_core:debug] [pid 2196205:tid 2196205] mod_authz_core.c(815): [client 216.73.216.242:12307] AH01626: authorization result of Require all granted: granted
[Wed Aug 26 01:57:14.544423 2026] [authz_core:debug] [pid 2196205:tid 2196205] mod_authz_core.c(815): [client 216.73.216.242:12307] AH01626: authorization result of : granted
[Wed Aug 26 01:57:14.568763 2026] [deflate:debug] [pid 2196239:tid 2196239] mod_deflate.c(909): [client 216.73.216.242:48727] AH01384: Zlib: Compressed 2858 to 1287 : URL /index.php
[Wed Aug 26 01:57:14.580000 2026] [ssl:debug] [pid 2196225:tid 2196225] ssl_engine_io.c(1150): [client 52.202.233.37:51129] AH02001: Connection closed to child 12 with standard shutdown (server 2blog.ilc.edu.tw:443)
[Wed Aug 26 01:57:14.646361 2026] [ssl:debug] [pid 2196219:tid 2196219] ssl_engine_kernel.c(254): [client 216.73.216.242:64722] AH02034: Subsequent (No.22) HTTPS request received for child 17 (server 2blog.ilc.edu.tw:443)
[Wed Aug 26 01:57:14.646533 2026] [authz_core:debug] [pid 2196219:tid 2196219] mod_authz_core.c(815): [client 216.73.216.242:64722] AH01626: authorization result of Require all granted: granted
[Wed Aug 26 01:57:14.646539 2026] [authz_core:debug] [pid 2196219:tid 2196219] mod_authz_core.c(815): [client 216.73.216.242:64722] AH01626: authorization result of : granted
[Wed Aug 26 01:57:14.646718 2026] [authz_core:debug] [pid 2196219:tid 2196219] mod_authz_core.c(815): [client 216.73.216.242:64722] AH01626: authorization result of Require all granted: granted
[Wed Aug 26 01:57:14.646724 2026] [authz_core:debug] [pid 2196219:tid 2196219] mod_authz_core.c(815): [client 216.73.216.242:64722] AH01626: authorization result of : granted
[Wed Aug 26 01:57:14.663997 2026] [ssl:info] [pid 2196143:tid 2196143] [client 34.61.96.6:32257] AH01964: Connection to child 11 established (server 2blog.ilc.edu.tw:443)
[Wed Aug 26 01:57:14.664133 2026] [ssl:info] [pid 2196143:tid 2196143] (70014)End of file found: [client 34.61.96.6:32257] AH02006: SSL handshake stopped: connection was closed
[Wed Aug 26 01:57:14.664155 2026] [ssl:info] [pid 2196143:tid 2196143] [client 34.61.96.6:32257] AH01998: Connection closed to child 11 with abortive shutdown (server 2blog.ilc.edu.tw:443)
[Wed Aug 26 01:57:14.739819 2026] [ssl:debug] [pid 2196246:tid 2196246] ssl_engine_kernel.c(254): [client 216.73.216.242:65218] AH02034: Subsequent (No.26) HTTPS request received for child 25 (server 2blog.ilc.edu.tw:443)
[Wed Aug 26 01:57:14.740018 2026] [authz_core:debug] [pid 2196246:tid 2196246] mod_authz_core.c(815): [client 216.73.216.242:65218] AH01626: authorization result of Require all granted: granted
[Wed Aug 26 01:57:14.740023 2026] [authz_core:debug] [pid 2196246:tid 2196246] mod_authz_core.c(815): [client 216.73.216.242:65218] AH01626: authorization result of : granted
[Wed Aug 26 01:57:14.740134 2026] [authz_core:debug] [pid 2196246:tid 2196246] mod_authz_core.c(815): [client 216.73.216.242:65218] AH01626: authorization result of Require all granted: granted
[Wed Aug 26 01:57:14.740138 2026] [authz_core:debug] [pid 2196246:tid 2196246] mod_authz_core.c(815): [client 216.73.216.242:65218] AH01626: authorization result of : granted
[Wed Aug 26 01:57:14.772798 2026] [deflate:debug] [pid 2196240:tid 2196240] mod_deflate.c(909): [client 216.73.216.242:37489] AH01384: Zlib: Compressed 2811 to 1277 : URL /index.php
[Wed Aug 26 01:57:14.818611 2026] [ssl:debug] [pid 2196239:tid 2196239] ssl_engine_kernel.c(254): [client 216.73.216.242:48727] AH02034: Subsequent (No.31) HTTPS request received for child 9 (server 2blog.ilc.edu.tw:443)
[Wed Aug 26 01:57:14.818822 2026] [authz_core:debug] [pid 2196239:tid 2196239] mod_authz_core.c(815): [client 216.73.216.242:48727] AH01626: authorization result of Require all granted: granted
[Wed Aug 26 01:57:14.818829 2026] [authz_core:debug] [pid 2196239:tid 2196239] mod_authz_core.c(815): [client 216.73.216.242:48727] AH01626: authorization result of : granted
[Wed Aug 26 01:57:14.818951 2026] [authz_core:debug] [pid 2196239:tid 2196239] mod_authz_core.c(815): [client 216.73.216.242:48727] AH01626: authorization result of Require all granted: granted
[Wed Aug 26 01:57:14.818955 2026] [authz_core:debug] [pid 2196239:tid 2196239] mod_authz_core.c(815): [client 216.73.216.242:48727] AH01626: authorization result of : granted
[Wed Aug 26 01:57:14.826490 2026] [ssl:info] [pid 2196249:tid 2196249] [client 34.123.149.87:47616] AH01964: Connection to child 28 established (server 2blog.ilc.edu.tw:443)
[Wed Aug 26 01:57:14.826675 2026] [ssl:debug] [pid 2196249:tid 2196249] ssl_engine_kernel.c(2222): [client 34.123.149.87:47616] AH02043: SSL virtual host for servername 2blog.ilc.edu.tw found
[Wed Aug 26 01:57:14.826744 2026] [core:debug] [pid 2196249:tid 2196249] protocol.c(2460): [client 34.123.149.87:47616] AH03155: select protocol from , choices=http/1.1 for server 2blog.ilc.edu.tw
[Wed Aug 26 01:57:14.927039 2026] [ssl:debug] [pid 2196243:tid 2196243] ssl_engine_kernel.c(254): [client 216.73.216.242:40951] AH02034: Subsequent (No.25) HTTPS request received for child 22 (server 2blog.ilc.edu.tw:443)
[Wed Aug 26 01:57:14.927290 2026] [authz_core:debug] [pid 2196243:tid 2196243] mod_authz_core.c(815): [client 216.73.216.242:40951] AH01626: authorization result of Require all granted: granted
[Wed Aug 26 01:57:14.927298 2026] [authz_core:debug] [pid 2196243:tid 2196243] mod_authz_core.c(815): [client 216.73.216.242:40951] AH01626: authorization result of : granted
[Wed Aug 26 01:57:14.927481 2026] [authz_core:debug] [pid 2196243:tid 2196243] mod_authz_core.c(815): [client 216.73.216.242:40951] AH01626: authorization result of Require all granted: granted
[Wed Aug 26 01:57:14.927487 2026] [authz_core:debug] [pid 2196243:tid 2196243] mod_authz_core.c(815): [client 216.73.216.242:40951] AH01626: authorization result of : granted
[Wed Aug 26 01:57:15.022929 2026] [ssl:debug] [pid 2196245:tid 2196245] ssl_engine_kernel.c(254): [client 216.73.216.242:1577] AH02034: Subsequent (No.15) HTTPS request received for child 24 (server 2blog.ilc.edu.tw:443)
[Wed Aug 26 01:57:15.023221 2026] [authz_core:debug] [pid 2196245:tid 2196245] mod_authz_core.c(815): [client 216.73.216.242:1577] AH01626: authorization result of Require all granted: granted
[Wed Aug 26 01:57:15.023232 2026] [authz_core:debug] [pid 2196245:tid 2196245] mod_authz_core.c(815): [client 216.73.216.242:1577] AH01626: authorization result of : granted
[Wed Aug 26 01:57:15.023376 2026] [authz_core:debug] [pid 2196245:tid 2196245] mod_authz_core.c(815): [client 216.73.216.242:1577] AH01626: authorization result of Require all granted: granted
[Wed Aug 26 01:57:15.023380 2026] [authz_core:debug] [pid 2196245:tid 2196245] mod_authz_core.c(815): [client 216.73.216.242:1577] AH01626: authorization result of : granted
[Wed Aug 26 01:57:15.091634 2026] [ssl:debug] [pid 2196244:tid 2196244] ssl_engine_kernel.c(254): [client 216.73.216.242:2282] AH02034: Subsequent (No.16) HTTPS request received for child 23 (server 2blog.ilc.edu.tw:443)
[Wed Aug 26 01:57:15.091862 2026] [authz_core:debug] [pid 2196244:tid 2196244] mod_authz_core.c(815): [client 216.73.216.242:2282] AH01626: authorization result of Require all granted: granted
[Wed Aug 26 01:57:15.091871 2026] [authz_core:debug] [pid 2196244:tid 2196244] mod_authz_core.c(815): [client 216.73.216.242:2282] AH01626: authorization result of : granted
[Wed Aug 26 01:57:15.092150 2026] [authz_core:debug] [pid 2196244:tid 2196244] mod_authz_core.c(815): [client 216.73.216.242:2282] AH01626: authorization result of Require all granted: granted
[Wed Aug 26 01:57:15.092165 2026] [authz_core:debug] [pid 2196244:tid 2196244] mod_authz_core.c(815): [client 216.73.216.242:2282] AH01626: authorization result of : granted
[Wed Aug 26 01:57:15.192508 2026] [ssl:debug] [pid 2196219:tid 2196219] ssl_engine_kernel.c(254): [client 216.73.216.242:64722] AH02034: Subsequent (No.23) HTTPS request received for child 17 (server 2blog.ilc.edu.tw:443)
[Wed Aug 26 01:57:15.192709 2026] [authz_core:debug] [pid 2196219:tid 2196219] mod_authz_core.c(815): [client 216.73.216.242:64722] AH01626: authorization result of Require all granted: granted
[Wed Aug 26 01:57:15.192725 2026] [authz_core:debug] [pid 2196219:tid 2196219] mod_authz_core.c(815): [client 216.73.216.242:64722] AH01626: authorization result of : granted
[Wed Aug 26 01:57:15.192842 2026] [authz_core:debug] [pid 2196219:tid 2196219] mod_authz_core.c(815): [client 216.73.216.242:64722] AH01626: authorization result of Require all granted: granted
[Wed Aug 26 01:57:15.192845 2026] [authz_core:debug] [pid 2196219:tid 2196219] mod_authz_core.c(815): [client 216.73.216.242:64722] AH01626: authorization result of : granted
[Wed Aug 26 01:57:15.193741 2026] [headers:debug] [pid 2196230:tid 2196230] mod_headers.c(900): AH01503: headers: ap_headers_error_filter()
[Wed Aug 26 01:57:15.200726 2026] [ssl:debug] [pid 2196249:tid 2196249] ssl_engine_kernel.c(2082): [client 34.123.149.87:47616] AH02041: Protocol: TLSv1.3, Cipher: TLS_AES_256_GCM_SHA384 (256/256 bits)
[Wed Aug 26 01:57:15.200781 2026] [socache_shmcb:debug] [pid 2196249:tid 2196249] mod_socache_shmcb.c(508): AH00831: socache_shmcb_store (0x57 -> subcache 23)
[Wed Aug 26 01:57:15.200796 2026] [socache_shmcb:debug] [pid 2196249:tid 2196249] mod_socache_shmcb.c(860): AH00847: insert happened at idx=3, data=(10420:10452)
[Wed Aug 26 01:57:15.200799 2026] [socache_shmcb:debug] [pid 2196249:tid 2196249] mod_socache_shmcb.c(863): AH00848: finished insert, subcache: idx_pos/idx_used=63/29, data_pos/data_used=4173/6473
[Wed Aug 26 01:57:15.200801 2026] [socache_shmcb:debug] [pid 2196249:tid 2196249] mod_socache_shmcb.c(530): AH00834: leaving socache_shmcb_store successfully
[Wed Aug 26 01:57:15.200856 2026] [socache_shmcb:debug] [pid 2196249:tid 2196249] mod_socache_shmcb.c(508): AH00831: socache_shmcb_store (0x92 -> subcache 18)
[Wed Aug 26 01:57:15.200865 2026] [socache_shmcb:debug] [pid 2196249:tid 2196249] mod_socache_shmcb.c(745): AH00842: expiring 2 and reclaiming 0 removed socache entries
[Wed Aug 26 01:57:15.200875 2026] [socache_shmcb:debug] [pid 2196249:tid 2196249] mod_socache_shmcb.c(765): AH00843: we now have 38 socache entries
[Wed Aug 26 01:57:15.200878 2026] [socache_shmcb:debug] [pid 2196249:tid 2196249] mod_socache_shmcb.c(860): AH00847: insert happened at idx=51, data=(1561:1593)
[Wed Aug 26 01:57:15.200879 2026] [socache_shmcb:debug] [pid 2196249:tid 2196249] mod_socache_shmcb.c(863): AH00848: finished insert, subcache: idx_pos/idx_used=13/39, data_pos/data_used=6993/8658
[Wed Aug 26 01:57:15.200881 2026] [socache_shmcb:debug] [pid 2196249:tid 2196249] mod_socache_shmcb.c(530): AH00834: leaving socache_shmcb_store successfully
[Wed Aug 26 01:57:15.218280 2026] [deflate:debug] [pid 2196243:tid 2196243] mod_deflate.c(909): [client 216.73.216.242:40951] AH01384: Zlib: Compressed 2862 to 1289 : URL /index.php
[Wed Aug 26 01:57:15.273736 2026] [ssl:debug] [pid 2196205:tid 2196205] ssl_engine_kernel.c(254): [client 216.73.216.242:12307] AH02034: Subsequent (No.32) HTTPS request received for child 14 (server 2blog.ilc.edu.tw:443)
[Wed Aug 26 01:57:15.273964 2026] [authz_core:debug] [pid 2196205:tid 2196205] mod_authz_core.c(815): [client 216.73.216.242:12307] AH01626: authorization result of Require all granted: granted
[Wed Aug 26 01:57:15.273970 2026] [authz_core:debug] [pid 2196205:tid 2196205] mod_authz_core.c(815): [client 216.73.216.242:12307] AH01626: authorization result of : granted
[Wed Aug 26 01:57:15.274087 2026] [authz_core:debug] [pid 2196205:tid 2196205] mod_authz_core.c(815): [client 216.73.216.242:12307] AH01626: authorization result of Require all granted: granted
[Wed Aug 26 01:57:15.274091 2026] [authz_core:debug] [pid 2196205:tid 2196205] mod_authz_core.c(815): [client 216.73.216.242:12307] AH01626: authorization result of : granted
[Wed Aug 26 01:57:15.362658 2026] [deflate:debug] [pid 2196219:tid 2196219] mod_deflate.c(909): [client 216.73.216.242:64722] AH01384: Zlib: Compressed 2703 to 1192 : URL /index.php
[Wed Aug 26 01:57:15.379165 2026] [ssl:debug] [pid 2196246:tid 2196246] ssl_engine_kernel.c(254): [client 216.73.216.242:65218] AH02034: Subsequent (No.27) HTTPS request received for child 25 (server 2blog.ilc.edu.tw:443)
[Wed Aug 26 01:57:15.379356 2026] [authz_core:debug] [pid 2196246:tid 2196246] mod_authz_core.c(815): [client 216.73.216.242:65218] AH01626: authorization result of Require all granted: granted
[Wed Aug 26 01:57:15.379361 2026] [authz_core:debug] [pid 2196246:tid 2196246] mod_authz_core.c(815): [client 216.73.216.242:65218] AH01626: authorization result of : granted
[Wed Aug 26 01:57:15.379474 2026] [authz_core:debug] [pid 2196246:tid 2196246] mod_authz_core.c(815): [client 216.73.216.242:65218] AH01626: authorization result of Require all granted: granted
[Wed Aug 26 01:57:15.379477 2026] [authz_core:debug] [pid 2196246:tid 2196246] mod_authz_core.c(815): [client 216.73.216.242:65218] AH01626: authorization result of : granted
[Wed Aug 26 01:57:15.466608 2026] [ssl:debug] [pid 2196243:tid 2196243] ssl_engine_kernel.c(254): [client 216.73.216.242:40951] AH02034: Subsequent (No.26) HTTPS request received for child 22 (server 2blog.ilc.edu.tw:443)
[Wed Aug 26 01:57:15.466892 2026] [authz_core:debug] [pid 2196243:tid 2196243] mod_authz_core.c(815): [client 216.73.216.242:40951] AH01626: authorization result of Require all granted: granted
[Wed Aug 26 01:57:15.466901 2026] [authz_core:debug] [pid 2196243:tid 2196243] mod_authz_core.c(815): [client 216.73.216.242:40951] AH01626: authorization result of : granted
[Wed Aug 26 01:57:15.467064 2026] [authz_core:debug] [pid 2196243:tid 2196243] mod_authz_core.c(815): [client 216.73.216.242:40951] AH01626: authorization result of Require all granted: granted
[Wed Aug 26 01:57:15.467070 2026] [authz_core:debug] [pid 2196243:tid 2196243] mod_authz_core.c(815): [client 216.73.216.242:40951] AH01626: authorization result of : granted
[Wed Aug 26 01:57:15.512684 2026] [ssl:debug] [pid 2196249:tid 2196249] ssl_engine_kernel.c(254): [client 34.123.149.87:47616] AH02034: Initial (No.1) HTTPS request received for child 28 (server 2blog.ilc.edu.tw:443)
[Wed Aug 26 01:57:15.512899 2026] [authz_core:debug] [pid 2196249:tid 2196249] mod_authz_core.c(815): [client 34.123.149.87:47616] AH01626: authorization result of Require all granted: granted
[Wed Aug 26 01:57:15.512909 2026] [authz_core:debug] [pid 2196249:tid 2196249] mod_authz_core.c(815): [client 34.123.149.87:47616] AH01626: authorization result of : granted
[Wed Aug 26 01:57:15.513063 2026] [authz_core:debug] [pid 2196249:tid 2196249] mod_authz_core.c(815): [client 34.123.149.87:47616] AH01626: authorization result of Require all granted: granted
[Wed Aug 26 01:57:15.513068 2026] [authz_core:debug] [pid 2196249:tid 2196249] mod_authz_core.c(815): [client 34.123.149.87:47616] AH01626: authorization result of : granted
[Wed Aug 26 01:57:15.519610 2026] [ssl:info] [pid 2196206:tid 2196206] [client 140.111.67.10:43134] AH01964: Connection to child 15 established (server 2blog.ilc.edu.tw:443)
[Wed Aug 26 01:57:15.519760 2026] [ssl:info] [pid 2196206:tid 2196206] (70014)End of file found: [client 140.111.67.10:43134] AH02006: SSL handshake stopped: connection was closed
[Wed Aug 26 01:57:15.519771 2026] [ssl:info] [pid 2196206:tid 2196206] [client 140.111.67.10:43134] AH01998: Connection closed to child 15 with abortive shutdown (server 2blog.ilc.edu.tw:443)
[Wed Aug 26 01:57:15.524324 2026] [deflate:debug] [pid 2196239:tid 2196239] mod_deflate.c(909): [client 216.73.216.242:48727] AH01384: Zlib: Compressed 533609 to 85919 : URL /index.php
[Wed Aug 26 01:57:15.556755 2026] [ssl:debug] [pid 2196245:tid 2196245] ssl_engine_kernel.c(254): [client 216.73.216.242:1577] AH02034: Subsequent (No.16) HTTPS request received for child 24 (server 2blog.ilc.edu.tw:443)
[Wed Aug 26 01:57:15.556934 2026] [authz_core:debug] [pid 2196245:tid 2196245] mod_authz_core.c(815): [client 216.73.216.242:1577] AH01626: authorization result of Require all granted: granted
[Wed Aug 26 01:57:15.556940 2026] [authz_core:debug] [pid 2196245:tid 2196245] mod_authz_core.c(815): [client 216.73.216.242:1577] AH01626: authorization result of : granted
[Wed Aug 26 01:57:15.557071 2026] [authz_core:debug] [pid 2196245:tid 2196245] mod_authz_core.c(815): [client 216.73.216.242:1577] AH01626: authorization result of Require all granted: granted
[Wed Aug 26 01:57:15.557075 2026] [authz_core:debug] [pid 2196245:tid 2196245] mod_authz_core.c(815): [client 216.73.216.242:1577] AH01626: authorization result of : granted
[Wed Aug 26 01:57:15.647760 2026] [ssl:debug] [pid 2196219:tid 2196219] ssl_engine_kernel.c(254): [client 216.73.216.242:64722] AH02034: Subsequent (No.24) HTTPS request received for child 17 (server 2blog.ilc.edu.tw:443)
[Wed Aug 26 01:57:15.648000 2026] [authz_core:debug] [pid 2196219:tid 2196219] mod_authz_core.c(815): [client 216.73.216.242:64722] AH01626: authorization result of Require all granted: granted
[Wed Aug 26 01:57:15.648011 2026] [authz_core:debug] [pid 2196219:tid 2196219] mod_authz_core.c(815): [client 216.73.216.242:64722] AH01626: authorization result of : granted
[Wed Aug 26 01:57:15.648175 2026] [authz_core:debug] [pid 2196219:tid 2196219] mod_authz_core.c(815): [client 216.73.216.242:64722] AH01626: authorization result of Require all granted: granted
[Wed Aug 26 01:57:15.648181 2026] [authz_core:debug] [pid 2196219:tid 2196219] mod_authz_core.c(815): [client 216.73.216.242:64722] AH01626: authorization result of : granted
[Wed Aug 26 01:57:15.728010 2026] [ssl:debug] [pid 2196240:tid 2196240] ssl_engine_kernel.c(254): [client 216.73.216.242:37489] AH02034: Subsequent (No.23) HTTPS request received for child 18 (server 2blog.ilc.edu.tw:443)
[Wed Aug 26 01:57:15.728267 2026] [authz_core:debug] [pid 2196240:tid 2196240] mod_authz_core.c(815): [client 216.73.216.242:37489] AH01626: authorization result of Require all granted: granted
