[Wed Aug 26 01:57:08.848473 2026] [authz_core:debug] [pid 2196240:tid 2196240] mod_authz_core.c(815): [client 216.73.216.242:37489] AH01626: authorization result of Require all granted: granted
[Wed Aug 26 01:57:08.848476 2026] [authz_core:debug] [pid 2196240:tid 2196240] mod_authz_core.c(815): [client 216.73.216.242:37489] AH01626: authorization result of : granted
[Wed Aug 26 01:57:08.940905 2026] [ssl:debug] [pid 2196244:tid 2196244] ssl_engine_kernel.c(254): [client 216.73.216.242:2282] AH02034: Subsequent (No.5) HTTPS request received for child 23 (server 2blog.ilc.edu.tw:443)
[Wed Aug 26 01:57:08.941108 2026] [authz_core:debug] [pid 2196244:tid 2196244] mod_authz_core.c(815): [client 216.73.216.242:2282] AH01626: authorization result of Require all granted: granted
[Wed Aug 26 01:57:08.941115 2026] [authz_core:debug] [pid 2196244:tid 2196244] mod_authz_core.c(815): [client 216.73.216.242:2282] AH01626: authorization result of : granted
[Wed Aug 26 01:57:08.941258 2026] [authz_core:debug] [pid 2196244:tid 2196244] mod_authz_core.c(815): [client 216.73.216.242:2282] AH01626: authorization result of Require all granted: granted
[Wed Aug 26 01:57:08.941262 2026] [authz_core:debug] [pid 2196244:tid 2196244] mod_authz_core.c(815): [client 216.73.216.242:2282] AH01626: authorization result of : granted
[Wed Aug 26 01:57:08.956594 2026] [deflate:debug] [pid 2196205:tid 2196205] mod_deflate.c(909): [client 216.73.216.242:12307] AH01384: Zlib: Compressed 31938 to 8615 : URL /index.php
[Wed Aug 26 01:57:09.032091 2026] [ssl:debug] [pid 2196239:tid 2196239] ssl_engine_kernel.c(254): [client 216.73.216.242:48727] AH02034: Subsequent (No.22) HTTPS request received for child 9 (server 2blog.ilc.edu.tw:443)
[Wed Aug 26 01:57:09.032278 2026] [authz_core:debug] [pid 2196239:tid 2196239] mod_authz_core.c(815): [client 216.73.216.242:48727] AH01626: authorization result of Require all granted: granted
[Wed Aug 26 01:57:09.032284 2026] [authz_core:debug] [pid 2196239:tid 2196239] mod_authz_core.c(815): [client 216.73.216.242:48727] AH01626: authorization result of : granted
[Wed Aug 26 01:57:09.032401 2026] [authz_core:debug] [pid 2196239:tid 2196239] mod_authz_core.c(815): [client 216.73.216.242:48727] AH01626: authorization result of Require all granted: granted
[Wed Aug 26 01:57:09.032405 2026] [authz_core:debug] [pid 2196239:tid 2196239] mod_authz_core.c(815): [client 216.73.216.242:48727] AH01626: authorization result of : granted
[Wed Aug 26 01:57:09.120629 2026] [deflate:debug] [pid 2196240:tid 2196240] mod_deflate.c(909): [client 216.73.216.242:37489] AH01384: Zlib: Compressed 2814 to 1280 : URL /index.php
[Wed Aug 26 01:57:09.132638 2026] [ssl:debug] [pid 2196219:tid 2196219] ssl_engine_kernel.c(254): [client 216.73.216.242:64722] AH02034: Subsequent (No.14) HTTPS request received for child 17 (server 2blog.ilc.edu.tw:443)
[Wed Aug 26 01:57:09.132863 2026] [authz_core:debug] [pid 2196219:tid 2196219] mod_authz_core.c(815): [client 216.73.216.242:64722] AH01626: authorization result of Require all granted: granted
[Wed Aug 26 01:57:09.132871 2026] [authz_core:debug] [pid 2196219:tid 2196219] mod_authz_core.c(815): [client 216.73.216.242:64722] AH01626: authorization result of : granted
[Wed Aug 26 01:57:09.133021 2026] [authz_core:debug] [pid 2196219:tid 2196219] mod_authz_core.c(815): [client 216.73.216.242:64722] AH01626: authorization result of Require all granted: granted
[Wed Aug 26 01:57:09.133027 2026] [authz_core:debug] [pid 2196219:tid 2196219] mod_authz_core.c(815): [client 216.73.216.242:64722] AH01626: authorization result of : granted
[Wed Aug 26 01:57:09.213629 2026] [ssl:debug] [pid 2196205:tid 2196205] ssl_engine_kernel.c(254): [client 216.73.216.242:12307] AH02034: Subsequent (No.22) HTTPS request received for child 14 (server 2blog.ilc.edu.tw:443)
[Wed Aug 26 01:57:09.213863 2026] [authz_core:debug] [pid 2196205:tid 2196205] mod_authz_core.c(815): [client 216.73.216.242:12307] AH01626: authorization result of Require all granted: granted
[Wed Aug 26 01:57:09.213873 2026] [authz_core:debug] [pid 2196205:tid 2196205] mod_authz_core.c(815): [client 216.73.216.242:12307] AH01626: authorization result of : granted
[Wed Aug 26 01:57:09.214058 2026] [authz_core:debug] [pid 2196205:tid 2196205] mod_authz_core.c(815): [client 216.73.216.242:12307] AH01626: authorization result of Require all granted: granted
[Wed Aug 26 01:57:09.214064 2026] [authz_core:debug] [pid 2196205:tid 2196205] mod_authz_core.c(815): [client 216.73.216.242:12307] AH01626: authorization result of : granted
[Wed Aug 26 01:57:09.314217 2026] [ssl:debug] [pid 2196246:tid 2196246] ssl_engine_kernel.c(254): [client 216.73.216.242:65218] AH02034: Subsequent (No.19) HTTPS request received for child 25 (server 2blog.ilc.edu.tw:443)
[Wed Aug 26 01:57:09.314487 2026] [authz_core:debug] [pid 2196246:tid 2196246] mod_authz_core.c(815): [client 216.73.216.242:65218] AH01626: authorization result of Require all granted: granted
[Wed Aug 26 01:57:09.314499 2026] [authz_core:debug] [pid 2196246:tid 2196246] mod_authz_core.c(815): [client 216.73.216.242:65218] AH01626: authorization result of : granted
[Wed Aug 26 01:57:09.314684 2026] [authz_core:debug] [pid 2196246:tid 2196246] mod_authz_core.c(815): [client 216.73.216.242:65218] AH01626: authorization result of Require all granted: granted
[Wed Aug 26 01:57:09.314691 2026] [authz_core:debug] [pid 2196246:tid 2196246] mod_authz_core.c(815): [client 216.73.216.242:65218] AH01626: authorization result of : granted
[Wed Aug 26 01:57:09.318060 2026] [deflate:debug] [pid 2196239:tid 2196239] mod_deflate.c(909): [client 216.73.216.242:48727] AH01384: Zlib: Compressed 2858 to 1287 : URL /index.php
[Wed Aug 26 01:57:09.401363 2026] [ssl:debug] [pid 2196240:tid 2196240] ssl_engine_kernel.c(254): [client 216.73.216.242:37489] AH02034: Subsequent (No.17) HTTPS request received for child 18 (server 2blog.ilc.edu.tw:443)
[Wed Aug 26 01:57:09.401574 2026] [authz_core:debug] [pid 2196240:tid 2196240] mod_authz_core.c(815): [client 216.73.216.242:37489] AH01626: authorization result of Require all granted: granted
[Wed Aug 26 01:57:09.401582 2026] [authz_core:debug] [pid 2196240:tid 2196240] mod_authz_core.c(815): [client 216.73.216.242:37489] AH01626: authorization result of : granted
[Wed Aug 26 01:57:09.401753 2026] [authz_core:debug] [pid 2196240:tid 2196240] mod_authz_core.c(815): [client 216.73.216.242:37489] AH01626: authorization result of Require all granted: granted
[Wed Aug 26 01:57:09.401760 2026] [authz_core:debug] [pid 2196240:tid 2196240] mod_authz_core.c(815): [client 216.73.216.242:37489] AH01626: authorization result of : granted
[Wed Aug 26 01:57:09.468571 2026] [deflate:debug] [pid 2196245:tid 2196245] mod_deflate.c(909): [client 216.73.216.242:1577] AH01384: Zlib: Compressed 535635 to 86058 : URL /index.php
[Wed Aug 26 01:57:09.481672 2026] [deflate:debug] [pid 2196219:tid 2196219] mod_deflate.c(909): [client 216.73.216.242:64722] AH01384: Zlib: Compressed 2852 to 1283 : URL /index.php
[Wed Aug 26 01:57:09.491433 2026] [ssl:debug] [pid 2196244:tid 2196244] ssl_engine_kernel.c(254): [client 216.73.216.242:2282] AH02034: Subsequent (No.6) HTTPS request received for child 23 (server 2blog.ilc.edu.tw:443)
[Wed Aug 26 01:57:09.491673 2026] [authz_core:debug] [pid 2196244:tid 2196244] mod_authz_core.c(815): [client 216.73.216.242:2282] AH01626: authorization result of Require all granted: granted
[Wed Aug 26 01:57:09.491679 2026] [authz_core:debug] [pid 2196244:tid 2196244] mod_authz_core.c(815): [client 216.73.216.242:2282] AH01626: authorization result of : granted
[Wed Aug 26 01:57:09.491859 2026] [authz_core:debug] [pid 2196244:tid 2196244] mod_authz_core.c(815): [client 216.73.216.242:2282] AH01626: authorization result of Require all granted: granted
[Wed Aug 26 01:57:09.491866 2026] [authz_core:debug] [pid 2196244:tid 2196244] mod_authz_core.c(815): [client 216.73.216.242:2282] AH01626: authorization result of : granted
[Wed Aug 26 01:57:09.590937 2026] [ssl:debug] [pid 2196239:tid 2196239] ssl_engine_kernel.c(254): [client 216.73.216.242:48727] AH02034: Subsequent (No.23) HTTPS request received for child 9 (server 2blog.ilc.edu.tw:443)
[Wed Aug 26 01:57:09.591123 2026] [authz_core:debug] [pid 2196239:tid 2196239] mod_authz_core.c(815): [client 216.73.216.242:48727] AH01626: authorization result of Require all granted: granted
[Wed Aug 26 01:57:09.591129 2026] [authz_core:debug] [pid 2196239:tid 2196239] mod_authz_core.c(815): [client 216.73.216.242:48727] AH01626: authorization result of : granted
[Wed Aug 26 01:57:09.591266 2026] [authz_core:debug] [pid 2196239:tid 2196239] mod_authz_core.c(815): [client 216.73.216.242:48727] AH01626: authorization result of Require all granted: granted
[Wed Aug 26 01:57:09.591270 2026] [authz_core:debug] [pid 2196239:tid 2196239] mod_authz_core.c(815): [client 216.73.216.242:48727] AH01626: authorization result of : granted
[Wed Aug 26 01:57:09.672600 2026] [deflate:debug] [pid 2196246:tid 2196246] mod_deflate.c(909): [client 216.73.216.242:65218] AH01384: Zlib: Compressed 2860 to 1289 : URL /index.php
[Wed Aug 26 01:57:09.692291 2026] [ssl:debug] [pid 2196243:tid 2196243] ssl_engine_kernel.c(254): [client 216.73.216.242:40951] AH02034: Subsequent (No.16) HTTPS request received for child 22 (server 2blog.ilc.edu.tw:443)
[Wed Aug 26 01:57:09.692500 2026] [authz_core:debug] [pid 2196243:tid 2196243] mod_authz_core.c(815): [client 216.73.216.242:40951] AH01626: authorization result of Require all granted: granted
[Wed Aug 26 01:57:09.692506 2026] [authz_core:debug] [pid 2196243:tid 2196243] mod_authz_core.c(815): [client 216.73.216.242:40951] AH01626: authorization result of : granted
[Wed Aug 26 01:57:09.692641 2026] [authz_core:debug] [pid 2196243:tid 2196243] mod_authz_core.c(815): [client 216.73.216.242:40951] AH01626: authorization result of Require all granted: granted
[Wed Aug 26 01:57:09.692645 2026] [authz_core:debug] [pid 2196243:tid 2196243] mod_authz_core.c(815): [client 216.73.216.242:40951] AH01626: authorization result of : granted
[Wed Aug 26 01:57:09.771883 2026] [ssl:debug] [pid 2196205:tid 2196205] ssl_engine_kernel.c(254): [client 216.73.216.242:12307] AH02034: Subsequent (No.23) HTTPS request received for child 14 (server 2blog.ilc.edu.tw:443)
[Wed Aug 26 01:57:09.772056 2026] [authz_core:debug] [pid 2196205:tid 2196205] mod_authz_core.c(815): [client 216.73.216.242:12307] AH01626: authorization result of Require all granted: granted
[Wed Aug 26 01:57:09.772061 2026] [authz_core:debug] [pid 2196205:tid 2196205] mod_authz_core.c(815): [client 216.73.216.242:12307] AH01626: authorization result of : granted
[Wed Aug 26 01:57:09.772174 2026] [authz_core:debug] [pid 2196205:tid 2196205] mod_authz_core.c(815): [client 216.73.216.242:12307] AH01626: authorization result of Require all granted: granted
[Wed Aug 26 01:57:09.772177 2026] [authz_core:debug] [pid 2196205:tid 2196205] mod_authz_core.c(815): [client 216.73.216.242:12307] AH01626: authorization result of : granted
[Wed Aug 26 01:57:09.834134 2026] [ssl:info] [pid 2196235:tid 2196235] [client 54.84.250.51:39920] AH01964: Connection to child 7 established (server 2blog.ilc.edu.tw:443)
[Wed Aug 26 01:57:09.834357 2026] [ssl:debug] [pid 2196235:tid 2196235] ssl_engine_kernel.c(2222): [client 54.84.250.51:39920] AH02043: SSL virtual host for servername 2blog.ilc.edu.tw found
[Wed Aug 26 01:57:09.874504 2026] [ssl:debug] [pid 2196219:tid 2196219] ssl_engine_kernel.c(254): [client 216.73.216.242:64722] AH02034: Subsequent (No.15) HTTPS request received for child 17 (server 2blog.ilc.edu.tw:443)
[Wed Aug 26 01:57:09.874770 2026] [authz_core:debug] [pid 2196219:tid 2196219] mod_authz_core.c(815): [client 216.73.216.242:64722] AH01626: authorization result of Require all granted: granted
[Wed Aug 26 01:57:09.874875 2026] [authz_core:debug] [pid 2196219:tid 2196219] mod_authz_core.c(815): [client 216.73.216.242:64722] AH01626: authorization result of : granted
[Wed Aug 26 01:57:09.875040 2026] [authz_core:debug] [pid 2196219:tid 2196219] mod_authz_core.c(815): [client 216.73.216.242:64722] AH01626: authorization result of Require all granted: granted
[Wed Aug 26 01:57:09.875045 2026] [authz_core:debug] [pid 2196219:tid 2196219] mod_authz_core.c(815): [client 216.73.216.242:64722] AH01626: authorization result of : granted
[Wed Aug 26 01:57:09.895616 2026] [ssl:info] [pid 2196257:tid 2196257] [client 34.10.180.98:20481] AH01964: Connection to child 34 established (server 2blog.ilc.edu.tw:443)
[Wed Aug 26 01:57:09.895767 2026] [ssl:info] [pid 2196257:tid 2196257] (70014)End of file found: [client 34.10.180.98:20481] AH02006: SSL handshake stopped: connection was closed
[Wed Aug 26 01:57:09.895775 2026] [ssl:info] [pid 2196257:tid 2196257] [client 34.10.180.98:20481] AH01998: Connection closed to child 34 with abortive shutdown (server 2blog.ilc.edu.tw:443)
[Wed Aug 26 01:57:09.907893 2026] [deflate:debug] [pid 2196239:tid 2196239] mod_deflate.c(909): [client 216.73.216.242:48727] AH01384: Zlib: Compressed 2842 to 1275 : URL /index.php
[Wed Aug 26 01:57:09.964398 2026] [ssl:debug] [pid 2196246:tid 2196246] ssl_engine_kernel.c(254): [client 216.73.216.242:65218] AH02034: Subsequent (No.20) HTTPS request received for child 25 (server 2blog.ilc.edu.tw:443)
[Wed Aug 26 01:57:09.964578 2026] [authz_core:debug] [pid 2196246:tid 2196246] mod_authz_core.c(815): [client 216.73.216.242:65218] AH01626: authorization result of Require all granted: granted
[Wed Aug 26 01:57:09.964583 2026] [authz_core:debug] [pid 2196246:tid 2196246] mod_authz_core.c(815): [client 216.73.216.242:65218] AH01626: authorization result of : granted
[Wed Aug 26 01:57:09.964695 2026] [authz_core:debug] [pid 2196246:tid 2196246] mod_authz_core.c(815): [client 216.73.216.242:65218] AH01626: authorization result of Require all granted: granted
[Wed Aug 26 01:57:09.964698 2026] [authz_core:debug] [pid 2196246:tid 2196246] mod_authz_core.c(815): [client 216.73.216.242:65218] AH01626: authorization result of : granted
[Wed Aug 26 01:57:10.037128 2026] [ssl:debug] [pid 2196141:tid 2196141] ssl_engine_io.c(1150): [client 216.73.216.242:27672] AH02001: Connection closed to child 10 with standard shutdown (server 2blog.ilc.edu.tw:443)
[Wed Aug 26 01:57:10.045600 2026] [ssl:debug] [pid 2196244:tid 2196244] ssl_engine_kernel.c(254): [client 216.73.216.242:2282] AH02034: Subsequent (No.7) HTTPS request received for child 23 (server 2blog.ilc.edu.tw:443)
[Wed Aug 26 01:57:10.045804 2026] [authz_core:debug] [pid 2196244:tid 2196244] mod_authz_core.c(815): [client 216.73.216.242:2282] AH01626: authorization result of Require all granted: granted
[Wed Aug 26 01:57:10.045812 2026] [authz_core:debug] [pid 2196244:tid 2196244] mod_authz_core.c(815): [client 216.73.216.242:2282] AH01626: authorization result of : granted
[Wed Aug 26 01:57:10.045954 2026] [authz_core:debug] [pid 2196244:tid 2196244] mod_authz_core.c(815): [client 216.73.216.242:2282] AH01626: authorization result of Require all granted: granted
[Wed Aug 26 01:57:10.045959 2026] [authz_core:debug] [pid 2196244:tid 2196244] mod_authz_core.c(815): [client 216.73.216.242:2282] AH01626: authorization result of : granted
[Wed Aug 26 01:57:10.049606 2026] [ssl:debug] [pid 2196235:tid 2196235] ssl_engine_kernel.c(2082): [client 54.84.250.51:39920] AH02041: Protocol: TLSv1.3, Cipher: TLS_AES_256_GCM_SHA384 (256/256 bits)
[Wed Aug 26 01:57:10.049668 2026] [socache_shmcb:debug] [pid 2196235:tid 2196235] mod_socache_shmcb.c(508): AH00831: socache_shmcb_store (0xe3 -> subcache 3)
[Wed Aug 26 01:57:10.049682 2026] [socache_shmcb:debug] [pid 2196235:tid 2196235] mod_socache_shmcb.c(745): AH00842: expiring 3 and reclaiming 0 removed socache entries
[Wed Aug 26 01:57:10.049685 2026] [socache_shmcb:debug] [pid 2196235:tid 2196235] mod_socache_shmcb.c(765): AH00843: we now have 35 socache entries
[Wed Aug 26 01:57:10.049687 2026] [socache_shmcb:debug] [pid 2196235:tid 2196235] mod_socache_shmcb.c(860): AH00847: insert happened at idx=61, data=(3888:3920)
[Wed Aug 26 01:57:10.049689 2026] [socache_shmcb:debug] [pid 2196235:tid 2196235] mod_socache_shmcb.c(863): AH00848: finished insert, subcache: idx_pos/idx_used=26/36, data_pos/data_used=9975/7990
[Wed Aug 26 01:57:10.049691 2026] [socache_shmcb:debug] [pid 2196235:tid 2196235] mod_socache_shmcb.c(530): AH00834: leaving socache_shmcb_store successfully
[Wed Aug 26 01:57:10.049737 2026] [socache_shmcb:debug] [pid 2196235:tid 2196235] mod_socache_shmcb.c(508): AH00831: socache_shmcb_store (0x66 -> subcache 6)
[Wed Aug 26 01:57:10.049752 2026] [socache_shmcb:debug] [pid 2196235:tid 2196235] mod_socache_shmcb.c(745): AH00842: expiring 1 and reclaiming 0 removed socache entries
[Wed Aug 26 01:57:10.049754 2026] [socache_shmcb:debug] [pid 2196235:tid 2196235] mod_socache_shmcb.c(765): AH00843: we now have 38 socache entries
[Wed Aug 26 01:57:10.049756 2026] [socache_shmcb:debug] [pid 2196235:tid 2196235] mod_socache_shmcb.c(860): AH00847: insert happened at idx=21, data=(449:481)
[Wed Aug 26 01:57:10.049758 2026] [socache_shmcb:debug] [pid 2196235:tid 2196235] mod_socache_shmcb.c(863): AH00848: finished insert, subcache: idx_pos/idx_used=71/39, data_pos/data_used=5881/8646
[Wed Aug 26 01:57:10.049759 2026] [socache_shmcb:debug] [pid 2196235:tid 2196235] mod_socache_shmcb.c(530): AH00834: leaving socache_shmcb_store successfully
[Wed Aug 26 01:57:10.049872 2026] [ssl:debug] [pid 2196235:tid 2196235] ssl_engine_kernel.c(254): [client 54.84.250.51:39920] AH02034: Initial (No.1) HTTPS request received for child 7 (server 2blog.ilc.edu.tw:443)
[Wed Aug 26 01:57:10.050056 2026] [authz_core:debug] [pid 2196235:tid 2196235] mod_authz_core.c(815): [client 54.84.250.51:39920] AH01626: authorization result of Require all granted: granted
[Wed Aug 26 01:57:10.050063 2026] [authz_core:debug] [pid 2196235:tid 2196235] mod_authz_core.c(815): [client 54.84.250.51:39920] AH01626: authorization result of : granted
[Wed Aug 26 01:57:10.052010 2026] [authz_core:debug] [pid 2196235:tid 2196235] mod_authz_core.c(815): [client 54.84.250.51:39920] AH01626: authorization result of Require all granted: granted
[Wed Aug 26 01:57:10.052032 2026] [authz_core:debug] [pid 2196235:tid 2196235] mod_authz_core.c(815): [client 54.84.250.51:39920] AH01626: authorization result of : granted
[Wed Aug 26 01:57:10.080636 2026] [ssl:debug] [pid 2196235:tid 2196235] ssl_engine_io.c(1150): [client 54.84.250.51:39920] AH02001: Connection closed to child 7 with standard shutdown (server 2blog.ilc.edu.tw:443)
[Wed Aug 26 01:57:10.148727 2026] [ssl:debug] [pid 2196243:tid 2196243] ssl_engine_kernel.c(254): [client 216.73.216.242:40951] AH02034: Subsequent (No.17) HTTPS request received for child 22 (server 2blog.ilc.edu.tw:443)
[Wed Aug 26 01:57:10.148928 2026] [authz_core:debug] [pid 2196243:tid 2196243] mod_authz_core.c(815): [client 216.73.216.242:40951] AH01626: authorization result of Require all granted: granted
[Wed Aug 26 01:57:10.148935 2026] [authz_core:debug] [pid 2196243:tid 2196243] mod_authz_core.c(815): [client 216.73.216.242:40951] AH01626: authorization result of : granted
[Wed Aug 26 01:57:10.149075 2026] [authz_core:debug] [pid 2196243:tid 2196243] mod_authz_core.c(815): [client 216.73.216.242:40951] AH01626: authorization result of Require all granted: granted
[Wed Aug 26 01:57:10.149079 2026] [authz_core:debug] [pid 2196243:tid 2196243] mod_authz_core.c(815): [client 216.73.216.242:40951] AH01626: authorization result of : granted
[Wed Aug 26 01:57:10.207477 2026] [headers:debug] [pid 2195324:tid 2195324] mod_headers.c(900): AH01503: headers: ap_headers_error_filter()
[Wed Aug 26 01:57:10.238861 2026] [ssl:debug] [pid 2196245:tid 2196245] ssl_engine_kernel.c(254): [client 216.73.216.242:1577] AH02034: Subsequent (No.13) HTTPS request received for child 24 (server 2blog.ilc.edu.tw:443)
[Wed Aug 26 01:57:10.239106 2026] [authz_core:debug] [pid 2196245:tid 2196245] mod_authz_core.c(815): [client 216.73.216.242:1577] AH01626: authorization result of Require all granted: granted
[Wed Aug 26 01:57:10.239114 2026] [authz_core:debug] [pid 2196245:tid 2196245] mod_authz_core.c(815): [client 216.73.216.242:1577] AH01626: authorization result of : granted
[Wed Aug 26 01:57:10.239298 2026] [authz_core:debug] [pid 2196245:tid 2196245] mod_authz_core.c(815): [client 216.73.216.242:1577] AH01626: authorization result of Require all granted: granted
[Wed Aug 26 01:57:10.239304 2026] [authz_core:debug] [pid 2196245:tid 2196245] mod_authz_core.c(815): [client 216.73.216.242:1577] AH01626: authorization result of : granted
[Wed Aug 26 01:57:10.320971 2026] [ssl:debug] [pid 2196239:tid 2196239] ssl_engine_kernel.c(254): [client 216.73.216.242:48727] AH02034: Subsequent (No.24) HTTPS request received for child 9 (server 2blog.ilc.edu.tw:443)
[Wed Aug 26 01:57:10.321173 2026] [authz_core:debug] [pid 2196239:tid 2196239] mod_authz_core.c(815): [client 216.73.216.242:48727] AH01626: authorization result of Require all granted: granted
[Wed Aug 26 01:57:10.321178 2026] [authz_core:debug] [pid 2196239:tid 2196239] mod_authz_core.c(815): [client 216.73.216.242:48727] AH01626: authorization result of : granted
[Wed Aug 26 01:57:10.321294 2026] [authz_core:debug] [pid 2196239:tid 2196239] mod_authz_core.c(815): [client 216.73.216.242:48727] AH01626: authorization result of Require all granted: granted
[Wed Aug 26 01:57:10.321297 2026] [authz_core:debug] [pid 2196239:tid 2196239] mod_authz_core.c(815): [client 216.73.216.242:48727] AH01626: authorization result of : granted
[Wed Aug 26 01:57:10.411420 2026] [ssl:debug] [pid 2196205:tid 2196205] ssl_engine_kernel.c(254): [client 216.73.216.242:12307] AH02034: Subsequent (No.24) HTTPS request received for child 14 (server 2blog.ilc.edu.tw:443)
[Wed Aug 26 01:57:10.411671 2026] [authz_core:debug] [pid 2196205:tid 2196205] mod_authz_core.c(815): [client 216.73.216.242:12307] AH01626: authorization result of Require all granted: granted
[Wed Aug 26 01:57:10.411683 2026] [authz_core:debug] [pid 2196205:tid 2196205] mod_authz_core.c(815): [client 216.73.216.242:12307] AH01626: authorization result of : granted
[Wed Aug 26 01:57:10.411874 2026] [authz_core:debug] [pid 2196205:tid 2196205] mod_authz_core.c(815): [client 216.73.216.242:12307] AH01626: authorization result of Require all granted: granted
[Wed Aug 26 01:57:10.411880 2026] [authz_core:debug] [pid 2196205:tid 2196205] mod_authz_core.c(815): [client 216.73.216.242:12307] AH01626: authorization result of : granted
[Wed Aug 26 01:57:10.514011 2026] [ssl:debug] [pid 2196219:tid 2196219] ssl_engine_kernel.c(254): [client 216.73.216.242:64722] AH02034: Subsequent (No.16) HTTPS request received for child 17 (server 2blog.ilc.edu.tw:443)
[Wed Aug 26 01:57:10.514207 2026] [authz_core:debug] [pid 2196219:tid 2196219] mod_authz_core.c(815): [client 216.73.216.242:64722] AH01626: authorization result of Require all granted: granted
[Wed Aug 26 01:57:10.514212 2026] [authz_core:debug] [pid 2196219:tid 2196219] mod_authz_core.c(815): [client 216.73.216.242:64722] AH01626: authorization result of : granted
[Wed Aug 26 01:57:10.514330 2026] [authz_core:debug] [pid 2196219:tid 2196219] mod_authz_core.c(815): [client 216.73.216.242:64722] AH01626: authorization result of Require all granted: granted
[Wed Aug 26 01:57:10.514333 2026] [authz_core:debug] [pid 2196219:tid 2196219] mod_authz_core.c(815): [client 216.73.216.242:64722] AH01626: authorization result of : granted
[Wed Aug 26 01:57:10.516127 2026] [ssl:info] [pid 2196260:tid 2196260] [client 140.111.67.10:43120] AH01964: Connection to child 37 established (server 2blog.ilc.edu.tw:443)
[Wed Aug 26 01:57:10.516341 2026] [ssl:info] [pid 2196260:tid 2196260] (70014)End of file found: [client 140.111.67.10:43120] AH02006: SSL handshake stopped: connection was closed
[Wed Aug 26 01:57:10.516351 2026] [ssl:info] [pid 2196260:tid 2196260] [client 140.111.67.10:43120] AH01998: Connection closed to child 37 with abortive shutdown (server 2blog.ilc.edu.tw:443)
[Wed Aug 26 01:57:10.593994 2026] [ssl:debug] [pid 2196244:tid 2196244] ssl_engine_kernel.c(254): [client 216.73.216.242:2282] AH02034: Subsequent (No.8) HTTPS request received for child 23 (server 2blog.ilc.edu.tw:443)
[Wed Aug 26 01:57:10.594175 2026] [authz_core:debug] [pid 2196244:tid 2196244] mod_authz_core.c(815): [client 216.73.216.242:2282] AH01626: authorization result of Require all granted: granted
[Wed Aug 26 01:57:10.594181 2026] [authz_core:debug] [pid 2196244:tid 2196244] mod_authz_core.c(815): [client 216.73.216.242:2282] AH01626: authorization result of : granted
[Wed Aug 26 01:57:10.594295 2026] [authz_core:debug] [pid 2196244:tid 2196244] mod_authz_core.c(815): [client 216.73.216.242:2282] AH01626: authorization result of Require all granted: granted
[Wed Aug 26 01:57:10.594299 2026] [authz_core:debug] [pid 2196244:tid 2196244] mod_authz_core.c(815): [client 216.73.216.242:2282] AH01626: authorization result of : granted
[Wed Aug 26 01:57:10.695979 2026] [ssl:debug] [pid 2196243:tid 2196243] ssl_engine_kernel.c(254): [client 216.73.216.242:40951] AH02034: Subsequent (No.18) HTTPS request received for child 22 (server 2blog.ilc.edu.tw:443)
[Wed Aug 26 01:57:10.696229 2026] [authz_core:debug] [pid 2196243:tid 2196243] mod_authz_core.c(815): [client 216.73.216.242:40951] AH01626: authorization result of Require all granted: granted
[Wed Aug 26 01:57:10.696236 2026] [authz_core:debug] [pid 2196243:tid 2196243] mod_authz_core.c(815): [client 216.73.216.242:40951] AH01626: authorization result of : granted
[Wed Aug 26 01:57:10.696406 2026] [authz_core:debug] [pid 2196243:tid 2196243] mod_authz_core.c(815): [client 216.73.216.242:40951] AH01626: authorization result of Require all granted: granted
[Wed Aug 26 01:57:10.696412 2026] [authz_core:debug] [pid 2196243:tid 2196243] mod_authz_core.c(815): [client 216.73.216.242:40951] AH01626: authorization result of : granted
[Wed Aug 26 01:57:10.707537 2026] [ssl:debug] [pid 2196242:tid 2196242] ssl_engine_io.c(1150): [client 216.73.216.242:43642] AH02001: Connection closed to child 21 with standard shutdown (server 2blog.ilc.edu.tw:443)
[Wed Aug 26 01:57:10.717992 2026] [ssl:debug] [pid 2191546:tid 2191546] ssl_engine_io.c(1150): [client 216.73.216.242:1634] AH02001: Connection closed to child 1 with standard shutdown (server 2blog.ilc.edu.tw:443)
[Wed Aug 26 01:57:10.786444 2026] [ssl:debug] [pid 2196246:tid 2196246] ssl_engine_kernel.c(254): [client 216.73.216.242:65218] AH02034: Subsequent (No.21) HTTPS request received for child 25 (server 2blog.ilc.edu.tw:443)
[Wed Aug 26 01:57:10.786695 2026] [authz_core:debug] [pid 2196246:tid 2196246] mod_authz_core.c(815): [client 216.73.216.242:65218] AH01626: authorization result of Require all granted: granted
[Wed Aug 26 01:57:10.786704 2026] [authz_core:debug] [pid 2196246:tid 2196246] mod_authz_core.c(815): [client 216.73.216.242:65218] AH01626: authorization result of : granted
[Wed Aug 26 01:57:10.786894 2026] [authz_core:debug] [pid 2196246:tid 2196246] mod_authz_core.c(815): [client 216.73.216.242:65218] AH01626: authorization result of Require all granted: granted
[Wed Aug 26 01:57:10.786901 2026] [authz_core:debug] [pid 2196246:tid 2196246] mod_authz_core.c(815): [client 216.73.216.242:65218] AH01626: authorization result of : granted
[Wed Aug 26 01:57:10.810274 2026] [deflate:debug] [pid 2196219:tid 2196219] mod_deflate.c(909): [client 216.73.216.242:64722] AH01384: Zlib: Compressed 2853 to 1291 : URL /index.php
[Wed Aug 26 01:57:10.867445 2026] [ssl:debug] [pid 2196239:tid 2196239] ssl_engine_kernel.c(254): [client 216.73.216.242:48727] AH02034: Subsequent (No.25) HTTPS request received for child 9 (server 2blog.ilc.edu.tw:443)
[Wed Aug 26 01:57:10.867690 2026] [authz_core:debug] [pid 2196239:tid 2196239] mod_authz_core.c(815): [client 216.73.216.242:48727] AH01626: authorization result of Require all granted: granted
[Wed Aug 26 01:57:10.867700 2026] [authz_core:debug] [pid 2196239:tid 2196239] mod_authz_core.c(815): [client 216.73.216.242:48727] AH01626: authorization result of : granted
[Wed Aug 26 01:57:10.867888 2026] [authz_core:debug] [pid 2196239:tid 2196239] mod_authz_core.c(815): [client 216.73.216.242:48727] AH01626: authorization result of Require all granted: granted
[Wed Aug 26 01:57:10.867897 2026] [authz_core:debug] [pid 2196239:tid 2196239] mod_authz_core.c(815): [client 216.73.216.242:48727] AH01626: authorization result of : granted
[Wed Aug 26 01:57:10.958821 2026] [ssl:debug] [pid 2196205:tid 2196205] ssl_engine_kernel.c(254): [client 216.73.216.242:12307] AH02034: Subsequent (No.25) HTTPS request received for child 14 (server 2blog.ilc.edu.tw:443)
[Wed Aug 26 01:57:10.959011 2026] [authz_core:debug] [pid 2196205:tid 2196205] mod_authz_core.c(815): [client 216.73.216.242:12307] AH01626: authorization result of Require all granted: granted
[Wed Aug 26 01:57:10.959016 2026] [authz_core:debug] [pid 2196205:tid 2196205] mod_authz_core.c(815): [client 216.73.216.242:12307] AH01626: authorization result of : granted
[Wed Aug 26 01:57:10.959167 2026] [authz_core:debug] [pid 2196205:tid 2196205] mod_authz_core.c(815): [client 216.73.216.242:12307] AH01626: authorization result of Require all granted: granted
[Wed Aug 26 01:57:10.959172 2026] [authz_core:debug] [pid 2196205:tid 2196205] mod_authz_core.c(815): [client 216.73.216.242:12307] AH01626: authorization result of : granted
[Wed Aug 26 01:57:11.061543 2026] [ssl:debug] [pid 2196219:tid 2196219] ssl_engine_kernel.c(254): [client 216.73.216.242:64722] AH02034: Subsequent (No.17) HTTPS request received for child 17 (server 2blog.ilc.edu.tw:443)
[Wed Aug 26 01:57:11.061745 2026] [authz_core:debug] [pid 2196219:tid 2196219] mod_authz_core.c(815): [client 216.73.216.242:64722] AH01626: authorization result of Require all granted: granted
[Wed Aug 26 01:57:11.061751 2026] [authz_core:debug] [pid 2196219:tid 2196219] mod_authz_core.c(815): [client 216.73.216.242:64722] AH01626: authorization result of : granted
[Wed Aug 26 01:57:11.061870 2026] [authz_core:debug] [pid 2196219:tid 2196219] mod_authz_core.c(815): [client 216.73.216.242:64722] AH01626: authorization result of Require all granted: granted
[Wed Aug 26 01:57:11.061874 2026] [authz_core:debug] [pid 2196219:tid 2196219] mod_authz_core.c(815): [client 216.73.216.242:64722] AH01626: authorization result of : granted
[Wed Aug 26 01:57:11.150632 2026] [ssl:debug] [pid 2196244:tid 2196244] ssl_engine_kernel.c(254): [client 216.73.216.242:2282] AH02034: Subsequent (No.9) HTTPS request received for child 23 (server 2blog.ilc.edu.tw:443)
[Wed Aug 26 01:57:11.150842 2026] [authz_core:debug] [pid 2196244:tid 2196244] mod_authz_core.c(815): [client 216.73.216.242:2282] AH01626: authorization result of Require all granted: granted
[Wed Aug 26 01:57:11.150848 2026] [authz_core:debug] [pid 2196244:tid 2196244] mod_authz_core.c(815): [client 216.73.216.242:2282] AH01626: authorization result of : granted
[Wed Aug 26 01:57:11.150993 2026] [authz_core:debug] [pid 2196244:tid 2196244] mod_authz_core.c(815): [client 216.73.216.242:2282] AH01626: authorization result of Require all granted: granted
[Wed Aug 26 01:57:11.151000 2026] [authz_core:debug] [pid 2196244:tid 2196244] mod_authz_core.c(815): [client 216.73.216.242:2282] AH01626: authorization result of : granted
[Wed Aug 26 01:57:11.232114 2026] [ssl:info] [pid 2191547:tid 2191547] (70014)End of file found: [client 66.249.71.37:55406] AH01992: SSL library error 6 reading data
[Wed Aug 26 01:57:11.232200 2026] [ssl:debug] [pid 2191547:tid 2191547] ssl_engine_io.c(1150): [client 66.249.71.37:55406] AH02001: Connection closed to child 3 with standard shutdown (server 2blog.ilc.edu.tw:443)
[Wed Aug 26 01:57:11.261691 2026] [ssl:debug] [pid 2196243:tid 2196243] ssl_engine_kernel.c(254): [client 216.73.216.242:40951] AH02034: Subsequent (No.19) HTTPS request received for child 22 (server 2blog.ilc.edu.tw:443)
[Wed Aug 26 01:57:11.261889 2026] [authz_core:debug] [pid 2196243:tid 2196243] mod_authz_core.c(815): [client 216.73.216.242:40951] AH01626: authorization result of Require all granted: granted
[Wed Aug 26 01:57:11.261894 2026] [authz_core:debug] [pid 2196243:tid 2196243] mod_authz_core.c(815): [client 216.73.216.242:40951] AH01626: authorization result of : granted
[Wed Aug 26 01:57:11.262041 2026] [authz_core:debug] [pid 2196243:tid 2196243] mod_authz_core.c(815): [client 216.73.216.242:40951] AH01626: authorization result of Require all granted: granted
[Wed Aug 26 01:57:11.262048 2026] [authz_core:debug] [pid 2196243:tid 2196243] mod_authz_core.c(815): [client 216.73.216.242:40951] AH01626: authorization result of : granted
[Wed Aug 26 01:57:11.351610 2026] [ssl:debug] [pid 2196245:tid 2196245] ssl_engine_kernel.c(254): [client 216.73.216.242:1577] AH02034: Subsequent (No.14) HTTPS request received for child 24 (server 2blog.ilc.edu.tw:443)
[Wed Aug 26 01:57:11.351797 2026] [authz_core:debug] [pid 2196245:tid 2196245] mod_authz_core.c(815): [client 216.73.216.242:1577] AH01626: authorization result of Require all granted: granted
[Wed Aug 26 01:57:11.351802 2026] [authz_core:debug] [pid 2196245:tid 2196245] mod_authz_core.c(815): [client 216.73.216.242:1577] AH01626: authorization result of : granted
[Wed Aug 26 01:57:11.351960 2026] [authz_core:debug] [pid 2196245:tid 2196245] mod_authz_core.c(815): [client 216.73.216.242:1577] AH01626: authorization result of Require all granted: granted
[Wed Aug 26 01:57:11.351967 2026] [authz_core:debug] [pid 2196245:tid 2196245] mod_authz_core.c(815): [client 216.73.216.242:1577] AH01626: authorization result of : granted
[Wed Aug 26 01:57:11.433057 2026] [ssl:debug] [pid 2196239:tid 2196239] ssl_engine_kernel.c(254): [client 216.73.216.242:48727] AH02034: Subsequent (No.26) HTTPS request received for child 9 (server 2blog.ilc.edu.tw:443)
[Wed Aug 26 01:57:11.433290 2026] [authz_core:debug] [pid 2196239:tid 2196239] mod_authz_core.c(815): [client 216.73.216.242:48727] AH01626: authorization result of Require all granted: granted
[Wed Aug 26 01:57:11.433298 2026] [authz_core:debug] [pid 2196239:tid 2196239] mod_authz_core.c(815): [client 216.73.216.242:48727] AH01626: authorization result of : granted
[Wed Aug 26 01:57:11.433464 2026] [authz_core:debug] [pid 2196239:tid 2196239] mod_authz_core.c(815): [client 216.73.216.242:48727] AH01626: authorization result of Require all granted: granted
[Wed Aug 26 01:57:11.433471 2026] [authz_core:debug] [pid 2196239:tid 2196239] mod_authz_core.c(815): [client 216.73.216.242:48727] AH01626: authorization result of : granted
[Wed Aug 26 01:57:11.524600 2026] [ssl:debug] [pid 2196205:tid 2196205] ssl_engine_kernel.c(254): [client 216.73.216.242:12307] AH02034: Subsequent (No.26) HTTPS request received for child 14 (server 2blog.ilc.edu.tw:443)
[Wed Aug 26 01:57:11.524778 2026] [authz_core:debug] [pid 2196205:tid 2196205] mod_authz_core.c(815): [client 216.73.216.242:12307] AH01626: authorization result of Require all granted: granted
[Wed Aug 26 01:57:11.524783 2026] [authz_core:debug] [pid 2196205:tid 2196205] mod_authz_core.c(815): [client 216.73.216.242:12307] AH01626: authorization result of : granted
[Wed Aug 26 01:57:11.524895 2026] [authz_core:debug] [pid 2196205:tid 2196205] mod_authz_core.c(815): [client 216.73.216.242:12307] AH01626: authorization result of Require all granted: granted
[Wed Aug 26 01:57:11.524898 2026] [authz_core:debug] [pid 2196205:tid 2196205] mod_authz_core.c(815): [client 216.73.216.242:12307] AH01626: authorization result of : granted
[Wed Aug 26 01:57:11.534256 2026] [authz_core:debug] [pid 2196259:tid 2196259] mod_authz_core.c(815): [client 3.93.98.99:35880] AH01626: authorization result of Require all granted: granted
[Wed Aug 26 01:57:11.534299 2026] [authz_core:debug] [pid 2196259:tid 2196259] mod_authz_core.c(815): [client 3.93.98.99:35880] AH01626: authorization result of : granted
[Wed Aug 26 01:57:11.535855 2026] [authz_core:debug] [pid 2196259:tid 2196259] mod_authz_core.c(815): [client 3.93.98.99:35880] AH01626: authorization result of Require all granted: granted
[Wed Aug 26 01:57:11.535868 2026] [authz_core:debug] [pid 2196259:tid 2196259] mod_authz_core.c(815): [client 3.93.98.99:35880] AH01626: authorization result of : granted
[Wed Aug 26 01:57:11.536315 2026] [deflate:debug] [pid 2196259:tid 2196259] mod_deflate.c(909): [client 3.93.98.99:35880] AH01384: Zlib: Compressed 800 to 383 : URL /wp-content/uploads/sites/3342/2022/03/
[Wed Aug 26 01:57:11.547728 2026] [deflate:debug] [pid 2196243:tid 2196243] mod_deflate.c(909): [client 216.73.216.242:40951] AH01384: Zlib: Compressed 2855 to 1291 : URL /index.php
[Wed Aug 26 01:57:11.557131 2026] [ssl:info] [pid 2196262:tid 2196262] [client 34.123.149.87:25600] AH01964: Connection to child 40 established (server 2blog.ilc.edu.tw:443)
[Wed Aug 26 01:57:11.557314 2026] [ssl:debug] [pid 2196262:tid 2196262] ssl_engine_kernel.c(2222): [client 34.123.149.87:25600] AH02043: SSL virtual host for servername 2blog.ilc.edu.tw found
[Wed Aug 26 01:57:11.557375 2026] [core:debug] [pid 2196262:tid 2196262] protocol.c(2460): [client 34.123.149.87:25600] AH03155: select protocol from , choices=http/1.1 for server 2blog.ilc.edu.tw
[Wed Aug 26 01:57:11.608147 2026] [deflate:debug] [pid 2196239:tid 2196239] mod_deflate.c(909): [client 216.73.216.242:48727] AH01384: Zlib: Compressed 93193 to 25648 : URL /index.php
[Wed Aug 26 01:57:11.623833 2026] [ssl:info] [pid 2196227:tid 2196227] [client 34.10.180.98:14848] AH01964: Connection to child 20 established (server 2blog.ilc.edu.tw:443)
[Wed Aug 26 01:57:11.624052 2026] [ssl:info] [pid 2196227:tid 2196227] (70014)End of file found: [client 34.10.180.98:14848] AH02006: SSL handshake stopped: connection was closed
[Wed Aug 26 01:57:11.624061 2026] [ssl:info] [pid 2196227:tid 2196227] [client 34.10.180.98:14848] AH01998: Connection closed to child 20 with abortive shutdown (server 2blog.ilc.edu.tw:443)
[Wed Aug 26 01:57:11.628866 2026] [ssl:debug] [pid 2196219:tid 2196219] ssl_engine_kernel.c(254): [client 216.73.216.242:64722] AH02034: Subsequent (No.18) HTTPS request received for child 17 (server 2blog.ilc.edu.tw:443)
[Wed Aug 26 01:57:11.629120 2026] [authz_core:debug] [pid 2196219:tid 2196219] mod_authz_core.c(815): [client 216.73.216.242:64722] AH01626: authorization result of Require all granted: granted
[Wed Aug 26 01:57:11.629130 2026] [authz_core:debug] [pid 2196219:tid 2196219] mod_authz_core.c(815): [client 216.73.216.242:64722] AH01626: authorization result of : granted
[Wed Aug 26 01:57:11.629300 2026] [authz_core:debug] [pid 2196219:tid 2196219] mod_authz_core.c(815): [client 216.73.216.242:64722] AH01626: authorization result of Require all granted: granted
[Wed Aug 26 01:57:11.629308 2026] [authz_core:debug] [pid 2196219:tid 2196219] mod_authz_core.c(815): [client 216.73.216.242:64722] AH01626: authorization result of : granted
[Wed Aug 26 01:57:11.708334 2026] [ssl:debug] [pid 2196244:tid 2196244] ssl_engine_kernel.c(254): [client 216.73.216.242:2282] AH02034: Subsequent (No.10) HTTPS request received for child 23 (server 2blog.ilc.edu.tw:443)
[Wed Aug 26 01:57:11.708558 2026] [authz_core:debug] [pid 2196244:tid 2196244] mod_authz_core.c(815): [client 216.73.216.242:2282] AH01626: authorization result of Require all granted: granted
[Wed Aug 26 01:57:11.708567 2026] [authz_core:debug] [pid 2196244:tid 2196244] mod_authz_core.c(815): [client 216.73.216.242:2282] AH01626: authorization result of : granted
[Wed Aug 26 01:57:11.708716 2026] [authz_core:debug] [pid 2196244:tid 2196244] mod_authz_core.c(815): [client 216.73.216.242:2282] AH01626: authorization result of Require all granted: granted
[Wed Aug 26 01:57:11.708727 2026] [authz_core:debug] [pid 2196244:tid 2196244] mod_authz_core.c(815): [client 216.73.216.242:2282] AH01626: authorization result of : granted
[Wed Aug 26 01:57:11.810273 2026] [ssl:debug] [pid 2196243:tid 2196243] ssl_engine_kernel.c(254): [client 216.73.216.242:40951] AH02034: Subsequent (No.20) HTTPS request received for child 22 (server 2blog.ilc.edu.tw:443)
[Wed Aug 26 01:57:11.810482 2026] [authz_core:debug] [pid 2196243:tid 2196243] mod_authz_core.c(815): [client 216.73.216.242:40951] AH01626: authorization result of Require all granted: granted
[Wed Aug 26 01:57:11.810492 2026] [authz_core:debug] [pid 2196243:tid 2196243] mod_authz_core.c(815): [client 216.73.216.242:40951] AH01626: authorization result of : granted
[Wed Aug 26 01:57:11.810630 2026] [authz_core:debug] [pid 2196243:tid 2196243] mod_authz_core.c(815): [client 216.73.216.242:40951] AH01626: authorization result of Require all granted: granted
[Wed Aug 26 01:57:11.810637 2026] [authz_core:debug] [pid 2196243:tid 2196243] mod_authz_core.c(815): [client 216.73.216.242:40951] AH01626: authorization result of : granted
[Wed Aug 26 01:57:11.900691 2026] [ssl:debug] [pid 2196246:tid 2196246] ssl_engine_kernel.c(254): [client 216.73.216.242:65218] AH02034: Subsequent (No.22) HTTPS request received for child 25 (server 2blog.ilc.edu.tw:443)
[Wed Aug 26 01:57:11.900933 2026] [authz_core:debug] [pid 2196246:tid 2196246] mod_authz_core.c(815): [client 216.73.216.242:65218] AH01626: authorization result of Require all granted: granted
[Wed Aug 26 01:57:11.900940 2026] [authz_core:debug] [pid 2196246:tid 2196246] mod_authz_core.c(815): [client 216.73.216.242:65218] AH01626: authorization result of : granted
[Wed Aug 26 01:57:11.901115 2026] [authz_core:debug] [pid 2196246:tid 2196246] mod_authz_core.c(815): [client 216.73.216.242:65218] AH01626: authorization result of Require all granted: granted
[Wed Aug 26 01:57:11.901121 2026] [authz_core:debug] [pid 2196246:tid 2196246] mod_authz_core.c(815): [client 216.73.216.242:65218] AH01626: authorization result of : granted
[Wed Aug 26 01:57:11.957205 2026] [ssl:debug] [pid 2196262:tid 2196262] ssl_engine_kernel.c(2082): [client 34.123.149.87:25600] AH02041: Protocol: TLSv1.3, Cipher: TLS_AES_256_GCM_SHA384 (256/256 bits)
[Wed Aug 26 01:57:11.957276 2026] [socache_shmcb:debug] [pid 2196262:tid 2196262] mod_socache_shmcb.c(508): AH00831: socache_shmcb_store (0xf4 -> subcache 20)
[Wed Aug 26 01:57:11.957301 2026] [socache_shmcb:debug] [pid 2196262:tid 2196262] mod_socache_shmcb.c(860): AH00847: insert happened at idx=7, data=(11778:11810)
[Wed Aug 26 01:57:11.957304 2026] [socache_shmcb:debug] [pid 2196262:tid 2196262] mod_socache_shmcb.c(863): AH00848: finished insert, subcache: idx_pos/idx_used=55/41, data_pos/data_used=2929/9075
[Wed Aug 26 01:57:11.957306 2026] [socache_shmcb:debug] [pid 2196262:tid 2196262] mod_socache_shmcb.c(530): AH00834: leaving socache_shmcb_store successfully
[Wed Aug 26 01:57:11.957358 2026] [socache_shmcb:debug] [pid 2196262:tid 2196262] mod_socache_shmcb.c(508): AH00831: socache_shmcb_store (0xec -> subcache 12)
[Wed Aug 26 01:57:11.957371 2026] [socache_shmcb:debug] [pid 2196262:tid 2196262] mod_socache_shmcb.c(860): AH00847: insert happened at idx=72, data=(6127:6159)
[Wed Aug 26 01:57:11.957373 2026] [socache_shmcb:debug] [pid 2196262:tid 2196262] mod_socache_shmcb.c(863): AH00848: finished insert, subcache: idx_pos/idx_used=38/35, data_pos/data_used=12489/7728
[Wed Aug 26 01:57:11.957375 2026] [socache_shmcb:debug] [pid 2196262:tid 2196262] mod_socache_shmcb.c(530): AH00834: leaving socache_shmcb_store successfully
[Wed Aug 26 01:57:11.981084 2026] [ssl:debug] [pid 2196247:tid 2196247] ssl_engine_io.c(1150): [client 34.30.223.149:13825] AH02001: Connection closed to child 26 with standard shutdown (server 2blog.ilc.edu.tw:443)
[Wed Aug 26 01:57:11.981244 2026] [ssl:debug] [pid 2196240:tid 2196240] ssl_engine_kernel.c(254): [client 216.73.216.242:37489] AH02034: Subsequent (No.18) HTTPS request received for child 18 (server 2blog.ilc.edu.tw:443)
[Wed Aug 26 01:57:11.981431 2026] [authz_core:debug] [pid 2196240:tid 2196240] mod_authz_core.c(815): [client 216.73.216.242:37489] AH01626: authorization result of Require all granted: granted
[Wed Aug 26 01:57:11.981436 2026] [authz_core:debug] [pid 2196240:tid 2196240] mod_authz_core.c(815): [client 216.73.216.242:37489] AH01626: authorization result of : granted
[Wed Aug 26 01:57:11.981564 2026] [authz_core:debug] [pid 2196240:tid 2196240] mod_authz_core.c(815): [client 216.73.216.242:37489] AH01626: authorization result of Require all granted: granted
[Wed Aug 26 01:57:11.981571 2026] [authz_core:debug] [pid 2196240:tid 2196240] mod_authz_core.c(815): [client 216.73.216.242:37489] AH01626: authorization result of : granted
[Wed Aug 26 01:57:11.989043 2026] [ssl:debug] [pid 2196262:tid 2196262] ssl_engine_kernel.c(254): [client 34.123.149.87:25600] AH02034: Initial (No.1) HTTPS request received for child 40 (server 2blog.ilc.edu.tw:443)
[Wed Aug 26 01:57:11.989201 2026] [authz_core:debug] [pid 2196262:tid 2196262] mod_authz_core.c(815): [client 34.123.149.87:25600] AH01626: authorization result of Require all granted: granted
[Wed Aug 26 01:57:11.989205 2026] [authz_core:debug] [pid 2196262:tid 2196262] mod_authz_core.c(815): [client 34.123.149.87:25600] AH01626: authorization result of : granted
[Wed Aug 26 01:57:11.989322 2026] [authz_core:debug] [pid 2196262:tid 2196262] mod_authz_core.c(815): [client 34.123.149.87:25600] AH01626: authorization result of Require all granted: granted
[Wed Aug 26 01:57:11.989326 2026] [authz_core:debug] [pid 2196262:tid 2196262] mod_authz_core.c(815): [client 34.123.149.87:25600] AH01626: authorization result of : granted
[Wed Aug 26 01:57:12.072838 2026] [ssl:debug] [pid 2196205:tid 2196205] ssl_engine_kernel.c(254): [client 216.73.216.242:12307] AH02034: Subsequent (No.27) HTTPS request received for child 14 (server 2blog.ilc.edu.tw:443)
[Wed Aug 26 01:57:12.073121 2026] [authz_core:debug] [pid 2196205:tid 2196205] mod_authz_core.c(815): [client 216.73.216.242:12307] AH01626: authorization result of Require all granted: granted
[Wed Aug 26 01:57:12.073132 2026] [authz_core:debug] [pid 2196205:tid 2196205] mod_authz_core.c(815): [client 216.73.216.242:12307] AH01626: authorization result of : granted
[Wed Aug 26 01:57:12.073324 2026] [authz_core:debug] [pid 2196205:tid 2196205] mod_authz_core.c(815): [client 216.73.216.242:12307] AH01626: authorization result of Require all granted: granted
[Wed Aug 26 01:57:12.073332 2026] [authz_core:debug] [pid 2196205:tid 2196205] mod_authz_core.c(815): [client 216.73.216.242:12307] AH01626: authorization result of : granted
[Wed Aug 26 01:57:12.093127 2026] [deflate:debug] [pid 2196243:tid 2196243] mod_deflate.c(909): [client 216.73.216.242:40951] AH01384: Zlib: Compressed 2861 to 1290 : URL /index.php
[Wed Aug 26 01:57:12.173909 2026] [ssl:debug] [pid 2196219:tid 2196219] ssl_engine_kernel.c(254): [client 216.73.216.242:64722] AH02034: Subsequent (No.19) HTTPS request received for child 17 (server 2blog.ilc.edu.tw:443)
[Wed Aug 26 01:57:12.174144 2026] [authz_core:debug] [pid 2196219:tid 2196219] mod_authz_core.c(815): [client 216.73.216.242:64722] AH01626: authorization result of Require all granted: granted
[Wed Aug 26 01:57:12.174151 2026] [authz_core:debug] [pid 2196219:tid 2196219] mod_authz_core.c(815): [client 216.73.216.242:64722] AH01626: authorization result of : granted
[Wed Aug 26 01:57:12.174281 2026] [authz_core:debug] [pid 2196219:tid 2196219] mod_authz_core.c(815): [client 216.73.216.242:64722] AH01626: authorization result of Require all granted: granted
[Wed Aug 26 01:57:12.174285 2026] [authz_core:debug] [pid 2196219:tid 2196219] mod_authz_core.c(815): [client 216.73.216.242:64722] AH01626: authorization result of : granted
[Wed Aug 26 01:57:12.189052 2026] [ssl:debug] [pid 2196232:tid 2196232] ssl_engine_io.c(1150): [client 216.73.216.242:26540] AH02001: Connection closed to child 5 with standard shutdown (server 2blog.ilc.edu.tw:443)
[Wed Aug 26 01:57:12.254435 2026] [ssl:debug] [pid 2196244:tid 2196244] ssl_engine_kernel.c(254): [client 216.73.216.242:2282] AH02034: Subsequent (No.11) HTTPS request received for child 23 (server 2blog.ilc.edu.tw:443)
[Wed Aug 26 01:57:12.254688 2026] [authz_core:debug] [pid 2196244:tid 2196244] mod_authz_core.c(815): [client 216.73.216.242:2282] AH01626: authorization result of Require all granted: granted
[Wed Aug 26 01:57:12.254699 2026] [authz_core:debug] [pid 2196244:tid 2196244] mod_authz_core.c(815): [client 216.73.216.242:2282] AH01626: authorization result of : granted
[Wed Aug 26 01:57:12.254889 2026] [authz_core:debug] [pid 2196244:tid 2196244] mod_authz_core.c(815): [client 216.73.216.242:2282] AH01626: authorization result of Require all granted: granted
[Wed Aug 26 01:57:12.254899 2026] [authz_core:debug] [pid 2196244:tid 2196244] mod_authz_core.c(815): [client 216.73.216.242:2282] AH01626: authorization result of : granted
[Wed Aug 26 01:57:12.360095 2026] [ssl:debug] [pid 2196243:tid 2196243] ssl_engine_kernel.c(254): [client 216.73.216.242:40951] AH02034: Subsequent (No.21) HTTPS request received for child 22 (server 2blog.ilc.edu.tw:443)
[Wed Aug 26 01:57:12.360353 2026] [authz_core:debug] [pid 2196243:tid 2196243] mod_authz_core.c(815): [client 216.73.216.242:40951] AH01626: authorization result of Require all granted: granted
[Wed Aug 26 01:57:12.360368 2026] [authz_core:debug] [pid 2196243:tid 2196243] mod_authz_core.c(815): [client 216.73.216.242:40951] AH01626: authorization result of : granted
[Wed Aug 26 01:57:12.360507 2026] [authz_core:debug] [pid 2196243:tid 2196243] mod_authz_core.c(815): [client 216.73.216.242:40951] AH01626: authorization result of Require all granted: granted
[Wed Aug 26 01:57:12.360511 2026] [authz_core:debug] [pid 2196243:tid 2196243] mod_authz_core.c(815): [client 216.73.216.242:40951] AH01626: authorization result of : granted
[Wed Aug 26 01:57:12.407682 2026] [deflate:debug] [pid 2196245:tid 2196245] mod_deflate.c(909): [client 216.73.216.242:1577] AH01384: Zlib: Compressed 17425 to 2782 : URL /index.php
