[Wed Aug 26 01:56:54.711752 2026] [ssl:debug] [pid 2196206:tid 2196206] ssl_engine_kernel.c(254): [client 2408:872f:c00:408::170:14718] AH02034: Subsequent (No.5) HTTPS request received for child 15 (server 2blog.ilc.edu.tw:443), referer: https://2blog.ilc.edu.tw/26150/2018/03/
[Wed Aug 26 01:56:54.711752 2026] [ssl:debug] [pid 2196234:tid 2196234] ssl_engine_kernel.c(254): [client 2408:872f:c00:408::170:14714] AH02034: Subsequent (No.4) HTTPS request received for child 6 (server 2blog.ilc.edu.tw:443), referer: https://2blog.ilc.edu.tw/26150/2018/03/
[Wed Aug 26 01:56:54.711978 2026] [authz_core:debug] [pid 2196234:tid 2196234] mod_authz_core.c(815): [client 2408:872f:c00:408::170:14714] AH01626: authorization result of Require all granted: granted, referer: https://2blog.ilc.edu.tw/26150/2018/03/
[Wed Aug 26 01:56:54.711978 2026] [authz_core:debug] [pid 2196206:tid 2196206] mod_authz_core.c(815): [client 2408:872f:c00:408::170:14718] AH01626: authorization result of Require all granted: granted, referer: https://2blog.ilc.edu.tw/26150/2018/03/
[Wed Aug 26 01:56:54.711985 2026] [authz_core:debug] [pid 2196234:tid 2196234] mod_authz_core.c(815): [client 2408:872f:c00:408::170:14714] AH01626: authorization result of : granted, referer: https://2blog.ilc.edu.tw/26150/2018/03/
[Wed Aug 26 01:56:54.711987 2026] [authz_core:debug] [pid 2196206:tid 2196206] mod_authz_core.c(815): [client 2408:872f:c00:408::170:14718] AH01626: authorization result of : granted, referer: https://2blog.ilc.edu.tw/26150/2018/03/
[Wed Aug 26 01:56:54.712196 2026] [authz_core:debug] [pid 2196206:tid 2196206] mod_authz_core.c(815): [client 2408:872f:c00:408::170:14718] AH01626: authorization result of Require all granted: granted, referer: https://2blog.ilc.edu.tw/26150/2018/03/
[Wed Aug 26 01:56:54.712204 2026] [authz_core:debug] [pid 2196206:tid 2196206] mod_authz_core.c(815): [client 2408:872f:c00:408::170:14718] AH01626: authorization result of : granted, referer: https://2blog.ilc.edu.tw/26150/2018/03/
[Wed Aug 26 01:56:54.712206 2026] [authz_core:debug] [pid 2196234:tid 2196234] mod_authz_core.c(815): [client 2408:872f:c00:408::170:14714] AH01626: authorization result of Require all granted: granted, referer: https://2blog.ilc.edu.tw/26150/2018/03/
[Wed Aug 26 01:56:54.712211 2026] [authz_core:debug] [pid 2196234:tid 2196234] mod_authz_core.c(815): [client 2408:872f:c00:408::170:14714] AH01626: authorization result of : granted, referer: https://2blog.ilc.edu.tw/26150/2018/03/
[Wed Aug 26 01:56:54.712454 2026] [deflate:debug] [pid 2196206:tid 2196206] mod_deflate.c(909): [client 2408:872f:c00:408::170:14718] AH01384: Zlib: Compressed 4997 to 2197 : URL /wp-content/plugins/elementor/assets/js/webpack.runtime.min.js, referer: https://2blog.ilc.edu.tw/26150/2018/03/
[Wed Aug 26 01:56:54.712463 2026] [deflate:debug] [pid 2196234:tid 2196234] mod_deflate.c(909): [client 2408:872f:c00:408::170:14714] AH01384: Zlib: Compressed 5881 to 2664 : URL /wp-content/plugins/elementor-pro/assets/js/webpack-pro.runtime.min.js, referer: https://2blog.ilc.edu.tw/26150/2018/03/
[Wed Aug 26 01:56:54.714404 2026] [ssl:debug] [pid 2196240:tid 2196240] ssl_engine_kernel.c(2082): [client 216.73.216.242:37489] AH02041: Protocol: TLSv1.3, Cipher: TLS_AES_256_GCM_SHA384 (256/256 bits)
[Wed Aug 26 01:56:54.714451 2026] [socache_shmcb:debug] [pid 2196240:tid 2196240] mod_socache_shmcb.c(508): AH00831: socache_shmcb_store (0x46 -> subcache 6)
[Wed Aug 26 01:56:54.714463 2026] [socache_shmcb:debug] [pid 2196240:tid 2196240] mod_socache_shmcb.c(860): AH00847: insert happened at idx=18, data=(13649:13681)
[Wed Aug 26 01:56:54.714475 2026] [socache_shmcb:debug] [pid 2196240:tid 2196240] mod_socache_shmcb.c(863): AH00848: finished insert, subcache: idx_pos/idx_used=69/38, data_pos/data_used=5442/8433
[Wed Aug 26 01:56:54.714477 2026] [socache_shmcb:debug] [pid 2196240:tid 2196240] mod_socache_shmcb.c(530): AH00834: leaving socache_shmcb_store successfully
[Wed Aug 26 01:56:54.714642 2026] [ssl:debug] [pid 2196240:tid 2196240] ssl_engine_kernel.c(254): [client 216.73.216.242:37489] AH02034: Initial (No.1) HTTPS request received for child 18 (server 2blog.ilc.edu.tw:443)
[Wed Aug 26 01:56:54.714890 2026] [authz_core:debug] [pid 2196240:tid 2196240] mod_authz_core.c(815): [client 216.73.216.242:37489] AH01626: authorization result of Require all granted: granted
[Wed Aug 26 01:56:54.714896 2026] [authz_core:debug] [pid 2196240:tid 2196240] mod_authz_core.c(815): [client 216.73.216.242:37489] AH01626: authorization result of : granted
[Wed Aug 26 01:56:54.715520 2026] [authz_core:debug] [pid 2196240:tid 2196240] mod_authz_core.c(815): [client 216.73.216.242:37489] AH01626: authorization result of Require all granted: granted
[Wed Aug 26 01:56:54.715530 2026] [authz_core:debug] [pid 2196240:tid 2196240] mod_authz_core.c(815): [client 216.73.216.242:37489] AH01626: authorization result of : granted
[Wed Aug 26 01:56:54.751250 2026] [ssl:debug] [pid 2196141:tid 2196141] ssl_engine_kernel.c(254): [client 216.73.216.242:27672] AH02034: Subsequent (No.2) HTTPS request received for child 10 (server 2blog.ilc.edu.tw:443)
[Wed Aug 26 01:56:54.751447 2026] [authz_core:debug] [pid 2196141:tid 2196141] mod_authz_core.c(815): [client 216.73.216.242:27672] AH01626: authorization result of Require all granted: granted
[Wed Aug 26 01:56:54.751454 2026] [authz_core:debug] [pid 2196141:tid 2196141] mod_authz_core.c(815): [client 216.73.216.242:27672] AH01626: authorization result of : granted
[Wed Aug 26 01:56:54.751589 2026] [authz_core:debug] [pid 2196141:tid 2196141] mod_authz_core.c(815): [client 216.73.216.242:27672] AH01626: authorization result of Require all granted: granted
[Wed Aug 26 01:56:54.751594 2026] [authz_core:debug] [pid 2196141:tid 2196141] mod_authz_core.c(815): [client 216.73.216.242:27672] AH01626: authorization result of : granted
[Wed Aug 26 01:56:54.782771 2026] [ssl:debug] [pid 2190630:tid 2190630] ssl_engine_kernel.c(254): [client 2408:872f:c00:408::170:14712] AH02034: Subsequent (No.6) HTTPS request received for child 39 (server 2blog.ilc.edu.tw:443), referer: https://2blog.ilc.edu.tw/26150/2018/03/
[Wed Aug 26 01:56:54.782935 2026] [authz_core:debug] [pid 2190630:tid 2190630] mod_authz_core.c(815): [client 2408:872f:c00:408::170:14712] AH01626: authorization result of Require all granted: granted, referer: https://2blog.ilc.edu.tw/26150/2018/03/
[Wed Aug 26 01:56:54.782940 2026] [authz_core:debug] [pid 2190630:tid 2190630] mod_authz_core.c(815): [client 2408:872f:c00:408::170:14712] AH01626: authorization result of : granted, referer: https://2blog.ilc.edu.tw/26150/2018/03/
[Wed Aug 26 01:56:54.783077 2026] [authz_core:debug] [pid 2190630:tid 2190630] mod_authz_core.c(815): [client 2408:872f:c00:408::170:14712] AH01626: authorization result of Require all granted: granted, referer: https://2blog.ilc.edu.tw/26150/2018/03/
[Wed Aug 26 01:56:54.783081 2026] [authz_core:debug] [pid 2190630:tid 2190630] mod_authz_core.c(815): [client 2408:872f:c00:408::170:14712] AH01626: authorization result of : granted, referer: https://2blog.ilc.edu.tw/26150/2018/03/
[Wed Aug 26 01:56:54.785180 2026] [deflate:debug] [pid 2190630:tid 2190630] mod_deflate.c(909): [client 2408:872f:c00:408::170:14712] AH01384: Zlib: Compressed 67411 to 18429 : URL /wp-content/plugins/elementor/assets/js/frontend-modules.min.js, referer: https://2blog.ilc.edu.tw/26150/2018/03/
[Wed Aug 26 01:56:54.812510 2026] [deflate:debug] [pid 2196226:tid 2196226] mod_deflate.c(909): [client 216.73.216.242:42838] AH01384: Zlib: Compressed 2852 to 1285 : URL /index.php
[Wed Aug 26 01:56:54.849204 2026] [ssl:debug] [pid 2196143:tid 2196143] ssl_engine_kernel.c(254): [client 216.73.216.242:61612] AH02034: Subsequent (No.2) HTTPS request received for child 11 (server 2blog.ilc.edu.tw:443)
[Wed Aug 26 01:56:54.849449 2026] [authz_core:debug] [pid 2196143:tid 2196143] mod_authz_core.c(815): [client 216.73.216.242:61612] AH01626: authorization result of Require all granted: granted
[Wed Aug 26 01:56:54.849458 2026] [authz_core:debug] [pid 2196143:tid 2196143] mod_authz_core.c(815): [client 216.73.216.242:61612] AH01626: authorization result of : granted
[Wed Aug 26 01:56:54.849634 2026] [authz_core:debug] [pid 2196143:tid 2196143] mod_authz_core.c(815): [client 216.73.216.242:61612] AH01626: authorization result of Require all granted: granted
[Wed Aug 26 01:56:54.849640 2026] [authz_core:debug] [pid 2196143:tid 2196143] mod_authz_core.c(815): [client 216.73.216.242:61612] AH01626: authorization result of : granted
[Wed Aug 26 01:56:54.869578 2026] [deflate:debug] [pid 2196143:tid 2196143] mod_deflate.c(909): [client 216.73.216.242:61612] AH01384: Zlib: Compressed 33652 to 9094 : URL /index.php
[Wed Aug 26 01:56:55.020217 2026] [ssl:debug] [pid 2196235:tid 2196235] ssl_engine_kernel.c(254): [client 2408:872f:c00:408::170:14720] AH02034: Subsequent (No.5) HTTPS request received for child 7 (server 2blog.ilc.edu.tw:443), referer: https://2blog.ilc.edu.tw/26150/2018/03/
[Wed Aug 26 01:56:55.020415 2026] [authz_core:debug] [pid 2196235:tid 2196235] mod_authz_core.c(815): [client 2408:872f:c00:408::170:14720] AH01626: authorization result of Require all granted: granted, referer: https://2blog.ilc.edu.tw/26150/2018/03/
[Wed Aug 26 01:56:55.020420 2026] [authz_core:debug] [pid 2196235:tid 2196235] mod_authz_core.c(815): [client 2408:872f:c00:408::170:14720] AH01626: authorization result of : granted, referer: https://2blog.ilc.edu.tw/26150/2018/03/
[Wed Aug 26 01:56:55.020569 2026] [authz_core:debug] [pid 2196235:tid 2196235] mod_authz_core.c(815): [client 2408:872f:c00:408::170:14720] AH01626: authorization result of Require all granted: granted, referer: https://2blog.ilc.edu.tw/26150/2018/03/
[Wed Aug 26 01:56:55.020573 2026] [authz_core:debug] [pid 2196235:tid 2196235] mod_authz_core.c(815): [client 2408:872f:c00:408::170:14720] AH01626: authorization result of : granted, referer: https://2blog.ilc.edu.tw/26150/2018/03/
[Wed Aug 26 01:56:55.020860 2026] [deflate:debug] [pid 2196235:tid 2196235] mod_deflate.c(909): [client 2408:872f:c00:408::170:14720] AH01384: Zlib: Compressed 9141 to 3649 : URL /wp-includes/js/dist/i18n.min.js, referer: https://2blog.ilc.edu.tw/26150/2018/03/
[Wed Aug 26 01:56:55.025929 2026] [ssl:debug] [pid 2196234:tid 2196234] ssl_engine_kernel.c(254): [client 2408:872f:c00:408::170:14714] AH02034: Subsequent (No.5) HTTPS request received for child 6 (server 2blog.ilc.edu.tw:443), referer: https://2blog.ilc.edu.tw/26150/2018/03/
[Wed Aug 26 01:56:55.025956 2026] [ssl:debug] [pid 2196206:tid 2196206] ssl_engine_kernel.c(254): [client 2408:872f:c00:408::170:14718] AH02034: Subsequent (No.6) HTTPS request received for child 15 (server 2blog.ilc.edu.tw:443), referer: https://2blog.ilc.edu.tw/26150/2018/03/
[Wed Aug 26 01:56:55.026161 2026] [authz_core:debug] [pid 2196206:tid 2196206] mod_authz_core.c(815): [client 2408:872f:c00:408::170:14718] AH01626: authorization result of Require all granted: granted, referer: https://2blog.ilc.edu.tw/26150/2018/03/
[Wed Aug 26 01:56:55.026161 2026] [authz_core:debug] [pid 2196234:tid 2196234] mod_authz_core.c(815): [client 2408:872f:c00:408::170:14714] AH01626: authorization result of Require all granted: granted, referer: https://2blog.ilc.edu.tw/26150/2018/03/
[Wed Aug 26 01:56:55.026167 2026] [authz_core:debug] [pid 2196206:tid 2196206] mod_authz_core.c(815): [client 2408:872f:c00:408::170:14718] AH01626: authorization result of : granted, referer: https://2blog.ilc.edu.tw/26150/2018/03/
[Wed Aug 26 01:56:55.026171 2026] [authz_core:debug] [pid 2196234:tid 2196234] mod_authz_core.c(815): [client 2408:872f:c00:408::170:14714] AH01626: authorization result of : granted, referer: https://2blog.ilc.edu.tw/26150/2018/03/
[Wed Aug 26 01:56:55.026350 2026] [authz_core:debug] [pid 2196206:tid 2196206] mod_authz_core.c(815): [client 2408:872f:c00:408::170:14718] AH01626: authorization result of Require all granted: granted, referer: https://2blog.ilc.edu.tw/26150/2018/03/
[Wed Aug 26 01:56:55.026351 2026] [authz_core:debug] [pid 2196234:tid 2196234] mod_authz_core.c(815): [client 2408:872f:c00:408::170:14714] AH01626: authorization result of Require all granted: granted, referer: https://2blog.ilc.edu.tw/26150/2018/03/
[Wed Aug 26 01:56:55.026356 2026] [authz_core:debug] [pid 2196206:tid 2196206] mod_authz_core.c(815): [client 2408:872f:c00:408::170:14718] AH01626: authorization result of : granted, referer: https://2blog.ilc.edu.tw/26150/2018/03/
[Wed Aug 26 01:56:55.026359 2026] [authz_core:debug] [pid 2196234:tid 2196234] mod_authz_core.c(815): [client 2408:872f:c00:408::170:14714] AH01626: authorization result of : granted, referer: https://2blog.ilc.edu.tw/26150/2018/03/
[Wed Aug 26 01:56:55.026666 2026] [deflate:debug] [pid 2196206:tid 2196206] mod_deflate.c(909): [client 2408:872f:c00:408::170:14718] AH01384: Zlib: Compressed 12198 to 2975 : URL /wp-content/plugins/elementor/assets/lib/waypoints/waypoints.min.js, referer: https://2blog.ilc.edu.tw/26150/2018/03/
[Wed Aug 26 01:56:55.027082 2026] [deflate:debug] [pid 2196234:tid 2196234] mod_deflate.c(909): [client 2408:872f:c00:408::170:14714] AH01384: Zlib: Compressed 25050 to 6676 : URL /wp-content/plugins/elementor-pro/assets/js/frontend.min.js, referer: https://2blog.ilc.edu.tw/26150/2018/03/
[Wed Aug 26 01:56:55.065655 2026] [deflate:debug] [pid 2196225:tid 2196225] mod_deflate.c(909): [client 216.73.216.242:52433] AH01384: Zlib: Compressed 2843 to 1282 : URL /index.php
[Wed Aug 26 01:56:55.075600 2026] [ssl:debug] [pid 2190630:tid 2190630] ssl_engine_kernel.c(254): [client 2408:872f:c00:408::170:14712] AH02034: Subsequent (No.7) HTTPS request received for child 39 (server 2blog.ilc.edu.tw:443), referer: https://2blog.ilc.edu.tw/26150/2018/03/
[Wed Aug 26 01:56:55.075809 2026] [authz_core:debug] [pid 2190630:tid 2190630] mod_authz_core.c(815): [client 2408:872f:c00:408::170:14712] AH01626: authorization result of Require all granted: granted, referer: https://2blog.ilc.edu.tw/26150/2018/03/
[Wed Aug 26 01:56:55.075816 2026] [authz_core:debug] [pid 2190630:tid 2190630] mod_authz_core.c(815): [client 2408:872f:c00:408::170:14712] AH01626: authorization result of : granted, referer: https://2blog.ilc.edu.tw/26150/2018/03/
[Wed Aug 26 01:56:55.075952 2026] [authz_core:debug] [pid 2190630:tid 2190630] mod_authz_core.c(815): [client 2408:872f:c00:408::170:14712] AH01626: authorization result of Require all granted: granted, referer: https://2blog.ilc.edu.tw/26150/2018/03/
[Wed Aug 26 01:56:55.075956 2026] [authz_core:debug] [pid 2190630:tid 2190630] mod_authz_core.c(815): [client 2408:872f:c00:408::170:14712] AH01626: authorization result of : granted, referer: https://2blog.ilc.edu.tw/26150/2018/03/
[Wed Aug 26 01:56:55.076538 2026] [deflate:debug] [pid 2190630:tid 2190630] mod_deflate.c(909): [client 2408:872f:c00:408::170:14712] AH01384: Zlib: Compressed 21464 to 7088 : URL /wp-includes/js/jquery/ui/core.min.js, referer: https://2blog.ilc.edu.tw/26150/2018/03/
[Wed Aug 26 01:56:55.209598 2026] [ssl:debug] [pid 2196226:tid 2196226] ssl_engine_kernel.c(254): [client 216.73.216.242:42838] AH02034: Subsequent (No.2) HTTPS request received for child 19 (server 2blog.ilc.edu.tw:443)
[Wed Aug 26 01:56:55.209822 2026] [authz_core:debug] [pid 2196226:tid 2196226] mod_authz_core.c(815): [client 216.73.216.242:42838] AH01626: authorization result of Require all granted: granted
[Wed Aug 26 01:56:55.209828 2026] [authz_core:debug] [pid 2196226:tid 2196226] mod_authz_core.c(815): [client 216.73.216.242:42838] AH01626: authorization result of : granted
[Wed Aug 26 01:56:55.209956 2026] [authz_core:debug] [pid 2196226:tid 2196226] mod_authz_core.c(815): [client 216.73.216.242:42838] AH01626: authorization result of Require all granted: granted
[Wed Aug 26 01:56:55.209960 2026] [authz_core:debug] [pid 2196226:tid 2196226] mod_authz_core.c(815): [client 216.73.216.242:42838] AH01626: authorization result of : granted
[Wed Aug 26 01:56:55.210321 2026] [ssl:debug] [pid 2196232:tid 2196232] ssl_engine_kernel.c(254): [client 216.73.216.242:26540] AH02034: Subsequent (No.2) HTTPS request received for child 5 (server 2blog.ilc.edu.tw:443)
[Wed Aug 26 01:56:55.210469 2026] [authz_core:debug] [pid 2196232:tid 2196232] mod_authz_core.c(815): [client 216.73.216.242:26540] AH01626: authorization result of Require all granted: granted
[Wed Aug 26 01:56:55.210474 2026] [authz_core:debug] [pid 2196232:tid 2196232] mod_authz_core.c(815): [client 216.73.216.242:26540] AH01626: authorization result of : granted
[Wed Aug 26 01:56:55.210575 2026] [authz_core:debug] [pid 2196232:tid 2196232] mod_authz_core.c(815): [client 216.73.216.242:26540] AH01626: authorization result of Require all granted: granted
[Wed Aug 26 01:56:55.210578 2026] [authz_core:debug] [pid 2196232:tid 2196232] mod_authz_core.c(815): [client 216.73.216.242:26540] AH01626: authorization result of : granted
[Wed Aug 26 01:56:55.221304 2026] [ssl:debug] [pid 2196143:tid 2196143] ssl_engine_kernel.c(254): [client 216.73.216.242:61612] AH02034: Subsequent (No.3) HTTPS request received for child 11 (server 2blog.ilc.edu.tw:443)
[Wed Aug 26 01:56:55.221487 2026] [authz_core:debug] [pid 2196143:tid 2196143] mod_authz_core.c(815): [client 216.73.216.242:61612] AH01626: authorization result of Require all granted: granted
[Wed Aug 26 01:56:55.221493 2026] [authz_core:debug] [pid 2196143:tid 2196143] mod_authz_core.c(815): [client 216.73.216.242:61612] AH01626: authorization result of : granted
[Wed Aug 26 01:56:55.221614 2026] [authz_core:debug] [pid 2196143:tid 2196143] mod_authz_core.c(815): [client 216.73.216.242:61612] AH01626: authorization result of Require all granted: granted
[Wed Aug 26 01:56:55.221618 2026] [authz_core:debug] [pid 2196143:tid 2196143] mod_authz_core.c(815): [client 216.73.216.242:61612] AH01626: authorization result of : granted
[Wed Aug 26 01:56:55.297212 2026] [ssl:debug] [pid 2196225:tid 2196225] ssl_engine_kernel.c(254): [client 216.73.216.242:52433] AH02034: Subsequent (No.3) HTTPS request received for child 12 (server 2blog.ilc.edu.tw:443)
[Wed Aug 26 01:56:55.297407 2026] [authz_core:debug] [pid 2196225:tid 2196225] mod_authz_core.c(815): [client 216.73.216.242:52433] AH01626: authorization result of Require all granted: granted
[Wed Aug 26 01:56:55.297413 2026] [authz_core:debug] [pid 2196225:tid 2196225] mod_authz_core.c(815): [client 216.73.216.242:52433] AH01626: authorization result of : granted
[Wed Aug 26 01:56:55.297554 2026] [authz_core:debug] [pid 2196225:tid 2196225] mod_authz_core.c(815): [client 216.73.216.242:52433] AH01626: authorization result of Require all granted: granted
[Wed Aug 26 01:56:55.297559 2026] [authz_core:debug] [pid 2196225:tid 2196225] mod_authz_core.c(815): [client 216.73.216.242:52433] AH01626: authorization result of : granted
[Wed Aug 26 01:56:55.331871 2026] [ssl:debug] [pid 2196235:tid 2196235] ssl_engine_kernel.c(254): [client 2408:872f:c00:408::170:14720] AH02034: Subsequent (No.6) HTTPS request received for child 7 (server 2blog.ilc.edu.tw:443), referer: https://2blog.ilc.edu.tw/26150/2018/03/
[Wed Aug 26 01:56:55.332067 2026] [authz_core:debug] [pid 2196235:tid 2196235] mod_authz_core.c(815): [client 2408:872f:c00:408::170:14720] AH01626: authorization result of Require all granted: granted, referer: https://2blog.ilc.edu.tw/26150/2018/03/
[Wed Aug 26 01:56:55.332075 2026] [authz_core:debug] [pid 2196235:tid 2196235] mod_authz_core.c(815): [client 2408:872f:c00:408::170:14720] AH01626: authorization result of : granted, referer: https://2blog.ilc.edu.tw/26150/2018/03/
[Wed Aug 26 01:56:55.332276 2026] [authz_core:debug] [pid 2196235:tid 2196235] mod_authz_core.c(815): [client 2408:872f:c00:408::170:14720] AH01626: authorization result of Require all granted: granted, referer: https://2blog.ilc.edu.tw/26150/2018/03/
[Wed Aug 26 01:56:55.332285 2026] [authz_core:debug] [pid 2196235:tid 2196235] mod_authz_core.c(815): [client 2408:872f:c00:408::170:14720] AH01626: authorization result of : granted, referer: https://2blog.ilc.edu.tw/26150/2018/03/
[Wed Aug 26 01:56:55.333353 2026] [deflate:debug] [pid 2196235:tid 2196235] mod_deflate.c(909): [client 2408:872f:c00:408::170:14720] AH01384: Zlib: Compressed 41573 to 9918 : URL /wp-content/plugins/elementor-pro/assets/js/elements-handlers.min.js, referer: https://2blog.ilc.edu.tw/26150/2018/03/
[Wed Aug 26 01:56:55.366670 2026] [ssl:debug] [pid 2196240:tid 2196240] ssl_engine_kernel.c(254): [client 216.73.216.242:37489] AH02034: Subsequent (No.2) HTTPS request received for child 18 (server 2blog.ilc.edu.tw:443)
[Wed Aug 26 01:56:55.366905 2026] [authz_core:debug] [pid 2196240:tid 2196240] mod_authz_core.c(815): [client 216.73.216.242:37489] AH01626: authorization result of Require all granted: granted
[Wed Aug 26 01:56:55.366912 2026] [authz_core:debug] [pid 2196240:tid 2196240] mod_authz_core.c(815): [client 216.73.216.242:37489] AH01626: authorization result of : granted
[Wed Aug 26 01:56:55.367077 2026] [authz_core:debug] [pid 2196240:tid 2196240] mod_authz_core.c(815): [client 216.73.216.242:37489] AH01626: authorization result of Require all granted: granted
[Wed Aug 26 01:56:55.367083 2026] [authz_core:debug] [pid 2196240:tid 2196240] mod_authz_core.c(815): [client 216.73.216.242:37489] AH01626: authorization result of : granted
[Wed Aug 26 01:56:55.425593 2026] [headers:debug] [pid 2191546:tid 2191546] mod_headers.c(900): AH01503: headers: ap_headers_error_filter()
[Wed Aug 26 01:56:55.426537 2026] [ssl:info] [pid 2191546:tid 2191546] [client 216.73.216.242:1634] AH01964: Connection to child 1 established (server 2blog.ilc.edu.tw:443)
[Wed Aug 26 01:56:55.426675 2026] [ssl:debug] [pid 2191546:tid 2191546] ssl_engine_kernel.c(2222): [client 216.73.216.242:1634] AH02043: SSL virtual host for servername 2blog.ilc.edu.tw found
[Wed Aug 26 01:56:55.426691 2026] [socache_shmcb:debug] [pid 2191546:tid 2191546] mod_socache_shmcb.c(545): AH00835: socache_shmcb_retrieve (0x80 -> subcache 0)
[Wed Aug 26 01:56:55.426695 2026] [socache_shmcb:debug] [pid 2191546:tid 2191546] mod_socache_shmcb.c(896): AH00849: match at idx=87, data=9494
[Wed Aug 26 01:56:55.426697 2026] [socache_shmcb:debug] [pid 2191546:tid 2191546] mod_socache_shmcb.c(556): AH00836: leaving socache_shmcb_retrieve successfully
[Wed Aug 26 01:56:55.426797 2026] [core:debug] [pid 2191546:tid 2191546] protocol.c(2460): [client 216.73.216.242:1634] AH03155: select protocol from , choices=h2,http/1.1 for server 2blog.ilc.edu.tw
[Wed Aug 26 01:56:55.429118 2026] [ssl:debug] [pid 2196205:tid 2196205] ssl_engine_io.c(1150): [client 2001:b011:4005:1a69:6c83:cdae:1837:d8e3:63416] AH02001: Connection closed to child 14 with standard shutdown (server 2blog.ilc.edu.tw:443)
[Wed Aug 26 01:56:55.442147 2026] [authz_core:debug] [pid 2196205:tid 2196205] mod_authz_core.c(815): [client 52.6.97.88:27057] AH01626: authorization result of Require all granted: granted
[Wed Aug 26 01:56:55.442173 2026] [authz_core:debug] [pid 2196205:tid 2196205] mod_authz_core.c(815): [client 52.6.97.88:27057] AH01626: authorization result of : granted
[Wed Aug 26 01:56:55.442980 2026] [authz_core:debug] [pid 2196205:tid 2196205] mod_authz_core.c(815): [client 52.6.97.88:27057] AH01626: authorization result of Require all granted: granted
[Wed Aug 26 01:56:55.443019 2026] [authz_core:debug] [pid 2196205:tid 2196205] mod_authz_core.c(815): [client 52.6.97.88:27057] AH01626: authorization result of : granted
[Wed Aug 26 01:56:55.444508 2026] [deflate:debug] [pid 2196205:tid 2196205] mod_deflate.c(909): [client 52.6.97.88:27057] AH01384: Zlib: Compressed 800 to 383 : URL /wp-content/uploads/sites/3103/2023/08/
[Wed Aug 26 01:56:55.468974 2026] [ssl:debug] [pid 2196219:tid 2196219] ssl_engine_kernel.c(254): [client 216.73.216.242:64722] AH02034: Subsequent (No.2) HTTPS request received for child 17 (server 2blog.ilc.edu.tw:443)
[Wed Aug 26 01:56:55.469173 2026] [authz_core:debug] [pid 2196219:tid 2196219] mod_authz_core.c(815): [client 216.73.216.242:64722] AH01626: authorization result of Require all granted: granted
[Wed Aug 26 01:56:55.469179 2026] [authz_core:debug] [pid 2196219:tid 2196219] mod_authz_core.c(815): [client 216.73.216.242:64722] AH01626: authorization result of : granted
[Wed Aug 26 01:56:55.469309 2026] [authz_core:debug] [pid 2196219:tid 2196219] mod_authz_core.c(815): [client 216.73.216.242:64722] AH01626: authorization result of Require all granted: granted
[Wed Aug 26 01:56:55.469314 2026] [authz_core:debug] [pid 2196219:tid 2196219] mod_authz_core.c(815): [client 216.73.216.242:64722] AH01626: authorization result of : granted
[Wed Aug 26 01:56:55.495305 2026] [watchdog:debug] [pid 2196242:tid 2196242] mod_watchdog.c(559): AH02980: Watchdog: nothing configured?
[Wed Aug 26 01:56:55.495682 2026] [ssl:info] [pid 2196242:tid 2196242] [client 216.73.216.242:43642] AH01964: Connection to child 21 established (server 2blog.ilc.edu.tw:443)
[Wed Aug 26 01:56:55.496141 2026] [ssl:debug] [pid 2196242:tid 2196242] ssl_engine_kernel.c(2222): [client 216.73.216.242:43642] AH02043: SSL virtual host for servername 2blog.ilc.edu.tw found
[Wed Aug 26 01:56:55.496187 2026] [socache_shmcb:debug] [pid 2196242:tid 2196242] mod_socache_shmcb.c(545): AH00835: socache_shmcb_retrieve (0xbb -> subcache 27)
[Wed Aug 26 01:56:55.496201 2026] [socache_shmcb:debug] [pid 2196242:tid 2196242] mod_socache_shmcb.c(896): AH00849: match at idx=13, data=12888
[Wed Aug 26 01:56:55.496205 2026] [socache_shmcb:debug] [pid 2196242:tid 2196242] mod_socache_shmcb.c(556): AH00836: leaving socache_shmcb_retrieve successfully
[Wed Aug 26 01:56:55.496628 2026] [core:debug] [pid 2196242:tid 2196242] protocol.c(2460): [client 216.73.216.242:43642] AH03155: select protocol from , choices=h2,http/1.1 for server 2blog.ilc.edu.tw
[Wed Aug 26 01:56:55.497840 2026] [watchdog:debug] [pid 2196243:tid 2196243] mod_watchdog.c(559): AH02980: Watchdog: nothing configured?
[Wed Aug 26 01:56:55.498197 2026] [ssl:info] [pid 2196243:tid 2196243] [client 216.73.216.242:40951] AH01964: Connection to child 22 established (server 2blog.ilc.edu.tw:443)
[Wed Aug 26 01:56:55.498532 2026] [ssl:debug] [pid 2196243:tid 2196243] ssl_engine_kernel.c(2222): [client 216.73.216.242:40951] AH02043: SSL virtual host for servername 2blog.ilc.edu.tw found
[Wed Aug 26 01:56:55.498573 2026] [socache_shmcb:debug] [pid 2196243:tid 2196243] mod_socache_shmcb.c(545): AH00835: socache_shmcb_retrieve (0x4a -> subcache 10)
[Wed Aug 26 01:56:55.498587 2026] [socache_shmcb:debug] [pid 2196243:tid 2196243] mod_socache_shmcb.c(896): AH00849: match at idx=26, data=9954
[Wed Aug 26 01:56:55.498591 2026] [socache_shmcb:debug] [pid 2196243:tid 2196243] mod_socache_shmcb.c(556): AH00836: leaving socache_shmcb_retrieve successfully
[Wed Aug 26 01:56:55.499322 2026] [core:debug] [pid 2196243:tid 2196243] protocol.c(2460): [client 216.73.216.242:40951] AH03155: select protocol from , choices=h2,http/1.1 for server 2blog.ilc.edu.tw
[Wed Aug 26 01:56:55.499547 2026] [watchdog:debug] [pid 2196244:tid 2196244] mod_watchdog.c(559): AH02980: Watchdog: nothing configured?
[Wed Aug 26 01:56:55.499746 2026] [ssl:info] [pid 2196244:tid 2196244] [client 216.73.216.242:2282] AH01964: Connection to child 23 established (server 2blog.ilc.edu.tw:443)
[Wed Aug 26 01:56:55.500023 2026] [ssl:debug] [pid 2196244:tid 2196244] ssl_engine_kernel.c(2222): [client 216.73.216.242:2282] AH02043: SSL virtual host for servername 2blog.ilc.edu.tw found
[Wed Aug 26 01:56:55.500061 2026] [socache_shmcb:debug] [pid 2196244:tid 2196244] mod_socache_shmcb.c(545): AH00835: socache_shmcb_retrieve (0x46 -> subcache 6)
[Wed Aug 26 01:56:55.500081 2026] [socache_shmcb:debug] [pid 2196244:tid 2196244] mod_socache_shmcb.c(896): AH00849: match at idx=18, data=13649
[Wed Aug 26 01:56:55.500083 2026] [socache_shmcb:debug] [pid 2196244:tid 2196244] mod_socache_shmcb.c(556): AH00836: leaving socache_shmcb_retrieve successfully
[Wed Aug 26 01:56:55.500353 2026] [core:debug] [pid 2196244:tid 2196244] protocol.c(2460): [client 216.73.216.242:2282] AH03155: select protocol from , choices=h2,http/1.1 for server 2blog.ilc.edu.tw
[Wed Aug 26 01:56:55.502121 2026] [watchdog:debug] [pid 2196245:tid 2196245] mod_watchdog.c(559): AH02980: Watchdog: nothing configured?
[Wed Aug 26 01:56:55.502351 2026] [ssl:info] [pid 2196245:tid 2196245] [client 216.73.216.242:1577] AH01964: Connection to child 24 established (server 2blog.ilc.edu.tw:443)
[Wed Aug 26 01:56:55.502678 2026] [ssl:debug] [pid 2196245:tid 2196245] ssl_engine_kernel.c(2222): [client 216.73.216.242:1577] AH02043: SSL virtual host for servername 2blog.ilc.edu.tw found
[Wed Aug 26 01:56:55.502716 2026] [socache_shmcb:debug] [pid 2196245:tid 2196245] mod_socache_shmcb.c(545): AH00835: socache_shmcb_retrieve (0x66 -> subcache 6)
[Wed Aug 26 01:56:55.502729 2026] [socache_shmcb:debug] [pid 2196245:tid 2196245] mod_socache_shmcb.c(896): AH00849: match at idx=17, data=13423
[Wed Aug 26 01:56:55.502733 2026] [socache_shmcb:debug] [pid 2196245:tid 2196245] mod_socache_shmcb.c(556): AH00836: leaving socache_shmcb_retrieve successfully
[Wed Aug 26 01:56:55.503112 2026] [core:debug] [pid 2196245:tid 2196245] protocol.c(2460): [client 216.73.216.242:1577] AH03155: select protocol from , choices=h2,http/1.1 for server 2blog.ilc.edu.tw
[Wed Aug 26 01:56:55.549656 2026] [ssl:debug] [pid 2196141:tid 2196141] ssl_engine_kernel.c(254): [client 216.73.216.242:27672] AH02034: Subsequent (No.3) HTTPS request received for child 10 (server 2blog.ilc.edu.tw:443)
[Wed Aug 26 01:56:55.549843 2026] [authz_core:debug] [pid 2196141:tid 2196141] mod_authz_core.c(815): [client 216.73.216.242:27672] AH01626: authorization result of Require all granted: granted
[Wed Aug 26 01:56:55.549848 2026] [authz_core:debug] [pid 2196141:tid 2196141] mod_authz_core.c(815): [client 216.73.216.242:27672] AH01626: authorization result of : granted
[Wed Aug 26 01:56:55.549964 2026] [authz_core:debug] [pid 2196141:tid 2196141] mod_authz_core.c(815): [client 216.73.216.242:27672] AH01626: authorization result of Require all granted: granted
[Wed Aug 26 01:56:55.549968 2026] [authz_core:debug] [pid 2196141:tid 2196141] mod_authz_core.c(815): [client 216.73.216.242:27672] AH01626: authorization result of : granted
[Wed Aug 26 01:56:55.577052 2026] [deflate:debug] [pid 2196143:tid 2196143] mod_deflate.c(909): [client 216.73.216.242:61612] AH01384: Zlib: Compressed 2812 to 1279 : URL /index.php
[Wed Aug 26 01:56:55.593395 2026] [deflate:debug] [pid 2196226:tid 2196226] mod_deflate.c(909): [client 216.73.216.242:42838] AH01384: Zlib: Compressed 2799 to 1263 : URL /index.php
[Wed Aug 26 01:56:55.640269 2026] [ssl:debug] [pid 2196239:tid 2196239] ssl_engine_kernel.c(254): [client 216.73.216.242:48727] AH02034: Subsequent (No.2) HTTPS request received for child 9 (server 2blog.ilc.edu.tw:443)
[Wed Aug 26 01:56:55.640487 2026] [authz_core:debug] [pid 2196239:tid 2196239] mod_authz_core.c(815): [client 216.73.216.242:48727] AH01626: authorization result of Require all granted: granted
[Wed Aug 26 01:56:55.640493 2026] [authz_core:debug] [pid 2196239:tid 2196239] mod_authz_core.c(815): [client 216.73.216.242:48727] AH01626: authorization result of : granted
[Wed Aug 26 01:56:55.640621 2026] [authz_core:debug] [pid 2196239:tid 2196239] mod_authz_core.c(815): [client 216.73.216.242:48727] AH01626: authorization result of Require all granted: granted
[Wed Aug 26 01:56:55.640625 2026] [authz_core:debug] [pid 2196239:tid 2196239] mod_authz_core.c(815): [client 216.73.216.242:48727] AH01626: authorization result of : granted
[Wed Aug 26 01:56:55.648880 2026] [deflate:debug] [pid 2196225:tid 2196225] mod_deflate.c(909): [client 216.73.216.242:52433] AH01384: Zlib: Compressed 2853 to 1285 : URL /index.php
[Wed Aug 26 01:56:55.662367 2026] [ssl:info] [pid 2196205:tid 2196205] [client 216.73.216.242:12307] AH01964: Connection to child 14 established (server 2blog.ilc.edu.tw:443)
[Wed Aug 26 01:56:55.662488 2026] [ssl:debug] [pid 2196205:tid 2196205] ssl_engine_kernel.c(2222): [client 216.73.216.242:12307] AH02043: SSL virtual host for servername 2blog.ilc.edu.tw found
[Wed Aug 26 01:56:55.662501 2026] [socache_shmcb:debug] [pid 2196205:tid 2196205] mod_socache_shmcb.c(545): AH00835: socache_shmcb_retrieve (0xdc -> subcache 28)
[Wed Aug 26 01:56:55.662506 2026] [socache_shmcb:debug] [pid 2196205:tid 2196205] mod_socache_shmcb.c(896): AH00849: match at idx=50, data=7015
[Wed Aug 26 01:56:55.662508 2026] [socache_shmcb:debug] [pid 2196205:tid 2196205] mod_socache_shmcb.c(556): AH00836: leaving socache_shmcb_retrieve successfully
[Wed Aug 26 01:56:55.662627 2026] [core:debug] [pid 2196205:tid 2196205] protocol.c(2460): [client 216.73.216.242:12307] AH03155: select protocol from , choices=h2,http/1.1 for server 2blog.ilc.edu.tw
[Wed Aug 26 01:56:55.663478 2026] [ssl:debug] [pid 2191546:tid 2191546] ssl_engine_kernel.c(2082): [client 216.73.216.242:1634] AH02041: Protocol: TLSv1.3, Cipher: TLS_AES_256_GCM_SHA384 (256/256 bits)
[Wed Aug 26 01:56:55.663521 2026] [socache_shmcb:debug] [pid 2191546:tid 2191546] mod_socache_shmcb.c(508): AH00831: socache_shmcb_store (0x28 -> subcache 8)
[Wed Aug 26 01:56:55.663526 2026] [socache_shmcb:debug] [pid 2191546:tid 2191546] mod_socache_shmcb.c(860): AH00847: insert happened at idx=42, data=(13525:13557)
[Wed Aug 26 01:56:55.663528 2026] [socache_shmcb:debug] [pid 2191546:tid 2191546] mod_socache_shmcb.c(863): AH00848: finished insert, subcache: idx_pos/idx_used=8/35, data_pos/data_used=5971/7779
[Wed Aug 26 01:56:55.663531 2026] [socache_shmcb:debug] [pid 2191546:tid 2191546] mod_socache_shmcb.c(530): AH00834: leaving socache_shmcb_store successfully
[Wed Aug 26 01:56:55.708296 2026] [ssl:debug] [pid 2196242:tid 2196242] ssl_engine_kernel.c(2082): [client 216.73.216.242:43642] AH02041: Protocol: TLSv1.3, Cipher: TLS_AES_256_GCM_SHA384 (256/256 bits)
[Wed Aug 26 01:56:55.708353 2026] [socache_shmcb:debug] [pid 2196242:tid 2196242] mod_socache_shmcb.c(508): AH00831: socache_shmcb_store (0xc5 -> subcache 5)
[Wed Aug 26 01:56:55.708370 2026] [socache_shmcb:debug] [pid 2196242:tid 2196242] mod_socache_shmcb.c(860): AH00847: insert happened at idx=48, data=(743:775)
[Wed Aug 26 01:56:55.708373 2026] [socache_shmcb:debug] [pid 2196242:tid 2196242] mod_socache_shmcb.c(863): AH00848: finished insert, subcache: idx_pos/idx_used=15/34, data_pos/data_used=7249/7584
[Wed Aug 26 01:56:55.708377 2026] [socache_shmcb:debug] [pid 2196242:tid 2196242] mod_socache_shmcb.c(530): AH00834: leaving socache_shmcb_store successfully
[Wed Aug 26 01:56:55.712853 2026] [ssl:debug] [pid 2196244:tid 2196244] ssl_engine_kernel.c(2082): [client 216.73.216.242:2282] AH02041: Protocol: TLSv1.3, Cipher: TLS_AES_256_GCM_SHA384 (256/256 bits)
[Wed Aug 26 01:56:55.712927 2026] [socache_shmcb:debug] [pid 2196244:tid 2196244] mod_socache_shmcb.c(508): AH00831: socache_shmcb_store (0x23 -> subcache 3)
[Wed Aug 26 01:56:55.712935 2026] [socache_shmcb:debug] [pid 2196244:tid 2196244] mod_socache_shmcb.c(745): AH00842: expiring 1 and reclaiming 0 removed socache entries
[Wed Aug 26 01:56:55.712938 2026] [socache_shmcb:debug] [pid 2196244:tid 2196244] mod_socache_shmcb.c(765): AH00843: we now have 35 socache entries
[Wed Aug 26 01:56:55.712940 2026] [socache_shmcb:debug] [pid 2196244:tid 2196244] mod_socache_shmcb.c(860): AH00847: insert happened at idx=57, data=(2985:3017)
[Wed Aug 26 01:56:55.712942 2026] [socache_shmcb:debug] [pid 2196244:tid 2196244] mod_socache_shmcb.c(863): AH00848: finished insert, subcache: idx_pos/idx_used=22/36, data_pos/data_used=9074/8001
[Wed Aug 26 01:56:55.712944 2026] [socache_shmcb:debug] [pid 2196244:tid 2196244] mod_socache_shmcb.c(530): AH00834: leaving socache_shmcb_store successfully
[Wed Aug 26 01:56:55.738097 2026] [ssl:debug] [pid 2196243:tid 2196243] ssl_engine_kernel.c(2082): [client 216.73.216.242:40951] AH02041: Protocol: TLSv1.3, Cipher: TLS_AES_256_GCM_SHA384 (256/256 bits)
[Wed Aug 26 01:56:55.738153 2026] [socache_shmcb:debug] [pid 2196243:tid 2196243] mod_socache_shmcb.c(508): AH00831: socache_shmcb_store (0x7f -> subcache 31)
[Wed Aug 26 01:56:55.738165 2026] [socache_shmcb:debug] [pid 2196243:tid 2196243] mod_socache_shmcb.c(860): AH00847: insert happened at idx=43, data=(13563:13595)
[Wed Aug 26 01:56:55.738168 2026] [socache_shmcb:debug] [pid 2196243:tid 2196243] mod_socache_shmcb.c(863): AH00848: finished insert, subcache: idx_pos/idx_used=87/45, data_pos/data_used=3796/9993
[Wed Aug 26 01:56:55.738170 2026] [socache_shmcb:debug] [pid 2196243:tid 2196243] mod_socache_shmcb.c(530): AH00834: leaving socache_shmcb_store successfully
[Wed Aug 26 01:56:55.741085 2026] [ssl:debug] [pid 2191547:tid 2191547] ssl_engine_io.c(1150): [client 34.10.180.98:1537] AH02001: Connection closed to child 3 with standard shutdown (server 2blog.ilc.edu.tw:443)
[Wed Aug 26 01:56:55.741913 2026] [ssl:debug] [pid 2196243:tid 2196243] ssl_engine_kernel.c(254): [client 216.73.216.242:40951] AH02034: Initial (No.1) HTTPS request received for child 22 (server 2blog.ilc.edu.tw:443)
[Wed Aug 26 01:56:55.742288 2026] [authz_core:debug] [pid 2196243:tid 2196243] mod_authz_core.c(815): [client 216.73.216.242:40951] AH01626: authorization result of Require all granted: granted
[Wed Aug 26 01:56:55.742299 2026] [authz_core:debug] [pid 2196243:tid 2196243] mod_authz_core.c(815): [client 216.73.216.242:40951] AH01626: authorization result of : granted
[Wed Aug 26 01:56:55.743079 2026] [authz_core:debug] [pid 2196243:tid 2196243] mod_authz_core.c(815): [client 216.73.216.242:40951] AH01626: authorization result of Require all granted: granted
[Wed Aug 26 01:56:55.743093 2026] [authz_core:debug] [pid 2196243:tid 2196243] mod_authz_core.c(815): [client 216.73.216.242:40951] AH01626: authorization result of : granted
[Wed Aug 26 01:56:55.745478 2026] [ssl:debug] [pid 2196245:tid 2196245] ssl_engine_kernel.c(2082): [client 216.73.216.242:1577] AH02041: Protocol: TLSv1.3, Cipher: TLS_AES_256_GCM_SHA384 (256/256 bits)
[Wed Aug 26 01:56:55.745554 2026] [socache_shmcb:debug] [pid 2196245:tid 2196245] mod_socache_shmcb.c(508): AH00831: socache_shmcb_store (0x1d -> subcache 29)
[Wed Aug 26 01:56:55.745571 2026] [socache_shmcb:debug] [pid 2196245:tid 2196245] mod_socache_shmcb.c(745): AH00842: expiring 3 and reclaiming 0 removed socache entries
[Wed Aug 26 01:56:55.745575 2026] [socache_shmcb:debug] [pid 2196245:tid 2196245] mod_socache_shmcb.c(765): AH00843: we now have 30 socache entries
[Wed Aug 26 01:56:55.745578 2026] [socache_shmcb:debug] [pid 2196245:tid 2196245] mod_socache_shmcb.c(860): AH00847: insert happened at idx=51, data=(1519:1551)
[Wed Aug 26 01:56:55.745581 2026] [socache_shmcb:debug] [pid 2196245:tid 2196245] mod_socache_shmcb.c(863): AH00848: finished insert, subcache: idx_pos/idx_used=21/31, data_pos/data_used=8679/6929
[Wed Aug 26 01:56:55.745584 2026] [socache_shmcb:debug] [pid 2196245:tid 2196245] mod_socache_shmcb.c(530): AH00834: leaving socache_shmcb_store successfully
[Wed Aug 26 01:56:55.823122 2026] [ssl:debug] [pid 2196232:tid 2196232] ssl_engine_kernel.c(254): [client 216.73.216.242:26540] AH02034: Subsequent (No.3) HTTPS request received for child 5 (server 2blog.ilc.edu.tw:443)
[Wed Aug 26 01:56:55.823328 2026] [authz_core:debug] [pid 2196232:tid 2196232] mod_authz_core.c(815): [client 216.73.216.242:26540] AH01626: authorization result of Require all granted: granted
[Wed Aug 26 01:56:55.823335 2026] [authz_core:debug] [pid 2196232:tid 2196232] mod_authz_core.c(815): [client 216.73.216.242:26540] AH01626: authorization result of : granted
[Wed Aug 26 01:56:55.823460 2026] [authz_core:debug] [pid 2196232:tid 2196232] mod_authz_core.c(815): [client 216.73.216.242:26540] AH01626: authorization result of Require all granted: granted
[Wed Aug 26 01:56:55.823464 2026] [authz_core:debug] [pid 2196232:tid 2196232] mod_authz_core.c(815): [client 216.73.216.242:26540] AH01626: authorization result of : granted
[Wed Aug 26 01:56:55.881495 2026] [ssl:debug] [pid 2196205:tid 2196205] ssl_engine_kernel.c(2082): [client 216.73.216.242:12307] AH02041: Protocol: TLSv1.3, Cipher: TLS_AES_256_GCM_SHA384 (256/256 bits)
[Wed Aug 26 01:56:55.881554 2026] [socache_shmcb:debug] [pid 2196205:tid 2196205] mod_socache_shmcb.c(508): AH00831: socache_shmcb_store (0xc3 -> subcache 3)
[Wed Aug 26 01:56:55.881562 2026] [socache_shmcb:debug] [pid 2196205:tid 2196205] mod_socache_shmcb.c(860): AH00847: insert happened at idx=58, data=(3211:3243)
[Wed Aug 26 01:56:55.881565 2026] [socache_shmcb:debug] [pid 2196205:tid 2196205] mod_socache_shmcb.c(863): AH00848: finished insert, subcache: idx_pos/idx_used=22/37, data_pos/data_used=9074/8227
[Wed Aug 26 01:56:55.881568 2026] [socache_shmcb:debug] [pid 2196205:tid 2196205] mod_socache_shmcb.c(530): AH00834: leaving socache_shmcb_store successfully
[Wed Aug 26 01:56:55.913196 2026] [ssl:debug] [pid 2196205:tid 2196205] ssl_engine_kernel.c(254): [client 216.73.216.242:12307] AH02034: Initial (No.1) HTTPS request received for child 14 (server 2blog.ilc.edu.tw:443)
[Wed Aug 26 01:56:55.913364 2026] [authz_core:debug] [pid 2196205:tid 2196205] mod_authz_core.c(815): [client 216.73.216.242:12307] AH01626: authorization result of Require all granted: granted
[Wed Aug 26 01:56:55.913370 2026] [authz_core:debug] [pid 2196205:tid 2196205] mod_authz_core.c(815): [client 216.73.216.242:12307] AH01626: authorization result of : granted
[Wed Aug 26 01:56:55.913506 2026] [authz_core:debug] [pid 2196205:tid 2196205] mod_authz_core.c(815): [client 216.73.216.242:12307] AH01626: authorization result of Require all granted: granted
[Wed Aug 26 01:56:55.913512 2026] [authz_core:debug] [pid 2196205:tid 2196205] mod_authz_core.c(815): [client 216.73.216.242:12307] AH01626: authorization result of : granted
[Wed Aug 26 01:56:56.004102 2026] [ssl:debug] [pid 2196240:tid 2196240] ssl_engine_kernel.c(254): [client 216.73.216.242:37489] AH02034: Subsequent (No.3) HTTPS request received for child 18 (server 2blog.ilc.edu.tw:443)
[Wed Aug 26 01:56:56.004329 2026] [authz_core:debug] [pid 2196240:tid 2196240] mod_authz_core.c(815): [client 216.73.216.242:37489] AH01626: authorization result of Require all granted: granted
[Wed Aug 26 01:56:56.004338 2026] [authz_core:debug] [pid 2196240:tid 2196240] mod_authz_core.c(815): [client 216.73.216.242:37489] AH01626: authorization result of : granted
[Wed Aug 26 01:56:56.004488 2026] [authz_core:debug] [pid 2196240:tid 2196240] mod_authz_core.c(815): [client 216.73.216.242:37489] AH01626: authorization result of Require all granted: granted
[Wed Aug 26 01:56:56.004495 2026] [authz_core:debug] [pid 2196240:tid 2196240] mod_authz_core.c(815): [client 216.73.216.242:37489] AH01626: authorization result of : granted
[Wed Aug 26 01:56:56.075784 2026] [deflate:debug] [pid 2196243:tid 2196243] mod_deflate.c(909): [client 216.73.216.242:40951] AH01384: Zlib: Compressed 2852 to 1284 : URL /index.php
[Wed Aug 26 01:56:56.106332 2026] [ssl:debug] [pid 2196219:tid 2196219] ssl_engine_kernel.c(254): [client 216.73.216.242:64722] AH02034: Subsequent (No.3) HTTPS request received for child 17 (server 2blog.ilc.edu.tw:443)
[Wed Aug 26 01:56:56.106532 2026] [authz_core:debug] [pid 2196219:tid 2196219] mod_authz_core.c(815): [client 216.73.216.242:64722] AH01626: authorization result of Require all granted: granted
[Wed Aug 26 01:56:56.106538 2026] [authz_core:debug] [pid 2196219:tid 2196219] mod_authz_core.c(815): [client 216.73.216.242:64722] AH01626: authorization result of : granted
[Wed Aug 26 01:56:56.106667 2026] [authz_core:debug] [pid 2196219:tid 2196219] mod_authz_core.c(815): [client 216.73.216.242:64722] AH01626: authorization result of Require all granted: granted
[Wed Aug 26 01:56:56.106673 2026] [authz_core:debug] [pid 2196219:tid 2196219] mod_authz_core.c(815): [client 216.73.216.242:64722] AH01626: authorization result of : granted
[Wed Aug 26 01:56:56.187046 2026] [ssl:debug] [pid 2196141:tid 2196141] ssl_engine_kernel.c(254): [client 216.73.216.242:27672] AH02034: Subsequent (No.4) HTTPS request received for child 10 (server 2blog.ilc.edu.tw:443)
[Wed Aug 26 01:56:56.187291 2026] [authz_core:debug] [pid 2196141:tid 2196141] mod_authz_core.c(815): [client 216.73.216.242:27672] AH01626: authorization result of Require all granted: granted
[Wed Aug 26 01:56:56.187300 2026] [authz_core:debug] [pid 2196141:tid 2196141] mod_authz_core.c(815): [client 216.73.216.242:27672] AH01626: authorization result of : granted
[Wed Aug 26 01:56:56.187479 2026] [authz_core:debug] [pid 2196141:tid 2196141] mod_authz_core.c(815): [client 216.73.216.242:27672] AH01626: authorization result of Require all granted: granted
[Wed Aug 26 01:56:56.187486 2026] [authz_core:debug] [pid 2196141:tid 2196141] mod_authz_core.c(815): [client 216.73.216.242:27672] AH01626: authorization result of : granted
[Wed Aug 26 01:56:56.255591 2026] [ssl:info] [pid 2191547:tid 2191547] [client 34.123.149.87:8192] AH01964: Connection to child 3 established (server 2blog.ilc.edu.tw:443)
[Wed Aug 26 01:56:56.255753 2026] [ssl:debug] [pid 2191547:tid 2191547] ssl_engine_kernel.c(2222): [client 34.123.149.87:8192] AH02043: SSL virtual host for servername 2blog.ilc.edu.tw found
[Wed Aug 26 01:56:56.255808 2026] [core:debug] [pid 2191547:tid 2191547] protocol.c(2460): [client 34.123.149.87:8192] AH03155: select protocol from , choices=http/1.1 for server 2blog.ilc.edu.tw
[Wed Aug 26 01:56:56.277505 2026] [ssl:debug] [pid 2196239:tid 2196239] ssl_engine_kernel.c(254): [client 216.73.216.242:48727] AH02034: Subsequent (No.3) HTTPS request received for child 9 (server 2blog.ilc.edu.tw:443)
[Wed Aug 26 01:56:56.277848 2026] [authz_core:debug] [pid 2196239:tid 2196239] mod_authz_core.c(815): [client 216.73.216.242:48727] AH01626: authorization result of Require all granted: granted
[Wed Aug 26 01:56:56.277860 2026] [authz_core:debug] [pid 2196239:tid 2196239] mod_authz_core.c(815): [client 216.73.216.242:48727] AH01626: authorization result of : granted
[Wed Aug 26 01:56:56.278000 2026] [authz_core:debug] [pid 2196239:tid 2196239] mod_authz_core.c(815): [client 216.73.216.242:48727] AH01626: authorization result of Require all granted: granted
[Wed Aug 26 01:56:56.278003 2026] [authz_core:debug] [pid 2196239:tid 2196239] mod_authz_core.c(815): [client 216.73.216.242:48727] AH01626: authorization result of : granted
[Wed Aug 26 01:56:56.368574 2026] [ssl:debug] [pid 2196232:tid 2196232] ssl_engine_kernel.c(254): [client 216.73.216.242:26540] AH02034: Subsequent (No.4) HTTPS request received for child 5 (server 2blog.ilc.edu.tw:443)
[Wed Aug 26 01:56:56.368781 2026] [authz_core:debug] [pid 2196232:tid 2196232] mod_authz_core.c(815): [client 216.73.216.242:26540] AH01626: authorization result of Require all granted: granted
[Wed Aug 26 01:56:56.368787 2026] [authz_core:debug] [pid 2196232:tid 2196232] mod_authz_core.c(815): [client 216.73.216.242:26540] AH01626: authorization result of : granted
[Wed Aug 26 01:56:56.369031 2026] [authz_core:debug] [pid 2196232:tid 2196232] mod_authz_core.c(815): [client 216.73.216.242:26540] AH01626: authorization result of Require all granted: granted
[Wed Aug 26 01:56:56.369040 2026] [authz_core:debug] [pid 2196232:tid 2196232] mod_authz_core.c(815): [client 216.73.216.242:26540] AH01626: authorization result of : granted
[Wed Aug 26 01:56:56.398323 2026] [ssl:debug] [pid 2196238:tid 2196238] ssl_engine_kernel.c(254): [client 66.249.71.37:56191] AH02034: Subsequent (No.2) HTTPS request received for child 8 (server 2blog.ilc.edu.tw:443)
[Wed Aug 26 01:56:56.398607 2026] [authz_core:debug] [pid 2196238:tid 2196238] mod_authz_core.c(815): [client 66.249.71.37:56191] AH01626: authorization result of Require all granted: granted
[Wed Aug 26 01:56:56.398613 2026] [authz_core:debug] [pid 2196238:tid 2196238] mod_authz_core.c(815): [client 66.249.71.37:56191] AH01626: authorization result of : granted
[Wed Aug 26 01:56:56.470224 2026] [ssl:debug] [pid 2196243:tid 2196243] ssl_engine_kernel.c(254): [client 216.73.216.242:40951] AH02034: Subsequent (No.2) HTTPS request received for child 22 (server 2blog.ilc.edu.tw:443)
[Wed Aug 26 01:56:56.470459 2026] [authz_core:debug] [pid 2196243:tid 2196243] mod_authz_core.c(815): [client 216.73.216.242:40951] AH01626: authorization result of Require all granted: granted
[Wed Aug 26 01:56:56.470466 2026] [authz_core:debug] [pid 2196243:tid 2196243] mod_authz_core.c(815): [client 216.73.216.242:40951] AH01626: authorization result of : granted
[Wed Aug 26 01:56:56.470630 2026] [authz_core:debug] [pid 2196243:tid 2196243] mod_authz_core.c(815): [client 216.73.216.242:40951] AH01626: authorization result of Require all granted: granted
[Wed Aug 26 01:56:56.470636 2026] [authz_core:debug] [pid 2196243:tid 2196243] mod_authz_core.c(815): [client 216.73.216.242:40951] AH01626: authorization result of : granted
[Wed Aug 26 01:56:56.501576 2026] [mpm_prefork:info] [pid 42267:tid 42267] AH00162: server seems busy, (you may need to increase StartServers, or Min/MaxSpareServers), spawning 8 children, there are 0 idle, and 26 total children
[Wed Aug 26 01:56:56.506194 2026] [watchdog:debug] [pid 2196246:tid 2196246] mod_watchdog.c(559): AH02980: Watchdog: nothing configured?
[Wed Aug 26 01:56:56.506391 2026] [ssl:info] [pid 2196246:tid 2196246] [client 216.73.216.242:65218] AH01964: Connection to child 25 established (server 2blog.ilc.edu.tw:443)
[Wed Aug 26 01:56:56.506729 2026] [ssl:debug] [pid 2196246:tid 2196246] ssl_engine_kernel.c(2222): [client 216.73.216.242:65218] AH02043: SSL virtual host for servername 2blog.ilc.edu.tw found
[Wed Aug 26 01:56:56.506765 2026] [socache_shmcb:debug] [pid 2196246:tid 2196246] mod_socache_shmcb.c(545): AH00835: socache_shmcb_retrieve (0xec -> subcache 12)
[Wed Aug 26 01:56:56.506778 2026] [socache_shmcb:debug] [pid 2196246:tid 2196246] mod_socache_shmcb.c(896): AH00849: match at idx=70, data=5676
