[Wed Aug 26 01:57:24.315906 2026] [authz_core:debug] [pid 2196240:tid 2196240] mod_authz_core.c(815): [client 216.73.216.242:37489] AH01626: authorization result of Require all granted: granted
[Wed Aug 26 01:57:24.315909 2026] [authz_core:debug] [pid 2196240:tid 2196240] mod_authz_core.c(815): [client 216.73.216.242:37489] AH01626: authorization result of : granted
[Wed Aug 26 01:57:24.318020 2026] [authz_core:debug] [pid 2196269:tid 2196269] mod_authz_core.c(815): [client 45.13.93.247:39255] AH01626: authorization result of Require all granted: granted, referer: https://www.bhoes.ilc.edu.tw/2021/06/07/109-08-31%E9%87%91%E8%BB%8A%E6%96%87%E6%95%99%E5%9F%BA%E9%87%91%E6%9C%83%E5%A4%8F%E6%97%A5%E9%9F%B3%E6%A8%82%E6%9C%83/
[Wed Aug 26 01:57:24.318032 2026] [authz_core:debug] [pid 2196269:tid 2196269] mod_authz_core.c(815): [client 45.13.93.247:39255] AH01626: authorization result of : granted, referer: https://www.bhoes.ilc.edu.tw/2021/06/07/109-08-31%E9%87%91%E8%BB%8A%E6%96%87%E6%95%99%E5%9F%BA%E9%87%91%E6%9C%83%E5%A4%8F%E6%97%A5%E9%9F%B3%E6%A8%82%E6%9C%83/
[Wed Aug 26 01:57:24.415800 2026] [ssl:debug] [pid 2196246:tid 2196246] ssl_engine_kernel.c(254): [client 216.73.216.242:65218] AH02034: Subsequent (No.43) HTTPS request received for child 25 (server 2blog.ilc.edu.tw:443)
[Wed Aug 26 01:57:24.416014 2026] [authz_core:debug] [pid 2196246:tid 2196246] mod_authz_core.c(815): [client 216.73.216.242:65218] AH01626: authorization result of Require all granted: granted
[Wed Aug 26 01:57:24.416020 2026] [authz_core:debug] [pid 2196246:tid 2196246] mod_authz_core.c(815): [client 216.73.216.242:65218] AH01626: authorization result of : granted
[Wed Aug 26 01:57:24.416171 2026] [authz_core:debug] [pid 2196246:tid 2196246] mod_authz_core.c(815): [client 216.73.216.242:65218] AH01626: authorization result of Require all granted: granted
[Wed Aug 26 01:57:24.416176 2026] [authz_core:debug] [pid 2196246:tid 2196246] mod_authz_core.c(815): [client 216.73.216.242:65218] AH01626: authorization result of : granted
[Wed Aug 26 01:57:24.509234 2026] [ssl:debug] [pid 2196219:tid 2196219] ssl_engine_kernel.c(254): [client 216.73.216.242:64722] AH02034: Subsequent (No.39) HTTPS request received for child 17 (server 2blog.ilc.edu.tw:443)
[Wed Aug 26 01:57:24.509419 2026] [authz_core:debug] [pid 2196219:tid 2196219] mod_authz_core.c(815): [client 216.73.216.242:64722] AH01626: authorization result of Require all granted: granted
[Wed Aug 26 01:57:24.509424 2026] [authz_core:debug] [pid 2196219:tid 2196219] mod_authz_core.c(815): [client 216.73.216.242:64722] AH01626: authorization result of : granted
[Wed Aug 26 01:57:24.509541 2026] [authz_core:debug] [pid 2196219:tid 2196219] mod_authz_core.c(815): [client 216.73.216.242:64722] AH01626: authorization result of Require all granted: granted
[Wed Aug 26 01:57:24.509545 2026] [authz_core:debug] [pid 2196219:tid 2196219] mod_authz_core.c(815): [client 216.73.216.242:64722] AH01626: authorization result of : granted
[Wed Aug 26 01:57:24.589202 2026] [ssl:debug] [pid 2196242:tid 2196242] ssl_engine_kernel.c(254): [client 216.73.216.242:5872] AH02034: Subsequent (No.10) HTTPS request received for child 21 (server 2blog.ilc.edu.tw:443)
[Wed Aug 26 01:57:24.589421 2026] [authz_core:debug] [pid 2196242:tid 2196242] mod_authz_core.c(815): [client 216.73.216.242:5872] AH01626: authorization result of Require all granted: granted
[Wed Aug 26 01:57:24.589427 2026] [authz_core:debug] [pid 2196242:tid 2196242] mod_authz_core.c(815): [client 216.73.216.242:5872] AH01626: authorization result of : granted
[Wed Aug 26 01:57:24.589590 2026] [authz_core:debug] [pid 2196242:tid 2196242] mod_authz_core.c(815): [client 216.73.216.242:5872] AH01626: authorization result of Require all granted: granted
[Wed Aug 26 01:57:24.589598 2026] [authz_core:debug] [pid 2196242:tid 2196242] mod_authz_core.c(815): [client 216.73.216.242:5872] AH01626: authorization result of : granted
[Wed Aug 26 01:57:24.691128 2026] [ssl:debug] [pid 2196245:tid 2196245] ssl_engine_kernel.c(254): [client 216.73.216.242:1577] AH02034: Subsequent (No.26) HTTPS request received for child 24 (server 2blog.ilc.edu.tw:443)
[Wed Aug 26 01:57:24.691384 2026] [authz_core:debug] [pid 2196245:tid 2196245] mod_authz_core.c(815): [client 216.73.216.242:1577] AH01626: authorization result of Require all granted: granted
[Wed Aug 26 01:57:24.691436 2026] [authz_core:debug] [pid 2196245:tid 2196245] mod_authz_core.c(815): [client 216.73.216.242:1577] AH01626: authorization result of : granted
[Wed Aug 26 01:57:24.691591 2026] [authz_core:debug] [pid 2196245:tid 2196245] mod_authz_core.c(815): [client 216.73.216.242:1577] AH01626: authorization result of Require all granted: granted
[Wed Aug 26 01:57:24.691596 2026] [authz_core:debug] [pid 2196245:tid 2196245] mod_authz_core.c(815): [client 216.73.216.242:1577] AH01626: authorization result of : granted
[Wed Aug 26 01:57:24.693968 2026] [deflate:debug] [pid 2196246:tid 2196246] mod_deflate.c(909): [client 216.73.216.242:65218] AH01384: Zlib: Compressed 2815 to 1271 : URL /index.php
[Wed Aug 26 01:57:24.707068 2026] [ssl:info] [pid 2191547:tid 2191547] (70014)End of file found: [client 31.25.194.6:40799] AH01992: SSL library error 6 reading data
[Wed Aug 26 01:57:24.707164 2026] [ssl:debug] [pid 2191547:tid 2191547] ssl_engine_io.c(1150): [client 31.25.194.6:40799] AH02001: Connection closed to child 3 with standard shutdown (server www.bhoes.ilc.edu.tw:443)
[Wed Aug 26 01:57:24.782590 2026] [ssl:debug] [pid 2196243:tid 2196243] ssl_engine_kernel.c(254): [client 216.73.216.242:40951] AH02034: Subsequent (No.41) HTTPS request received for child 22 (server 2blog.ilc.edu.tw:443)
[Wed Aug 26 01:57:24.782793 2026] [authz_core:debug] [pid 2196243:tid 2196243] mod_authz_core.c(815): [client 216.73.216.242:40951] AH01626: authorization result of Require all granted: granted
[Wed Aug 26 01:57:24.782799 2026] [authz_core:debug] [pid 2196243:tid 2196243] mod_authz_core.c(815): [client 216.73.216.242:40951] AH01626: authorization result of : granted
[Wed Aug 26 01:57:24.782922 2026] [authz_core:debug] [pid 2196243:tid 2196243] mod_authz_core.c(815): [client 216.73.216.242:40951] AH01626: authorization result of Require all granted: granted
[Wed Aug 26 01:57:24.782926 2026] [authz_core:debug] [pid 2196243:tid 2196243] mod_authz_core.c(815): [client 216.73.216.242:40951] AH01626: authorization result of : granted
[Wed Aug 26 01:57:24.790171 2026] [ssl:info] [pid 2196225:tid 2196225] [client 34.123.149.87:12801] AH01964: Connection to child 12 established (server 2blog.ilc.edu.tw:443)
[Wed Aug 26 01:57:24.790367 2026] [ssl:debug] [pid 2196225:tid 2196225] ssl_engine_kernel.c(2222): [client 34.123.149.87:12801] AH02043: SSL virtual host for servername 2blog.ilc.edu.tw found
[Wed Aug 26 01:57:24.790424 2026] [core:debug] [pid 2196225:tid 2196225] protocol.c(2460): [client 34.123.149.87:12801] AH03155: select protocol from , choices=http/1.1 for server 2blog.ilc.edu.tw
[Wed Aug 26 01:57:24.862412 2026] [ssl:debug] [pid 2196240:tid 2196240] ssl_engine_kernel.c(254): [client 216.73.216.242:37489] AH02034: Subsequent (No.38) HTTPS request received for child 18 (server 2blog.ilc.edu.tw:443)
[Wed Aug 26 01:57:24.862597 2026] [authz_core:debug] [pid 2196240:tid 2196240] mod_authz_core.c(815): [client 216.73.216.242:37489] AH01626: authorization result of Require all granted: granted
[Wed Aug 26 01:57:24.862602 2026] [authz_core:debug] [pid 2196240:tid 2196240] mod_authz_core.c(815): [client 216.73.216.242:37489] AH01626: authorization result of : granted
[Wed Aug 26 01:57:24.862732 2026] [authz_core:debug] [pid 2196240:tid 2196240] mod_authz_core.c(815): [client 216.73.216.242:37489] AH01626: authorization result of Require all granted: granted
[Wed Aug 26 01:57:24.862737 2026] [authz_core:debug] [pid 2196240:tid 2196240] mod_authz_core.c(815): [client 216.73.216.242:37489] AH01626: authorization result of : granted
[Wed Aug 26 01:57:24.876535 2026] [deflate:debug] [pid 2196242:tid 2196242] mod_deflate.c(909): [client 216.73.216.242:5872] AH01384: Zlib: Compressed 2853 to 1281 : URL /index.php
[Wed Aug 26 01:57:24.963214 2026] [ssl:debug] [pid 2196246:tid 2196246] ssl_engine_kernel.c(254): [client 216.73.216.242:65218] AH02034: Subsequent (No.44) HTTPS request received for child 25 (server 2blog.ilc.edu.tw:443)
[Wed Aug 26 01:57:24.963425 2026] [authz_core:debug] [pid 2196246:tid 2196246] mod_authz_core.c(815): [client 216.73.216.242:65218] AH01626: authorization result of Require all granted: granted
[Wed Aug 26 01:57:24.963435 2026] [authz_core:debug] [pid 2196246:tid 2196246] mod_authz_core.c(815): [client 216.73.216.242:65218] AH01626: authorization result of : granted
[Wed Aug 26 01:57:24.963570 2026] [authz_core:debug] [pid 2196246:tid 2196246] mod_authz_core.c(815): [client 216.73.216.242:65218] AH01626: authorization result of Require all granted: granted
[Wed Aug 26 01:57:24.963574 2026] [authz_core:debug] [pid 2196246:tid 2196246] mod_authz_core.c(815): [client 216.73.216.242:65218] AH01626: authorization result of : granted
[Wed Aug 26 01:57:24.963856 2026] [deflate:debug] [pid 2196245:tid 2196245] mod_deflate.c(909): [client 216.73.216.242:1577] AH01384: Zlib: Compressed 2860 to 1290 : URL /index.php
[Wed Aug 26 01:57:25.045764 2026] [ssl:debug] [pid 2196205:tid 2196205] ssl_engine_kernel.c(254): [client 216.73.216.242:12307] AH02034: Subsequent (No.46) HTTPS request received for child 14 (server 2blog.ilc.edu.tw:443)
[Wed Aug 26 01:57:25.045957 2026] [authz_core:debug] [pid 2196205:tid 2196205] mod_authz_core.c(815): [client 216.73.216.242:12307] AH01626: authorization result of Require all granted: granted
[Wed Aug 26 01:57:25.045962 2026] [authz_core:debug] [pid 2196205:tid 2196205] mod_authz_core.c(815): [client 216.73.216.242:12307] AH01626: authorization result of : granted
[Wed Aug 26 01:57:25.046125 2026] [authz_core:debug] [pid 2196205:tid 2196205] mod_authz_core.c(815): [client 216.73.216.242:12307] AH01626: authorization result of Require all granted: granted
[Wed Aug 26 01:57:25.046131 2026] [authz_core:debug] [pid 2196205:tid 2196205] mod_authz_core.c(815): [client 216.73.216.242:12307] AH01626: authorization result of : granted
[Wed Aug 26 01:57:25.118677 2026] [ssl:debug] [pid 2196269:tid 2196269] ssl_engine_io.c(1150): [client 45.13.93.247:39255] AH02001: Connection closed to child 6 with standard shutdown (server www.bhoes.ilc.edu.tw:443)
[Wed Aug 26 01:57:25.141029 2026] [ssl:debug] [pid 2196242:tid 2196242] ssl_engine_kernel.c(254): [client 216.73.216.242:5872] AH02034: Subsequent (No.11) HTTPS request received for child 21 (server 2blog.ilc.edu.tw:443)
[Wed Aug 26 01:57:25.141222 2026] [authz_core:debug] [pid 2196242:tid 2196242] mod_authz_core.c(815): [client 216.73.216.242:5872] AH01626: authorization result of Require all granted: granted
[Wed Aug 26 01:57:25.141227 2026] [authz_core:debug] [pid 2196242:tid 2196242] mod_authz_core.c(815): [client 216.73.216.242:5872] AH01626: authorization result of : granted
[Wed Aug 26 01:57:25.141341 2026] [authz_core:debug] [pid 2196242:tid 2196242] mod_authz_core.c(815): [client 216.73.216.242:5872] AH01626: authorization result of Require all granted: granted
[Wed Aug 26 01:57:25.141352 2026] [authz_core:debug] [pid 2196242:tid 2196242] mod_authz_core.c(815): [client 216.73.216.242:5872] AH01626: authorization result of : granted
[Wed Aug 26 01:57:25.190936 2026] [headers:debug] [pid 2196239:tid 2196239] mod_headers.c(900): AH01503: headers: ap_headers_error_filter()
[Wed Aug 26 01:57:25.242872 2026] [ssl:debug] [pid 2196245:tid 2196245] ssl_engine_kernel.c(254): [client 216.73.216.242:1577] AH02034: Subsequent (No.27) HTTPS request received for child 24 (server 2blog.ilc.edu.tw:443)
[Wed Aug 26 01:57:25.243115 2026] [authz_core:debug] [pid 2196245:tid 2196245] mod_authz_core.c(815): [client 216.73.216.242:1577] AH01626: authorization result of Require all granted: granted
[Wed Aug 26 01:57:25.243122 2026] [authz_core:debug] [pid 2196245:tid 2196245] mod_authz_core.c(815): [client 216.73.216.242:1577] AH01626: authorization result of : granted
[Wed Aug 26 01:57:25.243279 2026] [authz_core:debug] [pid 2196245:tid 2196245] mod_authz_core.c(815): [client 216.73.216.242:1577] AH01626: authorization result of Require all granted: granted
[Wed Aug 26 01:57:25.243284 2026] [authz_core:debug] [pid 2196245:tid 2196245] mod_authz_core.c(815): [client 216.73.216.242:1577] AH01626: authorization result of : granted
[Wed Aug 26 01:57:25.331757 2026] [deflate:debug] [pid 2196205:tid 2196205] mod_deflate.c(909): [client 216.73.216.242:12307] AH01384: Zlib: Compressed 2863 to 1293 : URL /index.php
[Wed Aug 26 01:57:25.333934 2026] [ssl:debug] [pid 2196243:tid 2196243] ssl_engine_kernel.c(254): [client 216.73.216.242:40951] AH02034: Subsequent (No.42) HTTPS request received for child 22 (server 2blog.ilc.edu.tw:443)
[Wed Aug 26 01:57:25.334181 2026] [authz_core:debug] [pid 2196243:tid 2196243] mod_authz_core.c(815): [client 216.73.216.242:40951] AH01626: authorization result of Require all granted: granted
[Wed Aug 26 01:57:25.334192 2026] [authz_core:debug] [pid 2196243:tid 2196243] mod_authz_core.c(815): [client 216.73.216.242:40951] AH01626: authorization result of : granted
[Wed Aug 26 01:57:25.334337 2026] [authz_core:debug] [pid 2196243:tid 2196243] mod_authz_core.c(815): [client 216.73.216.242:40951] AH01626: authorization result of Require all granted: granted
[Wed Aug 26 01:57:25.334344 2026] [authz_core:debug] [pid 2196243:tid 2196243] mod_authz_core.c(815): [client 216.73.216.242:40951] AH01626: authorization result of : granted
[Wed Aug 26 01:57:25.414049 2026] [ssl:debug] [pid 2196240:tid 2196240] ssl_engine_kernel.c(254): [client 216.73.216.242:37489] AH02034: Subsequent (No.39) HTTPS request received for child 18 (server 2blog.ilc.edu.tw:443)
[Wed Aug 26 01:57:25.414264 2026] [authz_core:debug] [pid 2196240:tid 2196240] mod_authz_core.c(815): [client 216.73.216.242:37489] AH01626: authorization result of Require all granted: granted
[Wed Aug 26 01:57:25.414270 2026] [authz_core:debug] [pid 2196240:tid 2196240] mod_authz_core.c(815): [client 216.73.216.242:37489] AH01626: authorization result of : granted
[Wed Aug 26 01:57:25.414390 2026] [authz_core:debug] [pid 2196240:tid 2196240] mod_authz_core.c(815): [client 216.73.216.242:37489] AH01626: authorization result of Require all granted: granted
[Wed Aug 26 01:57:25.414394 2026] [authz_core:debug] [pid 2196240:tid 2196240] mod_authz_core.c(815): [client 216.73.216.242:37489] AH01626: authorization result of : granted
[Wed Aug 26 01:57:25.471970 2026] [ssl:debug] [pid 2196253:tid 2196253] ssl_engine_io.c(1150): [client 34.30.223.149:12289] AH02001: Connection closed to child 32 with standard shutdown (server 2blog.ilc.edu.tw:443)
[Wed Aug 26 01:57:25.516000 2026] [ssl:debug] [pid 2196246:tid 2196246] ssl_engine_kernel.c(254): [client 216.73.216.242:65218] AH02034: Subsequent (No.45) HTTPS request received for child 25 (server 2blog.ilc.edu.tw:443)
[Wed Aug 26 01:57:25.516267 2026] [authz_core:debug] [pid 2196246:tid 2196246] mod_authz_core.c(815): [client 216.73.216.242:65218] AH01626: authorization result of Require all granted: granted
[Wed Aug 26 01:57:25.516283 2026] [authz_core:debug] [pid 2196246:tid 2196246] mod_authz_core.c(815): [client 216.73.216.242:65218] AH01626: authorization result of : granted
[Wed Aug 26 01:57:25.516466 2026] [authz_core:debug] [pid 2196246:tid 2196246] mod_authz_core.c(815): [client 216.73.216.242:65218] AH01626: authorization result of Require all granted: granted
[Wed Aug 26 01:57:25.516473 2026] [authz_core:debug] [pid 2196246:tid 2196246] mod_authz_core.c(815): [client 216.73.216.242:65218] AH01626: authorization result of : granted
[Wed Aug 26 01:57:25.530425 2026] [ssl:info] [pid 2196249:tid 2196249] [client 140.111.67.10:39216] AH01964: Connection to child 28 established (server 2blog.ilc.edu.tw:443)
[Wed Aug 26 01:57:25.530618 2026] [ssl:info] [pid 2196249:tid 2196249] (70014)End of file found: [client 140.111.67.10:39216] AH02006: SSL handshake stopped: connection was closed
[Wed Aug 26 01:57:25.530630 2026] [ssl:info] [pid 2196249:tid 2196249] [client 140.111.67.10:39216] AH01998: Connection closed to child 28 with abortive shutdown (server 2blog.ilc.edu.tw:443)
[Wed Aug 26 01:57:25.564408 2026] [deflate:debug] [pid 2196240:tid 2196240] mod_deflate.c(909): [client 216.73.216.242:37489] AH01384: Zlib: Compressed 32056 to 8650 : URL /index.php
[Wed Aug 26 01:57:25.597514 2026] [ssl:debug] [pid 2196205:tid 2196205] ssl_engine_kernel.c(254): [client 216.73.216.242:12307] AH02034: Subsequent (No.47) HTTPS request received for child 14 (server 2blog.ilc.edu.tw:443)
[Wed Aug 26 01:57:25.597695 2026] [authz_core:debug] [pid 2196205:tid 2196205] mod_authz_core.c(815): [client 216.73.216.242:12307] AH01626: authorization result of Require all granted: granted
[Wed Aug 26 01:57:25.597701 2026] [authz_core:debug] [pid 2196205:tid 2196205] mod_authz_core.c(815): [client 216.73.216.242:12307] AH01626: authorization result of : granted
[Wed Aug 26 01:57:25.597867 2026] [authz_core:debug] [pid 2196205:tid 2196205] mod_authz_core.c(815): [client 216.73.216.242:12307] AH01626: authorization result of Require all granted: granted
[Wed Aug 26 01:57:25.597873 2026] [authz_core:debug] [pid 2196205:tid 2196205] mod_authz_core.c(815): [client 216.73.216.242:12307] AH01626: authorization result of : granted
[Wed Aug 26 01:57:25.688135 2026] [ssl:debug] [pid 2196242:tid 2196242] ssl_engine_kernel.c(254): [client 216.73.216.242:5872] AH02034: Subsequent (No.12) HTTPS request received for child 21 (server 2blog.ilc.edu.tw:443)
[Wed Aug 26 01:57:25.688339 2026] [authz_core:debug] [pid 2196242:tid 2196242] mod_authz_core.c(815): [client 216.73.216.242:5872] AH01626: authorization result of Require all granted: granted
[Wed Aug 26 01:57:25.688345 2026] [authz_core:debug] [pid 2196242:tid 2196242] mod_authz_core.c(815): [client 216.73.216.242:5872] AH01626: authorization result of : granted
[Wed Aug 26 01:57:25.688469 2026] [authz_core:debug] [pid 2196242:tid 2196242] mod_authz_core.c(815): [client 216.73.216.242:5872] AH01626: authorization result of Require all granted: granted
[Wed Aug 26 01:57:25.688472 2026] [authz_core:debug] [pid 2196242:tid 2196242] mod_authz_core.c(815): [client 216.73.216.242:5872] AH01626: authorization result of : granted
[Wed Aug 26 01:57:25.789328 2026] [ssl:debug] [pid 2196245:tid 2196245] ssl_engine_kernel.c(254): [client 216.73.216.242:1577] AH02034: Subsequent (No.28) HTTPS request received for child 24 (server 2blog.ilc.edu.tw:443)
[Wed Aug 26 01:57:25.789526 2026] [authz_core:debug] [pid 2196245:tid 2196245] mod_authz_core.c(815): [client 216.73.216.242:1577] AH01626: authorization result of Require all granted: granted
[Wed Aug 26 01:57:25.789532 2026] [authz_core:debug] [pid 2196245:tid 2196245] mod_authz_core.c(815): [client 216.73.216.242:1577] AH01626: authorization result of : granted
[Wed Aug 26 01:57:25.789931 2026] [authz_core:debug] [pid 2196245:tid 2196245] mod_authz_core.c(815): [client 216.73.216.242:1577] AH01626: authorization result of Require all granted: granted
[Wed Aug 26 01:57:25.789952 2026] [authz_core:debug] [pid 2196245:tid 2196245] mod_authz_core.c(815): [client 216.73.216.242:1577] AH01626: authorization result of : granted
[Wed Aug 26 01:57:25.811083 2026] [ssl:debug] [pid 2196143:tid 2196143] ssl_engine_io.c(1150): [client 34.42.229.145:34817] AH02001: Connection closed to child 11 with standard shutdown (server 2blog.ilc.edu.tw:443)
[Wed Aug 26 01:57:25.860042 2026] [deflate:debug] [pid 2196246:tid 2196246] mod_deflate.c(909): [client 216.73.216.242:65218] AH01384: Zlib: Compressed 2801 to 1265 : URL /index.php
[Wed Aug 26 01:57:25.882948 2026] [ssl:debug] [pid 2196243:tid 2196243] ssl_engine_kernel.c(254): [client 216.73.216.242:40951] AH02034: Subsequent (No.43) HTTPS request received for child 22 (server 2blog.ilc.edu.tw:443)
[Wed Aug 26 01:57:25.883238 2026] [authz_core:debug] [pid 2196243:tid 2196243] mod_authz_core.c(815): [client 216.73.216.242:40951] AH01626: authorization result of Require all granted: granted
[Wed Aug 26 01:57:25.883296 2026] [authz_core:debug] [pid 2196243:tid 2196243] mod_authz_core.c(815): [client 216.73.216.242:40951] AH01626: authorization result of : granted
[Wed Aug 26 01:57:25.883528 2026] [authz_core:debug] [pid 2196243:tid 2196243] mod_authz_core.c(815): [client 216.73.216.242:40951] AH01626: authorization result of Require all granted: granted
[Wed Aug 26 01:57:25.883538 2026] [authz_core:debug] [pid 2196243:tid 2196243] mod_authz_core.c(815): [client 216.73.216.242:40951] AH01626: authorization result of : granted
[Wed Aug 26 01:57:25.906271 2026] [deflate:debug] [pid 2196205:tid 2196205] mod_deflate.c(909): [client 216.73.216.242:12307] AH01384: Zlib: Compressed 2851 to 1284 : URL /index.php
[Wed Aug 26 01:57:25.961623 2026] [ssl:debug] [pid 2196240:tid 2196240] ssl_engine_kernel.c(254): [client 216.73.216.242:37489] AH02034: Subsequent (No.40) HTTPS request received for child 18 (server 2blog.ilc.edu.tw:443)
[Wed Aug 26 01:57:25.961805 2026] [authz_core:debug] [pid 2196240:tid 2196240] mod_authz_core.c(815): [client 216.73.216.242:37489] AH01626: authorization result of Require all granted: granted
[Wed Aug 26 01:57:25.961811 2026] [authz_core:debug] [pid 2196240:tid 2196240] mod_authz_core.c(815): [client 216.73.216.242:37489] AH01626: authorization result of : granted
[Wed Aug 26 01:57:25.961924 2026] [authz_core:debug] [pid 2196240:tid 2196240] mod_authz_core.c(815): [client 216.73.216.242:37489] AH01626: authorization result of Require all granted: granted
[Wed Aug 26 01:57:25.961928 2026] [authz_core:debug] [pid 2196240:tid 2196240] mod_authz_core.c(815): [client 216.73.216.242:37489] AH01626: authorization result of : granted
[Wed Aug 26 01:57:26.064414 2026] [ssl:debug] [pid 2196219:tid 2196219] ssl_engine_kernel.c(254): [client 216.73.216.242:64722] AH02034: Subsequent (No.40) HTTPS request received for child 17 (server 2blog.ilc.edu.tw:443)
[Wed Aug 26 01:57:26.064639 2026] [authz_core:debug] [pid 2196219:tid 2196219] mod_authz_core.c(815): [client 216.73.216.242:64722] AH01626: authorization result of Require all granted: granted
[Wed Aug 26 01:57:26.064646 2026] [authz_core:debug] [pid 2196219:tid 2196219] mod_authz_core.c(815): [client 216.73.216.242:64722] AH01626: authorization result of : granted
[Wed Aug 26 01:57:26.064790 2026] [authz_core:debug] [pid 2196219:tid 2196219] mod_authz_core.c(815): [client 216.73.216.242:64722] AH01626: authorization result of Require all granted: granted
[Wed Aug 26 01:57:26.064796 2026] [authz_core:debug] [pid 2196219:tid 2196219] mod_authz_core.c(815): [client 216.73.216.242:64722] AH01626: authorization result of : granted
[Wed Aug 26 01:57:26.144850 2026] [ssl:debug] [pid 2196205:tid 2196205] ssl_engine_kernel.c(254): [client 216.73.216.242:12307] AH02034: Subsequent (No.48) HTTPS request received for child 14 (server 2blog.ilc.edu.tw:443)
[Wed Aug 26 01:57:26.145055 2026] [authz_core:debug] [pid 2196205:tid 2196205] mod_authz_core.c(815): [client 216.73.216.242:12307] AH01626: authorization result of Require all granted: granted
[Wed Aug 26 01:57:26.145067 2026] [authz_core:debug] [pid 2196205:tid 2196205] mod_authz_core.c(815): [client 216.73.216.242:12307] AH01626: authorization result of : granted
[Wed Aug 26 01:57:26.145268 2026] [authz_core:debug] [pid 2196205:tid 2196205] mod_authz_core.c(815): [client 216.73.216.242:12307] AH01626: authorization result of Require all granted: granted
[Wed Aug 26 01:57:26.145289 2026] [authz_core:debug] [pid 2196205:tid 2196205] mod_authz_core.c(815): [client 216.73.216.242:12307] AH01626: authorization result of : granted
[Wed Aug 26 01:57:26.183047 2026] [deflate:debug] [pid 2196243:tid 2196243] mod_deflate.c(909): [client 216.73.216.242:40951] AH01384: Zlib: Compressed 2801 to 1268 : URL /index.php
[Wed Aug 26 01:57:26.235339 2026] [ssl:debug] [pid 2196242:tid 2196242] ssl_engine_kernel.c(254): [client 216.73.216.242:5872] AH02034: Subsequent (No.13) HTTPS request received for child 21 (server 2blog.ilc.edu.tw:443)
[Wed Aug 26 01:57:26.235518 2026] [authz_core:debug] [pid 2196242:tid 2196242] mod_authz_core.c(815): [client 216.73.216.242:5872] AH01626: authorization result of Require all granted: granted
[Wed Aug 26 01:57:26.235524 2026] [authz_core:debug] [pid 2196242:tid 2196242] mod_authz_core.c(815): [client 216.73.216.242:5872] AH01626: authorization result of : granted
[Wed Aug 26 01:57:26.235636 2026] [authz_core:debug] [pid 2196242:tid 2196242] mod_authz_core.c(815): [client 216.73.216.242:5872] AH01626: authorization result of Require all granted: granted
[Wed Aug 26 01:57:26.235640 2026] [authz_core:debug] [pid 2196242:tid 2196242] mod_authz_core.c(815): [client 216.73.216.242:5872] AH01626: authorization result of : granted
[Wed Aug 26 01:57:26.338208 2026] [deflate:debug] [pid 2196219:tid 2196219] mod_deflate.c(909): [client 216.73.216.242:64722] AH01384: Zlib: Compressed 2811 to 1271 : URL /index.php
[Wed Aug 26 01:57:26.358725 2026] [ssl:debug] [pid 2196246:tid 2196246] ssl_engine_kernel.c(254): [client 216.73.216.242:65218] AH02034: Subsequent (No.46) HTTPS request received for child 25 (server 2blog.ilc.edu.tw:443)
[Wed Aug 26 01:57:26.358918 2026] [authz_core:debug] [pid 2196246:tid 2196246] mod_authz_core.c(815): [client 216.73.216.242:65218] AH01626: authorization result of Require all granted: granted
[Wed Aug 26 01:57:26.358923 2026] [authz_core:debug] [pid 2196246:tid 2196246] mod_authz_core.c(815): [client 216.73.216.242:65218] AH01626: authorization result of : granted
[Wed Aug 26 01:57:26.359036 2026] [authz_core:debug] [pid 2196246:tid 2196246] mod_authz_core.c(815): [client 216.73.216.242:65218] AH01626: authorization result of Require all granted: granted
[Wed Aug 26 01:57:26.359039 2026] [authz_core:debug] [pid 2196246:tid 2196246] mod_authz_core.c(815): [client 216.73.216.242:65218] AH01626: authorization result of : granted
[Wed Aug 26 01:57:26.428343 2026] [ssl:debug] [pid 2196243:tid 2196243] ssl_engine_kernel.c(254): [client 216.73.216.242:40951] AH02034: Subsequent (No.44) HTTPS request received for child 22 (server 2blog.ilc.edu.tw:443)
[Wed Aug 26 01:57:26.428530 2026] [authz_core:debug] [pid 2196243:tid 2196243] mod_authz_core.c(815): [client 216.73.216.242:40951] AH01626: authorization result of Require all granted: granted
[Wed Aug 26 01:57:26.428535 2026] [authz_core:debug] [pid 2196243:tid 2196243] mod_authz_core.c(815): [client 216.73.216.242:40951] AH01626: authorization result of : granted
[Wed Aug 26 01:57:26.428661 2026] [authz_core:debug] [pid 2196243:tid 2196243] mod_authz_core.c(815): [client 216.73.216.242:40951] AH01626: authorization result of Require all granted: granted
[Wed Aug 26 01:57:26.428664 2026] [authz_core:debug] [pid 2196243:tid 2196243] mod_authz_core.c(815): [client 216.73.216.242:40951] AH01626: authorization result of : granted
[Wed Aug 26 01:57:26.458178 2026] [deflate:debug] [pid 2196205:tid 2196205] mod_deflate.c(909): [client 216.73.216.242:12307] AH01384: Zlib: Compressed 2801 to 1253 : URL /index.php
[Wed Aug 26 01:57:26.521840 2026] [ssl:debug] [pid 2196245:tid 2196245] ssl_engine_kernel.c(254): [client 216.73.216.242:1577] AH02034: Subsequent (No.29) HTTPS request received for child 24 (server 2blog.ilc.edu.tw:443)
[Wed Aug 26 01:57:26.522030 2026] [authz_core:debug] [pid 2196245:tid 2196245] mod_authz_core.c(815): [client 216.73.216.242:1577] AH01626: authorization result of Require all granted: granted
[Wed Aug 26 01:57:26.522035 2026] [authz_core:debug] [pid 2196245:tid 2196245] mod_authz_core.c(815): [client 216.73.216.242:1577] AH01626: authorization result of : granted
[Wed Aug 26 01:57:26.522190 2026] [authz_core:debug] [pid 2196245:tid 2196245] mod_authz_core.c(815): [client 216.73.216.242:1577] AH01626: authorization result of Require all granted: granted
[Wed Aug 26 01:57:26.522195 2026] [authz_core:debug] [pid 2196245:tid 2196245] mod_authz_core.c(815): [client 216.73.216.242:1577] AH01626: authorization result of : granted
[Wed Aug 26 01:57:26.552605 2026] [deflate:debug] [pid 2196246:tid 2196246] mod_deflate.c(909): [client 216.73.216.242:65218] AH01384: Zlib: Compressed 39163 to 10361 : URL /index.php
[Wed Aug 26 01:57:26.552916 2026] [ssl:info] [pid 2196244:tid 2196244] [client 34.30.223.149:1536] AH01964: Connection to child 23 established (server 2blog.ilc.edu.tw:443)
[Wed Aug 26 01:57:26.553044 2026] [ssl:info] [pid 2196244:tid 2196244] (70014)End of file found: [client 34.30.223.149:1536] AH02006: SSL handshake stopped: connection was closed
[Wed Aug 26 01:57:26.553050 2026] [ssl:info] [pid 2196244:tid 2196244] [client 34.30.223.149:1536] AH01998: Connection closed to child 23 with abortive shutdown (server 2blog.ilc.edu.tw:443)
[Wed Aug 26 01:57:26.615922 2026] [ssl:debug] [pid 2196219:tid 2196219] ssl_engine_kernel.c(254): [client 216.73.216.242:64722] AH02034: Subsequent (No.41) HTTPS request received for child 17 (server 2blog.ilc.edu.tw:443)
[Wed Aug 26 01:57:26.616163 2026] [authz_core:debug] [pid 2196219:tid 2196219] mod_authz_core.c(815): [client 216.73.216.242:64722] AH01626: authorization result of Require all granted: granted
[Wed Aug 26 01:57:26.616173 2026] [authz_core:debug] [pid 2196219:tid 2196219] mod_authz_core.c(815): [client 216.73.216.242:64722] AH01626: authorization result of : granted
[Wed Aug 26 01:57:26.616335 2026] [authz_core:debug] [pid 2196219:tid 2196219] mod_authz_core.c(815): [client 216.73.216.242:64722] AH01626: authorization result of Require all granted: granted
[Wed Aug 26 01:57:26.616341 2026] [authz_core:debug] [pid 2196219:tid 2196219] mod_authz_core.c(815): [client 216.73.216.242:64722] AH01626: authorization result of : granted
[Wed Aug 26 01:57:26.657045 2026] [ssl:debug] [pid 2196206:tid 2196206] ssl_engine_io.c(1150): [client 34.30.223.149:6656] AH02001: Connection closed to child 15 with standard shutdown (server 2blog.ilc.edu.tw:443)
[Wed Aug 26 01:57:26.668615 2026] [ssl:info] [pid 2196141:tid 2196141] [client 40.77.167.57:3612] AH01964: Connection to child 10 established (server 2blog.ilc.edu.tw:443)
[Wed Aug 26 01:57:26.668854 2026] [ssl:debug] [pid 2196141:tid 2196141] ssl_engine_kernel.c(2222): [client 40.77.167.57:3612] AH02043: SSL virtual host for servername www.najh.ilc.edu.tw found
[Wed Aug 26 01:57:26.668962 2026] [core:debug] [pid 2196141:tid 2196141] protocol.c(2460): [client 40.77.167.57:3612] AH03155: select protocol from , choices=h2,http/1.1 for server www.najh.ilc.edu.tw
[Wed Aug 26 01:57:26.696235 2026] [ssl:debug] [pid 2196205:tid 2196205] ssl_engine_kernel.c(254): [client 216.73.216.242:12307] AH02034: Subsequent (No.49) HTTPS request received for child 14 (server 2blog.ilc.edu.tw:443)
[Wed Aug 26 01:57:26.696484 2026] [authz_core:debug] [pid 2196205:tid 2196205] mod_authz_core.c(815): [client 216.73.216.242:12307] AH01626: authorization result of Require all granted: granted
[Wed Aug 26 01:57:26.696490 2026] [authz_core:debug] [pid 2196205:tid 2196205] mod_authz_core.c(815): [client 216.73.216.242:12307] AH01626: authorization result of : granted
[Wed Aug 26 01:57:26.696656 2026] [authz_core:debug] [pid 2196205:tid 2196205] mod_authz_core.c(815): [client 216.73.216.242:12307] AH01626: authorization result of Require all granted: granted
[Wed Aug 26 01:57:26.696670 2026] [authz_core:debug] [pid 2196205:tid 2196205] mod_authz_core.c(815): [client 216.73.216.242:12307] AH01626: authorization result of : granted
[Wed Aug 26 01:57:26.713863 2026] [deflate:debug] [pid 2196243:tid 2196243] mod_deflate.c(909): [client 216.73.216.242:40951] AH01384: Zlib: Compressed 2852 to 1284 : URL /index.php
[Wed Aug 26 01:57:26.776719 2026] [deflate:debug] [pid 2196240:tid 2196240] mod_deflate.c(909): [client 216.73.216.242:37489] AH01384: Zlib: Compressed 535704 to 86231 : URL /index.php
[Wed Aug 26 01:57:26.788789 2026] [ssl:debug] [pid 2196242:tid 2196242] ssl_engine_kernel.c(254): [client 216.73.216.242:5872] AH02034: Subsequent (No.14) HTTPS request received for child 21 (server 2blog.ilc.edu.tw:443)
[Wed Aug 26 01:57:26.789008 2026] [authz_core:debug] [pid 2196242:tid 2196242] mod_authz_core.c(815): [client 216.73.216.242:5872] AH01626: authorization result of Require all granted: granted
[Wed Aug 26 01:57:26.789018 2026] [authz_core:debug] [pid 2196242:tid 2196242] mod_authz_core.c(815): [client 216.73.216.242:5872] AH01626: authorization result of : granted
[Wed Aug 26 01:57:26.789195 2026] [authz_core:debug] [pid 2196242:tid 2196242] mod_authz_core.c(815): [client 216.73.216.242:5872] AH01626: authorization result of Require all granted: granted
[Wed Aug 26 01:57:26.789204 2026] [authz_core:debug] [pid 2196242:tid 2196242] mod_authz_core.c(815): [client 216.73.216.242:5872] AH01626: authorization result of : granted
[Wed Aug 26 01:57:26.803483 2026] [deflate:debug] [pid 2196245:tid 2196245] mod_deflate.c(909): [client 216.73.216.242:1577] AH01384: Zlib: Compressed 2811 to 1266 : URL /index.php
[Wed Aug 26 01:57:26.818952 2026] [ssl:debug] [pid 2196225:tid 2196225] ssl_engine_kernel.c(2082): [client 34.123.149.87:12801] AH02041: Protocol: TLSv1.3, Cipher: TLS_AES_256_GCM_SHA384 (256/256 bits)
[Wed Aug 26 01:57:26.819015 2026] [socache_shmcb:debug] [pid 2196225:tid 2196225] mod_socache_shmcb.c(508): AH00831: socache_shmcb_store (0x64 -> subcache 4)
[Wed Aug 26 01:57:26.819021 2026] [socache_shmcb:debug] [pid 2196225:tid 2196225] mod_socache_shmcb.c(745): AH00842: expiring 4 and reclaiming 0 removed socache entries
[Wed Aug 26 01:57:26.819024 2026] [socache_shmcb:debug] [pid 2196225:tid 2196225] mod_socache_shmcb.c(765): AH00843: we now have 32 socache entries
[Wed Aug 26 01:57:26.819026 2026] [socache_shmcb:debug] [pid 2196225:tid 2196225] mod_socache_shmcb.c(860): AH00847: insert happened at idx=85, data=(9352:9384)
[Wed Aug 26 01:57:26.819028 2026] [socache_shmcb:debug] [pid 2196225:tid 2196225] mod_socache_shmcb.c(863): AH00848: finished insert, subcache: idx_pos/idx_used=53/33, data_pos/data_used=2255/7323
[Wed Aug 26 01:57:26.819030 2026] [socache_shmcb:debug] [pid 2196225:tid 2196225] mod_socache_shmcb.c(530): AH00834: leaving socache_shmcb_store successfully
[Wed Aug 26 01:57:26.819095 2026] [socache_shmcb:debug] [pid 2196225:tid 2196225] mod_socache_shmcb.c(508): AH00831: socache_shmcb_store (0x33 -> subcache 19)
[Wed Aug 26 01:57:26.819099 2026] [socache_shmcb:debug] [pid 2196225:tid 2196225] mod_socache_shmcb.c(745): AH00842: expiring 1 and reclaiming 0 removed socache entries
[Wed Aug 26 01:57:26.819101 2026] [socache_shmcb:debug] [pid 2196225:tid 2196225] mod_socache_shmcb.c(765): AH00843: we now have 37 socache entries
[Wed Aug 26 01:57:26.819103 2026] [socache_shmcb:debug] [pid 2196225:tid 2196225] mod_socache_shmcb.c(860): AH00847: insert happened at idx=87, data=(9303:9335)
[Wed Aug 26 01:57:26.819105 2026] [socache_shmcb:debug] [pid 2196225:tid 2196225] mod_socache_shmcb.c(863): AH00848: finished insert, subcache: idx_pos/idx_used=50/38, data_pos/data_used=1142/8386
[Wed Aug 26 01:57:26.819107 2026] [socache_shmcb:debug] [pid 2196225:tid 2196225] mod_socache_shmcb.c(530): AH00834: leaving socache_shmcb_store successfully
[Wed Aug 26 01:57:26.857698 2026] [ssl:debug] [pid 2196141:tid 2196141] ssl_engine_kernel.c(2082): [client 40.77.167.57:3612] AH02041: Protocol: TLSv1.3, Cipher: TLS_AES_256_GCM_SHA384 (256/256 bits)
[Wed Aug 26 01:57:26.857777 2026] [socache_shmcb:debug] [pid 2196141:tid 2196141] mod_socache_shmcb.c(508): AH00831: socache_shmcb_store (0x49 -> subcache 9)
[Wed Aug 26 01:57:26.857785 2026] [socache_shmcb:debug] [pid 2196141:tid 2196141] mod_socache_shmcb.c(860): AH00847: insert happened at idx=67, data=(4941:4973)
[Wed Aug 26 01:57:26.857789 2026] [socache_shmcb:debug] [pid 2196141:tid 2196141] mod_socache_shmcb.c(863): AH00848: finished insert, subcache: idx_pos/idx_used=36/32, data_pos/data_used=11903/7130
[Wed Aug 26 01:57:26.857792 2026] [socache_shmcb:debug] [pid 2196141:tid 2196141] mod_socache_shmcb.c(530): AH00834: leaving socache_shmcb_store successfully
[Wed Aug 26 01:57:26.857862 2026] [socache_shmcb:debug] [pid 2196141:tid 2196141] mod_socache_shmcb.c(508): AH00831: socache_shmcb_store (0x30 -> subcache 16)
[Wed Aug 26 01:57:26.857869 2026] [socache_shmcb:debug] [pid 2196141:tid 2196141] mod_socache_shmcb.c(860): AH00847: insert happened at idx=75, data=(6865:6897)
[Wed Aug 26 01:57:26.857871 2026] [socache_shmcb:debug] [pid 2196141:tid 2196141] mod_socache_shmcb.c(863): AH00848: finished insert, subcache: idx_pos/idx_used=40/36, data_pos/data_used=12953/8004
[Wed Aug 26 01:57:26.857874 2026] [socache_shmcb:debug] [pid 2196141:tid 2196141] mod_socache_shmcb.c(530): AH00834: leaving socache_shmcb_store successfully
[Wed Aug 26 01:57:26.858327 2026] [ssl:debug] [pid 2196141:tid 2196141] ssl_engine_kernel.c(254): [client 40.77.167.57:3612] AH02034: Initial (No.1) HTTPS request received for child 10 (server www.najh.ilc.edu.tw:443)
[Wed Aug 26 01:57:26.858577 2026] [authz_core:debug] [pid 2196141:tid 2196141] mod_authz_core.c(815): [client 40.77.167.57:3612] AH01626: authorization result of Require all granted: granted
[Wed Aug 26 01:57:26.858586 2026] [authz_core:debug] [pid 2196141:tid 2196141] mod_authz_core.c(815): [client 40.77.167.57:3612] AH01626: authorization result of : granted
[Wed Aug 26 01:57:26.858804 2026] [authz_core:debug] [pid 2196141:tid 2196141] mod_authz_core.c(815): [client 40.77.167.57:3612] AH01626: authorization result of Require all granted: granted
[Wed Aug 26 01:57:26.858814 2026] [authz_core:debug] [pid 2196141:tid 2196141] mod_authz_core.c(815): [client 40.77.167.57:3612] AH01626: authorization result of : granted
[Wed Aug 26 01:57:26.878733 2026] [ssl:debug] [pid 2196225:tid 2196225] ssl_engine_kernel.c(254): [client 34.123.149.87:12801] AH02034: Initial (No.1) HTTPS request received for child 12 (server 2blog.ilc.edu.tw:443)
[Wed Aug 26 01:57:26.878917 2026] [authz_core:debug] [pid 2196225:tid 2196225] mod_authz_core.c(815): [client 34.123.149.87:12801] AH01626: authorization result of Require all granted: granted
[Wed Aug 26 01:57:26.878922 2026] [authz_core:debug] [pid 2196225:tid 2196225] mod_authz_core.c(815): [client 34.123.149.87:12801] AH01626: authorization result of : granted
[Wed Aug 26 01:57:26.879066 2026] [authz_core:debug] [pid 2196225:tid 2196225] mod_authz_core.c(815): [client 34.123.149.87:12801] AH01626: authorization result of Require all granted: granted
[Wed Aug 26 01:57:26.879071 2026] [authz_core:debug] [pid 2196225:tid 2196225] mod_authz_core.c(815): [client 34.123.149.87:12801] AH01626: authorization result of : granted
[Wed Aug 26 01:57:26.891048 2026] [ssl:debug] [pid 2196246:tid 2196246] ssl_engine_kernel.c(254): [client 216.73.216.242:65218] AH02034: Subsequent (No.47) HTTPS request received for child 25 (server 2blog.ilc.edu.tw:443)
[Wed Aug 26 01:57:26.891273 2026] [authz_core:debug] [pid 2196246:tid 2196246] mod_authz_core.c(815): [client 216.73.216.242:65218] AH01626: authorization result of Require all granted: granted
[Wed Aug 26 01:57:26.891279 2026] [authz_core:debug] [pid 2196246:tid 2196246] mod_authz_core.c(815): [client 216.73.216.242:65218] AH01626: authorization result of : granted
[Wed Aug 26 01:57:26.891436 2026] [authz_core:debug] [pid 2196246:tid 2196246] mod_authz_core.c(815): [client 216.73.216.242:65218] AH01626: authorization result of Require all granted: granted
[Wed Aug 26 01:57:26.891449 2026] [authz_core:debug] [pid 2196246:tid 2196246] mod_authz_core.c(815): [client 216.73.216.242:65218] AH01626: authorization result of : granted
[Wed Aug 26 01:57:26.904417 2026] [deflate:debug] [pid 2196219:tid 2196219] mod_deflate.c(909): [client 216.73.216.242:64722] AH01384: Zlib: Compressed 2811 to 1272 : URL /index.php
[Wed Aug 26 01:57:26.991636 2026] [ssl:debug] [pid 2196243:tid 2196243] ssl_engine_kernel.c(254): [client 216.73.216.242:40951] AH02034: Subsequent (No.45) HTTPS request received for child 22 (server 2blog.ilc.edu.tw:443)
[Wed Aug 26 01:57:26.991886 2026] [authz_core:debug] [pid 2196243:tid 2196243] mod_authz_core.c(815): [client 216.73.216.242:40951] AH01626: authorization result of Require all granted: granted
[Wed Aug 26 01:57:26.991893 2026] [authz_core:debug] [pid 2196243:tid 2196243] mod_authz_core.c(815): [client 216.73.216.242:40951] AH01626: authorization result of : granted
[Wed Aug 26 01:57:26.992069 2026] [authz_core:debug] [pid 2196243:tid 2196243] mod_authz_core.c(815): [client 216.73.216.242:40951] AH01626: authorization result of Require all granted: granted
[Wed Aug 26 01:57:26.992077 2026] [authz_core:debug] [pid 2196243:tid 2196243] mod_authz_core.c(815): [client 216.73.216.242:40951] AH01626: authorization result of : granted
[Wed Aug 26 01:57:27.080835 2026] [authz_core:debug] [pid 2196227:tid 2196227] mod_authz_core.c(815): [client 44.209.187.99:18372] AH01626: authorization result of Require all granted: granted
[Wed Aug 26 01:57:27.080875 2026] [authz_core:debug] [pid 2196227:tid 2196227] mod_authz_core.c(815): [client 44.209.187.99:18372] AH01626: authorization result of : granted
[Wed Aug 26 01:57:27.081459 2026] [ssl:debug] [pid 2196245:tid 2196245] ssl_engine_kernel.c(254): [client 216.73.216.242:1577] AH02034: Subsequent (No.30) HTTPS request received for child 24 (server 2blog.ilc.edu.tw:443)
[Wed Aug 26 01:57:27.081632 2026] [authz_core:debug] [pid 2196245:tid 2196245] mod_authz_core.c(815): [client 216.73.216.242:1577] AH01626: authorization result of Require all granted: granted
[Wed Aug 26 01:57:27.081636 2026] [authz_core:debug] [pid 2196245:tid 2196245] mod_authz_core.c(815): [client 216.73.216.242:1577] AH01626: authorization result of : granted
[Wed Aug 26 01:57:27.081758 2026] [authz_core:debug] [pid 2196245:tid 2196245] mod_authz_core.c(815): [client 216.73.216.242:1577] AH01626: authorization result of Require all granted: granted
[Wed Aug 26 01:57:27.081763 2026] [authz_core:debug] [pid 2196245:tid 2196245] mod_authz_core.c(815): [client 216.73.216.242:1577] AH01626: authorization result of : granted
[Wed Aug 26 01:57:27.086142 2026] [authz_core:debug] [pid 2196227:tid 2196227] mod_authz_core.c(815): [client 44.209.187.99:18372] AH01626: authorization result of Require all granted: granted
[Wed Aug 26 01:57:27.086169 2026] [authz_core:debug] [pid 2196227:tid 2196227] mod_authz_core.c(815): [client 44.209.187.99:18372] AH01626: authorization result of : granted
[Wed Aug 26 01:57:27.087822 2026] [deflate:debug] [pid 2196227:tid 2196227] mod_deflate.c(909): [client 44.209.187.99:18372] AH01384: Zlib: Compressed 800 to 382 : URL /wp-content/uploads/sites/1511/2024/05/
[Wed Aug 26 01:57:27.177983 2026] [ssl:info] [pid 2196259:tid 2196259] [client 35.254.159.230:13312] AH01964: Connection to child 36 established (server 2blog.ilc.edu.tw:443)
[Wed Aug 26 01:57:27.178185 2026] [ssl:info] [pid 2196259:tid 2196259] (70014)End of file found: [client 35.254.159.230:13312] AH02006: SSL handshake stopped: connection was closed
[Wed Aug 26 01:57:27.178194 2026] [ssl:info] [pid 2196259:tid 2196259] [client 35.254.159.230:13312] AH01998: Connection closed to child 36 with abortive shutdown (server 2blog.ilc.edu.tw:443)
[Wed Aug 26 01:57:27.182162 2026] [ssl:debug] [pid 2196219:tid 2196219] ssl_engine_kernel.c(254): [client 216.73.216.242:64722] AH02034: Subsequent (No.42) HTTPS request received for child 17 (server 2blog.ilc.edu.tw:443)
[Wed Aug 26 01:57:27.182371 2026] [authz_core:debug] [pid 2196219:tid 2196219] mod_authz_core.c(815): [client 216.73.216.242:64722] AH01626: authorization result of Require all granted: granted
[Wed Aug 26 01:57:27.182380 2026] [authz_core:debug] [pid 2196219:tid 2196219] mod_authz_core.c(815): [client 216.73.216.242:64722] AH01626: authorization result of : granted
[Wed Aug 26 01:57:27.182518 2026] [authz_core:debug] [pid 2196219:tid 2196219] mod_authz_core.c(815): [client 216.73.216.242:64722] AH01626: authorization result of Require all granted: granted
[Wed Aug 26 01:57:27.182524 2026] [authz_core:debug] [pid 2196219:tid 2196219] mod_authz_core.c(815): [client 216.73.216.242:64722] AH01626: authorization result of : granted
[Wed Aug 26 01:57:27.191553 2026] [deflate:debug] [pid 2196246:tid 2196246] mod_deflate.c(909): [client 216.73.216.242:65218] AH01384: Zlib: Compressed 2853 to 1288 : URL /index.php
[Wed Aug 26 01:57:27.262937 2026] [ssl:debug] [pid 2196205:tid 2196205] ssl_engine_kernel.c(254): [client 216.73.216.242:12307] AH02034: Subsequent (No.50) HTTPS request received for child 14 (server 2blog.ilc.edu.tw:443)
[Wed Aug 26 01:57:27.263142 2026] [authz_core:debug] [pid 2196205:tid 2196205] mod_authz_core.c(815): [client 216.73.216.242:12307] AH01626: authorization result of Require all granted: granted
[Wed Aug 26 01:57:27.263151 2026] [authz_core:debug] [pid 2196205:tid 2196205] mod_authz_core.c(815): [client 216.73.216.242:12307] AH01626: authorization result of : granted
[Wed Aug 26 01:57:27.263305 2026] [authz_core:debug] [pid 2196205:tid 2196205] mod_authz_core.c(815): [client 216.73.216.242:12307] AH01626: authorization result of Require all granted: granted
[Wed Aug 26 01:57:27.263309 2026] [authz_core:debug] [pid 2196205:tid 2196205] mod_authz_core.c(815): [client 216.73.216.242:12307] AH01626: authorization result of : granted
[Wed Aug 26 01:57:27.354742 2026] [ssl:debug] [pid 2196242:tid 2196242] ssl_engine_kernel.c(254): [client 216.73.216.242:5872] AH02034: Subsequent (No.15) HTTPS request received for child 21 (server 2blog.ilc.edu.tw:443)
[Wed Aug 26 01:57:27.354978 2026] [authz_core:debug] [pid 2196242:tid 2196242] mod_authz_core.c(815): [client 216.73.216.242:5872] AH01626: authorization result of Require all granted: granted
[Wed Aug 26 01:57:27.354985 2026] [authz_core:debug] [pid 2196242:tid 2196242] mod_authz_core.c(815): [client 216.73.216.242:5872] AH01626: authorization result of : granted
[Wed Aug 26 01:57:27.355157 2026] [authz_core:debug] [pid 2196242:tid 2196242] mod_authz_core.c(815): [client 216.73.216.242:5872] AH01626: authorization result of Require all granted: granted
[Wed Aug 26 01:57:27.355163 2026] [authz_core:debug] [pid 2196242:tid 2196242] mod_authz_core.c(815): [client 216.73.216.242:5872] AH01626: authorization result of : granted
[Wed Aug 26 01:57:27.429184 2026] [deflate:debug] [pid 2196245:tid 2196245] mod_deflate.c(909): [client 216.73.216.242:1577] AH01384: Zlib: Compressed 2665 to 1215 : URL /index.php
[Wed Aug 26 01:57:27.433861 2026] [deflate:debug] [pid 2196141:tid 2196141] mod_deflate.c(909): [client 40.77.167.57:3612] AH01384: Zlib: Compressed 235829 to 45194 : URL /index.php
[Wed Aug 26 01:57:27.455968 2026] [ssl:debug] [pid 2196246:tid 2196246] ssl_engine_kernel.c(254): [client 216.73.216.242:65218] AH02034: Subsequent (No.48) HTTPS request received for child 25 (server 2blog.ilc.edu.tw:443)
[Wed Aug 26 01:57:27.456196 2026] [authz_core:debug] [pid 2196246:tid 2196246] mod_authz_core.c(815): [client 216.73.216.242:65218] AH01626: authorization result of Require all granted: granted
[Wed Aug 26 01:57:27.456204 2026] [authz_core:debug] [pid 2196246:tid 2196246] mod_authz_core.c(815): [client 216.73.216.242:65218] AH01626: authorization result of : granted
[Wed Aug 26 01:57:27.456330 2026] [authz_core:debug] [pid 2196246:tid 2196246] mod_authz_core.c(815): [client 216.73.216.242:65218] AH01626: authorization result of Require all granted: granted
[Wed Aug 26 01:57:27.456341 2026] [authz_core:debug] [pid 2196246:tid 2196246] mod_authz_core.c(815): [client 216.73.216.242:65218] AH01626: authorization result of : granted
[Wed Aug 26 01:57:27.515940 2026] [ssl:info] [pid 2196247:tid 2196247] [client 34.30.223.149:5633] AH01964: Connection to child 26 established (server 2blog.ilc.edu.tw:443)
[Wed Aug 26 01:57:27.516126 2026] [ssl:debug] [pid 2196247:tid 2196247] ssl_engine_kernel.c(2222): [client 34.30.223.149:5633] AH02043: SSL virtual host for servername 2blog.ilc.edu.tw found
[Wed Aug 26 01:57:27.516189 2026] [core:debug] [pid 2196247:tid 2196247] protocol.c(2460): [client 34.30.223.149:5633] AH03155: select protocol from , choices=http/1.1 for server 2blog.ilc.edu.tw
[Wed Aug 26 01:57:27.551570 2026] [ssl:debug] [pid 2196243:tid 2196243] ssl_engine_kernel.c(254): [client 216.73.216.242:40951] AH02034: Subsequent (No.46) HTTPS request received for child 22 (server 2blog.ilc.edu.tw:443)
[Wed Aug 26 01:57:27.551763 2026] [authz_core:debug] [pid 2196243:tid 2196243] mod_authz_core.c(815): [client 216.73.216.242:40951] AH01626: authorization result of Require all granted: granted
[Wed Aug 26 01:57:27.551768 2026] [authz_core:debug] [pid 2196243:tid 2196243] mod_authz_core.c(815): [client 216.73.216.242:40951] AH01626: authorization result of : granted
[Wed Aug 26 01:57:27.551885 2026] [authz_core:debug] [pid 2196243:tid 2196243] mod_authz_core.c(815): [client 216.73.216.242:40951] AH01626: authorization result of Require all granted: granted
[Wed Aug 26 01:57:27.551889 2026] [authz_core:debug] [pid 2196243:tid 2196243] mod_authz_core.c(815): [client 216.73.216.242:40951] AH01626: authorization result of : granted
[Wed Aug 26 01:57:27.563945 2026] [deflate:debug] [pid 2196205:tid 2196205] mod_deflate.c(909): [client 216.73.216.242:12307] AH01384: Zlib: Compressed 2801 to 1267 : URL /index.php
[Wed Aug 26 01:57:27.569054 2026] [ssl:debug] [pid 2196250:tid 2196250] ssl_engine_io.c(1150): [client 34.30.223.149:30208] AH02001: Connection closed to child 29 with standard shutdown (server 2blog.ilc.edu.tw:443)
[Wed Aug 26 01:57:27.631375 2026] [ssl:debug] [pid 2196240:tid 2196240] ssl_engine_kernel.c(254): [client 216.73.216.242:37489] AH02034: Subsequent (No.41) HTTPS request received for child 18 (server 2blog.ilc.edu.tw:443)
[Wed Aug 26 01:57:27.631567 2026] [authz_core:debug] [pid 2196240:tid 2196240] mod_authz_core.c(815): [client 216.73.216.242:37489] AH01626: authorization result of Require all granted: granted
