[Wed Aug 26 01:57:03.014427 2026] [authz_core:debug] [pid 2196205:tid 2196205] mod_authz_core.c(815): [client 216.73.216.242:12307] AH01626: authorization result of : granted
[Wed Aug 26 01:57:03.014534 2026] [ssl:debug] [pid 2196267:tid 2196267] ssl_engine_io.c(1150): [client 18.215.49.176:51638] AH02001: Connection closed to child 41 with standard shutdown (server 2blog.ilc.edu.tw:443)
[Wed Aug 26 01:57:03.116104 2026] [ssl:debug] [pid 2196246:tid 2196246] ssl_engine_kernel.c(254): [client 216.73.216.242:65218] AH02034: Subsequent (No.11) HTTPS request received for child 25 (server 2blog.ilc.edu.tw:443)
[Wed Aug 26 01:57:03.116595 2026] [authz_core:debug] [pid 2196246:tid 2196246] mod_authz_core.c(815): [client 216.73.216.242:65218] AH01626: authorization result of Require all granted: granted
[Wed Aug 26 01:57:03.116608 2026] [authz_core:debug] [pid 2196246:tid 2196246] mod_authz_core.c(815): [client 216.73.216.242:65218] AH01626: authorization result of : granted
[Wed Aug 26 01:57:03.116819 2026] [authz_core:debug] [pid 2196246:tid 2196246] mod_authz_core.c(815): [client 216.73.216.242:65218] AH01626: authorization result of Require all granted: granted
[Wed Aug 26 01:57:03.116826 2026] [authz_core:debug] [pid 2196246:tid 2196246] mod_authz_core.c(815): [client 216.73.216.242:65218] AH01626: authorization result of : granted
[Wed Aug 26 01:57:03.120754 2026] [headers:debug] [pid 2196247:tid 2196247] mod_headers.c(900): AH01503: headers: ap_headers_error_filter()
[Wed Aug 26 01:57:03.183219 2026] [ssl:info] [pid 2196247:tid 2196247] [client 2001:288:a201::66:125:57414] AH01964: Connection to child 26 established (server 2blog.ilc.edu.tw:443)
[Wed Aug 26 01:57:03.183382 2026] [ssl:debug] [pid 2196247:tid 2196247] ssl_engine_kernel.c(2252): [client 2001:288:a201::66:125:57414] AH02645: Server name not provided via TLS extension (using default/first virtual host)
[Wed Aug 26 01:57:03.183404 2026] [socache_shmcb:debug] [pid 2196247:tid 2196247] mod_socache_shmcb.c(545): AH00835: socache_shmcb_retrieve (0x7e -> subcache 30)
[Wed Aug 26 01:57:03.183422 2026] [socache_shmcb:debug] [pid 2196247:tid 2196247] mod_socache_shmcb.c(896): AH00849: match at idx=87, data=9547
[Wed Aug 26 01:57:03.183425 2026] [socache_shmcb:debug] [pid 2196247:tid 2196247] mod_socache_shmcb.c(556): AH00836: leaving socache_shmcb_retrieve successfully
[Wed Aug 26 01:57:03.184419 2026] [ssl:debug] [pid 2196247:tid 2196247] ssl_engine_kernel.c(2082): [client 2001:288:a201::66:125:57414] AH02041: Protocol: TLSv1.2, Cipher: ECDHE-RSA-AES256-GCM-SHA384 (256/256 bits)
[Wed Aug 26 01:57:03.184525 2026] [ssl:debug] [pid 2196247:tid 2196247] ssl_engine_kernel.c(254): [client 2001:288:a201::66:125:57414] AH02034: Initial (No.1) HTTPS request received for child 26 (server 2blog.ilc.edu.tw:443)
[Wed Aug 26 01:57:03.184749 2026] [authz_core:debug] [pid 2196247:tid 2196247] mod_authz_core.c(815): [client 2001:288:a201::66:125:57414] AH01626: authorization result of Require all granted: granted
[Wed Aug 26 01:57:03.184758 2026] [authz_core:debug] [pid 2196247:tid 2196247] mod_authz_core.c(815): [client 2001:288:a201::66:125:57414] AH01626: authorization result of : granted
[Wed Aug 26 01:57:03.184904 2026] [authz_core:debug] [pid 2196247:tid 2196247] mod_authz_core.c(815): [client 2001:288:a201::66:125:57414] AH01626: authorization result of Require all granted: granted
[Wed Aug 26 01:57:03.184912 2026] [authz_core:debug] [pid 2196247:tid 2196247] mod_authz_core.c(815): [client 2001:288:a201::66:125:57414] AH01626: authorization result of : granted
[Wed Aug 26 01:57:03.184925 2026] [php7:error] [pid 2196247:tid 2196247] [client 2001:288:a201::66:125:57414] script '/var/www/html/2blog/active.php' not found or unable to stat
[Wed Aug 26 01:57:03.184934 2026] [headers:debug] [pid 2196247:tid 2196247] mod_headers.c(900): AH01503: headers: ap_headers_error_filter()
[Wed Aug 26 01:57:03.185093 2026] [ssl:debug] [pid 2196247:tid 2196247] ssl_engine_io.c(1150): [client 2001:288:a201::66:125:57414] AH02001: Connection closed to child 26 with standard shutdown (server 2blog.ilc.edu.tw:443)
[Wed Aug 26 01:57:03.206950 2026] [ssl:debug] [pid 2196243:tid 2196243] ssl_engine_kernel.c(254): [client 216.73.216.242:40951] AH02034: Subsequent (No.9) HTTPS request received for child 22 (server 2blog.ilc.edu.tw:443)
[Wed Aug 26 01:57:03.207135 2026] [authz_core:debug] [pid 2196243:tid 2196243] mod_authz_core.c(815): [client 216.73.216.242:40951] AH01626: authorization result of Require all granted: granted
[Wed Aug 26 01:57:03.207140 2026] [authz_core:debug] [pid 2196243:tid 2196243] mod_authz_core.c(815): [client 216.73.216.242:40951] AH01626: authorization result of : granted
[Wed Aug 26 01:57:03.207253 2026] [authz_core:debug] [pid 2196243:tid 2196243] mod_authz_core.c(815): [client 216.73.216.242:40951] AH01626: authorization result of Require all granted: granted
[Wed Aug 26 01:57:03.207256 2026] [authz_core:debug] [pid 2196243:tid 2196243] mod_authz_core.c(815): [client 216.73.216.242:40951] AH01626: authorization result of : granted
[Wed Aug 26 01:57:03.242266 2026] [authz_core:debug] [pid 2196247:tid 2196247] mod_authz_core.c(815): [client 50.17.193.48:47118] AH01626: authorization result of Require all granted: granted
[Wed Aug 26 01:57:03.242296 2026] [authz_core:debug] [pid 2196247:tid 2196247] mod_authz_core.c(815): [client 50.17.193.48:47118] AH01626: authorization result of : granted
[Wed Aug 26 01:57:03.297358 2026] [ssl:debug] [pid 2196245:tid 2196245] ssl_engine_kernel.c(254): [client 216.73.216.242:1577] AH02034: Subsequent (No.4) HTTPS request received for child 24 (server 2blog.ilc.edu.tw:443)
[Wed Aug 26 01:57:03.297689 2026] [authz_core:debug] [pid 2196245:tid 2196245] mod_authz_core.c(815): [client 216.73.216.242:1577] AH01626: authorization result of Require all granted: granted
[Wed Aug 26 01:57:03.297705 2026] [authz_core:debug] [pid 2196245:tid 2196245] mod_authz_core.c(815): [client 216.73.216.242:1577] AH01626: authorization result of : granted
[Wed Aug 26 01:57:03.297910 2026] [authz_core:debug] [pid 2196245:tid 2196245] mod_authz_core.c(815): [client 216.73.216.242:1577] AH01626: authorization result of Require all granted: granted
[Wed Aug 26 01:57:03.297919 2026] [authz_core:debug] [pid 2196245:tid 2196245] mod_authz_core.c(815): [client 216.73.216.242:1577] AH01626: authorization result of : granted
[Wed Aug 26 01:57:03.360199 2026] [ssl:debug] [pid 2191547:tid 2191547] ssl_engine_io.c(1150): [client 34.123.149.87:8192] AH02001: Connection closed to child 3 with standard shutdown (server 2blog.ilc.edu.tw:443)
[Wed Aug 26 01:57:03.378868 2026] [ssl:debug] [pid 2196239:tid 2196239] ssl_engine_kernel.c(254): [client 216.73.216.242:48727] AH02034: Subsequent (No.13) HTTPS request received for child 9 (server 2blog.ilc.edu.tw:443)
[Wed Aug 26 01:57:03.379172 2026] [authz_core:debug] [pid 2196239:tid 2196239] mod_authz_core.c(815): [client 216.73.216.242:48727] AH01626: authorization result of Require all granted: granted
[Wed Aug 26 01:57:03.379181 2026] [authz_core:debug] [pid 2196239:tid 2196239] mod_authz_core.c(815): [client 216.73.216.242:48727] AH01626: authorization result of : granted
[Wed Aug 26 01:57:03.379370 2026] [authz_core:debug] [pid 2196239:tid 2196239] mod_authz_core.c(815): [client 216.73.216.242:48727] AH01626: authorization result of Require all granted: granted
[Wed Aug 26 01:57:03.379377 2026] [authz_core:debug] [pid 2196239:tid 2196239] mod_authz_core.c(815): [client 216.73.216.242:48727] AH01626: authorization result of : granted
[Wed Aug 26 01:57:03.398682 2026] [ssl:debug] [pid 2196251:tid 2196251] ssl_engine_kernel.c(2082): [client 34.30.223.149:29184] AH02041: Protocol: TLSv1.3, Cipher: TLS_AES_256_GCM_SHA384 (256/256 bits)
[Wed Aug 26 01:57:03.398756 2026] [socache_shmcb:debug] [pid 2196251:tid 2196251] mod_socache_shmcb.c(508): AH00831: socache_shmcb_store (0xd7 -> subcache 23)
[Wed Aug 26 01:57:03.398778 2026] [socache_shmcb:debug] [pid 2196251:tid 2196251] mod_socache_shmcb.c(860): AH00847: insert happened at idx=2, data=(10194:10226)
[Wed Aug 26 01:57:03.398781 2026] [socache_shmcb:debug] [pid 2196251:tid 2196251] mod_socache_shmcb.c(863): AH00848: finished insert, subcache: idx_pos/idx_used=63/28, data_pos/data_used=4173/6247
[Wed Aug 26 01:57:03.398784 2026] [socache_shmcb:debug] [pid 2196251:tid 2196251] mod_socache_shmcb.c(530): AH00834: leaving socache_shmcb_store successfully
[Wed Aug 26 01:57:03.398854 2026] [socache_shmcb:debug] [pid 2196251:tid 2196251] mod_socache_shmcb.c(508): AH00831: socache_shmcb_store (0x5a -> subcache 26)
[Wed Aug 26 01:57:03.398865 2026] [socache_shmcb:debug] [pid 2196251:tid 2196251] mod_socache_shmcb.c(745): AH00842: expiring 1 and reclaiming 0 removed socache entries
[Wed Aug 26 01:57:03.398868 2026] [socache_shmcb:debug] [pid 2196251:tid 2196251] mod_socache_shmcb.c(765): AH00843: we now have 42 socache entries
[Wed Aug 26 01:57:03.398871 2026] [socache_shmcb:debug] [pid 2196251:tid 2196251] mod_socache_shmcb.c(860): AH00847: insert happened at idx=51, data=(7190:7222)
[Wed Aug 26 01:57:03.398873 2026] [socache_shmcb:debug] [pid 2196251:tid 2196251] mod_socache_shmcb.c(863): AH00848: finished insert, subcache: idx_pos/idx_used=9/43, data_pos/data_used=11733/9547
[Wed Aug 26 01:57:03.398876 2026] [socache_shmcb:debug] [pid 2196251:tid 2196251] mod_socache_shmcb.c(530): AH00834: leaving socache_shmcb_store successfully
[Wed Aug 26 01:57:03.470140 2026] [ssl:debug] [pid 2196232:tid 2196232] ssl_engine_kernel.c(254): [client 216.73.216.242:26540] AH02034: Subsequent (No.15) HTTPS request received for child 5 (server 2blog.ilc.edu.tw:443)
[Wed Aug 26 01:57:03.470342 2026] [authz_core:debug] [pid 2196232:tid 2196232] mod_authz_core.c(815): [client 216.73.216.242:26540] AH01626: authorization result of Require all granted: granted
[Wed Aug 26 01:57:03.470347 2026] [authz_core:debug] [pid 2196232:tid 2196232] mod_authz_core.c(815): [client 216.73.216.242:26540] AH01626: authorization result of : granted
[Wed Aug 26 01:57:03.470466 2026] [authz_core:debug] [pid 2196232:tid 2196232] mod_authz_core.c(815): [client 216.73.216.242:26540] AH01626: authorization result of Require all granted: granted
[Wed Aug 26 01:57:03.470469 2026] [authz_core:debug] [pid 2196232:tid 2196232] mod_authz_core.c(815): [client 216.73.216.242:26540] AH01626: authorization result of : granted
[Wed Aug 26 01:57:03.536824 2026] [ssl:debug] [pid 2196251:tid 2196251] ssl_engine_kernel.c(254): [client 34.30.223.149:29184] AH02034: Initial (No.1) HTTPS request received for child 30 (server 2blog.ilc.edu.tw:443)
[Wed Aug 26 01:57:03.537041 2026] [authz_core:debug] [pid 2196251:tid 2196251] mod_authz_core.c(815): [client 34.30.223.149:29184] AH01626: authorization result of Require all granted: granted
[Wed Aug 26 01:57:03.537049 2026] [authz_core:debug] [pid 2196251:tid 2196251] mod_authz_core.c(815): [client 34.30.223.149:29184] AH01626: authorization result of : granted
[Wed Aug 26 01:57:03.537192 2026] [authz_core:debug] [pid 2196251:tid 2196251] mod_authz_core.c(815): [client 34.30.223.149:29184] AH01626: authorization result of Require all granted: granted
[Wed Aug 26 01:57:03.537196 2026] [authz_core:debug] [pid 2196251:tid 2196251] mod_authz_core.c(815): [client 34.30.223.149:29184] AH01626: authorization result of : granted
[Wed Aug 26 01:57:03.560875 2026] [ssl:debug] [pid 2196141:tid 2196141] ssl_engine_kernel.c(254): [client 216.73.216.242:27672] AH02034: Subsequent (No.15) HTTPS request received for child 10 (server 2blog.ilc.edu.tw:443)
[Wed Aug 26 01:57:03.561083 2026] [authz_core:debug] [pid 2196141:tid 2196141] mod_authz_core.c(815): [client 216.73.216.242:27672] AH01626: authorization result of Require all granted: granted
[Wed Aug 26 01:57:03.561090 2026] [authz_core:debug] [pid 2196141:tid 2196141] mod_authz_core.c(815): [client 216.73.216.242:27672] AH01626: authorization result of : granted
[Wed Aug 26 01:57:03.561216 2026] [authz_core:debug] [pid 2196141:tid 2196141] mod_authz_core.c(815): [client 216.73.216.242:27672] AH01626: authorization result of Require all granted: granted
[Wed Aug 26 01:57:03.561221 2026] [authz_core:debug] [pid 2196141:tid 2196141] mod_authz_core.c(815): [client 216.73.216.242:27672] AH01626: authorization result of : granted
[Wed Aug 26 01:57:03.567603 2026] [watchdog:debug] [pid 2196269:tid 2196269] mod_watchdog.c(559): AH02980: Watchdog: nothing configured?
[Wed Aug 26 01:57:03.571600 2026] [watchdog:debug] [pid 2196270:tid 2196270] mod_watchdog.c(559): AH02980: Watchdog: nothing configured?
[Wed Aug 26 01:57:03.651832 2026] [ssl:debug] [pid 2196205:tid 2196205] ssl_engine_kernel.c(254): [client 216.73.216.242:12307] AH02034: Subsequent (No.13) HTTPS request received for child 14 (server 2blog.ilc.edu.tw:443)
[Wed Aug 26 01:57:03.652023 2026] [authz_core:debug] [pid 2196205:tid 2196205] mod_authz_core.c(815): [client 216.73.216.242:12307] AH01626: authorization result of Require all granted: granted
[Wed Aug 26 01:57:03.652028 2026] [authz_core:debug] [pid 2196205:tid 2196205] mod_authz_core.c(815): [client 216.73.216.242:12307] AH01626: authorization result of : granted
[Wed Aug 26 01:57:03.652146 2026] [authz_core:debug] [pid 2196205:tid 2196205] mod_authz_core.c(815): [client 216.73.216.242:12307] AH01626: authorization result of Require all granted: granted
[Wed Aug 26 01:57:03.652149 2026] [authz_core:debug] [pid 2196205:tid 2196205] mod_authz_core.c(815): [client 216.73.216.242:12307] AH01626: authorization result of : granted
[Wed Aug 26 01:57:03.754013 2026] [ssl:debug] [pid 2196246:tid 2196246] ssl_engine_kernel.c(254): [client 216.73.216.242:65218] AH02034: Subsequent (No.12) HTTPS request received for child 25 (server 2blog.ilc.edu.tw:443)
[Wed Aug 26 01:57:03.754223 2026] [authz_core:debug] [pid 2196246:tid 2196246] mod_authz_core.c(815): [client 216.73.216.242:65218] AH01626: authorization result of Require all granted: granted
[Wed Aug 26 01:57:03.754230 2026] [authz_core:debug] [pid 2196246:tid 2196246] mod_authz_core.c(815): [client 216.73.216.242:65218] AH01626: authorization result of : granted
[Wed Aug 26 01:57:03.754403 2026] [authz_core:debug] [pid 2196246:tid 2196246] mod_authz_core.c(815): [client 216.73.216.242:65218] AH01626: authorization result of Require all granted: granted
[Wed Aug 26 01:57:03.754409 2026] [authz_core:debug] [pid 2196246:tid 2196246] mod_authz_core.c(815): [client 216.73.216.242:65218] AH01626: authorization result of : granted
[Wed Aug 26 01:57:03.757671 2026] [deflate:debug] [pid 2196239:tid 2196239] mod_deflate.c(909): [client 216.73.216.242:48727] AH01384: Zlib: Compressed 2853 to 1282 : URL /index.php
[Wed Aug 26 01:57:03.761085 2026] [ssl:debug] [pid 2196253:tid 2196253] ssl_engine_io.c(1150): [client 35.254.159.230:38912] AH02001: Connection closed to child 32 with standard shutdown (server 2blog.ilc.edu.tw:443)
[Wed Aug 26 01:57:03.779992 2026] [ssl:info] [pid 2196247:tid 2196247] [client 34.10.180.98:47617] AH01964: Connection to child 26 established (server 2blog.ilc.edu.tw:443)
[Wed Aug 26 01:57:03.780143 2026] [ssl:info] [pid 2196247:tid 2196247] (70014)End of file found: [client 34.10.180.98:47617] AH02006: SSL handshake stopped: connection was closed
[Wed Aug 26 01:57:03.780152 2026] [ssl:info] [pid 2196247:tid 2196247] [client 34.10.180.98:47617] AH01998: Connection closed to child 26 with abortive shutdown (server 2blog.ilc.edu.tw:443)
[Wed Aug 26 01:57:03.829209 2026] [deflate:debug] [pid 2196251:tid 2196251] mod_deflate.c(909): [client 34.30.223.149:29184] AH01384: Zlib: Compressed 2612 to 1193 : URL /index.php
[Wed Aug 26 01:57:03.841852 2026] [deflate:debug] [pid 2196232:tid 2196232] mod_deflate.c(909): [client 216.73.216.242:26540] AH01384: Zlib: Compressed 2842 to 1280 : URL /index.php
[Wed Aug 26 01:57:03.846018 2026] [ssl:debug] [pid 2196243:tid 2196243] ssl_engine_kernel.c(254): [client 216.73.216.242:40951] AH02034: Subsequent (No.10) HTTPS request received for child 22 (server 2blog.ilc.edu.tw:443)
[Wed Aug 26 01:57:03.846243 2026] [authz_core:debug] [pid 2196243:tid 2196243] mod_authz_core.c(815): [client 216.73.216.242:40951] AH01626: authorization result of Require all granted: granted
[Wed Aug 26 01:57:03.846253 2026] [authz_core:debug] [pid 2196243:tid 2196243] mod_authz_core.c(815): [client 216.73.216.242:40951] AH01626: authorization result of : granted
[Wed Aug 26 01:57:03.846443 2026] [authz_core:debug] [pid 2196243:tid 2196243] mod_authz_core.c(815): [client 216.73.216.242:40951] AH01626: authorization result of Require all granted: granted
[Wed Aug 26 01:57:03.846452 2026] [authz_core:debug] [pid 2196243:tid 2196243] mod_authz_core.c(815): [client 216.73.216.242:40951] AH01626: authorization result of : granted
[Wed Aug 26 01:57:03.936974 2026] [ssl:debug] [pid 2196245:tid 2196245] ssl_engine_kernel.c(254): [client 216.73.216.242:1577] AH02034: Subsequent (No.5) HTTPS request received for child 24 (server 2blog.ilc.edu.tw:443)
[Wed Aug 26 01:57:03.937256 2026] [authz_core:debug] [pid 2196245:tid 2196245] mod_authz_core.c(815): [client 216.73.216.242:1577] AH01626: authorization result of Require all granted: granted
[Wed Aug 26 01:57:03.937268 2026] [authz_core:debug] [pid 2196245:tid 2196245] mod_authz_core.c(815): [client 216.73.216.242:1577] AH01626: authorization result of : granted
[Wed Aug 26 01:57:03.937461 2026] [authz_core:debug] [pid 2196245:tid 2196245] mod_authz_core.c(815): [client 216.73.216.242:1577] AH01626: authorization result of Require all granted: granted
[Wed Aug 26 01:57:03.937468 2026] [authz_core:debug] [pid 2196245:tid 2196245] mod_authz_core.c(815): [client 216.73.216.242:1577] AH01626: authorization result of : granted
[Wed Aug 26 01:57:03.995036 2026] [deflate:debug] [pid 2196205:tid 2196205] mod_deflate.c(909): [client 216.73.216.242:12307] AH01384: Zlib: Compressed 2811 to 1275 : URL /index.php
[Wed Aug 26 01:57:04.017503 2026] [ssl:debug] [pid 2196239:tid 2196239] ssl_engine_kernel.c(254): [client 216.73.216.242:48727] AH02034: Subsequent (No.14) HTTPS request received for child 9 (server 2blog.ilc.edu.tw:443)
[Wed Aug 26 01:57:04.017706 2026] [authz_core:debug] [pid 2196239:tid 2196239] mod_authz_core.c(815): [client 216.73.216.242:48727] AH01626: authorization result of Require all granted: granted
[Wed Aug 26 01:57:04.017714 2026] [authz_core:debug] [pid 2196239:tid 2196239] mod_authz_core.c(815): [client 216.73.216.242:48727] AH01626: authorization result of : granted
[Wed Aug 26 01:57:04.017882 2026] [authz_core:debug] [pid 2196239:tid 2196239] mod_authz_core.c(815): [client 216.73.216.242:48727] AH01626: authorization result of Require all granted: granted
[Wed Aug 26 01:57:04.017888 2026] [authz_core:debug] [pid 2196239:tid 2196239] mod_authz_core.c(815): [client 216.73.216.242:48727] AH01626: authorization result of : granted
[Wed Aug 26 01:57:04.097865 2026] [deflate:debug] [pid 2196246:tid 2196246] mod_deflate.c(909): [client 216.73.216.242:65218] AH01384: Zlib: Compressed 2864 to 1295 : URL /index.php
[Wed Aug 26 01:57:04.108378 2026] [ssl:debug] [pid 2196232:tid 2196232] ssl_engine_kernel.c(254): [client 216.73.216.242:26540] AH02034: Subsequent (No.16) HTTPS request received for child 5 (server 2blog.ilc.edu.tw:443)
[Wed Aug 26 01:57:04.108581 2026] [authz_core:debug] [pid 2196232:tid 2196232] mod_authz_core.c(815): [client 216.73.216.242:26540] AH01626: authorization result of Require all granted: granted
[Wed Aug 26 01:57:04.108587 2026] [authz_core:debug] [pid 2196232:tid 2196232] mod_authz_core.c(815): [client 216.73.216.242:26540] AH01626: authorization result of : granted
[Wed Aug 26 01:57:04.108719 2026] [authz_core:debug] [pid 2196232:tid 2196232] mod_authz_core.c(815): [client 216.73.216.242:26540] AH01626: authorization result of Require all granted: granted
[Wed Aug 26 01:57:04.108724 2026] [authz_core:debug] [pid 2196232:tid 2196232] mod_authz_core.c(815): [client 216.73.216.242:26540] AH01626: authorization result of : granted
[Wed Aug 26 01:57:04.200049 2026] [ssl:debug] [pid 2196141:tid 2196141] ssl_engine_kernel.c(254): [client 216.73.216.242:27672] AH02034: Subsequent (No.16) HTTPS request received for child 10 (server 2blog.ilc.edu.tw:443)
[Wed Aug 26 01:57:04.200257 2026] [authz_core:debug] [pid 2196141:tid 2196141] mod_authz_core.c(815): [client 216.73.216.242:27672] AH01626: authorization result of Require all granted: granted
[Wed Aug 26 01:57:04.200263 2026] [authz_core:debug] [pid 2196141:tid 2196141] mod_authz_core.c(815): [client 216.73.216.242:27672] AH01626: authorization result of : granted
[Wed Aug 26 01:57:04.200381 2026] [authz_core:debug] [pid 2196141:tid 2196141] mod_authz_core.c(815): [client 216.73.216.242:27672] AH01626: authorization result of Require all granted: granted
[Wed Aug 26 01:57:04.200385 2026] [authz_core:debug] [pid 2196141:tid 2196141] mod_authz_core.c(815): [client 216.73.216.242:27672] AH01626: authorization result of : granted
[Wed Aug 26 01:57:04.286420 2026] [deflate:debug] [pid 2196245:tid 2196245] mod_deflate.c(909): [client 216.73.216.242:1577] AH01384: Zlib: Compressed 2809 to 1275 : URL /index.php
[Wed Aug 26 01:57:04.291248 2026] [ssl:debug] [pid 2196205:tid 2196205] ssl_engine_kernel.c(254): [client 216.73.216.242:12307] AH02034: Subsequent (No.14) HTTPS request received for child 14 (server 2blog.ilc.edu.tw:443)
[Wed Aug 26 01:57:04.291428 2026] [authz_core:debug] [pid 2196205:tid 2196205] mod_authz_core.c(815): [client 216.73.216.242:12307] AH01626: authorization result of Require all granted: granted
[Wed Aug 26 01:57:04.291433 2026] [authz_core:debug] [pid 2196205:tid 2196205] mod_authz_core.c(815): [client 216.73.216.242:12307] AH01626: authorization result of : granted
[Wed Aug 26 01:57:04.291547 2026] [authz_core:debug] [pid 2196205:tid 2196205] mod_authz_core.c(815): [client 216.73.216.242:12307] AH01626: authorization result of Require all granted: granted
[Wed Aug 26 01:57:04.291551 2026] [authz_core:debug] [pid 2196205:tid 2196205] mod_authz_core.c(815): [client 216.73.216.242:12307] AH01626: authorization result of : granted
[Wed Aug 26 01:57:04.393686 2026] [ssl:debug] [pid 2196243:tid 2196243] ssl_engine_kernel.c(254): [client 216.73.216.242:40951] AH02034: Subsequent (No.11) HTTPS request received for child 22 (server 2blog.ilc.edu.tw:443)
[Wed Aug 26 01:57:04.393965 2026] [authz_core:debug] [pid 2196243:tid 2196243] mod_authz_core.c(815): [client 216.73.216.242:40951] AH01626: authorization result of Require all granted: granted
[Wed Aug 26 01:57:04.393974 2026] [authz_core:debug] [pid 2196243:tid 2196243] mod_authz_core.c(815): [client 216.73.216.242:40951] AH01626: authorization result of : granted
[Wed Aug 26 01:57:04.394146 2026] [authz_core:debug] [pid 2196243:tid 2196243] mod_authz_core.c(815): [client 216.73.216.242:40951] AH01626: authorization result of Require all granted: granted
[Wed Aug 26 01:57:04.394165 2026] [authz_core:debug] [pid 2196243:tid 2196243] mod_authz_core.c(815): [client 216.73.216.242:40951] AH01626: authorization result of : granted
[Wed Aug 26 01:57:04.485444 2026] [ssl:debug] [pid 2196246:tid 2196246] ssl_engine_kernel.c(254): [client 216.73.216.242:65218] AH02034: Subsequent (No.13) HTTPS request received for child 25 (server 2blog.ilc.edu.tw:443)
[Wed Aug 26 01:57:04.485694 2026] [authz_core:debug] [pid 2196246:tid 2196246] mod_authz_core.c(815): [client 216.73.216.242:65218] AH01626: authorization result of Require all granted: granted
[Wed Aug 26 01:57:04.485702 2026] [authz_core:debug] [pid 2196246:tid 2196246] mod_authz_core.c(815): [client 216.73.216.242:65218] AH01626: authorization result of : granted
[Wed Aug 26 01:57:04.485866 2026] [authz_core:debug] [pid 2196246:tid 2196246] mod_authz_core.c(815): [client 216.73.216.242:65218] AH01626: authorization result of Require all granted: granted
[Wed Aug 26 01:57:04.485871 2026] [authz_core:debug] [pid 2196246:tid 2196246] mod_authz_core.c(815): [client 216.73.216.242:65218] AH01626: authorization result of : granted
[Wed Aug 26 01:57:04.510720 2026] [deflate:debug] [pid 2196232:tid 2196232] mod_deflate.c(909): [client 216.73.216.242:26540] AH01384: Zlib: Compressed 2853 to 1286 : URL /index.php
[Wed Aug 26 01:57:04.575210 2026] [ssl:debug] [pid 2196245:tid 2196245] ssl_engine_kernel.c(254): [client 216.73.216.242:1577] AH02034: Subsequent (No.6) HTTPS request received for child 24 (server 2blog.ilc.edu.tw:443)
[Wed Aug 26 01:57:04.575389 2026] [authz_core:debug] [pid 2196245:tid 2196245] mod_authz_core.c(815): [client 216.73.216.242:1577] AH01626: authorization result of Require all granted: granted
[Wed Aug 26 01:57:04.575394 2026] [authz_core:debug] [pid 2196245:tid 2196245] mod_authz_core.c(815): [client 216.73.216.242:1577] AH01626: authorization result of : granted
[Wed Aug 26 01:57:04.575507 2026] [authz_core:debug] [pid 2196245:tid 2196245] mod_authz_core.c(815): [client 216.73.216.242:1577] AH01626: authorization result of Require all granted: granted
[Wed Aug 26 01:57:04.575511 2026] [authz_core:debug] [pid 2196245:tid 2196245] mod_authz_core.c(815): [client 216.73.216.242:1577] AH01626: authorization result of : granted
[Wed Aug 26 01:57:04.610280 2026] [ssl:debug] [pid 2196227:tid 2196227] ssl_engine_kernel.c(254): [client 240e:935:a04:5403:0:1:0:d:42698] AH02034: Subsequent (No.3) HTTPS request received for child 20 (server 2blog.ilc.edu.tw:443), referer: https://2blog.ilc.edu.tw/27426/author/gavin1980/
[Wed Aug 26 01:57:04.610462 2026] [authz_core:debug] [pid 2196227:tid 2196227] mod_authz_core.c(815): [client 240e:935:a04:5403:0:1:0:d:42698] AH01626: authorization result of Require all granted: granted, referer: https://2blog.ilc.edu.tw/27426/author/gavin1980/
[Wed Aug 26 01:57:04.610467 2026] [authz_core:debug] [pid 2196227:tid 2196227] mod_authz_core.c(815): [client 240e:935:a04:5403:0:1:0:d:42698] AH01626: authorization result of : granted, referer: https://2blog.ilc.edu.tw/27426/author/gavin1980/
[Wed Aug 26 01:57:04.617594 2026] [authz_core:debug] [pid 2196227:tid 2196227] mod_authz_core.c(815): [client 240e:935:a04:5403:0:1:0:d:42698] AH01626: authorization result of Require all granted: granted, referer: https://2blog.ilc.edu.tw/27426/author/gavin1980/
[Wed Aug 26 01:57:04.617616 2026] [authz_core:debug] [pid 2196227:tid 2196227] mod_authz_core.c(815): [client 240e:935:a04:5403:0:1:0:d:42698] AH01626: authorization result of : granted, referer: https://2blog.ilc.edu.tw/27426/author/gavin1980/
[Wed Aug 26 01:57:04.660973 2026] [ssl:debug] [pid 2196239:tid 2196239] ssl_engine_kernel.c(254): [client 216.73.216.242:48727] AH02034: Subsequent (No.15) HTTPS request received for child 9 (server 2blog.ilc.edu.tw:443)
[Wed Aug 26 01:57:04.661145 2026] [authz_core:debug] [pid 2196239:tid 2196239] mod_authz_core.c(815): [client 216.73.216.242:48727] AH01626: authorization result of Require all granted: granted
[Wed Aug 26 01:57:04.661159 2026] [authz_core:debug] [pid 2196239:tid 2196239] mod_authz_core.c(815): [client 216.73.216.242:48727] AH01626: authorization result of : granted
[Wed Aug 26 01:57:04.661271 2026] [authz_core:debug] [pid 2196239:tid 2196239] mod_authz_core.c(815): [client 216.73.216.242:48727] AH01626: authorization result of Require all granted: granted
[Wed Aug 26 01:57:04.661274 2026] [authz_core:debug] [pid 2196239:tid 2196239] mod_authz_core.c(815): [client 216.73.216.242:48727] AH01626: authorization result of : granted
[Wed Aug 26 01:57:04.748206 2026] [ssl:debug] [pid 2196232:tid 2196232] ssl_engine_kernel.c(254): [client 216.73.216.242:26540] AH02034: Subsequent (No.17) HTTPS request received for child 5 (server 2blog.ilc.edu.tw:443)
[Wed Aug 26 01:57:04.748465 2026] [authz_core:debug] [pid 2196232:tid 2196232] mod_authz_core.c(815): [client 216.73.216.242:26540] AH01626: authorization result of Require all granted: granted
[Wed Aug 26 01:57:04.748478 2026] [authz_core:debug] [pid 2196232:tid 2196232] mod_authz_core.c(815): [client 216.73.216.242:26540] AH01626: authorization result of : granted
[Wed Aug 26 01:57:04.748690 2026] [authz_core:debug] [pid 2196232:tid 2196232] mod_authz_core.c(815): [client 216.73.216.242:26540] AH01626: authorization result of Require all granted: granted
[Wed Aug 26 01:57:04.748702 2026] [authz_core:debug] [pid 2196232:tid 2196232] mod_authz_core.c(815): [client 216.73.216.242:26540] AH01626: authorization result of : granted
[Wed Aug 26 01:57:04.849195 2026] [ssl:debug] [pid 2196219:tid 2196219] ssl_engine_kernel.c(254): [client 216.73.216.242:64722] AH02034: Subsequent (No.9) HTTPS request received for child 17 (server 2blog.ilc.edu.tw:443)
[Wed Aug 26 01:57:04.849407 2026] [authz_core:debug] [pid 2196219:tid 2196219] mod_authz_core.c(815): [client 216.73.216.242:64722] AH01626: authorization result of Require all granted: granted
[Wed Aug 26 01:57:04.849414 2026] [authz_core:debug] [pid 2196219:tid 2196219] mod_authz_core.c(815): [client 216.73.216.242:64722] AH01626: authorization result of : granted
[Wed Aug 26 01:57:04.849569 2026] [authz_core:debug] [pid 2196219:tid 2196219] mod_authz_core.c(815): [client 216.73.216.242:64722] AH01626: authorization result of Require all granted: granted
[Wed Aug 26 01:57:04.849574 2026] [authz_core:debug] [pid 2196219:tid 2196219] mod_authz_core.c(815): [client 216.73.216.242:64722] AH01626: authorization result of : granted
[Wed Aug 26 01:57:04.950693 2026] [ssl:debug] [pid 2196205:tid 2196205] ssl_engine_kernel.c(254): [client 216.73.216.242:12307] AH02034: Subsequent (No.15) HTTPS request received for child 14 (server 2blog.ilc.edu.tw:443)
[Wed Aug 26 01:57:04.950874 2026] [authz_core:debug] [pid 2196205:tid 2196205] mod_authz_core.c(815): [client 216.73.216.242:12307] AH01626: authorization result of Require all granted: granted
[Wed Aug 26 01:57:04.950880 2026] [authz_core:debug] [pid 2196205:tid 2196205] mod_authz_core.c(815): [client 216.73.216.242:12307] AH01626: authorization result of : granted
[Wed Aug 26 01:57:04.950995 2026] [authz_core:debug] [pid 2196205:tid 2196205] mod_authz_core.c(815): [client 216.73.216.242:12307] AH01626: authorization result of Require all granted: granted
[Wed Aug 26 01:57:04.950998 2026] [authz_core:debug] [pid 2196205:tid 2196205] mod_authz_core.c(815): [client 216.73.216.242:12307] AH01626: authorization result of : granted
[Wed Aug 26 01:57:04.955387 2026] [ssl:debug] [pid 2196248:tid 2196248] ssl_engine_io.c(1150): [client 34.171.68.95:36352] AH02001: Connection closed to child 27 with standard shutdown (server 2blog.ilc.edu.tw:443)
[Wed Aug 26 01:57:05.003700 2026] [deflate:debug] [pid 2196245:tid 2196245] mod_deflate.c(909): [client 216.73.216.242:1577] AH01384: Zlib: Compressed 2853 to 1287 : URL /index.php
[Wed Aug 26 01:57:05.019044 2026] [ssl:debug] [pid 2196240:tid 2196240] ssl_engine_kernel.c(254): [client 216.73.216.242:37489] AH02034: Subsequent (No.12) HTTPS request received for child 18 (server 2blog.ilc.edu.tw:443)
[Wed Aug 26 01:57:05.019305 2026] [authz_core:debug] [pid 2196240:tid 2196240] mod_authz_core.c(815): [client 216.73.216.242:37489] AH01626: authorization result of Require all granted: granted
[Wed Aug 26 01:57:05.019314 2026] [authz_core:debug] [pid 2196240:tid 2196240] mod_authz_core.c(815): [client 216.73.216.242:37489] AH01626: authorization result of : granted
[Wed Aug 26 01:57:05.019497 2026] [authz_core:debug] [pid 2196240:tid 2196240] mod_authz_core.c(815): [client 216.73.216.242:37489] AH01626: authorization result of Require all granted: granted
[Wed Aug 26 01:57:05.019506 2026] [authz_core:debug] [pid 2196240:tid 2196240] mod_authz_core.c(815): [client 216.73.216.242:37489] AH01626: authorization result of : granted
[Wed Aug 26 01:57:05.034340 2026] [deflate:debug] [pid 2196141:tid 2196141] mod_deflate.c(909): [client 216.73.216.242:27672] AH01384: Zlib: Compressed 534827 to 86289 : URL /index.php
[Wed Aug 26 01:57:05.089098 2026] [ssl:debug] [pid 2196252:tid 2196252] ssl_engine_io.c(1150): [client 34.30.223.149:5632] AH02001: Connection closed to child 31 with standard shutdown (server 2blog.ilc.edu.tw:443)
[Wed Aug 26 01:57:05.120290 2026] [ssl:debug] [pid 2196246:tid 2196246] ssl_engine_kernel.c(254): [client 216.73.216.242:65218] AH02034: Subsequent (No.14) HTTPS request received for child 25 (server 2blog.ilc.edu.tw:443)
[Wed Aug 26 01:57:05.120483 2026] [authz_core:debug] [pid 2196246:tid 2196246] mod_authz_core.c(815): [client 216.73.216.242:65218] AH01626: authorization result of Require all granted: granted
[Wed Aug 26 01:57:05.120488 2026] [authz_core:debug] [pid 2196246:tid 2196246] mod_authz_core.c(815): [client 216.73.216.242:65218] AH01626: authorization result of : granted
[Wed Aug 26 01:57:05.120611 2026] [authz_core:debug] [pid 2196246:tid 2196246] mod_authz_core.c(815): [client 216.73.216.242:65218] AH01626: authorization result of Require all granted: granted
[Wed Aug 26 01:57:05.120615 2026] [authz_core:debug] [pid 2196246:tid 2196246] mod_authz_core.c(815): [client 216.73.216.242:65218] AH01626: authorization result of : granted
[Wed Aug 26 01:57:05.169927 2026] [ssl:debug] [pid 2196250:tid 2196250] ssl_engine_io.c(1150): [client 136.119.35.120:26625] AH02001: Connection closed to child 29 with standard shutdown (server 2blog.ilc.edu.tw:443)
[Wed Aug 26 01:57:05.194217 2026] [deflate:debug] [pid 2196219:tid 2196219] mod_deflate.c(909): [client 216.73.216.242:64722] AH01384: Zlib: Compressed 2816 to 1279 : URL /index.php
[Wed Aug 26 01:57:05.217046 2026] [ssl:debug] [pid 2196243:tid 2196243] ssl_engine_kernel.c(254): [client 216.73.216.242:40951] AH02034: Subsequent (No.12) HTTPS request received for child 22 (server 2blog.ilc.edu.tw:443)
[Wed Aug 26 01:57:05.217310 2026] [authz_core:debug] [pid 2196243:tid 2196243] mod_authz_core.c(815): [client 216.73.216.242:40951] AH01626: authorization result of Require all granted: granted
[Wed Aug 26 01:57:05.217320 2026] [authz_core:debug] [pid 2196243:tid 2196243] mod_authz_core.c(815): [client 216.73.216.242:40951] AH01626: authorization result of : granted
[Wed Aug 26 01:57:05.217509 2026] [authz_core:debug] [pid 2196243:tid 2196243] mod_authz_core.c(815): [client 216.73.216.242:40951] AH01626: authorization result of Require all granted: granted
[Wed Aug 26 01:57:05.217518 2026] [authz_core:debug] [pid 2196243:tid 2196243] mod_authz_core.c(815): [client 216.73.216.242:40951] AH01626: authorization result of : granted
[Wed Aug 26 01:57:05.229843 2026] [headers:debug] [pid 2196269:tid 2196269] mod_headers.c(900): AH01503: headers: ap_headers_error_filter()
[Wed Aug 26 01:57:05.280821 2026] [ssl:debug] [pid 2196249:tid 2196249] ssl_engine_io.c(1150): [client 240e:935:a04:5403:0:1:0:d:42218] AH02001: Connection closed to child 28 with standard shutdown (server 2blog.ilc.edu.tw:443)
[Wed Aug 26 01:57:05.306745 2026] [ssl:debug] [pid 2196245:tid 2196245] ssl_engine_kernel.c(254): [client 216.73.216.242:1577] AH02034: Subsequent (No.7) HTTPS request received for child 24 (server 2blog.ilc.edu.tw:443)
[Wed Aug 26 01:57:05.306925 2026] [authz_core:debug] [pid 2196245:tid 2196245] mod_authz_core.c(815): [client 216.73.216.242:1577] AH01626: authorization result of Require all granted: granted
[Wed Aug 26 01:57:05.306929 2026] [authz_core:debug] [pid 2196245:tid 2196245] mod_authz_core.c(815): [client 216.73.216.242:1577] AH01626: authorization result of : granted
[Wed Aug 26 01:57:05.307043 2026] [authz_core:debug] [pid 2196245:tid 2196245] mod_authz_core.c(815): [client 216.73.216.242:1577] AH01626: authorization result of Require all granted: granted
[Wed Aug 26 01:57:05.307047 2026] [authz_core:debug] [pid 2196245:tid 2196245] mod_authz_core.c(815): [client 216.73.216.242:1577] AH01626: authorization result of : granted
[Wed Aug 26 01:57:05.373003 2026] [ssl:debug] [pid 2196230:tid 2196230] ssl_engine_io.c(1150): [client 240e:935:a04:5403:0:1:0:d:42700] AH02001: Connection closed to child 0 with standard shutdown (server 2blog.ilc.edu.tw:443)
[Wed Aug 26 01:57:05.381108 2026] [ssl:debug] [pid 2196258:tid 2196258] ssl_engine_io.c(1150): [client 240e:935:a04:5403:0:1:0:d:42708] AH02001: Connection closed to child 35 with standard shutdown (server 2blog.ilc.edu.tw:443)
[Wed Aug 26 01:57:05.381240 2026] [ssl:debug] [pid 2196255:tid 2196255] ssl_engine_io.c(1150): [client 240e:935:a04:5403:0:1:0:d:42706] AH02001: Connection closed to child 33 with standard shutdown (server 2blog.ilc.edu.tw:443)
[Wed Aug 26 01:57:05.443862 2026] [ssl:debug] [pid 2196239:tid 2196239] ssl_engine_kernel.c(254): [client 216.73.216.242:48727] AH02034: Subsequent (No.16) HTTPS request received for child 9 (server 2blog.ilc.edu.tw:443)
[Wed Aug 26 01:57:05.444089 2026] [authz_core:debug] [pid 2196239:tid 2196239] mod_authz_core.c(815): [client 216.73.216.242:48727] AH01626: authorization result of Require all granted: granted
[Wed Aug 26 01:57:05.444097 2026] [authz_core:debug] [pid 2196239:tid 2196239] mod_authz_core.c(815): [client 216.73.216.242:48727] AH01626: authorization result of : granted
[Wed Aug 26 01:57:05.444219 2026] [authz_core:debug] [pid 2196239:tid 2196239] mod_authz_core.c(815): [client 216.73.216.242:48727] AH01626: authorization result of Require all granted: granted
[Wed Aug 26 01:57:05.444223 2026] [authz_core:debug] [pid 2196239:tid 2196239] mod_authz_core.c(815): [client 216.73.216.242:48727] AH01626: authorization result of : granted
[Wed Aug 26 01:57:05.500768 2026] [ssl:debug] [pid 2196232:tid 2196232] ssl_engine_kernel.c(254): [client 216.73.216.242:26540] AH02034: Subsequent (No.18) HTTPS request received for child 5 (server 2blog.ilc.edu.tw:443)
[Wed Aug 26 01:57:05.500985 2026] [authz_core:debug] [pid 2196232:tid 2196232] mod_authz_core.c(815): [client 216.73.216.242:26540] AH01626: authorization result of Require all granted: granted
[Wed Aug 26 01:57:05.500991 2026] [authz_core:debug] [pid 2196232:tid 2196232] mod_authz_core.c(815): [client 216.73.216.242:26540] AH01626: authorization result of : granted
[Wed Aug 26 01:57:05.501165 2026] [authz_core:debug] [pid 2196232:tid 2196232] mod_authz_core.c(815): [client 216.73.216.242:26540] AH01626: authorization result of Require all granted: granted
[Wed Aug 26 01:57:05.501171 2026] [authz_core:debug] [pid 2196232:tid 2196232] mod_authz_core.c(815): [client 216.73.216.242:26540] AH01626: authorization result of : granted
[Wed Aug 26 01:57:05.511000 2026] [ssl:info] [pid 2196270:tid 2196270] [client 140.111.67.10:38866] AH01964: Connection to child 42 established (server 2blog.ilc.edu.tw:443)
[Wed Aug 26 01:57:05.511402 2026] [ssl:info] [pid 2196270:tid 2196270] (70014)End of file found: [client 140.111.67.10:38866] AH02006: SSL handshake stopped: connection was closed
[Wed Aug 26 01:57:05.511418 2026] [ssl:info] [pid 2196270:tid 2196270] [client 140.111.67.10:38866] AH01998: Connection closed to child 42 with abortive shutdown (server 2blog.ilc.edu.tw:443)
[Wed Aug 26 01:57:05.576987 2026] [deflate:debug] [pid 2196205:tid 2196205] mod_deflate.c(909): [client 216.73.216.242:12307] AH01384: Zlib: Compressed 2852 to 1286 : URL /index.php
[Wed Aug 26 01:57:05.579574 2026] [ssl:debug] [pid 2196219:tid 2196219] ssl_engine_kernel.c(254): [client 216.73.216.242:64722] AH02034: Subsequent (No.10) HTTPS request received for child 17 (server 2blog.ilc.edu.tw:443)
[Wed Aug 26 01:57:05.579823 2026] [authz_core:debug] [pid 2196219:tid 2196219] mod_authz_core.c(815): [client 216.73.216.242:64722] AH01626: authorization result of Require all granted: granted
[Wed Aug 26 01:57:05.579833 2026] [authz_core:debug] [pid 2196219:tid 2196219] mod_authz_core.c(815): [client 216.73.216.242:64722] AH01626: authorization result of : granted
[Wed Aug 26 01:57:05.580034 2026] [authz_core:debug] [pid 2196219:tid 2196219] mod_authz_core.c(815): [client 216.73.216.242:64722] AH01626: authorization result of Require all granted: granted
[Wed Aug 26 01:57:05.580051 2026] [authz_core:debug] [pid 2196219:tid 2196219] mod_authz_core.c(815): [client 216.73.216.242:64722] AH01626: authorization result of : granted
[Wed Aug 26 01:57:05.660732 2026] [ssl:debug] [pid 2196244:tid 2196244] ssl_engine_kernel.c(254): [client 216.73.216.242:2282] AH02034: Initial (No.1) HTTPS request received for child 23 (server 2blog.ilc.edu.tw:443)
[Wed Aug 26 01:57:05.661147 2026] [authz_core:debug] [pid 2196244:tid 2196244] mod_authz_core.c(815): [client 216.73.216.242:2282] AH01626: authorization result of Require all granted: granted
[Wed Aug 26 01:57:05.661158 2026] [authz_core:debug] [pid 2196244:tid 2196244] mod_authz_core.c(815): [client 216.73.216.242:2282] AH01626: authorization result of : granted
[Wed Aug 26 01:57:05.661867 2026] [authz_core:debug] [pid 2196244:tid 2196244] mod_authz_core.c(815): [client 216.73.216.242:2282] AH01626: authorization result of Require all granted: granted
[Wed Aug 26 01:57:05.661879 2026] [authz_core:debug] [pid 2196244:tid 2196244] mod_authz_core.c(815): [client 216.73.216.242:2282] AH01626: authorization result of : granted
[Wed Aug 26 01:57:05.693374 2026] [deflate:debug] [pid 2196244:tid 2196244] mod_deflate.c(909): [client 216.73.216.242:2282] AH01384: Zlib: Compressed 80331 to 24144 : URL /index.php
[Wed Aug 26 01:57:05.749768 2026] [ssl:debug] [pid 2196240:tid 2196240] ssl_engine_kernel.c(254): [client 216.73.216.242:37489] AH02034: Subsequent (No.13) HTTPS request received for child 18 (server 2blog.ilc.edu.tw:443)
[Wed Aug 26 01:57:05.749963 2026] [authz_core:debug] [pid 2196240:tid 2196240] mod_authz_core.c(815): [client 216.73.216.242:37489] AH01626: authorization result of Require all granted: granted
[Wed Aug 26 01:57:05.749969 2026] [authz_core:debug] [pid 2196240:tid 2196240] mod_authz_core.c(815): [client 216.73.216.242:37489] AH01626: authorization result of : granted
[Wed Aug 26 01:57:05.750097 2026] [authz_core:debug] [pid 2196240:tid 2196240] mod_authz_core.c(815): [client 216.73.216.242:37489] AH01626: authorization result of Require all granted: granted
[Wed Aug 26 01:57:05.750102 2026] [authz_core:debug] [pid 2196240:tid 2196240] mod_authz_core.c(815): [client 216.73.216.242:37489] AH01626: authorization result of : granted
[Wed Aug 26 01:57:05.841473 2026] [ssl:debug] [pid 2196205:tid 2196205] ssl_engine_kernel.c(254): [client 216.73.216.242:12307] AH02034: Subsequent (No.16) HTTPS request received for child 14 (server 2blog.ilc.edu.tw:443)
[Wed Aug 26 01:57:05.841697 2026] [authz_core:debug] [pid 2196205:tid 2196205] mod_authz_core.c(815): [client 216.73.216.242:12307] AH01626: authorization result of Require all granted: granted
[Wed Aug 26 01:57:05.841705 2026] [authz_core:debug] [pid 2196205:tid 2196205] mod_authz_core.c(815): [client 216.73.216.242:12307] AH01626: authorization result of : granted
[Wed Aug 26 01:57:05.841837 2026] [authz_core:debug] [pid 2196205:tid 2196205] mod_authz_core.c(815): [client 216.73.216.242:12307] AH01626: authorization result of Require all granted: granted
[Wed Aug 26 01:57:05.841840 2026] [authz_core:debug] [pid 2196205:tid 2196205] mod_authz_core.c(815): [client 216.73.216.242:12307] AH01626: authorization result of : granted
[Wed Aug 26 01:57:05.943343 2026] [ssl:debug] [pid 2196243:tid 2196243] ssl_engine_kernel.c(254): [client 216.73.216.242:40951] AH02034: Subsequent (No.13) HTTPS request received for child 22 (server 2blog.ilc.edu.tw:443)
[Wed Aug 26 01:57:05.943511 2026] [authz_core:debug] [pid 2196243:tid 2196243] mod_authz_core.c(815): [client 216.73.216.242:40951] AH01626: authorization result of Require all granted: granted
[Wed Aug 26 01:57:05.943516 2026] [authz_core:debug] [pid 2196243:tid 2196243] mod_authz_core.c(815): [client 216.73.216.242:40951] AH01626: authorization result of : granted
[Wed Aug 26 01:57:05.943628 2026] [authz_core:debug] [pid 2196243:tid 2196243] mod_authz_core.c(815): [client 216.73.216.242:40951] AH01626: authorization result of Require all granted: granted
[Wed Aug 26 01:57:05.943632 2026] [authz_core:debug] [pid 2196243:tid 2196243] mod_authz_core.c(815): [client 216.73.216.242:40951] AH01626: authorization result of : granted
[Wed Aug 26 01:57:06.025085 2026] [ssl:debug] [pid 2196257:tid 2196257] ssl_engine_io.c(1150): [client 240e:935:a04:5403:0:1:0:d:42702] AH02001: Connection closed to child 34 with standard shutdown (server 2blog.ilc.edu.tw:443)
[Wed Aug 26 01:57:06.034628 2026] [ssl:debug] [pid 2196245:tid 2196245] ssl_engine_kernel.c(254): [client 216.73.216.242:1577] AH02034: Subsequent (No.8) HTTPS request received for child 24 (server 2blog.ilc.edu.tw:443)
[Wed Aug 26 01:57:06.034862 2026] [authz_core:debug] [pid 2196245:tid 2196245] mod_authz_core.c(815): [client 216.73.216.242:1577] AH01626: authorization result of Require all granted: granted
[Wed Aug 26 01:57:06.034871 2026] [authz_core:debug] [pid 2196245:tid 2196245] mod_authz_core.c(815): [client 216.73.216.242:1577] AH01626: authorization result of : granted
[Wed Aug 26 01:57:06.035035 2026] [authz_core:debug] [pid 2196245:tid 2196245] mod_authz_core.c(815): [client 216.73.216.242:1577] AH01626: authorization result of Require all granted: granted
[Wed Aug 26 01:57:06.035040 2026] [authz_core:debug] [pid 2196245:tid 2196245] mod_authz_core.c(815): [client 216.73.216.242:1577] AH01626: authorization result of : granted
[Wed Aug 26 01:57:06.115767 2026] [ssl:debug] [pid 2196239:tid 2196239] ssl_engine_kernel.c(254): [client 216.73.216.242:48727] AH02034: Subsequent (No.17) HTTPS request received for child 9 (server 2blog.ilc.edu.tw:443)
[Wed Aug 26 01:57:06.115951 2026] [authz_core:debug] [pid 2196239:tid 2196239] mod_authz_core.c(815): [client 216.73.216.242:48727] AH01626: authorization result of Require all granted: granted
[Wed Aug 26 01:57:06.115980 2026] [authz_core:debug] [pid 2196239:tid 2196239] mod_authz_core.c(815): [client 216.73.216.242:48727] AH01626: authorization result of : granted
[Wed Aug 26 01:57:06.116099 2026] [authz_core:debug] [pid 2196239:tid 2196239] mod_authz_core.c(815): [client 216.73.216.242:48727] AH01626: authorization result of Require all granted: granted
[Wed Aug 26 01:57:06.116103 2026] [authz_core:debug] [pid 2196239:tid 2196239] mod_authz_core.c(815): [client 216.73.216.242:48727] AH01626: authorization result of : granted
[Wed Aug 26 01:57:06.148474 2026] [deflate:debug] [pid 2196240:tid 2196240] mod_deflate.c(909): [client 216.73.216.242:37489] AH01384: Zlib: Compressed 2813 to 1279 : URL /index.php
[Wed Aug 26 01:57:06.149533 2026] [ssl:info] [pid 2196247:tid 2196247] [client 34.30.223.149:13825] AH01964: Connection to child 26 established (server 2blog.ilc.edu.tw:443)
[Wed Aug 26 01:57:06.149654 2026] [ssl:debug] [pid 2196247:tid 2196247] ssl_engine_kernel.c(2222): [client 34.30.223.149:13825] AH02043: SSL virtual host for servername 2blog.ilc.edu.tw found
[Wed Aug 26 01:57:06.149703 2026] [core:debug] [pid 2196247:tid 2196247] protocol.c(2460): [client 34.30.223.149:13825] AH03155: select protocol from , choices=http/1.1 for server 2blog.ilc.edu.tw
[Wed Aug 26 01:57:06.217592 2026] [ssl:debug] [pid 2196219:tid 2196219] ssl_engine_kernel.c(254): [client 216.73.216.242:64722] AH02034: Subsequent (No.11) HTTPS request received for child 17 (server 2blog.ilc.edu.tw:443)
[Wed Aug 26 01:57:06.217790 2026] [authz_core:debug] [pid 2196219:tid 2196219] mod_authz_core.c(815): [client 216.73.216.242:64722] AH01626: authorization result of Require all granted: granted
[Wed Aug 26 01:57:06.217797 2026] [authz_core:debug] [pid 2196219:tid 2196219] mod_authz_core.c(815): [client 216.73.216.242:64722] AH01626: authorization result of : granted
[Wed Aug 26 01:57:06.217908 2026] [authz_core:debug] [pid 2196219:tid 2196219] mod_authz_core.c(815): [client 216.73.216.242:64722] AH01626: authorization result of Require all granted: granted
[Wed Aug 26 01:57:06.217911 2026] [authz_core:debug] [pid 2196219:tid 2196219] mod_authz_core.c(815): [client 216.73.216.242:64722] AH01626: authorization result of : granted
[Wed Aug 26 01:57:06.229376 2026] [ssl:info] [pid 2196235:tid 2196235] (70014)End of file found: [client 66.249.71.37:65387] AH01992: SSL library error 6 reading data
[Wed Aug 26 01:57:06.229447 2026] [ssl:debug] [pid 2196235:tid 2196235] ssl_engine_io.c(1150): [client 66.249.71.37:65387] AH02001: Connection closed to child 7 with standard shutdown (server 2blog.ilc.edu.tw:443)
[Wed Aug 26 01:57:06.298761 2026] [ssl:debug] [pid 2196232:tid 2196232] ssl_engine_kernel.c(254): [client 216.73.216.242:26540] AH02034: Subsequent (No.19) HTTPS request received for child 5 (server 2blog.ilc.edu.tw:443)
[Wed Aug 26 01:57:06.298955 2026] [authz_core:debug] [pid 2196232:tid 2196232] mod_authz_core.c(815): [client 216.73.216.242:26540] AH01626: authorization result of Require all granted: granted
[Wed Aug 26 01:57:06.298961 2026] [authz_core:debug] [pid 2196232:tid 2196232] mod_authz_core.c(815): [client 216.73.216.242:26540] AH01626: authorization result of : granted
[Wed Aug 26 01:57:06.299075 2026] [authz_core:debug] [pid 2196232:tid 2196232] mod_authz_core.c(815): [client 216.73.216.242:26540] AH01626: authorization result of Require all granted: granted
[Wed Aug 26 01:57:06.299079 2026] [authz_core:debug] [pid 2196232:tid 2196232] mod_authz_core.c(815): [client 216.73.216.242:26540] AH01626: authorization result of : granted
[Wed Aug 26 01:57:06.388596 2026] [ssl:debug] [pid 2196240:tid 2196240] ssl_engine_kernel.c(254): [client 216.73.216.242:37489] AH02034: Subsequent (No.14) HTTPS request received for child 18 (server 2blog.ilc.edu.tw:443)
[Wed Aug 26 01:57:06.388837 2026] [authz_core:debug] [pid 2196240:tid 2196240] mod_authz_core.c(815): [client 216.73.216.242:37489] AH01626: authorization result of Require all granted: granted
[Wed Aug 26 01:57:06.388847 2026] [authz_core:debug] [pid 2196240:tid 2196240] mod_authz_core.c(815): [client 216.73.216.242:37489] AH01626: authorization result of : granted
[Wed Aug 26 01:57:06.389067 2026] [authz_core:debug] [pid 2196240:tid 2196240] mod_authz_core.c(815): [client 216.73.216.242:37489] AH01626: authorization result of Require all granted: granted
