[Wed Aug 26 01:57:01.334412 2026] [authz_core:debug] [pid 2190630:tid 2190630] mod_authz_core.c(815): [client 2409:8718:271a:1075::11:57712] AH01626: authorization result of : granted, referer: https://2blog.ilc.edu.tw/qlesct1130706/2025/05/23/%e9%81%8e%e5%b6%ba%e5%9c%8b%e5%b0%8f113%e5%ad%b8%e5%b9%b4%e5%ba%a6-%e7%ac%ac2%e5%ad%b8%e6%9c%9f-%e6%95%99%e5%ad%b8%e7%a0%94%e7%a9%b6%e6%9c%83-%e6%88%90%e6%9e%9c%e8%88%87%e7%b4%80%e9%8c%84-%e5%bd%99/
[Wed Aug 26 01:57:01.336859 2026] [deflate:debug] [pid 2190630:tid 2190630] mod_deflate.c(909): [client 2409:8718:271a:1075::11:57712] AH01384: Zlib: Compressed 79291 to 39724 : URL /wp-content/cache/2blog.ilc.edu.tw/wpfc-minified/7kfwtddm/6dtjh.css, referer: https://2blog.ilc.edu.tw/qlesct1130706/2025/05/23/%e9%81%8e%e5%b6%ba%e5%9c%8b%e5%b0%8f113%e5%ad%b8%e5%b9%b4%e5%ba%a6-%e7%ac%ac2%e5%ad%b8%e6%9c%9f-%e6%95%99%e5%ad%b8%e7%a0%94%e7%a9%b6%e6%9c%83-%e6%88%90%e6%9e%9c%e8%88%87%e7%b4%80%e9%8c%84-%e5%bd%99/
[Wed Aug 26 01:57:01.379822 2026] [ssl:debug] [pid 2196205:tid 2196205] ssl_engine_kernel.c(254): [client 216.73.216.242:12307] AH02034: Subsequent (No.9) HTTPS request received for child 14 (server 2blog.ilc.edu.tw:443)
[Wed Aug 26 01:57:01.380021 2026] [authz_core:debug] [pid 2196205:tid 2196205] mod_authz_core.c(815): [client 216.73.216.242:12307] AH01626: authorization result of Require all granted: granted
[Wed Aug 26 01:57:01.380029 2026] [authz_core:debug] [pid 2196205:tid 2196205] mod_authz_core.c(815): [client 216.73.216.242:12307] AH01626: authorization result of : granted
[Wed Aug 26 01:57:01.380187 2026] [authz_core:debug] [pid 2196205:tid 2196205] mod_authz_core.c(815): [client 216.73.216.242:12307] AH01626: authorization result of Require all granted: granted
[Wed Aug 26 01:57:01.380195 2026] [authz_core:debug] [pid 2196205:tid 2196205] mod_authz_core.c(815): [client 216.73.216.242:12307] AH01626: authorization result of : granted
[Wed Aug 26 01:57:01.428301 2026] [deflate:debug] [pid 2196240:tid 2196240] mod_deflate.c(909): [client 216.73.216.242:37489] AH01384: Zlib: Compressed 2854 to 1286 : URL /index.php
[Wed Aug 26 01:57:01.467266 2026] [ssl:debug] [pid 2196141:tid 2196141] ssl_engine_kernel.c(254): [client 216.73.216.242:27672] AH02034: Subsequent (No.12) HTTPS request received for child 10 (server 2blog.ilc.edu.tw:443)
[Wed Aug 26 01:57:01.467537 2026] [authz_core:debug] [pid 2196141:tid 2196141] mod_authz_core.c(815): [client 216.73.216.242:27672] AH01626: authorization result of Require all granted: granted
[Wed Aug 26 01:57:01.467550 2026] [authz_core:debug] [pid 2196141:tid 2196141] mod_authz_core.c(815): [client 216.73.216.242:27672] AH01626: authorization result of : granted
[Wed Aug 26 01:57:01.467754 2026] [authz_core:debug] [pid 2196141:tid 2196141] mod_authz_core.c(815): [client 216.73.216.242:27672] AH01626: authorization result of Require all granted: granted
[Wed Aug 26 01:57:01.467764 2026] [authz_core:debug] [pid 2196141:tid 2196141] mod_authz_core.c(815): [client 216.73.216.242:27672] AH01626: authorization result of : granted
[Wed Aug 26 01:57:01.514483 2026] [deflate:debug] [pid 2195324:tid 2195324] mod_deflate.c(909): [client 2001:b011:4005:1a69:6c83:cdae:1837:d8e3:63424] AH01384: Zlib: Compressed 96709 to 17462 : URL /index.php, referer: https://2blog.ilc.edu.tw/41336/2021/12/
[Wed Aug 26 01:57:01.561046 2026] [ssl:info] [pid 2196235:tid 2196235] [client 66.249.71.37:65387] AH01964: Connection to child 7 established (server 2blog.ilc.edu.tw:443)
[Wed Aug 26 01:57:01.561237 2026] [ssl:debug] [pid 2196235:tid 2196235] ssl_engine_kernel.c(2222): [client 66.249.71.37:65387] AH02043: SSL virtual host for servername 2blog.ilc.edu.tw found
[Wed Aug 26 01:57:01.561345 2026] [ssl:debug] [pid 2196235:tid 2196235] ssl_util_stapling.c(819): AH01951: stapling_cb: OCSP Stapling callback called
[Wed Aug 26 01:57:01.561355 2026] [ssl:info] [pid 2196235:tid 2196235] AH01926: stapling_get_certinfo: stapling not supported for certificate
[Wed Aug 26 01:57:01.565100 2026] [deflate:debug] [pid 2196205:tid 2196205] mod_deflate.c(909): [client 216.73.216.242:12307] AH01384: Zlib: Compressed 32031 to 8578 : URL /index.php
[Wed Aug 26 01:57:01.568137 2026] [ssl:debug] [pid 2196219:tid 2196219] ssl_engine_kernel.c(254): [client 216.73.216.242:64722] AH02034: Subsequent (No.7) HTTPS request received for child 17 (server 2blog.ilc.edu.tw:443)
[Wed Aug 26 01:57:01.568370 2026] [authz_core:debug] [pid 2196219:tid 2196219] mod_authz_core.c(815): [client 216.73.216.242:64722] AH01626: authorization result of Require all granted: granted
[Wed Aug 26 01:57:01.570152 2026] [ssl:debug] [pid 2196235:tid 2196235] ssl_engine_kernel.c(2082): [client 66.249.71.37:65387] AH02041: Protocol: TLSv1.3, Cipher: TLS_AES_256_GCM_SHA384 (256/256 bits)
[Wed Aug 26 01:57:01.571674 2026] [authz_core:debug] [pid 2196219:tid 2196219] mod_authz_core.c(815): [client 216.73.216.242:64722] AH01626: authorization result of : granted
[Wed Aug 26 01:57:01.571696 2026] [socache_shmcb:debug] [pid 2196235:tid 2196235] mod_socache_shmcb.c(508): AH00831: socache_shmcb_store (0x60 -> subcache 0)
[Wed Aug 26 01:57:01.571707 2026] [socache_shmcb:debug] [pid 2196235:tid 2196235] mod_socache_shmcb.c(860): AH00847: insert happened at idx=1, data=(9945:9977)
[Wed Aug 26 01:57:01.571709 2026] [socache_shmcb:debug] [pid 2196235:tid 2196235] mod_socache_shmcb.c(863): AH00848: finished insert, subcache: idx_pos/idx_used=49/41, data_pos/data_used=1039/9119
[Wed Aug 26 01:57:01.571712 2026] [socache_shmcb:debug] [pid 2196235:tid 2196235] mod_socache_shmcb.c(530): AH00834: leaving socache_shmcb_store successfully
[Wed Aug 26 01:57:01.571772 2026] [socache_shmcb:debug] [pid 2196235:tid 2196235] mod_socache_shmcb.c(508): AH00831: socache_shmcb_store (0xcf -> subcache 15)
[Wed Aug 26 01:57:01.571776 2026] [socache_shmcb:debug] [pid 2196235:tid 2196235] mod_socache_shmcb.c(745): AH00842: expiring 1 and reclaiming 0 removed socache entries
[Wed Aug 26 01:57:01.571784 2026] [socache_shmcb:debug] [pid 2196235:tid 2196235] mod_socache_shmcb.c(765): AH00843: we now have 33 socache entries
[Wed Aug 26 01:57:01.571786 2026] [socache_shmcb:debug] [pid 2196235:tid 2196235] mod_socache_shmcb.c(860): AH00847: insert happened at idx=30, data=(10847:10879)
[Wed Aug 26 01:57:01.571788 2026] [socache_shmcb:debug] [pid 2196235:tid 2196235] mod_socache_shmcb.c(863): AH00848: finished insert, subcache: idx_pos/idx_used=85/34, data_pos/data_used=3535/7526
[Wed Aug 26 01:57:01.571790 2026] [socache_shmcb:debug] [pid 2196235:tid 2196235] mod_socache_shmcb.c(530): AH00834: leaving socache_shmcb_store successfully
[Wed Aug 26 01:57:01.571902 2026] [ssl:debug] [pid 2196235:tid 2196235] ssl_engine_kernel.c(254): [client 66.249.71.37:65387] AH02034: Initial (No.1) HTTPS request received for child 7 (server 2blog.ilc.edu.tw:443)
[Wed Aug 26 01:57:01.572107 2026] [authz_core:debug] [pid 2196235:tid 2196235] mod_authz_core.c(815): [client 66.249.71.37:65387] AH01626: authorization result of Require all granted: granted
[Wed Aug 26 01:57:01.572113 2026] [authz_core:debug] [pid 2196235:tid 2196235] mod_authz_core.c(815): [client 66.249.71.37:65387] AH01626: authorization result of : granted
[Wed Aug 26 01:57:01.572271 2026] [authz_core:debug] [pid 2196235:tid 2196235] mod_authz_core.c(815): [client 66.249.71.37:65387] AH01626: authorization result of Require all granted: granted
[Wed Aug 26 01:57:01.572279 2026] [authz_core:debug] [pid 2196235:tid 2196235] mod_authz_core.c(815): [client 66.249.71.37:65387] AH01626: authorization result of : granted
[Wed Aug 26 01:57:01.572550 2026] [authz_core:debug] [pid 2196219:tid 2196219] mod_authz_core.c(815): [client 216.73.216.242:64722] AH01626: authorization result of Require all granted: granted
[Wed Aug 26 01:57:01.572566 2026] [authz_core:debug] [pid 2196219:tid 2196219] mod_authz_core.c(815): [client 216.73.216.242:64722] AH01626: authorization result of : granted
[Wed Aug 26 01:57:01.630305 2026] [ssl:debug] [pid 2195324:tid 2195324] ssl_engine_kernel.c(254): [client 2001:b011:4005:1a69:6c83:cdae:1837:d8e3:63424] AH02034: Subsequent (No.3) HTTPS request received for child 2 (server 2blog.ilc.edu.tw:443), referer: https://2blog.ilc.edu.tw/41336/20211229%e6%95%99%e5%ad%b8%e6%b4%bb%e5%8b%95%e8%80%81%e5%b8%ab%e6%95%99%e4%bd%a0%e6%97%a9%e5%ae%89%e9%bb%9e%e9%bb%9e%e5%90%8d-%e6%88%91%e6%9c%83%e6%89%93%e6%8b%9b%e5%91%bc/
[Wed Aug 26 01:57:01.630466 2026] [authz_core:debug] [pid 2195324:tid 2195324] mod_authz_core.c(815): [client 2001:b011:4005:1a69:6c83:cdae:1837:d8e3:63424] AH01626: authorization result of Require all granted: granted, referer: https://2blog.ilc.edu.tw/41336/20211229%e6%95%99%e5%ad%b8%e6%b4%bb%e5%8b%95%e8%80%81%e5%b8%ab%e6%95%99%e4%bd%a0%e6%97%a9%e5%ae%89%e9%bb%9e%e9%bb%9e%e5%90%8d-%e6%88%91%e6%9c%83%e6%89%93%e6%8b%9b%e5%91%bc/
[Wed Aug 26 01:57:01.630472 2026] [authz_core:debug] [pid 2195324:tid 2195324] mod_authz_core.c(815): [client 2001:b011:4005:1a69:6c83:cdae:1837:d8e3:63424] AH01626: authorization result of : granted, referer: https://2blog.ilc.edu.tw/41336/20211229%e6%95%99%e5%ad%b8%e6%b4%bb%e5%8b%95%e8%80%81%e5%b8%ab%e6%95%99%e4%bd%a0%e6%97%a9%e5%ae%89%e9%bb%9e%e9%bb%9e%e5%90%8d-%e6%88%91%e6%9c%83%e6%89%93%e6%8b%9b%e5%91%bc/
[Wed Aug 26 01:57:01.630612 2026] [authz_core:debug] [pid 2195324:tid 2195324] mod_authz_core.c(815): [client 2001:b011:4005:1a69:6c83:cdae:1837:d8e3:63424] AH01626: authorization result of Require all granted: granted, referer: https://2blog.ilc.edu.tw/41336/20211229%e6%95%99%e5%ad%b8%e6%b4%bb%e5%8b%95%e8%80%81%e5%b8%ab%e6%95%99%e4%bd%a0%e6%97%a9%e5%ae%89%e9%bb%9e%e9%bb%9e%e5%90%8d-%e6%88%91%e6%9c%83%e6%89%93%e6%8b%9b%e5%91%bc/
[Wed Aug 26 01:57:01.630617 2026] [authz_core:debug] [pid 2195324:tid 2195324] mod_authz_core.c(815): [client 2001:b011:4005:1a69:6c83:cdae:1837:d8e3:63424] AH01626: authorization result of : granted, referer: https://2blog.ilc.edu.tw/41336/20211229%e6%95%99%e5%ad%b8%e6%b4%bb%e5%8b%95%e8%80%81%e5%b8%ab%e6%95%99%e4%bd%a0%e6%97%a9%e5%ae%89%e9%bb%9e%e9%bb%9e%e5%90%8d-%e6%88%91%e6%9c%83%e6%89%93%e6%8b%9b%e5%91%bc/
[Wed Aug 26 01:57:01.632020 2026] [deflate:debug] [pid 2195324:tid 2195324] mod_deflate.c(909): [client 2001:b011:4005:1a69:6c83:cdae:1837:d8e3:63424] AH01384: Zlib: Compressed 59016 to 35712 : URL /wp-includes/css/dashicons.min.css, referer: https://2blog.ilc.edu.tw/41336/20211229%e6%95%99%e5%ad%b8%e6%b4%bb%e5%8b%95%e8%80%81%e5%b8%ab%e6%95%99%e4%bd%a0%e6%97%a9%e5%ae%89%e9%bb%9e%e9%bb%9e%e5%90%8d-%e6%88%91%e6%9c%83%e6%89%93%e6%8b%9b%e5%91%bc/
[Wed Aug 26 01:57:01.644467 2026] [ssl:debug] [pid 2196204:tid 2196204] ssl_engine_kernel.c(254): [client 2408:8726:2000:a::1313:52828] AH02034: Subsequent (No.3) HTTPS request received for child 13 (server 2blog.ilc.edu.tw:443), referer: https://2blog.ilc.edu.tw/2373/category/c-8569/c-58658/
[Wed Aug 26 01:57:01.644744 2026] [authz_core:debug] [pid 2196204:tid 2196204] mod_authz_core.c(815): [client 2408:8726:2000:a::1313:52828] AH01626: authorization result of Require all granted: granted, referer: https://2blog.ilc.edu.tw/2373/category/c-8569/c-58658/
[Wed Aug 26 01:57:01.644752 2026] [authz_core:debug] [pid 2196204:tid 2196204] mod_authz_core.c(815): [client 2408:8726:2000:a::1313:52828] AH01626: authorization result of : granted, referer: https://2blog.ilc.edu.tw/2373/category/c-8569/c-58658/
[Wed Aug 26 01:57:01.644910 2026] [authz_core:debug] [pid 2196204:tid 2196204] mod_authz_core.c(815): [client 2408:8726:2000:a::1313:52828] AH01626: authorization result of Require all granted: granted, referer: https://2blog.ilc.edu.tw/2373/category/c-8569/c-58658/
[Wed Aug 26 01:57:01.644915 2026] [authz_core:debug] [pid 2196204:tid 2196204] mod_authz_core.c(815): [client 2408:8726:2000:a::1313:52828] AH01626: authorization result of : granted, referer: https://2blog.ilc.edu.tw/2373/category/c-8569/c-58658/
[Wed Aug 26 01:57:01.647395 2026] [ssl:debug] [pid 2196240:tid 2196240] ssl_engine_kernel.c(254): [client 216.73.216.242:37489] AH02034: Subsequent (No.11) HTTPS request received for child 18 (server 2blog.ilc.edu.tw:443)
[Wed Aug 26 01:57:01.647551 2026] [authz_core:debug] [pid 2196240:tid 2196240] mod_authz_core.c(815): [client 216.73.216.242:37489] AH01626: authorization result of Require all granted: granted
[Wed Aug 26 01:57:01.647555 2026] [authz_core:debug] [pid 2196240:tid 2196240] mod_authz_core.c(815): [client 216.73.216.242:37489] AH01626: authorization result of : granted
[Wed Aug 26 01:57:01.647661 2026] [authz_core:debug] [pid 2196240:tid 2196240] mod_authz_core.c(815): [client 216.73.216.242:37489] AH01626: authorization result of Require all granted: granted
[Wed Aug 26 01:57:01.647665 2026] [authz_core:debug] [pid 2196240:tid 2196240] mod_authz_core.c(815): [client 216.73.216.242:37489] AH01626: authorization result of : granted
[Wed Aug 26 01:57:01.649440 2026] [ssl:debug] [pid 2195324:tid 2195324] ssl_engine_kernel.c(254): [client 2001:b011:4005:1a69:6c83:cdae:1837:d8e3:63424] AH02034: Subsequent (No.4) HTTPS request received for child 2 (server 2blog.ilc.edu.tw:443), referer: https://2blog.ilc.edu.tw/41336/20211229%e6%95%99%e5%ad%b8%e6%b4%bb%e5%8b%95%e8%80%81%e5%b8%ab%e6%95%99%e4%bd%a0%e6%97%a9%e5%ae%89%e9%bb%9e%e9%bb%9e%e5%90%8d-%e6%88%91%e6%9c%83%e6%89%93%e6%8b%9b%e5%91%bc/
[Wed Aug 26 01:57:01.649482 2026] [ssl:info] [pid 2196259:tid 2196259] [client 2001:b011:4005:1a69:6c83:cdae:1837:d8e3:63427] AH01964: Connection to child 36 established (server 2blog.ilc.edu.tw:443)
[Wed Aug 26 01:57:01.649604 2026] [ssl:info] [pid 2196260:tid 2196260] [client 2001:b011:4005:1a69:6c83:cdae:1837:d8e3:63430] AH01964: Connection to child 37 established (server 2blog.ilc.edu.tw:443)
[Wed Aug 26 01:57:01.649837 2026] [ssl:debug] [pid 2196259:tid 2196259] ssl_engine_kernel.c(2222): [client 2001:b011:4005:1a69:6c83:cdae:1837:d8e3:63427] AH02043: SSL virtual host for servername 2blog.ilc.edu.tw found
[Wed Aug 26 01:57:01.649875 2026] [ssl:debug] [pid 2196260:tid 2196260] ssl_engine_kernel.c(2222): [client 2001:b011:4005:1a69:6c83:cdae:1837:d8e3:63430] AH02043: SSL virtual host for servername 2blog.ilc.edu.tw found
[Wed Aug 26 01:57:01.649950 2026] [core:debug] [pid 2196259:tid 2196259] protocol.c(2460): [client 2001:b011:4005:1a69:6c83:cdae:1837:d8e3:63427] AH03155: select protocol from , choices=http/1.1 for server 2blog.ilc.edu.tw
[Wed Aug 26 01:57:01.649973 2026] [core:debug] [pid 2196260:tid 2196260] protocol.c(2460): [client 2001:b011:4005:1a69:6c83:cdae:1837:d8e3:63430] AH03155: select protocol from , choices=http/1.1 for server 2blog.ilc.edu.tw
[Wed Aug 26 01:57:01.650020 2026] [ssl:debug] [pid 2196259:tid 2196259] ssl_util_stapling.c(819): AH01951: stapling_cb: OCSP Stapling callback called
[Wed Aug 26 01:57:01.650027 2026] [ssl:info] [pid 2196259:tid 2196259] AH01926: stapling_get_certinfo: stapling not supported for certificate
[Wed Aug 26 01:57:01.650049 2026] [ssl:debug] [pid 2196260:tid 2196260] ssl_util_stapling.c(819): AH01951: stapling_cb: OCSP Stapling callback called
[Wed Aug 26 01:57:01.650056 2026] [ssl:info] [pid 2196260:tid 2196260] AH01926: stapling_get_certinfo: stapling not supported for certificate
[Wed Aug 26 01:57:01.650356 2026] [ssl:info] [pid 2196261:tid 2196261] [client 2001:b011:4005:1a69:6c83:cdae:1837:d8e3:63428] AH01964: Connection to child 38 established (server 2blog.ilc.edu.tw:443)
[Wed Aug 26 01:57:01.650418 2026] [ssl:info] [pid 2196262:tid 2196262] [client 2001:b011:4005:1a69:6c83:cdae:1837:d8e3:63429] AH01964: Connection to child 40 established (server 2blog.ilc.edu.tw:443)
[Wed Aug 26 01:57:01.650467 2026] [ssl:info] [pid 2196214:tid 2196214] [client 2001:b011:4005:1a69:6c83:cdae:1837:d8e3:63431] AH01964: Connection to child 16 established (server 2blog.ilc.edu.tw:443)
[Wed Aug 26 01:57:01.650599 2026] [ssl:debug] [pid 2196214:tid 2196214] ssl_engine_kernel.c(2222): [client 2001:b011:4005:1a69:6c83:cdae:1837:d8e3:63431] AH02043: SSL virtual host for servername 2blog.ilc.edu.tw found
[Wed Aug 26 01:57:01.650671 2026] [core:debug] [pid 2196214:tid 2196214] protocol.c(2460): [client 2001:b011:4005:1a69:6c83:cdae:1837:d8e3:63431] AH03155: select protocol from , choices=http/1.1 for server 2blog.ilc.edu.tw
[Wed Aug 26 01:57:01.650677 2026] [ssl:debug] [pid 2196262:tid 2196262] ssl_engine_kernel.c(2222): [client 2001:b011:4005:1a69:6c83:cdae:1837:d8e3:63429] AH02043: SSL virtual host for servername 2blog.ilc.edu.tw found
[Wed Aug 26 01:57:01.650704 2026] [ssl:debug] [pid 2196214:tid 2196214] ssl_util_stapling.c(819): AH01951: stapling_cb: OCSP Stapling callback called
[Wed Aug 26 01:57:01.650710 2026] [ssl:info] [pid 2196214:tid 2196214] AH01926: stapling_get_certinfo: stapling not supported for certificate
[Wed Aug 26 01:57:01.650736 2026] [ssl:debug] [pid 2196261:tid 2196261] ssl_engine_kernel.c(2222): [client 2001:b011:4005:1a69:6c83:cdae:1837:d8e3:63428] AH02043: SSL virtual host for servername 2blog.ilc.edu.tw found
[Wed Aug 26 01:57:01.650770 2026] [core:debug] [pid 2196262:tid 2196262] protocol.c(2460): [client 2001:b011:4005:1a69:6c83:cdae:1837:d8e3:63429] AH03155: select protocol from , choices=http/1.1 for server 2blog.ilc.edu.tw
[Wed Aug 26 01:57:01.650836 2026] [core:debug] [pid 2196261:tid 2196261] protocol.c(2460): [client 2001:b011:4005:1a69:6c83:cdae:1837:d8e3:63428] AH03155: select protocol from , choices=http/1.1 for server 2blog.ilc.edu.tw
[Wed Aug 26 01:57:01.650839 2026] [ssl:debug] [pid 2196262:tid 2196262] ssl_util_stapling.c(819): AH01951: stapling_cb: OCSP Stapling callback called
[Wed Aug 26 01:57:01.650847 2026] [ssl:info] [pid 2196262:tid 2196262] AH01926: stapling_get_certinfo: stapling not supported for certificate
[Wed Aug 26 01:57:01.650913 2026] [ssl:debug] [pid 2196261:tid 2196261] ssl_util_stapling.c(819): AH01951: stapling_cb: OCSP Stapling callback called
[Wed Aug 26 01:57:01.650922 2026] [ssl:info] [pid 2196261:tid 2196261] AH01926: stapling_get_certinfo: stapling not supported for certificate
[Wed Aug 26 01:57:01.651929 2026] [authz_core:debug] [pid 2195324:tid 2195324] mod_authz_core.c(815): [client 2001:b011:4005:1a69:6c83:cdae:1837:d8e3:63424] AH01626: authorization result of Require all granted: granted, referer: https://2blog.ilc.edu.tw/41336/20211229%e6%95%99%e5%ad%b8%e6%b4%bb%e5%8b%95%e8%80%81%e5%b8%ab%e6%95%99%e4%bd%a0%e6%97%a9%e5%ae%89%e9%bb%9e%e9%bb%9e%e5%90%8d-%e6%88%91%e6%9c%83%e6%89%93%e6%8b%9b%e5%91%bc/
[Wed Aug 26 01:57:01.651947 2026] [authz_core:debug] [pid 2195324:tid 2195324] mod_authz_core.c(815): [client 2001:b011:4005:1a69:6c83:cdae:1837:d8e3:63424] AH01626: authorization result of : granted, referer: https://2blog.ilc.edu.tw/41336/20211229%e6%95%99%e5%ad%b8%e6%b4%bb%e5%8b%95%e8%80%81%e5%b8%ab%e6%95%99%e4%bd%a0%e6%97%a9%e5%ae%89%e9%bb%9e%e9%bb%9e%e5%90%8d-%e6%88%91%e6%9c%83%e6%89%93%e6%8b%9b%e5%91%bc/
[Wed Aug 26 01:57:01.652127 2026] [authz_core:debug] [pid 2195324:tid 2195324] mod_authz_core.c(815): [client 2001:b011:4005:1a69:6c83:cdae:1837:d8e3:63424] AH01626: authorization result of Require all granted: granted, referer: https://2blog.ilc.edu.tw/41336/20211229%e6%95%99%e5%ad%b8%e6%b4%bb%e5%8b%95%e8%80%81%e5%b8%ab%e6%95%99%e4%bd%a0%e6%97%a9%e5%ae%89%e9%bb%9e%e9%bb%9e%e5%90%8d-%e6%88%91%e6%9c%83%e6%89%93%e6%8b%9b%e5%91%bc/
[Wed Aug 26 01:57:01.652133 2026] [authz_core:debug] [pid 2195324:tid 2195324] mod_authz_core.c(815): [client 2001:b011:4005:1a69:6c83:cdae:1837:d8e3:63424] AH01626: authorization result of : granted, referer: https://2blog.ilc.edu.tw/41336/20211229%e6%95%99%e5%ad%b8%e6%b4%bb%e5%8b%95%e8%80%81%e5%b8%ab%e6%95%99%e4%bd%a0%e6%97%a9%e5%ae%89%e9%bb%9e%e9%bb%9e%e5%90%8d-%e6%88%91%e6%9c%83%e6%89%93%e6%8b%9b%e5%91%bc/
[Wed Aug 26 01:57:01.656379 2026] [deflate:debug] [pid 2195324:tid 2195324] mod_deflate.c(909): [client 2001:b011:4005:1a69:6c83:cdae:1837:d8e3:63424] AH01384: Zlib: Compressed 180063 to 27198 : URL /wp-content/themes/oceanwp/assets/css/style.min.css, referer: https://2blog.ilc.edu.tw/41336/20211229%e6%95%99%e5%ad%b8%e6%b4%bb%e5%8b%95%e8%80%81%e5%b8%ab%e6%95%99%e4%bd%a0%e6%97%a9%e5%ae%89%e9%bb%9e%e9%bb%9e%e5%90%8d-%e6%88%91%e6%9c%83%e6%89%93%e6%8b%9b%e5%91%bc/
[Wed Aug 26 01:57:01.665300 2026] [ssl:debug] [pid 2196259:tid 2196259] ssl_engine_kernel.c(2082): [client 2001:b011:4005:1a69:6c83:cdae:1837:d8e3:63427] AH02041: Protocol: TLSv1.3, Cipher: TLS_AES_256_GCM_SHA384 (256/256 bits)
[Wed Aug 26 01:57:01.665394 2026] [socache_shmcb:debug] [pid 2196259:tid 2196259] mod_socache_shmcb.c(508): AH00831: socache_shmcb_store (0x19 -> subcache 25)
[Wed Aug 26 01:57:01.665412 2026] [socache_shmcb:debug] [pid 2196259:tid 2196259] mod_socache_shmcb.c(860): AH00847: insert happened at idx=56, data=(2668:2700)
[Wed Aug 26 01:57:01.665416 2026] [socache_shmcb:debug] [pid 2196259:tid 2196259] mod_socache_shmcb.c(863): AH00848: finished insert, subcache: idx_pos/idx_used=25/32, data_pos/data_used=9638/7120
[Wed Aug 26 01:57:01.665419 2026] [socache_shmcb:debug] [pid 2196259:tid 2196259] mod_socache_shmcb.c(530): AH00834: leaving socache_shmcb_store successfully
[Wed Aug 26 01:57:01.665512 2026] [socache_shmcb:debug] [pid 2196259:tid 2196259] mod_socache_shmcb.c(508): AH00831: socache_shmcb_store (0xb0 -> subcache 16)
[Wed Aug 26 01:57:01.665529 2026] [socache_shmcb:debug] [pid 2196259:tid 2196259] mod_socache_shmcb.c(860): AH00847: insert happened at idx=72, data=(6189:6221)
[Wed Aug 26 01:57:01.665532 2026] [socache_shmcb:debug] [pid 2196259:tid 2196259] mod_socache_shmcb.c(863): AH00848: finished insert, subcache: idx_pos/idx_used=36/37, data_pos/data_used=12052/8227
[Wed Aug 26 01:57:01.665535 2026] [socache_shmcb:debug] [pid 2196259:tid 2196259] mod_socache_shmcb.c(530): AH00834: leaving socache_shmcb_store successfully
[Wed Aug 26 01:57:01.665774 2026] [ssl:debug] [pid 2196259:tid 2196259] ssl_engine_kernel.c(254): [client 2001:b011:4005:1a69:6c83:cdae:1837:d8e3:63427] AH02034: Initial (No.1) HTTPS request received for child 36 (server 2blog.ilc.edu.tw:443), referer: https://2blog.ilc.edu.tw/41336/20211229%e6%95%99%e5%ad%b8%e6%b4%bb%e5%8b%95%e8%80%81%e5%b8%ab%e6%95%99%e4%bd%a0%e6%97%a9%e5%ae%89%e9%bb%9e%e9%bb%9e%e5%90%8d-%e6%88%91%e6%9c%83%e6%89%93%e6%8b%9b%e5%91%bc/
[Wed Aug 26 01:57:01.665780 2026] [ssl:debug] [pid 2196260:tid 2196260] ssl_engine_kernel.c(2082): [client 2001:b011:4005:1a69:6c83:cdae:1837:d8e3:63430] AH02041: Protocol: TLSv1.3, Cipher: TLS_AES_256_GCM_SHA384 (256/256 bits)
[Wed Aug 26 01:57:01.665846 2026] [socache_shmcb:debug] [pid 2196260:tid 2196260] mod_socache_shmcb.c(508): AH00831: socache_shmcb_store (0x85 -> subcache 5)
[Wed Aug 26 01:57:01.665863 2026] [socache_shmcb:debug] [pid 2196260:tid 2196260] mod_socache_shmcb.c(860): AH00847: insert happened at idx=50, data=(1182:1214)
[Wed Aug 26 01:57:01.665866 2026] [socache_shmcb:debug] [pid 2196260:tid 2196260] mod_socache_shmcb.c(863): AH00848: finished insert, subcache: idx_pos/idx_used=15/36, data_pos/data_used=7249/8022
[Wed Aug 26 01:57:01.665869 2026] [socache_shmcb:debug] [pid 2196260:tid 2196260] mod_socache_shmcb.c(530): AH00834: leaving socache_shmcb_store successfully
[Wed Aug 26 01:57:01.665931 2026] [socache_shmcb:debug] [pid 2196260:tid 2196260] mod_socache_shmcb.c(508): AH00831: socache_shmcb_store (0x9e -> subcache 30)
[Wed Aug 26 01:57:01.665942 2026] [socache_shmcb:debug] [pid 2196260:tid 2196260] mod_socache_shmcb.c(860): AH00847: insert happened at idx=17, data=(13514:13546)
[Wed Aug 26 01:57:01.665944 2026] [socache_shmcb:debug] [pid 2196260:tid 2196260] mod_socache_shmcb.c(863): AH00848: finished insert, subcache: idx_pos/idx_used=69/37, data_pos/data_used=5541/8199
[Wed Aug 26 01:57:01.665946 2026] [socache_shmcb:debug] [pid 2196260:tid 2196260] mod_socache_shmcb.c(530): AH00834: leaving socache_shmcb_store successfully
[Wed Aug 26 01:57:01.666106 2026] [authz_core:debug] [pid 2196259:tid 2196259] mod_authz_core.c(815): [client 2001:b011:4005:1a69:6c83:cdae:1837:d8e3:63427] AH01626: authorization result of Require all granted: granted, referer: https://2blog.ilc.edu.tw/41336/20211229%e6%95%99%e5%ad%b8%e6%b4%bb%e5%8b%95%e8%80%81%e5%b8%ab%e6%95%99%e4%bd%a0%e6%97%a9%e5%ae%89%e9%bb%9e%e9%bb%9e%e5%90%8d-%e6%88%91%e6%9c%83%e6%89%93%e6%8b%9b%e5%91%bc/
[Wed Aug 26 01:57:01.666119 2026] [authz_core:debug] [pid 2196259:tid 2196259] mod_authz_core.c(815): [client 2001:b011:4005:1a69:6c83:cdae:1837:d8e3:63427] AH01626: authorization result of : granted, referer: https://2blog.ilc.edu.tw/41336/20211229%e6%95%99%e5%ad%b8%e6%b4%bb%e5%8b%95%e8%80%81%e5%b8%ab%e6%95%99%e4%bd%a0%e6%97%a9%e5%ae%89%e9%bb%9e%e9%bb%9e%e5%90%8d-%e6%88%91%e6%9c%83%e6%89%93%e6%8b%9b%e5%91%bc/
[Wed Aug 26 01:57:01.666816 2026] [authz_core:debug] [pid 2196259:tid 2196259] mod_authz_core.c(815): [client 2001:b011:4005:1a69:6c83:cdae:1837:d8e3:63427] AH01626: authorization result of Require all granted: granted, referer: https://2blog.ilc.edu.tw/41336/20211229%e6%95%99%e5%ad%b8%e6%b4%bb%e5%8b%95%e8%80%81%e5%b8%ab%e6%95%99%e4%bd%a0%e6%97%a9%e5%ae%89%e9%bb%9e%e9%bb%9e%e5%90%8d-%e6%88%91%e6%9c%83%e6%89%93%e6%8b%9b%e5%91%bc/
[Wed Aug 26 01:57:01.666830 2026] [authz_core:debug] [pid 2196259:tid 2196259] mod_authz_core.c(815): [client 2001:b011:4005:1a69:6c83:cdae:1837:d8e3:63427] AH01626: authorization result of : granted, referer: https://2blog.ilc.edu.tw/41336/20211229%e6%95%99%e5%ad%b8%e6%b4%bb%e5%8b%95%e8%80%81%e5%b8%ab%e6%95%99%e4%bd%a0%e6%97%a9%e5%ae%89%e9%bb%9e%e9%bb%9e%e5%90%8d-%e6%88%91%e6%9c%83%e6%89%93%e6%8b%9b%e5%91%bc/
[Wed Aug 26 01:57:01.667440 2026] [deflate:debug] [pid 2196259:tid 2196259] mod_deflate.c(909): [client 2001:b011:4005:1a69:6c83:cdae:1837:d8e3:63427] AH01384: Zlib: Compressed 20155 to 3794 : URL /wp-includes/css/admin-bar.min.css, referer: https://2blog.ilc.edu.tw/41336/20211229%e6%95%99%e5%ad%b8%e6%b4%bb%e5%8b%95%e8%80%81%e5%b8%ab%e6%95%99%e4%bd%a0%e6%97%a9%e5%ae%89%e9%bb%9e%e9%bb%9e%e5%90%8d-%e6%88%91%e6%9c%83%e6%89%93%e6%8b%9b%e5%91%bc/
[Wed Aug 26 01:57:01.667540 2026] [ssl:debug] [pid 2196214:tid 2196214] ssl_engine_kernel.c(2082): [client 2001:b011:4005:1a69:6c83:cdae:1837:d8e3:63431] AH02041: Protocol: TLSv1.3, Cipher: TLS_AES_256_GCM_SHA384 (256/256 bits)
[Wed Aug 26 01:57:01.667580 2026] [socache_shmcb:debug] [pid 2196214:tid 2196214] mod_socache_shmcb.c(508): AH00831: socache_shmcb_store (0xc4 -> subcache 4)
[Wed Aug 26 01:57:01.667593 2026] [socache_shmcb:debug] [pid 2196214:tid 2196214] mod_socache_shmcb.c(860): AH00847: insert happened at idx=83, data=(8913:8945)
[Wed Aug 26 01:57:01.667595 2026] [socache_shmcb:debug] [pid 2196214:tid 2196214] mod_socache_shmcb.c(863): AH00848: finished insert, subcache: idx_pos/idx_used=48/36, data_pos/data_used=1139/8000
[Wed Aug 26 01:57:01.667597 2026] [socache_shmcb:debug] [pid 2196214:tid 2196214] mod_socache_shmcb.c(530): AH00834: leaving socache_shmcb_store successfully
[Wed Aug 26 01:57:01.667598 2026] [ssl:debug] [pid 2196260:tid 2196260] ssl_engine_kernel.c(254): [client 2001:b011:4005:1a69:6c83:cdae:1837:d8e3:63430] AH02034: Initial (No.1) HTTPS request received for child 37 (server 2blog.ilc.edu.tw:443), referer: https://2blog.ilc.edu.tw/41336/20211229%e6%95%99%e5%ad%b8%e6%b4%bb%e5%8b%95%e8%80%81%e5%b8%ab%e6%95%99%e4%bd%a0%e6%97%a9%e5%ae%89%e9%bb%9e%e9%bb%9e%e5%90%8d-%e6%88%91%e6%9c%83%e6%89%93%e6%8b%9b%e5%91%bc/
[Wed Aug 26 01:57:01.667639 2026] [socache_shmcb:debug] [pid 2196214:tid 2196214] mod_socache_shmcb.c(508): AH00831: socache_shmcb_store (0x52 -> subcache 18)
[Wed Aug 26 01:57:01.667645 2026] [socache_shmcb:debug] [pid 2196214:tid 2196214] mod_socache_shmcb.c(860): AH00847: insert happened at idx=50, data=(1335:1367)
[Wed Aug 26 01:57:01.667648 2026] [socache_shmcb:debug] [pid 2196214:tid 2196214] mod_socache_shmcb.c(863): AH00848: finished insert, subcache: idx_pos/idx_used=11/40, data_pos/data_used=6542/8883
[Wed Aug 26 01:57:01.667651 2026] [socache_shmcb:debug] [pid 2196214:tid 2196214] mod_socache_shmcb.c(530): AH00834: leaving socache_shmcb_store successfully
[Wed Aug 26 01:57:01.667789 2026] [ssl:debug] [pid 2196214:tid 2196214] ssl_engine_kernel.c(254): [client 2001:b011:4005:1a69:6c83:cdae:1837:d8e3:63431] AH02034: Initial (No.1) HTTPS request received for child 16 (server 2blog.ilc.edu.tw:443), referer: https://2blog.ilc.edu.tw/41336/20211229%e6%95%99%e5%ad%b8%e6%b4%bb%e5%8b%95%e8%80%81%e5%b8%ab%e6%95%99%e4%bd%a0%e6%97%a9%e5%ae%89%e9%bb%9e%e9%bb%9e%e5%90%8d-%e6%88%91%e6%9c%83%e6%89%93%e6%8b%9b%e5%91%bc/
[Wed Aug 26 01:57:01.667893 2026] [authz_core:debug] [pid 2196260:tid 2196260] mod_authz_core.c(815): [client 2001:b011:4005:1a69:6c83:cdae:1837:d8e3:63430] AH01626: authorization result of Require all granted: granted, referer: https://2blog.ilc.edu.tw/41336/20211229%e6%95%99%e5%ad%b8%e6%b4%bb%e5%8b%95%e8%80%81%e5%b8%ab%e6%95%99%e4%bd%a0%e6%97%a9%e5%ae%89%e9%bb%9e%e9%bb%9e%e5%90%8d-%e6%88%91%e6%9c%83%e6%89%93%e6%8b%9b%e5%91%bc/
[Wed Aug 26 01:57:01.667902 2026] [authz_core:debug] [pid 2196260:tid 2196260] mod_authz_core.c(815): [client 2001:b011:4005:1a69:6c83:cdae:1837:d8e3:63430] AH01626: authorization result of : granted, referer: https://2blog.ilc.edu.tw/41336/20211229%e6%95%99%e5%ad%b8%e6%b4%bb%e5%8b%95%e8%80%81%e5%b8%ab%e6%95%99%e4%bd%a0%e6%97%a9%e5%ae%89%e9%bb%9e%e9%bb%9e%e5%90%8d-%e6%88%91%e6%9c%83%e6%89%93%e6%8b%9b%e5%91%bc/
[Wed Aug 26 01:57:01.667969 2026] [authz_core:debug] [pid 2196214:tid 2196214] mod_authz_core.c(815): [client 2001:b011:4005:1a69:6c83:cdae:1837:d8e3:63431] AH01626: authorization result of Require all granted: granted, referer: https://2blog.ilc.edu.tw/41336/20211229%e6%95%99%e5%ad%b8%e6%b4%bb%e5%8b%95%e8%80%81%e5%b8%ab%e6%95%99%e4%bd%a0%e6%97%a9%e5%ae%89%e9%bb%9e%e9%bb%9e%e5%90%8d-%e6%88%91%e6%9c%83%e6%89%93%e6%8b%9b%e5%91%bc/
[Wed Aug 26 01:57:01.667977 2026] [authz_core:debug] [pid 2196214:tid 2196214] mod_authz_core.c(815): [client 2001:b011:4005:1a69:6c83:cdae:1837:d8e3:63431] AH01626: authorization result of : granted, referer: https://2blog.ilc.edu.tw/41336/20211229%e6%95%99%e5%ad%b8%e6%b4%bb%e5%8b%95%e8%80%81%e5%b8%ab%e6%95%99%e4%bd%a0%e6%97%a9%e5%ae%89%e9%bb%9e%e9%bb%9e%e5%90%8d-%e6%88%91%e6%9c%83%e6%89%93%e6%8b%9b%e5%91%bc/
[Wed Aug 26 01:57:01.668176 2026] [authz_core:debug] [pid 2196214:tid 2196214] mod_authz_core.c(815): [client 2001:b011:4005:1a69:6c83:cdae:1837:d8e3:63431] AH01626: authorization result of Require all granted: granted, referer: https://2blog.ilc.edu.tw/41336/20211229%e6%95%99%e5%ad%b8%e6%b4%bb%e5%8b%95%e8%80%81%e5%b8%ab%e6%95%99%e4%bd%a0%e6%97%a9%e5%ae%89%e9%bb%9e%e9%bb%9e%e5%90%8d-%e6%88%91%e6%9c%83%e6%89%93%e6%8b%9b%e5%91%bc/
[Wed Aug 26 01:57:01.668202 2026] [authz_core:debug] [pid 2196214:tid 2196214] mod_authz_core.c(815): [client 2001:b011:4005:1a69:6c83:cdae:1837:d8e3:63431] AH01626: authorization result of : granted, referer: https://2blog.ilc.edu.tw/41336/20211229%e6%95%99%e5%ad%b8%e6%b4%bb%e5%8b%95%e8%80%81%e5%b8%ab%e6%95%99%e4%bd%a0%e6%97%a9%e5%ae%89%e9%bb%9e%e9%bb%9e%e5%90%8d-%e6%88%91%e6%9c%83%e6%89%93%e6%8b%9b%e5%91%bc/
[Wed Aug 26 01:57:01.668308 2026] [ssl:debug] [pid 2196262:tid 2196262] ssl_engine_kernel.c(2082): [client 2001:b011:4005:1a69:6c83:cdae:1837:d8e3:63429] AH02041: Protocol: TLSv1.3, Cipher: TLS_AES_256_GCM_SHA384 (256/256 bits)
[Wed Aug 26 01:57:01.668371 2026] [socache_shmcb:debug] [pid 2196262:tid 2196262] mod_socache_shmcb.c(508): AH00831: socache_shmcb_store (0x75 -> subcache 21)
[Wed Aug 26 01:57:01.668386 2026] [socache_shmcb:debug] [pid 2196262:tid 2196262] mod_socache_shmcb.c(860): AH00847: insert happened at idx=9, data=(12031:12063)
[Wed Aug 26 01:57:01.668389 2026] [socache_shmcb:debug] [pid 2196262:tid 2196262] mod_socache_shmcb.c(863): AH00848: finished insert, subcache: idx_pos/idx_used=56/42, data_pos/data_used=2853/9404
[Wed Aug 26 01:57:01.668392 2026] [socache_shmcb:debug] [pid 2196262:tid 2196262] mod_socache_shmcb.c(530): AH00834: leaving socache_shmcb_store successfully
[Wed Aug 26 01:57:01.668449 2026] [socache_shmcb:debug] [pid 2196262:tid 2196262] mod_socache_shmcb.c(508): AH00831: socache_shmcb_store (0x7a -> subcache 26)
[Wed Aug 26 01:57:01.668459 2026] [socache_shmcb:debug] [pid 2196262:tid 2196262] mod_socache_shmcb.c(745): AH00842: expiring 1 and reclaiming 0 removed socache entries
[Wed Aug 26 01:57:01.668462 2026] [socache_shmcb:debug] [pid 2196262:tid 2196262] mod_socache_shmcb.c(765): AH00843: we now have 41 socache entries
[Wed Aug 26 01:57:01.668465 2026] [socache_shmcb:debug] [pid 2196262:tid 2196262] mod_socache_shmcb.c(860): AH00847: insert happened at idx=49, data=(6739:6771)
[Wed Aug 26 01:57:01.668468 2026] [socache_shmcb:debug] [pid 2196262:tid 2196262] mod_socache_shmcb.c(863): AH00848: finished insert, subcache: idx_pos/idx_used=8/42, data_pos/data_used=11520/9309
[Wed Aug 26 01:57:01.668471 2026] [socache_shmcb:debug] [pid 2196262:tid 2196262] mod_socache_shmcb.c(530): AH00834: leaving socache_shmcb_store successfully
[Wed Aug 26 01:57:01.668494 2026] [authz_core:debug] [pid 2196260:tid 2196260] mod_authz_core.c(815): [client 2001:b011:4005:1a69:6c83:cdae:1837:d8e3:63430] AH01626: authorization result of Require all granted: granted, referer: https://2blog.ilc.edu.tw/41336/20211229%e6%95%99%e5%ad%b8%e6%b4%bb%e5%8b%95%e8%80%81%e5%b8%ab%e6%95%99%e4%bd%a0%e6%97%a9%e5%ae%89%e9%bb%9e%e9%bb%9e%e5%90%8d-%e6%88%91%e6%9c%83%e6%89%93%e6%8b%9b%e5%91%bc/
[Wed Aug 26 01:57:01.668506 2026] [authz_core:debug] [pid 2196260:tid 2196260] mod_authz_core.c(815): [client 2001:b011:4005:1a69:6c83:cdae:1837:d8e3:63430] AH01626: authorization result of : granted, referer: https://2blog.ilc.edu.tw/41336/20211229%e6%95%99%e5%ad%b8%e6%b4%bb%e5%8b%95%e8%80%81%e5%b8%ab%e6%95%99%e4%bd%a0%e6%97%a9%e5%ae%89%e9%bb%9e%e9%bb%9e%e5%90%8d-%e6%88%91%e6%9c%83%e6%89%93%e6%8b%9b%e5%91%bc/
[Wed Aug 26 01:57:01.668608 2026] [ssl:debug] [pid 2196262:tid 2196262] ssl_engine_kernel.c(254): [client 2001:b011:4005:1a69:6c83:cdae:1837:d8e3:63429] AH02034: Initial (No.1) HTTPS request received for child 40 (server 2blog.ilc.edu.tw:443), referer: https://2blog.ilc.edu.tw/41336/20211229%e6%95%99%e5%ad%b8%e6%b4%bb%e5%8b%95%e8%80%81%e5%b8%ab%e6%95%99%e4%bd%a0%e6%97%a9%e5%ae%89%e9%bb%9e%e9%bb%9e%e5%90%8d-%e6%88%91%e6%9c%83%e6%89%93%e6%8b%9b%e5%91%bc/
[Wed Aug 26 01:57:01.668699 2026] [ssl:debug] [pid 2195324:tid 2195324] ssl_engine_kernel.c(254): [client 2001:b011:4005:1a69:6c83:cdae:1837:d8e3:63424] AH02034: Subsequent (No.5) HTTPS request received for child 2 (server 2blog.ilc.edu.tw:443), referer: https://2blog.ilc.edu.tw/41336/20211229%e6%95%99%e5%ad%b8%e6%b4%bb%e5%8b%95%e8%80%81%e5%b8%ab%e6%95%99%e4%bd%a0%e6%97%a9%e5%ae%89%e9%bb%9e%e9%bb%9e%e5%90%8d-%e6%88%91%e6%9c%83%e6%89%93%e6%8b%9b%e5%91%bc/
[Wed Aug 26 01:57:01.668827 2026] [authz_core:debug] [pid 2195324:tid 2195324] mod_authz_core.c(815): [client 2001:b011:4005:1a69:6c83:cdae:1837:d8e3:63424] AH01626: authorization result of Require all granted: granted, referer: https://2blog.ilc.edu.tw/41336/20211229%e6%95%99%e5%ad%b8%e6%b4%bb%e5%8b%95%e8%80%81%e5%b8%ab%e6%95%99%e4%bd%a0%e6%97%a9%e5%ae%89%e9%bb%9e%e9%bb%9e%e5%90%8d-%e6%88%91%e6%9c%83%e6%89%93%e6%8b%9b%e5%91%bc/
[Wed Aug 26 01:57:01.668832 2026] [authz_core:debug] [pid 2195324:tid 2195324] mod_authz_core.c(815): [client 2001:b011:4005:1a69:6c83:cdae:1837:d8e3:63424] AH01626: authorization result of : granted, referer: https://2blog.ilc.edu.tw/41336/20211229%e6%95%99%e5%ad%b8%e6%b4%bb%e5%8b%95%e8%80%81%e5%b8%ab%e6%95%99%e4%bd%a0%e6%97%a9%e5%ae%89%e9%bb%9e%e9%bb%9e%e5%90%8d-%e6%88%91%e6%9c%83%e6%89%93%e6%8b%9b%e5%91%bc/
[Wed Aug 26 01:57:01.668876 2026] [authz_core:debug] [pid 2196262:tid 2196262] mod_authz_core.c(815): [client 2001:b011:4005:1a69:6c83:cdae:1837:d8e3:63429] AH01626: authorization result of Require all granted: granted, referer: https://2blog.ilc.edu.tw/41336/20211229%e6%95%99%e5%ad%b8%e6%b4%bb%e5%8b%95%e8%80%81%e5%b8%ab%e6%95%99%e4%bd%a0%e6%97%a9%e5%ae%89%e9%bb%9e%e9%bb%9e%e5%90%8d-%e6%88%91%e6%9c%83%e6%89%93%e6%8b%9b%e5%91%bc/
[Wed Aug 26 01:57:01.668885 2026] [authz_core:debug] [pid 2196262:tid 2196262] mod_authz_core.c(815): [client 2001:b011:4005:1a69:6c83:cdae:1837:d8e3:63429] AH01626: authorization result of : granted, referer: https://2blog.ilc.edu.tw/41336/20211229%e6%95%99%e5%ad%b8%e6%b4%bb%e5%8b%95%e8%80%81%e5%b8%ab%e6%95%99%e4%bd%a0%e6%97%a9%e5%ae%89%e9%bb%9e%e9%bb%9e%e5%90%8d-%e6%88%91%e6%9c%83%e6%89%93%e6%8b%9b%e5%91%bc/
[Wed Aug 26 01:57:01.668938 2026] [authz_core:debug] [pid 2195324:tid 2195324] mod_authz_core.c(815): [client 2001:b011:4005:1a69:6c83:cdae:1837:d8e3:63424] AH01626: authorization result of Require all granted: granted, referer: https://2blog.ilc.edu.tw/41336/20211229%e6%95%99%e5%ad%b8%e6%b4%bb%e5%8b%95%e8%80%81%e5%b8%ab%e6%95%99%e4%bd%a0%e6%97%a9%e5%ae%89%e9%bb%9e%e9%bb%9e%e5%90%8d-%e6%88%91%e6%9c%83%e6%89%93%e6%8b%9b%e5%91%bc/
[Wed Aug 26 01:57:01.668942 2026] [authz_core:debug] [pid 2195324:tid 2195324] mod_authz_core.c(815): [client 2001:b011:4005:1a69:6c83:cdae:1837:d8e3:63424] AH01626: authorization result of : granted, referer: https://2blog.ilc.edu.tw/41336/20211229%e6%95%99%e5%ad%b8%e6%b4%bb%e5%8b%95%e8%80%81%e5%b8%ab%e6%95%99%e4%bd%a0%e6%97%a9%e5%ae%89%e9%bb%9e%e9%bb%9e%e5%90%8d-%e6%88%91%e6%9c%83%e6%89%93%e6%8b%9b%e5%91%bc/
[Wed Aug 26 01:57:01.669077 2026] [deflate:debug] [pid 2196214:tid 2196214] mod_deflate.c(909): [client 2001:b011:4005:1a69:6c83:cdae:1837:d8e3:63431] AH01384: Zlib: Compressed 10927 to 2430 : URL /wp-content/themes/oceanwp/assets/css/third/simple-line-icons.min.css, referer: https://2blog.ilc.edu.tw/41336/20211229%e6%95%99%e5%ad%b8%e6%b4%bb%e5%8b%95%e8%80%81%e5%b8%ab%e6%95%99%e4%bd%a0%e6%97%a9%e5%ae%89%e9%bb%9e%e9%bb%9e%e5%90%8d-%e6%88%91%e6%9c%83%e6%89%93%e6%8b%9b%e5%91%bc/
[Wed Aug 26 01:57:01.669456 2026] [authz_core:debug] [pid 2196262:tid 2196262] mod_authz_core.c(815): [client 2001:b011:4005:1a69:6c83:cdae:1837:d8e3:63429] AH01626: authorization result of Require all granted: granted, referer: https://2blog.ilc.edu.tw/41336/20211229%e6%95%99%e5%ad%b8%e6%b4%bb%e5%8b%95%e8%80%81%e5%b8%ab%e6%95%99%e4%bd%a0%e6%97%a9%e5%ae%89%e9%bb%9e%e9%bb%9e%e5%90%8d-%e6%88%91%e6%9c%83%e6%89%93%e6%8b%9b%e5%91%bc/
[Wed Aug 26 01:57:01.669464 2026] [authz_core:debug] [pid 2196262:tid 2196262] mod_authz_core.c(815): [client 2001:b011:4005:1a69:6c83:cdae:1837:d8e3:63429] AH01626: authorization result of : granted, referer: https://2blog.ilc.edu.tw/41336/20211229%e6%95%99%e5%ad%b8%e6%b4%bb%e5%8b%95%e8%80%81%e5%b8%ab%e6%95%99%e4%bd%a0%e6%97%a9%e5%ae%89%e9%bb%9e%e9%bb%9e%e5%90%8d-%e6%88%91%e6%9c%83%e6%89%93%e6%8b%9b%e5%91%bc/
[Wed Aug 26 01:57:01.669487 2026] [ssl:debug] [pid 2196261:tid 2196261] ssl_engine_kernel.c(2082): [client 2001:b011:4005:1a69:6c83:cdae:1837:d8e3:63428] AH02041: Protocol: TLSv1.3, Cipher: TLS_AES_256_GCM_SHA384 (256/256 bits)
[Wed Aug 26 01:57:01.669552 2026] [socache_shmcb:debug] [pid 2196261:tid 2196261] mod_socache_shmcb.c(508): AH00831: socache_shmcb_store (0x7c -> subcache 28)
[Wed Aug 26 01:57:01.669566 2026] [socache_shmcb:debug] [pid 2196261:tid 2196261] mod_socache_shmcb.c(860): AH00847: insert happened at idx=52, data=(7465:7497)
[Wed Aug 26 01:57:01.669569 2026] [socache_shmcb:debug] [pid 2196261:tid 2196261] mod_socache_shmcb.c(863): AH00848: finished insert, subcache: idx_pos/idx_used=15/38, data_pos/data_used=13105/8449
[Wed Aug 26 01:57:01.669571 2026] [socache_shmcb:debug] [pid 2196261:tid 2196261] mod_socache_shmcb.c(530): AH00834: leaving socache_shmcb_store successfully
[Wed Aug 26 01:57:01.669627 2026] [socache_shmcb:debug] [pid 2196261:tid 2196261] mod_socache_shmcb.c(508): AH00831: socache_shmcb_store (0xef -> subcache 15)
[Wed Aug 26 01:57:01.669636 2026] [socache_shmcb:debug] [pid 2196261:tid 2196261] mod_socache_shmcb.c(860): AH00847: insert happened at idx=31, data=(11061:11093)
[Wed Aug 26 01:57:01.669638 2026] [socache_shmcb:debug] [pid 2196261:tid 2196261] mod_socache_shmcb.c(863): AH00848: finished insert, subcache: idx_pos/idx_used=85/35, data_pos/data_used=3535/7751
[Wed Aug 26 01:57:01.669640 2026] [socache_shmcb:debug] [pid 2196261:tid 2196261] mod_socache_shmcb.c(530): AH00834: leaving socache_shmcb_store successfully
[Wed Aug 26 01:57:01.669651 2026] [deflate:debug] [pid 2196262:tid 2196262] mod_deflate.c(909): [client 2001:b011:4005:1a69:6c83:cdae:1837:d8e3:63429] AH01384: Zlib: Compressed 490 to 270 : URL /wp-content/plugins/google-drive-embedder/css/gdm-blocks.css, referer: https://2blog.ilc.edu.tw/41336/20211229%e6%95%99%e5%ad%b8%e6%b4%bb%e5%8b%95%e8%80%81%e5%b8%ab%e6%95%99%e4%bd%a0%e6%97%a9%e5%ae%89%e9%bb%9e%e9%bb%9e%e5%90%8d-%e6%88%91%e6%9c%83%e6%89%93%e6%8b%9b%e5%91%bc/
[Wed Aug 26 01:57:01.669781 2026] [ssl:debug] [pid 2196261:tid 2196261] ssl_engine_kernel.c(254): [client 2001:b011:4005:1a69:6c83:cdae:1837:d8e3:63428] AH02034: Initial (No.1) HTTPS request received for child 38 (server 2blog.ilc.edu.tw:443), referer: https://2blog.ilc.edu.tw/41336/20211229%e6%95%99%e5%ad%b8%e6%b4%bb%e5%8b%95%e8%80%81%e5%b8%ab%e6%95%99%e4%bd%a0%e6%97%a9%e5%ae%89%e9%bb%9e%e9%bb%9e%e5%90%8d-%e6%88%91%e6%9c%83%e6%89%93%e6%8b%9b%e5%91%bc/
[Wed Aug 26 01:57:01.670172 2026] [authz_core:debug] [pid 2196261:tid 2196261] mod_authz_core.c(815): [client 2001:b011:4005:1a69:6c83:cdae:1837:d8e3:63428] AH01626: authorization result of Require all granted: granted, referer: https://2blog.ilc.edu.tw/41336/20211229%e6%95%99%e5%ad%b8%e6%b4%bb%e5%8b%95%e8%80%81%e5%b8%ab%e6%95%99%e4%bd%a0%e6%97%a9%e5%ae%89%e9%bb%9e%e9%bb%9e%e5%90%8d-%e6%88%91%e6%9c%83%e6%89%93%e6%8b%9b%e5%91%bc/
[Wed Aug 26 01:57:01.670183 2026] [authz_core:debug] [pid 2196261:tid 2196261] mod_authz_core.c(815): [client 2001:b011:4005:1a69:6c83:cdae:1837:d8e3:63428] AH01626: authorization result of : granted, referer: https://2blog.ilc.edu.tw/41336/20211229%e6%95%99%e5%ad%b8%e6%b4%bb%e5%8b%95%e8%80%81%e5%b8%ab%e6%95%99%e4%bd%a0%e6%97%a9%e5%ae%89%e9%bb%9e%e9%bb%9e%e5%90%8d-%e6%88%91%e6%9c%83%e6%89%93%e6%8b%9b%e5%91%bc/
[Wed Aug 26 01:57:01.671065 2026] [authz_core:debug] [pid 2196261:tid 2196261] mod_authz_core.c(815): [client 2001:b011:4005:1a69:6c83:cdae:1837:d8e3:63428] AH01626: authorization result of Require all granted: granted, referer: https://2blog.ilc.edu.tw/41336/20211229%e6%95%99%e5%ad%b8%e6%b4%bb%e5%8b%95%e8%80%81%e5%b8%ab%e6%95%99%e4%bd%a0%e6%97%a9%e5%ae%89%e9%bb%9e%e9%bb%9e%e5%90%8d-%e6%88%91%e6%9c%83%e6%89%93%e6%8b%9b%e5%91%bc/
[Wed Aug 26 01:57:01.671080 2026] [authz_core:debug] [pid 2196261:tid 2196261] mod_authz_core.c(815): [client 2001:b011:4005:1a69:6c83:cdae:1837:d8e3:63428] AH01626: authorization result of : granted, referer: https://2blog.ilc.edu.tw/41336/20211229%e6%95%99%e5%ad%b8%e6%b4%bb%e5%8b%95%e8%80%81%e5%b8%ab%e6%95%99%e4%bd%a0%e6%97%a9%e5%ae%89%e9%bb%9e%e9%bb%9e%e5%90%8d-%e6%88%91%e6%9c%83%e6%89%93%e6%8b%9b%e5%91%bc/
[Wed Aug 26 01:57:01.672420 2026] [deflate:debug] [pid 2195324:tid 2195324] mod_deflate.c(909): [client 2001:b011:4005:1a69:6c83:cdae:1837:d8e3:63424] AH01384: Zlib: Compressed 87553 to 30350 : URL /wp-includes/js/jquery/jquery.min.js, referer: https://2blog.ilc.edu.tw/41336/20211229%e6%95%99%e5%ad%b8%e6%b4%bb%e5%8b%95%e8%80%81%e5%b8%ab%e6%95%99%e4%bd%a0%e6%97%a9%e5%ae%89%e9%bb%9e%e9%bb%9e%e5%90%8d-%e6%88%91%e6%9c%83%e6%89%93%e6%8b%9b%e5%91%bc/
[Wed Aug 26 01:57:01.672999 2026] [deflate:debug] [pid 2196260:tid 2196260] mod_deflate.c(909): [client 2001:b011:4005:1a69:6c83:cdae:1837:d8e3:63430] AH01384: Zlib: Compressed 102217 to 22405 : URL /wp-content/themes/oceanwp/assets/fonts/fontawesome/css/all.min.css, referer: https://2blog.ilc.edu.tw/41336/20211229%e6%95%99%e5%ad%b8%e6%b4%bb%e5%8b%95%e8%80%81%e5%b8%ab%e6%95%99%e4%bd%a0%e6%97%a9%e5%ae%89%e9%bb%9e%e9%bb%9e%e5%90%8d-%e6%88%91%e6%9c%83%e6%89%93%e6%8b%9b%e5%91%bc/
[Wed Aug 26 01:57:01.674395 2026] [deflate:debug] [pid 2196261:tid 2196261] mod_deflate.c(909): [client 2001:b011:4005:1a69:6c83:cdae:1837:d8e3:63428] AH01384: Zlib: Compressed 112427 to 14822 : URL /wp-includes/css/dist/block-library/style.min.css, referer: https://2blog.ilc.edu.tw/41336/20211229%e6%95%99%e5%ad%b8%e6%b4%bb%e5%8b%95%e8%80%81%e5%b8%ab%e6%95%99%e4%bd%a0%e6%97%a9%e5%ae%89%e9%bb%9e%e9%bb%9e%e5%90%8d-%e6%88%91%e6%9c%83%e6%89%93%e6%8b%9b%e5%91%bc/
[Wed Aug 26 01:57:01.678458 2026] [ssl:debug] [pid 2196259:tid 2196259] ssl_engine_kernel.c(254): [client 2001:b011:4005:1a69:6c83:cdae:1837:d8e3:63427] AH02034: Subsequent (No.2) HTTPS request received for child 36 (server 2blog.ilc.edu.tw:443), referer: https://2blog.ilc.edu.tw/41336/20211229%e6%95%99%e5%ad%b8%e6%b4%bb%e5%8b%95%e8%80%81%e5%b8%ab%e6%95%99%e4%bd%a0%e6%97%a9%e5%ae%89%e9%bb%9e%e9%bb%9e%e5%90%8d-%e6%88%91%e6%9c%83%e6%89%93%e6%8b%9b%e5%91%bc/
[Wed Aug 26 01:57:01.678650 2026] [authz_core:debug] [pid 2196259:tid 2196259] mod_authz_core.c(815): [client 2001:b011:4005:1a69:6c83:cdae:1837:d8e3:63427] AH01626: authorization result of Require all granted: granted, referer: https://2blog.ilc.edu.tw/41336/20211229%e6%95%99%e5%ad%b8%e6%b4%bb%e5%8b%95%e8%80%81%e5%b8%ab%e6%95%99%e4%bd%a0%e6%97%a9%e5%ae%89%e9%bb%9e%e9%bb%9e%e5%90%8d-%e6%88%91%e6%9c%83%e6%89%93%e6%8b%9b%e5%91%bc/
[Wed Aug 26 01:57:01.678658 2026] [authz_core:debug] [pid 2196259:tid 2196259] mod_authz_core.c(815): [client 2001:b011:4005:1a69:6c83:cdae:1837:d8e3:63427] AH01626: authorization result of : granted, referer: https://2blog.ilc.edu.tw/41336/20211229%e6%95%99%e5%ad%b8%e6%b4%bb%e5%8b%95%e8%80%81%e5%b8%ab%e6%95%99%e4%bd%a0%e6%97%a9%e5%ae%89%e9%bb%9e%e9%bb%9e%e5%90%8d-%e6%88%91%e6%9c%83%e6%89%93%e6%8b%9b%e5%91%bc/
[Wed Aug 26 01:57:01.678858 2026] [authz_core:debug] [pid 2196259:tid 2196259] mod_authz_core.c(815): [client 2001:b011:4005:1a69:6c83:cdae:1837:d8e3:63427] AH01626: authorization result of Require all granted: granted, referer: https://2blog.ilc.edu.tw/41336/20211229%e6%95%99%e5%ad%b8%e6%b4%bb%e5%8b%95%e8%80%81%e5%b8%ab%e6%95%99%e4%bd%a0%e6%97%a9%e5%ae%89%e9%bb%9e%e9%bb%9e%e5%90%8d-%e6%88%91%e6%9c%83%e6%89%93%e6%8b%9b%e5%91%bc/
[Wed Aug 26 01:57:01.678866 2026] [authz_core:debug] [pid 2196259:tid 2196259] mod_authz_core.c(815): [client 2001:b011:4005:1a69:6c83:cdae:1837:d8e3:63427] AH01626: authorization result of : granted, referer: https://2blog.ilc.edu.tw/41336/20211229%e6%95%99%e5%ad%b8%e6%b4%bb%e5%8b%95%e8%80%81%e5%b8%ab%e6%95%99%e4%bd%a0%e6%97%a9%e5%ae%89%e9%bb%9e%e9%bb%9e%e5%90%8d-%e6%88%91%e6%9c%83%e6%89%93%e6%8b%9b%e5%91%bc/
[Wed Aug 26 01:57:01.679288 2026] [deflate:debug] [pid 2196259:tid 2196259] mod_deflate.c(909): [client 2001:b011:4005:1a69:6c83:cdae:1837:d8e3:63427] AH01384: Zlib: Compressed 13577 to 4854 : URL /wp-includes/js/jquery/jquery-migrate.min.js, referer: https://2blog.ilc.edu.tw/41336/20211229%e6%95%99%e5%ad%b8%e6%b4%bb%e5%8b%95%e8%80%81%e5%b8%ab%e6%95%99%e4%bd%a0%e6%97%a9%e5%ae%89%e9%bb%9e%e9%bb%9e%e5%90%8d-%e6%88%91%e6%9c%83%e6%89%93%e6%8b%9b%e5%91%bc/
[Wed Aug 26 01:57:01.680648 2026] [ssl:debug] [pid 2196262:tid 2196262] ssl_engine_kernel.c(254): [client 2001:b011:4005:1a69:6c83:cdae:1837:d8e3:63429] AH02034: Subsequent (No.2) HTTPS request received for child 40 (server 2blog.ilc.edu.tw:443), referer: https://2blog.ilc.edu.tw/41336/20211229%e6%95%99%e5%ad%b8%e6%b4%bb%e5%8b%95%e8%80%81%e5%b8%ab%e6%95%99%e4%bd%a0%e6%97%a9%e5%ae%89%e9%bb%9e%e9%bb%9e%e5%90%8d-%e6%88%91%e6%9c%83%e6%89%93%e6%8b%9b%e5%91%bc/
[Wed Aug 26 01:57:01.680655 2026] [ssl:debug] [pid 2196214:tid 2196214] ssl_engine_kernel.c(254): [client 2001:b011:4005:1a69:6c83:cdae:1837:d8e3:63431] AH02034: Subsequent (No.2) HTTPS request received for child 16 (server 2blog.ilc.edu.tw:443), referer: https://2blog.ilc.edu.tw/41336/20211229%e6%95%99%e5%ad%b8%e6%b4%bb%e5%8b%95%e8%80%81%e5%b8%ab%e6%95%99%e4%bd%a0%e6%97%a9%e5%ae%89%e9%bb%9e%e9%bb%9e%e5%90%8d-%e6%88%91%e6%9c%83%e6%89%93%e6%8b%9b%e5%91%bc/
[Wed Aug 26 01:57:01.680815 2026] [authz_core:debug] [pid 2196214:tid 2196214] mod_authz_core.c(815): [client 2001:b011:4005:1a69:6c83:cdae:1837:d8e3:63431] AH01626: authorization result of Require all granted: granted, referer: https://2blog.ilc.edu.tw/41336/20211229%e6%95%99%e5%ad%b8%e6%b4%bb%e5%8b%95%e8%80%81%e5%b8%ab%e6%95%99%e4%bd%a0%e6%97%a9%e5%ae%89%e9%bb%9e%e9%bb%9e%e5%90%8d-%e6%88%91%e6%9c%83%e6%89%93%e6%8b%9b%e5%91%bc/
[Wed Aug 26 01:57:01.680815 2026] [authz_core:debug] [pid 2196262:tid 2196262] mod_authz_core.c(815): [client 2001:b011:4005:1a69:6c83:cdae:1837:d8e3:63429] AH01626: authorization result of Require all granted: granted, referer: https://2blog.ilc.edu.tw/41336/20211229%e6%95%99%e5%ad%b8%e6%b4%bb%e5%8b%95%e8%80%81%e5%b8%ab%e6%95%99%e4%bd%a0%e6%97%a9%e5%ae%89%e9%bb%9e%e9%bb%9e%e5%90%8d-%e6%88%91%e6%9c%83%e6%89%93%e6%8b%9b%e5%91%bc/
[Wed Aug 26 01:57:01.680822 2026] [authz_core:debug] [pid 2196214:tid 2196214] mod_authz_core.c(815): [client 2001:b011:4005:1a69:6c83:cdae:1837:d8e3:63431] AH01626: authorization result of : granted, referer: https://2blog.ilc.edu.tw/41336/20211229%e6%95%99%e5%ad%b8%e6%b4%bb%e5%8b%95%e8%80%81%e5%b8%ab%e6%95%99%e4%bd%a0%e6%97%a9%e5%ae%89%e9%bb%9e%e9%bb%9e%e5%90%8d-%e6%88%91%e6%9c%83%e6%89%93%e6%8b%9b%e5%91%bc/
[Wed Aug 26 01:57:01.680824 2026] [authz_core:debug] [pid 2196262:tid 2196262] mod_authz_core.c(815): [client 2001:b011:4005:1a69:6c83:cdae:1837:d8e3:63429] AH01626: authorization result of : granted, referer: https://2blog.ilc.edu.tw/41336/20211229%e6%95%99%e5%ad%b8%e6%b4%bb%e5%8b%95%e8%80%81%e5%b8%ab%e6%95%99%e4%bd%a0%e6%97%a9%e5%ae%89%e9%bb%9e%e9%bb%9e%e5%90%8d-%e6%88%91%e6%9c%83%e6%89%93%e6%8b%9b%e5%91%bc/
[Wed Aug 26 01:57:01.680979 2026] [authz_core:debug] [pid 2196262:tid 2196262] mod_authz_core.c(815): [client 2001:b011:4005:1a69:6c83:cdae:1837:d8e3:63429] AH01626: authorization result of Require all granted: granted, referer: https://2blog.ilc.edu.tw/41336/20211229%e6%95%99%e5%ad%b8%e6%b4%bb%e5%8b%95%e8%80%81%e5%b8%ab%e6%95%99%e4%bd%a0%e6%97%a9%e5%ae%89%e9%bb%9e%e9%bb%9e%e5%90%8d-%e6%88%91%e6%9c%83%e6%89%93%e6%8b%9b%e5%91%bc/
