[Wed Aug 26 01:57:20.773046 2026] [ssl:debug] [pid 2196249:tid 2196249] ssl_engine_io.c(1150): [client 34.123.149.87:47616] AH02001: Connection closed to child 28 with standard shutdown (server 2blog.ilc.edu.tw:443)
[Wed Aug 26 01:57:20.863333 2026] [ssl:debug] [pid 2196243:tid 2196243] ssl_engine_kernel.c(254): [client 216.73.216.242:40951] AH02034: Subsequent (No.34) HTTPS request received for child 22 (server 2blog.ilc.edu.tw:443)
[Wed Aug 26 01:57:20.863547 2026] [authz_core:debug] [pid 2196243:tid 2196243] mod_authz_core.c(815): [client 216.73.216.242:40951] AH01626: authorization result of Require all granted: granted
[Wed Aug 26 01:57:20.863555 2026] [authz_core:debug] [pid 2196243:tid 2196243] mod_authz_core.c(815): [client 216.73.216.242:40951] AH01626: authorization result of : granted
[Wed Aug 26 01:57:20.863723 2026] [authz_core:debug] [pid 2196243:tid 2196243] mod_authz_core.c(815): [client 216.73.216.242:40951] AH01626: authorization result of Require all granted: granted
[Wed Aug 26 01:57:20.863731 2026] [authz_core:debug] [pid 2196243:tid 2196243] mod_authz_core.c(815): [client 216.73.216.242:40951] AH01626: authorization result of : granted
[Wed Aug 26 01:57:20.943006 2026] [ssl:debug] [pid 2196240:tid 2196240] ssl_engine_kernel.c(254): [client 216.73.216.242:37489] AH02034: Subsequent (No.32) HTTPS request received for child 18 (server 2blog.ilc.edu.tw:443)
[Wed Aug 26 01:57:20.943191 2026] [authz_core:debug] [pid 2196240:tid 2196240] mod_authz_core.c(815): [client 216.73.216.242:37489] AH01626: authorization result of Require all granted: granted
[Wed Aug 26 01:57:20.943196 2026] [authz_core:debug] [pid 2196240:tid 2196240] mod_authz_core.c(815): [client 216.73.216.242:37489] AH01626: authorization result of : granted
[Wed Aug 26 01:57:20.943309 2026] [authz_core:debug] [pid 2196240:tid 2196240] mod_authz_core.c(815): [client 216.73.216.242:37489] AH01626: authorization result of Require all granted: granted
[Wed Aug 26 01:57:20.943312 2026] [authz_core:debug] [pid 2196240:tid 2196240] mod_authz_core.c(815): [client 216.73.216.242:37489] AH01626: authorization result of : granted
[Wed Aug 26 01:57:21.033776 2026] [ssl:debug] [pid 2196205:tid 2196205] ssl_engine_kernel.c(254): [client 216.73.216.242:12307] AH02034: Subsequent (No.41) HTTPS request received for child 14 (server 2blog.ilc.edu.tw:443)
[Wed Aug 26 01:57:21.033982 2026] [authz_core:debug] [pid 2196205:tid 2196205] mod_authz_core.c(815): [client 216.73.216.242:12307] AH01626: authorization result of Require all granted: granted
[Wed Aug 26 01:57:21.033988 2026] [authz_core:debug] [pid 2196205:tid 2196205] mod_authz_core.c(815): [client 216.73.216.242:12307] AH01626: authorization result of : granted
[Wed Aug 26 01:57:21.034113 2026] [authz_core:debug] [pid 2196205:tid 2196205] mod_authz_core.c(815): [client 216.73.216.242:12307] AH01626: authorization result of Require all granted: granted
[Wed Aug 26 01:57:21.034116 2026] [authz_core:debug] [pid 2196205:tid 2196205] mod_authz_core.c(815): [client 216.73.216.242:12307] AH01626: authorization result of : granted
[Wed Aug 26 01:57:21.136471 2026] [ssl:debug] [pid 2196219:tid 2196219] ssl_engine_kernel.c(254): [client 216.73.216.242:64722] AH02034: Subsequent (No.34) HTTPS request received for child 17 (server 2blog.ilc.edu.tw:443)
[Wed Aug 26 01:57:21.136643 2026] [authz_core:debug] [pid 2196219:tid 2196219] mod_authz_core.c(815): [client 216.73.216.242:64722] AH01626: authorization result of Require all granted: granted
[Wed Aug 26 01:57:21.136649 2026] [authz_core:debug] [pid 2196219:tid 2196219] mod_authz_core.c(815): [client 216.73.216.242:64722] AH01626: authorization result of : granted
[Wed Aug 26 01:57:21.136765 2026] [authz_core:debug] [pid 2196219:tid 2196219] mod_authz_core.c(815): [client 216.73.216.242:64722] AH01626: authorization result of Require all granted: granted
[Wed Aug 26 01:57:21.136770 2026] [authz_core:debug] [pid 2196219:tid 2196219] mod_authz_core.c(815): [client 216.73.216.242:64722] AH01626: authorization result of : granted
[Wed Aug 26 01:57:21.152126 2026] [ssl:info] [pid 2196206:tid 2196206] [client 34.30.223.149:6656] AH01964: Connection to child 15 established (server 2blog.ilc.edu.tw:443)
[Wed Aug 26 01:57:21.152283 2026] [ssl:debug] [pid 2196206:tid 2196206] ssl_engine_kernel.c(2222): [client 34.30.223.149:6656] AH02043: SSL virtual host for servername 2blog.ilc.edu.tw found
[Wed Aug 26 01:57:21.152333 2026] [core:debug] [pid 2196206:tid 2196206] protocol.c(2460): [client 34.30.223.149:6656] AH03155: select protocol from , choices=http/1.1 for server 2blog.ilc.edu.tw
[Wed Aug 26 01:57:21.231717 2026] [ssl:debug] [pid 2196245:tid 2196245] ssl_engine_kernel.c(254): [client 216.73.216.242:1577] AH02034: Subsequent (No.23) HTTPS request received for child 24 (server 2blog.ilc.edu.tw:443)
[Wed Aug 26 01:57:21.231901 2026] [authz_core:debug] [pid 2196245:tid 2196245] mod_authz_core.c(815): [client 216.73.216.242:1577] AH01626: authorization result of Require all granted: granted
[Wed Aug 26 01:57:21.231906 2026] [authz_core:debug] [pid 2196245:tid 2196245] mod_authz_core.c(815): [client 216.73.216.242:1577] AH01626: authorization result of : granted
[Wed Aug 26 01:57:21.232017 2026] [authz_core:debug] [pid 2196245:tid 2196245] mod_authz_core.c(815): [client 216.73.216.242:1577] AH01626: authorization result of Require all granted: granted
[Wed Aug 26 01:57:21.232020 2026] [authz_core:debug] [pid 2196245:tid 2196245] mod_authz_core.c(815): [client 216.73.216.242:1577] AH01626: authorization result of : granted
[Wed Aug 26 01:57:21.312598 2026] [ssl:debug] [pid 2196242:tid 2196242] ssl_engine_kernel.c(254): [client 216.73.216.242:5872] AH02034: Subsequent (No.5) HTTPS request received for child 21 (server 2blog.ilc.edu.tw:443)
[Wed Aug 26 01:57:21.312780 2026] [authz_core:debug] [pid 2196242:tid 2196242] mod_authz_core.c(815): [client 216.73.216.242:5872] AH01626: authorization result of Require all granted: granted
[Wed Aug 26 01:57:21.312785 2026] [authz_core:debug] [pid 2196242:tid 2196242] mod_authz_core.c(815): [client 216.73.216.242:5872] AH01626: authorization result of : granted
[Wed Aug 26 01:57:21.312907 2026] [authz_core:debug] [pid 2196242:tid 2196242] mod_authz_core.c(815): [client 216.73.216.242:5872] AH01626: authorization result of Require all granted: granted
[Wed Aug 26 01:57:21.312911 2026] [authz_core:debug] [pid 2196242:tid 2196242] mod_authz_core.c(815): [client 216.73.216.242:5872] AH01626: authorization result of : granted
[Wed Aug 26 01:57:21.409076 2026] [ssl:debug] [pid 2196251:tid 2196251] ssl_engine_io.c(1150): [client 34.56.53.225:34304] AH02001: Connection closed to child 30 with standard shutdown (server www.kyes.ilc.edu.tw:443)
[Wed Aug 26 01:57:21.414868 2026] [ssl:debug] [pid 2196243:tid 2196243] ssl_engine_kernel.c(254): [client 216.73.216.242:40951] AH02034: Subsequent (No.35) HTTPS request received for child 22 (server 2blog.ilc.edu.tw:443)
[Wed Aug 26 01:57:21.415118 2026] [authz_core:debug] [pid 2196243:tid 2196243] mod_authz_core.c(815): [client 216.73.216.242:40951] AH01626: authorization result of Require all granted: granted
[Wed Aug 26 01:57:21.415129 2026] [authz_core:debug] [pid 2196243:tid 2196243] mod_authz_core.c(815): [client 216.73.216.242:40951] AH01626: authorization result of : granted
[Wed Aug 26 01:57:21.415282 2026] [authz_core:debug] [pid 2196243:tid 2196243] mod_authz_core.c(815): [client 216.73.216.242:40951] AH01626: authorization result of Require all granted: granted
[Wed Aug 26 01:57:21.415287 2026] [authz_core:debug] [pid 2196243:tid 2196243] mod_authz_core.c(815): [client 216.73.216.242:40951] AH01626: authorization result of : granted
[Wed Aug 26 01:57:21.432218 2026] [ssl:debug] [pid 2196206:tid 2196206] ssl_engine_kernel.c(2082): [client 34.30.223.149:6656] AH02041: Protocol: TLSv1.3, Cipher: TLS_AES_256_GCM_SHA384 (256/256 bits)
[Wed Aug 26 01:57:21.432286 2026] [socache_shmcb:debug] [pid 2196206:tid 2196206] mod_socache_shmcb.c(508): AH00831: socache_shmcb_store (0xb0 -> subcache 16)
[Wed Aug 26 01:57:21.432299 2026] [socache_shmcb:debug] [pid 2196206:tid 2196206] mod_socache_shmcb.c(860): AH00847: insert happened at idx=74, data=(6640:6672)
[Wed Aug 26 01:57:21.432301 2026] [socache_shmcb:debug] [pid 2196206:tid 2196206] mod_socache_shmcb.c(863): AH00848: finished insert, subcache: idx_pos/idx_used=40/35, data_pos/data_used=12953/7776
[Wed Aug 26 01:57:21.432303 2026] [socache_shmcb:debug] [pid 2196206:tid 2196206] mod_socache_shmcb.c(530): AH00834: leaving socache_shmcb_store successfully
[Wed Aug 26 01:57:21.432371 2026] [socache_shmcb:debug] [pid 2196206:tid 2196206] mod_socache_shmcb.c(508): AH00831: socache_shmcb_store (0x3a -> subcache 26)
[Wed Aug 26 01:57:21.432376 2026] [socache_shmcb:debug] [pid 2196206:tid 2196206] mod_socache_shmcb.c(860): AH00847: insert happened at idx=52, data=(7416:7448)
[Wed Aug 26 01:57:21.432395 2026] [socache_shmcb:debug] [pid 2196206:tid 2196206] mod_socache_shmcb.c(863): AH00848: finished insert, subcache: idx_pos/idx_used=9/44, data_pos/data_used=11733/9772
[Wed Aug 26 01:57:21.432397 2026] [socache_shmcb:debug] [pid 2196206:tid 2196206] mod_socache_shmcb.c(530): AH00834: leaving socache_shmcb_store successfully
[Wed Aug 26 01:57:21.445468 2026] [ssl:debug] [pid 2196206:tid 2196206] ssl_engine_kernel.c(254): [client 34.30.223.149:6656] AH02034: Initial (No.1) HTTPS request received for child 15 (server 2blog.ilc.edu.tw:443)
[Wed Aug 26 01:57:21.445689 2026] [authz_core:debug] [pid 2196206:tid 2196206] mod_authz_core.c(815): [client 34.30.223.149:6656] AH01626: authorization result of Require all granted: granted
[Wed Aug 26 01:57:21.445699 2026] [authz_core:debug] [pid 2196206:tid 2196206] mod_authz_core.c(815): [client 34.30.223.149:6656] AH01626: authorization result of : granted
[Wed Aug 26 01:57:21.445854 2026] [authz_core:debug] [pid 2196206:tid 2196206] mod_authz_core.c(815): [client 34.30.223.149:6656] AH01626: authorization result of Require all granted: granted
[Wed Aug 26 01:57:21.445859 2026] [authz_core:debug] [pid 2196206:tid 2196206] mod_authz_core.c(815): [client 34.30.223.149:6656] AH01626: authorization result of : granted
[Wed Aug 26 01:57:21.501128 2026] [ssl:debug] [pid 2196240:tid 2196240] ssl_engine_kernel.c(254): [client 216.73.216.242:37489] AH02034: Subsequent (No.33) HTTPS request received for child 18 (server 2blog.ilc.edu.tw:443)
[Wed Aug 26 01:57:21.501317 2026] [authz_core:debug] [pid 2196240:tid 2196240] mod_authz_core.c(815): [client 216.73.216.242:37489] AH01626: authorization result of Require all granted: granted
[Wed Aug 26 01:57:21.501322 2026] [authz_core:debug] [pid 2196240:tid 2196240] mod_authz_core.c(815): [client 216.73.216.242:37489] AH01626: authorization result of : granted
[Wed Aug 26 01:57:21.501450 2026] [authz_core:debug] [pid 2196240:tid 2196240] mod_authz_core.c(815): [client 216.73.216.242:37489] AH01626: authorization result of Require all granted: granted
[Wed Aug 26 01:57:21.501454 2026] [authz_core:debug] [pid 2196240:tid 2196240] mod_authz_core.c(815): [client 216.73.216.242:37489] AH01626: authorization result of : granted
[Wed Aug 26 01:57:21.537645 2026] [deflate:debug] [pid 2196245:tid 2196245] mod_deflate.c(909): [client 216.73.216.242:1577] AH01384: Zlib: Compressed 2810 to 1272 : URL /index.php
[Wed Aug 26 01:57:21.545275 2026] [deflate:debug] [pid 2196242:tid 2196242] mod_deflate.c(909): [client 216.73.216.242:5872] AH01384: Zlib: Compressed 2533 to 1160 : URL /index.php
[Wed Aug 26 01:57:21.593259 2026] [ssl:debug] [pid 2196205:tid 2196205] ssl_engine_kernel.c(254): [client 216.73.216.242:12307] AH02034: Subsequent (No.42) HTTPS request received for child 14 (server 2blog.ilc.edu.tw:443)
[Wed Aug 26 01:57:21.593485 2026] [authz_core:debug] [pid 2196205:tid 2196205] mod_authz_core.c(815): [client 216.73.216.242:12307] AH01626: authorization result of Require all granted: granted
[Wed Aug 26 01:57:21.593493 2026] [authz_core:debug] [pid 2196205:tid 2196205] mod_authz_core.c(815): [client 216.73.216.242:12307] AH01626: authorization result of : granted
[Wed Aug 26 01:57:21.593754 2026] [authz_core:debug] [pid 2196205:tid 2196205] mod_authz_core.c(815): [client 216.73.216.242:12307] AH01626: authorization result of Require all granted: granted
[Wed Aug 26 01:57:21.593762 2026] [authz_core:debug] [pid 2196205:tid 2196205] mod_authz_core.c(815): [client 216.73.216.242:12307] AH01626: authorization result of : granted
[Wed Aug 26 01:57:21.621908 2026] [deflate:debug] [pid 2196206:tid 2196206] mod_deflate.c(909): [client 34.30.223.149:6656] AH01384: Zlib: Compressed 40949 to 9802 : URL /index.php
[Wed Aug 26 01:57:21.701043 2026] [ssl:debug] [pid 2196246:tid 2196246] ssl_engine_kernel.c(254): [client 216.73.216.242:65218] AH02034: Subsequent (No.38) HTTPS request received for child 25 (server 2blog.ilc.edu.tw:443)
[Wed Aug 26 01:57:21.701234 2026] [authz_core:debug] [pid 2196246:tid 2196246] mod_authz_core.c(815): [client 216.73.216.242:65218] AH01626: authorization result of Require all granted: granted
[Wed Aug 26 01:57:21.701239 2026] [authz_core:debug] [pid 2196246:tid 2196246] mod_authz_core.c(815): [client 216.73.216.242:65218] AH01626: authorization result of : granted
[Wed Aug 26 01:57:21.701353 2026] [authz_core:debug] [pid 2196246:tid 2196246] mod_authz_core.c(815): [client 216.73.216.242:65218] AH01626: authorization result of Require all granted: granted
[Wed Aug 26 01:57:21.701356 2026] [authz_core:debug] [pid 2196246:tid 2196246] mod_authz_core.c(815): [client 216.73.216.242:65218] AH01626: authorization result of : granted
[Wed Aug 26 01:57:21.792721 2026] [ssl:debug] [pid 2196245:tid 2196245] ssl_engine_kernel.c(254): [client 216.73.216.242:1577] AH02034: Subsequent (No.24) HTTPS request received for child 24 (server 2blog.ilc.edu.tw:443)
[Wed Aug 26 01:57:21.792905 2026] [authz_core:debug] [pid 2196245:tid 2196245] mod_authz_core.c(815): [client 216.73.216.242:1577] AH01626: authorization result of Require all granted: granted
[Wed Aug 26 01:57:21.792910 2026] [authz_core:debug] [pid 2196245:tid 2196245] mod_authz_core.c(815): [client 216.73.216.242:1577] AH01626: authorization result of : granted
[Wed Aug 26 01:57:21.793050 2026] [authz_core:debug] [pid 2196245:tid 2196245] mod_authz_core.c(815): [client 216.73.216.242:1577] AH01626: authorization result of Require all granted: granted
[Wed Aug 26 01:57:21.793055 2026] [authz_core:debug] [pid 2196245:tid 2196245] mod_authz_core.c(815): [client 216.73.216.242:1577] AH01626: authorization result of : granted
[Wed Aug 26 01:57:21.842745 2026] [ssl:debug] [pid 2196244:tid 2196244] ssl_engine_io.c(1150): [client 216.73.216.242:2282] AH02001: Connection closed to child 23 with standard shutdown (server 2blog.ilc.edu.tw:443)
[Wed Aug 26 01:57:21.868055 2026] [deflate:debug] [pid 2196240:tid 2196240] mod_deflate.c(909): [client 216.73.216.242:37489] AH01384: Zlib: Compressed 2805 to 1269 : URL /index.php
[Wed Aug 26 01:57:21.873266 2026] [ssl:debug] [pid 2196242:tid 2196242] ssl_engine_kernel.c(254): [client 216.73.216.242:5872] AH02034: Subsequent (No.6) HTTPS request received for child 21 (server 2blog.ilc.edu.tw:443)
[Wed Aug 26 01:57:21.873475 2026] [authz_core:debug] [pid 2196242:tid 2196242] mod_authz_core.c(815): [client 216.73.216.242:5872] AH01626: authorization result of Require all granted: granted
[Wed Aug 26 01:57:21.873484 2026] [authz_core:debug] [pid 2196242:tid 2196242] mod_authz_core.c(815): [client 216.73.216.242:5872] AH01626: authorization result of : granted
[Wed Aug 26 01:57:21.873598 2026] [authz_core:debug] [pid 2196242:tid 2196242] mod_authz_core.c(815): [client 216.73.216.242:5872] AH01626: authorization result of Require all granted: granted
[Wed Aug 26 01:57:21.873601 2026] [authz_core:debug] [pid 2196242:tid 2196242] mod_authz_core.c(815): [client 216.73.216.242:5872] AH01626: authorization result of : granted
[Wed Aug 26 01:57:21.890073 2026] [deflate:debug] [pid 2196205:tid 2196205] mod_deflate.c(909): [client 216.73.216.242:12307] AH01384: Zlib: Compressed 2805 to 1258 : URL /index.php
[Wed Aug 26 01:57:21.975801 2026] [ssl:debug] [pid 2196243:tid 2196243] ssl_engine_kernel.c(254): [client 216.73.216.242:40951] AH02034: Subsequent (No.36) HTTPS request received for child 22 (server 2blog.ilc.edu.tw:443)
[Wed Aug 26 01:57:21.975983 2026] [authz_core:debug] [pid 2196243:tid 2196243] mod_authz_core.c(815): [client 216.73.216.242:40951] AH01626: authorization result of Require all granted: granted
[Wed Aug 26 01:57:21.975988 2026] [authz_core:debug] [pid 2196243:tid 2196243] mod_authz_core.c(815): [client 216.73.216.242:40951] AH01626: authorization result of : granted
[Wed Aug 26 01:57:21.976105 2026] [authz_core:debug] [pid 2196243:tid 2196243] mod_authz_core.c(815): [client 216.73.216.242:40951] AH01626: authorization result of Require all granted: granted
[Wed Aug 26 01:57:21.976115 2026] [authz_core:debug] [pid 2196243:tid 2196243] mod_authz_core.c(815): [client 216.73.216.242:40951] AH01626: authorization result of : granted
[Wed Aug 26 01:57:22.073305 2026] [ssl:debug] [pid 2196219:tid 2196219] ssl_engine_kernel.c(254): [client 216.73.216.242:64722] AH02034: Subsequent (No.35) HTTPS request received for child 17 (server 2blog.ilc.edu.tw:443)
[Wed Aug 26 01:57:22.073486 2026] [authz_core:debug] [pid 2196219:tid 2196219] mod_authz_core.c(815): [client 216.73.216.242:64722] AH01626: authorization result of Require all granted: granted
[Wed Aug 26 01:57:22.073492 2026] [authz_core:debug] [pid 2196219:tid 2196219] mod_authz_core.c(815): [client 216.73.216.242:64722] AH01626: authorization result of : granted
[Wed Aug 26 01:57:22.073603 2026] [authz_core:debug] [pid 2196219:tid 2196219] mod_authz_core.c(815): [client 216.73.216.242:64722] AH01626: authorization result of Require all granted: granted
[Wed Aug 26 01:57:22.073606 2026] [authz_core:debug] [pid 2196219:tid 2196219] mod_authz_core.c(815): [client 216.73.216.242:64722] AH01626: authorization result of : granted
[Wed Aug 26 01:57:22.153772 2026] [ssl:debug] [pid 2196205:tid 2196205] ssl_engine_kernel.c(254): [client 216.73.216.242:12307] AH02034: Subsequent (No.43) HTTPS request received for child 14 (server 2blog.ilc.edu.tw:443)
[Wed Aug 26 01:57:22.153968 2026] [authz_core:debug] [pid 2196205:tid 2196205] mod_authz_core.c(815): [client 216.73.216.242:12307] AH01626: authorization result of Require all granted: granted
[Wed Aug 26 01:57:22.153974 2026] [authz_core:debug] [pid 2196205:tid 2196205] mod_authz_core.c(815): [client 216.73.216.242:12307] AH01626: authorization result of : granted
[Wed Aug 26 01:57:22.154093 2026] [authz_core:debug] [pid 2196205:tid 2196205] mod_authz_core.c(815): [client 216.73.216.242:12307] AH01626: authorization result of Require all granted: granted
[Wed Aug 26 01:57:22.154097 2026] [authz_core:debug] [pid 2196205:tid 2196205] mod_authz_core.c(815): [client 216.73.216.242:12307] AH01626: authorization result of : granted
[Wed Aug 26 01:57:22.200990 2026] [deflate:debug] [pid 2196242:tid 2196242] mod_deflate.c(909): [client 216.73.216.242:5872] AH01384: Zlib: Compressed 2810 to 1275 : URL /index.php
[Wed Aug 26 01:57:22.258979 2026] [ssl:debug] [pid 2196246:tid 2196246] ssl_engine_kernel.c(254): [client 216.73.216.242:65218] AH02034: Subsequent (No.39) HTTPS request received for child 25 (server 2blog.ilc.edu.tw:443)
[Wed Aug 26 01:57:22.259170 2026] [authz_core:debug] [pid 2196246:tid 2196246] mod_authz_core.c(815): [client 216.73.216.242:65218] AH01626: authorization result of Require all granted: granted
[Wed Aug 26 01:57:22.259175 2026] [authz_core:debug] [pid 2196246:tid 2196246] mod_authz_core.c(815): [client 216.73.216.242:65218] AH01626: authorization result of : granted
[Wed Aug 26 01:57:22.259293 2026] [authz_core:debug] [pid 2196246:tid 2196246] mod_authz_core.c(815): [client 216.73.216.242:65218] AH01626: authorization result of Require all granted: granted
[Wed Aug 26 01:57:22.259296 2026] [authz_core:debug] [pid 2196246:tid 2196246] mod_authz_core.c(815): [client 216.73.216.242:65218] AH01626: authorization result of : granted
[Wed Aug 26 01:57:22.281063 2026] [ssl:debug] [pid 2196141:tid 2196141] ssl_engine_io.c(1150): [client 34.42.229.145:21504] AH02001: Connection closed to child 10 with standard shutdown (server 2blog.ilc.edu.tw:443)
[Wed Aug 26 01:57:22.350100 2026] [ssl:debug] [pid 2196245:tid 2196245] ssl_engine_kernel.c(254): [client 216.73.216.242:1577] AH02034: Subsequent (No.25) HTTPS request received for child 24 (server 2blog.ilc.edu.tw:443)
[Wed Aug 26 01:57:22.350294 2026] [authz_core:debug] [pid 2196245:tid 2196245] mod_authz_core.c(815): [client 216.73.216.242:1577] AH01626: authorization result of Require all granted: granted
[Wed Aug 26 01:57:22.350299 2026] [authz_core:debug] [pid 2196245:tid 2196245] mod_authz_core.c(815): [client 216.73.216.242:1577] AH01626: authorization result of : granted
[Wed Aug 26 01:57:22.350424 2026] [authz_core:debug] [pid 2196245:tid 2196245] mod_authz_core.c(815): [client 216.73.216.242:1577] AH01626: authorization result of Require all granted: granted
[Wed Aug 26 01:57:22.350428 2026] [authz_core:debug] [pid 2196245:tid 2196245] mod_authz_core.c(815): [client 216.73.216.242:1577] AH01626: authorization result of : granted
[Wed Aug 26 01:57:22.430016 2026] [ssl:debug] [pid 2196242:tid 2196242] ssl_engine_kernel.c(254): [client 216.73.216.242:5872] AH02034: Subsequent (No.7) HTTPS request received for child 21 (server 2blog.ilc.edu.tw:443)
[Wed Aug 26 01:57:22.430197 2026] [authz_core:debug] [pid 2196242:tid 2196242] mod_authz_core.c(815): [client 216.73.216.242:5872] AH01626: authorization result of Require all granted: granted
[Wed Aug 26 01:57:22.430203 2026] [authz_core:debug] [pid 2196242:tid 2196242] mod_authz_core.c(815): [client 216.73.216.242:5872] AH01626: authorization result of : granted
[Wed Aug 26 01:57:22.430317 2026] [authz_core:debug] [pid 2196242:tid 2196242] mod_authz_core.c(815): [client 216.73.216.242:5872] AH01626: authorization result of Require all granted: granted
[Wed Aug 26 01:57:22.430320 2026] [authz_core:debug] [pid 2196242:tid 2196242] mod_authz_core.c(815): [client 216.73.216.242:5872] AH01626: authorization result of : granted
[Wed Aug 26 01:57:22.441101 2026] [ssl:debug] [pid 2196260:tid 2196260] ssl_engine_io.c(1150): [client 216.73.216.242:48969] AH02001: Connection closed to child 37 with standard shutdown (server 2blog.ilc.edu.tw:443)
[Wed Aug 26 01:57:22.532476 2026] [ssl:debug] [pid 2196243:tid 2196243] ssl_engine_kernel.c(254): [client 216.73.216.242:40951] AH02034: Subsequent (No.37) HTTPS request received for child 22 (server 2blog.ilc.edu.tw:443)
[Wed Aug 26 01:57:22.532671 2026] [authz_core:debug] [pid 2196243:tid 2196243] mod_authz_core.c(815): [client 216.73.216.242:40951] AH01626: authorization result of Require all granted: granted
[Wed Aug 26 01:57:22.532678 2026] [authz_core:debug] [pid 2196243:tid 2196243] mod_authz_core.c(815): [client 216.73.216.242:40951] AH01626: authorization result of : granted
[Wed Aug 26 01:57:22.532799 2026] [authz_core:debug] [pid 2196243:tid 2196243] mod_authz_core.c(815): [client 216.73.216.242:40951] AH01626: authorization result of Require all granted: granted
[Wed Aug 26 01:57:22.532803 2026] [authz_core:debug] [pid 2196243:tid 2196243] mod_authz_core.c(815): [client 216.73.216.242:40951] AH01626: authorization result of : granted
[Wed Aug 26 01:57:22.566655 2026] [deflate:debug] [pid 2196250:tid 2196250] mod_deflate.c(909): [client 34.30.223.149:30208] AH01384: Zlib: Compressed 2767 to 1201 : URL /index.php
[Wed Aug 26 01:57:22.622684 2026] [ssl:debug] [pid 2196219:tid 2196219] ssl_engine_kernel.c(254): [client 216.73.216.242:64722] AH02034: Subsequent (No.36) HTTPS request received for child 17 (server 2blog.ilc.edu.tw:443)
[Wed Aug 26 01:57:22.622876 2026] [authz_core:debug] [pid 2196219:tid 2196219] mod_authz_core.c(815): [client 216.73.216.242:64722] AH01626: authorization result of Require all granted: granted
[Wed Aug 26 01:57:22.622882 2026] [authz_core:debug] [pid 2196219:tid 2196219] mod_authz_core.c(815): [client 216.73.216.242:64722] AH01626: authorization result of : granted
[Wed Aug 26 01:57:22.623004 2026] [authz_core:debug] [pid 2196219:tid 2196219] mod_authz_core.c(815): [client 216.73.216.242:64722] AH01626: authorization result of Require all granted: granted
[Wed Aug 26 01:57:22.623008 2026] [authz_core:debug] [pid 2196219:tid 2196219] mod_authz_core.c(815): [client 216.73.216.242:64722] AH01626: authorization result of : granted
[Wed Aug 26 01:57:22.688414 2026] [deflate:debug] [pid 2196245:tid 2196245] mod_deflate.c(909): [client 216.73.216.242:1577] AH01384: Zlib: Compressed 2801 to 1267 : URL /index.php
[Wed Aug 26 01:57:22.710585 2026] [ssl:debug] [pid 2196240:tid 2196240] ssl_engine_kernel.c(254): [client 216.73.216.242:37489] AH02034: Subsequent (No.34) HTTPS request received for child 18 (server 2blog.ilc.edu.tw:443)
[Wed Aug 26 01:57:22.710813 2026] [authz_core:debug] [pid 2196240:tid 2196240] mod_authz_core.c(815): [client 216.73.216.242:37489] AH01626: authorization result of Require all granted: granted
[Wed Aug 26 01:57:22.710821 2026] [authz_core:debug] [pid 2196240:tid 2196240] mod_authz_core.c(815): [client 216.73.216.242:37489] AH01626: authorization result of : granted
[Wed Aug 26 01:57:22.710981 2026] [authz_core:debug] [pid 2196240:tid 2196240] mod_authz_core.c(815): [client 216.73.216.242:37489] AH01626: authorization result of Require all granted: granted
[Wed Aug 26 01:57:22.710988 2026] [authz_core:debug] [pid 2196240:tid 2196240] mod_authz_core.c(815): [client 216.73.216.242:37489] AH01626: authorization result of : granted
[Wed Aug 26 01:57:22.811830 2026] [ssl:debug] [pid 2196246:tid 2196246] ssl_engine_kernel.c(254): [client 216.73.216.242:65218] AH02034: Subsequent (No.40) HTTPS request received for child 25 (server 2blog.ilc.edu.tw:443)
[Wed Aug 26 01:57:22.812002 2026] [authz_core:debug] [pid 2196246:tid 2196246] mod_authz_core.c(815): [client 216.73.216.242:65218] AH01626: authorization result of Require all granted: granted
[Wed Aug 26 01:57:22.812009 2026] [authz_core:debug] [pid 2196246:tid 2196246] mod_authz_core.c(815): [client 216.73.216.242:65218] AH01626: authorization result of : granted
[Wed Aug 26 01:57:22.812182 2026] [authz_core:debug] [pid 2196246:tid 2196246] mod_authz_core.c(815): [client 216.73.216.242:65218] AH01626: authorization result of Require all granted: granted
[Wed Aug 26 01:57:22.812189 2026] [authz_core:debug] [pid 2196246:tid 2196246] mod_authz_core.c(815): [client 216.73.216.242:65218] AH01626: authorization result of : granted
[Wed Aug 26 01:57:22.892795 2026] [ssl:debug] [pid 2196205:tid 2196205] ssl_engine_kernel.c(254): [client 216.73.216.242:12307] AH02034: Subsequent (No.44) HTTPS request received for child 14 (server 2blog.ilc.edu.tw:443)
[Wed Aug 26 01:57:22.893048 2026] [authz_core:debug] [pid 2196205:tid 2196205] mod_authz_core.c(815): [client 216.73.216.242:12307] AH01626: authorization result of Require all granted: granted
[Wed Aug 26 01:57:22.893056 2026] [authz_core:debug] [pid 2196205:tid 2196205] mod_authz_core.c(815): [client 216.73.216.242:12307] AH01626: authorization result of : granted
[Wed Aug 26 01:57:22.893212 2026] [authz_core:debug] [pid 2196205:tid 2196205] mod_authz_core.c(815): [client 216.73.216.242:12307] AH01626: authorization result of Require all granted: granted
[Wed Aug 26 01:57:22.893217 2026] [authz_core:debug] [pid 2196205:tid 2196205] mod_authz_core.c(815): [client 216.73.216.242:12307] AH01626: authorization result of : granted
[Wed Aug 26 01:57:22.984432 2026] [ssl:debug] [pid 2196242:tid 2196242] ssl_engine_kernel.c(254): [client 216.73.216.242:5872] AH02034: Subsequent (No.8) HTTPS request received for child 21 (server 2blog.ilc.edu.tw:443)
[Wed Aug 26 01:57:22.984616 2026] [authz_core:debug] [pid 2196242:tid 2196242] mod_authz_core.c(815): [client 216.73.216.242:5872] AH01626: authorization result of Require all granted: granted
[Wed Aug 26 01:57:22.984621 2026] [authz_core:debug] [pid 2196242:tid 2196242] mod_authz_core.c(815): [client 216.73.216.242:5872] AH01626: authorization result of : granted
[Wed Aug 26 01:57:22.984753 2026] [authz_core:debug] [pid 2196242:tid 2196242] mod_authz_core.c(815): [client 216.73.216.242:5872] AH01626: authorization result of Require all granted: granted
[Wed Aug 26 01:57:22.984757 2026] [authz_core:debug] [pid 2196242:tid 2196242] mod_authz_core.c(815): [client 216.73.216.242:5872] AH01626: authorization result of : granted
[Wed Aug 26 01:57:23.086881 2026] [ssl:debug] [pid 2196243:tid 2196243] ssl_engine_kernel.c(254): [client 216.73.216.242:40951] AH02034: Subsequent (No.38) HTTPS request received for child 22 (server 2blog.ilc.edu.tw:443)
[Wed Aug 26 01:57:23.087072 2026] [authz_core:debug] [pid 2196243:tid 2196243] mod_authz_core.c(815): [client 216.73.216.242:40951] AH01626: authorization result of Require all granted: granted
[Wed Aug 26 01:57:23.087083 2026] [authz_core:debug] [pid 2196243:tid 2196243] mod_authz_core.c(815): [client 216.73.216.242:40951] AH01626: authorization result of : granted
[Wed Aug 26 01:57:23.087211 2026] [authz_core:debug] [pid 2196243:tid 2196243] mod_authz_core.c(815): [client 216.73.216.242:40951] AH01626: authorization result of Require all granted: granted
[Wed Aug 26 01:57:23.087215 2026] [authz_core:debug] [pid 2196243:tid 2196243] mod_authz_core.c(815): [client 216.73.216.242:40951] AH01626: authorization result of : granted
[Wed Aug 26 01:57:23.096417 2026] [headers:debug] [pid 2196227:tid 2196227] mod_headers.c(900): AH01503: headers: ap_headers_error_filter()
[Wed Aug 26 01:57:23.120802 2026] [ssl:info] [pid 2196259:tid 2196259] [client 2001:288:a201::66:125:48491] AH01964: Connection to child 36 established (server 2blog.ilc.edu.tw:443)
[Wed Aug 26 01:57:23.120941 2026] [ssl:debug] [pid 2196259:tid 2196259] ssl_engine_kernel.c(2252): [client 2001:288:a201::66:125:48491] AH02645: Server name not provided via TLS extension (using default/first virtual host)
[Wed Aug 26 01:57:23.120965 2026] [socache_shmcb:debug] [pid 2196259:tid 2196259] mod_socache_shmcb.c(545): AH00835: socache_shmcb_retrieve (0x7e -> subcache 30)
[Wed Aug 26 01:57:23.120976 2026] [socache_shmcb:debug] [pid 2196259:tid 2196259] mod_socache_shmcb.c(896): AH00849: match at idx=87, data=9547
[Wed Aug 26 01:57:23.120978 2026] [socache_shmcb:debug] [pid 2196259:tid 2196259] mod_socache_shmcb.c(556): AH00836: leaving socache_shmcb_retrieve successfully
[Wed Aug 26 01:57:23.121688 2026] [ssl:debug] [pid 2196259:tid 2196259] ssl_engine_kernel.c(2082): [client 2001:288:a201::66:125:48491] AH02041: Protocol: TLSv1.2, Cipher: ECDHE-RSA-AES256-GCM-SHA384 (256/256 bits)
[Wed Aug 26 01:57:23.121988 2026] [ssl:debug] [pid 2196259:tid 2196259] ssl_engine_kernel.c(254): [client 2001:288:a201::66:125:48491] AH02034: Initial (No.1) HTTPS request received for child 36 (server 2blog.ilc.edu.tw:443)
[Wed Aug 26 01:57:23.122135 2026] [authz_core:debug] [pid 2196259:tid 2196259] mod_authz_core.c(815): [client 2001:288:a201::66:125:48491] AH01626: authorization result of Require all granted: granted
[Wed Aug 26 01:57:23.122139 2026] [authz_core:debug] [pid 2196259:tid 2196259] mod_authz_core.c(815): [client 2001:288:a201::66:125:48491] AH01626: authorization result of : granted
[Wed Aug 26 01:57:23.122252 2026] [authz_core:debug] [pid 2196259:tid 2196259] mod_authz_core.c(815): [client 2001:288:a201::66:125:48491] AH01626: authorization result of Require all granted: granted
[Wed Aug 26 01:57:23.122258 2026] [authz_core:debug] [pid 2196259:tid 2196259] mod_authz_core.c(815): [client 2001:288:a201::66:125:48491] AH01626: authorization result of : granted
[Wed Aug 26 01:57:23.122271 2026] [php7:error] [pid 2196259:tid 2196259] [client 2001:288:a201::66:125:48491] script '/var/www/html/2blog/active.php' not found or unable to stat
[Wed Aug 26 01:57:23.122281 2026] [headers:debug] [pid 2196259:tid 2196259] mod_headers.c(900): AH01503: headers: ap_headers_error_filter()
[Wed Aug 26 01:57:23.122389 2026] [ssl:debug] [pid 2196259:tid 2196259] ssl_engine_io.c(1150): [client 2001:288:a201::66:125:48491] AH02001: Connection closed to child 36 with standard shutdown (server 2blog.ilc.edu.tw:443)
[Wed Aug 26 01:57:23.178626 2026] [ssl:debug] [pid 2196219:tid 2196219] ssl_engine_kernel.c(254): [client 216.73.216.242:64722] AH02034: Subsequent (No.37) HTTPS request received for child 17 (server 2blog.ilc.edu.tw:443)
[Wed Aug 26 01:57:23.178886 2026] [authz_core:debug] [pid 2196219:tid 2196219] mod_authz_core.c(815): [client 216.73.216.242:64722] AH01626: authorization result of Require all granted: granted
[Wed Aug 26 01:57:23.178894 2026] [authz_core:debug] [pid 2196219:tid 2196219] mod_authz_core.c(815): [client 216.73.216.242:64722] AH01626: authorization result of : granted
[Wed Aug 26 01:57:23.179065 2026] [authz_core:debug] [pid 2196219:tid 2196219] mod_authz_core.c(815): [client 216.73.216.242:64722] AH01626: authorization result of Require all granted: granted
[Wed Aug 26 01:57:23.179083 2026] [authz_core:debug] [pid 2196219:tid 2196219] mod_authz_core.c(815): [client 216.73.216.242:64722] AH01626: authorization result of : granted
[Wed Aug 26 01:57:23.260746 2026] [ssl:debug] [pid 2196240:tid 2196240] ssl_engine_kernel.c(254): [client 216.73.216.242:37489] AH02034: Subsequent (No.35) HTTPS request received for child 18 (server 2blog.ilc.edu.tw:443)
[Wed Aug 26 01:57:23.261014 2026] [authz_core:debug] [pid 2196240:tid 2196240] mod_authz_core.c(815): [client 216.73.216.242:37489] AH01626: authorization result of Require all granted: granted
[Wed Aug 26 01:57:23.261022 2026] [authz_core:debug] [pid 2196240:tid 2196240] mod_authz_core.c(815): [client 216.73.216.242:37489] AH01626: authorization result of : granted
[Wed Aug 26 01:57:23.261190 2026] [authz_core:debug] [pid 2196240:tid 2196240] mod_authz_core.c(815): [client 216.73.216.242:37489] AH01626: authorization result of Require all granted: granted
[Wed Aug 26 01:57:23.261197 2026] [authz_core:debug] [pid 2196240:tid 2196240] mod_authz_core.c(815): [client 216.73.216.242:37489] AH01626: authorization result of : granted
[Wed Aug 26 01:57:23.362330 2026] [ssl:debug] [pid 2196246:tid 2196246] ssl_engine_kernel.c(254): [client 216.73.216.242:65218] AH02034: Subsequent (No.41) HTTPS request received for child 25 (server 2blog.ilc.edu.tw:443)
[Wed Aug 26 01:57:23.362550 2026] [authz_core:debug] [pid 2196246:tid 2196246] mod_authz_core.c(815): [client 216.73.216.242:65218] AH01626: authorization result of Require all granted: granted
[Wed Aug 26 01:57:23.362557 2026] [authz_core:debug] [pid 2196246:tid 2196246] mod_authz_core.c(815): [client 216.73.216.242:65218] AH01626: authorization result of : granted
[Wed Aug 26 01:57:23.362696 2026] [authz_core:debug] [pid 2196246:tid 2196246] mod_authz_core.c(815): [client 216.73.216.242:65218] AH01626: authorization result of Require all granted: granted
[Wed Aug 26 01:57:23.362702 2026] [authz_core:debug] [pid 2196246:tid 2196246] mod_authz_core.c(815): [client 216.73.216.242:65218] AH01626: authorization result of : granted
[Wed Aug 26 01:57:23.619622 2026] [deflate:debug] [pid 2196246:tid 2196246] mod_deflate.c(909): [client 216.73.216.242:65218] AH01384: Zlib: Compressed 2801 to 1266 : URL /index.php
[Wed Aug 26 01:57:23.676062 2026] [ssl:debug] [pid 2196243:tid 2196243] ssl_engine_kernel.c(254): [client 216.73.216.242:40951] AH02034: Subsequent (No.39) HTTPS request received for child 22 (server 2blog.ilc.edu.tw:443)
[Wed Aug 26 01:57:23.676253 2026] [authz_core:debug] [pid 2196243:tid 2196243] mod_authz_core.c(815): [client 216.73.216.242:40951] AH01626: authorization result of Require all granted: granted
[Wed Aug 26 01:57:23.676258 2026] [authz_core:debug] [pid 2196243:tid 2196243] mod_authz_core.c(815): [client 216.73.216.242:40951] AH01626: authorization result of : granted
[Wed Aug 26 01:57:23.676379 2026] [authz_core:debug] [pid 2196243:tid 2196243] mod_authz_core.c(815): [client 216.73.216.242:40951] AH01626: authorization result of Require all granted: granted
[Wed Aug 26 01:57:23.676382 2026] [authz_core:debug] [pid 2196243:tid 2196243] mod_authz_core.c(815): [client 216.73.216.242:40951] AH01626: authorization result of : granted
[Wed Aug 26 01:57:23.767379 2026] [ssl:debug] [pid 2196240:tid 2196240] ssl_engine_kernel.c(254): [client 216.73.216.242:37489] AH02034: Subsequent (No.36) HTTPS request received for child 18 (server 2blog.ilc.edu.tw:443)
[Wed Aug 26 01:57:23.767581 2026] [authz_core:debug] [pid 2196240:tid 2196240] mod_authz_core.c(815): [client 216.73.216.242:37489] AH01626: authorization result of Require all granted: granted
[Wed Aug 26 01:57:23.767587 2026] [authz_core:debug] [pid 2196240:tid 2196240] mod_authz_core.c(815): [client 216.73.216.242:37489] AH01626: authorization result of : granted
[Wed Aug 26 01:57:23.767734 2026] [authz_core:debug] [pid 2196240:tid 2196240] mod_authz_core.c(815): [client 216.73.216.242:37489] AH01626: authorization result of Require all granted: granted
[Wed Aug 26 01:57:23.767739 2026] [authz_core:debug] [pid 2196240:tid 2196240] mod_authz_core.c(815): [client 216.73.216.242:37489] AH01626: authorization result of : granted
[Wed Aug 26 01:57:23.868808 2026] [ssl:debug] [pid 2196246:tid 2196246] ssl_engine_kernel.c(254): [client 216.73.216.242:65218] AH02034: Subsequent (No.42) HTTPS request received for child 25 (server 2blog.ilc.edu.tw:443)
[Wed Aug 26 01:57:23.869016 2026] [authz_core:debug] [pid 2196246:tid 2196246] mod_authz_core.c(815): [client 216.73.216.242:65218] AH01626: authorization result of Require all granted: granted
[Wed Aug 26 01:57:23.869021 2026] [authz_core:debug] [pid 2196246:tid 2196246] mod_authz_core.c(815): [client 216.73.216.242:65218] AH01626: authorization result of : granted
[Wed Aug 26 01:57:23.869140 2026] [authz_core:debug] [pid 2196246:tid 2196246] mod_authz_core.c(815): [client 216.73.216.242:65218] AH01626: authorization result of Require all granted: granted
[Wed Aug 26 01:57:23.869144 2026] [authz_core:debug] [pid 2196246:tid 2196246] mod_authz_core.c(815): [client 216.73.216.242:65218] AH01626: authorization result of : granted
[Wed Aug 26 01:57:23.893080 2026] [ssl:debug] [pid 2196247:tid 2196247] ssl_engine_io.c(1150): [client 34.30.223.149:26112] AH02001: Connection closed to child 26 with standard shutdown (server 2blog.ilc.edu.tw:443)
[Wed Aug 26 01:57:23.960368 2026] [ssl:debug] [pid 2196219:tid 2196219] ssl_engine_kernel.c(254): [client 216.73.216.242:64722] AH02034: Subsequent (No.38) HTTPS request received for child 17 (server 2blog.ilc.edu.tw:443)
[Wed Aug 26 01:57:23.960552 2026] [authz_core:debug] [pid 2196219:tid 2196219] mod_authz_core.c(815): [client 216.73.216.242:64722] AH01626: authorization result of Require all granted: granted
[Wed Aug 26 01:57:23.960558 2026] [authz_core:debug] [pid 2196219:tid 2196219] mod_authz_core.c(815): [client 216.73.216.242:64722] AH01626: authorization result of : granted
[Wed Aug 26 01:57:23.960679 2026] [authz_core:debug] [pid 2196219:tid 2196219] mod_authz_core.c(815): [client 216.73.216.242:64722] AH01626: authorization result of Require all granted: granted
[Wed Aug 26 01:57:23.960684 2026] [authz_core:debug] [pid 2196219:tid 2196219] mod_authz_core.c(815): [client 216.73.216.242:64722] AH01626: authorization result of : granted
[Wed Aug 26 01:57:24.000492 2026] [deflate:debug] [pid 2196246:tid 2196246] mod_deflate.c(909): [client 216.73.216.242:65218] AH01384: Zlib: Compressed 32604 to 8598 : URL /index.php
[Wed Aug 26 01:57:24.014431 2026] [ssl:info] [pid 2191547:tid 2191547] [client 31.25.194.6:40799] AH01964: Connection to child 3 established (server 2blog.ilc.edu.tw:443)
[Wed Aug 26 01:57:24.014674 2026] [ssl:debug] [pid 2191547:tid 2191547] ssl_engine_kernel.c(2222): [client 31.25.194.6:40799] AH02043: SSL virtual host for servername www.bhoes.ilc.edu.tw found
[Wed Aug 26 01:57:24.014758 2026] [core:debug] [pid 2191547:tid 2191547] protocol.c(2460): [client 31.25.194.6:40799] AH03155: select protocol from , choices=h2,http/1.1 for server www.bhoes.ilc.edu.tw
[Wed Aug 26 01:57:24.014818 2026] [ssl:debug] [pid 2191547:tid 2191547] ssl_util_stapling.c(819): AH01951: stapling_cb: OCSP Stapling callback called
[Wed Aug 26 01:57:24.014827 2026] [ssl:info] [pid 2191547:tid 2191547] AH01926: stapling_get_certinfo: stapling not supported for certificate
[Wed Aug 26 01:57:24.015354 2026] [ssl:info] [pid 2196269:tid 2196269] [client 45.13.93.247:39255] AH01964: Connection to child 6 established (server 2blog.ilc.edu.tw:443)
[Wed Aug 26 01:57:24.015545 2026] [ssl:debug] [pid 2196269:tid 2196269] ssl_engine_kernel.c(2222): [client 45.13.93.247:39255] AH02043: SSL virtual host for servername www.bhoes.ilc.edu.tw found
[Wed Aug 26 01:57:24.015646 2026] [core:debug] [pid 2196269:tid 2196269] protocol.c(2460): [client 45.13.93.247:39255] AH03155: select protocol from , choices=h2,http/1.1 for server www.bhoes.ilc.edu.tw
[Wed Aug 26 01:57:24.015725 2026] [ssl:debug] [pid 2196269:tid 2196269] ssl_util_stapling.c(819): AH01951: stapling_cb: OCSP Stapling callback called
[Wed Aug 26 01:57:24.015735 2026] [ssl:info] [pid 2196269:tid 2196269] AH01926: stapling_get_certinfo: stapling not supported for certificate
[Wed Aug 26 01:57:24.042239 2026] [ssl:debug] [pid 2196242:tid 2196242] ssl_engine_kernel.c(254): [client 216.73.216.242:5872] AH02034: Subsequent (No.9) HTTPS request received for child 21 (server 2blog.ilc.edu.tw:443)
[Wed Aug 26 01:57:24.042463 2026] [authz_core:debug] [pid 2196242:tid 2196242] mod_authz_core.c(815): [client 216.73.216.242:5872] AH01626: authorization result of Require all granted: granted
[Wed Aug 26 01:57:24.042472 2026] [authz_core:debug] [pid 2196242:tid 2196242] mod_authz_core.c(815): [client 216.73.216.242:5872] AH01626: authorization result of : granted
[Wed Aug 26 01:57:24.042651 2026] [authz_core:debug] [pid 2196242:tid 2196242] mod_authz_core.c(815): [client 216.73.216.242:5872] AH01626: authorization result of Require all granted: granted
[Wed Aug 26 01:57:24.042659 2026] [authz_core:debug] [pid 2196242:tid 2196242] mod_authz_core.c(815): [client 216.73.216.242:5872] AH01626: authorization result of : granted
[Wed Aug 26 01:57:24.193696 2026] [ssl:debug] [pid 2196205:tid 2196205] ssl_engine_kernel.c(254): [client 216.73.216.242:12307] AH02034: Subsequent (No.45) HTTPS request received for child 14 (server 2blog.ilc.edu.tw:443)
[Wed Aug 26 01:57:24.193946 2026] [authz_core:debug] [pid 2196205:tid 2196205] mod_authz_core.c(815): [client 216.73.216.242:12307] AH01626: authorization result of Require all granted: granted
[Wed Aug 26 01:57:24.193955 2026] [authz_core:debug] [pid 2196205:tid 2196205] mod_authz_core.c(815): [client 216.73.216.242:12307] AH01626: authorization result of : granted
[Wed Aug 26 01:57:24.194124 2026] [authz_core:debug] [pid 2196205:tid 2196205] mod_authz_core.c(815): [client 216.73.216.242:12307] AH01626: authorization result of Require all granted: granted
[Wed Aug 26 01:57:24.194133 2026] [authz_core:debug] [pid 2196205:tid 2196205] mod_authz_core.c(815): [client 216.73.216.242:12307] AH01626: authorization result of : granted
[Wed Aug 26 01:57:24.234679 2026] [ssl:debug] [pid 2196243:tid 2196243] ssl_engine_kernel.c(254): [client 216.73.216.242:40951] AH02034: Subsequent (No.40) HTTPS request received for child 22 (server 2blog.ilc.edu.tw:443)
[Wed Aug 26 01:57:24.234861 2026] [authz_core:debug] [pid 2196243:tid 2196243] mod_authz_core.c(815): [client 216.73.216.242:40951] AH01626: authorization result of Require all granted: granted
[Wed Aug 26 01:57:24.234866 2026] [authz_core:debug] [pid 2196243:tid 2196243] mod_authz_core.c(815): [client 216.73.216.242:40951] AH01626: authorization result of : granted
[Wed Aug 26 01:57:24.234978 2026] [authz_core:debug] [pid 2196243:tid 2196243] mod_authz_core.c(815): [client 216.73.216.242:40951] AH01626: authorization result of Require all granted: granted
[Wed Aug 26 01:57:24.234981 2026] [authz_core:debug] [pid 2196243:tid 2196243] mod_authz_core.c(815): [client 216.73.216.242:40951] AH01626: authorization result of : granted
[Wed Aug 26 01:57:24.246674 2026] [ssl:debug] [pid 2191547:tid 2191547] ssl_engine_kernel.c(2082): [client 31.25.194.6:40799] AH02041: Protocol: TLSv1.3, Cipher: TLS_AES_256_GCM_SHA384 (256/256 bits)
[Wed Aug 26 01:57:24.246727 2026] [socache_shmcb:debug] [pid 2191547:tid 2191547] mod_socache_shmcb.c(508): AH00831: socache_shmcb_store (0x5e -> subcache 30)
[Wed Aug 26 01:57:24.246733 2026] [socache_shmcb:debug] [pid 2191547:tid 2191547] mod_socache_shmcb.c(860): AH00847: insert happened at idx=19, data=(90:122)
[Wed Aug 26 01:57:24.246735 2026] [socache_shmcb:debug] [pid 2191547:tid 2191547] mod_socache_shmcb.c(863): AH00848: finished insert, subcache: idx_pos/idx_used=69/39, data_pos/data_used=5541/8642
[Wed Aug 26 01:57:24.246737 2026] [socache_shmcb:debug] [pid 2191547:tid 2191547] mod_socache_shmcb.c(530): AH00834: leaving socache_shmcb_store successfully
[Wed Aug 26 01:57:24.246805 2026] [socache_shmcb:debug] [pid 2191547:tid 2191547] mod_socache_shmcb.c(508): AH00831: socache_shmcb_store (0x89 -> subcache 9)
[Wed Aug 26 01:57:24.246809 2026] [socache_shmcb:debug] [pid 2191547:tid 2191547] mod_socache_shmcb.c(860): AH00847: insert happened at idx=66, data=(4711:4743)
[Wed Aug 26 01:57:24.246811 2026] [socache_shmcb:debug] [pid 2191547:tid 2191547] mod_socache_shmcb.c(863): AH00848: finished insert, subcache: idx_pos/idx_used=36/31, data_pos/data_used=11903/6902
[Wed Aug 26 01:57:24.246813 2026] [socache_shmcb:debug] [pid 2191547:tid 2191547] mod_socache_shmcb.c(530): AH00834: leaving socache_shmcb_store successfully
[Wed Aug 26 01:57:24.267304 2026] [ssl:debug] [pid 2191547:tid 2191547] ssl_engine_kernel.c(254): [client 31.25.194.6:40799] AH02034: Initial (No.1) HTTPS request received for child 3 (server www.bhoes.ilc.edu.tw:443), referer: https://www.bhoes.ilc.edu.tw/2021/06/07/109-08-31%E9%87%91%E8%BB%8A%E6%96%87%E6%95%99%E5%9F%BA%E9%87%91%E6%9C%83%E5%A4%8F%E6%97%A5%E9%9F%B3%E6%A8%82%E6%9C%83/
[Wed Aug 26 01:57:24.270535 2026] [authz_core:debug] [pid 2191547:tid 2191547] mod_authz_core.c(815): [client 31.25.194.6:40799] AH01626: authorization result of Require all granted: granted, referer: https://www.bhoes.ilc.edu.tw/2021/06/07/109-08-31%E9%87%91%E8%BB%8A%E6%96%87%E6%95%99%E5%9F%BA%E9%87%91%E6%9C%83%E5%A4%8F%E6%97%A5%E9%9F%B3%E6%A8%82%E6%9C%83/
[Wed Aug 26 01:57:24.270552 2026] [authz_core:debug] [pid 2191547:tid 2191547] mod_authz_core.c(815): [client 31.25.194.6:40799] AH01626: authorization result of : granted, referer: https://www.bhoes.ilc.edu.tw/2021/06/07/109-08-31%E9%87%91%E8%BB%8A%E6%96%87%E6%95%99%E5%9F%BA%E9%87%91%E6%9C%83%E5%A4%8F%E6%97%A5%E9%9F%B3%E6%A8%82%E6%9C%83/
[Wed Aug 26 01:57:24.281105 2026] [ssl:debug] [pid 2196252:tid 2196252] ssl_engine_io.c(1150): [client 34.61.96.6:40450] AH02001: Connection closed to child 31 with standard shutdown (server 2blog.ilc.edu.tw:443)
[Wed Aug 26 01:57:24.302544 2026] [ssl:debug] [pid 2196269:tid 2196269] ssl_engine_kernel.c(2082): [client 45.13.93.247:39255] AH02041: Protocol: TLSv1.3, Cipher: TLS_AES_256_GCM_SHA384 (256/256 bits)
[Wed Aug 26 01:57:24.302597 2026] [socache_shmcb:debug] [pid 2196269:tid 2196269] mod_socache_shmcb.c(508): AH00831: socache_shmcb_store (0x3d -> subcache 29)
[Wed Aug 26 01:57:24.302603 2026] [socache_shmcb:debug] [pid 2196269:tid 2196269] mod_socache_shmcb.c(860): AH00847: insert happened at idx=54, data=(2183:2215)
[Wed Aug 26 01:57:24.302605 2026] [socache_shmcb:debug] [pid 2196269:tid 2196269] mod_socache_shmcb.c(863): AH00848: finished insert, subcache: idx_pos/idx_used=25/30, data_pos/data_used=9569/6707
[Wed Aug 26 01:57:24.302607 2026] [socache_shmcb:debug] [pid 2196269:tid 2196269] mod_socache_shmcb.c(530): AH00834: leaving socache_shmcb_store successfully
[Wed Aug 26 01:57:24.302673 2026] [socache_shmcb:debug] [pid 2196269:tid 2196269] mod_socache_shmcb.c(508): AH00831: socache_shmcb_store (0x6f -> subcache 15)
[Wed Aug 26 01:57:24.302690 2026] [socache_shmcb:debug] [pid 2196269:tid 2196269] mod_socache_shmcb.c(745): AH00842: expiring 2 and reclaiming 0 removed socache entries
[Wed Aug 26 01:57:24.302692 2026] [socache_shmcb:debug] [pid 2196269:tid 2196269] mod_socache_shmcb.c(765): AH00843: we now have 32 socache entries
[Wed Aug 26 01:57:24.302694 2026] [socache_shmcb:debug] [pid 2196269:tid 2196269] mod_socache_shmcb.c(860): AH00847: insert happened at idx=33, data=(11511:11543)
[Wed Aug 26 01:57:24.302696 2026] [socache_shmcb:debug] [pid 2196269:tid 2196269] mod_socache_shmcb.c(863): AH00848: finished insert, subcache: idx_pos/idx_used=1/33, data_pos/data_used=4425/7315
[Wed Aug 26 01:57:24.302697 2026] [socache_shmcb:debug] [pid 2196269:tid 2196269] mod_socache_shmcb.c(530): AH00834: leaving socache_shmcb_store successfully
[Wed Aug 26 01:57:24.314534 2026] [ssl:debug] [pid 2196269:tid 2196269] ssl_engine_kernel.c(254): [client 45.13.93.247:39255] AH02034: Initial (No.1) HTTPS request received for child 6 (server www.bhoes.ilc.edu.tw:443), referer: https://www.bhoes.ilc.edu.tw/2021/06/07/109-08-31%E9%87%91%E8%BB%8A%E6%96%87%E6%95%99%E5%9F%BA%E9%87%91%E6%9C%83%E5%A4%8F%E6%97%A5%E9%9F%B3%E6%A8%82%E6%9C%83/
[Wed Aug 26 01:57:24.315604 2026] [ssl:debug] [pid 2196240:tid 2196240] ssl_engine_kernel.c(254): [client 216.73.216.242:37489] AH02034: Subsequent (No.37) HTTPS request received for child 18 (server 2blog.ilc.edu.tw:443)
[Wed Aug 26 01:57:24.315786 2026] [authz_core:debug] [pid 2196240:tid 2196240] mod_authz_core.c(815): [client 216.73.216.242:37489] AH01626: authorization result of Require all granted: granted
[Wed Aug 26 01:57:24.315791 2026] [authz_core:debug] [pid 2196240:tid 2196240] mod_authz_core.c(815): [client 216.73.216.242:37489] AH01626: authorization result of : granted
