[Wed Aug 26 01:57:30.984912 2026] [ssl:debug] [pid 2196219:tid 2196219] ssl_engine_kernel.c(254): [client 216.73.216.242:64722] AH02034: Subsequent (No.45) HTTPS request received for child 17 (server 2blog.ilc.edu.tw:443)
[Wed Aug 26 01:57:30.985153 2026] [authz_core:debug] [pid 2196219:tid 2196219] mod_authz_core.c(815): [client 216.73.216.242:64722] AH01626: authorization result of Require all granted: granted
[Wed Aug 26 01:57:30.985161 2026] [authz_core:debug] [pid 2196219:tid 2196219] mod_authz_core.c(815): [client 216.73.216.242:64722] AH01626: authorization result of : granted
[Wed Aug 26 01:57:30.985291 2026] [authz_core:debug] [pid 2196219:tid 2196219] mod_authz_core.c(815): [client 216.73.216.242:64722] AH01626: authorization result of Require all granted: granted
[Wed Aug 26 01:57:30.985295 2026] [authz_core:debug] [pid 2196219:tid 2196219] mod_authz_core.c(815): [client 216.73.216.242:64722] AH01626: authorization result of : granted
[Wed Aug 26 01:57:31.013210 2026] [deflate:debug] [pid 2196242:tid 2196242] mod_deflate.c(909): [client 216.73.216.242:5872] AH01384: Zlib: Compressed 2852 to 1286 : URL /index.php
[Wed Aug 26 01:57:31.032296 2026] [ssl:info] [pid 2196259:tid 2196259] [client 34.10.180.98:32768] AH01964: Connection to child 36 established (server 2blog.ilc.edu.tw:443)
[Wed Aug 26 01:57:31.032459 2026] [ssl:debug] [pid 2196259:tid 2196259] ssl_engine_kernel.c(2222): [client 34.10.180.98:32768] AH02043: SSL virtual host for servername 2blog.ilc.edu.tw found
[Wed Aug 26 01:57:31.032521 2026] [core:debug] [pid 2196259:tid 2196259] protocol.c(2460): [client 34.10.180.98:32768] AH03155: select protocol from , choices=http/1.1 for server 2blog.ilc.edu.tw
[Wed Aug 26 01:57:31.103067 2026] [ssl:debug] [pid 2196243:tid 2196243] ssl_engine_kernel.c(254): [client 216.73.216.242:40951] AH02034: Subsequent (No.52) HTTPS request received for child 22 (server 2blog.ilc.edu.tw:443)
[Wed Aug 26 01:57:31.103265 2026] [authz_core:debug] [pid 2196243:tid 2196243] mod_authz_core.c(815): [client 216.73.216.242:40951] AH01626: authorization result of Require all granted: granted
[Wed Aug 26 01:57:31.103271 2026] [authz_core:debug] [pid 2196243:tid 2196243] mod_authz_core.c(815): [client 216.73.216.242:40951] AH01626: authorization result of : granted
[Wed Aug 26 01:57:31.103402 2026] [authz_core:debug] [pid 2196243:tid 2196243] mod_authz_core.c(815): [client 216.73.216.242:40951] AH01626: authorization result of Require all granted: granted
[Wed Aug 26 01:57:31.103407 2026] [authz_core:debug] [pid 2196243:tid 2196243] mod_authz_core.c(815): [client 216.73.216.242:40951] AH01626: authorization result of : granted
[Wed Aug 26 01:57:31.145547 2026] [authz_core:debug] [pid 2196227:tid 2196227] mod_authz_core.c(815): [client 3.221.156.96:19618] AH01626: authorization result of Require all granted: granted
[Wed Aug 26 01:57:31.145579 2026] [authz_core:debug] [pid 2196227:tid 2196227] mod_authz_core.c(815): [client 3.221.156.96:19618] AH01626: authorization result of : granted
[Wed Aug 26 01:57:31.147759 2026] [authz_core:debug] [pid 2196227:tid 2196227] mod_authz_core.c(815): [client 3.221.156.96:19618] AH01626: authorization result of Require all granted: granted
[Wed Aug 26 01:57:31.147781 2026] [authz_core:debug] [pid 2196227:tid 2196227] mod_authz_core.c(815): [client 3.221.156.96:19618] AH01626: authorization result of : granted
[Wed Aug 26 01:57:31.149841 2026] [deflate:debug] [pid 2196227:tid 2196227] mod_deflate.c(909): [client 3.221.156.96:19618] AH01384: Zlib: Compressed 800 to 382 : URL /wp-content/uploads/sites/1310/2023/08/
[Wed Aug 26 01:57:31.170057 2026] [ssl:debug] [pid 2196245:tid 2196245] ssl_engine_kernel.c(254): [client 216.73.216.242:1577] AH02034: Subsequent (No.37) HTTPS request received for child 24 (server 2blog.ilc.edu.tw:443)
[Wed Aug 26 01:57:31.170292 2026] [authz_core:debug] [pid 2196245:tid 2196245] mod_authz_core.c(815): [client 216.73.216.242:1577] AH01626: authorization result of Require all granted: granted
[Wed Aug 26 01:57:31.170301 2026] [authz_core:debug] [pid 2196245:tid 2196245] mod_authz_core.c(815): [client 216.73.216.242:1577] AH01626: authorization result of : granted
[Wed Aug 26 01:57:31.170453 2026] [authz_core:debug] [pid 2196245:tid 2196245] mod_authz_core.c(815): [client 216.73.216.242:1577] AH01626: authorization result of Require all granted: granted
[Wed Aug 26 01:57:31.170458 2026] [authz_core:debug] [pid 2196245:tid 2196245] mod_authz_core.c(815): [client 216.73.216.242:1577] AH01626: authorization result of : granted
[Wed Aug 26 01:57:31.247391 2026] [ssl:debug] [pid 2196242:tid 2196242] ssl_engine_kernel.c(254): [client 216.73.216.242:5872] AH02034: Subsequent (No.22) HTTPS request received for child 21 (server 2blog.ilc.edu.tw:443)
[Wed Aug 26 01:57:31.247699 2026] [authz_core:debug] [pid 2196242:tid 2196242] mod_authz_core.c(815): [client 216.73.216.242:5872] AH01626: authorization result of Require all granted: granted
[Wed Aug 26 01:57:31.247748 2026] [authz_core:debug] [pid 2196242:tid 2196242] mod_authz_core.c(815): [client 216.73.216.242:5872] AH01626: authorization result of : granted
[Wed Aug 26 01:57:31.247910 2026] [authz_core:debug] [pid 2196242:tid 2196242] mod_authz_core.c(815): [client 216.73.216.242:5872] AH01626: authorization result of Require all granted: granted
[Wed Aug 26 01:57:31.247917 2026] [authz_core:debug] [pid 2196242:tid 2196242] mod_authz_core.c(815): [client 216.73.216.242:5872] AH01626: authorization result of : granted
[Wed Aug 26 01:57:31.304335 2026] [deflate:debug] [pid 2196240:tid 2196240] mod_deflate.c(909): [client 216.73.216.242:37489] AH01384: Zlib: Compressed 13233 to 2720 : URL /index.php
[Wed Aug 26 01:57:31.326386 2026] [ssl:debug] [pid 2196259:tid 2196259] ssl_engine_kernel.c(2082): [client 34.10.180.98:32768] AH02041: Protocol: TLSv1.3, Cipher: TLS_AES_256_GCM_SHA384 (256/256 bits)
[Wed Aug 26 01:57:31.326438 2026] [socache_shmcb:debug] [pid 2196259:tid 2196259] mod_socache_shmcb.c(508): AH00831: socache_shmcb_store (0xa2 -> subcache 2)
[Wed Aug 26 01:57:31.326444 2026] [socache_shmcb:debug] [pid 2196259:tid 2196259] mod_socache_shmcb.c(745): AH00842: expiring 1 and reclaiming 0 removed socache entries
[Wed Aug 26 01:57:31.326446 2026] [socache_shmcb:debug] [pid 2196259:tid 2196259] mod_socache_shmcb.c(765): AH00843: we now have 37 socache entries
[Wed Aug 26 01:57:31.326448 2026] [socache_shmcb:debug] [pid 2196259:tid 2196259] mod_socache_shmcb.c(860): AH00847: insert happened at idx=85, data=(9051:9083)
[Wed Aug 26 01:57:31.326450 2026] [socache_shmcb:debug] [pid 2196259:tid 2196259] mod_socache_shmcb.c(863): AH00848: finished insert, subcache: idx_pos/idx_used=48/38, data_pos/data_used=795/8481
[Wed Aug 26 01:57:31.326452 2026] [socache_shmcb:debug] [pid 2196259:tid 2196259] mod_socache_shmcb.c(530): AH00834: leaving socache_shmcb_store successfully
[Wed Aug 26 01:57:31.326504 2026] [socache_shmcb:debug] [pid 2196259:tid 2196259] mod_socache_shmcb.c(508): AH00831: socache_shmcb_store (0x94 -> subcache 20)
[Wed Aug 26 01:57:31.326519 2026] [socache_shmcb:debug] [pid 2196259:tid 2196259] mod_socache_shmcb.c(745): AH00842: expiring 4 and reclaiming 0 removed socache entries
[Wed Aug 26 01:57:31.326521 2026] [socache_shmcb:debug] [pid 2196259:tid 2196259] mod_socache_shmcb.c(765): AH00843: we now have 38 socache entries
[Wed Aug 26 01:57:31.326523 2026] [socache_shmcb:debug] [pid 2196259:tid 2196259] mod_socache_shmcb.c(860): AH00847: insert happened at idx=9, data=(12218:12250)
[Wed Aug 26 01:57:31.326525 2026] [socache_shmcb:debug] [pid 2196259:tid 2196259] mod_socache_shmcb.c(863): AH00848: finished insert, subcache: idx_pos/idx_used=59/39, data_pos/data_used=3831/8613
[Wed Aug 26 01:57:31.326527 2026] [socache_shmcb:debug] [pid 2196259:tid 2196259] mod_socache_shmcb.c(530): AH00834: leaving socache_shmcb_store successfully
[Wed Aug 26 01:57:31.379673 2026] [ssl:debug] [pid 2196259:tid 2196259] ssl_engine_kernel.c(254): [client 34.10.180.98:32768] AH02034: Initial (No.1) HTTPS request received for child 36 (server 2blog.ilc.edu.tw:443)
[Wed Aug 26 01:57:31.379859 2026] [authz_core:debug] [pid 2196259:tid 2196259] mod_authz_core.c(815): [client 34.10.180.98:32768] AH01626: authorization result of Require all granted: granted
[Wed Aug 26 01:57:31.379864 2026] [authz_core:debug] [pid 2196259:tid 2196259] mod_authz_core.c(815): [client 34.10.180.98:32768] AH01626: authorization result of : granted
[Wed Aug 26 01:57:31.379975 2026] [authz_core:debug] [pid 2196259:tid 2196259] mod_authz_core.c(815): [client 34.10.180.98:32768] AH01626: authorization result of Require all granted: granted
[Wed Aug 26 01:57:31.379979 2026] [authz_core:debug] [pid 2196259:tid 2196259] mod_authz_core.c(815): [client 34.10.180.98:32768] AH01626: authorization result of : granted
[Wed Aug 26 01:57:31.381329 2026] [ssl:debug] [pid 2196205:tid 2196205] ssl_engine_kernel.c(254): [client 216.73.216.242:12307] AH02034: Subsequent (No.57) HTTPS request received for child 14 (server 2blog.ilc.edu.tw:443)
[Wed Aug 26 01:57:31.381628 2026] [authz_core:debug] [pid 2196205:tid 2196205] mod_authz_core.c(815): [client 216.73.216.242:12307] AH01626: authorization result of Require all granted: granted
[Wed Aug 26 01:57:31.381639 2026] [authz_core:debug] [pid 2196205:tid 2196205] mod_authz_core.c(815): [client 216.73.216.242:12307] AH01626: authorization result of : granted
[Wed Aug 26 01:57:31.381917 2026] [authz_core:debug] [pid 2196205:tid 2196205] mod_authz_core.c(815): [client 216.73.216.242:12307] AH01626: authorization result of Require all granted: granted
[Wed Aug 26 01:57:31.381929 2026] [authz_core:debug] [pid 2196205:tid 2196205] mod_authz_core.c(815): [client 216.73.216.242:12307] AH01626: authorization result of : granted
[Wed Aug 26 01:57:31.420037 2026] [deflate:debug] [pid 2196243:tid 2196243] mod_deflate.c(909): [client 216.73.216.242:40951] AH01384: Zlib: Compressed 2800 to 1255 : URL /index.php
[Wed Aug 26 01:57:31.439965 2026] [ssl:debug] [pid 2196246:tid 2196246] ssl_engine_kernel.c(254): [client 216.73.216.242:65218] AH02034: Subsequent (No.55) HTTPS request received for child 25 (server 2blog.ilc.edu.tw:443)
[Wed Aug 26 01:57:31.440164 2026] [authz_core:debug] [pid 2196246:tid 2196246] mod_authz_core.c(815): [client 216.73.216.242:65218] AH01626: authorization result of Require all granted: granted
[Wed Aug 26 01:57:31.440170 2026] [authz_core:debug] [pid 2196246:tid 2196246] mod_authz_core.c(815): [client 216.73.216.242:65218] AH01626: authorization result of : granted
[Wed Aug 26 01:57:31.440289 2026] [authz_core:debug] [pid 2196246:tid 2196246] mod_authz_core.c(815): [client 216.73.216.242:65218] AH01626: authorization result of Require all granted: granted
[Wed Aug 26 01:57:31.440292 2026] [authz_core:debug] [pid 2196246:tid 2196246] mod_authz_core.c(815): [client 216.73.216.242:65218] AH01626: authorization result of : granted
[Wed Aug 26 01:57:31.530388 2026] [ssl:debug] [pid 2196240:tid 2196240] ssl_engine_kernel.c(254): [client 216.73.216.242:37489] AH02034: Subsequent (No.46) HTTPS request received for child 18 (server 2blog.ilc.edu.tw:443)
[Wed Aug 26 01:57:31.530603 2026] [authz_core:debug] [pid 2196240:tid 2196240] mod_authz_core.c(815): [client 216.73.216.242:37489] AH01626: authorization result of Require all granted: granted
[Wed Aug 26 01:57:31.530611 2026] [authz_core:debug] [pid 2196240:tid 2196240] mod_authz_core.c(815): [client 216.73.216.242:37489] AH01626: authorization result of : granted
[Wed Aug 26 01:57:31.530764 2026] [authz_core:debug] [pid 2196240:tid 2196240] mod_authz_core.c(815): [client 216.73.216.242:37489] AH01626: authorization result of Require all granted: granted
[Wed Aug 26 01:57:31.530773 2026] [authz_core:debug] [pid 2196240:tid 2196240] mod_authz_core.c(815): [client 216.73.216.242:37489] AH01626: authorization result of : granted
[Wed Aug 26 01:57:31.593470 2026] [deflate:debug] [pid 2196242:tid 2196242] mod_deflate.c(909): [client 216.73.216.242:5872] AH01384: Zlib: Compressed 2853 to 1279 : URL /index.php
[Wed Aug 26 01:57:31.631778 2026] [ssl:debug] [pid 2196219:tid 2196219] ssl_engine_kernel.c(254): [client 216.73.216.242:64722] AH02034: Subsequent (No.46) HTTPS request received for child 17 (server 2blog.ilc.edu.tw:443)
[Wed Aug 26 01:57:31.632046 2026] [authz_core:debug] [pid 2196219:tid 2196219] mod_authz_core.c(815): [client 216.73.216.242:64722] AH01626: authorization result of Require all granted: granted
[Wed Aug 26 01:57:31.632056 2026] [authz_core:debug] [pid 2196219:tid 2196219] mod_authz_core.c(815): [client 216.73.216.242:64722] AH01626: authorization result of : granted
[Wed Aug 26 01:57:31.632192 2026] [authz_core:debug] [pid 2196219:tid 2196219] mod_authz_core.c(815): [client 216.73.216.242:64722] AH01626: authorization result of Require all granted: granted
[Wed Aug 26 01:57:31.632198 2026] [authz_core:debug] [pid 2196219:tid 2196219] mod_authz_core.c(815): [client 216.73.216.242:64722] AH01626: authorization result of : granted
[Wed Aug 26 01:57:31.731754 2026] [ssl:debug] [pid 2196243:tid 2196243] ssl_engine_kernel.c(254): [client 216.73.216.242:40951] AH02034: Subsequent (No.53) HTTPS request received for child 22 (server 2blog.ilc.edu.tw:443)
[Wed Aug 26 01:57:31.731941 2026] [authz_core:debug] [pid 2196243:tid 2196243] mod_authz_core.c(815): [client 216.73.216.242:40951] AH01626: authorization result of Require all granted: granted
[Wed Aug 26 01:57:31.731947 2026] [authz_core:debug] [pid 2196243:tid 2196243] mod_authz_core.c(815): [client 216.73.216.242:40951] AH01626: authorization result of : granted
[Wed Aug 26 01:57:31.732113 2026] [authz_core:debug] [pid 2196243:tid 2196243] mod_authz_core.c(815): [client 216.73.216.242:40951] AH01626: authorization result of Require all granted: granted
[Wed Aug 26 01:57:31.732118 2026] [authz_core:debug] [pid 2196243:tid 2196243] mod_authz_core.c(815): [client 216.73.216.242:40951] AH01626: authorization result of : granted
[Wed Aug 26 01:57:31.821263 2026] [ssl:debug] [pid 2196245:tid 2196245] ssl_engine_kernel.c(254): [client 216.73.216.242:1577] AH02034: Subsequent (No.38) HTTPS request received for child 24 (server 2blog.ilc.edu.tw:443)
[Wed Aug 26 01:57:31.821446 2026] [authz_core:debug] [pid 2196245:tid 2196245] mod_authz_core.c(815): [client 216.73.216.242:1577] AH01626: authorization result of Require all granted: granted
[Wed Aug 26 01:57:31.821451 2026] [authz_core:debug] [pid 2196245:tid 2196245] mod_authz_core.c(815): [client 216.73.216.242:1577] AH01626: authorization result of : granted
[Wed Aug 26 01:57:31.821565 2026] [authz_core:debug] [pid 2196245:tid 2196245] mod_authz_core.c(815): [client 216.73.216.242:1577] AH01626: authorization result of Require all granted: granted
[Wed Aug 26 01:57:31.821568 2026] [authz_core:debug] [pid 2196245:tid 2196245] mod_authz_core.c(815): [client 216.73.216.242:1577] AH01626: authorization result of : granted
[Wed Aug 26 01:57:32.030105 2026] [ssl:debug] [pid 2196246:tid 2196246] ssl_engine_kernel.c(254): [client 216.73.216.242:65218] AH02034: Subsequent (No.56) HTTPS request received for child 25 (server 2blog.ilc.edu.tw:443)
[Wed Aug 26 01:57:32.030314 2026] [authz_core:debug] [pid 2196246:tid 2196246] mod_authz_core.c(815): [client 216.73.216.242:65218] AH01626: authorization result of Require all granted: granted
[Wed Aug 26 01:57:32.030319 2026] [authz_core:debug] [pid 2196246:tid 2196246] mod_authz_core.c(815): [client 216.73.216.242:65218] AH01626: authorization result of : granted
[Wed Aug 26 01:57:32.030446 2026] [authz_core:debug] [pid 2196246:tid 2196246] mod_authz_core.c(815): [client 216.73.216.242:65218] AH01626: authorization result of Require all granted: granted
[Wed Aug 26 01:57:32.030452 2026] [authz_core:debug] [pid 2196246:tid 2196246] mod_authz_core.c(815): [client 216.73.216.242:65218] AH01626: authorization result of : granted
[Wed Aug 26 01:57:32.110152 2026] [ssl:debug] [pid 2196240:tid 2196240] ssl_engine_kernel.c(254): [client 216.73.216.242:37489] AH02034: Subsequent (No.47) HTTPS request received for child 18 (server 2blog.ilc.edu.tw:443)
[Wed Aug 26 01:57:32.110399 2026] [authz_core:debug] [pid 2196240:tid 2196240] mod_authz_core.c(815): [client 216.73.216.242:37489] AH01626: authorization result of Require all granted: granted
[Wed Aug 26 01:57:32.110406 2026] [authz_core:debug] [pid 2196240:tid 2196240] mod_authz_core.c(815): [client 216.73.216.242:37489] AH01626: authorization result of : granted
[Wed Aug 26 01:57:32.110533 2026] [authz_core:debug] [pid 2196240:tid 2196240] mod_authz_core.c(815): [client 216.73.216.242:37489] AH01626: authorization result of Require all granted: granted
[Wed Aug 26 01:57:32.110537 2026] [authz_core:debug] [pid 2196240:tid 2196240] mod_authz_core.c(815): [client 216.73.216.242:37489] AH01626: authorization result of : granted
[Wed Aug 26 01:57:32.201085 2026] [ssl:debug] [pid 2196205:tid 2196205] ssl_engine_kernel.c(254): [client 216.73.216.242:12307] AH02034: Subsequent (No.58) HTTPS request received for child 14 (server 2blog.ilc.edu.tw:443)
[Wed Aug 26 01:57:32.201264 2026] [authz_core:debug] [pid 2196205:tid 2196205] mod_authz_core.c(815): [client 216.73.216.242:12307] AH01626: authorization result of Require all granted: granted
[Wed Aug 26 01:57:32.201269 2026] [authz_core:debug] [pid 2196205:tid 2196205] mod_authz_core.c(815): [client 216.73.216.242:12307] AH01626: authorization result of : granted
[Wed Aug 26 01:57:32.201381 2026] [authz_core:debug] [pid 2196205:tid 2196205] mod_authz_core.c(815): [client 216.73.216.242:12307] AH01626: authorization result of Require all granted: granted
[Wed Aug 26 01:57:32.201385 2026] [authz_core:debug] [pid 2196205:tid 2196205] mod_authz_core.c(815): [client 216.73.216.242:12307] AH01626: authorization result of : granted
[Wed Aug 26 01:57:32.304758 2026] [ssl:debug] [pid 2196219:tid 2196219] ssl_engine_kernel.c(254): [client 216.73.216.242:64722] AH02034: Subsequent (No.47) HTTPS request received for child 17 (server 2blog.ilc.edu.tw:443)
[Wed Aug 26 01:57:32.305027 2026] [authz_core:debug] [pid 2196219:tid 2196219] mod_authz_core.c(815): [client 216.73.216.242:64722] AH01626: authorization result of Require all granted: granted
[Wed Aug 26 01:57:32.305035 2026] [authz_core:debug] [pid 2196219:tid 2196219] mod_authz_core.c(815): [client 216.73.216.242:64722] AH01626: authorization result of : granted
[Wed Aug 26 01:57:32.305200 2026] [authz_core:debug] [pid 2196219:tid 2196219] mod_authz_core.c(815): [client 216.73.216.242:64722] AH01626: authorization result of Require all granted: granted
[Wed Aug 26 01:57:32.305206 2026] [authz_core:debug] [pid 2196219:tid 2196219] mod_authz_core.c(815): [client 216.73.216.242:64722] AH01626: authorization result of : granted
[Wed Aug 26 01:57:32.428197 2026] [ssl:debug] [pid 2196245:tid 2196245] ssl_engine_kernel.c(254): [client 216.73.216.242:1577] AH02034: Subsequent (No.39) HTTPS request received for child 24 (server 2blog.ilc.edu.tw:443)
[Wed Aug 26 01:57:32.428400 2026] [authz_core:debug] [pid 2196245:tid 2196245] mod_authz_core.c(815): [client 216.73.216.242:1577] AH01626: authorization result of Require all granted: granted
[Wed Aug 26 01:57:32.428406 2026] [authz_core:debug] [pid 2196245:tid 2196245] mod_authz_core.c(815): [client 216.73.216.242:1577] AH01626: authorization result of : granted
[Wed Aug 26 01:57:32.428531 2026] [authz_core:debug] [pid 2196245:tid 2196245] mod_authz_core.c(815): [client 216.73.216.242:1577] AH01626: authorization result of Require all granted: granted
[Wed Aug 26 01:57:32.428535 2026] [authz_core:debug] [pid 2196245:tid 2196245] mod_authz_core.c(815): [client 216.73.216.242:1577] AH01626: authorization result of : granted
[Wed Aug 26 01:57:32.439273 2026] [ssl:debug] [pid 2196141:tid 2196141] ssl_engine_io.c(1150): [client 40.77.167.57:3612] AH02001: Connection closed to child 10 with standard shutdown (server www.najh.ilc.edu.tw:443)
[Wed Aug 26 01:57:32.554291 2026] [deflate:debug] [pid 2196205:tid 2196205] mod_deflate.c(909): [client 216.73.216.242:12307] AH01384: Zlib: Compressed 2811 to 1272 : URL /index.php
[Wed Aug 26 01:57:32.604347 2026] [ssl:debug] [pid 2196246:tid 2196246] ssl_engine_kernel.c(254): [client 216.73.216.242:65218] AH02034: Subsequent (No.57) HTTPS request received for child 25 (server 2blog.ilc.edu.tw:443)
[Wed Aug 26 01:57:32.604531 2026] [authz_core:debug] [pid 2196246:tid 2196246] mod_authz_core.c(815): [client 216.73.216.242:65218] AH01626: authorization result of Require all granted: granted
[Wed Aug 26 01:57:32.604536 2026] [authz_core:debug] [pid 2196246:tid 2196246] mod_authz_core.c(815): [client 216.73.216.242:65218] AH01626: authorization result of : granted
[Wed Aug 26 01:57:32.604653 2026] [authz_core:debug] [pid 2196246:tid 2196246] mod_authz_core.c(815): [client 216.73.216.242:65218] AH01626: authorization result of Require all granted: granted
[Wed Aug 26 01:57:32.604656 2026] [authz_core:debug] [pid 2196246:tid 2196246] mod_authz_core.c(815): [client 216.73.216.242:65218] AH01626: authorization result of : granted
[Wed Aug 26 01:57:32.625257 2026] [deflate:debug] [pid 2196219:tid 2196219] mod_deflate.c(909): [client 216.73.216.242:64722] AH01384: Zlib: Compressed 2852 to 1289 : URL /index.php
[Wed Aug 26 01:57:32.696381 2026] [ssl:debug] [pid 2196243:tid 2196243] ssl_engine_kernel.c(254): [client 216.73.216.242:40951] AH02034: Subsequent (No.54) HTTPS request received for child 22 (server 2blog.ilc.edu.tw:443)
[Wed Aug 26 01:57:32.696574 2026] [authz_core:debug] [pid 2196243:tid 2196243] mod_authz_core.c(815): [client 216.73.216.242:40951] AH01626: authorization result of Require all granted: granted
[Wed Aug 26 01:57:32.696579 2026] [authz_core:debug] [pid 2196243:tid 2196243] mod_authz_core.c(815): [client 216.73.216.242:40951] AH01626: authorization result of : granted
[Wed Aug 26 01:57:32.696696 2026] [authz_core:debug] [pid 2196243:tid 2196243] mod_authz_core.c(815): [client 216.73.216.242:40951] AH01626: authorization result of Require all granted: granted
[Wed Aug 26 01:57:32.696700 2026] [authz_core:debug] [pid 2196243:tid 2196243] mod_authz_core.c(815): [client 216.73.216.242:40951] AH01626: authorization result of : granted
[Wed Aug 26 01:57:32.710867 2026] [deflate:debug] [pid 2196245:tid 2196245] mod_deflate.c(909): [client 216.73.216.242:1577] AH01384: Zlib: Compressed 2808 to 1274 : URL /index.php
[Wed Aug 26 01:57:32.776478 2026] [ssl:debug] [pid 2196205:tid 2196205] ssl_engine_kernel.c(254): [client 216.73.216.242:12307] AH02034: Subsequent (No.59) HTTPS request received for child 14 (server 2blog.ilc.edu.tw:443)
[Wed Aug 26 01:57:32.776667 2026] [authz_core:debug] [pid 2196205:tid 2196205] mod_authz_core.c(815): [client 216.73.216.242:12307] AH01626: authorization result of Require all granted: granted
[Wed Aug 26 01:57:32.776672 2026] [authz_core:debug] [pid 2196205:tid 2196205] mod_authz_core.c(815): [client 216.73.216.242:12307] AH01626: authorization result of : granted
[Wed Aug 26 01:57:32.776785 2026] [authz_core:debug] [pid 2196205:tid 2196205] mod_authz_core.c(815): [client 216.73.216.242:12307] AH01626: authorization result of Require all granted: granted
[Wed Aug 26 01:57:32.776789 2026] [authz_core:debug] [pid 2196205:tid 2196205] mod_authz_core.c(815): [client 216.73.216.242:12307] AH01626: authorization result of : granted
[Wed Aug 26 01:57:32.873918 2026] [deflate:debug] [pid 2196246:tid 2196246] mod_deflate.c(909): [client 216.73.216.242:65218] AH01384: Zlib: Compressed 2852 to 1285 : URL /index.php
[Wed Aug 26 01:57:32.878993 2026] [ssl:debug] [pid 2196219:tid 2196219] ssl_engine_kernel.c(254): [client 216.73.216.242:64722] AH02034: Subsequent (No.48) HTTPS request received for child 17 (server 2blog.ilc.edu.tw:443)
[Wed Aug 26 01:57:32.879169 2026] [authz_core:debug] [pid 2196219:tid 2196219] mod_authz_core.c(815): [client 216.73.216.242:64722] AH01626: authorization result of Require all granted: granted
[Wed Aug 26 01:57:32.879183 2026] [authz_core:debug] [pid 2196219:tid 2196219] mod_authz_core.c(815): [client 216.73.216.242:64722] AH01626: authorization result of : granted
[Wed Aug 26 01:57:32.879315 2026] [authz_core:debug] [pid 2196219:tid 2196219] mod_authz_core.c(815): [client 216.73.216.242:64722] AH01626: authorization result of Require all granted: granted
[Wed Aug 26 01:57:32.879320 2026] [authz_core:debug] [pid 2196219:tid 2196219] mod_authz_core.c(815): [client 216.73.216.242:64722] AH01626: authorization result of : granted
[Wed Aug 26 01:57:32.970392 2026] [ssl:debug] [pid 2196245:tid 2196245] ssl_engine_kernel.c(254): [client 216.73.216.242:1577] AH02034: Subsequent (No.40) HTTPS request received for child 24 (server 2blog.ilc.edu.tw:443)
[Wed Aug 26 01:57:32.970580 2026] [authz_core:debug] [pid 2196245:tid 2196245] mod_authz_core.c(815): [client 216.73.216.242:1577] AH01626: authorization result of Require all granted: granted
[Wed Aug 26 01:57:32.970585 2026] [authz_core:debug] [pid 2196245:tid 2196245] mod_authz_core.c(815): [client 216.73.216.242:1577] AH01626: authorization result of : granted
[Wed Aug 26 01:57:32.970722 2026] [authz_core:debug] [pid 2196245:tid 2196245] mod_authz_core.c(815): [client 216.73.216.242:1577] AH01626: authorization result of Require all granted: granted
[Wed Aug 26 01:57:32.970726 2026] [authz_core:debug] [pid 2196245:tid 2196245] mod_authz_core.c(815): [client 216.73.216.242:1577] AH01626: authorization result of : granted
[Wed Aug 26 01:57:32.999439 2026] [deflate:debug] [pid 2196243:tid 2196243] mod_deflate.c(909): [client 216.73.216.242:40951] AH01384: Zlib: Compressed 2801 to 1271 : URL /index.php
[Wed Aug 26 01:57:33.088841 2026] [headers:debug] [pid 2196206:tid 2196206] mod_headers.c(900): AH01503: headers: ap_headers_error_filter()
[Wed Aug 26 01:57:33.119898 2026] [ssl:debug] [pid 2196225:tid 2196225] ssl_engine_io.c(1150): [client 34.123.149.87:12801] AH02001: Connection closed to child 12 with standard shutdown (server 2blog.ilc.edu.tw:443)
[Wed Aug 26 01:57:33.140502 2026] [ssl:info] [pid 2196250:tid 2196250] [client 2001:288:a201::66:125:10067] AH01964: Connection to child 29 established (server 2blog.ilc.edu.tw:443)
[Wed Aug 26 01:57:33.140646 2026] [ssl:debug] [pid 2196250:tid 2196250] ssl_engine_kernel.c(2252): [client 2001:288:a201::66:125:10067] AH02645: Server name not provided via TLS extension (using default/first virtual host)
[Wed Aug 26 01:57:33.140662 2026] [socache_shmcb:debug] [pid 2196250:tid 2196250] mod_socache_shmcb.c(545): AH00835: socache_shmcb_retrieve (0x7e -> subcache 30)
[Wed Aug 26 01:57:33.140676 2026] [socache_shmcb:debug] [pid 2196250:tid 2196250] mod_socache_shmcb.c(896): AH00849: match at idx=87, data=9547
[Wed Aug 26 01:57:33.140678 2026] [socache_shmcb:debug] [pid 2196250:tid 2196250] mod_socache_shmcb.c(556): AH00836: leaving socache_shmcb_retrieve successfully
[Wed Aug 26 01:57:33.141594 2026] [ssl:debug] [pid 2196250:tid 2196250] ssl_engine_kernel.c(2082): [client 2001:288:a201::66:125:10067] AH02041: Protocol: TLSv1.2, Cipher: ECDHE-RSA-AES256-GCM-SHA384 (256/256 bits)
[Wed Aug 26 01:57:33.141685 2026] [ssl:debug] [pid 2196250:tid 2196250] ssl_engine_kernel.c(254): [client 2001:288:a201::66:125:10067] AH02034: Initial (No.1) HTTPS request received for child 29 (server 2blog.ilc.edu.tw:443)
[Wed Aug 26 01:57:33.141852 2026] [authz_core:debug] [pid 2196250:tid 2196250] mod_authz_core.c(815): [client 2001:288:a201::66:125:10067] AH01626: authorization result of Require all granted: granted
[Wed Aug 26 01:57:33.141856 2026] [authz_core:debug] [pid 2196250:tid 2196250] mod_authz_core.c(815): [client 2001:288:a201::66:125:10067] AH01626: authorization result of : granted
[Wed Aug 26 01:57:33.141972 2026] [authz_core:debug] [pid 2196250:tid 2196250] mod_authz_core.c(815): [client 2001:288:a201::66:125:10067] AH01626: authorization result of Require all granted: granted
[Wed Aug 26 01:57:33.141975 2026] [authz_core:debug] [pid 2196250:tid 2196250] mod_authz_core.c(815): [client 2001:288:a201::66:125:10067] AH01626: authorization result of : granted
[Wed Aug 26 01:57:33.141998 2026] [php7:error] [pid 2196250:tid 2196250] [client 2001:288:a201::66:125:10067] script '/var/www/html/2blog/active.php' not found or unable to stat
[Wed Aug 26 01:57:33.142008 2026] [headers:debug] [pid 2196250:tid 2196250] mod_headers.c(900): AH01503: headers: ap_headers_error_filter()
[Wed Aug 26 01:57:33.142122 2026] [ssl:debug] [pid 2196250:tid 2196250] ssl_engine_io.c(1150): [client 2001:288:a201::66:125:10067] AH02001: Connection closed to child 29 with standard shutdown (server 2blog.ilc.edu.tw:443)
[Wed Aug 26 01:57:33.160975 2026] [ssl:debug] [pid 2196246:tid 2196246] ssl_engine_kernel.c(254): [client 216.73.216.242:65218] AH02034: Subsequent (No.58) HTTPS request received for child 25 (server 2blog.ilc.edu.tw:443)
[Wed Aug 26 01:57:33.161167 2026] [authz_core:debug] [pid 2196246:tid 2196246] mod_authz_core.c(815): [client 216.73.216.242:65218] AH01626: authorization result of Require all granted: granted
[Wed Aug 26 01:57:33.161172 2026] [authz_core:debug] [pid 2196246:tid 2196246] mod_authz_core.c(815): [client 216.73.216.242:65218] AH01626: authorization result of : granted
[Wed Aug 26 01:57:33.161291 2026] [authz_core:debug] [pid 2196246:tid 2196246] mod_authz_core.c(815): [client 216.73.216.242:65218] AH01626: authorization result of Require all granted: granted
[Wed Aug 26 01:57:33.161295 2026] [authz_core:debug] [pid 2196246:tid 2196246] mod_authz_core.c(815): [client 216.73.216.242:65218] AH01626: authorization result of : granted
[Wed Aug 26 01:57:33.252931 2026] [ssl:debug] [pid 2196243:tid 2196243] ssl_engine_kernel.c(254): [client 216.73.216.242:40951] AH02034: Subsequent (No.55) HTTPS request received for child 22 (server 2blog.ilc.edu.tw:443)
[Wed Aug 26 01:57:33.253135 2026] [authz_core:debug] [pid 2196243:tid 2196243] mod_authz_core.c(815): [client 216.73.216.242:40951] AH01626: authorization result of Require all granted: granted
[Wed Aug 26 01:57:33.253140 2026] [authz_core:debug] [pid 2196243:tid 2196243] mod_authz_core.c(815): [client 216.73.216.242:40951] AH01626: authorization result of : granted
[Wed Aug 26 01:57:33.253264 2026] [authz_core:debug] [pid 2196243:tid 2196243] mod_authz_core.c(815): [client 216.73.216.242:40951] AH01626: authorization result of Require all granted: granted
[Wed Aug 26 01:57:33.253268 2026] [authz_core:debug] [pid 2196243:tid 2196243] mod_authz_core.c(815): [client 216.73.216.242:40951] AH01626: authorization result of : granted
[Wed Aug 26 01:57:33.333802 2026] [ssl:debug] [pid 2196205:tid 2196205] ssl_engine_kernel.c(254): [client 216.73.216.242:12307] AH02034: Subsequent (No.60) HTTPS request received for child 14 (server 2blog.ilc.edu.tw:443)
[Wed Aug 26 01:57:33.334062 2026] [authz_core:debug] [pid 2196205:tid 2196205] mod_authz_core.c(815): [client 216.73.216.242:12307] AH01626: authorization result of Require all granted: granted
[Wed Aug 26 01:57:33.334069 2026] [authz_core:debug] [pid 2196205:tid 2196205] mod_authz_core.c(815): [client 216.73.216.242:12307] AH01626: authorization result of : granted
[Wed Aug 26 01:57:33.334250 2026] [authz_core:debug] [pid 2196205:tid 2196205] mod_authz_core.c(815): [client 216.73.216.242:12307] AH01626: authorization result of Require all granted: granted
[Wed Aug 26 01:57:33.334256 2026] [authz_core:debug] [pid 2196205:tid 2196205] mod_authz_core.c(815): [client 216.73.216.242:12307] AH01626: authorization result of : granted
[Wed Aug 26 01:57:33.398545 2026] [ssl:info] [pid 2191547:tid 2191547] [client 34.61.96.6:19968] AH01964: Connection to child 3 established (server 2blog.ilc.edu.tw:443)
[Wed Aug 26 01:57:33.398681 2026] [ssl:info] [pid 2191547:tid 2191547] (70014)End of file found: [client 34.61.96.6:19968] AH02006: SSL handshake stopped: connection was closed
[Wed Aug 26 01:57:33.398687 2026] [ssl:info] [pid 2191547:tid 2191547] [client 34.61.96.6:19968] AH01998: Connection closed to child 3 with abortive shutdown (server 2blog.ilc.edu.tw:443)
[Wed Aug 26 01:57:33.440079 2026] [ssl:debug] [pid 2196219:tid 2196219] ssl_engine_kernel.c(254): [client 216.73.216.242:64722] AH02034: Subsequent (No.49) HTTPS request received for child 17 (server 2blog.ilc.edu.tw:443)
[Wed Aug 26 01:57:33.440322 2026] [authz_core:debug] [pid 2196219:tid 2196219] mod_authz_core.c(815): [client 216.73.216.242:64722] AH01626: authorization result of Require all granted: granted
[Wed Aug 26 01:57:33.440331 2026] [authz_core:debug] [pid 2196219:tid 2196219] mod_authz_core.c(815): [client 216.73.216.242:64722] AH01626: authorization result of : granted
[Wed Aug 26 01:57:33.440511 2026] [authz_core:debug] [pid 2196219:tid 2196219] mod_authz_core.c(815): [client 216.73.216.242:64722] AH01626: authorization result of Require all granted: granted
[Wed Aug 26 01:57:33.440518 2026] [authz_core:debug] [pid 2196219:tid 2196219] mod_authz_core.c(815): [client 216.73.216.242:64722] AH01626: authorization result of : granted
[Wed Aug 26 01:57:33.530953 2026] [ssl:debug] [pid 2196245:tid 2196245] ssl_engine_kernel.c(254): [client 216.73.216.242:1577] AH02034: Subsequent (No.41) HTTPS request received for child 24 (server 2blog.ilc.edu.tw:443)
[Wed Aug 26 01:57:33.531280 2026] [authz_core:debug] [pid 2196245:tid 2196245] mod_authz_core.c(815): [client 216.73.216.242:1577] AH01626: authorization result of Require all granted: granted
[Wed Aug 26 01:57:33.531308 2026] [authz_core:debug] [pid 2196245:tid 2196245] mod_authz_core.c(815): [client 216.73.216.242:1577] AH01626: authorization result of : granted
[Wed Aug 26 01:57:33.531441 2026] [authz_core:debug] [pid 2196245:tid 2196245] mod_authz_core.c(815): [client 216.73.216.242:1577] AH01626: authorization result of Require all granted: granted
[Wed Aug 26 01:57:33.531445 2026] [authz_core:debug] [pid 2196245:tid 2196245] mod_authz_core.c(815): [client 216.73.216.242:1577] AH01626: authorization result of : granted
[Wed Aug 26 01:57:33.632605 2026] [deflate:debug] [pid 2196205:tid 2196205] mod_deflate.c(909): [client 216.73.216.242:12307] AH01384: Zlib: Compressed 2852 to 1277 : URL /index.php
[Wed Aug 26 01:57:33.712376 2026] [ssl:debug] [pid 2196246:tid 2196246] ssl_engine_kernel.c(254): [client 216.73.216.242:65218] AH02034: Subsequent (No.59) HTTPS request received for child 25 (server 2blog.ilc.edu.tw:443)
[Wed Aug 26 01:57:33.712555 2026] [authz_core:debug] [pid 2196246:tid 2196246] mod_authz_core.c(815): [client 216.73.216.242:65218] AH01626: authorization result of Require all granted: granted
[Wed Aug 26 01:57:33.712561 2026] [authz_core:debug] [pid 2196246:tid 2196246] mod_authz_core.c(815): [client 216.73.216.242:65218] AH01626: authorization result of : granted
[Wed Aug 26 01:57:33.712674 2026] [authz_core:debug] [pid 2196246:tid 2196246] mod_authz_core.c(815): [client 216.73.216.242:65218] AH01626: authorization result of Require all granted: granted
[Wed Aug 26 01:57:33.712677 2026] [authz_core:debug] [pid 2196246:tid 2196246] mod_authz_core.c(815): [client 216.73.216.242:65218] AH01626: authorization result of : granted
[Wed Aug 26 01:57:33.722294 2026] [deflate:debug] [pid 2196219:tid 2196219] mod_deflate.c(909): [client 216.73.216.242:64722] AH01384: Zlib: Compressed 2854 to 1286 : URL /index.php
[Wed Aug 26 01:57:33.804634 2026] [ssl:debug] [pid 2196243:tid 2196243] ssl_engine_kernel.c(254): [client 216.73.216.242:40951] AH02034: Subsequent (No.56) HTTPS request received for child 22 (server 2blog.ilc.edu.tw:443)
[Wed Aug 26 01:57:33.804812 2026] [authz_core:debug] [pid 2196243:tid 2196243] mod_authz_core.c(815): [client 216.73.216.242:40951] AH01626: authorization result of Require all granted: granted
[Wed Aug 26 01:57:33.804818 2026] [authz_core:debug] [pid 2196243:tid 2196243] mod_authz_core.c(815): [client 216.73.216.242:40951] AH01626: authorization result of : granted
[Wed Aug 26 01:57:33.804964 2026] [authz_core:debug] [pid 2196243:tid 2196243] mod_authz_core.c(815): [client 216.73.216.242:40951] AH01626: authorization result of Require all granted: granted
[Wed Aug 26 01:57:33.804974 2026] [authz_core:debug] [pid 2196243:tid 2196243] mod_authz_core.c(815): [client 216.73.216.242:40951] AH01626: authorization result of : granted
[Wed Aug 26 01:57:33.888453 2026] [ssl:debug] [pid 2196205:tid 2196205] ssl_engine_kernel.c(254): [client 216.73.216.242:12307] AH02034: Subsequent (No.61) HTTPS request received for child 14 (server 2blog.ilc.edu.tw:443)
[Wed Aug 26 01:57:33.888639 2026] [authz_core:debug] [pid 2196205:tid 2196205] mod_authz_core.c(815): [client 216.73.216.242:12307] AH01626: authorization result of Require all granted: granted
[Wed Aug 26 01:57:33.888643 2026] [authz_core:debug] [pid 2196205:tid 2196205] mod_authz_core.c(815): [client 216.73.216.242:12307] AH01626: authorization result of : granted
[Wed Aug 26 01:57:33.888819 2026] [authz_core:debug] [pid 2196205:tid 2196205] mod_authz_core.c(815): [client 216.73.216.242:12307] AH01626: authorization result of Require all granted: granted
[Wed Aug 26 01:57:33.888827 2026] [authz_core:debug] [pid 2196205:tid 2196205] mod_authz_core.c(815): [client 216.73.216.242:12307] AH01626: authorization result of : granted
[Wed Aug 26 01:57:33.896359 2026] [ssl:debug] [pid 2196247:tid 2196247] ssl_engine_io.c(1150): [client 34.30.223.149:5633] AH02001: Connection closed to child 26 with standard shutdown (server 2blog.ilc.edu.tw:443)
[Wed Aug 26 01:57:33.990271 2026] [ssl:debug] [pid 2196219:tid 2196219] ssl_engine_kernel.c(254): [client 216.73.216.242:64722] AH02034: Subsequent (No.50) HTTPS request received for child 17 (server 2blog.ilc.edu.tw:443)
[Wed Aug 26 01:57:33.990505 2026] [authz_core:debug] [pid 2196219:tid 2196219] mod_authz_core.c(815): [client 216.73.216.242:64722] AH01626: authorization result of Require all granted: granted
[Wed Aug 26 01:57:33.990514 2026] [authz_core:debug] [pid 2196219:tid 2196219] mod_authz_core.c(815): [client 216.73.216.242:64722] AH01626: authorization result of : granted
[Wed Aug 26 01:57:33.990670 2026] [authz_core:debug] [pid 2196219:tid 2196219] mod_authz_core.c(815): [client 216.73.216.242:64722] AH01626: authorization result of Require all granted: granted
[Wed Aug 26 01:57:33.990678 2026] [authz_core:debug] [pid 2196219:tid 2196219] mod_authz_core.c(815): [client 216.73.216.242:64722] AH01626: authorization result of : granted
[Wed Aug 26 01:57:34.000729 2026] [deflate:debug] [pid 2196246:tid 2196246] mod_deflate.c(909): [client 216.73.216.242:65218] AH01384: Zlib: Compressed 2814 to 1273 : URL /index.php
[Wed Aug 26 01:57:34.058677 2026] [ssl:debug] [pid 2196269:tid 2196269] ssl_engine_io.c(1150): [client 136.119.35.120:26626] AH02001: Connection closed to child 6 with standard shutdown (server 2blog.ilc.edu.tw:443)
[Wed Aug 26 01:57:34.080843 2026] [ssl:debug] [pid 2196245:tid 2196245] ssl_engine_kernel.c(254): [client 216.73.216.242:1577] AH02034: Subsequent (No.42) HTTPS request received for child 24 (server 2blog.ilc.edu.tw:443)
[Wed Aug 26 01:57:34.081043 2026] [authz_core:debug] [pid 2196245:tid 2196245] mod_authz_core.c(815): [client 216.73.216.242:1577] AH01626: authorization result of Require all granted: granted
[Wed Aug 26 01:57:34.081048 2026] [authz_core:debug] [pid 2196245:tid 2196245] mod_authz_core.c(815): [client 216.73.216.242:1577] AH01626: authorization result of : granted
[Wed Aug 26 01:57:34.081171 2026] [authz_core:debug] [pid 2196245:tid 2196245] mod_authz_core.c(815): [client 216.73.216.242:1577] AH01626: authorization result of Require all granted: granted
[Wed Aug 26 01:57:34.081175 2026] [authz_core:debug] [pid 2196245:tid 2196245] mod_authz_core.c(815): [client 216.73.216.242:1577] AH01626: authorization result of : granted
[Wed Aug 26 01:57:34.101287 2026] [ssl:info] [pid 2196252:tid 2196252] [client 161.0.2.207:65314] AH01964: Connection to child 31 established (server 2blog.ilc.edu.tw:443)
[Wed Aug 26 01:57:34.101426 2026] [ssl:debug] [pid 2196252:tid 2196252] ssl_engine_kernel.c(2222): [client 161.0.2.207:65314] AH02043: SSL virtual host for servername 2blog.ilc.edu.tw found
[Wed Aug 26 01:57:34.101493 2026] [core:debug] [pid 2196252:tid 2196252] protocol.c(2460): [client 161.0.2.207:65314] AH03155: select protocol from , choices=h2,http/1.1 for server 2blog.ilc.edu.tw
[Wed Aug 26 01:57:34.101525 2026] [ssl:debug] [pid 2196252:tid 2196252] ssl_util_stapling.c(819): AH01951: stapling_cb: OCSP Stapling callback called
[Wed Aug 26 01:57:34.101530 2026] [ssl:info] [pid 2196252:tid 2196252] AH01926: stapling_get_certinfo: stapling not supported for certificate
[Wed Aug 26 01:57:34.268166 2026] [ssl:debug] [pid 2196246:tid 2196246] ssl_engine_kernel.c(254): [client 216.73.216.242:65218] AH02034: Subsequent (No.60) HTTPS request received for child 25 (server 2blog.ilc.edu.tw:443)
[Wed Aug 26 01:57:34.268349 2026] [authz_core:debug] [pid 2196246:tid 2196246] mod_authz_core.c(815): [client 216.73.216.242:65218] AH01626: authorization result of Require all granted: granted
[Wed Aug 26 01:57:34.268356 2026] [authz_core:debug] [pid 2196246:tid 2196246] mod_authz_core.c(815): [client 216.73.216.242:65218] AH01626: authorization result of : granted
[Wed Aug 26 01:57:34.268474 2026] [authz_core:debug] [pid 2196246:tid 2196246] mod_authz_core.c(815): [client 216.73.216.242:65218] AH01626: authorization result of Require all granted: granted
[Wed Aug 26 01:57:34.268479 2026] [authz_core:debug] [pid 2196246:tid 2196246] mod_authz_core.c(815): [client 216.73.216.242:65218] AH01626: authorization result of : granted
[Wed Aug 26 01:57:34.301773 2026] [ssl:info] [pid 2196249:tid 2196249] [client 2a03:2880:f802:18:::45070] AH01964: Connection to child 28 established (server 2blog.ilc.edu.tw:443)
[Wed Aug 26 01:57:34.301909 2026] [ssl:debug] [pid 2196249:tid 2196249] ssl_engine_kernel.c(2222): [client 2a03:2880:f802:18:::45070] AH02043: SSL virtual host for servername 2blog.ilc.edu.tw found
[Wed Aug 26 01:57:34.301958 2026] [core:debug] [pid 2196249:tid 2196249] protocol.c(2460): [client 2a03:2880:f802:18:::45070] AH03155: select protocol from , choices=h2,http/1.1 for server 2blog.ilc.edu.tw
[Wed Aug 26 01:57:34.360739 2026] [ssl:debug] [pid 2196243:tid 2196243] ssl_engine_kernel.c(254): [client 216.73.216.242:40951] AH02034: Subsequent (No.57) HTTPS request received for child 22 (server 2blog.ilc.edu.tw:443)
[Wed Aug 26 01:57:34.360988 2026] [authz_core:debug] [pid 2196243:tid 2196243] mod_authz_core.c(815): [client 216.73.216.242:40951] AH01626: authorization result of Require all granted: granted
[Wed Aug 26 01:57:34.360995 2026] [authz_core:debug] [pid 2196243:tid 2196243] mod_authz_core.c(815): [client 216.73.216.242:40951] AH01626: authorization result of : granted
[Wed Aug 26 01:57:34.361112 2026] [authz_core:debug] [pid 2196243:tid 2196243] mod_authz_core.c(815): [client 216.73.216.242:40951] AH01626: authorization result of Require all granted: granted
[Wed Aug 26 01:57:34.361116 2026] [authz_core:debug] [pid 2196243:tid 2196243] mod_authz_core.c(815): [client 216.73.216.242:40951] AH01626: authorization result of : granted
[Wed Aug 26 01:57:34.365715 2026] [deflate:debug] [pid 2196245:tid 2196245] mod_deflate.c(909): [client 216.73.216.242:1577] AH01384: Zlib: Compressed 2805 to 1269 : URL /index.php
[Wed Aug 26 01:57:34.370354 2026] [ssl:debug] [pid 2196252:tid 2196252] ssl_engine_kernel.c(2082): [client 161.0.2.207:65314] AH02041: Protocol: TLSv1.3, Cipher: TLS_AES_256_GCM_SHA384 (256/256 bits)
[Wed Aug 26 01:57:34.370405 2026] [socache_shmcb:debug] [pid 2196252:tid 2196252] mod_socache_shmcb.c(508): AH00831: socache_shmcb_store (0x1f -> subcache 31)
[Wed Aug 26 01:57:34.370411 2026] [socache_shmcb:debug] [pid 2196252:tid 2196252] mod_socache_shmcb.c(745): AH00842: expiring 6 and reclaiming 0 removed socache entries
[Wed Aug 26 01:57:34.370413 2026] [socache_shmcb:debug] [pid 2196252:tid 2196252] mod_socache_shmcb.c(765): AH00843: we now have 42 socache entries
[Wed Aug 26 01:57:34.370415 2026] [socache_shmcb:debug] [pid 2196252:tid 2196252] mod_socache_shmcb.c(860): AH00847: insert happened at idx=47, data=(600:632)
[Wed Aug 26 01:57:34.370427 2026] [socache_shmcb:debug] [pid 2196252:tid 2196252] mod_socache_shmcb.c(863): AH00848: finished insert, subcache: idx_pos/idx_used=5/43, data_pos/data_used=5149/9541
[Wed Aug 26 01:57:34.370429 2026] [socache_shmcb:debug] [pid 2196252:tid 2196252] mod_socache_shmcb.c(530): AH00834: leaving socache_shmcb_store successfully
[Wed Aug 26 01:57:34.370481 2026] [socache_shmcb:debug] [pid 2196252:tid 2196252] mod_socache_shmcb.c(508): AH00831: socache_shmcb_store (0x25 -> subcache 5)
[Wed Aug 26 01:57:34.370496 2026] [socache_shmcb:debug] [pid 2196252:tid 2196252] mod_socache_shmcb.c(745): AH00842: expiring 3 and reclaiming 0 removed socache entries
[Wed Aug 26 01:57:34.370498 2026] [socache_shmcb:debug] [pid 2196252:tid 2196252] mod_socache_shmcb.c(765): AH00843: we now have 27 socache entries
[Wed Aug 26 01:57:34.370500 2026] [socache_shmcb:debug] [pid 2196252:tid 2196252] mod_socache_shmcb.c(860): AH00847: insert happened at idx=52, data=(1633:1665)
[Wed Aug 26 01:57:34.370502 2026] [socache_shmcb:debug] [pid 2196252:tid 2196252] mod_socache_shmcb.c(863): AH00848: finished insert, subcache: idx_pos/idx_used=25/28, data_pos/data_used=9457/6266
[Wed Aug 26 01:57:34.370503 2026] [socache_shmcb:debug] [pid 2196252:tid 2196252] mod_socache_shmcb.c(530): AH00834: leaving socache_shmcb_store successfully
[Wed Aug 26 01:57:34.370616 2026] [ssl:debug] [pid 2196252:tid 2196252] ssl_engine_kernel.c(254): [client 161.0.2.207:65314] AH02034: Initial (No.1) HTTPS request received for child 31 (server 2blog.ilc.edu.tw:443)
[Wed Aug 26 01:57:34.379082 2026] [authz_core:debug] [pid 2196252:tid 2196252] mod_authz_core.c(815): [client 161.0.2.207:65314] AH01626: authorization result of Require all granted: granted
[Wed Aug 26 01:57:34.379097 2026] [authz_core:debug] [pid 2196252:tid 2196252] mod_authz_core.c(815): [client 161.0.2.207:65314] AH01626: authorization result of : granted
[Wed Aug 26 01:57:34.439864 2026] [ssl:debug] [pid 2196205:tid 2196205] ssl_engine_kernel.c(254): [client 216.73.216.242:12307] AH02034: Subsequent (No.62) HTTPS request received for child 14 (server 2blog.ilc.edu.tw:443)
[Wed Aug 26 01:57:34.440052 2026] [authz_core:debug] [pid 2196205:tid 2196205] mod_authz_core.c(815): [client 216.73.216.242:12307] AH01626: authorization result of Require all granted: granted
[Wed Aug 26 01:57:34.440056 2026] [authz_core:debug] [pid 2196205:tid 2196205] mod_authz_core.c(815): [client 216.73.216.242:12307] AH01626: authorization result of : granted
[Wed Aug 26 01:57:34.440168 2026] [authz_core:debug] [pid 2196205:tid 2196205] mod_authz_core.c(815): [client 216.73.216.242:12307] AH01626: authorization result of Require all granted: granted
[Wed Aug 26 01:57:34.440172 2026] [authz_core:debug] [pid 2196205:tid 2196205] mod_authz_core.c(815): [client 216.73.216.242:12307] AH01626: authorization result of : granted
[Wed Aug 26 01:57:34.446997 2026] [ssl:debug] [pid 2196249:tid 2196249] ssl_engine_kernel.c(2082): [client 2a03:2880:f802:18:::45070] AH02041: Protocol: TLSv1.3, Cipher: TLS_AES_256_GCM_SHA384 (256/256 bits)
[Wed Aug 26 01:57:34.447042 2026] [socache_shmcb:debug] [pid 2196249:tid 2196249] mod_socache_shmcb.c(508): AH00831: socache_shmcb_store (0xd7 -> subcache 23)
[Wed Aug 26 01:57:34.447047 2026] [socache_shmcb:debug] [pid 2196249:tid 2196249] mod_socache_shmcb.c(745): AH00842: expiring 2 and reclaiming 0 removed socache entries
[Wed Aug 26 01:57:34.447049 2026] [socache_shmcb:debug] [pid 2196249:tid 2196249] mod_socache_shmcb.c(765): AH00843: we now have 29 socache entries
[Wed Aug 26 01:57:34.447051 2026] [socache_shmcb:debug] [pid 2196249:tid 2196249] mod_socache_shmcb.c(860): AH00847: insert happened at idx=6, data=(11097:11129)
[Wed Aug 26 01:57:34.447053 2026] [socache_shmcb:debug] [pid 2196249:tid 2196249] mod_socache_shmcb.c(863): AH00848: finished insert, subcache: idx_pos/idx_used=65/30, data_pos/data_used=4623/6699
[Wed Aug 26 01:57:34.447055 2026] [socache_shmcb:debug] [pid 2196249:tid 2196249] mod_socache_shmcb.c(530): AH00834: leaving socache_shmcb_store successfully
[Wed Aug 26 01:57:34.447117 2026] [socache_shmcb:debug] [pid 2196249:tid 2196249] mod_socache_shmcb.c(508): AH00831: socache_shmcb_store (0xf0 -> subcache 16)
[Wed Aug 26 01:57:34.447131 2026] [socache_shmcb:debug] [pid 2196249:tid 2196249] mod_socache_shmcb.c(860): AH00847: insert happened at idx=76, data=(7093:7125)
[Wed Aug 26 01:57:34.447133 2026] [socache_shmcb:debug] [pid 2196249:tid 2196249] mod_socache_shmcb.c(863): AH00848: finished insert, subcache: idx_pos/idx_used=40/37, data_pos/data_used=12953/8229
[Wed Aug 26 01:57:34.447135 2026] [socache_shmcb:debug] [pid 2196249:tid 2196249] mod_socache_shmcb.c(530): AH00834: leaving socache_shmcb_store successfully
[Wed Aug 26 01:57:34.447235 2026] [ssl:debug] [pid 2196249:tid 2196249] ssl_engine_kernel.c(254): [client 2a03:2880:f802:18:::45070] AH02034: Initial (No.1) HTTPS request received for child 28 (server 2blog.ilc.edu.tw:443)
[Wed Aug 26 01:57:34.447399 2026] [authz_core:debug] [pid 2196249:tid 2196249] mod_authz_core.c(815): [client 2a03:2880:f802:18:::45070] AH01626: authorization result of Require all granted: granted
[Wed Aug 26 01:57:34.447404 2026] [authz_core:debug] [pid 2196249:tid 2196249] mod_authz_core.c(815): [client 2a03:2880:f802:18:::45070] AH01626: authorization result of : granted
[Wed Aug 26 01:57:34.447513 2026] [authz_core:debug] [pid 2196249:tid 2196249] mod_authz_core.c(815): [client 2a03:2880:f802:18:::45070] AH01626: authorization result of Require all granted: granted
[Wed Aug 26 01:57:34.447517 2026] [authz_core:debug] [pid 2196249:tid 2196249] mod_authz_core.c(815): [client 2a03:2880:f802:18:::45070] AH01626: authorization result of : granted
