[Wed Aug 26 01:47:23.968517 2026] [ssl:info] [pid 2184221:tid 2184221] AH01926: stapling_get_certinfo: stapling not supported for certificate
[Wed Aug 26 01:47:24.145728 2026] [ssl:debug] [pid 2185790:tid 2185790] ssl_engine_kernel.c(254): [client 240e:94c:4a00:413::1a:49572] AH02034: Subsequent (No.6) HTTPS request received for child 4 (server 2blog.ilc.edu.tw:443), referer: https://2blog.ilc.edu.tw/6422/2012/11/page/4/
[Wed Aug 26 01:47:24.145978 2026] [authz_core:debug] [pid 2185790:tid 2185790] mod_authz_core.c(815): [client 240e:94c:4a00:413::1a:49572] AH01626: authorization result of Require all granted: granted, referer: https://2blog.ilc.edu.tw/6422/2012/11/page/4/
[Wed Aug 26 01:47:24.145985 2026] [authz_core:debug] [pid 2185790:tid 2185790] mod_authz_core.c(815): [client 240e:94c:4a00:413::1a:49572] AH01626: authorization result of : granted, referer: https://2blog.ilc.edu.tw/6422/2012/11/page/4/
[Wed Aug 26 01:47:24.146234 2026] [authz_core:debug] [pid 2185790:tid 2185790] mod_authz_core.c(815): [client 240e:94c:4a00:413::1a:49572] AH01626: authorization result of Require all granted: granted, referer: https://2blog.ilc.edu.tw/6422/2012/11/page/4/
[Wed Aug 26 01:47:24.146241 2026] [authz_core:debug] [pid 2185790:tid 2185790] mod_authz_core.c(815): [client 240e:94c:4a00:413::1a:49572] AH01626: authorization result of : granted, referer: https://2blog.ilc.edu.tw/6422/2012/11/page/4/
[Wed Aug 26 01:47:24.147041 2026] [deflate:debug] [pid 2185790:tid 2185790] mod_deflate.c(909): [client 240e:94c:4a00:413::1a:49572] AH01384: Zlib: Compressed 20216 to 7328 : URL /wp-content/themes/oceanwp/assets/js/vendors/magnific-popup.min.js, referer: https://2blog.ilc.edu.tw/6422/2012/11/page/4/
[Wed Aug 26 01:47:24.153939 2026] [deflate:debug] [pid 2185794:tid 2185794] mod_deflate.c(909): [client 34.123.149.87:41472] AH01384: Zlib: Compressed 545797 to 86549 : URL /index.php
[Wed Aug 26 01:47:24.335036 2026] [ssl:debug] [pid 2185799:tid 2185799] ssl_engine_kernel.c(2082): [client 2408:8760:118:5::d:28530] AH02041: Protocol: TLSv1.3, Cipher: TLS_AES_256_GCM_SHA384 (256/256 bits)
[Wed Aug 26 01:47:24.335094 2026] [socache_shmcb:debug] [pid 2185799:tid 2185799] mod_socache_shmcb.c(508): AH00831: socache_shmcb_store (0x9c -> subcache 28)
[Wed Aug 26 01:47:24.335100 2026] [socache_shmcb:debug] [pid 2185799:tid 2185799] mod_socache_shmcb.c(745): AH00842: expiring 3 and reclaiming 0 removed socache entries
[Wed Aug 26 01:47:24.335102 2026] [socache_shmcb:debug] [pid 2185799:tid 2185799] mod_socache_shmcb.c(765): AH00843: we now have 41 socache entries
[Wed Aug 26 01:47:24.335105 2026] [socache_shmcb:debug] [pid 2185799:tid 2185799] mod_socache_shmcb.c(860): AH00847: insert happened at idx=64, data=(4434:4466)
[Wed Aug 26 01:47:24.335107 2026] [socache_shmcb:debug] [pid 2185799:tid 2185799] mod_socache_shmcb.c(863): AH00848: finished insert, subcache: idx_pos/idx_used=23/42, data_pos/data_used=9247/9276
[Wed Aug 26 01:47:24.335109 2026] [socache_shmcb:debug] [pid 2185799:tid 2185799] mod_socache_shmcb.c(530): AH00834: leaving socache_shmcb_store successfully
[Wed Aug 26 01:47:24.335164 2026] [socache_shmcb:debug] [pid 2185799:tid 2185799] mod_socache_shmcb.c(508): AH00831: socache_shmcb_store (0x8b -> subcache 11)
[Wed Aug 26 01:47:24.335186 2026] [socache_shmcb:debug] [pid 2185799:tid 2185799] mod_socache_shmcb.c(860): AH00847: insert happened at idx=38, data=(12773:12805)
[Wed Aug 26 01:47:24.335188 2026] [socache_shmcb:debug] [pid 2185799:tid 2185799] mod_socache_shmcb.c(863): AH00848: finished insert, subcache: idx_pos/idx_used=15/24, data_pos/data_used=7622/5376
[Wed Aug 26 01:47:24.335189 2026] [socache_shmcb:debug] [pid 2185799:tid 2185799] mod_socache_shmcb.c(530): AH00834: leaving socache_shmcb_store successfully
[Wed Aug 26 01:47:24.335303 2026] [ssl:debug] [pid 2185799:tid 2185799] ssl_engine_kernel.c(254): [client 2408:8760:118:5::d:28530] AH02034: Initial (No.1) HTTPS request received for child 16 (server 2blog.ilc.edu.tw:443), referer: https://2blog.ilc.edu.tw/taiwanmilingual/category/%e8%87%ba%e7%81%a3%e9%9b%99%e8%aa%9e%e6%95%99%e6%9d%90/
[Wed Aug 26 01:47:24.335477 2026] [authz_core:debug] [pid 2185799:tid 2185799] mod_authz_core.c(815): [client 2408:8760:118:5::d:28530] AH01626: authorization result of Require all granted: granted, referer: https://2blog.ilc.edu.tw/taiwanmilingual/category/%e8%87%ba%e7%81%a3%e9%9b%99%e8%aa%9e%e6%95%99%e6%9d%90/
[Wed Aug 26 01:47:24.335481 2026] [authz_core:debug] [pid 2185799:tid 2185799] mod_authz_core.c(815): [client 2408:8760:118:5::d:28530] AH01626: authorization result of : granted, referer: https://2blog.ilc.edu.tw/taiwanmilingual/category/%e8%87%ba%e7%81%a3%e9%9b%99%e8%aa%9e%e6%95%99%e6%9d%90/
[Wed Aug 26 01:47:24.336028 2026] [authz_core:debug] [pid 2185799:tid 2185799] mod_authz_core.c(815): [client 2408:8760:118:5::d:28530] AH01626: authorization result of Require all granted: granted, referer: https://2blog.ilc.edu.tw/taiwanmilingual/category/%e8%87%ba%e7%81%a3%e9%9b%99%e8%aa%9e%e6%95%99%e6%9d%90/
[Wed Aug 26 01:47:24.336040 2026] [authz_core:debug] [pid 2185799:tid 2185799] mod_authz_core.c(815): [client 2408:8760:118:5::d:28530] AH01626: authorization result of : granted, referer: https://2blog.ilc.edu.tw/taiwanmilingual/category/%e8%87%ba%e7%81%a3%e9%9b%99%e8%aa%9e%e6%95%99%e6%9d%90/
[Wed Aug 26 01:47:24.338166 2026] [deflate:debug] [pid 2185799:tid 2185799] mod_deflate.c(909): [client 2408:8760:118:5::d:28530] AH01384: Zlib: Compressed 112428 to 14824 : URL /wp-content/cache/2blog.ilc.edu.tw/wpfc-minified/lb0tp88t/60z6b.css, referer: https://2blog.ilc.edu.tw/taiwanmilingual/category/%e8%87%ba%e7%81%a3%e9%9b%99%e8%aa%9e%e6%95%99%e6%9d%90/
[Wed Aug 26 01:47:24.338609 2026] [ssl:debug] [pid 2185786:tid 2185786] ssl_engine_kernel.c(2082): [client 2408:8760:118:5::d:28528] AH02041: Protocol: TLSv1.3, Cipher: TLS_AES_256_GCM_SHA384 (256/256 bits)
[Wed Aug 26 01:47:24.338669 2026] [socache_shmcb:debug] [pid 2185786:tid 2185786] mod_socache_shmcb.c(508): AH00831: socache_shmcb_store (0x8e -> subcache 14)
[Wed Aug 26 01:47:24.338677 2026] [socache_shmcb:debug] [pid 2185786:tid 2185786] mod_socache_shmcb.c(745): AH00842: expiring 4 and reclaiming 0 removed socache entries
[Wed Aug 26 01:47:24.338681 2026] [socache_shmcb:debug] [pid 2185786:tid 2185786] mod_socache_shmcb.c(765): AH00843: we now have 29 socache entries
[Wed Aug 26 01:47:24.338685 2026] [socache_shmcb:debug] [pid 2185786:tid 2185786] mod_socache_shmcb.c(860): AH00847: insert happened at idx=14, data=(7268:7300)
[Wed Aug 26 01:47:24.338688 2026] [socache_shmcb:debug] [pid 2185786:tid 2185786] mod_socache_shmcb.c(863): AH00848: finished insert, subcache: idx_pos/idx_used=73/30, data_pos/data_used=824/6669
[Wed Aug 26 01:47:24.338691 2026] [socache_shmcb:debug] [pid 2185786:tid 2185786] mod_socache_shmcb.c(530): AH00834: leaving socache_shmcb_store successfully
[Wed Aug 26 01:47:24.338763 2026] [socache_shmcb:debug] [pid 2185786:tid 2185786] mod_socache_shmcb.c(508): AH00831: socache_shmcb_store (0x21 -> subcache 1)
[Wed Aug 26 01:47:24.338769 2026] [socache_shmcb:debug] [pid 2185786:tid 2185786] mod_socache_shmcb.c(860): AH00847: insert happened at idx=53, data=(1972:2004)
[Wed Aug 26 01:47:24.338772 2026] [socache_shmcb:debug] [pid 2185786:tid 2185786] mod_socache_shmcb.c(863): AH00848: finished insert, subcache: idx_pos/idx_used=9/45, data_pos/data_used=6082/9980
[Wed Aug 26 01:47:24.338775 2026] [socache_shmcb:debug] [pid 2185786:tid 2185786] mod_socache_shmcb.c(530): AH00834: leaving socache_shmcb_store successfully
[Wed Aug 26 01:47:24.339104 2026] [ssl:debug] [pid 2185786:tid 2185786] ssl_engine_kernel.c(254): [client 2408:8760:118:5::d:28528] AH02034: Initial (No.1) HTTPS request received for child 3 (server 2blog.ilc.edu.tw:443), referer: https://2blog.ilc.edu.tw/taiwanmilingual/category/%e8%87%ba%e7%81%a3%e9%9b%99%e8%aa%9e%e6%95%99%e6%9d%90/
[Wed Aug 26 01:47:24.339316 2026] [authz_core:debug] [pid 2185786:tid 2185786] mod_authz_core.c(815): [client 2408:8760:118:5::d:28528] AH01626: authorization result of Require all granted: granted, referer: https://2blog.ilc.edu.tw/taiwanmilingual/category/%e8%87%ba%e7%81%a3%e9%9b%99%e8%aa%9e%e6%95%99%e6%9d%90/
[Wed Aug 26 01:47:24.339331 2026] [authz_core:debug] [pid 2185786:tid 2185786] mod_authz_core.c(815): [client 2408:8760:118:5::d:28528] AH01626: authorization result of : granted, referer: https://2blog.ilc.edu.tw/taiwanmilingual/category/%e8%87%ba%e7%81%a3%e9%9b%99%e8%aa%9e%e6%95%99%e6%9d%90/
[Wed Aug 26 01:47:24.339557 2026] [ssl:debug] [pid 2185793:tid 2185793] ssl_engine_kernel.c(2082): [client 2408:8760:118:5::d:28522] AH02041: Protocol: TLSv1.3, Cipher: TLS_AES_256_GCM_SHA384 (256/256 bits)
[Wed Aug 26 01:47:24.339596 2026] [socache_shmcb:debug] [pid 2185793:tid 2185793] mod_socache_shmcb.c(508): AH00831: socache_shmcb_store (0x39 -> subcache 25)
[Wed Aug 26 01:47:24.339601 2026] [socache_shmcb:debug] [pid 2185793:tid 2185793] mod_socache_shmcb.c(745): AH00842: expiring 1 and reclaiming 0 removed socache entries
[Wed Aug 26 01:47:24.339603 2026] [socache_shmcb:debug] [pid 2185793:tid 2185793] mod_socache_shmcb.c(765): AH00843: we now have 24 socache entries
[Wed Aug 26 01:47:24.339605 2026] [socache_shmcb:debug] [pid 2185793:tid 2185793] mod_socache_shmcb.c(860): AH00847: insert happened at idx=77, data=(1624:1656)
[Wed Aug 26 01:47:24.339607 2026] [socache_shmcb:debug] [pid 2185793:tid 2185793] mod_socache_shmcb.c(863): AH00848: finished insert, subcache: idx_pos/idx_used=53/25, data_pos/data_used=10147/5566
[Wed Aug 26 01:47:24.339609 2026] [socache_shmcb:debug] [pid 2185793:tid 2185793] mod_socache_shmcb.c(530): AH00834: leaving socache_shmcb_store successfully
[Wed Aug 26 01:47:24.339673 2026] [socache_shmcb:debug] [pid 2185793:tid 2185793] mod_socache_shmcb.c(508): AH00831: socache_shmcb_store (0xdc -> subcache 28)
[Wed Aug 26 01:47:24.339680 2026] [socache_shmcb:debug] [pid 2185793:tid 2185793] mod_socache_shmcb.c(860): AH00847: insert happened at idx=65, data=(4659:4691)
[Wed Aug 26 01:47:24.339682 2026] [socache_shmcb:debug] [pid 2185793:tid 2185793] mod_socache_shmcb.c(863): AH00848: finished insert, subcache: idx_pos/idx_used=23/43, data_pos/data_used=9247/9502
[Wed Aug 26 01:47:24.339683 2026] [socache_shmcb:debug] [pid 2185793:tid 2185793] mod_socache_shmcb.c(530): AH00834: leaving socache_shmcb_store successfully
[Wed Aug 26 01:47:24.339832 2026] [ssl:debug] [pid 2185793:tid 2185793] ssl_engine_kernel.c(254): [client 2408:8760:118:5::d:28522] AH02034: Initial (No.1) HTTPS request received for child 0 (server 2blog.ilc.edu.tw:443), referer: https://2blog.ilc.edu.tw/taiwanmilingual/category/%e8%87%ba%e7%81%a3%e9%9b%99%e8%aa%9e%e6%95%99%e6%9d%90/
[Wed Aug 26 01:47:24.339995 2026] [authz_core:debug] [pid 2185793:tid 2185793] mod_authz_core.c(815): [client 2408:8760:118:5::d:28522] AH01626: authorization result of Require all granted: granted, referer: https://2blog.ilc.edu.tw/taiwanmilingual/category/%e8%87%ba%e7%81%a3%e9%9b%99%e8%aa%9e%e6%95%99%e6%9d%90/
[Wed Aug 26 01:47:24.340002 2026] [authz_core:debug] [pid 2185793:tid 2185793] mod_authz_core.c(815): [client 2408:8760:118:5::d:28522] AH01626: authorization result of : granted, referer: https://2blog.ilc.edu.tw/taiwanmilingual/category/%e8%87%ba%e7%81%a3%e9%9b%99%e8%aa%9e%e6%95%99%e6%9d%90/
[Wed Aug 26 01:47:24.340233 2026] [authz_core:debug] [pid 2185786:tid 2185786] mod_authz_core.c(815): [client 2408:8760:118:5::d:28528] AH01626: authorization result of Require all granted: granted, referer: https://2blog.ilc.edu.tw/taiwanmilingual/category/%e8%87%ba%e7%81%a3%e9%9b%99%e8%aa%9e%e6%95%99%e6%9d%90/
[Wed Aug 26 01:47:24.340242 2026] [authz_core:debug] [pid 2185786:tid 2185786] mod_authz_core.c(815): [client 2408:8760:118:5::d:28528] AH01626: authorization result of : granted, referer: https://2blog.ilc.edu.tw/taiwanmilingual/category/%e8%87%ba%e7%81%a3%e9%9b%99%e8%aa%9e%e6%95%99%e6%9d%90/
[Wed Aug 26 01:47:24.344791 2026] [authz_core:debug] [pid 2185793:tid 2185793] mod_authz_core.c(815): [client 2408:8760:118:5::d:28522] AH01626: authorization result of Require all granted: granted, referer: https://2blog.ilc.edu.tw/taiwanmilingual/category/%e8%87%ba%e7%81%a3%e9%9b%99%e8%aa%9e%e6%95%99%e6%9d%90/
[Wed Aug 26 01:47:24.344819 2026] [authz_core:debug] [pid 2185793:tid 2185793] mod_authz_core.c(815): [client 2408:8760:118:5::d:28522] AH01626: authorization result of : granted, referer: https://2blog.ilc.edu.tw/taiwanmilingual/category/%e8%87%ba%e7%81%a3%e9%9b%99%e8%aa%9e%e6%95%99%e6%9d%90/
[Wed Aug 26 01:47:24.346555 2026] [ssl:debug] [pid 2185707:tid 2185707] ssl_engine_kernel.c(2082): [client 2408:8760:118:5::d:28526] AH02041: Protocol: TLSv1.3, Cipher: TLS_AES_256_GCM_SHA384 (256/256 bits)
[Wed Aug 26 01:47:24.346607 2026] [socache_shmcb:debug] [pid 2185707:tid 2185707] mod_socache_shmcb.c(508): AH00831: socache_shmcb_store (0xb4 -> subcache 20)
[Wed Aug 26 01:47:24.346612 2026] [socache_shmcb:debug] [pid 2185707:tid 2185707] mod_socache_shmcb.c(860): AH00847: insert happened at idx=17, data=(8358:8390)
[Wed Aug 26 01:47:24.346614 2026] [socache_shmcb:debug] [pid 2185707:tid 2185707] mod_socache_shmcb.c(863): AH00848: finished insert, subcache: idx_pos/idx_used=68/38, data_pos/data_used=146/8437
[Wed Aug 26 01:47:24.346622 2026] [socache_shmcb:debug] [pid 2185707:tid 2185707] mod_socache_shmcb.c(530): AH00834: leaving socache_shmcb_store successfully
[Wed Aug 26 01:47:24.346671 2026] [socache_shmcb:debug] [pid 2185707:tid 2185707] mod_socache_shmcb.c(508): AH00831: socache_shmcb_store (0xba -> subcache 26)
[Wed Aug 26 01:47:24.346677 2026] [socache_shmcb:debug] [pid 2185707:tid 2185707] mod_socache_shmcb.c(860): AH00847: insert happened at idx=59, data=(3253:3285)
[Wed Aug 26 01:47:24.346678 2026] [socache_shmcb:debug] [pid 2185707:tid 2185707] mod_socache_shmcb.c(863): AH00848: finished insert, subcache: idx_pos/idx_used=31/29, data_pos/data_used=10953/6389
[Wed Aug 26 01:47:24.346680 2026] [socache_shmcb:debug] [pid 2185707:tid 2185707] mod_socache_shmcb.c(530): AH00834: leaving socache_shmcb_store successfully
[Wed Aug 26 01:47:24.346779 2026] [ssl:debug] [pid 2185707:tid 2185707] ssl_engine_kernel.c(254): [client 2408:8760:118:5::d:28526] AH02034: Initial (No.1) HTTPS request received for child 6 (server 2blog.ilc.edu.tw:443), referer: https://2blog.ilc.edu.tw/taiwanmilingual/category/%e8%87%ba%e7%81%a3%e9%9b%99%e8%aa%9e%e6%95%99%e6%9d%90/
[Wed Aug 26 01:47:24.346934 2026] [authz_core:debug] [pid 2185707:tid 2185707] mod_authz_core.c(815): [client 2408:8760:118:5::d:28526] AH01626: authorization result of Require all granted: granted, referer: https://2blog.ilc.edu.tw/taiwanmilingual/category/%e8%87%ba%e7%81%a3%e9%9b%99%e8%aa%9e%e6%95%99%e6%9d%90/
[Wed Aug 26 01:47:24.346939 2026] [authz_core:debug] [pid 2185707:tid 2185707] mod_authz_core.c(815): [client 2408:8760:118:5::d:28526] AH01626: authorization result of : granted, referer: https://2blog.ilc.edu.tw/taiwanmilingual/category/%e8%87%ba%e7%81%a3%e9%9b%99%e8%aa%9e%e6%95%99%e6%9d%90/
[Wed Aug 26 01:47:24.347065 2026] [authz_core:debug] [pid 2185707:tid 2185707] mod_authz_core.c(815): [client 2408:8760:118:5::d:28526] AH01626: authorization result of Require all granted: granted, referer: https://2blog.ilc.edu.tw/taiwanmilingual/category/%e8%87%ba%e7%81%a3%e9%9b%99%e8%aa%9e%e6%95%99%e6%9d%90/
[Wed Aug 26 01:47:24.347069 2026] [authz_core:debug] [pid 2185707:tid 2185707] mod_authz_core.c(815): [client 2408:8760:118:5::d:28526] AH01626: authorization result of : granted, referer: https://2blog.ilc.edu.tw/taiwanmilingual/category/%e8%87%ba%e7%81%a3%e9%9b%99%e8%aa%9e%e6%95%99%e6%9d%90/
[Wed Aug 26 01:47:24.347214 2026] [deflate:debug] [pid 2185707:tid 2185707] mod_deflate.c(909): [client 2408:8760:118:5::d:28526] AH01384: Zlib: Compressed 1718 to 700 : URL /wp-includes/js/hoverintent-js.min.js, referer: https://2blog.ilc.edu.tw/taiwanmilingual/category/%e8%87%ba%e7%81%a3%e9%9b%99%e8%aa%9e%e6%95%99%e6%9d%90/
[Wed Aug 26 01:47:24.347348 2026] [ssl:debug] [pid 2184221:tid 2184221] ssl_engine_kernel.c(2082): [client 2408:8760:118:5::d:28524] AH02041: Protocol: TLSv1.3, Cipher: TLS_AES_256_GCM_SHA384 (256/256 bits)
[Wed Aug 26 01:47:24.347403 2026] [socache_shmcb:debug] [pid 2184221:tid 2184221] mod_socache_shmcb.c(508): AH00831: socache_shmcb_store (0x27 -> subcache 7)
[Wed Aug 26 01:47:24.347410 2026] [socache_shmcb:debug] [pid 2184221:tid 2184221] mod_socache_shmcb.c(745): AH00842: expiring 3 and reclaiming 0 removed socache entries
[Wed Aug 26 01:47:24.347413 2026] [socache_shmcb:debug] [pid 2184221:tid 2184221] mod_socache_shmcb.c(765): AH00843: we now have 24 socache entries
[Wed Aug 26 01:47:24.347415 2026] [socache_shmcb:debug] [pid 2184221:tid 2184221] mod_socache_shmcb.c(860): AH00847: insert happened at idx=71, data=(108:140)
[Wed Aug 26 01:47:24.347418 2026] [socache_shmcb:debug] [pid 2184221:tid 2184221] mod_socache_shmcb.c(863): AH00848: finished insert, subcache: idx_pos/idx_used=47/25, data_pos/data_used=8608/5589
[Wed Aug 26 01:47:24.347421 2026] [socache_shmcb:debug] [pid 2184221:tid 2184221] mod_socache_shmcb.c(530): AH00834: leaving socache_shmcb_store successfully
[Wed Aug 26 01:47:24.347473 2026] [socache_shmcb:debug] [pid 2184221:tid 2184221] mod_socache_shmcb.c(508): AH00831: socache_shmcb_store (0x6c -> subcache 12)
[Wed Aug 26 01:47:24.347479 2026] [socache_shmcb:debug] [pid 2184221:tid 2184221] mod_socache_shmcb.c(745): AH00842: expiring 2 and reclaiming 0 removed socache entries
[Wed Aug 26 01:47:24.347480 2026] [socache_shmcb:debug] [pid 2184221:tid 2184221] mod_socache_shmcb.c(765): AH00843: we now have 30 socache entries
[Wed Aug 26 01:47:24.347483 2026] [socache_shmcb:debug] [pid 2184221:tid 2184221] mod_socache_shmcb.c(860): AH00847: insert happened at idx=85, data=(3365:3397)
[Wed Aug 26 01:47:24.347486 2026] [socache_shmcb:debug] [pid 2184221:tid 2184221] mod_socache_shmcb.c(863): AH00848: finished insert, subcache: idx_pos/idx_used=55/31, data_pos/data_used=10576/6879
[Wed Aug 26 01:47:24.347488 2026] [socache_shmcb:debug] [pid 2184221:tid 2184221] mod_socache_shmcb.c(530): AH00834: leaving socache_shmcb_store successfully
[Wed Aug 26 01:47:24.348005 2026] [ssl:debug] [pid 2184221:tid 2184221] ssl_engine_kernel.c(254): [client 2408:8760:118:5::d:28524] AH02034: Initial (No.1) HTTPS request received for child 25 (server 2blog.ilc.edu.tw:443), referer: https://2blog.ilc.edu.tw/taiwanmilingual/category/%e8%87%ba%e7%81%a3%e9%9b%99%e8%aa%9e%e6%95%99%e6%9d%90/
[Wed Aug 26 01:47:24.348198 2026] [authz_core:debug] [pid 2184221:tid 2184221] mod_authz_core.c(815): [client 2408:8760:118:5::d:28524] AH01626: authorization result of Require all granted: granted, referer: https://2blog.ilc.edu.tw/taiwanmilingual/category/%e8%87%ba%e7%81%a3%e9%9b%99%e8%aa%9e%e6%95%99%e6%9d%90/
[Wed Aug 26 01:47:24.348206 2026] [authz_core:debug] [pid 2184221:tid 2184221] mod_authz_core.c(815): [client 2408:8760:118:5::d:28524] AH01626: authorization result of : granted, referer: https://2blog.ilc.edu.tw/taiwanmilingual/category/%e8%87%ba%e7%81%a3%e9%9b%99%e8%aa%9e%e6%95%99%e6%9d%90/
[Wed Aug 26 01:47:24.348998 2026] [deflate:debug] [pid 2185786:tid 2185786] mod_deflate.c(909): [client 2408:8760:118:5::d:28528] AH01384: Zlib: Compressed 295224 to 52231 : URL /wp-content/cache/2blog.ilc.edu.tw/wpfc-minified/e6zr18lf/60z6b.css, referer: https://2blog.ilc.edu.tw/taiwanmilingual/category/%e8%87%ba%e7%81%a3%e9%9b%99%e8%aa%9e%e6%95%99%e6%9d%90/
[Wed Aug 26 01:47:24.349176 2026] [authz_core:debug] [pid 2184221:tid 2184221] mod_authz_core.c(815): [client 2408:8760:118:5::d:28524] AH01626: authorization result of Require all granted: granted, referer: https://2blog.ilc.edu.tw/taiwanmilingual/category/%e8%87%ba%e7%81%a3%e9%9b%99%e8%aa%9e%e6%95%99%e6%9d%90/
[Wed Aug 26 01:47:24.349185 2026] [authz_core:debug] [pid 2184221:tid 2184221] mod_authz_core.c(815): [client 2408:8760:118:5::d:28524] AH01626: authorization result of : granted, referer: https://2blog.ilc.edu.tw/taiwanmilingual/category/%e8%87%ba%e7%81%a3%e9%9b%99%e8%aa%9e%e6%95%99%e6%9d%90/
[Wed Aug 26 01:47:24.349414 2026] [deflate:debug] [pid 2185793:tid 2185793] mod_deflate.c(909): [client 2408:8760:118:5::d:28522] AH01384: Zlib: Compressed 101322 to 34547 : URL /wp-content/cache/2blog.ilc.edu.tw/wpfc-minified/6jg4wla1/60z6c.js, referer: https://2blog.ilc.edu.tw/taiwanmilingual/category/%e8%87%ba%e7%81%a3%e9%9b%99%e8%aa%9e%e6%95%99%e6%9d%90/
[Wed Aug 26 01:47:24.349638 2026] [deflate:debug] [pid 2184221:tid 2184221] mod_deflate.c(909): [client 2408:8760:118:5::d:28524] AH01384: Zlib: Compressed 15631 to 3440 : URL /wp-content/cache/2blog.ilc.edu.tw/wpfc-minified/7w7akp5w/60z6b.css, referer: https://2blog.ilc.edu.tw/taiwanmilingual/category/%e8%87%ba%e7%81%a3%e9%9b%99%e8%aa%9e%e6%95%99%e6%9d%90/
[Wed Aug 26 01:47:24.481894 2026] [ssl:debug] [pid 2185790:tid 2185790] ssl_engine_kernel.c(254): [client 240e:94c:4a00:413::1a:49572] AH02034: Subsequent (No.7) HTTPS request received for child 4 (server 2blog.ilc.edu.tw:443), referer: https://2blog.ilc.edu.tw/6422/2012/11/page/4/
[Wed Aug 26 01:47:24.482158 2026] [authz_core:debug] [pid 2185790:tid 2185790] mod_authz_core.c(815): [client 240e:94c:4a00:413::1a:49572] AH01626: authorization result of Require all granted: granted, referer: https://2blog.ilc.edu.tw/6422/2012/11/page/4/
[Wed Aug 26 01:47:24.482165 2026] [authz_core:debug] [pid 2185790:tid 2185790] mod_authz_core.c(815): [client 240e:94c:4a00:413::1a:49572] AH01626: authorization result of : granted, referer: https://2blog.ilc.edu.tw/6422/2012/11/page/4/
[Wed Aug 26 01:47:24.482319 2026] [authz_core:debug] [pid 2185790:tid 2185790] mod_authz_core.c(815): [client 240e:94c:4a00:413::1a:49572] AH01626: authorization result of Require all granted: granted, referer: https://2blog.ilc.edu.tw/6422/2012/11/page/4/
[Wed Aug 26 01:47:24.482323 2026] [authz_core:debug] [pid 2185790:tid 2185790] mod_authz_core.c(815): [client 240e:94c:4a00:413::1a:49572] AH01626: authorization result of : granted, referer: https://2blog.ilc.edu.tw/6422/2012/11/page/4/
[Wed Aug 26 01:47:24.482677 2026] [deflate:debug] [pid 2185790:tid 2185790] mod_deflate.c(909): [client 240e:94c:4a00:413::1a:49572] AH01384: Zlib: Compressed 12402 to 3229 : URL /wp-content/themes/oceanwp/assets/js/scroll-effect.min.js, referer: https://2blog.ilc.edu.tw/6422/2012/11/page/4/
[Wed Aug 26 01:47:24.526933 2026] [ssl:debug] [pid 2185797:tid 2185797] ssl_engine_io.c(1150): [client 161.153.113.113:24480] AH02001: Connection closed to child 10 with standard shutdown (server 2blog.ilc.edu.tw:443)
[Wed Aug 26 01:47:24.733194 2026] [ssl:debug] [pid 2184221:tid 2184221] ssl_engine_kernel.c(254): [client 2408:8760:118:5::d:28524] AH02034: Subsequent (No.2) HTTPS request received for child 25 (server 2blog.ilc.edu.tw:443), referer: https://2blog.ilc.edu.tw/taiwanmilingual/category/%e8%87%ba%e7%81%a3%e9%9b%99%e8%aa%9e%e6%95%99%e6%9d%90/
[Wed Aug 26 01:47:24.733404 2026] [authz_core:debug] [pid 2184221:tid 2184221] mod_authz_core.c(815): [client 2408:8760:118:5::d:28524] AH01626: authorization result of Require all granted: granted, referer: https://2blog.ilc.edu.tw/taiwanmilingual/category/%e8%87%ba%e7%81%a3%e9%9b%99%e8%aa%9e%e6%95%99%e6%9d%90/
[Wed Aug 26 01:47:24.733411 2026] [authz_core:debug] [pid 2184221:tid 2184221] mod_authz_core.c(815): [client 2408:8760:118:5::d:28524] AH01626: authorization result of : granted, referer: https://2blog.ilc.edu.tw/taiwanmilingual/category/%e8%87%ba%e7%81%a3%e9%9b%99%e8%aa%9e%e6%95%99%e6%9d%90/
[Wed Aug 26 01:47:24.733564 2026] [authz_core:debug] [pid 2184221:tid 2184221] mod_authz_core.c(815): [client 2408:8760:118:5::d:28524] AH01626: authorization result of Require all granted: granted, referer: https://2blog.ilc.edu.tw/taiwanmilingual/category/%e8%87%ba%e7%81%a3%e9%9b%99%e8%aa%9e%e6%95%99%e6%9d%90/
[Wed Aug 26 01:47:24.733569 2026] [authz_core:debug] [pid 2184221:tid 2184221] mod_authz_core.c(815): [client 2408:8760:118:5::d:28524] AH01626: authorization result of : granted, referer: https://2blog.ilc.edu.tw/taiwanmilingual/category/%e8%87%ba%e7%81%a3%e9%9b%99%e8%aa%9e%e6%95%99%e6%9d%90/
[Wed Aug 26 01:47:24.733744 2026] [deflate:debug] [pid 2184221:tid 2184221] mod_deflate.c(909): [client 2408:8760:118:5::d:28524] AH01384: Zlib: Compressed 3487 to 1339 : URL /wp-includes/js/admin-bar.min.js, referer: https://2blog.ilc.edu.tw/taiwanmilingual/category/%e8%87%ba%e7%81%a3%e9%9b%99%e8%aa%9e%e6%95%99%e6%9d%90/
[Wed Aug 26 01:47:24.733850 2026] [ssl:debug] [pid 2185707:tid 2185707] ssl_engine_kernel.c(254): [client 2408:8760:118:5::d:28526] AH02034: Subsequent (No.2) HTTPS request received for child 6 (server 2blog.ilc.edu.tw:443), referer: https://2blog.ilc.edu.tw/taiwanmilingual/category/%e8%87%ba%e7%81%a3%e9%9b%99%e8%aa%9e%e6%95%99%e6%9d%90/
[Wed Aug 26 01:47:24.734014 2026] [authz_core:debug] [pid 2185707:tid 2185707] mod_authz_core.c(815): [client 2408:8760:118:5::d:28526] AH01626: authorization result of Require all granted: granted, referer: https://2blog.ilc.edu.tw/taiwanmilingual/category/%e8%87%ba%e7%81%a3%e9%9b%99%e8%aa%9e%e6%95%99%e6%9d%90/
[Wed Aug 26 01:47:24.734020 2026] [authz_core:debug] [pid 2185707:tid 2185707] mod_authz_core.c(815): [client 2408:8760:118:5::d:28526] AH01626: authorization result of : granted, referer: https://2blog.ilc.edu.tw/taiwanmilingual/category/%e8%87%ba%e7%81%a3%e9%9b%99%e8%aa%9e%e6%95%99%e6%9d%90/
[Wed Aug 26 01:47:24.734140 2026] [authz_core:debug] [pid 2185707:tid 2185707] mod_authz_core.c(815): [client 2408:8760:118:5::d:28526] AH01626: authorization result of Require all granted: granted, referer: https://2blog.ilc.edu.tw/taiwanmilingual/category/%e8%87%ba%e7%81%a3%e9%9b%99%e8%aa%9e%e6%95%99%e6%9d%90/
[Wed Aug 26 01:47:24.734144 2026] [authz_core:debug] [pid 2185707:tid 2185707] mod_authz_core.c(815): [client 2408:8760:118:5::d:28526] AH01626: authorization result of : granted, referer: https://2blog.ilc.edu.tw/taiwanmilingual/category/%e8%87%ba%e7%81%a3%e9%9b%99%e8%aa%9e%e6%95%99%e6%9d%90/
[Wed Aug 26 01:47:24.734327 2026] [deflate:debug] [pid 2185707:tid 2185707] mod_deflate.c(909): [client 2408:8760:118:5::d:28526] AH01384: Zlib: Compressed 5520 to 1785 : URL /wp-includes/js/imagesloaded.min.js, referer: https://2blog.ilc.edu.tw/taiwanmilingual/category/%e8%87%ba%e7%81%a3%e9%9b%99%e8%aa%9e%e6%95%99%e6%9d%90/
[Wed Aug 26 01:47:25.117781 2026] [ssl:debug] [pid 2185707:tid 2185707] ssl_engine_kernel.c(254): [client 2408:8760:118:5::d:28526] AH02034: Subsequent (No.3) HTTPS request received for child 6 (server 2blog.ilc.edu.tw:443), referer: https://2blog.ilc.edu.tw/taiwanmilingual/category/%e8%87%ba%e7%81%a3%e9%9b%99%e8%aa%9e%e6%95%99%e6%9d%90/
[Wed Aug 26 01:47:25.118002 2026] [authz_core:debug] [pid 2185707:tid 2185707] mod_authz_core.c(815): [client 2408:8760:118:5::d:28526] AH01626: authorization result of Require all granted: granted, referer: https://2blog.ilc.edu.tw/taiwanmilingual/category/%e8%87%ba%e7%81%a3%e9%9b%99%e8%aa%9e%e6%95%99%e6%9d%90/
[Wed Aug 26 01:47:25.118009 2026] [authz_core:debug] [pid 2185707:tid 2185707] mod_authz_core.c(815): [client 2408:8760:118:5::d:28526] AH01626: authorization result of : granted, referer: https://2blog.ilc.edu.tw/taiwanmilingual/category/%e8%87%ba%e7%81%a3%e9%9b%99%e8%aa%9e%e6%95%99%e6%9d%90/
[Wed Aug 26 01:47:25.118156 2026] [authz_core:debug] [pid 2185707:tid 2185707] mod_authz_core.c(815): [client 2408:8760:118:5::d:28526] AH01626: authorization result of Require all granted: granted, referer: https://2blog.ilc.edu.tw/taiwanmilingual/category/%e8%87%ba%e7%81%a3%e9%9b%99%e8%aa%9e%e6%95%99%e6%9d%90/
[Wed Aug 26 01:47:25.118160 2026] [authz_core:debug] [pid 2185707:tid 2185707] mod_authz_core.c(815): [client 2408:8760:118:5::d:28526] AH01626: authorization result of : granted, referer: https://2blog.ilc.edu.tw/taiwanmilingual/category/%e8%87%ba%e7%81%a3%e9%9b%99%e8%aa%9e%e6%95%99%e6%9d%90/
[Wed Aug 26 01:47:25.118618 2026] [deflate:debug] [pid 2185707:tid 2185707] mod_deflate.c(909): [client 2408:8760:118:5::d:28526] AH01384: Zlib: Compressed 19719 to 4232 : URL /wp-content/themes/oceanwp/assets/js/theme.min.js, referer: https://2blog.ilc.edu.tw/taiwanmilingual/category/%e8%87%ba%e7%81%a3%e9%9b%99%e8%aa%9e%e6%95%99%e6%9d%90/
[Wed Aug 26 01:47:25.121412 2026] [ssl:debug] [pid 2184221:tid 2184221] ssl_engine_kernel.c(254): [client 2408:8760:118:5::d:28524] AH02034: Subsequent (No.3) HTTPS request received for child 25 (server 2blog.ilc.edu.tw:443), referer: https://2blog.ilc.edu.tw/taiwanmilingual/category/%e8%87%ba%e7%81%a3%e9%9b%99%e8%aa%9e%e6%95%99%e6%9d%90/
[Wed Aug 26 01:47:25.121592 2026] [authz_core:debug] [pid 2184221:tid 2184221] mod_authz_core.c(815): [client 2408:8760:118:5::d:28524] AH01626: authorization result of Require all granted: granted, referer: https://2blog.ilc.edu.tw/taiwanmilingual/category/%e8%87%ba%e7%81%a3%e9%9b%99%e8%aa%9e%e6%95%99%e6%9d%90/
[Wed Aug 26 01:47:25.121597 2026] [authz_core:debug] [pid 2184221:tid 2184221] mod_authz_core.c(815): [client 2408:8760:118:5::d:28524] AH01626: authorization result of : granted, referer: https://2blog.ilc.edu.tw/taiwanmilingual/category/%e8%87%ba%e7%81%a3%e9%9b%99%e8%aa%9e%e6%95%99%e6%9d%90/
[Wed Aug 26 01:47:25.121788 2026] [authz_core:debug] [pid 2184221:tid 2184221] mod_authz_core.c(815): [client 2408:8760:118:5::d:28524] AH01626: authorization result of Require all granted: granted, referer: https://2blog.ilc.edu.tw/taiwanmilingual/category/%e8%87%ba%e7%81%a3%e9%9b%99%e8%aa%9e%e6%95%99%e6%9d%90/
[Wed Aug 26 01:47:25.121795 2026] [authz_core:debug] [pid 2184221:tid 2184221] mod_authz_core.c(815): [client 2408:8760:118:5::d:28524] AH01626: authorization result of : granted, referer: https://2blog.ilc.edu.tw/taiwanmilingual/category/%e8%87%ba%e7%81%a3%e9%9b%99%e8%aa%9e%e6%95%99%e6%9d%90/
[Wed Aug 26 01:47:25.122122 2026] [deflate:debug] [pid 2184221:tid 2184221] mod_deflate.c(909): [client 2408:8760:118:5::d:28524] AH01384: Zlib: Compressed 14581 to 3765 : URL /wp-content/themes/oceanwp/assets/js/drop-down-mobile-menu.min.js, referer: https://2blog.ilc.edu.tw/taiwanmilingual/category/%e8%87%ba%e7%81%a3%e9%9b%99%e8%aa%9e%e6%95%99%e6%9d%90/
[Wed Aug 26 01:47:25.204760 2026] [headers:debug] [pid 2185810:tid 2185810] mod_headers.c(900): AH01503: headers: ap_headers_error_filter()
[Wed Aug 26 01:47:25.379123 2026] [ssl:debug] [pid 2185786:tid 2185786] ssl_engine_kernel.c(254): [client 2408:8760:118:5::d:28528] AH02034: Subsequent (No.2) HTTPS request received for child 3 (server 2blog.ilc.edu.tw:443), referer: https://2blog.ilc.edu.tw/taiwanmilingual/category/%e8%87%ba%e7%81%a3%e9%9b%99%e8%aa%9e%e6%95%99%e6%9d%90/
[Wed Aug 26 01:47:25.379360 2026] [authz_core:debug] [pid 2185786:tid 2185786] mod_authz_core.c(815): [client 2408:8760:118:5::d:28528] AH01626: authorization result of Require all granted: granted, referer: https://2blog.ilc.edu.tw/taiwanmilingual/category/%e8%87%ba%e7%81%a3%e9%9b%99%e8%aa%9e%e6%95%99%e6%9d%90/
[Wed Aug 26 01:47:25.379369 2026] [authz_core:debug] [pid 2185786:tid 2185786] mod_authz_core.c(815): [client 2408:8760:118:5::d:28528] AH01626: authorization result of : granted, referer: https://2blog.ilc.edu.tw/taiwanmilingual/category/%e8%87%ba%e7%81%a3%e9%9b%99%e8%aa%9e%e6%95%99%e6%9d%90/
[Wed Aug 26 01:47:25.379428 2026] [ssl:debug] [pid 2185793:tid 2185793] ssl_engine_kernel.c(254): [client 2408:8760:118:5::d:28522] AH02034: Subsequent (No.2) HTTPS request received for child 0 (server 2blog.ilc.edu.tw:443), referer: https://2blog.ilc.edu.tw/taiwanmilingual/category/%e8%87%ba%e7%81%a3%e9%9b%99%e8%aa%9e%e6%95%99%e6%9d%90/
[Wed Aug 26 01:47:25.379583 2026] [authz_core:debug] [pid 2185786:tid 2185786] mod_authz_core.c(815): [client 2408:8760:118:5::d:28528] AH01626: authorization result of Require all granted: granted, referer: https://2blog.ilc.edu.tw/taiwanmilingual/category/%e8%87%ba%e7%81%a3%e9%9b%99%e8%aa%9e%e6%95%99%e6%9d%90/
[Wed Aug 26 01:47:25.379585 2026] [authz_core:debug] [pid 2185793:tid 2185793] mod_authz_core.c(815): [client 2408:8760:118:5::d:28522] AH01626: authorization result of Require all granted: granted, referer: https://2blog.ilc.edu.tw/taiwanmilingual/category/%e8%87%ba%e7%81%a3%e9%9b%99%e8%aa%9e%e6%95%99%e6%9d%90/
[Wed Aug 26 01:47:25.379592 2026] [authz_core:debug] [pid 2185786:tid 2185786] mod_authz_core.c(815): [client 2408:8760:118:5::d:28528] AH01626: authorization result of : granted, referer: https://2blog.ilc.edu.tw/taiwanmilingual/category/%e8%87%ba%e7%81%a3%e9%9b%99%e8%aa%9e%e6%95%99%e6%9d%90/
[Wed Aug 26 01:47:25.379594 2026] [authz_core:debug] [pid 2185793:tid 2185793] mod_authz_core.c(815): [client 2408:8760:118:5::d:28522] AH01626: authorization result of : granted, referer: https://2blog.ilc.edu.tw/taiwanmilingual/category/%e8%87%ba%e7%81%a3%e9%9b%99%e8%aa%9e%e6%95%99%e6%9d%90/
[Wed Aug 26 01:47:25.379749 2026] [authz_core:debug] [pid 2185793:tid 2185793] mod_authz_core.c(815): [client 2408:8760:118:5::d:28522] AH01626: authorization result of Require all granted: granted, referer: https://2blog.ilc.edu.tw/taiwanmilingual/category/%e8%87%ba%e7%81%a3%e9%9b%99%e8%aa%9e%e6%95%99%e6%9d%90/
[Wed Aug 26 01:47:25.379754 2026] [authz_core:debug] [pid 2185793:tid 2185793] mod_authz_core.c(815): [client 2408:8760:118:5::d:28522] AH01626: authorization result of : granted, referer: https://2blog.ilc.edu.tw/taiwanmilingual/category/%e8%87%ba%e7%81%a3%e9%9b%99%e8%aa%9e%e6%95%99%e6%9d%90/
[Wed Aug 26 01:47:25.379875 2026] [deflate:debug] [pid 2185786:tid 2185786] mod_deflate.c(909): [client 2408:8760:118:5::d:28528] AH01384: Zlib: Compressed 7540 to 2070 : URL /wp-content/themes/oceanwp/assets/js/drop-down-search.min.js, referer: https://2blog.ilc.edu.tw/taiwanmilingual/category/%e8%87%ba%e7%81%a3%e9%9b%99%e8%aa%9e%e6%95%99%e6%9d%90/
[Wed Aug 26 01:47:25.380346 2026] [deflate:debug] [pid 2185793:tid 2185793] mod_deflate.c(909): [client 2408:8760:118:5::d:28522] AH01384: Zlib: Compressed 20216 to 7328 : URL /wp-content/themes/oceanwp/assets/js/vendors/magnific-popup.min.js, referer: https://2blog.ilc.edu.tw/taiwanmilingual/category/%e8%87%ba%e7%81%a3%e9%9b%99%e8%aa%9e%e6%95%99%e6%9d%90/
[Wed Aug 26 01:47:25.381278 2026] [ssl:debug] [pid 2185799:tid 2185799] ssl_engine_kernel.c(254): [client 2408:8760:118:5::d:28530] AH02034: Subsequent (No.2) HTTPS request received for child 16 (server 2blog.ilc.edu.tw:443), referer: https://2blog.ilc.edu.tw/taiwanmilingual/category/%e8%87%ba%e7%81%a3%e9%9b%99%e8%aa%9e%e6%95%99%e6%9d%90/
[Wed Aug 26 01:47:25.381443 2026] [authz_core:debug] [pid 2185799:tid 2185799] mod_authz_core.c(815): [client 2408:8760:118:5::d:28530] AH01626: authorization result of Require all granted: granted, referer: https://2blog.ilc.edu.tw/taiwanmilingual/category/%e8%87%ba%e7%81%a3%e9%9b%99%e8%aa%9e%e6%95%99%e6%9d%90/
[Wed Aug 26 01:47:25.381448 2026] [authz_core:debug] [pid 2185799:tid 2185799] mod_authz_core.c(815): [client 2408:8760:118:5::d:28530] AH01626: authorization result of : granted, referer: https://2blog.ilc.edu.tw/taiwanmilingual/category/%e8%87%ba%e7%81%a3%e9%9b%99%e8%aa%9e%e6%95%99%e6%9d%90/
[Wed Aug 26 01:47:25.381577 2026] [authz_core:debug] [pid 2185799:tid 2185799] mod_authz_core.c(815): [client 2408:8760:118:5::d:28530] AH01626: authorization result of Require all granted: granted, referer: https://2blog.ilc.edu.tw/taiwanmilingual/category/%e8%87%ba%e7%81%a3%e9%9b%99%e8%aa%9e%e6%95%99%e6%9d%90/
[Wed Aug 26 01:47:25.381581 2026] [authz_core:debug] [pid 2185799:tid 2185799] mod_authz_core.c(815): [client 2408:8760:118:5::d:28530] AH01626: authorization result of : granted, referer: https://2blog.ilc.edu.tw/taiwanmilingual/category/%e8%87%ba%e7%81%a3%e9%9b%99%e8%aa%9e%e6%95%99%e6%9d%90/
[Wed Aug 26 01:47:25.381736 2026] [deflate:debug] [pid 2185799:tid 2185799] mod_deflate.c(909): [client 2408:8760:118:5::d:28530] AH01384: Zlib: Compressed 4111 to 1423 : URL /wp-content/themes/oceanwp/assets/js/ow-lightbox.min.js, referer: https://2blog.ilc.edu.tw/taiwanmilingual/category/%e8%87%ba%e7%81%a3%e9%9b%99%e8%aa%9e%e6%95%99%e6%9d%90/
[Wed Aug 26 01:47:25.495443 2026] [ssl:debug] [pid 2185707:tid 2185707] ssl_engine_kernel.c(254): [client 2408:8760:118:5::d:28526] AH02034: Subsequent (No.4) HTTPS request received for child 6 (server 2blog.ilc.edu.tw:443), referer: https://2blog.ilc.edu.tw/taiwanmilingual/category/%e8%87%ba%e7%81%a3%e9%9b%99%e8%aa%9e%e6%95%99%e6%9d%90/
[Wed Aug 26 01:47:25.495636 2026] [authz_core:debug] [pid 2185707:tid 2185707] mod_authz_core.c(815): [client 2408:8760:118:5::d:28526] AH01626: authorization result of Require all granted: granted, referer: https://2blog.ilc.edu.tw/taiwanmilingual/category/%e8%87%ba%e7%81%a3%e9%9b%99%e8%aa%9e%e6%95%99%e6%9d%90/
[Wed Aug 26 01:47:25.495653 2026] [authz_core:debug] [pid 2185707:tid 2185707] mod_authz_core.c(815): [client 2408:8760:118:5::d:28526] AH01626: authorization result of : granted, referer: https://2blog.ilc.edu.tw/taiwanmilingual/category/%e8%87%ba%e7%81%a3%e9%9b%99%e8%aa%9e%e6%95%99%e6%9d%90/
[Wed Aug 26 01:47:25.495803 2026] [authz_core:debug] [pid 2185707:tid 2185707] mod_authz_core.c(815): [client 2408:8760:118:5::d:28526] AH01626: authorization result of Require all granted: granted, referer: https://2blog.ilc.edu.tw/taiwanmilingual/category/%e8%87%ba%e7%81%a3%e9%9b%99%e8%aa%9e%e6%95%99%e6%9d%90/
[Wed Aug 26 01:47:25.495808 2026] [authz_core:debug] [pid 2185707:tid 2185707] mod_authz_core.c(815): [client 2408:8760:118:5::d:28526] AH01626: authorization result of : granted, referer: https://2blog.ilc.edu.tw/taiwanmilingual/category/%e8%87%ba%e7%81%a3%e9%9b%99%e8%aa%9e%e6%95%99%e6%9d%90/
[Wed Aug 26 01:47:25.495928 2026] [deflate:debug] [pid 2185707:tid 2185707] mod_deflate.c(909): [client 2408:8760:118:5::d:28526] AH01384: Zlib: Compressed 2002 to 864 : URL /wp-content/themes/oceanwp/assets/js/ow-slider.min.js, referer: https://2blog.ilc.edu.tw/taiwanmilingual/category/%e8%87%ba%e7%81%a3%e9%9b%99%e8%aa%9e%e6%95%99%e6%9d%90/
[Wed Aug 26 01:47:25.497116 2026] [ssl:debug] [pid 2184221:tid 2184221] ssl_engine_kernel.c(254): [client 2408:8760:118:5::d:28524] AH02034: Subsequent (No.4) HTTPS request received for child 25 (server 2blog.ilc.edu.tw:443), referer: https://2blog.ilc.edu.tw/taiwanmilingual/category/%e8%87%ba%e7%81%a3%e9%9b%99%e8%aa%9e%e6%95%99%e6%9d%90/
[Wed Aug 26 01:47:25.497263 2026] [authz_core:debug] [pid 2184221:tid 2184221] mod_authz_core.c(815): [client 2408:8760:118:5::d:28524] AH01626: authorization result of Require all granted: granted, referer: https://2blog.ilc.edu.tw/taiwanmilingual/category/%e8%87%ba%e7%81%a3%e9%9b%99%e8%aa%9e%e6%95%99%e6%9d%90/
[Wed Aug 26 01:47:25.497268 2026] [authz_core:debug] [pid 2184221:tid 2184221] mod_authz_core.c(815): [client 2408:8760:118:5::d:28524] AH01626: authorization result of : granted, referer: https://2blog.ilc.edu.tw/taiwanmilingual/category/%e8%87%ba%e7%81%a3%e9%9b%99%e8%aa%9e%e6%95%99%e6%9d%90/
[Wed Aug 26 01:47:25.497395 2026] [authz_core:debug] [pid 2184221:tid 2184221] mod_authz_core.c(815): [client 2408:8760:118:5::d:28524] AH01626: authorization result of Require all granted: granted, referer: https://2blog.ilc.edu.tw/taiwanmilingual/category/%e8%87%ba%e7%81%a3%e9%9b%99%e8%aa%9e%e6%95%99%e6%9d%90/
[Wed Aug 26 01:47:25.497399 2026] [authz_core:debug] [pid 2184221:tid 2184221] mod_authz_core.c(815): [client 2408:8760:118:5::d:28524] AH01626: authorization result of : granted, referer: https://2blog.ilc.edu.tw/taiwanmilingual/category/%e8%87%ba%e7%81%a3%e9%9b%99%e8%aa%9e%e6%95%99%e6%9d%90/
[Wed Aug 26 01:47:25.497707 2026] [deflate:debug] [pid 2184221:tid 2184221] mod_deflate.c(909): [client 2408:8760:118:5::d:28524] AH01384: Zlib: Compressed 12402 to 3229 : URL /wp-content/themes/oceanwp/assets/js/scroll-effect.min.js, referer: https://2blog.ilc.edu.tw/taiwanmilingual/category/%e8%87%ba%e7%81%a3%e9%9b%99%e8%aa%9e%e6%95%99%e6%9d%90/
[Wed Aug 26 01:47:25.539684 2026] [ssl:info] [pid 2181122:tid 2181122] [client 140.111.67.10:3813] AH01964: Connection to child 15 established (server 2blog.ilc.edu.tw:443)
[Wed Aug 26 01:47:25.539837 2026] [ssl:info] [pid 2181122:tid 2181122] (70014)End of file found: [client 140.111.67.10:3813] AH02006: SSL handshake stopped: connection was closed
[Wed Aug 26 01:47:25.539846 2026] [ssl:info] [pid 2181122:tid 2181122] [client 140.111.67.10:3813] AH01998: Connection closed to child 15 with abortive shutdown (server 2blog.ilc.edu.tw:443)
[Wed Aug 26 01:47:25.649294 2026] [ssl:debug] [pid 2181002:tid 2181002] ssl_engine_io.c(1150): [client 34.42.229.145:50689] AH02001: Connection closed to child 19 with standard shutdown (server 2blog.ilc.edu.tw:443)
[Wed Aug 26 01:47:25.753587 2026] [ssl:debug] [pid 2185786:tid 2185786] ssl_engine_kernel.c(254): [client 2408:8760:118:5::d:28528] AH02034: Subsequent (No.3) HTTPS request received for child 3 (server 2blog.ilc.edu.tw:443), referer: https://2blog.ilc.edu.tw/taiwanmilingual/wp-content/cache/2blog.ilc.edu.tw/wpfc-minified/e6zr18lf/60z6b.css
[Wed Aug 26 01:47:25.753587 2026] [ssl:debug] [pid 2185799:tid 2185799] ssl_engine_kernel.c(254): [client 2408:8760:118:5::d:28530] AH02034: Subsequent (No.3) HTTPS request received for child 16 (server 2blog.ilc.edu.tw:443), referer: https://2blog.ilc.edu.tw/taiwanmilingual/category/%e8%87%ba%e7%81%a3%e9%9b%99%e8%aa%9e%e6%95%99%e6%9d%90/
[Wed Aug 26 01:47:25.753815 2026] [authz_core:debug] [pid 2185799:tid 2185799] mod_authz_core.c(815): [client 2408:8760:118:5::d:28530] AH01626: authorization result of Require all granted: granted, referer: https://2blog.ilc.edu.tw/taiwanmilingual/category/%e8%87%ba%e7%81%a3%e9%9b%99%e8%aa%9e%e6%95%99%e6%9d%90/
[Wed Aug 26 01:47:25.753825 2026] [authz_core:debug] [pid 2185799:tid 2185799] mod_authz_core.c(815): [client 2408:8760:118:5::d:28530] AH01626: authorization result of : granted, referer: https://2blog.ilc.edu.tw/taiwanmilingual/category/%e8%87%ba%e7%81%a3%e9%9b%99%e8%aa%9e%e6%95%99%e6%9d%90/
[Wed Aug 26 01:47:25.753842 2026] [authz_core:debug] [pid 2185786:tid 2185786] mod_authz_core.c(815): [client 2408:8760:118:5::d:28528] AH01626: authorization result of Require all granted: granted, referer: https://2blog.ilc.edu.tw/taiwanmilingual/wp-content/cache/2blog.ilc.edu.tw/wpfc-minified/e6zr18lf/60z6b.css
[Wed Aug 26 01:47:25.753852 2026] [authz_core:debug] [pid 2185786:tid 2185786] mod_authz_core.c(815): [client 2408:8760:118:5::d:28528] AH01626: authorization result of : granted, referer: https://2blog.ilc.edu.tw/taiwanmilingual/wp-content/cache/2blog.ilc.edu.tw/wpfc-minified/e6zr18lf/60z6b.css
[Wed Aug 26 01:47:25.754024 2026] [authz_core:debug] [pid 2185799:tid 2185799] mod_authz_core.c(815): [client 2408:8760:118:5::d:28530] AH01626: authorization result of Require all granted: granted, referer: https://2blog.ilc.edu.tw/taiwanmilingual/category/%e8%87%ba%e7%81%a3%e9%9b%99%e8%aa%9e%e6%95%99%e6%9d%90/
[Wed Aug 26 01:47:25.754031 2026] [authz_core:debug] [pid 2185799:tid 2185799] mod_authz_core.c(815): [client 2408:8760:118:5::d:28530] AH01626: authorization result of : granted, referer: https://2blog.ilc.edu.tw/taiwanmilingual/category/%e8%87%ba%e7%81%a3%e9%9b%99%e8%aa%9e%e6%95%99%e6%9d%90/
[Wed Aug 26 01:47:25.754030 2026] [authz_core:debug] [pid 2185786:tid 2185786] mod_authz_core.c(815): [client 2408:8760:118:5::d:28528] AH01626: authorization result of Require all granted: granted, referer: https://2blog.ilc.edu.tw/taiwanmilingual/wp-content/cache/2blog.ilc.edu.tw/wpfc-minified/e6zr18lf/60z6b.css
[Wed Aug 26 01:47:25.754037 2026] [authz_core:debug] [pid 2185786:tid 2185786] mod_authz_core.c(815): [client 2408:8760:118:5::d:28528] AH01626: authorization result of : granted, referer: https://2blog.ilc.edu.tw/taiwanmilingual/wp-content/cache/2blog.ilc.edu.tw/wpfc-minified/e6zr18lf/60z6b.css
[Wed Aug 26 01:47:25.754281 2026] [deflate:debug] [pid 2185799:tid 2185799] mod_deflate.c(909): [client 2408:8760:118:5::d:28530] AH01384: Zlib: Compressed 8989 to 2304 : URL /wp-content/themes/oceanwp/assets/js/scroll-top.min.js, referer: https://2blog.ilc.edu.tw/taiwanmilingual/category/%e8%87%ba%e7%81%a3%e9%9b%99%e8%aa%9e%e6%95%99%e6%9d%90/
[Wed Aug 26 01:47:25.754692 2026] [ssl:debug] [pid 2185793:tid 2185793] ssl_engine_kernel.c(254): [client 2408:8760:118:5::d:28522] AH02034: Subsequent (No.3) HTTPS request received for child 0 (server 2blog.ilc.edu.tw:443), referer: https://2blog.ilc.edu.tw/taiwanmilingual/category/%e8%87%ba%e7%81%a3%e9%9b%99%e8%aa%9e%e6%95%99%e6%9d%90/
[Wed Aug 26 01:47:25.754855 2026] [authz_core:debug] [pid 2185793:tid 2185793] mod_authz_core.c(815): [client 2408:8760:118:5::d:28522] AH01626: authorization result of Require all granted: granted, referer: https://2blog.ilc.edu.tw/taiwanmilingual/category/%e8%87%ba%e7%81%a3%e9%9b%99%e8%aa%9e%e6%95%99%e6%9d%90/
[Wed Aug 26 01:47:25.754870 2026] [authz_core:debug] [pid 2185793:tid 2185793] mod_authz_core.c(815): [client 2408:8760:118:5::d:28522] AH01626: authorization result of : granted, referer: https://2blog.ilc.edu.tw/taiwanmilingual/category/%e8%87%ba%e7%81%a3%e9%9b%99%e8%aa%9e%e6%95%99%e6%9d%90/
[Wed Aug 26 01:47:25.755031 2026] [authz_core:debug] [pid 2185793:tid 2185793] mod_authz_core.c(815): [client 2408:8760:118:5::d:28522] AH01626: authorization result of Require all granted: granted, referer: https://2blog.ilc.edu.tw/taiwanmilingual/category/%e8%87%ba%e7%81%a3%e9%9b%99%e8%aa%9e%e6%95%99%e6%9d%90/
[Wed Aug 26 01:47:25.755037 2026] [authz_core:debug] [pid 2185793:tid 2185793] mod_authz_core.c(815): [client 2408:8760:118:5::d:28522] AH01626: authorization result of : granted, referer: https://2blog.ilc.edu.tw/taiwanmilingual/category/%e8%87%ba%e7%81%a3%e9%9b%99%e8%aa%9e%e6%95%99%e6%9d%90/
[Wed Aug 26 01:47:25.755193 2026] [deflate:debug] [pid 2185793:tid 2185793] mod_deflate.c(909): [client 2408:8760:118:5::d:28522] AH01384: Zlib: Compressed 5181 to 1510 : URL /wp-content/themes/oceanwp/assets/js/select.min.js, referer: https://2blog.ilc.edu.tw/taiwanmilingual/category/%e8%87%ba%e7%81%a3%e9%9b%99%e8%aa%9e%e6%95%99%e6%9d%90/
[Wed Aug 26 01:47:25.873189 2026] [ssl:debug] [pid 2185707:tid 2185707] ssl_engine_kernel.c(254): [client 2408:8760:118:5::d:28526] AH02034: Subsequent (No.5) HTTPS request received for child 6 (server 2blog.ilc.edu.tw:443), referer: https://2blog.ilc.edu.tw/taiwanmilingual/category/%e8%87%ba%e7%81%a3%e9%9b%99%e8%aa%9e%e6%95%99%e6%9d%90/
[Wed Aug 26 01:47:25.873397 2026] [authz_core:debug] [pid 2185707:tid 2185707] mod_authz_core.c(815): [client 2408:8760:118:5::d:28526] AH01626: authorization result of Require all granted: granted, referer: https://2blog.ilc.edu.tw/taiwanmilingual/category/%e8%87%ba%e7%81%a3%e9%9b%99%e8%aa%9e%e6%95%99%e6%9d%90/
[Wed Aug 26 01:47:25.873403 2026] [authz_core:debug] [pid 2185707:tid 2185707] mod_authz_core.c(815): [client 2408:8760:118:5::d:28526] AH01626: authorization result of : granted, referer: https://2blog.ilc.edu.tw/taiwanmilingual/category/%e8%87%ba%e7%81%a3%e9%9b%99%e8%aa%9e%e6%95%99%e6%9d%90/
[Wed Aug 26 01:47:25.873561 2026] [authz_core:debug] [pid 2185707:tid 2185707] mod_authz_core.c(815): [client 2408:8760:118:5::d:28526] AH01626: authorization result of Require all granted: granted, referer: https://2blog.ilc.edu.tw/taiwanmilingual/category/%e8%87%ba%e7%81%a3%e9%9b%99%e8%aa%9e%e6%95%99%e6%9d%90/
[Wed Aug 26 01:47:25.873566 2026] [authz_core:debug] [pid 2185707:tid 2185707] mod_authz_core.c(815): [client 2408:8760:118:5::d:28526] AH01626: authorization result of : granted, referer: https://2blog.ilc.edu.tw/taiwanmilingual/category/%e8%87%ba%e7%81%a3%e9%9b%99%e8%aa%9e%e6%95%99%e6%9d%90/
[Wed Aug 26 01:47:25.873674 2026] [deflate:debug] [pid 2185707:tid 2185707] mod_deflate.c(909): [client 2408:8760:118:5::d:28526] AH01384: Zlib: Compressed 1191 to 522 : URL /wp-includes/js/mediaelement/mediaelement-migrate.min.js, referer: https://2blog.ilc.edu.tw/taiwanmilingual/category/%e8%87%ba%e7%81%a3%e9%9b%99%e8%aa%9e%e6%95%99%e6%9d%90/
[Wed Aug 26 01:47:25.874159 2026] [ssl:debug] [pid 2184221:tid 2184221] ssl_engine_kernel.c(254): [client 2408:8760:118:5::d:28524] AH02034: Subsequent (No.5) HTTPS request received for child 25 (server 2blog.ilc.edu.tw:443), referer: https://2blog.ilc.edu.tw/taiwanmilingual/category/%e8%87%ba%e7%81%a3%e9%9b%99%e8%aa%9e%e6%95%99%e6%9d%90/
[Wed Aug 26 01:47:25.874320 2026] [authz_core:debug] [pid 2184221:tid 2184221] mod_authz_core.c(815): [client 2408:8760:118:5::d:28524] AH01626: authorization result of Require all granted: granted, referer: https://2blog.ilc.edu.tw/taiwanmilingual/category/%e8%87%ba%e7%81%a3%e9%9b%99%e8%aa%9e%e6%95%99%e6%9d%90/
[Wed Aug 26 01:47:25.874329 2026] [authz_core:debug] [pid 2184221:tid 2184221] mod_authz_core.c(815): [client 2408:8760:118:5::d:28524] AH01626: authorization result of : granted, referer: https://2blog.ilc.edu.tw/taiwanmilingual/category/%e8%87%ba%e7%81%a3%e9%9b%99%e8%aa%9e%e6%95%99%e6%9d%90/
[Wed Aug 26 01:47:25.874488 2026] [authz_core:debug] [pid 2184221:tid 2184221] mod_authz_core.c(815): [client 2408:8760:118:5::d:28524] AH01626: authorization result of Require all granted: granted, referer: https://2blog.ilc.edu.tw/taiwanmilingual/category/%e8%87%ba%e7%81%a3%e9%9b%99%e8%aa%9e%e6%95%99%e6%9d%90/
[Wed Aug 26 01:47:25.874494 2026] [authz_core:debug] [pid 2184221:tid 2184221] mod_authz_core.c(815): [client 2408:8760:118:5::d:28524] AH01626: authorization result of : granted, referer: https://2blog.ilc.edu.tw/taiwanmilingual/category/%e8%87%ba%e7%81%a3%e9%9b%99%e8%aa%9e%e6%95%99%e6%9d%90/
[Wed Aug 26 01:47:25.879215 2026] [deflate:debug] [pid 2184221:tid 2184221] mod_deflate.c(909): [client 2408:8760:118:5::d:28524] AH01384: Zlib: Compressed 158005 to 38771 : URL /wp-includes/js/mediaelement/mediaelement-and-player.min.js, referer: https://2blog.ilc.edu.tw/taiwanmilingual/category/%e8%87%ba%e7%81%a3%e9%9b%99%e8%aa%9e%e6%95%99%e6%9d%90/
[Wed Aug 26 01:47:26.121972 2026] [ssl:info] [pid 2185817:tid 2185817] [client 54.144.185.255:38224] AH01964: Connection to child 2 established (server 2blog.ilc.edu.tw:443)
