[Wed Aug 26 01:46:43.613732 2026] [socache_shmcb:debug] [pid 2185795:tid 2185795] mod_socache_shmcb.c(508): AH00831: socache_shmcb_store (0x86 -> subcache 6)
[Wed Aug 26 01:46:43.613753 2026] [socache_shmcb:debug] [pid 2185795:tid 2185795] mod_socache_shmcb.c(745): AH00842: expiring 5 and reclaiming 0 removed socache entries
[Wed Aug 26 01:46:43.613756 2026] [socache_shmcb:debug] [pid 2185795:tid 2185795] mod_socache_shmcb.c(765): AH00843: we now have 31 socache entries
[Wed Aug 26 01:46:43.613758 2026] [socache_shmcb:debug] [pid 2185795:tid 2185795] mod_socache_shmcb.c(860): AH00847: insert happened at idx=37, data=(12154:12186)
[Wed Aug 26 01:46:43.613759 2026] [socache_shmcb:debug] [pid 2185795:tid 2185795] mod_socache_shmcb.c(863): AH00848: finished insert, subcache: idx_pos/idx_used=6/32, data_pos/data_used=5307/7075
[Wed Aug 26 01:46:43.613761 2026] [socache_shmcb:debug] [pid 2185795:tid 2185795] mod_socache_shmcb.c(530): AH00834: leaving socache_shmcb_store successfully
[Wed Aug 26 01:46:43.613819 2026] [socache_shmcb:debug] [pid 2185795:tid 2185795] mod_socache_shmcb.c(508): AH00831: socache_shmcb_store (0xe0 -> subcache 0)
[Wed Aug 26 01:46:43.613823 2026] [socache_shmcb:debug] [pid 2185795:tid 2185795] mod_socache_shmcb.c(745): AH00842: expiring 1 and reclaiming 0 removed socache entries
[Wed Aug 26 01:46:43.613824 2026] [socache_shmcb:debug] [pid 2185795:tid 2185795] mod_socache_shmcb.c(765): AH00843: we now have 30 socache entries
[Wed Aug 26 01:46:43.613826 2026] [socache_shmcb:debug] [pid 2185795:tid 2185795] mod_socache_shmcb.c(860): AH00847: insert happened at idx=9, data=(6017:6049)
[Wed Aug 26 01:46:43.613828 2026] [socache_shmcb:debug] [pid 2185795:tid 2185795] mod_socache_shmcb.c(863): AH00848: finished insert, subcache: idx_pos/idx_used=67/31, data_pos/data_used=13195/6914
[Wed Aug 26 01:46:43.613830 2026] [socache_shmcb:debug] [pid 2185795:tid 2185795] mod_socache_shmcb.c(530): AH00834: leaving socache_shmcb_store successfully
[Wed Aug 26 01:46:43.616583 2026] [ssl:debug] [pid 2181121:tid 2181121] ssl_engine_kernel.c(2082): [client 60.244.152.7:51500] AH02041: Protocol: TLSv1.3, Cipher: TLS_AES_256_GCM_SHA384 (256/256 bits)
[Wed Aug 26 01:46:43.616628 2026] [socache_shmcb:debug] [pid 2181121:tid 2181121] mod_socache_shmcb.c(508): AH00831: socache_shmcb_store (0x8c -> subcache 12)
[Wed Aug 26 01:46:43.616635 2026] [socache_shmcb:debug] [pid 2181121:tid 2181121] mod_socache_shmcb.c(860): AH00847: insert happened at idx=77, data=(1581:1613)
[Wed Aug 26 01:46:43.616639 2026] [socache_shmcb:debug] [pid 2181121:tid 2181121] mod_socache_shmcb.c(863): AH00848: finished insert, subcache: idx_pos/idx_used=49/29, data_pos/data_used=9221/6452
[Wed Aug 26 01:46:43.616642 2026] [socache_shmcb:debug] [pid 2181121:tid 2181121] mod_socache_shmcb.c(530): AH00834: leaving socache_shmcb_store successfully
[Wed Aug 26 01:46:43.616698 2026] [socache_shmcb:debug] [pid 2181121:tid 2181121] mod_socache_shmcb.c(508): AH00831: socache_shmcb_store (0xc4 -> subcache 4)
[Wed Aug 26 01:46:43.616705 2026] [socache_shmcb:debug] [pid 2181121:tid 2181121] mod_socache_shmcb.c(860): AH00847: insert happened at idx=16, data=(7883:7915)
[Wed Aug 26 01:46:43.616708 2026] [socache_shmcb:debug] [pid 2181121:tid 2181121] mod_socache_shmcb.c(863): AH00848: finished insert, subcache: idx_pos/idx_used=67/38, data_pos/data_used=13523/8452
[Wed Aug 26 01:46:43.616711 2026] [socache_shmcb:debug] [pid 2181121:tid 2181121] mod_socache_shmcb.c(530): AH00834: leaving socache_shmcb_store successfully
[Wed Aug 26 01:46:43.617945 2026] [ssl:debug] [pid 2181052:tid 2181052] ssl_engine_kernel.c(2082): [client 60.244.152.7:51507] AH02041: Protocol: TLSv1.3, Cipher: TLS_AES_256_GCM_SHA384 (256/256 bits)
[Wed Aug 26 01:46:43.617981 2026] [socache_shmcb:debug] [pid 2181052:tid 2181052] mod_socache_shmcb.c(508): AH00831: socache_shmcb_store (0x67 -> subcache 7)
[Wed Aug 26 01:46:43.617985 2026] [socache_shmcb:debug] [pid 2181052:tid 2181052] mod_socache_shmcb.c(860): AH00847: insert happened at idx=68, data=(13305:13337)
[Wed Aug 26 01:46:43.617987 2026] [socache_shmcb:debug] [pid 2181052:tid 2181052] mod_socache_shmcb.c(863): AH00848: finished insert, subcache: idx_pos/idx_used=41/28, data_pos/data_used=7284/6250
[Wed Aug 26 01:46:43.617999 2026] [socache_shmcb:debug] [pid 2181052:tid 2181052] mod_socache_shmcb.c(530): AH00834: leaving socache_shmcb_store successfully
[Wed Aug 26 01:46:43.618041 2026] [socache_shmcb:debug] [pid 2181052:tid 2181052] mod_socache_shmcb.c(508): AH00831: socache_shmcb_store (0x2d -> subcache 13)
[Wed Aug 26 01:46:43.618048 2026] [socache_shmcb:debug] [pid 2181052:tid 2181052] mod_socache_shmcb.c(860): AH00847: insert happened at idx=84, data=(3265:3297)
[Wed Aug 26 01:46:43.618050 2026] [socache_shmcb:debug] [pid 2181052:tid 2181052] mod_socache_shmcb.c(863): AH00848: finished insert, subcache: idx_pos/idx_used=57/28, data_pos/data_used=11137/6220
[Wed Aug 26 01:46:43.618053 2026] [socache_shmcb:debug] [pid 2181052:tid 2181052] mod_socache_shmcb.c(530): AH00834: leaving socache_shmcb_store successfully
[Wed Aug 26 01:46:43.619437 2026] [ssl:debug] [pid 2185707:tid 2185707] ssl_engine_kernel.c(2082): [client 60.244.152.7:51502] AH02041: Protocol: TLSv1.3, Cipher: TLS_AES_256_GCM_SHA384 (256/256 bits)
[Wed Aug 26 01:46:43.619466 2026] [ssl:debug] [pid 2185794:tid 2185794] ssl_engine_kernel.c(254): [client 60.244.152.7:51504] AH02034: Subsequent (No.2) HTTPS request received for child 5 (server isupport.ilc.edu.tw:443), referer: https://isupport.ilc.edu.tw/11524/
[Wed Aug 26 01:46:43.619471 2026] [socache_shmcb:debug] [pid 2185707:tid 2185707] mod_socache_shmcb.c(508): AH00831: socache_shmcb_store (0x94 -> subcache 20)
[Wed Aug 26 01:46:43.619479 2026] [socache_shmcb:debug] [pid 2185707:tid 2185707] mod_socache_shmcb.c(860): AH00847: insert happened at idx=13, data=(7464:7496)
[Wed Aug 26 01:46:43.619481 2026] [socache_shmcb:debug] [pid 2185707:tid 2185707] mod_socache_shmcb.c(863): AH00848: finished insert, subcache: idx_pos/idx_used=61/41, data_pos/data_used=12464/9092
[Wed Aug 26 01:46:43.619483 2026] [socache_shmcb:debug] [pid 2185707:tid 2185707] mod_socache_shmcb.c(530): AH00834: leaving socache_shmcb_store successfully
[Wed Aug 26 01:46:43.619525 2026] [socache_shmcb:debug] [pid 2185707:tid 2185707] mod_socache_shmcb.c(508): AH00831: socache_shmcb_store (0xe1 -> subcache 1)
[Wed Aug 26 01:46:43.619529 2026] [socache_shmcb:debug] [pid 2185707:tid 2185707] mod_socache_shmcb.c(745): AH00842: expiring 1 and reclaiming 0 removed socache entries
[Wed Aug 26 01:46:43.619532 2026] [socache_shmcb:debug] [pid 2185707:tid 2185707] mod_socache_shmcb.c(765): AH00843: we now have 39 socache entries
[Wed Aug 26 01:46:43.619533 2026] [socache_shmcb:debug] [pid 2185707:tid 2185707] mod_socache_shmcb.c(860): AH00847: insert happened at idx=45, data=(186:218)
[Wed Aug 26 01:46:43.619535 2026] [socache_shmcb:debug] [pid 2185707:tid 2185707] mod_socache_shmcb.c(863): AH00848: finished insert, subcache: idx_pos/idx_used=6/40, data_pos/data_used=5406/8873
[Wed Aug 26 01:46:43.619537 2026] [socache_shmcb:debug] [pid 2185707:tid 2185707] mod_socache_shmcb.c(530): AH00834: leaving socache_shmcb_store successfully
[Wed Aug 26 01:46:43.620255 2026] [authz_core:debug] [pid 2185794:tid 2185794] mod_authz_core.c(815): [client 60.244.152.7:51504] AH01626: authorization result of Require all granted: granted, referer: https://isupport.ilc.edu.tw/11524/
[Wed Aug 26 01:46:43.620268 2026] [authz_core:debug] [pid 2185794:tid 2185794] mod_authz_core.c(815): [client 60.244.152.7:51504] AH01626: authorization result of : granted, referer: https://isupport.ilc.edu.tw/11524/
[Wed Aug 26 01:46:43.627079 2026] [ssl:debug] [pid 2181121:tid 2181121] ssl_engine_kernel.c(254): [client 60.244.152.7:51500] AH02034: Initial (No.1) HTTPS request received for child 14 (server isupport.ilc.edu.tw:443), referer: https://isupport.ilc.edu.tw/11524/
[Wed Aug 26 01:46:43.627419 2026] [deflate:debug] [pid 2185794:tid 2185794] mod_deflate.c(909): [client 60.244.152.7:51504] AH01384: Zlib: Compressed 294886 to 52215 : URL /wp-content/cache/isupport.ilc.edu.tw/wpfc-minified/8jq1rsi9/ks8w.css, referer: https://isupport.ilc.edu.tw/11524/
[Wed Aug 26 01:46:43.628237 2026] [authz_core:debug] [pid 2181121:tid 2181121] mod_authz_core.c(815): [client 60.244.152.7:51500] AH01626: authorization result of Require all granted: granted, referer: https://isupport.ilc.edu.tw/11524/
[Wed Aug 26 01:46:43.628259 2026] [authz_core:debug] [pid 2181121:tid 2181121] mod_authz_core.c(815): [client 60.244.152.7:51500] AH01626: authorization result of : granted, referer: https://isupport.ilc.edu.tw/11524/
[Wed Aug 26 01:46:43.629911 2026] [ssl:debug] [pid 2181052:tid 2181052] ssl_engine_kernel.c(254): [client 60.244.152.7:51507] AH02034: Initial (No.1) HTTPS request received for child 17 (server isupport.ilc.edu.tw:443), referer: https://isupport.ilc.edu.tw/11524/
[Wed Aug 26 01:46:43.630079 2026] [ssl:debug] [pid 2185795:tid 2185795] ssl_engine_kernel.c(254): [client 60.244.152.7:51499] AH02034: Initial (No.1) HTTPS request received for child 7 (server isupport.ilc.edu.tw:443), referer: https://isupport.ilc.edu.tw/11524/
[Wed Aug 26 01:46:43.630671 2026] [authz_core:debug] [pid 2185795:tid 2185795] mod_authz_core.c(815): [client 60.244.152.7:51499] AH01626: authorization result of Require all granted: granted, referer: https://isupport.ilc.edu.tw/11524/
[Wed Aug 26 01:46:43.630679 2026] [authz_core:debug] [pid 2185795:tid 2185795] mod_authz_core.c(815): [client 60.244.152.7:51499] AH01626: authorization result of : granted, referer: https://isupport.ilc.edu.tw/11524/
[Wed Aug 26 01:46:43.630943 2026] [authz_core:debug] [pid 2181052:tid 2181052] mod_authz_core.c(815): [client 60.244.152.7:51507] AH01626: authorization result of Require all granted: granted, referer: https://isupport.ilc.edu.tw/11524/
[Wed Aug 26 01:46:43.630953 2026] [authz_core:debug] [pid 2181052:tid 2181052] mod_authz_core.c(815): [client 60.244.152.7:51507] AH01626: authorization result of : granted, referer: https://isupport.ilc.edu.tw/11524/
[Wed Aug 26 01:46:43.631366 2026] [deflate:debug] [pid 2181052:tid 2181052] mod_deflate.c(909): [client 60.244.152.7:51507] AH01384: Zlib: Compressed 4714 to 872 : URL /wp-content/uploads/sites/3591/elementor/css/post-3.css, referer: https://isupport.ilc.edu.tw/11524/
[Wed Aug 26 01:46:43.631786 2026] [deflate:debug] [pid 2181121:tid 2181121] mod_deflate.c(909): [client 60.244.152.7:51500] AH01384: Zlib: Compressed 184641 to 26558 : URL /wp-content/cache/isupport.ilc.edu.tw/wpfc-minified/drup3mak/ks8w.css, referer: https://isupport.ilc.edu.tw/11524/
[Wed Aug 26 01:46:43.632391 2026] [deflate:debug] [pid 2185795:tid 2185795] mod_deflate.c(909): [client 60.244.152.7:51499] AH01384: Zlib: Compressed 95822 to 5452 : URL /wp-content/cache/isupport.ilc.edu.tw/wpfc-minified/lwjo9g1t/ks8w.css, referer: https://isupport.ilc.edu.tw/11524/
[Wed Aug 26 01:46:43.632844 2026] [ssl:debug] [pid 2185707:tid 2185707] ssl_engine_kernel.c(254): [client 60.244.152.7:51502] AH02034: Initial (No.1) HTTPS request received for child 6 (server isupport.ilc.edu.tw:443), referer: https://isupport.ilc.edu.tw/11524/
[Wed Aug 26 01:46:43.633239 2026] [authz_core:debug] [pid 2185707:tid 2185707] mod_authz_core.c(815): [client 60.244.152.7:51502] AH01626: authorization result of Require all granted: granted, referer: https://isupport.ilc.edu.tw/11524/
[Wed Aug 26 01:46:43.633248 2026] [authz_core:debug] [pid 2185707:tid 2185707] mod_authz_core.c(815): [client 60.244.152.7:51502] AH01626: authorization result of : granted, referer: https://isupport.ilc.edu.tw/11524/
[Wed Aug 26 01:46:43.633622 2026] [deflate:debug] [pid 2185707:tid 2185707] mod_deflate.c(909): [client 60.244.152.7:51502] AH01384: Zlib: Compressed 111 to 71 : URL /wp-content/uploads/sites/3591/elementor/css/post-11524.css, referer: https://isupport.ilc.edu.tw/11524/
[Wed Aug 26 01:46:43.638910 2026] [ssl:debug] [pid 2185793:tid 2185793] ssl_engine_kernel.c(254): [client 60.244.152.7:51503] AH02034: Subsequent (No.2) HTTPS request received for child 0 (server isupport.ilc.edu.tw:443), referer: https://isupport.ilc.edu.tw/11524/
[Wed Aug 26 01:46:43.639589 2026] [authz_core:debug] [pid 2185793:tid 2185793] mod_authz_core.c(815): [client 60.244.152.7:51503] AH01626: authorization result of Require all granted: granted, referer: https://isupport.ilc.edu.tw/11524/
[Wed Aug 26 01:46:43.639608 2026] [authz_core:debug] [pid 2185793:tid 2185793] mod_authz_core.c(815): [client 60.244.152.7:51503] AH01626: authorization result of : granted, referer: https://isupport.ilc.edu.tw/11524/
[Wed Aug 26 01:46:43.640858 2026] [deflate:debug] [pid 2185793:tid 2185793] mod_deflate.c(909): [client 60.244.152.7:51503] AH01384: Zlib: Compressed 53220 to 6810 : URL /wp-content/cache/isupport.ilc.edu.tw/wpfc-minified/kxdlh8d7/ks8w.css, referer: https://isupport.ilc.edu.tw/11524/
[Wed Aug 26 01:46:43.653354 2026] [ssl:debug] [pid 2185707:tid 2185707] ssl_engine_kernel.c(254): [client 60.244.152.7:51502] AH02034: Subsequent (No.2) HTTPS request received for child 6 (server isupport.ilc.edu.tw:443), referer: https://isupport.ilc.edu.tw/11524/
[Wed Aug 26 01:46:43.653359 2026] [ssl:debug] [pid 2181052:tid 2181052] ssl_engine_kernel.c(254): [client 60.244.152.7:51507] AH02034: Subsequent (No.2) HTTPS request received for child 17 (server isupport.ilc.edu.tw:443), referer: https://isupport.ilc.edu.tw/11524/
[Wed Aug 26 01:46:43.654028 2026] [authz_core:debug] [pid 2185707:tid 2185707] mod_authz_core.c(815): [client 60.244.152.7:51502] AH01626: authorization result of Require all granted: granted, referer: https://isupport.ilc.edu.tw/11524/
[Wed Aug 26 01:46:43.654038 2026] [authz_core:debug] [pid 2185707:tid 2185707] mod_authz_core.c(815): [client 60.244.152.7:51502] AH01626: authorization result of : granted, referer: https://isupport.ilc.edu.tw/11524/
[Wed Aug 26 01:46:43.654047 2026] [authz_core:debug] [pid 2181052:tid 2181052] mod_authz_core.c(815): [client 60.244.152.7:51507] AH01626: authorization result of Require all granted: granted, referer: https://isupport.ilc.edu.tw/11524/
[Wed Aug 26 01:46:43.654056 2026] [authz_core:debug] [pid 2181052:tid 2181052] mod_authz_core.c(815): [client 60.244.152.7:51507] AH01626: authorization result of : granted, referer: https://isupport.ilc.edu.tw/11524/
[Wed Aug 26 01:46:43.654397 2026] [deflate:debug] [pid 2185707:tid 2185707] mod_deflate.c(909): [client 60.244.152.7:51502] AH01384: Zlib: Compressed 1472 to 738 : URL /wp-content/cache/isupport.ilc.edu.tw/wpfc-minified/fqv0eogw/ks8w.js, referer: https://isupport.ilc.edu.tw/11524/
[Wed Aug 26 01:46:43.658501 2026] [deflate:debug] [pid 2181052:tid 2181052] mod_deflate.c(909): [client 60.244.152.7:51507] AH01384: Zlib: Compressed 101296 to 34520 : URL /wp-content/cache/isupport.ilc.edu.tw/wpfc-minified/10m74ssp/ks8x.js, referer: https://isupport.ilc.edu.tw/11524/
[Wed Aug 26 01:46:43.662175 2026] [ssl:debug] [pid 2185795:tid 2185795] ssl_engine_kernel.c(254): [client 60.244.152.7:51499] AH02034: Subsequent (No.2) HTTPS request received for child 7 (server isupport.ilc.edu.tw:443), referer: https://isupport.ilc.edu.tw/11524/
[Wed Aug 26 01:46:43.662865 2026] [authz_core:debug] [pid 2185795:tid 2185795] mod_authz_core.c(815): [client 60.244.152.7:51499] AH01626: authorization result of Require all granted: granted, referer: https://isupport.ilc.edu.tw/11524/
[Wed Aug 26 01:46:43.662873 2026] [authz_core:debug] [pid 2185795:tid 2185795] mod_authz_core.c(815): [client 60.244.152.7:51499] AH01626: authorization result of : granted, referer: https://isupport.ilc.edu.tw/11524/
[Wed Aug 26 01:46:43.670913 2026] [ssl:debug] [pid 2185793:tid 2185793] ssl_engine_kernel.c(254): [client 60.244.152.7:51503] AH02034: Subsequent (No.3) HTTPS request received for child 0 (server isupport.ilc.edu.tw:443), referer: https://isupport.ilc.edu.tw/11524/
[Wed Aug 26 01:46:43.671113 2026] [authz_core:debug] [pid 2185793:tid 2185793] mod_authz_core.c(815): [client 60.244.152.7:51503] AH01626: authorization result of Require all granted: granted, referer: https://isupport.ilc.edu.tw/11524/
[Wed Aug 26 01:46:43.671121 2026] [authz_core:debug] [pid 2185793:tid 2185793] mod_authz_core.c(815): [client 60.244.152.7:51503] AH01626: authorization result of : granted, referer: https://isupport.ilc.edu.tw/11524/
[Wed Aug 26 01:46:43.671355 2026] [deflate:debug] [pid 2185793:tid 2185793] mod_deflate.c(909): [client 60.244.152.7:51503] AH01384: Zlib: Compressed 1718 to 700 : URL /wp-includes/js/hoverintent-js.min.js, referer: https://isupport.ilc.edu.tw/11524/
[Wed Aug 26 01:46:43.676727 2026] [ssl:debug] [pid 2181041:tid 2181041] ssl_engine_kernel.c(254): [client 2408:872f:c00:408::16f:26030] AH02034: Subsequent (No.4) HTTPS request received for child 1 (server www.smps.ilc.edu.tw:443), referer: https://www.smps.ilc.edu.tw/elementor-510/
[Wed Aug 26 01:46:43.676899 2026] [ssl:debug] [pid 2181121:tid 2181121] ssl_engine_kernel.c(254): [client 60.244.152.7:51500] AH02034: Subsequent (No.2) HTTPS request received for child 14 (server isupport.ilc.edu.tw:443), referer: https://isupport.ilc.edu.tw/11524/
[Wed Aug 26 01:46:43.676917 2026] [authz_core:debug] [pid 2181041:tid 2181041] mod_authz_core.c(815): [client 2408:872f:c00:408::16f:26030] AH01626: authorization result of Require all granted: granted, referer: https://www.smps.ilc.edu.tw/elementor-510/
[Wed Aug 26 01:46:43.676931 2026] [authz_core:debug] [pid 2181041:tid 2181041] mod_authz_core.c(815): [client 2408:872f:c00:408::16f:26030] AH01626: authorization result of : granted, referer: https://www.smps.ilc.edu.tw/elementor-510/
[Wed Aug 26 01:46:43.677061 2026] [authz_core:debug] [pid 2181121:tid 2181121] mod_authz_core.c(815): [client 60.244.152.7:51500] AH01626: authorization result of Require all granted: granted, referer: https://isupport.ilc.edu.tw/11524/
[Wed Aug 26 01:46:43.677066 2026] [authz_core:debug] [pid 2181121:tid 2181121] mod_authz_core.c(815): [client 60.244.152.7:51500] AH01626: authorization result of : granted, referer: https://isupport.ilc.edu.tw/11524/
[Wed Aug 26 01:46:43.677124 2026] [deflate:debug] [pid 2181041:tid 2181041] mod_deflate.c(909): [client 2408:872f:c00:408::16f:26030] AH01384: Zlib: Compressed 712 to 422 : URL /wp-content/plugins/ocean-extra/includes/widgets/js/flickr.min.js, referer: https://www.smps.ilc.edu.tw/elementor-510/
[Wed Aug 26 01:46:43.677269 2026] [deflate:debug] [pid 2181121:tid 2181121] mod_deflate.c(909): [client 60.244.152.7:51500] AH01384: Zlib: Compressed 3487 to 1339 : URL /wp-includes/js/admin-bar.min.js, referer: https://isupport.ilc.edu.tw/11524/
[Wed Aug 26 01:46:43.698148 2026] [ssl:debug] [pid 2181002:tid 2181002] ssl_engine_kernel.c(254): [client 2408:872f:c00:408::16f:26028] AH02034: Subsequent (No.4) HTTPS request received for child 19 (server www.smps.ilc.edu.tw:443), referer: https://www.smps.ilc.edu.tw/elementor-510/
[Wed Aug 26 01:46:43.698360 2026] [authz_core:debug] [pid 2181002:tid 2181002] mod_authz_core.c(815): [client 2408:872f:c00:408::16f:26028] AH01626: authorization result of Require all granted: granted, referer: https://www.smps.ilc.edu.tw/elementor-510/
[Wed Aug 26 01:46:43.698366 2026] [authz_core:debug] [pid 2181002:tid 2181002] mod_authz_core.c(815): [client 2408:872f:c00:408::16f:26028] AH01626: authorization result of : granted, referer: https://www.smps.ilc.edu.tw/elementor-510/
[Wed Aug 26 01:46:43.698681 2026] [deflate:debug] [pid 2181002:tid 2181002] mod_deflate.c(909): [client 2408:872f:c00:408::16f:26028] AH01384: Zlib: Compressed 5881 to 2664 : URL /wp-content/plugins/elementor-pro/assets/js/webpack-pro.runtime.min.js, referer: https://www.smps.ilc.edu.tw/elementor-510/
[Wed Aug 26 01:46:43.699115 2026] [ssl:debug] [pid 2185730:tid 2185730] ssl_engine_kernel.c(254): [client 2408:872f:c00:408::16f:26036] AH02034: Subsequent (No.6) HTTPS request received for child 8 (server www.smps.ilc.edu.tw:443), referer: https://www.smps.ilc.edu.tw/elementor-510/
[Wed Aug 26 01:46:43.699271 2026] [authz_core:debug] [pid 2185730:tid 2185730] mod_authz_core.c(815): [client 2408:872f:c00:408::16f:26036] AH01626: authorization result of Require all granted: granted, referer: https://www.smps.ilc.edu.tw/elementor-510/
[Wed Aug 26 01:46:43.699275 2026] [authz_core:debug] [pid 2185730:tid 2185730] mod_authz_core.c(815): [client 2408:872f:c00:408::16f:26036] AH01626: authorization result of : granted, referer: https://www.smps.ilc.edu.tw/elementor-510/
[Wed Aug 26 01:46:43.699521 2026] [deflate:debug] [pid 2185730:tid 2185730] mod_deflate.c(909): [client 2408:872f:c00:408::16f:26036] AH01384: Zlib: Compressed 4997 to 2197 : URL /wp-content/plugins/elementor/assets/js/webpack.runtime.min.js, referer: https://www.smps.ilc.edu.tw/elementor-510/
[Wed Aug 26 01:46:43.707671 2026] [ssl:debug] [pid 2185793:tid 2185793] ssl_engine_kernel.c(254): [client 60.244.152.7:51503] AH02034: Subsequent (No.4) HTTPS request received for child 0 (server isupport.ilc.edu.tw:443), referer: https://isupport.ilc.edu.tw/11524/
[Wed Aug 26 01:46:43.707862 2026] [authz_core:debug] [pid 2185793:tid 2185793] mod_authz_core.c(815): [client 60.244.152.7:51503] AH01626: authorization result of Require all granted: granted, referer: https://isupport.ilc.edu.tw/11524/
[Wed Aug 26 01:46:43.707867 2026] [authz_core:debug] [pid 2185793:tid 2185793] mod_authz_core.c(815): [client 60.244.152.7:51503] AH01626: authorization result of : granted, referer: https://isupport.ilc.edu.tw/11524/
[Wed Aug 26 01:46:43.708134 2026] [deflate:debug] [pid 2185793:tid 2185793] mod_deflate.c(909): [client 60.244.152.7:51503] AH01384: Zlib: Compressed 5520 to 1785 : URL /wp-includes/js/imagesloaded.min.js, referer: https://isupport.ilc.edu.tw/11524/
[Wed Aug 26 01:46:43.712000 2026] [ssl:debug] [pid 2181121:tid 2181121] ssl_engine_kernel.c(254): [client 60.244.152.7:51500] AH02034: Subsequent (No.3) HTTPS request received for child 14 (server isupport.ilc.edu.tw:443), referer: https://isupport.ilc.edu.tw/11524/
[Wed Aug 26 01:46:43.712224 2026] [authz_core:debug] [pid 2181121:tid 2181121] mod_authz_core.c(815): [client 60.244.152.7:51500] AH01626: authorization result of Require all granted: granted, referer: https://isupport.ilc.edu.tw/11524/
[Wed Aug 26 01:46:43.712232 2026] [authz_core:debug] [pid 2181121:tid 2181121] mod_authz_core.c(815): [client 60.244.152.7:51500] AH01626: authorization result of : granted, referer: https://isupport.ilc.edu.tw/11524/
[Wed Aug 26 01:46:43.712750 2026] [deflate:debug] [pid 2181121:tid 2181121] mod_deflate.c(909): [client 60.244.152.7:51500] AH01384: Zlib: Compressed 19719 to 4232 : URL /wp-content/themes/oceanwp/assets/js/theme.min.js, referer: https://isupport.ilc.edu.tw/11524/
[Wed Aug 26 01:46:43.724183 2026] [ssl:debug] [pid 2181035:tid 2181035] ssl_engine_kernel.c(254): [client 2408:872f:c00:408::16f:26032] AH02034: Subsequent (No.3) HTTPS request received for child 11 (server www.smps.ilc.edu.tw:443), referer: https://www.smps.ilc.edu.tw/elementor-510/
[Wed Aug 26 01:46:43.724387 2026] [authz_core:debug] [pid 2181035:tid 2181035] mod_authz_core.c(815): [client 2408:872f:c00:408::16f:26032] AH01626: authorization result of Require all granted: granted, referer: https://www.smps.ilc.edu.tw/elementor-510/
[Wed Aug 26 01:46:43.724393 2026] [authz_core:debug] [pid 2181035:tid 2181035] mod_authz_core.c(815): [client 2408:872f:c00:408::16f:26032] AH01626: authorization result of : granted, referer: https://www.smps.ilc.edu.tw/elementor-510/
[Wed Aug 26 01:46:43.726450 2026] [deflate:debug] [pid 2181035:tid 2181035] mod_deflate.c(909): [client 2408:872f:c00:408::16f:26032] AH01384: Zlib: Compressed 67411 to 18429 : URL /wp-content/plugins/elementor/assets/js/frontend-modules.min.js, referer: https://www.smps.ilc.edu.tw/elementor-510/
[Wed Aug 26 01:46:43.740092 2026] [ssl:debug] [pid 2185793:tid 2185793] ssl_engine_kernel.c(254): [client 60.244.152.7:51503] AH02034: Subsequent (No.5) HTTPS request received for child 0 (server isupport.ilc.edu.tw:443), referer: https://isupport.ilc.edu.tw/11524/
[Wed Aug 26 01:46:43.740305 2026] [authz_core:debug] [pid 2185793:tid 2185793] mod_authz_core.c(815): [client 60.244.152.7:51503] AH01626: authorization result of Require all granted: granted, referer: https://isupport.ilc.edu.tw/11524/
[Wed Aug 26 01:46:43.740311 2026] [authz_core:debug] [pid 2185793:tid 2185793] mod_authz_core.c(815): [client 60.244.152.7:51503] AH01626: authorization result of : granted, referer: https://isupport.ilc.edu.tw/11524/
[Wed Aug 26 01:46:43.740692 2026] [deflate:debug] [pid 2185793:tid 2185793] mod_deflate.c(909): [client 60.244.152.7:51503] AH01384: Zlib: Compressed 9309 to 3204 : URL /wp-content/themes/oceanwp/assets/js/vendors/sidr.js, referer: https://isupport.ilc.edu.tw/11524/
[Wed Aug 26 01:46:43.743930 2026] [ssl:debug] [pid 2181051:tid 2181051] ssl_engine_kernel.c(254): [client 2408:872f:c00:408::16f:25758] AH02034: Subsequent (No.7) HTTPS request received for child 13 (server www.smps.ilc.edu.tw:443), referer: https://www.smps.ilc.edu.tw/elementor-510/
[Wed Aug 26 01:46:43.744121 2026] [authz_core:debug] [pid 2181051:tid 2181051] mod_authz_core.c(815): [client 2408:872f:c00:408::16f:25758] AH01626: authorization result of Require all granted: granted, referer: https://www.smps.ilc.edu.tw/elementor-510/
[Wed Aug 26 01:46:43.744129 2026] [authz_core:debug] [pid 2181051:tid 2181051] mod_authz_core.c(815): [client 2408:872f:c00:408::16f:25758] AH01626: authorization result of : granted, referer: https://www.smps.ilc.edu.tw/elementor-510/
[Wed Aug 26 01:46:43.744430 2026] [deflate:debug] [pid 2181051:tid 2181051] mod_deflate.c(909): [client 2408:872f:c00:408::16f:25758] AH01384: Zlib: Compressed 4307 to 1523 : URL /wp-includes/js/dist/hooks.min.js, referer: https://www.smps.ilc.edu.tw/elementor-510/
[Wed Aug 26 01:46:43.751689 2026] [ssl:debug] [pid 2181121:tid 2181121] ssl_engine_kernel.c(254): [client 60.244.152.7:51500] AH02034: Subsequent (No.4) HTTPS request received for child 14 (server isupport.ilc.edu.tw:443), referer: https://isupport.ilc.edu.tw/11524/
[Wed Aug 26 01:46:43.751896 2026] [authz_core:debug] [pid 2181121:tid 2181121] mod_authz_core.c(815): [client 60.244.152.7:51500] AH01626: authorization result of Require all granted: granted, referer: https://isupport.ilc.edu.tw/11524/
[Wed Aug 26 01:46:43.751902 2026] [authz_core:debug] [pid 2181121:tid 2181121] mod_authz_core.c(815): [client 60.244.152.7:51500] AH01626: authorization result of : granted, referer: https://isupport.ilc.edu.tw/11524/
[Wed Aug 26 01:46:43.752340 2026] [deflate:debug] [pid 2181121:tid 2181121] mod_deflate.c(909): [client 60.244.152.7:51500] AH01384: Zlib: Compressed 15843 to 3833 : URL /wp-content/themes/oceanwp/assets/js/sidebar-mobile-menu.min.js, referer: https://isupport.ilc.edu.tw/11524/
[Wed Aug 26 01:46:43.754558 2026] [ssl:debug] [pid 2185786:tid 2185786] ssl_engine_kernel.c(254): [client 2408:872f:c00:408::16f:26034] AH02034: Subsequent (No.4) HTTPS request received for child 3 (server www.smps.ilc.edu.tw:443), referer: https://www.smps.ilc.edu.tw/elementor-510/
[Wed Aug 26 01:46:43.754722 2026] [authz_core:debug] [pid 2185786:tid 2185786] mod_authz_core.c(815): [client 2408:872f:c00:408::16f:26034] AH01626: authorization result of Require all granted: granted, referer: https://www.smps.ilc.edu.tw/elementor-510/
[Wed Aug 26 01:46:43.754726 2026] [authz_core:debug] [pid 2185786:tid 2185786] mod_authz_core.c(815): [client 2408:872f:c00:408::16f:26034] AH01626: authorization result of : granted, referer: https://www.smps.ilc.edu.tw/elementor-510/
[Wed Aug 26 01:46:43.755069 2026] [deflate:debug] [pid 2185786:tid 2185786] mod_deflate.c(909): [client 2408:872f:c00:408::16f:26034] AH01384: Zlib: Compressed 9141 to 3649 : URL /wp-includes/js/dist/i18n.min.js, referer: https://www.smps.ilc.edu.tw/elementor-510/
[Wed Aug 26 01:46:43.770766 2026] [ssl:debug] [pid 2185793:tid 2185793] ssl_engine_kernel.c(254): [client 60.244.152.7:51503] AH02034: Subsequent (No.6) HTTPS request received for child 0 (server isupport.ilc.edu.tw:443), referer: https://isupport.ilc.edu.tw/11524/
[Wed Aug 26 01:46:43.770970 2026] [authz_core:debug] [pid 2185793:tid 2185793] mod_authz_core.c(815): [client 60.244.152.7:51503] AH01626: authorization result of Require all granted: granted, referer: https://isupport.ilc.edu.tw/11524/
[Wed Aug 26 01:46:43.770976 2026] [authz_core:debug] [pid 2185793:tid 2185793] mod_authz_core.c(815): [client 60.244.152.7:51503] AH01626: authorization result of : granted, referer: https://isupport.ilc.edu.tw/11524/
[Wed Aug 26 01:46:43.771263 2026] [deflate:debug] [pid 2185793:tid 2185793] mod_deflate.c(909): [client 60.244.152.7:51503] AH01384: Zlib: Compressed 7540 to 2070 : URL /wp-content/themes/oceanwp/assets/js/drop-down-search.min.js, referer: https://isupport.ilc.edu.tw/11524/
[Wed Aug 26 01:46:43.776705 2026] [ssl:debug] [pid 2185794:tid 2185794] ssl_engine_kernel.c(254): [client 60.244.152.7:51504] AH02034: Subsequent (No.3) HTTPS request received for child 5 (server isupport.ilc.edu.tw:443), referer: https://isupport.ilc.edu.tw/11524/
[Wed Aug 26 01:46:43.776773 2026] [ssl:debug] [pid 2185795:tid 2185795] ssl_engine_kernel.c(254): [client 60.244.152.7:51499] AH02034: Subsequent (No.3) HTTPS request received for child 7 (server isupport.ilc.edu.tw:443), referer: https://isupport.ilc.edu.tw/11524/
[Wed Aug 26 01:46:43.776889 2026] [authz_core:debug] [pid 2185794:tid 2185794] mod_authz_core.c(815): [client 60.244.152.7:51504] AH01626: authorization result of Require all granted: granted, referer: https://isupport.ilc.edu.tw/11524/
[Wed Aug 26 01:46:43.776895 2026] [authz_core:debug] [pid 2185794:tid 2185794] mod_authz_core.c(815): [client 60.244.152.7:51504] AH01626: authorization result of : granted, referer: https://isupport.ilc.edu.tw/11524/
[Wed Aug 26 01:46:43.776962 2026] [authz_core:debug] [pid 2185795:tid 2185795] mod_authz_core.c(815): [client 60.244.152.7:51499] AH01626: authorization result of Require all granted: granted, referer: https://isupport.ilc.edu.tw/11524/
[Wed Aug 26 01:46:43.776968 2026] [authz_core:debug] [pid 2185795:tid 2185795] mod_authz_core.c(815): [client 60.244.152.7:51499] AH01626: authorization result of : granted, referer: https://isupport.ilc.edu.tw/11524/
[Wed Aug 26 01:46:43.777200 2026] [deflate:debug] [pid 2185795:tid 2185795] mod_deflate.c(909): [client 60.244.152.7:51499] AH01384: Zlib: Compressed 5262 to 1708 : URL /wp-content/themes/oceanwp/assets/js/equal-height-elements.min.js, referer: https://isupport.ilc.edu.tw/11524/
[Wed Aug 26 01:46:43.777555 2026] [deflate:debug] [pid 2185794:tid 2185794] mod_deflate.c(909): [client 60.244.152.7:51504] AH01384: Zlib: Compressed 20216 to 7328 : URL /wp-content/themes/oceanwp/assets/js/vendors/magnific-popup.min.js, referer: https://isupport.ilc.edu.tw/11524/
[Wed Aug 26 01:46:43.778125 2026] [ssl:debug] [pid 2185707:tid 2185707] ssl_engine_kernel.c(254): [client 60.244.152.7:51502] AH02034: Subsequent (No.3) HTTPS request received for child 6 (server isupport.ilc.edu.tw:443), referer: https://isupport.ilc.edu.tw/11524/
[Wed Aug 26 01:46:43.778175 2026] [ssl:debug] [pid 2181052:tid 2181052] ssl_engine_kernel.c(254): [client 60.244.152.7:51507] AH02034: Subsequent (No.3) HTTPS request received for child 17 (server isupport.ilc.edu.tw:443), referer: https://isupport.ilc.edu.tw/11524/
[Wed Aug 26 01:46:43.778306 2026] [authz_core:debug] [pid 2185707:tid 2185707] mod_authz_core.c(815): [client 60.244.152.7:51502] AH01626: authorization result of Require all granted: granted, referer: https://isupport.ilc.edu.tw/11524/
[Wed Aug 26 01:46:43.778313 2026] [authz_core:debug] [pid 2185707:tid 2185707] mod_authz_core.c(815): [client 60.244.152.7:51502] AH01626: authorization result of : granted, referer: https://isupport.ilc.edu.tw/11524/
[Wed Aug 26 01:46:43.778328 2026] [authz_core:debug] [pid 2181052:tid 2181052] mod_authz_core.c(815): [client 60.244.152.7:51507] AH01626: authorization result of Require all granted: granted, referer: https://isupport.ilc.edu.tw/11524/
[Wed Aug 26 01:46:43.778335 2026] [authz_core:debug] [pid 2181052:tid 2181052] mod_authz_core.c(815): [client 60.244.152.7:51507] AH01626: authorization result of : granted, referer: https://isupport.ilc.edu.tw/11524/
[Wed Aug 26 01:46:43.778431 2026] [authz_core:debug] [pid 2181052:tid 2181052] mod_authz_core.c(815): [client 60.244.152.7:51507] AH01626: authorization result of Require all granted: granted, referer: https://isupport.ilc.edu.tw/11524/
[Wed Aug 26 01:46:43.778442 2026] [authz_core:debug] [pid 2181052:tid 2181052] mod_authz_core.c(815): [client 60.244.152.7:51507] AH01626: authorization result of : granted, referer: https://isupport.ilc.edu.tw/11524/
[Wed Aug 26 01:46:43.778537 2026] [deflate:debug] [pid 2185707:tid 2185707] mod_deflate.c(909): [client 60.244.152.7:51502] AH01384: Zlib: Compressed 4111 to 1423 : URL /wp-content/themes/oceanwp/assets/js/ow-lightbox.min.js, referer: https://isupport.ilc.edu.tw/11524/
[Wed Aug 26 01:46:43.786984 2026] [ssl:debug] [pid 2181121:tid 2181121] ssl_engine_kernel.c(254): [client 60.244.152.7:51500] AH02034: Subsequent (No.5) HTTPS request received for child 14 (server isupport.ilc.edu.tw:443), referer: https://isupport.ilc.edu.tw/11524/
[Wed Aug 26 01:46:43.787219 2026] [authz_core:debug] [pid 2181121:tid 2181121] mod_authz_core.c(815): [client 60.244.152.7:51500] AH01626: authorization result of Require all granted: granted, referer: https://isupport.ilc.edu.tw/11524/
[Wed Aug 26 01:46:43.787226 2026] [authz_core:debug] [pid 2181121:tid 2181121] mod_authz_core.c(815): [client 60.244.152.7:51500] AH01626: authorization result of : granted, referer: https://isupport.ilc.edu.tw/11524/
[Wed Aug 26 01:46:43.789017 2026] [deflate:debug] [pid 2181121:tid 2181121] mod_deflate.c(909): [client 60.244.152.7:51500] AH01384: Zlib: Compressed 57513 to 14083 : URL /wp-content/themes/oceanwp/assets/js/vendors/flickity.pkgd.min.js, referer: https://isupport.ilc.edu.tw/11524/
[Wed Aug 26 01:46:43.807439 2026] [ssl:debug] [pid 2185793:tid 2185793] ssl_engine_kernel.c(254): [client 60.244.152.7:51503] AH02034: Subsequent (No.7) HTTPS request received for child 0 (server isupport.ilc.edu.tw:443), referer: https://isupport.ilc.edu.tw/11524/
[Wed Aug 26 01:46:43.807626 2026] [authz_core:debug] [pid 2185793:tid 2185793] mod_authz_core.c(815): [client 60.244.152.7:51503] AH01626: authorization result of Require all granted: granted, referer: https://isupport.ilc.edu.tw/11524/
[Wed Aug 26 01:46:43.807631 2026] [authz_core:debug] [pid 2185793:tid 2185793] mod_authz_core.c(815): [client 60.244.152.7:51503] AH01626: authorization result of : granted, referer: https://isupport.ilc.edu.tw/11524/
[Wed Aug 26 01:46:43.807879 2026] [deflate:debug] [pid 2185793:tid 2185793] mod_deflate.c(909): [client 60.244.152.7:51503] AH01384: Zlib: Compressed 2002 to 864 : URL /wp-content/themes/oceanwp/assets/js/ow-slider.min.js, referer: https://isupport.ilc.edu.tw/11524/
[Wed Aug 26 01:46:43.808850 2026] [ssl:debug] [pid 2185707:tid 2185707] ssl_engine_kernel.c(254): [client 60.244.152.7:51502] AH02034: Subsequent (No.4) HTTPS request received for child 6 (server isupport.ilc.edu.tw:443), referer: https://isupport.ilc.edu.tw/11524/
[Wed Aug 26 01:46:43.809058 2026] [authz_core:debug] [pid 2185707:tid 2185707] mod_authz_core.c(815): [client 60.244.152.7:51502] AH01626: authorization result of Require all granted: granted, referer: https://isupport.ilc.edu.tw/11524/
[Wed Aug 26 01:46:43.809066 2026] [authz_core:debug] [pid 2185707:tid 2185707] mod_authz_core.c(815): [client 60.244.152.7:51502] AH01626: authorization result of : granted, referer: https://isupport.ilc.edu.tw/11524/
[Wed Aug 26 01:46:43.809451 2026] [deflate:debug] [pid 2185707:tid 2185707] mod_deflate.c(909): [client 60.244.152.7:51502] AH01384: Zlib: Compressed 12402 to 3229 : URL /wp-content/themes/oceanwp/assets/js/scroll-effect.min.js, referer: https://isupport.ilc.edu.tw/11524/
[Wed Aug 26 01:46:43.810300 2026] [ssl:debug] [pid 2185795:tid 2185795] ssl_engine_kernel.c(254): [client 60.244.152.7:51499] AH02034: Subsequent (No.4) HTTPS request received for child 7 (server isupport.ilc.edu.tw:443), referer: https://isupport.ilc.edu.tw/11524/
[Wed Aug 26 01:46:43.810456 2026] [authz_core:debug] [pid 2185795:tid 2185795] mod_authz_core.c(815): [client 60.244.152.7:51499] AH01626: authorization result of Require all granted: granted, referer: https://isupport.ilc.edu.tw/11524/
[Wed Aug 26 01:46:43.810470 2026] [authz_core:debug] [pid 2185795:tid 2185795] mod_authz_core.c(815): [client 60.244.152.7:51499] AH01626: authorization result of : granted, referer: https://isupport.ilc.edu.tw/11524/
[Wed Aug 26 01:46:43.810798 2026] [deflate:debug] [pid 2185795:tid 2185795] mod_deflate.c(909): [client 60.244.152.7:51499] AH01384: Zlib: Compressed 8989 to 2304 : URL /wp-content/themes/oceanwp/assets/js/scroll-top.min.js, referer: https://isupport.ilc.edu.tw/11524/
[Wed Aug 26 01:46:43.817646 2026] [ssl:debug] [pid 2185794:tid 2185794] ssl_engine_kernel.c(254): [client 60.244.152.7:51504] AH02034: Subsequent (No.4) HTTPS request received for child 5 (server isupport.ilc.edu.tw:443), referer: https://isupport.ilc.edu.tw/11524/
[Wed Aug 26 01:46:43.817839 2026] [authz_core:debug] [pid 2185794:tid 2185794] mod_authz_core.c(815): [client 60.244.152.7:51504] AH01626: authorization result of Require all granted: granted, referer: https://isupport.ilc.edu.tw/11524/
[Wed Aug 26 01:46:43.817846 2026] [authz_core:debug] [pid 2185794:tid 2185794] mod_authz_core.c(815): [client 60.244.152.7:51504] AH01626: authorization result of : granted, referer: https://isupport.ilc.edu.tw/11524/
[Wed Aug 26 01:46:43.818102 2026] [deflate:debug] [pid 2185794:tid 2185794] mod_deflate.c(909): [client 60.244.152.7:51504] AH01384: Zlib: Compressed 5181 to 1510 : URL /wp-content/themes/oceanwp/assets/js/select.min.js, referer: https://isupport.ilc.edu.tw/11524/
[Wed Aug 26 01:46:43.839814 2026] [ssl:debug] [pid 2185793:tid 2185793] ssl_engine_kernel.c(254): [client 60.244.152.7:51503] AH02034: Subsequent (No.8) HTTPS request received for child 0 (server isupport.ilc.edu.tw:443), referer: https://isupport.ilc.edu.tw/11524/
[Wed Aug 26 01:46:43.840003 2026] [authz_core:debug] [pid 2185793:tid 2185793] mod_authz_core.c(815): [client 60.244.152.7:51503] AH01626: authorization result of Require all granted: granted, referer: https://isupport.ilc.edu.tw/11524/
[Wed Aug 26 01:46:43.840008 2026] [authz_core:debug] [pid 2185793:tid 2185793] mod_authz_core.c(815): [client 60.244.152.7:51503] AH01626: authorization result of : granted, referer: https://isupport.ilc.edu.tw/11524/
[Wed Aug 26 01:46:43.840809 2026] [deflate:debug] [pid 2185793:tid 2185793] mod_deflate.c(909): [client 60.244.152.7:51503] AH01384: Zlib: Compressed 25505 to 7646 : URL /wp-content/themes/oceanwp/assets/js/ow-infinite-scroll.min.js, referer: https://isupport.ilc.edu.tw/11524/
[Wed Aug 26 01:46:43.841265 2026] [ssl:debug] [pid 2185707:tid 2185707] ssl_engine_kernel.c(254): [client 60.244.152.7:51502] AH02034: Subsequent (No.5) HTTPS request received for child 6 (server isupport.ilc.edu.tw:443), referer: https://isupport.ilc.edu.tw/11524/
[Wed Aug 26 01:46:43.841430 2026] [authz_core:debug] [pid 2185707:tid 2185707] mod_authz_core.c(815): [client 60.244.152.7:51502] AH01626: authorization result of Require all granted: granted, referer: https://isupport.ilc.edu.tw/11524/
[Wed Aug 26 01:46:43.841435 2026] [authz_core:debug] [pid 2185707:tid 2185707] mod_authz_core.c(815): [client 60.244.152.7:51502] AH01626: authorization result of : granted, referer: https://isupport.ilc.edu.tw/11524/
[Wed Aug 26 01:46:43.841613 2026] [deflate:debug] [pid 2185707:tid 2185707] mod_deflate.c(909): [client 60.244.152.7:51502] AH01384: Zlib: Compressed 712 to 422 : URL /wp-content/plugins/ocean-extra/includes/widgets/js/flickr.min.js, referer: https://isupport.ilc.edu.tw/11524/
[Wed Aug 26 01:46:43.842663 2026] [ssl:debug] [pid 2185795:tid 2185795] ssl_engine_kernel.c(254): [client 60.244.152.7:51499] AH02034: Subsequent (No.5) HTTPS request received for child 7 (server isupport.ilc.edu.tw:443), referer: https://isupport.ilc.edu.tw/11524/
[Wed Aug 26 01:46:43.842857 2026] [authz_core:debug] [pid 2185795:tid 2185795] mod_authz_core.c(815): [client 60.244.152.7:51499] AH01626: authorization result of Require all granted: granted, referer: https://isupport.ilc.edu.tw/11524/
[Wed Aug 26 01:46:43.842863 2026] [authz_core:debug] [pid 2185795:tid 2185795] mod_authz_core.c(815): [client 60.244.152.7:51499] AH01626: authorization result of : granted, referer: https://isupport.ilc.edu.tw/11524/
[Wed Aug 26 01:46:43.843161 2026] [deflate:debug] [pid 2185795:tid 2185795] mod_deflate.c(909): [client 60.244.152.7:51499] AH01384: Zlib: Compressed 5881 to 2664 : URL /wp-content/plugins/elementor-pro/assets/js/webpack-pro.runtime.min.js, referer: https://isupport.ilc.edu.tw/11524/
[Wed Aug 26 01:46:43.853005 2026] [ssl:debug] [pid 2181121:tid 2181121] ssl_engine_kernel.c(254): [client 60.244.152.7:51500] AH02034: Subsequent (No.6) HTTPS request received for child 14 (server isupport.ilc.edu.tw:443), referer: https://isupport.ilc.edu.tw/11524/
[Wed Aug 26 01:46:43.853203 2026] [authz_core:debug] [pid 2181121:tid 2181121] mod_authz_core.c(815): [client 60.244.152.7:51500] AH01626: authorization result of Require all granted: granted, referer: https://isupport.ilc.edu.tw/11524/
[Wed Aug 26 01:46:43.853209 2026] [authz_core:debug] [pid 2181121:tid 2181121] mod_authz_core.c(815): [client 60.244.152.7:51500] AH01626: authorization result of : granted, referer: https://isupport.ilc.edu.tw/11524/
[Wed Aug 26 01:46:43.853496 2026] [deflate:debug] [pid 2181121:tid 2181121] mod_deflate.c(909): [client 60.244.152.7:51500] AH01384: Zlib: Compressed 4997 to 2197 : URL /wp-content/plugins/elementor/assets/js/webpack.runtime.min.js, referer: https://isupport.ilc.edu.tw/11524/
[Wed Aug 26 01:46:43.860206 2026] [ssl:debug] [pid 2185794:tid 2185794] ssl_engine_kernel.c(254): [client 60.244.152.7:51504] AH02034: Subsequent (No.5) HTTPS request received for child 5 (server isupport.ilc.edu.tw:443), referer: https://isupport.ilc.edu.tw/11524/
[Wed Aug 26 01:46:43.860400 2026] [authz_core:debug] [pid 2185794:tid 2185794] mod_authz_core.c(815): [client 60.244.152.7:51504] AH01626: authorization result of Require all granted: granted, referer: https://isupport.ilc.edu.tw/11524/
[Wed Aug 26 01:46:43.860405 2026] [authz_core:debug] [pid 2185794:tid 2185794] mod_authz_core.c(815): [client 60.244.152.7:51504] AH01626: authorization result of : granted, referer: https://isupport.ilc.edu.tw/11524/
[Wed Aug 26 01:46:43.862558 2026] [deflate:debug] [pid 2185794:tid 2185794] mod_deflate.c(909): [client 60.244.152.7:51504] AH01384: Zlib: Compressed 67411 to 18429 : URL /wp-content/plugins/elementor/assets/js/frontend-modules.min.js, referer: https://isupport.ilc.edu.tw/11524/
[Wed Aug 26 01:46:43.874825 2026] [ssl:debug] [pid 2185707:tid 2185707] ssl_engine_kernel.c(254): [client 60.244.152.7:51502] AH02034: Subsequent (No.6) HTTPS request received for child 6 (server isupport.ilc.edu.tw:443), referer: https://isupport.ilc.edu.tw/11524/
[Wed Aug 26 01:46:43.875020 2026] [authz_core:debug] [pid 2185707:tid 2185707] mod_authz_core.c(815): [client 60.244.152.7:51502] AH01626: authorization result of Require all granted: granted, referer: https://isupport.ilc.edu.tw/11524/
[Wed Aug 26 01:46:43.875026 2026] [authz_core:debug] [pid 2185707:tid 2185707] mod_authz_core.c(815): [client 60.244.152.7:51502] AH01626: authorization result of : granted, referer: https://isupport.ilc.edu.tw/11524/
[Wed Aug 26 01:46:43.875273 2026] [deflate:debug] [pid 2185707:tid 2185707] mod_deflate.c(909): [client 60.244.152.7:51502] AH01384: Zlib: Compressed 4307 to 1523 : URL /wp-includes/js/dist/hooks.min.js, referer: https://isupport.ilc.edu.tw/11524/
[Wed Aug 26 01:46:43.876268 2026] [ssl:debug] [pid 2185795:tid 2185795] ssl_engine_kernel.c(254): [client 60.244.152.7:51499] AH02034: Subsequent (No.6) HTTPS request received for child 7 (server isupport.ilc.edu.tw:443), referer: https://isupport.ilc.edu.tw/11524/
[Wed Aug 26 01:46:43.876417 2026] [authz_core:debug] [pid 2185795:tid 2185795] mod_authz_core.c(815): [client 60.244.152.7:51499] AH01626: authorization result of Require all granted: granted, referer: https://isupport.ilc.edu.tw/11524/
[Wed Aug 26 01:46:43.876423 2026] [authz_core:debug] [pid 2185795:tid 2185795] mod_authz_core.c(815): [client 60.244.152.7:51499] AH01626: authorization result of : granted, referer: https://isupport.ilc.edu.tw/11524/
[Wed Aug 26 01:46:43.876781 2026] [deflate:debug] [pid 2185795:tid 2185795] mod_deflate.c(909): [client 60.244.152.7:51499] AH01384: Zlib: Compressed 9141 to 3649 : URL /wp-includes/js/dist/i18n.min.js, referer: https://isupport.ilc.edu.tw/11524/
[Wed Aug 26 01:46:43.889749 2026] [ssl:debug] [pid 2181121:tid 2181121] ssl_engine_kernel.c(254): [client 60.244.152.7:51500] AH02034: Subsequent (No.7) HTTPS request received for child 14 (server isupport.ilc.edu.tw:443), referer: https://isupport.ilc.edu.tw/11524/
[Wed Aug 26 01:46:43.889978 2026] [authz_core:debug] [pid 2181121:tid 2181121] mod_authz_core.c(815): [client 60.244.152.7:51500] AH01626: authorization result of Require all granted: granted, referer: https://isupport.ilc.edu.tw/11524/
[Wed Aug 26 01:46:43.889984 2026] [authz_core:debug] [pid 2181121:tid 2181121] mod_authz_core.c(815): [client 60.244.152.7:51500] AH01626: authorization result of : granted, referer: https://isupport.ilc.edu.tw/11524/
[Wed Aug 26 01:46:43.890695 2026] [deflate:debug] [pid 2181121:tid 2181121] mod_deflate.c(909): [client 60.244.152.7:51500] AH01384: Zlib: Compressed 25050 to 6676 : URL /wp-content/plugins/elementor-pro/assets/js/frontend.min.js, referer: https://isupport.ilc.edu.tw/11524/
[Wed Aug 26 01:46:43.892704 2026] [ssl:debug] [pid 2185793:tid 2185793] ssl_engine_kernel.c(254): [client 60.244.152.7:51503] AH02034: Subsequent (No.9) HTTPS request received for child 0 (server isupport.ilc.edu.tw:443), referer: https://isupport.ilc.edu.tw/11524/
[Wed Aug 26 01:46:43.892904 2026] [authz_core:debug] [pid 2185793:tid 2185793] mod_authz_core.c(815): [client 60.244.152.7:51503] AH01626: authorization result of Require all granted: granted, referer: https://isupport.ilc.edu.tw/11524/
[Wed Aug 26 01:46:43.892911 2026] [authz_core:debug] [pid 2185793:tid 2185793] mod_authz_core.c(815): [client 60.244.152.7:51503] AH01626: authorization result of : granted, referer: https://isupport.ilc.edu.tw/11524/
[Wed Aug 26 01:46:43.893355 2026] [deflate:debug] [pid 2185793:tid 2185793] mod_deflate.c(909): [client 60.244.152.7:51503] AH01384: Zlib: Compressed 12198 to 2975 : URL /wp-content/plugins/elementor/assets/lib/waypoints/waypoints.min.js, referer: https://isupport.ilc.edu.tw/11524/
[Wed Aug 26 01:46:43.908700 2026] [ssl:debug] [pid 2185707:tid 2185707] ssl_engine_kernel.c(254): [client 60.244.152.7:51502] AH02034: Subsequent (No.7) HTTPS request received for child 6 (server isupport.ilc.edu.tw:443), referer: https://isupport.ilc.edu.tw/11524/
[Wed Aug 26 01:46:43.908902 2026] [authz_core:debug] [pid 2185707:tid 2185707] mod_authz_core.c(815): [client 60.244.152.7:51502] AH01626: authorization result of Require all granted: granted, referer: https://isupport.ilc.edu.tw/11524/
[Wed Aug 26 01:46:43.908907 2026] [authz_core:debug] [pid 2185707:tid 2185707] mod_authz_core.c(815): [client 60.244.152.7:51502] AH01626: authorization result of : granted, referer: https://isupport.ilc.edu.tw/11524/
[Wed Aug 26 01:46:43.909604 2026] [deflate:debug] [pid 2185707:tid 2185707] mod_deflate.c(909): [client 60.244.152.7:51502] AH01384: Zlib: Compressed 21464 to 7088 : URL /wp-includes/js/jquery/ui/core.min.js, referer: https://isupport.ilc.edu.tw/11524/
[Wed Aug 26 01:46:43.910114 2026] [ssl:debug] [pid 2185795:tid 2185795] ssl_engine_kernel.c(254): [client 60.244.152.7:51499] AH02034: Subsequent (No.7) HTTPS request received for child 7 (server isupport.ilc.edu.tw:443), referer: https://isupport.ilc.edu.tw/11524/
[Wed Aug 26 01:46:43.910255 2026] [authz_core:debug] [pid 2185795:tid 2185795] mod_authz_core.c(815): [client 60.244.152.7:51499] AH01626: authorization result of Require all granted: granted, referer: https://isupport.ilc.edu.tw/11524/
[Wed Aug 26 01:46:43.910260 2026] [authz_core:debug] [pid 2185795:tid 2185795] mod_authz_core.c(815): [client 60.244.152.7:51499] AH01626: authorization result of : granted, referer: https://isupport.ilc.edu.tw/11524/
[Wed Aug 26 01:46:43.911397 2026] [deflate:debug] [pid 2185795:tid 2185795] mod_deflate.c(909): [client 60.244.152.7:51499] AH01384: Zlib: Compressed 40254 to 12204 : URL /wp-content/plugins/elementor/assets/js/frontend.min.js, referer: https://isupport.ilc.edu.tw/11524/
[Wed Aug 26 01:46:43.917400 2026] [ssl:debug] [pid 2185794:tid 2185794] ssl_engine_kernel.c(254): [client 60.244.152.7:51504] AH02034: Subsequent (No.6) HTTPS request received for child 5 (server isupport.ilc.edu.tw:443), referer: https://isupport.ilc.edu.tw/11524/
[Wed Aug 26 01:46:43.917578 2026] [authz_core:debug] [pid 2185794:tid 2185794] mod_authz_core.c(815): [client 60.244.152.7:51504] AH01626: authorization result of Require all granted: granted, referer: https://isupport.ilc.edu.tw/11524/
[Wed Aug 26 01:46:43.917584 2026] [authz_core:debug] [pid 2185794:tid 2185794] mod_authz_core.c(815): [client 60.244.152.7:51504] AH01626: authorization result of : granted, referer: https://isupport.ilc.edu.tw/11524/
[Wed Aug 26 01:46:43.918641 2026] [deflate:debug] [pid 2185794:tid 2185794] mod_deflate.c(909): [client 60.244.152.7:51504] AH01384: Zlib: Compressed 41573 to 9918 : URL /wp-content/plugins/elementor-pro/assets/js/elements-handlers.min.js, referer: https://isupport.ilc.edu.tw/11524/
