[Wed Aug 26 01:46:43.930666 2026] [ssl:debug] [pid 2181121:tid 2181121] ssl_engine_kernel.c(254): [client 60.244.152.7:51500] AH02034: Subsequent (No.8) HTTPS request received for child 14 (server isupport.ilc.edu.tw:443), referer: https://isupport.ilc.edu.tw/11524/
[Wed Aug 26 01:46:43.931487 2026] [authz_core:debug] [pid 2181121:tid 2181121] mod_authz_core.c(815): [client 60.244.152.7:51500] AH01626: authorization result of Require all granted: granted, referer: https://isupport.ilc.edu.tw/11524/
[Wed Aug 26 01:46:43.931496 2026] [authz_core:debug] [pid 2181121:tid 2181121] mod_authz_core.c(815): [client 60.244.152.7:51500] AH01626: authorization result of : granted, referer: https://isupport.ilc.edu.tw/11524/
[Wed Aug 26 01:46:43.933705 2026] [ssl:debug] [pid 2185793:tid 2185793] ssl_engine_kernel.c(254): [client 60.244.152.7:51503] AH02034: Subsequent (No.10) HTTPS request received for child 0 (server isupport.ilc.edu.tw:443), referer: https://isupport.ilc.edu.tw/11524/
[Wed Aug 26 01:46:43.934189 2026] [authz_core:debug] [pid 2185793:tid 2185793] mod_authz_core.c(815): [client 60.244.152.7:51503] AH01626: authorization result of Require all granted: granted, referer: https://isupport.ilc.edu.tw/11524/
[Wed Aug 26 01:46:43.934196 2026] [authz_core:debug] [pid 2185793:tid 2185793] mod_authz_core.c(815): [client 60.244.152.7:51503] AH01626: authorization result of : granted, referer: https://isupport.ilc.edu.tw/11524/
[Wed Aug 26 01:46:43.969502 2026] [ssl:debug] [pid 2181041:tid 2181041] ssl_engine_kernel.c(254): [client 2408:872f:c00:408::16f:26030] AH02034: Subsequent (No.5) HTTPS request received for child 1 (server www.smps.ilc.edu.tw:443), referer: https://www.smps.ilc.edu.tw/wp-content/cache/www.smps.ilc.edu.tw/wpfc-minified/mat240pv/77dg.css
[Wed Aug 26 01:46:43.969768 2026] [authz_core:debug] [pid 2181041:tid 2181041] mod_authz_core.c(815): [client 2408:872f:c00:408::16f:26030] AH01626: authorization result of Require all granted: granted, referer: https://www.smps.ilc.edu.tw/wp-content/cache/www.smps.ilc.edu.tw/wpfc-minified/mat240pv/77dg.css
[Wed Aug 26 01:46:43.969777 2026] [authz_core:debug] [pid 2181041:tid 2181041] mod_authz_core.c(815): [client 2408:872f:c00:408::16f:26030] AH01626: authorization result of : granted, referer: https://www.smps.ilc.edu.tw/wp-content/cache/www.smps.ilc.edu.tw/wpfc-minified/mat240pv/77dg.css
[Wed Aug 26 01:46:43.977572 2026] [ssl:debug] [pid 2185794:tid 2185794] ssl_engine_kernel.c(254): [client 60.244.152.7:51504] AH02034: Subsequent (No.7) HTTPS request received for child 5 (server isupport.ilc.edu.tw:443), referer: https://isupport.ilc.edu.tw/wp-content/cache/isupport.ilc.edu.tw/wpfc-minified/8jq1rsi9/ks8w.css
[Wed Aug 26 01:46:43.977576 2026] [ssl:debug] [pid 2185795:tid 2185795] ssl_engine_kernel.c(254): [client 60.244.152.7:51499] AH02034: Subsequent (No.8) HTTPS request received for child 7 (server isupport.ilc.edu.tw:443), referer: https://isupport.ilc.edu.tw/wp-content/cache/isupport.ilc.edu.tw/wpfc-minified/8jq1rsi9/ks8w.css
[Wed Aug 26 01:46:43.977773 2026] [authz_core:debug] [pid 2185794:tid 2185794] mod_authz_core.c(815): [client 60.244.152.7:51504] AH01626: authorization result of Require all granted: granted, referer: https://isupport.ilc.edu.tw/wp-content/cache/isupport.ilc.edu.tw/wpfc-minified/8jq1rsi9/ks8w.css
[Wed Aug 26 01:46:43.977774 2026] [authz_core:debug] [pid 2185795:tid 2185795] mod_authz_core.c(815): [client 60.244.152.7:51499] AH01626: authorization result of Require all granted: granted, referer: https://isupport.ilc.edu.tw/wp-content/cache/isupport.ilc.edu.tw/wpfc-minified/8jq1rsi9/ks8w.css
[Wed Aug 26 01:46:43.977780 2026] [authz_core:debug] [pid 2185794:tid 2185794] mod_authz_core.c(815): [client 60.244.152.7:51504] AH01626: authorization result of : granted, referer: https://isupport.ilc.edu.tw/wp-content/cache/isupport.ilc.edu.tw/wpfc-minified/8jq1rsi9/ks8w.css
[Wed Aug 26 01:46:43.977782 2026] [authz_core:debug] [pid 2185795:tid 2185795] mod_authz_core.c(815): [client 60.244.152.7:51499] AH01626: authorization result of : granted, referer: https://isupport.ilc.edu.tw/wp-content/cache/isupport.ilc.edu.tw/wpfc-minified/8jq1rsi9/ks8w.css
[Wed Aug 26 01:46:43.987412 2026] [ssl:debug] [pid 2185730:tid 2185730] ssl_engine_kernel.c(254): [client 2408:872f:c00:408::16f:26036] AH02034: Subsequent (No.7) HTTPS request received for child 8 (server www.smps.ilc.edu.tw:443), referer: https://www.smps.ilc.edu.tw/elementor-510/
[Wed Aug 26 01:46:43.987609 2026] [authz_core:debug] [pid 2185730:tid 2185730] mod_authz_core.c(815): [client 2408:872f:c00:408::16f:26036] AH01626: authorization result of Require all granted: granted, referer: https://www.smps.ilc.edu.tw/elementor-510/
[Wed Aug 26 01:46:43.987615 2026] [authz_core:debug] [pid 2185730:tid 2185730] mod_authz_core.c(815): [client 2408:872f:c00:408::16f:26036] AH01626: authorization result of : granted, referer: https://www.smps.ilc.edu.tw/elementor-510/
[Wed Aug 26 01:46:43.988354 2026] [deflate:debug] [pid 2185730:tid 2185730] mod_deflate.c(909): [client 2408:872f:c00:408::16f:26036] AH01384: Zlib: Compressed 25050 to 6676 : URL /wp-content/plugins/elementor-pro/assets/js/frontend.min.js, referer: https://www.smps.ilc.edu.tw/elementor-510/
[Wed Aug 26 01:46:43.990159 2026] [ssl:debug] [pid 2181002:tid 2181002] ssl_engine_kernel.c(254): [client 2408:872f:c00:408::16f:26028] AH02034: Subsequent (No.5) HTTPS request received for child 19 (server www.smps.ilc.edu.tw:443), referer: https://www.smps.ilc.edu.tw/elementor-510/
[Wed Aug 26 01:46:43.990376 2026] [authz_core:debug] [pid 2181002:tid 2181002] mod_authz_core.c(815): [client 2408:872f:c00:408::16f:26028] AH01626: authorization result of Require all granted: granted, referer: https://www.smps.ilc.edu.tw/elementor-510/
[Wed Aug 26 01:46:43.990386 2026] [authz_core:debug] [pid 2181002:tid 2181002] mod_authz_core.c(815): [client 2408:872f:c00:408::16f:26028] AH01626: authorization result of : granted, referer: https://www.smps.ilc.edu.tw/elementor-510/
[Wed Aug 26 01:46:43.990760 2026] [deflate:debug] [pid 2181002:tid 2181002] mod_deflate.c(909): [client 2408:872f:c00:408::16f:26028] AH01384: Zlib: Compressed 12198 to 2975 : URL /wp-content/plugins/elementor/assets/lib/waypoints/waypoints.min.js, referer: https://www.smps.ilc.edu.tw/elementor-510/
[Wed Aug 26 01:46:44.001270 2026] [ssl:debug] [pid 2185795:tid 2185795] ssl_engine_kernel.c(254): [client 60.244.152.7:51499] AH02034: Subsequent (No.9) HTTPS request received for child 7 (server isupport.ilc.edu.tw:443), referer: https://isupport.ilc.edu.tw/wp-content/cache/isupport.ilc.edu.tw/wpfc-minified/8jq1rsi9/ks8w.css
[Wed Aug 26 01:46:44.001511 2026] [authz_core:debug] [pid 2185795:tid 2185795] mod_authz_core.c(815): [client 60.244.152.7:51499] AH01626: authorization result of Require all granted: granted, referer: https://isupport.ilc.edu.tw/wp-content/cache/isupport.ilc.edu.tw/wpfc-minified/8jq1rsi9/ks8w.css
[Wed Aug 26 01:46:44.001530 2026] [authz_core:debug] [pid 2185795:tid 2185795] mod_authz_core.c(815): [client 60.244.152.7:51499] AH01626: authorization result of : granted, referer: https://isupport.ilc.edu.tw/wp-content/cache/isupport.ilc.edu.tw/wpfc-minified/8jq1rsi9/ks8w.css
[Wed Aug 26 01:46:44.018628 2026] [ssl:debug] [pid 2181035:tid 2181035] ssl_engine_kernel.c(254): [client 2408:872f:c00:408::16f:26032] AH02034: Subsequent (No.4) HTTPS request received for child 11 (server www.smps.ilc.edu.tw:443), referer: https://www.smps.ilc.edu.tw/elementor-510/
[Wed Aug 26 01:46:44.018869 2026] [authz_core:debug] [pid 2181035:tid 2181035] mod_authz_core.c(815): [client 2408:872f:c00:408::16f:26032] AH01626: authorization result of Require all granted: granted, referer: https://www.smps.ilc.edu.tw/elementor-510/
[Wed Aug 26 01:46:44.018876 2026] [authz_core:debug] [pid 2181035:tid 2181035] mod_authz_core.c(815): [client 2408:872f:c00:408::16f:26032] AH01626: authorization result of : granted, referer: https://www.smps.ilc.edu.tw/elementor-510/
[Wed Aug 26 01:46:44.019595 2026] [deflate:debug] [pid 2181035:tid 2181035] mod_deflate.c(909): [client 2408:872f:c00:408::16f:26032] AH01384: Zlib: Compressed 21464 to 7088 : URL /wp-includes/js/jquery/ui/core.min.js, referer: https://www.smps.ilc.edu.tw/elementor-510/
[Wed Aug 26 01:46:44.042445 2026] [ssl:debug] [pid 2181051:tid 2181051] ssl_engine_kernel.c(254): [client 2408:872f:c00:408::16f:25758] AH02034: Subsequent (No.8) HTTPS request received for child 13 (server www.smps.ilc.edu.tw:443), referer: https://www.smps.ilc.edu.tw/elementor-510/
[Wed Aug 26 01:46:44.042672 2026] [authz_core:debug] [pid 2181051:tid 2181051] mod_authz_core.c(815): [client 2408:872f:c00:408::16f:25758] AH01626: authorization result of Require all granted: granted, referer: https://www.smps.ilc.edu.tw/elementor-510/
[Wed Aug 26 01:46:44.042680 2026] [authz_core:debug] [pid 2181051:tid 2181051] mod_authz_core.c(815): [client 2408:872f:c00:408::16f:25758] AH01626: authorization result of : granted, referer: https://www.smps.ilc.edu.tw/elementor-510/
[Wed Aug 26 01:46:44.043883 2026] [deflate:debug] [pid 2181051:tid 2181051] mod_deflate.c(909): [client 2408:872f:c00:408::16f:25758] AH01384: Zlib: Compressed 40254 to 12204 : URL /wp-content/plugins/elementor/assets/js/frontend.min.js, referer: https://www.smps.ilc.edu.tw/elementor-510/
[Wed Aug 26 01:46:44.060920 2026] [ssl:debug] [pid 2185786:tid 2185786] ssl_engine_kernel.c(254): [client 2408:872f:c00:408::16f:26034] AH02034: Subsequent (No.5) HTTPS request received for child 3 (server www.smps.ilc.edu.tw:443), referer: https://www.smps.ilc.edu.tw/elementor-510/
[Wed Aug 26 01:46:44.061189 2026] [authz_core:debug] [pid 2185786:tid 2185786] mod_authz_core.c(815): [client 2408:872f:c00:408::16f:26034] AH01626: authorization result of Require all granted: granted, referer: https://www.smps.ilc.edu.tw/elementor-510/
[Wed Aug 26 01:46:44.061196 2026] [authz_core:debug] [pid 2185786:tid 2185786] mod_authz_core.c(815): [client 2408:872f:c00:408::16f:26034] AH01626: authorization result of : granted, referer: https://www.smps.ilc.edu.tw/elementor-510/
[Wed Aug 26 01:46:44.062262 2026] [deflate:debug] [pid 2185786:tid 2185786] mod_deflate.c(909): [client 2408:872f:c00:408::16f:26034] AH01384: Zlib: Compressed 41573 to 9918 : URL /wp-content/plugins/elementor-pro/assets/js/elements-handlers.min.js, referer: https://www.smps.ilc.edu.tw/elementor-510/
[Wed Aug 26 01:46:44.093630 2026] [ssl:debug] [pid 2181052:tid 2181052] ssl_engine_kernel.c(254): [client 60.244.152.7:51507] AH02034: Subsequent (No.4) HTTPS request received for child 17 (server isupport.ilc.edu.tw:443), referer: https://isupport.ilc.edu.tw/11524/
[Wed Aug 26 01:46:44.093865 2026] [authz_core:debug] [pid 2181052:tid 2181052] mod_authz_core.c(815): [client 60.244.152.7:51507] AH01626: authorization result of Require all granted: granted, referer: https://isupport.ilc.edu.tw/11524/
[Wed Aug 26 01:46:44.093879 2026] [authz_core:debug] [pid 2181052:tid 2181052] mod_authz_core.c(815): [client 60.244.152.7:51507] AH01626: authorization result of : granted, referer: https://isupport.ilc.edu.tw/11524/
[Wed Aug 26 01:46:44.094081 2026] [deflate:debug] [pid 2181052:tid 2181052] mod_deflate.c(909): [client 60.244.152.7:51507] AH01384: Zlib: Compressed 1360 to 648 : URL /wp-content/plugins/elementor/assets/js/text-editor.2c35aafbe5bf0e127950.bundle.min.js, referer: https://isupport.ilc.edu.tw/11524/
[Wed Aug 26 01:46:44.096542 2026] [ssl:debug] [pid 2185793:tid 2185793] ssl_engine_kernel.c(254): [client 60.244.152.7:51503] AH02034: Subsequent (No.11) HTTPS request received for child 0 (server isupport.ilc.edu.tw:443), referer: https://isupport.ilc.edu.tw/11524/
[Wed Aug 26 01:46:44.096793 2026] [authz_core:debug] [pid 2185793:tid 2185793] mod_authz_core.c(815): [client 60.244.152.7:51503] AH01626: authorization result of Require all granted: granted, referer: https://isupport.ilc.edu.tw/11524/
[Wed Aug 26 01:46:44.096801 2026] [authz_core:debug] [pid 2185793:tid 2185793] mod_authz_core.c(815): [client 60.244.152.7:51503] AH01626: authorization result of : granted, referer: https://isupport.ilc.edu.tw/11524/
[Wed Aug 26 01:46:44.097104 2026] [deflate:debug] [pid 2185793:tid 2185793] mod_deflate.c(909): [client 60.244.152.7:51503] AH01384: Zlib: Compressed 3171 to 1263 : URL /wp-content/plugins/elementor/assets/js/video.d11c91c1b2b642a34601.bundle.min.js, referer: https://isupport.ilc.edu.tw/11524/
[Wed Aug 26 01:46:44.210985 2026] [watchdog:debug] [pid 2185796:tid 2185796] mod_watchdog.c(559): AH02980: Watchdog: nothing configured?
[Wed Aug 26 01:46:44.213140 2026] [watchdog:debug] [pid 2185797:tid 2185797] mod_watchdog.c(559): AH02980: Watchdog: nothing configured?
[Wed Aug 26 01:46:44.214996 2026] [watchdog:debug] [pid 2185798:tid 2185798] mod_watchdog.c(559): AH02980: Watchdog: nothing configured?
[Wed Aug 26 01:46:44.216715 2026] [watchdog:debug] [pid 2185799:tid 2185799] mod_watchdog.c(559): AH02980: Watchdog: nothing configured?
[Wed Aug 26 01:46:44.406079 2026] [ssl:debug] [pid 2185795:tid 2185795] ssl_engine_kernel.c(254): [client 60.244.152.7:51499] AH02034: Subsequent (No.10) HTTPS request received for child 7 (server isupport.ilc.edu.tw:443), referer: https://isupport.ilc.edu.tw/11524/
[Wed Aug 26 01:46:44.406908 2026] [authz_core:debug] [pid 2185795:tid 2185795] mod_authz_core.c(815): [client 60.244.152.7:51499] AH01626: authorization result of Require all granted: granted, referer: https://isupport.ilc.edu.tw/11524/
[Wed Aug 26 01:46:44.406919 2026] [authz_core:debug] [pid 2185795:tid 2185795] mod_authz_core.c(815): [client 60.244.152.7:51499] AH01626: authorization result of : granted, referer: https://isupport.ilc.edu.tw/11524/
[Wed Aug 26 01:46:45.199362 2026] [headers:debug] [pid 2183555:tid 2183555] mod_headers.c(900): AH01503: headers: ap_headers_error_filter()
[Wed Aug 26 01:46:45.490520 2026] [ssl:info] [pid 2185796:tid 2185796] [client 140.111.67.10:37137] AH01964: Connection to child 9 established (server 2blog.ilc.edu.tw:443)
[Wed Aug 26 01:46:45.490860 2026] [ssl:info] [pid 2185796:tid 2185796] (70014)End of file found: [client 140.111.67.10:37137] AH02006: SSL handshake stopped: connection was closed
[Wed Aug 26 01:46:45.490870 2026] [ssl:info] [pid 2185796:tid 2185796] [client 140.111.67.10:37137] AH01998: Connection closed to child 9 with abortive shutdown (server 2blog.ilc.edu.tw:443)
[Wed Aug 26 01:46:46.290604 2026] [ssl:info] [pid 2185797:tid 2185797] [client 54.225.81.20:30610] AH01964: Connection to child 10 established (server 2blog.ilc.edu.tw:443)
[Wed Aug 26 01:46:46.290958 2026] [ssl:debug] [pid 2185797:tid 2185797] ssl_engine_kernel.c(2222): [client 54.225.81.20:30610] AH02043: SSL virtual host for servername 2blog.ilc.edu.tw found
[Wed Aug 26 01:46:46.497183 2026] [ssl:debug] [pid 2185797:tid 2185797] ssl_engine_kernel.c(2082): [client 54.225.81.20:30610] AH02041: Protocol: TLSv1.3, Cipher: TLS_AES_256_GCM_SHA384 (256/256 bits)
[Wed Aug 26 01:46:46.497259 2026] [socache_shmcb:debug] [pid 2185797:tid 2185797] mod_socache_shmcb.c(508): AH00831: socache_shmcb_store (0x81 -> subcache 1)
[Wed Aug 26 01:46:46.497268 2026] [socache_shmcb:debug] [pid 2185797:tid 2185797] mod_socache_shmcb.c(860): AH00847: insert happened at idx=46, data=(415:447)
[Wed Aug 26 01:46:46.497270 2026] [socache_shmcb:debug] [pid 2185797:tid 2185797] mod_socache_shmcb.c(863): AH00848: finished insert, subcache: idx_pos/idx_used=6/41, data_pos/data_used=5406/9087
[Wed Aug 26 01:46:46.497272 2026] [socache_shmcb:debug] [pid 2185797:tid 2185797] mod_socache_shmcb.c(530): AH00834: leaving socache_shmcb_store successfully
[Wed Aug 26 01:46:46.497324 2026] [socache_shmcb:debug] [pid 2185797:tid 2185797] mod_socache_shmcb.c(508): AH00831: socache_shmcb_store (0x29 -> subcache 9)
[Wed Aug 26 01:46:46.497333 2026] [socache_shmcb:debug] [pid 2185797:tid 2185797] mod_socache_shmcb.c(860): AH00847: insert happened at idx=78, data=(1670:1702)
[Wed Aug 26 01:46:46.497334 2026] [socache_shmcb:debug] [pid 2185797:tid 2185797] mod_socache_shmcb.c(863): AH00848: finished insert, subcache: idx_pos/idx_used=43/36, data_pos/data_used=7768/7979
[Wed Aug 26 01:46:46.497336 2026] [socache_shmcb:debug] [pid 2185797:tid 2185797] mod_socache_shmcb.c(530): AH00834: leaving socache_shmcb_store successfully
[Wed Aug 26 01:46:46.497513 2026] [ssl:debug] [pid 2185797:tid 2185797] ssl_engine_kernel.c(254): [client 54.225.81.20:30610] AH02034: Initial (No.1) HTTPS request received for child 10 (server 2blog.ilc.edu.tw:443)
[Wed Aug 26 01:46:46.497785 2026] [authz_core:debug] [pid 2185797:tid 2185797] mod_authz_core.c(815): [client 54.225.81.20:30610] AH01626: authorization result of Require all granted: granted
[Wed Aug 26 01:46:46.497791 2026] [authz_core:debug] [pid 2185797:tid 2185797] mod_authz_core.c(815): [client 54.225.81.20:30610] AH01626: authorization result of : granted
[Wed Aug 26 01:46:46.498349 2026] [authz_core:debug] [pid 2185797:tid 2185797] mod_authz_core.c(815): [client 54.225.81.20:30610] AH01626: authorization result of Require all granted: granted
[Wed Aug 26 01:46:46.498354 2026] [authz_core:debug] [pid 2185797:tid 2185797] mod_authz_core.c(815): [client 54.225.81.20:30610] AH01626: authorization result of : granted
[Wed Aug 26 01:46:46.797630 2026] [ssl:debug] [pid 2185797:tid 2185797] ssl_engine_io.c(1150): [client 54.225.81.20:30610] AH02001: Connection closed to child 10 with standard shutdown (server 2blog.ilc.edu.tw:443)
[Wed Aug 26 01:46:46.878189 2026] [ssl:info] [pid 2185798:tid 2185798] [client 35.254.159.230:38912] AH01964: Connection to child 12 established (server 2blog.ilc.edu.tw:443)
[Wed Aug 26 01:46:46.878590 2026] [ssl:info] [pid 2185798:tid 2185798] (70014)End of file found: [client 35.254.159.230:38912] AH02006: SSL handshake stopped: connection was closed
[Wed Aug 26 01:46:46.878605 2026] [ssl:info] [pid 2185798:tid 2185798] [client 35.254.159.230:38912] AH01998: Connection closed to child 12 with abortive shutdown (server 2blog.ilc.edu.tw:443)
[Wed Aug 26 01:46:47.133126 2026] [ssl:debug] [pid 2185790:tid 2185790] ssl_engine_io.c(1150): [client 34.10.180.98:50176] AH02001: Connection closed to child 4 with standard shutdown (server 2blog.ilc.edu.tw:443)
[Wed Aug 26 01:46:47.233790 2026] [ssl:debug] [pid 2184221:tid 2184221] ssl_engine_io.c(1150): [client 34.171.68.95:4096] AH02001: Connection closed to child 25 with standard shutdown (server 2blog.ilc.edu.tw:443)
[Wed Aug 26 01:46:47.620280 2026] [ssl:info] [pid 2185799:tid 2185799] [client 66.249.71.37:54138] AH01964: Connection to child 16 established (server 2blog.ilc.edu.tw:443)
[Wed Aug 26 01:46:47.620640 2026] [ssl:debug] [pid 2185799:tid 2185799] ssl_engine_kernel.c(2222): [client 66.249.71.37:54138] AH02043: SSL virtual host for servername 2blog.ilc.edu.tw found
[Wed Aug 26 01:46:47.620809 2026] [ssl:debug] [pid 2185799:tid 2185799] ssl_util_stapling.c(819): AH01951: stapling_cb: OCSP Stapling callback called
[Wed Aug 26 01:46:47.620816 2026] [ssl:info] [pid 2185799:tid 2185799] AH01926: stapling_get_certinfo: stapling not supported for certificate
[Wed Aug 26 01:46:47.629189 2026] [ssl:debug] [pid 2185799:tid 2185799] ssl_engine_kernel.c(2082): [client 66.249.71.37:54138] AH02041: Protocol: TLSv1.3, Cipher: TLS_AES_256_GCM_SHA384 (256/256 bits)
[Wed Aug 26 01:46:47.629258 2026] [socache_shmcb:debug] [pid 2185799:tid 2185799] mod_socache_shmcb.c(508): AH00831: socache_shmcb_store (0x76 -> subcache 22)
[Wed Aug 26 01:46:47.629272 2026] [socache_shmcb:debug] [pid 2185799:tid 2185799] mod_socache_shmcb.c(860): AH00847: insert happened at idx=44, data=(13650:13682)
[Wed Aug 26 01:46:47.629274 2026] [socache_shmcb:debug] [pid 2185799:tid 2185799] mod_socache_shmcb.c(863): AH00848: finished insert, subcache: idx_pos/idx_used=4/41, data_pos/data_used=4778/9085
[Wed Aug 26 01:46:47.629277 2026] [socache_shmcb:debug] [pid 2185799:tid 2185799] mod_socache_shmcb.c(530): AH00834: leaving socache_shmcb_store successfully
[Wed Aug 26 01:46:47.629337 2026] [socache_shmcb:debug] [pid 2185799:tid 2185799] mod_socache_shmcb.c(508): AH00831: socache_shmcb_store (0xa1 -> subcache 1)
[Wed Aug 26 01:46:47.629342 2026] [socache_shmcb:debug] [pid 2185799:tid 2185799] mod_socache_shmcb.c(860): AH00847: insert happened at idx=47, data=(629:661)
[Wed Aug 26 01:46:47.629344 2026] [socache_shmcb:debug] [pid 2185799:tid 2185799] mod_socache_shmcb.c(863): AH00848: finished insert, subcache: idx_pos/idx_used=6/42, data_pos/data_used=5406/9300
[Wed Aug 26 01:46:47.629345 2026] [socache_shmcb:debug] [pid 2185799:tid 2185799] mod_socache_shmcb.c(530): AH00834: leaving socache_shmcb_store successfully
[Wed Aug 26 01:46:47.629501 2026] [ssl:debug] [pid 2185799:tid 2185799] ssl_engine_kernel.c(254): [client 66.249.71.37:54138] AH02034: Initial (No.1) HTTPS request received for child 16 (server 2blog.ilc.edu.tw:443)
[Wed Aug 26 01:46:47.642045 2026] [authz_core:debug] [pid 2185799:tid 2185799] mod_authz_core.c(815): [client 66.249.71.37:54138] AH01626: authorization result of Require all granted: granted
[Wed Aug 26 01:46:47.642061 2026] [authz_core:debug] [pid 2185799:tid 2185799] mod_authz_core.c(815): [client 66.249.71.37:54138] AH01626: authorization result of : granted
[Wed Aug 26 01:46:47.940979 2026] [ssl:debug] [pid 2181122:tid 2181122] ssl_engine_io.c(1150): [client 34.30.223.149:24064] AH02001: Connection closed to child 15 with standard shutdown (server 2blog.ilc.edu.tw:443)
[Wed Aug 26 01:46:48.091302 2026] [headers:debug] [pid 2183555:tid 2183555] mod_headers.c(900): AH01503: headers: ap_headers_error_filter()
[Wed Aug 26 01:46:48.185172 2026] [ssl:info] [pid 2185796:tid 2185796] [client 2001:288:a201::66:125:42160] AH01964: Connection to child 9 established (server 2blog.ilc.edu.tw:443)
[Wed Aug 26 01:46:48.185343 2026] [ssl:debug] [pid 2185796:tid 2185796] ssl_engine_kernel.c(2252): [client 2001:288:a201::66:125:42160] AH02645: Server name not provided via TLS extension (using default/first virtual host)
[Wed Aug 26 01:46:48.185394 2026] [socache_shmcb:debug] [pid 2185796:tid 2185796] mod_socache_shmcb.c(545): AH00835: socache_shmcb_retrieve (0xba -> subcache 26)
[Wed Aug 26 01:46:48.185411 2026] [socache_shmcb:debug] [pid 2185796:tid 2185796] mod_socache_shmcb.c(896): AH00849: match at idx=46, data=394
[Wed Aug 26 01:46:48.185415 2026] [socache_shmcb:debug] [pid 2185796:tid 2185796] mod_socache_shmcb.c(556): AH00836: leaving socache_shmcb_retrieve successfully
[Wed Aug 26 01:46:48.186493 2026] [ssl:debug] [pid 2185796:tid 2185796] ssl_engine_kernel.c(2082): [client 2001:288:a201::66:125:42160] AH02041: Protocol: TLSv1.2, Cipher: ECDHE-RSA-AES256-GCM-SHA384 (256/256 bits)
[Wed Aug 26 01:46:48.186771 2026] [ssl:debug] [pid 2185796:tid 2185796] ssl_engine_kernel.c(254): [client 2001:288:a201::66:125:42160] AH02034: Initial (No.1) HTTPS request received for child 9 (server 2blog.ilc.edu.tw:443)
[Wed Aug 26 01:46:48.187011 2026] [authz_core:debug] [pid 2185796:tid 2185796] mod_authz_core.c(815): [client 2001:288:a201::66:125:42160] AH01626: authorization result of Require all granted: granted
[Wed Aug 26 01:46:48.187022 2026] [authz_core:debug] [pid 2185796:tid 2185796] mod_authz_core.c(815): [client 2001:288:a201::66:125:42160] AH01626: authorization result of : granted
[Wed Aug 26 01:46:48.187571 2026] [authz_core:debug] [pid 2185796:tid 2185796] mod_authz_core.c(815): [client 2001:288:a201::66:125:42160] AH01626: authorization result of Require all granted: granted
[Wed Aug 26 01:46:48.187576 2026] [authz_core:debug] [pid 2185796:tid 2185796] mod_authz_core.c(815): [client 2001:288:a201::66:125:42160] AH01626: authorization result of : granted
[Wed Aug 26 01:46:48.187587 2026] [php7:error] [pid 2185796:tid 2185796] [client 2001:288:a201::66:125:42160] script '/var/www/html/2blog/active.php' not found or unable to stat
[Wed Aug 26 01:46:48.187599 2026] [headers:debug] [pid 2185796:tid 2185796] mod_headers.c(900): AH01503: headers: ap_headers_error_filter()
[Wed Aug 26 01:46:48.187725 2026] [ssl:debug] [pid 2185796:tid 2185796] ssl_engine_io.c(1150): [client 2001:288:a201::66:125:42160] AH02001: Connection closed to child 9 with standard shutdown (server 2blog.ilc.edu.tw:443)
[Wed Aug 26 01:46:48.680672 2026] [ssl:info] [pid 2185798:tid 2185798] [client 34.171.68.95:41985] AH01964: Connection to child 12 established (server 2blog.ilc.edu.tw:443)
[Wed Aug 26 01:46:48.680856 2026] [ssl:debug] [pid 2185798:tid 2185798] ssl_engine_kernel.c(2222): [client 34.171.68.95:41985] AH02043: SSL virtual host for servername 2blog.ilc.edu.tw found
[Wed Aug 26 01:46:48.680996 2026] [core:debug] [pid 2185798:tid 2185798] protocol.c(2460): [client 34.171.68.95:41985] AH03155: select protocol from , choices=http/1.1 for server 2blog.ilc.edu.tw
[Wed Aug 26 01:46:48.914940 2026] [ssl:debug] [pid 2185707:tid 2185707] ssl_engine_io.c(1150): [client 60.244.152.7:51502] AH02001: Connection closed to child 6 with standard shutdown (server isupport.ilc.edu.tw:443)
[Wed Aug 26 01:46:48.937075 2026] [ssl:debug] [pid 2181121:tid 2181121] ssl_engine_io.c(1150): [client 60.244.152.7:51500] AH02001: Connection closed to child 14 with standard shutdown (server isupport.ilc.edu.tw:443)
[Wed Aug 26 01:46:48.975431 2026] [ssl:debug] [pid 2181041:tid 2181041] ssl_engine_io.c(1150): [client 2408:872f:c00:408::16f:26030] AH02001: Connection closed to child 1 with standard shutdown (server www.smps.ilc.edu.tw:443)
[Wed Aug 26 01:46:48.983480 2026] [ssl:debug] [pid 2185794:tid 2185794] ssl_engine_io.c(1150): [client 60.244.152.7:51504] AH02001: Connection closed to child 5 with standard shutdown (server isupport.ilc.edu.tw:443)
[Wed Aug 26 01:46:48.993100 2026] [ssl:debug] [pid 2185730:tid 2185730] ssl_engine_io.c(1150): [client 2408:872f:c00:408::16f:26036] AH02001: Connection closed to child 8 with standard shutdown (server www.smps.ilc.edu.tw:443)
[Wed Aug 26 01:46:48.996054 2026] [ssl:debug] [pid 2181002:tid 2181002] ssl_engine_io.c(1150): [client 2408:872f:c00:408::16f:26028] AH02001: Connection closed to child 19 with standard shutdown (server www.smps.ilc.edu.tw:443)
[Wed Aug 26 01:46:48.998148 2026] [ssl:debug] [pid 2185798:tid 2185798] ssl_engine_kernel.c(2082): [client 34.171.68.95:41985] AH02041: Protocol: TLSv1.3, Cipher: TLS_AES_256_GCM_SHA384 (256/256 bits)
[Wed Aug 26 01:46:48.998219 2026] [socache_shmcb:debug] [pid 2185798:tid 2185798] mod_socache_shmcb.c(508): AH00831: socache_shmcb_store (0x45 -> subcache 5)
[Wed Aug 26 01:46:48.998234 2026] [socache_shmcb:debug] [pid 2185798:tid 2185798] mod_socache_shmcb.c(860): AH00847: insert happened at idx=58, data=(11128:11160)
[Wed Aug 26 01:46:48.998238 2026] [socache_shmcb:debug] [pid 2185798:tid 2185798] mod_socache_shmcb.c(863): AH00848: finished insert, subcache: idx_pos/idx_used=22/37, data_pos/data_used=3128/8225
[Wed Aug 26 01:46:48.998241 2026] [socache_shmcb:debug] [pid 2185798:tid 2185798] mod_socache_shmcb.c(530): AH00834: leaving socache_shmcb_store successfully
[Wed Aug 26 01:46:48.998302 2026] [socache_shmcb:debug] [pid 2185798:tid 2185798] mod_socache_shmcb.c(508): AH00831: socache_shmcb_store (0x77 -> subcache 23)
[Wed Aug 26 01:46:48.998320 2026] [socache_shmcb:debug] [pid 2185798:tid 2185798] mod_socache_shmcb.c(745): AH00842: expiring 2 and reclaiming 0 removed socache entries
[Wed Aug 26 01:46:48.998323 2026] [socache_shmcb:debug] [pid 2185798:tid 2185798] mod_socache_shmcb.c(765): AH00843: we now have 29 socache entries
[Wed Aug 26 01:46:48.998326 2026] [socache_shmcb:debug] [pid 2185798:tid 2185798] mod_socache_shmcb.c(860): AH00847: insert happened at idx=20, data=(8482:8514)
[Wed Aug 26 01:46:48.998329 2026] [socache_shmcb:debug] [pid 2185798:tid 2185798] mod_socache_shmcb.c(863): AH00848: finished insert, subcache: idx_pos/idx_used=79/30, data_pos/data_used=2057/6650
[Wed Aug 26 01:46:48.998332 2026] [socache_shmcb:debug] [pid 2185798:tid 2185798] mod_socache_shmcb.c(530): AH00834: leaving socache_shmcb_store successfully
[Wed Aug 26 01:46:49.024989 2026] [ssl:debug] [pid 2181035:tid 2181035] ssl_engine_io.c(1150): [client 2408:872f:c00:408::16f:26032] AH02001: Connection closed to child 11 with standard shutdown (server www.smps.ilc.edu.tw:443)
[Wed Aug 26 01:46:49.049279 2026] [ssl:debug] [pid 2181051:tid 2181051] ssl_engine_io.c(1150): [client 2408:872f:c00:408::16f:25758] AH02001: Connection closed to child 13 with standard shutdown (server www.smps.ilc.edu.tw:443)
[Wed Aug 26 01:46:49.067768 2026] [ssl:debug] [pid 2185786:tid 2185786] ssl_engine_io.c(1150): [client 2408:872f:c00:408::16f:26034] AH02001: Connection closed to child 3 with standard shutdown (server www.smps.ilc.edu.tw:443)
[Wed Aug 26 01:46:49.097102 2026] [ssl:debug] [pid 2181052:tid 2181052] ssl_engine_io.c(1150): [client 60.244.152.7:51507] AH02001: Connection closed to child 17 with standard shutdown (server isupport.ilc.edu.tw:443)
[Wed Aug 26 01:46:49.102389 2026] [ssl:debug] [pid 2185793:tid 2185793] ssl_engine_io.c(1150): [client 60.244.152.7:51503] AH02001: Connection closed to child 0 with standard shutdown (server isupport.ilc.edu.tw:443)
[Wed Aug 26 01:46:49.199264 2026] [ssl:debug] [pid 2185798:tid 2185798] ssl_engine_kernel.c(254): [client 34.171.68.95:41985] AH02034: Initial (No.1) HTTPS request received for child 12 (server 2blog.ilc.edu.tw:443)
[Wed Aug 26 01:46:49.199360 2026] [ssl:info] [pid 2185797:tid 2185797] [client 34.10.180.98:38913] AH01964: Connection to child 10 established (server 2blog.ilc.edu.tw:443)
[Wed Aug 26 01:46:49.199495 2026] [ssl:debug] [pid 2185797:tid 2185797] ssl_engine_kernel.c(2222): [client 34.10.180.98:38913] AH02043: SSL virtual host for servername 2blog.ilc.edu.tw found
[Wed Aug 26 01:46:49.199544 2026] [core:debug] [pid 2185797:tid 2185797] protocol.c(2460): [client 34.10.180.98:38913] AH03155: select protocol from , choices=http/1.1 for server 2blog.ilc.edu.tw
[Wed Aug 26 01:46:49.199633 2026] [authz_core:debug] [pid 2185798:tid 2185798] mod_authz_core.c(815): [client 34.171.68.95:41985] AH01626: authorization result of Require all granted: granted
[Wed Aug 26 01:46:49.199645 2026] [authz_core:debug] [pid 2185798:tid 2185798] mod_authz_core.c(815): [client 34.171.68.95:41985] AH01626: authorization result of : granted
[Wed Aug 26 01:46:49.200316 2026] [authz_core:debug] [pid 2185798:tid 2185798] mod_authz_core.c(815): [client 34.171.68.95:41985] AH01626: authorization result of Require all granted: granted
[Wed Aug 26 01:46:49.200327 2026] [authz_core:debug] [pid 2185798:tid 2185798] mod_authz_core.c(815): [client 34.171.68.95:41985] AH01626: authorization result of : granted
[Wed Aug 26 01:46:49.354639 2026] [deflate:debug] [pid 2185798:tid 2185798] mod_deflate.c(909): [client 34.171.68.95:41985] AH01384: Zlib: Compressed 81878 to 24604 : URL /index.php
[Wed Aug 26 01:46:49.412662 2026] [ssl:debug] [pid 2185795:tid 2185795] ssl_engine_io.c(1150): [client 60.244.152.7:51499] AH02001: Connection closed to child 7 with standard shutdown (server isupport.ilc.edu.tw:443)
[Wed Aug 26 01:46:49.706011 2026] [ssl:debug] [pid 2185797:tid 2185797] ssl_engine_kernel.c(2082): [client 34.10.180.98:38913] AH02041: Protocol: TLSv1.3, Cipher: TLS_AES_256_GCM_SHA384 (256/256 bits)
[Wed Aug 26 01:46:49.706063 2026] [socache_shmcb:debug] [pid 2185797:tid 2185797] mod_socache_shmcb.c(508): AH00831: socache_shmcb_store (0xe5 -> subcache 5)
[Wed Aug 26 01:46:49.706089 2026] [socache_shmcb:debug] [pid 2185797:tid 2185797] mod_socache_shmcb.c(860): AH00847: insert happened at idx=59, data=(11353:11385)
[Wed Aug 26 01:46:49.706091 2026] [socache_shmcb:debug] [pid 2185797:tid 2185797] mod_socache_shmcb.c(863): AH00848: finished insert, subcache: idx_pos/idx_used=22/38, data_pos/data_used=3128/8450
[Wed Aug 26 01:46:49.706094 2026] [socache_shmcb:debug] [pid 2185797:tid 2185797] mod_socache_shmcb.c(530): AH00834: leaving socache_shmcb_store successfully
[Wed Aug 26 01:46:49.706157 2026] [socache_shmcb:debug] [pid 2185797:tid 2185797] mod_socache_shmcb.c(508): AH00831: socache_shmcb_store (0x50 -> subcache 16)
[Wed Aug 26 01:46:49.706169 2026] [socache_shmcb:debug] [pid 2185797:tid 2185797] mod_socache_shmcb.c(745): AH00842: expiring 2 and reclaiming 0 removed socache entries
[Wed Aug 26 01:46:49.706171 2026] [socache_shmcb:debug] [pid 2185797:tid 2185797] mod_socache_shmcb.c(765): AH00843: we now have 35 socache entries
[Wed Aug 26 01:46:49.706173 2026] [socache_shmcb:debug] [pid 2185797:tid 2185797] mod_socache_shmcb.c(860): AH00847: insert happened at idx=77, data=(1598:1630)
[Wed Aug 26 01:46:49.706175 2026] [socache_shmcb:debug] [pid 2185797:tid 2185797] mod_socache_shmcb.c(863): AH00848: finished insert, subcache: idx_pos/idx_used=42/36, data_pos/data_used=7742/7946
[Wed Aug 26 01:46:49.706177 2026] [socache_shmcb:debug] [pid 2185797:tid 2185797] mod_socache_shmcb.c(530): AH00834: leaving socache_shmcb_store successfully
[Wed Aug 26 01:46:49.722535 2026] [ssl:debug] [pid 2185797:tid 2185797] ssl_engine_kernel.c(254): [client 34.10.180.98:38913] AH02034: Initial (No.1) HTTPS request received for child 10 (server 2blog.ilc.edu.tw:443)
[Wed Aug 26 01:46:49.722725 2026] [authz_core:debug] [pid 2185797:tid 2185797] mod_authz_core.c(815): [client 34.10.180.98:38913] AH01626: authorization result of Require all granted: granted
[Wed Aug 26 01:46:49.722729 2026] [authz_core:debug] [pid 2185797:tid 2185797] mod_authz_core.c(815): [client 34.10.180.98:38913] AH01626: authorization result of : granted
[Wed Aug 26 01:46:49.722844 2026] [authz_core:debug] [pid 2185797:tid 2185797] mod_authz_core.c(815): [client 34.10.180.98:38913] AH01626: authorization result of Require all granted: granted
[Wed Aug 26 01:46:49.722848 2026] [authz_core:debug] [pid 2185797:tid 2185797] mod_authz_core.c(815): [client 34.10.180.98:38913] AH01626: authorization result of : granted
[Wed Aug 26 01:46:49.906962 2026] [ssl:info] [pid 2185790:tid 2185790] [client 100.28.118.16:25503] AH01964: Connection to child 4 established (server 2blog.ilc.edu.tw:443)
[Wed Aug 26 01:46:49.907115 2026] [ssl:debug] [pid 2185790:tid 2185790] ssl_engine_kernel.c(2222): [client 100.28.118.16:25503] AH02043: SSL virtual host for servername 2blog.ilc.edu.tw found
[Wed Aug 26 01:46:50.121723 2026] [ssl:debug] [pid 2185790:tid 2185790] ssl_engine_kernel.c(2082): [client 100.28.118.16:25503] AH02041: Protocol: TLSv1.3, Cipher: TLS_AES_256_GCM_SHA384 (256/256 bits)
[Wed Aug 26 01:46:50.121781 2026] [socache_shmcb:debug] [pid 2185790:tid 2185790] mod_socache_shmcb.c(508): AH00831: socache_shmcb_store (0x57 -> subcache 23)
[Wed Aug 26 01:46:50.121796 2026] [socache_shmcb:debug] [pid 2185790:tid 2185790] mod_socache_shmcb.c(860): AH00847: insert happened at idx=21, data=(8707:8739)
[Wed Aug 26 01:46:50.121799 2026] [socache_shmcb:debug] [pid 2185790:tid 2185790] mod_socache_shmcb.c(863): AH00848: finished insert, subcache: idx_pos/idx_used=79/31, data_pos/data_used=2057/6864
[Wed Aug 26 01:46:50.121801 2026] [socache_shmcb:debug] [pid 2185790:tid 2185790] mod_socache_shmcb.c(530): AH00834: leaving socache_shmcb_store successfully
[Wed Aug 26 01:46:50.121851 2026] [socache_shmcb:debug] [pid 2185790:tid 2185790] mod_socache_shmcb.c(508): AH00831: socache_shmcb_store (0x59 -> subcache 25)
[Wed Aug 26 01:46:50.121855 2026] [socache_shmcb:debug] [pid 2185790:tid 2185790] mod_socache_shmcb.c(745): AH00842: expiring 3 and reclaiming 0 removed socache entries
[Wed Aug 26 01:46:50.121864 2026] [socache_shmcb:debug] [pid 2185790:tid 2185790] mod_socache_shmcb.c(765): AH00843: we now have 28 socache entries
[Wed Aug 26 01:46:50.121867 2026] [socache_shmcb:debug] [pid 2185790:tid 2185790] mod_socache_shmcb.c(860): AH00847: insert happened at idx=72, data=(546:578)
[Wed Aug 26 01:46:50.121868 2026] [socache_shmcb:debug] [pid 2185790:tid 2185790] mod_socache_shmcb.c(863): AH00848: finished insert, subcache: idx_pos/idx_used=44/29, data_pos/data_used=8161/6462
[Wed Aug 26 01:46:50.121870 2026] [socache_shmcb:debug] [pid 2185790:tid 2185790] mod_socache_shmcb.c(530): AH00834: leaving socache_shmcb_store successfully
[Wed Aug 26 01:46:50.121970 2026] [ssl:debug] [pid 2185790:tid 2185790] ssl_engine_kernel.c(254): [client 100.28.118.16:25503] AH02034: Initial (No.1) HTTPS request received for child 4 (server 2blog.ilc.edu.tw:443)
[Wed Aug 26 01:46:50.122140 2026] [authz_core:debug] [pid 2185790:tid 2185790] mod_authz_core.c(815): [client 100.28.118.16:25503] AH01626: authorization result of Require all granted: granted
[Wed Aug 26 01:46:50.122144 2026] [authz_core:debug] [pid 2185790:tid 2185790] mod_authz_core.c(815): [client 100.28.118.16:25503] AH01626: authorization result of : granted
[Wed Aug 26 01:46:50.124341 2026] [authz_core:debug] [pid 2185790:tid 2185790] mod_authz_core.c(815): [client 100.28.118.16:25503] AH01626: authorization result of Require all granted: granted
[Wed Aug 26 01:46:50.124350 2026] [authz_core:debug] [pid 2185790:tid 2185790] mod_authz_core.c(815): [client 100.28.118.16:25503] AH01626: authorization result of : granted
[Wed Aug 26 01:46:50.190721 2026] [headers:debug] [pid 2184221:tid 2184221] mod_headers.c(900): AH01503: headers: ap_headers_error_filter()
[Wed Aug 26 01:46:50.300824 2026] [ssl:debug] [pid 2185790:tid 2185790] ssl_engine_io.c(1150): [client 100.28.118.16:25503] AH02001: Connection closed to child 4 with standard shutdown (server 2blog.ilc.edu.tw:443)
[Wed Aug 26 01:46:50.413160 2026] [ssl:info] [pid 2185796:tid 2185796] [client 34.171.68.95:27138] AH01964: Connection to child 9 established (server 2blog.ilc.edu.tw:443)
[Wed Aug 26 01:46:50.413331 2026] [ssl:info] [pid 2185796:tid 2185796] (70014)End of file found: [client 34.171.68.95:27138] AH02006: SSL handshake stopped: connection was closed
[Wed Aug 26 01:46:50.413343 2026] [ssl:info] [pid 2185796:tid 2185796] [client 34.171.68.95:27138] AH01998: Connection closed to child 9 with abortive shutdown (server 2blog.ilc.edu.tw:443)
[Wed Aug 26 01:46:50.495166 2026] [ssl:info] [pid 2181122:tid 2181122] [client 140.111.67.10:26536] AH01964: Connection to child 15 established (server 2blog.ilc.edu.tw:443)
[Wed Aug 26 01:46:50.495323 2026] [ssl:info] [pid 2181122:tid 2181122] (70014)End of file found: [client 140.111.67.10:26536] AH02006: SSL handshake stopped: connection was closed
[Wed Aug 26 01:46:50.495331 2026] [ssl:info] [pid 2181122:tid 2181122] [client 140.111.67.10:26536] AH01998: Connection closed to child 15 with abortive shutdown (server 2blog.ilc.edu.tw:443)
[Wed Aug 26 01:46:50.511077 2026] [ssl:info] [pid 2185707:tid 2185707] [client 34.123.149.87:47616] AH01964: Connection to child 6 established (server 2blog.ilc.edu.tw:443)
[Wed Aug 26 01:46:50.511236 2026] [ssl:debug] [pid 2185707:tid 2185707] ssl_engine_kernel.c(2222): [client 34.123.149.87:47616] AH02043: SSL virtual host for servername 2blog.ilc.edu.tw found
[Wed Aug 26 01:46:50.511284 2026] [core:debug] [pid 2185707:tid 2185707] protocol.c(2460): [client 34.123.149.87:47616] AH03155: select protocol from , choices=http/1.1 for server 2blog.ilc.edu.tw
[Wed Aug 26 01:46:50.641788 2026] [deflate:debug] [pid 2185797:tid 2185797] mod_deflate.c(909): [client 34.10.180.98:38913] AH01384: Zlib: Compressed 533568 to 85768 : URL /index.php
[Wed Aug 26 01:46:50.752891 2026] [ssl:debug] [pid 2185707:tid 2185707] ssl_engine_kernel.c(2082): [client 34.123.149.87:47616] AH02041: Protocol: TLSv1.3, Cipher: TLS_AES_256_GCM_SHA384 (256/256 bits)
[Wed Aug 26 01:46:50.753010 2026] [socache_shmcb:debug] [pid 2185707:tid 2185707] mod_socache_shmcb.c(508): AH00831: socache_shmcb_store (0xcb -> subcache 11)
[Wed Aug 26 01:46:50.753048 2026] [socache_shmcb:debug] [pid 2185707:tid 2185707] mod_socache_shmcb.c(860): AH00847: insert happened at idx=35, data=(12108:12140)
[Wed Aug 26 01:46:50.753051 2026] [socache_shmcb:debug] [pid 2185707:tid 2185707] mod_socache_shmcb.c(863): AH00848: finished insert, subcache: idx_pos/idx_used=12/24, data_pos/data_used=6941/5393
[Wed Aug 26 01:46:50.753057 2026] [socache_shmcb:debug] [pid 2185707:tid 2185707] mod_socache_shmcb.c(530): AH00834: leaving socache_shmcb_store successfully
[Wed Aug 26 01:46:50.753104 2026] [socache_shmcb:debug] [pid 2185707:tid 2185707] mod_socache_shmcb.c(508): AH00831: socache_shmcb_store (0x05 -> subcache 5)
[Wed Aug 26 01:46:50.753114 2026] [socache_shmcb:debug] [pid 2185707:tid 2185707] mod_socache_shmcb.c(860): AH00847: insert happened at idx=60, data=(11578:11610)
[Wed Aug 26 01:46:50.753116 2026] [socache_shmcb:debug] [pid 2185707:tid 2185707] mod_socache_shmcb.c(863): AH00848: finished insert, subcache: idx_pos/idx_used=22/39, data_pos/data_used=3128/8675
[Wed Aug 26 01:46:50.753118 2026] [socache_shmcb:debug] [pid 2185707:tid 2185707] mod_socache_shmcb.c(530): AH00834: leaving socache_shmcb_store successfully
[Wed Aug 26 01:46:50.859460 2026] [ssl:debug] [pid 2185707:tid 2185707] ssl_engine_kernel.c(254): [client 34.123.149.87:47616] AH02034: Initial (No.1) HTTPS request received for child 6 (server 2blog.ilc.edu.tw:443)
[Wed Aug 26 01:46:50.859664 2026] [authz_core:debug] [pid 2185707:tid 2185707] mod_authz_core.c(815): [client 34.123.149.87:47616] AH01626: authorization result of Require all granted: granted
[Wed Aug 26 01:46:50.859669 2026] [authz_core:debug] [pid 2185707:tid 2185707] mod_authz_core.c(815): [client 34.123.149.87:47616] AH01626: authorization result of : granted
[Wed Aug 26 01:46:50.859788 2026] [authz_core:debug] [pid 2185707:tid 2185707] mod_authz_core.c(815): [client 34.123.149.87:47616] AH01626: authorization result of Require all granted: granted
[Wed Aug 26 01:46:50.859793 2026] [authz_core:debug] [pid 2185707:tid 2185707] mod_authz_core.c(815): [client 34.123.149.87:47616] AH01626: authorization result of : granted
[Wed Aug 26 01:46:51.401601 2026] [ssl:info] [pid 2185794:tid 2185794] [client 34.30.223.149:17409] AH01964: Connection to child 5 established (server 2blog.ilc.edu.tw:443)
[Wed Aug 26 01:46:51.401774 2026] [ssl:debug] [pid 2185794:tid 2185794] ssl_engine_kernel.c(2222): [client 34.30.223.149:17409] AH02043: SSL virtual host for servername 2blog.ilc.edu.tw found
[Wed Aug 26 01:46:51.401829 2026] [core:debug] [pid 2185794:tid 2185794] protocol.c(2460): [client 34.30.223.149:17409] AH03155: select protocol from , choices=http/1.1 for server 2blog.ilc.edu.tw
[Wed Aug 26 01:46:51.489066 2026] [ssl:info] [pid 2181052:tid 2181052] [client 34.10.180.98:55808] AH01964: Connection to child 17 established (server 2blog.ilc.edu.tw:443)
[Wed Aug 26 01:46:51.489269 2026] [ssl:debug] [pid 2181052:tid 2181052] ssl_engine_kernel.c(2222): [client 34.10.180.98:55808] AH02043: SSL virtual host for servername 2blog.ilc.edu.tw found
[Wed Aug 26 01:46:51.489336 2026] [core:debug] [pid 2181052:tid 2181052] protocol.c(2460): [client 34.10.180.98:55808] AH03155: select protocol from , choices=http/1.1 for server 2blog.ilc.edu.tw
[Wed Aug 26 01:46:51.578892 2026] [ssl:debug] [pid 2185794:tid 2185794] ssl_engine_kernel.c(2082): [client 34.30.223.149:17409] AH02041: Protocol: TLSv1.3, Cipher: TLS_AES_256_GCM_SHA384 (256/256 bits)
[Wed Aug 26 01:46:51.578945 2026] [socache_shmcb:debug] [pid 2185794:tid 2185794] mod_socache_shmcb.c(508): AH00831: socache_shmcb_store (0xf5 -> subcache 21)
[Wed Aug 26 01:46:51.578961 2026] [socache_shmcb:debug] [pid 2185794:tid 2185794] mod_socache_shmcb.c(745): AH00842: expiring 1 and reclaiming 0 removed socache entries
[Wed Aug 26 01:46:51.578964 2026] [socache_shmcb:debug] [pid 2185794:tid 2185794] mod_socache_shmcb.c(765): AH00843: we now have 31 socache entries
[Wed Aug 26 01:46:51.578974 2026] [socache_shmcb:debug] [pid 2185794:tid 2185794] mod_socache_shmcb.c(860): AH00847: insert happened at idx=7, data=(5768:5800)
[Wed Aug 26 01:46:51.578976 2026] [socache_shmcb:debug] [pid 2185794:tid 2185794] mod_socache_shmcb.c(863): AH00848: finished insert, subcache: idx_pos/idx_used=64/32, data_pos/data_used=12677/7180
[Wed Aug 26 01:46:51.578978 2026] [socache_shmcb:debug] [pid 2185794:tid 2185794] mod_socache_shmcb.c(530): AH00834: leaving socache_shmcb_store successfully
[Wed Aug 26 01:46:51.579046 2026] [socache_shmcb:debug] [pid 2185794:tid 2185794] mod_socache_shmcb.c(508): AH00831: socache_shmcb_store (0xb0 -> subcache 16)
[Wed Aug 26 01:46:51.579058 2026] [socache_shmcb:debug] [pid 2185794:tid 2185794] mod_socache_shmcb.c(860): AH00847: insert happened at idx=78, data=(1824:1856)
[Wed Aug 26 01:46:51.579060 2026] [socache_shmcb:debug] [pid 2185794:tid 2185794] mod_socache_shmcb.c(863): AH00848: finished insert, subcache: idx_pos/idx_used=42/37, data_pos/data_used=7742/8172
[Wed Aug 26 01:46:51.579062 2026] [socache_shmcb:debug] [pid 2185794:tid 2185794] mod_socache_shmcb.c(530): AH00834: leaving socache_shmcb_store successfully
[Wed Aug 26 01:46:51.607228 2026] [deflate:debug] [pid 2185707:tid 2185707] mod_deflate.c(909): [client 34.123.149.87:47616] AH01384: Zlib: Compressed 525568 to 84770 : URL /index.php
[Wed Aug 26 01:46:51.629314 2026] [ssl:debug] [pid 2185794:tid 2185794] ssl_engine_kernel.c(254): [client 34.30.223.149:17409] AH02034: Initial (No.1) HTTPS request received for child 5 (server 2blog.ilc.edu.tw:443)
[Wed Aug 26 01:46:51.629537 2026] [authz_core:debug] [pid 2185794:tid 2185794] mod_authz_core.c(815): [client 34.30.223.149:17409] AH01626: authorization result of Require all granted: granted
[Wed Aug 26 01:46:51.629545 2026] [authz_core:debug] [pid 2185794:tid 2185794] mod_authz_core.c(815): [client 34.30.223.149:17409] AH01626: authorization result of : granted
[Wed Aug 26 01:46:51.629683 2026] [authz_core:debug] [pid 2185794:tid 2185794] mod_authz_core.c(815): [client 34.30.223.149:17409] AH01626: authorization result of Require all granted: granted
[Wed Aug 26 01:46:51.629688 2026] [authz_core:debug] [pid 2185794:tid 2185794] mod_authz_core.c(815): [client 34.30.223.149:17409] AH01626: authorization result of : granted
[Wed Aug 26 01:46:51.811977 2026] [deflate:debug] [pid 2185794:tid 2185794] mod_deflate.c(909): [client 34.30.223.149:17409] AH01384: Zlib: Compressed 34963 to 8850 : URL /index.php
[Wed Aug 26 01:46:51.866844 2026] [ssl:debug] [pid 2181052:tid 2181052] ssl_engine_kernel.c(2082): [client 34.10.180.98:55808] AH02041: Protocol: TLSv1.3, Cipher: TLS_AES_256_GCM_SHA384 (256/256 bits)
[Wed Aug 26 01:46:51.866898 2026] [socache_shmcb:debug] [pid 2181052:tid 2181052] mod_socache_shmcb.c(508): AH00831: socache_shmcb_store (0xcf -> subcache 15)
[Wed Aug 26 01:46:51.866904 2026] [socache_shmcb:debug] [pid 2181052:tid 2181052] mod_socache_shmcb.c(860): AH00847: insert happened at idx=42, data=(7806:7838)
[Wed Aug 26 01:46:51.866906 2026] [socache_shmcb:debug] [pid 2181052:tid 2181052] mod_socache_shmcb.c(863): AH00848: finished insert, subcache: idx_pos/idx_used=14/29, data_pos/data_used=1566/6466
[Wed Aug 26 01:46:51.866909 2026] [socache_shmcb:debug] [pid 2181052:tid 2181052] mod_socache_shmcb.c(530): AH00834: leaving socache_shmcb_store successfully
[Wed Aug 26 01:46:51.866971 2026] [socache_shmcb:debug] [pid 2181052:tid 2181052] mod_socache_shmcb.c(508): AH00831: socache_shmcb_store (0x40 -> subcache 0)
[Wed Aug 26 01:46:51.866976 2026] [socache_shmcb:debug] [pid 2181052:tid 2181052] mod_socache_shmcb.c(860): AH00847: insert happened at idx=10, data=(6245:6277)
[Wed Aug 26 01:46:51.866978 2026] [socache_shmcb:debug] [pid 2181052:tid 2181052] mod_socache_shmcb.c(863): AH00848: finished insert, subcache: idx_pos/idx_used=67/32, data_pos/data_used=13195/7140
[Wed Aug 26 01:46:51.866980 2026] [socache_shmcb:debug] [pid 2181052:tid 2181052] mod_socache_shmcb.c(530): AH00834: leaving socache_shmcb_store successfully
[Wed Aug 26 01:46:52.047854 2026] [authz_core:debug] [pid 2185793:tid 2185793] mod_authz_core.c(815): [client 44.217.255.167:41249] AH01626: authorization result of Require all granted: granted
[Wed Aug 26 01:46:52.047897 2026] [authz_core:debug] [pid 2185793:tid 2185793] mod_authz_core.c(815): [client 44.217.255.167:41249] AH01626: authorization result of : granted
[Wed Aug 26 01:46:52.049052 2026] [authz_core:debug] [pid 2185793:tid 2185793] mod_authz_core.c(815): [client 44.217.255.167:41249] AH01626: authorization result of Require all granted: granted
[Wed Aug 26 01:46:52.049072 2026] [authz_core:debug] [pid 2185793:tid 2185793] mod_authz_core.c(815): [client 44.217.255.167:41249] AH01626: authorization result of : granted
[Wed Aug 26 01:46:52.053604 2026] [authz_core:debug] [pid 2185793:tid 2185793] mod_authz_core.c(815): [client 44.217.255.167:41249] AH01626: authorization result of Require all granted: granted
[Wed Aug 26 01:46:52.053630 2026] [authz_core:debug] [pid 2185793:tid 2185793] mod_authz_core.c(815): [client 44.217.255.167:41249] AH01626: authorization result of : granted
[Wed Aug 26 01:46:52.055675 2026] [authz_core:debug] [pid 2185793:tid 2185793] mod_authz_core.c(815): [client 44.217.255.167:41249] AH01626: authorization result of Require all granted: granted
[Wed Aug 26 01:46:52.055696 2026] [authz_core:debug] [pid 2185793:tid 2185793] mod_authz_core.c(815): [client 44.217.255.167:41249] AH01626: authorization result of : granted
[Wed Aug 26 01:46:52.060371 2026] [authz_core:debug] [pid 2185793:tid 2185793] mod_authz_core.c(815): [client 44.217.255.167:41249] AH01626: authorization result of Require all granted: granted
[Wed Aug 26 01:46:52.060396 2026] [authz_core:debug] [pid 2185793:tid 2185793] mod_authz_core.c(815): [client 44.217.255.167:41249] AH01626: authorization result of : granted
[Wed Aug 26 01:46:52.070997 2026] [authz_core:debug] [pid 2185793:tid 2185793] mod_authz_core.c(815): [client 44.217.255.167:41249] AH01626: authorization result of Require all granted: granted
[Wed Aug 26 01:46:52.071026 2026] [authz_core:debug] [pid 2185793:tid 2185793] mod_authz_core.c(815): [client 44.217.255.167:41249] AH01626: authorization result of : granted
[Wed Aug 26 01:46:52.073332 2026] [authz_core:debug] [pid 2185793:tid 2185793] mod_authz_core.c(815): [client 44.217.255.167:41249] AH01626: authorization result of Require all granted: granted
