[Wed Aug 26 01:46:42.118832 2026] [socache_shmcb:debug] [pid 2181002:tid 2181002] mod_socache_shmcb.c(508): AH00831: socache_shmcb_store (0xfd -> subcache 29)
[Wed Aug 26 01:46:42.118839 2026] [socache_shmcb:debug] [pid 2181002:tid 2181002] mod_socache_shmcb.c(745): AH00842: expiring 1 and reclaiming 0 removed socache entries
[Wed Aug 26 01:46:42.118842 2026] [socache_shmcb:debug] [pid 2181002:tid 2181002] mod_socache_shmcb.c(765): AH00843: we now have 42 socache entries
[Wed Aug 26 01:46:42.118844 2026] [socache_shmcb:debug] [pid 2181002:tid 2181002] mod_socache_shmcb.c(860): AH00847: insert happened at idx=65, data=(12827:12859)
[Wed Aug 26 01:46:42.118846 2026] [socache_shmcb:debug] [pid 2181002:tid 2181002] mod_socache_shmcb.c(863): AH00848: finished insert, subcache: idx_pos/idx_used=23/43, data_pos/data_used=3499/9557
[Wed Aug 26 01:46:42.118847 2026] [socache_shmcb:debug] [pid 2181002:tid 2181002] mod_socache_shmcb.c(530): AH00834: leaving socache_shmcb_store successfully
[Wed Aug 26 01:46:42.119111 2026] [ssl:debug] [pid 2181002:tid 2181002] ssl_engine_kernel.c(254): [client 2408:872f:c00:408::16f:26028] AH02034: Initial (No.1) HTTPS request received for child 19 (server www.smps.ilc.edu.tw:443), referer: https://www.smps.ilc.edu.tw/elementor-510/
[Wed Aug 26 01:46:42.123688 2026] [authz_core:debug] [pid 2181002:tid 2181002] mod_authz_core.c(815): [client 2408:872f:c00:408::16f:26028] AH01626: authorization result of Require all granted: granted, referer: https://www.smps.ilc.edu.tw/elementor-510/
[Wed Aug 26 01:46:42.123699 2026] [authz_core:debug] [pid 2181002:tid 2181002] mod_authz_core.c(815): [client 2408:872f:c00:408::16f:26028] AH01626: authorization result of : granted, referer: https://www.smps.ilc.edu.tw/elementor-510/
[Wed Aug 26 01:46:42.125795 2026] [ssl:debug] [pid 2181035:tid 2181035] ssl_engine_kernel.c(2082): [client 2408:872f:c00:408::16f:26032] AH02041: Protocol: TLSv1.3, Cipher: TLS_AES_256_GCM_SHA384 (256/256 bits)
[Wed Aug 26 01:46:42.125844 2026] [socache_shmcb:debug] [pid 2181035:tid 2181035] mod_socache_shmcb.c(508): AH00831: socache_shmcb_store (0x3d -> subcache 29)
[Wed Aug 26 01:46:42.125849 2026] [socache_shmcb:debug] [pid 2181035:tid 2181035] mod_socache_shmcb.c(860): AH00847: insert happened at idx=66, data=(13056:13088)
[Wed Aug 26 01:46:42.125851 2026] [socache_shmcb:debug] [pid 2181035:tid 2181035] mod_socache_shmcb.c(863): AH00848: finished insert, subcache: idx_pos/idx_used=23/44, data_pos/data_used=3499/9785
[Wed Aug 26 01:46:42.125853 2026] [socache_shmcb:debug] [pid 2181035:tid 2181035] mod_socache_shmcb.c(530): AH00834: leaving socache_shmcb_store successfully
[Wed Aug 26 01:46:42.125911 2026] [socache_shmcb:debug] [pid 2181035:tid 2181035] mod_socache_shmcb.c(508): AH00831: socache_shmcb_store (0x8c -> subcache 12)
[Wed Aug 26 01:46:42.125915 2026] [socache_shmcb:debug] [pid 2181035:tid 2181035] mod_socache_shmcb.c(745): AH00842: expiring 1 and reclaiming 0 removed socache entries
[Wed Aug 26 01:46:42.125918 2026] [socache_shmcb:debug] [pid 2181035:tid 2181035] mod_socache_shmcb.c(765): AH00843: we now have 27 socache entries
[Wed Aug 26 01:46:42.125919 2026] [socache_shmcb:debug] [pid 2181035:tid 2181035] mod_socache_shmcb.c(860): AH00847: insert happened at idx=76, data=(1353:1385)
[Wed Aug 26 01:46:42.125921 2026] [socache_shmcb:debug] [pid 2181035:tid 2181035] mod_socache_shmcb.c(863): AH00848: finished insert, subcache: idx_pos/idx_used=49/28, data_pos/data_used=9221/6224
[Wed Aug 26 01:46:42.125923 2026] [socache_shmcb:debug] [pid 2181035:tid 2181035] mod_socache_shmcb.c(530): AH00834: leaving socache_shmcb_store successfully
[Wed Aug 26 01:46:42.126039 2026] [ssl:debug] [pid 2181035:tid 2181035] ssl_engine_kernel.c(254): [client 2408:872f:c00:408::16f:26032] AH02034: Initial (No.1) HTTPS request received for child 11 (server www.smps.ilc.edu.tw:443), referer: https://www.smps.ilc.edu.tw/elementor-510/
[Wed Aug 26 01:46:42.127256 2026] [ssl:debug] [pid 2181041:tid 2181041] ssl_engine_kernel.c(2082): [client 2408:872f:c00:408::16f:26030] AH02041: Protocol: TLSv1.3, Cipher: TLS_AES_256_GCM_SHA384 (256/256 bits)
[Wed Aug 26 01:46:42.127296 2026] [socache_shmcb:debug] [pid 2181041:tid 2181041] mod_socache_shmcb.c(508): AH00831: socache_shmcb_store (0x45 -> subcache 5)
[Wed Aug 26 01:46:42.127301 2026] [socache_shmcb:debug] [pid 2181041:tid 2181041] mod_socache_shmcb.c(745): AH00842: expiring 1 and reclaiming 0 removed socache entries
[Wed Aug 26 01:46:42.127303 2026] [socache_shmcb:debug] [pid 2181041:tid 2181041] mod_socache_shmcb.c(765): AH00843: we now have 34 socache entries
[Wed Aug 26 01:46:42.127305 2026] [socache_shmcb:debug] [pid 2181041:tid 2181041] mod_socache_shmcb.c(860): AH00847: insert happened at idx=56, data=(10671:10703)
[Wed Aug 26 01:46:42.127308 2026] [socache_shmcb:debug] [pid 2181041:tid 2181041] mod_socache_shmcb.c(863): AH00848: finished insert, subcache: idx_pos/idx_used=22/35, data_pos/data_used=3128/7771
[Wed Aug 26 01:46:42.127311 2026] [socache_shmcb:debug] [pid 2181041:tid 2181041] mod_socache_shmcb.c(530): AH00834: leaving socache_shmcb_store successfully
[Wed Aug 26 01:46:42.127366 2026] [socache_shmcb:debug] [pid 2181041:tid 2181041] mod_socache_shmcb.c(508): AH00831: socache_shmcb_store (0x8b -> subcache 11)
[Wed Aug 26 01:46:42.127390 2026] [socache_shmcb:debug] [pid 2181041:tid 2181041] mod_socache_shmcb.c(860): AH00847: insert happened at idx=34, data=(11880:11912)
[Wed Aug 26 01:46:42.127394 2026] [socache_shmcb:debug] [pid 2181041:tid 2181041] mod_socache_shmcb.c(863): AH00848: finished insert, subcache: idx_pos/idx_used=12/23, data_pos/data_used=6941/5167
[Wed Aug 26 01:46:42.127396 2026] [socache_shmcb:debug] [pid 2181041:tid 2181041] mod_socache_shmcb.c(530): AH00834: leaving socache_shmcb_store successfully
[Wed Aug 26 01:46:42.127618 2026] [ssl:debug] [pid 2181041:tid 2181041] ssl_engine_kernel.c(254): [client 2408:872f:c00:408::16f:26030] AH02034: Initial (No.1) HTTPS request received for child 1 (server www.smps.ilc.edu.tw:443), referer: https://www.smps.ilc.edu.tw/elementor-510/
[Wed Aug 26 01:46:42.128980 2026] [authz_core:debug] [pid 2181041:tid 2181041] mod_authz_core.c(815): [client 2408:872f:c00:408::16f:26030] AH01626: authorization result of Require all granted: granted, referer: https://www.smps.ilc.edu.tw/elementor-510/
[Wed Aug 26 01:46:42.128990 2026] [authz_core:debug] [pid 2181041:tid 2181041] mod_authz_core.c(815): [client 2408:872f:c00:408::16f:26030] AH01626: authorization result of : granted, referer: https://www.smps.ilc.edu.tw/elementor-510/
[Wed Aug 26 01:46:42.129305 2026] [authz_core:debug] [pid 2181035:tid 2181035] mod_authz_core.c(815): [client 2408:872f:c00:408::16f:26032] AH01626: authorization result of Require all granted: granted, referer: https://www.smps.ilc.edu.tw/elementor-510/
[Wed Aug 26 01:46:42.129314 2026] [authz_core:debug] [pid 2181035:tid 2181035] mod_authz_core.c(815): [client 2408:872f:c00:408::16f:26032] AH01626: authorization result of : granted, referer: https://www.smps.ilc.edu.tw/elementor-510/
[Wed Aug 26 01:46:42.129617 2026] [deflate:debug] [pid 2181035:tid 2181035] mod_deflate.c(909): [client 2408:872f:c00:408::16f:26032] AH01384: Zlib: Compressed 1023 to 336 : URL /wp-content/uploads/sites/1361/elementor/css/post-4736.css, referer: https://www.smps.ilc.edu.tw/elementor-510/
[Wed Aug 26 01:46:42.130989 2026] [deflate:debug] [pid 2185790:tid 2185790] mod_deflate.c(909): [client 34.10.180.98:50176] AH01384: Zlib: Compressed 63824 to 11544 : URL /index.php
[Wed Aug 26 01:46:42.135272 2026] [deflate:debug] [pid 2181002:tid 2181002] mod_deflate.c(909): [client 2408:872f:c00:408::16f:26028] AH01384: Zlib: Compressed 537509 to 86064 : URL /wp-content/cache/www.smps.ilc.edu.tw/wpfc-minified/mat240pv/77dg.css, referer: https://www.smps.ilc.edu.tw/elementor-510/
[Wed Aug 26 01:46:42.138568 2026] [deflate:debug] [pid 2181041:tid 2181041] mod_deflate.c(909): [client 2408:872f:c00:408::16f:26030] AH01384: Zlib: Compressed 550829 to 52904 : URL /wp-content/cache/www.smps.ilc.edu.tw/wpfc-minified/lmrb731u/77dg.css, referer: https://www.smps.ilc.edu.tw/elementor-510/
[Wed Aug 26 01:46:42.161734 2026] [ssl:debug] [pid 2185786:tid 2185786] ssl_engine_kernel.c(2082): [client 2408:872f:c00:408::16f:26034] AH02041: Protocol: TLSv1.3, Cipher: TLS_AES_256_GCM_SHA384 (256/256 bits)
[Wed Aug 26 01:46:42.161792 2026] [socache_shmcb:debug] [pid 2185786:tid 2185786] mod_socache_shmcb.c(508): AH00831: socache_shmcb_store (0x79 -> subcache 25)
[Wed Aug 26 01:46:42.161808 2026] [socache_shmcb:debug] [pid 2185786:tid 2185786] mod_socache_shmcb.c(745): AH00842: expiring 2 and reclaiming 0 removed socache entries
[Wed Aug 26 01:46:42.161811 2026] [socache_shmcb:debug] [pid 2185786:tid 2185786] mod_socache_shmcb.c(765): AH00843: we now have 30 socache entries
[Wed Aug 26 01:46:42.161813 2026] [socache_shmcb:debug] [pid 2185786:tid 2185786] mod_socache_shmcb.c(860): AH00847: insert happened at idx=71, data=(318:350)
[Wed Aug 26 01:46:42.161815 2026] [socache_shmcb:debug] [pid 2185786:tid 2185786] mod_socache_shmcb.c(863): AH00848: finished insert, subcache: idx_pos/idx_used=41/31, data_pos/data_used=7495/6915
[Wed Aug 26 01:46:42.161817 2026] [socache_shmcb:debug] [pid 2185786:tid 2185786] mod_socache_shmcb.c(530): AH00834: leaving socache_shmcb_store successfully
[Wed Aug 26 01:46:42.161901 2026] [socache_shmcb:debug] [pid 2185786:tid 2185786] mod_socache_shmcb.c(508): AH00831: socache_shmcb_store (0x73 -> subcache 19)
[Wed Aug 26 01:46:42.161908 2026] [socache_shmcb:debug] [pid 2185786:tid 2185786] mod_socache_shmcb.c(860): AH00847: insert happened at idx=11, data=(6309:6341)
[Wed Aug 26 01:46:42.161911 2026] [socache_shmcb:debug] [pid 2185786:tid 2185786] mod_socache_shmcb.c(863): AH00848: finished insert, subcache: idx_pos/idx_used=73/27, data_pos/data_used=517/6021
[Wed Aug 26 01:46:42.161913 2026] [socache_shmcb:debug] [pid 2185786:tid 2185786] mod_socache_shmcb.c(530): AH00834: leaving socache_shmcb_store successfully
[Wed Aug 26 01:46:42.162064 2026] [ssl:debug] [pid 2185786:tid 2185786] ssl_engine_kernel.c(254): [client 2408:872f:c00:408::16f:26034] AH02034: Initial (No.1) HTTPS request received for child 3 (server www.smps.ilc.edu.tw:443), referer: https://www.smps.ilc.edu.tw/elementor-510/
[Wed Aug 26 01:46:42.162661 2026] [authz_core:debug] [pid 2185786:tid 2185786] mod_authz_core.c(815): [client 2408:872f:c00:408::16f:26034] AH01626: authorization result of Require all granted: granted, referer: https://www.smps.ilc.edu.tw/elementor-510/
[Wed Aug 26 01:46:42.162671 2026] [authz_core:debug] [pid 2185786:tid 2185786] mod_authz_core.c(815): [client 2408:872f:c00:408::16f:26034] AH01626: authorization result of : granted, referer: https://www.smps.ilc.edu.tw/elementor-510/
[Wed Aug 26 01:46:42.167213 2026] [deflate:debug] [pid 2185786:tid 2185786] mod_deflate.c(909): [client 2408:872f:c00:408::16f:26034] AH01384: Zlib: Compressed 101296 to 34526 : URL /wp-content/cache/www.smps.ilc.edu.tw/wpfc-minified/l0ui7d69/77dg.js, referer: https://www.smps.ilc.edu.tw/elementor-510/
[Wed Aug 26 01:46:42.184664 2026] [ssl:debug] [pid 2181052:tid 2181052] ssl_engine_kernel.c(2082): [client 34.231.77.232:19615] AH02041: Protocol: TLSv1.3, Cipher: TLS_AES_256_GCM_SHA384 (256/256 bits)
[Wed Aug 26 01:46:42.184720 2026] [socache_shmcb:debug] [pid 2181052:tid 2181052] mod_socache_shmcb.c(508): AH00831: socache_shmcb_store (0xb6 -> subcache 22)
[Wed Aug 26 01:46:42.184727 2026] [socache_shmcb:debug] [pid 2181052:tid 2181052] mod_socache_shmcb.c(745): AH00842: expiring 1 and reclaiming 0 removed socache entries
[Wed Aug 26 01:46:42.184729 2026] [socache_shmcb:debug] [pid 2181052:tid 2181052] mod_socache_shmcb.c(765): AH00843: we now have 39 socache entries
[Wed Aug 26 01:46:42.184730 2026] [socache_shmcb:debug] [pid 2181052:tid 2181052] mod_socache_shmcb.c(860): AH00847: insert happened at idx=43, data=(13437:13469)
[Wed Aug 26 01:46:42.184732 2026] [socache_shmcb:debug] [pid 2181052:tid 2181052] mod_socache_shmcb.c(863): AH00848: finished insert, subcache: idx_pos/idx_used=4/40, data_pos/data_used=4778/8872
[Wed Aug 26 01:46:42.184735 2026] [socache_shmcb:debug] [pid 2181052:tid 2181052] mod_socache_shmcb.c(530): AH00834: leaving socache_shmcb_store successfully
[Wed Aug 26 01:46:42.184784 2026] [socache_shmcb:debug] [pid 2181052:tid 2181052] mod_socache_shmcb.c(508): AH00831: socache_shmcb_store (0x3e -> subcache 30)
[Wed Aug 26 01:46:42.184789 2026] [socache_shmcb:debug] [pid 2181052:tid 2181052] mod_socache_shmcb.c(860): AH00847: insert happened at idx=16, data=(7692:7724)
[Wed Aug 26 01:46:42.184791 2026] [socache_shmcb:debug] [pid 2181052:tid 2181052] mod_socache_shmcb.c(863): AH00848: finished insert, subcache: idx_pos/idx_used=63/42, data_pos/data_used=12430/9339
[Wed Aug 26 01:46:42.184793 2026] [socache_shmcb:debug] [pid 2181052:tid 2181052] mod_socache_shmcb.c(530): AH00834: leaving socache_shmcb_store successfully
[Wed Aug 26 01:46:42.184917 2026] [ssl:debug] [pid 2181052:tid 2181052] ssl_engine_kernel.c(254): [client 34.231.77.232:19615] AH02034: Initial (No.1) HTTPS request received for child 17 (server 2blog.ilc.edu.tw:443)
[Wed Aug 26 01:46:42.185116 2026] [authz_core:debug] [pid 2181052:tid 2181052] mod_authz_core.c(815): [client 34.231.77.232:19615] AH01626: authorization result of Require all granted: granted
[Wed Aug 26 01:46:42.185124 2026] [authz_core:debug] [pid 2181052:tid 2181052] mod_authz_core.c(815): [client 34.231.77.232:19615] AH01626: authorization result of : granted
[Wed Aug 26 01:46:42.186623 2026] [authz_core:debug] [pid 2181052:tid 2181052] mod_authz_core.c(815): [client 34.231.77.232:19615] AH01626: authorization result of Require all granted: granted
[Wed Aug 26 01:46:42.186645 2026] [authz_core:debug] [pid 2181052:tid 2181052] mod_authz_core.c(815): [client 34.231.77.232:19615] AH01626: authorization result of : granted
[Wed Aug 26 01:46:42.201591 2026] [watchdog:debug] [pid 2185793:tid 2185793] mod_watchdog.c(559): AH02980: Watchdog: nothing configured?
[Wed Aug 26 01:46:42.357662 2026] [ssl:debug] [pid 2181051:tid 2181051] ssl_engine_kernel.c(254): [client 2408:872f:c00:408::16f:25758] AH02034: Subsequent (No.4) HTTPS request received for child 13 (server www.smps.ilc.edu.tw:443), referer: https://www.smps.ilc.edu.tw/elementor-510/
[Wed Aug 26 01:46:42.357863 2026] [authz_core:debug] [pid 2181051:tid 2181051] mod_authz_core.c(815): [client 2408:872f:c00:408::16f:25758] AH01626: authorization result of Require all granted: granted, referer: https://www.smps.ilc.edu.tw/elementor-510/
[Wed Aug 26 01:46:42.357869 2026] [authz_core:debug] [pid 2181051:tid 2181051] mod_authz_core.c(815): [client 2408:872f:c00:408::16f:25758] AH01626: authorization result of : granted, referer: https://www.smps.ilc.edu.tw/elementor-510/
[Wed Aug 26 01:46:42.358067 2026] [deflate:debug] [pid 2181051:tid 2181051] mod_deflate.c(909): [client 2408:872f:c00:408::16f:25758] AH01384: Zlib: Compressed 1718 to 700 : URL /wp-includes/js/hoverintent-js.min.js, referer: https://www.smps.ilc.edu.tw/elementor-510/
[Wed Aug 26 01:46:42.399802 2026] [ssl:debug] [pid 2185730:tid 2185730] ssl_engine_kernel.c(254): [client 2408:872f:c00:408::16f:26036] AH02034: Subsequent (No.2) HTTPS request received for child 8 (server www.smps.ilc.edu.tw:443), referer: https://www.smps.ilc.edu.tw/elementor-510/
[Wed Aug 26 01:46:42.400056 2026] [authz_core:debug] [pid 2185730:tid 2185730] mod_authz_core.c(815): [client 2408:872f:c00:408::16f:26036] AH01626: authorization result of Require all granted: granted, referer: https://www.smps.ilc.edu.tw/elementor-510/
[Wed Aug 26 01:46:42.400068 2026] [authz_core:debug] [pid 2185730:tid 2185730] mod_authz_core.c(815): [client 2408:872f:c00:408::16f:26036] AH01626: authorization result of : granted, referer: https://www.smps.ilc.edu.tw/elementor-510/
[Wed Aug 26 01:46:42.400354 2026] [deflate:debug] [pid 2185730:tid 2185730] mod_deflate.c(909): [client 2408:872f:c00:408::16f:26036] AH01384: Zlib: Compressed 3487 to 1339 : URL /wp-includes/js/admin-bar.min.js, referer: https://www.smps.ilc.edu.tw/elementor-510/
[Wed Aug 26 01:46:42.435387 2026] [ssl:info] [pid 2181122:tid 2181122] [client 34.30.223.149:24064] AH01964: Connection to child 15 established (server 2blog.ilc.edu.tw:443)
[Wed Aug 26 01:46:42.435545 2026] [ssl:debug] [pid 2181122:tid 2181122] ssl_engine_kernel.c(2222): [client 34.30.223.149:24064] AH02043: SSL virtual host for servername 2blog.ilc.edu.tw found
[Wed Aug 26 01:46:42.435594 2026] [core:debug] [pid 2181122:tid 2181122] protocol.c(2460): [client 34.30.223.149:24064] AH03155: select protocol from , choices=http/1.1 for server 2blog.ilc.edu.tw
[Wed Aug 26 01:46:42.441070 2026] [ssl:debug] [pid 2185707:tid 2185707] ssl_engine_io.c(1150): [client 34.10.180.98:38912] AH02001: Connection closed to child 6 with standard shutdown (server 2blog.ilc.edu.tw:443)
[Wed Aug 26 01:46:42.630932 2026] [ssl:debug] [pid 2181052:tid 2181052] ssl_engine_io.c(1150): [client 34.231.77.232:19615] AH02001: Connection closed to child 17 with standard shutdown (server 2blog.ilc.edu.tw:443)
[Wed Aug 26 01:46:42.697943 2026] [ssl:debug] [pid 2185730:tid 2185730] ssl_engine_kernel.c(254): [client 2408:872f:c00:408::16f:26036] AH02034: Subsequent (No.3) HTTPS request received for child 8 (server www.smps.ilc.edu.tw:443), referer: https://www.smps.ilc.edu.tw/elementor-510/
[Wed Aug 26 01:46:42.698144 2026] [authz_core:debug] [pid 2185730:tid 2185730] mod_authz_core.c(815): [client 2408:872f:c00:408::16f:26036] AH01626: authorization result of Require all granted: granted, referer: https://www.smps.ilc.edu.tw/elementor-510/
[Wed Aug 26 01:46:42.698159 2026] [authz_core:debug] [pid 2185730:tid 2185730] mod_authz_core.c(815): [client 2408:872f:c00:408::16f:26036] AH01626: authorization result of : granted, referer: https://www.smps.ilc.edu.tw/elementor-510/
[Wed Aug 26 01:46:42.698438 2026] [deflate:debug] [pid 2185730:tid 2185730] mod_deflate.c(909): [client 2408:872f:c00:408::16f:26036] AH01384: Zlib: Compressed 5520 to 1785 : URL /wp-includes/js/imagesloaded.min.js, referer: https://www.smps.ilc.edu.tw/elementor-510/
[Wed Aug 26 01:46:42.755630 2026] [ssl:debug] [pid 2181122:tid 2181122] ssl_engine_kernel.c(2082): [client 34.30.223.149:24064] AH02041: Protocol: TLSv1.3, Cipher: TLS_AES_256_GCM_SHA384 (256/256 bits)
[Wed Aug 26 01:46:42.755681 2026] [socache_shmcb:debug] [pid 2181122:tid 2181122] mod_socache_shmcb.c(508): AH00831: socache_shmcb_store (0xa0 -> subcache 0)
[Wed Aug 26 01:46:42.755686 2026] [socache_shmcb:debug] [pid 2181122:tid 2181122] mod_socache_shmcb.c(745): AH00842: expiring 2 and reclaiming 0 removed socache entries
[Wed Aug 26 01:46:42.755688 2026] [socache_shmcb:debug] [pid 2181122:tid 2181122] mod_socache_shmcb.c(765): AH00843: we now have 30 socache entries
[Wed Aug 26 01:46:42.755690 2026] [socache_shmcb:debug] [pid 2181122:tid 2181122] mod_socache_shmcb.c(860): AH00847: insert happened at idx=8, data=(5792:5824)
[Wed Aug 26 01:46:42.755692 2026] [socache_shmcb:debug] [pid 2181122:tid 2181122] mod_socache_shmcb.c(863): AH00848: finished insert, subcache: idx_pos/idx_used=66/31, data_pos/data_used=12981/6900
[Wed Aug 26 01:46:42.755694 2026] [socache_shmcb:debug] [pid 2181122:tid 2181122] mod_socache_shmcb.c(530): AH00834: leaving socache_shmcb_store successfully
[Wed Aug 26 01:46:42.755758 2026] [socache_shmcb:debug] [pid 2181122:tid 2181122] mod_socache_shmcb.c(508): AH00831: socache_shmcb_store (0x5b -> subcache 27)
[Wed Aug 26 01:46:42.755763 2026] [socache_shmcb:debug] [pid 2181122:tid 2181122] mod_socache_shmcb.c(745): AH00842: expiring 3 and reclaiming 0 removed socache entries
[Wed Aug 26 01:46:42.755765 2026] [socache_shmcb:debug] [pid 2181122:tid 2181122] mod_socache_shmcb.c(765): AH00843: we now have 37 socache entries
[Wed Aug 26 01:46:42.755767 2026] [socache_shmcb:debug] [pid 2181122:tid 2181122] mod_socache_shmcb.c(860): AH00847: insert happened at idx=24, data=(9769:9801)
[Wed Aug 26 01:46:42.755769 2026] [socache_shmcb:debug] [pid 2181122:tid 2181122] mod_socache_shmcb.c(863): AH00848: finished insert, subcache: idx_pos/idx_used=75/38, data_pos/data_used=1522/8473
[Wed Aug 26 01:46:42.755770 2026] [socache_shmcb:debug] [pid 2181122:tid 2181122] mod_socache_shmcb.c(530): AH00834: leaving socache_shmcb_store successfully
[Wed Aug 26 01:46:42.848095 2026] [ssl:debug] [pid 2181122:tid 2181122] ssl_engine_kernel.c(254): [client 34.30.223.149:24064] AH02034: Initial (No.1) HTTPS request received for child 15 (server 2blog.ilc.edu.tw:443)
[Wed Aug 26 01:46:42.848284 2026] [authz_core:debug] [pid 2181122:tid 2181122] mod_authz_core.c(815): [client 34.30.223.149:24064] AH01626: authorization result of Require all granted: granted
[Wed Aug 26 01:46:42.848289 2026] [authz_core:debug] [pid 2181122:tid 2181122] mod_authz_core.c(815): [client 34.30.223.149:24064] AH01626: authorization result of : granted
[Wed Aug 26 01:46:42.848406 2026] [authz_core:debug] [pid 2181122:tid 2181122] mod_authz_core.c(815): [client 34.30.223.149:24064] AH01626: authorization result of Require all granted: granted
[Wed Aug 26 01:46:42.848410 2026] [authz_core:debug] [pid 2181122:tid 2181122] mod_authz_core.c(815): [client 34.30.223.149:24064] AH01626: authorization result of : granted
[Wed Aug 26 01:46:43.090153 2026] [headers:debug] [pid 2185793:tid 2185793] mod_headers.c(900): AH01503: headers: ap_headers_error_filter()
[Wed Aug 26 01:46:43.091344 2026] [ssl:debug] [pid 2181041:tid 2181041] ssl_engine_kernel.c(254): [client 2408:872f:c00:408::16f:26030] AH02034: Subsequent (No.2) HTTPS request received for child 1 (server www.smps.ilc.edu.tw:443), referer: https://www.smps.ilc.edu.tw/elementor-510/
[Wed Aug 26 01:46:43.091547 2026] [authz_core:debug] [pid 2181041:tid 2181041] mod_authz_core.c(815): [client 2408:872f:c00:408::16f:26030] AH01626: authorization result of Require all granted: granted, referer: https://www.smps.ilc.edu.tw/elementor-510/
[Wed Aug 26 01:46:43.091552 2026] [authz_core:debug] [pid 2181041:tid 2181041] mod_authz_core.c(815): [client 2408:872f:c00:408::16f:26030] AH01626: authorization result of : granted, referer: https://www.smps.ilc.edu.tw/elementor-510/
[Wed Aug 26 01:46:43.092045 2026] [deflate:debug] [pid 2181041:tid 2181041] mod_deflate.c(909): [client 2408:872f:c00:408::16f:26030] AH01384: Zlib: Compressed 19719 to 4232 : URL /wp-content/themes/oceanwp/assets/js/theme.min.js, referer: https://www.smps.ilc.edu.tw/elementor-510/
[Wed Aug 26 01:46:43.118115 2026] [ssl:debug] [pid 2181002:tid 2181002] ssl_engine_kernel.c(254): [client 2408:872f:c00:408::16f:26028] AH02034: Subsequent (No.2) HTTPS request received for child 19 (server www.smps.ilc.edu.tw:443), referer: https://www.smps.ilc.edu.tw/elementor-510/
[Wed Aug 26 01:46:43.118334 2026] [authz_core:debug] [pid 2181002:tid 2181002] mod_authz_core.c(815): [client 2408:872f:c00:408::16f:26028] AH01626: authorization result of Require all granted: granted, referer: https://www.smps.ilc.edu.tw/elementor-510/
[Wed Aug 26 01:46:43.118339 2026] [authz_core:debug] [pid 2181002:tid 2181002] mod_authz_core.c(815): [client 2408:872f:c00:408::16f:26028] AH01626: authorization result of : granted, referer: https://www.smps.ilc.edu.tw/elementor-510/
[Wed Aug 26 01:46:43.118769 2026] [deflate:debug] [pid 2181002:tid 2181002] mod_deflate.c(909): [client 2408:872f:c00:408::16f:26028] AH01384: Zlib: Compressed 14581 to 3765 : URL /wp-content/themes/oceanwp/assets/js/drop-down-mobile-menu.min.js, referer: https://www.smps.ilc.edu.tw/elementor-510/
[Wed Aug 26 01:46:43.125709 2026] [ssl:debug] [pid 2185730:tid 2185730] ssl_engine_kernel.c(254): [client 2408:872f:c00:408::16f:26036] AH02034: Subsequent (No.4) HTTPS request received for child 8 (server www.smps.ilc.edu.tw:443), referer: https://www.smps.ilc.edu.tw/elementor-510/
[Wed Aug 26 01:46:43.125898 2026] [authz_core:debug] [pid 2185730:tid 2185730] mod_authz_core.c(815): [client 2408:872f:c00:408::16f:26036] AH01626: authorization result of Require all granted: granted, referer: https://www.smps.ilc.edu.tw/elementor-510/
[Wed Aug 26 01:46:43.125902 2026] [authz_core:debug] [pid 2185730:tid 2185730] mod_authz_core.c(815): [client 2408:872f:c00:408::16f:26036] AH01626: authorization result of : granted, referer: https://www.smps.ilc.edu.tw/elementor-510/
[Wed Aug 26 01:46:43.126171 2026] [deflate:debug] [pid 2185730:tid 2185730] mod_deflate.c(909): [client 2408:872f:c00:408::16f:26036] AH01384: Zlib: Compressed 7540 to 2070 : URL /wp-content/themes/oceanwp/assets/js/drop-down-search.min.js, referer: https://www.smps.ilc.edu.tw/elementor-510/
[Wed Aug 26 01:46:43.145011 2026] [ssl:debug] [pid 2181035:tid 2181035] ssl_engine_kernel.c(254): [client 2408:872f:c00:408::16f:26032] AH02034: Subsequent (No.2) HTTPS request received for child 11 (server www.smps.ilc.edu.tw:443), referer: https://www.smps.ilc.edu.tw/elementor-510/
[Wed Aug 26 01:46:43.145260 2026] [authz_core:debug] [pid 2181035:tid 2181035] mod_authz_core.c(815): [client 2408:872f:c00:408::16f:26032] AH01626: authorization result of Require all granted: granted, referer: https://www.smps.ilc.edu.tw/elementor-510/
[Wed Aug 26 01:46:43.145268 2026] [authz_core:debug] [pid 2181035:tid 2181035] mod_authz_core.c(815): [client 2408:872f:c00:408::16f:26032] AH01626: authorization result of : granted, referer: https://www.smps.ilc.edu.tw/elementor-510/
[Wed Aug 26 01:46:43.146378 2026] [ssl:debug] [pid 2181051:tid 2181051] ssl_engine_kernel.c(254): [client 2408:872f:c00:408::16f:25758] AH02034: Subsequent (No.5) HTTPS request received for child 13 (server www.smps.ilc.edu.tw:443), referer: https://www.smps.ilc.edu.tw/elementor-510/
[Wed Aug 26 01:46:43.146436 2026] [ssl:debug] [pid 2185786:tid 2185786] ssl_engine_kernel.c(254): [client 2408:872f:c00:408::16f:26034] AH02034: Subsequent (No.2) HTTPS request received for child 3 (server www.smps.ilc.edu.tw:443), referer: https://www.smps.ilc.edu.tw/elementor-510/
[Wed Aug 26 01:46:43.146573 2026] [authz_core:debug] [pid 2181051:tid 2181051] mod_authz_core.c(815): [client 2408:872f:c00:408::16f:25758] AH01626: authorization result of Require all granted: granted, referer: https://www.smps.ilc.edu.tw/elementor-510/
[Wed Aug 26 01:46:43.146579 2026] [authz_core:debug] [pid 2181051:tid 2181051] mod_authz_core.c(815): [client 2408:872f:c00:408::16f:25758] AH01626: authorization result of : granted, referer: https://www.smps.ilc.edu.tw/elementor-510/
[Wed Aug 26 01:46:43.146616 2026] [authz_core:debug] [pid 2185786:tid 2185786] mod_authz_core.c(815): [client 2408:872f:c00:408::16f:26034] AH01626: authorization result of Require all granted: granted, referer: https://www.smps.ilc.edu.tw/elementor-510/
[Wed Aug 26 01:46:43.146638 2026] [authz_core:debug] [pid 2185786:tid 2185786] mod_authz_core.c(815): [client 2408:872f:c00:408::16f:26034] AH01626: authorization result of : granted, referer: https://www.smps.ilc.edu.tw/elementor-510/
[Wed Aug 26 01:46:43.146797 2026] [deflate:debug] [pid 2181051:tid 2181051] mod_deflate.c(909): [client 2408:872f:c00:408::16f:25758] AH01384: Zlib: Compressed 4111 to 1423 : URL /wp-content/themes/oceanwp/assets/js/ow-lightbox.min.js, referer: https://www.smps.ilc.edu.tw/elementor-510/
[Wed Aug 26 01:46:43.147022 2026] [deflate:debug] [pid 2181035:tid 2181035] mod_deflate.c(909): [client 2408:872f:c00:408::16f:26032] AH01384: Zlib: Compressed 57513 to 14083 : URL /wp-content/themes/oceanwp/assets/js/vendors/flickity.pkgd.min.js, referer: https://www.smps.ilc.edu.tw/elementor-510/
[Wed Aug 26 01:46:43.147400 2026] [deflate:debug] [pid 2185786:tid 2185786] mod_deflate.c(909): [client 2408:872f:c00:408::16f:26034] AH01384: Zlib: Compressed 20216 to 7328 : URL /wp-content/themes/oceanwp/assets/js/vendors/magnific-popup.min.js, referer: https://www.smps.ilc.edu.tw/elementor-510/
[Wed Aug 26 01:46:43.180530 2026] [ssl:info] [pid 2185793:tid 2185793] [client 2001:288:a201::66:125:17389] AH01964: Connection to child 0 established (server 2blog.ilc.edu.tw:443)
[Wed Aug 26 01:46:43.180880 2026] [ssl:debug] [pid 2185793:tid 2185793] ssl_engine_kernel.c(2252): [client 2001:288:a201::66:125:17389] AH02645: Server name not provided via TLS extension (using default/first virtual host)
[Wed Aug 26 01:46:43.180920 2026] [socache_shmcb:debug] [pid 2185793:tid 2185793] mod_socache_shmcb.c(545): AH00835: socache_shmcb_retrieve (0xba -> subcache 26)
[Wed Aug 26 01:46:43.180934 2026] [socache_shmcb:debug] [pid 2185793:tid 2185793] mod_socache_shmcb.c(896): AH00849: match at idx=46, data=394
[Wed Aug 26 01:46:43.180936 2026] [socache_shmcb:debug] [pid 2185793:tid 2185793] mod_socache_shmcb.c(556): AH00836: leaving socache_shmcb_retrieve successfully
[Wed Aug 26 01:46:43.182416 2026] [ssl:debug] [pid 2185793:tid 2185793] ssl_engine_kernel.c(2082): [client 2001:288:a201::66:125:17389] AH02041: Protocol: TLSv1.2, Cipher: ECDHE-RSA-AES256-GCM-SHA384 (256/256 bits)
[Wed Aug 26 01:46:43.182497 2026] [ssl:debug] [pid 2185793:tid 2185793] ssl_engine_kernel.c(254): [client 2001:288:a201::66:125:17389] AH02034: Initial (No.1) HTTPS request received for child 0 (server 2blog.ilc.edu.tw:443)
[Wed Aug 26 01:46:43.182739 2026] [authz_core:debug] [pid 2185793:tid 2185793] mod_authz_core.c(815): [client 2001:288:a201::66:125:17389] AH01626: authorization result of Require all granted: granted
[Wed Aug 26 01:46:43.182745 2026] [authz_core:debug] [pid 2185793:tid 2185793] mod_authz_core.c(815): [client 2001:288:a201::66:125:17389] AH01626: authorization result of : granted
[Wed Aug 26 01:46:43.183298 2026] [authz_core:debug] [pid 2185793:tid 2185793] mod_authz_core.c(815): [client 2001:288:a201::66:125:17389] AH01626: authorization result of Require all granted: granted
[Wed Aug 26 01:46:43.183311 2026] [authz_core:debug] [pid 2185793:tid 2185793] mod_authz_core.c(815): [client 2001:288:a201::66:125:17389] AH01626: authorization result of : granted
[Wed Aug 26 01:46:43.183323 2026] [php7:error] [pid 2185793:tid 2185793] [client 2001:288:a201::66:125:17389] script '/var/www/html/2blog/active.php' not found or unable to stat
[Wed Aug 26 01:46:43.183335 2026] [headers:debug] [pid 2185793:tid 2185793] mod_headers.c(900): AH01503: headers: ap_headers_error_filter()
[Wed Aug 26 01:46:43.183485 2026] [ssl:debug] [pid 2185793:tid 2185793] ssl_engine_io.c(1150): [client 2001:288:a201::66:125:17389] AH02001: Connection closed to child 0 with standard shutdown (server 2blog.ilc.edu.tw:443)
[Wed Aug 26 01:46:43.204935 2026] [watchdog:debug] [pid 2185794:tid 2185794] mod_watchdog.c(559): AH02980: Watchdog: nothing configured?
[Wed Aug 26 01:46:43.206958 2026] [watchdog:debug] [pid 2185795:tid 2185795] mod_watchdog.c(559): AH02980: Watchdog: nothing configured?
[Wed Aug 26 01:46:43.207991 2026] [ssl:info] [pid 2181121:tid 2181121] (70014)End of file found: [client 66.249.79.163:53457] AH01992: SSL library error 6 reading data
[Wed Aug 26 01:46:43.208062 2026] [ssl:debug] [pid 2181121:tid 2181121] ssl_engine_io.c(1150): [client 66.249.79.163:53457] AH02001: Connection closed to child 14 with standard shutdown (server 2blog.ilc.edu.tw:443)
[Wed Aug 26 01:46:43.221098 2026] [ssl:debug] [pid 2183555:tid 2183555] ssl_engine_io.c(1150): [client 34.56.124.53:62977] AH02001: Connection closed to child 2 with standard shutdown (server 2blog.ilc.edu.tw:443)
[Wed Aug 26 01:46:43.384069 2026] [ssl:debug] [pid 2181041:tid 2181041] ssl_engine_kernel.c(254): [client 2408:872f:c00:408::16f:26030] AH02034: Subsequent (No.3) HTTPS request received for child 1 (server www.smps.ilc.edu.tw:443), referer: https://www.smps.ilc.edu.tw/wp-content/cache/www.smps.ilc.edu.tw/wpfc-minified/mat240pv/77dg.css
[Wed Aug 26 01:46:43.384282 2026] [authz_core:debug] [pid 2181041:tid 2181041] mod_authz_core.c(815): [client 2408:872f:c00:408::16f:26030] AH01626: authorization result of Require all granted: granted, referer: https://www.smps.ilc.edu.tw/wp-content/cache/www.smps.ilc.edu.tw/wpfc-minified/mat240pv/77dg.css
[Wed Aug 26 01:46:43.384288 2026] [authz_core:debug] [pid 2181041:tid 2181041] mod_authz_core.c(815): [client 2408:872f:c00:408::16f:26030] AH01626: authorization result of : granted, referer: https://www.smps.ilc.edu.tw/wp-content/cache/www.smps.ilc.edu.tw/wpfc-minified/mat240pv/77dg.css
[Wed Aug 26 01:46:43.408432 2026] [ssl:debug] [pid 2181002:tid 2181002] ssl_engine_kernel.c(254): [client 2408:872f:c00:408::16f:26028] AH02034: Subsequent (No.3) HTTPS request received for child 19 (server www.smps.ilc.edu.tw:443), referer: https://www.smps.ilc.edu.tw/elementor-510/
[Wed Aug 26 01:46:43.408642 2026] [authz_core:debug] [pid 2181002:tid 2181002] mod_authz_core.c(815): [client 2408:872f:c00:408::16f:26028] AH01626: authorization result of Require all granted: granted, referer: https://www.smps.ilc.edu.tw/elementor-510/
[Wed Aug 26 01:46:43.408649 2026] [authz_core:debug] [pid 2181002:tid 2181002] mod_authz_core.c(815): [client 2408:872f:c00:408::16f:26028] AH01626: authorization result of : granted, referer: https://www.smps.ilc.edu.tw/elementor-510/
[Wed Aug 26 01:46:43.408861 2026] [deflate:debug] [pid 2181002:tid 2181002] mod_deflate.c(909): [client 2408:872f:c00:408::16f:26028] AH01384: Zlib: Compressed 2002 to 864 : URL /wp-content/themes/oceanwp/assets/js/ow-slider.min.js, referer: https://www.smps.ilc.edu.tw/elementor-510/
[Wed Aug 26 01:46:43.412630 2026] [ssl:debug] [pid 2185730:tid 2185730] ssl_engine_kernel.c(254): [client 2408:872f:c00:408::16f:26036] AH02034: Subsequent (No.5) HTTPS request received for child 8 (server www.smps.ilc.edu.tw:443), referer: https://www.smps.ilc.edu.tw/elementor-510/
[Wed Aug 26 01:46:43.412839 2026] [authz_core:debug] [pid 2185730:tid 2185730] mod_authz_core.c(815): [client 2408:872f:c00:408::16f:26036] AH01626: authorization result of Require all granted: granted, referer: https://www.smps.ilc.edu.tw/elementor-510/
[Wed Aug 26 01:46:43.412853 2026] [authz_core:debug] [pid 2185730:tid 2185730] mod_authz_core.c(815): [client 2408:872f:c00:408::16f:26036] AH01626: authorization result of : granted, referer: https://www.smps.ilc.edu.tw/elementor-510/
[Wed Aug 26 01:46:43.413241 2026] [deflate:debug] [pid 2185730:tid 2185730] mod_deflate.c(909): [client 2408:872f:c00:408::16f:26036] AH01384: Zlib: Compressed 12402 to 3229 : URL /wp-content/themes/oceanwp/assets/js/scroll-effect.min.js, referer: https://www.smps.ilc.edu.tw/elementor-510/
[Wed Aug 26 01:46:43.446034 2026] [ssl:debug] [pid 2181051:tid 2181051] ssl_engine_kernel.c(254): [client 2408:872f:c00:408::16f:25758] AH02034: Subsequent (No.6) HTTPS request received for child 13 (server www.smps.ilc.edu.tw:443), referer: https://www.smps.ilc.edu.tw/elementor-510/
[Wed Aug 26 01:46:43.446230 2026] [authz_core:debug] [pid 2181051:tid 2181051] mod_authz_core.c(815): [client 2408:872f:c00:408::16f:25758] AH01626: authorization result of Require all granted: granted, referer: https://www.smps.ilc.edu.tw/elementor-510/
[Wed Aug 26 01:46:43.446235 2026] [authz_core:debug] [pid 2181051:tid 2181051] mod_authz_core.c(815): [client 2408:872f:c00:408::16f:25758] AH01626: authorization result of : granted, referer: https://www.smps.ilc.edu.tw/elementor-510/
[Wed Aug 26 01:46:43.446496 2026] [deflate:debug] [pid 2181051:tid 2181051] mod_deflate.c(909): [client 2408:872f:c00:408::16f:25758] AH01384: Zlib: Compressed 5181 to 1510 : URL /wp-content/themes/oceanwp/assets/js/select.min.js, referer: https://www.smps.ilc.edu.tw/elementor-510/
[Wed Aug 26 01:46:43.451846 2026] [ssl:debug] [pid 2185786:tid 2185786] ssl_engine_kernel.c(254): [client 2408:872f:c00:408::16f:26034] AH02034: Subsequent (No.3) HTTPS request received for child 3 (server www.smps.ilc.edu.tw:443), referer: https://www.smps.ilc.edu.tw/elementor-510/
[Wed Aug 26 01:46:43.452056 2026] [authz_core:debug] [pid 2185786:tid 2185786] mod_authz_core.c(815): [client 2408:872f:c00:408::16f:26034] AH01626: authorization result of Require all granted: granted, referer: https://www.smps.ilc.edu.tw/elementor-510/
[Wed Aug 26 01:46:43.452063 2026] [authz_core:debug] [pid 2185786:tid 2185786] mod_authz_core.c(815): [client 2408:872f:c00:408::16f:26034] AH01626: authorization result of : granted, referer: https://www.smps.ilc.edu.tw/elementor-510/
[Wed Aug 26 01:46:43.452392 2026] [deflate:debug] [pid 2185786:tid 2185786] mod_deflate.c(909): [client 2408:872f:c00:408::16f:26034] AH01384: Zlib: Compressed 8989 to 2304 : URL /wp-content/themes/oceanwp/assets/js/scroll-top.min.js, referer: https://www.smps.ilc.edu.tw/elementor-510/
[Wed Aug 26 01:46:43.562167 2026] [ssl:info] [pid 2185707:tid 2185707] [client 60.244.152.7:1906] AH01964: Connection to child 6 established (server 2blog.ilc.edu.tw:443)
[Wed Aug 26 01:46:43.562393 2026] [ssl:debug] [pid 2185707:tid 2185707] ssl_engine_kernel.c(2222): [client 60.244.152.7:1906] AH02043: SSL virtual host for servername isupport.ilc.edu.tw found
[Wed Aug 26 01:46:43.562511 2026] [ssl:debug] [pid 2185707:tid 2185707] ssl_util_stapling.c(819): AH01951: stapling_cb: OCSP Stapling callback called
[Wed Aug 26 01:46:43.562523 2026] [ssl:info] [pid 2185707:tid 2185707] AH01926: stapling_get_certinfo: stapling not supported for certificate
[Wed Aug 26 01:46:43.565257 2026] [ssl:debug] [pid 2185707:tid 2185707] ssl_engine_kernel.c(2082): [client 60.244.152.7:1906] AH02041: Protocol: TLSv1.3, Cipher: TLS_AES_256_GCM_SHA384 (256/256 bits)
[Wed Aug 26 01:46:43.565282 2026] [ssl:info] [pid 2185793:tid 2185793] [client 60.244.152.7:51503] AH01964: Connection to child 0 established (server 2blog.ilc.edu.tw:443)
[Wed Aug 26 01:46:43.565292 2026] [socache_shmcb:debug] [pid 2185707:tid 2185707] mod_socache_shmcb.c(508): AH00831: socache_shmcb_store (0x12 -> subcache 18)
[Wed Aug 26 01:46:43.565300 2026] [socache_shmcb:debug] [pid 2185707:tid 2185707] mod_socache_shmcb.c(860): AH00847: insert happened at idx=68, data=(13548:13580)
[Wed Aug 26 01:46:43.565311 2026] [socache_shmcb:debug] [pid 2185707:tid 2185707] mod_socache_shmcb.c(863): AH00848: finished insert, subcache: idx_pos/idx_used=41/28, data_pos/data_used=7579/6185
[Wed Aug 26 01:46:43.565313 2026] [socache_shmcb:debug] [pid 2185707:tid 2185707] mod_socache_shmcb.c(530): AH00834: leaving socache_shmcb_store successfully
[Wed Aug 26 01:46:43.565346 2026] [socache_shmcb:debug] [pid 2185707:tid 2185707] mod_socache_shmcb.c(508): AH00831: socache_shmcb_store (0x94 -> subcache 20)
[Wed Aug 26 01:46:43.565350 2026] [socache_shmcb:debug] [pid 2185707:tid 2185707] mod_socache_shmcb.c(860): AH00847: insert happened at idx=12, data=(7248:7280)
[Wed Aug 26 01:46:43.565351 2026] [socache_shmcb:debug] [pid 2185707:tid 2185707] mod_socache_shmcb.c(863): AH00848: finished insert, subcache: idx_pos/idx_used=61/40, data_pos/data_used=12464/8864
[Wed Aug 26 01:46:43.565353 2026] [socache_shmcb:debug] [pid 2185707:tid 2185707] mod_socache_shmcb.c(530): AH00834: leaving socache_shmcb_store successfully
[Wed Aug 26 01:46:43.565380 2026] [ssl:info] [pid 2185707:tid 2185707] (70014)End of file found: [client 60.244.152.7:1906] AH01992: SSL library error 6 reading data
[Wed Aug 26 01:46:43.565397 2026] [ssl:debug] [pid 2185707:tid 2185707] ssl_engine_io.c(1150): [client 60.244.152.7:1906] AH02001: Connection closed to child 6 with standard shutdown (server isupport.ilc.edu.tw:443)
[Wed Aug 26 01:46:43.565428 2026] [ssl:debug] [pid 2185793:tid 2185793] ssl_engine_kernel.c(2222): [client 60.244.152.7:51503] AH02043: SSL virtual host for servername isupport.ilc.edu.tw found
[Wed Aug 26 01:46:43.565500 2026] [core:debug] [pid 2185793:tid 2185793] protocol.c(2460): [client 60.244.152.7:51503] AH03155: select protocol from , choices=h2,http/1.1 for server isupport.ilc.edu.tw
[Wed Aug 26 01:46:43.565549 2026] [ssl:debug] [pid 2185793:tid 2185793] ssl_util_stapling.c(819): AH01951: stapling_cb: OCSP Stapling callback called
[Wed Aug 26 01:46:43.565555 2026] [ssl:info] [pid 2185793:tid 2185793] AH01926: stapling_get_certinfo: stapling not supported for certificate
[Wed Aug 26 01:46:43.572122 2026] [ssl:info] [pid 2185794:tid 2185794] [client 60.244.152.7:51504] AH01964: Connection to child 5 established (server 2blog.ilc.edu.tw:443)
[Wed Aug 26 01:46:43.572469 2026] [ssl:debug] [pid 2185794:tid 2185794] ssl_engine_kernel.c(2222): [client 60.244.152.7:51504] AH02043: SSL virtual host for servername isupport.ilc.edu.tw found
[Wed Aug 26 01:46:43.572571 2026] [core:debug] [pid 2185794:tid 2185794] protocol.c(2460): [client 60.244.152.7:51504] AH03155: select protocol from , choices=h2,http/1.1 for server isupport.ilc.edu.tw
[Wed Aug 26 01:46:43.572639 2026] [ssl:debug] [pid 2185794:tid 2185794] ssl_util_stapling.c(819): AH01951: stapling_cb: OCSP Stapling callback called
[Wed Aug 26 01:46:43.572646 2026] [ssl:info] [pid 2185794:tid 2185794] AH01926: stapling_get_certinfo: stapling not supported for certificate
[Wed Aug 26 01:46:43.575681 2026] [ssl:debug] [pid 2185793:tid 2185793] ssl_engine_kernel.c(2082): [client 60.244.152.7:51503] AH02041: Protocol: TLSv1.3, Cipher: TLS_AES_256_GCM_SHA384 (256/256 bits)
[Wed Aug 26 01:46:43.575722 2026] [socache_shmcb:debug] [pid 2185793:tid 2185793] mod_socache_shmcb.c(508): AH00831: socache_shmcb_store (0xce -> subcache 14)
[Wed Aug 26 01:46:43.575737 2026] [socache_shmcb:debug] [pid 2185793:tid 2185793] mod_socache_shmcb.c(860): AH00847: insert happened at idx=12, data=(6826:6858)
[Wed Aug 26 01:46:43.575739 2026] [socache_shmcb:debug] [pid 2185793:tid 2185793] mod_socache_shmcb.c(863): AH00848: finished insert, subcache: idx_pos/idx_used=66/35, data_pos/data_used=13144/7774
[Wed Aug 26 01:46:43.575741 2026] [socache_shmcb:debug] [pid 2185793:tid 2185793] mod_socache_shmcb.c(530): AH00834: leaving socache_shmcb_store successfully
[Wed Aug 26 01:46:43.575797 2026] [socache_shmcb:debug] [pid 2185793:tid 2185793] mod_socache_shmcb.c(508): AH00831: socache_shmcb_store (0x45 -> subcache 5)
[Wed Aug 26 01:46:43.575815 2026] [socache_shmcb:debug] [pid 2185793:tid 2185793] mod_socache_shmcb.c(860): AH00847: insert happened at idx=57, data=(10899:10931)
[Wed Aug 26 01:46:43.575817 2026] [socache_shmcb:debug] [pid 2185793:tid 2185793] mod_socache_shmcb.c(863): AH00848: finished insert, subcache: idx_pos/idx_used=22/36, data_pos/data_used=3128/8000
[Wed Aug 26 01:46:43.575818 2026] [socache_shmcb:debug] [pid 2185793:tid 2185793] mod_socache_shmcb.c(530): AH00834: leaving socache_shmcb_store successfully
[Wed Aug 26 01:46:43.582869 2026] [ssl:debug] [pid 2185794:tid 2185794] ssl_engine_kernel.c(2082): [client 60.244.152.7:51504] AH02041: Protocol: TLSv1.3, Cipher: TLS_AES_256_GCM_SHA384 (256/256 bits)
[Wed Aug 26 01:46:43.582921 2026] [socache_shmcb:debug] [pid 2185794:tid 2185794] mod_socache_shmcb.c(508): AH00831: socache_shmcb_store (0xa4 -> subcache 4)
[Wed Aug 26 01:46:43.582931 2026] [socache_shmcb:debug] [pid 2185794:tid 2185794] mod_socache_shmcb.c(745): AH00842: expiring 2 and reclaiming 0 removed socache entries
[Wed Aug 26 01:46:43.582934 2026] [socache_shmcb:debug] [pid 2185794:tid 2185794] mod_socache_shmcb.c(765): AH00843: we now have 36 socache entries
[Wed Aug 26 01:46:43.582936 2026] [socache_shmcb:debug] [pid 2185794:tid 2185794] mod_socache_shmcb.c(860): AH00847: insert happened at idx=15, data=(7655:7687)
[Wed Aug 26 01:46:43.582938 2026] [socache_shmcb:debug] [pid 2185794:tid 2185794] mod_socache_shmcb.c(863): AH00848: finished insert, subcache: idx_pos/idx_used=67/37, data_pos/data_used=13523/8224
[Wed Aug 26 01:46:43.582940 2026] [socache_shmcb:debug] [pid 2185794:tid 2185794] mod_socache_shmcb.c(530): AH00834: leaving socache_shmcb_store successfully
[Wed Aug 26 01:46:43.582993 2026] [socache_shmcb:debug] [pid 2185794:tid 2185794] mod_socache_shmcb.c(508): AH00831: socache_shmcb_store (0x2f -> subcache 15)
[Wed Aug 26 01:46:43.583001 2026] [socache_shmcb:debug] [pid 2185794:tid 2185794] mod_socache_shmcb.c(860): AH00847: insert happened at idx=41, data=(7577:7609)
[Wed Aug 26 01:46:43.583002 2026] [socache_shmcb:debug] [pid 2185794:tid 2185794] mod_socache_shmcb.c(863): AH00848: finished insert, subcache: idx_pos/idx_used=14/28, data_pos/data_used=1566/6240
[Wed Aug 26 01:46:43.583004 2026] [socache_shmcb:debug] [pid 2185794:tid 2185794] mod_socache_shmcb.c(530): AH00834: leaving socache_shmcb_store successfully
[Wed Aug 26 01:46:43.594962 2026] [ssl:debug] [pid 2185793:tid 2185793] ssl_engine_kernel.c(254): [client 60.244.152.7:51503] AH02034: Initial (No.1) HTTPS request received for child 0 (server isupport.ilc.edu.tw:443), referer: https://isupport.ilc.edu.tw/11524/
[Wed Aug 26 01:46:43.594986 2026] [ssl:debug] [pid 2185794:tid 2185794] ssl_engine_kernel.c(254): [client 60.244.152.7:51504] AH02034: Initial (No.1) HTTPS request received for child 5 (server isupport.ilc.edu.tw:443), referer: https://isupport.ilc.edu.tw/11524/
[Wed Aug 26 01:46:43.596094 2026] [authz_core:debug] [pid 2185793:tid 2185793] mod_authz_core.c(815): [client 60.244.152.7:51503] AH01626: authorization result of Require all granted: granted, referer: https://isupport.ilc.edu.tw/11524/
[Wed Aug 26 01:46:43.596108 2026] [authz_core:debug] [pid 2185793:tid 2185793] mod_authz_core.c(815): [client 60.244.152.7:51503] AH01626: authorization result of : granted, referer: https://isupport.ilc.edu.tw/11524/
[Wed Aug 26 01:46:43.596155 2026] [authz_core:debug] [pid 2185794:tid 2185794] mod_authz_core.c(815): [client 60.244.152.7:51504] AH01626: authorization result of Require all granted: granted, referer: https://isupport.ilc.edu.tw/11524/
[Wed Aug 26 01:46:43.596165 2026] [authz_core:debug] [pid 2185794:tid 2185794] mod_authz_core.c(815): [client 60.244.152.7:51504] AH01626: authorization result of : granted, referer: https://isupport.ilc.edu.tw/11524/
[Wed Aug 26 01:46:43.597071 2026] [deflate:debug] [pid 2185794:tid 2185794] mod_deflate.c(909): [client 60.244.152.7:51504] AH01384: Zlib: Compressed 486 to 267 : URL /wp-content/cache/isupport.ilc.edu.tw/wpfc-minified/jpyo1yc2/ks8w.css, referer: https://isupport.ilc.edu.tw/11524/
[Wed Aug 26 01:46:43.599044 2026] [deflate:debug] [pid 2185793:tid 2185793] mod_deflate.c(909): [client 60.244.152.7:51503] AH01384: Zlib: Compressed 79258 to 39707 : URL /wp-content/cache/isupport.ilc.edu.tw/wpfc-minified/fhgiw72a/ks8w.css, referer: https://isupport.ilc.edu.tw/11524/
[Wed Aug 26 01:46:43.602223 2026] [ssl:info] [pid 2185795:tid 2185795] [client 60.244.152.7:51499] AH01964: Connection to child 7 established (server 2blog.ilc.edu.tw:443)
[Wed Aug 26 01:46:43.602606 2026] [ssl:debug] [pid 2185795:tid 2185795] ssl_engine_kernel.c(2222): [client 60.244.152.7:51499] AH02043: SSL virtual host for servername isupport.ilc.edu.tw found
[Wed Aug 26 01:46:43.602723 2026] [core:debug] [pid 2185795:tid 2185795] protocol.c(2460): [client 60.244.152.7:51499] AH03155: select protocol from , choices=h2,http/1.1 for server isupport.ilc.edu.tw
[Wed Aug 26 01:46:43.602818 2026] [ssl:debug] [pid 2185795:tid 2185795] ssl_util_stapling.c(819): AH01951: stapling_cb: OCSP Stapling callback called
[Wed Aug 26 01:46:43.602828 2026] [ssl:info] [pid 2185795:tid 2185795] AH01926: stapling_get_certinfo: stapling not supported for certificate
[Wed Aug 26 01:46:43.605011 2026] [ssl:info] [pid 2181121:tid 2181121] [client 60.244.152.7:51500] AH01964: Connection to child 14 established (server 2blog.ilc.edu.tw:443)
[Wed Aug 26 01:46:43.605169 2026] [ssl:debug] [pid 2181121:tid 2181121] ssl_engine_kernel.c(2222): [client 60.244.152.7:51500] AH02043: SSL virtual host for servername isupport.ilc.edu.tw found
[Wed Aug 26 01:46:43.605224 2026] [core:debug] [pid 2181121:tid 2181121] protocol.c(2460): [client 60.244.152.7:51500] AH03155: select protocol from , choices=h2,http/1.1 for server isupport.ilc.edu.tw
[Wed Aug 26 01:46:43.605265 2026] [ssl:debug] [pid 2181121:tid 2181121] ssl_util_stapling.c(819): AH01951: stapling_cb: OCSP Stapling callback called
[Wed Aug 26 01:46:43.605272 2026] [ssl:info] [pid 2181121:tid 2181121] AH01926: stapling_get_certinfo: stapling not supported for certificate
[Wed Aug 26 01:46:43.607917 2026] [ssl:info] [pid 2181052:tid 2181052] [client 60.244.152.7:51507] AH01964: Connection to child 17 established (server 2blog.ilc.edu.tw:443)
[Wed Aug 26 01:46:43.608098 2026] [ssl:debug] [pid 2181052:tid 2181052] ssl_engine_kernel.c(2222): [client 60.244.152.7:51507] AH02043: SSL virtual host for servername isupport.ilc.edu.tw found
[Wed Aug 26 01:46:43.608156 2026] [core:debug] [pid 2181052:tid 2181052] protocol.c(2460): [client 60.244.152.7:51507] AH03155: select protocol from , choices=h2,http/1.1 for server isupport.ilc.edu.tw
[Wed Aug 26 01:46:43.608192 2026] [ssl:debug] [pid 2181052:tid 2181052] ssl_util_stapling.c(819): AH01951: stapling_cb: OCSP Stapling callback called
[Wed Aug 26 01:46:43.608198 2026] [ssl:info] [pid 2181052:tid 2181052] AH01926: stapling_get_certinfo: stapling not supported for certificate
[Wed Aug 26 01:46:43.609293 2026] [ssl:info] [pid 2185707:tid 2185707] [client 60.244.152.7:51502] AH01964: Connection to child 6 established (server 2blog.ilc.edu.tw:443)
[Wed Aug 26 01:46:43.609415 2026] [ssl:debug] [pid 2185707:tid 2185707] ssl_engine_kernel.c(2222): [client 60.244.152.7:51502] AH02043: SSL virtual host for servername isupport.ilc.edu.tw found
[Wed Aug 26 01:46:43.609458 2026] [core:debug] [pid 2185707:tid 2185707] protocol.c(2460): [client 60.244.152.7:51502] AH03155: select protocol from , choices=h2,http/1.1 for server isupport.ilc.edu.tw
[Wed Aug 26 01:46:43.609494 2026] [ssl:debug] [pid 2185707:tid 2185707] ssl_util_stapling.c(819): AH01951: stapling_cb: OCSP Stapling callback called
[Wed Aug 26 01:46:43.609498 2026] [ssl:info] [pid 2185707:tid 2185707] AH01926: stapling_get_certinfo: stapling not supported for certificate
[Wed Aug 26 01:46:43.613671 2026] [ssl:debug] [pid 2185795:tid 2185795] ssl_engine_kernel.c(2082): [client 60.244.152.7:51499] AH02041: Protocol: TLSv1.3, Cipher: TLS_AES_256_GCM_SHA384 (256/256 bits)
