[Wed Aug 26 01:40:18.288825 2026] [authz_core:debug] [pid 2176132:tid 2176132] mod_authz_core.c(815): [client 240e:f7:4d0f:5c0::129:41130] AH01626: authorization result of Require all granted: granted, referer: https://2blog.ilc.edu.tw/6509/2015/10/19/
[Wed Aug 26 01:40:18.288831 2026] [authz_core:debug] [pid 2176132:tid 2176132] mod_authz_core.c(815): [client 240e:f7:4d0f:5c0::129:41130] AH01626: authorization result of : granted, referer: https://2blog.ilc.edu.tw/6509/2015/10/19/
[Wed Aug 26 01:40:18.289065 2026] [deflate:debug] [pid 2176132:tid 2176132] mod_deflate.c(909): [client 240e:f7:4d0f:5c0::129:41130] AH01384: Zlib: Compressed 5181 to 1510 : URL /wp-content/themes/oceanwp/assets/js/select.min.js, referer: https://2blog.ilc.edu.tw/6509/2015/10/19/
[Wed Aug 26 01:40:18.305929 2026] [ssl:debug] [pid 2176104:tid 2176104] ssl_engine_kernel.c(254): [client 2409:8a50:c01:15c3:611f:44ee:7f13:bcac:53316] AH02034: Subsequent (No.8) HTTPS request received for child 5 (server 2blog.ilc.edu.tw:443), referer: https://2blog.ilc.edu.tw/26151/page/6/
[Wed Aug 26 01:40:18.306218 2026] [authz_core:debug] [pid 2176104:tid 2176104] mod_authz_core.c(815): [client 2409:8a50:c01:15c3:611f:44ee:7f13:bcac:53316] AH01626: authorization result of Require all granted: granted, referer: https://2blog.ilc.edu.tw/26151/page/6/
[Wed Aug 26 01:40:18.306232 2026] [authz_core:debug] [pid 2176104:tid 2176104] mod_authz_core.c(815): [client 2409:8a50:c01:15c3:611f:44ee:7f13:bcac:53316] AH01626: authorization result of : granted, referer: https://2blog.ilc.edu.tw/26151/page/6/
[Wed Aug 26 01:40:18.306416 2026] [authz_core:debug] [pid 2176104:tid 2176104] mod_authz_core.c(815): [client 2409:8a50:c01:15c3:611f:44ee:7f13:bcac:53316] AH01626: authorization result of Require all granted: granted, referer: https://2blog.ilc.edu.tw/26151/page/6/
[Wed Aug 26 01:40:18.306422 2026] [authz_core:debug] [pid 2176104:tid 2176104] mod_authz_core.c(815): [client 2409:8a50:c01:15c3:611f:44ee:7f13:bcac:53316] AH01626: authorization result of : granted, referer: https://2blog.ilc.edu.tw/26151/page/6/
[Wed Aug 26 01:40:18.306981 2026] [deflate:debug] [pid 2176104:tid 2176104] mod_deflate.c(909): [client 2409:8a50:c01:15c3:611f:44ee:7f13:bcac:53316] AH01384: Zlib: Compressed 19719 to 4232 : URL /wp-content/themes/oceanwp/assets/js/theme.min.js, referer: https://2blog.ilc.edu.tw/26151/page/6/
[Wed Aug 26 01:40:18.501990 2026] [ssl:debug] [pid 2176256:tid 2176256] ssl_engine_kernel.c(254): [client 2409:8a50:c01:15c3:611f:44ee:7f13:bcac:53512] AH02034: Subsequent (No.3) HTTPS request received for child 0 (server 2blog.ilc.edu.tw:443), referer: https://2blog.ilc.edu.tw/26151/page/6/
[Wed Aug 26 01:40:18.502210 2026] [authz_core:debug] [pid 2176256:tid 2176256] mod_authz_core.c(815): [client 2409:8a50:c01:15c3:611f:44ee:7f13:bcac:53512] AH01626: authorization result of Require all granted: granted, referer: https://2blog.ilc.edu.tw/26151/page/6/
[Wed Aug 26 01:40:18.502219 2026] [authz_core:debug] [pid 2176256:tid 2176256] mod_authz_core.c(815): [client 2409:8a50:c01:15c3:611f:44ee:7f13:bcac:53512] AH01626: authorization result of : granted, referer: https://2blog.ilc.edu.tw/26151/page/6/
[Wed Aug 26 01:40:18.502439 2026] [authz_core:debug] [pid 2176256:tid 2176256] mod_authz_core.c(815): [client 2409:8a50:c01:15c3:611f:44ee:7f13:bcac:53512] AH01626: authorization result of Require all granted: granted, referer: https://2blog.ilc.edu.tw/26151/page/6/
[Wed Aug 26 01:40:18.502447 2026] [authz_core:debug] [pid 2176256:tid 2176256] mod_authz_core.c(815): [client 2409:8a50:c01:15c3:611f:44ee:7f13:bcac:53512] AH01626: authorization result of : granted, referer: https://2blog.ilc.edu.tw/26151/page/6/
[Wed Aug 26 01:40:18.502791 2026] [deflate:debug] [pid 2176256:tid 2176256] mod_deflate.c(909): [client 2409:8a50:c01:15c3:611f:44ee:7f13:bcac:53512] AH01384: Zlib: Compressed 14581 to 3765 : URL /wp-content/themes/oceanwp/assets/js/drop-down-mobile-menu.min.js, referer: https://2blog.ilc.edu.tw/26151/page/6/
[Wed Aug 26 01:40:18.526041 2026] [ssl:debug] [pid 2176104:tid 2176104] ssl_engine_kernel.c(254): [client 2409:8a50:c01:15c3:611f:44ee:7f13:bcac:53316] AH02034: Subsequent (No.9) HTTPS request received for child 5 (server 2blog.ilc.edu.tw:443), referer: https://2blog.ilc.edu.tw/26151/page/6/
[Wed Aug 26 01:40:18.526217 2026] [authz_core:debug] [pid 2176104:tid 2176104] mod_authz_core.c(815): [client 2409:8a50:c01:15c3:611f:44ee:7f13:bcac:53316] AH01626: authorization result of Require all granted: granted, referer: https://2blog.ilc.edu.tw/26151/page/6/
[Wed Aug 26 01:40:18.526223 2026] [authz_core:debug] [pid 2176104:tid 2176104] mod_authz_core.c(815): [client 2409:8a50:c01:15c3:611f:44ee:7f13:bcac:53316] AH01626: authorization result of : granted, referer: https://2blog.ilc.edu.tw/26151/page/6/
[Wed Aug 26 01:40:18.526367 2026] [authz_core:debug] [pid 2176104:tid 2176104] mod_authz_core.c(815): [client 2409:8a50:c01:15c3:611f:44ee:7f13:bcac:53316] AH01626: authorization result of Require all granted: granted, referer: https://2blog.ilc.edu.tw/26151/page/6/
[Wed Aug 26 01:40:18.526371 2026] [authz_core:debug] [pid 2176104:tid 2176104] mod_authz_core.c(815): [client 2409:8a50:c01:15c3:611f:44ee:7f13:bcac:53316] AH01626: authorization result of : granted, referer: https://2blog.ilc.edu.tw/26151/page/6/
[Wed Aug 26 01:40:18.526582 2026] [deflate:debug] [pid 2176104:tid 2176104] mod_deflate.c(909): [client 2409:8a50:c01:15c3:611f:44ee:7f13:bcac:53316] AH01384: Zlib: Compressed 7540 to 2070 : URL /wp-content/themes/oceanwp/assets/js/drop-down-search.min.js, referer: https://2blog.ilc.edu.tw/26151/page/6/
[Wed Aug 26 01:40:18.568212 2026] [watchdog:debug] [pid 2179487:tid 2179487] mod_watchdog.c(559): AH02980: Watchdog: nothing configured?
[Wed Aug 26 01:40:18.572026 2026] [watchdog:debug] [pid 2179488:tid 2179488] mod_watchdog.c(559): AH02980: Watchdog: nothing configured?
[Wed Aug 26 01:40:18.610660 2026] [ssl:info] [pid 2176124:tid 2176124] (70014)End of file found: [client 66.249.79.163:37291] AH01992: SSL library error 6 reading data
[Wed Aug 26 01:40:18.610738 2026] [ssl:debug] [pid 2176124:tid 2176124] ssl_engine_io.c(1150): [client 66.249.79.163:37291] AH02001: Connection closed to child 27 with standard shutdown (server 2blog.ilc.edu.tw:443)
[Wed Aug 26 01:40:18.746772 2026] [ssl:debug] [pid 2176104:tid 2176104] ssl_engine_kernel.c(254): [client 2409:8a50:c01:15c3:611f:44ee:7f13:bcac:53316] AH02034: Subsequent (No.10) HTTPS request received for child 5 (server 2blog.ilc.edu.tw:443), referer: https://2blog.ilc.edu.tw/26151/page/6/
[Wed Aug 26 01:40:18.746992 2026] [authz_core:debug] [pid 2176104:tid 2176104] mod_authz_core.c(815): [client 2409:8a50:c01:15c3:611f:44ee:7f13:bcac:53316] AH01626: authorization result of Require all granted: granted, referer: https://2blog.ilc.edu.tw/26151/page/6/
[Wed Aug 26 01:40:18.747001 2026] [authz_core:debug] [pid 2176104:tid 2176104] mod_authz_core.c(815): [client 2409:8a50:c01:15c3:611f:44ee:7f13:bcac:53316] AH01626: authorization result of : granted, referer: https://2blog.ilc.edu.tw/26151/page/6/
[Wed Aug 26 01:40:18.747174 2026] [authz_core:debug] [pid 2176104:tid 2176104] mod_authz_core.c(815): [client 2409:8a50:c01:15c3:611f:44ee:7f13:bcac:53316] AH01626: authorization result of Require all granted: granted, referer: https://2blog.ilc.edu.tw/26151/page/6/
[Wed Aug 26 01:40:18.747180 2026] [authz_core:debug] [pid 2176104:tid 2176104] mod_authz_core.c(815): [client 2409:8a50:c01:15c3:611f:44ee:7f13:bcac:53316] AH01626: authorization result of : granted, referer: https://2blog.ilc.edu.tw/26151/page/6/
[Wed Aug 26 01:40:18.747880 2026] [deflate:debug] [pid 2176104:tid 2176104] mod_deflate.c(909): [client 2409:8a50:c01:15c3:611f:44ee:7f13:bcac:53316] AH01384: Zlib: Compressed 20216 to 7328 : URL /wp-content/themes/oceanwp/assets/js/vendors/magnific-popup.min.js, referer: https://2blog.ilc.edu.tw/26151/page/6/
[Wed Aug 26 01:40:18.821057 2026] [ssl:debug] [pid 2176256:tid 2176256] ssl_engine_kernel.c(254): [client 2409:8a50:c01:15c3:611f:44ee:7f13:bcac:53512] AH02034: Subsequent (No.4) HTTPS request received for child 0 (server 2blog.ilc.edu.tw:443), referer: https://2blog.ilc.edu.tw/26151/page/6/
[Wed Aug 26 01:40:18.821224 2026] [authz_core:debug] [pid 2176256:tid 2176256] mod_authz_core.c(815): [client 2409:8a50:c01:15c3:611f:44ee:7f13:bcac:53512] AH01626: authorization result of Require all granted: granted, referer: https://2blog.ilc.edu.tw/26151/page/6/
[Wed Aug 26 01:40:18.821229 2026] [authz_core:debug] [pid 2176256:tid 2176256] mod_authz_core.c(815): [client 2409:8a50:c01:15c3:611f:44ee:7f13:bcac:53512] AH01626: authorization result of : granted, referer: https://2blog.ilc.edu.tw/26151/page/6/
[Wed Aug 26 01:40:18.821372 2026] [authz_core:debug] [pid 2176256:tid 2176256] mod_authz_core.c(815): [client 2409:8a50:c01:15c3:611f:44ee:7f13:bcac:53512] AH01626: authorization result of Require all granted: granted, referer: https://2blog.ilc.edu.tw/26151/page/6/
[Wed Aug 26 01:40:18.821375 2026] [authz_core:debug] [pid 2176256:tid 2176256] mod_authz_core.c(815): [client 2409:8a50:c01:15c3:611f:44ee:7f13:bcac:53512] AH01626: authorization result of : granted, referer: https://2blog.ilc.edu.tw/26151/page/6/
[Wed Aug 26 01:40:18.821523 2026] [deflate:debug] [pid 2176256:tid 2176256] mod_deflate.c(909): [client 2409:8a50:c01:15c3:611f:44ee:7f13:bcac:53512] AH01384: Zlib: Compressed 4111 to 1423 : URL /wp-content/themes/oceanwp/assets/js/ow-lightbox.min.js, referer: https://2blog.ilc.edu.tw/26151/page/6/
[Wed Aug 26 01:40:19.000303 2026] [ssl:debug] [pid 2176104:tid 2176104] ssl_engine_kernel.c(254): [client 2409:8a50:c01:15c3:611f:44ee:7f13:bcac:53316] AH02034: Subsequent (No.11) HTTPS request received for child 5 (server 2blog.ilc.edu.tw:443), referer: https://2blog.ilc.edu.tw/26151/page/6/
[Wed Aug 26 01:40:19.000486 2026] [authz_core:debug] [pid 2176104:tid 2176104] mod_authz_core.c(815): [client 2409:8a50:c01:15c3:611f:44ee:7f13:bcac:53316] AH01626: authorization result of Require all granted: granted, referer: https://2blog.ilc.edu.tw/26151/page/6/
[Wed Aug 26 01:40:19.000491 2026] [authz_core:debug] [pid 2176104:tid 2176104] mod_authz_core.c(815): [client 2409:8a50:c01:15c3:611f:44ee:7f13:bcac:53316] AH01626: authorization result of : granted, referer: https://2blog.ilc.edu.tw/26151/page/6/
[Wed Aug 26 01:40:19.000681 2026] [authz_core:debug] [pid 2176104:tid 2176104] mod_authz_core.c(815): [client 2409:8a50:c01:15c3:611f:44ee:7f13:bcac:53316] AH01626: authorization result of Require all granted: granted, referer: https://2blog.ilc.edu.tw/26151/page/6/
[Wed Aug 26 01:40:19.000693 2026] [authz_core:debug] [pid 2176104:tid 2176104] mod_authz_core.c(815): [client 2409:8a50:c01:15c3:611f:44ee:7f13:bcac:53316] AH01626: authorization result of : granted, referer: https://2blog.ilc.edu.tw/26151/page/6/
[Wed Aug 26 01:40:19.002357 2026] [deflate:debug] [pid 2176104:tid 2176104] mod_deflate.c(909): [client 2409:8a50:c01:15c3:611f:44ee:7f13:bcac:53316] AH01384: Zlib: Compressed 57513 to 14083 : URL /wp-content/themes/oceanwp/assets/js/vendors/flickity.pkgd.min.js, referer: https://2blog.ilc.edu.tw/26151/page/6/
[Wed Aug 26 01:40:19.056324 2026] [ssl:debug] [pid 2176256:tid 2176256] ssl_engine_kernel.c(254): [client 2409:8a50:c01:15c3:611f:44ee:7f13:bcac:53512] AH02034: Subsequent (No.5) HTTPS request received for child 0 (server 2blog.ilc.edu.tw:443), referer: https://2blog.ilc.edu.tw/26151/page/6/
[Wed Aug 26 01:40:19.056592 2026] [authz_core:debug] [pid 2176256:tid 2176256] mod_authz_core.c(815): [client 2409:8a50:c01:15c3:611f:44ee:7f13:bcac:53512] AH01626: authorization result of Require all granted: granted, referer: https://2blog.ilc.edu.tw/26151/page/6/
[Wed Aug 26 01:40:19.056605 2026] [authz_core:debug] [pid 2176256:tid 2176256] mod_authz_core.c(815): [client 2409:8a50:c01:15c3:611f:44ee:7f13:bcac:53512] AH01626: authorization result of : granted, referer: https://2blog.ilc.edu.tw/26151/page/6/
[Wed Aug 26 01:40:19.056839 2026] [authz_core:debug] [pid 2176256:tid 2176256] mod_authz_core.c(815): [client 2409:8a50:c01:15c3:611f:44ee:7f13:bcac:53512] AH01626: authorization result of Require all granted: granted, referer: https://2blog.ilc.edu.tw/26151/page/6/
[Wed Aug 26 01:40:19.056849 2026] [authz_core:debug] [pid 2176256:tid 2176256] mod_authz_core.c(815): [client 2409:8a50:c01:15c3:611f:44ee:7f13:bcac:53512] AH01626: authorization result of : granted, referer: https://2blog.ilc.edu.tw/26151/page/6/
[Wed Aug 26 01:40:19.057024 2026] [deflate:debug] [pid 2176256:tid 2176256] mod_deflate.c(909): [client 2409:8a50:c01:15c3:611f:44ee:7f13:bcac:53512] AH01384: Zlib: Compressed 2002 to 864 : URL /wp-content/themes/oceanwp/assets/js/ow-slider.min.js, referer: https://2blog.ilc.edu.tw/26151/page/6/
[Wed Aug 26 01:40:19.245561 2026] [ssl:debug] [pid 2176104:tid 2176104] ssl_engine_kernel.c(254): [client 2409:8a50:c01:15c3:611f:44ee:7f13:bcac:53316] AH02034: Subsequent (No.12) HTTPS request received for child 5 (server 2blog.ilc.edu.tw:443), referer: https://2blog.ilc.edu.tw/26151/page/6/
[Wed Aug 26 01:40:19.245758 2026] [authz_core:debug] [pid 2176104:tid 2176104] mod_authz_core.c(815): [client 2409:8a50:c01:15c3:611f:44ee:7f13:bcac:53316] AH01626: authorization result of Require all granted: granted, referer: https://2blog.ilc.edu.tw/26151/page/6/
[Wed Aug 26 01:40:19.245766 2026] [authz_core:debug] [pid 2176104:tid 2176104] mod_authz_core.c(815): [client 2409:8a50:c01:15c3:611f:44ee:7f13:bcac:53316] AH01626: authorization result of : granted, referer: https://2blog.ilc.edu.tw/26151/page/6/
[Wed Aug 26 01:40:19.245909 2026] [authz_core:debug] [pid 2176104:tid 2176104] mod_authz_core.c(815): [client 2409:8a50:c01:15c3:611f:44ee:7f13:bcac:53316] AH01626: authorization result of Require all granted: granted, referer: https://2blog.ilc.edu.tw/26151/page/6/
[Wed Aug 26 01:40:19.245913 2026] [authz_core:debug] [pid 2176104:tid 2176104] mod_authz_core.c(815): [client 2409:8a50:c01:15c3:611f:44ee:7f13:bcac:53316] AH01626: authorization result of : granted, referer: https://2blog.ilc.edu.tw/26151/page/6/
[Wed Aug 26 01:40:19.246240 2026] [deflate:debug] [pid 2176104:tid 2176104] mod_deflate.c(909): [client 2409:8a50:c01:15c3:611f:44ee:7f13:bcac:53316] AH01384: Zlib: Compressed 12402 to 3229 : URL /wp-content/themes/oceanwp/assets/js/scroll-effect.min.js, referer: https://2blog.ilc.edu.tw/26151/page/6/
[Wed Aug 26 01:40:19.291828 2026] [ssl:debug] [pid 2176256:tid 2176256] ssl_engine_kernel.c(254): [client 2409:8a50:c01:15c3:611f:44ee:7f13:bcac:53512] AH02034: Subsequent (No.6) HTTPS request received for child 0 (server 2blog.ilc.edu.tw:443), referer: https://2blog.ilc.edu.tw/26151/page/6/
[Wed Aug 26 01:40:19.292029 2026] [authz_core:debug] [pid 2176256:tid 2176256] mod_authz_core.c(815): [client 2409:8a50:c01:15c3:611f:44ee:7f13:bcac:53512] AH01626: authorization result of Require all granted: granted, referer: https://2blog.ilc.edu.tw/26151/page/6/
[Wed Aug 26 01:40:19.292038 2026] [authz_core:debug] [pid 2176256:tid 2176256] mod_authz_core.c(815): [client 2409:8a50:c01:15c3:611f:44ee:7f13:bcac:53512] AH01626: authorization result of : granted, referer: https://2blog.ilc.edu.tw/26151/page/6/
[Wed Aug 26 01:40:19.292250 2026] [authz_core:debug] [pid 2176256:tid 2176256] mod_authz_core.c(815): [client 2409:8a50:c01:15c3:611f:44ee:7f13:bcac:53512] AH01626: authorization result of Require all granted: granted, referer: https://2blog.ilc.edu.tw/26151/page/6/
[Wed Aug 26 01:40:19.292260 2026] [authz_core:debug] [pid 2176256:tid 2176256] mod_authz_core.c(815): [client 2409:8a50:c01:15c3:611f:44ee:7f13:bcac:53512] AH01626: authorization result of : granted, referer: https://2blog.ilc.edu.tw/26151/page/6/
[Wed Aug 26 01:40:19.292510 2026] [deflate:debug] [pid 2176256:tid 2176256] mod_deflate.c(909): [client 2409:8a50:c01:15c3:611f:44ee:7f13:bcac:53512] AH01384: Zlib: Compressed 8989 to 2304 : URL /wp-content/themes/oceanwp/assets/js/scroll-top.min.js, referer: https://2blog.ilc.edu.tw/26151/page/6/
[Wed Aug 26 01:40:19.361517 2026] [deflate:debug] [pid 2176259:tid 2176259] mod_deflate.c(909): [client 2a03:2880:f808:12:::52230] AH01384: Zlib: Compressed 108261 to 22261 : URL /index.php
[Wed Aug 26 01:40:19.493017 2026] [ssl:debug] [pid 2176104:tid 2176104] ssl_engine_kernel.c(254): [client 2409:8a50:c01:15c3:611f:44ee:7f13:bcac:53316] AH02034: Subsequent (No.13) HTTPS request received for child 5 (server 2blog.ilc.edu.tw:443), referer: https://2blog.ilc.edu.tw/26151/page/6/
[Wed Aug 26 01:40:19.493183 2026] [authz_core:debug] [pid 2176104:tid 2176104] mod_authz_core.c(815): [client 2409:8a50:c01:15c3:611f:44ee:7f13:bcac:53316] AH01626: authorization result of Require all granted: granted, referer: https://2blog.ilc.edu.tw/26151/page/6/
[Wed Aug 26 01:40:19.493188 2026] [authz_core:debug] [pid 2176104:tid 2176104] mod_authz_core.c(815): [client 2409:8a50:c01:15c3:611f:44ee:7f13:bcac:53316] AH01626: authorization result of : granted, referer: https://2blog.ilc.edu.tw/26151/page/6/
[Wed Aug 26 01:40:19.493353 2026] [authz_core:debug] [pid 2176104:tid 2176104] mod_authz_core.c(815): [client 2409:8a50:c01:15c3:611f:44ee:7f13:bcac:53316] AH01626: authorization result of Require all granted: granted, referer: https://2blog.ilc.edu.tw/26151/page/6/
[Wed Aug 26 01:40:19.493359 2026] [authz_core:debug] [pid 2176104:tid 2176104] mod_authz_core.c(815): [client 2409:8a50:c01:15c3:611f:44ee:7f13:bcac:53316] AH01626: authorization result of : granted, referer: https://2blog.ilc.edu.tw/26151/page/6/
[Wed Aug 26 01:40:19.493527 2026] [deflate:debug] [pid 2176104:tid 2176104] mod_deflate.c(909): [client 2409:8a50:c01:15c3:611f:44ee:7f13:bcac:53316] AH01384: Zlib: Compressed 5181 to 1510 : URL /wp-content/themes/oceanwp/assets/js/select.min.js, referer: https://2blog.ilc.edu.tw/26151/page/6/
[Wed Aug 26 01:40:19.527588 2026] [ssl:debug] [pid 2176256:tid 2176256] ssl_engine_kernel.c(254): [client 2409:8a50:c01:15c3:611f:44ee:7f13:bcac:53512] AH02034: Subsequent (No.7) HTTPS request received for child 0 (server 2blog.ilc.edu.tw:443), referer: https://2blog.ilc.edu.tw/26151/page/6/
[Wed Aug 26 01:40:19.527863 2026] [authz_core:debug] [pid 2176256:tid 2176256] mod_authz_core.c(815): [client 2409:8a50:c01:15c3:611f:44ee:7f13:bcac:53512] AH01626: authorization result of Require all granted: granted, referer: https://2blog.ilc.edu.tw/26151/page/6/
[Wed Aug 26 01:40:19.527874 2026] [authz_core:debug] [pid 2176256:tid 2176256] mod_authz_core.c(815): [client 2409:8a50:c01:15c3:611f:44ee:7f13:bcac:53512] AH01626: authorization result of : granted, referer: https://2blog.ilc.edu.tw/26151/page/6/
[Wed Aug 26 01:40:19.528128 2026] [authz_core:debug] [pid 2176256:tid 2176256] mod_authz_core.c(815): [client 2409:8a50:c01:15c3:611f:44ee:7f13:bcac:53512] AH01626: authorization result of Require all granted: granted, referer: https://2blog.ilc.edu.tw/26151/page/6/
[Wed Aug 26 01:40:19.528136 2026] [authz_core:debug] [pid 2176256:tid 2176256] mod_authz_core.c(815): [client 2409:8a50:c01:15c3:611f:44ee:7f13:bcac:53512] AH01626: authorization result of : granted, referer: https://2blog.ilc.edu.tw/26151/page/6/
[Wed Aug 26 01:40:19.528251 2026] [deflate:debug] [pid 2176256:tid 2176256] mod_deflate.c(909): [client 2409:8a50:c01:15c3:611f:44ee:7f13:bcac:53512] AH01384: Zlib: Compressed 712 to 422 : URL /wp-content/plugins/ocean-extra/includes/widgets/js/flickr.min.js, referer: https://2blog.ilc.edu.tw/26151/page/6/
[Wed Aug 26 01:40:19.660738 2026] [authz_core:debug] [pid 2176114:tid 2176114] mod_authz_core.c(815): [client 3.231.193.38:59036] AH01626: authorization result of Require all granted: granted
[Wed Aug 26 01:40:19.660765 2026] [authz_core:debug] [pid 2176114:tid 2176114] mod_authz_core.c(815): [client 3.231.193.38:59036] AH01626: authorization result of : granted
[Wed Aug 26 01:40:19.661002 2026] [authz_core:debug] [pid 2176114:tid 2176114] mod_authz_core.c(815): [client 3.231.193.38:59036] AH01626: authorization result of Require all granted: granted
[Wed Aug 26 01:40:19.661009 2026] [authz_core:debug] [pid 2176114:tid 2176114] mod_authz_core.c(815): [client 3.231.193.38:59036] AH01626: authorization result of : granted
[Wed Aug 26 01:40:19.661598 2026] [deflate:debug] [pid 2176114:tid 2176114] mod_deflate.c(909): [client 3.231.193.38:59036] AH01384: Zlib: Compressed 800 to 382 : URL /wp-content/uploads/sites/1405/2024/01/
[Wed Aug 26 01:40:19.777936 2026] [ssl:debug] [pid 2176259:tid 2176259] ssl_engine_io.c(1150): [client 2a03:2880:f808:12:::52230] AH02001: Connection closed to child 2 with standard shutdown (server www.jwes.ilc.edu.tw:443)
[Wed Aug 26 01:40:19.815529 2026] [ssl:debug] [pid 2176104:tid 2176104] ssl_engine_kernel.c(254): [client 2409:8a50:c01:15c3:611f:44ee:7f13:bcac:53316] AH02034: Subsequent (No.14) HTTPS request received for child 5 (server 2blog.ilc.edu.tw:443), referer: https://2blog.ilc.edu.tw/26151/page/6/
[Wed Aug 26 01:40:19.815802 2026] [authz_core:debug] [pid 2176104:tid 2176104] mod_authz_core.c(815): [client 2409:8a50:c01:15c3:611f:44ee:7f13:bcac:53316] AH01626: authorization result of Require all granted: granted, referer: https://2blog.ilc.edu.tw/26151/page/6/
[Wed Aug 26 01:40:19.815826 2026] [authz_core:debug] [pid 2176104:tid 2176104] mod_authz_core.c(815): [client 2409:8a50:c01:15c3:611f:44ee:7f13:bcac:53316] AH01626: authorization result of : granted, referer: https://2blog.ilc.edu.tw/26151/page/6/
[Wed Aug 26 01:40:19.816144 2026] [authz_core:debug] [pid 2176104:tid 2176104] mod_authz_core.c(815): [client 2409:8a50:c01:15c3:611f:44ee:7f13:bcac:53316] AH01626: authorization result of Require all granted: granted, referer: https://2blog.ilc.edu.tw/26151/page/6/
[Wed Aug 26 01:40:19.816161 2026] [authz_core:debug] [pid 2176104:tid 2176104] mod_authz_core.c(815): [client 2409:8a50:c01:15c3:611f:44ee:7f13:bcac:53316] AH01626: authorization result of : granted, referer: https://2blog.ilc.edu.tw/26151/page/6/
[Wed Aug 26 01:40:19.816897 2026] [deflate:debug] [pid 2176104:tid 2176104] mod_deflate.c(909): [client 2409:8a50:c01:15c3:611f:44ee:7f13:bcac:53316] AH01384: Zlib: Compressed 24109 to 7069 : URL /wp-content/plugins/elementor-pro/assets/lib/smartmenus/jquery.smartmenus.min.js, referer: https://2blog.ilc.edu.tw/26151/page/6/
[Wed Aug 26 01:40:19.819670 2026] [ssl:debug] [pid 2176256:tid 2176256] ssl_engine_kernel.c(254): [client 2409:8a50:c01:15c3:611f:44ee:7f13:bcac:53512] AH02034: Subsequent (No.8) HTTPS request received for child 0 (server 2blog.ilc.edu.tw:443), referer: https://2blog.ilc.edu.tw/26151/page/6/
[Wed Aug 26 01:40:19.819845 2026] [authz_core:debug] [pid 2176256:tid 2176256] mod_authz_core.c(815): [client 2409:8a50:c01:15c3:611f:44ee:7f13:bcac:53512] AH01626: authorization result of Require all granted: granted, referer: https://2blog.ilc.edu.tw/26151/page/6/
[Wed Aug 26 01:40:19.819850 2026] [authz_core:debug] [pid 2176256:tid 2176256] mod_authz_core.c(815): [client 2409:8a50:c01:15c3:611f:44ee:7f13:bcac:53512] AH01626: authorization result of : granted, referer: https://2blog.ilc.edu.tw/26151/page/6/
[Wed Aug 26 01:40:19.819992 2026] [authz_core:debug] [pid 2176256:tid 2176256] mod_authz_core.c(815): [client 2409:8a50:c01:15c3:611f:44ee:7f13:bcac:53512] AH01626: authorization result of Require all granted: granted, referer: https://2blog.ilc.edu.tw/26151/page/6/
[Wed Aug 26 01:40:19.819996 2026] [authz_core:debug] [pid 2176256:tid 2176256] mod_authz_core.c(815): [client 2409:8a50:c01:15c3:611f:44ee:7f13:bcac:53512] AH01626: authorization result of : granted, referer: https://2blog.ilc.edu.tw/26151/page/6/
[Wed Aug 26 01:40:19.820172 2026] [deflate:debug] [pid 2176256:tid 2176256] mod_deflate.c(909): [client 2409:8a50:c01:15c3:611f:44ee:7f13:bcac:53512] AH01384: Zlib: Compressed 3721 to 1524 : URL /wp-content/plugins/elementor-pro/assets/lib/sticky/jquery.sticky.min.js, referer: https://2blog.ilc.edu.tw/26151/page/6/
[Wed Aug 26 01:40:20.120685 2026] [ssl:debug] [pid 2176104:tid 2176104] ssl_engine_kernel.c(254): [client 2409:8a50:c01:15c3:611f:44ee:7f13:bcac:53316] AH02034: Subsequent (No.15) HTTPS request received for child 5 (server 2blog.ilc.edu.tw:443), referer: https://2blog.ilc.edu.tw/26151/page/6/
[Wed Aug 26 01:40:20.120898 2026] [authz_core:debug] [pid 2176104:tid 2176104] mod_authz_core.c(815): [client 2409:8a50:c01:15c3:611f:44ee:7f13:bcac:53316] AH01626: authorization result of Require all granted: granted, referer: https://2blog.ilc.edu.tw/26151/page/6/
[Wed Aug 26 01:40:20.120907 2026] [authz_core:debug] [pid 2176104:tid 2176104] mod_authz_core.c(815): [client 2409:8a50:c01:15c3:611f:44ee:7f13:bcac:53316] AH01626: authorization result of : granted, referer: https://2blog.ilc.edu.tw/26151/page/6/
[Wed Aug 26 01:40:20.121134 2026] [authz_core:debug] [pid 2176104:tid 2176104] mod_authz_core.c(815): [client 2409:8a50:c01:15c3:611f:44ee:7f13:bcac:53316] AH01626: authorization result of Require all granted: granted, referer: https://2blog.ilc.edu.tw/26151/page/6/
[Wed Aug 26 01:40:20.121142 2026] [authz_core:debug] [pid 2176104:tid 2176104] mod_authz_core.c(815): [client 2409:8a50:c01:15c3:611f:44ee:7f13:bcac:53316] AH01626: authorization result of : granted, referer: https://2blog.ilc.edu.tw/26151/page/6/
[Wed Aug 26 01:40:20.121378 2026] [deflate:debug] [pid 2176104:tid 2176104] mod_deflate.c(909): [client 2409:8a50:c01:15c3:611f:44ee:7f13:bcac:53316] AH01384: Zlib: Compressed 5881 to 2664 : URL /wp-content/plugins/elementor-pro/assets/js/webpack-pro.runtime.min.js, referer: https://2blog.ilc.edu.tw/26151/page/6/
[Wed Aug 26 01:40:20.126875 2026] [ssl:debug] [pid 2176256:tid 2176256] ssl_engine_kernel.c(254): [client 2409:8a50:c01:15c3:611f:44ee:7f13:bcac:53512] AH02034: Subsequent (No.9) HTTPS request received for child 0 (server 2blog.ilc.edu.tw:443), referer: https://2blog.ilc.edu.tw/26151/page/6/
[Wed Aug 26 01:40:20.127047 2026] [authz_core:debug] [pid 2176256:tid 2176256] mod_authz_core.c(815): [client 2409:8a50:c01:15c3:611f:44ee:7f13:bcac:53512] AH01626: authorization result of Require all granted: granted, referer: https://2blog.ilc.edu.tw/26151/page/6/
[Wed Aug 26 01:40:20.127052 2026] [authz_core:debug] [pid 2176256:tid 2176256] mod_authz_core.c(815): [client 2409:8a50:c01:15c3:611f:44ee:7f13:bcac:53512] AH01626: authorization result of : granted, referer: https://2blog.ilc.edu.tw/26151/page/6/
[Wed Aug 26 01:40:20.127225 2026] [authz_core:debug] [pid 2176256:tid 2176256] mod_authz_core.c(815): [client 2409:8a50:c01:15c3:611f:44ee:7f13:bcac:53512] AH01626: authorization result of Require all granted: granted, referer: https://2blog.ilc.edu.tw/26151/page/6/
[Wed Aug 26 01:40:20.127240 2026] [authz_core:debug] [pid 2176256:tid 2176256] mod_authz_core.c(815): [client 2409:8a50:c01:15c3:611f:44ee:7f13:bcac:53512] AH01626: authorization result of : granted, referer: https://2blog.ilc.edu.tw/26151/page/6/
[Wed Aug 26 01:40:20.127442 2026] [deflate:debug] [pid 2176256:tid 2176256] mod_deflate.c(909): [client 2409:8a50:c01:15c3:611f:44ee:7f13:bcac:53512] AH01384: Zlib: Compressed 4997 to 2197 : URL /wp-content/plugins/elementor/assets/js/webpack.runtime.min.js, referer: https://2blog.ilc.edu.tw/26151/page/6/
[Wed Aug 26 01:40:20.142731 2026] [ssl:debug] [pid 2176110:tid 2176110] ssl_engine_kernel.c(254): [client 2409:8a50:c01:15c3:611f:44ee:7f13:bcac:53514] AH02034: Subsequent (No.2) HTTPS request received for child 16 (server 2blog.ilc.edu.tw:443), referer: https://2blog.ilc.edu.tw/26151/page/6/
[Wed Aug 26 01:40:20.142909 2026] [authz_core:debug] [pid 2176110:tid 2176110] mod_authz_core.c(815): [client 2409:8a50:c01:15c3:611f:44ee:7f13:bcac:53514] AH01626: authorization result of Require all granted: granted, referer: https://2blog.ilc.edu.tw/26151/page/6/
[Wed Aug 26 01:40:20.142914 2026] [authz_core:debug] [pid 2176110:tid 2176110] mod_authz_core.c(815): [client 2409:8a50:c01:15c3:611f:44ee:7f13:bcac:53514] AH01626: authorization result of : granted, referer: https://2blog.ilc.edu.tw/26151/page/6/
[Wed Aug 26 01:40:20.143066 2026] [authz_core:debug] [pid 2176110:tid 2176110] mod_authz_core.c(815): [client 2409:8a50:c01:15c3:611f:44ee:7f13:bcac:53514] AH01626: authorization result of Require all granted: granted, referer: https://2blog.ilc.edu.tw/26151/page/6/
[Wed Aug 26 01:40:20.143072 2026] [authz_core:debug] [pid 2176110:tid 2176110] mod_authz_core.c(815): [client 2409:8a50:c01:15c3:611f:44ee:7f13:bcac:53514] AH01626: authorization result of : granted, referer: https://2blog.ilc.edu.tw/26151/page/6/
[Wed Aug 26 01:40:20.143247 2026] [deflate:debug] [pid 2176110:tid 2176110] mod_deflate.c(909): [client 2409:8a50:c01:15c3:611f:44ee:7f13:bcac:53514] AH01384: Zlib: Compressed 4307 to 1523 : URL /wp-includes/js/dist/hooks.min.js, referer: https://2blog.ilc.edu.tw/26151/page/6/
[Wed Aug 26 01:40:20.143986 2026] [ssl:debug] [pid 2176112:tid 2176112] ssl_engine_kernel.c(254): [client 2409:8a50:c01:15c3:611f:44ee:7f13:bcac:53508] AH02034: Subsequent (No.3) HTTPS request received for child 19 (server 2blog.ilc.edu.tw:443), referer: https://2blog.ilc.edu.tw/26151/page/6/
[Wed Aug 26 01:40:20.143998 2026] [ssl:debug] [pid 2177491:tid 2177491] ssl_engine_kernel.c(254): [client 2409:8a50:c01:15c3:611f:44ee:7f13:bcac:53510] AH02034: Subsequent (No.3) HTTPS request received for child 3 (server 2blog.ilc.edu.tw:443), referer: https://2blog.ilc.edu.tw/26151/page/6/
[Wed Aug 26 01:40:20.144159 2026] [authz_core:debug] [pid 2176112:tid 2176112] mod_authz_core.c(815): [client 2409:8a50:c01:15c3:611f:44ee:7f13:bcac:53508] AH01626: authorization result of Require all granted: granted, referer: https://2blog.ilc.edu.tw/26151/page/6/
[Wed Aug 26 01:40:20.144163 2026] [authz_core:debug] [pid 2177491:tid 2177491] mod_authz_core.c(815): [client 2409:8a50:c01:15c3:611f:44ee:7f13:bcac:53510] AH01626: authorization result of Require all granted: granted, referer: https://2blog.ilc.edu.tw/26151/page/6/
[Wed Aug 26 01:40:20.144165 2026] [authz_core:debug] [pid 2176112:tid 2176112] mod_authz_core.c(815): [client 2409:8a50:c01:15c3:611f:44ee:7f13:bcac:53508] AH01626: authorization result of : granted, referer: https://2blog.ilc.edu.tw/26151/page/6/
[Wed Aug 26 01:40:20.144168 2026] [authz_core:debug] [pid 2177491:tid 2177491] mod_authz_core.c(815): [client 2409:8a50:c01:15c3:611f:44ee:7f13:bcac:53510] AH01626: authorization result of : granted, referer: https://2blog.ilc.edu.tw/26151/page/6/
[Wed Aug 26 01:40:20.144286 2026] [authz_core:debug] [pid 2176112:tid 2176112] mod_authz_core.c(815): [client 2409:8a50:c01:15c3:611f:44ee:7f13:bcac:53508] AH01626: authorization result of Require all granted: granted, referer: https://2blog.ilc.edu.tw/26151/page/6/
[Wed Aug 26 01:40:20.144291 2026] [authz_core:debug] [pid 2177491:tid 2177491] mod_authz_core.c(815): [client 2409:8a50:c01:15c3:611f:44ee:7f13:bcac:53510] AH01626: authorization result of Require all granted: granted, referer: https://2blog.ilc.edu.tw/26151/page/6/
[Wed Aug 26 01:40:20.144298 2026] [authz_core:debug] [pid 2176112:tid 2176112] mod_authz_core.c(815): [client 2409:8a50:c01:15c3:611f:44ee:7f13:bcac:53508] AH01626: authorization result of : granted, referer: https://2blog.ilc.edu.tw/26151/page/6/
[Wed Aug 26 01:40:20.144300 2026] [authz_core:debug] [pid 2177491:tid 2177491] mod_authz_core.c(815): [client 2409:8a50:c01:15c3:611f:44ee:7f13:bcac:53510] AH01626: authorization result of : granted, referer: https://2blog.ilc.edu.tw/26151/page/6/
[Wed Aug 26 01:40:20.144583 2026] [deflate:debug] [pid 2176112:tid 2176112] mod_deflate.c(909): [client 2409:8a50:c01:15c3:611f:44ee:7f13:bcac:53508] AH01384: Zlib: Compressed 9141 to 3649 : URL /wp-includes/js/dist/i18n.min.js, referer: https://2blog.ilc.edu.tw/26151/page/6/
[Wed Aug 26 01:40:20.145008 2026] [deflate:debug] [pid 2177491:tid 2177491] mod_deflate.c(909): [client 2409:8a50:c01:15c3:611f:44ee:7f13:bcac:53510] AH01384: Zlib: Compressed 25050 to 6676 : URL /wp-content/plugins/elementor-pro/assets/js/frontend.min.js, referer: https://2blog.ilc.edu.tw/26151/page/6/
[Wed Aug 26 01:40:20.146316 2026] [ssl:debug] [pid 2176123:tid 2176123] ssl_engine_kernel.c(254): [client 2409:8a50:c01:15c3:611f:44ee:7f13:bcac:53516] AH02034: Subsequent (No.2) HTTPS request received for child 26 (server 2blog.ilc.edu.tw:443), referer: https://2blog.ilc.edu.tw/26151/page/6/
[Wed Aug 26 01:40:20.146517 2026] [authz_core:debug] [pid 2176123:tid 2176123] mod_authz_core.c(815): [client 2409:8a50:c01:15c3:611f:44ee:7f13:bcac:53516] AH01626: authorization result of Require all granted: granted, referer: https://2blog.ilc.edu.tw/26151/page/6/
[Wed Aug 26 01:40:20.146525 2026] [authz_core:debug] [pid 2176123:tid 2176123] mod_authz_core.c(815): [client 2409:8a50:c01:15c3:611f:44ee:7f13:bcac:53516] AH01626: authorization result of : granted, referer: https://2blog.ilc.edu.tw/26151/page/6/
[Wed Aug 26 01:40:20.146686 2026] [authz_core:debug] [pid 2176123:tid 2176123] mod_authz_core.c(815): [client 2409:8a50:c01:15c3:611f:44ee:7f13:bcac:53516] AH01626: authorization result of Require all granted: granted, referer: https://2blog.ilc.edu.tw/26151/page/6/
[Wed Aug 26 01:40:20.146692 2026] [authz_core:debug] [pid 2176123:tid 2176123] mod_authz_core.c(815): [client 2409:8a50:c01:15c3:611f:44ee:7f13:bcac:53516] AH01626: authorization result of : granted, referer: https://2blog.ilc.edu.tw/26151/page/6/
[Wed Aug 26 01:40:20.148885 2026] [deflate:debug] [pid 2176123:tid 2176123] mod_deflate.c(909): [client 2409:8a50:c01:15c3:611f:44ee:7f13:bcac:53516] AH01384: Zlib: Compressed 67411 to 18429 : URL /wp-content/plugins/elementor/assets/js/frontend-modules.min.js, referer: https://2blog.ilc.edu.tw/26151/page/6/
[Wed Aug 26 01:40:20.197848 2026] [headers:debug] [pid 2176109:tid 2176109] mod_headers.c(900): AH01503: headers: ap_headers_error_filter()
[Wed Aug 26 01:40:20.330426 2026] [ssl:debug] [pid 2176104:tid 2176104] ssl_engine_kernel.c(254): [client 2409:8a50:c01:15c3:611f:44ee:7f13:bcac:53316] AH02034: Subsequent (No.16) HTTPS request received for child 5 (server 2blog.ilc.edu.tw:443), referer: https://2blog.ilc.edu.tw/26151/page/6/
[Wed Aug 26 01:40:20.330659 2026] [authz_core:debug] [pid 2176104:tid 2176104] mod_authz_core.c(815): [client 2409:8a50:c01:15c3:611f:44ee:7f13:bcac:53316] AH01626: authorization result of Require all granted: granted, referer: https://2blog.ilc.edu.tw/26151/page/6/
[Wed Aug 26 01:40:20.330669 2026] [authz_core:debug] [pid 2176104:tid 2176104] mod_authz_core.c(815): [client 2409:8a50:c01:15c3:611f:44ee:7f13:bcac:53316] AH01626: authorization result of : granted, referer: https://2blog.ilc.edu.tw/26151/page/6/
[Wed Aug 26 01:40:20.330901 2026] [authz_core:debug] [pid 2176104:tid 2176104] mod_authz_core.c(815): [client 2409:8a50:c01:15c3:611f:44ee:7f13:bcac:53316] AH01626: authorization result of Require all granted: granted, referer: https://2blog.ilc.edu.tw/26151/page/6/
[Wed Aug 26 01:40:20.330910 2026] [authz_core:debug] [pid 2176104:tid 2176104] mod_authz_core.c(815): [client 2409:8a50:c01:15c3:611f:44ee:7f13:bcac:53316] AH01626: authorization result of : granted, referer: https://2blog.ilc.edu.tw/26151/page/6/
[Wed Aug 26 01:40:20.331303 2026] [deflate:debug] [pid 2176104:tid 2176104] mod_deflate.c(909): [client 2409:8a50:c01:15c3:611f:44ee:7f13:bcac:53316] AH01384: Zlib: Compressed 12198 to 2975 : URL /wp-content/plugins/elementor/assets/lib/waypoints/waypoints.min.js, referer: https://2blog.ilc.edu.tw/26151/page/6/
[Wed Aug 26 01:40:20.342447 2026] [ssl:debug] [pid 2176256:tid 2176256] ssl_engine_kernel.c(254): [client 2409:8a50:c01:15c3:611f:44ee:7f13:bcac:53512] AH02034: Subsequent (No.10) HTTPS request received for child 0 (server 2blog.ilc.edu.tw:443), referer: https://2blog.ilc.edu.tw/26151/page/6/
[Wed Aug 26 01:40:20.342647 2026] [authz_core:debug] [pid 2176256:tid 2176256] mod_authz_core.c(815): [client 2409:8a50:c01:15c3:611f:44ee:7f13:bcac:53512] AH01626: authorization result of Require all granted: granted, referer: https://2blog.ilc.edu.tw/26151/page/6/
[Wed Aug 26 01:40:20.342655 2026] [authz_core:debug] [pid 2176256:tid 2176256] mod_authz_core.c(815): [client 2409:8a50:c01:15c3:611f:44ee:7f13:bcac:53512] AH01626: authorization result of : granted, referer: https://2blog.ilc.edu.tw/26151/page/6/
[Wed Aug 26 01:40:20.342828 2026] [authz_core:debug] [pid 2176256:tid 2176256] mod_authz_core.c(815): [client 2409:8a50:c01:15c3:611f:44ee:7f13:bcac:53512] AH01626: authorization result of Require all granted: granted, referer: https://2blog.ilc.edu.tw/26151/page/6/
[Wed Aug 26 01:40:20.342836 2026] [authz_core:debug] [pid 2176256:tid 2176256] mod_authz_core.c(815): [client 2409:8a50:c01:15c3:611f:44ee:7f13:bcac:53512] AH01626: authorization result of : granted, referer: https://2blog.ilc.edu.tw/26151/page/6/
[Wed Aug 26 01:40:20.343510 2026] [deflate:debug] [pid 2176256:tid 2176256] mod_deflate.c(909): [client 2409:8a50:c01:15c3:611f:44ee:7f13:bcac:53512] AH01384: Zlib: Compressed 21464 to 7088 : URL /wp-includes/js/jquery/ui/core.min.js, referer: https://2blog.ilc.edu.tw/26151/page/6/
[Wed Aug 26 01:40:20.367279 2026] [ssl:debug] [pid 2176110:tid 2176110] ssl_engine_kernel.c(254): [client 2409:8a50:c01:15c3:611f:44ee:7f13:bcac:53514] AH02034: Subsequent (No.3) HTTPS request received for child 16 (server 2blog.ilc.edu.tw:443), referer: https://2blog.ilc.edu.tw/26151/page/6/
[Wed Aug 26 01:40:20.367491 2026] [authz_core:debug] [pid 2176110:tid 2176110] mod_authz_core.c(815): [client 2409:8a50:c01:15c3:611f:44ee:7f13:bcac:53514] AH01626: authorization result of Require all granted: granted, referer: https://2blog.ilc.edu.tw/26151/page/6/
[Wed Aug 26 01:40:20.367500 2026] [authz_core:debug] [pid 2176110:tid 2176110] mod_authz_core.c(815): [client 2409:8a50:c01:15c3:611f:44ee:7f13:bcac:53514] AH01626: authorization result of : granted, referer: https://2blog.ilc.edu.tw/26151/page/6/
[Wed Aug 26 01:40:20.367676 2026] [authz_core:debug] [pid 2176110:tid 2176110] mod_authz_core.c(815): [client 2409:8a50:c01:15c3:611f:44ee:7f13:bcac:53514] AH01626: authorization result of Require all granted: granted, referer: https://2blog.ilc.edu.tw/26151/page/6/
[Wed Aug 26 01:40:20.367685 2026] [authz_core:debug] [pid 2176110:tid 2176110] mod_authz_core.c(815): [client 2409:8a50:c01:15c3:611f:44ee:7f13:bcac:53514] AH01626: authorization result of : granted, referer: https://2blog.ilc.edu.tw/26151/page/6/
[Wed Aug 26 01:40:20.368528 2026] [ssl:debug] [pid 2176112:tid 2176112] ssl_engine_kernel.c(254): [client 2409:8a50:c01:15c3:611f:44ee:7f13:bcac:53508] AH02034: Subsequent (No.4) HTTPS request received for child 19 (server 2blog.ilc.edu.tw:443), referer: https://2blog.ilc.edu.tw/26151/page/6/
[Wed Aug 26 01:40:20.368798 2026] [authz_core:debug] [pid 2176112:tid 2176112] mod_authz_core.c(815): [client 2409:8a50:c01:15c3:611f:44ee:7f13:bcac:53508] AH01626: authorization result of Require all granted: granted, referer: https://2blog.ilc.edu.tw/26151/page/6/
[Wed Aug 26 01:40:20.368808 2026] [authz_core:debug] [pid 2176112:tid 2176112] mod_authz_core.c(815): [client 2409:8a50:c01:15c3:611f:44ee:7f13:bcac:53508] AH01626: authorization result of : granted, referer: https://2blog.ilc.edu.tw/26151/page/6/
[Wed Aug 26 01:40:20.368845 2026] [deflate:debug] [pid 2176110:tid 2176110] mod_deflate.c(909): [client 2409:8a50:c01:15c3:611f:44ee:7f13:bcac:53514] AH01384: Zlib: Compressed 40254 to 12204 : URL /wp-content/plugins/elementor/assets/js/frontend.min.js, referer: https://2blog.ilc.edu.tw/26151/page/6/
[Wed Aug 26 01:40:20.369063 2026] [authz_core:debug] [pid 2176112:tid 2176112] mod_authz_core.c(815): [client 2409:8a50:c01:15c3:611f:44ee:7f13:bcac:53508] AH01626: authorization result of Require all granted: granted, referer: https://2blog.ilc.edu.tw/26151/page/6/
[Wed Aug 26 01:40:20.369074 2026] [authz_core:debug] [pid 2176112:tid 2176112] mod_authz_core.c(815): [client 2409:8a50:c01:15c3:611f:44ee:7f13:bcac:53508] AH01626: authorization result of : granted, referer: https://2blog.ilc.edu.tw/26151/page/6/
[Wed Aug 26 01:40:20.370277 2026] [deflate:debug] [pid 2176112:tid 2176112] mod_deflate.c(909): [client 2409:8a50:c01:15c3:611f:44ee:7f13:bcac:53508] AH01384: Zlib: Compressed 41573 to 9918 : URL /wp-content/plugins/elementor-pro/assets/js/elements-handlers.min.js, referer: https://2blog.ilc.edu.tw/26151/page/6/
[Wed Aug 26 01:40:20.411441 2026] [ssl:debug] [pid 2177491:tid 2177491] ssl_engine_kernel.c(254): [client 2409:8a50:c01:15c3:611f:44ee:7f13:bcac:53510] AH02034: Subsequent (No.4) HTTPS request received for child 3 (server 2blog.ilc.edu.tw:443), referer: https://2blog.ilc.edu.tw/26151/wp-content/cache/2blog.ilc.edu.tw/wpfc-minified/klk42qct/5wowj.css
[Wed Aug 26 01:40:20.411644 2026] [authz_core:debug] [pid 2177491:tid 2177491] mod_authz_core.c(815): [client 2409:8a50:c01:15c3:611f:44ee:7f13:bcac:53510] AH01626: authorization result of Require all granted: granted, referer: https://2blog.ilc.edu.tw/26151/wp-content/cache/2blog.ilc.edu.tw/wpfc-minified/klk42qct/5wowj.css
[Wed Aug 26 01:40:20.411652 2026] [authz_core:debug] [pid 2177491:tid 2177491] mod_authz_core.c(815): [client 2409:8a50:c01:15c3:611f:44ee:7f13:bcac:53510] AH01626: authorization result of : granted, referer: https://2blog.ilc.edu.tw/26151/wp-content/cache/2blog.ilc.edu.tw/wpfc-minified/klk42qct/5wowj.css
[Wed Aug 26 01:40:20.411815 2026] [authz_core:debug] [pid 2177491:tid 2177491] mod_authz_core.c(815): [client 2409:8a50:c01:15c3:611f:44ee:7f13:bcac:53510] AH01626: authorization result of Require all granted: granted, referer: https://2blog.ilc.edu.tw/26151/wp-content/cache/2blog.ilc.edu.tw/wpfc-minified/klk42qct/5wowj.css
[Wed Aug 26 01:40:20.411819 2026] [authz_core:debug] [pid 2177491:tid 2177491] mod_authz_core.c(815): [client 2409:8a50:c01:15c3:611f:44ee:7f13:bcac:53510] AH01626: authorization result of : granted, referer: https://2blog.ilc.edu.tw/26151/wp-content/cache/2blog.ilc.edu.tw/wpfc-minified/klk42qct/5wowj.css
[Wed Aug 26 01:40:20.437241 2026] [ssl:debug] [pid 2176127:tid 2176127] ssl_engine_io.c(1150): [client 34.30.223.149:1024] AH02001: Connection closed to child 30 with standard shutdown (server 2blog.ilc.edu.tw:443)
[Wed Aug 26 01:40:20.487842 2026] [ssl:info] [pid 2179295:tid 2179295] [client 140.111.67.10:38615] AH01964: Connection to child 4 established (server 2blog.ilc.edu.tw:443)
[Wed Aug 26 01:40:20.488014 2026] [ssl:info] [pid 2179295:tid 2179295] (70014)End of file found: [client 140.111.67.10:38615] AH02006: SSL handshake stopped: connection was closed
[Wed Aug 26 01:40:20.488031 2026] [ssl:info] [pid 2179295:tid 2179295] [client 140.111.67.10:38615] AH01998: Connection closed to child 4 with abortive shutdown (server 2blog.ilc.edu.tw:443)
[Wed Aug 26 01:40:20.532907 2026] [ssl:info] [pid 2176258:tid 2176258] (70014)End of file found: [client 66.249.79.34:35679] AH01992: SSL library error 6 reading data
[Wed Aug 26 01:40:20.533072 2026] [ssl:debug] [pid 2176258:tid 2176258] ssl_engine_io.c(1150): [client 66.249.79.34:35679] AH02001: Connection closed to child 1 with standard shutdown (server www.ilc.edu.tw:443)
[Wed Aug 26 01:40:20.540441 2026] [ssl:debug] [pid 2176104:tid 2176104] ssl_engine_kernel.c(254): [client 2409:8a50:c01:15c3:611f:44ee:7f13:bcac:53316] AH02034: Subsequent (No.17) HTTPS request received for child 5 (server 2blog.ilc.edu.tw:443), referer: https://2blog.ilc.edu.tw/26151/wp-content/cache/2blog.ilc.edu.tw/wpfc-minified/klk42qct/5wowj.css
[Wed Aug 26 01:40:20.540603 2026] [authz_core:debug] [pid 2176104:tid 2176104] mod_authz_core.c(815): [client 2409:8a50:c01:15c3:611f:44ee:7f13:bcac:53316] AH01626: authorization result of Require all granted: granted, referer: https://2blog.ilc.edu.tw/26151/wp-content/cache/2blog.ilc.edu.tw/wpfc-minified/klk42qct/5wowj.css
[Wed Aug 26 01:40:20.540609 2026] [authz_core:debug] [pid 2176104:tid 2176104] mod_authz_core.c(815): [client 2409:8a50:c01:15c3:611f:44ee:7f13:bcac:53316] AH01626: authorization result of : granted, referer: https://2blog.ilc.edu.tw/26151/wp-content/cache/2blog.ilc.edu.tw/wpfc-minified/klk42qct/5wowj.css
[Wed Aug 26 01:40:20.540790 2026] [authz_core:debug] [pid 2176104:tid 2176104] mod_authz_core.c(815): [client 2409:8a50:c01:15c3:611f:44ee:7f13:bcac:53316] AH01626: authorization result of Require all granted: granted, referer: https://2blog.ilc.edu.tw/26151/wp-content/cache/2blog.ilc.edu.tw/wpfc-minified/klk42qct/5wowj.css
[Wed Aug 26 01:40:20.540798 2026] [authz_core:debug] [pid 2176104:tid 2176104] mod_authz_core.c(815): [client 2409:8a50:c01:15c3:611f:44ee:7f13:bcac:53316] AH01626: authorization result of : granted, referer: https://2blog.ilc.edu.tw/26151/wp-content/cache/2blog.ilc.edu.tw/wpfc-minified/klk42qct/5wowj.css
[Wed Aug 26 01:40:20.558947 2026] [ssl:debug] [pid 2176123:tid 2176123] ssl_engine_kernel.c(254): [client 2409:8a50:c01:15c3:611f:44ee:7f13:bcac:53516] AH02034: Subsequent (No.3) HTTPS request received for child 26 (server 2blog.ilc.edu.tw:443), referer: https://2blog.ilc.edu.tw/26151/wp-content/cache/2blog.ilc.edu.tw/wpfc-minified/zab1kgf/5wowi.css
[Wed Aug 26 01:40:20.559147 2026] [authz_core:debug] [pid 2176123:tid 2176123] mod_authz_core.c(815): [client 2409:8a50:c01:15c3:611f:44ee:7f13:bcac:53516] AH01626: authorization result of Require all granted: granted, referer: https://2blog.ilc.edu.tw/26151/wp-content/cache/2blog.ilc.edu.tw/wpfc-minified/zab1kgf/5wowi.css
[Wed Aug 26 01:40:20.559152 2026] [authz_core:debug] [pid 2176123:tid 2176123] mod_authz_core.c(815): [client 2409:8a50:c01:15c3:611f:44ee:7f13:bcac:53516] AH01626: authorization result of : granted, referer: https://2blog.ilc.edu.tw/26151/wp-content/cache/2blog.ilc.edu.tw/wpfc-minified/zab1kgf/5wowi.css
[Wed Aug 26 01:40:20.559297 2026] [authz_core:debug] [pid 2176123:tid 2176123] mod_authz_core.c(815): [client 2409:8a50:c01:15c3:611f:44ee:7f13:bcac:53516] AH01626: authorization result of Require all granted: granted, referer: https://2blog.ilc.edu.tw/26151/wp-content/cache/2blog.ilc.edu.tw/wpfc-minified/zab1kgf/5wowi.css
[Wed Aug 26 01:40:20.559302 2026] [authz_core:debug] [pid 2176123:tid 2176123] mod_authz_core.c(815): [client 2409:8a50:c01:15c3:611f:44ee:7f13:bcac:53516] AH01626: authorization result of : granted, referer: https://2blog.ilc.edu.tw/26151/wp-content/cache/2blog.ilc.edu.tw/wpfc-minified/zab1kgf/5wowi.css
[Wed Aug 26 01:40:20.962737 2026] [ssl:debug] [pid 2176104:tid 2176104] ssl_engine_kernel.c(254): [client 2409:8a50:c01:15c3:611f:44ee:7f13:bcac:53316] AH02034: Subsequent (No.18) HTTPS request received for child 5 (server 2blog.ilc.edu.tw:443), referer: https://2blog.ilc.edu.tw/26151/page/6/
[Wed Aug 26 01:40:20.962940 2026] [authz_core:debug] [pid 2176104:tid 2176104] mod_authz_core.c(815): [client 2409:8a50:c01:15c3:611f:44ee:7f13:bcac:53316] AH01626: authorization result of Require all granted: granted, referer: https://2blog.ilc.edu.tw/26151/page/6/
[Wed Aug 26 01:40:20.962955 2026] [authz_core:debug] [pid 2176104:tid 2176104] mod_authz_core.c(815): [client 2409:8a50:c01:15c3:611f:44ee:7f13:bcac:53316] AH01626: authorization result of : granted, referer: https://2blog.ilc.edu.tw/26151/page/6/
[Wed Aug 26 01:40:20.963110 2026] [authz_core:debug] [pid 2176104:tid 2176104] mod_authz_core.c(815): [client 2409:8a50:c01:15c3:611f:44ee:7f13:bcac:53316] AH01626: authorization result of Require all granted: granted, referer: https://2blog.ilc.edu.tw/26151/page/6/
[Wed Aug 26 01:40:20.963114 2026] [authz_core:debug] [pid 2176104:tid 2176104] mod_authz_core.c(815): [client 2409:8a50:c01:15c3:611f:44ee:7f13:bcac:53316] AH01626: authorization result of : granted, referer: https://2blog.ilc.edu.tw/26151/page/6/
[Wed Aug 26 01:40:20.963290 2026] [deflate:debug] [pid 2176104:tid 2176104] mod_deflate.c(909): [client 2409:8a50:c01:15c3:611f:44ee:7f13:bcac:53316] AH01384: Zlib: Compressed 4827 to 1792 : URL /wp-content/plugins/elementor-pro/assets/js/nav-menu.e65811186e94a386ba7b.bundle.min.js, referer: https://2blog.ilc.edu.tw/26151/page/6/
[Wed Aug 26 01:40:20.967811 2026] [ssl:debug] [pid 2176112:tid 2176112] ssl_engine_kernel.c(254): [client 2409:8a50:c01:15c3:611f:44ee:7f13:bcac:53508] AH02034: Subsequent (No.5) HTTPS request received for child 19 (server 2blog.ilc.edu.tw:443), referer: https://2blog.ilc.edu.tw/26151/page/6/
[Wed Aug 26 01:40:20.968104 2026] [authz_core:debug] [pid 2176112:tid 2176112] mod_authz_core.c(815): [client 2409:8a50:c01:15c3:611f:44ee:7f13:bcac:53508] AH01626: authorization result of Require all granted: granted, referer: https://2blog.ilc.edu.tw/26151/page/6/
[Wed Aug 26 01:40:20.968130 2026] [authz_core:debug] [pid 2176112:tid 2176112] mod_authz_core.c(815): [client 2409:8a50:c01:15c3:611f:44ee:7f13:bcac:53508] AH01626: authorization result of : granted, referer: https://2blog.ilc.edu.tw/26151/page/6/
[Wed Aug 26 01:40:20.968439 2026] [authz_core:debug] [pid 2176112:tid 2176112] mod_authz_core.c(815): [client 2409:8a50:c01:15c3:611f:44ee:7f13:bcac:53508] AH01626: authorization result of Require all granted: granted, referer: https://2blog.ilc.edu.tw/26151/page/6/
[Wed Aug 26 01:40:20.968450 2026] [authz_core:debug] [pid 2176112:tid 2176112] mod_authz_core.c(815): [client 2409:8a50:c01:15c3:611f:44ee:7f13:bcac:53508] AH01626: authorization result of : granted, referer: https://2blog.ilc.edu.tw/26151/page/6/
[Wed Aug 26 01:40:20.968766 2026] [deflate:debug] [pid 2176112:tid 2176112] mod_deflate.c(909): [client 2409:8a50:c01:15c3:611f:44ee:7f13:bcac:53508] AH01384: Zlib: Compressed 3171 to 1263 : URL /wp-content/plugins/elementor/assets/js/video.d11c91c1b2b642a34601.bundle.min.js, referer: https://2blog.ilc.edu.tw/26151/page/6/
[Wed Aug 26 01:40:21.157074 2026] [ssl:debug] [pid 2176111:tid 2176111] ssl_engine_io.c(1150): [client 34.171.68.95:58370] AH02001: Connection closed to child 18 with standard shutdown (server 2blog.ilc.edu.tw:443)
