[Wed Aug 26 01:07:55.068284 2026] [ssl:debug] [pid 2146633:tid 2146633] ssl_engine_kernel.c(2082): [client 2001:b400:e3aa:cdab:e0f2:3693:2a71:e04a:50430] AH02041: Protocol: TLSv1.3, Cipher: TLS_AES_256_GCM_SHA384 (256/256 bits)
[Wed Aug 26 01:07:55.068334 2026] [socache_shmcb:debug] [pid 2146633:tid 2146633] mod_socache_shmcb.c(508): AH00831: socache_shmcb_store (0xf6 -> subcache 22)
[Wed Aug 26 01:07:55.068359 2026] [socache_shmcb:debug] [pid 2146633:tid 2146633] mod_socache_shmcb.c(860): AH00847: insert happened at idx=38, data=(9100:9132)
[Wed Aug 26 01:07:55.068362 2026] [socache_shmcb:debug] [pid 2146633:tid 2146633] mod_socache_shmcb.c(863): AH00848: finished insert, subcache: idx_pos/idx_used=9/30, data_pos/data_used=2648/6677
[Wed Aug 26 01:07:55.068364 2026] [socache_shmcb:debug] [pid 2146633:tid 2146633] mod_socache_shmcb.c(530): AH00834: leaving socache_shmcb_store successfully
[Wed Aug 26 01:07:55.068417 2026] [socache_shmcb:debug] [pid 2146633:tid 2146633] mod_socache_shmcb.c(508): AH00831: socache_shmcb_store (0x13 -> subcache 19)
[Wed Aug 26 01:07:55.068421 2026] [socache_shmcb:debug] [pid 2146633:tid 2146633] mod_socache_shmcb.c(745): AH00842: expiring 1 and reclaiming 0 removed socache entries
[Wed Aug 26 01:07:55.068423 2026] [socache_shmcb:debug] [pid 2146633:tid 2146633] mod_socache_shmcb.c(765): AH00843: we now have 35 socache entries
[Wed Aug 26 01:07:55.068425 2026] [socache_shmcb:debug] [pid 2146633:tid 2146633] mod_socache_shmcb.c(860): AH00847: insert happened at idx=21, data=(5470:5502)
[Wed Aug 26 01:07:55.068427 2026] [socache_shmcb:debug] [pid 2146633:tid 2146633] mod_socache_shmcb.c(863): AH00848: finished insert, subcache: idx_pos/idx_used=74/36, data_pos/data_used=11526/8033
[Wed Aug 26 01:07:55.068429 2026] [socache_shmcb:debug] [pid 2146633:tid 2146633] mod_socache_shmcb.c(530): AH00834: leaving socache_shmcb_store successfully
[Wed Aug 26 01:07:55.069233 2026] [ssl:debug] [pid 2146633:tid 2146633] ssl_engine_kernel.c(254): [client 2001:b400:e3aa:cdab:e0f2:3693:2a71:e04a:50430] AH02034: Initial (No.1) HTTPS request received for child 10 (server 2blog.ilc.edu.tw:443), referer: https://www.google.com/
[Wed Aug 26 01:07:55.069411 2026] [authz_core:debug] [pid 2146633:tid 2146633] mod_authz_core.c(815): [client 2001:b400:e3aa:cdab:e0f2:3693:2a71:e04a:50430] AH01626: authorization result of Require all granted: granted, referer: https://www.google.com/
[Wed Aug 26 01:07:55.069415 2026] [authz_core:debug] [pid 2146633:tid 2146633] mod_authz_core.c(815): [client 2001:b400:e3aa:cdab:e0f2:3693:2a71:e04a:50430] AH01626: authorization result of : granted, referer: https://www.google.com/
[Wed Aug 26 01:07:55.069526 2026] [authz_core:debug] [pid 2146633:tid 2146633] mod_authz_core.c(815): [client 2001:b400:e3aa:cdab:e0f2:3693:2a71:e04a:50430] AH01626: authorization result of Require all granted: granted, referer: https://www.google.com/
[Wed Aug 26 01:07:55.069529 2026] [authz_core:debug] [pid 2146633:tid 2146633] mod_authz_core.c(815): [client 2001:b400:e3aa:cdab:e0f2:3693:2a71:e04a:50430] AH01626: authorization result of : granted, referer: https://www.google.com/
[Wed Aug 26 01:07:55.140972 2026] [ssl:debug] [pid 2146737:tid 2146737] ssl_engine_kernel.c(254): [client 240e:f7:4d0f:581::126:42594] AH02034: Subsequent (No.2) HTTPS request received for child 24 (server 2blog.ilc.edu.tw:443), referer: https://2blog.ilc.edu.tw/26150/category/slug/c-88947/
[Wed Aug 26 01:07:55.141164 2026] [authz_core:debug] [pid 2146737:tid 2146737] mod_authz_core.c(815): [client 240e:f7:4d0f:581::126:42594] AH01626: authorization result of Require all granted: granted, referer: https://2blog.ilc.edu.tw/26150/category/slug/c-88947/
[Wed Aug 26 01:07:55.141170 2026] [authz_core:debug] [pid 2146737:tid 2146737] mod_authz_core.c(815): [client 240e:f7:4d0f:581::126:42594] AH01626: authorization result of : granted, referer: https://2blog.ilc.edu.tw/26150/category/slug/c-88947/
[Wed Aug 26 01:07:55.141312 2026] [authz_core:debug] [pid 2146737:tid 2146737] mod_authz_core.c(815): [client 240e:f7:4d0f:581::126:42594] AH01626: authorization result of Require all granted: granted, referer: https://2blog.ilc.edu.tw/26150/category/slug/c-88947/
[Wed Aug 26 01:07:55.141322 2026] [authz_core:debug] [pid 2146737:tid 2146737] mod_authz_core.c(815): [client 240e:f7:4d0f:581::126:42594] AH01626: authorization result of : granted, referer: https://2blog.ilc.edu.tw/26150/category/slug/c-88947/
[Wed Aug 26 01:07:55.149723 2026] [deflate:debug] [pid 2146737:tid 2146737] mod_deflate.c(909): [client 240e:f7:4d0f:581::126:42594] AH01384: Zlib: Compressed 499245 to 46241 : URL /wp-content/cache/2blog.ilc.edu.tw/wpfc-minified/ehsm4i5w/5wols.css, referer: https://2blog.ilc.edu.tw/26150/category/slug/c-88947/
[Wed Aug 26 01:07:55.169607 2026] [ssl:debug] [pid 2146722:tid 2146722] ssl_engine_kernel.c(254): [client 240e:f7:4d0f:581::126:42592] AH02034: Subsequent (No.2) HTTPS request received for child 0 (server 2blog.ilc.edu.tw:443), referer: https://2blog.ilc.edu.tw/26150/category/slug/c-88947/
[Wed Aug 26 01:07:55.169787 2026] [authz_core:debug] [pid 2146722:tid 2146722] mod_authz_core.c(815): [client 240e:f7:4d0f:581::126:42592] AH01626: authorization result of Require all granted: granted, referer: https://2blog.ilc.edu.tw/26150/category/slug/c-88947/
[Wed Aug 26 01:07:55.169792 2026] [authz_core:debug] [pid 2146722:tid 2146722] mod_authz_core.c(815): [client 240e:f7:4d0f:581::126:42592] AH01626: authorization result of : granted, referer: https://2blog.ilc.edu.tw/26150/category/slug/c-88947/
[Wed Aug 26 01:07:55.170157 2026] [authz_core:debug] [pid 2146722:tid 2146722] mod_authz_core.c(815): [client 240e:f7:4d0f:581::126:42592] AH01626: authorization result of Require all granted: granted, referer: https://2blog.ilc.edu.tw/26150/category/slug/c-88947/
[Wed Aug 26 01:07:55.170165 2026] [authz_core:debug] [pid 2146722:tid 2146722] mod_authz_core.c(815): [client 240e:f7:4d0f:581::126:42592] AH01626: authorization result of : granted, referer: https://2blog.ilc.edu.tw/26150/category/slug/c-88947/
[Wed Aug 26 01:07:55.170453 2026] [deflate:debug] [pid 2146722:tid 2146722] mod_deflate.c(909): [client 240e:f7:4d0f:581::126:42592] AH01384: Zlib: Compressed 4279 to 629 : URL /wp-content/uploads/sites/67/elementor/css/post-2148.css, referer: https://2blog.ilc.edu.tw/26150/category/slug/c-88947/
[Wed Aug 26 01:07:55.185739 2026] [ssl:debug] [pid 2146732:tid 2146732] ssl_engine_kernel.c(2082): [client 240e:f7:4d0f:581::126:42598] AH02041: Protocol: TLSv1.3, Cipher: TLS_AES_256_GCM_SHA384 (256/256 bits)
[Wed Aug 26 01:07:55.185796 2026] [socache_shmcb:debug] [pid 2146732:tid 2146732] mod_socache_shmcb.c(508): AH00831: socache_shmcb_store (0x53 -> subcache 19)
[Wed Aug 26 01:07:55.185802 2026] [socache_shmcb:debug] [pid 2146732:tid 2146732] mod_socache_shmcb.c(860): AH00847: insert happened at idx=22, data=(5695:5727)
[Wed Aug 26 01:07:55.185805 2026] [socache_shmcb:debug] [pid 2146732:tid 2146732] mod_socache_shmcb.c(863): AH00848: finished insert, subcache: idx_pos/idx_used=74/37, data_pos/data_used=11526/8258
[Wed Aug 26 01:07:55.185807 2026] [socache_shmcb:debug] [pid 2146732:tid 2146732] mod_socache_shmcb.c(530): AH00834: leaving socache_shmcb_store successfully
[Wed Aug 26 01:07:55.185872 2026] [socache_shmcb:debug] [pid 2146732:tid 2146732] mod_socache_shmcb.c(508): AH00831: socache_shmcb_store (0xf5 -> subcache 21)
[Wed Aug 26 01:07:55.185891 2026] [socache_shmcb:debug] [pid 2146732:tid 2146732] mod_socache_shmcb.c(860): AH00847: insert happened at idx=18, data=(4893:4925)
[Wed Aug 26 01:07:55.185894 2026] [socache_shmcb:debug] [pid 2146732:tid 2146732] mod_socache_shmcb.c(863): AH00848: finished insert, subcache: idx_pos/idx_used=80/27, data_pos/data_used=12898/6084
[Wed Aug 26 01:07:55.185897 2026] [socache_shmcb:debug] [pid 2146732:tid 2146732] mod_socache_shmcb.c(530): AH00834: leaving socache_shmcb_store successfully
[Wed Aug 26 01:07:55.186099 2026] [ssl:debug] [pid 2146732:tid 2146732] ssl_engine_kernel.c(254): [client 240e:f7:4d0f:581::126:42598] AH02034: Initial (No.1) HTTPS request received for child 18 (server 2blog.ilc.edu.tw:443), referer: https://2blog.ilc.edu.tw/26150/category/slug/c-88947/
[Wed Aug 26 01:07:55.186275 2026] [authz_core:debug] [pid 2146732:tid 2146732] mod_authz_core.c(815): [client 240e:f7:4d0f:581::126:42598] AH01626: authorization result of Require all granted: granted, referer: https://2blog.ilc.edu.tw/26150/category/slug/c-88947/
[Wed Aug 26 01:07:55.186280 2026] [authz_core:debug] [pid 2146732:tid 2146732] mod_authz_core.c(815): [client 240e:f7:4d0f:581::126:42598] AH01626: authorization result of : granted, referer: https://2blog.ilc.edu.tw/26150/category/slug/c-88947/
[Wed Aug 26 01:07:55.186462 2026] [authz_core:debug] [pid 2146732:tid 2146732] mod_authz_core.c(815): [client 240e:f7:4d0f:581::126:42598] AH01626: authorization result of Require all granted: granted, referer: https://2blog.ilc.edu.tw/26150/category/slug/c-88947/
[Wed Aug 26 01:07:55.186468 2026] [authz_core:debug] [pid 2146732:tid 2146732] mod_authz_core.c(815): [client 240e:f7:4d0f:581::126:42598] AH01626: authorization result of : granted, referer: https://2blog.ilc.edu.tw/26150/category/slug/c-88947/
[Wed Aug 26 01:07:55.187872 2026] [deflate:debug] [pid 2146732:tid 2146732] mod_deflate.c(909): [client 240e:f7:4d0f:581::126:42598] AH01384: Zlib: Compressed 61232 to 8402 : URL /wp-content/cache/2blog.ilc.edu.tw/wpfc-minified/l0gr23lq/5wols.css, referer: https://2blog.ilc.edu.tw/26150/category/slug/c-88947/
[Wed Aug 26 01:07:55.214729 2026] [headers:debug] [pid 2146733:tid 2146733] mod_headers.c(900): AH01503: headers: ap_headers_error_filter()
[Wed Aug 26 01:07:55.322625 2026] [ssl:debug] [pid 2146632:tid 2146632] ssl_engine_kernel.c(2082): [client 185.191.171.6:60756] AH02041: Protocol: TLSv1.3, Cipher: TLS_AES_256_GCM_SHA384 (256/256 bits)
[Wed Aug 26 01:07:55.322676 2026] [socache_shmcb:debug] [pid 2146632:tid 2146632] mod_socache_shmcb.c(508): AH00831: socache_shmcb_store (0x17 -> subcache 23)
[Wed Aug 26 01:07:55.322680 2026] [socache_shmcb:debug] [pid 2146632:tid 2146632] mod_socache_shmcb.c(745): AH00842: expiring 2 and reclaiming 0 removed socache entries
[Wed Aug 26 01:07:55.322683 2026] [socache_shmcb:debug] [pid 2146632:tid 2146632] mod_socache_shmcb.c(765): AH00843: we now have 27 socache entries
[Wed Aug 26 01:07:55.322685 2026] [socache_shmcb:debug] [pid 2146632:tid 2146632] mod_socache_shmcb.c(860): AH00847: insert happened at idx=11, data=(3467:3499)
[Wed Aug 26 01:07:55.322687 2026] [socache_shmcb:debug] [pid 2146632:tid 2146632] mod_socache_shmcb.c(863): AH00848: finished insert, subcache: idx_pos/idx_used=72/28, data_pos/data_used=11304/6243
[Wed Aug 26 01:07:55.322689 2026] [socache_shmcb:debug] [pid 2146632:tid 2146632] mod_socache_shmcb.c(530): AH00834: leaving socache_shmcb_store successfully
[Wed Aug 26 01:07:55.322737 2026] [socache_shmcb:debug] [pid 2146632:tid 2146632] mod_socache_shmcb.c(508): AH00831: socache_shmcb_store (0x6b -> subcache 11)
[Wed Aug 26 01:07:55.322741 2026] [socache_shmcb:debug] [pid 2146632:tid 2146632] mod_socache_shmcb.c(860): AH00847: insert happened at idx=68, data=(2278:2310)
[Wed Aug 26 01:07:55.322743 2026] [socache_shmcb:debug] [pid 2146632:tid 2146632] mod_socache_shmcb.c(863): AH00848: finished insert, subcache: idx_pos/idx_used=27/42, data_pos/data_used=6930/9429
[Wed Aug 26 01:07:55.322745 2026] [socache_shmcb:debug] [pid 2146632:tid 2146632] mod_socache_shmcb.c(530): AH00834: leaving socache_shmcb_store successfully
[Wed Aug 26 01:07:55.323771 2026] [deflate:debug] [pid 2146633:tid 2146633] mod_deflate.c(909): [client 2001:b400:e3aa:cdab:e0f2:3693:2a71:e04a:50430] AH01384: Zlib: Compressed 85170 to 13868 : URL /index.php, referer: https://www.google.com/
[Wed Aug 26 01:07:55.410059 2026] [ssl:debug] [pid 2146693:tid 2146693] ssl_engine_kernel.c(254): [client 240e:f7:4d0f:581::126:42596] AH02034: Subsequent (No.2) HTTPS request received for child 19 (server 2blog.ilc.edu.tw:443), referer: https://2blog.ilc.edu.tw/26150/category/slug/c-88947/
[Wed Aug 26 01:07:55.410251 2026] [authz_core:debug] [pid 2146693:tid 2146693] mod_authz_core.c(815): [client 240e:f7:4d0f:581::126:42596] AH01626: authorization result of Require all granted: granted, referer: https://2blog.ilc.edu.tw/26150/category/slug/c-88947/
[Wed Aug 26 01:07:55.410262 2026] [authz_core:debug] [pid 2146693:tid 2146693] mod_authz_core.c(815): [client 240e:f7:4d0f:581::126:42596] AH01626: authorization result of : granted, referer: https://2blog.ilc.edu.tw/26150/category/slug/c-88947/
[Wed Aug 26 01:07:55.410738 2026] [authz_core:debug] [pid 2146693:tid 2146693] mod_authz_core.c(815): [client 240e:f7:4d0f:581::126:42596] AH01626: authorization result of Require all granted: granted, referer: https://2blog.ilc.edu.tw/26150/category/slug/c-88947/
[Wed Aug 26 01:07:55.410750 2026] [authz_core:debug] [pid 2146693:tid 2146693] mod_authz_core.c(815): [client 240e:f7:4d0f:581::126:42596] AH01626: authorization result of : granted, referer: https://2blog.ilc.edu.tw/26150/category/slug/c-88947/
[Wed Aug 26 01:07:55.414770 2026] [deflate:debug] [pid 2146693:tid 2146693] mod_deflate.c(909): [client 240e:f7:4d0f:581::126:42596] AH01384: Zlib: Compressed 101302 to 34535 : URL /wp-content/cache/2blog.ilc.edu.tw/wpfc-minified/6oknv0db/5wols.js, referer: https://2blog.ilc.edu.tw/26150/category/slug/c-88947/
[Wed Aug 26 01:07:55.462159 2026] [ssl:debug] [pid 2146690:tid 2146690] ssl_engine_kernel.c(254): [client 2001:b400:e3aa:cdab:e0f2:3693:2a71:e04a:50429] AH02034: Initial (No.1) HTTPS request received for child 16 (server 2blog.ilc.edu.tw:443), referer: https://2blog.ilc.edu.tw/19356/2011/11/30/%E3%80%90%E6%95%B8%E5%AD%B8%E3%80%91%E9%A0%98%E5%9F%9F%E6%95%99%E5%B8%AB%E4%BB%8B%E7%B4%B9/
[Wed Aug 26 01:07:55.462344 2026] [authz_core:debug] [pid 2146690:tid 2146690] mod_authz_core.c(815): [client 2001:b400:e3aa:cdab:e0f2:3693:2a71:e04a:50429] AH01626: authorization result of Require all granted: granted, referer: https://2blog.ilc.edu.tw/19356/2011/11/30/%E3%80%90%E6%95%B8%E5%AD%B8%E3%80%91%E9%A0%98%E5%9F%9F%E6%95%99%E5%B8%AB%E4%BB%8B%E7%B4%B9/
[Wed Aug 26 01:07:55.462360 2026] [authz_core:debug] [pid 2146690:tid 2146690] mod_authz_core.c(815): [client 2001:b400:e3aa:cdab:e0f2:3693:2a71:e04a:50429] AH01626: authorization result of : granted, referer: https://2blog.ilc.edu.tw/19356/2011/11/30/%E3%80%90%E6%95%B8%E5%AD%B8%E3%80%91%E9%A0%98%E5%9F%9F%E6%95%99%E5%B8%AB%E4%BB%8B%E7%B4%B9/
[Wed Aug 26 01:07:55.462832 2026] [authz_core:debug] [pid 2146690:tid 2146690] mod_authz_core.c(815): [client 2001:b400:e3aa:cdab:e0f2:3693:2a71:e04a:50429] AH01626: authorization result of Require all granted: granted, referer: https://2blog.ilc.edu.tw/19356/2011/11/30/%E3%80%90%E6%95%B8%E5%AD%B8%E3%80%91%E9%A0%98%E5%9F%9F%E6%95%99%E5%B8%AB%E4%BB%8B%E7%B4%B9/
[Wed Aug 26 01:07:55.462846 2026] [authz_core:debug] [pid 2146690:tid 2146690] mod_authz_core.c(815): [client 2001:b400:e3aa:cdab:e0f2:3693:2a71:e04a:50429] AH01626: authorization result of : granted, referer: https://2blog.ilc.edu.tw/19356/2011/11/30/%E3%80%90%E6%95%B8%E5%AD%B8%E3%80%91%E9%A0%98%E5%9F%9F%E6%95%99%E5%B8%AB%E4%BB%8B%E7%B4%B9/
[Wed Aug 26 01:07:55.465086 2026] [deflate:debug] [pid 2146690:tid 2146690] mod_deflate.c(909): [client 2001:b400:e3aa:cdab:e0f2:3693:2a71:e04a:50429] AH01384: Zlib: Compressed 79267 to 39712 : URL /wp-content/cache/2blog.ilc.edu.tw/wpfc-minified/kqf30kbo/60fe1.css, referer: https://2blog.ilc.edu.tw/19356/2011/11/30/%E3%80%90%E6%95%B8%E5%AD%B8%E3%80%91%E9%A0%98%E5%9F%9F%E6%95%99%E5%B8%AB%E4%BB%8B%E7%B4%B9/
[Wed Aug 26 01:07:55.468236 2026] [ssl:debug] [pid 2146633:tid 2146633] ssl_engine_kernel.c(254): [client 2001:b400:e3aa:cdab:e0f2:3693:2a71:e04a:50430] AH02034: Subsequent (No.2) HTTPS request received for child 10 (server 2blog.ilc.edu.tw:443), referer: https://2blog.ilc.edu.tw/19356/2011/11/30/%E3%80%90%E6%95%B8%E5%AD%B8%E3%80%91%E9%A0%98%E5%9F%9F%E6%95%99%E5%B8%AB%E4%BB%8B%E7%B4%B9/
[Wed Aug 26 01:07:55.468396 2026] [authz_core:debug] [pid 2146633:tid 2146633] mod_authz_core.c(815): [client 2001:b400:e3aa:cdab:e0f2:3693:2a71:e04a:50430] AH01626: authorization result of Require all granted: granted, referer: https://2blog.ilc.edu.tw/19356/2011/11/30/%E3%80%90%E6%95%B8%E5%AD%B8%E3%80%91%E9%A0%98%E5%9F%9F%E6%95%99%E5%B8%AB%E4%BB%8B%E7%B4%B9/
[Wed Aug 26 01:07:55.468409 2026] [authz_core:debug] [pid 2146633:tid 2146633] mod_authz_core.c(815): [client 2001:b400:e3aa:cdab:e0f2:3693:2a71:e04a:50430] AH01626: authorization result of : granted, referer: https://2blog.ilc.edu.tw/19356/2011/11/30/%E3%80%90%E6%95%B8%E5%AD%B8%E3%80%91%E9%A0%98%E5%9F%9F%E6%95%99%E5%B8%AB%E4%BB%8B%E7%B4%B9/
[Wed Aug 26 01:07:55.468710 2026] [authz_core:debug] [pid 2146633:tid 2146633] mod_authz_core.c(815): [client 2001:b400:e3aa:cdab:e0f2:3693:2a71:e04a:50430] AH01626: authorization result of Require all granted: granted, referer: https://2blog.ilc.edu.tw/19356/2011/11/30/%E3%80%90%E6%95%B8%E5%AD%B8%E3%80%91%E9%A0%98%E5%9F%9F%E6%95%99%E5%B8%AB%E4%BB%8B%E7%B4%B9/
[Wed Aug 26 01:07:55.468717 2026] [authz_core:debug] [pid 2146633:tid 2146633] mod_authz_core.c(815): [client 2001:b400:e3aa:cdab:e0f2:3693:2a71:e04a:50430] AH01626: authorization result of : granted, referer: https://2blog.ilc.edu.tw/19356/2011/11/30/%E3%80%90%E6%95%B8%E5%AD%B8%E3%80%91%E9%A0%98%E5%9F%9F%E6%95%99%E5%B8%AB%E4%BB%8B%E7%B4%B9/
[Wed Aug 26 01:07:55.470788 2026] [deflate:debug] [pid 2146633:tid 2146633] mod_deflate.c(909): [client 2001:b400:e3aa:cdab:e0f2:3693:2a71:e04a:50430] AH01384: Zlib: Compressed 112428 to 14824 : URL /wp-content/cache/2blog.ilc.edu.tw/wpfc-minified/lyxiirrj/60fe1.css, referer: https://2blog.ilc.edu.tw/19356/2011/11/30/%E3%80%90%E6%95%B8%E5%AD%B8%E3%80%91%E9%A0%98%E5%9F%9F%E6%95%99%E5%B8%AB%E4%BB%8B%E7%B4%B9/
[Wed Aug 26 01:07:55.492046 2026] [ssl:info] [pid 2146631:tid 2146631] [client 140.111.67.10:2329] AH01964: Connection to child 8 established (server 2blog.ilc.edu.tw:443)
[Wed Aug 26 01:07:55.492188 2026] [ssl:info] [pid 2146631:tid 2146631] (70014)End of file found: [client 140.111.67.10:2329] AH02006: SSL handshake stopped: connection was closed
[Wed Aug 26 01:07:55.492195 2026] [ssl:info] [pid 2146631:tid 2146631] [client 140.111.67.10:2329] AH01998: Connection closed to child 8 with abortive shutdown (server 2blog.ilc.edu.tw:443)
[Wed Aug 26 01:07:55.493538 2026] [ssl:debug] [pid 2146722:tid 2146722] ssl_engine_kernel.c(254): [client 240e:f7:4d0f:581::126:42592] AH02034: Subsequent (No.3) HTTPS request received for child 0 (server 2blog.ilc.edu.tw:443), referer: https://2blog.ilc.edu.tw/26150/category/slug/c-88947/
[Wed Aug 26 01:07:55.493714 2026] [authz_core:debug] [pid 2146722:tid 2146722] mod_authz_core.c(815): [client 240e:f7:4d0f:581::126:42592] AH01626: authorization result of Require all granted: granted, referer: https://2blog.ilc.edu.tw/26150/category/slug/c-88947/
[Wed Aug 26 01:07:55.493719 2026] [authz_core:debug] [pid 2146722:tid 2146722] mod_authz_core.c(815): [client 240e:f7:4d0f:581::126:42592] AH01626: authorization result of : granted, referer: https://2blog.ilc.edu.tw/26150/category/slug/c-88947/
[Wed Aug 26 01:07:55.494090 2026] [authz_core:debug] [pid 2146722:tid 2146722] mod_authz_core.c(815): [client 240e:f7:4d0f:581::126:42592] AH01626: authorization result of Require all granted: granted, referer: https://2blog.ilc.edu.tw/26150/category/slug/c-88947/
[Wed Aug 26 01:07:55.494097 2026] [authz_core:debug] [pid 2146722:tid 2146722] mod_authz_core.c(815): [client 240e:f7:4d0f:581::126:42592] AH01626: authorization result of : granted, referer: https://2blog.ilc.edu.tw/26150/category/slug/c-88947/
[Wed Aug 26 01:07:55.494377 2026] [deflate:debug] [pid 2146722:tid 2146722] mod_deflate.c(909): [client 240e:f7:4d0f:581::126:42592] AH01384: Zlib: Compressed 3816 to 1467 : URL /wp-content/cache/2blog.ilc.edu.tw/wpfc-minified/klli2thh/5wols.js, referer: https://2blog.ilc.edu.tw/26150/category/slug/c-88947/
[Wed Aug 26 01:07:55.496020 2026] [ssl:debug] [pid 2146632:tid 2146632] ssl_engine_kernel.c(254): [client 185.191.171.6:60756] AH02034: Initial (No.1) HTTPS request received for child 9 (server www.iedu.ilc.edu.tw:443)
[Wed Aug 26 01:07:55.496164 2026] [authz_core:debug] [pid 2146632:tid 2146632] mod_authz_core.c(815): [client 185.191.171.6:60756] AH01626: authorization result of Require all granted: granted
[Wed Aug 26 01:07:55.496179 2026] [authz_core:debug] [pid 2146632:tid 2146632] mod_authz_core.c(815): [client 185.191.171.6:60756] AH01626: authorization result of : granted
[Wed Aug 26 01:07:55.496273 2026] [authz_core:debug] [pid 2146632:tid 2146632] mod_authz_core.c(815): [client 185.191.171.6:60756] AH01626: authorization result of Require all granted: granted
[Wed Aug 26 01:07:55.496277 2026] [authz_core:debug] [pid 2146632:tid 2146632] mod_authz_core.c(815): [client 185.191.171.6:60756] AH01626: authorization result of : granted
[Wed Aug 26 01:07:55.507150 2026] [ssl:info] [pid 2146738:tid 2146738] [client 2001:b400:e3aa:cdab:e0f2:3693:2a71:e04a:50433] AH01964: Connection to child 25 established (server 2blog.ilc.edu.tw:443)
[Wed Aug 26 01:07:55.507945 2026] [ssl:debug] [pid 2146738:tid 2146738] ssl_engine_kernel.c(2222): [client 2001:b400:e3aa:cdab:e0f2:3693:2a71:e04a:50433] AH02043: SSL virtual host for servername 2blog.ilc.edu.tw found
[Wed Aug 26 01:07:55.507996 2026] [core:debug] [pid 2146738:tid 2146738] protocol.c(2460): [client 2001:b400:e3aa:cdab:e0f2:3693:2a71:e04a:50433] AH03155: select protocol from , choices=http/1.1 for server 2blog.ilc.edu.tw
[Wed Aug 26 01:07:55.508029 2026] [ssl:debug] [pid 2146738:tid 2146738] ssl_util_stapling.c(819): AH01951: stapling_cb: OCSP Stapling callback called
[Wed Aug 26 01:07:55.508034 2026] [ssl:info] [pid 2146738:tid 2146738] AH01926: stapling_get_certinfo: stapling not supported for certificate
[Wed Aug 26 01:07:55.511126 2026] [ssl:info] [pid 2146711:tid 2146711] [client 2001:b400:e3aa:cdab:e0f2:3693:2a71:e04a:50432] AH01964: Connection to child 7 established (server 2blog.ilc.edu.tw:443)
[Wed Aug 26 01:07:55.511253 2026] [ssl:debug] [pid 2146711:tid 2146711] ssl_engine_kernel.c(2222): [client 2001:b400:e3aa:cdab:e0f2:3693:2a71:e04a:50432] AH02043: SSL virtual host for servername 2blog.ilc.edu.tw found
[Wed Aug 26 01:07:55.511299 2026] [core:debug] [pid 2146711:tid 2146711] protocol.c(2460): [client 2001:b400:e3aa:cdab:e0f2:3693:2a71:e04a:50432] AH03155: select protocol from , choices=http/1.1 for server 2blog.ilc.edu.tw
[Wed Aug 26 01:07:55.511327 2026] [ssl:debug] [pid 2146711:tid 2146711] ssl_util_stapling.c(819): AH01951: stapling_cb: OCSP Stapling callback called
[Wed Aug 26 01:07:55.511331 2026] [ssl:info] [pid 2146711:tid 2146711] AH01926: stapling_get_certinfo: stapling not supported for certificate
[Wed Aug 26 01:07:55.513180 2026] [ssl:info] [pid 2146643:tid 2146643] [client 2001:b400:e3aa:cdab:e0f2:3693:2a71:e04a:50431] AH01964: Connection to child 2 established (server 2blog.ilc.edu.tw:443)
[Wed Aug 26 01:07:55.513287 2026] [ssl:debug] [pid 2146643:tid 2146643] ssl_engine_kernel.c(2222): [client 2001:b400:e3aa:cdab:e0f2:3693:2a71:e04a:50431] AH02043: SSL virtual host for servername 2blog.ilc.edu.tw found
[Wed Aug 26 01:07:55.513326 2026] [core:debug] [pid 2146643:tid 2146643] protocol.c(2460): [client 2001:b400:e3aa:cdab:e0f2:3693:2a71:e04a:50431] AH03155: select protocol from , choices=http/1.1 for server 2blog.ilc.edu.tw
[Wed Aug 26 01:07:55.513353 2026] [ssl:debug] [pid 2146643:tid 2146643] ssl_util_stapling.c(819): AH01951: stapling_cb: OCSP Stapling callback called
[Wed Aug 26 01:07:55.513358 2026] [ssl:info] [pid 2146643:tid 2146643] AH01926: stapling_get_certinfo: stapling not supported for certificate
[Wed Aug 26 01:07:55.515421 2026] [deflate:debug] [pid 2146632:tid 2146632] mod_deflate.c(909): [client 185.191.171.6:60756] AH01384: Zlib: Compressed 201182 to 23594 : URL /index.php
[Wed Aug 26 01:07:55.515608 2026] [ssl:debug] [pid 2146632:tid 2146632] ssl_engine_io.c(1150): [client 185.191.171.6:60756] AH02001: Connection closed to child 9 with standard shutdown (server www.iedu.ilc.edu.tw:443)
[Wed Aug 26 01:07:55.516178 2026] [ssl:info] [pid 2146726:tid 2146726] [client 2001:b400:e3aa:cdab:e0f2:3693:2a71:e04a:50434] AH01964: Connection to child 5 established (server 2blog.ilc.edu.tw:443)
[Wed Aug 26 01:07:55.516281 2026] [ssl:debug] [pid 2146726:tid 2146726] ssl_engine_kernel.c(2222): [client 2001:b400:e3aa:cdab:e0f2:3693:2a71:e04a:50434] AH02043: SSL virtual host for servername 2blog.ilc.edu.tw found
[Wed Aug 26 01:07:55.516316 2026] [core:debug] [pid 2146726:tid 2146726] protocol.c(2460): [client 2001:b400:e3aa:cdab:e0f2:3693:2a71:e04a:50434] AH03155: select protocol from , choices=http/1.1 for server 2blog.ilc.edu.tw
[Wed Aug 26 01:07:55.516341 2026] [ssl:debug] [pid 2146726:tid 2146726] ssl_util_stapling.c(819): AH01951: stapling_cb: OCSP Stapling callback called
[Wed Aug 26 01:07:55.516345 2026] [ssl:info] [pid 2146726:tid 2146726] AH01926: stapling_get_certinfo: stapling not supported for certificate
[Wed Aug 26 01:07:55.517406 2026] [ssl:debug] [pid 2146633:tid 2146633] ssl_engine_kernel.c(254): [client 2001:b400:e3aa:cdab:e0f2:3693:2a71:e04a:50430] AH02034: Subsequent (No.3) HTTPS request received for child 10 (server 2blog.ilc.edu.tw:443), referer: https://2blog.ilc.edu.tw/19356/2011/11/30/%E3%80%90%E6%95%B8%E5%AD%B8%E3%80%91%E9%A0%98%E5%9F%9F%E6%95%99%E5%B8%AB%E4%BB%8B%E7%B4%B9/
[Wed Aug 26 01:07:55.517555 2026] [authz_core:debug] [pid 2146633:tid 2146633] mod_authz_core.c(815): [client 2001:b400:e3aa:cdab:e0f2:3693:2a71:e04a:50430] AH01626: authorization result of Require all granted: granted, referer: https://2blog.ilc.edu.tw/19356/2011/11/30/%E3%80%90%E6%95%B8%E5%AD%B8%E3%80%91%E9%A0%98%E5%9F%9F%E6%95%99%E5%B8%AB%E4%BB%8B%E7%B4%B9/
[Wed Aug 26 01:07:55.517560 2026] [authz_core:debug] [pid 2146633:tid 2146633] mod_authz_core.c(815): [client 2001:b400:e3aa:cdab:e0f2:3693:2a71:e04a:50430] AH01626: authorization result of : granted, referer: https://2blog.ilc.edu.tw/19356/2011/11/30/%E3%80%90%E6%95%B8%E5%AD%B8%E3%80%91%E9%A0%98%E5%9F%9F%E6%95%99%E5%B8%AB%E4%BB%8B%E7%B4%B9/
[Wed Aug 26 01:07:55.517683 2026] [authz_core:debug] [pid 2146633:tid 2146633] mod_authz_core.c(815): [client 2001:b400:e3aa:cdab:e0f2:3693:2a71:e04a:50430] AH01626: authorization result of Require all granted: granted, referer: https://2blog.ilc.edu.tw/19356/2011/11/30/%E3%80%90%E6%95%B8%E5%AD%B8%E3%80%91%E9%A0%98%E5%9F%9F%E6%95%99%E5%B8%AB%E4%BB%8B%E7%B4%B9/
[Wed Aug 26 01:07:55.517687 2026] [authz_core:debug] [pid 2146633:tid 2146633] mod_authz_core.c(815): [client 2001:b400:e3aa:cdab:e0f2:3693:2a71:e04a:50430] AH01626: authorization result of : granted, referer: https://2blog.ilc.edu.tw/19356/2011/11/30/%E3%80%90%E6%95%B8%E5%AD%B8%E3%80%91%E9%A0%98%E5%9F%9F%E6%95%99%E5%B8%AB%E4%BB%8B%E7%B4%B9/
[Wed Aug 26 01:07:55.517783 2026] [deflate:debug] [pid 2146633:tid 2146633] mod_deflate.c(909): [client 2001:b400:e3aa:cdab:e0f2:3693:2a71:e04a:50430] AH01384: Zlib: Compressed 1718 to 700 : URL /wp-includes/js/hoverintent-js.min.js, referer: https://2blog.ilc.edu.tw/19356/2011/11/30/%E3%80%90%E6%95%B8%E5%AD%B8%E3%80%91%E9%A0%98%E5%9F%9F%E6%95%99%E5%B8%AB%E4%BB%8B%E7%B4%B9/
[Wed Aug 26 01:07:55.544248 2026] [ssl:debug] [pid 2146690:tid 2146690] ssl_engine_kernel.c(254): [client 2001:b400:e3aa:cdab:e0f2:3693:2a71:e04a:50429] AH02034: Subsequent (No.2) HTTPS request received for child 16 (server 2blog.ilc.edu.tw:443), referer: https://2blog.ilc.edu.tw/19356/2011/11/30/%E3%80%90%E6%95%B8%E5%AD%B8%E3%80%91%E9%A0%98%E5%9F%9F%E6%95%99%E5%B8%AB%E4%BB%8B%E7%B4%B9/
[Wed Aug 26 01:07:55.544438 2026] [authz_core:debug] [pid 2146690:tid 2146690] mod_authz_core.c(815): [client 2001:b400:e3aa:cdab:e0f2:3693:2a71:e04a:50429] AH01626: authorization result of Require all granted: granted, referer: https://2blog.ilc.edu.tw/19356/2011/11/30/%E3%80%90%E6%95%B8%E5%AD%B8%E3%80%91%E9%A0%98%E5%9F%9F%E6%95%99%E5%B8%AB%E4%BB%8B%E7%B4%B9/
[Wed Aug 26 01:07:55.544443 2026] [authz_core:debug] [pid 2146690:tid 2146690] mod_authz_core.c(815): [client 2001:b400:e3aa:cdab:e0f2:3693:2a71:e04a:50429] AH01626: authorization result of : granted, referer: https://2blog.ilc.edu.tw/19356/2011/11/30/%E3%80%90%E6%95%B8%E5%AD%B8%E3%80%91%E9%A0%98%E5%9F%9F%E6%95%99%E5%B8%AB%E4%BB%8B%E7%B4%B9/
[Wed Aug 26 01:07:55.544572 2026] [authz_core:debug] [pid 2146690:tid 2146690] mod_authz_core.c(815): [client 2001:b400:e3aa:cdab:e0f2:3693:2a71:e04a:50429] AH01626: authorization result of Require all granted: granted, referer: https://2blog.ilc.edu.tw/19356/2011/11/30/%E3%80%90%E6%95%B8%E5%AD%B8%E3%80%91%E9%A0%98%E5%9F%9F%E6%95%99%E5%B8%AB%E4%BB%8B%E7%B4%B9/
[Wed Aug 26 01:07:55.544582 2026] [authz_core:debug] [pid 2146690:tid 2146690] mod_authz_core.c(815): [client 2001:b400:e3aa:cdab:e0f2:3693:2a71:e04a:50429] AH01626: authorization result of : granted, referer: https://2blog.ilc.edu.tw/19356/2011/11/30/%E3%80%90%E6%95%B8%E5%AD%B8%E3%80%91%E9%A0%98%E5%9F%9F%E6%95%99%E5%B8%AB%E4%BB%8B%E7%B4%B9/
[Wed Aug 26 01:07:55.544734 2026] [deflate:debug] [pid 2146690:tid 2146690] mod_deflate.c(909): [client 2001:b400:e3aa:cdab:e0f2:3693:2a71:e04a:50429] AH01384: Zlib: Compressed 3487 to 1339 : URL /wp-includes/js/admin-bar.min.js, referer: https://2blog.ilc.edu.tw/19356/2011/11/30/%E3%80%90%E6%95%B8%E5%AD%B8%E3%80%91%E9%A0%98%E5%9F%9F%E6%95%99%E5%B8%AB%E4%BB%8B%E7%B4%B9/
[Wed Aug 26 01:07:55.544872 2026] [ssl:info] [pid 2146735:tid 2146735] [client 2001:b400:e3aa:cdab:e0f2:3693:2a71:e04a:50438] AH01964: Connection to child 22 established (server 2blog.ilc.edu.tw:443)
[Wed Aug 26 01:07:55.545022 2026] [ssl:debug] [pid 2146738:tid 2146738] ssl_engine_kernel.c(2082): [client 2001:b400:e3aa:cdab:e0f2:3693:2a71:e04a:50433] AH02041: Protocol: TLSv1.3, Cipher: TLS_AES_256_GCM_SHA384 (256/256 bits)
[Wed Aug 26 01:07:55.545050 2026] [ssl:debug] [pid 2146735:tid 2146735] ssl_engine_kernel.c(2222): [client 2001:b400:e3aa:cdab:e0f2:3693:2a71:e04a:50438] AH02043: SSL virtual host for servername www.fsjh.ilc.edu.tw found
[Wed Aug 26 01:07:55.545071 2026] [socache_shmcb:debug] [pid 2146738:tid 2146738] mod_socache_shmcb.c(508): AH00831: socache_shmcb_store (0x90 -> subcache 16)
[Wed Aug 26 01:07:55.545079 2026] [socache_shmcb:debug] [pid 2146738:tid 2146738] mod_socache_shmcb.c(860): AH00847: insert happened at idx=79, data=(12729:12761)
[Wed Aug 26 01:07:55.545082 2026] [socache_shmcb:debug] [pid 2146738:tid 2146738] mod_socache_shmcb.c(863): AH00848: finished insert, subcache: idx_pos/idx_used=41/39, data_pos/data_used=4316/8639
[Wed Aug 26 01:07:55.545085 2026] [socache_shmcb:debug] [pid 2146738:tid 2146738] mod_socache_shmcb.c(530): AH00834: leaving socache_shmcb_store successfully
[Wed Aug 26 01:07:55.545101 2026] [core:debug] [pid 2146735:tid 2146735] protocol.c(2460): [client 2001:b400:e3aa:cdab:e0f2:3693:2a71:e04a:50438] AH03155: select protocol from , choices=h2,http/1.1 for server www.fsjh.ilc.edu.tw
[Wed Aug 26 01:07:55.545146 2026] [socache_shmcb:debug] [pid 2146738:tid 2146738] mod_socache_shmcb.c(508): AH00831: socache_shmcb_store (0xa4 -> subcache 4)
[Wed Aug 26 01:07:55.545148 2026] [ssl:debug] [pid 2146735:tid 2146735] ssl_util_stapling.c(819): AH01951: stapling_cb: OCSP Stapling callback called
[Wed Aug 26 01:07:55.545154 2026] [socache_shmcb:debug] [pid 2146738:tid 2146738] mod_socache_shmcb.c(860): AH00847: insert happened at idx=39, data=(9658:9690)
[Wed Aug 26 01:07:55.545155 2026] [ssl:info] [pid 2146735:tid 2146735] AH01926: stapling_get_certinfo: stapling not supported for certificate
[Wed Aug 26 01:07:55.545157 2026] [socache_shmcb:debug] [pid 2146738:tid 2146738] mod_socache_shmcb.c(863): AH00848: finished insert, subcache: idx_pos/idx_used=22/18, data_pos/data_used=5841/4043
[Wed Aug 26 01:07:55.545160 2026] [socache_shmcb:debug] [pid 2146738:tid 2146738] mod_socache_shmcb.c(530): AH00834: leaving socache_shmcb_store successfully
[Wed Aug 26 01:07:55.553125 2026] [ssl:debug] [pid 2146738:tid 2146738] ssl_engine_kernel.c(254): [client 2001:b400:e3aa:cdab:e0f2:3693:2a71:e04a:50433] AH02034: Initial (No.1) HTTPS request received for child 25 (server 2blog.ilc.edu.tw:443), referer: https://2blog.ilc.edu.tw/19356/2011/11/30/%E3%80%90%E6%95%B8%E5%AD%B8%E3%80%91%E9%A0%98%E5%9F%9F%E6%95%99%E5%B8%AB%E4%BB%8B%E7%B4%B9/
[Wed Aug 26 01:07:55.553208 2026] [ssl:debug] [pid 2146711:tid 2146711] ssl_engine_kernel.c(2082): [client 2001:b400:e3aa:cdab:e0f2:3693:2a71:e04a:50432] AH02041: Protocol: TLSv1.3, Cipher: TLS_AES_256_GCM_SHA384 (256/256 bits)
[Wed Aug 26 01:07:55.553257 2026] [socache_shmcb:debug] [pid 2146711:tid 2146711] mod_socache_shmcb.c(508): AH00831: socache_shmcb_store (0xc9 -> subcache 9)
[Wed Aug 26 01:07:55.553262 2026] [socache_shmcb:debug] [pid 2146711:tid 2146711] mod_socache_shmcb.c(860): AH00847: insert happened at idx=17, data=(4603:4635)
[Wed Aug 26 01:07:55.553264 2026] [socache_shmcb:debug] [pid 2146711:tid 2146711] mod_socache_shmcb.c(863): AH00848: finished insert, subcache: idx_pos/idx_used=68/38, data_pos/data_used=10273/8419
[Wed Aug 26 01:07:55.553266 2026] [socache_shmcb:debug] [pid 2146711:tid 2146711] mod_socache_shmcb.c(530): AH00834: leaving socache_shmcb_store successfully
[Wed Aug 26 01:07:55.553291 2026] [authz_core:debug] [pid 2146738:tid 2146738] mod_authz_core.c(815): [client 2001:b400:e3aa:cdab:e0f2:3693:2a71:e04a:50433] AH01626: authorization result of Require all granted: granted, referer: https://2blog.ilc.edu.tw/19356/2011/11/30/%E3%80%90%E6%95%B8%E5%AD%B8%E3%80%91%E9%A0%98%E5%9F%9F%E6%95%99%E5%B8%AB%E4%BB%8B%E7%B4%B9/
[Wed Aug 26 01:07:55.553296 2026] [authz_core:debug] [pid 2146738:tid 2146738] mod_authz_core.c(815): [client 2001:b400:e3aa:cdab:e0f2:3693:2a71:e04a:50433] AH01626: authorization result of : granted, referer: https://2blog.ilc.edu.tw/19356/2011/11/30/%E3%80%90%E6%95%B8%E5%AD%B8%E3%80%91%E9%A0%98%E5%9F%9F%E6%95%99%E5%B8%AB%E4%BB%8B%E7%B4%B9/
[Wed Aug 26 01:07:55.553315 2026] [socache_shmcb:debug] [pid 2146711:tid 2146711] mod_socache_shmcb.c(508): AH00831: socache_shmcb_store (0x28 -> subcache 8)
[Wed Aug 26 01:07:55.553320 2026] [socache_shmcb:debug] [pid 2146711:tid 2146711] mod_socache_shmcb.c(860): AH00847: insert happened at idx=68, data=(10367:10399)
[Wed Aug 26 01:07:55.553322 2026] [socache_shmcb:debug] [pid 2146711:tid 2146711] mod_socache_shmcb.c(863): AH00848: finished insert, subcache: idx_pos/idx_used=38/31, data_pos/data_used=3696/6896
[Wed Aug 26 01:07:55.553324 2026] [socache_shmcb:debug] [pid 2146711:tid 2146711] mod_socache_shmcb.c(530): AH00834: leaving socache_shmcb_store successfully
[Wed Aug 26 01:07:55.553703 2026] [authz_core:debug] [pid 2146738:tid 2146738] mod_authz_core.c(815): [client 2001:b400:e3aa:cdab:e0f2:3693:2a71:e04a:50433] AH01626: authorization result of Require all granted: granted, referer: https://2blog.ilc.edu.tw/19356/2011/11/30/%E3%80%90%E6%95%B8%E5%AD%B8%E3%80%91%E9%A0%98%E5%9F%9F%E6%95%99%E5%B8%AB%E4%BB%8B%E7%B4%B9/
[Wed Aug 26 01:07:55.553711 2026] [authz_core:debug] [pid 2146738:tid 2146738] mod_authz_core.c(815): [client 2001:b400:e3aa:cdab:e0f2:3693:2a71:e04a:50433] AH01626: authorization result of : granted, referer: https://2blog.ilc.edu.tw/19356/2011/11/30/%E3%80%90%E6%95%B8%E5%AD%B8%E3%80%91%E9%A0%98%E5%9F%9F%E6%95%99%E5%B8%AB%E4%BB%8B%E7%B4%B9/
[Wed Aug 26 01:07:55.554517 2026] [ssl:debug] [pid 2146711:tid 2146711] ssl_engine_kernel.c(254): [client 2001:b400:e3aa:cdab:e0f2:3693:2a71:e04a:50432] AH02034: Initial (No.1) HTTPS request received for child 7 (server 2blog.ilc.edu.tw:443), referer: https://2blog.ilc.edu.tw/19356/2011/11/30/%E3%80%90%E6%95%B8%E5%AD%B8%E3%80%91%E9%A0%98%E5%9F%9F%E6%95%99%E5%B8%AB%E4%BB%8B%E7%B4%B9/
[Wed Aug 26 01:07:55.554530 2026] [ssl:debug] [pid 2146726:tid 2146726] ssl_engine_kernel.c(2082): [client 2001:b400:e3aa:cdab:e0f2:3693:2a71:e04a:50434] AH02041: Protocol: TLSv1.3, Cipher: TLS_AES_256_GCM_SHA384 (256/256 bits)
[Wed Aug 26 01:07:55.554561 2026] [socache_shmcb:debug] [pid 2146726:tid 2146726] mod_socache_shmcb.c(508): AH00831: socache_shmcb_store (0xca -> subcache 10)
[Wed Aug 26 01:07:55.554566 2026] [socache_shmcb:debug] [pid 2146726:tid 2146726] mod_socache_shmcb.c(860): AH00847: insert happened at idx=12, data=(3522:3554)
[Wed Aug 26 01:07:55.554568 2026] [socache_shmcb:debug] [pid 2146726:tid 2146726] mod_socache_shmcb.c(863): AH00848: finished insert, subcache: idx_pos/idx_used=76/25, data_pos/data_used=12075/5537
[Wed Aug 26 01:07:55.554570 2026] [socache_shmcb:debug] [pid 2146726:tid 2146726] mod_socache_shmcb.c(530): AH00834: leaving socache_shmcb_store successfully
[Wed Aug 26 01:07:55.554572 2026] [ssl:debug] [pid 2146643:tid 2146643] ssl_engine_kernel.c(2082): [client 2001:b400:e3aa:cdab:e0f2:3693:2a71:e04a:50431] AH02041: Protocol: TLSv1.3, Cipher: TLS_AES_256_GCM_SHA384 (256/256 bits)
[Wed Aug 26 01:07:55.554608 2026] [socache_shmcb:debug] [pid 2146643:tid 2146643] mod_socache_shmcb.c(508): AH00831: socache_shmcb_store (0x2c -> subcache 12)
[Wed Aug 26 01:07:55.554614 2026] [socache_shmcb:debug] [pid 2146643:tid 2146643] mod_socache_shmcb.c(745): AH00842: expiring 2 and reclaiming 0 removed socache entries
[Wed Aug 26 01:07:55.554617 2026] [socache_shmcb:debug] [pid 2146643:tid 2146643] mod_socache_shmcb.c(765): AH00843: we now have 28 socache entries
[Wed Aug 26 01:07:55.554620 2026] [socache_shmcb:debug] [pid 2146643:tid 2146643] mod_socache_shmcb.c(860): AH00847: insert happened at idx=68, data=(10176:10208)
[Wed Aug 26 01:07:55.554624 2026] [socache_shmcb:debug] [pid 2146643:tid 2146643] mod_socache_shmcb.c(863): AH00848: finished insert, subcache: idx_pos/idx_used=40/29, data_pos/data_used=3948/6454
[Wed Aug 26 01:07:55.554626 2026] [socache_shmcb:debug] [pid 2146643:tid 2146643] mod_socache_shmcb.c(530): AH00834: leaving socache_shmcb_store successfully
[Wed Aug 26 01:07:55.554633 2026] [socache_shmcb:debug] [pid 2146726:tid 2146726] mod_socache_shmcb.c(508): AH00831: socache_shmcb_store (0xc4 -> subcache 4)
[Wed Aug 26 01:07:55.554637 2026] [socache_shmcb:debug] [pid 2146726:tid 2146726] mod_socache_shmcb.c(860): AH00847: insert happened at idx=40, data=(9884:9916)
[Wed Aug 26 01:07:55.554638 2026] [socache_shmcb:debug] [pid 2146726:tid 2146726] mod_socache_shmcb.c(863): AH00848: finished insert, subcache: idx_pos/idx_used=22/19, data_pos/data_used=5841/4269
[Wed Aug 26 01:07:55.554640 2026] [socache_shmcb:debug] [pid 2146726:tid 2146726] mod_socache_shmcb.c(530): AH00834: leaving socache_shmcb_store successfully
[Wed Aug 26 01:07:55.554671 2026] [socache_shmcb:debug] [pid 2146643:tid 2146643] mod_socache_shmcb.c(508): AH00831: socache_shmcb_store (0x26 -> subcache 6)
[Wed Aug 26 01:07:55.554675 2026] [socache_shmcb:debug] [pid 2146643:tid 2146643] mod_socache_shmcb.c(745): AH00842: expiring 1 and reclaiming 0 removed socache entries
[Wed Aug 26 01:07:55.554677 2026] [socache_shmcb:debug] [pid 2146643:tid 2146643] mod_socache_shmcb.c(765): AH00843: we now have 30 socache entries
[Wed Aug 26 01:07:55.554678 2026] [socache_shmcb:debug] [pid 2146643:tid 2146643] mod_socache_shmcb.c(860): AH00847: insert happened at idx=25, data=(6331:6363)
[Wed Aug 26 01:07:55.554680 2026] [socache_shmcb:debug] [pid 2146643:tid 2146643] mod_socache_shmcb.c(863): AH00848: finished insert, subcache: idx_pos/idx_used=83/31, data_pos/data_used=13511/6909
[Wed Aug 26 01:07:55.554681 2026] [socache_shmcb:debug] [pid 2146643:tid 2146643] mod_socache_shmcb.c(530): AH00834: leaving socache_shmcb_store successfully
[Wed Aug 26 01:07:55.554689 2026] [authz_core:debug] [pid 2146711:tid 2146711] mod_authz_core.c(815): [client 2001:b400:e3aa:cdab:e0f2:3693:2a71:e04a:50432] AH01626: authorization result of Require all granted: granted, referer: https://2blog.ilc.edu.tw/19356/2011/11/30/%E3%80%90%E6%95%B8%E5%AD%B8%E3%80%91%E9%A0%98%E5%9F%9F%E6%95%99%E5%B8%AB%E4%BB%8B%E7%B4%B9/
[Wed Aug 26 01:07:55.554695 2026] [authz_core:debug] [pid 2146711:tid 2146711] mod_authz_core.c(815): [client 2001:b400:e3aa:cdab:e0f2:3693:2a71:e04a:50432] AH01626: authorization result of : granted, referer: https://2blog.ilc.edu.tw/19356/2011/11/30/%E3%80%90%E6%95%B8%E5%AD%B8%E3%80%91%E9%A0%98%E5%9F%9F%E6%95%99%E5%B8%AB%E4%BB%8B%E7%B4%B9/
[Wed Aug 26 01:07:55.554730 2026] [ssl:debug] [pid 2146726:tid 2146726] ssl_engine_kernel.c(254): [client 2001:b400:e3aa:cdab:e0f2:3693:2a71:e04a:50434] AH02034: Initial (No.1) HTTPS request received for child 5 (server 2blog.ilc.edu.tw:443), referer: https://2blog.ilc.edu.tw/19356/2011/11/30/%E3%80%90%E6%95%B8%E5%AD%B8%E3%80%91%E9%A0%98%E5%9F%9F%E6%95%99%E5%B8%AB%E4%BB%8B%E7%B4%B9/
[Wed Aug 26 01:07:55.554759 2026] [ssl:debug] [pid 2146643:tid 2146643] ssl_engine_kernel.c(254): [client 2001:b400:e3aa:cdab:e0f2:3693:2a71:e04a:50431] AH02034: Initial (No.1) HTTPS request received for child 2 (server 2blog.ilc.edu.tw:443), referer: https://2blog.ilc.edu.tw/19356/2011/11/30/%E3%80%90%E6%95%B8%E5%AD%B8%E3%80%91%E9%A0%98%E5%9F%9F%E6%95%99%E5%B8%AB%E4%BB%8B%E7%B4%B9/
[Wed Aug 26 01:07:55.554840 2026] [authz_core:debug] [pid 2146711:tid 2146711] mod_authz_core.c(815): [client 2001:b400:e3aa:cdab:e0f2:3693:2a71:e04a:50432] AH01626: authorization result of Require all granted: granted, referer: https://2blog.ilc.edu.tw/19356/2011/11/30/%E3%80%90%E6%95%B8%E5%AD%B8%E3%80%91%E9%A0%98%E5%9F%9F%E6%95%99%E5%B8%AB%E4%BB%8B%E7%B4%B9/
[Wed Aug 26 01:07:55.554845 2026] [authz_core:debug] [pid 2146711:tid 2146711] mod_authz_core.c(815): [client 2001:b400:e3aa:cdab:e0f2:3693:2a71:e04a:50432] AH01626: authorization result of : granted, referer: https://2blog.ilc.edu.tw/19356/2011/11/30/%E3%80%90%E6%95%B8%E5%AD%B8%E3%80%91%E9%A0%98%E5%9F%9F%E6%95%99%E5%B8%AB%E4%BB%8B%E7%B4%B9/
[Wed Aug 26 01:07:55.554858 2026] [authz_core:debug] [pid 2146726:tid 2146726] mod_authz_core.c(815): [client 2001:b400:e3aa:cdab:e0f2:3693:2a71:e04a:50434] AH01626: authorization result of Require all granted: granted, referer: https://2blog.ilc.edu.tw/19356/2011/11/30/%E3%80%90%E6%95%B8%E5%AD%B8%E3%80%91%E9%A0%98%E5%9F%9F%E6%95%99%E5%B8%AB%E4%BB%8B%E7%B4%B9/
[Wed Aug 26 01:07:55.554862 2026] [authz_core:debug] [pid 2146726:tid 2146726] mod_authz_core.c(815): [client 2001:b400:e3aa:cdab:e0f2:3693:2a71:e04a:50434] AH01626: authorization result of : granted, referer: https://2blog.ilc.edu.tw/19356/2011/11/30/%E3%80%90%E6%95%B8%E5%AD%B8%E3%80%91%E9%A0%98%E5%9F%9F%E6%95%99%E5%B8%AB%E4%BB%8B%E7%B4%B9/
[Wed Aug 26 01:07:55.554882 2026] [authz_core:debug] [pid 2146643:tid 2146643] mod_authz_core.c(815): [client 2001:b400:e3aa:cdab:e0f2:3693:2a71:e04a:50431] AH01626: authorization result of Require all granted: granted, referer: https://2blog.ilc.edu.tw/19356/2011/11/30/%E3%80%90%E6%95%B8%E5%AD%B8%E3%80%91%E9%A0%98%E5%9F%9F%E6%95%99%E5%B8%AB%E4%BB%8B%E7%B4%B9/
[Wed Aug 26 01:07:55.554887 2026] [authz_core:debug] [pid 2146643:tid 2146643] mod_authz_core.c(815): [client 2001:b400:e3aa:cdab:e0f2:3693:2a71:e04a:50431] AH01626: authorization result of : granted, referer: https://2blog.ilc.edu.tw/19356/2011/11/30/%E3%80%90%E6%95%B8%E5%AD%B8%E3%80%91%E9%A0%98%E5%9F%9F%E6%95%99%E5%B8%AB%E4%BB%8B%E7%B4%B9/
[Wed Aug 26 01:07:55.554963 2026] [ssl:debug] [pid 2146633:tid 2146633] ssl_engine_kernel.c(254): [client 2001:b400:e3aa:cdab:e0f2:3693:2a71:e04a:50430] AH02034: Subsequent (No.4) HTTPS request received for child 10 (server 2blog.ilc.edu.tw:443), referer: https://2blog.ilc.edu.tw/19356/2011/11/30/%E3%80%90%E6%95%B8%E5%AD%B8%E3%80%91%E9%A0%98%E5%9F%9F%E6%95%99%E5%B8%AB%E4%BB%8B%E7%B4%B9/
[Wed Aug 26 01:07:55.555002 2026] [authz_core:debug] [pid 2146643:tid 2146643] mod_authz_core.c(815): [client 2001:b400:e3aa:cdab:e0f2:3693:2a71:e04a:50431] AH01626: authorization result of Require all granted: granted, referer: https://2blog.ilc.edu.tw/19356/2011/11/30/%E3%80%90%E6%95%B8%E5%AD%B8%E3%80%91%E9%A0%98%E5%9F%9F%E6%95%99%E5%B8%AB%E4%BB%8B%E7%B4%B9/
[Wed Aug 26 01:07:55.555006 2026] [authz_core:debug] [pid 2146643:tid 2146643] mod_authz_core.c(815): [client 2001:b400:e3aa:cdab:e0f2:3693:2a71:e04a:50431] AH01626: authorization result of : granted, referer: https://2blog.ilc.edu.tw/19356/2011/11/30/%E3%80%90%E6%95%B8%E5%AD%B8%E3%80%91%E9%A0%98%E5%9F%9F%E6%95%99%E5%B8%AB%E4%BB%8B%E7%B4%B9/
[Wed Aug 26 01:07:55.555173 2026] [authz_core:debug] [pid 2146726:tid 2146726] mod_authz_core.c(815): [client 2001:b400:e3aa:cdab:e0f2:3693:2a71:e04a:50434] AH01626: authorization result of Require all granted: granted, referer: https://2blog.ilc.edu.tw/19356/2011/11/30/%E3%80%90%E6%95%B8%E5%AD%B8%E3%80%91%E9%A0%98%E5%9F%9F%E6%95%99%E5%B8%AB%E4%BB%8B%E7%B4%B9/
[Wed Aug 26 01:07:55.555180 2026] [authz_core:debug] [pid 2146726:tid 2146726] mod_authz_core.c(815): [client 2001:b400:e3aa:cdab:e0f2:3693:2a71:e04a:50434] AH01626: authorization result of : granted, referer: https://2blog.ilc.edu.tw/19356/2011/11/30/%E3%80%90%E6%95%B8%E5%AD%B8%E3%80%91%E9%A0%98%E5%9F%9F%E6%95%99%E5%B8%AB%E4%BB%8B%E7%B4%B9/
[Wed Aug 26 01:07:55.555233 2026] [deflate:debug] [pid 2146643:tid 2146643] mod_deflate.c(909): [client 2001:b400:e3aa:cdab:e0f2:3693:2a71:e04a:50431] AH01384: Zlib: Compressed 486 to 267 : URL /wp-content/cache/2blog.ilc.edu.tw/wpfc-minified/jqjrybdl/60fe1.css, referer: https://2blog.ilc.edu.tw/19356/2011/11/30/%E3%80%90%E6%95%B8%E5%AD%B8%E3%80%91%E9%A0%98%E5%9F%9F%E6%95%99%E5%B8%AB%E4%BB%8B%E7%B4%B9/
[Wed Aug 26 01:07:55.555535 2026] [deflate:debug] [pid 2146726:tid 2146726] mod_deflate.c(909): [client 2001:b400:e3aa:cdab:e0f2:3693:2a71:e04a:50434] AH01384: Zlib: Compressed 1475 to 747 : URL /wp-content/cache/2blog.ilc.edu.tw/wpfc-minified/l24aavea/60yic.js, referer: https://2blog.ilc.edu.tw/19356/2011/11/30/%E3%80%90%E6%95%B8%E5%AD%B8%E3%80%91%E9%A0%98%E5%9F%9F%E6%95%99%E5%B8%AB%E4%BB%8B%E7%B4%B9/
[Wed Aug 26 01:07:55.555745 2026] [authz_core:debug] [pid 2146633:tid 2146633] mod_authz_core.c(815): [client 2001:b400:e3aa:cdab:e0f2:3693:2a71:e04a:50430] AH01626: authorization result of Require all granted: granted, referer: https://2blog.ilc.edu.tw/19356/2011/11/30/%E3%80%90%E6%95%B8%E5%AD%B8%E3%80%91%E9%A0%98%E5%9F%9F%E6%95%99%E5%B8%AB%E4%BB%8B%E7%B4%B9/
[Wed Aug 26 01:07:55.555751 2026] [authz_core:debug] [pid 2146633:tid 2146633] mod_authz_core.c(815): [client 2001:b400:e3aa:cdab:e0f2:3693:2a71:e04a:50430] AH01626: authorization result of : granted, referer: https://2blog.ilc.edu.tw/19356/2011/11/30/%E3%80%90%E6%95%B8%E5%AD%B8%E3%80%91%E9%A0%98%E5%9F%9F%E6%95%99%E5%B8%AB%E4%BB%8B%E7%B4%B9/
[Wed Aug 26 01:07:55.555857 2026] [authz_core:debug] [pid 2146633:tid 2146633] mod_authz_core.c(815): [client 2001:b400:e3aa:cdab:e0f2:3693:2a71:e04a:50430] AH01626: authorization result of Require all granted: granted, referer: https://2blog.ilc.edu.tw/19356/2011/11/30/%E3%80%90%E6%95%B8%E5%AD%B8%E3%80%91%E9%A0%98%E5%9F%9F%E6%95%99%E5%B8%AB%E4%BB%8B%E7%B4%B9/
[Wed Aug 26 01:07:55.555862 2026] [authz_core:debug] [pid 2146633:tid 2146633] mod_authz_core.c(815): [client 2001:b400:e3aa:cdab:e0f2:3693:2a71:e04a:50430] AH01626: authorization result of : granted, referer: https://2blog.ilc.edu.tw/19356/2011/11/30/%E3%80%90%E6%95%B8%E5%AD%B8%E3%80%91%E9%A0%98%E5%9F%9F%E6%95%99%E5%B8%AB%E4%BB%8B%E7%B4%B9/
[Wed Aug 26 01:07:55.556063 2026] [deflate:debug] [pid 2146633:tid 2146633] mod_deflate.c(909): [client 2001:b400:e3aa:cdab:e0f2:3693:2a71:e04a:50430] AH01384: Zlib: Compressed 5520 to 1785 : URL /wp-includes/js/imagesloaded.min.js, referer: https://2blog.ilc.edu.tw/19356/2011/11/30/%E3%80%90%E6%95%B8%E5%AD%B8%E3%80%91%E9%A0%98%E5%9F%9F%E6%95%99%E5%B8%AB%E4%BB%8B%E7%B4%B9/
[Wed Aug 26 01:07:55.557791 2026] [deflate:debug] [pid 2146738:tid 2146738] mod_deflate.c(909): [client 2001:b400:e3aa:cdab:e0f2:3693:2a71:e04a:50433] AH01384: Zlib: Compressed 101302 to 34535 : URL /wp-content/cache/2blog.ilc.edu.tw/wpfc-minified/31j0ympl/60fe1.js, referer: https://2blog.ilc.edu.tw/19356/2011/11/30/%E3%80%90%E6%95%B8%E5%AD%B8%E3%80%91%E9%A0%98%E5%9F%9F%E6%95%99%E5%B8%AB%E4%BB%8B%E7%B4%B9/
[Wed Aug 26 01:07:55.561875 2026] [deflate:debug] [pid 2146711:tid 2146711] mod_deflate.c(909): [client 2001:b400:e3aa:cdab:e0f2:3693:2a71:e04a:50432] AH01384: Zlib: Compressed 298123 to 53223 : URL /wp-content/cache/2blog.ilc.edu.tw/wpfc-minified/8idgrm3a/60fe1.css, referer: https://2blog.ilc.edu.tw/19356/2011/11/30/%E3%80%90%E6%95%B8%E5%AD%B8%E3%80%91%E9%A0%98%E5%9F%9F%E6%95%99%E5%B8%AB%E4%BB%8B%E7%B4%B9/
[Wed Aug 26 01:07:55.572093 2026] [ssl:debug] [pid 2146690:tid 2146690] ssl_engine_kernel.c(254): [client 2001:b400:e3aa:cdab:e0f2:3693:2a71:e04a:50429] AH02034: Subsequent (No.3) HTTPS request received for child 16 (server 2blog.ilc.edu.tw:443), referer: https://2blog.ilc.edu.tw/19356/2011/11/30/%E3%80%90%E6%95%B8%E5%AD%B8%E3%80%91%E9%A0%98%E5%9F%9F%E6%95%99%E5%B8%AB%E4%BB%8B%E7%B4%B9/
[Wed Aug 26 01:07:55.572275 2026] [authz_core:debug] [pid 2146690:tid 2146690] mod_authz_core.c(815): [client 2001:b400:e3aa:cdab:e0f2:3693:2a71:e04a:50429] AH01626: authorization result of Require all granted: granted, referer: https://2blog.ilc.edu.tw/19356/2011/11/30/%E3%80%90%E6%95%B8%E5%AD%B8%E3%80%91%E9%A0%98%E5%9F%9F%E6%95%99%E5%B8%AB%E4%BB%8B%E7%B4%B9/
[Wed Aug 26 01:07:55.572280 2026] [authz_core:debug] [pid 2146690:tid 2146690] mod_authz_core.c(815): [client 2001:b400:e3aa:cdab:e0f2:3693:2a71:e04a:50429] AH01626: authorization result of : granted, referer: https://2blog.ilc.edu.tw/19356/2011/11/30/%E3%80%90%E6%95%B8%E5%AD%B8%E3%80%91%E9%A0%98%E5%9F%9F%E6%95%99%E5%B8%AB%E4%BB%8B%E7%B4%B9/
[Wed Aug 26 01:07:55.572423 2026] [authz_core:debug] [pid 2146690:tid 2146690] mod_authz_core.c(815): [client 2001:b400:e3aa:cdab:e0f2:3693:2a71:e04a:50429] AH01626: authorization result of Require all granted: granted, referer: https://2blog.ilc.edu.tw/19356/2011/11/30/%E3%80%90%E6%95%B8%E5%AD%B8%E3%80%91%E9%A0%98%E5%9F%9F%E6%95%99%E5%B8%AB%E4%BB%8B%E7%B4%B9/
