[Wed Aug 26 01:07:35.815657 2026] [socache_shmcb:debug] [pid 2146725:tid 2146725] mod_socache_shmcb.c(530): AH00834: leaving socache_shmcb_store successfully
[Wed Aug 26 01:07:35.914639 2026] [ssl:info] [pid 2146633:tid 2146633] (70014)End of file found: [client 66.249.79.164:62459] AH01992: SSL library error 6 reading data
[Wed Aug 26 01:07:35.914717 2026] [ssl:debug] [pid 2146633:tid 2146633] ssl_engine_io.c(1150): [client 66.249.79.164:62459] AH02001: Connection closed to child 10 with standard shutdown (server 2blog.ilc.edu.tw:443)
[Wed Aug 26 01:07:35.967302 2026] [deflate:debug] [pid 2146735:tid 2146735] mod_deflate.c(909): [client 2401:e180:8992:92c8:d014:363b:1e2b:36da:58814] AH01384: Zlib: Compressed 115029 to 26033 : URL /index.php
[Wed Aug 26 01:07:35.972450 2026] [ssl:debug] [pid 2146725:tid 2146725] ssl_engine_kernel.c(254): [client 34.42.229.145:21504] AH02034: Initial (No.1) HTTPS request received for child 3 (server 2blog.ilc.edu.tw:443)
[Wed Aug 26 01:07:35.972683 2026] [authz_core:debug] [pid 2146725:tid 2146725] mod_authz_core.c(815): [client 34.42.229.145:21504] AH01626: authorization result of Require all granted: granted
[Wed Aug 26 01:07:35.972690 2026] [authz_core:debug] [pid 2146725:tid 2146725] mod_authz_core.c(815): [client 34.42.229.145:21504] AH01626: authorization result of : granted
[Wed Aug 26 01:07:35.972857 2026] [authz_core:debug] [pid 2146725:tid 2146725] mod_authz_core.c(815): [client 34.42.229.145:21504] AH01626: authorization result of Require all granted: granted
[Wed Aug 26 01:07:35.972863 2026] [authz_core:debug] [pid 2146725:tid 2146725] mod_authz_core.c(815): [client 34.42.229.145:21504] AH01626: authorization result of : granted
[Wed Aug 26 01:07:36.061311 2026] [ssl:info] [pid 2146643:tid 2146643] [client 2401:e180:8992:92c8:d014:363b:1e2b:36da:58822] AH01964: Connection to child 2 established (server 2blog.ilc.edu.tw:443)
[Wed Aug 26 01:07:36.061475 2026] [ssl:debug] [pid 2146643:tid 2146643] ssl_engine_kernel.c(2222): [client 2401:e180:8992:92c8:d014:363b:1e2b:36da:58822] AH02043: SSL virtual host for servername 2blog.ilc.edu.tw found
[Wed Aug 26 01:07:36.061489 2026] [socache_shmcb:debug] [pid 2146643:tid 2146643] mod_socache_shmcb.c(545): AH00835: socache_shmcb_retrieve (0x50 -> subcache 16)
[Wed Aug 26 01:07:36.061494 2026] [socache_shmcb:debug] [pid 2146643:tid 2146643] mod_socache_shmcb.c(896): AH00849: match at idx=69, data=10489
[Wed Aug 26 01:07:36.061507 2026] [socache_shmcb:debug] [pid 2146643:tid 2146643] mod_socache_shmcb.c(556): AH00836: leaving socache_shmcb_retrieve successfully
[Wed Aug 26 01:07:36.061616 2026] [core:debug] [pid 2146643:tid 2146643] protocol.c(2460): [client 2401:e180:8992:92c8:d014:363b:1e2b:36da:58822] AH03155: select protocol from , choices=h2,http/1.1 for server 2blog.ilc.edu.tw
[Wed Aug 26 01:07:36.062131 2026] [ssl:info] [pid 2146714:tid 2146714] [client 2401:e180:8992:92c8:d014:363b:1e2b:36da:58824] AH01964: Connection to child 11 established (server 2blog.ilc.edu.tw:443)
[Wed Aug 26 01:07:36.062534 2026] [ssl:debug] [pid 2146735:tid 2146735] ssl_engine_kernel.c(254): [client 2401:e180:8992:92c8:d014:363b:1e2b:36da:58814] AH02034: Subsequent (No.2) HTTPS request received for child 22 (server 2blog.ilc.edu.tw:443), referer: https://2blog.ilc.edu.tw/3860/2013/04/10/%E5%AE%88%E4%BF%A1-%E8%80%81%E5%AF%A6%E5%AE%88%E4%BF%A1%E8%BC%83%E6%9C%89%E5%BA%95%EF%BC%8C-%E4%BF%A1%E7%94%A8%E7%A0%B4%E7%94%A2%E6%BF%9F%E5%95%8F%E9%A1%8C%EF%BC%8C-%E5%8F%A4%E6%84%8F%E5%BF%A0/
[Wed Aug 26 01:07:36.062706 2026] [authz_core:debug] [pid 2146735:tid 2146735] mod_authz_core.c(815): [client 2401:e180:8992:92c8:d014:363b:1e2b:36da:58814] AH01626: authorization result of Require all granted: granted, referer: https://2blog.ilc.edu.tw/3860/2013/04/10/%E5%AE%88%E4%BF%A1-%E8%80%81%E5%AF%A6%E5%AE%88%E4%BF%A1%E8%BC%83%E6%9C%89%E5%BA%95%EF%BC%8C-%E4%BF%A1%E7%94%A8%E7%A0%B4%E7%94%A2%E6%BF%9F%E5%95%8F%E9%A1%8C%EF%BC%8C-%E5%8F%A4%E6%84%8F%E5%BF%A0/
[Wed Aug 26 01:07:36.062712 2026] [authz_core:debug] [pid 2146735:tid 2146735] mod_authz_core.c(815): [client 2401:e180:8992:92c8:d014:363b:1e2b:36da:58814] AH01626: authorization result of : granted, referer: https://2blog.ilc.edu.tw/3860/2013/04/10/%E5%AE%88%E4%BF%A1-%E8%80%81%E5%AF%A6%E5%AE%88%E4%BF%A1%E8%BC%83%E6%9C%89%E5%BA%95%EF%BC%8C-%E4%BF%A1%E7%94%A8%E7%A0%B4%E7%94%A2%E6%BF%9F%E5%95%8F%E9%A1%8C%EF%BC%8C-%E5%8F%A4%E6%84%8F%E5%BF%A0/
[Wed Aug 26 01:07:36.062857 2026] [authz_core:debug] [pid 2146735:tid 2146735] mod_authz_core.c(815): [client 2401:e180:8992:92c8:d014:363b:1e2b:36da:58814] AH01626: authorization result of Require all granted: granted, referer: https://2blog.ilc.edu.tw/3860/2013/04/10/%E5%AE%88%E4%BF%A1-%E8%80%81%E5%AF%A6%E5%AE%88%E4%BF%A1%E8%BC%83%E6%9C%89%E5%BA%95%EF%BC%8C-%E4%BF%A1%E7%94%A8%E7%A0%B4%E7%94%A2%E6%BF%9F%E5%95%8F%E9%A1%8C%EF%BC%8C-%E5%8F%A4%E6%84%8F%E5%BF%A0/
[Wed Aug 26 01:07:36.062861 2026] [authz_core:debug] [pid 2146735:tid 2146735] mod_authz_core.c(815): [client 2401:e180:8992:92c8:d014:363b:1e2b:36da:58814] AH01626: authorization result of : granted, referer: https://2blog.ilc.edu.tw/3860/2013/04/10/%E5%AE%88%E4%BF%A1-%E8%80%81%E5%AF%A6%E5%AE%88%E4%BF%A1%E8%BC%83%E6%9C%89%E5%BA%95%EF%BC%8C-%E4%BF%A1%E7%94%A8%E7%A0%B4%E7%94%A2%E6%BF%9F%E5%95%8F%E9%A1%8C%EF%BC%8C-%E5%8F%A4%E6%84%8F%E5%BF%A0/
[Wed Aug 26 01:07:36.063113 2026] [ssl:debug] [pid 2146714:tid 2146714] ssl_engine_kernel.c(2222): [client 2401:e180:8992:92c8:d014:363b:1e2b:36da:58824] AH02043: SSL virtual host for servername 2blog.ilc.edu.tw found
[Wed Aug 26 01:07:36.063133 2026] [socache_shmcb:debug] [pid 2146714:tid 2146714] mod_socache_shmcb.c(545): AH00835: socache_shmcb_retrieve (0x67 -> subcache 7)
[Wed Aug 26 01:07:36.063138 2026] [socache_shmcb:debug] [pid 2146714:tid 2146714] mod_socache_shmcb.c(896): AH00849: match at idx=87, data=456
[Wed Aug 26 01:07:36.063140 2026] [socache_shmcb:debug] [pid 2146714:tid 2146714] mod_socache_shmcb.c(556): AH00836: leaving socache_shmcb_retrieve successfully
[Wed Aug 26 01:07:36.063245 2026] [core:debug] [pid 2146714:tid 2146714] protocol.c(2460): [client 2401:e180:8992:92c8:d014:363b:1e2b:36da:58824] AH03155: select protocol from , choices=h2,http/1.1 for server 2blog.ilc.edu.tw
[Wed Aug 26 01:07:36.065109 2026] [deflate:debug] [pid 2146735:tid 2146735] mod_deflate.c(909): [client 2401:e180:8992:92c8:d014:363b:1e2b:36da:58814] AH01384: Zlib: Compressed 79264 to 39710 : URL /wp-content/cache/2blog.ilc.edu.tw/wpfc-minified/dsvp51ho/5woba.css, referer: https://2blog.ilc.edu.tw/3860/2013/04/10/%E5%AE%88%E4%BF%A1-%E8%80%81%E5%AF%A6%E5%AE%88%E4%BF%A1%E8%BC%83%E6%9C%89%E5%BA%95%EF%BC%8C-%E4%BF%A1%E7%94%A8%E7%A0%B4%E7%94%A2%E6%BF%9F%E5%95%8F%E9%A1%8C%EF%BC%8C-%E5%8F%A4%E6%84%8F%E5%BF%A0/
[Wed Aug 26 01:07:36.068194 2026] [ssl:info] [pid 2141975:tid 2141975] [client 2401:e180:8992:92c8:d014:363b:1e2b:36da:58826] AH01964: Connection to child 23 established (server 2blog.ilc.edu.tw:443)
[Wed Aug 26 01:07:36.073072 2026] [ssl:debug] [pid 2146729:tid 2146729] ssl_engine_io.c(1150): [client 34.30.223.149:5632] AH02001: Connection closed to child 14 with standard shutdown (server 2blog.ilc.edu.tw:443)
[Wed Aug 26 01:07:36.077663 2026] [ssl:debug] [pid 2141975:tid 2141975] ssl_engine_kernel.c(2222): [client 2401:e180:8992:92c8:d014:363b:1e2b:36da:58826] AH02043: SSL virtual host for servername 2blog.ilc.edu.tw found
[Wed Aug 26 01:07:36.077728 2026] [core:debug] [pid 2141975:tid 2141975] protocol.c(2460): [client 2401:e180:8992:92c8:d014:363b:1e2b:36da:58826] AH03155: select protocol from , choices=h2,http/1.1 for server 2blog.ilc.edu.tw
[Wed Aug 26 01:07:36.077766 2026] [ssl:debug] [pid 2141975:tid 2141975] ssl_util_stapling.c(819): AH01951: stapling_cb: OCSP Stapling callback called
[Wed Aug 26 01:07:36.077772 2026] [ssl:info] [pid 2141975:tid 2141975] AH01926: stapling_get_certinfo: stapling not supported for certificate
[Wed Aug 26 01:07:36.080131 2026] [ssl:info] [pid 2146631:tid 2146631] [client 2401:e180:8992:92c8:d014:363b:1e2b:36da:58828] AH01964: Connection to child 8 established (server 2blog.ilc.edu.tw:443)
[Wed Aug 26 01:07:36.080284 2026] [ssl:debug] [pid 2146631:tid 2146631] ssl_engine_kernel.c(2222): [client 2401:e180:8992:92c8:d014:363b:1e2b:36da:58828] AH02043: SSL virtual host for servername 2blog.ilc.edu.tw found
[Wed Aug 26 01:07:36.080340 2026] [core:debug] [pid 2146631:tid 2146631] protocol.c(2460): [client 2401:e180:8992:92c8:d014:363b:1e2b:36da:58828] AH03155: select protocol from , choices=h2,http/1.1 for server 2blog.ilc.edu.tw
[Wed Aug 26 01:07:36.080376 2026] [ssl:debug] [pid 2146631:tid 2146631] ssl_util_stapling.c(819): AH01951: stapling_cb: OCSP Stapling callback called
[Wed Aug 26 01:07:36.080383 2026] [ssl:info] [pid 2146631:tid 2146631] AH01926: stapling_get_certinfo: stapling not supported for certificate
[Wed Aug 26 01:07:36.084194 2026] [ssl:info] [pid 2146724:tid 2146724] [client 2401:e180:8992:92c8:d014:363b:1e2b:36da:58830] AH01964: Connection to child 1 established (server 2blog.ilc.edu.tw:443)
[Wed Aug 26 01:07:36.085950 2026] [ssl:debug] [pid 2146724:tid 2146724] ssl_engine_kernel.c(2222): [client 2401:e180:8992:92c8:d014:363b:1e2b:36da:58830] AH02043: SSL virtual host for servername 2blog.ilc.edu.tw found
[Wed Aug 26 01:07:36.086013 2026] [core:debug] [pid 2146724:tid 2146724] protocol.c(2460): [client 2401:e180:8992:92c8:d014:363b:1e2b:36da:58830] AH03155: select protocol from , choices=h2,http/1.1 for server 2blog.ilc.edu.tw
[Wed Aug 26 01:07:36.086043 2026] [ssl:debug] [pid 2146724:tid 2146724] ssl_util_stapling.c(819): AH01951: stapling_cb: OCSP Stapling callback called
[Wed Aug 26 01:07:36.086048 2026] [ssl:info] [pid 2146724:tid 2146724] AH01926: stapling_get_certinfo: stapling not supported for certificate
[Wed Aug 26 01:07:36.094933 2026] [ssl:debug] [pid 2146643:tid 2146643] ssl_engine_kernel.c(2082): [client 2401:e180:8992:92c8:d014:363b:1e2b:36da:58822] AH02041: Protocol: TLSv1.3, Cipher: TLS_AES_256_GCM_SHA384 (256/256 bits)
[Wed Aug 26 01:07:36.094985 2026] [socache_shmcb:debug] [pid 2146643:tid 2146643] mod_socache_shmcb.c(508): AH00831: socache_shmcb_store (0xd7 -> subcache 23)
[Wed Aug 26 01:07:36.094993 2026] [socache_shmcb:debug] [pid 2146643:tid 2146643] mod_socache_shmcb.c(745): AH00842: expiring 1 and reclaiming 0 removed socache entries
[Wed Aug 26 01:07:36.094997 2026] [socache_shmcb:debug] [pid 2146643:tid 2146643] mod_socache_shmcb.c(765): AH00843: we now have 27 socache entries
[Wed Aug 26 01:07:36.095000 2026] [socache_shmcb:debug] [pid 2146643:tid 2146643] mod_socache_shmcb.c(860): AH00847: insert happened at idx=8, data=(2801:2833)
[Wed Aug 26 01:07:36.095016 2026] [socache_shmcb:debug] [pid 2146643:tid 2146643] mod_socache_shmcb.c(863): AH00848: finished insert, subcache: idx_pos/idx_used=69/28, data_pos/data_used=10638/6253
[Wed Aug 26 01:07:36.095020 2026] [socache_shmcb:debug] [pid 2146643:tid 2146643] mod_socache_shmcb.c(530): AH00834: leaving socache_shmcb_store successfully
[Wed Aug 26 01:07:36.095655 2026] [ssl:debug] [pid 2146643:tid 2146643] ssl_engine_kernel.c(254): [client 2401:e180:8992:92c8:d014:363b:1e2b:36da:58822] AH02034: Initial (No.1) HTTPS request received for child 2 (server 2blog.ilc.edu.tw:443), referer: https://2blog.ilc.edu.tw/3860/2013/04/10/%E5%AE%88%E4%BF%A1-%E8%80%81%E5%AF%A6%E5%AE%88%E4%BF%A1%E8%BC%83%E6%9C%89%E5%BA%95%EF%BC%8C-%E4%BF%A1%E7%94%A8%E7%A0%B4%E7%94%A2%E6%BF%9F%E5%95%8F%E9%A1%8C%EF%BC%8C-%E5%8F%A4%E6%84%8F%E5%BF%A0/
[Wed Aug 26 01:07:36.095664 2026] [ssl:debug] [pid 2146714:tid 2146714] ssl_engine_kernel.c(2082): [client 2401:e180:8992:92c8:d014:363b:1e2b:36da:58824] AH02041: Protocol: TLSv1.3, Cipher: TLS_AES_256_GCM_SHA384 (256/256 bits)
[Wed Aug 26 01:07:36.095700 2026] [socache_shmcb:debug] [pid 2146714:tid 2146714] mod_socache_shmcb.c(508): AH00831: socache_shmcb_store (0x3e -> subcache 30)
[Wed Aug 26 01:07:36.095705 2026] [socache_shmcb:debug] [pid 2146714:tid 2146714] mod_socache_shmcb.c(860): AH00847: insert happened at idx=84, data=(92:124)
[Wed Aug 26 01:07:36.095708 2026] [socache_shmcb:debug] [pid 2146714:tid 2146714] mod_socache_shmcb.c(863): AH00848: finished insert, subcache: idx_pos/idx_used=56/29, data_pos/data_used=7767/6415
[Wed Aug 26 01:07:36.095710 2026] [socache_shmcb:debug] [pid 2146714:tid 2146714] mod_socache_shmcb.c(530): AH00834: leaving socache_shmcb_store successfully
[Wed Aug 26 01:07:36.095823 2026] [authz_core:debug] [pid 2146643:tid 2146643] mod_authz_core.c(815): [client 2401:e180:8992:92c8:d014:363b:1e2b:36da:58822] AH01626: authorization result of Require all granted: granted, referer: https://2blog.ilc.edu.tw/3860/2013/04/10/%E5%AE%88%E4%BF%A1-%E8%80%81%E5%AF%A6%E5%AE%88%E4%BF%A1%E8%BC%83%E6%9C%89%E5%BA%95%EF%BC%8C-%E4%BF%A1%E7%94%A8%E7%A0%B4%E7%94%A2%E6%BF%9F%E5%95%8F%E9%A1%8C%EF%BC%8C-%E5%8F%A4%E6%84%8F%E5%BF%A0/
[Wed Aug 26 01:07:36.095828 2026] [authz_core:debug] [pid 2146643:tid 2146643] mod_authz_core.c(815): [client 2401:e180:8992:92c8:d014:363b:1e2b:36da:58822] AH01626: authorization result of : granted, referer: https://2blog.ilc.edu.tw/3860/2013/04/10/%E5%AE%88%E4%BF%A1-%E8%80%81%E5%AF%A6%E5%AE%88%E4%BF%A1%E8%BC%83%E6%9C%89%E5%BA%95%EF%BC%8C-%E4%BF%A1%E7%94%A8%E7%A0%B4%E7%94%A2%E6%BF%9F%E5%95%8F%E9%A1%8C%EF%BC%8C-%E5%8F%A4%E6%84%8F%E5%BF%A0/
[Wed Aug 26 01:07:36.095999 2026] [authz_core:debug] [pid 2146643:tid 2146643] mod_authz_core.c(815): [client 2401:e180:8992:92c8:d014:363b:1e2b:36da:58822] AH01626: authorization result of Require all granted: granted, referer: https://2blog.ilc.edu.tw/3860/2013/04/10/%E5%AE%88%E4%BF%A1-%E8%80%81%E5%AF%A6%E5%AE%88%E4%BF%A1%E8%BC%83%E6%9C%89%E5%BA%95%EF%BC%8C-%E4%BF%A1%E7%94%A8%E7%A0%B4%E7%94%A2%E6%BF%9F%E5%95%8F%E9%A1%8C%EF%BC%8C-%E5%8F%A4%E6%84%8F%E5%BF%A0/
[Wed Aug 26 01:07:36.096006 2026] [authz_core:debug] [pid 2146643:tid 2146643] mod_authz_core.c(815): [client 2401:e180:8992:92c8:d014:363b:1e2b:36da:58822] AH01626: authorization result of : granted, referer: https://2blog.ilc.edu.tw/3860/2013/04/10/%E5%AE%88%E4%BF%A1-%E8%80%81%E5%AF%A6%E5%AE%88%E4%BF%A1%E8%BC%83%E6%9C%89%E5%BA%95%EF%BC%8C-%E4%BF%A1%E7%94%A8%E7%A0%B4%E7%94%A2%E6%BF%9F%E5%95%8F%E9%A1%8C%EF%BC%8C-%E5%8F%A4%E6%84%8F%E5%BF%A0/
[Wed Aug 26 01:07:36.098224 2026] [deflate:debug] [pid 2146643:tid 2146643] mod_deflate.c(909): [client 2401:e180:8992:92c8:d014:363b:1e2b:36da:58822] AH01384: Zlib: Compressed 112915 to 15022 : URL /wp-content/cache/2blog.ilc.edu.tw/wpfc-minified/6o39im4d/5woba.css, referer: https://2blog.ilc.edu.tw/3860/2013/04/10/%E5%AE%88%E4%BF%A1-%E8%80%81%E5%AF%A6%E5%AE%88%E4%BF%A1%E8%BC%83%E6%9C%89%E5%BA%95%EF%BC%8C-%E4%BF%A1%E7%94%A8%E7%A0%B4%E7%94%A2%E6%BF%9F%E5%95%8F%E9%A1%8C%EF%BC%8C-%E5%8F%A4%E6%84%8F%E5%BF%A0/
[Wed Aug 26 01:07:36.099676 2026] [ssl:debug] [pid 2146714:tid 2146714] ssl_engine_kernel.c(254): [client 2401:e180:8992:92c8:d014:363b:1e2b:36da:58824] AH02034: Initial (No.1) HTTPS request received for child 11 (server 2blog.ilc.edu.tw:443), referer: https://2blog.ilc.edu.tw/3860/2013/04/10/%E5%AE%88%E4%BF%A1-%E8%80%81%E5%AF%A6%E5%AE%88%E4%BF%A1%E8%BC%83%E6%9C%89%E5%BA%95%EF%BC%8C-%E4%BF%A1%E7%94%A8%E7%A0%B4%E7%94%A2%E6%BF%9F%E5%95%8F%E9%A1%8C%EF%BC%8C-%E5%8F%A4%E6%84%8F%E5%BF%A0/
[Wed Aug 26 01:07:36.099816 2026] [authz_core:debug] [pid 2146714:tid 2146714] mod_authz_core.c(815): [client 2401:e180:8992:92c8:d014:363b:1e2b:36da:58824] AH01626: authorization result of Require all granted: granted, referer: https://2blog.ilc.edu.tw/3860/2013/04/10/%E5%AE%88%E4%BF%A1-%E8%80%81%E5%AF%A6%E5%AE%88%E4%BF%A1%E8%BC%83%E6%9C%89%E5%BA%95%EF%BC%8C-%E4%BF%A1%E7%94%A8%E7%A0%B4%E7%94%A2%E6%BF%9F%E5%95%8F%E9%A1%8C%EF%BC%8C-%E5%8F%A4%E6%84%8F%E5%BF%A0/
[Wed Aug 26 01:07:36.099821 2026] [authz_core:debug] [pid 2146714:tid 2146714] mod_authz_core.c(815): [client 2401:e180:8992:92c8:d014:363b:1e2b:36da:58824] AH01626: authorization result of : granted, referer: https://2blog.ilc.edu.tw/3860/2013/04/10/%E5%AE%88%E4%BF%A1-%E8%80%81%E5%AF%A6%E5%AE%88%E4%BF%A1%E8%BC%83%E6%9C%89%E5%BA%95%EF%BC%8C-%E4%BF%A1%E7%94%A8%E7%A0%B4%E7%94%A2%E6%BF%9F%E5%95%8F%E9%A1%8C%EF%BC%8C-%E5%8F%A4%E6%84%8F%E5%BF%A0/
[Wed Aug 26 01:07:36.099950 2026] [authz_core:debug] [pid 2146714:tid 2146714] mod_authz_core.c(815): [client 2401:e180:8992:92c8:d014:363b:1e2b:36da:58824] AH01626: authorization result of Require all granted: granted, referer: https://2blog.ilc.edu.tw/3860/2013/04/10/%E5%AE%88%E4%BF%A1-%E8%80%81%E5%AF%A6%E5%AE%88%E4%BF%A1%E8%BC%83%E6%9C%89%E5%BA%95%EF%BC%8C-%E4%BF%A1%E7%94%A8%E7%A0%B4%E7%94%A2%E6%BF%9F%E5%95%8F%E9%A1%8C%EF%BC%8C-%E5%8F%A4%E6%84%8F%E5%BF%A0/
[Wed Aug 26 01:07:36.099954 2026] [authz_core:debug] [pid 2146714:tid 2146714] mod_authz_core.c(815): [client 2401:e180:8992:92c8:d014:363b:1e2b:36da:58824] AH01626: authorization result of : granted, referer: https://2blog.ilc.edu.tw/3860/2013/04/10/%E5%AE%88%E4%BF%A1-%E8%80%81%E5%AF%A6%E5%AE%88%E4%BF%A1%E8%BC%83%E6%9C%89%E5%BA%95%EF%BC%8C-%E4%BF%A1%E7%94%A8%E7%A0%B4%E7%94%A2%E6%BF%9F%E5%95%8F%E9%A1%8C%EF%BC%8C-%E5%8F%A4%E6%84%8F%E5%BF%A0/
[Wed Aug 26 01:07:36.103809 2026] [deflate:debug] [pid 2146714:tid 2146714] mod_deflate.c(909): [client 2401:e180:8992:92c8:d014:363b:1e2b:36da:58824] AH01384: Zlib: Compressed 180438 to 29655 : URL /wp-content/cache/2blog.ilc.edu.tw/wpfc-minified/2n9laxoh/5wolc.css, referer: https://2blog.ilc.edu.tw/3860/2013/04/10/%E5%AE%88%E4%BF%A1-%E8%80%81%E5%AF%A6%E5%AE%88%E4%BF%A1%E8%BC%83%E6%9C%89%E5%BA%95%EF%BC%8C-%E4%BF%A1%E7%94%A8%E7%A0%B4%E7%94%A2%E6%BF%9F%E5%95%8F%E9%A1%8C%EF%BC%8C-%E5%8F%A4%E6%84%8F%E5%BF%A0/
[Wed Aug 26 01:07:36.113589 2026] [ssl:debug] [pid 2141975:tid 2141975] ssl_engine_kernel.c(2082): [client 2401:e180:8992:92c8:d014:363b:1e2b:36da:58826] AH02041: Protocol: TLSv1.3, Cipher: TLS_AES_256_GCM_SHA384 (256/256 bits)
[Wed Aug 26 01:07:36.113627 2026] [socache_shmcb:debug] [pid 2141975:tid 2141975] mod_socache_shmcb.c(508): AH00831: socache_shmcb_store (0x2f -> subcache 15)
[Wed Aug 26 01:07:36.113632 2026] [socache_shmcb:debug] [pid 2141975:tid 2141975] mod_socache_shmcb.c(860): AH00847: insert happened at idx=76, data=(12065:12097)
[Wed Aug 26 01:07:36.113634 2026] [socache_shmcb:debug] [pid 2141975:tid 2141975] mod_socache_shmcb.c(863): AH00848: finished insert, subcache: idx_pos/idx_used=49/28, data_pos/data_used=6060/6230
[Wed Aug 26 01:07:36.113636 2026] [socache_shmcb:debug] [pid 2141975:tid 2141975] mod_socache_shmcb.c(530): AH00834: leaving socache_shmcb_store successfully
[Wed Aug 26 01:07:36.113681 2026] [socache_shmcb:debug] [pid 2141975:tid 2141975] mod_socache_shmcb.c(508): AH00831: socache_shmcb_store (0x3d -> subcache 29)
[Wed Aug 26 01:07:36.113685 2026] [socache_shmcb:debug] [pid 2141975:tid 2141975] mod_socache_shmcb.c(745): AH00842: expiring 2 and reclaiming 0 removed socache entries
[Wed Aug 26 01:07:36.113694 2026] [socache_shmcb:debug] [pid 2141975:tid 2141975] mod_socache_shmcb.c(765): AH00843: we now have 25 socache entries
[Wed Aug 26 01:07:36.113696 2026] [socache_shmcb:debug] [pid 2141975:tid 2141975] mod_socache_shmcb.c(860): AH00847: insert happened at idx=72, data=(11174:11206)
[Wed Aug 26 01:07:36.113698 2026] [socache_shmcb:debug] [pid 2141975:tid 2141975] mod_socache_shmcb.c(863): AH00848: finished insert, subcache: idx_pos/idx_used=47/26, data_pos/data_used=5583/5816
[Wed Aug 26 01:07:36.113699 2026] [socache_shmcb:debug] [pid 2141975:tid 2141975] mod_socache_shmcb.c(530): AH00834: leaving socache_shmcb_store successfully
[Wed Aug 26 01:07:36.115444 2026] [ssl:debug] [pid 2146631:tid 2146631] ssl_engine_kernel.c(2082): [client 2401:e180:8992:92c8:d014:363b:1e2b:36da:58828] AH02041: Protocol: TLSv1.3, Cipher: TLS_AES_256_GCM_SHA384 (256/256 bits)
[Wed Aug 26 01:07:36.115477 2026] [socache_shmcb:debug] [pid 2146631:tid 2146631] mod_socache_shmcb.c(508): AH00831: socache_shmcb_store (0x84 -> subcache 4)
[Wed Aug 26 01:07:36.115481 2026] [socache_shmcb:debug] [pid 2146631:tid 2146631] mod_socache_shmcb.c(860): AH00847: insert happened at idx=37, data=(9207:9239)
[Wed Aug 26 01:07:36.115483 2026] [socache_shmcb:debug] [pid 2146631:tid 2146631] mod_socache_shmcb.c(863): AH00848: finished insert, subcache: idx_pos/idx_used=21/17, data_pos/data_used=5615/3818
[Wed Aug 26 01:07:36.115484 2026] [socache_shmcb:debug] [pid 2146631:tid 2146631] mod_socache_shmcb.c(530): AH00834: leaving socache_shmcb_store successfully
[Wed Aug 26 01:07:36.115527 2026] [socache_shmcb:debug] [pid 2146631:tid 2146631] mod_socache_shmcb.c(508): AH00831: socache_shmcb_store (0x85 -> subcache 5)
[Wed Aug 26 01:07:36.115531 2026] [socache_shmcb:debug] [pid 2146631:tid 2146631] mod_socache_shmcb.c(745): AH00842: expiring 1 and reclaiming 0 removed socache entries
[Wed Aug 26 01:07:36.115533 2026] [socache_shmcb:debug] [pid 2146631:tid 2146631] mod_socache_shmcb.c(765): AH00843: we now have 32 socache entries
[Wed Aug 26 01:07:36.115535 2026] [socache_shmcb:debug] [pid 2146631:tid 2146631] mod_socache_shmcb.c(860): AH00847: insert happened at idx=69, data=(10418:10450)
[Wed Aug 26 01:07:36.115536 2026] [socache_shmcb:debug] [pid 2146631:tid 2146631] mod_socache_shmcb.c(863): AH00848: finished insert, subcache: idx_pos/idx_used=37/33, data_pos/data_used=3299/7344
[Wed Aug 26 01:07:36.115538 2026] [socache_shmcb:debug] [pid 2146631:tid 2146631] mod_socache_shmcb.c(530): AH00834: leaving socache_shmcb_store successfully
[Wed Aug 26 01:07:36.116282 2026] [watchdog:debug] [pid 2146737:tid 2146737] mod_watchdog.c(559): AH02980: Watchdog: nothing configured?
[Wed Aug 26 01:07:36.122543 2026] [ssl:debug] [pid 2146724:tid 2146724] ssl_engine_kernel.c(2082): [client 2401:e180:8992:92c8:d014:363b:1e2b:36da:58830] AH02041: Protocol: TLSv1.3, Cipher: TLS_AES_256_GCM_SHA384 (256/256 bits)
[Wed Aug 26 01:07:36.122570 2026] [socache_shmcb:debug] [pid 2146724:tid 2146724] mod_socache_shmcb.c(508): AH00831: socache_shmcb_store (0x25 -> subcache 5)
[Wed Aug 26 01:07:36.122581 2026] [socache_shmcb:debug] [pid 2146724:tid 2146724] mod_socache_shmcb.c(860): AH00847: insert happened at idx=70, data=(10643:10675)
[Wed Aug 26 01:07:36.122583 2026] [socache_shmcb:debug] [pid 2146724:tid 2146724] mod_socache_shmcb.c(863): AH00848: finished insert, subcache: idx_pos/idx_used=37/34, data_pos/data_used=3299/7570
[Wed Aug 26 01:07:36.122585 2026] [socache_shmcb:debug] [pid 2146724:tid 2146724] mod_socache_shmcb.c(530): AH00834: leaving socache_shmcb_store successfully
[Wed Aug 26 01:07:36.122621 2026] [socache_shmcb:debug] [pid 2146724:tid 2146724] mod_socache_shmcb.c(508): AH00831: socache_shmcb_store (0xf5 -> subcache 21)
[Wed Aug 26 01:07:36.122625 2026] [socache_shmcb:debug] [pid 2146724:tid 2146724] mod_socache_shmcb.c(745): AH00842: expiring 2 and reclaiming 0 removed socache entries
[Wed Aug 26 01:07:36.122627 2026] [socache_shmcb:debug] [pid 2146724:tid 2146724] mod_socache_shmcb.c(765): AH00843: we now have 23 socache entries
[Wed Aug 26 01:07:36.122634 2026] [socache_shmcb:debug] [pid 2146724:tid 2146724] mod_socache_shmcb.c(860): AH00847: insert happened at idx=13, data=(3757:3789)
[Wed Aug 26 01:07:36.122635 2026] [socache_shmcb:debug] [pid 2146724:tid 2146724] mod_socache_shmcb.c(863): AH00848: finished insert, subcache: idx_pos/idx_used=78/24, data_pos/data_used=12445/5401
[Wed Aug 26 01:07:36.122637 2026] [socache_shmcb:debug] [pid 2146724:tid 2146724] mod_socache_shmcb.c(530): AH00834: leaving socache_shmcb_store successfully
[Wed Aug 26 01:07:36.123485 2026] [ssl:debug] [pid 2141975:tid 2141975] ssl_engine_kernel.c(254): [client 2401:e180:8992:92c8:d014:363b:1e2b:36da:58826] AH02034: Initial (No.1) HTTPS request received for child 23 (server 2blog.ilc.edu.tw:443), referer: https://2blog.ilc.edu.tw/3860/2013/04/10/%E5%AE%88%E4%BF%A1-%E8%80%81%E5%AF%A6%E5%AE%88%E4%BF%A1%E8%BC%83%E6%9C%89%E5%BA%95%EF%BC%8C-%E4%BF%A1%E7%94%A8%E7%A0%B4%E7%94%A2%E6%BF%9F%E5%95%8F%E9%A1%8C%EF%BC%8C-%E5%8F%A4%E6%84%8F%E5%BF%A0/
[Wed Aug 26 01:07:36.123648 2026] [authz_core:debug] [pid 2141975:tid 2141975] mod_authz_core.c(815): [client 2401:e180:8992:92c8:d014:363b:1e2b:36da:58826] AH01626: authorization result of Require all granted: granted, referer: https://2blog.ilc.edu.tw/3860/2013/04/10/%E5%AE%88%E4%BF%A1-%E8%80%81%E5%AF%A6%E5%AE%88%E4%BF%A1%E8%BC%83%E6%9C%89%E5%BA%95%EF%BC%8C-%E4%BF%A1%E7%94%A8%E7%A0%B4%E7%94%A2%E6%BF%9F%E5%95%8F%E9%A1%8C%EF%BC%8C-%E5%8F%A4%E6%84%8F%E5%BF%A0/
[Wed Aug 26 01:07:36.123654 2026] [authz_core:debug] [pid 2141975:tid 2141975] mod_authz_core.c(815): [client 2401:e180:8992:92c8:d014:363b:1e2b:36da:58826] AH01626: authorization result of : granted, referer: https://2blog.ilc.edu.tw/3860/2013/04/10/%E5%AE%88%E4%BF%A1-%E8%80%81%E5%AF%A6%E5%AE%88%E4%BF%A1%E8%BC%83%E6%9C%89%E5%BA%95%EF%BC%8C-%E4%BF%A1%E7%94%A8%E7%A0%B4%E7%94%A2%E6%BF%9F%E5%95%8F%E9%A1%8C%EF%BC%8C-%E5%8F%A4%E6%84%8F%E5%BF%A0/
[Wed Aug 26 01:07:36.123788 2026] [authz_core:debug] [pid 2141975:tid 2141975] mod_authz_core.c(815): [client 2401:e180:8992:92c8:d014:363b:1e2b:36da:58826] AH01626: authorization result of Require all granted: granted, referer: https://2blog.ilc.edu.tw/3860/2013/04/10/%E5%AE%88%E4%BF%A1-%E8%80%81%E5%AF%A6%E5%AE%88%E4%BF%A1%E8%BC%83%E6%9C%89%E5%BA%95%EF%BC%8C-%E4%BF%A1%E7%94%A8%E7%A0%B4%E7%94%A2%E6%BF%9F%E5%95%8F%E9%A1%8C%EF%BC%8C-%E5%8F%A4%E6%84%8F%E5%BF%A0/
[Wed Aug 26 01:07:36.123792 2026] [authz_core:debug] [pid 2141975:tid 2141975] mod_authz_core.c(815): [client 2401:e180:8992:92c8:d014:363b:1e2b:36da:58826] AH01626: authorization result of : granted, referer: https://2blog.ilc.edu.tw/3860/2013/04/10/%E5%AE%88%E4%BF%A1-%E8%80%81%E5%AF%A6%E5%AE%88%E4%BF%A1%E8%BC%83%E6%9C%89%E5%BA%95%EF%BC%8C-%E4%BF%A1%E7%94%A8%E7%A0%B4%E7%94%A2%E6%BF%9F%E5%95%8F%E9%A1%8C%EF%BC%8C-%E5%8F%A4%E6%84%8F%E5%BF%A0/
[Wed Aug 26 01:07:36.124648 2026] [ssl:debug] [pid 2146631:tid 2146631] ssl_engine_kernel.c(254): [client 2401:e180:8992:92c8:d014:363b:1e2b:36da:58828] AH02034: Initial (No.1) HTTPS request received for child 8 (server 2blog.ilc.edu.tw:443), referer: https://2blog.ilc.edu.tw/3860/2013/04/10/%E5%AE%88%E4%BF%A1-%E8%80%81%E5%AF%A6%E5%AE%88%E4%BF%A1%E8%BC%83%E6%9C%89%E5%BA%95%EF%BC%8C-%E4%BF%A1%E7%94%A8%E7%A0%B4%E7%94%A2%E6%BF%9F%E5%95%8F%E9%A1%8C%EF%BC%8C-%E5%8F%A4%E6%84%8F%E5%BF%A0/
[Wed Aug 26 01:07:36.124777 2026] [authz_core:debug] [pid 2146631:tid 2146631] mod_authz_core.c(815): [client 2401:e180:8992:92c8:d014:363b:1e2b:36da:58828] AH01626: authorization result of Require all granted: granted, referer: https://2blog.ilc.edu.tw/3860/2013/04/10/%E5%AE%88%E4%BF%A1-%E8%80%81%E5%AF%A6%E5%AE%88%E4%BF%A1%E8%BC%83%E6%9C%89%E5%BA%95%EF%BC%8C-%E4%BF%A1%E7%94%A8%E7%A0%B4%E7%94%A2%E6%BF%9F%E5%95%8F%E9%A1%8C%EF%BC%8C-%E5%8F%A4%E6%84%8F%E5%BF%A0/
[Wed Aug 26 01:07:36.124782 2026] [authz_core:debug] [pid 2146631:tid 2146631] mod_authz_core.c(815): [client 2401:e180:8992:92c8:d014:363b:1e2b:36da:58828] AH01626: authorization result of : granted, referer: https://2blog.ilc.edu.tw/3860/2013/04/10/%E5%AE%88%E4%BF%A1-%E8%80%81%E5%AF%A6%E5%AE%88%E4%BF%A1%E8%BC%83%E6%9C%89%E5%BA%95%EF%BC%8C-%E4%BF%A1%E7%94%A8%E7%A0%B4%E7%94%A2%E6%BF%9F%E5%95%8F%E9%A1%8C%EF%BC%8C-%E5%8F%A4%E6%84%8F%E5%BF%A0/
[Wed Aug 26 01:07:36.124910 2026] [authz_core:debug] [pid 2146631:tid 2146631] mod_authz_core.c(815): [client 2401:e180:8992:92c8:d014:363b:1e2b:36da:58828] AH01626: authorization result of Require all granted: granted, referer: https://2blog.ilc.edu.tw/3860/2013/04/10/%E5%AE%88%E4%BF%A1-%E8%80%81%E5%AF%A6%E5%AE%88%E4%BF%A1%E8%BC%83%E6%9C%89%E5%BA%95%EF%BC%8C-%E4%BF%A1%E7%94%A8%E7%A0%B4%E7%94%A2%E6%BF%9F%E5%95%8F%E9%A1%8C%EF%BC%8C-%E5%8F%A4%E6%84%8F%E5%BF%A0/
[Wed Aug 26 01:07:36.124914 2026] [authz_core:debug] [pid 2146631:tid 2146631] mod_authz_core.c(815): [client 2401:e180:8992:92c8:d014:363b:1e2b:36da:58828] AH01626: authorization result of : granted, referer: https://2blog.ilc.edu.tw/3860/2013/04/10/%E5%AE%88%E4%BF%A1-%E8%80%81%E5%AF%A6%E5%AE%88%E4%BF%A1%E8%BC%83%E6%9C%89%E5%BA%95%EF%BC%8C-%E4%BF%A1%E7%94%A8%E7%A0%B4%E7%94%A2%E6%BF%9F%E5%95%8F%E9%A1%8C%EF%BC%8C-%E5%8F%A4%E6%84%8F%E5%BF%A0/
[Wed Aug 26 01:07:36.125185 2026] [deflate:debug] [pid 2141975:tid 2141975] mod_deflate.c(909): [client 2401:e180:8992:92c8:d014:363b:1e2b:36da:58826] AH01384: Zlib: Compressed 57238 to 12427 : URL /wp-content/cache/2blog.ilc.edu.tw/wpfc-minified/ck0v2a7/5wolc.css, referer: https://2blog.ilc.edu.tw/3860/2013/04/10/%E5%AE%88%E4%BF%A1-%E8%80%81%E5%AF%A6%E5%AE%88%E4%BF%A1%E8%BC%83%E6%9C%89%E5%BA%95%EF%BC%8C-%E4%BF%A1%E7%94%A8%E7%A0%B4%E7%94%A2%E6%BF%9F%E5%95%8F%E9%A1%8C%EF%BC%8C-%E5%8F%A4%E6%84%8F%E5%BF%A0/
[Wed Aug 26 01:07:36.125520 2026] [ssl:debug] [pid 2146724:tid 2146724] ssl_engine_kernel.c(254): [client 2401:e180:8992:92c8:d014:363b:1e2b:36da:58830] AH02034: Initial (No.1) HTTPS request received for child 1 (server 2blog.ilc.edu.tw:443), referer: https://2blog.ilc.edu.tw/3860/2013/04/10/%E5%AE%88%E4%BF%A1-%E8%80%81%E5%AF%A6%E5%AE%88%E4%BF%A1%E8%BC%83%E6%9C%89%E5%BA%95%EF%BC%8C-%E4%BF%A1%E7%94%A8%E7%A0%B4%E7%94%A2%E6%BF%9F%E5%95%8F%E9%A1%8C%EF%BC%8C-%E5%8F%A4%E6%84%8F%E5%BF%A0/
[Wed Aug 26 01:07:36.125632 2026] [authz_core:debug] [pid 2146724:tid 2146724] mod_authz_core.c(815): [client 2401:e180:8992:92c8:d014:363b:1e2b:36da:58830] AH01626: authorization result of Require all granted: granted, referer: https://2blog.ilc.edu.tw/3860/2013/04/10/%E5%AE%88%E4%BF%A1-%E8%80%81%E5%AF%A6%E5%AE%88%E4%BF%A1%E8%BC%83%E6%9C%89%E5%BA%95%EF%BC%8C-%E4%BF%A1%E7%94%A8%E7%A0%B4%E7%94%A2%E6%BF%9F%E5%95%8F%E9%A1%8C%EF%BC%8C-%E5%8F%A4%E6%84%8F%E5%BF%A0/
[Wed Aug 26 01:07:36.125636 2026] [authz_core:debug] [pid 2146724:tid 2146724] mod_authz_core.c(815): [client 2401:e180:8992:92c8:d014:363b:1e2b:36da:58830] AH01626: authorization result of : granted, referer: https://2blog.ilc.edu.tw/3860/2013/04/10/%E5%AE%88%E4%BF%A1-%E8%80%81%E5%AF%A6%E5%AE%88%E4%BF%A1%E8%BC%83%E6%9C%89%E5%BA%95%EF%BC%8C-%E4%BF%A1%E7%94%A8%E7%A0%B4%E7%94%A2%E6%BF%9F%E5%95%8F%E9%A1%8C%EF%BC%8C-%E5%8F%A4%E6%84%8F%E5%BF%A0/
[Wed Aug 26 01:07:36.125918 2026] [authz_core:debug] [pid 2146724:tid 2146724] mod_authz_core.c(815): [client 2401:e180:8992:92c8:d014:363b:1e2b:36da:58830] AH01626: authorization result of Require all granted: granted, referer: https://2blog.ilc.edu.tw/3860/2013/04/10/%E5%AE%88%E4%BF%A1-%E8%80%81%E5%AF%A6%E5%AE%88%E4%BF%A1%E8%BC%83%E6%9C%89%E5%BA%95%EF%BC%8C-%E4%BF%A1%E7%94%A8%E7%A0%B4%E7%94%A2%E6%BF%9F%E5%95%8F%E9%A1%8C%EF%BC%8C-%E5%8F%A4%E6%84%8F%E5%BF%A0/
[Wed Aug 26 01:07:36.125928 2026] [authz_core:debug] [pid 2146724:tid 2146724] mod_authz_core.c(815): [client 2401:e180:8992:92c8:d014:363b:1e2b:36da:58830] AH01626: authorization result of : granted, referer: https://2blog.ilc.edu.tw/3860/2013/04/10/%E5%AE%88%E4%BF%A1-%E8%80%81%E5%AF%A6%E5%AE%88%E4%BF%A1%E8%BC%83%E6%9C%89%E5%BA%95%EF%BC%8C-%E4%BF%A1%E7%94%A8%E7%A0%B4%E7%94%A2%E6%BF%9F%E5%95%8F%E9%A1%8C%EF%BC%8C-%E5%8F%A4%E6%84%8F%E5%BF%A0/
[Wed Aug 26 01:07:36.126246 2026] [deflate:debug] [pid 2146724:tid 2146724] mod_deflate.c(909): [client 2401:e180:8992:92c8:d014:363b:1e2b:36da:58830] AH01384: Zlib: Compressed 1474 to 745 : URL /wp-content/cache/2blog.ilc.edu.tw/wpfc-minified/32nbdzgi/5wolc.js, referer: https://2blog.ilc.edu.tw/3860/2013/04/10/%E5%AE%88%E4%BF%A1-%E8%80%81%E5%AF%A6%E5%AE%88%E4%BF%A1%E8%BC%83%E6%9C%89%E5%BA%95%EF%BC%8C-%E4%BF%A1%E7%94%A8%E7%A0%B4%E7%94%A2%E6%BF%9F%E5%95%8F%E9%A1%8C%EF%BC%8C-%E5%8F%A4%E6%84%8F%E5%BF%A0/
[Wed Aug 26 01:07:36.128524 2026] [ssl:debug] [pid 2146735:tid 2146735] ssl_engine_kernel.c(254): [client 2401:e180:8992:92c8:d014:363b:1e2b:36da:58814] AH02034: Subsequent (No.3) HTTPS request received for child 22 (server 2blog.ilc.edu.tw:443), referer: https://2blog.ilc.edu.tw/3860/2013/04/10/%E5%AE%88%E4%BF%A1-%E8%80%81%E5%AF%A6%E5%AE%88%E4%BF%A1%E8%BC%83%E6%9C%89%E5%BA%95%EF%BC%8C-%E4%BF%A1%E7%94%A8%E7%A0%B4%E7%94%A2%E6%BF%9F%E5%95%8F%E9%A1%8C%EF%BC%8C-%E5%8F%A4%E6%84%8F%E5%BF%A0/
[Wed Aug 26 01:07:36.128704 2026] [authz_core:debug] [pid 2146735:tid 2146735] mod_authz_core.c(815): [client 2401:e180:8992:92c8:d014:363b:1e2b:36da:58814] AH01626: authorization result of Require all granted: granted, referer: https://2blog.ilc.edu.tw/3860/2013/04/10/%E5%AE%88%E4%BF%A1-%E8%80%81%E5%AF%A6%E5%AE%88%E4%BF%A1%E8%BC%83%E6%9C%89%E5%BA%95%EF%BC%8C-%E4%BF%A1%E7%94%A8%E7%A0%B4%E7%94%A2%E6%BF%9F%E5%95%8F%E9%A1%8C%EF%BC%8C-%E5%8F%A4%E6%84%8F%E5%BF%A0/
[Wed Aug 26 01:07:36.128710 2026] [authz_core:debug] [pid 2146735:tid 2146735] mod_authz_core.c(815): [client 2401:e180:8992:92c8:d014:363b:1e2b:36da:58814] AH01626: authorization result of : granted, referer: https://2blog.ilc.edu.tw/3860/2013/04/10/%E5%AE%88%E4%BF%A1-%E8%80%81%E5%AF%A6%E5%AE%88%E4%BF%A1%E8%BC%83%E6%9C%89%E5%BA%95%EF%BC%8C-%E4%BF%A1%E7%94%A8%E7%A0%B4%E7%94%A2%E6%BF%9F%E5%95%8F%E9%A1%8C%EF%BC%8C-%E5%8F%A4%E6%84%8F%E5%BF%A0/
[Wed Aug 26 01:07:36.129234 2026] [authz_core:debug] [pid 2146735:tid 2146735] mod_authz_core.c(815): [client 2401:e180:8992:92c8:d014:363b:1e2b:36da:58814] AH01626: authorization result of Require all granted: granted, referer: https://2blog.ilc.edu.tw/3860/2013/04/10/%E5%AE%88%E4%BF%A1-%E8%80%81%E5%AF%A6%E5%AE%88%E4%BF%A1%E8%BC%83%E6%9C%89%E5%BA%95%EF%BC%8C-%E4%BF%A1%E7%94%A8%E7%A0%B4%E7%94%A2%E6%BF%9F%E5%95%8F%E9%A1%8C%EF%BC%8C-%E5%8F%A4%E6%84%8F%E5%BF%A0/
[Wed Aug 26 01:07:36.129241 2026] [authz_core:debug] [pid 2146735:tid 2146735] mod_authz_core.c(815): [client 2401:e180:8992:92c8:d014:363b:1e2b:36da:58814] AH01626: authorization result of : granted, referer: https://2blog.ilc.edu.tw/3860/2013/04/10/%E5%AE%88%E4%BF%A1-%E8%80%81%E5%AF%A6%E5%AE%88%E4%BF%A1%E8%BC%83%E6%9C%89%E5%BA%95%EF%BC%8C-%E4%BF%A1%E7%94%A8%E7%A0%B4%E7%94%A2%E6%BF%9F%E5%95%8F%E9%A1%8C%EF%BC%8C-%E5%8F%A4%E6%84%8F%E5%BF%A0/
[Wed Aug 26 01:07:36.131488 2026] [deflate:debug] [pid 2146631:tid 2146631] mod_deflate.c(909): [client 2401:e180:8992:92c8:d014:363b:1e2b:36da:58828] AH01384: Zlib: Compressed 172214 to 54712 : URL /wp-content/cache/2blog.ilc.edu.tw/wpfc-minified/dew18x1z/5wolc.js, referer: https://2blog.ilc.edu.tw/3860/2013/04/10/%E5%AE%88%E4%BF%A1-%E8%80%81%E5%AF%A6%E5%AE%88%E4%BF%A1%E8%BC%83%E6%9C%89%E5%BA%95%EF%BC%8C-%E4%BF%A1%E7%94%A8%E7%A0%B4%E7%94%A2%E6%BF%9F%E5%95%8F%E9%A1%8C%EF%BC%8C-%E5%8F%A4%E6%84%8F%E5%BF%A0/
[Wed Aug 26 01:07:36.325670 2026] [ssl:debug] [pid 2146631:tid 2146631] ssl_engine_kernel.c(254): [client 2401:e180:8992:92c8:d014:363b:1e2b:36da:58828] AH02034: Subsequent (No.2) HTTPS request received for child 8 (server 2blog.ilc.edu.tw:443), referer: https://2blog.ilc.edu.tw/3860/2013/04/10/%E5%AE%88%E4%BF%A1-%E8%80%81%E5%AF%A6%E5%AE%88%E4%BF%A1%E8%BC%83%E6%9C%89%E5%BA%95%EF%BC%8C-%E4%BF%A1%E7%94%A8%E7%A0%B4%E7%94%A2%E6%BF%9F%E5%95%8F%E9%A1%8C%EF%BC%8C-%E5%8F%A4%E6%84%8F%E5%BF%A0/
[Wed Aug 26 01:07:36.325852 2026] [authz_core:debug] [pid 2146631:tid 2146631] mod_authz_core.c(815): [client 2401:e180:8992:92c8:d014:363b:1e2b:36da:58828] AH01626: authorization result of Require all granted: granted, referer: https://2blog.ilc.edu.tw/3860/2013/04/10/%E5%AE%88%E4%BF%A1-%E8%80%81%E5%AF%A6%E5%AE%88%E4%BF%A1%E8%BC%83%E6%9C%89%E5%BA%95%EF%BC%8C-%E4%BF%A1%E7%94%A8%E7%A0%B4%E7%94%A2%E6%BF%9F%E5%95%8F%E9%A1%8C%EF%BC%8C-%E5%8F%A4%E6%84%8F%E5%BF%A0/
[Wed Aug 26 01:07:36.325865 2026] [authz_core:debug] [pid 2146631:tid 2146631] mod_authz_core.c(815): [client 2401:e180:8992:92c8:d014:363b:1e2b:36da:58828] AH01626: authorization result of : granted, referer: https://2blog.ilc.edu.tw/3860/2013/04/10/%E5%AE%88%E4%BF%A1-%E8%80%81%E5%AF%A6%E5%AE%88%E4%BF%A1%E8%BC%83%E6%9C%89%E5%BA%95%EF%BC%8C-%E4%BF%A1%E7%94%A8%E7%A0%B4%E7%94%A2%E6%BF%9F%E5%95%8F%E9%A1%8C%EF%BC%8C-%E5%8F%A4%E6%84%8F%E5%BF%A0/
[Wed Aug 26 01:07:36.326048 2026] [authz_core:debug] [pid 2146631:tid 2146631] mod_authz_core.c(815): [client 2401:e180:8992:92c8:d014:363b:1e2b:36da:58828] AH01626: authorization result of Require all granted: granted, referer: https://2blog.ilc.edu.tw/3860/2013/04/10/%E5%AE%88%E4%BF%A1-%E8%80%81%E5%AF%A6%E5%AE%88%E4%BF%A1%E8%BC%83%E6%9C%89%E5%BA%95%EF%BC%8C-%E4%BF%A1%E7%94%A8%E7%A0%B4%E7%94%A2%E6%BF%9F%E5%95%8F%E9%A1%8C%EF%BC%8C-%E5%8F%A4%E6%84%8F%E5%BF%A0/
[Wed Aug 26 01:07:36.326055 2026] [authz_core:debug] [pid 2146631:tid 2146631] mod_authz_core.c(815): [client 2401:e180:8992:92c8:d014:363b:1e2b:36da:58828] AH01626: authorization result of : granted, referer: https://2blog.ilc.edu.tw/3860/2013/04/10/%E5%AE%88%E4%BF%A1-%E8%80%81%E5%AF%A6%E5%AE%88%E4%BF%A1%E8%BC%83%E6%9C%89%E5%BA%95%EF%BC%8C-%E4%BF%A1%E7%94%A8%E7%A0%B4%E7%94%A2%E6%BF%9F%E5%95%8F%E9%A1%8C%EF%BC%8C-%E5%8F%A4%E6%84%8F%E5%BF%A0/
[Wed Aug 26 01:07:36.341720 2026] [ssl:debug] [pid 2141975:tid 2141975] ssl_engine_kernel.c(254): [client 2401:e180:8992:92c8:d014:363b:1e2b:36da:58826] AH02034: Subsequent (No.2) HTTPS request received for child 23 (server 2blog.ilc.edu.tw:443), referer: https://2blog.ilc.edu.tw/3860/2013/04/10/%E5%AE%88%E4%BF%A1-%E8%80%81%E5%AF%A6%E5%AE%88%E4%BF%A1%E8%BC%83%E6%9C%89%E5%BA%95%EF%BC%8C-%E4%BF%A1%E7%94%A8%E7%A0%B4%E7%94%A2%E6%BF%9F%E5%95%8F%E9%A1%8C%EF%BC%8C-%E5%8F%A4%E6%84%8F%E5%BF%A0/
[Wed Aug 26 01:07:36.341888 2026] [authz_core:debug] [pid 2141975:tid 2141975] mod_authz_core.c(815): [client 2401:e180:8992:92c8:d014:363b:1e2b:36da:58826] AH01626: authorization result of Require all granted: granted, referer: https://2blog.ilc.edu.tw/3860/2013/04/10/%E5%AE%88%E4%BF%A1-%E8%80%81%E5%AF%A6%E5%AE%88%E4%BF%A1%E8%BC%83%E6%9C%89%E5%BA%95%EF%BC%8C-%E4%BF%A1%E7%94%A8%E7%A0%B4%E7%94%A2%E6%BF%9F%E5%95%8F%E9%A1%8C%EF%BC%8C-%E5%8F%A4%E6%84%8F%E5%BF%A0/
[Wed Aug 26 01:07:36.341894 2026] [authz_core:debug] [pid 2141975:tid 2141975] mod_authz_core.c(815): [client 2401:e180:8992:92c8:d014:363b:1e2b:36da:58826] AH01626: authorization result of : granted, referer: https://2blog.ilc.edu.tw/3860/2013/04/10/%E5%AE%88%E4%BF%A1-%E8%80%81%E5%AF%A6%E5%AE%88%E4%BF%A1%E8%BC%83%E6%9C%89%E5%BA%95%EF%BC%8C-%E4%BF%A1%E7%94%A8%E7%A0%B4%E7%94%A2%E6%BF%9F%E5%95%8F%E9%A1%8C%EF%BC%8C-%E5%8F%A4%E6%84%8F%E5%BF%A0/
[Wed Aug 26 01:07:36.342018 2026] [authz_core:debug] [pid 2141975:tid 2141975] mod_authz_core.c(815): [client 2401:e180:8992:92c8:d014:363b:1e2b:36da:58826] AH01626: authorization result of Require all granted: granted, referer: https://2blog.ilc.edu.tw/3860/2013/04/10/%E5%AE%88%E4%BF%A1-%E8%80%81%E5%AF%A6%E5%AE%88%E4%BF%A1%E8%BC%83%E6%9C%89%E5%BA%95%EF%BC%8C-%E4%BF%A1%E7%94%A8%E7%A0%B4%E7%94%A2%E6%BF%9F%E5%95%8F%E9%A1%8C%EF%BC%8C-%E5%8F%A4%E6%84%8F%E5%BF%A0/
[Wed Aug 26 01:07:36.342022 2026] [authz_core:debug] [pid 2141975:tid 2141975] mod_authz_core.c(815): [client 2401:e180:8992:92c8:d014:363b:1e2b:36da:58826] AH01626: authorization result of : granted, referer: https://2blog.ilc.edu.tw/3860/2013/04/10/%E5%AE%88%E4%BF%A1-%E8%80%81%E5%AF%A6%E5%AE%88%E4%BF%A1%E8%BC%83%E6%9C%89%E5%BA%95%EF%BC%8C-%E4%BF%A1%E7%94%A8%E7%A0%B4%E7%94%A2%E6%BF%9F%E5%95%8F%E9%A1%8C%EF%BC%8C-%E5%8F%A4%E6%84%8F%E5%BF%A0/
[Wed Aug 26 01:07:36.342128 2026] [deflate:debug] [pid 2141975:tid 2141975] mod_deflate.c(909): [client 2401:e180:8992:92c8:d014:363b:1e2b:36da:58826] AH01384: Zlib: Compressed 1718 to 700 : URL /wp-includes/js/hoverintent-js.min.js, referer: https://2blog.ilc.edu.tw/3860/2013/04/10/%E5%AE%88%E4%BF%A1-%E8%80%81%E5%AF%A6%E5%AE%88%E4%BF%A1%E8%BC%83%E6%9C%89%E5%BA%95%EF%BC%8C-%E4%BF%A1%E7%94%A8%E7%A0%B4%E7%94%A2%E6%BF%9F%E5%95%8F%E9%A1%8C%EF%BC%8C-%E5%8F%A4%E6%84%8F%E5%BF%A0/
[Wed Aug 26 01:07:36.349604 2026] [ssl:debug] [pid 2146714:tid 2146714] ssl_engine_kernel.c(254): [client 2401:e180:8992:92c8:d014:363b:1e2b:36da:58824] AH02034: Subsequent (No.2) HTTPS request received for child 11 (server 2blog.ilc.edu.tw:443), referer: https://2blog.ilc.edu.tw/3860/2013/04/10/%E5%AE%88%E4%BF%A1-%E8%80%81%E5%AF%A6%E5%AE%88%E4%BF%A1%E8%BC%83%E6%9C%89%E5%BA%95%EF%BC%8C-%E4%BF%A1%E7%94%A8%E7%A0%B4%E7%94%A2%E6%BF%9F%E5%95%8F%E9%A1%8C%EF%BC%8C-%E5%8F%A4%E6%84%8F%E5%BF%A0/
[Wed Aug 26 01:07:36.349770 2026] [authz_core:debug] [pid 2146714:tid 2146714] mod_authz_core.c(815): [client 2401:e180:8992:92c8:d014:363b:1e2b:36da:58824] AH01626: authorization result of Require all granted: granted, referer: https://2blog.ilc.edu.tw/3860/2013/04/10/%E5%AE%88%E4%BF%A1-%E8%80%81%E5%AF%A6%E5%AE%88%E4%BF%A1%E8%BC%83%E6%9C%89%E5%BA%95%EF%BC%8C-%E4%BF%A1%E7%94%A8%E7%A0%B4%E7%94%A2%E6%BF%9F%E5%95%8F%E9%A1%8C%EF%BC%8C-%E5%8F%A4%E6%84%8F%E5%BF%A0/
[Wed Aug 26 01:07:36.349775 2026] [authz_core:debug] [pid 2146714:tid 2146714] mod_authz_core.c(815): [client 2401:e180:8992:92c8:d014:363b:1e2b:36da:58824] AH01626: authorization result of : granted, referer: https://2blog.ilc.edu.tw/3860/2013/04/10/%E5%AE%88%E4%BF%A1-%E8%80%81%E5%AF%A6%E5%AE%88%E4%BF%A1%E8%BC%83%E6%9C%89%E5%BA%95%EF%BC%8C-%E4%BF%A1%E7%94%A8%E7%A0%B4%E7%94%A2%E6%BF%9F%E5%95%8F%E9%A1%8C%EF%BC%8C-%E5%8F%A4%E6%84%8F%E5%BF%A0/
[Wed Aug 26 01:07:36.349896 2026] [authz_core:debug] [pid 2146714:tid 2146714] mod_authz_core.c(815): [client 2401:e180:8992:92c8:d014:363b:1e2b:36da:58824] AH01626: authorization result of Require all granted: granted, referer: https://2blog.ilc.edu.tw/3860/2013/04/10/%E5%AE%88%E4%BF%A1-%E8%80%81%E5%AF%A6%E5%AE%88%E4%BF%A1%E8%BC%83%E6%9C%89%E5%BA%95%EF%BC%8C-%E4%BF%A1%E7%94%A8%E7%A0%B4%E7%94%A2%E6%BF%9F%E5%95%8F%E9%A1%8C%EF%BC%8C-%E5%8F%A4%E6%84%8F%E5%BF%A0/
[Wed Aug 26 01:07:36.349900 2026] [authz_core:debug] [pid 2146714:tid 2146714] mod_authz_core.c(815): [client 2401:e180:8992:92c8:d014:363b:1e2b:36da:58824] AH01626: authorization result of : granted, referer: https://2blog.ilc.edu.tw/3860/2013/04/10/%E5%AE%88%E4%BF%A1-%E8%80%81%E5%AF%A6%E5%AE%88%E4%BF%A1%E8%BC%83%E6%9C%89%E5%BA%95%EF%BC%8C-%E4%BF%A1%E7%94%A8%E7%A0%B4%E7%94%A2%E6%BF%9F%E5%95%8F%E9%A1%8C%EF%BC%8C-%E5%8F%A4%E6%84%8F%E5%BF%A0/
[Wed Aug 26 01:07:36.350048 2026] [deflate:debug] [pid 2146714:tid 2146714] mod_deflate.c(909): [client 2401:e180:8992:92c8:d014:363b:1e2b:36da:58824] AH01384: Zlib: Compressed 3487 to 1339 : URL /wp-includes/js/admin-bar.min.js, referer: https://2blog.ilc.edu.tw/3860/2013/04/10/%E5%AE%88%E4%BF%A1-%E8%80%81%E5%AF%A6%E5%AE%88%E4%BF%A1%E8%BC%83%E6%9C%89%E5%BA%95%EF%BC%8C-%E4%BF%A1%E7%94%A8%E7%A0%B4%E7%94%A2%E6%BF%9F%E5%95%8F%E9%A1%8C%EF%BC%8C-%E5%8F%A4%E6%84%8F%E5%BF%A0/
[Wed Aug 26 01:07:36.384390 2026] [ssl:info] [pid 2146633:tid 2146633] [client 34.30.223.149:55808] AH01964: Connection to child 10 established (server 2blog.ilc.edu.tw:443)
[Wed Aug 26 01:07:36.384516 2026] [ssl:info] [pid 2146633:tid 2146633] (70014)End of file found: [client 34.30.223.149:55808] AH02006: SSL handshake stopped: connection was closed
[Wed Aug 26 01:07:36.384522 2026] [ssl:info] [pid 2146633:tid 2146633] [client 34.30.223.149:55808] AH01998: Connection closed to child 10 with abortive shutdown (server 2blog.ilc.edu.tw:443)
[Wed Aug 26 01:07:36.390578 2026] [ssl:debug] [pid 2146714:tid 2146714] ssl_engine_kernel.c(254): [client 2401:e180:8992:92c8:d014:363b:1e2b:36da:58824] AH02034: Subsequent (No.3) HTTPS request received for child 11 (server 2blog.ilc.edu.tw:443), referer: https://2blog.ilc.edu.tw/3860/wp-content/cache/2blog.ilc.edu.tw/wpfc-minified/2n9laxoh/5wolc.css
[Wed Aug 26 01:07:36.390731 2026] [authz_core:debug] [pid 2146714:tid 2146714] mod_authz_core.c(815): [client 2401:e180:8992:92c8:d014:363b:1e2b:36da:58824] AH01626: authorization result of Require all granted: granted, referer: https://2blog.ilc.edu.tw/3860/wp-content/cache/2blog.ilc.edu.tw/wpfc-minified/2n9laxoh/5wolc.css
[Wed Aug 26 01:07:36.390742 2026] [authz_core:debug] [pid 2146714:tid 2146714] mod_authz_core.c(815): [client 2401:e180:8992:92c8:d014:363b:1e2b:36da:58824] AH01626: authorization result of : granted, referer: https://2blog.ilc.edu.tw/3860/wp-content/cache/2blog.ilc.edu.tw/wpfc-minified/2n9laxoh/5wolc.css
[Wed Aug 26 01:07:36.390866 2026] [authz_core:debug] [pid 2146714:tid 2146714] mod_authz_core.c(815): [client 2401:e180:8992:92c8:d014:363b:1e2b:36da:58824] AH01626: authorization result of Require all granted: granted, referer: https://2blog.ilc.edu.tw/3860/wp-content/cache/2blog.ilc.edu.tw/wpfc-minified/2n9laxoh/5wolc.css
[Wed Aug 26 01:07:36.390870 2026] [authz_core:debug] [pid 2146714:tid 2146714] mod_authz_core.c(815): [client 2401:e180:8992:92c8:d014:363b:1e2b:36da:58824] AH01626: authorization result of : granted, referer: https://2blog.ilc.edu.tw/3860/wp-content/cache/2blog.ilc.edu.tw/wpfc-minified/2n9laxoh/5wolc.css
[Wed Aug 26 01:07:36.477645 2026] [ssl:debug] [pid 2146722:tid 2146722] ssl_engine_io.c(1150): [client 240e:90e:2000:2006::1289:26334] AH02001: Connection closed to child 0 with standard shutdown (server www.dhes.ilc.edu.tw:443)
[Wed Aug 26 01:07:37.045726 2026] [ssl:debug] [pid 2146631:tid 2146631] ssl_engine_kernel.c(254): [client 2401:e180:8992:92c8:d014:363b:1e2b:36da:58828] AH02034: Subsequent (No.3) HTTPS request received for child 8 (server 2blog.ilc.edu.tw:443), referer: https://2blog.ilc.edu.tw/3860/2013/04/10/%E5%AE%88%E4%BF%A1-%E8%80%81%E5%AF%A6%E5%AE%88%E4%BF%A1%E8%BC%83%E6%9C%89%E5%BA%95%EF%BC%8C-%E4%BF%A1%E7%94%A8%E7%A0%B4%E7%94%A2%E6%BF%9F%E5%95%8F%E9%A1%8C%EF%BC%8C-%E5%8F%A4%E6%84%8F%E5%BF%A0/
[Wed Aug 26 01:07:37.045921 2026] [authz_core:debug] [pid 2146631:tid 2146631] mod_authz_core.c(815): [client 2401:e180:8992:92c8:d014:363b:1e2b:36da:58828] AH01626: authorization result of Require all granted: granted, referer: https://2blog.ilc.edu.tw/3860/2013/04/10/%E5%AE%88%E4%BF%A1-%E8%80%81%E5%AF%A6%E5%AE%88%E4%BF%A1%E8%BC%83%E6%9C%89%E5%BA%95%EF%BC%8C-%E4%BF%A1%E7%94%A8%E7%A0%B4%E7%94%A2%E6%BF%9F%E5%95%8F%E9%A1%8C%EF%BC%8C-%E5%8F%A4%E6%84%8F%E5%BF%A0/
[Wed Aug 26 01:07:37.045927 2026] [authz_core:debug] [pid 2146631:tid 2146631] mod_authz_core.c(815): [client 2401:e180:8992:92c8:d014:363b:1e2b:36da:58828] AH01626: authorization result of : granted, referer: https://2blog.ilc.edu.tw/3860/2013/04/10/%E5%AE%88%E4%BF%A1-%E8%80%81%E5%AF%A6%E5%AE%88%E4%BF%A1%E8%BC%83%E6%9C%89%E5%BA%95%EF%BC%8C-%E4%BF%A1%E7%94%A8%E7%A0%B4%E7%94%A2%E6%BF%9F%E5%95%8F%E9%A1%8C%EF%BC%8C-%E5%8F%A4%E6%84%8F%E5%BF%A0/
[Wed Aug 26 01:07:37.046417 2026] [authz_core:debug] [pid 2146631:tid 2146631] mod_authz_core.c(815): [client 2401:e180:8992:92c8:d014:363b:1e2b:36da:58828] AH01626: authorization result of Require all granted: granted, referer: https://2blog.ilc.edu.tw/3860/2013/04/10/%E5%AE%88%E4%BF%A1-%E8%80%81%E5%AF%A6%E5%AE%88%E4%BF%A1%E8%BC%83%E6%9C%89%E5%BA%95%EF%BC%8C-%E4%BF%A1%E7%94%A8%E7%A0%B4%E7%94%A2%E6%BF%9F%E5%95%8F%E9%A1%8C%EF%BC%8C-%E5%8F%A4%E6%84%8F%E5%BF%A0/
[Wed Aug 26 01:07:37.046426 2026] [authz_core:debug] [pid 2146631:tid 2146631] mod_authz_core.c(815): [client 2401:e180:8992:92c8:d014:363b:1e2b:36da:58828] AH01626: authorization result of : granted, referer: https://2blog.ilc.edu.tw/3860/2013/04/10/%E5%AE%88%E4%BF%A1-%E8%80%81%E5%AF%A6%E5%AE%88%E4%BF%A1%E8%BC%83%E6%9C%89%E5%BA%95%EF%BC%8C-%E4%BF%A1%E7%94%A8%E7%A0%B4%E7%94%A2%E6%BF%9F%E5%95%8F%E9%A1%8C%EF%BC%8C-%E5%8F%A4%E6%84%8F%E5%BF%A0/
[Wed Aug 26 01:07:37.054645 2026] [ssl:debug] [pid 2146714:tid 2146714] ssl_engine_kernel.c(254): [client 2401:e180:8992:92c8:d014:363b:1e2b:36da:58824] AH02034: Subsequent (No.4) HTTPS request received for child 11 (server 2blog.ilc.edu.tw:443), referer: https://2blog.ilc.edu.tw/3860/2013/04/10/%E5%AE%88%E4%BF%A1-%E8%80%81%E5%AF%A6%E5%AE%88%E4%BF%A1%E8%BC%83%E6%9C%89%E5%BA%95%EF%BC%8C-%E4%BF%A1%E7%94%A8%E7%A0%B4%E7%94%A2%E6%BF%9F%E5%95%8F%E9%A1%8C%EF%BC%8C-%E5%8F%A4%E6%84%8F%E5%BF%A0/
[Wed Aug 26 01:07:37.054837 2026] [authz_core:debug] [pid 2146714:tid 2146714] mod_authz_core.c(815): [client 2401:e180:8992:92c8:d014:363b:1e2b:36da:58824] AH01626: authorization result of Require all granted: granted, referer: https://2blog.ilc.edu.tw/3860/2013/04/10/%E5%AE%88%E4%BF%A1-%E8%80%81%E5%AF%A6%E5%AE%88%E4%BF%A1%E8%BC%83%E6%9C%89%E5%BA%95%EF%BC%8C-%E4%BF%A1%E7%94%A8%E7%A0%B4%E7%94%A2%E6%BF%9F%E5%95%8F%E9%A1%8C%EF%BC%8C-%E5%8F%A4%E6%84%8F%E5%BF%A0/
[Wed Aug 26 01:07:37.054842 2026] [authz_core:debug] [pid 2146714:tid 2146714] mod_authz_core.c(815): [client 2401:e180:8992:92c8:d014:363b:1e2b:36da:58824] AH01626: authorization result of : granted, referer: https://2blog.ilc.edu.tw/3860/2013/04/10/%E5%AE%88%E4%BF%A1-%E8%80%81%E5%AF%A6%E5%AE%88%E4%BF%A1%E8%BC%83%E6%9C%89%E5%BA%95%EF%BC%8C-%E4%BF%A1%E7%94%A8%E7%A0%B4%E7%94%A2%E6%BF%9F%E5%95%8F%E9%A1%8C%EF%BC%8C-%E5%8F%A4%E6%84%8F%E5%BF%A0/
[Wed Aug 26 01:07:37.055251 2026] [authz_core:debug] [pid 2146714:tid 2146714] mod_authz_core.c(815): [client 2401:e180:8992:92c8:d014:363b:1e2b:36da:58824] AH01626: authorization result of Require all granted: granted, referer: https://2blog.ilc.edu.tw/3860/2013/04/10/%E5%AE%88%E4%BF%A1-%E8%80%81%E5%AF%A6%E5%AE%88%E4%BF%A1%E8%BC%83%E6%9C%89%E5%BA%95%EF%BC%8C-%E4%BF%A1%E7%94%A8%E7%A0%B4%E7%94%A2%E6%BF%9F%E5%95%8F%E9%A1%8C%EF%BC%8C-%E5%8F%A4%E6%84%8F%E5%BF%A0/
[Wed Aug 26 01:07:37.055259 2026] [authz_core:debug] [pid 2146714:tid 2146714] mod_authz_core.c(815): [client 2401:e180:8992:92c8:d014:363b:1e2b:36da:58824] AH01626: authorization result of : granted, referer: https://2blog.ilc.edu.tw/3860/2013/04/10/%E5%AE%88%E4%BF%A1-%E8%80%81%E5%AF%A6%E5%AE%88%E4%BF%A1%E8%BC%83%E6%9C%89%E5%BA%95%EF%BC%8C-%E4%BF%A1%E7%94%A8%E7%A0%B4%E7%94%A2%E6%BF%9F%E5%95%8F%E9%A1%8C%EF%BC%8C-%E5%8F%A4%E6%84%8F%E5%BF%A0/
[Wed Aug 26 01:07:37.235349 2026] [ssl:info] [pid 2146737:tid 2146737] [client 192.210.186.116:51126] AH01964: Connection to child 24 established (server 2blog.ilc.edu.tw:443)
[Wed Aug 26 01:07:37.235804 2026] [ssl:debug] [pid 2146737:tid 2146737] ssl_engine_kernel.c(2222): [client 192.210.186.116:51126] AH02043: SSL virtual host for servername www.ilc.edu.tw found
[Wed Aug 26 01:07:37.294873 2026] [ssl:debug] [pid 2146628:tid 2146628] ssl_engine_io.c(1150): [client 34.123.149.87:62976] AH02001: Connection closed to child 4 with standard shutdown (server 2blog.ilc.edu.tw:443)
[Wed Aug 26 01:07:37.580439 2026] [ssl:debug] [pid 2146737:tid 2146737] ssl_engine_kernel.c(2082): [client 192.210.186.116:51126] AH02041: Protocol: TLSv1.3, Cipher: TLS_AES_256_GCM_SHA384 (256/256 bits)
[Wed Aug 26 01:07:37.580521 2026] [socache_shmcb:debug] [pid 2146737:tid 2146737] mod_socache_shmcb.c(508): AH00831: socache_shmcb_store (0x81 -> subcache 1)
