[Wed Aug 26 00:56:12.928217 2026] [socache_shmcb:debug] [pid 2132401:tid 2132401] mod_socache_shmcb.c(863): AH00848: finished insert, subcache: idx_pos/idx_used=18/23, data_pos/data_used=12892/5162
[Wed Aug 26 00:56:12.928219 2026] [socache_shmcb:debug] [pid 2132401:tid 2132401] mod_socache_shmcb.c(530): AH00834: leaving socache_shmcb_store successfully
[Wed Aug 26 00:56:12.928264 2026] [socache_shmcb:debug] [pid 2132401:tid 2132401] mod_socache_shmcb.c(508): AH00831: socache_shmcb_store (0x4c -> subcache 12)
[Wed Aug 26 00:56:12.928277 2026] [socache_shmcb:debug] [pid 2132401:tid 2132401] mod_socache_shmcb.c(860): AH00847: insert happened at idx=4, data=(9790:9822)
[Wed Aug 26 00:56:12.928278 2026] [socache_shmcb:debug] [pid 2132401:tid 2132401] mod_socache_shmcb.c(863): AH00848: finished insert, subcache: idx_pos/idx_used=62/31, data_pos/data_used=3125/6893
[Wed Aug 26 00:56:12.928280 2026] [socache_shmcb:debug] [pid 2132401:tid 2132401] mod_socache_shmcb.c(530): AH00834: leaving socache_shmcb_store successfully
[Wed Aug 26 00:56:12.928389 2026] [ssl:debug] [pid 2132401:tid 2132401] ssl_engine_kernel.c(254): [client 2409:8c54:3810:d:203:0:200:118:50356] AH02034: Initial (No.1) HTTPS request received for child 4 (server www.ytes.ilc.edu.tw:443), referer: https://www.ytes.ilc.edu.tw/author/t870513/
[Wed Aug 26 00:56:12.929382 2026] [authz_core:debug] [pid 2132401:tid 2132401] mod_authz_core.c(815): [client 2409:8c54:3810:d:203:0:200:118:50356] AH01626: authorization result of Require all granted: granted, referer: https://www.ytes.ilc.edu.tw/author/t870513/
[Wed Aug 26 00:56:12.929390 2026] [authz_core:debug] [pid 2132401:tid 2132401] mod_authz_core.c(815): [client 2409:8c54:3810:d:203:0:200:118:50356] AH01626: authorization result of : granted, referer: https://www.ytes.ilc.edu.tw/author/t870513/
[Wed Aug 26 00:56:12.930191 2026] [ssl:debug] [pid 2136944:tid 2136944] ssl_engine_kernel.c(2082): [client 2409:8c54:3810:d:203:0:200:118:50362] AH02041: Protocol: TLSv1.3, Cipher: TLS_AES_256_GCM_SHA384 (256/256 bits)
[Wed Aug 26 00:56:12.930229 2026] [socache_shmcb:debug] [pid 2136944:tid 2136944] mod_socache_shmcb.c(508): AH00831: socache_shmcb_store (0xe1 -> subcache 1)
[Wed Aug 26 00:56:12.930233 2026] [socache_shmcb:debug] [pid 2136944:tid 2136944] mod_socache_shmcb.c(745): AH00842: expiring 1 and reclaiming 0 removed socache entries
[Wed Aug 26 00:56:12.930236 2026] [socache_shmcb:debug] [pid 2136944:tid 2136944] mod_socache_shmcb.c(765): AH00843: we now have 33 socache entries
[Wed Aug 26 00:56:12.930238 2026] [socache_shmcb:debug] [pid 2136944:tid 2136944] mod_socache_shmcb.c(860): AH00847: insert happened at idx=35, data=(2895:2927)
[Wed Aug 26 00:56:12.930240 2026] [socache_shmcb:debug] [pid 2136944:tid 2136944] mod_socache_shmcb.c(863): AH00848: finished insert, subcache: idx_pos/idx_used=2/34, data_pos/data_used=9391/7597
[Wed Aug 26 00:56:12.930242 2026] [socache_shmcb:debug] [pid 2136944:tid 2136944] mod_socache_shmcb.c(530): AH00834: leaving socache_shmcb_store successfully
[Wed Aug 26 00:56:12.930397 2026] [ssl:debug] [pid 2136944:tid 2136944] ssl_engine_kernel.c(254): [client 2409:8c54:3810:d:203:0:200:118:50362] AH02034: Initial (No.1) HTTPS request received for child 7 (server www.ytes.ilc.edu.tw:443), referer: https://www.ytes.ilc.edu.tw/author/t870513/
[Wed Aug 26 00:56:12.931239 2026] [authz_core:debug] [pid 2136944:tid 2136944] mod_authz_core.c(815): [client 2409:8c54:3810:d:203:0:200:118:50362] AH01626: authorization result of Require all granted: granted, referer: https://www.ytes.ilc.edu.tw/author/t870513/
[Wed Aug 26 00:56:12.931247 2026] [authz_core:debug] [pid 2136944:tid 2136944] mod_authz_core.c(815): [client 2409:8c54:3810:d:203:0:200:118:50362] AH01626: authorization result of : granted, referer: https://www.ytes.ilc.edu.tw/author/t870513/
[Wed Aug 26 00:56:12.932015 2026] [deflate:debug] [pid 2136944:tid 2136944] mod_deflate.c(909): [client 2409:8c54:3810:d:203:0:200:118:50362] AH01384: Zlib: Compressed 486 to 267 : URL /wp-content/cache/www.ytes.ilc.edu.tw/wpfc-minified/2psgi52s/6w73.css, referer: https://www.ytes.ilc.edu.tw/author/t870513/
[Wed Aug 26 00:56:12.935192 2026] [ssl:debug] [pid 2136945:tid 2136945] ssl_engine_kernel.c(2082): [client 2409:8c54:3810:d:203:0:200:118:50364] AH02041: Protocol: TLSv1.3, Cipher: TLS_AES_256_GCM_SHA384 (256/256 bits)
[Wed Aug 26 00:56:12.935257 2026] [socache_shmcb:debug] [pid 2136945:tid 2136945] mod_socache_shmcb.c(508): AH00831: socache_shmcb_store (0x17 -> subcache 23)
[Wed Aug 26 00:56:12.935269 2026] [socache_shmcb:debug] [pid 2136945:tid 2136945] mod_socache_shmcb.c(745): AH00842: expiring 1 and reclaiming 0 removed socache entries
[Wed Aug 26 00:56:12.935272 2026] [socache_shmcb:debug] [pid 2136945:tid 2136945] mod_socache_shmcb.c(765): AH00843: we now have 34 socache entries
[Wed Aug 26 00:56:12.935274 2026] [socache_shmcb:debug] [pid 2136945:tid 2136945] mod_socache_shmcb.c(860): AH00847: insert happened at idx=34, data=(2845:2877)
[Wed Aug 26 00:56:12.935276 2026] [socache_shmcb:debug] [pid 2136945:tid 2136945] mod_socache_shmcb.c(863): AH00848: finished insert, subcache: idx_pos/idx_used=0/35, data_pos/data_used=9116/7822
[Wed Aug 26 00:56:12.935278 2026] [socache_shmcb:debug] [pid 2136945:tid 2136945] mod_socache_shmcb.c(530): AH00834: leaving socache_shmcb_store successfully
[Wed Aug 26 00:56:12.935333 2026] [socache_shmcb:debug] [pid 2136945:tid 2136945] mod_socache_shmcb.c(508): AH00831: socache_shmcb_store (0x56 -> subcache 22)
[Wed Aug 26 00:56:12.935338 2026] [socache_shmcb:debug] [pid 2136945:tid 2136945] mod_socache_shmcb.c(860): AH00847: insert happened at idx=56, data=(7357:7389)
[Wed Aug 26 00:56:12.935340 2026] [socache_shmcb:debug] [pid 2136945:tid 2136945] mod_socache_shmcb.c(863): AH00848: finished insert, subcache: idx_pos/idx_used=16/41, data_pos/data_used=12256/9194
[Wed Aug 26 00:56:12.935342 2026] [socache_shmcb:debug] [pid 2136945:tid 2136945] mod_socache_shmcb.c(530): AH00834: leaving socache_shmcb_store successfully
[Wed Aug 26 00:56:12.935539 2026] [ssl:debug] [pid 2136945:tid 2136945] ssl_engine_kernel.c(254): [client 2409:8c54:3810:d:203:0:200:118:50364] AH02034: Initial (No.1) HTTPS request received for child 11 (server www.ytes.ilc.edu.tw:443), referer: https://www.ytes.ilc.edu.tw/author/t870513/
[Wed Aug 26 00:56:12.936760 2026] [authz_core:debug] [pid 2136945:tid 2136945] mod_authz_core.c(815): [client 2409:8c54:3810:d:203:0:200:118:50364] AH01626: authorization result of Require all granted: granted, referer: https://www.ytes.ilc.edu.tw/author/t870513/
[Wed Aug 26 00:56:12.936769 2026] [authz_core:debug] [pid 2136945:tid 2136945] mod_authz_core.c(815): [client 2409:8c54:3810:d:203:0:200:118:50364] AH01626: authorization result of : granted, referer: https://www.ytes.ilc.edu.tw/author/t870513/
[Wed Aug 26 00:56:12.937990 2026] [deflate:debug] [pid 2136945:tid 2136945] mod_deflate.c(909): [client 2409:8c54:3810:d:203:0:200:118:50364] AH01384: Zlib: Compressed 15592 to 3431 : URL /wp-content/cache/www.ytes.ilc.edu.tw/wpfc-minified/ke29ag0o/6w73.css, referer: https://www.ytes.ilc.edu.tw/author/t870513/
[Wed Aug 26 00:56:12.938033 2026] [deflate:debug] [pid 2132401:tid 2132401] mod_deflate.c(909): [client 2409:8c54:3810:d:203:0:200:118:50356] AH01384: Zlib: Compressed 352374 to 60214 : URL /wp-content/cache/www.ytes.ilc.edu.tw/wpfc-minified/m8xd33fs/6w73.css, referer: https://www.ytes.ilc.edu.tw/author/t870513/
[Wed Aug 26 00:56:12.939760 2026] [ssl:debug] [pid 2132184:tid 2132184] ssl_engine_kernel.c(2082): [client 2409:8c54:3810:d:203:0:200:118:50360] AH02041: Protocol: TLSv1.3, Cipher: TLS_AES_256_GCM_SHA384 (256/256 bits)
[Wed Aug 26 00:56:12.939801 2026] [socache_shmcb:debug] [pid 2132184:tid 2132184] mod_socache_shmcb.c(508): AH00831: socache_shmcb_store (0x0d -> subcache 13)
[Wed Aug 26 00:56:12.939806 2026] [socache_shmcb:debug] [pid 2132184:tid 2132184] mod_socache_shmcb.c(745): AH00842: expiring 2 and reclaiming 0 removed socache entries
[Wed Aug 26 00:56:12.939818 2026] [socache_shmcb:debug] [pid 2132184:tid 2132184] mod_socache_shmcb.c(765): AH00843: we now have 29 socache entries
[Wed Aug 26 00:56:12.939820 2026] [socache_shmcb:debug] [pid 2132184:tid 2132184] mod_socache_shmcb.c(860): AH00847: insert happened at idx=25, data=(704:736)
[Wed Aug 26 00:56:12.939822 2026] [socache_shmcb:debug] [pid 2132184:tid 2132184] mod_socache_shmcb.c(863): AH00848: finished insert, subcache: idx_pos/idx_used=84/30, data_pos/data_used=8048/6748
[Wed Aug 26 00:56:12.939824 2026] [socache_shmcb:debug] [pid 2132184:tid 2132184] mod_socache_shmcb.c(530): AH00834: leaving socache_shmcb_store successfully
[Wed Aug 26 00:56:12.939870 2026] [socache_shmcb:debug] [pid 2132184:tid 2132184] mod_socache_shmcb.c(508): AH00831: socache_shmcb_store (0x2f -> subcache 15)
[Wed Aug 26 00:56:12.939875 2026] [socache_shmcb:debug] [pid 2132184:tid 2132184] mod_socache_shmcb.c(860): AH00847: insert happened at idx=15, data=(12326:12358)
[Wed Aug 26 00:56:12.939876 2026] [socache_shmcb:debug] [pid 2132184:tid 2132184] mod_socache_shmcb.c(863): AH00848: finished insert, subcache: idx_pos/idx_used=73/31, data_pos/data_used=5639/6915
[Wed Aug 26 00:56:12.939878 2026] [socache_shmcb:debug] [pid 2132184:tid 2132184] mod_socache_shmcb.c(530): AH00834: leaving socache_shmcb_store successfully
[Wed Aug 26 00:56:12.939986 2026] [ssl:debug] [pid 2132184:tid 2132184] ssl_engine_kernel.c(254): [client 2409:8c54:3810:d:203:0:200:118:50360] AH02034: Initial (No.1) HTTPS request received for child 15 (server www.ytes.ilc.edu.tw:443), referer: https://www.ytes.ilc.edu.tw/author/t870513/
[Wed Aug 26 00:56:12.940465 2026] [authz_core:debug] [pid 2132184:tid 2132184] mod_authz_core.c(815): [client 2409:8c54:3810:d:203:0:200:118:50360] AH01626: authorization result of Require all granted: granted, referer: https://www.ytes.ilc.edu.tw/author/t870513/
[Wed Aug 26 00:56:12.940472 2026] [authz_core:debug] [pid 2132184:tid 2132184] mod_authz_core.c(815): [client 2409:8c54:3810:d:203:0:200:118:50360] AH01626: authorization result of : granted, referer: https://www.ytes.ilc.edu.tw/author/t870513/
[Wed Aug 26 00:56:12.944405 2026] [deflate:debug] [pid 2132184:tid 2132184] mod_deflate.c(909): [client 2409:8c54:3810:d:203:0:200:118:50360] AH01384: Zlib: Compressed 101296 to 34526 : URL /wp-content/cache/www.ytes.ilc.edu.tw/wpfc-minified/12ere4yc/6w73.js, referer: https://www.ytes.ilc.edu.tw/author/t870513/
[Wed Aug 26 00:56:12.961097 2026] [ssl:debug] [pid 2132402:tid 2132402] ssl_engine_io.c(1150): [client 34.171.68.95:20480] AH02001: Connection closed to child 6 with standard shutdown (server 2blog.ilc.edu.tw:443)
[Wed Aug 26 00:56:12.986769 2026] [ssl:debug] [pid 2136943:tid 2136943] ssl_engine_kernel.c(254): [client 2409:8c54:3810:d:203:0:200:118:50274] AH02034: Subsequent (No.3) HTTPS request received for child 3 (server www.ytes.ilc.edu.tw:443), referer: https://www.ytes.ilc.edu.tw/author/t870513/
[Wed Aug 26 00:56:12.986970 2026] [authz_core:debug] [pid 2136943:tid 2136943] mod_authz_core.c(815): [client 2409:8c54:3810:d:203:0:200:118:50274] AH01626: authorization result of Require all granted: granted, referer: https://www.ytes.ilc.edu.tw/author/t870513/
[Wed Aug 26 00:56:12.986975 2026] [authz_core:debug] [pid 2136943:tid 2136943] mod_authz_core.c(815): [client 2409:8c54:3810:d:203:0:200:118:50274] AH01626: authorization result of : granted, referer: https://www.ytes.ilc.edu.tw/author/t870513/
[Wed Aug 26 00:56:12.987176 2026] [deflate:debug] [pid 2136943:tid 2136943] mod_deflate.c(909): [client 2409:8c54:3810:d:203:0:200:118:50274] AH01384: Zlib: Compressed 1718 to 700 : URL /wp-includes/js/hoverintent-js.min.js, referer: https://www.ytes.ilc.edu.tw/author/t870513/
[Wed Aug 26 00:56:13.068668 2026] [ssl:debug] [pid 2136892:tid 2136892] ssl_engine_kernel.c(2082): [client 34.30.223.149:12288] AH02041: Protocol: TLSv1.3, Cipher: TLS_AES_256_GCM_SHA384 (256/256 bits)
[Wed Aug 26 00:56:13.068736 2026] [socache_shmcb:debug] [pid 2136892:tid 2136892] mod_socache_shmcb.c(508): AH00831: socache_shmcb_store (0x54 -> subcache 20)
[Wed Aug 26 00:56:13.068768 2026] [socache_shmcb:debug] [pid 2136892:tid 2136892] mod_socache_shmcb.c(860): AH00847: insert happened at idx=38, data=(3864:3896)
[Wed Aug 26 00:56:13.068770 2026] [socache_shmcb:debug] [pid 2136892:tid 2136892] mod_socache_shmcb.c(863): AH00848: finished insert, subcache: idx_pos/idx_used=8/31, data_pos/data_used=11008/6945
[Wed Aug 26 00:56:13.068772 2026] [socache_shmcb:debug] [pid 2136892:tid 2136892] mod_socache_shmcb.c(530): AH00834: leaving socache_shmcb_store successfully
[Wed Aug 26 00:56:13.068832 2026] [socache_shmcb:debug] [pid 2136892:tid 2136892] mod_socache_shmcb.c(508): AH00831: socache_shmcb_store (0xdb -> subcache 27)
[Wed Aug 26 00:56:13.068837 2026] [socache_shmcb:debug] [pid 2136892:tid 2136892] mod_socache_shmcb.c(745): AH00842: expiring 3 and reclaiming 0 removed socache entries
[Wed Aug 26 00:56:13.068839 2026] [socache_shmcb:debug] [pid 2136892:tid 2136892] mod_socache_shmcb.c(765): AH00843: we now have 32 socache entries
[Wed Aug 26 00:56:13.068841 2026] [socache_shmcb:debug] [pid 2136892:tid 2136892] mod_socache_shmcb.c(860): AH00847: insert happened at idx=45, data=(5249:5281)
[Wed Aug 26 00:56:13.068842 2026] [socache_shmcb:debug] [pid 2136892:tid 2136892] mod_socache_shmcb.c(863): AH00848: finished insert, subcache: idx_pos/idx_used=13/33, data_pos/data_used=11926/7412
[Wed Aug 26 00:56:13.068844 2026] [socache_shmcb:debug] [pid 2136892:tid 2136892] mod_socache_shmcb.c(530): AH00834: leaving socache_shmcb_store successfully
[Wed Aug 26 00:56:13.110624 2026] [headers:debug] [pid 2132405:tid 2132405] mod_headers.c(900): AH01503: headers: ap_headers_error_filter()
[Wed Aug 26 00:56:13.124489 2026] [ssl:debug] [pid 2136944:tid 2136944] ssl_engine_kernel.c(254): [client 2409:8c54:3810:d:203:0:200:118:50362] AH02034: Subsequent (No.2) HTTPS request received for child 7 (server www.ytes.ilc.edu.tw:443), referer: https://www.ytes.ilc.edu.tw/author/t870513/
[Wed Aug 26 00:56:13.124693 2026] [authz_core:debug] [pid 2136944:tid 2136944] mod_authz_core.c(815): [client 2409:8c54:3810:d:203:0:200:118:50362] AH01626: authorization result of Require all granted: granted, referer: https://www.ytes.ilc.edu.tw/author/t870513/
[Wed Aug 26 00:56:13.124698 2026] [authz_core:debug] [pid 2136944:tid 2136944] mod_authz_core.c(815): [client 2409:8c54:3810:d:203:0:200:118:50362] AH01626: authorization result of : granted, referer: https://www.ytes.ilc.edu.tw/author/t870513/
[Wed Aug 26 00:56:13.124976 2026] [deflate:debug] [pid 2136944:tid 2136944] mod_deflate.c(909): [client 2409:8c54:3810:d:203:0:200:118:50362] AH01384: Zlib: Compressed 3487 to 1339 : URL /wp-includes/js/admin-bar.min.js, referer: https://www.ytes.ilc.edu.tw/author/t870513/
[Wed Aug 26 00:56:13.132326 2026] [ssl:debug] [pid 2136945:tid 2136945] ssl_engine_kernel.c(254): [client 2409:8c54:3810:d:203:0:200:118:50364] AH02034: Subsequent (No.2) HTTPS request received for child 11 (server www.ytes.ilc.edu.tw:443), referer: https://www.ytes.ilc.edu.tw/author/t870513/
[Wed Aug 26 00:56:13.132511 2026] [authz_core:debug] [pid 2136945:tid 2136945] mod_authz_core.c(815): [client 2409:8c54:3810:d:203:0:200:118:50364] AH01626: authorization result of Require all granted: granted, referer: https://www.ytes.ilc.edu.tw/author/t870513/
[Wed Aug 26 00:56:13.132516 2026] [authz_core:debug] [pid 2136945:tid 2136945] mod_authz_core.c(815): [client 2409:8c54:3810:d:203:0:200:118:50364] AH01626: authorization result of : granted, referer: https://www.ytes.ilc.edu.tw/author/t870513/
[Wed Aug 26 00:56:13.132780 2026] [deflate:debug] [pid 2136945:tid 2136945] mod_deflate.c(909): [client 2409:8c54:3810:d:203:0:200:118:50364] AH01384: Zlib: Compressed 5520 to 1785 : URL /wp-includes/js/imagesloaded.min.js, referer: https://www.ytes.ilc.edu.tw/author/t870513/
[Wed Aug 26 00:56:13.146820 2026] [ssl:info] [pid 2132303:tid 2132303] [client 2001:288:a201::66:125:6879] AH01964: Connection to child 17 established (server 2blog.ilc.edu.tw:443)
[Wed Aug 26 00:56:13.146962 2026] [ssl:debug] [pid 2132303:tid 2132303] ssl_engine_kernel.c(2252): [client 2001:288:a201::66:125:6879] AH02645: Server name not provided via TLS extension (using default/first virtual host)
[Wed Aug 26 00:56:13.146986 2026] [socache_shmcb:debug] [pid 2132303:tid 2132303] mod_socache_shmcb.c(545): AH00835: socache_shmcb_retrieve (0xa8 -> subcache 8)
[Wed Aug 26 00:56:13.146990 2026] [socache_shmcb:debug] [pid 2132303:tid 2132303] mod_socache_shmcb.c(896): AH00849: match at idx=87, data=8894
[Wed Aug 26 00:56:13.146992 2026] [socache_shmcb:debug] [pid 2132303:tid 2132303] mod_socache_shmcb.c(556): AH00836: leaving socache_shmcb_retrieve successfully
[Wed Aug 26 00:56:13.147946 2026] [ssl:debug] [pid 2132303:tid 2132303] ssl_engine_kernel.c(2082): [client 2001:288:a201::66:125:6879] AH02041: Protocol: TLSv1.2, Cipher: ECDHE-RSA-AES256-GCM-SHA384 (256/256 bits)
[Wed Aug 26 00:56:13.148023 2026] [ssl:debug] [pid 2132303:tid 2132303] ssl_engine_kernel.c(254): [client 2001:288:a201::66:125:6879] AH02034: Initial (No.1) HTTPS request received for child 17 (server 2blog.ilc.edu.tw:443)
[Wed Aug 26 00:56:13.148170 2026] [authz_core:debug] [pid 2132303:tid 2132303] mod_authz_core.c(815): [client 2001:288:a201::66:125:6879] AH01626: authorization result of Require all granted: granted
[Wed Aug 26 00:56:13.148174 2026] [authz_core:debug] [pid 2132303:tid 2132303] mod_authz_core.c(815): [client 2001:288:a201::66:125:6879] AH01626: authorization result of : granted
[Wed Aug 26 00:56:13.148286 2026] [authz_core:debug] [pid 2132303:tid 2132303] mod_authz_core.c(815): [client 2001:288:a201::66:125:6879] AH01626: authorization result of Require all granted: granted
[Wed Aug 26 00:56:13.148289 2026] [authz_core:debug] [pid 2132303:tid 2132303] mod_authz_core.c(815): [client 2001:288:a201::66:125:6879] AH01626: authorization result of : granted
[Wed Aug 26 00:56:13.148298 2026] [php7:error] [pid 2132303:tid 2132303] [client 2001:288:a201::66:125:6879] script '/var/www/html/2blog/active.php' not found or unable to stat
[Wed Aug 26 00:56:13.148306 2026] [headers:debug] [pid 2132303:tid 2132303] mod_headers.c(900): AH01503: headers: ap_headers_error_filter()
[Wed Aug 26 00:56:13.148403 2026] [ssl:debug] [pid 2132303:tid 2132303] ssl_engine_io.c(1150): [client 2001:288:a201::66:125:6879] AH02001: Connection closed to child 17 with standard shutdown (server 2blog.ilc.edu.tw:443)
[Wed Aug 26 00:56:13.173565 2026] [ssl:debug] [pid 2136943:tid 2136943] ssl_engine_kernel.c(254): [client 2409:8c54:3810:d:203:0:200:118:50274] AH02034: Subsequent (No.4) HTTPS request received for child 3 (server www.ytes.ilc.edu.tw:443), referer: https://www.ytes.ilc.edu.tw/author/t870513/
[Wed Aug 26 00:56:13.173750 2026] [authz_core:debug] [pid 2136943:tid 2136943] mod_authz_core.c(815): [client 2409:8c54:3810:d:203:0:200:118:50274] AH01626: authorization result of Require all granted: granted, referer: https://www.ytes.ilc.edu.tw/author/t870513/
[Wed Aug 26 00:56:13.173755 2026] [authz_core:debug] [pid 2136943:tid 2136943] mod_authz_core.c(815): [client 2409:8c54:3810:d:203:0:200:118:50274] AH01626: authorization result of : granted, referer: https://www.ytes.ilc.edu.tw/author/t870513/
[Wed Aug 26 00:56:13.174221 2026] [deflate:debug] [pid 2136943:tid 2136943] mod_deflate.c(909): [client 2409:8c54:3810:d:203:0:200:118:50274] AH01384: Zlib: Compressed 19719 to 4232 : URL /wp-content/themes/oceanwp/assets/js/theme.min.js, referer: https://www.ytes.ilc.edu.tw/author/t870513/
[Wed Aug 26 00:56:13.274770 2026] [ssl:debug] [pid 2132207:tid 2132207] ssl_engine_kernel.c(254): [client 2409:8c54:3810:d:203:0:200:118:50358] AH02034: Subsequent (No.2) HTTPS request received for child 10 (server www.ytes.ilc.edu.tw:443), referer: https://www.ytes.ilc.edu.tw/author/t870513/
[Wed Aug 26 00:56:13.274980 2026] [authz_core:debug] [pid 2132207:tid 2132207] mod_authz_core.c(815): [client 2409:8c54:3810:d:203:0:200:118:50358] AH01626: authorization result of Require all granted: granted, referer: https://www.ytes.ilc.edu.tw/author/t870513/
[Wed Aug 26 00:56:13.274985 2026] [authz_core:debug] [pid 2132207:tid 2132207] mod_authz_core.c(815): [client 2409:8c54:3810:d:203:0:200:118:50358] AH01626: authorization result of : granted, referer: https://www.ytes.ilc.edu.tw/author/t870513/
[Wed Aug 26 00:56:13.275405 2026] [deflate:debug] [pid 2132207:tid 2132207] mod_deflate.c(909): [client 2409:8c54:3810:d:203:0:200:118:50358] AH01384: Zlib: Compressed 14581 to 3765 : URL /wp-content/themes/oceanwp/assets/js/drop-down-mobile-menu.min.js, referer: https://www.ytes.ilc.edu.tw/author/t870513/
[Wed Aug 26 00:56:13.317456 2026] [ssl:debug] [pid 2132184:tid 2132184] ssl_engine_kernel.c(254): [client 2409:8c54:3810:d:203:0:200:118:50360] AH02034: Subsequent (No.2) HTTPS request received for child 15 (server www.ytes.ilc.edu.tw:443), referer: https://www.ytes.ilc.edu.tw/author/t870513/
[Wed Aug 26 00:56:13.317665 2026] [authz_core:debug] [pid 2132184:tid 2132184] mod_authz_core.c(815): [client 2409:8c54:3810:d:203:0:200:118:50360] AH01626: authorization result of Require all granted: granted, referer: https://www.ytes.ilc.edu.tw/author/t870513/
[Wed Aug 26 00:56:13.317670 2026] [authz_core:debug] [pid 2132184:tid 2132184] mod_authz_core.c(815): [client 2409:8c54:3810:d:203:0:200:118:50360] AH01626: authorization result of : granted, referer: https://www.ytes.ilc.edu.tw/author/t870513/
[Wed Aug 26 00:56:13.317960 2026] [deflate:debug] [pid 2132184:tid 2132184] mod_deflate.c(909): [client 2409:8c54:3810:d:203:0:200:118:50360] AH01384: Zlib: Compressed 7540 to 2070 : URL /wp-content/themes/oceanwp/assets/js/drop-down-search.min.js, referer: https://www.ytes.ilc.edu.tw/author/t870513/
[Wed Aug 26 00:56:13.318191 2026] [ssl:debug] [pid 2136944:tid 2136944] ssl_engine_kernel.c(254): [client 2409:8c54:3810:d:203:0:200:118:50362] AH02034: Subsequent (No.3) HTTPS request received for child 7 (server www.ytes.ilc.edu.tw:443), referer: https://www.ytes.ilc.edu.tw/author/t870513/
[Wed Aug 26 00:56:13.318336 2026] [authz_core:debug] [pid 2136944:tid 2136944] mod_authz_core.c(815): [client 2409:8c54:3810:d:203:0:200:118:50362] AH01626: authorization result of Require all granted: granted, referer: https://www.ytes.ilc.edu.tw/author/t870513/
[Wed Aug 26 00:56:13.318340 2026] [authz_core:debug] [pid 2136944:tid 2136944] mod_authz_core.c(815): [client 2409:8c54:3810:d:203:0:200:118:50362] AH01626: authorization result of : granted, referer: https://www.ytes.ilc.edu.tw/author/t870513/
[Wed Aug 26 00:56:13.318986 2026] [deflate:debug] [pid 2136944:tid 2136944] mod_deflate.c(909): [client 2409:8c54:3810:d:203:0:200:118:50362] AH01384: Zlib: Compressed 20216 to 7328 : URL /wp-content/themes/oceanwp/assets/js/vendors/magnific-popup.min.js, referer: https://www.ytes.ilc.edu.tw/author/t870513/
[Wed Aug 26 00:56:13.326764 2026] [ssl:debug] [pid 2136945:tid 2136945] ssl_engine_kernel.c(254): [client 2409:8c54:3810:d:203:0:200:118:50364] AH02034: Subsequent (No.3) HTTPS request received for child 11 (server www.ytes.ilc.edu.tw:443), referer: https://www.ytes.ilc.edu.tw/author/t870513/
[Wed Aug 26 00:56:13.326958 2026] [authz_core:debug] [pid 2136945:tid 2136945] mod_authz_core.c(815): [client 2409:8c54:3810:d:203:0:200:118:50364] AH01626: authorization result of Require all granted: granted, referer: https://www.ytes.ilc.edu.tw/author/t870513/
[Wed Aug 26 00:56:13.326965 2026] [authz_core:debug] [pid 2136945:tid 2136945] mod_authz_core.c(815): [client 2409:8c54:3810:d:203:0:200:118:50364] AH01626: authorization result of : granted, referer: https://www.ytes.ilc.edu.tw/author/t870513/
[Wed Aug 26 00:56:13.327183 2026] [deflate:debug] [pid 2136945:tid 2136945] mod_deflate.c(909): [client 2409:8c54:3810:d:203:0:200:118:50364] AH01384: Zlib: Compressed 4111 to 1423 : URL /wp-content/themes/oceanwp/assets/js/ow-lightbox.min.js, referer: https://www.ytes.ilc.edu.tw/author/t870513/
[Wed Aug 26 00:56:13.351317 2026] [headers:debug] [pid 2132404:tid 2132404] mod_headers.c(900): AH01503: headers: ap_headers_error_filter()
[Wed Aug 26 00:56:13.360539 2026] [ssl:debug] [pid 2136943:tid 2136943] ssl_engine_kernel.c(254): [client 2409:8c54:3810:d:203:0:200:118:50274] AH02034: Subsequent (No.5) HTTPS request received for child 3 (server www.ytes.ilc.edu.tw:443), referer: https://www.ytes.ilc.edu.tw/author/t870513/
[Wed Aug 26 00:56:13.360744 2026] [authz_core:debug] [pid 2136943:tid 2136943] mod_authz_core.c(815): [client 2409:8c54:3810:d:203:0:200:118:50274] AH01626: authorization result of Require all granted: granted, referer: https://www.ytes.ilc.edu.tw/author/t870513/
[Wed Aug 26 00:56:13.360748 2026] [authz_core:debug] [pid 2136943:tid 2136943] mod_authz_core.c(815): [client 2409:8c54:3810:d:203:0:200:118:50274] AH01626: authorization result of : granted, referer: https://www.ytes.ilc.edu.tw/author/t870513/
[Wed Aug 26 00:56:13.362441 2026] [deflate:debug] [pid 2136943:tid 2136943] mod_deflate.c(909): [client 2409:8c54:3810:d:203:0:200:118:50274] AH01384: Zlib: Compressed 57513 to 14083 : URL /wp-content/themes/oceanwp/assets/js/vendors/flickity.pkgd.min.js, referer: https://www.ytes.ilc.edu.tw/author/t870513/
[Wed Aug 26 00:56:13.452650 2026] [ssl:debug] [pid 2136892:tid 2136892] ssl_engine_kernel.c(254): [client 34.30.223.149:12288] AH02034: Initial (No.1) HTTPS request received for child 8 (server 2blog.ilc.edu.tw:443)
[Wed Aug 26 00:56:13.463242 2026] [ssl:debug] [pid 2132207:tid 2132207] ssl_engine_kernel.c(254): [client 2409:8c54:3810:d:203:0:200:118:50358] AH02034: Subsequent (No.3) HTTPS request received for child 10 (server www.ytes.ilc.edu.tw:443), referer: https://www.ytes.ilc.edu.tw/author/t870513/
[Wed Aug 26 00:56:13.478660 2026] [authz_core:debug] [pid 2136892:tid 2136892] mod_authz_core.c(815): [client 34.30.223.149:12288] AH01626: authorization result of Require all granted: granted
[Wed Aug 26 00:56:13.478669 2026] [authz_core:debug] [pid 2136892:tid 2136892] mod_authz_core.c(815): [client 34.30.223.149:12288] AH01626: authorization result of : granted
[Wed Aug 26 00:56:13.478675 2026] [authz_core:debug] [pid 2132207:tid 2132207] mod_authz_core.c(815): [client 2409:8c54:3810:d:203:0:200:118:50358] AH01626: authorization result of Require all granted: granted, referer: https://www.ytes.ilc.edu.tw/author/t870513/
[Wed Aug 26 00:56:13.478684 2026] [authz_core:debug] [pid 2132207:tid 2132207] mod_authz_core.c(815): [client 2409:8c54:3810:d:203:0:200:118:50358] AH01626: authorization result of : granted, referer: https://www.ytes.ilc.edu.tw/author/t870513/
[Wed Aug 26 00:56:13.478832 2026] [authz_core:debug] [pid 2136892:tid 2136892] mod_authz_core.c(815): [client 34.30.223.149:12288] AH01626: authorization result of Require all granted: granted
[Wed Aug 26 00:56:13.478837 2026] [authz_core:debug] [pid 2136892:tid 2136892] mod_authz_core.c(815): [client 34.30.223.149:12288] AH01626: authorization result of : granted
[Wed Aug 26 00:56:13.478951 2026] [deflate:debug] [pid 2132207:tid 2132207] mod_deflate.c(909): [client 2409:8c54:3810:d:203:0:200:118:50358] AH01384: Zlib: Compressed 2002 to 864 : URL /wp-content/themes/oceanwp/assets/js/ow-slider.min.js, referer: https://www.ytes.ilc.edu.tw/author/t870513/
[Wed Aug 26 00:56:13.474569 2026] [ssl:debug] [pid 2132401:tid 2132401] ssl_engine_kernel.c(254): [client 2409:8c54:3810:d:203:0:200:118:50356] AH02034: Subsequent (No.2) HTTPS request received for child 4 (server www.ytes.ilc.edu.tw:443), referer: https://www.ytes.ilc.edu.tw/author/t870513/
[Wed Aug 26 00:56:13.479275 2026] [authz_core:debug] [pid 2132401:tid 2132401] mod_authz_core.c(815): [client 2409:8c54:3810:d:203:0:200:118:50356] AH01626: authorization result of Require all granted: granted, referer: https://www.ytes.ilc.edu.tw/author/t870513/
[Wed Aug 26 00:56:13.479280 2026] [authz_core:debug] [pid 2132401:tid 2132401] mod_authz_core.c(815): [client 2409:8c54:3810:d:203:0:200:118:50356] AH01626: authorization result of : granted, referer: https://www.ytes.ilc.edu.tw/author/t870513/
[Wed Aug 26 00:56:13.479639 2026] [deflate:debug] [pid 2132401:tid 2132401] mod_deflate.c(909): [client 2409:8c54:3810:d:203:0:200:118:50356] AH01384: Zlib: Compressed 12402 to 3229 : URL /wp-content/themes/oceanwp/assets/js/scroll-effect.min.js, referer: https://www.ytes.ilc.edu.tw/author/t870513/
[Wed Aug 26 00:56:13.511692 2026] [ssl:debug] [pid 2136944:tid 2136944] ssl_engine_kernel.c(254): [client 2409:8c54:3810:d:203:0:200:118:50362] AH02034: Subsequent (No.4) HTTPS request received for child 7 (server www.ytes.ilc.edu.tw:443), referer: https://www.ytes.ilc.edu.tw/author/t870513/
[Wed Aug 26 00:56:13.511921 2026] [authz_core:debug] [pid 2136944:tid 2136944] mod_authz_core.c(815): [client 2409:8c54:3810:d:203:0:200:118:50362] AH01626: authorization result of Require all granted: granted, referer: https://www.ytes.ilc.edu.tw/author/t870513/
[Wed Aug 26 00:56:13.511930 2026] [authz_core:debug] [pid 2136944:tid 2136944] mod_authz_core.c(815): [client 2409:8c54:3810:d:203:0:200:118:50362] AH01626: authorization result of : granted, referer: https://www.ytes.ilc.edu.tw/author/t870513/
[Wed Aug 26 00:56:13.512322 2026] [deflate:debug] [pid 2136944:tid 2136944] mod_deflate.c(909): [client 2409:8c54:3810:d:203:0:200:118:50362] AH01384: Zlib: Compressed 8989 to 2304 : URL /wp-content/themes/oceanwp/assets/js/scroll-top.min.js, referer: https://www.ytes.ilc.edu.tw/author/t870513/
[Wed Aug 26 00:56:13.515308 2026] [ssl:debug] [pid 2132184:tid 2132184] ssl_engine_kernel.c(254): [client 2409:8c54:3810:d:203:0:200:118:50360] AH02034: Subsequent (No.3) HTTPS request received for child 15 (server www.ytes.ilc.edu.tw:443), referer: https://www.ytes.ilc.edu.tw/author/t870513/
[Wed Aug 26 00:56:13.515468 2026] [authz_core:debug] [pid 2132184:tid 2132184] mod_authz_core.c(815): [client 2409:8c54:3810:d:203:0:200:118:50360] AH01626: authorization result of Require all granted: granted, referer: https://www.ytes.ilc.edu.tw/author/t870513/
[Wed Aug 26 00:56:13.515472 2026] [authz_core:debug] [pid 2132184:tid 2132184] mod_authz_core.c(815): [client 2409:8c54:3810:d:203:0:200:118:50360] AH01626: authorization result of : granted, referer: https://www.ytes.ilc.edu.tw/author/t870513/
[Wed Aug 26 00:56:13.515700 2026] [deflate:debug] [pid 2132184:tid 2132184] mod_deflate.c(909): [client 2409:8c54:3810:d:203:0:200:118:50360] AH01384: Zlib: Compressed 5181 to 1510 : URL /wp-content/themes/oceanwp/assets/js/select.min.js, referer: https://www.ytes.ilc.edu.tw/author/t870513/
[Wed Aug 26 00:56:13.521422 2026] [ssl:debug] [pid 2136945:tid 2136945] ssl_engine_kernel.c(254): [client 2409:8c54:3810:d:203:0:200:118:50364] AH02034: Subsequent (No.4) HTTPS request received for child 11 (server www.ytes.ilc.edu.tw:443), referer: https://www.ytes.ilc.edu.tw/author/t870513/
[Wed Aug 26 00:56:13.521618 2026] [authz_core:debug] [pid 2136945:tid 2136945] mod_authz_core.c(815): [client 2409:8c54:3810:d:203:0:200:118:50364] AH01626: authorization result of Require all granted: granted, referer: https://www.ytes.ilc.edu.tw/author/t870513/
[Wed Aug 26 00:56:13.521624 2026] [authz_core:debug] [pid 2136945:tid 2136945] mod_authz_core.c(815): [client 2409:8c54:3810:d:203:0:200:118:50364] AH01626: authorization result of : granted, referer: https://www.ytes.ilc.edu.tw/author/t870513/
[Wed Aug 26 00:56:13.521794 2026] [deflate:debug] [pid 2136945:tid 2136945] mod_deflate.c(909): [client 2409:8c54:3810:d:203:0:200:118:50364] AH01384: Zlib: Compressed 712 to 422 : URL /wp-content/plugins/ocean-extra/includes/widgets/js/flickr.min.js, referer: https://www.ytes.ilc.edu.tw/author/t870513/
[Wed Aug 26 00:56:13.549284 2026] [ssl:debug] [pid 2136943:tid 2136943] ssl_engine_kernel.c(254): [client 2409:8c54:3810:d:203:0:200:118:50274] AH02034: Subsequent (No.6) HTTPS request received for child 3 (server www.ytes.ilc.edu.tw:443), referer: https://www.ytes.ilc.edu.tw/author/t870513/
[Wed Aug 26 00:56:13.549480 2026] [authz_core:debug] [pid 2136943:tid 2136943] mod_authz_core.c(815): [client 2409:8c54:3810:d:203:0:200:118:50274] AH01626: authorization result of Require all granted: granted, referer: https://www.ytes.ilc.edu.tw/author/t870513/
[Wed Aug 26 00:56:13.549486 2026] [authz_core:debug] [pid 2136943:tid 2136943] mod_authz_core.c(815): [client 2409:8c54:3810:d:203:0:200:118:50274] AH01626: authorization result of : granted, referer: https://www.ytes.ilc.edu.tw/author/t870513/
[Wed Aug 26 00:56:13.554193 2026] [deflate:debug] [pid 2136943:tid 2136943] mod_deflate.c(909): [client 2409:8c54:3810:d:203:0:200:118:50274] AH01384: Zlib: Compressed 158005 to 38771 : URL /wp-includes/js/mediaelement/mediaelement-and-player.min.js, referer: https://www.ytes.ilc.edu.tw/author/t870513/
[Wed Aug 26 00:56:13.667247 2026] [ssl:debug] [pid 2132207:tid 2132207] ssl_engine_kernel.c(254): [client 2409:8c54:3810:d:203:0:200:118:50358] AH02034: Subsequent (No.4) HTTPS request received for child 10 (server www.ytes.ilc.edu.tw:443), referer: https://www.ytes.ilc.edu.tw/author/t870513/
[Wed Aug 26 00:56:13.667425 2026] [authz_core:debug] [pid 2132207:tid 2132207] mod_authz_core.c(815): [client 2409:8c54:3810:d:203:0:200:118:50358] AH01626: authorization result of Require all granted: granted, referer: https://www.ytes.ilc.edu.tw/author/t870513/
[Wed Aug 26 00:56:13.667430 2026] [authz_core:debug] [pid 2132207:tid 2132207] mod_authz_core.c(815): [client 2409:8c54:3810:d:203:0:200:118:50358] AH01626: authorization result of : granted, referer: https://www.ytes.ilc.edu.tw/author/t870513/
[Wed Aug 26 00:56:13.667614 2026] [deflate:debug] [pid 2132207:tid 2132207] mod_deflate.c(909): [client 2409:8c54:3810:d:203:0:200:118:50358] AH01384: Zlib: Compressed 1191 to 522 : URL /wp-includes/js/mediaelement/mediaelement-migrate.min.js, referer: https://www.ytes.ilc.edu.tw/author/t870513/
[Wed Aug 26 00:56:13.672415 2026] [ssl:debug] [pid 2132401:tid 2132401] ssl_engine_kernel.c(254): [client 2409:8c54:3810:d:203:0:200:118:50356] AH02034: Subsequent (No.3) HTTPS request received for child 4 (server www.ytes.ilc.edu.tw:443), referer: https://www.ytes.ilc.edu.tw/author/t870513/
[Wed Aug 26 00:56:13.672603 2026] [authz_core:debug] [pid 2132401:tid 2132401] mod_authz_core.c(815): [client 2409:8c54:3810:d:203:0:200:118:50356] AH01626: authorization result of Require all granted: granted, referer: https://www.ytes.ilc.edu.tw/author/t870513/
[Wed Aug 26 00:56:13.672611 2026] [authz_core:debug] [pid 2132401:tid 2132401] mod_authz_core.c(815): [client 2409:8c54:3810:d:203:0:200:118:50356] AH01626: authorization result of : granted, referer: https://www.ytes.ilc.edu.tw/author/t870513/
[Wed Aug 26 00:56:13.672809 2026] [deflate:debug] [pid 2132401:tid 2132401] mod_deflate.c(909): [client 2409:8c54:3810:d:203:0:200:118:50356] AH01384: Zlib: Compressed 1107 to 520 : URL /wp-includes/js/mediaelement/wp-mediaelement.min.js, referer: https://www.ytes.ilc.edu.tw/author/t870513/
[Wed Aug 26 00:56:13.706635 2026] [ssl:debug] [pid 2136944:tid 2136944] ssl_engine_kernel.c(254): [client 2409:8c54:3810:d:203:0:200:118:50362] AH02034: Subsequent (No.5) HTTPS request received for child 7 (server www.ytes.ilc.edu.tw:443), referer: https://www.ytes.ilc.edu.tw/author/t870513/
[Wed Aug 26 00:56:13.706841 2026] [authz_core:debug] [pid 2136944:tid 2136944] mod_authz_core.c(815): [client 2409:8c54:3810:d:203:0:200:118:50362] AH01626: authorization result of Require all granted: granted, referer: https://www.ytes.ilc.edu.tw/author/t870513/
[Wed Aug 26 00:56:13.706847 2026] [authz_core:debug] [pid 2136944:tid 2136944] mod_authz_core.c(815): [client 2409:8c54:3810:d:203:0:200:118:50362] AH01626: authorization result of : granted, referer: https://www.ytes.ilc.edu.tw/author/t870513/
[Wed Aug 26 00:56:13.707132 2026] [deflate:debug] [pid 2136944:tid 2136944] mod_deflate.c(909): [client 2409:8c54:3810:d:203:0:200:118:50362] AH01384: Zlib: Compressed 6464 to 2266 : URL /wp-includes/js/mediaelement/renderers/vimeo.min.js, referer: https://www.ytes.ilc.edu.tw/author/t870513/
[Wed Aug 26 00:56:13.713231 2026] [authz_core:debug] [pid 2132228:tid 2132228] mod_authz_core.c(815): [client 2408:8726:1001:19d:0:1:0:13:7298] AH01626: authorization result of Require all granted: granted, referer: https://www.tses.ilc.edu.tw/2021/
[Wed Aug 26 00:56:13.713259 2026] [authz_core:debug] [pid 2132228:tid 2132228] mod_authz_core.c(815): [client 2408:8726:1001:19d:0:1:0:13:7298] AH01626: authorization result of : granted, referer: https://www.tses.ilc.edu.tw/2021/
[Wed Aug 26 00:56:13.888978 2026] [watchdog:debug] [pid 2136948:tid 2136948] mod_watchdog.c(559): AH02980: Watchdog: nothing configured?
[Wed Aug 26 00:56:13.890898 2026] [watchdog:debug] [pid 2136949:tid 2136949] mod_watchdog.c(559): AH02980: Watchdog: nothing configured?
[Wed Aug 26 00:56:14.139462 2026] [ssl:info] [pid 2136947:tid 2136947] [client 3.220.148.166:35895] AH01964: Connection to child 13 established (server 2blog.ilc.edu.tw:443)
[Wed Aug 26 00:56:14.139824 2026] [ssl:debug] [pid 2136947:tid 2136947] ssl_engine_kernel.c(2222): [client 3.220.148.166:35895] AH02043: SSL virtual host for servername 2blog.ilc.edu.tw found
[Wed Aug 26 00:56:14.201006 2026] [deflate:debug] [pid 2136892:tid 2136892] mod_deflate.c(909): [client 34.30.223.149:12288] AH01384: Zlib: Compressed 533854 to 86056 : URL /index.php
[Wed Aug 26 00:56:14.374697 2026] [ssl:debug] [pid 2136947:tid 2136947] ssl_engine_kernel.c(2082): [client 3.220.148.166:35895] AH02041: Protocol: TLSv1.3, Cipher: TLS_AES_256_GCM_SHA384 (256/256 bits)
[Wed Aug 26 00:56:14.374761 2026] [socache_shmcb:debug] [pid 2136947:tid 2136947] mod_socache_shmcb.c(508): AH00831: socache_shmcb_store (0xf8 -> subcache 24)
[Wed Aug 26 00:56:14.374777 2026] [socache_shmcb:debug] [pid 2136947:tid 2136947] mod_socache_shmcb.c(745): AH00842: expiring 1 and reclaiming 0 removed socache entries
[Wed Aug 26 00:56:14.374779 2026] [socache_shmcb:debug] [pid 2136947:tid 2136947] mod_socache_shmcb.c(765): AH00843: we now have 26 socache entries
[Wed Aug 26 00:56:14.374781 2026] [socache_shmcb:debug] [pid 2136947:tid 2136947] mod_socache_shmcb.c(860): AH00847: insert happened at idx=31, data=(1982:2014)
[Wed Aug 26 00:56:14.374783 2026] [socache_shmcb:debug] [pid 2136947:tid 2136947] mod_socache_shmcb.c(863): AH00848: finished insert, subcache: idx_pos/idx_used=5/27, data_pos/data_used=10075/5984
[Wed Aug 26 00:56:14.374785 2026] [socache_shmcb:debug] [pid 2136947:tid 2136947] mod_socache_shmcb.c(530): AH00834: leaving socache_shmcb_store successfully
[Wed Aug 26 00:56:14.374837 2026] [socache_shmcb:debug] [pid 2136947:tid 2136947] mod_socache_shmcb.c(508): AH00831: socache_shmcb_store (0xe7 -> subcache 7)
[Wed Aug 26 00:56:14.374853 2026] [socache_shmcb:debug] [pid 2136947:tid 2136947] mod_socache_shmcb.c(745): AH00842: expiring 9 and reclaiming 0 removed socache entries
[Wed Aug 26 00:56:14.374857 2026] [socache_shmcb:debug] [pid 2136947:tid 2136947] mod_socache_shmcb.c(765): AH00843: we now have 27 socache entries
[Wed Aug 26 00:56:14.374859 2026] [socache_shmcb:debug] [pid 2136947:tid 2136947] mod_socache_shmcb.c(860): AH00847: insert happened at idx=23, data=(95:127)
[Wed Aug 26 00:56:14.374862 2026] [socache_shmcb:debug] [pid 2136947:tid 2136947] mod_socache_shmcb.c(863): AH00848: finished insert, subcache: idx_pos/idx_used=84/28, data_pos/data_used=7946/6227
[Wed Aug 26 00:56:14.374864 2026] [socache_shmcb:debug] [pid 2136947:tid 2136947] mod_socache_shmcb.c(530): AH00834: leaving socache_shmcb_store successfully
[Wed Aug 26 00:56:14.375017 2026] [ssl:debug] [pid 2136947:tid 2136947] ssl_engine_kernel.c(254): [client 3.220.148.166:35895] AH02034: Initial (No.1) HTTPS request received for child 13 (server 2blog.ilc.edu.tw:443)
[Wed Aug 26 00:56:14.375272 2026] [authz_core:debug] [pid 2136947:tid 2136947] mod_authz_core.c(815): [client 3.220.148.166:35895] AH01626: authorization result of Require all granted: granted
[Wed Aug 26 00:56:14.375277 2026] [authz_core:debug] [pid 2136947:tid 2136947] mod_authz_core.c(815): [client 3.220.148.166:35895] AH01626: authorization result of : granted
[Wed Aug 26 00:56:14.382836 2026] [authz_core:debug] [pid 2136947:tid 2136947] mod_authz_core.c(815): [client 3.220.148.166:35895] AH01626: authorization result of Require all granted: granted
[Wed Aug 26 00:56:14.382851 2026] [authz_core:debug] [pid 2136947:tid 2136947] mod_authz_core.c(815): [client 3.220.148.166:35895] AH01626: authorization result of : granted
[Wed Aug 26 00:56:14.740050 2026] [ssl:debug] [pid 2136888:tid 2136888] ssl_engine_io.c(1150): [client 34.123.149.87:27649] AH02001: Connection closed to child 1 with standard shutdown (server 2blog.ilc.edu.tw:443)
[Wed Aug 26 00:56:14.876314 2026] [authz_core:debug] [pid 2132405:tid 2132405] mod_authz_core.c(815): [client 34.194.95.99:32610] AH01626: authorization result of Require all granted: granted
[Wed Aug 26 00:56:14.876349 2026] [authz_core:debug] [pid 2132405:tid 2132405] mod_authz_core.c(815): [client 34.194.95.99:32610] AH01626: authorization result of : granted
[Wed Aug 26 00:56:14.876840 2026] [authz_core:debug] [pid 2132405:tid 2132405] mod_authz_core.c(815): [client 34.194.95.99:32610] AH01626: authorization result of Require all granted: granted
[Wed Aug 26 00:56:14.876845 2026] [authz_core:debug] [pid 2132405:tid 2132405] mod_authz_core.c(815): [client 34.194.95.99:32610] AH01626: authorization result of : granted
[Wed Aug 26 00:56:14.877575 2026] [deflate:debug] [pid 2132405:tid 2132405] mod_deflate.c(909): [client 34.194.95.99:32610] AH01384: Zlib: Compressed 800 to 384 : URL /wp-content/uploads/sites/3368/2023/01/
[Wed Aug 26 00:56:14.894610 2026] [watchdog:debug] [pid 2136950:tid 2136950] mod_watchdog.c(559): AH02980: Watchdog: nothing configured?
[Wed Aug 26 00:56:14.896506 2026] [watchdog:debug] [pid 2136951:tid 2136951] mod_watchdog.c(559): AH02980: Watchdog: nothing configured?
[Wed Aug 26 00:56:14.897905 2026] [watchdog:debug] [pid 2136952:tid 2136952] mod_watchdog.c(559): AH02980: Watchdog: nothing configured?
[Wed Aug 26 00:56:14.899254 2026] [watchdog:debug] [pid 2136953:tid 2136953] mod_watchdog.c(559): AH02980: Watchdog: nothing configured?
[Wed Aug 26 00:56:15.075998 2026] [ssl:info] [pid 2132303:tid 2132303] [client 34.56.53.225:62977] AH01964: Connection to child 17 established (server 2blog.ilc.edu.tw:443)
[Wed Aug 26 00:56:15.076136 2026] [ssl:info] [pid 2132303:tid 2132303] (70014)End of file found: [client 34.56.53.225:62977] AH02006: SSL handshake stopped: connection was closed
[Wed Aug 26 00:56:15.076143 2026] [ssl:info] [pid 2132303:tid 2132303] [client 34.56.53.225:62977] AH01998: Connection closed to child 17 with abortive shutdown (server 2blog.ilc.edu.tw:443)
[Wed Aug 26 00:56:15.121265 2026] [ssl:debug] [pid 2136947:tid 2136947] ssl_engine_io.c(1150): [client 3.220.148.166:35895] AH02001: Connection closed to child 13 with standard shutdown (server 2blog.ilc.edu.tw:443)
[Wed Aug 26 00:56:15.218068 2026] [headers:debug] [pid 2132402:tid 2132402] mod_headers.c(900): AH01503: headers: ap_headers_error_filter()
[Wed Aug 26 00:56:15.550414 2026] [ssl:info] [pid 2136948:tid 2136948] [client 140.111.67.10:62118] AH01964: Connection to child 14 established (server 2blog.ilc.edu.tw:443)
[Wed Aug 26 00:56:15.550745 2026] [ssl:info] [pid 2136948:tid 2136948] (70014)End of file found: [client 140.111.67.10:62118] AH02006: SSL handshake stopped: connection was closed
[Wed Aug 26 00:56:15.550753 2026] [ssl:info] [pid 2136948:tid 2136948] [client 140.111.67.10:62118] AH01998: Connection closed to child 14 with abortive shutdown (server 2blog.ilc.edu.tw:443)
[Wed Aug 26 00:56:15.590816 2026] [ssl:debug] [pid 2136885:tid 2136885] ssl_engine_io.c(1150): [client 2408:8726:1001:19d:0:1:0:13:7998] AH02001: Connection closed to child 0 with standard shutdown (server www.tses.ilc.edu.tw:443)
[Wed Aug 26 00:56:15.740369 2026] [ssl:info] [pid 2136949:tid 2136949] [client 34.10.180.98:61440] AH01964: Connection to child 18 established (server 2blog.ilc.edu.tw:443)
[Wed Aug 26 00:56:15.740766 2026] [ssl:debug] [pid 2136949:tid 2136949] ssl_engine_kernel.c(2222): [client 34.10.180.98:61440] AH02043: SSL virtual host for servername 2blog.ilc.edu.tw found
[Wed Aug 26 00:56:15.740873 2026] [core:debug] [pid 2136949:tid 2136949] protocol.c(2460): [client 34.10.180.98:61440] AH03155: select protocol from , choices=http/1.1 for server 2blog.ilc.edu.tw
[Wed Aug 26 00:56:15.776383 2026] [ssl:debug] [pid 2136890:tid 2136890] ssl_engine_io.c(1150): [client 2408:8726:1001:19d:0:1:0:13:7996] AH02001: Connection closed to child 2 with standard shutdown (server www.tses.ilc.edu.tw:443)
[Wed Aug 26 00:56:15.801821 2026] [ssl:debug] [pid 2132282:tid 2132282] ssl_engine_io.c(1150): [client 2408:8726:1001:19d:0:1:0:13:7994] AH02001: Connection closed to child 12 with standard shutdown (server www.tses.ilc.edu.tw:443)
[Wed Aug 26 00:56:15.826145 2026] [ssl:debug] [pid 2132302:tid 2132302] ssl_engine_io.c(1150): [client 2408:8726:1001:19d:0:1:0:13:8000] AH02001: Connection closed to child 16 with standard shutdown (server www.tses.ilc.edu.tw:443)
[Wed Aug 26 00:56:15.989503 2026] [ssl:debug] [pid 2136949:tid 2136949] ssl_engine_kernel.c(2082): [client 34.10.180.98:61440] AH02041: Protocol: TLSv1.3, Cipher: TLS_AES_256_GCM_SHA384 (256/256 bits)
[Wed Aug 26 00:56:15.989572 2026] [socache_shmcb:debug] [pid 2136949:tid 2136949] mod_socache_shmcb.c(508): AH00831: socache_shmcb_store (0x0b -> subcache 11)
[Wed Aug 26 00:56:15.989583 2026] [socache_shmcb:debug] [pid 2136949:tid 2136949] mod_socache_shmcb.c(860): AH00847: insert happened at idx=71, data=(10944:10976)
[Wed Aug 26 00:56:15.989585 2026] [socache_shmcb:debug] [pid 2136949:tid 2136949] mod_socache_shmcb.c(863): AH00848: finished insert, subcache: idx_pos/idx_used=32/40, data_pos/data_used=2237/8933
[Wed Aug 26 00:56:15.989588 2026] [socache_shmcb:debug] [pid 2136949:tid 2136949] mod_socache_shmcb.c(530): AH00834: leaving socache_shmcb_store successfully
[Wed Aug 26 00:56:15.989656 2026] [socache_shmcb:debug] [pid 2136949:tid 2136949] mod_socache_shmcb.c(508): AH00831: socache_shmcb_store (0x49 -> subcache 9)
[Wed Aug 26 00:56:15.989661 2026] [socache_shmcb:debug] [pid 2136949:tid 2136949] mod_socache_shmcb.c(860): AH00847: insert happened at idx=33, data=(2447:2479)
[Wed Aug 26 00:56:15.989662 2026] [socache_shmcb:debug] [pid 2136949:tid 2136949] mod_socache_shmcb.c(863): AH00848: finished insert, subcache: idx_pos/idx_used=86/36, data_pos/data_used=8537/7999
[Wed Aug 26 00:56:15.989664 2026] [socache_shmcb:debug] [pid 2136949:tid 2136949] mod_socache_shmcb.c(530): AH00834: leaving socache_shmcb_store successfully
[Wed Aug 26 00:56:16.001113 2026] [ssl:debug] [pid 2136949:tid 2136949] ssl_engine_kernel.c(254): [client 34.10.180.98:61440] AH02034: Initial (No.1) HTTPS request received for child 18 (server 2blog.ilc.edu.tw:443)
[Wed Aug 26 00:56:16.001402 2026] [authz_core:debug] [pid 2136949:tid 2136949] mod_authz_core.c(815): [client 34.10.180.98:61440] AH01626: authorization result of Require all granted: granted
[Wed Aug 26 00:56:16.001411 2026] [authz_core:debug] [pid 2136949:tid 2136949] mod_authz_core.c(815): [client 34.10.180.98:61440] AH01626: authorization result of : granted
[Wed Aug 26 00:56:16.002009 2026] [authz_core:debug] [pid 2136949:tid 2136949] mod_authz_core.c(815): [client 34.10.180.98:61440] AH01626: authorization result of Require all granted: granted
[Wed Aug 26 00:56:16.002016 2026] [authz_core:debug] [pid 2136949:tid 2136949] mod_authz_core.c(815): [client 34.10.180.98:61440] AH01626: authorization result of : granted
[Wed Aug 26 00:56:16.005069 2026] [ssl:debug] [pid 2132189:tid 2132189] ssl_engine_io.c(1150): [client 2408:8726:1001:19d:0:1:0:13:8004] AH02001: Connection closed to child 20 with standard shutdown (server www.tses.ilc.edu.tw:443)
[Wed Aug 26 00:56:16.006390 2026] [ssl:info] [pid 2136950:tid 2136950] [client 166.88.12.19:9808] AH01964: Connection to child 21 established (server 2blog.ilc.edu.tw:443)
[Wed Aug 26 00:56:16.006787 2026] [ssl:debug] [pid 2136950:tid 2136950] ssl_engine_kernel.c(2222): [client 166.88.12.19:9808] AH02043: SSL virtual host for servername 2blog.ilc.edu.tw found
[Wed Aug 26 00:56:16.007013 2026] [ssl:info] [pid 2136951:tid 2136951] [client 136.119.35.120:13312] AH01964: Connection to child 22 established (server 2blog.ilc.edu.tw:443)
[Wed Aug 26 00:56:16.007023 2026] [core:debug] [pid 2136950:tid 2136950] protocol.c(2460): [client 166.88.12.19:9808] AH03155: select protocol from , choices=http/1.1 for server 2blog.ilc.edu.tw
[Wed Aug 26 00:56:16.008135 2026] [ssl:debug] [pid 2136951:tid 2136951] ssl_engine_kernel.c(2222): [client 136.119.35.120:13312] AH02043: SSL virtual host for servername 2blog.ilc.edu.tw found
[Wed Aug 26 00:56:16.008400 2026] [core:debug] [pid 2136951:tid 2136951] protocol.c(2460): [client 136.119.35.120:13312] AH03155: select protocol from , choices=http/1.1 for server 2blog.ilc.edu.tw
[Wed Aug 26 00:56:16.248444 2026] [ssl:debug] [pid 2136951:tid 2136951] ssl_engine_kernel.c(2082): [client 136.119.35.120:13312] AH02041: Protocol: TLSv1.3, Cipher: TLS_AES_256_GCM_SHA384 (256/256 bits)
[Wed Aug 26 00:56:16.248514 2026] [socache_shmcb:debug] [pid 2136951:tid 2136951] mod_socache_shmcb.c(508): AH00831: socache_shmcb_store (0xcb -> subcache 11)
[Wed Aug 26 00:56:16.248526 2026] [socache_shmcb:debug] [pid 2136951:tid 2136951] mod_socache_shmcb.c(860): AH00847: insert happened at idx=72, data=(11170:11202)
[Wed Aug 26 00:56:16.248528 2026] [socache_shmcb:debug] [pid 2136951:tid 2136951] mod_socache_shmcb.c(863): AH00848: finished insert, subcache: idx_pos/idx_used=32/41, data_pos/data_used=2237/9158
[Wed Aug 26 00:56:16.248531 2026] [socache_shmcb:debug] [pid 2136951:tid 2136951] mod_socache_shmcb.c(530): AH00834: leaving socache_shmcb_store successfully
