[Wed Aug 26 00:53:46.531567 2026] [ssl:debug] [pid 2132143:tid 2132143] ssl_engine_kernel.c(2222): [client 34.30.223.149:29186] AH02043: SSL virtual host for servername 2blog.ilc.edu.tw found
[Wed Aug 26 00:53:46.531627 2026] [core:debug] [pid 2132143:tid 2132143] protocol.c(2460): [client 34.30.223.149:29186] AH03155: select protocol from , choices=http/1.1 for server 2blog.ilc.edu.tw
[Wed Aug 26 00:53:46.597056 2026] [ssl:debug] [pid 2132187:tid 2132187] ssl_engine_io.c(1150): [client 216.73.216.243:35974] AH02001: Connection closed to child 18 with standard shutdown (server 2blog.ilc.edu.tw:443)
[Wed Aug 26 00:53:46.598329 2026] [deflate:debug] [pid 2132188:tid 2132188] mod_deflate.c(909): [client 216.73.216.243:7162] AH01384: Zlib: Compressed 522526 to 84224 : URL /index.php
[Wed Aug 26 00:53:46.615326 2026] [deflate:debug] [pid 2132189:tid 2132189] mod_deflate.c(909): [client 216.73.216.243:51622] AH01384: Zlib: Compressed 533263 to 86169 : URL /index.php
[Wed Aug 26 00:53:46.634714 2026] [deflate:debug] [pid 2132208:tid 2132208] mod_deflate.c(909): [client 216.73.216.243:50481] AH01384: Zlib: Compressed 539067 to 86265 : URL /index.php
[Wed Aug 26 00:53:46.723454 2026] [ssl:debug] [pid 2132088:tid 2132088] ssl_engine_kernel.c(2082): [client 34.56.53.225:6144] AH02041: Protocol: TLSv1.3, Cipher: TLS_AES_256_GCM_SHA384 (256/256 bits)
[Wed Aug 26 00:53:46.723505 2026] [socache_shmcb:debug] [pid 2132088:tid 2132088] mod_socache_shmcb.c(508): AH00831: socache_shmcb_store (0x58 -> subcache 24)
[Wed Aug 26 00:53:46.723511 2026] [socache_shmcb:debug] [pid 2132088:tid 2132088] mod_socache_shmcb.c(745): AH00842: expiring 9 and reclaiming 0 removed socache entries
[Wed Aug 26 00:53:46.723513 2026] [socache_shmcb:debug] [pid 2132088:tid 2132088] mod_socache_shmcb.c(765): AH00843: we now have 25 socache entries
[Wed Aug 26 00:53:46.723515 2026] [socache_shmcb:debug] [pid 2132088:tid 2132088] mod_socache_shmcb.c(860): AH00847: insert happened at idx=15, data=(12299:12331)
[Wed Aug 26 00:53:46.723517 2026] [socache_shmcb:debug] [pid 2132088:tid 2132088] mod_socache_shmcb.c(863): AH00848: finished insert, subcache: idx_pos/idx_used=78/26, data_pos/data_used=6747/5778
[Wed Aug 26 00:53:46.723519 2026] [socache_shmcb:debug] [pid 2132088:tid 2132088] mod_socache_shmcb.c(530): AH00834: leaving socache_shmcb_store successfully
[Wed Aug 26 00:53:46.723581 2026] [socache_shmcb:debug] [pid 2132088:tid 2132088] mod_socache_shmcb.c(508): AH00831: socache_shmcb_store (0x9f -> subcache 31)
[Wed Aug 26 00:53:46.723586 2026] [socache_shmcb:debug] [pid 2132088:tid 2132088] mod_socache_shmcb.c(860): AH00847: insert happened at idx=10, data=(11009:11041)
[Wed Aug 26 00:53:46.723588 2026] [socache_shmcb:debug] [pid 2132088:tid 2132088] mod_socache_shmcb.c(863): AH00848: finished insert, subcache: idx_pos/idx_used=65/34, data_pos/data_used=3714/7521
[Wed Aug 26 00:53:46.723589 2026] [socache_shmcb:debug] [pid 2132088:tid 2132088] mod_socache_shmcb.c(530): AH00834: leaving socache_shmcb_store successfully
[Wed Aug 26 00:53:46.862300 2026] [ssl:debug] [pid 2132088:tid 2132088] ssl_engine_kernel.c(254): [client 34.56.53.225:6144] AH02034: Initial (No.1) HTTPS request received for child 9 (server 2blog.ilc.edu.tw:443)
[Wed Aug 26 00:53:46.862498 2026] [authz_core:debug] [pid 2132088:tid 2132088] mod_authz_core.c(815): [client 34.56.53.225:6144] AH01626: authorization result of Require all granted: granted
[Wed Aug 26 00:53:46.862503 2026] [authz_core:debug] [pid 2132088:tid 2132088] mod_authz_core.c(815): [client 34.56.53.225:6144] AH01626: authorization result of : granted
[Wed Aug 26 00:53:46.862631 2026] [authz_core:debug] [pid 2132088:tid 2132088] mod_authz_core.c(815): [client 34.56.53.225:6144] AH01626: authorization result of Require all granted: granted
[Wed Aug 26 00:53:46.862637 2026] [authz_core:debug] [pid 2132088:tid 2132088] mod_authz_core.c(815): [client 34.56.53.225:6144] AH01626: authorization result of : granted
[Wed Aug 26 00:53:47.165007 2026] [ssl:debug] [pid 2132143:tid 2132143] ssl_engine_kernel.c(2082): [client 34.30.223.149:29186] AH02041: Protocol: TLSv1.3, Cipher: TLS_AES_256_GCM_SHA384 (256/256 bits)
[Wed Aug 26 00:53:47.165081 2026] [socache_shmcb:debug] [pid 2132143:tid 2132143] mod_socache_shmcb.c(508): AH00831: socache_shmcb_store (0x81 -> subcache 1)
[Wed Aug 26 00:53:47.165087 2026] [socache_shmcb:debug] [pid 2132143:tid 2132143] mod_socache_shmcb.c(745): AH00842: expiring 1 and reclaiming 0 removed socache entries
[Wed Aug 26 00:53:47.165090 2026] [socache_shmcb:debug] [pid 2132143:tid 2132143] mod_socache_shmcb.c(765): AH00843: we now have 47 socache entries
[Wed Aug 26 00:53:47.165092 2026] [socache_shmcb:debug] [pid 2132143:tid 2132143] mod_socache_shmcb.c(860): AH00847: insert happened at idx=21, data=(13637:13669)
[Wed Aug 26 00:53:47.165094 2026] [socache_shmcb:debug] [pid 2132143:tid 2132143] mod_socache_shmcb.c(863): AH00848: finished insert, subcache: idx_pos/idx_used=62/48, data_pos/data_used=3188/10675
[Wed Aug 26 00:53:47.165106 2026] [socache_shmcb:debug] [pid 2132143:tid 2132143] mod_socache_shmcb.c(530): AH00834: leaving socache_shmcb_store successfully
[Wed Aug 26 00:53:47.165172 2026] [socache_shmcb:debug] [pid 2132143:tid 2132143] mod_socache_shmcb.c(508): AH00831: socache_shmcb_store (0xfa -> subcache 26)
[Wed Aug 26 00:53:47.165176 2026] [socache_shmcb:debug] [pid 2132143:tid 2132143] mod_socache_shmcb.c(860): AH00847: insert happened at idx=42, data=(4371:4403)
[Wed Aug 26 00:53:47.165178 2026] [socache_shmcb:debug] [pid 2132143:tid 2132143] mod_socache_shmcb.c(863): AH00848: finished insert, subcache: idx_pos/idx_used=13/30, data_pos/data_used=11823/6638
[Wed Aug 26 00:53:47.165180 2026] [socache_shmcb:debug] [pid 2132143:tid 2132143] mod_socache_shmcb.c(530): AH00834: leaving socache_shmcb_store successfully
[Wed Aug 26 00:53:47.262248 2026] [ssl:debug] [pid 2132143:tid 2132143] ssl_engine_kernel.c(254): [client 34.30.223.149:29186] AH02034: Initial (No.1) HTTPS request received for child 6 (server 2blog.ilc.edu.tw:443)
[Wed Aug 26 00:53:47.262657 2026] [authz_core:debug] [pid 2132143:tid 2132143] mod_authz_core.c(815): [client 34.30.223.149:29186] AH01626: authorization result of Require all granted: granted
[Wed Aug 26 00:53:47.262669 2026] [authz_core:debug] [pid 2132143:tid 2132143] mod_authz_core.c(815): [client 34.30.223.149:29186] AH01626: authorization result of : granted
[Wed Aug 26 00:53:47.262854 2026] [authz_core:debug] [pid 2132143:tid 2132143] mod_authz_core.c(815): [client 34.30.223.149:29186] AH01626: authorization result of Require all granted: granted
[Wed Aug 26 00:53:47.262863 2026] [authz_core:debug] [pid 2132143:tid 2132143] mod_authz_core.c(815): [client 34.30.223.149:29186] AH01626: authorization result of : granted
[Wed Aug 26 00:53:47.421157 2026] [deflate:debug] [pid 2132143:tid 2132143] mod_deflate.c(909): [client 34.30.223.149:29186] AH01384: Zlib: Compressed 39013 to 9577 : URL /index.php
[Wed Aug 26 00:53:47.532695 2026] [deflate:debug] [pid 2132088:tid 2132088] mod_deflate.c(909): [client 34.56.53.225:6144] AH01384: Zlib: Compressed 525245 to 84693 : URL /index.php
[Wed Aug 26 00:53:48.130619 2026] [ssl:info] [pid 2132207:tid 2132207] [client 2001:288:a201::66:125:5862] AH01964: Connection to child 10 established (server 2blog.ilc.edu.tw:443)
[Wed Aug 26 00:53:48.130779 2026] [ssl:debug] [pid 2132207:tid 2132207] ssl_engine_kernel.c(2252): [client 2001:288:a201::66:125:5862] AH02645: Server name not provided via TLS extension (using default/first virtual host)
[Wed Aug 26 00:53:48.130795 2026] [socache_shmcb:debug] [pid 2132207:tid 2132207] mod_socache_shmcb.c(545): AH00835: socache_shmcb_retrieve (0x1f -> subcache 31)
[Wed Aug 26 00:53:48.130809 2026] [socache_shmcb:debug] [pid 2132207:tid 2132207] mod_socache_shmcb.c(896): AH00849: match at idx=71, data=4986
[Wed Aug 26 00:53:48.130811 2026] [socache_shmcb:debug] [pid 2132207:tid 2132207] mod_socache_shmcb.c(556): AH00836: leaving socache_shmcb_retrieve successfully
[Wed Aug 26 00:53:48.131707 2026] [ssl:debug] [pid 2132207:tid 2132207] ssl_engine_kernel.c(2082): [client 2001:288:a201::66:125:5862] AH02041: Protocol: TLSv1.2, Cipher: ECDHE-RSA-AES256-GCM-SHA384 (256/256 bits)
[Wed Aug 26 00:53:48.131797 2026] [ssl:debug] [pid 2132207:tid 2132207] ssl_engine_kernel.c(254): [client 2001:288:a201::66:125:5862] AH02034: Initial (No.1) HTTPS request received for child 10 (server 2blog.ilc.edu.tw:443)
[Wed Aug 26 00:53:48.131975 2026] [authz_core:debug] [pid 2132207:tid 2132207] mod_authz_core.c(815): [client 2001:288:a201::66:125:5862] AH01626: authorization result of Require all granted: granted
[Wed Aug 26 00:53:48.131979 2026] [authz_core:debug] [pid 2132207:tid 2132207] mod_authz_core.c(815): [client 2001:288:a201::66:125:5862] AH01626: authorization result of : granted
[Wed Aug 26 00:53:48.132096 2026] [authz_core:debug] [pid 2132207:tid 2132207] mod_authz_core.c(815): [client 2001:288:a201::66:125:5862] AH01626: authorization result of Require all granted: granted
[Wed Aug 26 00:53:48.132105 2026] [authz_core:debug] [pid 2132207:tid 2132207] mod_authz_core.c(815): [client 2001:288:a201::66:125:5862] AH01626: authorization result of : granted
[Wed Aug 26 00:53:48.132115 2026] [php7:error] [pid 2132207:tid 2132207] [client 2001:288:a201::66:125:5862] script '/var/www/html/2blog/active.php' not found or unable to stat
[Wed Aug 26 00:53:48.132123 2026] [headers:debug] [pid 2132207:tid 2132207] mod_headers.c(900): AH01503: headers: ap_headers_error_filter()
[Wed Aug 26 00:53:48.132229 2026] [ssl:debug] [pid 2132207:tid 2132207] ssl_engine_io.c(1150): [client 2001:288:a201::66:125:5862] AH02001: Connection closed to child 10 with standard shutdown (server 2blog.ilc.edu.tw:443)
[Wed Aug 26 00:53:48.180622 2026] [headers:debug] [pid 2132184:tid 2132184] mod_headers.c(900): AH01503: headers: ap_headers_error_filter()
[Wed Aug 26 00:53:48.225455 2026] [ssl:info] [pid 2132220:tid 2132220] [client 34.56.124.53:55297] AH01964: Connection to child 31 established (server 2blog.ilc.edu.tw:443)
[Wed Aug 26 00:53:48.225630 2026] [ssl:debug] [pid 2132220:tid 2132220] ssl_engine_kernel.c(2222): [client 34.56.124.53:55297] AH02043: SSL virtual host for servername 2blog.ilc.edu.tw found
[Wed Aug 26 00:53:48.225741 2026] [core:debug] [pid 2132220:tid 2132220] protocol.c(2460): [client 34.56.124.53:55297] AH03155: select protocol from , choices=http/1.1 for server 2blog.ilc.edu.tw
[Wed Aug 26 00:53:48.681962 2026] [ssl:debug] [pid 2132220:tid 2132220] ssl_engine_kernel.c(2082): [client 34.56.124.53:55297] AH02041: Protocol: TLSv1.3, Cipher: TLS_AES_256_GCM_SHA384 (256/256 bits)
[Wed Aug 26 00:53:48.682026 2026] [socache_shmcb:debug] [pid 2132220:tid 2132220] mod_socache_shmcb.c(508): AH00831: socache_shmcb_store (0x70 -> subcache 16)
[Wed Aug 26 00:53:48.682042 2026] [socache_shmcb:debug] [pid 2132220:tid 2132220] mod_socache_shmcb.c(745): AH00842: expiring 2 and reclaiming 0 removed socache entries
[Wed Aug 26 00:53:48.682044 2026] [socache_shmcb:debug] [pid 2132220:tid 2132220] mod_socache_shmcb.c(765): AH00843: we now have 39 socache entries
[Wed Aug 26 00:53:48.682047 2026] [socache_shmcb:debug] [pid 2132220:tid 2132220] mod_socache_shmcb.c(860): AH00847: insert happened at idx=84, data=(8154:8186)
[Wed Aug 26 00:53:48.682049 2026] [socache_shmcb:debug] [pid 2132220:tid 2132220] mod_socache_shmcb.c(863): AH00848: finished insert, subcache: idx_pos/idx_used=45/40, data_pos/data_used=13306/8938
[Wed Aug 26 00:53:48.682050 2026] [socache_shmcb:debug] [pid 2132220:tid 2132220] mod_socache_shmcb.c(530): AH00834: leaving socache_shmcb_store successfully
[Wed Aug 26 00:53:48.682117 2026] [socache_shmcb:debug] [pid 2132220:tid 2132220] mod_socache_shmcb.c(508): AH00831: socache_shmcb_store (0xd2 -> subcache 18)
[Wed Aug 26 00:53:48.682122 2026] [socache_shmcb:debug] [pid 2132220:tid 2132220] mod_socache_shmcb.c(745): AH00842: expiring 1 and reclaiming 0 removed socache entries
[Wed Aug 26 00:53:48.682124 2026] [socache_shmcb:debug] [pid 2132220:tid 2132220] mod_socache_shmcb.c(765): AH00843: we now have 29 socache entries
[Wed Aug 26 00:53:48.682126 2026] [socache_shmcb:debug] [pid 2132220:tid 2132220] mod_socache_shmcb.c(860): AH00847: insert happened at idx=13, data=(11835:11867)
[Wed Aug 26 00:53:48.682128 2026] [socache_shmcb:debug] [pid 2132220:tid 2132220] mod_socache_shmcb.c(863): AH00848: finished insert, subcache: idx_pos/idx_used=72/30, data_pos/data_used=5342/6719
[Wed Aug 26 00:53:48.682130 2026] [socache_shmcb:debug] [pid 2132220:tid 2132220] mod_socache_shmcb.c(530): AH00834: leaving socache_shmcb_store successfully
[Wed Aug 26 00:53:48.776422 2026] [ssl:info] [pid 2132204:tid 2132204] [client 35.254.159.230:38913] AH01964: Connection to child 4 established (server 2blog.ilc.edu.tw:443)
[Wed Aug 26 00:53:48.776564 2026] [ssl:info] [pid 2132204:tid 2132204] (70014)End of file found: [client 35.254.159.230:38913] AH02006: SSL handshake stopped: connection was closed
[Wed Aug 26 00:53:48.776571 2026] [ssl:info] [pid 2132204:tid 2132204] [client 35.254.159.230:38913] AH01998: Connection closed to child 4 with abortive shutdown (server 2blog.ilc.edu.tw:443)
[Wed Aug 26 00:53:48.944364 2026] [ssl:debug] [pid 2132220:tid 2132220] ssl_engine_kernel.c(254): [client 34.56.124.53:55297] AH02034: Initial (No.1) HTTPS request received for child 31 (server 2blog.ilc.edu.tw:443)
[Wed Aug 26 00:53:48.944597 2026] [authz_core:debug] [pid 2132220:tid 2132220] mod_authz_core.c(815): [client 34.56.124.53:55297] AH01626: authorization result of Require all granted: granted
[Wed Aug 26 00:53:48.944603 2026] [authz_core:debug] [pid 2132220:tid 2132220] mod_authz_core.c(815): [client 34.56.124.53:55297] AH01626: authorization result of : granted
[Wed Aug 26 00:53:48.944714 2026] [authz_core:debug] [pid 2132220:tid 2132220] mod_authz_core.c(815): [client 34.56.124.53:55297] AH01626: authorization result of Require all granted: granted
[Wed Aug 26 00:53:48.944718 2026] [authz_core:debug] [pid 2132220:tid 2132220] mod_authz_core.c(815): [client 34.56.124.53:55297] AH01626: authorization result of : granted
[Wed Aug 26 00:53:48.989433 2026] [ssl:info] [pid 2132215:tid 2132215] [client 2407:4b00:4c0d:8dc4:fc41:b5c2:1c47:2eb1:56489] AH01964: Connection to child 26 established (server 2blog.ilc.edu.tw:443)
[Wed Aug 26 00:53:48.989903 2026] [ssl:debug] [pid 2132215:tid 2132215] ssl_engine_kernel.c(2222): [client 2407:4b00:4c0d:8dc4:fc41:b5c2:1c47:2eb1:56489] AH02043: SSL virtual host for servername www.ilc.edu.tw found
[Wed Aug 26 00:53:48.989961 2026] [core:debug] [pid 2132215:tid 2132215] protocol.c(2460): [client 2407:4b00:4c0d:8dc4:fc41:b5c2:1c47:2eb1:56489] AH03155: select protocol from , choices=h2,http/1.1 for server www.ilc.edu.tw
[Wed Aug 26 00:53:48.990002 2026] [ssl:debug] [pid 2132215:tid 2132215] ssl_util_stapling.c(819): AH01951: stapling_cb: OCSP Stapling callback called
[Wed Aug 26 00:53:48.990008 2026] [ssl:info] [pid 2132215:tid 2132215] AH01926: stapling_get_certinfo: stapling not supported for certificate
[Wed Aug 26 00:53:49.061329 2026] [ssl:debug] [pid 2132215:tid 2132215] ssl_engine_kernel.c(2082): [client 2407:4b00:4c0d:8dc4:fc41:b5c2:1c47:2eb1:56489] AH02041: Protocol: TLSv1.3, Cipher: TLS_AES_256_GCM_SHA384 (256/256 bits)
[Wed Aug 26 00:53:49.061391 2026] [socache_shmcb:debug] [pid 2132215:tid 2132215] mod_socache_shmcb.c(508): AH00831: socache_shmcb_store (0xeb -> subcache 11)
[Wed Aug 26 00:53:49.061409 2026] [socache_shmcb:debug] [pid 2132215:tid 2132215] mod_socache_shmcb.c(860): AH00847: insert happened at idx=52, data=(6664:6696)
[Wed Aug 26 00:53:49.061411 2026] [socache_shmcb:debug] [pid 2132215:tid 2132215] mod_socache_shmcb.c(863): AH00848: finished insert, subcache: idx_pos/idx_used=12/41, data_pos/data_used=11664/9087
[Wed Aug 26 00:53:49.061413 2026] [socache_shmcb:debug] [pid 2132215:tid 2132215] mod_socache_shmcb.c(530): AH00834: leaving socache_shmcb_store successfully
[Wed Aug 26 00:53:49.061471 2026] [socache_shmcb:debug] [pid 2132215:tid 2132215] mod_socache_shmcb.c(508): AH00831: socache_shmcb_store (0x8d -> subcache 13)
[Wed Aug 26 00:53:49.061479 2026] [socache_shmcb:debug] [pid 2132215:tid 2132215] mod_socache_shmcb.c(745): AH00842: expiring 1 and reclaiming 0 removed socache entries
[Wed Aug 26 00:53:49.061481 2026] [socache_shmcb:debug] [pid 2132215:tid 2132215] mod_socache_shmcb.c(765): AH00843: we now have 30 socache entries
[Wed Aug 26 00:53:49.061484 2026] [socache_shmcb:debug] [pid 2132215:tid 2132215] mod_socache_shmcb.c(860): AH00847: insert happened at idx=9, data=(10967:10999)
[Wed Aug 26 00:53:49.061486 2026] [socache_shmcb:debug] [pid 2132215:tid 2132215] mod_socache_shmcb.c(863): AH00848: finished insert, subcache: idx_pos/idx_used=67/31, data_pos/data_used=4292/6898
[Wed Aug 26 00:53:49.061487 2026] [socache_shmcb:debug] [pid 2132215:tid 2132215] mod_socache_shmcb.c(530): AH00834: leaving socache_shmcb_store successfully
[Wed Aug 26 00:53:49.061607 2026] [ssl:debug] [pid 2132215:tid 2132215] ssl_engine_kernel.c(254): [client 2407:4b00:4c0d:8dc4:fc41:b5c2:1c47:2eb1:56489] AH02034: Initial (No.1) HTTPS request received for child 26 (server www.ilc.edu.tw:443)
[Wed Aug 26 00:53:49.061781 2026] [authz_core:debug] [pid 2132215:tid 2132215] mod_authz_core.c(815): [client 2407:4b00:4c0d:8dc4:fc41:b5c2:1c47:2eb1:56489] AH01626: authorization result of Require all granted: granted
[Wed Aug 26 00:53:49.061785 2026] [authz_core:debug] [pid 2132215:tid 2132215] mod_authz_core.c(815): [client 2407:4b00:4c0d:8dc4:fc41:b5c2:1c47:2eb1:56489] AH01626: authorization result of : granted
[Wed Aug 26 00:53:49.061930 2026] [authz_core:debug] [pid 2132215:tid 2132215] mod_authz_core.c(815): [client 2407:4b00:4c0d:8dc4:fc41:b5c2:1c47:2eb1:56489] AH01626: authorization result of Require all granted: granted
[Wed Aug 26 00:53:49.061935 2026] [authz_core:debug] [pid 2132215:tid 2132215] mod_authz_core.c(815): [client 2407:4b00:4c0d:8dc4:fc41:b5c2:1c47:2eb1:56489] AH01626: authorization result of : granted
[Wed Aug 26 00:53:49.079652 2026] [deflate:debug] [pid 2132215:tid 2132215] mod_deflate.c(909): [client 2407:4b00:4c0d:8dc4:fc41:b5c2:1c47:2eb1:56489] AH01384: Zlib: Compressed 134221 to 25854 : URL /index.php
[Wed Aug 26 00:53:49.191615 2026] [ssl:debug] [pid 2132015:tid 2132015] ssl_engine_io.c(1150): [client 34.56.124.53:55296] AH02001: Connection closed to child 1 with standard shutdown (server 2blog.ilc.edu.tw:443)
[Wed Aug 26 00:53:49.466523 2026] [ssl:debug] [pid 2132215:tid 2132215] ssl_engine_kernel.c(254): [client 2407:4b00:4c0d:8dc4:fc41:b5c2:1c47:2eb1:56489] AH02034: Subsequent (No.2) HTTPS request received for child 26 (server www.ilc.edu.tw:443), referer: https://www.ilc.edu.tw/
[Wed Aug 26 00:53:49.467448 2026] [authz_core:debug] [pid 2132215:tid 2132215] mod_authz_core.c(815): [client 2407:4b00:4c0d:8dc4:fc41:b5c2:1c47:2eb1:56489] AH01626: authorization result of Require all granted: granted, referer: https://www.ilc.edu.tw/
[Wed Aug 26 00:53:49.467459 2026] [authz_core:debug] [pid 2132215:tid 2132215] mod_authz_core.c(815): [client 2407:4b00:4c0d:8dc4:fc41:b5c2:1c47:2eb1:56489] AH01626: authorization result of : granted, referer: https://www.ilc.edu.tw/
[Wed Aug 26 00:53:49.637369 2026] [ssl:info] [pid 2132170:tid 2132170] [client 2407:4b00:4c0d:8dc4:fc41:b5c2:1c47:2eb1:64031] AH01964: Connection to child 7 established (server 2blog.ilc.edu.tw:443)
[Wed Aug 26 00:53:49.645355 2026] [ssl:debug] [pid 2132170:tid 2132170] ssl_engine_kernel.c(2222): [client 2407:4b00:4c0d:8dc4:fc41:b5c2:1c47:2eb1:64031] AH02043: SSL virtual host for servername www.ilc.edu.tw found
[Wed Aug 26 00:53:49.645384 2026] [socache_shmcb:debug] [pid 2132170:tid 2132170] mod_socache_shmcb.c(545): AH00835: socache_shmcb_retrieve (0x8d -> subcache 13)
[Wed Aug 26 00:53:49.645389 2026] [socache_shmcb:debug] [pid 2132170:tid 2132170] mod_socache_shmcb.c(896): AH00849: match at idx=9, data=10967
[Wed Aug 26 00:53:49.645391 2026] [socache_shmcb:debug] [pid 2132170:tid 2132170] mod_socache_shmcb.c(556): AH00836: leaving socache_shmcb_retrieve successfully
[Wed Aug 26 00:53:49.645501 2026] [core:debug] [pid 2132170:tid 2132170] protocol.c(2460): [client 2407:4b00:4c0d:8dc4:fc41:b5c2:1c47:2eb1:64031] AH03155: select protocol from , choices=h2,http/1.1 for server www.ilc.edu.tw
[Wed Aug 26 00:53:49.655519 2026] [ssl:info] [pid 2132185:tid 2132185] [client 2407:4b00:4c0d:8dc4:fc41:b5c2:1c47:2eb1:64370] AH01964: Connection to child 16 established (server 2blog.ilc.edu.tw:443)
[Wed Aug 26 00:53:49.655717 2026] [ssl:debug] [pid 2132185:tid 2132185] ssl_engine_kernel.c(2222): [client 2407:4b00:4c0d:8dc4:fc41:b5c2:1c47:2eb1:64370] AH02043: SSL virtual host for servername www.ilc.edu.tw found
[Wed Aug 26 00:53:49.655734 2026] [socache_shmcb:debug] [pid 2132185:tid 2132185] mod_socache_shmcb.c(545): AH00835: socache_shmcb_retrieve (0xeb -> subcache 11)
[Wed Aug 26 00:53:49.655745 2026] [socache_shmcb:debug] [pid 2132185:tid 2132185] mod_socache_shmcb.c(896): AH00849: match at idx=52, data=6664
[Wed Aug 26 00:53:49.655748 2026] [socache_shmcb:debug] [pid 2132185:tid 2132185] mod_socache_shmcb.c(556): AH00836: leaving socache_shmcb_retrieve successfully
[Wed Aug 26 00:53:49.655853 2026] [core:debug] [pid 2132185:tid 2132185] protocol.c(2460): [client 2407:4b00:4c0d:8dc4:fc41:b5c2:1c47:2eb1:64370] AH03155: select protocol from , choices=h2,http/1.1 for server www.ilc.edu.tw
[Wed Aug 26 00:53:49.670199 2026] [ssl:info] [pid 2132008:tid 2132008] [client 2407:4b00:4c0d:8dc4:fc41:b5c2:1c47:2eb1:57522] AH01964: Connection to child 0 established (server 2blog.ilc.edu.tw:443)
[Wed Aug 26 00:53:49.670498 2026] [ssl:info] [pid 2132187:tid 2132187] [client 2407:4b00:4c0d:8dc4:fc41:b5c2:1c47:2eb1:65021] AH01964: Connection to child 18 established (server 2blog.ilc.edu.tw:443)
[Wed Aug 26 00:53:49.670571 2026] [ssl:debug] [pid 2132008:tid 2132008] ssl_engine_kernel.c(2222): [client 2407:4b00:4c0d:8dc4:fc41:b5c2:1c47:2eb1:57522] AH02043: SSL virtual host for servername www.ilc.edu.tw found
[Wed Aug 26 00:53:49.670629 2026] [core:debug] [pid 2132008:tid 2132008] protocol.c(2460): [client 2407:4b00:4c0d:8dc4:fc41:b5c2:1c47:2eb1:57522] AH03155: select protocol from , choices=h2,http/1.1 for server www.ilc.edu.tw
[Wed Aug 26 00:53:49.670668 2026] [ssl:debug] [pid 2132008:tid 2132008] ssl_util_stapling.c(819): AH01951: stapling_cb: OCSP Stapling callback called
[Wed Aug 26 00:53:49.670674 2026] [ssl:info] [pid 2132008:tid 2132008] AH01926: stapling_get_certinfo: stapling not supported for certificate
[Wed Aug 26 00:53:49.670854 2026] [ssl:debug] [pid 2132187:tid 2132187] ssl_engine_kernel.c(2222): [client 2407:4b00:4c0d:8dc4:fc41:b5c2:1c47:2eb1:65021] AH02043: SSL virtual host for servername www.ilc.edu.tw found
[Wed Aug 26 00:53:49.670909 2026] [core:debug] [pid 2132187:tid 2132187] protocol.c(2460): [client 2407:4b00:4c0d:8dc4:fc41:b5c2:1c47:2eb1:65021] AH03155: select protocol from , choices=h2,http/1.1 for server www.ilc.edu.tw
[Wed Aug 26 00:53:49.670949 2026] [ssl:debug] [pid 2132187:tid 2132187] ssl_util_stapling.c(819): AH01951: stapling_cb: OCSP Stapling callback called
[Wed Aug 26 00:53:49.670956 2026] [ssl:info] [pid 2132187:tid 2132187] AH01926: stapling_get_certinfo: stapling not supported for certificate
[Wed Aug 26 00:53:49.703612 2026] [ssl:debug] [pid 2132170:tid 2132170] ssl_engine_kernel.c(2082): [client 2407:4b00:4c0d:8dc4:fc41:b5c2:1c47:2eb1:64031] AH02041: Protocol: TLSv1.3, Cipher: TLS_AES_256_GCM_SHA384 (256/256 bits)
[Wed Aug 26 00:53:49.703666 2026] [socache_shmcb:debug] [pid 2132170:tid 2132170] mod_socache_shmcb.c(508): AH00831: socache_shmcb_store (0xde -> subcache 30)
[Wed Aug 26 00:53:49.703682 2026] [socache_shmcb:debug] [pid 2132170:tid 2132170] mod_socache_shmcb.c(860): AH00847: insert happened at idx=83, data=(8066:8098)
[Wed Aug 26 00:53:49.703684 2026] [socache_shmcb:debug] [pid 2132170:tid 2132170] mod_socache_shmcb.c(863): AH00848: finished insert, subcache: idx_pos/idx_used=53/31, data_pos/data_used=1290/6999
[Wed Aug 26 00:53:49.703686 2026] [socache_shmcb:debug] [pid 2132170:tid 2132170] mod_socache_shmcb.c(530): AH00834: leaving socache_shmcb_store successfully
[Wed Aug 26 00:53:49.703832 2026] [ssl:debug] [pid 2132170:tid 2132170] ssl_engine_kernel.c(254): [client 2407:4b00:4c0d:8dc4:fc41:b5c2:1c47:2eb1:64031] AH02034: Initial (No.1) HTTPS request received for child 7 (server www.ilc.edu.tw:443), referer: https://www.ilc.edu.tw/
[Wed Aug 26 00:53:49.705105 2026] [authz_core:debug] [pid 2132170:tid 2132170] mod_authz_core.c(815): [client 2407:4b00:4c0d:8dc4:fc41:b5c2:1c47:2eb1:64031] AH01626: authorization result of Require all granted: granted, referer: https://www.ilc.edu.tw/
[Wed Aug 26 00:53:49.705112 2026] [authz_core:debug] [pid 2132170:tid 2132170] mod_authz_core.c(815): [client 2407:4b00:4c0d:8dc4:fc41:b5c2:1c47:2eb1:64031] AH01626: authorization result of : granted, referer: https://www.ilc.edu.tw/
[Wed Aug 26 00:53:49.711504 2026] [ssl:debug] [pid 2132185:tid 2132185] ssl_engine_kernel.c(2082): [client 2407:4b00:4c0d:8dc4:fc41:b5c2:1c47:2eb1:64370] AH02041: Protocol: TLSv1.3, Cipher: TLS_AES_256_GCM_SHA384 (256/256 bits)
[Wed Aug 26 00:53:49.711548 2026] [socache_shmcb:debug] [pid 2132185:tid 2132185] mod_socache_shmcb.c(508): AH00831: socache_shmcb_store (0x9f -> subcache 31)
[Wed Aug 26 00:53:49.711562 2026] [socache_shmcb:debug] [pid 2132185:tid 2132185] mod_socache_shmcb.c(860): AH00847: insert happened at idx=11, data=(11235:11267)
[Wed Aug 26 00:53:49.711564 2026] [socache_shmcb:debug] [pid 2132185:tid 2132185] mod_socache_shmcb.c(863): AH00848: finished insert, subcache: idx_pos/idx_used=65/35, data_pos/data_used=3714/7744
[Wed Aug 26 00:53:49.711566 2026] [socache_shmcb:debug] [pid 2132185:tid 2132185] mod_socache_shmcb.c(530): AH00834: leaving socache_shmcb_store successfully
[Wed Aug 26 00:53:49.712378 2026] [ssl:info] [pid 2132086:tid 2132086] [client 2407:4b00:4c0d:8dc4:fc41:b5c2:1c47:2eb1:55318] AH01964: Connection to child 2 established (server 2blog.ilc.edu.tw:443)
[Wed Aug 26 00:53:49.719834 2026] [ssl:debug] [pid 2132185:tid 2132185] ssl_engine_kernel.c(254): [client 2407:4b00:4c0d:8dc4:fc41:b5c2:1c47:2eb1:64370] AH02034: Initial (No.1) HTTPS request received for child 16 (server www.ilc.edu.tw:443), referer: https://www.ilc.edu.tw/
[Wed Aug 26 00:53:49.720199 2026] [ssl:debug] [pid 2132086:tid 2132086] ssl_engine_kernel.c(2222): [client 2407:4b00:4c0d:8dc4:fc41:b5c2:1c47:2eb1:55318] AH02043: SSL virtual host for servername www.ilc.edu.tw found
[Wed Aug 26 00:53:49.720265 2026] [core:debug] [pid 2132086:tid 2132086] protocol.c(2460): [client 2407:4b00:4c0d:8dc4:fc41:b5c2:1c47:2eb1:55318] AH03155: select protocol from , choices=h2,http/1.1 for server www.ilc.edu.tw
[Wed Aug 26 00:53:49.720288 2026] [authz_core:debug] [pid 2132185:tid 2132185] mod_authz_core.c(815): [client 2407:4b00:4c0d:8dc4:fc41:b5c2:1c47:2eb1:64370] AH01626: authorization result of Require all granted: granted, referer: https://www.ilc.edu.tw/
[Wed Aug 26 00:53:49.720296 2026] [authz_core:debug] [pid 2132185:tid 2132185] mod_authz_core.c(815): [client 2407:4b00:4c0d:8dc4:fc41:b5c2:1c47:2eb1:64370] AH01626: authorization result of : granted, referer: https://www.ilc.edu.tw/
[Wed Aug 26 00:53:49.720314 2026] [ssl:debug] [pid 2132086:tid 2132086] ssl_util_stapling.c(819): AH01951: stapling_cb: OCSP Stapling callback called
[Wed Aug 26 00:53:49.720321 2026] [ssl:info] [pid 2132086:tid 2132086] AH01926: stapling_get_certinfo: stapling not supported for certificate
[Wed Aug 26 00:53:49.740648 2026] [ssl:debug] [pid 2132008:tid 2132008] ssl_engine_kernel.c(2082): [client 2407:4b00:4c0d:8dc4:fc41:b5c2:1c47:2eb1:57522] AH02041: Protocol: TLSv1.3, Cipher: TLS_AES_256_GCM_SHA384 (256/256 bits)
[Wed Aug 26 00:53:49.740697 2026] [socache_shmcb:debug] [pid 2132008:tid 2132008] mod_socache_shmcb.c(508): AH00831: socache_shmcb_store (0xf5 -> subcache 21)
[Wed Aug 26 00:53:49.740702 2026] [socache_shmcb:debug] [pid 2132008:tid 2132008] mod_socache_shmcb.c(860): AH00847: insert happened at idx=27, data=(1103:1135)
[Wed Aug 26 00:53:49.740704 2026] [socache_shmcb:debug] [pid 2132008:tid 2132008] mod_socache_shmcb.c(863): AH00848: finished insert, subcache: idx_pos/idx_used=6/22, data_pos/data_used=10309/4882
[Wed Aug 26 00:53:49.740707 2026] [socache_shmcb:debug] [pid 2132008:tid 2132008] mod_socache_shmcb.c(530): AH00834: leaving socache_shmcb_store successfully
[Wed Aug 26 00:53:49.740730 2026] [ssl:debug] [pid 2132187:tid 2132187] ssl_engine_kernel.c(2082): [client 2407:4b00:4c0d:8dc4:fc41:b5c2:1c47:2eb1:65021] AH02041: Protocol: TLSv1.3, Cipher: TLS_AES_256_GCM_SHA384 (256/256 bits)
[Wed Aug 26 00:53:49.740771 2026] [socache_shmcb:debug] [pid 2132187:tid 2132187] mod_socache_shmcb.c(508): AH00831: socache_shmcb_store (0xec -> subcache 12)
[Wed Aug 26 00:53:49.740776 2026] [socache_shmcb:debug] [pid 2132187:tid 2132187] mod_socache_shmcb.c(860): AH00847: insert happened at idx=75, data=(6043:6075)
[Wed Aug 26 00:53:49.740778 2026] [socache_shmcb:debug] [pid 2132187:tid 2132187] mod_socache_shmcb.c(863): AH00848: finished insert, subcache: idx_pos/idx_used=52/24, data_pos/data_used=914/5352
[Wed Aug 26 00:53:49.740780 2026] [socache_shmcb:debug] [pid 2132187:tid 2132187] mod_socache_shmcb.c(530): AH00834: leaving socache_shmcb_store successfully
[Wed Aug 26 00:53:49.740811 2026] [socache_shmcb:debug] [pid 2132008:tid 2132008] mod_socache_shmcb.c(508): AH00831: socache_shmcb_store (0x29 -> subcache 9)
[Wed Aug 26 00:53:49.740817 2026] [socache_shmcb:debug] [pid 2132008:tid 2132008] mod_socache_shmcb.c(745): AH00842: expiring 2 and reclaiming 0 removed socache entries
[Wed Aug 26 00:53:49.740819 2026] [socache_shmcb:debug] [pid 2132008:tid 2132008] mod_socache_shmcb.c(765): AH00843: we now have 31 socache entries
[Wed Aug 26 00:53:49.740820 2026] [socache_shmcb:debug] [pid 2132008:tid 2132008] mod_socache_shmcb.c(860): AH00847: insert happened at idx=14, data=(12093:12125)
[Wed Aug 26 00:53:49.740822 2026] [socache_shmcb:debug] [pid 2132008:tid 2132008] mod_socache_shmcb.c(863): AH00848: finished insert, subcache: idx_pos/idx_used=71/32, data_pos/data_used=5229/7088
[Wed Aug 26 00:53:49.740824 2026] [socache_shmcb:debug] [pid 2132008:tid 2132008] mod_socache_shmcb.c(530): AH00834: leaving socache_shmcb_store successfully
[Wed Aug 26 00:53:49.740837 2026] [socache_shmcb:debug] [pid 2132187:tid 2132187] mod_socache_shmcb.c(508): AH00831: socache_shmcb_store (0x72 -> subcache 18)
[Wed Aug 26 00:53:49.740851 2026] [socache_shmcb:debug] [pid 2132187:tid 2132187] mod_socache_shmcb.c(745): AH00842: expiring 1 and reclaiming 0 removed socache entries
[Wed Aug 26 00:53:49.740853 2026] [socache_shmcb:debug] [pid 2132187:tid 2132187] mod_socache_shmcb.c(765): AH00843: we now have 29 socache entries
[Wed Aug 26 00:53:49.740855 2026] [socache_shmcb:debug] [pid 2132187:tid 2132187] mod_socache_shmcb.c(860): AH00847: insert happened at idx=14, data=(12061:12093)
[Wed Aug 26 00:53:49.740857 2026] [socache_shmcb:debug] [pid 2132187:tid 2132187] mod_socache_shmcb.c(863): AH00848: finished insert, subcache: idx_pos/idx_used=73/30, data_pos/data_used=5567/6717
[Wed Aug 26 00:53:49.740858 2026] [socache_shmcb:debug] [pid 2132187:tid 2132187] mod_socache_shmcb.c(530): AH00834: leaving socache_shmcb_store successfully
[Wed Aug 26 00:53:49.740970 2026] [ssl:debug] [pid 2132008:tid 2132008] ssl_engine_kernel.c(254): [client 2407:4b00:4c0d:8dc4:fc41:b5c2:1c47:2eb1:57522] AH02034: Initial (No.1) HTTPS request received for child 0 (server www.ilc.edu.tw:443), referer: https://www.ilc.edu.tw/
[Wed Aug 26 00:53:49.741038 2026] [ssl:debug] [pid 2132187:tid 2132187] ssl_engine_kernel.c(254): [client 2407:4b00:4c0d:8dc4:fc41:b5c2:1c47:2eb1:65021] AH02034: Initial (No.1) HTTPS request received for child 18 (server www.ilc.edu.tw:443), referer: https://www.ilc.edu.tw/
[Wed Aug 26 00:53:49.741398 2026] [authz_core:debug] [pid 2132008:tid 2132008] mod_authz_core.c(815): [client 2407:4b00:4c0d:8dc4:fc41:b5c2:1c47:2eb1:57522] AH01626: authorization result of Require all granted: granted, referer: https://www.ilc.edu.tw/
[Wed Aug 26 00:53:49.741403 2026] [authz_core:debug] [pid 2132008:tid 2132008] mod_authz_core.c(815): [client 2407:4b00:4c0d:8dc4:fc41:b5c2:1c47:2eb1:57522] AH01626: authorization result of : granted, referer: https://www.ilc.edu.tw/
[Wed Aug 26 00:53:49.742717 2026] [authz_core:debug] [pid 2132187:tid 2132187] mod_authz_core.c(815): [client 2407:4b00:4c0d:8dc4:fc41:b5c2:1c47:2eb1:65021] AH01626: authorization result of Require all granted: granted, referer: https://www.ilc.edu.tw/
[Wed Aug 26 00:53:49.742724 2026] [authz_core:debug] [pid 2132187:tid 2132187] mod_authz_core.c(815): [client 2407:4b00:4c0d:8dc4:fc41:b5c2:1c47:2eb1:65021] AH01626: authorization result of : granted, referer: https://www.ilc.edu.tw/
[Wed Aug 26 00:53:49.785807 2026] [ssl:debug] [pid 2132170:tid 2132170] ssl_engine_kernel.c(254): [client 2407:4b00:4c0d:8dc4:fc41:b5c2:1c47:2eb1:64031] AH02034: Subsequent (No.2) HTTPS request received for child 7 (server www.ilc.edu.tw:443), referer: https://www.ilc.edu.tw/
[Wed Aug 26 00:53:49.786233 2026] [authz_core:debug] [pid 2132170:tid 2132170] mod_authz_core.c(815): [client 2407:4b00:4c0d:8dc4:fc41:b5c2:1c47:2eb1:64031] AH01626: authorization result of Require all granted: granted, referer: https://www.ilc.edu.tw/
[Wed Aug 26 00:53:49.786240 2026] [authz_core:debug] [pid 2132170:tid 2132170] mod_authz_core.c(815): [client 2407:4b00:4c0d:8dc4:fc41:b5c2:1c47:2eb1:64031] AH01626: authorization result of : granted, referer: https://www.ilc.edu.tw/
[Wed Aug 26 00:53:49.793643 2026] [ssl:debug] [pid 2132086:tid 2132086] ssl_engine_kernel.c(2082): [client 2407:4b00:4c0d:8dc4:fc41:b5c2:1c47:2eb1:55318] AH02041: Protocol: TLSv1.3, Cipher: TLS_AES_256_GCM_SHA384 (256/256 bits)
[Wed Aug 26 00:53:49.793686 2026] [socache_shmcb:debug] [pid 2132086:tid 2132086] mod_socache_shmcb.c(508): AH00831: socache_shmcb_store (0x58 -> subcache 24)
[Wed Aug 26 00:53:49.793691 2026] [socache_shmcb:debug] [pid 2132086:tid 2132086] mod_socache_shmcb.c(745): AH00842: expiring 2 and reclaiming 0 removed socache entries
[Wed Aug 26 00:53:49.793694 2026] [socache_shmcb:debug] [pid 2132086:tid 2132086] mod_socache_shmcb.c(765): AH00843: we now have 24 socache entries
[Wed Aug 26 00:53:49.793696 2026] [socache_shmcb:debug] [pid 2132086:tid 2132086] mod_socache_shmcb.c(860): AH00847: insert happened at idx=16, data=(12525:12557)
[Wed Aug 26 00:53:49.793698 2026] [socache_shmcb:debug] [pid 2132086:tid 2132086] mod_socache_shmcb.c(863): AH00848: finished insert, subcache: idx_pos/idx_used=80/25, data_pos/data_used=7186/5562
[Wed Aug 26 00:53:49.793700 2026] [socache_shmcb:debug] [pid 2132086:tid 2132086] mod_socache_shmcb.c(530): AH00834: leaving socache_shmcb_store successfully
[Wed Aug 26 00:53:49.793758 2026] [socache_shmcb:debug] [pid 2132086:tid 2132086] mod_socache_shmcb.c(508): AH00831: socache_shmcb_store (0xac -> subcache 12)
[Wed Aug 26 00:53:49.793762 2026] [socache_shmcb:debug] [pid 2132086:tid 2132086] mod_socache_shmcb.c(860): AH00847: insert happened at idx=76, data=(6266:6298)
[Wed Aug 26 00:53:49.793764 2026] [socache_shmcb:debug] [pid 2132086:tid 2132086] mod_socache_shmcb.c(863): AH00848: finished insert, subcache: idx_pos/idx_used=52/25, data_pos/data_used=914/5576
[Wed Aug 26 00:53:49.793766 2026] [socache_shmcb:debug] [pid 2132086:tid 2132086] mod_socache_shmcb.c(530): AH00834: leaving socache_shmcb_store successfully
[Wed Aug 26 00:53:49.793793 2026] [ssl:debug] [pid 2132185:tid 2132185] ssl_engine_kernel.c(254): [client 2407:4b00:4c0d:8dc4:fc41:b5c2:1c47:2eb1:64370] AH02034: Subsequent (No.2) HTTPS request received for child 16 (server www.ilc.edu.tw:443), referer: https://www.ilc.edu.tw/
[Wed Aug 26 00:53:49.793867 2026] [ssl:debug] [pid 2132086:tid 2132086] ssl_engine_kernel.c(254): [client 2407:4b00:4c0d:8dc4:fc41:b5c2:1c47:2eb1:55318] AH02034: Initial (No.1) HTTPS request received for child 2 (server www.ilc.edu.tw:443), referer: https://www.ilc.edu.tw/
[Wed Aug 26 00:53:49.796768 2026] [authz_core:debug] [pid 2132185:tid 2132185] mod_authz_core.c(815): [client 2407:4b00:4c0d:8dc4:fc41:b5c2:1c47:2eb1:64370] AH01626: authorization result of Require all granted: granted, referer: https://www.ilc.edu.tw/
[Wed Aug 26 00:53:49.796778 2026] [authz_core:debug] [pid 2132185:tid 2132185] mod_authz_core.c(815): [client 2407:4b00:4c0d:8dc4:fc41:b5c2:1c47:2eb1:64370] AH01626: authorization result of : granted, referer: https://www.ilc.edu.tw/
[Wed Aug 26 00:53:49.796925 2026] [authz_core:debug] [pid 2132086:tid 2132086] mod_authz_core.c(815): [client 2407:4b00:4c0d:8dc4:fc41:b5c2:1c47:2eb1:55318] AH01626: authorization result of Require all granted: granted, referer: https://www.ilc.edu.tw/
[Wed Aug 26 00:53:49.796934 2026] [authz_core:debug] [pid 2132086:tid 2132086] mod_authz_core.c(815): [client 2407:4b00:4c0d:8dc4:fc41:b5c2:1c47:2eb1:55318] AH01626: authorization result of : granted, referer: https://www.ilc.edu.tw/
[Wed Aug 26 00:53:49.808475 2026] [ssl:info] [pid 2127399:tid 2127399] [client 34.56.53.225:8705] AH01964: Connection to child 3 established (server 2blog.ilc.edu.tw:443)
[Wed Aug 26 00:53:49.808615 2026] [ssl:debug] [pid 2127399:tid 2127399] ssl_engine_kernel.c(2222): [client 34.56.53.225:8705] AH02043: SSL virtual host for servername 2blog.ilc.edu.tw found
[Wed Aug 26 00:53:49.808665 2026] [core:debug] [pid 2127399:tid 2127399] protocol.c(2460): [client 34.56.53.225:8705] AH03155: select protocol from , choices=http/1.1 for server 2blog.ilc.edu.tw
[Wed Aug 26 00:53:49.879569 2026] [ssl:debug] [pid 2132185:tid 2132185] ssl_engine_kernel.c(254): [client 2407:4b00:4c0d:8dc4:fc41:b5c2:1c47:2eb1:64370] AH02034: Subsequent (No.3) HTTPS request received for child 16 (server www.ilc.edu.tw:443), referer: https://www.ilc.edu.tw/
[Wed Aug 26 00:53:49.880018 2026] [authz_core:debug] [pid 2132185:tid 2132185] mod_authz_core.c(815): [client 2407:4b00:4c0d:8dc4:fc41:b5c2:1c47:2eb1:64370] AH01626: authorization result of Require all granted: granted, referer: https://www.ilc.edu.tw/
[Wed Aug 26 00:53:49.880025 2026] [authz_core:debug] [pid 2132185:tid 2132185] mod_authz_core.c(815): [client 2407:4b00:4c0d:8dc4:fc41:b5c2:1c47:2eb1:64370] AH01626: authorization result of : granted, referer: https://www.ilc.edu.tw/
[Wed Aug 26 00:53:49.908824 2026] [ssl:debug] [pid 2132008:tid 2132008] ssl_engine_kernel.c(254): [client 2407:4b00:4c0d:8dc4:fc41:b5c2:1c47:2eb1:57522] AH02034: Subsequent (No.2) HTTPS request received for child 0 (server www.ilc.edu.tw:443), referer: https://www.ilc.edu.tw/
[Wed Aug 26 00:53:49.908928 2026] [ssl:debug] [pid 2132187:tid 2132187] ssl_engine_kernel.c(254): [client 2407:4b00:4c0d:8dc4:fc41:b5c2:1c47:2eb1:65021] AH02034: Subsequent (No.2) HTTPS request received for child 18 (server www.ilc.edu.tw:443), referer: https://www.ilc.edu.tw/
[Wed Aug 26 00:53:49.909887 2026] [authz_core:debug] [pid 2132008:tid 2132008] mod_authz_core.c(815): [client 2407:4b00:4c0d:8dc4:fc41:b5c2:1c47:2eb1:57522] AH01626: authorization result of Require all granted: granted, referer: https://www.ilc.edu.tw/
[Wed Aug 26 00:53:49.909898 2026] [authz_core:debug] [pid 2132008:tid 2132008] mod_authz_core.c(815): [client 2407:4b00:4c0d:8dc4:fc41:b5c2:1c47:2eb1:57522] AH01626: authorization result of : granted, referer: https://www.ilc.edu.tw/
[Wed Aug 26 00:53:49.910017 2026] [authz_core:debug] [pid 2132187:tid 2132187] mod_authz_core.c(815): [client 2407:4b00:4c0d:8dc4:fc41:b5c2:1c47:2eb1:65021] AH01626: authorization result of Require all granted: granted, referer: https://www.ilc.edu.tw/
[Wed Aug 26 00:53:49.910027 2026] [authz_core:debug] [pid 2132187:tid 2132187] mod_authz_core.c(815): [client 2407:4b00:4c0d:8dc4:fc41:b5c2:1c47:2eb1:65021] AH01626: authorization result of : granted, referer: https://www.ilc.edu.tw/
[Wed Aug 26 00:53:49.921649 2026] [ssl:debug] [pid 2132170:tid 2132170] ssl_engine_kernel.c(254): [client 2407:4b00:4c0d:8dc4:fc41:b5c2:1c47:2eb1:64031] AH02034: Subsequent (No.3) HTTPS request received for child 7 (server www.ilc.edu.tw:443), referer: https://www.ilc.edu.tw/
[Wed Aug 26 00:53:49.922045 2026] [authz_core:debug] [pid 2132170:tid 2132170] mod_authz_core.c(815): [client 2407:4b00:4c0d:8dc4:fc41:b5c2:1c47:2eb1:64031] AH01626: authorization result of Require all granted: granted, referer: https://www.ilc.edu.tw/
[Wed Aug 26 00:53:49.922052 2026] [authz_core:debug] [pid 2132170:tid 2132170] mod_authz_core.c(815): [client 2407:4b00:4c0d:8dc4:fc41:b5c2:1c47:2eb1:64031] AH01626: authorization result of : granted, referer: https://www.ilc.edu.tw/
[Wed Aug 26 00:53:49.930768 2026] [ssl:info] [pid 2132207:tid 2132207] [client 185.191.171.5:14938] AH01964: Connection to child 10 established (server 2blog.ilc.edu.tw:443)
[Wed Aug 26 00:53:49.931006 2026] [ssl:debug] [pid 2132207:tid 2132207] ssl_engine_kernel.c(2222): [client 185.191.171.5:14938] AH02043: SSL virtual host for servername ilta.ilc.edu.tw found
[Wed Aug 26 00:53:49.937615 2026] [ssl:debug] [pid 2132086:tid 2132086] ssl_engine_kernel.c(254): [client 2407:4b00:4c0d:8dc4:fc41:b5c2:1c47:2eb1:55318] AH02034: Subsequent (No.2) HTTPS request received for child 2 (server www.ilc.edu.tw:443), referer: https://www.ilc.edu.tw/
[Wed Aug 26 00:53:49.938863 2026] [authz_core:debug] [pid 2132086:tid 2132086] mod_authz_core.c(815): [client 2407:4b00:4c0d:8dc4:fc41:b5c2:1c47:2eb1:55318] AH01626: authorization result of Require all granted: granted, referer: https://www.ilc.edu.tw/
[Wed Aug 26 00:53:49.938893 2026] [authz_core:debug] [pid 2132086:tid 2132086] mod_authz_core.c(815): [client 2407:4b00:4c0d:8dc4:fc41:b5c2:1c47:2eb1:55318] AH01626: authorization result of : granted, referer: https://www.ilc.edu.tw/
[Wed Aug 26 00:53:49.973395 2026] [ssl:debug] [pid 2132185:tid 2132185] ssl_engine_kernel.c(254): [client 2407:4b00:4c0d:8dc4:fc41:b5c2:1c47:2eb1:64370] AH02034: Subsequent (No.4) HTTPS request received for child 16 (server www.ilc.edu.tw:443), referer: https://www.ilc.edu.tw/
[Wed Aug 26 00:53:49.973830 2026] [authz_core:debug] [pid 2132185:tid 2132185] mod_authz_core.c(815): [client 2407:4b00:4c0d:8dc4:fc41:b5c2:1c47:2eb1:64370] AH01626: authorization result of Require all granted: granted, referer: https://www.ilc.edu.tw/
[Wed Aug 26 00:53:49.973837 2026] [authz_core:debug] [pid 2132185:tid 2132185] mod_authz_core.c(815): [client 2407:4b00:4c0d:8dc4:fc41:b5c2:1c47:2eb1:64370] AH01626: authorization result of : granted, referer: https://www.ilc.edu.tw/
[Wed Aug 26 00:53:49.992548 2026] [ssl:debug] [pid 2127399:tid 2127399] ssl_engine_kernel.c(2082): [client 34.56.53.225:8705] AH02041: Protocol: TLSv1.3, Cipher: TLS_AES_256_GCM_SHA384 (256/256 bits)
[Wed Aug 26 00:53:49.992591 2026] [socache_shmcb:debug] [pid 2127399:tid 2127399] mod_socache_shmcb.c(508): AH00831: socache_shmcb_store (0x5e -> subcache 30)
[Wed Aug 26 00:53:49.992597 2026] [socache_shmcb:debug] [pid 2127399:tid 2127399] mod_socache_shmcb.c(860): AH00847: insert happened at idx=84, data=(8289:8321)
[Wed Aug 26 00:53:49.992599 2026] [socache_shmcb:debug] [pid 2127399:tid 2127399] mod_socache_shmcb.c(863): AH00848: finished insert, subcache: idx_pos/idx_used=53/32, data_pos/data_used=1290/7224
[Wed Aug 26 00:53:49.992601 2026] [socache_shmcb:debug] [pid 2127399:tid 2127399] mod_socache_shmcb.c(530): AH00834: leaving socache_shmcb_store successfully
[Wed Aug 26 00:53:49.992647 2026] [socache_shmcb:debug] [pid 2127399:tid 2127399] mod_socache_shmcb.c(508): AH00831: socache_shmcb_store (0x25 -> subcache 5)
[Wed Aug 26 00:53:49.992651 2026] [socache_shmcb:debug] [pid 2127399:tid 2127399] mod_socache_shmcb.c(745): AH00842: expiring 1 and reclaiming 0 removed socache entries
[Wed Aug 26 00:53:49.992653 2026] [socache_shmcb:debug] [pid 2127399:tid 2127399] mod_socache_shmcb.c(765): AH00843: we now have 33 socache entries
[Wed Aug 26 00:53:49.992655 2026] [socache_shmcb:debug] [pid 2127399:tid 2127399] mod_socache_shmcb.c(860): AH00847: insert happened at idx=81, data=(7398:7430)
[Wed Aug 26 00:53:49.992657 2026] [socache_shmcb:debug] [pid 2127399:tid 2127399] mod_socache_shmcb.c(863): AH00848: finished insert, subcache: idx_pos/idx_used=48/34, data_pos/data_used=74/7549
[Wed Aug 26 00:53:49.992659 2026] [socache_shmcb:debug] [pid 2127399:tid 2127399] mod_socache_shmcb.c(530): AH00834: leaving socache_shmcb_store successfully
[Wed Aug 26 00:53:50.010848 2026] [ssl:debug] [pid 2127399:tid 2127399] ssl_engine_kernel.c(254): [client 34.56.53.225:8705] AH02034: Initial (No.1) HTTPS request received for child 3 (server 2blog.ilc.edu.tw:443)
[Wed Aug 26 00:53:50.011096 2026] [authz_core:debug] [pid 2127399:tid 2127399] mod_authz_core.c(815): [client 34.56.53.225:8705] AH01626: authorization result of Require all granted: granted
[Wed Aug 26 00:53:50.011105 2026] [authz_core:debug] [pid 2127399:tid 2127399] mod_authz_core.c(815): [client 34.56.53.225:8705] AH01626: authorization result of : granted
[Wed Aug 26 00:53:50.011292 2026] [authz_core:debug] [pid 2127399:tid 2127399] mod_authz_core.c(815): [client 34.56.53.225:8705] AH01626: authorization result of Require all granted: granted
[Wed Aug 26 00:53:50.011300 2026] [authz_core:debug] [pid 2127399:tid 2127399] mod_authz_core.c(815): [client 34.56.53.225:8705] AH01626: authorization result of : granted
[Wed Aug 26 00:53:50.161644 2026] [ssl:info] [pid 2132184:tid 2132184] [client 52.167.144.211:43468] AH01964: Connection to child 15 established (server 2blog.ilc.edu.tw:443)
[Wed Aug 26 00:53:50.161797 2026] [ssl:debug] [pid 2132184:tid 2132184] ssl_engine_kernel.c(2222): [client 52.167.144.211:43468] AH02043: SSL virtual host for servername 2blog.ilc.edu.tw found
[Wed Aug 26 00:53:50.161891 2026] [core:debug] [pid 2132184:tid 2132184] protocol.c(2460): [client 52.167.144.211:43468] AH03155: select protocol from , choices=h2,http/1.1 for server 2blog.ilc.edu.tw
[Wed Aug 26 00:53:50.168736 2026] [headers:debug] [pid 2132204:tid 2132204] mod_headers.c(900): AH01503: headers: ap_headers_error_filter()
[Wed Aug 26 00:53:50.201037 2026] [ssl:info] [pid 2132015:tid 2132015] [client 35.254.159.230:22528] AH01964: Connection to child 1 established (server 2blog.ilc.edu.tw:443)
[Wed Aug 26 00:53:50.201239 2026] [ssl:debug] [pid 2132015:tid 2132015] ssl_engine_kernel.c(2222): [client 35.254.159.230:22528] AH02043: SSL virtual host for servername 2blog.ilc.edu.tw found
[Wed Aug 26 00:53:50.201304 2026] [core:debug] [pid 2132015:tid 2132015] protocol.c(2460): [client 35.254.159.230:22528] AH03155: select protocol from , choices=http/1.1 for server 2blog.ilc.edu.tw
[Wed Aug 26 00:53:50.356794 2026] [ssl:debug] [pid 2132207:tid 2132207] ssl_engine_kernel.c(2082): [client 185.191.171.5:14938] AH02041: Protocol: TLSv1.3, Cipher: TLS_AES_256_GCM_SHA384 (256/256 bits)
[Wed Aug 26 00:53:50.356852 2026] [socache_shmcb:debug] [pid 2132207:tid 2132207] mod_socache_shmcb.c(508): AH00831: socache_shmcb_store (0x36 -> subcache 22)
[Wed Aug 26 00:53:50.356868 2026] [socache_shmcb:debug] [pid 2132207:tid 2132207] mod_socache_shmcb.c(860): AH00847: insert happened at idx=40, data=(3753:3785)
[Wed Aug 26 00:53:50.356871 2026] [socache_shmcb:debug] [pid 2132207:tid 2132207] mod_socache_shmcb.c(863): AH00848: finished insert, subcache: idx_pos/idx_used=5/36, data_pos/data_used=9824/8006
[Wed Aug 26 00:53:50.356873 2026] [socache_shmcb:debug] [pid 2132207:tid 2132207] mod_socache_shmcb.c(530): AH00834: leaving socache_shmcb_store successfully
[Wed Aug 26 00:53:50.356936 2026] [socache_shmcb:debug] [pid 2132207:tid 2132207] mod_socache_shmcb.c(508): AH00831: socache_shmcb_store (0x93 -> subcache 19)
[Wed Aug 26 00:53:50.356940 2026] [socache_shmcb:debug] [pid 2132207:tid 2132207] mod_socache_shmcb.c(745): AH00842: expiring 1 and reclaiming 0 removed socache entries
[Wed Aug 26 00:53:50.356942 2026] [socache_shmcb:debug] [pid 2132207:tid 2132207] mod_socache_shmcb.c(765): AH00843: we now have 32 socache entries
[Wed Aug 26 00:53:50.356944 2026] [socache_shmcb:debug] [pid 2132207:tid 2132207] mod_socache_shmcb.c(860): AH00847: insert happened at idx=32, data=(2173:2205)
[Wed Aug 26 00:53:50.356946 2026] [socache_shmcb:debug] [pid 2132207:tid 2132207] mod_socache_shmcb.c(863): AH00848: finished insert, subcache: idx_pos/idx_used=0/33, data_pos/data_used=8833/7416
[Wed Aug 26 00:53:50.356963 2026] [socache_shmcb:debug] [pid 2132207:tid 2132207] mod_socache_shmcb.c(530): AH00834: leaving socache_shmcb_store successfully
[Wed Aug 26 00:53:50.357913 2026] [ssl:debug] [pid 2132184:tid 2132184] ssl_engine_kernel.c(2082): [client 52.167.144.211:43468] AH02041: Protocol: TLSv1.3, Cipher: TLS_AES_256_GCM_SHA384 (256/256 bits)
[Wed Aug 26 00:53:50.357950 2026] [socache_shmcb:debug] [pid 2132184:tid 2132184] mod_socache_shmcb.c(508): AH00831: socache_shmcb_store (0xbf -> subcache 31)
[Wed Aug 26 00:53:50.357955 2026] [socache_shmcb:debug] [pid 2132184:tid 2132184] mod_socache_shmcb.c(860): AH00847: insert happened at idx=12, data=(11458:11490)
[Wed Aug 26 00:53:50.357957 2026] [socache_shmcb:debug] [pid 2132184:tid 2132184] mod_socache_shmcb.c(863): AH00848: finished insert, subcache: idx_pos/idx_used=65/36, data_pos/data_used=3714/7970
[Wed Aug 26 00:53:50.357959 2026] [socache_shmcb:debug] [pid 2132184:tid 2132184] mod_socache_shmcb.c(530): AH00834: leaving socache_shmcb_store successfully
[Wed Aug 26 00:53:50.358001 2026] [socache_shmcb:debug] [pid 2132184:tid 2132184] mod_socache_shmcb.c(508): AH00831: socache_shmcb_store (0xf0 -> subcache 16)
[Wed Aug 26 00:53:50.358014 2026] [socache_shmcb:debug] [pid 2132184:tid 2132184] mod_socache_shmcb.c(860): AH00847: insert happened at idx=85, data=(8380:8412)
[Wed Aug 26 00:53:50.358026 2026] [socache_shmcb:debug] [pid 2132184:tid 2132184] mod_socache_shmcb.c(863): AH00848: finished insert, subcache: idx_pos/idx_used=45/41, data_pos/data_used=13306/9163
