[Wed Aug 26 00:50:59.843131 2026] [socache_shmcb:debug] [pid 2127399:tid 2127399] mod_socache_shmcb.c(863): AH00848: finished insert, subcache: idx_pos/idx_used=66/39, data_pos/data_used=3962/8705
[Wed Aug 26 00:50:59.843133 2026] [socache_shmcb:debug] [pid 2127399:tid 2127399] mod_socache_shmcb.c(530): AH00834: leaving socache_shmcb_store successfully
[Wed Aug 26 00:50:59.843194 2026] [socache_shmcb:debug] [pid 2127399:tid 2127399] mod_socache_shmcb.c(508): AH00831: socache_shmcb_store (0x12 -> subcache 18)
[Wed Aug 26 00:50:59.843199 2026] [socache_shmcb:debug] [pid 2127399:tid 2127399] mod_socache_shmcb.c(860): AH00847: insert happened at idx=87, data=(8696:8728)
[Wed Aug 26 00:50:59.843201 2026] [socache_shmcb:debug] [pid 2127399:tid 2127399] mod_socache_shmcb.c(863): AH00848: finished insert, subcache: idx_pos/idx_used=58/30, data_pos/data_used=2217/6707
[Wed Aug 26 00:50:59.843203 2026] [socache_shmcb:debug] [pid 2127399:tid 2127399] mod_socache_shmcb.c(530): AH00834: leaving socache_shmcb_store successfully
[Wed Aug 26 00:50:59.850149 2026] [ssl:info] [pid 2131727:tid 2131727] [client 118.161.215.204:63273] AH01964: Connection to child 17 established (server 2blog.ilc.edu.tw:443)
[Wed Aug 26 00:50:59.850433 2026] [ssl:debug] [pid 2131727:tid 2131727] ssl_engine_kernel.c(2222): [client 118.161.215.204:63273] AH02043: SSL virtual host for servername www.ltjh.ilc.edu.tw found
[Wed Aug 26 00:50:59.850499 2026] [core:debug] [pid 2131727:tid 2131727] protocol.c(2460): [client 118.161.215.204:63273] AH03155: select protocol from , choices=http/1.1 for server www.ltjh.ilc.edu.tw
[Wed Aug 26 00:50:59.850538 2026] [ssl:debug] [pid 2131727:tid 2131727] ssl_util_stapling.c(819): AH01951: stapling_cb: OCSP Stapling callback called
[Wed Aug 26 00:50:59.850543 2026] [ssl:info] [pid 2131727:tid 2131727] AH01926: stapling_get_certinfo: stapling not supported for certificate
[Wed Aug 26 00:50:59.858903 2026] [ssl:debug] [pid 2131727:tid 2131727] ssl_engine_kernel.c(2082): [client 118.161.215.204:63273] AH02041: Protocol: TLSv1.3, Cipher: TLS_AES_256_GCM_SHA384 (256/256 bits)
[Wed Aug 26 00:50:59.858961 2026] [socache_shmcb:debug] [pid 2131727:tid 2131727] mod_socache_shmcb.c(508): AH00831: socache_shmcb_store (0x20 -> subcache 0)
[Wed Aug 26 00:50:59.858967 2026] [socache_shmcb:debug] [pid 2131727:tid 2131727] mod_socache_shmcb.c(745): AH00842: expiring 1 and reclaiming 0 removed socache entries
[Wed Aug 26 00:50:59.858969 2026] [socache_shmcb:debug] [pid 2131727:tid 2131727] mod_socache_shmcb.c(765): AH00843: we now have 39 socache entries
[Wed Aug 26 00:50:59.858971 2026] [socache_shmcb:debug] [pid 2131727:tid 2131727] mod_socache_shmcb.c(860): AH00847: insert happened at idx=15, data=(12314:12346)
[Wed Aug 26 00:50:59.858973 2026] [socache_shmcb:debug] [pid 2131727:tid 2131727] mod_socache_shmcb.c(863): AH00848: finished insert, subcache: idx_pos/idx_used=64/40, data_pos/data_used=3616/8926
[Wed Aug 26 00:50:59.858974 2026] [socache_shmcb:debug] [pid 2131727:tid 2131727] mod_socache_shmcb.c(530): AH00834: leaving socache_shmcb_store successfully
[Wed Aug 26 00:50:59.859024 2026] [socache_shmcb:debug] [pid 2131727:tid 2131727] mod_socache_shmcb.c(508): AH00831: socache_shmcb_store (0x5a -> subcache 26)
[Wed Aug 26 00:50:59.859041 2026] [socache_shmcb:debug] [pid 2131727:tid 2131727] mod_socache_shmcb.c(860): AH00847: insert happened at idx=25, data=(600:632)
[Wed Aug 26 00:50:59.859042 2026] [socache_shmcb:debug] [pid 2131727:tid 2131727] mod_socache_shmcb.c(863): AH00848: finished insert, subcache: idx_pos/idx_used=70/44, data_pos/data_used=4859/9833
[Wed Aug 26 00:50:59.859044 2026] [socache_shmcb:debug] [pid 2131727:tid 2131727] mod_socache_shmcb.c(530): AH00834: leaving socache_shmcb_store successfully
[Wed Aug 26 00:50:59.862982 2026] [ssl:debug] [pid 2131727:tid 2131727] ssl_engine_kernel.c(254): [client 118.161.215.204:63273] AH02034: Initial (No.1) HTTPS request received for child 17 (server www.ltjh.ilc.edu.tw:443), referer: https://www.google.com/
[Wed Aug 26 00:50:59.863163 2026] [authz_core:debug] [pid 2131727:tid 2131727] mod_authz_core.c(815): [client 118.161.215.204:63273] AH01626: authorization result of Require all granted: granted, referer: https://www.google.com/
[Wed Aug 26 00:50:59.863168 2026] [authz_core:debug] [pid 2131727:tid 2131727] mod_authz_core.c(815): [client 118.161.215.204:63273] AH01626: authorization result of : granted, referer: https://www.google.com/
[Wed Aug 26 00:50:59.863314 2026] [authz_core:debug] [pid 2131727:tid 2131727] mod_authz_core.c(815): [client 118.161.215.204:63273] AH01626: authorization result of Require all granted: granted, referer: https://www.google.com/
[Wed Aug 26 00:50:59.863318 2026] [authz_core:debug] [pid 2131727:tid 2131727] mod_authz_core.c(815): [client 118.161.215.204:63273] AH01626: authorization result of : granted, referer: https://www.google.com/
[Wed Aug 26 00:50:59.877585 2026] [deflate:debug] [pid 2131727:tid 2131727] mod_deflate.c(909): [client 118.161.215.204:63273] AH01384: Zlib: Compressed 66158 to 14761 : URL /index.php, referer: https://www.google.com/
[Wed Aug 26 00:50:59.898536 2026] [ssl:debug] [pid 2127399:tid 2127399] ssl_engine_kernel.c(254): [client 118.161.215.204:63272] AH02034: Initial (No.1) HTTPS request received for child 3 (server www.ltjh.ilc.edu.tw:443), referer: https://www.ltjh.ilc.edu.tw/
[Wed Aug 26 00:50:59.899551 2026] [authz_core:debug] [pid 2127399:tid 2127399] mod_authz_core.c(815): [client 118.161.215.204:63272] AH01626: authorization result of Require all granted: granted, referer: https://www.ltjh.ilc.edu.tw/
[Wed Aug 26 00:50:59.899562 2026] [authz_core:debug] [pid 2127399:tid 2127399] mod_authz_core.c(815): [client 118.161.215.204:63272] AH01626: authorization result of : granted, referer: https://www.ltjh.ilc.edu.tw/
[Wed Aug 26 00:50:59.901740 2026] [ssl:debug] [pid 2131727:tid 2131727] ssl_engine_kernel.c(254): [client 118.161.215.204:63273] AH02034: Subsequent (No.2) HTTPS request received for child 17 (server www.ltjh.ilc.edu.tw:443), referer: https://www.ltjh.ilc.edu.tw/
[Wed Aug 26 00:50:59.902208 2026] [deflate:debug] [pid 2127399:tid 2127399] mod_deflate.c(909): [client 118.161.215.204:63272] AH01384: Zlib: Compressed 79258 to 39708 : URL /wp-content/cache/www.ltjh.ilc.edu.tw/wpfc-minified/7ll1qgx3/6vwn.css, referer: https://www.ltjh.ilc.edu.tw/
[Wed Aug 26 00:50:59.902330 2026] [authz_core:debug] [pid 2131727:tid 2131727] mod_authz_core.c(815): [client 118.161.215.204:63273] AH01626: authorization result of Require all granted: granted, referer: https://www.ltjh.ilc.edu.tw/
[Wed Aug 26 00:50:59.902338 2026] [authz_core:debug] [pid 2131727:tid 2131727] mod_authz_core.c(815): [client 118.161.215.204:63273] AH01626: authorization result of : granted, referer: https://www.ltjh.ilc.edu.tw/
[Wed Aug 26 00:50:59.902671 2026] [deflate:debug] [pid 2131727:tid 2131727] mod_deflate.c(909): [client 118.161.215.204:63273] AH01384: Zlib: Compressed 486 to 267 : URL /wp-content/cache/www.ltjh.ilc.edu.tw/wpfc-minified/e5uoopy9/6vwn.css, referer: https://www.ltjh.ilc.edu.tw/
[Wed Aug 26 00:50:59.914357 2026] [ssl:debug] [pid 2131727:tid 2131727] ssl_engine_kernel.c(254): [client 118.161.215.204:63273] AH02034: Subsequent (No.3) HTTPS request received for child 17 (server www.ltjh.ilc.edu.tw:443), referer: https://www.ltjh.ilc.edu.tw/
[Wed Aug 26 00:50:59.914654 2026] [ssl:info] [pid 2131728:tid 2131728] [client 118.161.215.204:63275] AH01964: Connection to child 18 established (server 2blog.ilc.edu.tw:443)
[Wed Aug 26 00:50:59.914933 2026] [ssl:debug] [pid 2131728:tid 2131728] ssl_engine_kernel.c(2222): [client 118.161.215.204:63275] AH02043: SSL virtual host for servername www.ltjh.ilc.edu.tw found
[Wed Aug 26 00:50:59.915035 2026] [core:debug] [pid 2131728:tid 2131728] protocol.c(2460): [client 118.161.215.204:63275] AH03155: select protocol from , choices=http/1.1 for server www.ltjh.ilc.edu.tw
[Wed Aug 26 00:50:59.915072 2026] [ssl:debug] [pid 2131728:tid 2131728] ssl_util_stapling.c(819): AH01951: stapling_cb: OCSP Stapling callback called
[Wed Aug 26 00:50:59.915091 2026] [ssl:info] [pid 2131728:tid 2131728] AH01926: stapling_get_certinfo: stapling not supported for certificate
[Wed Aug 26 00:50:59.915398 2026] [authz_core:debug] [pid 2131727:tid 2131727] mod_authz_core.c(815): [client 118.161.215.204:63273] AH01626: authorization result of Require all granted: granted, referer: https://www.ltjh.ilc.edu.tw/
[Wed Aug 26 00:50:59.915407 2026] [authz_core:debug] [pid 2131727:tid 2131727] mod_authz_core.c(815): [client 118.161.215.204:63273] AH01626: authorization result of : granted, referer: https://www.ltjh.ilc.edu.tw/
[Wed Aug 26 00:50:59.915747 2026] [deflate:debug] [pid 2131727:tid 2131727] mod_deflate.c(909): [client 118.161.215.204:63273] AH01384: Zlib: Compressed 97 to 69 : URL /wp-content/uploads/sites/411/elementor/css/post-182.css, referer: https://www.ltjh.ilc.edu.tw/
[Wed Aug 26 00:50:59.918351 2026] [ssl:info] [pid 2131322:tid 2131322] [client 118.161.215.204:63276] AH01964: Connection to child 9 established (server 2blog.ilc.edu.tw:443)
[Wed Aug 26 00:50:59.918491 2026] [ssl:info] [pid 2127222:tid 2127222] [client 118.161.215.204:63274] AH01964: Connection to child 13 established (server 2blog.ilc.edu.tw:443)
[Wed Aug 26 00:50:59.918536 2026] [ssl:debug] [pid 2131322:tid 2131322] ssl_engine_kernel.c(2222): [client 118.161.215.204:63276] AH02043: SSL virtual host for servername www.ltjh.ilc.edu.tw found
[Wed Aug 26 00:50:59.918587 2026] [core:debug] [pid 2131322:tid 2131322] protocol.c(2460): [client 118.161.215.204:63276] AH03155: select protocol from , choices=http/1.1 for server www.ltjh.ilc.edu.tw
[Wed Aug 26 00:50:59.918602 2026] [ssl:debug] [pid 2127222:tid 2127222] ssl_engine_kernel.c(2222): [client 118.161.215.204:63274] AH02043: SSL virtual host for servername www.ltjh.ilc.edu.tw found
[Wed Aug 26 00:50:59.918616 2026] [ssl:debug] [pid 2131322:tid 2131322] ssl_util_stapling.c(819): AH01951: stapling_cb: OCSP Stapling callback called
[Wed Aug 26 00:50:59.918621 2026] [ssl:info] [pid 2131322:tid 2131322] AH01926: stapling_get_certinfo: stapling not supported for certificate
[Wed Aug 26 00:50:59.918650 2026] [core:debug] [pid 2127222:tid 2127222] protocol.c(2460): [client 118.161.215.204:63274] AH03155: select protocol from , choices=http/1.1 for server www.ltjh.ilc.edu.tw
[Wed Aug 26 00:50:59.918704 2026] [ssl:debug] [pid 2127222:tid 2127222] ssl_util_stapling.c(819): AH01951: stapling_cb: OCSP Stapling callback called
[Wed Aug 26 00:50:59.918711 2026] [ssl:info] [pid 2127222:tid 2127222] AH01926: stapling_get_certinfo: stapling not supported for certificate
[Wed Aug 26 00:50:59.919827 2026] [ssl:info] [pid 2131522:tid 2131522] [client 118.161.215.204:63277] AH01964: Connection to child 12 established (server 2blog.ilc.edu.tw:443)
[Wed Aug 26 00:50:59.919968 2026] [ssl:debug] [pid 2131522:tid 2131522] ssl_engine_kernel.c(2222): [client 118.161.215.204:63277] AH02043: SSL virtual host for servername www.ltjh.ilc.edu.tw found
[Wed Aug 26 00:50:59.920011 2026] [core:debug] [pid 2131522:tid 2131522] protocol.c(2460): [client 118.161.215.204:63277] AH03155: select protocol from , choices=http/1.1 for server www.ltjh.ilc.edu.tw
[Wed Aug 26 00:50:59.920036 2026] [ssl:debug] [pid 2131522:tid 2131522] ssl_util_stapling.c(819): AH01951: stapling_cb: OCSP Stapling callback called
[Wed Aug 26 00:50:59.920040 2026] [ssl:info] [pid 2131522:tid 2131522] AH01926: stapling_get_certinfo: stapling not supported for certificate
[Wed Aug 26 00:50:59.926201 2026] [ssl:debug] [pid 2131728:tid 2131728] ssl_engine_kernel.c(2082): [client 118.161.215.204:63275] AH02041: Protocol: TLSv1.3, Cipher: TLS_AES_256_GCM_SHA384 (256/256 bits)
[Wed Aug 26 00:50:59.926243 2026] [socache_shmcb:debug] [pid 2131728:tid 2131728] mod_socache_shmcb.c(508): AH00831: socache_shmcb_store (0x9a -> subcache 26)
[Wed Aug 26 00:50:59.926248 2026] [socache_shmcb:debug] [pid 2131728:tid 2131728] mod_socache_shmcb.c(860): AH00847: insert happened at idx=26, data=(828:860)
[Wed Aug 26 00:50:59.926250 2026] [socache_shmcb:debug] [pid 2131728:tid 2131728] mod_socache_shmcb.c(863): AH00848: finished insert, subcache: idx_pos/idx_used=70/45, data_pos/data_used=4859/10062
[Wed Aug 26 00:50:59.926253 2026] [socache_shmcb:debug] [pid 2131728:tid 2131728] mod_socache_shmcb.c(530): AH00834: leaving socache_shmcb_store successfully
[Wed Aug 26 00:50:59.926250 2026] [ssl:debug] [pid 2131727:tid 2131727] ssl_engine_kernel.c(254): [client 118.161.215.204:63273] AH02034: Subsequent (No.4) HTTPS request received for child 17 (server www.ltjh.ilc.edu.tw:443), referer: https://www.ltjh.ilc.edu.tw/
[Wed Aug 26 00:50:59.926295 2026] [socache_shmcb:debug] [pid 2131728:tid 2131728] mod_socache_shmcb.c(508): AH00831: socache_shmcb_store (0xa3 -> subcache 3)
[Wed Aug 26 00:50:59.926300 2026] [socache_shmcb:debug] [pid 2131728:tid 2131728] mod_socache_shmcb.c(860): AH00847: insert happened at idx=59, data=(2622:2654)
[Wed Aug 26 00:50:59.926302 2026] [socache_shmcb:debug] [pid 2131728:tid 2131728] mod_socache_shmcb.c(863): AH00848: finished insert, subcache: idx_pos/idx_used=33/27, data_pos/data_used=10639/6075
[Wed Aug 26 00:50:59.926304 2026] [socache_shmcb:debug] [pid 2131728:tid 2131728] mod_socache_shmcb.c(530): AH00834: leaving socache_shmcb_store successfully
[Wed Aug 26 00:50:59.926789 2026] [authz_core:debug] [pid 2131727:tid 2131727] mod_authz_core.c(815): [client 118.161.215.204:63273] AH01626: authorization result of Require all granted: granted, referer: https://www.ltjh.ilc.edu.tw/
[Wed Aug 26 00:50:59.926797 2026] [authz_core:debug] [pid 2131727:tid 2131727] mod_authz_core.c(815): [client 118.161.215.204:63273] AH01626: authorization result of : granted, referer: https://www.ltjh.ilc.edu.tw/
[Wed Aug 26 00:50:59.926807 2026] [ssl:debug] [pid 2131728:tid 2131728] ssl_engine_kernel.c(254): [client 118.161.215.204:63275] AH02034: Initial (No.1) HTTPS request received for child 18 (server www.ltjh.ilc.edu.tw:443), referer: https://www.ltjh.ilc.edu.tw/
[Wed Aug 26 00:50:59.927280 2026] [authz_core:debug] [pid 2131728:tid 2131728] mod_authz_core.c(815): [client 118.161.215.204:63275] AH01626: authorization result of Require all granted: granted, referer: https://www.ltjh.ilc.edu.tw/
[Wed Aug 26 00:50:59.927296 2026] [authz_core:debug] [pid 2131728:tid 2131728] mod_authz_core.c(815): [client 118.161.215.204:63275] AH01626: authorization result of : granted, referer: https://www.ltjh.ilc.edu.tw/
[Wed Aug 26 00:50:59.930686 2026] [ssl:debug] [pid 2127399:tid 2127399] ssl_engine_kernel.c(254): [client 118.161.215.204:63272] AH02034: Subsequent (No.2) HTTPS request received for child 3 (server www.ltjh.ilc.edu.tw:443), referer: https://www.ltjh.ilc.edu.tw/
[Wed Aug 26 00:50:59.930778 2026] [deflate:debug] [pid 2131727:tid 2131727] mod_deflate.c(909): [client 118.161.215.204:63273] AH01384: Zlib: Compressed 101296 to 34527 : URL /wp-content/cache/www.ltjh.ilc.edu.tw/wpfc-minified/ladi6hp7/6vwn.js, referer: https://www.ltjh.ilc.edu.tw/
[Wed Aug 26 00:50:59.930896 2026] [authz_core:debug] [pid 2127399:tid 2127399] mod_authz_core.c(815): [client 118.161.215.204:63272] AH01626: authorization result of Require all granted: granted, referer: https://www.ltjh.ilc.edu.tw/
[Wed Aug 26 00:50:59.930905 2026] [authz_core:debug] [pid 2127399:tid 2127399] mod_authz_core.c(815): [client 118.161.215.204:63272] AH01626: authorization result of : granted, referer: https://www.ltjh.ilc.edu.tw/
[Wed Aug 26 00:50:59.931053 2026] [ssl:debug] [pid 2131522:tid 2131522] ssl_engine_kernel.c(2082): [client 118.161.215.204:63277] AH02041: Protocol: TLSv1.3, Cipher: TLS_AES_256_GCM_SHA384 (256/256 bits)
[Wed Aug 26 00:50:59.931086 2026] [socache_shmcb:debug] [pid 2131522:tid 2131522] mod_socache_shmcb.c(508): AH00831: socache_shmcb_store (0x4f -> subcache 15)
[Wed Aug 26 00:50:59.931099 2026] [socache_shmcb:debug] [pid 2131522:tid 2131522] mod_socache_shmcb.c(860): AH00847: insert happened at idx=70, data=(4956:4988)
[Wed Aug 26 00:50:59.931101 2026] [socache_shmcb:debug] [pid 2131522:tid 2131522] mod_socache_shmcb.c(863): AH00848: finished insert, subcache: idx_pos/idx_used=37/34, data_pos/data_used=11494/7555
[Wed Aug 26 00:50:59.931103 2026] [socache_shmcb:debug] [pid 2131522:tid 2131522] mod_socache_shmcb.c(530): AH00834: leaving socache_shmcb_store successfully
[Wed Aug 26 00:50:59.931130 2026] [deflate:debug] [pid 2127399:tid 2127399] mod_deflate.c(909): [client 118.161.215.204:63272] AH01384: Zlib: Compressed 1718 to 700 : URL /wp-includes/js/hoverintent-js.min.js, referer: https://www.ltjh.ilc.edu.tw/
[Wed Aug 26 00:50:59.931138 2026] [socache_shmcb:debug] [pid 2131522:tid 2131522] mod_socache_shmcb.c(508): AH00831: socache_shmcb_store (0x18 -> subcache 24)
[Wed Aug 26 00:50:59.931142 2026] [socache_shmcb:debug] [pid 2131522:tid 2131522] mod_socache_shmcb.c(860): AH00847: insert happened at idx=3, data=(9620:9652)
[Wed Aug 26 00:50:59.931144 2026] [socache_shmcb:debug] [pid 2131522:tid 2131522] mod_socache_shmcb.c(863): AH00848: finished insert, subcache: idx_pos/idx_used=55/37, data_pos/data_used=1645/8204
[Wed Aug 26 00:50:59.931146 2026] [socache_shmcb:debug] [pid 2131522:tid 2131522] mod_socache_shmcb.c(530): AH00834: leaving socache_shmcb_store successfully
[Wed Aug 26 00:50:59.931224 2026] [ssl:debug] [pid 2127222:tid 2127222] ssl_engine_kernel.c(2082): [client 118.161.215.204:63274] AH02041: Protocol: TLSv1.3, Cipher: TLS_AES_256_GCM_SHA384 (256/256 bits)
[Wed Aug 26 00:50:59.931243 2026] [socache_shmcb:debug] [pid 2127222:tid 2127222] mod_socache_shmcb.c(508): AH00831: socache_shmcb_store (0xfa -> subcache 26)
[Wed Aug 26 00:50:59.931247 2026] [socache_shmcb:debug] [pid 2127222:tid 2127222] mod_socache_shmcb.c(860): AH00847: insert happened at idx=27, data=(1057:1089)
[Wed Aug 26 00:50:59.931249 2026] [socache_shmcb:debug] [pid 2127222:tid 2127222] mod_socache_shmcb.c(863): AH00848: finished insert, subcache: idx_pos/idx_used=70/46, data_pos/data_used=4859/10290
[Wed Aug 26 00:50:59.931250 2026] [socache_shmcb:debug] [pid 2127222:tid 2127222] mod_socache_shmcb.c(530): AH00834: leaving socache_shmcb_store successfully
[Wed Aug 26 00:50:59.931290 2026] [socache_shmcb:debug] [pid 2127222:tid 2127222] mod_socache_shmcb.c(508): AH00831: socache_shmcb_store (0xff -> subcache 31)
[Wed Aug 26 00:50:59.931299 2026] [socache_shmcb:debug] [pid 2127222:tid 2127222] mod_socache_shmcb.c(745): AH00842: expiring 1 and reclaiming 0 removed socache entries
[Wed Aug 26 00:50:59.931301 2026] [socache_shmcb:debug] [pid 2127222:tid 2127222] mod_socache_shmcb.c(765): AH00843: we now have 26 socache entries
[Wed Aug 26 00:50:59.931303 2026] [socache_shmcb:debug] [pid 2127222:tid 2127222] mod_socache_shmcb.c(860): AH00847: insert happened at idx=75, data=(5849:5881)
[Wed Aug 26 00:50:59.931304 2026] [socache_shmcb:debug] [pid 2127222:tid 2127222] mod_socache_shmcb.c(863): AH00848: finished insert, subcache: idx_pos/idx_used=49/27, data_pos/data_used=120/5958
[Wed Aug 26 00:50:59.931306 2026] [socache_shmcb:debug] [pid 2127222:tid 2127222] mod_socache_shmcb.c(530): AH00834: leaving socache_shmcb_store successfully
[Wed Aug 26 00:50:59.931367 2026] [ssl:debug] [pid 2131322:tid 2131322] ssl_engine_kernel.c(2082): [client 118.161.215.204:63276] AH02041: Protocol: TLSv1.3, Cipher: TLS_AES_256_GCM_SHA384 (256/256 bits)
[Wed Aug 26 00:50:59.931377 2026] [ssl:debug] [pid 2127222:tid 2127222] ssl_engine_kernel.c(254): [client 118.161.215.204:63274] AH02034: Initial (No.1) HTTPS request received for child 13 (server www.ltjh.ilc.edu.tw:443), referer: https://www.ltjh.ilc.edu.tw/
[Wed Aug 26 00:50:59.931407 2026] [socache_shmcb:debug] [pid 2131322:tid 2131322] mod_socache_shmcb.c(508): AH00831: socache_shmcb_store (0x64 -> subcache 4)
[Wed Aug 26 00:50:59.931413 2026] [socache_shmcb:debug] [pid 2131322:tid 2131322] mod_socache_shmcb.c(745): AH00842: expiring 2 and reclaiming 0 removed socache entries
[Wed Aug 26 00:50:59.931417 2026] [socache_shmcb:debug] [pid 2131322:tid 2131322] mod_socache_shmcb.c(765): AH00843: we now have 40 socache entries
[Wed Aug 26 00:50:59.931419 2026] [socache_shmcb:debug] [pid 2131322:tid 2131322] mod_socache_shmcb.c(860): AH00847: insert happened at idx=36, data=(3144:3176)
[Wed Aug 26 00:50:59.931422 2026] [socache_shmcb:debug] [pid 2131322:tid 2131322] mod_socache_shmcb.c(863): AH00848: finished insert, subcache: idx_pos/idx_used=84/41, data_pos/data_used=8082/9155
[Wed Aug 26 00:50:59.931426 2026] [socache_shmcb:debug] [pid 2131322:tid 2131322] mod_socache_shmcb.c(530): AH00834: leaving socache_shmcb_store successfully
[Wed Aug 26 00:50:59.931473 2026] [socache_shmcb:debug] [pid 2131322:tid 2131322] mod_socache_shmcb.c(508): AH00831: socache_shmcb_store (0x79 -> subcache 25)
[Wed Aug 26 00:50:59.931478 2026] [socache_shmcb:debug] [pid 2131322:tid 2131322] mod_socache_shmcb.c(745): AH00842: expiring 1 and reclaiming 0 removed socache entries
[Wed Aug 26 00:50:59.931481 2026] [socache_shmcb:debug] [pid 2131322:tid 2131322] mod_socache_shmcb.c(765): AH00843: we now have 31 socache entries
[Wed Aug 26 00:50:59.931485 2026] [socache_shmcb:debug] [pid 2131322:tid 2131322] mod_socache_shmcb.c(860): AH00847: insert happened at idx=76, data=(6164:6196)
[Wed Aug 26 00:50:59.931488 2026] [socache_shmcb:debug] [pid 2131322:tid 2131322] mod_socache_shmcb.c(863): AH00848: finished insert, subcache: idx_pos/idx_used=45/32, data_pos/data_used=13146/7110
[Wed Aug 26 00:50:59.931491 2026] [socache_shmcb:debug] [pid 2131322:tid 2131322] mod_socache_shmcb.c(530): AH00834: leaving socache_shmcb_store successfully
[Wed Aug 26 00:50:59.931586 2026] [ssl:debug] [pid 2131322:tid 2131322] ssl_engine_kernel.c(254): [client 118.161.215.204:63276] AH02034: Initial (No.1) HTTPS request received for child 9 (server www.ltjh.ilc.edu.tw:443), referer: https://www.ltjh.ilc.edu.tw/
[Wed Aug 26 00:50:59.931851 2026] [authz_core:debug] [pid 2127222:tid 2127222] mod_authz_core.c(815): [client 118.161.215.204:63274] AH01626: authorization result of Require all granted: granted, referer: https://www.ltjh.ilc.edu.tw/
[Wed Aug 26 00:50:59.931856 2026] [authz_core:debug] [pid 2127222:tid 2127222] mod_authz_core.c(815): [client 118.161.215.204:63274] AH01626: authorization result of : granted, referer: https://www.ltjh.ilc.edu.tw/
[Wed Aug 26 00:50:59.931920 2026] [authz_core:debug] [pid 2131322:tid 2131322] mod_authz_core.c(815): [client 118.161.215.204:63276] AH01626: authorization result of Require all granted: granted, referer: https://www.ltjh.ilc.edu.tw/
[Wed Aug 26 00:50:59.931933 2026] [authz_core:debug] [pid 2131322:tid 2131322] mod_authz_core.c(815): [client 118.161.215.204:63276] AH01626: authorization result of : granted, referer: https://www.ltjh.ilc.edu.tw/
[Wed Aug 26 00:50:59.932294 2026] [deflate:debug] [pid 2131322:tid 2131322] mod_deflate.c(909): [client 118.161.215.204:63276] AH01384: Zlib: Compressed 1172 to 379 : URL /wp-content/uploads/sites/411/elementor/css/post-880.css, referer: https://www.ltjh.ilc.edu.tw/
[Wed Aug 26 00:50:59.932979 2026] [deflate:debug] [pid 2131728:tid 2131728] mod_deflate.c(909): [client 118.161.215.204:63275] AH01384: Zlib: Compressed 266793 to 50840 : URL /wp-content/cache/www.ltjh.ilc.edu.tw/wpfc-minified/7z2n64hl/6vwn.css, referer: https://www.ltjh.ilc.edu.tw/
[Wed Aug 26 00:50:59.933782 2026] [deflate:debug] [pid 2127222:tid 2127222] mod_deflate.c(909): [client 118.161.215.204:63274] AH01384: Zlib: Compressed 74320 to 12857 : URL /wp-content/cache/www.ltjh.ilc.edu.tw/wpfc-minified/lojpp9tb/6vwn.css, referer: https://www.ltjh.ilc.edu.tw/
[Wed Aug 26 00:50:59.934272 2026] [ssl:debug] [pid 2131522:tid 2131522] ssl_engine_kernel.c(254): [client 118.161.215.204:63277] AH02034: Initial (No.1) HTTPS request received for child 12 (server www.ltjh.ilc.edu.tw:443), referer: https://www.ltjh.ilc.edu.tw/
[Wed Aug 26 00:50:59.934686 2026] [authz_core:debug] [pid 2131522:tid 2131522] mod_authz_core.c(815): [client 118.161.215.204:63277] AH01626: authorization result of Require all granted: granted, referer: https://www.ltjh.ilc.edu.tw/
[Wed Aug 26 00:50:59.934692 2026] [authz_core:debug] [pid 2131522:tid 2131522] mod_authz_core.c(815): [client 118.161.215.204:63277] AH01626: authorization result of : granted, referer: https://www.ltjh.ilc.edu.tw/
[Wed Aug 26 00:50:59.942310 2026] [ssl:debug] [pid 2127399:tid 2127399] ssl_engine_kernel.c(254): [client 118.161.215.204:63272] AH02034: Subsequent (No.3) HTTPS request received for child 3 (server www.ltjh.ilc.edu.tw:443), referer: https://www.ltjh.ilc.edu.tw/
[Wed Aug 26 00:50:59.942510 2026] [authz_core:debug] [pid 2127399:tid 2127399] mod_authz_core.c(815): [client 118.161.215.204:63272] AH01626: authorization result of Require all granted: granted, referer: https://www.ltjh.ilc.edu.tw/
[Wed Aug 26 00:50:59.942516 2026] [authz_core:debug] [pid 2127399:tid 2127399] mod_authz_core.c(815): [client 118.161.215.204:63272] AH01626: authorization result of : granted, referer: https://www.ltjh.ilc.edu.tw/
[Wed Aug 26 00:50:59.942756 2026] [deflate:debug] [pid 2127399:tid 2127399] mod_deflate.c(909): [client 118.161.215.204:63272] AH01384: Zlib: Compressed 3487 to 1339 : URL /wp-includes/js/admin-bar.min.js, referer: https://www.ltjh.ilc.edu.tw/
[Wed Aug 26 00:50:59.942969 2026] [ssl:debug] [pid 2131322:tid 2131322] ssl_engine_kernel.c(254): [client 118.161.215.204:63276] AH02034: Subsequent (No.2) HTTPS request received for child 9 (server www.ltjh.ilc.edu.tw:443), referer: https://www.ltjh.ilc.edu.tw/
[Wed Aug 26 00:50:59.943103 2026] [authz_core:debug] [pid 2131322:tid 2131322] mod_authz_core.c(815): [client 118.161.215.204:63276] AH01626: authorization result of Require all granted: granted, referer: https://www.ltjh.ilc.edu.tw/
[Wed Aug 26 00:50:59.943107 2026] [authz_core:debug] [pid 2131322:tid 2131322] mod_authz_core.c(815): [client 118.161.215.204:63276] AH01626: authorization result of : granted, referer: https://www.ltjh.ilc.edu.tw/
[Wed Aug 26 00:50:59.943216 2026] [deflate:debug] [pid 2131522:tid 2131522] mod_deflate.c(909): [client 118.161.215.204:63277] AH01384: Zlib: Compressed 530664 to 53500 : URL /wp-content/cache/www.ltjh.ilc.edu.tw/wpfc-minified/21qwfrah/6vwn.css, referer: https://www.ltjh.ilc.edu.tw/
[Wed Aug 26 00:50:59.944492 2026] [deflate:debug] [pid 2131322:tid 2131322] mod_deflate.c(909): [client 118.161.215.204:63276] AH01384: Zlib: Compressed 55156 to 11830 : URL /wp-content/themes/toujours/js/jquery.flexslider.js, referer: https://www.ltjh.ilc.edu.tw/
[Wed Aug 26 00:50:59.950182 2026] [ssl:debug] [pid 2131727:tid 2131727] ssl_engine_kernel.c(254): [client 118.161.215.204:63273] AH02034: Subsequent (No.5) HTTPS request received for child 17 (server www.ltjh.ilc.edu.tw:443), referer: https://www.ltjh.ilc.edu.tw/
[Wed Aug 26 00:50:59.950334 2026] [authz_core:debug] [pid 2131727:tid 2131727] mod_authz_core.c(815): [client 118.161.215.204:63273] AH01626: authorization result of Require all granted: granted, referer: https://www.ltjh.ilc.edu.tw/
[Wed Aug 26 00:50:59.950338 2026] [authz_core:debug] [pid 2131727:tid 2131727] mod_authz_core.c(815): [client 118.161.215.204:63273] AH01626: authorization result of : granted, referer: https://www.ltjh.ilc.edu.tw/
[Wed Aug 26 00:50:59.950586 2026] [deflate:debug] [pid 2131727:tid 2131727] mod_deflate.c(909): [client 118.161.215.204:63273] AH01384: Zlib: Compressed 5520 to 1785 : URL /wp-includes/js/imagesloaded.min.js, referer: https://www.ltjh.ilc.edu.tw/
[Wed Aug 26 00:50:59.950761 2026] [ssl:debug] [pid 2127222:tid 2127222] ssl_engine_kernel.c(254): [client 118.161.215.204:63274] AH02034: Subsequent (No.2) HTTPS request received for child 13 (server www.ltjh.ilc.edu.tw:443), referer: https://www.ltjh.ilc.edu.tw/
[Wed Aug 26 00:50:59.950884 2026] [authz_core:debug] [pid 2127222:tid 2127222] mod_authz_core.c(815): [client 118.161.215.204:63274] AH01626: authorization result of Require all granted: granted, referer: https://www.ltjh.ilc.edu.tw/
[Wed Aug 26 00:50:59.950888 2026] [authz_core:debug] [pid 2127222:tid 2127222] mod_authz_core.c(815): [client 118.161.215.204:63274] AH01626: authorization result of : granted, referer: https://www.ltjh.ilc.edu.tw/
[Wed Aug 26 00:50:59.951046 2026] [deflate:debug] [pid 2127222:tid 2127222] mod_deflate.c(909): [client 118.161.215.204:63274] AH01384: Zlib: Compressed 2279 to 851 : URL /wp-content/themes/toujours/js/navigation.js, referer: https://www.ltjh.ilc.edu.tw/
[Wed Aug 26 00:50:59.954817 2026] [ssl:debug] [pid 2127399:tid 2127399] ssl_engine_kernel.c(254): [client 118.161.215.204:63272] AH02034: Subsequent (No.4) HTTPS request received for child 3 (server www.ltjh.ilc.edu.tw:443), referer: https://www.ltjh.ilc.edu.tw/
[Wed Aug 26 00:50:59.955001 2026] [authz_core:debug] [pid 2127399:tid 2127399] mod_authz_core.c(815): [client 118.161.215.204:63272] AH01626: authorization result of Require all granted: granted, referer: https://www.ltjh.ilc.edu.tw/
[Wed Aug 26 00:50:59.955009 2026] [authz_core:debug] [pid 2127399:tid 2127399] mod_authz_core.c(815): [client 118.161.215.204:63272] AH01626: authorization result of : granted, referer: https://www.ltjh.ilc.edu.tw/
[Wed Aug 26 00:50:59.955212 2026] [deflate:debug] [pid 2127399:tid 2127399] mod_deflate.c(909): [client 118.161.215.204:63272] AH01384: Zlib: Compressed 877 to 447 : URL /wp-content/themes/toujours/js/skip-link-focus-fix.js, referer: https://www.ltjh.ilc.edu.tw/
[Wed Aug 26 00:50:59.955417 2026] [ssl:debug] [pid 2131322:tid 2131322] ssl_engine_kernel.c(254): [client 118.161.215.204:63276] AH02034: Subsequent (No.3) HTTPS request received for child 9 (server www.ltjh.ilc.edu.tw:443), referer: https://www.ltjh.ilc.edu.tw/
[Wed Aug 26 00:50:59.955538 2026] [authz_core:debug] [pid 2131322:tid 2131322] mod_authz_core.c(815): [client 118.161.215.204:63276] AH01626: authorization result of Require all granted: granted, referer: https://www.ltjh.ilc.edu.tw/
[Wed Aug 26 00:50:59.955542 2026] [authz_core:debug] [pid 2131322:tid 2131322] mod_authz_core.c(815): [client 118.161.215.204:63276] AH01626: authorization result of : granted, referer: https://www.ltjh.ilc.edu.tw/
[Wed Aug 26 00:50:59.956390 2026] [deflate:debug] [pid 2131322:tid 2131322] mod_deflate.c(909): [client 118.161.215.204:63276] AH01384: Zlib: Compressed 24138 to 7364 : URL /wp-includes/js/masonry.min.js, referer: https://www.ltjh.ilc.edu.tw/
[Wed Aug 26 00:50:59.961768 2026] [ssl:debug] [pid 2131727:tid 2131727] ssl_engine_kernel.c(254): [client 118.161.215.204:63273] AH02034: Subsequent (No.6) HTTPS request received for child 17 (server www.ltjh.ilc.edu.tw:443), referer: https://www.ltjh.ilc.edu.tw/
[Wed Aug 26 00:50:59.961773 2026] [ssl:debug] [pid 2131728:tid 2131728] ssl_engine_kernel.c(254): [client 118.161.215.204:63275] AH02034: Subsequent (No.2) HTTPS request received for child 18 (server www.ltjh.ilc.edu.tw:443), referer: https://www.ltjh.ilc.edu.tw/
[Wed Aug 26 00:50:59.961962 2026] [authz_core:debug] [pid 2131727:tid 2131727] mod_authz_core.c(815): [client 118.161.215.204:63273] AH01626: authorization result of Require all granted: granted, referer: https://www.ltjh.ilc.edu.tw/
[Wed Aug 26 00:50:59.961968 2026] [authz_core:debug] [pid 2131727:tid 2131727] mod_authz_core.c(815): [client 118.161.215.204:63273] AH01626: authorization result of : granted, referer: https://www.ltjh.ilc.edu.tw/
[Wed Aug 26 00:50:59.961982 2026] [authz_core:debug] [pid 2131728:tid 2131728] mod_authz_core.c(815): [client 118.161.215.204:63275] AH01626: authorization result of Require all granted: granted, referer: https://www.ltjh.ilc.edu.tw/
[Wed Aug 26 00:50:59.961991 2026] [authz_core:debug] [pid 2131728:tid 2131728] mod_authz_core.c(815): [client 118.161.215.204:63275] AH01626: authorization result of : granted, referer: https://www.ltjh.ilc.edu.tw/
[Wed Aug 26 00:50:59.962215 2026] [deflate:debug] [pid 2131728:tid 2131728] mod_deflate.c(909): [client 118.161.215.204:63275] AH01384: Zlib: Compressed 3272 to 1273 : URL /wp-content/themes/toujours/js/global.js, referer: https://www.ltjh.ilc.edu.tw/
[Wed Aug 26 00:50:59.962261 2026] [deflate:debug] [pid 2131727:tid 2131727] mod_deflate.c(909): [client 118.161.215.204:63273] AH01384: Zlib: Compressed 5881 to 2664 : URL /wp-content/plugins/elementor-pro/assets/js/webpack-pro.runtime.min.js, referer: https://www.ltjh.ilc.edu.tw/
[Wed Aug 26 00:50:59.962462 2026] [ssl:debug] [pid 2127222:tid 2127222] ssl_engine_kernel.c(254): [client 118.161.215.204:63274] AH02034: Subsequent (No.3) HTTPS request received for child 13 (server www.ltjh.ilc.edu.tw:443), referer: https://www.ltjh.ilc.edu.tw/
[Wed Aug 26 00:50:59.962610 2026] [authz_core:debug] [pid 2127222:tid 2127222] mod_authz_core.c(815): [client 118.161.215.204:63274] AH01626: authorization result of Require all granted: granted, referer: https://www.ltjh.ilc.edu.tw/
[Wed Aug 26 00:50:59.962615 2026] [authz_core:debug] [pid 2127222:tid 2127222] mod_authz_core.c(815): [client 118.161.215.204:63274] AH01626: authorization result of : granted, referer: https://www.ltjh.ilc.edu.tw/
[Wed Aug 26 00:50:59.962862 2026] [deflate:debug] [pid 2127222:tid 2127222] mod_deflate.c(909): [client 118.161.215.204:63274] AH01384: Zlib: Compressed 4997 to 2197 : URL /wp-content/plugins/elementor/assets/js/webpack.runtime.min.js, referer: https://www.ltjh.ilc.edu.tw/
[Wed Aug 26 00:50:59.963104 2026] [ssl:debug] [pid 2127399:tid 2127399] ssl_engine_kernel.c(254): [client 118.161.215.204:63272] AH02034: Subsequent (No.5) HTTPS request received for child 3 (server www.ltjh.ilc.edu.tw:443), referer: https://www.ltjh.ilc.edu.tw/
[Wed Aug 26 00:50:59.963286 2026] [authz_core:debug] [pid 2127399:tid 2127399] mod_authz_core.c(815): [client 118.161.215.204:63272] AH01626: authorization result of Require all granted: granted, referer: https://www.ltjh.ilc.edu.tw/
[Wed Aug 26 00:50:59.963293 2026] [authz_core:debug] [pid 2127399:tid 2127399] mod_authz_core.c(815): [client 118.161.215.204:63272] AH01626: authorization result of : granted, referer: https://www.ltjh.ilc.edu.tw/
[Wed Aug 26 00:50:59.965592 2026] [deflate:debug] [pid 2127399:tid 2127399] mod_deflate.c(909): [client 118.161.215.204:63272] AH01384: Zlib: Compressed 67411 to 18429 : URL /wp-content/plugins/elementor/assets/js/frontend-modules.min.js, referer: https://www.ltjh.ilc.edu.tw/
[Wed Aug 26 00:50:59.966884 2026] [ssl:debug] [pid 2131322:tid 2131322] ssl_engine_kernel.c(254): [client 118.161.215.204:63276] AH02034: Subsequent (No.4) HTTPS request received for child 9 (server www.ltjh.ilc.edu.tw:443), referer: https://www.ltjh.ilc.edu.tw/
[Wed Aug 26 00:50:59.967072 2026] [authz_core:debug] [pid 2131322:tid 2131322] mod_authz_core.c(815): [client 118.161.215.204:63276] AH01626: authorization result of Require all granted: granted, referer: https://www.ltjh.ilc.edu.tw/
[Wed Aug 26 00:50:59.967078 2026] [authz_core:debug] [pid 2131322:tid 2131322] mod_authz_core.c(815): [client 118.161.215.204:63276] AH01626: authorization result of : granted, referer: https://www.ltjh.ilc.edu.tw/
[Wed Aug 26 00:50:59.967328 2026] [deflate:debug] [pid 2131322:tid 2131322] mod_deflate.c(909): [client 118.161.215.204:63276] AH01384: Zlib: Compressed 4307 to 1523 : URL /wp-includes/js/dist/hooks.min.js, referer: https://www.ltjh.ilc.edu.tw/
[Wed Aug 26 00:50:59.970091 2026] [ssl:debug] [pid 2131728:tid 2131728] ssl_engine_kernel.c(254): [client 118.161.215.204:63275] AH02034: Subsequent (No.3) HTTPS request received for child 18 (server www.ltjh.ilc.edu.tw:443), referer: https://www.ltjh.ilc.edu.tw/
[Wed Aug 26 00:50:59.970245 2026] [authz_core:debug] [pid 2131728:tid 2131728] mod_authz_core.c(815): [client 118.161.215.204:63275] AH01626: authorization result of Require all granted: granted, referer: https://www.ltjh.ilc.edu.tw/
[Wed Aug 26 00:50:59.970251 2026] [authz_core:debug] [pid 2131728:tid 2131728] mod_authz_core.c(815): [client 118.161.215.204:63275] AH01626: authorization result of : granted, referer: https://www.ltjh.ilc.edu.tw/
[Wed Aug 26 00:50:59.970400 2026] [ssl:info] [pid 2127398:tid 2127398] [client 118.161.215.204:4979] AH01964: Connection to child 2 established (server 2blog.ilc.edu.tw:443)
[Wed Aug 26 00:50:59.970418 2026] [ssl:debug] [pid 2131727:tid 2131727] ssl_engine_kernel.c(254): [client 118.161.215.204:63273] AH02034: Subsequent (No.7) HTTPS request received for child 17 (server www.ltjh.ilc.edu.tw:443), referer: https://www.ltjh.ilc.edu.tw/
[Wed Aug 26 00:50:59.970522 2026] [ssl:debug] [pid 2127398:tid 2127398] ssl_engine_kernel.c(2222): [client 118.161.215.204:4979] AH02043: SSL virtual host for servername 2blog.ilc.edu.tw found
[Wed Aug 26 00:50:59.970584 2026] [authz_core:debug] [pid 2131727:tid 2131727] mod_authz_core.c(815): [client 118.161.215.204:63273] AH01626: authorization result of Require all granted: granted, referer: https://www.ltjh.ilc.edu.tw/
[Wed Aug 26 00:50:59.970591 2026] [authz_core:debug] [pid 2131727:tid 2131727] mod_authz_core.c(815): [client 118.161.215.204:63273] AH01626: authorization result of : granted, referer: https://www.ltjh.ilc.edu.tw/
[Wed Aug 26 00:50:59.970616 2026] [ssl:debug] [pid 2127398:tid 2127398] ssl_util_stapling.c(819): AH01951: stapling_cb: OCSP Stapling callback called
[Wed Aug 26 00:50:59.970621 2026] [ssl:info] [pid 2127398:tid 2127398] AH01926: stapling_get_certinfo: stapling not supported for certificate
[Wed Aug 26 00:50:59.970663 2026] [deflate:debug] [pid 2131728:tid 2131728] mod_deflate.c(909): [client 118.161.215.204:63275] AH01384: Zlib: Compressed 9141 to 3649 : URL /wp-includes/js/dist/i18n.min.js, referer: https://www.ltjh.ilc.edu.tw/
[Wed Aug 26 00:50:59.971322 2026] [deflate:debug] [pid 2131727:tid 2131727] mod_deflate.c(909): [client 118.161.215.204:63273] AH01384: Zlib: Compressed 25050 to 6676 : URL /wp-content/plugins/elementor-pro/assets/js/frontend.min.js, referer: https://www.ltjh.ilc.edu.tw/
[Wed Aug 26 00:50:59.972222 2026] [ssl:debug] [pid 2127398:tid 2127398] ssl_engine_kernel.c(2082): [client 118.161.215.204:4979] AH02041: Protocol: TLSv1.3, Cipher: TLS_AES_256_GCM_SHA384 (256/256 bits)
[Wed Aug 26 00:50:59.972257 2026] [socache_shmcb:debug] [pid 2127398:tid 2127398] mod_socache_shmcb.c(508): AH00831: socache_shmcb_store (0x81 -> subcache 1)
[Wed Aug 26 00:50:59.972264 2026] [socache_shmcb:debug] [pid 2127398:tid 2127398] mod_socache_shmcb.c(745): AH00842: expiring 1 and reclaiming 0 removed socache entries
[Wed Aug 26 00:50:59.972268 2026] [socache_shmcb:debug] [pid 2127398:tid 2127398] mod_socache_shmcb.c(765): AH00843: we now have 41 socache entries
[Wed Aug 26 00:50:59.972270 2026] [socache_shmcb:debug] [pid 2127398:tid 2127398] mod_socache_shmcb.c(860): AH00847: insert happened at idx=86, data=(8501:8533)
[Wed Aug 26 00:50:59.972284 2026] [socache_shmcb:debug] [pid 2127398:tid 2127398] mod_socache_shmcb.c(863): AH00848: finished insert, subcache: idx_pos/idx_used=45/42, data_pos/data_used=13232/9347
[Wed Aug 26 00:50:59.972287 2026] [socache_shmcb:debug] [pid 2127398:tid 2127398] mod_socache_shmcb.c(530): AH00834: leaving socache_shmcb_store successfully
[Wed Aug 26 00:50:59.972285 2026] [ssl:info] [pid 2132015:tid 2132015] [client 118.161.215.204:63278] AH01964: Connection to child 1 established (server 2blog.ilc.edu.tw:443)
[Wed Aug 26 00:50:59.972330 2026] [socache_shmcb:debug] [pid 2127398:tid 2127398] mod_socache_shmcb.c(508): AH00831: socache_shmcb_store (0xae -> subcache 14)
[Wed Aug 26 00:50:59.972337 2026] [socache_shmcb:debug] [pid 2127398:tid 2127398] mod_socache_shmcb.c(745): AH00842: expiring 5 and reclaiming 0 removed socache entries
[Wed Aug 26 00:50:59.972340 2026] [socache_shmcb:debug] [pid 2127398:tid 2127398] mod_socache_shmcb.c(765): AH00843: we now have 34 socache entries
[Wed Aug 26 00:50:59.972343 2026] [socache_shmcb:debug] [pid 2127398:tid 2127398] mod_socache_shmcb.c(860): AH00847: insert happened at idx=74, data=(5867:5899)
[Wed Aug 26 00:50:59.972346 2026] [socache_shmcb:debug] [pid 2127398:tid 2127398] mod_socache_shmcb.c(863): AH00848: finished insert, subcache: idx_pos/idx_used=40/35, data_pos/data_used=12165/7780
[Wed Aug 26 00:50:59.972349 2026] [socache_shmcb:debug] [pid 2127398:tid 2127398] mod_socache_shmcb.c(530): AH00834: leaving socache_shmcb_store successfully
[Wed Aug 26 00:50:59.972388 2026] [ssl:info] [pid 2127398:tid 2127398] (70014)End of file found: [client 118.161.215.204:4979] AH01992: SSL library error 6 reading data
[Wed Aug 26 00:50:59.972404 2026] [ssl:debug] [pid 2127398:tid 2127398] ssl_engine_io.c(1150): [client 118.161.215.204:4979] AH02001: Connection closed to child 2 with standard shutdown (server 2blog.ilc.edu.tw:443)
[Wed Aug 26 00:50:59.972413 2026] [ssl:debug] [pid 2132015:tid 2132015] ssl_engine_kernel.c(2222): [client 118.161.215.204:63278] AH02043: SSL virtual host for servername 2blog.ilc.edu.tw found
[Wed Aug 26 00:50:59.972455 2026] [core:debug] [pid 2132015:tid 2132015] protocol.c(2460): [client 118.161.215.204:63278] AH03155: select protocol from , choices=h2,http/1.1 for server 2blog.ilc.edu.tw
[Wed Aug 26 00:50:59.972515 2026] [ssl:debug] [pid 2132015:tid 2132015] ssl_util_stapling.c(819): AH01951: stapling_cb: OCSP Stapling callback called
[Wed Aug 26 00:50:59.972534 2026] [ssl:info] [pid 2132015:tid 2132015] AH01926: stapling_get_certinfo: stapling not supported for certificate
[Wed Aug 26 00:50:59.974685 2026] [ssl:debug] [pid 2127222:tid 2127222] ssl_engine_kernel.c(254): [client 118.161.215.204:63274] AH02034: Subsequent (No.4) HTTPS request received for child 13 (server www.ltjh.ilc.edu.tw:443), referer: https://www.ltjh.ilc.edu.tw/
[Wed Aug 26 00:50:59.974699 2026] [ssl:debug] [pid 2131322:tid 2131322] ssl_engine_kernel.c(254): [client 118.161.215.204:63276] AH02034: Subsequent (No.5) HTTPS request received for child 9 (server www.ltjh.ilc.edu.tw:443), referer: https://www.ltjh.ilc.edu.tw/
[Wed Aug 26 00:50:59.974834 2026] [authz_core:debug] [pid 2127222:tid 2127222] mod_authz_core.c(815): [client 118.161.215.204:63274] AH01626: authorization result of Require all granted: granted, referer: https://www.ltjh.ilc.edu.tw/
[Wed Aug 26 00:50:59.974838 2026] [authz_core:debug] [pid 2127222:tid 2127222] mod_authz_core.c(815): [client 118.161.215.204:63274] AH01626: authorization result of : granted, referer: https://www.ltjh.ilc.edu.tw/
[Wed Aug 26 00:50:59.974840 2026] [authz_core:debug] [pid 2131322:tid 2131322] mod_authz_core.c(815): [client 118.161.215.204:63276] AH01626: authorization result of Require all granted: granted, referer: https://www.ltjh.ilc.edu.tw/
[Wed Aug 26 00:50:59.974846 2026] [authz_core:debug] [pid 2131322:tid 2131322] mod_authz_core.c(815): [client 118.161.215.204:63276] AH01626: authorization result of : granted, referer: https://www.ltjh.ilc.edu.tw/
[Wed Aug 26 00:50:59.975205 2026] [deflate:debug] [pid 2127222:tid 2127222] mod_deflate.c(909): [client 118.161.215.204:63274] AH01384: Zlib: Compressed 12198 to 2975 : URL /wp-content/plugins/elementor/assets/lib/waypoints/waypoints.min.js, referer: https://www.ltjh.ilc.edu.tw/
[Wed Aug 26 00:50:59.975534 2026] [deflate:debug] [pid 2131322:tid 2131322] mod_deflate.c(909): [client 118.161.215.204:63276] AH01384: Zlib: Compressed 21464 to 7088 : URL /wp-includes/js/jquery/ui/core.min.js, referer: https://www.ltjh.ilc.edu.tw/
[Wed Aug 26 00:50:59.978621 2026] [ssl:debug] [pid 2131522:tid 2131522] ssl_engine_kernel.c(254): [client 118.161.215.204:63277] AH02034: Subsequent (No.2) HTTPS request received for child 12 (server www.ltjh.ilc.edu.tw:443), referer: https://www.ltjh.ilc.edu.tw/
[Wed Aug 26 00:50:59.978693 2026] [ssl:debug] [pid 2131728:tid 2131728] ssl_engine_kernel.c(254): [client 118.161.215.204:63275] AH02034: Subsequent (No.4) HTTPS request received for child 18 (server www.ltjh.ilc.edu.tw:443), referer: https://www.ltjh.ilc.edu.tw/
[Wed Aug 26 00:50:59.978786 2026] [authz_core:debug] [pid 2131522:tid 2131522] mod_authz_core.c(815): [client 118.161.215.204:63277] AH01626: authorization result of Require all granted: granted, referer: https://www.ltjh.ilc.edu.tw/
[Wed Aug 26 00:50:59.978792 2026] [authz_core:debug] [pid 2131522:tid 2131522] mod_authz_core.c(815): [client 118.161.215.204:63277] AH01626: authorization result of : granted, referer: https://www.ltjh.ilc.edu.tw/
[Wed Aug 26 00:50:59.978856 2026] [authz_core:debug] [pid 2131728:tid 2131728] mod_authz_core.c(815): [client 118.161.215.204:63275] AH01626: authorization result of Require all granted: granted, referer: https://www.ltjh.ilc.edu.tw/
[Wed Aug 26 00:50:59.978861 2026] [authz_core:debug] [pid 2131728:tid 2131728] mod_authz_core.c(815): [client 118.161.215.204:63275] AH01626: authorization result of : granted, referer: https://www.ltjh.ilc.edu.tw/
[Wed Aug 26 00:50:59.979869 2026] [deflate:debug] [pid 2131728:tid 2131728] mod_deflate.c(909): [client 118.161.215.204:63275] AH01384: Zlib: Compressed 41573 to 9918 : URL /wp-content/plugins/elementor-pro/assets/js/elements-handlers.min.js, referer: https://www.ltjh.ilc.edu.tw/
[Wed Aug 26 00:50:59.980065 2026] [deflate:debug] [pid 2131522:tid 2131522] mod_deflate.c(909): [client 118.161.215.204:63277] AH01384: Zlib: Compressed 40254 to 12204 : URL /wp-content/plugins/elementor/assets/js/frontend.min.js, referer: https://www.ltjh.ilc.edu.tw/
[Wed Aug 26 00:50:59.982295 2026] [ssl:debug] [pid 2132015:tid 2132015] ssl_engine_kernel.c(2082): [client 118.161.215.204:63278] AH02041: Protocol: TLSv1.3, Cipher: TLS_AES_256_GCM_SHA384 (256/256 bits)
[Wed Aug 26 00:50:59.982336 2026] [socache_shmcb:debug] [pid 2132015:tid 2132015] mod_socache_shmcb.c(508): AH00831: socache_shmcb_store (0x2e -> subcache 14)
[Wed Aug 26 00:50:59.982342 2026] [socache_shmcb:debug] [pid 2132015:tid 2132015] mod_socache_shmcb.c(860): AH00847: insert happened at idx=75, data=(6081:6113)
[Wed Aug 26 00:50:59.982344 2026] [socache_shmcb:debug] [pid 2132015:tid 2132015] mod_socache_shmcb.c(863): AH00848: finished insert, subcache: idx_pos/idx_used=40/36, data_pos/data_used=12165/8006
[Wed Aug 26 00:50:59.982346 2026] [socache_shmcb:debug] [pid 2132015:tid 2132015] mod_socache_shmcb.c(530): AH00834: leaving socache_shmcb_store successfully
[Wed Aug 26 00:50:59.982387 2026] [socache_shmcb:debug] [pid 2132015:tid 2132015] mod_socache_shmcb.c(508): AH00831: socache_shmcb_store (0xf3 -> subcache 19)
[Wed Aug 26 00:50:59.982400 2026] [socache_shmcb:debug] [pid 2132015:tid 2132015] mod_socache_shmcb.c(860): AH00847: insert happened at idx=17, data=(12667:12699)
[Wed Aug 26 00:50:59.982402 2026] [socache_shmcb:debug] [pid 2132015:tid 2132015] mod_socache_shmcb.c(863): AH00848: finished insert, subcache: idx_pos/idx_used=66/40, data_pos/data_used=3962/8930
[Wed Aug 26 00:50:59.982404 2026] [socache_shmcb:debug] [pid 2132015:tid 2132015] mod_socache_shmcb.c(530): AH00834: leaving socache_shmcb_store successfully
[Wed Aug 26 00:50:59.982524 2026] [ssl:debug] [pid 2132015:tid 2132015] ssl_engine_kernel.c(254): [client 118.161.215.204:63278] AH02034: Initial (No.1) HTTPS request received for child 1 (server 2blog.ilc.edu.tw:443), referer: https://www.ltjh.ilc.edu.tw/
[Wed Aug 26 00:50:59.982827 2026] [authz_core:debug] [pid 2132015:tid 2132015] mod_authz_core.c(815): [client 118.161.215.204:63278] AH01626: authorization result of Require all granted: granted, referer: https://www.ltjh.ilc.edu.tw/
[Wed Aug 26 00:50:59.982835 2026] [authz_core:debug] [pid 2132015:tid 2132015] mod_authz_core.c(815): [client 118.161.215.204:63278] AH01626: authorization result of : granted, referer: https://www.ltjh.ilc.edu.tw/
[Wed Aug 26 00:50:59.987277 2026] [authz_core:debug] [pid 2132015:tid 2132015] mod_authz_core.c(815): [client 118.161.215.204:63278] AH01626: authorization result of Require all granted: granted, referer: https://www.ltjh.ilc.edu.tw/
[Wed Aug 26 00:50:59.987299 2026] [authz_core:debug] [pid 2132015:tid 2132015] mod_authz_core.c(815): [client 118.161.215.204:63278] AH01626: authorization result of : granted, referer: https://www.ltjh.ilc.edu.tw/
[Wed Aug 26 00:50:59.990329 2026] [ssl:debug] [pid 2131727:tid 2131727] ssl_engine_kernel.c(254): [client 118.161.215.204:63273] AH02034: Subsequent (No.8) HTTPS request received for child 17 (server www.ltjh.ilc.edu.tw:443), referer: https://www.ltjh.ilc.edu.tw/
[Wed Aug 26 00:50:59.990417 2026] [ssl:debug] [pid 2127399:tid 2127399] ssl_engine_kernel.c(254): [client 118.161.215.204:63272] AH02034: Subsequent (No.6) HTTPS request received for child 3 (server www.ltjh.ilc.edu.tw:443), referer: https://www.ltjh.ilc.edu.tw/
[Wed Aug 26 00:50:59.990668 2026] [ssl:info] [pid 2127400:tid 2127400] [client 118.161.215.204:63279] AH01964: Connection to child 5 established (server 2blog.ilc.edu.tw:443)
[Wed Aug 26 00:50:59.990804 2026] [ssl:debug] [pid 2127400:tid 2127400] ssl_engine_kernel.c(2222): [client 118.161.215.204:63279] AH02043: SSL virtual host for servername 2blog.ilc.edu.tw found
[Wed Aug 26 00:50:59.990853 2026] [core:debug] [pid 2127400:tid 2127400] protocol.c(2460): [client 118.161.215.204:63279] AH03155: select protocol from , choices=http/1.1 for server 2blog.ilc.edu.tw
[Wed Aug 26 00:50:59.990890 2026] [ssl:debug] [pid 2127400:tid 2127400] ssl_util_stapling.c(819): AH01951: stapling_cb: OCSP Stapling callback called
[Wed Aug 26 00:50:59.990894 2026] [ssl:info] [pid 2127400:tid 2127400] AH01926: stapling_get_certinfo: stapling not supported for certificate
[Wed Aug 26 00:50:59.991178 2026] [authz_core:debug] [pid 2131727:tid 2131727] mod_authz_core.c(815): [client 118.161.215.204:63273] AH01626: authorization result of Require all granted: granted, referer: https://www.ltjh.ilc.edu.tw/
[Wed Aug 26 00:50:59.991186 2026] [authz_core:debug] [pid 2131727:tid 2131727] mod_authz_core.c(815): [client 118.161.215.204:63273] AH01626: authorization result of : granted, referer: https://www.ltjh.ilc.edu.tw/
