[Wed Aug 26 00:51:10.833426 2026] [deflate:debug] [pid 2127222:tid 2127222] mod_deflate.c(909): [client 216.73.216.243:7964] AH01384: Zlib: Compressed 533222 to 86025 : URL /index.php
[Wed Aug 26 00:51:10.851659 2026] [ssl:debug] [pid 2127162:tid 2127162] ssl_engine_kernel.c(254): [client 216.73.216.243:27010] AH02034: Subsequent (No.2) HTTPS request received for child 26 (server 2blog.ilc.edu.tw:443)
[Wed Aug 26 00:51:10.851870 2026] [authz_core:debug] [pid 2127162:tid 2127162] mod_authz_core.c(815): [client 216.73.216.243:27010] AH01626: authorization result of Require all granted: granted
[Wed Aug 26 00:51:10.851876 2026] [authz_core:debug] [pid 2127162:tid 2127162] mod_authz_core.c(815): [client 216.73.216.243:27010] AH01626: authorization result of : granted
[Wed Aug 26 00:51:10.852000 2026] [authz_core:debug] [pid 2127162:tid 2127162] mod_authz_core.c(815): [client 216.73.216.243:27010] AH01626: authorization result of Require all granted: granted
[Wed Aug 26 00:51:10.852004 2026] [authz_core:debug] [pid 2127162:tid 2127162] mod_authz_core.c(815): [client 216.73.216.243:27010] AH01626: authorization result of : granted
[Wed Aug 26 00:51:10.972504 2026] [ssl:info] [pid 2132026:tid 2132026] [client 34.123.149.87:54272] AH01964: Connection to child 7 established (server 2blog.ilc.edu.tw:443)
[Wed Aug 26 00:51:10.972672 2026] [ssl:info] [pid 2132026:tid 2132026] (70014)End of file found: [client 34.123.149.87:54272] AH02006: SSL handshake stopped: connection was closed
[Wed Aug 26 00:51:10.972692 2026] [ssl:info] [pid 2132026:tid 2132026] [client 34.123.149.87:54272] AH01998: Connection closed to child 7 with abortive shutdown (server 2blog.ilc.edu.tw:443)
[Wed Aug 26 00:51:11.042920 2026] [ssl:debug] [pid 2127400:tid 2127400] ssl_engine_kernel.c(254): [client 216.73.216.243:54523] AH02034: Subsequent (No.2) HTTPS request received for child 5 (server 2blog.ilc.edu.tw:443)
[Wed Aug 26 00:51:11.043137 2026] [authz_core:debug] [pid 2127400:tid 2127400] mod_authz_core.c(815): [client 216.73.216.243:54523] AH01626: authorization result of Require all granted: granted
[Wed Aug 26 00:51:11.043145 2026] [authz_core:debug] [pid 2127400:tid 2127400] mod_authz_core.c(815): [client 216.73.216.243:54523] AH01626: authorization result of : granted
[Wed Aug 26 00:51:11.043312 2026] [authz_core:debug] [pid 2127400:tid 2127400] mod_authz_core.c(815): [client 216.73.216.243:54523] AH01626: authorization result of Require all granted: granted
[Wed Aug 26 00:51:11.043318 2026] [authz_core:debug] [pid 2127400:tid 2127400] mod_authz_core.c(815): [client 216.73.216.243:54523] AH01626: authorization result of : granted
[Wed Aug 26 00:51:11.073756 2026] [deflate:debug] [pid 2132027:tid 2132027] mod_deflate.c(909): [client 216.73.216.243:3501] AH01384: Zlib: Compressed 2727 to 1254 : URL /index.php
[Wed Aug 26 00:51:11.148739 2026] [ssl:info] [pid 2131726:tid 2131726] [client 216.73.216.243:16986] AH01964: Connection to child 16 established (server 2blog.ilc.edu.tw:443)
[Wed Aug 26 00:51:11.148925 2026] [ssl:debug] [pid 2131726:tid 2131726] ssl_engine_kernel.c(2222): [client 216.73.216.243:16986] AH02043: SSL virtual host for servername 2blog.ilc.edu.tw found
[Wed Aug 26 00:51:11.148945 2026] [socache_shmcb:debug] [pid 2131726:tid 2131726] mod_socache_shmcb.c(545): AH00835: socache_shmcb_retrieve (0x57 -> subcache 23)
[Wed Aug 26 00:51:11.148965 2026] [socache_shmcb:debug] [pid 2131726:tid 2131726] mod_socache_shmcb.c(896): AH00849: match at idx=87, data=8891
[Wed Aug 26 00:51:11.148967 2026] [socache_shmcb:debug] [pid 2131726:tid 2131726] mod_socache_shmcb.c(556): AH00836: leaving socache_shmcb_retrieve successfully
[Wed Aug 26 00:51:11.149094 2026] [core:debug] [pid 2131726:tid 2131726] protocol.c(2460): [client 216.73.216.243:16986] AH03155: select protocol from , choices=h2,http/1.1 for server 2blog.ilc.edu.tw
[Wed Aug 26 00:51:11.159601 2026] [ssl:debug] [pid 2132033:tid 2132033] ssl_engine_kernel.c(254): [client 216.73.216.243:47563] AH02034: Subsequent (No.2) HTTPS request received for child 19 (server 2blog.ilc.edu.tw:443)
[Wed Aug 26 00:51:11.159817 2026] [authz_core:debug] [pid 2132033:tid 2132033] mod_authz_core.c(815): [client 216.73.216.243:47563] AH01626: authorization result of Require all granted: granted
[Wed Aug 26 00:51:11.159824 2026] [authz_core:debug] [pid 2132033:tid 2132033] mod_authz_core.c(815): [client 216.73.216.243:47563] AH01626: authorization result of : granted
[Wed Aug 26 00:51:11.159972 2026] [authz_core:debug] [pid 2132033:tid 2132033] mod_authz_core.c(815): [client 216.73.216.243:47563] AH01626: authorization result of Require all granted: granted
[Wed Aug 26 00:51:11.159979 2026] [authz_core:debug] [pid 2132033:tid 2132033] mod_authz_core.c(815): [client 216.73.216.243:47563] AH01626: authorization result of : granted
[Wed Aug 26 00:51:11.185742 2026] [ssl:info] [pid 2132028:tid 2132028] [client 34.123.149.87:40448] AH01964: Connection to child 14 established (server 2blog.ilc.edu.tw:443)
[Wed Aug 26 00:51:11.185933 2026] [ssl:debug] [pid 2132028:tid 2132028] ssl_engine_kernel.c(2222): [client 34.123.149.87:40448] AH02043: SSL virtual host for servername 2blog.ilc.edu.tw found
[Wed Aug 26 00:51:11.185995 2026] [core:debug] [pid 2132028:tid 2132028] protocol.c(2460): [client 34.123.149.87:40448] AH03155: select protocol from , choices=http/1.1 for server 2blog.ilc.edu.tw
[Wed Aug 26 00:51:11.252972 2026] [ssl:debug] [pid 2127398:tid 2127398] ssl_engine_kernel.c(254): [client 216.73.216.243:27474] AH02034: Subsequent (No.2) HTTPS request received for child 2 (server 2blog.ilc.edu.tw:443)
[Wed Aug 26 00:51:11.253172 2026] [authz_core:debug] [pid 2127398:tid 2127398] mod_authz_core.c(815): [client 216.73.216.243:27474] AH01626: authorization result of Require all granted: granted
[Wed Aug 26 00:51:11.253177 2026] [authz_core:debug] [pid 2127398:tid 2127398] mod_authz_core.c(815): [client 216.73.216.243:27474] AH01626: authorization result of : granted
[Wed Aug 26 00:51:11.253300 2026] [authz_core:debug] [pid 2127398:tid 2127398] mod_authz_core.c(815): [client 216.73.216.243:27474] AH01626: authorization result of Require all granted: granted
[Wed Aug 26 00:51:11.253305 2026] [authz_core:debug] [pid 2127398:tid 2127398] mod_authz_core.c(815): [client 216.73.216.243:27474] AH01626: authorization result of : granted
[Wed Aug 26 00:51:11.365294 2026] [ssl:debug] [pid 2127162:tid 2127162] ssl_engine_kernel.c(254): [client 216.73.216.243:27010] AH02034: Subsequent (No.3) HTTPS request received for child 26 (server 2blog.ilc.edu.tw:443)
[Wed Aug 26 00:51:11.365687 2026] [authz_core:debug] [pid 2127162:tid 2127162] mod_authz_core.c(815): [client 216.73.216.243:27010] AH01626: authorization result of Require all granted: granted
[Wed Aug 26 00:51:11.365703 2026] [authz_core:debug] [pid 2127162:tid 2127162] mod_authz_core.c(815): [client 216.73.216.243:27010] AH01626: authorization result of : granted
[Wed Aug 26 00:51:11.365842 2026] [authz_core:debug] [pid 2127162:tid 2127162] mod_authz_core.c(815): [client 216.73.216.243:27010] AH01626: authorization result of Require all granted: granted
[Wed Aug 26 00:51:11.365846 2026] [authz_core:debug] [pid 2127162:tid 2127162] mod_authz_core.c(815): [client 216.73.216.243:27010] AH01626: authorization result of : granted
[Wed Aug 26 00:51:11.371636 2026] [watchdog:debug] [pid 2132041:tid 2132041] mod_watchdog.c(559): AH02980: Watchdog: nothing configured?
[Wed Aug 26 00:51:11.373077 2026] [ssl:debug] [pid 2131726:tid 2131726] ssl_engine_kernel.c(2082): [client 216.73.216.243:16986] AH02041: Protocol: TLSv1.3, Cipher: TLS_AES_256_GCM_SHA384 (256/256 bits)
[Wed Aug 26 00:51:11.373126 2026] [socache_shmcb:debug] [pid 2131726:tid 2131726] mod_socache_shmcb.c(508): AH00831: socache_shmcb_store (0x12 -> subcache 18)
[Wed Aug 26 00:51:11.373132 2026] [socache_shmcb:debug] [pid 2131726:tid 2131726] mod_socache_shmcb.c(745): AH00842: expiring 1 and reclaiming 0 removed socache entries
[Wed Aug 26 00:51:11.373134 2026] [socache_shmcb:debug] [pid 2131726:tid 2131726] mod_socache_shmcb.c(765): AH00843: we now have 29 socache entries
[Wed Aug 26 00:51:11.373136 2026] [socache_shmcb:debug] [pid 2131726:tid 2131726] mod_socache_shmcb.c(860): AH00847: insert happened at idx=0, data=(8924:8956)
[Wed Aug 26 00:51:11.373138 2026] [socache_shmcb:debug] [pid 2131726:tid 2131726] mod_socache_shmcb.c(863): AH00848: finished insert, subcache: idx_pos/idx_used=59/30, data_pos/data_used=2443/6707
[Wed Aug 26 00:51:11.373140 2026] [socache_shmcb:debug] [pid 2131726:tid 2131726] mod_socache_shmcb.c(530): AH00834: leaving socache_shmcb_store successfully
[Wed Aug 26 00:51:11.452594 2026] [ssl:debug] [pid 2131726:tid 2131726] ssl_engine_kernel.c(254): [client 216.73.216.243:16986] AH02034: Initial (No.1) HTTPS request received for child 16 (server 2blog.ilc.edu.tw:443)
[Wed Aug 26 00:51:11.452764 2026] [authz_core:debug] [pid 2131726:tid 2131726] mod_authz_core.c(815): [client 216.73.216.243:16986] AH01626: authorization result of Require all granted: granted
[Wed Aug 26 00:51:11.452770 2026] [authz_core:debug] [pid 2131726:tid 2131726] mod_authz_core.c(815): [client 216.73.216.243:16986] AH01626: authorization result of : granted
[Wed Aug 26 00:51:11.452896 2026] [authz_core:debug] [pid 2131726:tid 2131726] mod_authz_core.c(815): [client 216.73.216.243:16986] AH01626: authorization result of Require all granted: granted
[Wed Aug 26 00:51:11.452900 2026] [authz_core:debug] [pid 2131726:tid 2131726] mod_authz_core.c(815): [client 216.73.216.243:16986] AH01626: authorization result of : granted
[Wed Aug 26 00:51:11.477112 2026] [ssl:debug] [pid 2132034:tid 2132034] ssl_engine_io.c(1150): [client 34.56.53.225:17923] AH02001: Connection closed to child 20 with standard shutdown (server 2blog.ilc.edu.tw:443)
[Wed Aug 26 00:51:11.564990 2026] [ssl:debug] [pid 2131727:tid 2131727] ssl_engine_kernel.c(254): [client 216.73.216.243:24736] AH02034: Subsequent (No.2) HTTPS request received for child 17 (server 2blog.ilc.edu.tw:443)
[Wed Aug 26 00:51:11.565189 2026] [authz_core:debug] [pid 2131727:tid 2131727] mod_authz_core.c(815): [client 216.73.216.243:24736] AH01626: authorization result of Require all granted: granted
[Wed Aug 26 00:51:11.565196 2026] [authz_core:debug] [pid 2131727:tid 2131727] mod_authz_core.c(815): [client 216.73.216.243:24736] AH01626: authorization result of : granted
[Wed Aug 26 00:51:11.565340 2026] [authz_core:debug] [pid 2131727:tid 2131727] mod_authz_core.c(815): [client 216.73.216.243:24736] AH01626: authorization result of Require all granted: granted
[Wed Aug 26 00:51:11.565346 2026] [authz_core:debug] [pid 2131727:tid 2131727] mod_authz_core.c(815): [client 216.73.216.243:24736] AH01626: authorization result of : granted
[Wed Aug 26 00:51:11.644322 2026] [ssl:debug] [pid 2132011:tid 2132011] ssl_engine_kernel.c(254): [client 34.10.180.98:18432] AH02034: Subsequent (No.2) HTTPS request received for child 6 (server 2blog.ilc.edu.tw:443)
[Wed Aug 26 00:51:11.644566 2026] [authz_core:debug] [pid 2132011:tid 2132011] mod_authz_core.c(815): [client 34.10.180.98:18432] AH01626: authorization result of Require all granted: granted
[Wed Aug 26 00:51:11.644578 2026] [authz_core:debug] [pid 2132011:tid 2132011] mod_authz_core.c(815): [client 34.10.180.98:18432] AH01626: authorization result of : granted
[Wed Aug 26 00:51:11.644768 2026] [authz_core:debug] [pid 2132011:tid 2132011] mod_authz_core.c(815): [client 34.10.180.98:18432] AH01626: authorization result of Require all granted: granted
[Wed Aug 26 00:51:11.644776 2026] [authz_core:debug] [pid 2132011:tid 2132011] mod_authz_core.c(815): [client 34.10.180.98:18432] AH01626: authorization result of : granted
[Wed Aug 26 00:51:11.659791 2026] [ssl:debug] [pid 2132028:tid 2132028] ssl_engine_kernel.c(2082): [client 34.123.149.87:40448] AH02041: Protocol: TLSv1.3, Cipher: TLS_AES_256_GCM_SHA384 (256/256 bits)
[Wed Aug 26 00:51:11.659850 2026] [socache_shmcb:debug] [pid 2132028:tid 2132028] mod_socache_shmcb.c(508): AH00831: socache_shmcb_store (0xdc -> subcache 28)
[Wed Aug 26 00:51:11.659872 2026] [socache_shmcb:debug] [pid 2132028:tid 2132028] mod_socache_shmcb.c(860): AH00847: insert happened at idx=31, data=(1926:1958)
[Wed Aug 26 00:51:11.659875 2026] [socache_shmcb:debug] [pid 2132028:tid 2132028] mod_socache_shmcb.c(863): AH00848: finished insert, subcache: idx_pos/idx_used=85/35, data_pos/data_used=8233/7782
[Wed Aug 26 00:51:11.659878 2026] [socache_shmcb:debug] [pid 2132028:tid 2132028] mod_socache_shmcb.c(530): AH00834: leaving socache_shmcb_store successfully
[Wed Aug 26 00:51:11.659977 2026] [socache_shmcb:debug] [pid 2132028:tid 2132028] mod_socache_shmcb.c(508): AH00831: socache_shmcb_store (0xc7 -> subcache 7)
[Wed Aug 26 00:51:11.659991 2026] [socache_shmcb:debug] [pid 2132028:tid 2132028] mod_socache_shmcb.c(860): AH00847: insert happened at idx=83, data=(7721:7753)
[Wed Aug 26 00:51:11.659994 2026] [socache_shmcb:debug] [pid 2132028:tid 2132028] mod_socache_shmcb.c(863): AH00848: finished insert, subcache: idx_pos/idx_used=39/45, data_pos/data_used=11795/10015
[Wed Aug 26 00:51:11.659997 2026] [socache_shmcb:debug] [pid 2132028:tid 2132028] mod_socache_shmcb.c(530): AH00834: leaving socache_shmcb_store successfully
[Wed Aug 26 00:51:11.666256 2026] [ssl:debug] [pid 2132033:tid 2132033] ssl_engine_kernel.c(254): [client 216.73.216.243:47563] AH02034: Subsequent (No.3) HTTPS request received for child 19 (server 2blog.ilc.edu.tw:443)
[Wed Aug 26 00:51:11.666528 2026] [authz_core:debug] [pid 2132033:tid 2132033] mod_authz_core.c(815): [client 216.73.216.243:47563] AH01626: authorization result of Require all granted: granted
[Wed Aug 26 00:51:11.666554 2026] [authz_core:debug] [pid 2132033:tid 2132033] mod_authz_core.c(815): [client 216.73.216.243:47563] AH01626: authorization result of : granted
[Wed Aug 26 00:51:11.666752 2026] [authz_core:debug] [pid 2132033:tid 2132033] mod_authz_core.c(815): [client 216.73.216.243:47563] AH01626: authorization result of Require all granted: granted
[Wed Aug 26 00:51:11.666758 2026] [authz_core:debug] [pid 2132033:tid 2132033] mod_authz_core.c(815): [client 216.73.216.243:47563] AH01626: authorization result of : granted
[Wed Aug 26 00:51:11.730593 2026] [deflate:debug] [pid 2131726:tid 2131726] mod_deflate.c(909): [client 216.73.216.243:16986] AH01384: Zlib: Compressed 2730 to 1254 : URL /index.php
[Wed Aug 26 00:51:11.742943 2026] [deflate:debug] [pid 2127400:tid 2127400] mod_deflate.c(909): [client 216.73.216.243:54523] AH01384: Zlib: Compressed 532478 to 85791 : URL /index.php
[Wed Aug 26 00:51:11.768753 2026] [ssl:debug] [pid 2127222:tid 2127222] ssl_engine_kernel.c(254): [client 216.73.216.243:7964] AH02034: Subsequent (No.3) HTTPS request received for child 13 (server 2blog.ilc.edu.tw:443)
[Wed Aug 26 00:51:11.769016 2026] [authz_core:debug] [pid 2127222:tid 2127222] mod_authz_core.c(815): [client 216.73.216.243:7964] AH01626: authorization result of Require all granted: granted
[Wed Aug 26 00:51:11.769024 2026] [authz_core:debug] [pid 2127222:tid 2127222] mod_authz_core.c(815): [client 216.73.216.243:7964] AH01626: authorization result of : granted
[Wed Aug 26 00:51:11.769150 2026] [authz_core:debug] [pid 2127222:tid 2127222] mod_authz_core.c(815): [client 216.73.216.243:7964] AH01626: authorization result of Require all granted: granted
[Wed Aug 26 00:51:11.769155 2026] [authz_core:debug] [pid 2127222:tid 2127222] mod_authz_core.c(815): [client 216.73.216.243:7964] AH01626: authorization result of : granted
[Wed Aug 26 00:51:11.819852 2026] [ssl:info] [pid 2132032:tid 2132032] [client 52.167.144.219:56561] AH01964: Connection to child 15 established (server 2blog.ilc.edu.tw:443)
[Wed Aug 26 00:51:11.820136 2026] [ssl:debug] [pid 2132032:tid 2132032] ssl_engine_kernel.c(2222): [client 52.167.144.219:56561] AH02043: SSL virtual host for servername 2blog.ilc.edu.tw found
[Wed Aug 26 00:51:11.820271 2026] [core:debug] [pid 2132032:tid 2132032] protocol.c(2460): [client 52.167.144.219:56561] AH03155: select protocol from , choices=h2,http/1.1 for server 2blog.ilc.edu.tw
[Wed Aug 26 00:51:11.870702 2026] [ssl:debug] [pid 2131522:tid 2131522] ssl_engine_kernel.c(254): [client 216.73.216.243:19516] AH02034: Subsequent (No.2) HTTPS request received for child 12 (server 2blog.ilc.edu.tw:443)
[Wed Aug 26 00:51:11.870896 2026] [authz_core:debug] [pid 2131522:tid 2131522] mod_authz_core.c(815): [client 216.73.216.243:19516] AH01626: authorization result of Require all granted: granted
[Wed Aug 26 00:51:11.870902 2026] [authz_core:debug] [pid 2131522:tid 2131522] mod_authz_core.c(815): [client 216.73.216.243:19516] AH01626: authorization result of : granted
[Wed Aug 26 00:51:11.871021 2026] [authz_core:debug] [pid 2131522:tid 2131522] mod_authz_core.c(815): [client 216.73.216.243:19516] AH01626: authorization result of Require all granted: granted
[Wed Aug 26 00:51:11.871024 2026] [authz_core:debug] [pid 2131522:tid 2131522] mod_authz_core.c(815): [client 216.73.216.243:19516] AH01626: authorization result of : granted
[Wed Aug 26 00:51:11.887229 2026] [ssl:debug] [pid 2132028:tid 2132028] ssl_engine_kernel.c(254): [client 34.123.149.87:40448] AH02034: Initial (No.1) HTTPS request received for child 14 (server 2blog.ilc.edu.tw:443)
[Wed Aug 26 00:51:11.887475 2026] [authz_core:debug] [pid 2132028:tid 2132028] mod_authz_core.c(815): [client 34.123.149.87:40448] AH01626: authorization result of Require all granted: granted
[Wed Aug 26 00:51:11.887485 2026] [authz_core:debug] [pid 2132028:tid 2132028] mod_authz_core.c(815): [client 34.123.149.87:40448] AH01626: authorization result of : granted
[Wed Aug 26 00:51:11.887675 2026] [authz_core:debug] [pid 2132028:tid 2132028] mod_authz_core.c(815): [client 34.123.149.87:40448] AH01626: authorization result of Require all granted: granted
[Wed Aug 26 00:51:11.887684 2026] [authz_core:debug] [pid 2132028:tid 2132028] mod_authz_core.c(815): [client 34.123.149.87:40448] AH01626: authorization result of : granted
[Wed Aug 26 00:51:11.960493 2026] [ssl:debug] [pid 2131726:tid 2131726] ssl_engine_kernel.c(254): [client 216.73.216.243:16986] AH02034: Subsequent (No.2) HTTPS request received for child 16 (server 2blog.ilc.edu.tw:443)
[Wed Aug 26 00:51:11.960666 2026] [authz_core:debug] [pid 2131726:tid 2131726] mod_authz_core.c(815): [client 216.73.216.243:16986] AH01626: authorization result of Require all granted: granted
[Wed Aug 26 00:51:11.960672 2026] [authz_core:debug] [pid 2131726:tid 2131726] mod_authz_core.c(815): [client 216.73.216.243:16986] AH01626: authorization result of : granted
[Wed Aug 26 00:51:11.960821 2026] [authz_core:debug] [pid 2131726:tid 2131726] mod_authz_core.c(815): [client 216.73.216.243:16986] AH01626: authorization result of Require all granted: granted
[Wed Aug 26 00:51:11.960825 2026] [authz_core:debug] [pid 2131726:tid 2131726] mod_authz_core.c(815): [client 216.73.216.243:16986] AH01626: authorization result of : granted
[Wed Aug 26 00:51:11.973063 2026] [ssl:debug] [pid 2131728:tid 2131728] ssl_engine_io.c(1150): [client 34.30.223.149:22016] AH02001: Connection closed to child 18 with standard shutdown (server 2blog.ilc.edu.tw:443)
[Wed Aug 26 00:51:11.984576 2026] [deflate:debug] [pid 2127398:tid 2127398] mod_deflate.c(909): [client 216.73.216.243:27474] AH01384: Zlib: Compressed 543771 to 86483 : URL /index.php
[Wed Aug 26 00:51:12.013921 2026] [ssl:debug] [pid 2132032:tid 2132032] ssl_engine_kernel.c(2082): [client 52.167.144.219:56561] AH02041: Protocol: TLSv1.3, Cipher: TLS_AES_256_GCM_SHA384 (256/256 bits)
[Wed Aug 26 00:51:12.013975 2026] [socache_shmcb:debug] [pid 2132032:tid 2132032] mod_socache_shmcb.c(508): AH00831: socache_shmcb_store (0xbc -> subcache 28)
[Wed Aug 26 00:51:12.013992 2026] [socache_shmcb:debug] [pid 2132032:tid 2132032] mod_socache_shmcb.c(860): AH00847: insert happened at idx=32, data=(2151:2183)
[Wed Aug 26 00:51:12.013994 2026] [socache_shmcb:debug] [pid 2132032:tid 2132032] mod_socache_shmcb.c(863): AH00848: finished insert, subcache: idx_pos/idx_used=85/36, data_pos/data_used=8233/8007
[Wed Aug 26 00:51:12.013997 2026] [socache_shmcb:debug] [pid 2132032:tid 2132032] mod_socache_shmcb.c(530): AH00834: leaving socache_shmcb_store successfully
[Wed Aug 26 00:51:12.014044 2026] [socache_shmcb:debug] [pid 2132032:tid 2132032] mod_socache_shmcb.c(508): AH00831: socache_shmcb_store (0x90 -> subcache 16)
[Wed Aug 26 00:51:12.014055 2026] [socache_shmcb:debug] [pid 2132032:tid 2132032] mod_socache_shmcb.c(745): AH00842: expiring 1 and reclaiming 0 removed socache entries
[Wed Aug 26 00:51:12.014057 2026] [socache_shmcb:debug] [pid 2132032:tid 2132032] mod_socache_shmcb.c(765): AH00843: we now have 30 socache entries
[Wed Aug 26 00:51:12.014059 2026] [socache_shmcb:debug] [pid 2132032:tid 2132032] mod_socache_shmcb.c(860): AH00847: insert happened at idx=62, data=(3224:3256)
[Wed Aug 26 00:51:12.014061 2026] [socache_shmcb:debug] [pid 2132032:tid 2132032] mod_socache_shmcb.c(863): AH00848: finished insert, subcache: idx_pos/idx_used=32/31, data_pos/data_used=10405/6909
[Wed Aug 26 00:51:12.014063 2026] [socache_shmcb:debug] [pid 2132032:tid 2132032] mod_socache_shmcb.c(530): AH00834: leaving socache_shmcb_store successfully
[Wed Aug 26 00:51:12.014498 2026] [ssl:debug] [pid 2132032:tid 2132032] ssl_engine_kernel.c(254): [client 52.167.144.219:56561] AH02034: Initial (No.1) HTTPS request received for child 15 (server 2blog.ilc.edu.tw:443)
[Wed Aug 26 00:51:12.014756 2026] [authz_core:debug] [pid 2132032:tid 2132032] mod_authz_core.c(815): [client 52.167.144.219:56561] AH01626: authorization result of Require all granted: granted
[Wed Aug 26 00:51:12.014771 2026] [authz_core:debug] [pid 2132032:tid 2132032] mod_authz_core.c(815): [client 52.167.144.219:56561] AH01626: authorization result of : granted
[Wed Aug 26 00:51:12.014920 2026] [authz_core:debug] [pid 2132032:tid 2132032] mod_authz_core.c(815): [client 52.167.144.219:56561] AH01626: authorization result of Require all granted: granted
[Wed Aug 26 00:51:12.014925 2026] [authz_core:debug] [pid 2132032:tid 2132032] mod_authz_core.c(815): [client 52.167.144.219:56561] AH01626: authorization result of : granted
[Wed Aug 26 00:51:12.067432 2026] [ssl:debug] [pid 2132027:tid 2132027] ssl_engine_kernel.c(254): [client 216.73.216.243:3501] AH02034: Subsequent (No.3) HTTPS request received for child 11 (server 2blog.ilc.edu.tw:443)
[Wed Aug 26 00:51:12.067833 2026] [authz_core:debug] [pid 2132027:tid 2132027] mod_authz_core.c(815): [client 216.73.216.243:3501] AH01626: authorization result of Require all granted: granted
[Wed Aug 26 00:51:12.067846 2026] [authz_core:debug] [pid 2132027:tid 2132027] mod_authz_core.c(815): [client 216.73.216.243:3501] AH01626: authorization result of : granted
[Wed Aug 26 00:51:12.068025 2026] [authz_core:debug] [pid 2132027:tid 2132027] mod_authz_core.c(815): [client 216.73.216.243:3501] AH01626: authorization result of Require all granted: granted
[Wed Aug 26 00:51:12.068033 2026] [authz_core:debug] [pid 2132027:tid 2132027] mod_authz_core.c(815): [client 216.73.216.243:3501] AH01626: authorization result of : granted
[Wed Aug 26 00:51:12.173037 2026] [ssl:debug] [pid 2127373:tid 2127373] ssl_engine_kernel.c(254): [client 216.73.216.243:52167] AH02034: Subsequent (No.2) HTTPS request received for child 10 (server 2blog.ilc.edu.tw:443)
[Wed Aug 26 00:51:12.173231 2026] [authz_core:debug] [pid 2127373:tid 2127373] mod_authz_core.c(815): [client 216.73.216.243:52167] AH01626: authorization result of Require all granted: granted
[Wed Aug 26 00:51:12.173236 2026] [authz_core:debug] [pid 2127373:tid 2127373] mod_authz_core.c(815): [client 216.73.216.243:52167] AH01626: authorization result of : granted
[Wed Aug 26 00:51:12.173364 2026] [authz_core:debug] [pid 2127373:tid 2127373] mod_authz_core.c(815): [client 216.73.216.243:52167] AH01626: authorization result of Require all granted: granted
[Wed Aug 26 00:51:12.173371 2026] [authz_core:debug] [pid 2127373:tid 2127373] mod_authz_core.c(815): [client 216.73.216.243:52167] AH01626: authorization result of : granted
[Wed Aug 26 00:51:12.214143 2026] [deflate:debug] [pid 2132032:tid 2132032] mod_deflate.c(909): [client 52.167.144.219:56561] AH01384: Zlib: Compressed 48572 to 10991 : URL /index.php
[Wed Aug 26 00:51:12.263773 2026] [ssl:debug] [pid 2127400:tid 2127400] ssl_engine_kernel.c(254): [client 216.73.216.243:54523] AH02034: Subsequent (No.3) HTTPS request received for child 5 (server 2blog.ilc.edu.tw:443)
[Wed Aug 26 00:51:12.263987 2026] [authz_core:debug] [pid 2127400:tid 2127400] mod_authz_core.c(815): [client 216.73.216.243:54523] AH01626: authorization result of Require all granted: granted
[Wed Aug 26 00:51:12.263993 2026] [authz_core:debug] [pid 2127400:tid 2127400] mod_authz_core.c(815): [client 216.73.216.243:54523] AH01626: authorization result of : granted
[Wed Aug 26 00:51:12.264108 2026] [authz_core:debug] [pid 2127400:tid 2127400] mod_authz_core.c(815): [client 216.73.216.243:54523] AH01626: authorization result of Require all granted: granted
[Wed Aug 26 00:51:12.264112 2026] [authz_core:debug] [pid 2127400:tid 2127400] mod_authz_core.c(815): [client 216.73.216.243:54523] AH01626: authorization result of : granted
[Wed Aug 26 00:51:12.270713 2026] [deflate:debug] [pid 2131726:tid 2131726] mod_deflate.c(909): [client 216.73.216.243:16986] AH01384: Zlib: Compressed 2746 to 1251 : URL /index.php
[Wed Aug 26 00:51:12.341791 2026] [deflate:debug] [pid 2127162:tid 2127162] mod_deflate.c(909): [client 216.73.216.243:27010] AH01384: Zlib: Compressed 10062 to 2278 : URL /index.php
[Wed Aug 26 00:51:12.344209 2026] [deflate:debug] [pid 2132027:tid 2132027] mod_deflate.c(909): [client 216.73.216.243:3501] AH01384: Zlib: Compressed 2725 to 1251 : URL /index.php
[Wed Aug 26 00:51:12.362546 2026] [deflate:debug] [pid 2132033:tid 2132033] mod_deflate.c(909): [client 216.73.216.243:47563] AH01384: Zlib: Compressed 524208 to 84648 : URL /index.php
[Wed Aug 26 00:51:12.375018 2026] [watchdog:debug] [pid 2132047:tid 2132047] mod_watchdog.c(559): AH02980: Watchdog: nothing configured?
[Wed Aug 26 00:51:12.375568 2026] [ssl:debug] [pid 2131522:tid 2131522] ssl_engine_kernel.c(254): [client 216.73.216.243:19516] AH02034: Subsequent (No.3) HTTPS request received for child 12 (server 2blog.ilc.edu.tw:443)
[Wed Aug 26 00:51:12.375781 2026] [authz_core:debug] [pid 2131522:tid 2131522] mod_authz_core.c(815): [client 216.73.216.243:19516] AH01626: authorization result of Require all granted: granted
[Wed Aug 26 00:51:12.375789 2026] [authz_core:debug] [pid 2131522:tid 2131522] mod_authz_core.c(815): [client 216.73.216.243:19516] AH01626: authorization result of : granted
[Wed Aug 26 00:51:12.375933 2026] [authz_core:debug] [pid 2131522:tid 2131522] mod_authz_core.c(815): [client 216.73.216.243:19516] AH01626: authorization result of Require all granted: granted
[Wed Aug 26 00:51:12.375938 2026] [authz_core:debug] [pid 2131522:tid 2131522] mod_authz_core.c(815): [client 216.73.216.243:19516] AH01626: authorization result of : granted
[Wed Aug 26 00:51:12.377556 2026] [watchdog:debug] [pid 2132048:tid 2132048] mod_watchdog.c(559): AH02980: Watchdog: nothing configured?
[Wed Aug 26 00:51:12.401958 2026] [deflate:debug] [pid 2131727:tid 2131727] mod_deflate.c(909): [client 216.73.216.243:24736] AH01384: Zlib: Compressed 532768 to 85842 : URL /index.php
[Wed Aug 26 00:51:12.439156 2026] [deflate:debug] [pid 2127373:tid 2127373] mod_deflate.c(909): [client 216.73.216.243:52167] AH01384: Zlib: Compressed 2716 to 1246 : URL /index.php
[Wed Aug 26 00:51:12.465501 2026] [ssl:debug] [pid 2127398:tid 2127398] ssl_engine_kernel.c(254): [client 216.73.216.243:27474] AH02034: Subsequent (No.3) HTTPS request received for child 2 (server 2blog.ilc.edu.tw:443)
[Wed Aug 26 00:51:12.465733 2026] [authz_core:debug] [pid 2127398:tid 2127398] mod_authz_core.c(815): [client 216.73.216.243:27474] AH01626: authorization result of Require all granted: granted
[Wed Aug 26 00:51:12.465740 2026] [authz_core:debug] [pid 2127398:tid 2127398] mod_authz_core.c(815): [client 216.73.216.243:27474] AH01626: authorization result of : granted
[Wed Aug 26 00:51:12.465901 2026] [authz_core:debug] [pid 2127398:tid 2127398] mod_authz_core.c(815): [client 216.73.216.243:27474] AH01626: authorization result of Require all granted: granted
[Wed Aug 26 00:51:12.465908 2026] [authz_core:debug] [pid 2127398:tid 2127398] mod_authz_core.c(815): [client 216.73.216.243:27474] AH01626: authorization result of : granted
[Wed Aug 26 00:51:12.482863 2026] [deflate:debug] [pid 2132011:tid 2132011] mod_deflate.c(909): [client 34.10.180.98:18432] AH01384: Zlib: Compressed 533409 to 86101 : URL /index.php
[Wed Aug 26 00:51:12.566958 2026] [ssl:debug] [pid 2132027:tid 2132027] ssl_engine_kernel.c(254): [client 216.73.216.243:3501] AH02034: Subsequent (No.4) HTTPS request received for child 11 (server 2blog.ilc.edu.tw:443)
[Wed Aug 26 00:51:12.567146 2026] [authz_core:debug] [pid 2132027:tid 2132027] mod_authz_core.c(815): [client 216.73.216.243:3501] AH01626: authorization result of Require all granted: granted
[Wed Aug 26 00:51:12.567151 2026] [authz_core:debug] [pid 2132027:tid 2132027] mod_authz_core.c(815): [client 216.73.216.243:3501] AH01626: authorization result of : granted
[Wed Aug 26 00:51:12.567270 2026] [authz_core:debug] [pid 2132027:tid 2132027] mod_authz_core.c(815): [client 216.73.216.243:3501] AH01626: authorization result of Require all granted: granted
[Wed Aug 26 00:51:12.567275 2026] [authz_core:debug] [pid 2132027:tid 2132027] mod_authz_core.c(815): [client 216.73.216.243:3501] AH01626: authorization result of : granted
[Wed Aug 26 00:51:12.678273 2026] [ssl:debug] [pid 2127373:tid 2127373] ssl_engine_kernel.c(254): [client 216.73.216.243:52167] AH02034: Subsequent (No.3) HTTPS request received for child 10 (server 2blog.ilc.edu.tw:443)
[Wed Aug 26 00:51:12.678476 2026] [authz_core:debug] [pid 2127373:tid 2127373] mod_authz_core.c(815): [client 216.73.216.243:52167] AH01626: authorization result of Require all granted: granted
[Wed Aug 26 00:51:12.678483 2026] [authz_core:debug] [pid 2127373:tid 2127373] mod_authz_core.c(815): [client 216.73.216.243:52167] AH01626: authorization result of : granted
[Wed Aug 26 00:51:12.678701 2026] [authz_core:debug] [pid 2127373:tid 2127373] mod_authz_core.c(815): [client 216.73.216.243:52167] AH01626: authorization result of Require all granted: granted
[Wed Aug 26 00:51:12.678749 2026] [authz_core:debug] [pid 2127373:tid 2127373] mod_authz_core.c(815): [client 216.73.216.243:52167] AH01626: authorization result of : granted
[Wed Aug 26 00:51:12.702763 2026] [deflate:debug] [pid 2127373:tid 2127373] mod_deflate.c(909): [client 216.73.216.243:52167] AH01384: Zlib: Compressed 537698 to 86171 : URL /index.php
[Wed Aug 26 00:51:12.780128 2026] [ssl:debug] [pid 2127162:tid 2127162] ssl_engine_kernel.c(254): [client 216.73.216.243:27010] AH02034: Subsequent (No.4) HTTPS request received for child 26 (server 2blog.ilc.edu.tw:443)
[Wed Aug 26 00:51:12.780348 2026] [authz_core:debug] [pid 2127162:tid 2127162] mod_authz_core.c(815): [client 216.73.216.243:27010] AH01626: authorization result of Require all granted: granted
[Wed Aug 26 00:51:12.780356 2026] [authz_core:debug] [pid 2127162:tid 2127162] mod_authz_core.c(815): [client 216.73.216.243:27010] AH01626: authorization result of : granted
[Wed Aug 26 00:51:12.780480 2026] [authz_core:debug] [pid 2127162:tid 2127162] mod_authz_core.c(815): [client 216.73.216.243:27010] AH01626: authorization result of Require all granted: granted
[Wed Aug 26 00:51:12.780484 2026] [authz_core:debug] [pid 2127162:tid 2127162] mod_authz_core.c(815): [client 216.73.216.243:27010] AH01626: authorization result of : granted
[Wed Aug 26 00:51:12.880112 2026] [ssl:debug] [pid 2132033:tid 2132033] ssl_engine_kernel.c(254): [client 216.73.216.243:47563] AH02034: Subsequent (No.4) HTTPS request received for child 19 (server 2blog.ilc.edu.tw:443)
[Wed Aug 26 00:51:12.880362 2026] [authz_core:debug] [pid 2132033:tid 2132033] mod_authz_core.c(815): [client 216.73.216.243:47563] AH01626: authorization result of Require all granted: granted
[Wed Aug 26 00:51:12.880371 2026] [authz_core:debug] [pid 2132033:tid 2132033] mod_authz_core.c(815): [client 216.73.216.243:47563] AH01626: authorization result of : granted
[Wed Aug 26 00:51:12.880544 2026] [authz_core:debug] [pid 2132033:tid 2132033] mod_authz_core.c(815): [client 216.73.216.243:47563] AH01626: authorization result of Require all granted: granted
[Wed Aug 26 00:51:12.880553 2026] [authz_core:debug] [pid 2132033:tid 2132033] mod_authz_core.c(815): [client 216.73.216.243:47563] AH01626: authorization result of : granted
[Wed Aug 26 00:51:12.970819 2026] [ssl:debug] [pid 2131726:tid 2131726] ssl_engine_kernel.c(254): [client 216.73.216.243:16986] AH02034: Subsequent (No.3) HTTPS request received for child 16 (server 2blog.ilc.edu.tw:443)
[Wed Aug 26 00:51:12.971031 2026] [authz_core:debug] [pid 2131726:tid 2131726] mod_authz_core.c(815): [client 216.73.216.243:16986] AH01626: authorization result of Require all granted: granted
[Wed Aug 26 00:51:12.971040 2026] [authz_core:debug] [pid 2131726:tid 2131726] mod_authz_core.c(815): [client 216.73.216.243:16986] AH01626: authorization result of : granted
[Wed Aug 26 00:51:12.971186 2026] [authz_core:debug] [pid 2131726:tid 2131726] mod_authz_core.c(815): [client 216.73.216.243:16986] AH01626: authorization result of Require all granted: granted
[Wed Aug 26 00:51:12.971193 2026] [authz_core:debug] [pid 2131726:tid 2131726] mod_authz_core.c(815): [client 216.73.216.243:16986] AH01626: authorization result of : granted
[Wed Aug 26 00:51:13.050067 2026] [deflate:debug] [pid 2131522:tid 2131522] mod_deflate.c(909): [client 216.73.216.243:19516] AH01384: Zlib: Compressed 524053 to 84387 : URL /index.php
[Wed Aug 26 00:51:13.072036 2026] [ssl:debug] [pid 2132027:tid 2132027] ssl_engine_kernel.c(254): [client 216.73.216.243:3501] AH02034: Subsequent (No.5) HTTPS request received for child 11 (server 2blog.ilc.edu.tw:443)
[Wed Aug 26 00:51:13.072250 2026] [authz_core:debug] [pid 2132027:tid 2132027] mod_authz_core.c(815): [client 216.73.216.243:3501] AH01626: authorization result of Require all granted: granted
[Wed Aug 26 00:51:13.072256 2026] [authz_core:debug] [pid 2132027:tid 2132027] mod_authz_core.c(815): [client 216.73.216.243:3501] AH01626: authorization result of : granted
[Wed Aug 26 00:51:13.072377 2026] [authz_core:debug] [pid 2132027:tid 2132027] mod_authz_core.c(815): [client 216.73.216.243:3501] AH01626: authorization result of Require all granted: granted
[Wed Aug 26 00:51:13.072381 2026] [authz_core:debug] [pid 2132027:tid 2132027] mod_authz_core.c(815): [client 216.73.216.243:3501] AH01626: authorization result of : granted
[Wed Aug 26 00:51:13.108163 2026] [headers:debug] [pid 2127265:tid 2127265] mod_headers.c(900): AH01503: headers: ap_headers_error_filter()
[Wed Aug 26 00:51:13.125122 2026] [ssl:info] [pid 2132026:tid 2132026] [client 2001:288:a201::66:125:4749] AH01964: Connection to child 7 established (server 2blog.ilc.edu.tw:443)
[Wed Aug 26 00:51:13.125288 2026] [ssl:debug] [pid 2132026:tid 2132026] ssl_engine_kernel.c(2252): [client 2001:288:a201::66:125:4749] AH02645: Server name not provided via TLS extension (using default/first virtual host)
[Wed Aug 26 00:51:13.125308 2026] [socache_shmcb:debug] [pid 2132026:tid 2132026] mod_socache_shmcb.c(545): AH00835: socache_shmcb_retrieve (0x1f -> subcache 31)
[Wed Aug 26 00:51:13.125333 2026] [socache_shmcb:debug] [pid 2132026:tid 2132026] mod_socache_shmcb.c(896): AH00849: match at idx=71, data=4986
[Wed Aug 26 00:51:13.125337 2026] [socache_shmcb:debug] [pid 2132026:tid 2132026] mod_socache_shmcb.c(556): AH00836: leaving socache_shmcb_retrieve successfully
[Wed Aug 26 00:51:13.126231 2026] [ssl:debug] [pid 2132026:tid 2132026] ssl_engine_kernel.c(2082): [client 2001:288:a201::66:125:4749] AH02041: Protocol: TLSv1.2, Cipher: ECDHE-RSA-AES256-GCM-SHA384 (256/256 bits)
[Wed Aug 26 00:51:13.126337 2026] [ssl:debug] [pid 2132026:tid 2132026] ssl_engine_kernel.c(254): [client 2001:288:a201::66:125:4749] AH02034: Initial (No.1) HTTPS request received for child 7 (server 2blog.ilc.edu.tw:443)
[Wed Aug 26 00:51:13.126512 2026] [authz_core:debug] [pid 2132026:tid 2132026] mod_authz_core.c(815): [client 2001:288:a201::66:125:4749] AH01626: authorization result of Require all granted: granted
[Wed Aug 26 00:51:13.126518 2026] [authz_core:debug] [pid 2132026:tid 2132026] mod_authz_core.c(815): [client 2001:288:a201::66:125:4749] AH01626: authorization result of : granted
[Wed Aug 26 00:51:13.126634 2026] [authz_core:debug] [pid 2132026:tid 2132026] mod_authz_core.c(815): [client 2001:288:a201::66:125:4749] AH01626: authorization result of Require all granted: granted
[Wed Aug 26 00:51:13.126638 2026] [authz_core:debug] [pid 2132026:tid 2132026] mod_authz_core.c(815): [client 2001:288:a201::66:125:4749] AH01626: authorization result of : granted
[Wed Aug 26 00:51:13.126648 2026] [php7:error] [pid 2132026:tid 2132026] [client 2001:288:a201::66:125:4749] script '/var/www/html/2blog/active.php' not found or unable to stat
[Wed Aug 26 00:51:13.126657 2026] [headers:debug] [pid 2132026:tid 2132026] mod_headers.c(900): AH01503: headers: ap_headers_error_filter()
[Wed Aug 26 00:51:13.126803 2026] [ssl:debug] [pid 2132026:tid 2132026] ssl_engine_io.c(1150): [client 2001:288:a201::66:125:4749] AH02001: Connection closed to child 7 with standard shutdown (server 2blog.ilc.edu.tw:443)
[Wed Aug 26 00:51:13.136990 2026] [deflate:debug] [pid 2132033:tid 2132033] mod_deflate.c(909): [client 216.73.216.243:47563] AH01384: Zlib: Compressed 2726 to 1251 : URL /index.php
[Wed Aug 26 00:51:13.183254 2026] [ssl:debug] [pid 2131727:tid 2131727] ssl_engine_kernel.c(254): [client 216.73.216.243:24736] AH02034: Subsequent (No.3) HTTPS request received for child 17 (server 2blog.ilc.edu.tw:443)
[Wed Aug 26 00:51:13.183438 2026] [authz_core:debug] [pid 2131727:tid 2131727] mod_authz_core.c(815): [client 216.73.216.243:24736] AH01626: authorization result of Require all granted: granted
[Wed Aug 26 00:51:13.183443 2026] [authz_core:debug] [pid 2131727:tid 2131727] mod_authz_core.c(815): [client 216.73.216.243:24736] AH01626: authorization result of : granted
[Wed Aug 26 00:51:13.183554 2026] [authz_core:debug] [pid 2131727:tid 2131727] mod_authz_core.c(815): [client 216.73.216.243:24736] AH01626: authorization result of Require all granted: granted
[Wed Aug 26 00:51:13.183558 2026] [authz_core:debug] [pid 2131727:tid 2131727] mod_authz_core.c(815): [client 216.73.216.243:24736] AH01626: authorization result of : granted
[Wed Aug 26 00:51:13.215586 2026] [deflate:debug] [pid 2127400:tid 2127400] mod_deflate.c(909): [client 216.73.216.243:54523] AH01384: Zlib: Compressed 7773 to 1980 : URL /index.php
[Wed Aug 26 00:51:13.273943 2026] [ssl:debug] [pid 2127398:tid 2127398] ssl_engine_kernel.c(254): [client 216.73.216.243:27474] AH02034: Subsequent (No.4) HTTPS request received for child 2 (server 2blog.ilc.edu.tw:443)
[Wed Aug 26 00:51:13.274244 2026] [authz_core:debug] [pid 2127398:tid 2127398] mod_authz_core.c(815): [client 216.73.216.243:27474] AH01626: authorization result of Require all granted: granted
[Wed Aug 26 00:51:13.274252 2026] [authz_core:debug] [pid 2127398:tid 2127398] mod_authz_core.c(815): [client 216.73.216.243:27474] AH01626: authorization result of : granted
[Wed Aug 26 00:51:13.274460 2026] [authz_core:debug] [pid 2127398:tid 2127398] mod_authz_core.c(815): [client 216.73.216.243:27474] AH01626: authorization result of Require all granted: granted
[Wed Aug 26 00:51:13.274466 2026] [authz_core:debug] [pid 2127398:tid 2127398] mod_authz_core.c(815): [client 216.73.216.243:27474] AH01626: authorization result of : granted
[Wed Aug 26 00:51:13.385674 2026] [ssl:debug] [pid 2132033:tid 2132033] ssl_engine_kernel.c(254): [client 216.73.216.243:47563] AH02034: Subsequent (No.5) HTTPS request received for child 19 (server 2blog.ilc.edu.tw:443)
[Wed Aug 26 00:51:13.385865 2026] [authz_core:debug] [pid 2132033:tid 2132033] mod_authz_core.c(815): [client 216.73.216.243:47563] AH01626: authorization result of Require all granted: granted
[Wed Aug 26 00:51:13.385871 2026] [authz_core:debug] [pid 2132033:tid 2132033] mod_authz_core.c(815): [client 216.73.216.243:47563] AH01626: authorization result of : granted
[Wed Aug 26 00:51:13.386030 2026] [authz_core:debug] [pid 2132033:tid 2132033] mod_authz_core.c(815): [client 216.73.216.243:47563] AH01626: authorization result of Require all granted: granted
[Wed Aug 26 00:51:13.386036 2026] [authz_core:debug] [pid 2132033:tid 2132033] mod_authz_core.c(815): [client 216.73.216.243:47563] AH01626: authorization result of : granted
[Wed Aug 26 00:51:13.476251 2026] [ssl:debug] [pid 2127400:tid 2127400] ssl_engine_kernel.c(254): [client 216.73.216.243:54523] AH02034: Subsequent (No.4) HTTPS request received for child 5 (server 2blog.ilc.edu.tw:443)
[Wed Aug 26 00:51:13.476441 2026] [authz_core:debug] [pid 2127400:tid 2127400] mod_authz_core.c(815): [client 216.73.216.243:54523] AH01626: authorization result of Require all granted: granted
[Wed Aug 26 00:51:13.476447 2026] [authz_core:debug] [pid 2127400:tid 2127400] mod_authz_core.c(815): [client 216.73.216.243:54523] AH01626: authorization result of : granted
[Wed Aug 26 00:51:13.476561 2026] [authz_core:debug] [pid 2127400:tid 2127400] mod_authz_core.c(815): [client 216.73.216.243:54523] AH01626: authorization result of Require all granted: granted
[Wed Aug 26 00:51:13.476565 2026] [authz_core:debug] [pid 2127400:tid 2127400] mod_authz_core.c(815): [client 216.73.216.243:54523] AH01626: authorization result of : granted
[Wed Aug 26 00:51:13.510608 2026] [deflate:debug] [pid 2127162:tid 2127162] mod_deflate.c(909): [client 216.73.216.243:27010] AH01384: Zlib: Compressed 533277 to 85703 : URL /index.php
[Wed Aug 26 00:51:13.577849 2026] [ssl:debug] [pid 2132027:tid 2132027] ssl_engine_kernel.c(254): [client 216.73.216.243:3501] AH02034: Subsequent (No.6) HTTPS request received for child 11 (server 2blog.ilc.edu.tw:443)
[Wed Aug 26 00:51:13.578036 2026] [authz_core:debug] [pid 2132027:tid 2132027] mod_authz_core.c(815): [client 216.73.216.243:3501] AH01626: authorization result of Require all granted: granted
[Wed Aug 26 00:51:13.578041 2026] [authz_core:debug] [pid 2132027:tid 2132027] mod_authz_core.c(815): [client 216.73.216.243:3501] AH01626: authorization result of : granted
[Wed Aug 26 00:51:13.578173 2026] [authz_core:debug] [pid 2132027:tid 2132027] mod_authz_core.c(815): [client 216.73.216.243:3501] AH01626: authorization result of Require all granted: granted
[Wed Aug 26 00:51:13.578178 2026] [authz_core:debug] [pid 2132027:tid 2132027] mod_authz_core.c(815): [client 216.73.216.243:3501] AH01626: authorization result of : granted
[Wed Aug 26 00:51:13.659430 2026] [deflate:debug] [pid 2132033:tid 2132033] mod_deflate.c(909): [client 216.73.216.243:47563] AH01384: Zlib: Compressed 2727 to 1257 : URL /index.php
[Wed Aug 26 00:51:13.688192 2026] [ssl:debug] [pid 2127373:tid 2127373] ssl_engine_kernel.c(254): [client 216.73.216.243:52167] AH02034: Subsequent (No.4) HTTPS request received for child 10 (server 2blog.ilc.edu.tw:443)
[Wed Aug 26 00:51:13.688383 2026] [authz_core:debug] [pid 2127373:tid 2127373] mod_authz_core.c(815): [client 216.73.216.243:52167] AH01626: authorization result of Require all granted: granted
[Wed Aug 26 00:51:13.688388 2026] [authz_core:debug] [pid 2127373:tid 2127373] mod_authz_core.c(815): [client 216.73.216.243:52167] AH01626: authorization result of : granted
[Wed Aug 26 00:51:13.688502 2026] [authz_core:debug] [pid 2127373:tid 2127373] mod_authz_core.c(815): [client 216.73.216.243:52167] AH01626: authorization result of Require all granted: granted
[Wed Aug 26 00:51:13.688506 2026] [authz_core:debug] [pid 2127373:tid 2127373] mod_authz_core.c(815): [client 216.73.216.243:52167] AH01626: authorization result of : granted
[Wed Aug 26 00:51:13.753128 2026] [deflate:debug] [pid 2127400:tid 2127400] mod_deflate.c(909): [client 216.73.216.243:54523] AH01384: Zlib: Compressed 2726 to 1252 : URL /index.php
[Wed Aug 26 00:51:13.789759 2026] [ssl:debug] [pid 2131522:tid 2131522] ssl_engine_kernel.c(254): [client 216.73.216.243:19516] AH02034: Subsequent (No.4) HTTPS request received for child 12 (server 2blog.ilc.edu.tw:443)
[Wed Aug 26 00:51:13.790074 2026] [authz_core:debug] [pid 2131522:tid 2131522] mod_authz_core.c(815): [client 216.73.216.243:19516] AH01626: authorization result of Require all granted: granted
[Wed Aug 26 00:51:13.790087 2026] [authz_core:debug] [pid 2131522:tid 2131522] mod_authz_core.c(815): [client 216.73.216.243:19516] AH01626: authorization result of : granted
[Wed Aug 26 00:51:13.790280 2026] [authz_core:debug] [pid 2131522:tid 2131522] mod_authz_core.c(815): [client 216.73.216.243:19516] AH01626: authorization result of Require all granted: granted
[Wed Aug 26 00:51:13.790290 2026] [authz_core:debug] [pid 2131522:tid 2131522] mod_authz_core.c(815): [client 216.73.216.243:19516] AH01626: authorization result of : granted
[Wed Aug 26 00:51:13.801528 2026] [deflate:debug] [pid 2131726:tid 2131726] mod_deflate.c(909): [client 216.73.216.243:16986] AH01384: Zlib: Compressed 540118 to 86708 : URL /index.php
[Wed Aug 26 00:51:13.891124 2026] [ssl:debug] [pid 2131727:tid 2131727] ssl_engine_kernel.c(254): [client 216.73.216.243:24736] AH02034: Subsequent (No.4) HTTPS request received for child 17 (server 2blog.ilc.edu.tw:443)
[Wed Aug 26 00:51:13.891541 2026] [authz_core:debug] [pid 2131727:tid 2131727] mod_authz_core.c(815): [client 216.73.216.243:24736] AH01626: authorization result of Require all granted: granted
[Wed Aug 26 00:51:13.891566 2026] [authz_core:debug] [pid 2131727:tid 2131727] mod_authz_core.c(815): [client 216.73.216.243:24736] AH01626: authorization result of : granted
[Wed Aug 26 00:51:13.891872 2026] [authz_core:debug] [pid 2131727:tid 2131727] mod_authz_core.c(815): [client 216.73.216.243:24736] AH01626: authorization result of Require all granted: granted
[Wed Aug 26 00:51:13.891881 2026] [authz_core:debug] [pid 2131727:tid 2131727] mod_authz_core.c(815): [client 216.73.216.243:24736] AH01626: authorization result of : granted
[Wed Aug 26 00:51:13.925997 2026] [deflate:debug] [pid 2127398:tid 2127398] mod_deflate.c(909): [client 216.73.216.243:27474] AH01384: Zlib: Compressed 530302 to 85507 : URL /index.php
[Wed Aug 26 00:51:13.966030 2026] [deflate:debug] [pid 2127373:tid 2127373] mod_deflate.c(909): [client 216.73.216.243:52167] AH01384: Zlib: Compressed 2717 to 1250 : URL /index.php
[Wed Aug 26 00:51:13.980540 2026] [ssl:debug] [pid 2127400:tid 2127400] ssl_engine_kernel.c(254): [client 216.73.216.243:54523] AH02034: Subsequent (No.5) HTTPS request received for child 5 (server 2blog.ilc.edu.tw:443)
[Wed Aug 26 00:51:13.980718 2026] [authz_core:debug] [pid 2127400:tid 2127400] mod_authz_core.c(815): [client 216.73.216.243:54523] AH01626: authorization result of Require all granted: granted
[Wed Aug 26 00:51:13.980724 2026] [authz_core:debug] [pid 2127400:tid 2127400] mod_authz_core.c(815): [client 216.73.216.243:54523] AH01626: authorization result of : granted
[Wed Aug 26 00:51:13.980831 2026] [authz_core:debug] [pid 2127400:tid 2127400] mod_authz_core.c(815): [client 216.73.216.243:54523] AH01626: authorization result of Require all granted: granted
[Wed Aug 26 00:51:13.980834 2026] [authz_core:debug] [pid 2127400:tid 2127400] mod_authz_core.c(815): [client 216.73.216.243:54523] AH01626: authorization result of : granted
[Wed Aug 26 00:51:14.092232 2026] [ssl:debug] [pid 2132033:tid 2132033] ssl_engine_kernel.c(254): [client 216.73.216.243:47563] AH02034: Subsequent (No.6) HTTPS request received for child 19 (server 2blog.ilc.edu.tw:443)
[Wed Aug 26 00:51:14.092490 2026] [authz_core:debug] [pid 2132033:tid 2132033] mod_authz_core.c(815): [client 216.73.216.243:47563] AH01626: authorization result of Require all granted: granted
[Wed Aug 26 00:51:14.092497 2026] [authz_core:debug] [pid 2132033:tid 2132033] mod_authz_core.c(815): [client 216.73.216.243:47563] AH01626: authorization result of : granted
[Wed Aug 26 00:51:14.092663 2026] [authz_core:debug] [pid 2132033:tid 2132033] mod_authz_core.c(815): [client 216.73.216.243:47563] AH01626: authorization result of Require all granted: granted
[Wed Aug 26 00:51:14.092669 2026] [authz_core:debug] [pid 2132033:tid 2132033] mod_authz_core.c(815): [client 216.73.216.243:47563] AH01626: authorization result of : granted
[Wed Aug 26 00:51:14.193044 2026] [ssl:debug] [pid 2127373:tid 2127373] ssl_engine_kernel.c(254): [client 216.73.216.243:52167] AH02034: Subsequent (No.5) HTTPS request received for child 10 (server 2blog.ilc.edu.tw:443)
[Wed Aug 26 00:51:14.193306 2026] [authz_core:debug] [pid 2127373:tid 2127373] mod_authz_core.c(815): [client 216.73.216.243:52167] AH01626: authorization result of Require all granted: granted
[Wed Aug 26 00:51:14.193322 2026] [authz_core:debug] [pid 2127373:tid 2127373] mod_authz_core.c(815): [client 216.73.216.243:52167] AH01626: authorization result of : granted
[Wed Aug 26 00:51:14.193571 2026] [authz_core:debug] [pid 2127373:tid 2127373] mod_authz_core.c(815): [client 216.73.216.243:52167] AH01626: authorization result of Require all granted: granted
[Wed Aug 26 00:51:14.193585 2026] [authz_core:debug] [pid 2127373:tid 2127373] mod_authz_core.c(815): [client 216.73.216.243:52167] AH01626: authorization result of : granted
[Wed Aug 26 00:51:14.239942 2026] [deflate:debug] [pid 2132027:tid 2132027] mod_deflate.c(909): [client 216.73.216.243:3501] AH01384: Zlib: Compressed 538705 to 85884 : URL /index.php
