[Wed Aug 26 00:51:14.294650 2026] [ssl:debug] [pid 2127162:tid 2127162] ssl_engine_kernel.c(254): [client 216.73.216.243:27010] AH02034: Subsequent (No.5) HTTPS request received for child 26 (server 2blog.ilc.edu.tw:443)
[Wed Aug 26 00:51:14.294855 2026] [authz_core:debug] [pid 2127162:tid 2127162] mod_authz_core.c(815): [client 216.73.216.243:27010] AH01626: authorization result of Require all granted: granted
[Wed Aug 26 00:51:14.294861 2026] [authz_core:debug] [pid 2127162:tid 2127162] mod_authz_core.c(815): [client 216.73.216.243:27010] AH01626: authorization result of : granted
[Wed Aug 26 00:51:14.294978 2026] [authz_core:debug] [pid 2127162:tid 2127162] mod_authz_core.c(815): [client 216.73.216.243:27010] AH01626: authorization result of Require all granted: granted
[Wed Aug 26 00:51:14.294981 2026] [authz_core:debug] [pid 2127162:tid 2127162] mod_authz_core.c(815): [client 216.73.216.243:27010] AH01626: authorization result of : granted
[Wed Aug 26 00:51:14.320893 2026] [deflate:debug] [pid 2127162:tid 2127162] mod_deflate.c(909): [client 216.73.216.243:27010] AH01384: Zlib: Compressed 534120 to 86021 : URL /index.php
[Wed Aug 26 00:51:14.326363 2026] [ssl:info] [pid 2132041:tid 2132041] [client 54.210.152.179:45333] AH01964: Connection to child 4 established (server 2blog.ilc.edu.tw:443)
[Wed Aug 26 00:51:14.326736 2026] [ssl:debug] [pid 2132041:tid 2132041] ssl_engine_kernel.c(2222): [client 54.210.152.179:45333] AH02043: SSL virtual host for servername 2blog.ilc.edu.tw found
[Wed Aug 26 00:51:14.397210 2026] [ssl:debug] [pid 2127222:tid 2127222] ssl_engine_kernel.c(254): [client 216.73.216.243:7964] AH02034: Subsequent (No.4) HTTPS request received for child 13 (server 2blog.ilc.edu.tw:443)
[Wed Aug 26 00:51:14.397438 2026] [authz_core:debug] [pid 2127222:tid 2127222] mod_authz_core.c(815): [client 216.73.216.243:7964] AH01626: authorization result of Require all granted: granted
[Wed Aug 26 00:51:14.397446 2026] [authz_core:debug] [pid 2127222:tid 2127222] mod_authz_core.c(815): [client 216.73.216.243:7964] AH01626: authorization result of : granted
[Wed Aug 26 00:51:14.397573 2026] [authz_core:debug] [pid 2127222:tid 2127222] mod_authz_core.c(815): [client 216.73.216.243:7964] AH01626: authorization result of Require all granted: granted
[Wed Aug 26 00:51:14.397578 2026] [authz_core:debug] [pid 2127222:tid 2127222] mod_authz_core.c(815): [client 216.73.216.243:7964] AH01626: authorization result of : granted
[Wed Aug 26 00:51:14.485708 2026] [ssl:debug] [pid 2131726:tid 2131726] ssl_engine_kernel.c(254): [client 216.73.216.243:16986] AH02034: Subsequent (No.4) HTTPS request received for child 16 (server 2blog.ilc.edu.tw:443)
[Wed Aug 26 00:51:14.485949 2026] [authz_core:debug] [pid 2131726:tid 2131726] mod_authz_core.c(815): [client 216.73.216.243:16986] AH01626: authorization result of Require all granted: granted
[Wed Aug 26 00:51:14.485958 2026] [authz_core:debug] [pid 2131726:tid 2131726] mod_authz_core.c(815): [client 216.73.216.243:16986] AH01626: authorization result of : granted
[Wed Aug 26 00:51:14.486082 2026] [authz_core:debug] [pid 2131726:tid 2131726] mod_authz_core.c(815): [client 216.73.216.243:16986] AH01626: authorization result of Require all granted: granted
[Wed Aug 26 00:51:14.486087 2026] [authz_core:debug] [pid 2131726:tid 2131726] mod_authz_core.c(815): [client 216.73.216.243:16986] AH01626: authorization result of : granted
[Wed Aug 26 00:51:14.487890 2026] [deflate:debug] [pid 2127373:tid 2127373] mod_deflate.c(909): [client 216.73.216.243:52167] AH01384: Zlib: Compressed 2718 to 1243 : URL /index.php
[Wed Aug 26 00:51:14.531828 2026] [ssl:debug] [pid 2132041:tid 2132041] ssl_engine_kernel.c(2082): [client 54.210.152.179:45333] AH02041: Protocol: TLSv1.3, Cipher: TLS_AES_256_GCM_SHA384 (256/256 bits)
[Wed Aug 26 00:51:14.531895 2026] [socache_shmcb:debug] [pid 2132041:tid 2132041] mod_socache_shmcb.c(508): AH00831: socache_shmcb_store (0xde -> subcache 30)
[Wed Aug 26 00:51:14.531918 2026] [socache_shmcb:debug] [pid 2132041:tid 2132041] mod_socache_shmcb.c(860): AH00847: insert happened at idx=60, data=(2873:2905)
[Wed Aug 26 00:51:14.531921 2026] [socache_shmcb:debug] [pid 2132041:tid 2132041] mod_socache_shmcb.c(863): AH00848: finished insert, subcache: idx_pos/idx_used=41/20, data_pos/data_used=12456/4494
[Wed Aug 26 00:51:14.531925 2026] [socache_shmcb:debug] [pid 2132041:tid 2132041] mod_socache_shmcb.c(530): AH00834: leaving socache_shmcb_store successfully
[Wed Aug 26 00:51:14.531990 2026] [socache_shmcb:debug] [pid 2132041:tid 2132041] mod_socache_shmcb.c(508): AH00831: socache_shmcb_store (0xd5 -> subcache 21)
[Wed Aug 26 00:51:14.532001 2026] [socache_shmcb:debug] [pid 2132041:tid 2132041] mod_socache_shmcb.c(860): AH00847: insert happened at idx=16, data=(12510:12542)
[Wed Aug 26 00:51:14.532003 2026] [socache_shmcb:debug] [pid 2132041:tid 2132041] mod_socache_shmcb.c(863): AH00848: finished insert, subcache: idx_pos/idx_used=70/35, data_pos/data_used=4984/7740
[Wed Aug 26 00:51:14.532005 2026] [socache_shmcb:debug] [pid 2132041:tid 2132041] mod_socache_shmcb.c(530): AH00834: leaving socache_shmcb_store successfully
[Wed Aug 26 00:51:14.532164 2026] [ssl:debug] [pid 2132041:tid 2132041] ssl_engine_kernel.c(254): [client 54.210.152.179:45333] AH02034: Initial (No.1) HTTPS request received for child 4 (server 2blog.ilc.edu.tw:443)
[Wed Aug 26 00:51:14.532444 2026] [authz_core:debug] [pid 2132041:tid 2132041] mod_authz_core.c(815): [client 54.210.152.179:45333] AH01626: authorization result of Require all granted: granted
[Wed Aug 26 00:51:14.532451 2026] [authz_core:debug] [pid 2132041:tid 2132041] mod_authz_core.c(815): [client 54.210.152.179:45333] AH01626: authorization result of : granted
[Wed Aug 26 00:51:14.533057 2026] [authz_core:debug] [pid 2132041:tid 2132041] mod_authz_core.c(815): [client 54.210.152.179:45333] AH01626: authorization result of Require all granted: granted
[Wed Aug 26 00:51:14.533062 2026] [authz_core:debug] [pid 2132041:tid 2132041] mod_authz_core.c(815): [client 54.210.152.179:45333] AH01626: authorization result of : granted
[Wed Aug 26 00:51:14.598909 2026] [ssl:debug] [pid 2131727:tid 2131727] ssl_engine_kernel.c(254): [client 216.73.216.243:24736] AH02034: Subsequent (No.5) HTTPS request received for child 17 (server 2blog.ilc.edu.tw:443)
[Wed Aug 26 00:51:14.599117 2026] [authz_core:debug] [pid 2131727:tid 2131727] mod_authz_core.c(815): [client 216.73.216.243:24736] AH01626: authorization result of Require all granted: granted
[Wed Aug 26 00:51:14.599124 2026] [authz_core:debug] [pid 2131727:tid 2131727] mod_authz_core.c(815): [client 216.73.216.243:24736] AH01626: authorization result of : granted
[Wed Aug 26 00:51:14.599270 2026] [authz_core:debug] [pid 2131727:tid 2131727] mod_authz_core.c(815): [client 216.73.216.243:24736] AH01626: authorization result of Require all granted: granted
[Wed Aug 26 00:51:14.599275 2026] [authz_core:debug] [pid 2131727:tid 2131727] mod_authz_core.c(815): [client 216.73.216.243:24736] AH01626: authorization result of : granted
[Wed Aug 26 00:51:14.614557 2026] [deflate:debug] [pid 2131522:tid 2131522] mod_deflate.c(909): [client 216.73.216.243:19516] AH01384: Zlib: Compressed 533760 to 86020 : URL /index.php
[Wed Aug 26 00:51:14.669069 2026] [ssl:debug] [pid 2132015:tid 2132015] ssl_engine_io.c(1150): [client 34.123.149.87:40960] AH02001: Connection closed to child 1 with standard shutdown (server 2blog.ilc.edu.tw:443)
[Wed Aug 26 00:51:14.691418 2026] [ssl:debug] [pid 2127398:tid 2127398] ssl_engine_kernel.c(254): [client 216.73.216.243:27474] AH02034: Subsequent (No.5) HTTPS request received for child 2 (server 2blog.ilc.edu.tw:443)
[Wed Aug 26 00:51:14.691677 2026] [authz_core:debug] [pid 2127398:tid 2127398] mod_authz_core.c(815): [client 216.73.216.243:27474] AH01626: authorization result of Require all granted: granted
[Wed Aug 26 00:51:14.691685 2026] [authz_core:debug] [pid 2127398:tid 2127398] mod_authz_core.c(815): [client 216.73.216.243:27474] AH01626: authorization result of : granted
[Wed Aug 26 00:51:14.691962 2026] [authz_core:debug] [pid 2127398:tid 2127398] mod_authz_core.c(815): [client 216.73.216.243:27474] AH01626: authorization result of Require all granted: granted
[Wed Aug 26 00:51:14.691971 2026] [authz_core:debug] [pid 2127398:tid 2127398] mod_authz_core.c(815): [client 216.73.216.243:27474] AH01626: authorization result of : granted
[Wed Aug 26 00:51:14.733686 2026] [deflate:debug] [pid 2127400:tid 2127400] mod_deflate.c(909): [client 216.73.216.243:54523] AH01384: Zlib: Compressed 533008 to 85895 : URL /index.php
[Wed Aug 26 00:51:14.739004 2026] [ssl:info] [pid 2132034:tid 2132034] [client 34.30.223.149:26112] AH01964: Connection to child 20 established (server 2blog.ilc.edu.tw:443)
[Wed Aug 26 00:51:14.739156 2026] [ssl:debug] [pid 2132034:tid 2132034] ssl_engine_kernel.c(2222): [client 34.30.223.149:26112] AH02043: SSL virtual host for servername 2blog.ilc.edu.tw found
[Wed Aug 26 00:51:14.739207 2026] [core:debug] [pid 2132034:tid 2132034] protocol.c(2460): [client 34.30.223.149:26112] AH03155: select protocol from , choices=http/1.1 for server 2blog.ilc.edu.tw
[Wed Aug 26 00:51:14.777250 2026] [deflate:debug] [pid 2132033:tid 2132033] mod_deflate.c(909): [client 216.73.216.243:47563] AH01384: Zlib: Compressed 536866 to 86267 : URL /index.php
[Wed Aug 26 00:51:14.802205 2026] [ssl:debug] [pid 2127162:tid 2127162] ssl_engine_kernel.c(254): [client 216.73.216.243:27010] AH02034: Subsequent (No.6) HTTPS request received for child 26 (server 2blog.ilc.edu.tw:443)
[Wed Aug 26 00:51:14.802400 2026] [authz_core:debug] [pid 2127162:tid 2127162] mod_authz_core.c(815): [client 216.73.216.243:27010] AH01626: authorization result of Require all granted: granted
[Wed Aug 26 00:51:14.802406 2026] [authz_core:debug] [pid 2127162:tid 2127162] mod_authz_core.c(815): [client 216.73.216.243:27010] AH01626: authorization result of : granted
[Wed Aug 26 00:51:14.802567 2026] [authz_core:debug] [pid 2127162:tid 2127162] mod_authz_core.c(815): [client 216.73.216.243:27010] AH01626: authorization result of Require all granted: granted
[Wed Aug 26 00:51:14.802574 2026] [authz_core:debug] [pid 2127162:tid 2127162] mod_authz_core.c(815): [client 216.73.216.243:27010] AH01626: authorization result of : granted
[Wed Aug 26 00:51:14.852116 2026] [ssl:debug] [pid 2132041:tid 2132041] ssl_engine_io.c(1150): [client 54.210.152.179:45333] AH02001: Connection closed to child 4 with standard shutdown (server 2blog.ilc.edu.tw:443)
[Wed Aug 26 00:51:14.903747 2026] [ssl:debug] [pid 2127373:tid 2127373] ssl_engine_kernel.c(254): [client 216.73.216.243:52167] AH02034: Subsequent (No.6) HTTPS request received for child 10 (server 2blog.ilc.edu.tw:443)
[Wed Aug 26 00:51:14.903927 2026] [authz_core:debug] [pid 2127373:tid 2127373] mod_authz_core.c(815): [client 216.73.216.243:52167] AH01626: authorization result of Require all granted: granted
[Wed Aug 26 00:51:14.903933 2026] [authz_core:debug] [pid 2127373:tid 2127373] mod_authz_core.c(815): [client 216.73.216.243:52167] AH01626: authorization result of : granted
[Wed Aug 26 00:51:14.904047 2026] [authz_core:debug] [pid 2127373:tid 2127373] mod_authz_core.c(815): [client 216.73.216.243:52167] AH01626: authorization result of Require all granted: granted
[Wed Aug 26 00:51:14.904051 2026] [authz_core:debug] [pid 2127373:tid 2127373] mod_authz_core.c(815): [client 216.73.216.243:52167] AH01626: authorization result of : granted
[Wed Aug 26 00:51:15.006982 2026] [ssl:debug] [pid 2127222:tid 2127222] ssl_engine_kernel.c(254): [client 216.73.216.243:7964] AH02034: Subsequent (No.5) HTTPS request received for child 13 (server 2blog.ilc.edu.tw:443)
[Wed Aug 26 00:51:15.007179 2026] [authz_core:debug] [pid 2127222:tid 2127222] mod_authz_core.c(815): [client 216.73.216.243:7964] AH01626: authorization result of Require all granted: granted
[Wed Aug 26 00:51:15.007186 2026] [authz_core:debug] [pid 2127222:tid 2127222] mod_authz_core.c(815): [client 216.73.216.243:7964] AH01626: authorization result of : granted
[Wed Aug 26 00:51:15.007356 2026] [authz_core:debug] [pid 2127222:tid 2127222] mod_authz_core.c(815): [client 216.73.216.243:7964] AH01626: authorization result of Require all granted: granted
[Wed Aug 26 00:51:15.007378 2026] [authz_core:debug] [pid 2127222:tid 2127222] mod_authz_core.c(815): [client 216.73.216.243:7964] AH01626: authorization result of : granted
[Wed Aug 26 00:51:15.055838 2026] [authz_core:debug] [pid 2132047:tid 2132047] mod_authz_core.c(815): [client 34.193.2.57:4244] AH01626: authorization result of Require all granted: granted
[Wed Aug 26 00:51:15.055870 2026] [authz_core:debug] [pid 2132047:tid 2132047] mod_authz_core.c(815): [client 34.193.2.57:4244] AH01626: authorization result of : granted
[Wed Aug 26 00:51:15.056627 2026] [authz_core:debug] [pid 2132047:tid 2132047] mod_authz_core.c(815): [client 34.193.2.57:4244] AH01626: authorization result of Require all granted: granted
[Wed Aug 26 00:51:15.056636 2026] [authz_core:debug] [pid 2132047:tid 2132047] mod_authz_core.c(815): [client 34.193.2.57:4244] AH01626: authorization result of : granted
[Wed Aug 26 00:51:15.057350 2026] [deflate:debug] [pid 2132047:tid 2132047] mod_deflate.c(909): [client 34.193.2.57:4244] AH01384: Zlib: Compressed 797 to 381 : URL /wp-content/uploads/sites/235/2020/07/
[Wed Aug 26 00:51:15.097226 2026] [ssl:debug] [pid 2132027:tid 2132027] ssl_engine_kernel.c(254): [client 216.73.216.243:3501] AH02034: Subsequent (No.7) HTTPS request received for child 11 (server 2blog.ilc.edu.tw:443)
[Wed Aug 26 00:51:15.097423 2026] [authz_core:debug] [pid 2132027:tid 2132027] mod_authz_core.c(815): [client 216.73.216.243:3501] AH01626: authorization result of Require all granted: granted
[Wed Aug 26 00:51:15.097428 2026] [authz_core:debug] [pid 2132027:tid 2132027] mod_authz_core.c(815): [client 216.73.216.243:3501] AH01626: authorization result of : granted
[Wed Aug 26 00:51:15.097650 2026] [authz_core:debug] [pid 2132027:tid 2132027] mod_authz_core.c(815): [client 216.73.216.243:3501] AH01626: authorization result of Require all granted: granted
[Wed Aug 26 00:51:15.097666 2026] [authz_core:debug] [pid 2132027:tid 2132027] mod_authz_core.c(815): [client 216.73.216.243:3501] AH01626: authorization result of : granted
[Wed Aug 26 00:51:15.164478 2026] [deflate:debug] [pid 2127373:tid 2127373] mod_deflate.c(909): [client 216.73.216.243:52167] AH01384: Zlib: Compressed 2726 to 1249 : URL /index.php
[Wed Aug 26 00:51:15.165757 2026] [ssl:debug] [pid 2132034:tid 2132034] ssl_engine_kernel.c(2082): [client 34.30.223.149:26112] AH02041: Protocol: TLSv1.3, Cipher: TLS_AES_256_GCM_SHA384 (256/256 bits)
[Wed Aug 26 00:51:15.165821 2026] [socache_shmcb:debug] [pid 2132034:tid 2132034] mod_socache_shmcb.c(508): AH00831: socache_shmcb_store (0xbb -> subcache 27)
[Wed Aug 26 00:51:15.165829 2026] [socache_shmcb:debug] [pid 2132034:tid 2132034] mod_socache_shmcb.c(860): AH00847: insert happened at idx=13, data=(11926:11958)
[Wed Aug 26 00:51:15.165833 2026] [socache_shmcb:debug] [pid 2132034:tid 2132034] mod_socache_shmcb.c(863): AH00848: finished insert, subcache: idx_pos/idx_used=68/34, data_pos/data_used=4554/7597
[Wed Aug 26 00:51:15.165836 2026] [socache_shmcb:debug] [pid 2132034:tid 2132034] mod_socache_shmcb.c(530): AH00834: leaving socache_shmcb_store successfully
[Wed Aug 26 00:51:15.165931 2026] [socache_shmcb:debug] [pid 2132034:tid 2132034] mod_socache_shmcb.c(508): AH00831: socache_shmcb_store (0x47 -> subcache 7)
[Wed Aug 26 00:51:15.165939 2026] [socache_shmcb:debug] [pid 2132034:tid 2132034] mod_socache_shmcb.c(860): AH00847: insert happened at idx=84, data=(7946:7978)
[Wed Aug 26 00:51:15.165942 2026] [socache_shmcb:debug] [pid 2132034:tid 2132034] mod_socache_shmcb.c(863): AH00848: finished insert, subcache: idx_pos/idx_used=39/46, data_pos/data_used=11795/10241
[Wed Aug 26 00:51:15.165945 2026] [socache_shmcb:debug] [pid 2132034:tid 2132034] mod_socache_shmcb.c(530): AH00834: leaving socache_shmcb_store successfully
[Wed Aug 26 00:51:15.191268 2026] [deflate:debug] [pid 2132028:tid 2132028] mod_deflate.c(909): [client 34.123.149.87:40448] AH01384: Zlib: Compressed 62141 to 14901 : URL /index.php
[Wed Aug 26 00:51:15.211391 2026] [headers:debug] [pid 2132048:tid 2132048] mod_headers.c(900): AH01503: headers: ap_headers_error_filter()
[Wed Aug 26 00:51:15.278051 2026] [ssl:debug] [pid 2132034:tid 2132034] ssl_engine_kernel.c(254): [client 34.30.223.149:26112] AH02034: Initial (No.1) HTTPS request received for child 20 (server 2blog.ilc.edu.tw:443)
[Wed Aug 26 00:51:15.278352 2026] [authz_core:debug] [pid 2132034:tid 2132034] mod_authz_core.c(815): [client 34.30.223.149:26112] AH01626: authorization result of Require all granted: granted
[Wed Aug 26 00:51:15.278363 2026] [authz_core:debug] [pid 2132034:tid 2132034] mod_authz_core.c(815): [client 34.30.223.149:26112] AH01626: authorization result of : granted
[Wed Aug 26 00:51:15.278544 2026] [authz_core:debug] [pid 2132034:tid 2132034] mod_authz_core.c(815): [client 34.30.223.149:26112] AH01626: authorization result of Require all granted: granted
[Wed Aug 26 00:51:15.278551 2026] [authz_core:debug] [pid 2132034:tid 2132034] mod_authz_core.c(815): [client 34.30.223.149:26112] AH01626: authorization result of : granted
[Wed Aug 26 00:51:15.294713 2026] [deflate:debug] [pid 2131726:tid 2131726] mod_deflate.c(909): [client 216.73.216.243:16986] AH01384: Zlib: Compressed 530468 to 85604 : URL /index.php
[Wed Aug 26 00:51:15.297050 2026] [ssl:debug] [pid 2127399:tid 2127399] ssl_engine_io.c(1150): [client 216.73.216.243:27202] AH02001: Connection closed to child 3 with standard shutdown (server 2blog.ilc.edu.tw:443)
[Wed Aug 26 00:51:15.309229 2026] [ssl:debug] [pid 2127162:tid 2127162] ssl_engine_kernel.c(254): [client 216.73.216.243:27010] AH02034: Subsequent (No.7) HTTPS request received for child 26 (server 2blog.ilc.edu.tw:443)
[Wed Aug 26 00:51:15.309454 2026] [authz_core:debug] [pid 2127162:tid 2127162] mod_authz_core.c(815): [client 216.73.216.243:27010] AH01626: authorization result of Require all granted: granted
[Wed Aug 26 00:51:15.309461 2026] [authz_core:debug] [pid 2127162:tid 2127162] mod_authz_core.c(815): [client 216.73.216.243:27010] AH01626: authorization result of : granted
[Wed Aug 26 00:51:15.309621 2026] [authz_core:debug] [pid 2127162:tid 2127162] mod_authz_core.c(815): [client 216.73.216.243:27010] AH01626: authorization result of Require all granted: granted
[Wed Aug 26 00:51:15.309626 2026] [authz_core:debug] [pid 2127162:tid 2127162] mod_authz_core.c(815): [client 216.73.216.243:27010] AH01626: authorization result of : granted
[Wed Aug 26 00:51:15.341445 2026] [deflate:debug] [pid 2131727:tid 2131727] mod_deflate.c(909): [client 216.73.216.243:24736] AH01384: Zlib: Compressed 532297 to 85763 : URL /index.php
[Wed Aug 26 00:51:15.399231 2026] [ssl:debug] [pid 2127400:tid 2127400] ssl_engine_kernel.c(254): [client 216.73.216.243:54523] AH02034: Subsequent (No.6) HTTPS request received for child 5 (server 2blog.ilc.edu.tw:443)
[Wed Aug 26 00:51:15.399513 2026] [authz_core:debug] [pid 2127400:tid 2127400] mod_authz_core.c(815): [client 216.73.216.243:54523] AH01626: authorization result of Require all granted: granted
[Wed Aug 26 00:51:15.399523 2026] [authz_core:debug] [pid 2127400:tid 2127400] mod_authz_core.c(815): [client 216.73.216.243:54523] AH01626: authorization result of : granted
[Wed Aug 26 00:51:15.399666 2026] [authz_core:debug] [pid 2127400:tid 2127400] mod_authz_core.c(815): [client 216.73.216.243:54523] AH01626: authorization result of Require all granted: granted
[Wed Aug 26 00:51:15.399671 2026] [authz_core:debug] [pid 2127400:tid 2127400] mod_authz_core.c(815): [client 216.73.216.243:54523] AH01626: authorization result of : granted
[Wed Aug 26 00:51:15.411382 2026] [deflate:debug] [pid 2127398:tid 2127398] mod_deflate.c(909): [client 216.73.216.243:27474] AH01384: Zlib: Compressed 538495 to 86094 : URL /index.php
[Wed Aug 26 00:51:15.510602 2026] [ssl:debug] [pid 2132033:tid 2132033] ssl_engine_kernel.c(254): [client 216.73.216.243:47563] AH02034: Subsequent (No.7) HTTPS request received for child 19 (server 2blog.ilc.edu.tw:443)
[Wed Aug 26 00:51:15.510819 2026] [authz_core:debug] [pid 2132033:tid 2132033] mod_authz_core.c(815): [client 216.73.216.243:47563] AH01626: authorization result of Require all granted: granted
[Wed Aug 26 00:51:15.510825 2026] [authz_core:debug] [pid 2132033:tid 2132033] mod_authz_core.c(815): [client 216.73.216.243:47563] AH01626: authorization result of : granted
[Wed Aug 26 00:51:15.510939 2026] [authz_core:debug] [pid 2132033:tid 2132033] mod_authz_core.c(815): [client 216.73.216.243:47563] AH01626: authorization result of Require all granted: granted
[Wed Aug 26 00:51:15.510942 2026] [authz_core:debug] [pid 2132033:tid 2132033] mod_authz_core.c(815): [client 216.73.216.243:47563] AH01626: authorization result of : granted
[Wed Aug 26 00:51:15.530673 2026] [ssl:info] [pid 2131728:tid 2131728] [client 140.111.67.10:4762] AH01964: Connection to child 18 established (server 2blog.ilc.edu.tw:443)
[Wed Aug 26 00:51:15.530890 2026] [ssl:info] [pid 2131728:tid 2131728] (70014)End of file found: [client 140.111.67.10:4762] AH02006: SSL handshake stopped: connection was closed
[Wed Aug 26 00:51:15.530904 2026] [ssl:info] [pid 2131728:tid 2131728] [client 140.111.67.10:4762] AH01998: Connection closed to child 18 with abortive shutdown (server 2blog.ilc.edu.tw:443)
[Wed Aug 26 00:51:15.612548 2026] [ssl:debug] [pid 2127373:tid 2127373] ssl_engine_kernel.c(254): [client 216.73.216.243:52167] AH02034: Subsequent (No.7) HTTPS request received for child 10 (server 2blog.ilc.edu.tw:443)
[Wed Aug 26 00:51:15.612748 2026] [authz_core:debug] [pid 2127373:tid 2127373] mod_authz_core.c(815): [client 216.73.216.243:52167] AH01626: authorization result of Require all granted: granted
[Wed Aug 26 00:51:15.612755 2026] [authz_core:debug] [pid 2127373:tid 2127373] mod_authz_core.c(815): [client 216.73.216.243:52167] AH01626: authorization result of : granted
[Wed Aug 26 00:51:15.612870 2026] [authz_core:debug] [pid 2127373:tid 2127373] mod_authz_core.c(815): [client 216.73.216.243:52167] AH01626: authorization result of Require all granted: granted
[Wed Aug 26 00:51:15.612874 2026] [authz_core:debug] [pid 2127373:tid 2127373] mod_authz_core.c(815): [client 216.73.216.243:52167] AH01626: authorization result of : granted
[Wed Aug 26 00:51:15.713715 2026] [ssl:debug] [pid 2131522:tid 2131522] ssl_engine_kernel.c(254): [client 216.73.216.243:19516] AH02034: Subsequent (No.5) HTTPS request received for child 12 (server 2blog.ilc.edu.tw:443)
[Wed Aug 26 00:51:15.713928 2026] [authz_core:debug] [pid 2131522:tid 2131522] mod_authz_core.c(815): [client 216.73.216.243:19516] AH01626: authorization result of Require all granted: granted
[Wed Aug 26 00:51:15.713938 2026] [authz_core:debug] [pid 2131522:tid 2131522] mod_authz_core.c(815): [client 216.73.216.243:19516] AH01626: authorization result of : granted
[Wed Aug 26 00:51:15.714114 2026] [authz_core:debug] [pid 2131522:tid 2131522] mod_authz_core.c(815): [client 216.73.216.243:19516] AH01626: authorization result of Require all granted: granted
[Wed Aug 26 00:51:15.714122 2026] [authz_core:debug] [pid 2131522:tid 2131522] mod_authz_core.c(815): [client 216.73.216.243:19516] AH01626: authorization result of : granted
[Wed Aug 26 00:51:15.783429 2026] [ssl:info] [pid 2127265:tid 2127265] [client 52.205.141.124:25276] AH01964: Connection to child 8 established (server 2blog.ilc.edu.tw:443)
[Wed Aug 26 00:51:15.783570 2026] [ssl:debug] [pid 2127265:tid 2127265] ssl_engine_kernel.c(2222): [client 52.205.141.124:25276] AH02043: SSL virtual host for servername 2blog.ilc.edu.tw found
[Wed Aug 26 00:51:15.849598 2026] [deflate:debug] [pid 2127222:tid 2127222] mod_deflate.c(909): [client 216.73.216.243:7964] AH01384: Zlib: Compressed 535996 to 85951 : URL /index.php
[Wed Aug 26 00:51:15.858097 2026] [deflate:debug] [pid 2132027:tid 2132027] mod_deflate.c(909): [client 216.73.216.243:3501] AH01384: Zlib: Compressed 522510 to 84217 : URL /index.php
[Wed Aug 26 00:51:15.869074 2026] [ssl:debug] [pid 2132008:tid 2132008] ssl_engine_io.c(1150): [client 34.30.223.149:15872] AH02001: Connection closed to child 0 with standard shutdown (server 2blog.ilc.edu.tw:443)
[Wed Aug 26 00:51:15.998883 2026] [ssl:debug] [pid 2127265:tid 2127265] ssl_engine_kernel.c(2082): [client 52.205.141.124:25276] AH02041: Protocol: TLSv1.3, Cipher: TLS_AES_256_GCM_SHA384 (256/256 bits)
[Wed Aug 26 00:51:15.998924 2026] [socache_shmcb:debug] [pid 2127265:tid 2127265] mod_socache_shmcb.c(508): AH00831: socache_shmcb_store (0x3d -> subcache 29)
[Wed Aug 26 00:51:15.998929 2026] [socache_shmcb:debug] [pid 2127265:tid 2127265] mod_socache_shmcb.c(745): AH00842: expiring 4 and reclaiming 0 removed socache entries
[Wed Aug 26 00:51:15.998932 2026] [socache_shmcb:debug] [pid 2127265:tid 2127265] mod_socache_shmcb.c(765): AH00843: we now have 20 socache entries
[Wed Aug 26 00:51:15.998935 2026] [socache_shmcb:debug] [pid 2127265:tid 2127265] mod_socache_shmcb.c(860): AH00847: insert happened at idx=76, data=(6236:6268)
[Wed Aug 26 00:51:15.998938 2026] [socache_shmcb:debug] [pid 2127265:tid 2127265] mod_socache_shmcb.c(863): AH00848: finished insert, subcache: idx_pos/idx_used=56/21, data_pos/data_used=1793/4657
[Wed Aug 26 00:51:15.998941 2026] [socache_shmcb:debug] [pid 2127265:tid 2127265] mod_socache_shmcb.c(530): AH00834: leaving socache_shmcb_store successfully
[Wed Aug 26 00:51:15.998994 2026] [socache_shmcb:debug] [pid 2127265:tid 2127265] mod_socache_shmcb.c(508): AH00831: socache_shmcb_store (0x3a -> subcache 26)
[Wed Aug 26 00:51:15.999000 2026] [socache_shmcb:debug] [pid 2127265:tid 2127265] mod_socache_shmcb.c(745): AH00842: expiring 3 and reclaiming 0 removed socache entries
[Wed Aug 26 00:51:15.999003 2026] [socache_shmcb:debug] [pid 2127265:tid 2127265] mod_socache_shmcb.c(765): AH00843: we now have 43 socache entries
[Wed Aug 26 00:51:15.999005 2026] [socache_shmcb:debug] [pid 2127265:tid 2127265] mod_socache_shmcb.c(860): AH00847: insert happened at idx=28, data=(1285:1317)
[Wed Aug 26 00:51:15.999007 2026] [socache_shmcb:debug] [pid 2127265:tid 2127265] mod_socache_shmcb.c(863): AH00848: finished insert, subcache: idx_pos/idx_used=73/44, data_pos/data_used=5539/9824
[Wed Aug 26 00:51:15.999010 2026] [socache_shmcb:debug] [pid 2127265:tid 2127265] mod_socache_shmcb.c(530): AH00834: leaving socache_shmcb_store successfully
[Wed Aug 26 00:51:15.999125 2026] [ssl:debug] [pid 2127265:tid 2127265] ssl_engine_kernel.c(254): [client 52.205.141.124:25276] AH02034: Initial (No.1) HTTPS request received for child 8 (server 2blog.ilc.edu.tw:443)
[Wed Aug 26 00:51:15.999287 2026] [authz_core:debug] [pid 2127265:tid 2127265] mod_authz_core.c(815): [client 52.205.141.124:25276] AH01626: authorization result of Require all granted: granted
[Wed Aug 26 00:51:15.999292 2026] [authz_core:debug] [pid 2127265:tid 2127265] mod_authz_core.c(815): [client 52.205.141.124:25276] AH01626: authorization result of : granted
[Wed Aug 26 00:51:15.999449 2026] [authz_core:debug] [pid 2127265:tid 2127265] mod_authz_core.c(815): [client 52.205.141.124:25276] AH01626: authorization result of Require all granted: granted
[Wed Aug 26 00:51:15.999455 2026] [authz_core:debug] [pid 2127265:tid 2127265] mod_authz_core.c(815): [client 52.205.141.124:25276] AH01626: authorization result of : granted
[Wed Aug 26 00:51:16.010996 2026] [ssl:debug] [pid 2131726:tid 2131726] ssl_engine_kernel.c(254): [client 216.73.216.243:16986] AH02034: Subsequent (No.5) HTTPS request received for child 16 (server 2blog.ilc.edu.tw:443)
[Wed Aug 26 00:51:16.011211 2026] [authz_core:debug] [pid 2131726:tid 2131726] mod_authz_core.c(815): [client 216.73.216.243:16986] AH01626: authorization result of Require all granted: granted
[Wed Aug 26 00:51:16.011216 2026] [authz_core:debug] [pid 2131726:tid 2131726] mod_authz_core.c(815): [client 216.73.216.243:16986] AH01626: authorization result of : granted
[Wed Aug 26 00:51:16.011361 2026] [authz_core:debug] [pid 2131726:tid 2131726] mod_authz_core.c(815): [client 216.73.216.243:16986] AH01626: authorization result of Require all granted: granted
[Wed Aug 26 00:51:16.011374 2026] [authz_core:debug] [pid 2131726:tid 2131726] mod_authz_core.c(815): [client 216.73.216.243:16986] AH01626: authorization result of : granted
[Wed Aug 26 00:51:16.022850 2026] [deflate:debug] [pid 2127162:tid 2127162] mod_deflate.c(909): [client 216.73.216.243:27010] AH01384: Zlib: Compressed 532266 to 85827 : URL /index.php
[Wed Aug 26 00:51:16.097736 2026] [deflate:debug] [pid 2127400:tid 2127400] mod_deflate.c(909): [client 216.73.216.243:54523] AH01384: Zlib: Compressed 522442 to 84217 : URL /index.php
[Wed Aug 26 00:51:16.112089 2026] [ssl:debug] [pid 2127398:tid 2127398] ssl_engine_kernel.c(254): [client 216.73.216.243:27474] AH02034: Subsequent (No.6) HTTPS request received for child 2 (server 2blog.ilc.edu.tw:443)
[Wed Aug 26 00:51:16.112285 2026] [authz_core:debug] [pid 2127398:tid 2127398] mod_authz_core.c(815): [client 216.73.216.243:27474] AH01626: authorization result of Require all granted: granted
[Wed Aug 26 00:51:16.112290 2026] [authz_core:debug] [pid 2127398:tid 2127398] mod_authz_core.c(815): [client 216.73.216.243:27474] AH01626: authorization result of : granted
[Wed Aug 26 00:51:16.112399 2026] [authz_core:debug] [pid 2127398:tid 2127398] mod_authz_core.c(815): [client 216.73.216.243:27474] AH01626: authorization result of Require all granted: granted
[Wed Aug 26 00:51:16.112403 2026] [authz_core:debug] [pid 2127398:tid 2127398] mod_authz_core.c(815): [client 216.73.216.243:27474] AH01626: authorization result of : granted
[Wed Aug 26 00:51:16.176302 2026] [ssl:debug] [pid 2127265:tid 2127265] ssl_engine_io.c(1150): [client 52.205.141.124:25276] AH02001: Connection closed to child 8 with standard shutdown (server 2blog.ilc.edu.tw:443)
[Wed Aug 26 00:51:16.217657 2026] [ssl:info] [pid 2132026:tid 2132026] [client 35.254.159.230:26112] AH01964: Connection to child 7 established (server 2blog.ilc.edu.tw:443)
[Wed Aug 26 00:51:16.217836 2026] [ssl:debug] [pid 2132026:tid 2132026] ssl_engine_kernel.c(2222): [client 35.254.159.230:26112] AH02043: SSL virtual host for servername www.cwjh.ilc.edu.tw found
[Wed Aug 26 00:51:16.217912 2026] [core:debug] [pid 2132026:tid 2132026] protocol.c(2460): [client 35.254.159.230:26112] AH03155: select protocol from , choices=http/1.1 for server www.cwjh.ilc.edu.tw
[Wed Aug 26 00:51:16.223191 2026] [ssl:debug] [pid 2131522:tid 2131522] ssl_engine_kernel.c(254): [client 216.73.216.243:19516] AH02034: Subsequent (No.6) HTTPS request received for child 12 (server 2blog.ilc.edu.tw:443)
[Wed Aug 26 00:51:16.223412 2026] [authz_core:debug] [pid 2131522:tid 2131522] mod_authz_core.c(815): [client 216.73.216.243:19516] AH01626: authorization result of Require all granted: granted
[Wed Aug 26 00:51:16.223419 2026] [authz_core:debug] [pid 2131522:tid 2131522] mod_authz_core.c(815): [client 216.73.216.243:19516] AH01626: authorization result of : granted
[Wed Aug 26 00:51:16.223541 2026] [authz_core:debug] [pid 2131522:tid 2131522] mod_authz_core.c(815): [client 216.73.216.243:19516] AH01626: authorization result of Require all granted: granted
[Wed Aug 26 00:51:16.223545 2026] [authz_core:debug] [pid 2131522:tid 2131522] mod_authz_core.c(815): [client 216.73.216.243:19516] AH01626: authorization result of : granted
[Wed Aug 26 00:51:16.224709 2026] [deflate:debug] [pid 2132033:tid 2132033] mod_deflate.c(909): [client 216.73.216.243:47563] AH01384: Zlib: Compressed 534064 to 86082 : URL /index.php
[Wed Aug 26 00:51:16.303195 2026] [deflate:debug] [pid 2131726:tid 2131726] mod_deflate.c(909): [client 216.73.216.243:16986] AH01384: Zlib: Compressed 2717 to 1244 : URL /index.php
[Wed Aug 26 00:51:16.316363 2026] [deflate:debug] [pid 2127373:tid 2127373] mod_deflate.c(909): [client 216.73.216.243:52167] AH01384: Zlib: Compressed 534631 to 85940 : URL /index.php
[Wed Aug 26 00:51:16.324232 2026] [ssl:debug] [pid 2131727:tid 2131727] ssl_engine_kernel.c(254): [client 216.73.216.243:24736] AH02034: Subsequent (No.6) HTTPS request received for child 17 (server 2blog.ilc.edu.tw:443)
[Wed Aug 26 00:51:16.324470 2026] [authz_core:debug] [pid 2131727:tid 2131727] mod_authz_core.c(815): [client 216.73.216.243:24736] AH01626: authorization result of Require all granted: granted
[Wed Aug 26 00:51:16.324479 2026] [authz_core:debug] [pid 2131727:tid 2131727] mod_authz_core.c(815): [client 216.73.216.243:24736] AH01626: authorization result of : granted
[Wed Aug 26 00:51:16.324624 2026] [authz_core:debug] [pid 2131727:tid 2131727] mod_authz_core.c(815): [client 216.73.216.243:24736] AH01626: authorization result of Require all granted: granted
[Wed Aug 26 00:51:16.324630 2026] [authz_core:debug] [pid 2131727:tid 2131727] mod_authz_core.c(815): [client 216.73.216.243:24736] AH01626: authorization result of : granted
[Wed Aug 26 00:51:16.387354 2026] [deflate:debug] [pid 2127398:tid 2127398] mod_deflate.c(909): [client 216.73.216.243:27474] AH01384: Zlib: Compressed 2716 to 1247 : URL /index.php
[Wed Aug 26 00:51:16.432152 2026] [ssl:debug] [pid 2132026:tid 2132026] ssl_engine_kernel.c(2082): [client 35.254.159.230:26112] AH02041: Protocol: TLSv1.3, Cipher: TLS_AES_256_GCM_SHA384 (256/256 bits)
[Wed Aug 26 00:51:16.432209 2026] [socache_shmcb:debug] [pid 2132026:tid 2132026] mod_socache_shmcb.c(508): AH00831: socache_shmcb_store (0x9f -> subcache 31)
[Wed Aug 26 00:51:16.432214 2026] [socache_shmcb:debug] [pid 2132026:tid 2132026] mod_socache_shmcb.c(745): AH00842: expiring 2 and reclaiming 0 removed socache entries
[Wed Aug 26 00:51:16.432217 2026] [socache_shmcb:debug] [pid 2132026:tid 2132026] mod_socache_shmcb.c(765): AH00843: we now have 26 socache entries
[Wed Aug 26 00:51:16.432219 2026] [socache_shmcb:debug] [pid 2132026:tid 2132026] mod_socache_shmcb.c(860): AH00847: insert happened at idx=78, data=(6530:6562)
[Wed Aug 26 00:51:16.432221 2026] [socache_shmcb:debug] [pid 2132026:tid 2132026] mod_socache_shmcb.c(863): AH00848: finished insert, subcache: idx_pos/idx_used=52/27, data_pos/data_used=791/5967
[Wed Aug 26 00:51:16.432223 2026] [socache_shmcb:debug] [pid 2132026:tid 2132026] mod_socache_shmcb.c(530): AH00834: leaving socache_shmcb_store successfully
[Wed Aug 26 00:51:16.432291 2026] [socache_shmcb:debug] [pid 2132026:tid 2132026] mod_socache_shmcb.c(508): AH00831: socache_shmcb_store (0xde -> subcache 30)
[Wed Aug 26 00:51:16.432295 2026] [socache_shmcb:debug] [pid 2132026:tid 2132026] mod_socache_shmcb.c(745): AH00842: expiring 1 and reclaiming 0 removed socache entries
[Wed Aug 26 00:51:16.432297 2026] [socache_shmcb:debug] [pid 2132026:tid 2132026] mod_socache_shmcb.c(765): AH00843: we now have 19 socache entries
[Wed Aug 26 00:51:16.432299 2026] [socache_shmcb:debug] [pid 2132026:tid 2132026] mod_socache_shmcb.c(860): AH00847: insert happened at idx=61, data=(3086:3118)
[Wed Aug 26 00:51:16.432300 2026] [socache_shmcb:debug] [pid 2132026:tid 2132026] mod_socache_shmcb.c(863): AH00848: finished insert, subcache: idx_pos/idx_used=42/20, data_pos/data_used=12670/4508
[Wed Aug 26 00:51:16.432302 2026] [socache_shmcb:debug] [pid 2132026:tid 2132026] mod_socache_shmcb.c(530): AH00834: leaving socache_shmcb_store successfully
[Wed Aug 26 00:51:16.450920 2026] [ssl:debug] [pid 2132026:tid 2132026] ssl_engine_kernel.c(254): [client 35.254.159.230:26112] AH02034: Initial (No.1) HTTPS request received for child 7 (server www.cwjh.ilc.edu.tw:443)
[Wed Aug 26 00:51:16.454290 2026] [authz_core:debug] [pid 2132026:tid 2132026] mod_authz_core.c(815): [client 35.254.159.230:26112] AH01626: authorization result of Require all granted: granted
[Wed Aug 26 00:51:16.454307 2026] [authz_core:debug] [pid 2132026:tid 2132026] mod_authz_core.c(815): [client 35.254.159.230:26112] AH01626: authorization result of : granted
[Wed Aug 26 00:51:16.516654 2026] [ssl:debug] [pid 2132027:tid 2132027] ssl_engine_kernel.c(254): [client 216.73.216.243:3501] AH02034: Subsequent (No.8) HTTPS request received for child 11 (server 2blog.ilc.edu.tw:443)
[Wed Aug 26 00:51:16.516843 2026] [authz_core:debug] [pid 2132027:tid 2132027] mod_authz_core.c(815): [client 216.73.216.243:3501] AH01626: authorization result of Require all granted: granted
[Wed Aug 26 00:51:16.516848 2026] [authz_core:debug] [pid 2132027:tid 2132027] mod_authz_core.c(815): [client 216.73.216.243:3501] AH01626: authorization result of : granted
[Wed Aug 26 00:51:16.516975 2026] [authz_core:debug] [pid 2132027:tid 2132027] mod_authz_core.c(815): [client 216.73.216.243:3501] AH01626: authorization result of Require all granted: granted
[Wed Aug 26 00:51:16.516979 2026] [authz_core:debug] [pid 2132027:tid 2132027] mod_authz_core.c(815): [client 216.73.216.243:3501] AH01626: authorization result of : granted
[Wed Aug 26 00:51:16.617190 2026] [ssl:debug] [pid 2127398:tid 2127398] ssl_engine_kernel.c(254): [client 216.73.216.243:27474] AH02034: Subsequent (No.7) HTTPS request received for child 2 (server 2blog.ilc.edu.tw:443)
[Wed Aug 26 00:51:16.617459 2026] [authz_core:debug] [pid 2127398:tid 2127398] mod_authz_core.c(815): [client 216.73.216.243:27474] AH01626: authorization result of Require all granted: granted
[Wed Aug 26 00:51:16.617469 2026] [authz_core:debug] [pid 2127398:tid 2127398] mod_authz_core.c(815): [client 216.73.216.243:27474] AH01626: authorization result of : granted
[Wed Aug 26 00:51:16.617716 2026] [authz_core:debug] [pid 2127398:tid 2127398] mod_authz_core.c(815): [client 216.73.216.243:27474] AH01626: authorization result of Require all granted: granted
[Wed Aug 26 00:51:16.617726 2026] [authz_core:debug] [pid 2127398:tid 2127398] mod_authz_core.c(815): [client 216.73.216.243:27474] AH01626: authorization result of : granted
[Wed Aug 26 00:51:16.728913 2026] [ssl:debug] [pid 2131522:tid 2131522] ssl_engine_kernel.c(254): [client 216.73.216.243:19516] AH02034: Subsequent (No.7) HTTPS request received for child 12 (server 2blog.ilc.edu.tw:443)
[Wed Aug 26 00:51:16.729157 2026] [authz_core:debug] [pid 2131522:tid 2131522] mod_authz_core.c(815): [client 216.73.216.243:19516] AH01626: authorization result of Require all granted: granted
[Wed Aug 26 00:51:16.729165 2026] [authz_core:debug] [pid 2131522:tid 2131522] mod_authz_core.c(815): [client 216.73.216.243:19516] AH01626: authorization result of : granted
[Wed Aug 26 00:51:16.729289 2026] [authz_core:debug] [pid 2131522:tid 2131522] mod_authz_core.c(815): [client 216.73.216.243:19516] AH01626: authorization result of Require all granted: granted
[Wed Aug 26 00:51:16.729293 2026] [authz_core:debug] [pid 2131522:tid 2131522] mod_authz_core.c(815): [client 216.73.216.243:19516] AH01626: authorization result of : granted
[Wed Aug 26 00:51:16.737501 2026] [ssl:info] [pid 2132015:tid 2132015] [client 136.119.35.120:9728] AH01964: Connection to child 1 established (server 2blog.ilc.edu.tw:443)
[Wed Aug 26 00:51:16.737677 2026] [ssl:debug] [pid 2132015:tid 2132015] ssl_engine_kernel.c(2222): [client 136.119.35.120:9728] AH02043: SSL virtual host for servername 2blog.ilc.edu.tw found
[Wed Aug 26 00:51:16.737739 2026] [core:debug] [pid 2132015:tid 2132015] protocol.c(2460): [client 136.119.35.120:9728] AH03155: select protocol from , choices=http/1.1 for server 2blog.ilc.edu.tw
[Wed Aug 26 00:51:16.819972 2026] [ssl:debug] [pid 2127400:tid 2127400] ssl_engine_kernel.c(254): [client 216.73.216.243:54523] AH02034: Subsequent (No.7) HTTPS request received for child 5 (server 2blog.ilc.edu.tw:443)
[Wed Aug 26 00:51:16.820210 2026] [authz_core:debug] [pid 2127400:tid 2127400] mod_authz_core.c(815): [client 216.73.216.243:54523] AH01626: authorization result of Require all granted: granted
[Wed Aug 26 00:51:16.820221 2026] [authz_core:debug] [pid 2127400:tid 2127400] mod_authz_core.c(815): [client 216.73.216.243:54523] AH01626: authorization result of : granted
[Wed Aug 26 00:51:16.820388 2026] [authz_core:debug] [pid 2127400:tid 2127400] mod_authz_core.c(815): [client 216.73.216.243:54523] AH01626: authorization result of Require all granted: granted
[Wed Aug 26 00:51:16.820397 2026] [authz_core:debug] [pid 2127400:tid 2127400] mod_authz_core.c(815): [client 216.73.216.243:54523] AH01626: authorization result of : granted
[Wed Aug 26 00:51:17.138804 2026] [ssl:debug] [pid 2132015:tid 2132015] ssl_engine_kernel.c(2082): [client 136.119.35.120:9728] AH02041: Protocol: TLSv1.3, Cipher: TLS_AES_256_GCM_SHA384 (256/256 bits)
[Wed Aug 26 00:51:17.138874 2026] [socache_shmcb:debug] [pid 2132015:tid 2132015] mod_socache_shmcb.c(508): AH00831: socache_shmcb_store (0x98 -> subcache 24)
[Wed Aug 26 00:51:17.138893 2026] [socache_shmcb:debug] [pid 2132015:tid 2132015] mod_socache_shmcb.c(745): AH00842: expiring 1 and reclaiming 0 removed socache entries
[Wed Aug 26 00:51:17.138897 2026] [socache_shmcb:debug] [pid 2132015:tid 2132015] mod_socache_shmcb.c(765): AH00843: we now have 34 socache entries
[Wed Aug 26 00:51:17.138900 2026] [socache_shmcb:debug] [pid 2132015:tid 2132015] mod_socache_shmcb.c(860): AH00847: insert happened at idx=5, data=(10075:10107)
[Wed Aug 26 00:51:17.138903 2026] [socache_shmcb:debug] [pid 2132015:tid 2132015] mod_socache_shmcb.c(863): AH00848: finished insert, subcache: idx_pos/idx_used=59/35, data_pos/data_used=2500/7801
[Wed Aug 26 00:51:17.138906 2026] [socache_shmcb:debug] [pid 2132015:tid 2132015] mod_socache_shmcb.c(530): AH00834: leaving socache_shmcb_store successfully
[Wed Aug 26 00:51:17.138975 2026] [socache_shmcb:debug] [pid 2132015:tid 2132015] mod_socache_shmcb.c(508): AH00831: socache_shmcb_store (0x79 -> subcache 25)
[Wed Aug 26 00:51:17.138982 2026] [socache_shmcb:debug] [pid 2132015:tid 2132015] mod_socache_shmcb.c(860): AH00847: insert happened at idx=78, data=(6618:6650)
[Wed Aug 26 00:51:17.138985 2026] [socache_shmcb:debug] [pid 2132015:tid 2132015] mod_socache_shmcb.c(863): AH00848: finished insert, subcache: idx_pos/idx_used=48/31, data_pos/data_used=13810/6897
[Wed Aug 26 00:51:17.138988 2026] [socache_shmcb:debug] [pid 2132015:tid 2132015] mod_socache_shmcb.c(530): AH00834: leaving socache_shmcb_store successfully
[Wed Aug 26 00:51:17.213070 2026] [deflate:debug] [pid 2132027:tid 2132027] mod_deflate.c(909): [client 216.73.216.243:3501] AH01384: Zlib: Compressed 536983 to 86227 : URL /index.php
[Wed Aug 26 00:51:17.217068 2026] [ssl:debug] [pid 2132032:tid 2132032] ssl_engine_io.c(1150): [client 52.167.144.219:56561] AH02001: Connection closed to child 15 with standard shutdown (server 2blog.ilc.edu.tw:443)
[Wed Aug 26 00:51:17.245173 2026] [ssl:info] [pid 2132048:tid 2132048] [client 34.30.223.149:26624] AH01964: Connection to child 21 established (server 2blog.ilc.edu.tw:443)
[Wed Aug 26 00:51:17.245575 2026] [ssl:debug] [pid 2132048:tid 2132048] ssl_engine_kernel.c(2222): [client 34.30.223.149:26624] AH02043: SSL virtual host for servername 2blog.ilc.edu.tw found
[Wed Aug 26 00:51:17.245684 2026] [core:debug] [pid 2132048:tid 2132048] protocol.c(2460): [client 34.30.223.149:26624] AH03155: select protocol from , choices=http/1.1 for server 2blog.ilc.edu.tw
[Wed Aug 26 00:51:17.258147 2026] [deflate:debug] [pid 2127398:tid 2127398] mod_deflate.c(909): [client 216.73.216.243:27474] AH01384: Zlib: Compressed 524032 to 84593 : URL /index.php
[Wed Aug 26 00:51:17.275885 2026] [ssl:debug] [pid 2132015:tid 2132015] ssl_engine_kernel.c(254): [client 136.119.35.120:9728] AH02034: Initial (No.1) HTTPS request received for child 1 (server 2blog.ilc.edu.tw:443)
[Wed Aug 26 00:51:17.276085 2026] [authz_core:debug] [pid 2132015:tid 2132015] mod_authz_core.c(815): [client 136.119.35.120:9728] AH01626: authorization result of Require all granted: granted
[Wed Aug 26 00:51:17.276091 2026] [authz_core:debug] [pid 2132015:tid 2132015] mod_authz_core.c(815): [client 136.119.35.120:9728] AH01626: authorization result of : granted
[Wed Aug 26 00:51:17.276204 2026] [authz_core:debug] [pid 2132015:tid 2132015] mod_authz_core.c(815): [client 136.119.35.120:9728] AH01626: authorization result of Require all granted: granted
[Wed Aug 26 00:51:17.276208 2026] [authz_core:debug] [pid 2132015:tid 2132015] mod_authz_core.c(815): [client 136.119.35.120:9728] AH01626: authorization result of : granted
[Wed Aug 26 00:51:17.414335 2026] [deflate:debug] [pid 2131522:tid 2131522] mod_deflate.c(909): [client 216.73.216.243:19516] AH01384: Zlib: Compressed 530775 to 85692 : URL /index.php
[Wed Aug 26 00:51:17.424051 2026] [deflate:debug] [pid 2127400:tid 2127400] mod_deflate.c(909): [client 216.73.216.243:54523] AH01384: Zlib: Compressed 531167 to 85841 : URL /index.php
[Wed Aug 26 00:51:17.455998 2026] [deflate:debug] [pid 2132015:tid 2132015] mod_deflate.c(909): [client 136.119.35.120:9728] AH01384: Zlib: Compressed 105268 to 14343 : URL /index.php
[Wed Aug 26 00:51:17.465167 2026] [ssl:info] [pid 2132041:tid 2132041] [client 34.30.223.149:5120] AH01964: Connection to child 4 established (server 2blog.ilc.edu.tw:443)
[Wed Aug 26 00:51:17.465495 2026] [ssl:debug] [pid 2132041:tid 2132041] ssl_engine_kernel.c(2222): [client 34.30.223.149:5120] AH02043: SSL virtual host for servername www.shmes.ilc.edu.tw found
[Wed Aug 26 00:51:17.465567 2026] [core:debug] [pid 2132041:tid 2132041] protocol.c(2460): [client 34.30.223.149:5120] AH03155: select protocol from , choices=http/1.1 for server www.shmes.ilc.edu.tw
[Wed Aug 26 00:51:17.488262 2026] [ssl:debug] [pid 2132011:tid 2132011] ssl_engine_io.c(1150): [client 34.10.180.98:18432] AH02001: Connection closed to child 6 with standard shutdown (server 2blog.ilc.edu.tw:443)
[Wed Aug 26 00:51:17.627919 2026] [ssl:debug] [pid 2132048:tid 2132048] ssl_engine_kernel.c(2082): [client 34.30.223.149:26624] AH02041: Protocol: TLSv1.3, Cipher: TLS_AES_256_GCM_SHA384 (256/256 bits)
[Wed Aug 26 00:51:17.627996 2026] [socache_shmcb:debug] [pid 2132048:tid 2132048] mod_socache_shmcb.c(508): AH00831: socache_shmcb_store (0x06 -> subcache 6)
[Wed Aug 26 00:51:17.628010 2026] [socache_shmcb:debug] [pid 2132048:tid 2132048] mod_socache_shmcb.c(745): AH00842: expiring 1 and reclaiming 0 removed socache entries
[Wed Aug 26 00:51:17.628012 2026] [socache_shmcb:debug] [pid 2132048:tid 2132048] mod_socache_shmcb.c(765): AH00843: we now have 21 socache entries
[Wed Aug 26 00:51:17.628014 2026] [socache_shmcb:debug] [pid 2132048:tid 2132048] mod_socache_shmcb.c(860): AH00847: insert happened at idx=14, data=(11980:12012)
[Wed Aug 26 00:51:17.628016 2026] [socache_shmcb:debug] [pid 2132048:tid 2132048] mod_socache_shmcb.c(863): AH00848: finished insert, subcache: idx_pos/idx_used=81/22, data_pos/data_used=7289/4917
[Wed Aug 26 00:51:17.628018 2026] [socache_shmcb:debug] [pid 2132048:tid 2132048] mod_socache_shmcb.c(530): AH00834: leaving socache_shmcb_store successfully
[Wed Aug 26 00:51:17.628079 2026] [socache_shmcb:debug] [pid 2132048:tid 2132048] mod_socache_shmcb.c(508): AH00831: socache_shmcb_store (0xc4 -> subcache 4)
[Wed Aug 26 00:51:17.628083 2026] [socache_shmcb:debug] [pid 2132048:tid 2132048] mod_socache_shmcb.c(745): AH00842: expiring 2 and reclaiming 0 removed socache entries
[Wed Aug 26 00:51:17.628085 2026] [socache_shmcb:debug] [pid 2132048:tid 2132048] mod_socache_shmcb.c(765): AH00843: we now have 40 socache entries
[Wed Aug 26 00:51:17.628087 2026] [socache_shmcb:debug] [pid 2132048:tid 2132048] mod_socache_shmcb.c(860): AH00847: insert happened at idx=40, data=(4053:4085)
[Wed Aug 26 00:51:17.628089 2026] [socache_shmcb:debug] [pid 2132048:tid 2132048] mod_socache_shmcb.c(863): AH00848: finished insert, subcache: idx_pos/idx_used=0/41, data_pos/data_used=8963/9179
[Wed Aug 26 00:51:17.628091 2026] [socache_shmcb:debug] [pid 2132048:tid 2132048] mod_socache_shmcb.c(530): AH00834: leaving socache_shmcb_store successfully
[Wed Aug 26 00:51:17.651975 2026] [ssl:debug] [pid 2132048:tid 2132048] ssl_engine_kernel.c(254): [client 34.30.223.149:26624] AH02034: Initial (No.1) HTTPS request received for child 21 (server 2blog.ilc.edu.tw:443)
[Wed Aug 26 00:51:17.652245 2026] [authz_core:debug] [pid 2132048:tid 2132048] mod_authz_core.c(815): [client 34.30.223.149:26624] AH01626: authorization result of Require all granted: granted
[Wed Aug 26 00:51:17.652295 2026] [authz_core:debug] [pid 2132048:tid 2132048] mod_authz_core.c(815): [client 34.30.223.149:26624] AH01626: authorization result of : granted
[Wed Aug 26 00:51:17.653083 2026] [authz_core:debug] [pid 2132048:tid 2132048] mod_authz_core.c(815): [client 34.30.223.149:26624] AH01626: authorization result of Require all granted: granted
[Wed Aug 26 00:51:17.653096 2026] [authz_core:debug] [pid 2132048:tid 2132048] mod_authz_core.c(815): [client 34.30.223.149:26624] AH01626: authorization result of : granted
[Wed Aug 26 00:51:17.676707 2026] [ssl:debug] [pid 2132041:tid 2132041] ssl_engine_kernel.c(2082): [client 34.30.223.149:5120] AH02041: Protocol: TLSv1.3, Cipher: TLS_AES_256_GCM_SHA384 (256/256 bits)
[Wed Aug 26 00:51:17.676772 2026] [socache_shmcb:debug] [pid 2132041:tid 2132041] mod_socache_shmcb.c(508): AH00831: socache_shmcb_store (0x3e -> subcache 30)
[Wed Aug 26 00:51:17.676780 2026] [socache_shmcb:debug] [pid 2132041:tid 2132041] mod_socache_shmcb.c(860): AH00847: insert happened at idx=62, data=(3314:3346)
[Wed Aug 26 00:51:17.676783 2026] [socache_shmcb:debug] [pid 2132041:tid 2132041] mod_socache_shmcb.c(863): AH00848: finished insert, subcache: idx_pos/idx_used=42/21, data_pos/data_used=12670/4737
[Wed Aug 26 00:51:17.676786 2026] [socache_shmcb:debug] [pid 2132041:tid 2132041] mod_socache_shmcb.c(530): AH00834: leaving socache_shmcb_store successfully
[Wed Aug 26 00:51:17.676865 2026] [socache_shmcb:debug] [pid 2132041:tid 2132041] mod_socache_shmcb.c(508): AH00831: socache_shmcb_store (0x8a -> subcache 10)
