[Wed Aug 26 00:29:10.298173 2026] [ssl:info] [pid 2107813:tid 2107813] (70014)End of file found: [client 34.171.68.95:47618] AH02006: SSL handshake stopped: connection was closed
[Wed Aug 26 00:29:10.298182 2026] [ssl:info] [pid 2107813:tid 2107813] [client 34.171.68.95:47618] AH01998: Connection closed to child 0 with abortive shutdown (server 2blog.ilc.edu.tw:443)
[Wed Aug 26 00:29:10.467205 2026] [ssl:debug] [pid 2107761:tid 2107761] ssl_engine_io.c(1150): [client 18.207.79.144:15154] AH02001: Connection closed to child 11 with standard shutdown (server 2blog.ilc.edu.tw:443)
[Wed Aug 26 00:29:10.499160 2026] [ssl:info] [pid 2107673:tid 2107673] [client 140.111.67.10:54861] AH01964: Connection to child 4 established (server 2blog.ilc.edu.tw:443)
[Wed Aug 26 00:29:10.499378 2026] [ssl:info] [pid 2107673:tid 2107673] (70014)End of file found: [client 140.111.67.10:54861] AH02006: SSL handshake stopped: connection was closed
[Wed Aug 26 00:29:10.499386 2026] [ssl:info] [pid 2107673:tid 2107673] [client 140.111.67.10:54861] AH01998: Connection closed to child 4 with abortive shutdown (server 2blog.ilc.edu.tw:443)
[Wed Aug 26 00:29:10.521802 2026] [ssl:debug] [pid 2107764:tid 2107764] ssl_engine_kernel.c(2082): [client 34.30.223.149:26625] AH02041: Protocol: TLSv1.3, Cipher: TLS_AES_256_GCM_SHA384 (256/256 bits)
[Wed Aug 26 00:29:10.521864 2026] [socache_shmcb:debug] [pid 2107764:tid 2107764] mod_socache_shmcb.c(508): AH00831: socache_shmcb_store (0xa5 -> subcache 5)
[Wed Aug 26 00:29:10.521871 2026] [socache_shmcb:debug] [pid 2107764:tid 2107764] mod_socache_shmcb.c(860): AH00847: insert happened at idx=86, data=(10974:11006)
[Wed Aug 26 00:29:10.521873 2026] [socache_shmcb:debug] [pid 2107764:tid 2107764] mod_socache_shmcb.c(863): AH00848: finished insert, subcache: idx_pos/idx_used=57/30, data_pos/data_used=4490/6709
[Wed Aug 26 00:29:10.521883 2026] [socache_shmcb:debug] [pid 2107764:tid 2107764] mod_socache_shmcb.c(530): AH00834: leaving socache_shmcb_store successfully
[Wed Aug 26 00:29:10.521946 2026] [socache_shmcb:debug] [pid 2107764:tid 2107764] mod_socache_shmcb.c(508): AH00831: socache_shmcb_store (0xb2 -> subcache 18)
[Wed Aug 26 00:29:10.521950 2026] [socache_shmcb:debug] [pid 2107764:tid 2107764] mod_socache_shmcb.c(860): AH00847: insert happened at idx=31, data=(4332:4364)
[Wed Aug 26 00:29:10.521952 2026] [socache_shmcb:debug] [pid 2107764:tid 2107764] mod_socache_shmcb.c(863): AH00848: finished insert, subcache: idx_pos/idx_used=3/29, data_pos/data_used=11934/6488
[Wed Aug 26 00:29:10.521954 2026] [socache_shmcb:debug] [pid 2107764:tid 2107764] mod_socache_shmcb.c(530): AH00834: leaving socache_shmcb_store successfully
[Wed Aug 26 00:29:10.619164 2026] [ssl:debug] [pid 2107764:tid 2107764] ssl_engine_kernel.c(254): [client 34.30.223.149:26625] AH02034: Initial (No.1) HTTPS request received for child 16 (server 2blog.ilc.edu.tw:443)
[Wed Aug 26 00:29:10.619371 2026] [authz_core:debug] [pid 2107764:tid 2107764] mod_authz_core.c(815): [client 34.30.223.149:26625] AH01626: authorization result of Require all granted: granted
[Wed Aug 26 00:29:10.619378 2026] [authz_core:debug] [pid 2107764:tid 2107764] mod_authz_core.c(815): [client 34.30.223.149:26625] AH01626: authorization result of : granted
[Wed Aug 26 00:29:10.619498 2026] [authz_core:debug] [pid 2107764:tid 2107764] mod_authz_core.c(815): [client 34.30.223.149:26625] AH01626: authorization result of Require all granted: granted
[Wed Aug 26 00:29:10.619504 2026] [authz_core:debug] [pid 2107764:tid 2107764] mod_authz_core.c(815): [client 34.30.223.149:26625] AH01626: authorization result of : granted
[Wed Aug 26 00:29:10.729116 2026] [ssl:debug] [pid 2102818:tid 2102818] ssl_engine_io.c(1150): [client 34.61.96.6:12801] AH02001: Connection closed to child 22 with standard shutdown (server 2blog.ilc.edu.tw:443)
[Wed Aug 26 00:29:10.751896 2026] [deflate:debug] [pid 2107764:tid 2107764] mod_deflate.c(909): [client 34.30.223.149:26625] AH01384: Zlib: Compressed 36886 to 8978 : URL /index.php
[Wed Aug 26 00:29:11.048699 2026] [ssl:debug] [pid 2107686:tid 2107686] ssl_engine_kernel.c(254): [client 2408:867a:80c::19c:12882] AH02034: Subsequent (No.3) HTTPS request received for child 15 (server www.ytes.ilc.edu.tw:443), referer: https://www.ytes.ilc.edu.tw/category/c-98883/
[Wed Aug 26 00:29:11.049515 2026] [authz_core:debug] [pid 2107686:tid 2107686] mod_authz_core.c(815): [client 2408:867a:80c::19c:12882] AH01626: authorization result of Require all granted: granted, referer: https://www.ytes.ilc.edu.tw/category/c-98883/
[Wed Aug 26 00:29:11.049526 2026] [authz_core:debug] [pid 2107686:tid 2107686] mod_authz_core.c(815): [client 2408:867a:80c::19c:12882] AH01626: authorization result of : granted, referer: https://www.ytes.ilc.edu.tw/category/c-98883/
[Wed Aug 26 00:29:11.051867 2026] [deflate:debug] [pid 2107686:tid 2107686] mod_deflate.c(909): [client 2408:867a:80c::19c:12882] AH01384: Zlib: Compressed 79258 to 39708 : URL /wp-content/cache/www.ytes.ilc.edu.tw/wpfc-minified/79ahoxi0/6w73.css, referer: https://www.ytes.ilc.edu.tw/category/c-98883/
[Wed Aug 26 00:29:11.065065 2026] [ssl:debug] [pid 2107712:tid 2107712] ssl_engine_io.c(1150): [client 34.56.53.225:10240] AH02001: Connection closed to child 2 with standard shutdown (server 2blog.ilc.edu.tw:443)
[Wed Aug 26 00:29:11.198725 2026] [authz_core:debug] [pid 2107819:tid 2107819] mod_authz_core.c(815): [client 35.173.38.202:17353] AH01626: authorization result of Require all granted: granted
[Wed Aug 26 00:29:11.198760 2026] [authz_core:debug] [pid 2107819:tid 2107819] mod_authz_core.c(815): [client 35.173.38.202:17353] AH01626: authorization result of : granted
[Wed Aug 26 00:29:11.199515 2026] [authz_core:debug] [pid 2107819:tid 2107819] mod_authz_core.c(815): [client 35.173.38.202:17353] AH01626: authorization result of Require all granted: granted
[Wed Aug 26 00:29:11.199527 2026] [authz_core:debug] [pid 2107819:tid 2107819] mod_authz_core.c(815): [client 35.173.38.202:17353] AH01626: authorization result of : granted
[Wed Aug 26 00:29:11.199909 2026] [deflate:debug] [pid 2107819:tid 2107819] mod_deflate.c(909): [client 35.173.38.202:17353] AH01384: Zlib: Compressed 800 to 383 : URL /wp-content/uploads/sites/3513/2023/08/
[Wed Aug 26 00:29:11.219688 2026] [ssl:info] [pid 2107820:tid 2107820] [client 34.30.223.149:36352] AH01964: Connection to child 6 established (server 2blog.ilc.edu.tw:443)
[Wed Aug 26 00:29:11.220011 2026] [ssl:debug] [pid 2107820:tid 2107820] ssl_engine_kernel.c(2222): [client 34.30.223.149:36352] AH02043: SSL virtual host for servername 2blog.ilc.edu.tw found
[Wed Aug 26 00:29:11.220114 2026] [core:debug] [pid 2107820:tid 2107820] protocol.c(2460): [client 34.30.223.149:36352] AH03155: select protocol from , choices=http/1.1 for server 2blog.ilc.edu.tw
[Wed Aug 26 00:29:11.581356 2026] [ssl:debug] [pid 2107820:tid 2107820] ssl_engine_kernel.c(2082): [client 34.30.223.149:36352] AH02041: Protocol: TLSv1.3, Cipher: TLS_AES_256_GCM_SHA384 (256/256 bits)
[Wed Aug 26 00:29:11.581423 2026] [socache_shmcb:debug] [pid 2107820:tid 2107820] mod_socache_shmcb.c(508): AH00831: socache_shmcb_store (0x30 -> subcache 16)
[Wed Aug 26 00:29:11.581437 2026] [socache_shmcb:debug] [pid 2107820:tid 2107820] mod_socache_shmcb.c(860): AH00847: insert happened at idx=23, data=(2570:2602)
[Wed Aug 26 00:29:11.581439 2026] [socache_shmcb:debug] [pid 2107820:tid 2107820] mod_socache_shmcb.c(863): AH00848: finished insert, subcache: idx_pos/idx_used=75/37, data_pos/data_used=8412/8247
[Wed Aug 26 00:29:11.581441 2026] [socache_shmcb:debug] [pid 2107820:tid 2107820] mod_socache_shmcb.c(530): AH00834: leaving socache_shmcb_store successfully
[Wed Aug 26 00:29:11.581504 2026] [socache_shmcb:debug] [pid 2107820:tid 2107820] mod_socache_shmcb.c(508): AH00831: socache_shmcb_store (0x63 -> subcache 3)
[Wed Aug 26 00:29:11.581509 2026] [socache_shmcb:debug] [pid 2107820:tid 2107820] mod_socache_shmcb.c(745): AH00842: expiring 2 and reclaiming 0 removed socache entries
[Wed Aug 26 00:29:11.581511 2026] [socache_shmcb:debug] [pid 2107820:tid 2107820] mod_socache_shmcb.c(765): AH00843: we now have 51 socache entries
[Wed Aug 26 00:29:11.581513 2026] [socache_shmcb:debug] [pid 2107820:tid 2107820] mod_socache_shmcb.c(860): AH00847: insert happened at idx=34, data=(5104:5136)
[Wed Aug 26 00:29:11.581514 2026] [socache_shmcb:debug] [pid 2107820:tid 2107820] mod_socache_shmcb.c(863): AH00848: finished insert, subcache: idx_pos/idx_used=71/52, data_pos/data_used=7601/11592
[Wed Aug 26 00:29:11.581516 2026] [socache_shmcb:debug] [pid 2107820:tid 2107820] mod_socache_shmcb.c(530): AH00834: leaving socache_shmcb_store successfully
[Wed Aug 26 00:29:11.675018 2026] [ssl:info] [pid 2107818:tid 2107818] [client 66.249.71.9:55943] AH01964: Connection to child 3 established (server 2blog.ilc.edu.tw:443)
[Wed Aug 26 00:29:11.675289 2026] [ssl:debug] [pid 2107818:tid 2107818] ssl_engine_kernel.c(2222): [client 66.249.71.9:55943] AH02043: SSL virtual host for servername www.jwes.ilc.edu.tw found
[Wed Aug 26 00:29:11.675482 2026] [ssl:debug] [pid 2107818:tid 2107818] ssl_util_stapling.c(819): AH01951: stapling_cb: OCSP Stapling callback called
[Wed Aug 26 00:29:11.675494 2026] [ssl:info] [pid 2107818:tid 2107818] AH01926: stapling_get_certinfo: stapling not supported for certificate
[Wed Aug 26 00:29:11.683263 2026] [ssl:debug] [pid 2107818:tid 2107818] ssl_engine_kernel.c(2082): [client 66.249.71.9:55943] AH02041: Protocol: TLSv1.3, Cipher: TLS_AES_256_GCM_SHA384 (256/256 bits)
[Wed Aug 26 00:29:11.683311 2026] [socache_shmcb:debug] [pid 2107818:tid 2107818] mod_socache_shmcb.c(508): AH00831: socache_shmcb_store (0x54 -> subcache 20)
[Wed Aug 26 00:29:11.683325 2026] [socache_shmcb:debug] [pid 2107818:tid 2107818] mod_socache_shmcb.c(745): AH00842: expiring 4 and reclaiming 0 removed socache entries
[Wed Aug 26 00:29:11.683334 2026] [socache_shmcb:debug] [pid 2107818:tid 2107818] mod_socache_shmcb.c(765): AH00843: we now have 36 socache entries
[Wed Aug 26 00:29:11.683336 2026] [socache_shmcb:debug] [pid 2107818:tid 2107818] mod_socache_shmcb.c(860): AH00847: insert happened at idx=38, data=(6190:6222)
[Wed Aug 26 00:29:11.683338 2026] [socache_shmcb:debug] [pid 2107818:tid 2107818] mod_socache_shmcb.c(863): AH00848: finished insert, subcache: idx_pos/idx_used=2/37, data_pos/data_used=12031/8239
[Wed Aug 26 00:29:11.683340 2026] [socache_shmcb:debug] [pid 2107818:tid 2107818] mod_socache_shmcb.c(530): AH00834: leaving socache_shmcb_store successfully
[Wed Aug 26 00:29:11.683377 2026] [socache_shmcb:debug] [pid 2107818:tid 2107818] mod_socache_shmcb.c(508): AH00831: socache_shmcb_store (0x37 -> subcache 23)
[Wed Aug 26 00:29:11.683381 2026] [socache_shmcb:debug] [pid 2107818:tid 2107818] mod_socache_shmcb.c(860): AH00847: insert happened at idx=20, data=(2067:2099)
[Wed Aug 26 00:29:11.683383 2026] [socache_shmcb:debug] [pid 2107818:tid 2107818] mod_socache_shmcb.c(863): AH00848: finished insert, subcache: idx_pos/idx_used=75/34, data_pos/data_used=8568/7580
[Wed Aug 26 00:29:11.683385 2026] [socache_shmcb:debug] [pid 2107818:tid 2107818] mod_socache_shmcb.c(530): AH00834: leaving socache_shmcb_store successfully
[Wed Aug 26 00:29:11.683509 2026] [ssl:debug] [pid 2107818:tid 2107818] ssl_engine_kernel.c(254): [client 66.249.71.9:55943] AH02034: Initial (No.1) HTTPS request received for child 3 (server www.jwes.ilc.edu.tw:443)
[Wed Aug 26 00:29:11.683744 2026] [authz_core:debug] [pid 2107818:tid 2107818] mod_authz_core.c(815): [client 66.249.71.9:55943] AH01626: authorization result of Require all granted: granted
[Wed Aug 26 00:29:11.683749 2026] [authz_core:debug] [pid 2107818:tid 2107818] mod_authz_core.c(815): [client 66.249.71.9:55943] AH01626: authorization result of : granted
[Wed Aug 26 00:29:11.714430 2026] [ssl:debug] [pid 2107820:tid 2107820] ssl_engine_kernel.c(254): [client 34.30.223.149:36352] AH02034: Initial (No.1) HTTPS request received for child 6 (server 2blog.ilc.edu.tw:443)
[Wed Aug 26 00:29:11.714704 2026] [authz_core:debug] [pid 2107820:tid 2107820] mod_authz_core.c(815): [client 34.30.223.149:36352] AH01626: authorization result of Require all granted: granted
[Wed Aug 26 00:29:11.714711 2026] [authz_core:debug] [pid 2107820:tid 2107820] mod_authz_core.c(815): [client 34.30.223.149:36352] AH01626: authorization result of : granted
[Wed Aug 26 00:29:11.715279 2026] [authz_core:debug] [pid 2107820:tid 2107820] mod_authz_core.c(815): [client 34.30.223.149:36352] AH01626: authorization result of Require all granted: granted
[Wed Aug 26 00:29:11.715285 2026] [authz_core:debug] [pid 2107820:tid 2107820] mod_authz_core.c(815): [client 34.30.223.149:36352] AH01626: authorization result of : granted
[Wed Aug 26 00:29:11.854626 2026] [ssl:debug] [pid 2107686:tid 2107686] ssl_engine_kernel.c(254): [client 2408:867a:80c::19c:12882] AH02034: Subsequent (No.4) HTTPS request received for child 15 (server www.ytes.ilc.edu.tw:443), referer: https://www.ytes.ilc.edu.tw/category/c-98883/
[Wed Aug 26 00:29:11.857002 2026] [authz_core:debug] [pid 2107686:tid 2107686] mod_authz_core.c(815): [client 2408:867a:80c::19c:12882] AH01626: authorization result of Require all granted: granted, referer: https://www.ytes.ilc.edu.tw/category/c-98883/
[Wed Aug 26 00:29:11.857018 2026] [authz_core:debug] [pid 2107686:tid 2107686] mod_authz_core.c(815): [client 2408:867a:80c::19c:12882] AH01626: authorization result of : granted, referer: https://www.ytes.ilc.edu.tw/category/c-98883/
[Wed Aug 26 00:29:11.859361 2026] [deflate:debug] [pid 2107686:tid 2107686] mod_deflate.c(909): [client 2408:867a:80c::19c:12882] AH01384: Zlib: Compressed 112420 to 14819 : URL /wp-content/cache/www.ytes.ilc.edu.tw/wpfc-minified/2abyyyem/6w73.css, referer: https://www.ytes.ilc.edu.tw/category/c-98883/
[Wed Aug 26 00:29:12.297057 2026] [ssl:debug] [pid 2107686:tid 2107686] ssl_engine_kernel.c(254): [client 2408:867a:80c::19c:12882] AH02034: Subsequent (No.5) HTTPS request received for child 15 (server www.ytes.ilc.edu.tw:443), referer: https://www.ytes.ilc.edu.tw/category/c-98883/
[Wed Aug 26 00:29:12.297852 2026] [authz_core:debug] [pid 2107686:tid 2107686] mod_authz_core.c(815): [client 2408:867a:80c::19c:12882] AH01626: authorization result of Require all granted: granted, referer: https://www.ytes.ilc.edu.tw/category/c-98883/
[Wed Aug 26 00:29:12.297864 2026] [authz_core:debug] [pid 2107686:tid 2107686] mod_authz_core.c(815): [client 2408:867a:80c::19c:12882] AH01626: authorization result of : granted, referer: https://www.ytes.ilc.edu.tw/category/c-98883/
[Wed Aug 26 00:29:12.298255 2026] [deflate:debug] [pid 2107686:tid 2107686] mod_deflate.c(909): [client 2408:867a:80c::19c:12882] AH01384: Zlib: Compressed 486 to 267 : URL /wp-content/cache/www.ytes.ilc.edu.tw/wpfc-minified/2psgi52s/6w73.css, referer: https://www.ytes.ilc.edu.tw/category/c-98883/
[Wed Aug 26 00:29:12.395479 2026] [ssl:info] [pid 2107813:tid 2107813] [client 2408:867a:80c::19c:14946] AH01964: Connection to child 0 established (server 2blog.ilc.edu.tw:443)
[Wed Aug 26 00:29:12.396336 2026] [ssl:info] [pid 2107673:tid 2107673] [client 2408:867a:80c::19c:14944] AH01964: Connection to child 4 established (server 2blog.ilc.edu.tw:443)
[Wed Aug 26 00:29:12.396401 2026] [ssl:info] [pid 2107761:tid 2107761] [client 2408:867a:80c::19c:14950] AH01964: Connection to child 11 established (server 2blog.ilc.edu.tw:443)
[Wed Aug 26 00:29:12.396722 2026] [ssl:debug] [pid 2107813:tid 2107813] ssl_engine_kernel.c(2222): [client 2408:867a:80c::19c:14946] AH02043: SSL virtual host for servername www.ytes.ilc.edu.tw found
[Wed Aug 26 00:29:12.396746 2026] [socache_shmcb:debug] [pid 2107813:tid 2107813] mod_socache_shmcb.c(545): AH00835: socache_shmcb_retrieve (0x55 -> subcache 21)
[Wed Aug 26 00:29:12.396761 2026] [socache_shmcb:debug] [pid 2107813:tid 2107813] mod_socache_shmcb.c(896): AH00849: match at idx=48, data=8236
[Wed Aug 26 00:29:12.396764 2026] [socache_shmcb:debug] [pid 2107813:tid 2107813] mod_socache_shmcb.c(556): AH00836: leaving socache_shmcb_retrieve successfully
[Wed Aug 26 00:29:12.396832 2026] [ssl:debug] [pid 2107761:tid 2107761] ssl_engine_kernel.c(2222): [client 2408:867a:80c::19c:14950] AH02043: SSL virtual host for servername www.ytes.ilc.edu.tw found
[Wed Aug 26 00:29:12.396852 2026] [socache_shmcb:debug] [pid 2107761:tid 2107761] mod_socache_shmcb.c(545): AH00835: socache_shmcb_retrieve (0x7b -> subcache 27)
[Wed Aug 26 00:29:12.396865 2026] [socache_shmcb:debug] [pid 2107761:tid 2107761] mod_socache_shmcb.c(896): AH00849: match at idx=38, data=5967
[Wed Aug 26 00:29:12.396860 2026] [ssl:info] [pid 2102818:tid 2102818] [client 2408:867a:80c::19c:14952] AH01964: Connection to child 22 established (server 2blog.ilc.edu.tw:443)
[Wed Aug 26 00:29:12.396868 2026] [socache_shmcb:debug] [pid 2107761:tid 2107761] mod_socache_shmcb.c(556): AH00836: leaving socache_shmcb_retrieve successfully
[Wed Aug 26 00:29:12.396996 2026] [core:debug] [pid 2107813:tid 2107813] protocol.c(2460): [client 2408:867a:80c::19c:14946] AH03155: select protocol from , choices=h2,http/1.1 for server www.ytes.ilc.edu.tw
[Wed Aug 26 00:29:12.397021 2026] [core:debug] [pid 2107761:tid 2107761] protocol.c(2460): [client 2408:867a:80c::19c:14950] AH03155: select protocol from , choices=h2,http/1.1 for server www.ytes.ilc.edu.tw
[Wed Aug 26 00:29:12.397703 2026] [ssl:debug] [pid 2102818:tid 2102818] ssl_engine_kernel.c(2222): [client 2408:867a:80c::19c:14952] AH02043: SSL virtual host for servername www.ytes.ilc.edu.tw found
[Wed Aug 26 00:29:12.397747 2026] [core:debug] [pid 2102818:tid 2102818] protocol.c(2460): [client 2408:867a:80c::19c:14952] AH03155: select protocol from , choices=h2,http/1.1 for server www.ytes.ilc.edu.tw
[Wed Aug 26 00:29:12.397781 2026] [ssl:debug] [pid 2102818:tid 2102818] ssl_util_stapling.c(819): AH01951: stapling_cb: OCSP Stapling callback called
[Wed Aug 26 00:29:12.397785 2026] [ssl:info] [pid 2102818:tid 2102818] AH01926: stapling_get_certinfo: stapling not supported for certificate
[Wed Aug 26 00:29:12.399147 2026] [ssl:debug] [pid 2107673:tid 2107673] ssl_engine_kernel.c(2222): [client 2408:867a:80c::19c:14944] AH02043: SSL virtual host for servername www.ytes.ilc.edu.tw found
[Wed Aug 26 00:29:12.399183 2026] [core:debug] [pid 2107673:tid 2107673] protocol.c(2460): [client 2408:867a:80c::19c:14944] AH03155: select protocol from , choices=h2,http/1.1 for server www.ytes.ilc.edu.tw
[Wed Aug 26 00:29:12.399207 2026] [ssl:debug] [pid 2107673:tid 2107673] ssl_util_stapling.c(819): AH01951: stapling_cb: OCSP Stapling callback called
[Wed Aug 26 00:29:12.399211 2026] [ssl:info] [pid 2107673:tid 2107673] AH01926: stapling_get_certinfo: stapling not supported for certificate
[Wed Aug 26 00:29:12.429029 2026] [ssl:info] [pid 2107819:tid 2107819] [client 2408:867a:80c::19c:14942] AH01964: Connection to child 5 established (server 2blog.ilc.edu.tw:443)
[Wed Aug 26 00:29:12.429436 2026] [ssl:debug] [pid 2107819:tid 2107819] ssl_engine_kernel.c(2222): [client 2408:867a:80c::19c:14942] AH02043: SSL virtual host for servername www.ytes.ilc.edu.tw found
[Wed Aug 26 00:29:12.429543 2026] [core:debug] [pid 2107819:tid 2107819] protocol.c(2460): [client 2408:867a:80c::19c:14942] AH03155: select protocol from , choices=h2,http/1.1 for server www.ytes.ilc.edu.tw
[Wed Aug 26 00:29:12.429609 2026] [ssl:debug] [pid 2107819:tid 2107819] ssl_util_stapling.c(819): AH01951: stapling_cb: OCSP Stapling callback called
[Wed Aug 26 00:29:12.429615 2026] [ssl:info] [pid 2107819:tid 2107819] AH01926: stapling_get_certinfo: stapling not supported for certificate
[Wed Aug 26 00:29:12.434646 2026] [deflate:debug] [pid 2107820:tid 2107820] mod_deflate.c(909): [client 34.30.223.149:36352] AH01384: Zlib: Compressed 530479 to 85673 : URL /index.php
[Wed Aug 26 00:29:12.729479 2026] [ssl:debug] [pid 2107686:tid 2107686] ssl_engine_kernel.c(254): [client 2408:867a:80c::19c:12882] AH02034: Subsequent (No.6) HTTPS request received for child 15 (server www.ytes.ilc.edu.tw:443), referer: https://www.ytes.ilc.edu.tw/category/c-98883/
[Wed Aug 26 00:29:12.730079 2026] [authz_core:debug] [pid 2107686:tid 2107686] mod_authz_core.c(815): [client 2408:867a:80c::19c:12882] AH01626: authorization result of Require all granted: granted, referer: https://www.ytes.ilc.edu.tw/category/c-98883/
[Wed Aug 26 00:29:12.730089 2026] [authz_core:debug] [pid 2107686:tid 2107686] mod_authz_core.c(815): [client 2408:867a:80c::19c:12882] AH01626: authorization result of : granted, referer: https://www.ytes.ilc.edu.tw/category/c-98883/
[Wed Aug 26 00:29:12.738056 2026] [deflate:debug] [pid 2107686:tid 2107686] mod_deflate.c(909): [client 2408:867a:80c::19c:12882] AH01384: Zlib: Compressed 352374 to 60214 : URL /wp-content/cache/www.ytes.ilc.edu.tw/wpfc-minified/m8xd33fs/6w73.css, referer: https://www.ytes.ilc.edu.tw/category/c-98883/
[Wed Aug 26 00:29:12.835257 2026] [ssl:debug] [pid 2107813:tid 2107813] ssl_engine_kernel.c(2082): [client 2408:867a:80c::19c:14946] AH02041: Protocol: TLSv1.3, Cipher: TLS_AES_256_GCM_SHA384 (256/256 bits)
[Wed Aug 26 00:29:12.835325 2026] [socache_shmcb:debug] [pid 2107813:tid 2107813] mod_socache_shmcb.c(508): AH00831: socache_shmcb_store (0xa1 -> subcache 1)
[Wed Aug 26 00:29:12.835330 2026] [socache_shmcb:debug] [pid 2107813:tid 2107813] mod_socache_shmcb.c(745): AH00842: expiring 2 and reclaiming 0 removed socache entries
[Wed Aug 26 00:29:12.835333 2026] [socache_shmcb:debug] [pid 2107813:tid 2107813] mod_socache_shmcb.c(765): AH00843: we now have 33 socache entries
[Wed Aug 26 00:29:12.835345 2026] [socache_shmcb:debug] [pid 2107813:tid 2107813] mod_socache_shmcb.c(860): AH00847: insert happened at idx=21, data=(2210:2242)
[Wed Aug 26 00:29:12.835347 2026] [socache_shmcb:debug] [pid 2107813:tid 2107813] mod_socache_shmcb.c(863): AH00848: finished insert, subcache: idx_pos/idx_used=76/34, data_pos/data_used=8708/7595
[Wed Aug 26 00:29:12.835349 2026] [socache_shmcb:debug] [pid 2107813:tid 2107813] mod_socache_shmcb.c(530): AH00834: leaving socache_shmcb_store successfully
[Wed Aug 26 00:29:12.835512 2026] [ssl:debug] [pid 2107761:tid 2107761] ssl_engine_kernel.c(2082): [client 2408:867a:80c::19c:14950] AH02041: Protocol: TLSv1.3, Cipher: TLS_AES_256_GCM_SHA384 (256/256 bits)
[Wed Aug 26 00:29:12.835519 2026] [ssl:debug] [pid 2107813:tid 2107813] ssl_engine_kernel.c(254): [client 2408:867a:80c::19c:14946] AH02034: Initial (No.1) HTTPS request received for child 0 (server www.ytes.ilc.edu.tw:443), referer: https://www.ytes.ilc.edu.tw/category/c-98883/
[Wed Aug 26 00:29:12.835552 2026] [socache_shmcb:debug] [pid 2107761:tid 2107761] mod_socache_shmcb.c(508): AH00831: socache_shmcb_store (0x7c -> subcache 28)
[Wed Aug 26 00:29:12.835557 2026] [socache_shmcb:debug] [pid 2107761:tid 2107761] mod_socache_shmcb.c(745): AH00842: expiring 1 and reclaiming 0 removed socache entries
[Wed Aug 26 00:29:12.835559 2026] [socache_shmcb:debug] [pid 2107761:tid 2107761] mod_socache_shmcb.c(765): AH00843: we now have 46 socache entries
[Wed Aug 26 00:29:12.835561 2026] [socache_shmcb:debug] [pid 2107761:tid 2107761] mod_socache_shmcb.c(860): AH00847: insert happened at idx=49, data=(8329:8361)
[Wed Aug 26 00:29:12.835563 2026] [socache_shmcb:debug] [pid 2107761:tid 2107761] mod_socache_shmcb.c(863): AH00848: finished insert, subcache: idx_pos/idx_used=3/47, data_pos/data_used=11936/10486
[Wed Aug 26 00:29:12.835565 2026] [socache_shmcb:debug] [pid 2107761:tid 2107761] mod_socache_shmcb.c(530): AH00834: leaving socache_shmcb_store successfully
[Wed Aug 26 00:29:12.835683 2026] [ssl:debug] [pid 2107761:tid 2107761] ssl_engine_kernel.c(254): [client 2408:867a:80c::19c:14950] AH02034: Initial (No.1) HTTPS request received for child 11 (server www.ytes.ilc.edu.tw:443), referer: https://www.ytes.ilc.edu.tw/category/c-98883/
[Wed Aug 26 00:29:12.835798 2026] [ssl:debug] [pid 2102818:tid 2102818] ssl_engine_kernel.c(2082): [client 2408:867a:80c::19c:14952] AH02041: Protocol: TLSv1.3, Cipher: TLS_AES_256_GCM_SHA384 (256/256 bits)
[Wed Aug 26 00:29:12.835829 2026] [ssl:debug] [pid 2107673:tid 2107673] ssl_engine_kernel.c(2082): [client 2408:867a:80c::19c:14944] AH02041: Protocol: TLSv1.3, Cipher: TLS_AES_256_GCM_SHA384 (256/256 bits)
[Wed Aug 26 00:29:12.835832 2026] [socache_shmcb:debug] [pid 2102818:tid 2102818] mod_socache_shmcb.c(508): AH00831: socache_shmcb_store (0xa0 -> subcache 0)
[Wed Aug 26 00:29:12.835881 2026] [socache_shmcb:debug] [pid 2102818:tid 2102818] mod_socache_shmcb.c(745): AH00842: expiring 3 and reclaiming 0 removed socache entries
[Wed Aug 26 00:29:12.835884 2026] [socache_shmcb:debug] [pid 2102818:tid 2102818] mod_socache_shmcb.c(765): AH00843: we now have 35 socache entries
[Wed Aug 26 00:29:12.835885 2026] [socache_shmcb:debug] [pid 2102818:tid 2102818] mod_socache_shmcb.c(860): AH00847: insert happened at idx=34, data=(5121:5153)
[Wed Aug 26 00:29:12.835887 2026] [socache_shmcb:debug] [pid 2102818:tid 2102818] mod_socache_shmcb.c(863): AH00848: finished insert, subcache: idx_pos/idx_used=87/36, data_pos/data_used=11174/8040
[Wed Aug 26 00:29:12.835889 2026] [socache_shmcb:debug] [pid 2102818:tid 2102818] mod_socache_shmcb.c(530): AH00834: leaving socache_shmcb_store successfully
[Wed Aug 26 00:29:12.835900 2026] [socache_shmcb:debug] [pid 2107673:tid 2107673] mod_socache_shmcb.c(508): AH00831: socache_shmcb_store (0x7e -> subcache 30)
[Wed Aug 26 00:29:12.835905 2026] [socache_shmcb:debug] [pid 2107673:tid 2107673] mod_socache_shmcb.c(860): AH00847: insert happened at idx=12, data=(223:255)
[Wed Aug 26 00:29:12.835907 2026] [socache_shmcb:debug] [pid 2107673:tid 2107673] mod_socache_shmcb.c(863): AH00848: finished insert, subcache: idx_pos/idx_used=73/28, data_pos/data_used=8058/6257
[Wed Aug 26 00:29:12.835909 2026] [socache_shmcb:debug] [pid 2107673:tid 2107673] mod_socache_shmcb.c(530): AH00834: leaving socache_shmcb_store successfully
[Wed Aug 26 00:29:12.835937 2026] [socache_shmcb:debug] [pid 2102818:tid 2102818] mod_socache_shmcb.c(508): AH00831: socache_shmcb_store (0x18 -> subcache 24)
[Wed Aug 26 00:29:12.835941 2026] [socache_shmcb:debug] [pid 2102818:tid 2102818] mod_socache_shmcb.c(745): AH00842: expiring 1 and reclaiming 0 removed socache entries
[Wed Aug 26 00:29:12.835952 2026] [socache_shmcb:debug] [pid 2102818:tid 2102818] mod_socache_shmcb.c(765): AH00843: we now have 40 socache entries
[Wed Aug 26 00:29:12.835954 2026] [socache_shmcb:debug] [pid 2102818:tid 2102818] mod_socache_shmcb.c(860): AH00847: insert happened at idx=30, data=(4157:4189)
[Wed Aug 26 00:29:12.835956 2026] [socache_shmcb:debug] [pid 2102818:tid 2102818] mod_socache_shmcb.c(863): AH00848: finished insert, subcache: idx_pos/idx_used=78/41, data_pos/data_used=9142/9108
[Wed Aug 26 00:29:12.835958 2026] [socache_shmcb:debug] [pid 2102818:tid 2102818] mod_socache_shmcb.c(530): AH00834: leaving socache_shmcb_store successfully
[Wed Aug 26 00:29:12.835965 2026] [socache_shmcb:debug] [pid 2107673:tid 2107673] mod_socache_shmcb.c(508): AH00831: socache_shmcb_store (0x1e -> subcache 30)
[Wed Aug 26 00:29:12.835969 2026] [socache_shmcb:debug] [pid 2107673:tid 2107673] mod_socache_shmcb.c(860): AH00847: insert happened at idx=13, data=(451:483)
[Wed Aug 26 00:29:12.835970 2026] [socache_shmcb:debug] [pid 2107673:tid 2107673] mod_socache_shmcb.c(863): AH00848: finished insert, subcache: idx_pos/idx_used=73/29, data_pos/data_used=8058/6485
[Wed Aug 26 00:29:12.835972 2026] [socache_shmcb:debug] [pid 2107673:tid 2107673] mod_socache_shmcb.c(530): AH00834: leaving socache_shmcb_store successfully
[Wed Aug 26 00:29:12.836064 2026] [ssl:debug] [pid 2102818:tid 2102818] ssl_engine_kernel.c(254): [client 2408:867a:80c::19c:14952] AH02034: Initial (No.1) HTTPS request received for child 22 (server www.ytes.ilc.edu.tw:443), referer: https://www.ytes.ilc.edu.tw/category/c-98883/
[Wed Aug 26 00:29:12.836108 2026] [authz_core:debug] [pid 2107813:tid 2107813] mod_authz_core.c(815): [client 2408:867a:80c::19c:14946] AH01626: authorization result of Require all granted: granted, referer: https://www.ytes.ilc.edu.tw/category/c-98883/
[Wed Aug 26 00:29:12.836184 2026] [authz_core:debug] [pid 2107813:tid 2107813] mod_authz_core.c(815): [client 2408:867a:80c::19c:14946] AH01626: authorization result of : granted, referer: https://www.ytes.ilc.edu.tw/category/c-98883/
[Wed Aug 26 00:29:12.836243 2026] [ssl:debug] [pid 2107673:tid 2107673] ssl_engine_kernel.c(254): [client 2408:867a:80c::19c:14944] AH02034: Initial (No.1) HTTPS request received for child 4 (server www.ytes.ilc.edu.tw:443), referer: https://www.ytes.ilc.edu.tw/category/c-98883/
[Wed Aug 26 00:29:12.836297 2026] [authz_core:debug] [pid 2102818:tid 2102818] mod_authz_core.c(815): [client 2408:867a:80c::19c:14952] AH01626: authorization result of Require all granted: granted, referer: https://www.ytes.ilc.edu.tw/category/c-98883/
[Wed Aug 26 00:29:12.836303 2026] [authz_core:debug] [pid 2102818:tid 2102818] mod_authz_core.c(815): [client 2408:867a:80c::19c:14952] AH01626: authorization result of : granted, referer: https://www.ytes.ilc.edu.tw/category/c-98883/
[Wed Aug 26 00:29:12.836355 2026] [authz_core:debug] [pid 2107673:tid 2107673] mod_authz_core.c(815): [client 2408:867a:80c::19c:14944] AH01626: authorization result of Require all granted: granted, referer: https://www.ytes.ilc.edu.tw/category/c-98883/
[Wed Aug 26 00:29:12.836359 2026] [authz_core:debug] [pid 2107673:tid 2107673] mod_authz_core.c(815): [client 2408:867a:80c::19c:14944] AH01626: authorization result of : granted, referer: https://www.ytes.ilc.edu.tw/category/c-98883/
[Wed Aug 26 00:29:12.836138 2026] [authz_core:debug] [pid 2107761:tid 2107761] mod_authz_core.c(815): [client 2408:867a:80c::19c:14950] AH01626: authorization result of Require all granted: granted, referer: https://www.ytes.ilc.edu.tw/category/c-98883/
[Wed Aug 26 00:29:12.836392 2026] [authz_core:debug] [pid 2107761:tid 2107761] mod_authz_core.c(815): [client 2408:867a:80c::19c:14950] AH01626: authorization result of : granted, referer: https://www.ytes.ilc.edu.tw/category/c-98883/
[Wed Aug 26 00:29:12.836476 2026] [deflate:debug] [pid 2102818:tid 2102818] mod_deflate.c(909): [client 2408:867a:80c::19c:14952] AH01384: Zlib: Compressed 1718 to 700 : URL /wp-includes/js/hoverintent-js.min.js, referer: https://www.ytes.ilc.edu.tw/category/c-98883/
[Wed Aug 26 00:29:12.836740 2026] [deflate:debug] [pid 2107813:tid 2107813] mod_deflate.c(909): [client 2408:867a:80c::19c:14946] AH01384: Zlib: Compressed 15592 to 3431 : URL /wp-content/cache/www.ytes.ilc.edu.tw/wpfc-minified/ke29ag0o/6w73.css, referer: https://www.ytes.ilc.edu.tw/category/c-98883/
[Wed Aug 26 00:29:12.840250 2026] [deflate:debug] [pid 2107761:tid 2107761] mod_deflate.c(909): [client 2408:867a:80c::19c:14950] AH01384: Zlib: Compressed 101296 to 34526 : URL /wp-content/cache/www.ytes.ilc.edu.tw/wpfc-minified/12ere4yc/6w73.js, referer: https://www.ytes.ilc.edu.tw/category/c-98883/
[Wed Aug 26 00:29:12.840477 2026] [deflate:debug] [pid 2107673:tid 2107673] mod_deflate.c(909): [client 2408:867a:80c::19c:14944] AH01384: Zlib: Compressed 3487 to 1339 : URL /wp-includes/js/admin-bar.min.js, referer: https://www.ytes.ilc.edu.tw/category/c-98883/
[Wed Aug 26 00:29:12.883440 2026] [ssl:debug] [pid 2107819:tid 2107819] ssl_engine_kernel.c(2082): [client 2408:867a:80c::19c:14942] AH02041: Protocol: TLSv1.3, Cipher: TLS_AES_256_GCM_SHA384 (256/256 bits)
[Wed Aug 26 00:29:12.883504 2026] [socache_shmcb:debug] [pid 2107819:tid 2107819] mod_socache_shmcb.c(508): AH00831: socache_shmcb_store (0x0b -> subcache 11)
[Wed Aug 26 00:29:12.883517 2026] [socache_shmcb:debug] [pid 2107819:tid 2107819] mod_socache_shmcb.c(860): AH00847: insert happened at idx=42, data=(6772:6804)
[Wed Aug 26 00:29:12.883519 2026] [socache_shmcb:debug] [pid 2107819:tid 2107819] mod_socache_shmcb.c(863): AH00848: finished insert, subcache: idx_pos/idx_used=85/46, data_pos/data_used=10597/10268
[Wed Aug 26 00:29:12.883522 2026] [socache_shmcb:debug] [pid 2107819:tid 2107819] mod_socache_shmcb.c(530): AH00834: leaving socache_shmcb_store successfully
[Wed Aug 26 00:29:12.883573 2026] [socache_shmcb:debug] [pid 2107819:tid 2107819] mod_socache_shmcb.c(508): AH00831: socache_shmcb_store (0x94 -> subcache 20)
[Wed Aug 26 00:29:12.883584 2026] [socache_shmcb:debug] [pid 2107819:tid 2107819] mod_socache_shmcb.c(860): AH00847: insert happened at idx=39, data=(6406:6438)
[Wed Aug 26 00:29:12.883586 2026] [socache_shmcb:debug] [pid 2107819:tid 2107819] mod_socache_shmcb.c(863): AH00848: finished insert, subcache: idx_pos/idx_used=2/38, data_pos/data_used=12031/8468
[Wed Aug 26 00:29:12.883588 2026] [socache_shmcb:debug] [pid 2107819:tid 2107819] mod_socache_shmcb.c(530): AH00834: leaving socache_shmcb_store successfully
[Wed Aug 26 00:29:12.883697 2026] [ssl:debug] [pid 2107819:tid 2107819] ssl_engine_kernel.c(254): [client 2408:867a:80c::19c:14942] AH02034: Initial (No.1) HTTPS request received for child 5 (server www.ytes.ilc.edu.tw:443), referer: https://www.ytes.ilc.edu.tw/category/c-98883/
[Wed Aug 26 00:29:12.883923 2026] [authz_core:debug] [pid 2107819:tid 2107819] mod_authz_core.c(815): [client 2408:867a:80c::19c:14942] AH01626: authorization result of Require all granted: granted, referer: https://www.ytes.ilc.edu.tw/category/c-98883/
[Wed Aug 26 00:29:12.883930 2026] [authz_core:debug] [pid 2107819:tid 2107819] mod_authz_core.c(815): [client 2408:867a:80c::19c:14942] AH01626: authorization result of : granted, referer: https://www.ytes.ilc.edu.tw/category/c-98883/
[Wed Aug 26 00:29:12.884221 2026] [deflate:debug] [pid 2107819:tid 2107819] mod_deflate.c(909): [client 2408:867a:80c::19c:14942] AH01384: Zlib: Compressed 5520 to 1785 : URL /wp-includes/js/imagesloaded.min.js, referer: https://www.ytes.ilc.edu.tw/category/c-98883/
[Wed Aug 26 00:29:12.926406 2026] [ssl:info] [pid 2107712:tid 2107712] [client 34.123.149.87:54272] AH01964: Connection to child 2 established (server 2blog.ilc.edu.tw:443)
[Wed Aug 26 00:29:12.926562 2026] [ssl:info] [pid 2107712:tid 2107712] (70014)End of file found: [client 34.123.149.87:54272] AH02006: SSL handshake stopped: connection was closed
[Wed Aug 26 00:29:12.926568 2026] [ssl:info] [pid 2107712:tid 2107712] [client 34.123.149.87:54272] AH01998: Connection closed to child 2 with abortive shutdown (server 2blog.ilc.edu.tw:443)
[Wed Aug 26 00:29:13.091567 2026] [headers:debug] [pid 2107785:tid 2107785] mod_headers.c(900): AH01503: headers: ap_headers_error_filter()
[Wed Aug 26 00:29:13.109067 2026] [ssl:debug] [pid 2107814:tid 2107814] ssl_engine_io.c(1150): [client 40.77.167.57:3645] AH02001: Connection closed to child 1 with standard shutdown (server www.ymes.ilc.edu.tw:443)
[Wed Aug 26 00:29:13.175080 2026] [watchdog:debug] [pid 2107822:tid 2107822] mod_watchdog.c(559): AH02980: Watchdog: nothing configured?
[Wed Aug 26 00:29:13.176668 2026] [ssl:debug] [pid 2107686:tid 2107686] ssl_engine_kernel.c(254): [client 2408:867a:80c::19c:12882] AH02034: Subsequent (No.7) HTTPS request received for child 15 (server www.ytes.ilc.edu.tw:443), referer: https://www.ytes.ilc.edu.tw/category/c-98883/
[Wed Aug 26 00:29:13.176845 2026] [authz_core:debug] [pid 2107686:tid 2107686] mod_authz_core.c(815): [client 2408:867a:80c::19c:12882] AH01626: authorization result of Require all granted: granted, referer: https://www.ytes.ilc.edu.tw/category/c-98883/
[Wed Aug 26 00:29:13.176850 2026] [authz_core:debug] [pid 2107686:tid 2107686] mod_authz_core.c(815): [client 2408:867a:80c::19c:12882] AH01626: authorization result of : granted, referer: https://www.ytes.ilc.edu.tw/category/c-98883/
[Wed Aug 26 00:29:13.177349 2026] [deflate:debug] [pid 2107686:tid 2107686] mod_deflate.c(909): [client 2408:867a:80c::19c:12882] AH01384: Zlib: Compressed 19719 to 4232 : URL /wp-content/themes/oceanwp/assets/js/theme.min.js, referer: https://www.ytes.ilc.edu.tw/category/c-98883/
[Wed Aug 26 00:29:13.195948 2026] [ssl:info] [pid 2107712:tid 2107712] [client 2001:288:a201::66:125:62599] AH01964: Connection to child 2 established (server 2blog.ilc.edu.tw:443)
[Wed Aug 26 00:29:13.196077 2026] [ssl:debug] [pid 2107712:tid 2107712] ssl_engine_kernel.c(2252): [client 2001:288:a201::66:125:62599] AH02645: Server name not provided via TLS extension (using default/first virtual host)
[Wed Aug 26 00:29:13.196092 2026] [socache_shmcb:debug] [pid 2107712:tid 2107712] mod_socache_shmcb.c(545): AH00835: socache_shmcb_retrieve (0x51 -> subcache 17)
[Wed Aug 26 00:29:13.196096 2026] [socache_shmcb:debug] [pid 2107712:tid 2107712] mod_socache_shmcb.c(896): AH00849: match at idx=5, data=12467
[Wed Aug 26 00:29:13.196098 2026] [socache_shmcb:debug] [pid 2107712:tid 2107712] mod_socache_shmcb.c(556): AH00836: leaving socache_shmcb_retrieve successfully
[Wed Aug 26 00:29:13.196799 2026] [ssl:debug] [pid 2107712:tid 2107712] ssl_engine_kernel.c(2082): [client 2001:288:a201::66:125:62599] AH02041: Protocol: TLSv1.2, Cipher: ECDHE-RSA-AES256-GCM-SHA384 (256/256 bits)
[Wed Aug 26 00:29:13.197098 2026] [ssl:debug] [pid 2107712:tid 2107712] ssl_engine_kernel.c(254): [client 2001:288:a201::66:125:62599] AH02034: Initial (No.1) HTTPS request received for child 2 (server 2blog.ilc.edu.tw:443)
[Wed Aug 26 00:29:13.197244 2026] [authz_core:debug] [pid 2107712:tid 2107712] mod_authz_core.c(815): [client 2001:288:a201::66:125:62599] AH01626: authorization result of Require all granted: granted
[Wed Aug 26 00:29:13.197248 2026] [authz_core:debug] [pid 2107712:tid 2107712] mod_authz_core.c(815): [client 2001:288:a201::66:125:62599] AH01626: authorization result of : granted
[Wed Aug 26 00:29:13.197358 2026] [authz_core:debug] [pid 2107712:tid 2107712] mod_authz_core.c(815): [client 2001:288:a201::66:125:62599] AH01626: authorization result of Require all granted: granted
[Wed Aug 26 00:29:13.197362 2026] [authz_core:debug] [pid 2107712:tid 2107712] mod_authz_core.c(815): [client 2001:288:a201::66:125:62599] AH01626: authorization result of : granted
[Wed Aug 26 00:29:13.197372 2026] [php7:error] [pid 2107712:tid 2107712] [client 2001:288:a201::66:125:62599] script '/var/www/html/2blog/active.php' not found or unable to stat
[Wed Aug 26 00:29:13.197379 2026] [headers:debug] [pid 2107712:tid 2107712] mod_headers.c(900): AH01503: headers: ap_headers_error_filter()
[Wed Aug 26 00:29:13.197491 2026] [ssl:debug] [pid 2107712:tid 2107712] ssl_engine_io.c(1150): [client 2001:288:a201::66:125:62599] AH02001: Connection closed to child 2 with standard shutdown (server 2blog.ilc.edu.tw:443)
[Wed Aug 26 00:29:13.293131 2026] [ssl:debug] [pid 2107813:tid 2107813] ssl_engine_kernel.c(254): [client 2408:867a:80c::19c:14946] AH02034: Subsequent (No.2) HTTPS request received for child 0 (server www.ytes.ilc.edu.tw:443), referer: https://www.ytes.ilc.edu.tw/category/c-98883/
[Wed Aug 26 00:29:13.293340 2026] [authz_core:debug] [pid 2107813:tid 2107813] mod_authz_core.c(815): [client 2408:867a:80c::19c:14946] AH01626: authorization result of Require all granted: granted, referer: https://www.ytes.ilc.edu.tw/category/c-98883/
[Wed Aug 26 00:29:13.293346 2026] [authz_core:debug] [pid 2107813:tid 2107813] mod_authz_core.c(815): [client 2408:867a:80c::19c:14946] AH01626: authorization result of : granted, referer: https://www.ytes.ilc.edu.tw/category/c-98883/
[Wed Aug 26 00:29:13.293744 2026] [deflate:debug] [pid 2107813:tid 2107813] mod_deflate.c(909): [client 2408:867a:80c::19c:14946] AH01384: Zlib: Compressed 14581 to 3765 : URL /wp-content/themes/oceanwp/assets/js/drop-down-mobile-menu.min.js, referer: https://www.ytes.ilc.edu.tw/category/c-98883/
[Wed Aug 26 00:29:13.293897 2026] [ssl:debug] [pid 2107673:tid 2107673] ssl_engine_kernel.c(254): [client 2408:867a:80c::19c:14944] AH02034: Subsequent (No.2) HTTPS request received for child 4 (server www.ytes.ilc.edu.tw:443), referer: https://www.ytes.ilc.edu.tw/category/c-98883/
[Wed Aug 26 00:29:13.293974 2026] [ssl:debug] [pid 2102818:tid 2102818] ssl_engine_kernel.c(254): [client 2408:867a:80c::19c:14952] AH02034: Subsequent (No.2) HTTPS request received for child 22 (server www.ytes.ilc.edu.tw:443), referer: https://www.ytes.ilc.edu.tw/category/c-98883/
[Wed Aug 26 00:29:13.294062 2026] [authz_core:debug] [pid 2107673:tid 2107673] mod_authz_core.c(815): [client 2408:867a:80c::19c:14944] AH01626: authorization result of Require all granted: granted, referer: https://www.ytes.ilc.edu.tw/category/c-98883/
[Wed Aug 26 00:29:13.294068 2026] [authz_core:debug] [pid 2107673:tid 2107673] mod_authz_core.c(815): [client 2408:867a:80c::19c:14944] AH01626: authorization result of : granted, referer: https://www.ytes.ilc.edu.tw/category/c-98883/
[Wed Aug 26 00:29:13.294130 2026] [authz_core:debug] [pid 2102818:tid 2102818] mod_authz_core.c(815): [client 2408:867a:80c::19c:14952] AH01626: authorization result of Require all granted: granted, referer: https://www.ytes.ilc.edu.tw/category/c-98883/
[Wed Aug 26 00:29:13.294135 2026] [authz_core:debug] [pid 2102818:tid 2102818] mod_authz_core.c(815): [client 2408:867a:80c::19c:14952] AH01626: authorization result of : granted, referer: https://www.ytes.ilc.edu.tw/category/c-98883/
[Wed Aug 26 00:29:13.294392 2026] [deflate:debug] [pid 2102818:tid 2102818] mod_deflate.c(909): [client 2408:867a:80c::19c:14952] AH01384: Zlib: Compressed 7540 to 2070 : URL /wp-content/themes/oceanwp/assets/js/drop-down-search.min.js, referer: https://www.ytes.ilc.edu.tw/category/c-98883/
[Wed Aug 26 00:29:13.294705 2026] [deflate:debug] [pid 2107673:tid 2107673] mod_deflate.c(909): [client 2408:867a:80c::19c:14944] AH01384: Zlib: Compressed 20216 to 7328 : URL /wp-content/themes/oceanwp/assets/js/vendors/magnific-popup.min.js, referer: https://www.ytes.ilc.edu.tw/category/c-98883/
[Wed Aug 26 00:29:13.340698 2026] [ssl:debug] [pid 2107819:tid 2107819] ssl_engine_kernel.c(254): [client 2408:867a:80c::19c:14942] AH02034: Subsequent (No.2) HTTPS request received for child 5 (server www.ytes.ilc.edu.tw:443), referer: https://www.ytes.ilc.edu.tw/category/c-98883/
[Wed Aug 26 00:29:13.340890 2026] [authz_core:debug] [pid 2107819:tid 2107819] mod_authz_core.c(815): [client 2408:867a:80c::19c:14942] AH01626: authorization result of Require all granted: granted, referer: https://www.ytes.ilc.edu.tw/category/c-98883/
[Wed Aug 26 00:29:13.340895 2026] [authz_core:debug] [pid 2107819:tid 2107819] mod_authz_core.c(815): [client 2408:867a:80c::19c:14942] AH01626: authorization result of : granted, referer: https://www.ytes.ilc.edu.tw/category/c-98883/
[Wed Aug 26 00:29:13.341146 2026] [deflate:debug] [pid 2107819:tid 2107819] mod_deflate.c(909): [client 2408:867a:80c::19c:14942] AH01384: Zlib: Compressed 4111 to 1423 : URL /wp-content/themes/oceanwp/assets/js/ow-lightbox.min.js, referer: https://www.ytes.ilc.edu.tw/category/c-98883/
[Wed Aug 26 00:29:13.417088 2026] [ssl:info] [pid 2107782:tid 2107782] (70014)End of file found: [client 66.249.84.102:46110] AH01992: SSL library error 6 reading data
[Wed Aug 26 00:29:13.417186 2026] [ssl:debug] [pid 2107782:tid 2107782] ssl_engine_io.c(1150): [client 66.249.84.102:46110] AH02001: Connection closed to child 40 with standard shutdown (server 2blog.ilc.edu.tw:443)
[Wed Aug 26 00:29:13.510770 2026] [ssl:debug] [pid 2107818:tid 2107818] ssl_engine_kernel.c(254): [client 66.249.71.9:55943] AH02034: Subsequent (No.2) HTTPS request received for child 3 (server www.jwes.ilc.edu.tw:443)
[Wed Aug 26 00:29:13.510973 2026] [authz_core:debug] [pid 2107818:tid 2107818] mod_authz_core.c(815): [client 66.249.71.9:55943] AH01626: authorization result of Require all granted: granted
[Wed Aug 26 00:29:13.510979 2026] [authz_core:debug] [pid 2107818:tid 2107818] mod_authz_core.c(815): [client 66.249.71.9:55943] AH01626: authorization result of : granted
[Wed Aug 26 00:29:13.609475 2026] [ssl:debug] [pid 2107686:tid 2107686] ssl_engine_kernel.c(254): [client 2408:867a:80c::19c:12882] AH02034: Subsequent (No.8) HTTPS request received for child 15 (server www.ytes.ilc.edu.tw:443), referer: https://www.ytes.ilc.edu.tw/category/c-98883/
[Wed Aug 26 00:29:13.609681 2026] [authz_core:debug] [pid 2107686:tid 2107686] mod_authz_core.c(815): [client 2408:867a:80c::19c:12882] AH01626: authorization result of Require all granted: granted, referer: https://www.ytes.ilc.edu.tw/category/c-98883/
[Wed Aug 26 00:29:13.609687 2026] [authz_core:debug] [pid 2107686:tid 2107686] mod_authz_core.c(815): [client 2408:867a:80c::19c:12882] AH01626: authorization result of : granted, referer: https://www.ytes.ilc.edu.tw/category/c-98883/
[Wed Aug 26 00:29:13.611511 2026] [deflate:debug] [pid 2107686:tid 2107686] mod_deflate.c(909): [client 2408:867a:80c::19c:12882] AH01384: Zlib: Compressed 57513 to 14083 : URL /wp-content/themes/oceanwp/assets/js/vendors/flickity.pkgd.min.js, referer: https://www.ytes.ilc.edu.tw/category/c-98883/
[Wed Aug 26 00:29:13.663219 2026] [ssl:debug] [pid 2107761:tid 2107761] ssl_engine_kernel.c(254): [client 2408:867a:80c::19c:14950] AH02034: Subsequent (No.2) HTTPS request received for child 11 (server www.ytes.ilc.edu.tw:443), referer: https://www.ytes.ilc.edu.tw/category/c-98883/
[Wed Aug 26 00:29:13.663450 2026] [authz_core:debug] [pid 2107761:tid 2107761] mod_authz_core.c(815): [client 2408:867a:80c::19c:14950] AH01626: authorization result of Require all granted: granted, referer: https://www.ytes.ilc.edu.tw/category/c-98883/
[Wed Aug 26 00:29:13.663458 2026] [authz_core:debug] [pid 2107761:tid 2107761] mod_authz_core.c(815): [client 2408:867a:80c::19c:14950] AH01626: authorization result of : granted, referer: https://www.ytes.ilc.edu.tw/category/c-98883/
[Wed Aug 26 00:29:13.663667 2026] [deflate:debug] [pid 2107761:tid 2107761] mod_deflate.c(909): [client 2408:867a:80c::19c:14950] AH01384: Zlib: Compressed 2002 to 864 : URL /wp-content/themes/oceanwp/assets/js/ow-slider.min.js, referer: https://www.ytes.ilc.edu.tw/category/c-98883/
[Wed Aug 26 00:29:13.737833 2026] [ssl:debug] [pid 2107673:tid 2107673] ssl_engine_kernel.c(254): [client 2408:867a:80c::19c:14944] AH02034: Subsequent (No.3) HTTPS request received for child 4 (server www.ytes.ilc.edu.tw:443), referer: https://www.ytes.ilc.edu.tw/category/c-98883/
[Wed Aug 26 00:29:13.737919 2026] [ssl:debug] [pid 2107813:tid 2107813] ssl_engine_kernel.c(254): [client 2408:867a:80c::19c:14946] AH02034: Subsequent (No.3) HTTPS request received for child 0 (server www.ytes.ilc.edu.tw:443), referer: https://www.ytes.ilc.edu.tw/category/c-98883/
[Wed Aug 26 00:29:13.738093 2026] [authz_core:debug] [pid 2107673:tid 2107673] mod_authz_core.c(815): [client 2408:867a:80c::19c:14944] AH01626: authorization result of Require all granted: granted, referer: https://www.ytes.ilc.edu.tw/category/c-98883/
[Wed Aug 26 00:29:13.738103 2026] [authz_core:debug] [pid 2107673:tid 2107673] mod_authz_core.c(815): [client 2408:867a:80c::19c:14944] AH01626: authorization result of : granted, referer: https://www.ytes.ilc.edu.tw/category/c-98883/
[Wed Aug 26 00:29:13.738124 2026] [authz_core:debug] [pid 2107813:tid 2107813] mod_authz_core.c(815): [client 2408:867a:80c::19c:14946] AH01626: authorization result of Require all granted: granted, referer: https://www.ytes.ilc.edu.tw/category/c-98883/
[Wed Aug 26 00:29:13.738133 2026] [authz_core:debug] [pid 2107813:tid 2107813] mod_authz_core.c(815): [client 2408:867a:80c::19c:14946] AH01626: authorization result of : granted, referer: https://www.ytes.ilc.edu.tw/category/c-98883/
[Wed Aug 26 00:29:13.738358 2026] [ssl:debug] [pid 2102818:tid 2102818] ssl_engine_kernel.c(254): [client 2408:867a:80c::19c:14952] AH02034: Subsequent (No.3) HTTPS request received for child 22 (server www.ytes.ilc.edu.tw:443), referer: https://www.ytes.ilc.edu.tw/category/c-98883/
[Wed Aug 26 00:29:13.738438 2026] [deflate:debug] [pid 2107673:tid 2107673] mod_deflate.c(909): [client 2408:867a:80c::19c:14944] AH01384: Zlib: Compressed 5181 to 1510 : URL /wp-content/themes/oceanwp/assets/js/select.min.js, referer: https://www.ytes.ilc.edu.tw/category/c-98883/
[Wed Aug 26 00:29:13.738471 2026] [deflate:debug] [pid 2107813:tid 2107813] mod_deflate.c(909): [client 2408:867a:80c::19c:14946] AH01384: Zlib: Compressed 8989 to 2304 : URL /wp-content/themes/oceanwp/assets/js/scroll-top.min.js, referer: https://www.ytes.ilc.edu.tw/category/c-98883/
[Wed Aug 26 00:29:13.738503 2026] [authz_core:debug] [pid 2102818:tid 2102818] mod_authz_core.c(815): [client 2408:867a:80c::19c:14952] AH01626: authorization result of Require all granted: granted, referer: https://www.ytes.ilc.edu.tw/category/c-98883/
[Wed Aug 26 00:29:13.738509 2026] [authz_core:debug] [pid 2102818:tid 2102818] mod_authz_core.c(815): [client 2408:867a:80c::19c:14952] AH01626: authorization result of : granted, referer: https://www.ytes.ilc.edu.tw/category/c-98883/
[Wed Aug 26 00:29:13.738858 2026] [deflate:debug] [pid 2102818:tid 2102818] mod_deflate.c(909): [client 2408:867a:80c::19c:14952] AH01384: Zlib: Compressed 12402 to 3229 : URL /wp-content/themes/oceanwp/assets/js/scroll-effect.min.js, referer: https://www.ytes.ilc.edu.tw/category/c-98883/
[Wed Aug 26 00:29:13.795780 2026] [ssl:debug] [pid 2107819:tid 2107819] ssl_engine_kernel.c(254): [client 2408:867a:80c::19c:14942] AH02034: Subsequent (No.3) HTTPS request received for child 5 (server www.ytes.ilc.edu.tw:443), referer: https://www.ytes.ilc.edu.tw/category/c-98883/
[Wed Aug 26 00:29:13.795990 2026] [authz_core:debug] [pid 2107819:tid 2107819] mod_authz_core.c(815): [client 2408:867a:80c::19c:14942] AH01626: authorization result of Require all granted: granted, referer: https://www.ytes.ilc.edu.tw/category/c-98883/
[Wed Aug 26 00:29:13.795997 2026] [authz_core:debug] [pid 2107819:tid 2107819] mod_authz_core.c(815): [client 2408:867a:80c::19c:14942] AH01626: authorization result of : granted, referer: https://www.ytes.ilc.edu.tw/category/c-98883/
