[Wed Aug 26 00:28:07.975080 2026] [authz_core:debug] [pid 2107769:tid 2107769] mod_authz_core.c(815): [client 2001:b400:e756:a1f8:64c7:f8b3:d13d:b8ef:4579] AH01626: authorization result of : granted, referer: https://2blog.ilc.edu.tw/sunsun/2023/03/03/%E8%90%AC%E8%83%BD%E7%9A%84%E5%B0%8F%E6%89%8B-%E6%89%8B%E7%9A%84%E9%81%8A%E6%88%B2/
[Wed Aug 26 00:28:07.975105 2026] [authz_core:debug] [pid 2107589:tid 2107589] mod_authz_core.c(815): [client 2001:b400:e756:a1f8:64c7:f8b3:d13d:b8ef:11207] AH01626: authorization result of Require all granted: granted, referer: https://2blog.ilc.edu.tw/sunsun/2023/03/03/%E8%90%AC%E8%83%BD%E7%9A%84%E5%B0%8F%E6%89%8B-%E6%89%8B%E7%9A%84%E9%81%8A%E6%88%B2/
[Wed Aug 26 00:28:07.975112 2026] [authz_core:debug] [pid 2107589:tid 2107589] mod_authz_core.c(815): [client 2001:b400:e756:a1f8:64c7:f8b3:d13d:b8ef:11207] AH01626: authorization result of : granted, referer: https://2blog.ilc.edu.tw/sunsun/2023/03/03/%E8%90%AC%E8%83%BD%E7%9A%84%E5%B0%8F%E6%89%8B-%E6%89%8B%E7%9A%84%E9%81%8A%E6%88%B2/
[Wed Aug 26 00:28:07.975440 2026] [authz_core:debug] [pid 2107589:tid 2107589] mod_authz_core.c(815): [client 2001:b400:e756:a1f8:64c7:f8b3:d13d:b8ef:11207] AH01626: authorization result of Require all granted: granted, referer: https://2blog.ilc.edu.tw/sunsun/2023/03/03/%E8%90%AC%E8%83%BD%E7%9A%84%E5%B0%8F%E6%89%8B-%E6%89%8B%E7%9A%84%E9%81%8A%E6%88%B2/
[Wed Aug 26 00:28:07.975448 2026] [authz_core:debug] [pid 2107589:tid 2107589] mod_authz_core.c(815): [client 2001:b400:e756:a1f8:64c7:f8b3:d13d:b8ef:11207] AH01626: authorization result of : granted, referer: https://2blog.ilc.edu.tw/sunsun/2023/03/03/%E8%90%AC%E8%83%BD%E7%9A%84%E5%B0%8F%E6%89%8B-%E6%89%8B%E7%9A%84%E9%81%8A%E6%88%B2/
[Wed Aug 26 00:28:07.975876 2026] [authz_core:debug] [pid 2107769:tid 2107769] mod_authz_core.c(815): [client 2001:b400:e756:a1f8:64c7:f8b3:d13d:b8ef:4579] AH01626: authorization result of Require all granted: granted, referer: https://2blog.ilc.edu.tw/sunsun/2023/03/03/%E8%90%AC%E8%83%BD%E7%9A%84%E5%B0%8F%E6%89%8B-%E6%89%8B%E7%9A%84%E9%81%8A%E6%88%B2/
[Wed Aug 26 00:28:07.975886 2026] [authz_core:debug] [pid 2107769:tid 2107769] mod_authz_core.c(815): [client 2001:b400:e756:a1f8:64c7:f8b3:d13d:b8ef:4579] AH01626: authorization result of : granted, referer: https://2blog.ilc.edu.tw/sunsun/2023/03/03/%E8%90%AC%E8%83%BD%E7%9A%84%E5%B0%8F%E6%89%8B-%E6%89%8B%E7%9A%84%E9%81%8A%E6%88%B2/
[Wed Aug 26 00:28:08.048983 2026] [mpm_prefork:info] [pid 42267:tid 42267] AH00162: server seems busy, (you may need to increase StartServers, or Min/MaxSpareServers), spawning 16 children, there are 4 idle, and 32 total children
[Wed Aug 26 00:28:08.053283 2026] [watchdog:debug] [pid 2107774:tid 2107774] mod_watchdog.c(559): AH02980: Watchdog: nothing configured?
[Wed Aug 26 00:28:08.055523 2026] [watchdog:debug] [pid 2107775:tid 2107775] mod_watchdog.c(559): AH02980: Watchdog: nothing configured?
[Wed Aug 26 00:28:08.057762 2026] [watchdog:debug] [pid 2107776:tid 2107776] mod_watchdog.c(559): AH02980: Watchdog: nothing configured?
[Wed Aug 26 00:28:08.060702 2026] [watchdog:debug] [pid 2107777:tid 2107777] mod_watchdog.c(559): AH02980: Watchdog: nothing configured?
[Wed Aug 26 00:28:08.063420 2026] [watchdog:debug] [pid 2107778:tid 2107778] mod_watchdog.c(559): AH02980: Watchdog: nothing configured?
[Wed Aug 26 00:28:08.063723 2026] [watchdog:debug] [pid 2107779:tid 2107779] mod_watchdog.c(559): AH02980: Watchdog: nothing configured?
[Wed Aug 26 00:28:08.065131 2026] [watchdog:debug] [pid 2107780:tid 2107780] mod_watchdog.c(559): AH02980: Watchdog: nothing configured?
[Wed Aug 26 00:28:08.066950 2026] [watchdog:debug] [pid 2107781:tid 2107781] mod_watchdog.c(559): AH02980: Watchdog: nothing configured?
[Wed Aug 26 00:28:08.068611 2026] [watchdog:debug] [pid 2107782:tid 2107782] mod_watchdog.c(559): AH02980: Watchdog: nothing configured?
[Wed Aug 26 00:28:08.070152 2026] [watchdog:debug] [pid 2107783:tid 2107783] mod_watchdog.c(559): AH02980: Watchdog: nothing configured?
[Wed Aug 26 00:28:08.071760 2026] [watchdog:debug] [pid 2107784:tid 2107784] mod_watchdog.c(559): AH02980: Watchdog: nothing configured?
[Wed Aug 26 00:28:08.074046 2026] [watchdog:debug] [pid 2107785:tid 2107785] mod_watchdog.c(559): AH02980: Watchdog: nothing configured?
[Wed Aug 26 00:28:08.077185 2026] [watchdog:debug] [pid 2107786:tid 2107786] mod_watchdog.c(559): AH02980: Watchdog: nothing configured?
[Wed Aug 26 00:28:08.080055 2026] [watchdog:debug] [pid 2107787:tid 2107787] mod_watchdog.c(559): AH02980: Watchdog: nothing configured?
[Wed Aug 26 00:28:08.082360 2026] [watchdog:debug] [pid 2107788:tid 2107788] mod_watchdog.c(559): AH02980: Watchdog: nothing configured?
[Wed Aug 26 00:28:08.084574 2026] [ssl:debug] [pid 2107770:tid 2107770] ssl_engine_kernel.c(254): [client 2001:b400:e756:a1f8:64c7:f8b3:d13d:b8ef:4339] AH02034: Subsequent (No.5) HTTPS request received for child 25 (server 2blog.ilc.edu.tw:443), referer: https://2blog.ilc.edu.tw/sunsun/2023/03/03/%E8%90%AC%E8%83%BD%E7%9A%84%E5%B0%8F%E6%89%8B-%E6%89%8B%E7%9A%84%E9%81%8A%E6%88%B2/
[Wed Aug 26 00:28:08.084779 2026] [authz_core:debug] [pid 2107770:tid 2107770] mod_authz_core.c(815): [client 2001:b400:e756:a1f8:64c7:f8b3:d13d:b8ef:4339] AH01626: authorization result of Require all granted: granted, referer: https://2blog.ilc.edu.tw/sunsun/2023/03/03/%E8%90%AC%E8%83%BD%E7%9A%84%E5%B0%8F%E6%89%8B-%E6%89%8B%E7%9A%84%E9%81%8A%E6%88%B2/
[Wed Aug 26 00:28:08.084787 2026] [authz_core:debug] [pid 2107770:tid 2107770] mod_authz_core.c(815): [client 2001:b400:e756:a1f8:64c7:f8b3:d13d:b8ef:4339] AH01626: authorization result of : granted, referer: https://2blog.ilc.edu.tw/sunsun/2023/03/03/%E8%90%AC%E8%83%BD%E7%9A%84%E5%B0%8F%E6%89%8B-%E6%89%8B%E7%9A%84%E9%81%8A%E6%88%B2/
[Wed Aug 26 00:28:08.084878 2026] [headers:debug] [pid 2107771:tid 2107771] mod_headers.c(900): AH01503: headers: ap_headers_error_filter()
[Wed Aug 26 00:28:08.085409 2026] [watchdog:debug] [pid 2107789:tid 2107789] mod_watchdog.c(559): AH02980: Watchdog: nothing configured?
[Wed Aug 26 00:28:08.089489 2026] [ssl:info] [pid 2107672:tid 2107672] (70014)End of file found: [client 2408:864f:b000:100::6:14256] AH01992: SSL library error 6 reading data
[Wed Aug 26 00:28:08.089549 2026] [ssl:debug] [pid 2107672:tid 2107672] ssl_engine_io.c(1150): [client 2408:864f:b000:100::6:14256] AH02001: Connection closed to child 3 with standard shutdown (server 2blog.ilc.edu.tw:443)
[Wed Aug 26 00:28:08.091459 2026] [ssl:info] [pid 2103010:tid 2103010] (70014)End of file found: [client 2408:864f:b000:100::6:14260] AH01992: SSL library error 6 reading data
[Wed Aug 26 00:28:08.091509 2026] [ssl:debug] [pid 2103010:tid 2103010] ssl_engine_io.c(1150): [client 2408:864f:b000:100::6:14260] AH02001: Connection closed to child 17 with standard shutdown (server 2blog.ilc.edu.tw:443)
[Wed Aug 26 00:28:08.096411 2026] [ssl:info] [pid 2107707:tid 2107707] (70014)End of file found: [client 2408:864f:b000:100::6:14268] AH01992: SSL library error 6 reading data
[Wed Aug 26 00:28:08.096463 2026] [ssl:debug] [pid 2107707:tid 2107707] ssl_engine_io.c(1150): [client 2408:864f:b000:100::6:14268] AH02001: Connection closed to child 0 with standard shutdown (server 2blog.ilc.edu.tw:443)
[Wed Aug 26 00:28:08.106644 2026] [ssl:info] [pid 2107694:tid 2107694] (70014)End of file found: [client 2408:864f:b000:100::6:14258] AH01992: SSL library error 6 reading data
[Wed Aug 26 00:28:08.106729 2026] [ssl:debug] [pid 2107694:tid 2107694] ssl_engine_io.c(1150): [client 2408:864f:b000:100::6:14258] AH02001: Connection closed to child 27 with standard shutdown (server 2blog.ilc.edu.tw:443)
[Wed Aug 26 00:28:08.107354 2026] [ssl:info] [pid 2102818:tid 2102818] (70014)End of file found: [client 2408:864f:b000:100::6:14270] AH01992: SSL library error 6 reading data
[Wed Aug 26 00:28:08.107431 2026] [ssl:debug] [pid 2102818:tid 2102818] ssl_engine_io.c(1150): [client 2408:864f:b000:100::6:14270] AH02001: Connection closed to child 22 with standard shutdown (server 2blog.ilc.edu.tw:443)
[Wed Aug 26 00:28:08.110585 2026] [ssl:info] [pid 2107713:tid 2107713] (70014)End of file found: [client 2408:864f:b000:100::6:14030] AH01992: SSL library error 6 reading data
[Wed Aug 26 00:28:08.110655 2026] [ssl:debug] [pid 2107713:tid 2107713] ssl_engine_io.c(1150): [client 2408:864f:b000:100::6:14030] AH02001: Connection closed to child 6 with standard shutdown (server 2blog.ilc.edu.tw:443)
[Wed Aug 26 00:28:08.121024 2026] [deflate:debug] [pid 2107766:tid 2107766] mod_deflate.c(909): [client 2408:872f:200:3::10c5:20026] AH01384: Zlib: Compressed 52637 to 9142 : URL /index.php
[Wed Aug 26 00:28:08.198554 2026] [ssl:info] [pid 2107772:tid 2107772] [client 2001:288:a201::66:125:58389] AH01964: Connection to child 28 established (server 2blog.ilc.edu.tw:443)
[Wed Aug 26 00:28:08.198825 2026] [ssl:info] [pid 2107773:tid 2107773] [client 2001:b011:3802:d5fc:d8c9:f604:9ce5:a394:62149] AH01964: Connection to child 29 established (server 2blog.ilc.edu.tw:443)
[Wed Aug 26 00:28:08.198902 2026] [ssl:debug] [pid 2107772:tid 2107772] ssl_engine_kernel.c(2252): [client 2001:288:a201::66:125:58389] AH02645: Server name not provided via TLS extension (using default/first virtual host)
[Wed Aug 26 00:28:08.198936 2026] [socache_shmcb:debug] [pid 2107772:tid 2107772] mod_socache_shmcb.c(545): AH00835: socache_shmcb_retrieve (0x51 -> subcache 17)
[Wed Aug 26 00:28:08.198949 2026] [socache_shmcb:debug] [pid 2107772:tid 2107772] mod_socache_shmcb.c(896): AH00849: match at idx=5, data=12467
[Wed Aug 26 00:28:08.198952 2026] [socache_shmcb:debug] [pid 2107772:tid 2107772] mod_socache_shmcb.c(556): AH00836: leaving socache_shmcb_retrieve successfully
[Wed Aug 26 00:28:08.199101 2026] [ssl:debug] [pid 2107773:tid 2107773] ssl_engine_kernel.c(2222): [client 2001:b011:3802:d5fc:d8c9:f604:9ce5:a394:62149] AH02043: SSL virtual host for servername 2blog.ilc.edu.tw found
[Wed Aug 26 00:28:08.199206 2026] [core:debug] [pid 2107773:tid 2107773] protocol.c(2460): [client 2001:b011:3802:d5fc:d8c9:f604:9ce5:a394:62149] AH03155: select protocol from , choices=h2,http/1.1 for server 2blog.ilc.edu.tw
[Wed Aug 26 00:28:08.199268 2026] [ssl:debug] [pid 2107773:tid 2107773] ssl_util_stapling.c(819): AH01951: stapling_cb: OCSP Stapling callback called
[Wed Aug 26 00:28:08.199274 2026] [ssl:info] [pid 2107773:tid 2107773] AH01926: stapling_get_certinfo: stapling not supported for certificate
[Wed Aug 26 00:28:08.200205 2026] [ssl:debug] [pid 2107772:tid 2107772] ssl_engine_kernel.c(2082): [client 2001:288:a201::66:125:58389] AH02041: Protocol: TLSv1.2, Cipher: ECDHE-RSA-AES256-GCM-SHA384 (256/256 bits)
[Wed Aug 26 00:28:08.200313 2026] [ssl:debug] [pid 2107772:tid 2107772] ssl_engine_kernel.c(254): [client 2001:288:a201::66:125:58389] AH02034: Initial (No.1) HTTPS request received for child 28 (server 2blog.ilc.edu.tw:443)
[Wed Aug 26 00:28:08.200546 2026] [authz_core:debug] [pid 2107772:tid 2107772] mod_authz_core.c(815): [client 2001:288:a201::66:125:58389] AH01626: authorization result of Require all granted: granted
[Wed Aug 26 00:28:08.200561 2026] [authz_core:debug] [pid 2107772:tid 2107772] mod_authz_core.c(815): [client 2001:288:a201::66:125:58389] AH01626: authorization result of : granted
[Wed Aug 26 00:28:08.201116 2026] [authz_core:debug] [pid 2107772:tid 2107772] mod_authz_core.c(815): [client 2001:288:a201::66:125:58389] AH01626: authorization result of Require all granted: granted
[Wed Aug 26 00:28:08.201121 2026] [authz_core:debug] [pid 2107772:tid 2107772] mod_authz_core.c(815): [client 2001:288:a201::66:125:58389] AH01626: authorization result of : granted
[Wed Aug 26 00:28:08.201132 2026] [php7:error] [pid 2107772:tid 2107772] [client 2001:288:a201::66:125:58389] script '/var/www/html/2blog/active.php' not found or unable to stat
[Wed Aug 26 00:28:08.201143 2026] [headers:debug] [pid 2107772:tid 2107772] mod_headers.c(900): AH01503: headers: ap_headers_error_filter()
[Wed Aug 26 00:28:08.201264 2026] [ssl:debug] [pid 2107772:tid 2107772] ssl_engine_io.c(1150): [client 2001:288:a201::66:125:58389] AH02001: Connection closed to child 28 with standard shutdown (server 2blog.ilc.edu.tw:443)
[Wed Aug 26 00:28:08.210081 2026] [ssl:debug] [pid 2107773:tid 2107773] ssl_engine_kernel.c(2082): [client 2001:b011:3802:d5fc:d8c9:f604:9ce5:a394:62149] AH02041: Protocol: TLSv1.3, Cipher: TLS_AES_256_GCM_SHA384 (256/256 bits)
[Wed Aug 26 00:28:08.210129 2026] [socache_shmcb:debug] [pid 2107773:tid 2107773] mod_socache_shmcb.c(508): AH00831: socache_shmcb_store (0x42 -> subcache 2)
[Wed Aug 26 00:28:08.210136 2026] [socache_shmcb:debug] [pid 2107773:tid 2107773] mod_socache_shmcb.c(860): AH00847: insert happened at idx=24, data=(2679:2711)
[Wed Aug 26 00:28:08.210139 2026] [socache_shmcb:debug] [pid 2107773:tid 2107773] mod_socache_shmcb.c(863): AH00848: finished insert, subcache: idx_pos/idx_used=74/39, data_pos/data_used=8103/8666
[Wed Aug 26 00:28:08.210141 2026] [socache_shmcb:debug] [pid 2107773:tid 2107773] mod_socache_shmcb.c(530): AH00834: leaving socache_shmcb_store successfully
[Wed Aug 26 00:28:08.210180 2026] [socache_shmcb:debug] [pid 2107773:tid 2107773] mod_socache_shmcb.c(508): AH00831: socache_shmcb_store (0x95 -> subcache 21)
[Wed Aug 26 00:28:08.210187 2026] [socache_shmcb:debug] [pid 2107773:tid 2107773] mod_socache_shmcb.c(860): AH00847: insert happened at idx=38, data=(6022:6054)
[Wed Aug 26 00:28:08.210189 2026] [socache_shmcb:debug] [pid 2107773:tid 2107773] mod_socache_shmcb.c(863): AH00848: finished insert, subcache: idx_pos/idx_used=7/32, data_pos/data_used=12974/7137
[Wed Aug 26 00:28:08.210191 2026] [socache_shmcb:debug] [pid 2107773:tid 2107773] mod_socache_shmcb.c(530): AH00834: leaving socache_shmcb_store successfully
[Wed Aug 26 00:28:08.223764 2026] [ssl:debug] [pid 2107773:tid 2107773] ssl_engine_kernel.c(254): [client 2001:b011:3802:d5fc:d8c9:f604:9ce5:a394:62149] AH02034: Initial (No.1) HTTPS request received for child 29 (server 2blog.ilc.edu.tw:443), referer: https://www.google.com/
[Wed Aug 26 00:28:08.224030 2026] [authz_core:debug] [pid 2107773:tid 2107773] mod_authz_core.c(815): [client 2001:b011:3802:d5fc:d8c9:f604:9ce5:a394:62149] AH01626: authorization result of Require all granted: granted, referer: https://www.google.com/
[Wed Aug 26 00:28:08.224037 2026] [authz_core:debug] [pid 2107773:tid 2107773] mod_authz_core.c(815): [client 2001:b011:3802:d5fc:d8c9:f604:9ce5:a394:62149] AH01626: authorization result of : granted, referer: https://www.google.com/
[Wed Aug 26 00:28:08.224610 2026] [authz_core:debug] [pid 2107773:tid 2107773] mod_authz_core.c(815): [client 2001:b011:3802:d5fc:d8c9:f604:9ce5:a394:62149] AH01626: authorization result of Require all granted: granted, referer: https://www.google.com/
[Wed Aug 26 00:28:08.224618 2026] [authz_core:debug] [pid 2107773:tid 2107773] mod_authz_core.c(815): [client 2001:b011:3802:d5fc:d8c9:f604:9ce5:a394:62149] AH01626: authorization result of : granted, referer: https://www.google.com/
[Wed Aug 26 00:28:08.245554 2026] [deflate:debug] [pid 2107773:tid 2107773] mod_deflate.c(909): [client 2001:b011:3802:d5fc:d8c9:f604:9ce5:a394:62149] AH01384: Zlib: Compressed 64471 to 16282 : URL /index.php, referer: https://www.google.com/
[Wed Aug 26 00:28:08.257234 2026] [ssl:debug] [pid 2107685:tid 2107685] ssl_engine_io.c(1150): [client 34.123.149.87:47105] AH02001: Connection closed to child 14 with standard shutdown (server 2blog.ilc.edu.tw:443)
[Wed Aug 26 00:28:08.273485 2026] [ssl:debug] [pid 2107773:tid 2107773] ssl_engine_kernel.c(254): [client 2001:b011:3802:d5fc:d8c9:f604:9ce5:a394:62149] AH02034: Subsequent (No.2) HTTPS request received for child 29 (server 2blog.ilc.edu.tw:443), referer: https://2blog.ilc.edu.tw/1003/2014/01/10/%E5%B0%8F%E4%BA%8C%E4%B8%8A%E6%9F%A5%E5%AD%97%E5%85%B8%E8%83%8C%E5%BE%8C%E7%9A%84%E6%84%8F%E7%BE%A9/
[Wed Aug 26 00:28:08.273668 2026] [authz_core:debug] [pid 2107773:tid 2107773] mod_authz_core.c(815): [client 2001:b011:3802:d5fc:d8c9:f604:9ce5:a394:62149] AH01626: authorization result of Require all granted: granted, referer: https://2blog.ilc.edu.tw/1003/2014/01/10/%E5%B0%8F%E4%BA%8C%E4%B8%8A%E6%9F%A5%E5%AD%97%E5%85%B8%E8%83%8C%E5%BE%8C%E7%9A%84%E6%84%8F%E7%BE%A9/
[Wed Aug 26 00:28:08.273673 2026] [authz_core:debug] [pid 2107773:tid 2107773] mod_authz_core.c(815): [client 2001:b011:3802:d5fc:d8c9:f604:9ce5:a394:62149] AH01626: authorization result of : granted, referer: https://2blog.ilc.edu.tw/1003/2014/01/10/%E5%B0%8F%E4%BA%8C%E4%B8%8A%E6%9F%A5%E5%AD%97%E5%85%B8%E8%83%8C%E5%BE%8C%E7%9A%84%E6%84%8F%E7%BE%A9/
[Wed Aug 26 00:28:08.274156 2026] [authz_core:debug] [pid 2107773:tid 2107773] mod_authz_core.c(815): [client 2001:b011:3802:d5fc:d8c9:f604:9ce5:a394:62149] AH01626: authorization result of Require all granted: granted, referer: https://2blog.ilc.edu.tw/1003/2014/01/10/%E5%B0%8F%E4%BA%8C%E4%B8%8A%E6%9F%A5%E5%AD%97%E5%85%B8%E8%83%8C%E5%BE%8C%E7%9A%84%E6%84%8F%E7%BE%A9/
[Wed Aug 26 00:28:08.274163 2026] [authz_core:debug] [pid 2107773:tid 2107773] mod_authz_core.c(815): [client 2001:b011:3802:d5fc:d8c9:f604:9ce5:a394:62149] AH01626: authorization result of : granted, referer: https://2blog.ilc.edu.tw/1003/2014/01/10/%E5%B0%8F%E4%BA%8C%E4%B8%8A%E6%9F%A5%E5%AD%97%E5%85%B8%E8%83%8C%E5%BE%8C%E7%9A%84%E6%84%8F%E7%BE%A9/
[Wed Aug 26 00:28:08.276301 2026] [deflate:debug] [pid 2107773:tid 2107773] mod_deflate.c(909): [client 2001:b011:3802:d5fc:d8c9:f604:9ce5:a394:62149] AH01384: Zlib: Compressed 79264 to 39710 : URL /wp-content/cache/2blog.ilc.edu.tw/wpfc-minified/mknpejql/5woub.css, referer: https://2blog.ilc.edu.tw/1003/2014/01/10/%E5%B0%8F%E4%BA%8C%E4%B8%8A%E6%9F%A5%E5%AD%97%E5%85%B8%E8%83%8C%E5%BE%8C%E7%9A%84%E6%84%8F%E7%BE%A9/
[Wed Aug 26 00:28:08.292462 2026] [ssl:info] [pid 2107765:tid 2107765] [client 2001:b011:3802:d5fc:d8c9:f604:9ce5:a394:62150] AH01964: Connection to child 18 established (server 2blog.ilc.edu.tw:443)
[Wed Aug 26 00:28:08.292662 2026] [ssl:info] [pid 2107774:tid 2107774] [client 2001:b011:3802:d5fc:d8c9:f604:9ce5:a394:62153] AH01964: Connection to child 32 established (server 2blog.ilc.edu.tw:443)
[Wed Aug 26 00:28:08.293008 2026] [ssl:debug] [pid 2107765:tid 2107765] ssl_engine_kernel.c(2222): [client 2001:b011:3802:d5fc:d8c9:f604:9ce5:a394:62150] AH02043: SSL virtual host for servername 2blog.ilc.edu.tw found
[Wed Aug 26 00:28:08.293056 2026] [core:debug] [pid 2107765:tid 2107765] protocol.c(2460): [client 2001:b011:3802:d5fc:d8c9:f604:9ce5:a394:62150] AH03155: select protocol from , choices=http/1.1 for server 2blog.ilc.edu.tw
[Wed Aug 26 00:28:08.293089 2026] [ssl:debug] [pid 2107765:tid 2107765] ssl_util_stapling.c(819): AH01951: stapling_cb: OCSP Stapling callback called
[Wed Aug 26 00:28:08.293093 2026] [ssl:info] [pid 2107765:tid 2107765] AH01926: stapling_get_certinfo: stapling not supported for certificate
[Wed Aug 26 00:28:08.293421 2026] [ssl:debug] [pid 2107774:tid 2107774] ssl_engine_kernel.c(2222): [client 2001:b011:3802:d5fc:d8c9:f604:9ce5:a394:62153] AH02043: SSL virtual host for servername 2blog.ilc.edu.tw found
[Wed Aug 26 00:28:08.293527 2026] [core:debug] [pid 2107774:tid 2107774] protocol.c(2460): [client 2001:b011:3802:d5fc:d8c9:f604:9ce5:a394:62153] AH03155: select protocol from , choices=http/1.1 for server 2blog.ilc.edu.tw
[Wed Aug 26 00:28:08.293596 2026] [ssl:debug] [pid 2107774:tid 2107774] ssl_util_stapling.c(819): AH01951: stapling_cb: OCSP Stapling callback called
[Wed Aug 26 00:28:08.293602 2026] [ssl:info] [pid 2107774:tid 2107774] AH01926: stapling_get_certinfo: stapling not supported for certificate
[Wed Aug 26 00:28:08.294620 2026] [ssl:info] [pid 2107775:tid 2107775] [client 2001:b011:3802:d5fc:d8c9:f604:9ce5:a394:62151] AH01964: Connection to child 33 established (server 2blog.ilc.edu.tw:443)
[Wed Aug 26 00:28:08.294694 2026] [ssl:info] [pid 2107776:tid 2107776] [client 2001:b011:3802:d5fc:d8c9:f604:9ce5:a394:62152] AH01964: Connection to child 34 established (server 2blog.ilc.edu.tw:443)
[Wed Aug 26 00:28:08.295043 2026] [ssl:debug] [pid 2107775:tid 2107775] ssl_engine_kernel.c(2222): [client 2001:b011:3802:d5fc:d8c9:f604:9ce5:a394:62151] AH02043: SSL virtual host for servername 2blog.ilc.edu.tw found
[Wed Aug 26 00:28:08.295047 2026] [ssl:info] [pid 2107777:tid 2107777] [client 2001:b011:3802:d5fc:d8c9:f604:9ce5:a394:62154] AH01964: Connection to child 35 established (server 2blog.ilc.edu.tw:443)
[Wed Aug 26 00:28:08.295151 2026] [core:debug] [pid 2107775:tid 2107775] protocol.c(2460): [client 2001:b011:3802:d5fc:d8c9:f604:9ce5:a394:62151] AH03155: select protocol from , choices=http/1.1 for server 2blog.ilc.edu.tw
[Wed Aug 26 00:28:08.295161 2026] [ssl:debug] [pid 2107776:tid 2107776] ssl_engine_kernel.c(2222): [client 2001:b011:3802:d5fc:d8c9:f604:9ce5:a394:62152] AH02043: SSL virtual host for servername 2blog.ilc.edu.tw found
[Wed Aug 26 00:28:08.295241 2026] [ssl:debug] [pid 2107775:tid 2107775] ssl_util_stapling.c(819): AH01951: stapling_cb: OCSP Stapling callback called
[Wed Aug 26 00:28:08.295249 2026] [ssl:info] [pid 2107775:tid 2107775] AH01926: stapling_get_certinfo: stapling not supported for certificate
[Wed Aug 26 00:28:08.295270 2026] [core:debug] [pid 2107776:tid 2107776] protocol.c(2460): [client 2001:b011:3802:d5fc:d8c9:f604:9ce5:a394:62152] AH03155: select protocol from , choices=http/1.1 for server 2blog.ilc.edu.tw
[Wed Aug 26 00:28:08.295343 2026] [ssl:debug] [pid 2107776:tid 2107776] ssl_util_stapling.c(819): AH01951: stapling_cb: OCSP Stapling callback called
[Wed Aug 26 00:28:08.295349 2026] [ssl:info] [pid 2107776:tid 2107776] AH01926: stapling_get_certinfo: stapling not supported for certificate
[Wed Aug 26 00:28:08.295377 2026] [ssl:debug] [pid 2107777:tid 2107777] ssl_engine_kernel.c(2222): [client 2001:b011:3802:d5fc:d8c9:f604:9ce5:a394:62154] AH02043: SSL virtual host for servername 2blog.ilc.edu.tw found
[Wed Aug 26 00:28:08.295459 2026] [core:debug] [pid 2107777:tid 2107777] protocol.c(2460): [client 2001:b011:3802:d5fc:d8c9:f604:9ce5:a394:62154] AH03155: select protocol from , choices=http/1.1 for server 2blog.ilc.edu.tw
[Wed Aug 26 00:28:08.295509 2026] [ssl:debug] [pid 2107777:tid 2107777] ssl_util_stapling.c(819): AH01951: stapling_cb: OCSP Stapling callback called
[Wed Aug 26 00:28:08.295514 2026] [ssl:info] [pid 2107777:tid 2107777] AH01926: stapling_get_certinfo: stapling not supported for certificate
[Wed Aug 26 00:28:08.297318 2026] [ssl:debug] [pid 2107773:tid 2107773] ssl_engine_kernel.c(254): [client 2001:b011:3802:d5fc:d8c9:f604:9ce5:a394:62149] AH02034: Subsequent (No.3) HTTPS request received for child 29 (server 2blog.ilc.edu.tw:443), referer: https://2blog.ilc.edu.tw/1003/2014/01/10/%E5%B0%8F%E4%BA%8C%E4%B8%8A%E6%9F%A5%E5%AD%97%E5%85%B8%E8%83%8C%E5%BE%8C%E7%9A%84%E6%84%8F%E7%BE%A9/
[Wed Aug 26 00:28:08.306647 2026] [authz_core:debug] [pid 2107773:tid 2107773] mod_authz_core.c(815): [client 2001:b011:3802:d5fc:d8c9:f604:9ce5:a394:62149] AH01626: authorization result of Require all granted: granted, referer: https://2blog.ilc.edu.tw/1003/2014/01/10/%E5%B0%8F%E4%BA%8C%E4%B8%8A%E6%9F%A5%E5%AD%97%E5%85%B8%E8%83%8C%E5%BE%8C%E7%9A%84%E6%84%8F%E7%BE%A9/
[Wed Aug 26 00:28:08.306663 2026] [authz_core:debug] [pid 2107773:tid 2107773] mod_authz_core.c(815): [client 2001:b011:3802:d5fc:d8c9:f604:9ce5:a394:62149] AH01626: authorization result of : granted, referer: https://2blog.ilc.edu.tw/1003/2014/01/10/%E5%B0%8F%E4%BA%8C%E4%B8%8A%E6%9F%A5%E5%AD%97%E5%85%B8%E8%83%8C%E5%BE%8C%E7%9A%84%E6%84%8F%E7%BE%A9/
[Wed Aug 26 00:28:08.308570 2026] [ssl:debug] [pid 2107765:tid 2107765] ssl_engine_kernel.c(2082): [client 2001:b011:3802:d5fc:d8c9:f604:9ce5:a394:62150] AH02041: Protocol: TLSv1.3, Cipher: TLS_AES_256_GCM_SHA384 (256/256 bits)
[Wed Aug 26 00:28:08.308612 2026] [socache_shmcb:debug] [pid 2107765:tid 2107765] mod_socache_shmcb.c(508): AH00831: socache_shmcb_store (0xd3 -> subcache 19)
[Wed Aug 26 00:28:08.308625 2026] [socache_shmcb:debug] [pid 2107765:tid 2107765] mod_socache_shmcb.c(860): AH00847: insert happened at idx=39, data=(6155:6187)
[Wed Aug 26 00:28:08.308627 2026] [socache_shmcb:debug] [pid 2107765:tid 2107765] mod_socache_shmcb.c(863): AH00848: finished insert, subcache: idx_pos/idx_used=87/41, data_pos/data_used=11110/9134
[Wed Aug 26 00:28:08.308629 2026] [socache_shmcb:debug] [pid 2107765:tid 2107765] mod_socache_shmcb.c(530): AH00834: leaving socache_shmcb_store successfully
[Wed Aug 26 00:28:08.308679 2026] [socache_shmcb:debug] [pid 2107765:tid 2107765] mod_socache_shmcb.c(508): AH00831: socache_shmcb_store (0x98 -> subcache 24)
[Wed Aug 26 00:28:08.308684 2026] [socache_shmcb:debug] [pid 2107765:tid 2107765] mod_socache_shmcb.c(860): AH00847: insert happened at idx=21, data=(2153:2185)
[Wed Aug 26 00:28:08.308687 2026] [socache_shmcb:debug] [pid 2107765:tid 2107765] mod_socache_shmcb.c(863): AH00848: finished insert, subcache: idx_pos/idx_used=72/38, data_pos/data_used=7789/8454
[Wed Aug 26 00:28:08.308689 2026] [socache_shmcb:debug] [pid 2107765:tid 2107765] mod_socache_shmcb.c(530): AH00834: leaving socache_shmcb_store successfully
[Wed Aug 26 00:28:08.308922 2026] [ssl:debug] [pid 2107774:tid 2107774] ssl_engine_kernel.c(2082): [client 2001:b011:3802:d5fc:d8c9:f604:9ce5:a394:62153] AH02041: Protocol: TLSv1.3, Cipher: TLS_AES_256_GCM_SHA384 (256/256 bits)
[Wed Aug 26 00:28:08.308978 2026] [socache_shmcb:debug] [pid 2107774:tid 2107774] mod_socache_shmcb.c(508): AH00831: socache_shmcb_store (0x3f -> subcache 31)
[Wed Aug 26 00:28:08.308994 2026] [socache_shmcb:debug] [pid 2107774:tid 2107774] mod_socache_shmcb.c(745): AH00842: expiring 2 and reclaiming 0 removed socache entries
[Wed Aug 26 00:28:08.308997 2026] [socache_shmcb:debug] [pid 2107774:tid 2107774] mod_socache_shmcb.c(765): AH00843: we now have 31 socache entries
[Wed Aug 26 00:28:08.308999 2026] [socache_shmcb:debug] [pid 2107774:tid 2107774] mod_socache_shmcb.c(860): AH00847: insert happened at idx=14, data=(511:543)
[Wed Aug 26 00:28:08.309001 2026] [socache_shmcb:debug] [pid 2107774:tid 2107774] mod_socache_shmcb.c(863): AH00848: finished insert, subcache: idx_pos/idx_used=71/32, data_pos/data_used=7460/7140
[Wed Aug 26 00:28:08.309003 2026] [socache_shmcb:debug] [pid 2107774:tid 2107774] mod_socache_shmcb.c(530): AH00834: leaving socache_shmcb_store successfully
[Wed Aug 26 00:28:08.309042 2026] [socache_shmcb:debug] [pid 2107774:tid 2107774] mod_socache_shmcb.c(508): AH00831: socache_shmcb_store (0xf0 -> subcache 16)
[Wed Aug 26 00:28:08.309051 2026] [socache_shmcb:debug] [pid 2107774:tid 2107774] mod_socache_shmcb.c(860): AH00847: insert happened at idx=8, data=(13116:13148)
[Wed Aug 26 00:28:08.309052 2026] [socache_shmcb:debug] [pid 2107774:tid 2107774] mod_socache_shmcb.c(863): AH00848: finished insert, subcache: idx_pos/idx_used=68/29, data_pos/data_used=6827/6514
[Wed Aug 26 00:28:08.309054 2026] [socache_shmcb:debug] [pid 2107774:tid 2107774] mod_socache_shmcb.c(530): AH00834: leaving socache_shmcb_store successfully
[Wed Aug 26 00:28:08.309188 2026] [ssl:debug] [pid 2107774:tid 2107774] ssl_engine_kernel.c(254): [client 2001:b011:3802:d5fc:d8c9:f604:9ce5:a394:62153] AH02034: Initial (No.1) HTTPS request received for child 32 (server 2blog.ilc.edu.tw:443), referer: https://2blog.ilc.edu.tw/1003/2014/01/10/%E5%B0%8F%E4%BA%8C%E4%B8%8A%E6%9F%A5%E5%AD%97%E5%85%B8%E8%83%8C%E5%BE%8C%E7%9A%84%E6%84%8F%E7%BE%A9/
[Wed Aug 26 00:28:08.309272 2026] [ssl:debug] [pid 2107765:tid 2107765] ssl_engine_kernel.c(254): [client 2001:b011:3802:d5fc:d8c9:f604:9ce5:a394:62150] AH02034: Initial (No.1) HTTPS request received for child 18 (server 2blog.ilc.edu.tw:443), referer: https://2blog.ilc.edu.tw/1003/2014/01/10/%E5%B0%8F%E4%BA%8C%E4%B8%8A%E6%9F%A5%E5%AD%97%E5%85%B8%E8%83%8C%E5%BE%8C%E7%9A%84%E6%84%8F%E7%BE%A9/
[Wed Aug 26 00:28:08.309416 2026] [authz_core:debug] [pid 2107774:tid 2107774] mod_authz_core.c(815): [client 2001:b011:3802:d5fc:d8c9:f604:9ce5:a394:62153] AH01626: authorization result of Require all granted: granted, referer: https://2blog.ilc.edu.tw/1003/2014/01/10/%E5%B0%8F%E4%BA%8C%E4%B8%8A%E6%9F%A5%E5%AD%97%E5%85%B8%E8%83%8C%E5%BE%8C%E7%9A%84%E6%84%8F%E7%BE%A9/
[Wed Aug 26 00:28:08.309419 2026] [authz_core:debug] [pid 2107765:tid 2107765] mod_authz_core.c(815): [client 2001:b011:3802:d5fc:d8c9:f604:9ce5:a394:62150] AH01626: authorization result of Require all granted: granted, referer: https://2blog.ilc.edu.tw/1003/2014/01/10/%E5%B0%8F%E4%BA%8C%E4%B8%8A%E6%9F%A5%E5%AD%97%E5%85%B8%E8%83%8C%E5%BE%8C%E7%9A%84%E6%84%8F%E7%BE%A9/
[Wed Aug 26 00:28:08.309422 2026] [authz_core:debug] [pid 2107774:tid 2107774] mod_authz_core.c(815): [client 2001:b011:3802:d5fc:d8c9:f604:9ce5:a394:62153] AH01626: authorization result of : granted, referer: https://2blog.ilc.edu.tw/1003/2014/01/10/%E5%B0%8F%E4%BA%8C%E4%B8%8A%E6%9F%A5%E5%AD%97%E5%85%B8%E8%83%8C%E5%BE%8C%E7%9A%84%E6%84%8F%E7%BE%A9/
[Wed Aug 26 00:28:08.309424 2026] [authz_core:debug] [pid 2107765:tid 2107765] mod_authz_core.c(815): [client 2001:b011:3802:d5fc:d8c9:f604:9ce5:a394:62150] AH01626: authorization result of : granted, referer: https://2blog.ilc.edu.tw/1003/2014/01/10/%E5%B0%8F%E4%BA%8C%E4%B8%8A%E6%9F%A5%E5%AD%97%E5%85%B8%E8%83%8C%E5%BE%8C%E7%9A%84%E6%84%8F%E7%BE%A9/
[Wed Aug 26 00:28:08.309620 2026] [ssl:debug] [pid 2107776:tid 2107776] ssl_engine_kernel.c(2082): [client 2001:b011:3802:d5fc:d8c9:f604:9ce5:a394:62152] AH02041: Protocol: TLSv1.3, Cipher: TLS_AES_256_GCM_SHA384 (256/256 bits)
[Wed Aug 26 00:28:08.309642 2026] [ssl:debug] [pid 2107777:tid 2107777] ssl_engine_kernel.c(2082): [client 2001:b011:3802:d5fc:d8c9:f604:9ce5:a394:62154] AH02041: Protocol: TLSv1.3, Cipher: TLS_AES_256_GCM_SHA384 (256/256 bits)
[Wed Aug 26 00:28:08.309675 2026] [socache_shmcb:debug] [pid 2107776:tid 2107776] mod_socache_shmcb.c(508): AH00831: socache_shmcb_store (0x3c -> subcache 28)
[Wed Aug 26 00:28:08.309693 2026] [socache_shmcb:debug] [pid 2107776:tid 2107776] mod_socache_shmcb.c(860): AH00847: insert happened at idx=37, data=(5671:5703)
[Wed Aug 26 00:28:08.309698 2026] [socache_shmcb:debug] [pid 2107776:tid 2107776] mod_socache_shmcb.c(863): AH00848: finished insert, subcache: idx_pos/idx_used=86/40, data_pos/data_used=10812/8948
[Wed Aug 26 00:28:08.309700 2026] [socache_shmcb:debug] [pid 2107776:tid 2107776] mod_socache_shmcb.c(530): AH00834: leaving socache_shmcb_store successfully
[Wed Aug 26 00:28:08.309723 2026] [socache_shmcb:debug] [pid 2107777:tid 2107777] mod_socache_shmcb.c(508): AH00831: socache_shmcb_store (0x43 -> subcache 3)
[Wed Aug 26 00:28:08.309734 2026] [socache_shmcb:debug] [pid 2107777:tid 2107777] mod_socache_shmcb.c(860): AH00847: insert happened at idx=14, data=(682:714)
[Wed Aug 26 00:28:08.309736 2026] [socache_shmcb:debug] [pid 2107777:tid 2107777] mod_socache_shmcb.c(863): AH00848: finished insert, subcache: idx_pos/idx_used=59/44, data_pos/data_used=4906/9865
[Wed Aug 26 00:28:08.309740 2026] [socache_shmcb:debug] [pid 2107777:tid 2107777] mod_socache_shmcb.c(530): AH00834: leaving socache_shmcb_store successfully
[Wed Aug 26 00:28:08.309783 2026] [socache_shmcb:debug] [pid 2107777:tid 2107777] mod_socache_shmcb.c(508): AH00831: socache_shmcb_store (0x78 -> subcache 24)
[Wed Aug 26 00:28:08.309793 2026] [socache_shmcb:debug] [pid 2107777:tid 2107777] mod_socache_shmcb.c(860): AH00847: insert happened at idx=22, data=(2379:2411)
[Wed Aug 26 00:28:08.309795 2026] [socache_shmcb:debug] [pid 2107777:tid 2107777] mod_socache_shmcb.c(863): AH00848: finished insert, subcache: idx_pos/idx_used=72/39, data_pos/data_used=7789/8680
[Wed Aug 26 00:28:08.309804 2026] [socache_shmcb:debug] [pid 2107777:tid 2107777] mod_socache_shmcb.c(530): AH00834: leaving socache_shmcb_store successfully
[Wed Aug 26 00:28:08.309822 2026] [socache_shmcb:debug] [pid 2107776:tid 2107776] mod_socache_shmcb.c(508): AH00831: socache_shmcb_store (0x7c -> subcache 28)
[Wed Aug 26 00:28:08.309829 2026] [socache_shmcb:debug] [pid 2107776:tid 2107776] mod_socache_shmcb.c(860): AH00847: insert happened at idx=38, data=(5896:5928)
[Wed Aug 26 00:28:08.309831 2026] [socache_shmcb:debug] [pid 2107776:tid 2107776] mod_socache_shmcb.c(863): AH00848: finished insert, subcache: idx_pos/idx_used=86/41, data_pos/data_used=10812/9174
[Wed Aug 26 00:28:08.309833 2026] [socache_shmcb:debug] [pid 2107776:tid 2107776] mod_socache_shmcb.c(530): AH00834: leaving socache_shmcb_store successfully
[Wed Aug 26 00:28:08.309956 2026] [ssl:debug] [pid 2107776:tid 2107776] ssl_engine_kernel.c(254): [client 2001:b011:3802:d5fc:d8c9:f604:9ce5:a394:62152] AH02034: Initial (No.1) HTTPS request received for child 34 (server 2blog.ilc.edu.tw:443), referer: https://2blog.ilc.edu.tw/1003/2014/01/10/%E5%B0%8F%E4%BA%8C%E4%B8%8A%E6%9F%A5%E5%AD%97%E5%85%B8%E8%83%8C%E5%BE%8C%E7%9A%84%E6%84%8F%E7%BE%A9/
[Wed Aug 26 00:28:08.310046 2026] [authz_core:debug] [pid 2107765:tid 2107765] mod_authz_core.c(815): [client 2001:b011:3802:d5fc:d8c9:f604:9ce5:a394:62150] AH01626: authorization result of Require all granted: granted, referer: https://2blog.ilc.edu.tw/1003/2014/01/10/%E5%B0%8F%E4%BA%8C%E4%B8%8A%E6%9F%A5%E5%AD%97%E5%85%B8%E8%83%8C%E5%BE%8C%E7%9A%84%E6%84%8F%E7%BE%A9/
[Wed Aug 26 00:28:08.310056 2026] [authz_core:debug] [pid 2107765:tid 2107765] mod_authz_core.c(815): [client 2001:b011:3802:d5fc:d8c9:f604:9ce5:a394:62150] AH01626: authorization result of : granted, referer: https://2blog.ilc.edu.tw/1003/2014/01/10/%E5%B0%8F%E4%BA%8C%E4%B8%8A%E6%9F%A5%E5%AD%97%E5%85%B8%E8%83%8C%E5%BE%8C%E7%9A%84%E6%84%8F%E7%BE%A9/
[Wed Aug 26 00:28:08.310205 2026] [authz_core:debug] [pid 2107776:tid 2107776] mod_authz_core.c(815): [client 2001:b011:3802:d5fc:d8c9:f604:9ce5:a394:62152] AH01626: authorization result of Require all granted: granted, referer: https://2blog.ilc.edu.tw/1003/2014/01/10/%E5%B0%8F%E4%BA%8C%E4%B8%8A%E6%9F%A5%E5%AD%97%E5%85%B8%E8%83%8C%E5%BE%8C%E7%9A%84%E6%84%8F%E7%BE%A9/
[Wed Aug 26 00:28:08.310214 2026] [authz_core:debug] [pid 2107776:tid 2107776] mod_authz_core.c(815): [client 2001:b011:3802:d5fc:d8c9:f604:9ce5:a394:62152] AH01626: authorization result of : granted, referer: https://2blog.ilc.edu.tw/1003/2014/01/10/%E5%B0%8F%E4%BA%8C%E4%B8%8A%E6%9F%A5%E5%AD%97%E5%85%B8%E8%83%8C%E5%BE%8C%E7%9A%84%E6%84%8F%E7%BE%A9/
[Wed Aug 26 00:28:08.310263 2026] [authz_core:debug] [pid 2107774:tid 2107774] mod_authz_core.c(815): [client 2001:b011:3802:d5fc:d8c9:f604:9ce5:a394:62153] AH01626: authorization result of Require all granted: granted, referer: https://2blog.ilc.edu.tw/1003/2014/01/10/%E5%B0%8F%E4%BA%8C%E4%B8%8A%E6%9F%A5%E5%AD%97%E5%85%B8%E8%83%8C%E5%BE%8C%E7%9A%84%E6%84%8F%E7%BE%A9/
[Wed Aug 26 00:28:08.310270 2026] [authz_core:debug] [pid 2107774:tid 2107774] mod_authz_core.c(815): [client 2001:b011:3802:d5fc:d8c9:f604:9ce5:a394:62153] AH01626: authorization result of : granted, referer: https://2blog.ilc.edu.tw/1003/2014/01/10/%E5%B0%8F%E4%BA%8C%E4%B8%8A%E6%9F%A5%E5%AD%97%E5%85%B8%E8%83%8C%E5%BE%8C%E7%9A%84%E6%84%8F%E7%BE%A9/
[Wed Aug 26 00:28:08.310549 2026] [deflate:debug] [pid 2107774:tid 2107774] mod_deflate.c(909): [client 2001:b011:3802:d5fc:d8c9:f604:9ce5:a394:62153] AH01384: Zlib: Compressed 1474 to 744 : URL /wp-content/cache/2blog.ilc.edu.tw/wpfc-minified/6jx87ldu/5wohd.js, referer: https://2blog.ilc.edu.tw/1003/2014/01/10/%E5%B0%8F%E4%BA%8C%E4%B8%8A%E6%9F%A5%E5%AD%97%E5%85%B8%E8%83%8C%E5%BE%8C%E7%9A%84%E6%84%8F%E7%BE%A9/
[Wed Aug 26 00:28:08.310763 2026] [ssl:debug] [pid 2107777:tid 2107777] ssl_engine_kernel.c(254): [client 2001:b011:3802:d5fc:d8c9:f604:9ce5:a394:62154] AH02034: Initial (No.1) HTTPS request received for child 35 (server 2blog.ilc.edu.tw:443), referer: https://2blog.ilc.edu.tw/1003/2014/01/10/%E5%B0%8F%E4%BA%8C%E4%B8%8A%E6%9F%A5%E5%AD%97%E5%85%B8%E8%83%8C%E5%BE%8C%E7%9A%84%E6%84%8F%E7%BE%A9/
[Wed Aug 26 00:28:08.310795 2026] [ssl:debug] [pid 2107775:tid 2107775] ssl_engine_kernel.c(2082): [client 2001:b011:3802:d5fc:d8c9:f604:9ce5:a394:62151] AH02041: Protocol: TLSv1.3, Cipher: TLS_AES_256_GCM_SHA384 (256/256 bits)
[Wed Aug 26 00:28:08.310867 2026] [socache_shmcb:debug] [pid 2107775:tid 2107775] mod_socache_shmcb.c(508): AH00831: socache_shmcb_store (0x54 -> subcache 20)
[Wed Aug 26 00:28:08.310883 2026] [socache_shmcb:debug] [pid 2107775:tid 2107775] mod_socache_shmcb.c(745): AH00842: expiring 1 and reclaiming 0 removed socache entries
[Wed Aug 26 00:28:08.310886 2026] [socache_shmcb:debug] [pid 2107775:tid 2107775] mod_socache_shmcb.c(765): AH00843: we now have 34 socache entries
[Wed Aug 26 00:28:08.310890 2026] [socache_shmcb:debug] [pid 2107775:tid 2107775] mod_socache_shmcb.c(860): AH00847: insert happened at idx=31, data=(4627:4659)
[Wed Aug 26 00:28:08.310892 2026] [socache_shmcb:debug] [pid 2107775:tid 2107775] mod_socache_shmcb.c(863): AH00848: finished insert, subcache: idx_pos/idx_used=85/35, data_pos/data_used=10912/7804
[Wed Aug 26 00:28:08.310895 2026] [socache_shmcb:debug] [pid 2107775:tid 2107775] mod_socache_shmcb.c(530): AH00834: leaving socache_shmcb_store successfully
[Wed Aug 26 00:28:08.310945 2026] [authz_core:debug] [pid 2107777:tid 2107777] mod_authz_core.c(815): [client 2001:b011:3802:d5fc:d8c9:f604:9ce5:a394:62154] AH01626: authorization result of Require all granted: granted, referer: https://2blog.ilc.edu.tw/1003/2014/01/10/%E5%B0%8F%E4%BA%8C%E4%B8%8A%E6%9F%A5%E5%AD%97%E5%85%B8%E8%83%8C%E5%BE%8C%E7%9A%84%E6%84%8F%E7%BE%A9/
[Wed Aug 26 00:28:08.310950 2026] [authz_core:debug] [pid 2107777:tid 2107777] mod_authz_core.c(815): [client 2001:b011:3802:d5fc:d8c9:f604:9ce5:a394:62154] AH01626: authorization result of : granted, referer: https://2blog.ilc.edu.tw/1003/2014/01/10/%E5%B0%8F%E4%BA%8C%E4%B8%8A%E6%9F%A5%E5%AD%97%E5%85%B8%E8%83%8C%E5%BE%8C%E7%9A%84%E6%84%8F%E7%BE%A9/
[Wed Aug 26 00:28:08.310960 2026] [socache_shmcb:debug] [pid 2107775:tid 2107775] mod_socache_shmcb.c(508): AH00831: socache_shmcb_store (0x3f -> subcache 31)
[Wed Aug 26 00:28:08.310969 2026] [socache_shmcb:debug] [pid 2107775:tid 2107775] mod_socache_shmcb.c(860): AH00847: insert happened at idx=15, data=(736:768)
[Wed Aug 26 00:28:08.310972 2026] [socache_shmcb:debug] [pid 2107775:tid 2107775] mod_socache_shmcb.c(863): AH00848: finished insert, subcache: idx_pos/idx_used=71/33, data_pos/data_used=7460/7366
[Wed Aug 26 00:28:08.310975 2026] [socache_shmcb:debug] [pid 2107775:tid 2107775] mod_socache_shmcb.c(530): AH00834: leaving socache_shmcb_store successfully
[Wed Aug 26 00:28:08.311003 2026] [authz_core:debug] [pid 2107776:tid 2107776] mod_authz_core.c(815): [client 2001:b011:3802:d5fc:d8c9:f604:9ce5:a394:62152] AH01626: authorization result of Require all granted: granted, referer: https://2blog.ilc.edu.tw/1003/2014/01/10/%E5%B0%8F%E4%BA%8C%E4%B8%8A%E6%9F%A5%E5%AD%97%E5%85%B8%E8%83%8C%E5%BE%8C%E7%9A%84%E6%84%8F%E7%BE%A9/
[Wed Aug 26 00:28:08.311013 2026] [authz_core:debug] [pid 2107776:tid 2107776] mod_authz_core.c(815): [client 2001:b011:3802:d5fc:d8c9:f604:9ce5:a394:62152] AH01626: authorization result of : granted, referer: https://2blog.ilc.edu.tw/1003/2014/01/10/%E5%B0%8F%E4%BA%8C%E4%B8%8A%E6%9F%A5%E5%AD%97%E5%85%B8%E8%83%8C%E5%BE%8C%E7%9A%84%E6%84%8F%E7%BE%A9/
[Wed Aug 26 00:28:08.311128 2026] [ssl:debug] [pid 2107775:tid 2107775] ssl_engine_kernel.c(254): [client 2001:b011:3802:d5fc:d8c9:f604:9ce5:a394:62151] AH02034: Initial (No.1) HTTPS request received for child 33 (server 2blog.ilc.edu.tw:443), referer: https://2blog.ilc.edu.tw/1003/2014/01/10/%E5%B0%8F%E4%BA%8C%E4%B8%8A%E6%9F%A5%E5%AD%97%E5%85%B8%E8%83%8C%E5%BE%8C%E7%9A%84%E6%84%8F%E7%BE%A9/
[Wed Aug 26 00:28:08.311388 2026] [authz_core:debug] [pid 2107775:tid 2107775] mod_authz_core.c(815): [client 2001:b011:3802:d5fc:d8c9:f604:9ce5:a394:62151] AH01626: authorization result of Require all granted: granted, referer: https://2blog.ilc.edu.tw/1003/2014/01/10/%E5%B0%8F%E4%BA%8C%E4%B8%8A%E6%9F%A5%E5%AD%97%E5%85%B8%E8%83%8C%E5%BE%8C%E7%9A%84%E6%84%8F%E7%BE%A9/
[Wed Aug 26 00:28:08.311403 2026] [authz_core:debug] [pid 2107775:tid 2107775] mod_authz_core.c(815): [client 2001:b011:3802:d5fc:d8c9:f604:9ce5:a394:62151] AH01626: authorization result of : granted, referer: https://2blog.ilc.edu.tw/1003/2014/01/10/%E5%B0%8F%E4%BA%8C%E4%B8%8A%E6%9F%A5%E5%AD%97%E5%85%B8%E8%83%8C%E5%BE%8C%E7%9A%84%E6%84%8F%E7%BE%A9/
[Wed Aug 26 00:28:08.311653 2026] [authz_core:debug] [pid 2107777:tid 2107777] mod_authz_core.c(815): [client 2001:b011:3802:d5fc:d8c9:f604:9ce5:a394:62154] AH01626: authorization result of Require all granted: granted, referer: https://2blog.ilc.edu.tw/1003/2014/01/10/%E5%B0%8F%E4%BA%8C%E4%B8%8A%E6%9F%A5%E5%AD%97%E5%85%B8%E8%83%8C%E5%BE%8C%E7%9A%84%E6%84%8F%E7%BE%A9/
[Wed Aug 26 00:28:08.311660 2026] [authz_core:debug] [pid 2107777:tid 2107777] mod_authz_core.c(815): [client 2001:b011:3802:d5fc:d8c9:f604:9ce5:a394:62154] AH01626: authorization result of : granted, referer: https://2blog.ilc.edu.tw/1003/2014/01/10/%E5%B0%8F%E4%BA%8C%E4%B8%8A%E6%9F%A5%E5%AD%97%E5%85%B8%E8%83%8C%E5%BE%8C%E7%9A%84%E6%84%8F%E7%BE%A9/
[Wed Aug 26 00:28:08.312062 2026] [deflate:debug] [pid 2107777:tid 2107777] mod_deflate.c(909): [client 2001:b011:3802:d5fc:d8c9:f604:9ce5:a394:62154] AH01384: Zlib: Compressed 8923 to 2557 : URL /wp-content/cache/2blog.ilc.edu.tw/wpfc-minified/q8iljgfz/5woub.js, referer: https://2blog.ilc.edu.tw/1003/2014/01/10/%E5%B0%8F%E4%BA%8C%E4%B8%8A%E6%9F%A5%E5%AD%97%E5%85%B8%E8%83%8C%E5%BE%8C%E7%9A%84%E6%84%8F%E7%BE%A9/
[Wed Aug 26 00:28:08.312273 2026] [authz_core:debug] [pid 2107775:tid 2107775] mod_authz_core.c(815): [client 2001:b011:3802:d5fc:d8c9:f604:9ce5:a394:62151] AH01626: authorization result of Require all granted: granted, referer: https://2blog.ilc.edu.tw/1003/2014/01/10/%E5%B0%8F%E4%BA%8C%E4%B8%8A%E6%9F%A5%E5%AD%97%E5%85%B8%E8%83%8C%E5%BE%8C%E7%9A%84%E6%84%8F%E7%BE%A9/
[Wed Aug 26 00:28:08.312284 2026] [authz_core:debug] [pid 2107775:tid 2107775] mod_authz_core.c(815): [client 2001:b011:3802:d5fc:d8c9:f604:9ce5:a394:62151] AH01626: authorization result of : granted, referer: https://2blog.ilc.edu.tw/1003/2014/01/10/%E5%B0%8F%E4%BA%8C%E4%B8%8A%E6%9F%A5%E5%AD%97%E5%85%B8%E8%83%8C%E5%BE%8C%E7%9A%84%E6%84%8F%E7%BE%A9/
[Wed Aug 26 00:28:08.312420 2026] [deflate:debug] [pid 2107765:tid 2107765] mod_deflate.c(909): [client 2001:b011:3802:d5fc:d8c9:f604:9ce5:a394:62150] AH01384: Zlib: Compressed 112915 to 15022 : URL /wp-content/cache/2blog.ilc.edu.tw/wpfc-minified/8x7tn0v6/5wohd.css, referer: https://2blog.ilc.edu.tw/1003/2014/01/10/%E5%B0%8F%E4%BA%8C%E4%B8%8A%E6%9F%A5%E5%AD%97%E5%85%B8%E8%83%8C%E5%BE%8C%E7%9A%84%E6%84%8F%E7%BE%A9/
[Wed Aug 26 00:28:08.315137 2026] [ssl:debug] [pid 2107773:tid 2107773] ssl_engine_kernel.c(254): [client 2001:b011:3802:d5fc:d8c9:f604:9ce5:a394:62149] AH02034: Subsequent (No.4) HTTPS request received for child 29 (server 2blog.ilc.edu.tw:443), referer: https://2blog.ilc.edu.tw/1003/2014/01/10/%E5%B0%8F%E4%BA%8C%E4%B8%8A%E6%9F%A5%E5%AD%97%E5%85%B8%E8%83%8C%E5%BE%8C%E7%9A%84%E6%84%8F%E7%BE%A9/
[Wed Aug 26 00:28:08.315248 2026] [authz_core:debug] [pid 2107773:tid 2107773] mod_authz_core.c(815): [client 2001:b011:3802:d5fc:d8c9:f604:9ce5:a394:62149] AH01626: authorization result of Require all granted: granted, referer: https://2blog.ilc.edu.tw/1003/2014/01/10/%E5%B0%8F%E4%BA%8C%E4%B8%8A%E6%9F%A5%E5%AD%97%E5%85%B8%E8%83%8C%E5%BE%8C%E7%9A%84%E6%84%8F%E7%BE%A9/
[Wed Aug 26 00:28:08.315252 2026] [authz_core:debug] [pid 2107773:tid 2107773] mod_authz_core.c(815): [client 2001:b011:3802:d5fc:d8c9:f604:9ce5:a394:62149] AH01626: authorization result of : granted, referer: https://2blog.ilc.edu.tw/1003/2014/01/10/%E5%B0%8F%E4%BA%8C%E4%B8%8A%E6%9F%A5%E5%AD%97%E5%85%B8%E8%83%8C%E5%BE%8C%E7%9A%84%E6%84%8F%E7%BE%A9/
[Wed Aug 26 00:28:08.315352 2026] [authz_core:debug] [pid 2107773:tid 2107773] mod_authz_core.c(815): [client 2001:b011:3802:d5fc:d8c9:f604:9ce5:a394:62149] AH01626: authorization result of Require all granted: granted, referer: https://2blog.ilc.edu.tw/1003/2014/01/10/%E5%B0%8F%E4%BA%8C%E4%B8%8A%E6%9F%A5%E5%AD%97%E5%85%B8%E8%83%8C%E5%BE%8C%E7%9A%84%E6%84%8F%E7%BE%A9/
[Wed Aug 26 00:28:08.315356 2026] [authz_core:debug] [pid 2107773:tid 2107773] mod_authz_core.c(815): [client 2001:b011:3802:d5fc:d8c9:f604:9ce5:a394:62149] AH01626: authorization result of : granted, referer: https://2blog.ilc.edu.tw/1003/2014/01/10/%E5%B0%8F%E4%BA%8C%E4%B8%8A%E6%9F%A5%E5%AD%97%E5%85%B8%E8%83%8C%E5%BE%8C%E7%9A%84%E6%84%8F%E7%BE%A9/
[Wed Aug 26 00:28:08.315366 2026] [deflate:debug] [pid 2107776:tid 2107776] mod_deflate.c(909): [client 2001:b011:3802:d5fc:d8c9:f604:9ce5:a394:62152] AH01384: Zlib: Compressed 101300 to 34531 : URL /wp-content/cache/2blog.ilc.edu.tw/wpfc-minified/7jci0eqx/5woub.js, referer: https://2blog.ilc.edu.tw/1003/2014/01/10/%E5%B0%8F%E4%BA%8C%E4%B8%8A%E6%9F%A5%E5%AD%97%E5%85%B8%E8%83%8C%E5%BE%8C%E7%9A%84%E6%84%8F%E7%BE%A9/
[Wed Aug 26 00:28:08.315446 2026] [deflate:debug] [pid 2107773:tid 2107773] mod_deflate.c(909): [client 2001:b011:3802:d5fc:d8c9:f604:9ce5:a394:62149] AH01384: Zlib: Compressed 1718 to 700 : URL /wp-includes/js/hoverintent-js.min.js, referer: https://2blog.ilc.edu.tw/1003/2014/01/10/%E5%B0%8F%E4%BA%8C%E4%B8%8A%E6%9F%A5%E5%AD%97%E5%85%B8%E8%83%8C%E5%BE%8C%E7%9A%84%E6%84%8F%E7%BE%A9/
[Wed Aug 26 00:28:08.315747 2026] [deflate:debug] [pid 2107775:tid 2107775] mod_deflate.c(909): [client 2001:b011:3802:d5fc:d8c9:f604:9ce5:a394:62151] AH01384: Zlib: Compressed 121213 to 17310 : URL /wp-content/cache/2blog.ilc.edu.tw/wpfc-minified/lx5sg0nx/5wohd.css, referer: https://2blog.ilc.edu.tw/1003/2014/01/10/%E5%B0%8F%E4%BA%8C%E4%B8%8A%E6%9F%A5%E5%AD%97%E5%85%B8%E8%83%8C%E5%BE%8C%E7%9A%84%E6%84%8F%E7%BE%A9/
[Wed Aug 26 00:28:08.322898 2026] [ssl:debug] [pid 2107777:tid 2107777] ssl_engine_kernel.c(254): [client 2001:b011:3802:d5fc:d8c9:f604:9ce5:a394:62154] AH02034: Subsequent (No.2) HTTPS request received for child 35 (server 2blog.ilc.edu.tw:443), referer: https://2blog.ilc.edu.tw/1003/2014/01/10/%E5%B0%8F%E4%BA%8C%E4%B8%8A%E6%9F%A5%E5%AD%97%E5%85%B8%E8%83%8C%E5%BE%8C%E7%9A%84%E6%84%8F%E7%BE%A9/
[Wed Aug 26 00:28:08.323053 2026] [authz_core:debug] [pid 2107777:tid 2107777] mod_authz_core.c(815): [client 2001:b011:3802:d5fc:d8c9:f604:9ce5:a394:62154] AH01626: authorization result of Require all granted: granted, referer: https://2blog.ilc.edu.tw/1003/2014/01/10/%E5%B0%8F%E4%BA%8C%E4%B8%8A%E6%9F%A5%E5%AD%97%E5%85%B8%E8%83%8C%E5%BE%8C%E7%9A%84%E6%84%8F%E7%BE%A9/
[Wed Aug 26 00:28:08.323057 2026] [authz_core:debug] [pid 2107777:tid 2107777] mod_authz_core.c(815): [client 2001:b011:3802:d5fc:d8c9:f604:9ce5:a394:62154] AH01626: authorization result of : granted, referer: https://2blog.ilc.edu.tw/1003/2014/01/10/%E5%B0%8F%E4%BA%8C%E4%B8%8A%E6%9F%A5%E5%AD%97%E5%85%B8%E8%83%8C%E5%BE%8C%E7%9A%84%E6%84%8F%E7%BE%A9/
[Wed Aug 26 00:28:08.323170 2026] [authz_core:debug] [pid 2107777:tid 2107777] mod_authz_core.c(815): [client 2001:b011:3802:d5fc:d8c9:f604:9ce5:a394:62154] AH01626: authorization result of Require all granted: granted, referer: https://2blog.ilc.edu.tw/1003/2014/01/10/%E5%B0%8F%E4%BA%8C%E4%B8%8A%E6%9F%A5%E5%AD%97%E5%85%B8%E8%83%8C%E5%BE%8C%E7%9A%84%E6%84%8F%E7%BE%A9/
[Wed Aug 26 00:28:08.323173 2026] [authz_core:debug] [pid 2107777:tid 2107777] mod_authz_core.c(815): [client 2001:b011:3802:d5fc:d8c9:f604:9ce5:a394:62154] AH01626: authorization result of : granted, referer: https://2blog.ilc.edu.tw/1003/2014/01/10/%E5%B0%8F%E4%BA%8C%E4%B8%8A%E6%9F%A5%E5%AD%97%E5%85%B8%E8%83%8C%E5%BE%8C%E7%9A%84%E6%84%8F%E7%BE%A9/
[Wed Aug 26 00:28:08.323315 2026] [deflate:debug] [pid 2107777:tid 2107777] mod_deflate.c(909): [client 2001:b011:3802:d5fc:d8c9:f604:9ce5:a394:62154] AH01384: Zlib: Compressed 3487 to 1339 : URL /wp-includes/js/admin-bar.min.js, referer: https://2blog.ilc.edu.tw/1003/2014/01/10/%E5%B0%8F%E4%BA%8C%E4%B8%8A%E6%9F%A5%E5%AD%97%E5%85%B8%E8%83%8C%E5%BE%8C%E7%9A%84%E6%84%8F%E7%BE%A9/
[Wed Aug 26 00:28:08.325678 2026] [ssl:debug] [pid 2107774:tid 2107774] ssl_engine_kernel.c(254): [client 2001:b011:3802:d5fc:d8c9:f604:9ce5:a394:62153] AH02034: Subsequent (No.2) HTTPS request received for child 32 (server 2blog.ilc.edu.tw:443), referer: https://2blog.ilc.edu.tw/1003/2014/01/10/%E5%B0%8F%E4%BA%8C%E4%B8%8A%E6%9F%A5%E5%AD%97%E5%85%B8%E8%83%8C%E5%BE%8C%E7%9A%84%E6%84%8F%E7%BE%A9/
[Wed Aug 26 00:28:08.325808 2026] [authz_core:debug] [pid 2107774:tid 2107774] mod_authz_core.c(815): [client 2001:b011:3802:d5fc:d8c9:f604:9ce5:a394:62153] AH01626: authorization result of Require all granted: granted, referer: https://2blog.ilc.edu.tw/1003/2014/01/10/%E5%B0%8F%E4%BA%8C%E4%B8%8A%E6%9F%A5%E5%AD%97%E5%85%B8%E8%83%8C%E5%BE%8C%E7%9A%84%E6%84%8F%E7%BE%A9/
[Wed Aug 26 00:28:08.325812 2026] [authz_core:debug] [pid 2107774:tid 2107774] mod_authz_core.c(815): [client 2001:b011:3802:d5fc:d8c9:f604:9ce5:a394:62153] AH01626: authorization result of : granted, referer: https://2blog.ilc.edu.tw/1003/2014/01/10/%E5%B0%8F%E4%BA%8C%E4%B8%8A%E6%9F%A5%E5%AD%97%E5%85%B8%E8%83%8C%E5%BE%8C%E7%9A%84%E6%84%8F%E7%BE%A9/
[Wed Aug 26 00:28:08.325929 2026] [authz_core:debug] [pid 2107774:tid 2107774] mod_authz_core.c(815): [client 2001:b011:3802:d5fc:d8c9:f604:9ce5:a394:62153] AH01626: authorization result of Require all granted: granted, referer: https://2blog.ilc.edu.tw/1003/2014/01/10/%E5%B0%8F%E4%BA%8C%E4%B8%8A%E6%9F%A5%E5%AD%97%E5%85%B8%E8%83%8C%E5%BE%8C%E7%9A%84%E6%84%8F%E7%BE%A9/
[Wed Aug 26 00:28:08.325932 2026] [authz_core:debug] [pid 2107774:tid 2107774] mod_authz_core.c(815): [client 2001:b011:3802:d5fc:d8c9:f604:9ce5:a394:62153] AH01626: authorization result of : granted, referer: https://2blog.ilc.edu.tw/1003/2014/01/10/%E5%B0%8F%E4%BA%8C%E4%B8%8A%E6%9F%A5%E5%AD%97%E5%85%B8%E8%83%8C%E5%BE%8C%E7%9A%84%E6%84%8F%E7%BE%A9/
