[Wed Aug 26 00:29:13.796179 2026] [deflate:debug] [pid 2107819:tid 2107819] mod_deflate.c(909): [client 2408:867a:80c::19c:14942] AH01384: Zlib: Compressed 712 to 422 : URL /wp-content/plugins/ocean-extra/includes/widgets/js/flickr.min.js, referer: https://www.ytes.ilc.edu.tw/category/c-98883/
[Wed Aug 26 00:29:14.045422 2026] [ssl:debug] [pid 2107686:tid 2107686] ssl_engine_kernel.c(254): [client 2408:867a:80c::19c:12882] AH02034: Subsequent (No.9) HTTPS request received for child 15 (server www.ytes.ilc.edu.tw:443), referer: https://www.ytes.ilc.edu.tw/category/c-98883/
[Wed Aug 26 00:29:14.045652 2026] [authz_core:debug] [pid 2107686:tid 2107686] mod_authz_core.c(815): [client 2408:867a:80c::19c:12882] AH01626: authorization result of Require all granted: granted, referer: https://www.ytes.ilc.edu.tw/category/c-98883/
[Wed Aug 26 00:29:14.045666 2026] [authz_core:debug] [pid 2107686:tid 2107686] mod_authz_core.c(815): [client 2408:867a:80c::19c:12882] AH01626: authorization result of : granted, referer: https://www.ytes.ilc.edu.tw/category/c-98883/
[Wed Aug 26 00:29:14.050800 2026] [deflate:debug] [pid 2107686:tid 2107686] mod_deflate.c(909): [client 2408:867a:80c::19c:12882] AH01384: Zlib: Compressed 158005 to 38771 : URL /wp-includes/js/mediaelement/mediaelement-and-player.min.js, referer: https://www.ytes.ilc.edu.tw/category/c-98883/
[Wed Aug 26 00:29:14.101287 2026] [ssl:debug] [pid 2107761:tid 2107761] ssl_engine_kernel.c(254): [client 2408:867a:80c::19c:14950] AH02034: Subsequent (No.3) HTTPS request received for child 11 (server www.ytes.ilc.edu.tw:443), referer: https://www.ytes.ilc.edu.tw/category/c-98883/
[Wed Aug 26 00:29:14.101568 2026] [authz_core:debug] [pid 2107761:tid 2107761] mod_authz_core.c(815): [client 2408:867a:80c::19c:14950] AH01626: authorization result of Require all granted: granted, referer: https://www.ytes.ilc.edu.tw/category/c-98883/
[Wed Aug 26 00:29:14.101578 2026] [authz_core:debug] [pid 2107761:tid 2107761] mod_authz_core.c(815): [client 2408:867a:80c::19c:14950] AH01626: authorization result of : granted, referer: https://www.ytes.ilc.edu.tw/category/c-98883/
[Wed Aug 26 00:29:14.101842 2026] [deflate:debug] [pid 2107761:tid 2107761] mod_deflate.c(909): [client 2408:867a:80c::19c:14950] AH01384: Zlib: Compressed 1191 to 522 : URL /wp-includes/js/mediaelement/mediaelement-migrate.min.js, referer: https://www.ytes.ilc.edu.tw/category/c-98883/
[Wed Aug 26 00:29:14.178913 2026] [ssl:debug] [pid 2107673:tid 2107673] ssl_engine_kernel.c(254): [client 2408:867a:80c::19c:14944] AH02034: Subsequent (No.4) HTTPS request received for child 4 (server www.ytes.ilc.edu.tw:443), referer: https://www.ytes.ilc.edu.tw/category/c-98883/
[Wed Aug 26 00:29:14.179016 2026] [ssl:debug] [pid 2107813:tid 2107813] ssl_engine_kernel.c(254): [client 2408:867a:80c::19c:14946] AH02034: Subsequent (No.4) HTTPS request received for child 0 (server www.ytes.ilc.edu.tw:443), referer: https://www.ytes.ilc.edu.tw/category/c-98883/
[Wed Aug 26 00:29:14.179115 2026] [authz_core:debug] [pid 2107673:tid 2107673] mod_authz_core.c(815): [client 2408:867a:80c::19c:14944] AH01626: authorization result of Require all granted: granted, referer: https://www.ytes.ilc.edu.tw/category/c-98883/
[Wed Aug 26 00:29:14.179121 2026] [authz_core:debug] [pid 2107673:tid 2107673] mod_authz_core.c(815): [client 2408:867a:80c::19c:14944] AH01626: authorization result of : granted, referer: https://www.ytes.ilc.edu.tw/category/c-98883/
[Wed Aug 26 00:29:14.179184 2026] [authz_core:debug] [pid 2107813:tid 2107813] mod_authz_core.c(815): [client 2408:867a:80c::19c:14946] AH01626: authorization result of Require all granted: granted, referer: https://www.ytes.ilc.edu.tw/category/c-98883/
[Wed Aug 26 00:29:14.179190 2026] [authz_core:debug] [pid 2107813:tid 2107813] mod_authz_core.c(815): [client 2408:867a:80c::19c:14946] AH01626: authorization result of : granted, referer: https://www.ytes.ilc.edu.tw/category/c-98883/
[Wed Aug 26 00:29:14.179350 2026] [deflate:debug] [pid 2107813:tid 2107813] mod_deflate.c(909): [client 2408:867a:80c::19c:14946] AH01384: Zlib: Compressed 1107 to 520 : URL /wp-includes/js/mediaelement/wp-mediaelement.min.js, referer: https://www.ytes.ilc.edu.tw/category/c-98883/
[Wed Aug 26 00:29:14.179393 2026] [deflate:debug] [pid 2107673:tid 2107673] mod_deflate.c(909): [client 2408:867a:80c::19c:14944] AH01384: Zlib: Compressed 6464 to 2266 : URL /wp-includes/js/mediaelement/renderers/vimeo.min.js, referer: https://www.ytes.ilc.edu.tw/category/c-98883/
[Wed Aug 26 00:29:14.198662 2026] [ssl:info] [pid 2107785:tid 2107785] [client 54.157.99.244:40834] AH01964: Connection to child 43 established (server 2blog.ilc.edu.tw:443)
[Wed Aug 26 00:29:14.198861 2026] [ssl:debug] [pid 2107785:tid 2107785] ssl_engine_kernel.c(2222): [client 54.157.99.244:40834] AH02043: SSL virtual host for servername www.najh.ilc.edu.tw found
[Wed Aug 26 00:29:14.298555 2026] [ssl:debug] [pid 2107762:tid 2107762] ssl_engine_io.c(1150): [client 52.167.144.184:9717] AH02001: Connection closed to child 12 with standard shutdown (server 2blog.ilc.edu.tw:443)
[Wed Aug 26 00:29:14.403036 2026] [ssl:debug] [pid 2107785:tid 2107785] ssl_engine_kernel.c(2082): [client 54.157.99.244:40834] AH02041: Protocol: TLSv1.3, Cipher: TLS_AES_256_GCM_SHA384 (256/256 bits)
[Wed Aug 26 00:29:14.403084 2026] [socache_shmcb:debug] [pid 2107785:tid 2107785] mod_socache_shmcb.c(508): AH00831: socache_shmcb_store (0x12 -> subcache 18)
[Wed Aug 26 00:29:14.403089 2026] [socache_shmcb:debug] [pid 2107785:tid 2107785] mod_socache_shmcb.c(860): AH00847: insert happened at idx=32, data=(4558:4590)
[Wed Aug 26 00:29:14.403091 2026] [socache_shmcb:debug] [pid 2107785:tid 2107785] mod_socache_shmcb.c(863): AH00848: finished insert, subcache: idx_pos/idx_used=3/30, data_pos/data_used=11934/6704
[Wed Aug 26 00:29:14.403093 2026] [socache_shmcb:debug] [pid 2107785:tid 2107785] mod_socache_shmcb.c(530): AH00834: leaving socache_shmcb_store successfully
[Wed Aug 26 00:29:14.403136 2026] [socache_shmcb:debug] [pid 2107785:tid 2107785] mod_socache_shmcb.c(508): AH00831: socache_shmcb_store (0x20 -> subcache 0)
[Wed Aug 26 00:29:14.403139 2026] [socache_shmcb:debug] [pid 2107785:tid 2107785] mod_socache_shmcb.c(860): AH00847: insert happened at idx=35, data=(5350:5382)
[Wed Aug 26 00:29:14.403141 2026] [socache_shmcb:debug] [pid 2107785:tid 2107785] mod_socache_shmcb.c(863): AH00848: finished insert, subcache: idx_pos/idx_used=87/37, data_pos/data_used=11174/8256
[Wed Aug 26 00:29:14.403143 2026] [socache_shmcb:debug] [pid 2107785:tid 2107785] mod_socache_shmcb.c(530): AH00834: leaving socache_shmcb_store successfully
[Wed Aug 26 00:29:14.403256 2026] [ssl:debug] [pid 2107785:tid 2107785] ssl_engine_kernel.c(254): [client 54.157.99.244:40834] AH02034: Initial (No.1) HTTPS request received for child 43 (server www.najh.ilc.edu.tw:443)
[Wed Aug 26 00:29:14.403420 2026] [authz_core:debug] [pid 2107785:tid 2107785] mod_authz_core.c(815): [client 54.157.99.244:40834] AH01626: authorization result of Require all granted: granted
[Wed Aug 26 00:29:14.403425 2026] [authz_core:debug] [pid 2107785:tid 2107785] mod_authz_core.c(815): [client 54.157.99.244:40834] AH01626: authorization result of : granted
[Wed Aug 26 00:29:14.403535 2026] [authz_core:debug] [pid 2107785:tid 2107785] mod_authz_core.c(815): [client 54.157.99.244:40834] AH01626: authorization result of Require all granted: granted
[Wed Aug 26 00:29:14.403538 2026] [authz_core:debug] [pid 2107785:tid 2107785] mod_authz_core.c(815): [client 54.157.99.244:40834] AH01626: authorization result of : granted
[Wed Aug 26 00:29:14.455643 2026] [ssl:debug] [pid 2107779:tid 2107779] ssl_engine_io.c(1150): [client 34.30.223.149:55808] AH02001: Connection closed to child 37 with standard shutdown (server 2blog.ilc.edu.tw:443)
[Wed Aug 26 00:29:14.564702 2026] [ssl:debug] [pid 2107785:tid 2107785] ssl_engine_io.c(1150): [client 54.157.99.244:40834] AH02001: Connection closed to child 43 with standard shutdown (server www.najh.ilc.edu.tw:443)
[Wed Aug 26 00:29:14.584160 2026] [ssl:info] [pid 2107777:tid 2107777] (70014)End of file found: [client 66.249.79.138:52099] AH01992: SSL library error 6 reading data
[Wed Aug 26 00:29:14.584225 2026] [ssl:debug] [pid 2107777:tid 2107777] ssl_engine_io.c(1150): [client 66.249.79.138:52099] AH02001: Connection closed to child 35 with standard shutdown (server www.jwes.ilc.edu.tw:443)
[Wed Aug 26 00:29:14.854556 2026] [ssl:debug] [pid 2107673:tid 2107673] ssl_engine_kernel.c(254): [client 2408:867a:80c::19c:14944] AH02034: Subsequent (No.5) HTTPS request received for child 4 (server www.ytes.ilc.edu.tw:443), referer: https://www.ytes.ilc.edu.tw/wp-content/cache/www.ytes.ilc.edu.tw/wpfc-minified/m8xd33fs/6w73.css
[Wed Aug 26 00:29:14.854766 2026] [authz_core:debug] [pid 2107673:tid 2107673] mod_authz_core.c(815): [client 2408:867a:80c::19c:14944] AH01626: authorization result of Require all granted: granted, referer: https://www.ytes.ilc.edu.tw/wp-content/cache/www.ytes.ilc.edu.tw/wpfc-minified/m8xd33fs/6w73.css
[Wed Aug 26 00:29:14.854772 2026] [authz_core:debug] [pid 2107673:tid 2107673] mod_authz_core.c(815): [client 2408:867a:80c::19c:14944] AH01626: authorization result of : granted, referer: https://www.ytes.ilc.edu.tw/wp-content/cache/www.ytes.ilc.edu.tw/wpfc-minified/m8xd33fs/6w73.css
[Wed Aug 26 00:29:14.858134 2026] [ssl:debug] [pid 2107813:tid 2107813] ssl_engine_kernel.c(254): [client 2408:867a:80c::19c:14946] AH02034: Subsequent (No.5) HTTPS request received for child 0 (server www.ytes.ilc.edu.tw:443), referer: https://www.ytes.ilc.edu.tw/wp-content/cache/www.ytes.ilc.edu.tw/wpfc-minified/m8xd33fs/6w73.css
[Wed Aug 26 00:29:14.858299 2026] [authz_core:debug] [pid 2107813:tid 2107813] mod_authz_core.c(815): [client 2408:867a:80c::19c:14946] AH01626: authorization result of Require all granted: granted, referer: https://www.ytes.ilc.edu.tw/wp-content/cache/www.ytes.ilc.edu.tw/wpfc-minified/m8xd33fs/6w73.css
[Wed Aug 26 00:29:14.858304 2026] [authz_core:debug] [pid 2107813:tid 2107813] mod_authz_core.c(815): [client 2408:867a:80c::19c:14946] AH01626: authorization result of : granted, referer: https://www.ytes.ilc.edu.tw/wp-content/cache/www.ytes.ilc.edu.tw/wpfc-minified/m8xd33fs/6w73.css
[Wed Aug 26 00:29:15.178559 2026] [ssl:info] [pid 2107822:tid 2107822] [client 3.223.134.5:46051] AH01964: Connection to child 8 established (server 2blog.ilc.edu.tw:443)
[Wed Aug 26 00:29:15.178934 2026] [ssl:debug] [pid 2107822:tid 2107822] ssl_engine_kernel.c(2222): [client 3.223.134.5:46051] AH02043: SSL virtual host for servername www.iedu.ilc.edu.tw found
[Wed Aug 26 00:29:15.212008 2026] [headers:debug] [pid 2107712:tid 2107712] mod_headers.c(900): AH01503: headers: ap_headers_error_filter()
[Wed Aug 26 00:29:15.298765 2026] [ssl:debug] [pid 2107685:tid 2107685] ssl_engine_kernel.c(254): [client 66.249.79.138:51117] AH02034: Subsequent (No.3) HTTPS request received for child 14 (server www.jwes.ilc.edu.tw:443)
[Wed Aug 26 00:29:15.298961 2026] [authz_core:debug] [pid 2107685:tid 2107685] mod_authz_core.c(815): [client 66.249.79.138:51117] AH01626: authorization result of Require all granted: granted
[Wed Aug 26 00:29:15.298967 2026] [authz_core:debug] [pid 2107685:tid 2107685] mod_authz_core.c(815): [client 66.249.79.138:51117] AH01626: authorization result of : granted
[Wed Aug 26 00:29:15.498004 2026] [ssl:info] [pid 2107814:tid 2107814] [client 140.111.67.10:51470] AH01964: Connection to child 1 established (server 2blog.ilc.edu.tw:443)
[Wed Aug 26 00:29:15.498146 2026] [ssl:info] [pid 2107814:tid 2107814] (70014)End of file found: [client 140.111.67.10:51470] AH02006: SSL handshake stopped: connection was closed
[Wed Aug 26 00:29:15.498153 2026] [ssl:info] [pid 2107814:tid 2107814] [client 140.111.67.10:51470] AH01998: Connection closed to child 1 with abortive shutdown (server 2blog.ilc.edu.tw:443)
[Wed Aug 26 00:29:15.541078 2026] [ssl:debug] [pid 2107822:tid 2107822] ssl_engine_kernel.c(2082): [client 3.223.134.5:46051] AH02041: Protocol: TLSv1.3, Cipher: TLS_AES_256_GCM_SHA384 (256/256 bits)
[Wed Aug 26 00:29:15.541146 2026] [socache_shmcb:debug] [pid 2107822:tid 2107822] mod_socache_shmcb.c(508): AH00831: socache_shmcb_store (0x19 -> subcache 25)
[Wed Aug 26 00:29:15.541156 2026] [socache_shmcb:debug] [pid 2107822:tid 2107822] mod_socache_shmcb.c(745): AH00842: expiring 2 and reclaiming 0 removed socache entries
[Wed Aug 26 00:29:15.541159 2026] [socache_shmcb:debug] [pid 2107822:tid 2107822] mod_socache_shmcb.c(765): AH00843: we now have 34 socache entries
[Wed Aug 26 00:29:15.541161 2026] [socache_shmcb:debug] [pid 2107822:tid 2107822] mod_socache_shmcb.c(860): AH00847: insert happened at idx=31, data=(4355:4387)
[Wed Aug 26 00:29:15.541172 2026] [socache_shmcb:debug] [pid 2107822:tid 2107822] mod_socache_shmcb.c(863): AH00848: finished insert, subcache: idx_pos/idx_used=85/35, data_pos/data_used=10640/7796
[Wed Aug 26 00:29:15.541174 2026] [socache_shmcb:debug] [pid 2107822:tid 2107822] mod_socache_shmcb.c(530): AH00834: leaving socache_shmcb_store successfully
[Wed Aug 26 00:29:15.541222 2026] [socache_shmcb:debug] [pid 2107822:tid 2107822] mod_socache_shmcb.c(508): AH00831: socache_shmcb_store (0xb7 -> subcache 23)
[Wed Aug 26 00:29:15.541230 2026] [socache_shmcb:debug] [pid 2107822:tid 2107822] mod_socache_shmcb.c(860): AH00847: insert happened at idx=21, data=(2284:2316)
[Wed Aug 26 00:29:15.541232 2026] [socache_shmcb:debug] [pid 2107822:tid 2107822] mod_socache_shmcb.c(863): AH00848: finished insert, subcache: idx_pos/idx_used=75/35, data_pos/data_used=8568/7796
[Wed Aug 26 00:29:15.541233 2026] [socache_shmcb:debug] [pid 2107822:tid 2107822] mod_socache_shmcb.c(530): AH00834: leaving socache_shmcb_store successfully
[Wed Aug 26 00:29:15.541386 2026] [ssl:debug] [pid 2107822:tid 2107822] ssl_engine_kernel.c(254): [client 3.223.134.5:46051] AH02034: Initial (No.1) HTTPS request received for child 8 (server www.iedu.ilc.edu.tw:443)
[Wed Aug 26 00:29:15.541645 2026] [authz_core:debug] [pid 2107822:tid 2107822] mod_authz_core.c(815): [client 3.223.134.5:46051] AH01626: authorization result of Require all granted: granted
[Wed Aug 26 00:29:15.541650 2026] [authz_core:debug] [pid 2107822:tid 2107822] mod_authz_core.c(815): [client 3.223.134.5:46051] AH01626: authorization result of : granted
[Wed Aug 26 00:29:15.542197 2026] [authz_core:debug] [pid 2107822:tid 2107822] mod_authz_core.c(815): [client 3.223.134.5:46051] AH01626: authorization result of Require all granted: granted
[Wed Aug 26 00:29:15.542202 2026] [authz_core:debug] [pid 2107822:tid 2107822] mod_authz_core.c(815): [client 3.223.134.5:46051] AH01626: authorization result of : granted
[Wed Aug 26 00:29:15.668901 2026] [ssl:info] [pid 2107782:tid 2107782] [client 2001:9b1:35fe:bb84::f2dc:56618] AH01964: Connection to child 40 established (server 2blog.ilc.edu.tw:443)
[Wed Aug 26 00:29:15.669125 2026] [ssl:debug] [pid 2107782:tid 2107782] ssl_engine_kernel.c(2222): [client 2001:9b1:35fe:bb84::f2dc:56618] AH02043: SSL virtual host for servername www.iljh.ilc.edu.tw found
[Wed Aug 26 00:29:15.669201 2026] [core:debug] [pid 2107782:tid 2107782] protocol.c(2460): [client 2001:9b1:35fe:bb84::f2dc:56618] AH03155: select protocol from , choices=http/1.1 for server www.iljh.ilc.edu.tw
[Wed Aug 26 00:29:15.669267 2026] [ssl:debug] [pid 2107782:tid 2107782] ssl_util_stapling.c(819): AH01951: stapling_cb: OCSP Stapling callback called
[Wed Aug 26 00:29:15.669278 2026] [ssl:info] [pid 2107782:tid 2107782] AH01926: stapling_get_certinfo: stapling not supported for certificate
[Wed Aug 26 00:29:15.733322 2026] [ssl:debug] [pid 2107822:tid 2107822] ssl_engine_io.c(1150): [client 3.223.134.5:46051] AH02001: Connection closed to child 8 with standard shutdown (server www.iedu.ilc.edu.tw:443)
[Wed Aug 26 00:29:15.757194 2026] [ssl:debug] [pid 2107764:tid 2107764] ssl_engine_io.c(1150): [client 34.30.223.149:26625] AH02001: Connection closed to child 16 with standard shutdown (server 2blog.ilc.edu.tw:443)
[Wed Aug 26 00:29:15.902038 2026] [ssl:debug] [pid 2107782:tid 2107782] ssl_engine_kernel.c(2082): [client 2001:9b1:35fe:bb84::f2dc:56618] AH02041: Protocol: TLSv1.3, Cipher: TLS_AES_256_GCM_SHA384 (256/256 bits)
[Wed Aug 26 00:29:15.902089 2026] [socache_shmcb:debug] [pid 2107782:tid 2107782] mod_socache_shmcb.c(508): AH00831: socache_shmcb_store (0x24 -> subcache 4)
[Wed Aug 26 00:29:15.902094 2026] [socache_shmcb:debug] [pid 2107782:tid 2107782] mod_socache_shmcb.c(745): AH00842: expiring 2 and reclaiming 0 removed socache entries
[Wed Aug 26 00:29:15.902096 2026] [socache_shmcb:debug] [pid 2107782:tid 2107782] mod_socache_shmcb.c(765): AH00843: we now have 42 socache entries
[Wed Aug 26 00:29:15.902098 2026] [socache_shmcb:debug] [pid 2107782:tid 2107782] mod_socache_shmcb.c(860): AH00847: insert happened at idx=60, data=(10828:10860)
[Wed Aug 26 00:29:15.902110 2026] [socache_shmcb:debug] [pid 2107782:tid 2107782] mod_socache_shmcb.c(863): AH00848: finished insert, subcache: idx_pos/idx_used=18/43, data_pos/data_used=1466/9590
[Wed Aug 26 00:29:15.902112 2026] [socache_shmcb:debug] [pid 2107782:tid 2107782] mod_socache_shmcb.c(530): AH00834: leaving socache_shmcb_store successfully
[Wed Aug 26 00:29:15.902168 2026] [socache_shmcb:debug] [pid 2107782:tid 2107782] mod_socache_shmcb.c(508): AH00831: socache_shmcb_store (0x3b -> subcache 27)
[Wed Aug 26 00:29:15.902172 2026] [socache_shmcb:debug] [pid 2107782:tid 2107782] mod_socache_shmcb.c(745): AH00842: expiring 1 and reclaiming 0 removed socache entries
[Wed Aug 26 00:29:15.902174 2026] [socache_shmcb:debug] [pid 2107782:tid 2107782] mod_socache_shmcb.c(765): AH00843: we now have 33 socache entries
[Wed Aug 26 00:29:15.902176 2026] [socache_shmcb:debug] [pid 2107782:tid 2107782] mod_socache_shmcb.c(860): AH00847: insert happened at idx=39, data=(6195:6227)
[Wed Aug 26 00:29:15.902177 2026] [socache_shmcb:debug] [pid 2107782:tid 2107782] mod_socache_shmcb.c(863): AH00848: finished insert, subcache: idx_pos/idx_used=6/34, data_pos/data_used=12706/7582
[Wed Aug 26 00:29:15.902179 2026] [socache_shmcb:debug] [pid 2107782:tid 2107782] mod_socache_shmcb.c(530): AH00834: leaving socache_shmcb_store successfully
[Wed Aug 26 00:29:16.071089 2026] [ssl:info] [pid 2107777:tid 2107777] [client 34.56.53.225:6656] AH01964: Connection to child 35 established (server 2blog.ilc.edu.tw:443)
[Wed Aug 26 00:29:16.071246 2026] [ssl:info] [pid 2107777:tid 2107777] (70014)End of file found: [client 34.56.53.225:6656] AH02006: SSL handshake stopped: connection was closed
[Wed Aug 26 00:29:16.071254 2026] [ssl:info] [pid 2107777:tid 2107777] [client 34.56.53.225:6656] AH01998: Connection closed to child 35 with abortive shutdown (server 2blog.ilc.edu.tw:443)
[Wed Aug 26 00:29:16.128527 2026] [ssl:debug] [pid 2107782:tid 2107782] ssl_engine_kernel.c(254): [client 2001:9b1:35fe:bb84::f2dc:56618] AH02034: Initial (No.1) HTTPS request received for child 40 (server www.iljh.ilc.edu.tw:443)
[Wed Aug 26 00:29:16.128707 2026] [authz_core:debug] [pid 2107782:tid 2107782] mod_authz_core.c(815): [client 2001:9b1:35fe:bb84::f2dc:56618] AH01626: authorization result of Require all granted: granted
[Wed Aug 26 00:29:16.128712 2026] [authz_core:debug] [pid 2107782:tid 2107782] mod_authz_core.c(815): [client 2001:9b1:35fe:bb84::f2dc:56618] AH01626: authorization result of : granted
[Wed Aug 26 00:29:16.128862 2026] [authz_core:debug] [pid 2107782:tid 2107782] mod_authz_core.c(815): [client 2001:9b1:35fe:bb84::f2dc:56618] AH01626: authorization result of Require all granted: granted
[Wed Aug 26 00:29:16.128867 2026] [authz_core:debug] [pid 2107782:tid 2107782] mod_authz_core.c(815): [client 2001:9b1:35fe:bb84::f2dc:56618] AH01626: authorization result of : granted
[Wed Aug 26 00:29:16.958379 2026] [ssl:info] [pid 2107785:tid 2107785] [client 34.30.223.149:64000] AH01964: Connection to child 43 established (server 2blog.ilc.edu.tw:443)
[Wed Aug 26 00:29:16.958539 2026] [ssl:debug] [pid 2107785:tid 2107785] ssl_engine_kernel.c(2222): [client 34.30.223.149:64000] AH02043: SSL virtual host for servername 2blog.ilc.edu.tw found
[Wed Aug 26 00:29:16.958585 2026] [core:debug] [pid 2107785:tid 2107785] protocol.c(2460): [client 34.30.223.149:64000] AH03155: select protocol from , choices=http/1.1 for server 2blog.ilc.edu.tw
[Wed Aug 26 00:29:17.147867 2026] [ssl:info] [pid 2107762:tid 2107762] [client 45.38.238.73:61150] AH01964: Connection to child 12 established (server 2blog.ilc.edu.tw:443)
[Wed Aug 26 00:29:17.148043 2026] [ssl:debug] [pid 2107762:tid 2107762] ssl_engine_kernel.c(2222): [client 45.38.238.73:61150] AH02043: SSL virtual host for servername 2blog.ilc.edu.tw found
[Wed Aug 26 00:29:17.148091 2026] [core:debug] [pid 2107762:tid 2107762] protocol.c(2460): [client 45.38.238.73:61150] AH03155: select protocol from , choices=h2,http/1.1 for server 2blog.ilc.edu.tw
[Wed Aug 26 00:29:17.148133 2026] [ssl:debug] [pid 2107762:tid 2107762] ssl_util_stapling.c(819): AH01951: stapling_cb: OCSP Stapling callback called
[Wed Aug 26 00:29:17.148138 2026] [ssl:info] [pid 2107762:tid 2107762] AH01926: stapling_get_certinfo: stapling not supported for certificate
[Wed Aug 26 00:29:17.244485 2026] [ssl:debug] [pid 2107785:tid 2107785] ssl_engine_kernel.c(2082): [client 34.30.223.149:64000] AH02041: Protocol: TLSv1.3, Cipher: TLS_AES_256_GCM_SHA384 (256/256 bits)
[Wed Aug 26 00:29:17.244542 2026] [socache_shmcb:debug] [pid 2107785:tid 2107785] mod_socache_shmcb.c(508): AH00831: socache_shmcb_store (0xc0 -> subcache 0)
[Wed Aug 26 00:29:17.244547 2026] [socache_shmcb:debug] [pid 2107785:tid 2107785] mod_socache_shmcb.c(860): AH00847: insert happened at idx=36, data=(5566:5598)
[Wed Aug 26 00:29:17.244549 2026] [socache_shmcb:debug] [pid 2107785:tid 2107785] mod_socache_shmcb.c(863): AH00848: finished insert, subcache: idx_pos/idx_used=87/38, data_pos/data_used=11174/8482
[Wed Aug 26 00:29:17.244551 2026] [socache_shmcb:debug] [pid 2107785:tid 2107785] mod_socache_shmcb.c(530): AH00834: leaving socache_shmcb_store successfully
[Wed Aug 26 00:29:17.244609 2026] [socache_shmcb:debug] [pid 2107785:tid 2107785] mod_socache_shmcb.c(508): AH00831: socache_shmcb_store (0xb2 -> subcache 18)
[Wed Aug 26 00:29:17.244614 2026] [socache_shmcb:debug] [pid 2107785:tid 2107785] mod_socache_shmcb.c(860): AH00847: insert happened at idx=33, data=(4774:4806)
[Wed Aug 26 00:29:17.244616 2026] [socache_shmcb:debug] [pid 2107785:tid 2107785] mod_socache_shmcb.c(863): AH00848: finished insert, subcache: idx_pos/idx_used=3/31, data_pos/data_used=11934/6930
[Wed Aug 26 00:29:17.244618 2026] [socache_shmcb:debug] [pid 2107785:tid 2107785] mod_socache_shmcb.c(530): AH00834: leaving socache_shmcb_store successfully
[Wed Aug 26 00:29:17.252411 2026] [ssl:debug] [pid 2107782:tid 2107782] ssl_engine_io.c(1150): [client 2001:9b1:35fe:bb84::f2dc:56618] AH02001: Connection closed to child 40 with standard shutdown (server www.iljh.ilc.edu.tw:443)
[Wed Aug 26 00:29:17.301219 2026] [ssl:debug] [pid 2107785:tid 2107785] ssl_engine_kernel.c(254): [client 34.30.223.149:64000] AH02034: Initial (No.1) HTTPS request received for child 43 (server 2blog.ilc.edu.tw:443)
[Wed Aug 26 00:29:17.301409 2026] [authz_core:debug] [pid 2107785:tid 2107785] mod_authz_core.c(815): [client 34.30.223.149:64000] AH01626: authorization result of Require all granted: granted
[Wed Aug 26 00:29:17.301414 2026] [authz_core:debug] [pid 2107785:tid 2107785] mod_authz_core.c(815): [client 34.30.223.149:64000] AH01626: authorization result of : granted
[Wed Aug 26 00:29:17.301532 2026] [authz_core:debug] [pid 2107785:tid 2107785] mod_authz_core.c(815): [client 34.30.223.149:64000] AH01626: authorization result of Require all granted: granted
[Wed Aug 26 00:29:17.301536 2026] [authz_core:debug] [pid 2107785:tid 2107785] mod_authz_core.c(815): [client 34.30.223.149:64000] AH01626: authorization result of : granted
[Wed Aug 26 00:29:17.568278 2026] [ssl:info] [pid 2107712:tid 2107712] [client 34.56.53.225:22530] AH01964: Connection to child 2 established (server 2blog.ilc.edu.tw:443)
[Wed Aug 26 00:29:17.568431 2026] [ssl:info] [pid 2107712:tid 2107712] (70014)End of file found: [client 34.56.53.225:22530] AH02006: SSL handshake stopped: connection was closed
[Wed Aug 26 00:29:17.568440 2026] [ssl:info] [pid 2107712:tid 2107712] [client 34.56.53.225:22530] AH01998: Connection closed to child 2 with abortive shutdown (server 2blog.ilc.edu.tw:443)
[Wed Aug 26 00:29:17.594502 2026] [ssl:debug] [pid 2107820:tid 2107820] ssl_engine_io.c(1150): [client 34.30.223.149:36352] AH02001: Connection closed to child 6 with standard shutdown (server 2blog.ilc.edu.tw:443)
[Wed Aug 26 00:29:18.061001 2026] [ssl:debug] [pid 2107762:tid 2107762] ssl_engine_kernel.c(2082): [client 45.38.238.73:61150] AH02041: Protocol: TLSv1.3, Cipher: TLS_AES_256_GCM_SHA384 (256/256 bits)
[Wed Aug 26 00:29:18.061059 2026] [socache_shmcb:debug] [pid 2107762:tid 2107762] mod_socache_shmcb.c(508): AH00831: socache_shmcb_store (0x18 -> subcache 24)
[Wed Aug 26 00:29:18.061075 2026] [socache_shmcb:debug] [pid 2107762:tid 2107762] mod_socache_shmcb.c(860): AH00847: insert happened at idx=31, data=(4386:4418)
[Wed Aug 26 00:29:18.061077 2026] [socache_shmcb:debug] [pid 2107762:tid 2107762] mod_socache_shmcb.c(863): AH00848: finished insert, subcache: idx_pos/idx_used=78/42, data_pos/data_used=9142/9334
[Wed Aug 26 00:29:18.061079 2026] [socache_shmcb:debug] [pid 2107762:tid 2107762] mod_socache_shmcb.c(530): AH00834: leaving socache_shmcb_store successfully
[Wed Aug 26 00:29:18.061141 2026] [socache_shmcb:debug] [pid 2107762:tid 2107762] mod_socache_shmcb.c(508): AH00831: socache_shmcb_store (0x0f -> subcache 15)
[Wed Aug 26 00:29:18.061146 2026] [socache_shmcb:debug] [pid 2107762:tid 2107762] mod_socache_shmcb.c(745): AH00842: expiring 2 and reclaiming 0 removed socache entries
[Wed Aug 26 00:29:18.061148 2026] [socache_shmcb:debug] [pid 2107762:tid 2107762] mod_socache_shmcb.c(765): AH00843: we now have 43 socache entries
[Wed Aug 26 00:29:18.061150 2026] [socache_shmcb:debug] [pid 2107762:tid 2107762] mod_socache_shmcb.c(860): AH00847: insert happened at idx=33, data=(4950:4982)
[Wed Aug 26 00:29:18.061151 2026] [socache_shmcb:debug] [pid 2107762:tid 2107762] mod_socache_shmcb.c(863): AH00848: finished insert, subcache: idx_pos/idx_used=78/44, data_pos/data_used=9188/9851
[Wed Aug 26 00:29:18.061153 2026] [socache_shmcb:debug] [pid 2107762:tid 2107762] mod_socache_shmcb.c(530): AH00834: leaving socache_shmcb_store successfully
[Wed Aug 26 00:29:18.061261 2026] [ssl:debug] [pid 2107762:tid 2107762] ssl_engine_kernel.c(254): [client 45.38.238.73:61150] AH02034: Initial (No.1) HTTPS request received for child 12 (server 2blog.ilc.edu.tw:443)
[Wed Aug 26 00:29:18.069910 2026] [authz_core:debug] [pid 2107762:tid 2107762] mod_authz_core.c(815): [client 45.38.238.73:61150] AH01626: authorization result of Require all granted: granted
[Wed Aug 26 00:29:18.069929 2026] [authz_core:debug] [pid 2107762:tid 2107762] mod_authz_core.c(815): [client 45.38.238.73:61150] AH01626: authorization result of : granted
[Wed Aug 26 00:29:18.100766 2026] [headers:debug] [pid 2107814:tid 2107814] mod_headers.c(900): AH01503: headers: ap_headers_error_filter()
[Wed Aug 26 00:29:18.194507 2026] [ssl:info] [pid 2107779:tid 2107779] [client 2001:288:a201::66:125:58959] AH01964: Connection to child 37 established (server 2blog.ilc.edu.tw:443)
[Wed Aug 26 00:29:18.194658 2026] [ssl:debug] [pid 2107779:tid 2107779] ssl_engine_kernel.c(2252): [client 2001:288:a201::66:125:58959] AH02645: Server name not provided via TLS extension (using default/first virtual host)
[Wed Aug 26 00:29:18.194673 2026] [socache_shmcb:debug] [pid 2107779:tid 2107779] mod_socache_shmcb.c(545): AH00835: socache_shmcb_retrieve (0x51 -> subcache 17)
[Wed Aug 26 00:29:18.194676 2026] [socache_shmcb:debug] [pid 2107779:tid 2107779] mod_socache_shmcb.c(896): AH00849: match at idx=5, data=12467
[Wed Aug 26 00:29:18.194678 2026] [socache_shmcb:debug] [pid 2107779:tid 2107779] mod_socache_shmcb.c(556): AH00836: leaving socache_shmcb_retrieve successfully
[Wed Aug 26 00:29:18.195695 2026] [ssl:debug] [pid 2107779:tid 2107779] ssl_engine_kernel.c(2082): [client 2001:288:a201::66:125:58959] AH02041: Protocol: TLSv1.2, Cipher: ECDHE-RSA-AES256-GCM-SHA384 (256/256 bits)
[Wed Aug 26 00:29:18.195776 2026] [ssl:debug] [pid 2107779:tid 2107779] ssl_engine_kernel.c(254): [client 2001:288:a201::66:125:58959] AH02034: Initial (No.1) HTTPS request received for child 37 (server 2blog.ilc.edu.tw:443)
[Wed Aug 26 00:29:18.195934 2026] [authz_core:debug] [pid 2107779:tid 2107779] mod_authz_core.c(815): [client 2001:288:a201::66:125:58959] AH01626: authorization result of Require all granted: granted
[Wed Aug 26 00:29:18.195938 2026] [authz_core:debug] [pid 2107779:tid 2107779] mod_authz_core.c(815): [client 2001:288:a201::66:125:58959] AH01626: authorization result of : granted
[Wed Aug 26 00:29:18.196056 2026] [authz_core:debug] [pid 2107779:tid 2107779] mod_authz_core.c(815): [client 2001:288:a201::66:125:58959] AH01626: authorization result of Require all granted: granted
[Wed Aug 26 00:29:18.196068 2026] [authz_core:debug] [pid 2107779:tid 2107779] mod_authz_core.c(815): [client 2001:288:a201::66:125:58959] AH01626: authorization result of : granted
[Wed Aug 26 00:29:18.196078 2026] [php7:error] [pid 2107779:tid 2107779] [client 2001:288:a201::66:125:58959] script '/var/www/html/2blog/active.php' not found or unable to stat
[Wed Aug 26 00:29:18.196085 2026] [headers:debug] [pid 2107779:tid 2107779] mod_headers.c(900): AH01503: headers: ap_headers_error_filter()
[Wed Aug 26 00:29:18.196185 2026] [ssl:debug] [pid 2107779:tid 2107779] ssl_engine_io.c(1150): [client 2001:288:a201::66:125:58959] AH02001: Connection closed to child 37 with standard shutdown (server 2blog.ilc.edu.tw:443)
[Wed Aug 26 00:29:18.236158 2026] [ssl:info] [pid 2107777:tid 2107777] [client 3.213.106.226:2012] AH01964: Connection to child 35 established (server 2blog.ilc.edu.tw:443)
[Wed Aug 26 00:29:18.236309 2026] [ssl:debug] [pid 2107777:tid 2107777] ssl_engine_kernel.c(2222): [client 3.213.106.226:2012] AH02043: SSL virtual host for servername 2blog.ilc.edu.tw found
[Wed Aug 26 00:29:18.368372 2026] [ssl:info] [pid 2107822:tid 2107822] [client 34.171.68.95:60416] AH01964: Connection to child 8 established (server 2blog.ilc.edu.tw:443)
[Wed Aug 26 00:29:18.368523 2026] [ssl:info] [pid 2107822:tid 2107822] (70014)End of file found: [client 34.171.68.95:60416] AH02006: SSL handshake stopped: connection was closed
[Wed Aug 26 00:29:18.368530 2026] [ssl:info] [pid 2107822:tid 2107822] [client 34.171.68.95:60416] AH01998: Connection closed to child 8 with abortive shutdown (server 2blog.ilc.edu.tw:443)
[Wed Aug 26 00:29:18.470162 2026] [ssl:debug] [pid 2107777:tid 2107777] ssl_engine_kernel.c(2082): [client 3.213.106.226:2012] AH02041: Protocol: TLSv1.3, Cipher: TLS_AES_256_GCM_SHA384 (256/256 bits)
[Wed Aug 26 00:29:18.470212 2026] [socache_shmcb:debug] [pid 2107777:tid 2107777] mod_socache_shmcb.c(508): AH00831: socache_shmcb_store (0x48 -> subcache 8)
[Wed Aug 26 00:29:18.470218 2026] [socache_shmcb:debug] [pid 2107777:tid 2107777] mod_socache_shmcb.c(860): AH00847: insert happened at idx=14, data=(752:784)
[Wed Aug 26 00:29:18.470220 2026] [socache_shmcb:debug] [pid 2107777:tid 2107777] mod_socache_shmcb.c(863): AH00848: finished insert, subcache: idx_pos/idx_used=74/29, data_pos/data_used=8347/6482
[Wed Aug 26 00:29:18.470223 2026] [socache_shmcb:debug] [pid 2107777:tid 2107777] mod_socache_shmcb.c(530): AH00834: leaving socache_shmcb_store successfully
[Wed Aug 26 00:29:18.470268 2026] [socache_shmcb:debug] [pid 2107777:tid 2107777] mod_socache_shmcb.c(508): AH00831: socache_shmcb_store (0x07 -> subcache 7)
[Wed Aug 26 00:29:18.470272 2026] [socache_shmcb:debug] [pid 2107777:tid 2107777] mod_socache_shmcb.c(745): AH00842: expiring 1 and reclaiming 0 removed socache entries
[Wed Aug 26 00:29:18.470275 2026] [socache_shmcb:debug] [pid 2107777:tid 2107777] mod_socache_shmcb.c(765): AH00843: we now have 39 socache entries
[Wed Aug 26 00:29:18.470277 2026] [socache_shmcb:debug] [pid 2107777:tid 2107777] mod_socache_shmcb.c(860): AH00847: insert happened at idx=29, data=(3868:3900)
[Wed Aug 26 00:29:18.470278 2026] [socache_shmcb:debug] [pid 2107777:tid 2107777] mod_socache_shmcb.c(863): AH00848: finished insert, subcache: idx_pos/idx_used=78/40, data_pos/data_used=9023/8922
[Wed Aug 26 00:29:18.470280 2026] [socache_shmcb:debug] [pid 2107777:tid 2107777] mod_socache_shmcb.c(530): AH00834: leaving socache_shmcb_store successfully
[Wed Aug 26 00:29:18.470387 2026] [ssl:debug] [pid 2107777:tid 2107777] ssl_engine_kernel.c(254): [client 3.213.106.226:2012] AH02034: Initial (No.1) HTTPS request received for child 35 (server 2blog.ilc.edu.tw:443)
[Wed Aug 26 00:29:18.470554 2026] [authz_core:debug] [pid 2107777:tid 2107777] mod_authz_core.c(815): [client 3.213.106.226:2012] AH01626: authorization result of Require all granted: granted
[Wed Aug 26 00:29:18.470558 2026] [authz_core:debug] [pid 2107777:tid 2107777] mod_authz_core.c(815): [client 3.213.106.226:2012] AH01626: authorization result of : granted
[Wed Aug 26 00:29:18.470684 2026] [authz_core:debug] [pid 2107777:tid 2107777] mod_authz_core.c(815): [client 3.213.106.226:2012] AH01626: authorization result of Require all granted: granted
[Wed Aug 26 00:29:18.470688 2026] [authz_core:debug] [pid 2107777:tid 2107777] mod_authz_core.c(815): [client 3.213.106.226:2012] AH01626: authorization result of : granted
[Wed Aug 26 00:29:18.562585 2026] [ssl:debug] [pid 2107685:tid 2107685] ssl_engine_kernel.c(254): [client 66.249.79.138:51117] AH02034: Subsequent (No.4) HTTPS request received for child 14 (server www.jwes.ilc.edu.tw:443)
[Wed Aug 26 00:29:18.562774 2026] [authz_core:debug] [pid 2107685:tid 2107685] mod_authz_core.c(815): [client 66.249.79.138:51117] AH01626: authorization result of Require all granted: granted
[Wed Aug 26 00:29:18.562779 2026] [authz_core:debug] [pid 2107685:tid 2107685] mod_authz_core.c(815): [client 66.249.79.138:51117] AH01626: authorization result of : granted
[Wed Aug 26 00:29:18.744142 2026] [ssl:debug] [pid 2102818:tid 2102818] ssl_engine_io.c(1150): [client 2408:867a:80c::19c:14952] AH02001: Connection closed to child 22 with standard shutdown (server www.ytes.ilc.edu.tw:443)
[Wed Aug 26 00:29:18.801105 2026] [ssl:debug] [pid 2107819:tid 2107819] ssl_engine_io.c(1150): [client 2408:867a:80c::19c:14942] AH02001: Connection closed to child 5 with standard shutdown (server www.ytes.ilc.edu.tw:443)
[Wed Aug 26 00:29:19.053068 2026] [ssl:debug] [pid 2107686:tid 2107686] ssl_engine_io.c(1150): [client 2408:867a:80c::19c:12882] AH02001: Connection closed to child 15 with standard shutdown (server www.ytes.ilc.edu.tw:443)
[Wed Aug 26 00:29:19.105056 2026] [ssl:debug] [pid 2107761:tid 2107761] ssl_engine_io.c(1150): [client 2408:867a:80c::19c:14950] AH02001: Connection closed to child 11 with standard shutdown (server www.ytes.ilc.edu.tw:443)
[Wed Aug 26 00:29:19.133623 2026] [deflate:debug] [pid 2107777:tid 2107777] mod_deflate.c(909): [client 3.213.106.226:2012] AH01384: Zlib: Compressed 530545 to 85664 : URL /index.php
[Wed Aug 26 00:29:19.133790 2026] [ssl:debug] [pid 2107777:tid 2107777] ssl_engine_io.c(1150): [client 3.213.106.226:2012] AH02001: Connection closed to child 35 with standard shutdown (server 2blog.ilc.edu.tw:443)
[Wed Aug 26 00:29:19.237275 2026] [ssl:info] [pid 2107764:tid 2107764] [client 34.30.223.149:5121] AH01964: Connection to child 16 established (server 2blog.ilc.edu.tw:443)
[Wed Aug 26 00:29:19.237425 2026] [ssl:debug] [pid 2107764:tid 2107764] ssl_engine_kernel.c(2222): [client 34.30.223.149:5121] AH02043: SSL virtual host for servername 2blog.ilc.edu.tw found
[Wed Aug 26 00:29:19.237472 2026] [core:debug] [pid 2107764:tid 2107764] protocol.c(2460): [client 34.30.223.149:5121] AH03155: select protocol from , choices=http/1.1 for server 2blog.ilc.edu.tw
[Wed Aug 26 00:29:19.583144 2026] [ssl:info] [pid 2107782:tid 2107782] [client 85.208.96.200:37502] AH01964: Connection to child 40 established (server 2blog.ilc.edu.tw:443)
[Wed Aug 26 00:29:19.583329 2026] [ssl:debug] [pid 2107782:tid 2107782] ssl_engine_kernel.c(2222): [client 85.208.96.200:37502] AH02043: SSL virtual host for servername ilta.ilc.edu.tw found
[Wed Aug 26 00:29:19.686524 2026] [ssl:info] [pid 2107818:tid 2107818] (70014)End of file found: [client 66.249.71.9:55943] AH01992: SSL library error 6 reading data
[Wed Aug 26 00:29:19.686626 2026] [ssl:debug] [pid 2107818:tid 2107818] ssl_engine_io.c(1150): [client 66.249.71.9:55943] AH02001: Connection closed to child 3 with standard shutdown (server www.jwes.ilc.edu.tw:443)
[Wed Aug 26 00:29:19.773881 2026] [ssl:info] [pid 2107712:tid 2107712] [client 34.56.53.225:8706] AH01964: Connection to child 2 established (server 2blog.ilc.edu.tw:443)
[Wed Aug 26 00:29:19.774020 2026] [ssl:info] [pid 2107712:tid 2107712] (70014)End of file found: [client 34.56.53.225:8706] AH02006: SSL handshake stopped: connection was closed
[Wed Aug 26 00:29:19.774027 2026] [ssl:info] [pid 2107712:tid 2107712] [client 34.56.53.225:8706] AH01998: Connection closed to child 2 with abortive shutdown (server 2blog.ilc.edu.tw:443)
[Wed Aug 26 00:29:19.777262 2026] [ssl:debug] [pid 2107764:tid 2107764] ssl_engine_kernel.c(2082): [client 34.30.223.149:5121] AH02041: Protocol: TLSv1.3, Cipher: TLS_AES_256_GCM_SHA384 (256/256 bits)
[Wed Aug 26 00:29:19.777308 2026] [socache_shmcb:debug] [pid 2107764:tid 2107764] mod_socache_shmcb.c(508): AH00831: socache_shmcb_store (0xe5 -> subcache 5)
[Wed Aug 26 00:29:19.777313 2026] [socache_shmcb:debug] [pid 2107764:tid 2107764] mod_socache_shmcb.c(745): AH00842: expiring 2 and reclaiming 0 removed socache entries
[Wed Aug 26 00:29:19.777315 2026] [socache_shmcb:debug] [pid 2107764:tid 2107764] mod_socache_shmcb.c(765): AH00843: we now have 28 socache entries
[Wed Aug 26 00:29:19.777317 2026] [socache_shmcb:debug] [pid 2107764:tid 2107764] mod_socache_shmcb.c(860): AH00847: insert happened at idx=87, data=(11199:11231)
[Wed Aug 26 00:29:19.777319 2026] [socache_shmcb:debug] [pid 2107764:tid 2107764] mod_socache_shmcb.c(863): AH00848: finished insert, subcache: idx_pos/idx_used=59/29, data_pos/data_used=4931/6494
[Wed Aug 26 00:29:19.777321 2026] [socache_shmcb:debug] [pid 2107764:tid 2107764] mod_socache_shmcb.c(530): AH00834: leaving socache_shmcb_store successfully
[Wed Aug 26 00:29:19.777372 2026] [socache_shmcb:debug] [pid 2107764:tid 2107764] mod_socache_shmcb.c(508): AH00831: socache_shmcb_store (0xa6 -> subcache 6)
[Wed Aug 26 00:29:19.777376 2026] [socache_shmcb:debug] [pid 2107764:tid 2107764] mod_socache_shmcb.c(860): AH00847: insert happened at idx=57, data=(10076:10108)
[Wed Aug 26 00:29:19.777378 2026] [socache_shmcb:debug] [pid 2107764:tid 2107764] mod_socache_shmcb.c(863): AH00848: finished insert, subcache: idx_pos/idx_used=16/42, data_pos/data_used=963/9338
[Wed Aug 26 00:29:19.777380 2026] [socache_shmcb:debug] [pid 2107764:tid 2107764] mod_socache_shmcb.c(530): AH00834: leaving socache_shmcb_store successfully
[Wed Aug 26 00:29:19.798422 2026] [ssl:debug] [pid 2107782:tid 2107782] ssl_engine_kernel.c(2082): [client 85.208.96.200:37502] AH02041: Protocol: TLSv1.3, Cipher: TLS_AES_256_GCM_SHA384 (256/256 bits)
[Wed Aug 26 00:29:19.798466 2026] [socache_shmcb:debug] [pid 2107782:tid 2107782] mod_socache_shmcb.c(508): AH00831: socache_shmcb_store (0x55 -> subcache 21)
[Wed Aug 26 00:29:19.798471 2026] [socache_shmcb:debug] [pid 2107782:tid 2107782] mod_socache_shmcb.c(745): AH00842: expiring 1 and reclaiming 0 removed socache entries
[Wed Aug 26 00:29:19.798473 2026] [socache_shmcb:debug] [pid 2107782:tid 2107782] mod_socache_shmcb.c(765): AH00843: we now have 33 socache entries
[Wed Aug 26 00:29:19.798475 2026] [socache_shmcb:debug] [pid 2107782:tid 2107782] mod_socache_shmcb.c(860): AH00847: insert happened at idx=49, data=(8465:8497)
[Wed Aug 26 00:29:19.798477 2026] [socache_shmcb:debug] [pid 2107782:tid 2107782] mod_socache_shmcb.c(863): AH00848: finished insert, subcache: idx_pos/idx_used=16/34, data_pos/data_used=1109/7568
[Wed Aug 26 00:29:19.798479 2026] [socache_shmcb:debug] [pid 2107782:tid 2107782] mod_socache_shmcb.c(530): AH00834: leaving socache_shmcb_store successfully
[Wed Aug 26 00:29:19.798531 2026] [socache_shmcb:debug] [pid 2107782:tid 2107782] mod_socache_shmcb.c(508): AH00831: socache_shmcb_store (0xbf -> subcache 31)
[Wed Aug 26 00:29:19.798536 2026] [socache_shmcb:debug] [pid 2107782:tid 2107782] mod_socache_shmcb.c(745): AH00842: expiring 5 and reclaiming 0 removed socache entries
[Wed Aug 26 00:29:19.798538 2026] [socache_shmcb:debug] [pid 2107782:tid 2107782] mod_socache_shmcb.c(765): AH00843: we now have 31 socache entries
[Wed Aug 26 00:29:19.798540 2026] [socache_shmcb:debug] [pid 2107782:tid 2107782] mod_socache_shmcb.c(860): AH00847: insert happened at idx=22, data=(2271:2303)
[Wed Aug 26 00:29:19.798542 2026] [socache_shmcb:debug] [pid 2107782:tid 2107782] mod_socache_shmcb.c(863): AH00848: finished insert, subcache: idx_pos/idx_used=79/32, data_pos/data_used=9239/7108
[Wed Aug 26 00:29:19.798543 2026] [socache_shmcb:debug] [pid 2107782:tid 2107782] mod_socache_shmcb.c(530): AH00834: leaving socache_shmcb_store successfully
[Wed Aug 26 00:29:19.860167 2026] [ssl:debug] [pid 2107673:tid 2107673] ssl_engine_io.c(1150): [client 2408:867a:80c::19c:14944] AH02001: Connection closed to child 4 with standard shutdown (server www.ytes.ilc.edu.tw:443)
[Wed Aug 26 00:29:19.861142 2026] [ssl:debug] [pid 2107764:tid 2107764] ssl_engine_kernel.c(254): [client 34.30.223.149:5121] AH02034: Initial (No.1) HTTPS request received for child 16 (server 2blog.ilc.edu.tw:443)
[Wed Aug 26 00:29:19.861316 2026] [authz_core:debug] [pid 2107764:tid 2107764] mod_authz_core.c(815): [client 34.30.223.149:5121] AH01626: authorization result of Require all granted: granted
[Wed Aug 26 00:29:19.861321 2026] [authz_core:debug] [pid 2107764:tid 2107764] mod_authz_core.c(815): [client 34.30.223.149:5121] AH01626: authorization result of : granted
[Wed Aug 26 00:29:19.861428 2026] [authz_core:debug] [pid 2107764:tid 2107764] mod_authz_core.c(815): [client 34.30.223.149:5121] AH01626: authorization result of Require all granted: granted
[Wed Aug 26 00:29:19.861431 2026] [authz_core:debug] [pid 2107764:tid 2107764] mod_authz_core.c(815): [client 34.30.223.149:5121] AH01626: authorization result of : granted
[Wed Aug 26 00:29:19.932884 2026] [ssl:info] [pid 2107814:tid 2107814] [client 52.71.216.196:23106] AH01964: Connection to child 1 established (server 2blog.ilc.edu.tw:443)
[Wed Aug 26 00:29:19.933067 2026] [ssl:debug] [pid 2107814:tid 2107814] ssl_engine_kernel.c(2222): [client 52.71.216.196:23106] AH02043: SSL virtual host for servername www.bhoes.ilc.edu.tw found
[Wed Aug 26 00:29:20.011989 2026] [ssl:debug] [pid 2107782:tid 2107782] ssl_engine_kernel.c(254): [client 85.208.96.200:37502] AH02034: Initial (No.1) HTTPS request received for child 40 (server ilta.ilc.edu.tw:443)
[Wed Aug 26 00:29:20.012196 2026] [authz_core:debug] [pid 2107782:tid 2107782] mod_authz_core.c(815): [client 85.208.96.200:37502] AH01626: authorization result of Require all granted: granted
[Wed Aug 26 00:29:20.012204 2026] [authz_core:debug] [pid 2107782:tid 2107782] mod_authz_core.c(815): [client 85.208.96.200:37502] AH01626: authorization result of : granted
[Wed Aug 26 00:29:20.012316 2026] [authz_core:debug] [pid 2107782:tid 2107782] mod_authz_core.c(815): [client 85.208.96.200:37502] AH01626: authorization result of Require all granted: granted
[Wed Aug 26 00:29:20.012320 2026] [authz_core:debug] [pid 2107782:tid 2107782] mod_authz_core.c(815): [client 85.208.96.200:37502] AH01626: authorization result of : granted
[Wed Aug 26 00:29:20.035012 2026] [deflate:debug] [pid 2107782:tid 2107782] mod_deflate.c(909): [client 85.208.96.200:37502] AH01384: Zlib: Compressed 53420 to 10420 : URL /index.php
[Wed Aug 26 00:29:20.035216 2026] [ssl:debug] [pid 2107782:tid 2107782] ssl_engine_io.c(1150): [client 85.208.96.200:37502] AH02001: Connection closed to child 40 with standard shutdown (server ilta.ilc.edu.tw:443)
[Wed Aug 26 00:29:20.141632 2026] [ssl:debug] [pid 2107814:tid 2107814] ssl_engine_kernel.c(2082): [client 52.71.216.196:23106] AH02041: Protocol: TLSv1.3, Cipher: TLS_AES_256_GCM_SHA384 (256/256 bits)
[Wed Aug 26 00:29:20.141684 2026] [socache_shmcb:debug] [pid 2107814:tid 2107814] mod_socache_shmcb.c(508): AH00831: socache_shmcb_store (0x31 -> subcache 17)
[Wed Aug 26 00:29:20.141697 2026] [socache_shmcb:debug] [pid 2107814:tid 2107814] mod_socache_shmcb.c(745): AH00842: expiring 1 and reclaiming 0 removed socache entries
[Wed Aug 26 00:29:20.141699 2026] [socache_shmcb:debug] [pid 2107814:tid 2107814] mod_socache_shmcb.c(765): AH00843: we now have 34 socache entries
[Wed Aug 26 00:29:20.141701 2026] [socache_shmcb:debug] [pid 2107814:tid 2107814] mod_socache_shmcb.c(860): AH00847: insert happened at idx=30, data=(4195:4227)
[Wed Aug 26 00:29:20.141703 2026] [socache_shmcb:debug] [pid 2107814:tid 2107814] mod_socache_shmcb.c(863): AH00848: finished insert, subcache: idx_pos/idx_used=84/35, data_pos/data_used=10451/7826
[Wed Aug 26 00:29:20.141714 2026] [socache_shmcb:debug] [pid 2107814:tid 2107814] mod_socache_shmcb.c(530): AH00834: leaving socache_shmcb_store successfully
[Wed Aug 26 00:29:20.141758 2026] [socache_shmcb:debug] [pid 2107814:tid 2107814] mod_socache_shmcb.c(508): AH00831: socache_shmcb_store (0xf1 -> subcache 17)
[Wed Aug 26 00:29:20.141762 2026] [socache_shmcb:debug] [pid 2107814:tid 2107814] mod_socache_shmcb.c(860): AH00847: insert happened at idx=31, data=(4413:4445)
[Wed Aug 26 00:29:20.141764 2026] [socache_shmcb:debug] [pid 2107814:tid 2107814] mod_socache_shmcb.c(863): AH00848: finished insert, subcache: idx_pos/idx_used=84/36, data_pos/data_used=10451/8043
[Wed Aug 26 00:29:20.141765 2026] [socache_shmcb:debug] [pid 2107814:tid 2107814] mod_socache_shmcb.c(530): AH00834: leaving socache_shmcb_store successfully
[Wed Aug 26 00:29:20.141861 2026] [ssl:debug] [pid 2107814:tid 2107814] ssl_engine_kernel.c(254): [client 52.71.216.196:23106] AH02034: Initial (No.1) HTTPS request received for child 1 (server www.bhoes.ilc.edu.tw:443)
[Wed Aug 26 00:29:20.142624 2026] [authz_core:debug] [pid 2107814:tid 2107814] mod_authz_core.c(815): [client 52.71.216.196:23106] AH01626: authorization result of Require all granted: granted
[Wed Aug 26 00:29:20.142632 2026] [authz_core:debug] [pid 2107814:tid 2107814] mod_authz_core.c(815): [client 52.71.216.196:23106] AH01626: authorization result of : granted
[Wed Aug 26 00:29:20.200876 2026] [headers:debug] [pid 2107820:tid 2107820] mod_headers.c(900): AH01503: headers: ap_headers_error_filter()
[Wed Aug 26 00:29:20.297836 2026] [ssl:info] [pid 2107779:tid 2107779] [client 66.249.71.9:35526] AH01964: Connection to child 37 established (server 2blog.ilc.edu.tw:443)
[Wed Aug 26 00:29:20.298029 2026] [ssl:debug] [pid 2107779:tid 2107779] ssl_engine_kernel.c(2222): [client 66.249.71.9:35526] AH02043: SSL virtual host for servername www.jwes.ilc.edu.tw found
[Wed Aug 26 00:29:20.298120 2026] [ssl:debug] [pid 2107779:tid 2107779] ssl_util_stapling.c(819): AH01951: stapling_cb: OCSP Stapling callback called
[Wed Aug 26 00:29:20.298127 2026] [ssl:info] [pid 2107779:tid 2107779] AH01926: stapling_get_certinfo: stapling not supported for certificate
[Wed Aug 26 00:29:20.305972 2026] [ssl:debug] [pid 2107779:tid 2107779] ssl_engine_kernel.c(2082): [client 66.249.71.9:35526] AH02041: Protocol: TLSv1.3, Cipher: TLS_AES_256_GCM_SHA384 (256/256 bits)
[Wed Aug 26 00:29:20.306018 2026] [socache_shmcb:debug] [pid 2107779:tid 2107779] mod_socache_shmcb.c(508): AH00831: socache_shmcb_store (0x16 -> subcache 22)
[Wed Aug 26 00:29:20.306035 2026] [socache_shmcb:debug] [pid 2107779:tid 2107779] mod_socache_shmcb.c(745): AH00842: expiring 2 and reclaiming 0 removed socache entries
[Wed Aug 26 00:29:20.306038 2026] [socache_shmcb:debug] [pid 2107779:tid 2107779] mod_socache_shmcb.c(765): AH00843: we now have 28 socache entries
[Wed Aug 26 00:29:20.306040 2026] [socache_shmcb:debug] [pid 2107779:tid 2107779] mod_socache_shmcb.c(860): AH00847: insert happened at idx=38, data=(5873:5905)
[Wed Aug 26 00:29:20.306042 2026] [socache_shmcb:debug] [pid 2107779:tid 2107779] mod_socache_shmcb.c(863): AH00848: finished insert, subcache: idx_pos/idx_used=10/29, data_pos/data_used=13506/6447
[Wed Aug 26 00:29:20.306044 2026] [socache_shmcb:debug] [pid 2107779:tid 2107779] mod_socache_shmcb.c(530): AH00834: leaving socache_shmcb_store successfully
[Wed Aug 26 00:29:20.306085 2026] [socache_shmcb:debug] [pid 2107779:tid 2107779] mod_socache_shmcb.c(508): AH00831: socache_shmcb_store (0xd5 -> subcache 21)
[Wed Aug 26 00:29:20.306090 2026] [socache_shmcb:debug] [pid 2107779:tid 2107779] mod_socache_shmcb.c(860): AH00847: insert happened at idx=50, data=(8677:8709)
[Wed Aug 26 00:29:20.306093 2026] [socache_shmcb:debug] [pid 2107779:tid 2107779] mod_socache_shmcb.c(863): AH00848: finished insert, subcache: idx_pos/idx_used=16/35, data_pos/data_used=1109/7785
[Wed Aug 26 00:29:20.306096 2026] [socache_shmcb:debug] [pid 2107779:tid 2107779] mod_socache_shmcb.c(530): AH00834: leaving socache_shmcb_store successfully
[Wed Aug 26 00:29:20.306222 2026] [ssl:debug] [pid 2107779:tid 2107779] ssl_engine_kernel.c(254): [client 66.249.71.9:35526] AH02034: Initial (No.1) HTTPS request received for child 37 (server www.jwes.ilc.edu.tw:443)
[Wed Aug 26 00:29:20.306401 2026] [authz_core:debug] [pid 2107779:tid 2107779] mod_authz_core.c(815): [client 66.249.71.9:35526] AH01626: authorization result of Require all granted: granted
