[Wed Aug 26 00:28:33.889148 2026] [socache_shmcb:debug] [pid 2107782:tid 2107782] mod_socache_shmcb.c(508): AH00831: socache_shmcb_store (0x08 -> subcache 8)
[Wed Aug 26 00:28:33.889151 2026] [socache_shmcb:debug] [pid 2107782:tid 2107782] mod_socache_shmcb.c(860): AH00847: insert happened at idx=9, data=(13484:13516)
[Wed Aug 26 00:28:33.889153 2026] [socache_shmcb:debug] [pid 2107782:tid 2107782] mod_socache_shmcb.c(863): AH00848: finished insert, subcache: idx_pos/idx_used=72/26, data_pos/data_used=7893/5819
[Wed Aug 26 00:28:33.889155 2026] [socache_shmcb:debug] [pid 2107782:tid 2107782] mod_socache_shmcb.c(530): AH00834: leaving socache_shmcb_store successfully
[Wed Aug 26 00:28:33.890983 2026] [ssl:debug] [pid 2107782:tid 2107782] ssl_engine_kernel.c(254): [client 114.24.237.205:60494] AH02034: Initial (No.1) HTTPS request received for child 40 (server www.lmes.ilc.edu.tw:443), referer: https://www.lmes.ilc.edu.tw/
[Wed Aug 26 00:28:33.891932 2026] [authz_core:debug] [pid 2107782:tid 2107782] mod_authz_core.c(815): [client 114.24.237.205:60494] AH01626: authorization result of Require all granted: granted, referer: https://www.lmes.ilc.edu.tw/
[Wed Aug 26 00:28:33.891947 2026] [authz_core:debug] [pid 2107782:tid 2107782] mod_authz_core.c(815): [client 114.24.237.205:60494] AH01626: authorization result of : granted, referer: https://www.lmes.ilc.edu.tw/
[Wed Aug 26 00:28:33.892984 2026] [ssl:debug] [pid 2107761:tid 2107761] ssl_engine_kernel.c(254): [client 114.24.237.205:60490] AH02034: Subsequent (No.3) HTTPS request received for child 11 (server www.lmes.ilc.edu.tw:443), referer: https://www.lmes.ilc.edu.tw/
[Wed Aug 26 00:28:33.893143 2026] [authz_core:debug] [pid 2107761:tid 2107761] mod_authz_core.c(815): [client 114.24.237.205:60490] AH01626: authorization result of Require all granted: granted, referer: https://www.lmes.ilc.edu.tw/
[Wed Aug 26 00:28:33.893149 2026] [authz_core:debug] [pid 2107761:tid 2107761] mod_authz_core.c(815): [client 114.24.237.205:60490] AH01626: authorization result of : granted, referer: https://www.lmes.ilc.edu.tw/
[Wed Aug 26 00:28:33.893270 2026] [authz_core:debug] [pid 2107761:tid 2107761] mod_authz_core.c(815): [client 114.24.237.205:60490] AH01626: authorization result of Require all granted: granted, referer: https://www.lmes.ilc.edu.tw/
[Wed Aug 26 00:28:33.893275 2026] [authz_core:debug] [pid 2107761:tid 2107761] mod_authz_core.c(815): [client 114.24.237.205:60490] AH01626: authorization result of : granted, referer: https://www.lmes.ilc.edu.tw/
[Wed Aug 26 00:28:33.900638 2026] [deflate:debug] [pid 2107782:tid 2107782] mod_deflate.c(909): [client 114.24.237.205:60494] AH01384: Zlib: Compressed 552465 to 52994 : URL /wp-content/cache/www.lmes.ilc.edu.tw/wpfc-minified/eivubsp8/6vyc.css, referer: https://www.lmes.ilc.edu.tw/
[Wed Aug 26 00:28:33.914808 2026] [ssl:debug] [pid 2107686:tid 2107686] ssl_engine_kernel.c(2082): [client 114.24.237.205:60492] AH02041: Protocol: TLSv1.3, Cipher: TLS_AES_256_GCM_SHA384 (256/256 bits)
[Wed Aug 26 00:28:33.914817 2026] [ssl:debug] [pid 2107777:tid 2107777] ssl_engine_kernel.c(2082): [client 114.24.237.205:60491] AH02041: Protocol: TLSv1.3, Cipher: TLS_AES_256_GCM_SHA384 (256/256 bits)
[Wed Aug 26 00:28:33.914853 2026] [socache_shmcb:debug] [pid 2107686:tid 2107686] mod_socache_shmcb.c(508): AH00831: socache_shmcb_store (0x49 -> subcache 9)
[Wed Aug 26 00:28:33.914859 2026] [socache_shmcb:debug] [pid 2107686:tid 2107686] mod_socache_shmcb.c(860): AH00847: insert happened at idx=19, data=(1698:1730)
[Wed Aug 26 00:28:33.914861 2026] [socache_shmcb:debug] [pid 2107686:tid 2107686] mod_socache_shmcb.c(863): AH00848: finished insert, subcache: idx_pos/idx_used=72/36, data_pos/data_used=7739/8052
[Wed Aug 26 00:28:33.914864 2026] [socache_shmcb:debug] [pid 2107686:tid 2107686] mod_socache_shmcb.c(530): AH00834: leaving socache_shmcb_store successfully
[Wed Aug 26 00:28:33.914872 2026] [socache_shmcb:debug] [pid 2107777:tid 2107777] mod_socache_shmcb.c(508): AH00831: socache_shmcb_store (0x1a -> subcache 26)
[Wed Aug 26 00:28:33.914878 2026] [socache_shmcb:debug] [pid 2107777:tid 2107777] mod_socache_shmcb.c(860): AH00847: insert happened at idx=28, data=(3710:3742)
[Wed Aug 26 00:28:33.914880 2026] [socache_shmcb:debug] [pid 2107777:tid 2107777] mod_socache_shmcb.c(863): AH00848: finished insert, subcache: idx_pos/idx_used=73/44, data_pos/data_used=8007/9796
[Wed Aug 26 00:28:33.914882 2026] [socache_shmcb:debug] [pid 2107777:tid 2107777] mod_socache_shmcb.c(530): AH00834: leaving socache_shmcb_store successfully
[Wed Aug 26 00:28:33.914911 2026] [socache_shmcb:debug] [pid 2107686:tid 2107686] mod_socache_shmcb.c(508): AH00831: socache_shmcb_store (0xf1 -> subcache 17)
[Wed Aug 26 00:28:33.914915 2026] [socache_shmcb:debug] [pid 2107686:tid 2107686] mod_socache_shmcb.c(860): AH00847: insert happened at idx=24, data=(2855:2887)
[Wed Aug 26 00:28:33.914917 2026] [socache_shmcb:debug] [pid 2107686:tid 2107686] mod_socache_shmcb.c(863): AH00848: finished insert, subcache: idx_pos/idx_used=81/32, data_pos/data_used=9773/7174
[Wed Aug 26 00:28:33.914926 2026] [socache_shmcb:debug] [pid 2107686:tid 2107686] mod_socache_shmcb.c(530): AH00834: leaving socache_shmcb_store successfully
[Wed Aug 26 00:28:33.914929 2026] [socache_shmcb:debug] [pid 2107777:tid 2107777] mod_socache_shmcb.c(508): AH00831: socache_shmcb_store (0x0b -> subcache 11)
[Wed Aug 26 00:28:33.914935 2026] [socache_shmcb:debug] [pid 2107777:tid 2107777] mod_socache_shmcb.c(745): AH00842: expiring 1 and reclaiming 0 removed socache entries
[Wed Aug 26 00:28:33.914937 2026] [socache_shmcb:debug] [pid 2107777:tid 2107777] mod_socache_shmcb.c(765): AH00843: we now have 39 socache entries
[Wed Aug 26 00:28:33.914939 2026] [socache_shmcb:debug] [pid 2107777:tid 2107777] mod_socache_shmcb.c(860): AH00847: insert happened at idx=34, data=(5004:5036)
[Wed Aug 26 00:28:33.914941 2026] [socache_shmcb:debug] [pid 2107777:tid 2107777] mod_socache_shmcb.c(863): AH00848: finished insert, subcache: idx_pos/idx_used=83/40, data_pos/data_used=10154/8943
[Wed Aug 26 00:28:33.914942 2026] [socache_shmcb:debug] [pid 2107777:tid 2107777] mod_socache_shmcb.c(530): AH00834: leaving socache_shmcb_store successfully
[Wed Aug 26 00:28:33.915034 2026] [ssl:debug] [pid 2107686:tid 2107686] ssl_engine_kernel.c(254): [client 114.24.237.205:60492] AH02034: Initial (No.1) HTTPS request received for child 15 (server www.lmes.ilc.edu.tw:443), referer: https://www.lmes.ilc.edu.tw/
[Wed Aug 26 00:28:33.915163 2026] [ssl:debug] [pid 2107670:tid 2107670] ssl_engine_kernel.c(2082): [client 114.24.237.205:60493] AH02041: Protocol: TLSv1.3, Cipher: TLS_AES_256_GCM_SHA384 (256/256 bits)
[Wed Aug 26 00:28:33.915202 2026] [socache_shmcb:debug] [pid 2107670:tid 2107670] mod_socache_shmcb.c(508): AH00831: socache_shmcb_store (0xf2 -> subcache 18)
[Wed Aug 26 00:28:33.915209 2026] [socache_shmcb:debug] [pid 2107670:tid 2107670] mod_socache_shmcb.c(860): AH00847: insert happened at idx=28, data=(3651:3683)
[Wed Aug 26 00:28:33.915212 2026] [socache_shmcb:debug] [pid 2107670:tid 2107670] mod_socache_shmcb.c(863): AH00848: finished insert, subcache: idx_pos/idx_used=0/29, data_pos/data_used=11269/6475
[Wed Aug 26 00:28:33.915216 2026] [socache_shmcb:debug] [pid 2107670:tid 2107670] mod_socache_shmcb.c(530): AH00834: leaving socache_shmcb_store successfully
[Wed Aug 26 00:28:33.915264 2026] [socache_shmcb:debug] [pid 2107670:tid 2107670] mod_socache_shmcb.c(508): AH00831: socache_shmcb_store (0x70 -> subcache 16)
[Wed Aug 26 00:28:33.915270 2026] [socache_shmcb:debug] [pid 2107670:tid 2107670] mod_socache_shmcb.c(745): AH00842: expiring 1 and reclaiming 0 removed socache entries
[Wed Aug 26 00:28:33.915273 2026] [socache_shmcb:debug] [pid 2107670:tid 2107670] mod_socache_shmcb.c(765): AH00843: we now have 31 socache entries
[Wed Aug 26 00:28:33.915276 2026] [socache_shmcb:debug] [pid 2107670:tid 2107670] mod_socache_shmcb.c(860): AH00847: insert happened at idx=14, data=(578:610)
[Wed Aug 26 00:28:33.915279 2026] [socache_shmcb:debug] [pid 2107670:tid 2107670] mod_socache_shmcb.c(863): AH00848: finished insert, subcache: idx_pos/idx_used=71/32, data_pos/data_used=7507/7163
[Wed Aug 26 00:28:33.915282 2026] [socache_shmcb:debug] [pid 2107670:tid 2107670] mod_socache_shmcb.c(530): AH00834: leaving socache_shmcb_store successfully
[Wed Aug 26 00:28:33.915416 2026] [ssl:debug] [pid 2107670:tid 2107670] ssl_engine_kernel.c(254): [client 114.24.237.205:60493] AH02034: Initial (No.1) HTTPS request received for child 1 (server www.lmes.ilc.edu.tw:443), referer: https://www.lmes.ilc.edu.tw/
[Wed Aug 26 00:28:33.915596 2026] [authz_core:debug] [pid 2107686:tid 2107686] mod_authz_core.c(815): [client 114.24.237.205:60492] AH01626: authorization result of Require all granted: granted, referer: https://www.lmes.ilc.edu.tw/
[Wed Aug 26 00:28:33.915603 2026] [authz_core:debug] [pid 2107686:tid 2107686] mod_authz_core.c(815): [client 114.24.237.205:60492] AH01626: authorization result of : granted, referer: https://www.lmes.ilc.edu.tw/
[Wed Aug 26 00:28:33.916088 2026] [authz_core:debug] [pid 2107670:tid 2107670] mod_authz_core.c(815): [client 114.24.237.205:60493] AH01626: authorization result of Require all granted: granted, referer: https://www.lmes.ilc.edu.tw/
[Wed Aug 26 00:28:33.916102 2026] [authz_core:debug] [pid 2107670:tid 2107670] mod_authz_core.c(815): [client 114.24.237.205:60493] AH01626: authorization result of : granted, referer: https://www.lmes.ilc.edu.tw/
[Wed Aug 26 00:28:33.916709 2026] [ssl:debug] [pid 2107777:tid 2107777] ssl_engine_kernel.c(254): [client 114.24.237.205:60491] AH02034: Initial (No.1) HTTPS request received for child 35 (server www.lmes.ilc.edu.tw:443), referer: https://www.lmes.ilc.edu.tw/
[Wed Aug 26 00:28:33.916909 2026] [deflate:debug] [pid 2107670:tid 2107670] mod_deflate.c(909): [client 114.24.237.205:60493] AH01384: Zlib: Compressed 1172 to 379 : URL /wp-content/uploads/sites/1155/elementor/css/post-216.css, referer: https://www.lmes.ilc.edu.tw/
[Wed Aug 26 00:28:33.917893 2026] [authz_core:debug] [pid 2107777:tid 2107777] mod_authz_core.c(815): [client 114.24.237.205:60491] AH01626: authorization result of Require all granted: granted, referer: https://www.lmes.ilc.edu.tw/
[Wed Aug 26 00:28:33.917903 2026] [authz_core:debug] [pid 2107777:tid 2107777] mod_authz_core.c(815): [client 114.24.237.205:60491] AH01626: authorization result of : granted, referer: https://www.lmes.ilc.edu.tw/
[Wed Aug 26 00:28:33.918128 2026] [ssl:debug] [pid 2103004:tid 2103004] ssl_engine_kernel.c(2082): [client 114.24.237.205:60495] AH02041: Protocol: TLSv1.3, Cipher: TLS_AES_256_GCM_SHA384 (256/256 bits)
[Wed Aug 26 00:28:33.918159 2026] [socache_shmcb:debug] [pid 2103004:tid 2103004] mod_socache_shmcb.c(508): AH00831: socache_shmcb_store (0x2a -> subcache 10)
[Wed Aug 26 00:28:33.918164 2026] [socache_shmcb:debug] [pid 2103004:tid 2103004] mod_socache_shmcb.c(860): AH00847: insert happened at idx=11, data=(13847:15)
[Wed Aug 26 00:28:33.918166 2026] [socache_shmcb:debug] [pid 2103004:tid 2103004] mod_socache_shmcb.c(863): AH00848: finished insert, subcache: idx_pos/idx_used=73/27, data_pos/data_used=8053/6023
[Wed Aug 26 00:28:33.918168 2026] [socache_shmcb:debug] [pid 2103004:tid 2103004] mod_socache_shmcb.c(530): AH00834: leaving socache_shmcb_store successfully
[Wed Aug 26 00:28:33.918286 2026] [socache_shmcb:debug] [pid 2103004:tid 2103004] mod_socache_shmcb.c(508): AH00831: socache_shmcb_store (0x05 -> subcache 5)
[Wed Aug 26 00:28:33.918300 2026] [socache_shmcb:debug] [pid 2103004:tid 2103004] mod_socache_shmcb.c(860): AH00847: insert happened at idx=84, data=(10529:10561)
[Wed Aug 26 00:28:33.918302 2026] [socache_shmcb:debug] [pid 2103004:tid 2103004] mod_socache_shmcb.c(863): AH00848: finished insert, subcache: idx_pos/idx_used=55/30, data_pos/data_used=4047/6710
[Wed Aug 26 00:28:33.918304 2026] [socache_shmcb:debug] [pid 2103004:tid 2103004] mod_socache_shmcb.c(530): AH00834: leaving socache_shmcb_store successfully
[Wed Aug 26 00:28:33.918373 2026] [deflate:debug] [pid 2107777:tid 2107777] mod_deflate.c(909): [client 114.24.237.205:60491] AH01384: Zlib: Compressed 486 to 267 : URL /wp-content/cache/www.lmes.ilc.edu.tw/wpfc-minified/7ntj1xq1/6vyc.css, referer: https://www.lmes.ilc.edu.tw/
[Wed Aug 26 00:28:33.919274 2026] [ssl:debug] [pid 2103004:tid 2103004] ssl_engine_kernel.c(254): [client 114.24.237.205:60495] AH02034: Initial (No.1) HTTPS request received for child 7 (server www.lmes.ilc.edu.tw:443), referer: https://www.lmes.ilc.edu.tw/
[Wed Aug 26 00:28:33.919741 2026] [authz_core:debug] [pid 2103004:tid 2103004] mod_authz_core.c(815): [client 114.24.237.205:60495] AH01626: authorization result of Require all granted: granted, referer: https://www.lmes.ilc.edu.tw/
[Wed Aug 26 00:28:33.919746 2026] [authz_core:debug] [pid 2103004:tid 2103004] mod_authz_core.c(815): [client 114.24.237.205:60495] AH01626: authorization result of : granted, referer: https://www.lmes.ilc.edu.tw/
[Wed Aug 26 00:28:33.924152 2026] [deflate:debug] [pid 2103004:tid 2103004] mod_deflate.c(909): [client 114.24.237.205:60495] AH01384: Zlib: Compressed 101296 to 34526 : URL /wp-content/cache/www.lmes.ilc.edu.tw/wpfc-minified/k9uw7qko/6vyd.js, referer: https://www.lmes.ilc.edu.tw/
[Wed Aug 26 00:28:33.927230 2026] [deflate:debug] [pid 2107686:tid 2107686] mod_deflate.c(909): [client 114.24.237.205:60492] AH01384: Zlib: Compressed 535059 to 85420 : URL /wp-content/cache/www.lmes.ilc.edu.tw/wpfc-minified/dscr9o8c/6vyc.css, referer: https://www.lmes.ilc.edu.tw/
[Wed Aug 26 00:28:33.940101 2026] [ssl:debug] [pid 2107670:tid 2107670] ssl_engine_kernel.c(254): [client 114.24.237.205:60493] AH02034: Subsequent (No.2) HTTPS request received for child 1 (server www.lmes.ilc.edu.tw:443), referer: https://www.lmes.ilc.edu.tw/
[Wed Aug 26 00:28:33.940285 2026] [authz_core:debug] [pid 2107670:tid 2107670] mod_authz_core.c(815): [client 114.24.237.205:60493] AH01626: authorization result of Require all granted: granted, referer: https://www.lmes.ilc.edu.tw/
[Wed Aug 26 00:28:33.940290 2026] [authz_core:debug] [pid 2107670:tid 2107670] mod_authz_core.c(815): [client 114.24.237.205:60493] AH01626: authorization result of : granted, referer: https://www.lmes.ilc.edu.tw/
[Wed Aug 26 00:28:33.940418 2026] [authz_core:debug] [pid 2107670:tid 2107670] mod_authz_core.c(815): [client 114.24.237.205:60493] AH01626: authorization result of Require all granted: granted, referer: https://www.lmes.ilc.edu.tw/
[Wed Aug 26 00:28:33.940422 2026] [authz_core:debug] [pid 2107670:tid 2107670] mod_authz_core.c(815): [client 114.24.237.205:60493] AH01626: authorization result of : granted, referer: https://www.lmes.ilc.edu.tw/
[Wed Aug 26 00:28:33.941643 2026] [ssl:debug] [pid 2107777:tid 2107777] ssl_engine_kernel.c(254): [client 114.24.237.205:60491] AH02034: Subsequent (No.2) HTTPS request received for child 35 (server www.lmes.ilc.edu.tw:443), referer: https://www.lmes.ilc.edu.tw/
[Wed Aug 26 00:28:33.941775 2026] [authz_core:debug] [pid 2107777:tid 2107777] mod_authz_core.c(815): [client 114.24.237.205:60491] AH01626: authorization result of Require all granted: granted, referer: https://www.lmes.ilc.edu.tw/
[Wed Aug 26 00:28:33.941780 2026] [authz_core:debug] [pid 2107777:tid 2107777] mod_authz_core.c(815): [client 114.24.237.205:60491] AH01626: authorization result of : granted, referer: https://www.lmes.ilc.edu.tw/
[Wed Aug 26 00:28:33.941872 2026] [authz_core:debug] [pid 2107777:tid 2107777] mod_authz_core.c(815): [client 114.24.237.205:60491] AH01626: authorization result of Require all granted: granted, referer: https://www.lmes.ilc.edu.tw/
[Wed Aug 26 00:28:33.941876 2026] [authz_core:debug] [pid 2107777:tid 2107777] mod_authz_core.c(815): [client 114.24.237.205:60491] AH01626: authorization result of : granted, referer: https://www.lmes.ilc.edu.tw/
[Wed Aug 26 00:28:33.960530 2026] [ssl:debug] [pid 2107782:tid 2107782] ssl_engine_kernel.c(254): [client 114.24.237.205:60494] AH02034: Subsequent (No.2) HTTPS request received for child 40 (server www.lmes.ilc.edu.tw:443), referer: https://www.lmes.ilc.edu.tw/
[Wed Aug 26 00:28:33.960746 2026] [authz_core:debug] [pid 2107782:tid 2107782] mod_authz_core.c(815): [client 114.24.237.205:60494] AH01626: authorization result of Require all granted: granted, referer: https://www.lmes.ilc.edu.tw/
[Wed Aug 26 00:28:33.960755 2026] [authz_core:debug] [pid 2107782:tid 2107782] mod_authz_core.c(815): [client 114.24.237.205:60494] AH01626: authorization result of : granted, referer: https://www.lmes.ilc.edu.tw/
[Wed Aug 26 00:28:33.960967 2026] [deflate:debug] [pid 2107782:tid 2107782] mod_deflate.c(909): [client 114.24.237.205:60494] AH01384: Zlib: Compressed 1718 to 700 : URL /wp-includes/js/hoverintent-js.min.js, referer: https://www.lmes.ilc.edu.tw/
[Wed Aug 26 00:28:33.979579 2026] [ssl:debug] [pid 2107712:tid 2107712] ssl_engine_kernel.c(2082): [client 34.234.197.175:40460] AH02041: Protocol: TLSv1.3, Cipher: TLS_AES_256_GCM_SHA384 (256/256 bits)
[Wed Aug 26 00:28:33.979624 2026] [socache_shmcb:debug] [pid 2107712:tid 2107712] mod_socache_shmcb.c(508): AH00831: socache_shmcb_store (0x7a -> subcache 26)
[Wed Aug 26 00:28:33.979629 2026] [socache_shmcb:debug] [pid 2107712:tid 2107712] mod_socache_shmcb.c(860): AH00847: insert happened at idx=29, data=(3939:3971)
[Wed Aug 26 00:28:33.979639 2026] [socache_shmcb:debug] [pid 2107712:tid 2107712] mod_socache_shmcb.c(863): AH00848: finished insert, subcache: idx_pos/idx_used=73/45, data_pos/data_used=8007/10012
[Wed Aug 26 00:28:33.979641 2026] [socache_shmcb:debug] [pid 2107712:tid 2107712] mod_socache_shmcb.c(530): AH00834: leaving socache_shmcb_store successfully
[Wed Aug 26 00:28:33.979682 2026] [socache_shmcb:debug] [pid 2107712:tid 2107712] mod_socache_shmcb.c(508): AH00831: socache_shmcb_store (0xc2 -> subcache 2)
[Wed Aug 26 00:28:33.979687 2026] [socache_shmcb:debug] [pid 2107712:tid 2107712] mod_socache_shmcb.c(860): AH00847: insert happened at idx=31, data=(4243:4275)
[Wed Aug 26 00:28:33.979689 2026] [socache_shmcb:debug] [pid 2107712:tid 2107712] mod_socache_shmcb.c(863): AH00848: finished insert, subcache: idx_pos/idx_used=76/44, data_pos/data_used=8546/9777
[Wed Aug 26 00:28:33.979691 2026] [socache_shmcb:debug] [pid 2107712:tid 2107712] mod_socache_shmcb.c(530): AH00834: leaving socache_shmcb_store successfully
[Wed Aug 26 00:28:33.979809 2026] [ssl:debug] [pid 2107712:tid 2107712] ssl_engine_kernel.c(254): [client 34.234.197.175:40460] AH02034: Initial (No.1) HTTPS request received for child 2 (server www.tcjh.ilc.edu.tw:443)
[Wed Aug 26 00:28:33.979954 2026] [authz_core:debug] [pid 2107712:tid 2107712] mod_authz_core.c(815): [client 34.234.197.175:40460] AH01626: authorization result of Require all granted: granted
[Wed Aug 26 00:28:33.979958 2026] [authz_core:debug] [pid 2107712:tid 2107712] mod_authz_core.c(815): [client 34.234.197.175:40460] AH01626: authorization result of : granted
[Wed Aug 26 00:28:33.980122 2026] [ssl:debug] [pid 2107782:tid 2107782] ssl_engine_kernel.c(254): [client 114.24.237.205:60494] AH02034: Subsequent (No.3) HTTPS request received for child 40 (server www.lmes.ilc.edu.tw:443), referer: https://www.lmes.ilc.edu.tw/
[Wed Aug 26 00:28:33.980270 2026] [authz_core:debug] [pid 2107782:tid 2107782] mod_authz_core.c(815): [client 114.24.237.205:60494] AH01626: authorization result of Require all granted: granted, referer: https://www.lmes.ilc.edu.tw/
[Wed Aug 26 00:28:33.980276 2026] [authz_core:debug] [pid 2107782:tid 2107782] mod_authz_core.c(815): [client 114.24.237.205:60494] AH01626: authorization result of : granted, referer: https://www.lmes.ilc.edu.tw/
[Wed Aug 26 00:28:33.980494 2026] [deflate:debug] [pid 2107782:tid 2107782] mod_deflate.c(909): [client 114.24.237.205:60494] AH01384: Zlib: Compressed 3487 to 1339 : URL /wp-includes/js/admin-bar.min.js, referer: https://www.lmes.ilc.edu.tw/
[Wed Aug 26 00:28:33.981773 2026] [ssl:debug] [pid 2103004:tid 2103004] ssl_engine_kernel.c(254): [client 114.24.237.205:60495] AH02034: Subsequent (No.2) HTTPS request received for child 7 (server www.lmes.ilc.edu.tw:443), referer: https://www.lmes.ilc.edu.tw/
[Wed Aug 26 00:28:33.981918 2026] [authz_core:debug] [pid 2103004:tid 2103004] mod_authz_core.c(815): [client 114.24.237.205:60495] AH01626: authorization result of Require all granted: granted, referer: https://www.lmes.ilc.edu.tw/
[Wed Aug 26 00:28:33.981925 2026] [authz_core:debug] [pid 2103004:tid 2103004] mod_authz_core.c(815): [client 114.24.237.205:60495] AH01626: authorization result of : granted, referer: https://www.lmes.ilc.edu.tw/
[Wed Aug 26 00:28:33.982172 2026] [deflate:debug] [pid 2103004:tid 2103004] mod_deflate.c(909): [client 114.24.237.205:60495] AH01384: Zlib: Compressed 5520 to 1785 : URL /wp-includes/js/imagesloaded.min.js, referer: https://www.lmes.ilc.edu.tw/
[Wed Aug 26 00:28:33.983281 2026] [ssl:debug] [pid 2107768:tid 2107768] ssl_engine_kernel.c(254): [client 240e:90e:2000:2006::1159:14138] AH02034: Initial (No.1) HTTPS request received for child 21 (server 2blog.ilc.edu.tw:443), referer: https://2blog.ilc.edu.tw/32745/2026/08/09/%e9%9b%b2-3/
[Wed Aug 26 00:28:33.983425 2026] [authz_core:debug] [pid 2107768:tid 2107768] mod_authz_core.c(815): [client 240e:90e:2000:2006::1159:14138] AH01626: authorization result of Require all granted: granted, referer: https://2blog.ilc.edu.tw/32745/2026/08/09/%e9%9b%b2-3/
[Wed Aug 26 00:28:33.983436 2026] [authz_core:debug] [pid 2107768:tid 2107768] mod_authz_core.c(815): [client 240e:90e:2000:2006::1159:14138] AH01626: authorization result of : granted, referer: https://2blog.ilc.edu.tw/32745/2026/08/09/%e9%9b%b2-3/
[Wed Aug 26 00:28:33.984078 2026] [authz_core:debug] [pid 2107768:tid 2107768] mod_authz_core.c(815): [client 240e:90e:2000:2006::1159:14138] AH01626: authorization result of Require all granted: granted, referer: https://2blog.ilc.edu.tw/32745/2026/08/09/%e9%9b%b2-3/
[Wed Aug 26 00:28:33.984087 2026] [authz_core:debug] [pid 2107768:tid 2107768] mod_authz_core.c(815): [client 240e:90e:2000:2006::1159:14138] AH01626: authorization result of : granted, referer: https://2blog.ilc.edu.tw/32745/2026/08/09/%e9%9b%b2-3/
[Wed Aug 26 00:28:34.009086 2026] [ssl:debug] [pid 2107782:tid 2107782] ssl_engine_kernel.c(254): [client 114.24.237.205:60494] AH02034: Subsequent (No.4) HTTPS request received for child 40 (server www.lmes.ilc.edu.tw:443), referer: https://www.lmes.ilc.edu.tw/
[Wed Aug 26 00:28:34.009275 2026] [authz_core:debug] [pid 2107782:tid 2107782] mod_authz_core.c(815): [client 114.24.237.205:60494] AH01626: authorization result of Require all granted: granted, referer: https://www.lmes.ilc.edu.tw/
[Wed Aug 26 00:28:34.009289 2026] [authz_core:debug] [pid 2107782:tid 2107782] mod_authz_core.c(815): [client 114.24.237.205:60494] AH01626: authorization result of : granted, referer: https://www.lmes.ilc.edu.tw/
[Wed Aug 26 00:28:34.009768 2026] [deflate:debug] [pid 2107782:tid 2107782] mod_deflate.c(909): [client 114.24.237.205:60494] AH01384: Zlib: Compressed 19719 to 4232 : URL /wp-content/themes/oceanwp/assets/js/theme.min.js, referer: https://www.lmes.ilc.edu.tw/
[Wed Aug 26 00:28:34.010025 2026] [ssl:debug] [pid 2103004:tid 2103004] ssl_engine_kernel.c(254): [client 114.24.237.205:60495] AH02034: Subsequent (No.3) HTTPS request received for child 7 (server www.lmes.ilc.edu.tw:443), referer: https://www.lmes.ilc.edu.tw/
[Wed Aug 26 00:28:34.010176 2026] [authz_core:debug] [pid 2103004:tid 2103004] mod_authz_core.c(815): [client 114.24.237.205:60495] AH01626: authorization result of Require all granted: granted, referer: https://www.lmes.ilc.edu.tw/
[Wed Aug 26 00:28:34.010181 2026] [authz_core:debug] [pid 2103004:tid 2103004] mod_authz_core.c(815): [client 114.24.237.205:60495] AH01626: authorization result of : granted, referer: https://www.lmes.ilc.edu.tw/
[Wed Aug 26 00:28:34.010572 2026] [deflate:debug] [pid 2103004:tid 2103004] mod_deflate.c(909): [client 114.24.237.205:60495] AH01384: Zlib: Compressed 14581 to 3765 : URL /wp-content/themes/oceanwp/assets/js/drop-down-mobile-menu.min.js, referer: https://www.lmes.ilc.edu.tw/
[Wed Aug 26 00:28:34.016157 2026] [ssl:debug] [pid 2107686:tid 2107686] ssl_engine_kernel.c(254): [client 114.24.237.205:60492] AH02034: Subsequent (No.2) HTTPS request received for child 15 (server www.lmes.ilc.edu.tw:443), referer: https://www.lmes.ilc.edu.tw/
[Wed Aug 26 00:28:34.016331 2026] [authz_core:debug] [pid 2107686:tid 2107686] mod_authz_core.c(815): [client 114.24.237.205:60492] AH01626: authorization result of Require all granted: granted, referer: https://www.lmes.ilc.edu.tw/
[Wed Aug 26 00:28:34.016336 2026] [authz_core:debug] [pid 2107686:tid 2107686] mod_authz_core.c(815): [client 114.24.237.205:60492] AH01626: authorization result of : granted, referer: https://www.lmes.ilc.edu.tw/
[Wed Aug 26 00:28:34.016614 2026] [deflate:debug] [pid 2107686:tid 2107686] mod_deflate.c(909): [client 114.24.237.205:60492] AH01384: Zlib: Compressed 7540 to 2070 : URL /wp-content/themes/oceanwp/assets/js/drop-down-search.min.js, referer: https://www.lmes.ilc.edu.tw/
[Wed Aug 26 00:28:34.016981 2026] [deflate:debug] [pid 2107780:tid 2107780] mod_deflate.c(909): [client 52.0.41.164:15419] AH01384: Zlib: Compressed 20289 to 6449 : URL /index.php
[Wed Aug 26 00:28:34.017149 2026] [ssl:debug] [pid 2107780:tid 2107780] ssl_engine_io.c(1150): [client 52.0.41.164:15419] AH02001: Connection closed to child 38 with standard shutdown (server www.cwjh.ilc.edu.tw:443)
[Wed Aug 26 00:28:34.027905 2026] [ssl:debug] [pid 2107782:tid 2107782] ssl_engine_kernel.c(254): [client 114.24.237.205:60494] AH02034: Subsequent (No.5) HTTPS request received for child 40 (server www.lmes.ilc.edu.tw:443), referer: https://www.lmes.ilc.edu.tw/
[Wed Aug 26 00:28:34.028098 2026] [authz_core:debug] [pid 2107782:tid 2107782] mod_authz_core.c(815): [client 114.24.237.205:60494] AH01626: authorization result of Require all granted: granted, referer: https://www.lmes.ilc.edu.tw/
[Wed Aug 26 00:28:34.028106 2026] [authz_core:debug] [pid 2107782:tid 2107782] mod_authz_core.c(815): [client 114.24.237.205:60494] AH01626: authorization result of : granted, referer: https://www.lmes.ilc.edu.tw/
[Wed Aug 26 00:28:34.028421 2026] [ssl:debug] [pid 2103004:tid 2103004] ssl_engine_kernel.c(254): [client 114.24.237.205:60495] AH02034: Subsequent (No.4) HTTPS request received for child 7 (server www.lmes.ilc.edu.tw:443), referer: https://www.lmes.ilc.edu.tw/
[Wed Aug 26 00:28:34.028574 2026] [authz_core:debug] [pid 2103004:tid 2103004] mod_authz_core.c(815): [client 114.24.237.205:60495] AH01626: authorization result of Require all granted: granted, referer: https://www.lmes.ilc.edu.tw/
[Wed Aug 26 00:28:34.028580 2026] [authz_core:debug] [pid 2103004:tid 2103004] mod_authz_core.c(815): [client 114.24.237.205:60495] AH01626: authorization result of : granted, referer: https://www.lmes.ilc.edu.tw/
[Wed Aug 26 00:28:34.028773 2026] [deflate:debug] [pid 2107782:tid 2107782] mod_deflate.c(909): [client 114.24.237.205:60494] AH01384: Zlib: Compressed 20216 to 7328 : URL /wp-content/themes/oceanwp/assets/js/vendors/magnific-popup.min.js, referer: https://www.lmes.ilc.edu.tw/
[Wed Aug 26 00:28:34.028788 2026] [deflate:debug] [pid 2103004:tid 2103004] mod_deflate.c(909): [client 114.24.237.205:60495] AH01384: Zlib: Compressed 4111 to 1423 : URL /wp-content/themes/oceanwp/assets/js/ow-lightbox.min.js, referer: https://www.lmes.ilc.edu.tw/
[Wed Aug 26 00:28:34.031878 2026] [ssl:debug] [pid 2107686:tid 2107686] ssl_engine_kernel.c(254): [client 114.24.237.205:60492] AH02034: Subsequent (No.3) HTTPS request received for child 15 (server www.lmes.ilc.edu.tw:443), referer: https://www.lmes.ilc.edu.tw/
[Wed Aug 26 00:28:34.032033 2026] [authz_core:debug] [pid 2107686:tid 2107686] mod_authz_core.c(815): [client 114.24.237.205:60492] AH01626: authorization result of Require all granted: granted, referer: https://www.lmes.ilc.edu.tw/
[Wed Aug 26 00:28:34.032038 2026] [authz_core:debug] [pid 2107686:tid 2107686] mod_authz_core.c(815): [client 114.24.237.205:60492] AH01626: authorization result of : granted, referer: https://www.lmes.ilc.edu.tw/
[Wed Aug 26 00:28:34.033776 2026] [deflate:debug] [pid 2107686:tid 2107686] mod_deflate.c(909): [client 114.24.237.205:60492] AH01384: Zlib: Compressed 57513 to 14083 : URL /wp-content/themes/oceanwp/assets/js/vendors/flickity.pkgd.min.js, referer: https://www.lmes.ilc.edu.tw/
[Wed Aug 26 00:28:34.055746 2026] [ssl:debug] [pid 2107764:tid 2107764] ssl_engine_io.c(1150): [client 44.217.177.142:60025] AH02001: Connection closed to child 16 with standard shutdown (server www.bhoes.ilc.edu.tw:443)
[Wed Aug 26 00:28:34.056577 2026] [ssl:debug] [pid 2107782:tid 2107782] ssl_engine_kernel.c(254): [client 114.24.237.205:60494] AH02034: Subsequent (No.6) HTTPS request received for child 40 (server www.lmes.ilc.edu.tw:443), referer: https://www.lmes.ilc.edu.tw/
[Wed Aug 26 00:28:34.056749 2026] [authz_core:debug] [pid 2107782:tid 2107782] mod_authz_core.c(815): [client 114.24.237.205:60494] AH01626: authorization result of Require all granted: granted, referer: https://www.lmes.ilc.edu.tw/
[Wed Aug 26 00:28:34.056755 2026] [authz_core:debug] [pid 2107782:tid 2107782] mod_authz_core.c(815): [client 114.24.237.205:60494] AH01626: authorization result of : granted, referer: https://www.lmes.ilc.edu.tw/
[Wed Aug 26 00:28:34.057006 2026] [deflate:debug] [pid 2107782:tid 2107782] mod_deflate.c(909): [client 114.24.237.205:60494] AH01384: Zlib: Compressed 2002 to 864 : URL /wp-content/themes/oceanwp/assets/js/ow-slider.min.js, referer: https://www.lmes.ilc.edu.tw/
[Wed Aug 26 00:28:34.057796 2026] [ssl:debug] [pid 2107686:tid 2107686] ssl_engine_kernel.c(254): [client 114.24.237.205:60492] AH02034: Subsequent (No.4) HTTPS request received for child 15 (server www.lmes.ilc.edu.tw:443), referer: https://www.lmes.ilc.edu.tw/
[Wed Aug 26 00:28:34.057797 2026] [ssl:debug] [pid 2107761:tid 2107761] ssl_engine_io.c(1150): [client 114.24.237.205:60490] AH02001: Connection closed to child 11 with standard shutdown (server www.lmes.ilc.edu.tw:443)
[Wed Aug 26 00:28:34.057941 2026] [authz_core:debug] [pid 2107686:tid 2107686] mod_authz_core.c(815): [client 114.24.237.205:60492] AH01626: authorization result of Require all granted: granted, referer: https://www.lmes.ilc.edu.tw/
[Wed Aug 26 00:28:34.057947 2026] [authz_core:debug] [pid 2107686:tid 2107686] mod_authz_core.c(815): [client 114.24.237.205:60492] AH01626: authorization result of : granted, referer: https://www.lmes.ilc.edu.tw/
[Wed Aug 26 00:28:34.058167 2026] [deflate:debug] [pid 2107686:tid 2107686] mod_deflate.c(909): [client 114.24.237.205:60492] AH01384: Zlib: Compressed 5181 to 1510 : URL /wp-content/themes/oceanwp/assets/js/select.min.js, referer: https://www.lmes.ilc.edu.tw/
[Wed Aug 26 00:28:34.058260 2026] [ssl:debug] [pid 2103004:tid 2103004] ssl_engine_kernel.c(254): [client 114.24.237.205:60495] AH02034: Subsequent (No.5) HTTPS request received for child 7 (server www.lmes.ilc.edu.tw:443), referer: https://www.lmes.ilc.edu.tw/
[Wed Aug 26 00:28:34.058411 2026] [authz_core:debug] [pid 2103004:tid 2103004] mod_authz_core.c(815): [client 114.24.237.205:60495] AH01626: authorization result of Require all granted: granted, referer: https://www.lmes.ilc.edu.tw/
[Wed Aug 26 00:28:34.058416 2026] [authz_core:debug] [pid 2103004:tid 2103004] mod_authz_core.c(815): [client 114.24.237.205:60495] AH01626: authorization result of : granted, referer: https://www.lmes.ilc.edu.tw/
[Wed Aug 26 00:28:34.058749 2026] [deflate:debug] [pid 2103004:tid 2103004] mod_deflate.c(909): [client 114.24.237.205:60495] AH01384: Zlib: Compressed 12402 to 3229 : URL /wp-content/themes/oceanwp/assets/js/scroll-effect.min.js, referer: https://www.lmes.ilc.edu.tw/
[Wed Aug 26 00:28:34.072568 2026] [ssl:info] [pid 2107767:tid 2107767] [client 44.215.235.20:56194] AH01964: Connection to child 20 established (server 2blog.ilc.edu.tw:443)
[Wed Aug 26 00:28:34.072701 2026] [ssl:debug] [pid 2107767:tid 2107767] ssl_engine_kernel.c(2222): [client 44.215.235.20:56194] AH02043: SSL virtual host for servername 2blog.ilc.edu.tw found
[Wed Aug 26 00:28:34.075555 2026] [ssl:debug] [pid 2107782:tid 2107782] ssl_engine_kernel.c(254): [client 114.24.237.205:60494] AH02034: Subsequent (No.7) HTTPS request received for child 40 (server www.lmes.ilc.edu.tw:443), referer: https://www.lmes.ilc.edu.tw/
[Wed Aug 26 00:28:34.075675 2026] [ssl:debug] [pid 2107686:tid 2107686] ssl_engine_kernel.c(254): [client 114.24.237.205:60492] AH02034: Subsequent (No.5) HTTPS request received for child 15 (server www.lmes.ilc.edu.tw:443), referer: https://www.lmes.ilc.edu.tw/
[Wed Aug 26 00:28:34.075730 2026] [authz_core:debug] [pid 2107782:tid 2107782] mod_authz_core.c(815): [client 114.24.237.205:60494] AH01626: authorization result of Require all granted: granted, referer: https://www.lmes.ilc.edu.tw/
[Wed Aug 26 00:28:34.075735 2026] [authz_core:debug] [pid 2107782:tid 2107782] mod_authz_core.c(815): [client 114.24.237.205:60494] AH01626: authorization result of : granted, referer: https://www.lmes.ilc.edu.tw/
[Wed Aug 26 00:28:34.075831 2026] [authz_core:debug] [pid 2107686:tid 2107686] mod_authz_core.c(815): [client 114.24.237.205:60492] AH01626: authorization result of Require all granted: granted, referer: https://www.lmes.ilc.edu.tw/
[Wed Aug 26 00:28:34.075842 2026] [authz_core:debug] [pid 2107686:tid 2107686] mod_authz_core.c(815): [client 114.24.237.205:60492] AH01626: authorization result of : granted, referer: https://www.lmes.ilc.edu.tw/
[Wed Aug 26 00:28:34.075897 2026] [deflate:debug] [pid 2107782:tid 2107782] mod_deflate.c(909): [client 114.24.237.205:60494] AH01384: Zlib: Compressed 712 to 422 : URL /wp-content/plugins/ocean-extra/includes/widgets/js/flickr.min.js, referer: https://www.lmes.ilc.edu.tw/
[Wed Aug 26 00:28:34.076828 2026] [ssl:info] [pid 2107763:tid 2107763] [client 114.24.237.205:60500] AH01964: Connection to child 13 established (server 2blog.ilc.edu.tw:443)
[Wed Aug 26 00:28:34.076968 2026] [ssl:debug] [pid 2107763:tid 2107763] ssl_engine_kernel.c(2222): [client 114.24.237.205:60500] AH02043: SSL virtual host for servername www.lmes.ilc.edu.tw found
[Wed Aug 26 00:28:34.077013 2026] [core:debug] [pid 2107763:tid 2107763] protocol.c(2460): [client 114.24.237.205:60500] AH03155: select protocol from , choices=http/1.1 for server www.lmes.ilc.edu.tw
[Wed Aug 26 00:28:34.077046 2026] [ssl:debug] [pid 2107763:tid 2107763] ssl_util_stapling.c(819): AH01951: stapling_cb: OCSP Stapling callback called
[Wed Aug 26 00:28:34.077052 2026] [ssl:info] [pid 2107763:tid 2107763] AH01926: stapling_get_certinfo: stapling not supported for certificate
[Wed Aug 26 00:28:34.104291 2026] [ssl:debug] [pid 2107763:tid 2107763] ssl_engine_kernel.c(2082): [client 114.24.237.205:60500] AH02041: Protocol: TLSv1.3, Cipher: TLS_AES_256_GCM_SHA384 (256/256 bits)
[Wed Aug 26 00:28:34.104336 2026] [socache_shmcb:debug] [pid 2107763:tid 2107763] mod_socache_shmcb.c(508): AH00831: socache_shmcb_store (0x47 -> subcache 7)
[Wed Aug 26 00:28:34.104341 2026] [socache_shmcb:debug] [pid 2107763:tid 2107763] mod_socache_shmcb.c(860): AH00847: insert happened at idx=27, data=(3423:3455)
[Wed Aug 26 00:28:34.104344 2026] [socache_shmcb:debug] [pid 2107763:tid 2107763] mod_socache_shmcb.c(863): AH00848: finished insert, subcache: idx_pos/idx_used=75/41, data_pos/data_used=8345/9170
[Wed Aug 26 00:28:34.104346 2026] [socache_shmcb:debug] [pid 2107763:tid 2107763] mod_socache_shmcb.c(530): AH00834: leaving socache_shmcb_store successfully
[Wed Aug 26 00:28:34.104393 2026] [socache_shmcb:debug] [pid 2107763:tid 2107763] mod_socache_shmcb.c(508): AH00831: socache_shmcb_store (0x11 -> subcache 17)
[Wed Aug 26 00:28:34.104397 2026] [socache_shmcb:debug] [pid 2107763:tid 2107763] mod_socache_shmcb.c(860): AH00847: insert happened at idx=25, data=(3083:3115)
[Wed Aug 26 00:28:34.104399 2026] [socache_shmcb:debug] [pid 2107763:tid 2107763] mod_socache_shmcb.c(863): AH00848: finished insert, subcache: idx_pos/idx_used=81/33, data_pos/data_used=9773/7403
[Wed Aug 26 00:28:34.104401 2026] [socache_shmcb:debug] [pid 2107763:tid 2107763] mod_socache_shmcb.c(530): AH00834: leaving socache_shmcb_store successfully
[Wed Aug 26 00:28:34.105499 2026] [ssl:debug] [pid 2107763:tid 2107763] ssl_engine_kernel.c(254): [client 114.24.237.205:60500] AH02034: Initial (No.1) HTTPS request received for child 13 (server www.lmes.ilc.edu.tw:443), referer: https://www.lmes.ilc.edu.tw/
[Wed Aug 26 00:28:34.105700 2026] [authz_core:debug] [pid 2107763:tid 2107763] mod_authz_core.c(815): [client 114.24.237.205:60500] AH01626: authorization result of Require all granted: granted, referer: https://www.lmes.ilc.edu.tw/
[Wed Aug 26 00:28:34.105705 2026] [authz_core:debug] [pid 2107763:tid 2107763] mod_authz_core.c(815): [client 114.24.237.205:60500] AH01626: authorization result of : granted, referer: https://www.lmes.ilc.edu.tw/
[Wed Aug 26 00:28:34.106024 2026] [deflate:debug] [pid 2107763:tid 2107763] mod_deflate.c(909): [client 114.24.237.205:60500] AH01384: Zlib: Compressed 8989 to 2304 : URL /wp-content/themes/oceanwp/assets/js/scroll-top.min.js, referer: https://www.lmes.ilc.edu.tw/
[Wed Aug 26 00:28:34.117475 2026] [watchdog:debug] [pid 2107800:tid 2107800] mod_watchdog.c(559): AH02980: Watchdog: nothing configured?
[Wed Aug 26 00:28:34.122212 2026] [ssl:debug] [pid 2107777:tid 2107777] ssl_engine_io.c(1150): [client 114.24.237.205:60491] AH02001: Connection closed to child 35 with standard shutdown (server www.lmes.ilc.edu.tw:443)
[Wed Aug 26 00:28:34.146479 2026] [ssl:info] [pid 2107788:tid 2107788] (70014)End of file found: [client 66.249.79.36:55306] AH01992: SSL library error 6 reading data
[Wed Aug 26 00:28:34.146536 2026] [ssl:debug] [pid 2107788:tid 2107788] ssl_engine_io.c(1150): [client 66.249.79.36:55306] AH02001: Connection closed to child 46 with standard shutdown (server www.ilc.edu.tw:443)
[Wed Aug 26 00:28:34.164542 2026] [ssl:info] [pid 2107761:tid 2107761] [client 52.71.46.142:48816] AH01964: Connection to child 11 established (server 2blog.ilc.edu.tw:443)
[Wed Aug 26 00:28:34.164695 2026] [ssl:debug] [pid 2107761:tid 2107761] ssl_engine_kernel.c(2222): [client 52.71.46.142:48816] AH02043: SSL virtual host for servername www.ltjh.ilc.edu.tw found
[Wed Aug 26 00:28:34.177294 2026] [ssl:debug] [pid 2107670:tid 2107670] ssl_engine_io.c(1150): [client 114.24.237.205:60493] AH02001: Connection closed to child 1 with standard shutdown (server www.lmes.ilc.edu.tw:443)
[Wed Aug 26 00:28:34.177367 2026] [ssl:debug] [pid 2103004:tid 2103004] ssl_engine_kernel.c(254): [client 114.24.237.205:60495] AH02034: Subsequent (No.6) HTTPS request received for child 7 (server www.lmes.ilc.edu.tw:443), referer: https://www.lmes.ilc.edu.tw/
[Wed Aug 26 00:28:34.178987 2026] [authz_core:debug] [pid 2103004:tid 2103004] mod_authz_core.c(815): [client 114.24.237.205:60495] AH01626: authorization result of Require all granted: granted, referer: https://www.lmes.ilc.edu.tw/
[Wed Aug 26 00:28:34.178997 2026] [authz_core:debug] [pid 2103004:tid 2103004] mod_authz_core.c(815): [client 114.24.237.205:60495] AH01626: authorization result of : granted, referer: https://www.lmes.ilc.edu.tw/
[Wed Aug 26 00:28:34.184698 2026] [ssl:debug] [pid 2107782:tid 2107782] ssl_engine_kernel.c(254): [client 114.24.237.205:60494] AH02034: Subsequent (No.8) HTTPS request received for child 40 (server www.lmes.ilc.edu.tw:443), referer: https://www.lmes.ilc.edu.tw/
[Wed Aug 26 00:28:34.186169 2026] [authz_core:debug] [pid 2107782:tid 2107782] mod_authz_core.c(815): [client 114.24.237.205:60494] AH01626: authorization result of Require all granted: granted, referer: https://www.lmes.ilc.edu.tw/
[Wed Aug 26 00:28:34.186178 2026] [authz_core:debug] [pid 2107782:tid 2107782] mod_authz_core.c(815): [client 114.24.237.205:60494] AH01626: authorization result of : granted, referer: https://www.lmes.ilc.edu.tw/
[Wed Aug 26 00:28:34.188151 2026] [ssl:debug] [pid 2107712:tid 2107712] ssl_engine_io.c(1150): [client 34.234.197.175:40460] AH02001: Connection closed to child 2 with standard shutdown (server www.tcjh.ilc.edu.tw:443)
[Wed Aug 26 00:28:34.207675 2026] [ssl:debug] [pid 2107763:tid 2107763] ssl_engine_kernel.c(254): [client 114.24.237.205:60500] AH02034: Subsequent (No.2) HTTPS request received for child 13 (server www.lmes.ilc.edu.tw:443), referer: https://www.lmes.ilc.edu.tw/
[Wed Aug 26 00:28:34.208162 2026] [authz_core:debug] [pid 2107763:tid 2107763] mod_authz_core.c(815): [client 114.24.237.205:60500] AH01626: authorization result of Require all granted: granted, referer: https://www.lmes.ilc.edu.tw/
[Wed Aug 26 00:28:34.208169 2026] [authz_core:debug] [pid 2107763:tid 2107763] mod_authz_core.c(815): [client 114.24.237.205:60500] AH01626: authorization result of : granted, referer: https://www.lmes.ilc.edu.tw/
[Wed Aug 26 00:28:34.259195 2026] [ssl:debug] [pid 2107686:tid 2107686] ssl_engine_kernel.c(254): [client 114.24.237.205:60492] AH02034: Subsequent (No.6) HTTPS request received for child 15 (server www.lmes.ilc.edu.tw:443), referer: https://www.lmes.ilc.edu.tw/
[Wed Aug 26 00:28:34.259577 2026] [authz_core:debug] [pid 2107686:tid 2107686] mod_authz_core.c(815): [client 114.24.237.205:60492] AH01626: authorization result of Require all granted: granted, referer: https://www.lmes.ilc.edu.tw/
[Wed Aug 26 00:28:34.259584 2026] [authz_core:debug] [pid 2107686:tid 2107686] mod_authz_core.c(815): [client 114.24.237.205:60492] AH01626: authorization result of : granted, referer: https://www.lmes.ilc.edu.tw/
[Wed Aug 26 00:28:34.297206 2026] [ssl:debug] [pid 2107767:tid 2107767] ssl_engine_kernel.c(2082): [client 44.215.235.20:56194] AH02041: Protocol: TLSv1.3, Cipher: TLS_AES_256_GCM_SHA384 (256/256 bits)
[Wed Aug 26 00:28:34.297254 2026] [socache_shmcb:debug] [pid 2107767:tid 2107767] mod_socache_shmcb.c(508): AH00831: socache_shmcb_store (0x17 -> subcache 23)
[Wed Aug 26 00:28:34.297260 2026] [socache_shmcb:debug] [pid 2107767:tid 2107767] mod_socache_shmcb.c(860): AH00847: insert happened at idx=16, data=(1203:1235)
[Wed Aug 26 00:28:34.297262 2026] [socache_shmcb:debug] [pid 2107767:tid 2107767] mod_socache_shmcb.c(863): AH00848: finished insert, subcache: idx_pos/idx_used=72/33, data_pos/data_used=7893/7388
[Wed Aug 26 00:28:34.297264 2026] [socache_shmcb:debug] [pid 2107767:tid 2107767] mod_socache_shmcb.c(530): AH00834: leaving socache_shmcb_store successfully
[Wed Aug 26 00:28:34.297308 2026] [socache_shmcb:debug] [pid 2107767:tid 2107767] mod_socache_shmcb.c(508): AH00831: socache_shmcb_store (0x26 -> subcache 6)
[Wed Aug 26 00:28:34.297313 2026] [socache_shmcb:debug] [pid 2107767:tid 2107767] mod_socache_shmcb.c(860): AH00847: insert happened at idx=48, data=(8122:8154)
[Wed Aug 26 00:28:34.297314 2026] [socache_shmcb:debug] [pid 2107767:tid 2107767] mod_socache_shmcb.c(863): AH00848: finished insert, subcache: idx_pos/idx_used=14/35, data_pos/data_used=511/7825
[Wed Aug 26 00:28:34.297316 2026] [socache_shmcb:debug] [pid 2107767:tid 2107767] mod_socache_shmcb.c(530): AH00834: leaving socache_shmcb_store successfully
[Wed Aug 26 00:28:34.297417 2026] [ssl:debug] [pid 2107767:tid 2107767] ssl_engine_kernel.c(254): [client 44.215.235.20:56194] AH02034: Initial (No.1) HTTPS request received for child 20 (server 2blog.ilc.edu.tw:443)
[Wed Aug 26 00:28:34.297577 2026] [authz_core:debug] [pid 2107767:tid 2107767] mod_authz_core.c(815): [client 44.215.235.20:56194] AH01626: authorization result of Require all granted: granted
[Wed Aug 26 00:28:34.297581 2026] [authz_core:debug] [pid 2107767:tid 2107767] mod_authz_core.c(815): [client 44.215.235.20:56194] AH01626: authorization result of : granted
[Wed Aug 26 00:28:34.297695 2026] [authz_core:debug] [pid 2107767:tid 2107767] mod_authz_core.c(815): [client 44.215.235.20:56194] AH01626: authorization result of Require all granted: granted
[Wed Aug 26 00:28:34.297698 2026] [authz_core:debug] [pid 2107767:tid 2107767] mod_authz_core.c(815): [client 44.215.235.20:56194] AH01626: authorization result of : granted
[Wed Aug 26 00:28:34.386985 2026] [ssl:debug] [pid 2107761:tid 2107761] ssl_engine_kernel.c(2082): [client 52.71.46.142:48816] AH02041: Protocol: TLSv1.3, Cipher: TLS_AES_256_GCM_SHA384 (256/256 bits)
[Wed Aug 26 00:28:34.387034 2026] [socache_shmcb:debug] [pid 2107761:tid 2107761] mod_socache_shmcb.c(508): AH00831: socache_shmcb_store (0x54 -> subcache 20)
[Wed Aug 26 00:28:34.387049 2026] [socache_shmcb:debug] [pid 2107761:tid 2107761] mod_socache_shmcb.c(860): AH00847: insert happened at idx=36, data=(5748:5780)
[Wed Aug 26 00:28:34.387051 2026] [socache_shmcb:debug] [pid 2107761:tid 2107761] mod_socache_shmcb.c(863): AH00848: finished insert, subcache: idx_pos/idx_used=85/40, data_pos/data_used=10912/8916
[Wed Aug 26 00:28:34.387053 2026] [socache_shmcb:debug] [pid 2107761:tid 2107761] mod_socache_shmcb.c(530): AH00834: leaving socache_shmcb_store successfully
[Wed Aug 26 00:28:34.387097 2026] [socache_shmcb:debug] [pid 2107761:tid 2107761] mod_socache_shmcb.c(508): AH00831: socache_shmcb_store (0xc6 -> subcache 6)
[Wed Aug 26 00:28:34.387102 2026] [socache_shmcb:debug] [pid 2107761:tid 2107761] mod_socache_shmcb.c(860): AH00847: insert happened at idx=49, data=(8336:8368)
[Wed Aug 26 00:28:34.387104 2026] [socache_shmcb:debug] [pid 2107761:tid 2107761] mod_socache_shmcb.c(863): AH00848: finished insert, subcache: idx_pos/idx_used=14/36, data_pos/data_used=511/8042
[Wed Aug 26 00:28:34.387106 2026] [socache_shmcb:debug] [pid 2107761:tid 2107761] mod_socache_shmcb.c(530): AH00834: leaving socache_shmcb_store successfully
[Wed Aug 26 00:28:34.387224 2026] [ssl:debug] [pid 2107761:tid 2107761] ssl_engine_kernel.c(254): [client 52.71.46.142:48816] AH02034: Initial (No.1) HTTPS request received for child 11 (server www.ltjh.ilc.edu.tw:443)
[Wed Aug 26 00:28:34.387384 2026] [authz_core:debug] [pid 2107761:tid 2107761] mod_authz_core.c(815): [client 52.71.46.142:48816] AH01626: authorization result of Require all granted: granted
[Wed Aug 26 00:28:34.387388 2026] [authz_core:debug] [pid 2107761:tid 2107761] mod_authz_core.c(815): [client 52.71.46.142:48816] AH01626: authorization result of : granted
[Wed Aug 26 00:28:34.387530 2026] [authz_core:debug] [pid 2107761:tid 2107761] mod_authz_core.c(815): [client 52.71.46.142:48816] AH01626: authorization result of Require all granted: granted
[Wed Aug 26 00:28:34.387534 2026] [authz_core:debug] [pid 2107761:tid 2107761] mod_authz_core.c(815): [client 52.71.46.142:48816] AH01626: authorization result of : granted
[Wed Aug 26 00:28:34.466159 2026] [ssl:debug] [pid 2107767:tid 2107767] ssl_engine_io.c(1150): [client 44.215.235.20:56194] AH02001: Connection closed to child 20 with standard shutdown (server 2blog.ilc.edu.tw:443)
[Wed Aug 26 00:28:34.527645 2026] [deflate:debug] [pid 2107761:tid 2107761] mod_deflate.c(909): [client 52.71.46.142:48816] AH01384: Zlib: Compressed 48523 to 11881 : URL /index.php
[Wed Aug 26 00:28:34.527840 2026] [ssl:debug] [pid 2107761:tid 2107761] ssl_engine_io.c(1150): [client 52.71.46.142:48816] AH02001: Connection closed to child 11 with standard shutdown (server www.ltjh.ilc.edu.tw:443)
[Wed Aug 26 00:28:34.567311 2026] [ssl:debug] [pid 2107683:tid 2107683] ssl_engine_io.c(1150): [client 136.119.35.120:11776] AH02001: Connection closed to child 10 with standard shutdown (server 2blog.ilc.edu.tw:443)
[Wed Aug 26 00:28:35.101651 2026] [ssl:debug] [pid 2107781:tid 2107781] ssl_engine_io.c(1150): [client 34.10.180.98:62978] AH02001: Connection closed to child 39 with standard shutdown (server 2blog.ilc.edu.tw:443)
[Wed Aug 26 00:28:35.195491 2026] [headers:debug] [pid 2107777:tid 2107777] mod_headers.c(900): AH01503: headers: ap_headers_error_filter()
[Wed Aug 26 00:28:35.525238 2026] [ssl:info] [pid 2107788:tid 2107788] [client 140.111.67.10:51236] AH01964: Connection to child 46 established (server 2blog.ilc.edu.tw:443)
[Wed Aug 26 00:28:35.525377 2026] [ssl:info] [pid 2107788:tid 2107788] (70014)End of file found: [client 140.111.67.10:51236] AH02006: SSL handshake stopped: connection was closed
[Wed Aug 26 00:28:35.525383 2026] [ssl:info] [pid 2107788:tid 2107788] [client 140.111.67.10:51236] AH01998: Connection closed to child 46 with abortive shutdown (server 2blog.ilc.edu.tw:443)
[Wed Aug 26 00:28:35.845982 2026] [ssl:debug] [pid 2107785:tid 2107785] ssl_engine_io.c(1150): [client 34.61.96.6:12800] AH02001: Connection closed to child 43 with standard shutdown (server 2blog.ilc.edu.tw:443)
[Wed Aug 26 00:28:36.472864 2026] [ssl:info] [pid 2107780:tid 2107780] [client 3.89.176.255:64812] AH01964: Connection to child 38 established (server 2blog.ilc.edu.tw:443)
[Wed Aug 26 00:28:36.473105 2026] [ssl:debug] [pid 2107780:tid 2107780] ssl_engine_kernel.c(2222): [client 3.89.176.255:64812] AH02043: SSL virtual host for servername www.cses.ilc.edu.tw found
[Wed Aug 26 00:28:36.502827 2026] [ssl:debug] [pid 2107766:tid 2107766] ssl_engine_io.c(1150): [client 34.123.149.87:40960] AH02001: Connection closed to child 19 with standard shutdown (server 2blog.ilc.edu.tw:443)
[Wed Aug 26 00:28:36.721680 2026] [ssl:debug] [pid 2107685:tid 2107685] ssl_engine_io.c(1150): [client 240e:90e:2000:2006::1159:14416] AH02001: Connection closed to child 14 with standard shutdown (server www.najh.ilc.edu.tw:443)
[Wed Aug 26 00:28:36.745406 2026] [ssl:debug] [pid 2107780:tid 2107780] ssl_engine_kernel.c(2082): [client 3.89.176.255:64812] AH02041: Protocol: TLSv1.3, Cipher: TLS_AES_256_GCM_SHA384 (256/256 bits)
[Wed Aug 26 00:28:36.745472 2026] [socache_shmcb:debug] [pid 2107780:tid 2107780] mod_socache_shmcb.c(508): AH00831: socache_shmcb_store (0xe2 -> subcache 2)
