::1 - - [26/Aug/2026:02:22:03 +0800] "OPTIONS * HTTP/1.0" 200 110 "-" "Apache/2.4.68 (Ubuntu) OpenSSL/3.0.19 (internal dummy connection)"
34.61.96.6 - - [26/Aug/2026:02:22:03 +0800] "GET /3860/?p=13183 HTTP/1.1" 301 5690 "-" "Mozilla/5.0 (Macintosh; Intel Mac OS X 10_15_7) AppleWebKit/537.36 (KHTML, like Gecko) Chrome/120.0.0.0 Safari/537.36"
::1 - - [26/Aug/2026:02:22:04 +0800] "OPTIONS * HTTP/1.0" 200 110 "-" "Apache/2.4.68 (Ubuntu) OpenSSL/3.0.19 (internal dummy connection)"
23.21.179.27 - - [26/Aug/2026:02:22:02 +0800] "GET /?amp&attachment_id=20779 HTTP/1.1" 200 24627 "-" "Mozilla/5.0 AppleWebKit/537.36 (KHTML, like Gecko; compatible; Amazonbot/0.1; +https://developer.amazon.com/support/amazonbot) Chrome/119.0.6045.214 Safari/537.36"
140.111.67.10 - - [26/Aug/2026:02:22:05 +0800] "GET /" 301 273 "-" "-"
::1 - - [26/Aug/2026:02:22:05 +0800] "OPTIONS * HTTP/1.0" 200 110 "-" "Apache/2.4.68 (Ubuntu) OpenSSL/3.0.19 (internal dummy connection)"
34.61.96.6 - - [26/Aug/2026:02:22:05 +0800] "GET /6443/2017/11/18/106%E5%B9%B4-%E5%9B%9B-4-4%E8%A8%AD%E7%BD%AE%E7%94%9F%E6%85%8B%E6%B1%A0%E5%8F%AF%E6%B0%B4%E5%BE%AA%E7%92%B0%E5%86%8D%E5%88%A9%E7%94%A8/ HTTP/1.1" 200 18106 "-" "Mozilla/5.0 (Macintosh; Intel Mac OS X 10_15_7) AppleWebKit/537.36 (KHTML, like Gecko) Chrome/120.0.0.0 Safari/537.36"
::1 - - [26/Aug/2026:02:22:06 +0800] "OPTIONS * HTTP/1.0" 200 110 "-" "Apache/2.4.68 (Ubuntu) OpenSSL/3.0.19 (internal dummy connection)"
44.216.172.204 - - [26/Aug/2026:02:22:06 +0800] "GET /amy6998/wp-json/oembed/1.0/embed?format=xml&url=https://2blog.ilc.edu.tw/amy6998/2021/03/03/110%25e5%25b9%25b42%25e6%259c%258823%25e6%2597%25a5%25e5%258f%25b0%25e5%258c%2597%25e5%25b8%2582%25e4%25b8%25ad%25e5%25b1%25b1%25e5%259c%258b%25e5%25b0%258f%25e6%25a0%25a1%25e9%2595%25b7%25e5%258f%258a%25e4%25b8%25bb%25e4%25bb%25bb%25e5%258f%2583%25e8%25a8%25aa/ HTTP/1.1" 200 7324 "-" "Mozilla/5.0 AppleWebKit/537.36 (KHTML, like Gecko; compatible; Amazonbot/0.1; +https://developer.amazon.com/support/amazonbot) Chrome/119.0.6045.214 Safari/537.36"
::1 - - [26/Aug/2026:02:22:07 +0800] "OPTIONS * HTTP/1.0" 200 110 "-" "Apache/2.4.68 (Ubuntu) OpenSSL/3.0.19 (internal dummy connection)"
34.10.180.98 - - [26/Aug/2026:02:22:07 +0800] "GET /6441/wp-json/wp/v2/posts/4607 HTTP/1.1" 200 10395 "-" "Mozilla/5.0 (Macintosh; Intel Mac OS X 10_15_7) AppleWebKit/537.36 (KHTML, like Gecko) Chrome/120.0.0.0 Safari/537.36"
2001:288:a201::66:125 - - [26/Aug/2026:02:22:08 +0800] "GET /blog/active.php HTTP/1.1" 404 1084 "-" "-"
2001:288:a201::66:125 - - [26/Aug/2026:02:22:08 +0800] "GET /blog/active.php HTTP/1.1" 301 1026 "-" "-"
31.25.195.62 - - [26/Aug/2026:02:22:07 +0800] "GET /5798/wp-content/uploads/sites/2010/2023/10/%E5%85%A8%E6%A0%A1%E5%9C%8D%E5%9C%88-768x576.jpg HTTP/1.1" 200 129807 "https://2blog.ilc.edu.tw/5798/category/c-85809/" "Mozilla/5.0 (Macintosh; Intel Mac OS X 10_15_7) AppleWebKit/537.36 (KHTML, like Gecko) Chrome/131.0.0.0 Safari/537.36"
34.10.180.98 - - [26/Aug/2026:02:22:08 +0800] "GET /6562/2011/11/23/%E4%BA%94%E3%80%81%E5%AD%B8%E6%A0%A1%E7%92%B0%E5%A2%83%E6%95%99%E8%82%B2%E7%89%B9%E8%89%B2%E6%88%96%E5%89%B5%E6%96%B0-5%E3%80%81%E5%8F%8B%E5%96%84%E6%A0%A1%E5%9C%92%E6%95%B4%E6%BD%94%E9%9B%86%E6%B0%A3/ HTTP/1.1" 200 15707 "-" "Mozilla/5.0 (Macintosh; Intel Mac OS X 10_15_7) AppleWebKit/537.36 (KHTML, like Gecko) Chrome/120.0.0.0 Safari/537.36"
34.123.149.87 - - [26/Aug/2026:02:22:08 +0800] "GET /6505/2020/11/19/109%E4%B8%89-1-1-2%E5%8D%97%E6%BE%B3%E5%9C%8B%E6%B0%91%E5%B0%8F%E5%AD%B8109%E5%B9%B4-%E6%A4%8D%E6%A0%BD%E8%A8%88%E7%95%AB/ HTTP/1.1" 200 19234 "-" "Mozilla/5.0 (Macintosh; Intel Mac OS X 10_15_7) AppleWebKit/537.36 (KHTML, like Gecko) Chrome/120.0.0.0 Safari/537.36"
::1 - - [26/Aug/2026:02:22:09 +0800] "OPTIONS * HTTP/1.0" 200 110 "-" "Apache/2.4.68 (Ubuntu) OpenSSL/3.0.19 (internal dummy connection)"
140.111.67.10 - - [26/Aug/2026:02:22:10 +0800] "GET /" 301 273 "-" "-"
34.42.229.145 - - [26/Aug/2026:02:22:10 +0800] "GET /32745/wp-json/wp/v2/posts/21282 HTTP/1.1" 200 24746 "-" "Mozilla/5.0 (Macintosh; Intel Mac OS X 10_15_7) AppleWebKit/537.36 (KHTML, like Gecko) Chrome/120.0.0.0 Safari/537.36"
34.171.68.95 - - [26/Aug/2026:02:22:10 +0800] "GET /3270/wp-json/oembed/1.0/embed?url=https://2blog.ilc.edu.tw/3270/2021/04/13/108%25e5%25ad%25b8%25e5%25b9%25b4%25e5%25ba%25a6%25e5%25ad%25b8%25e5%25b9%25b4%25e6%259c%2583%25e8%25ad%25b0/ HTTP/1.1" 200 8166 "-" "Mozilla/5.0 (Macintosh; Intel Mac OS X 10_15_7) AppleWebKit/537.36 (KHTML, like Gecko) Chrome/120.0.0.0 Safari/537.36"
34.10.180.98 - - [26/Aug/2026:02:22:11 +0800] "GET /18660/2014/12/01/103_1-1-2_%E6%9C%AC%E5%B9%B4%E5%BA%A6%E5%AE%B6%E5%BA%AD%E6%95%99%E8%82%B2%E8%AA%B2%E7%A8%8B%E5%8F%8A%E6%B4%BB%E5%8B%95%E5%AF%A6%E6%96%BD%E4%B9%8B%E6%99%82%E9%96%93%E5%8F%8A%E6%96%B9%E5%BC%8F1031121/ HTTP/1.1" 200 15374 "-" "Mozilla/5.0 (Macintosh; Intel Mac OS X 10_15_7) AppleWebKit/537.36 (KHTML, like Gecko) Chrome/120.0.0.0 Safari/537.36"
2001:b011:7806:74de:1aa:a5fd:99d5:bab1 - - [26/Aug/2026:02:22:11 +0800] "GET / HTTP/1.1" 200 19744 "https://www.google.com/" "Mozilla/5.0 (Linux; Android 10; K) AppleWebKit/537.36 (KHTML, like Gecko) Chrome/151.0.0.0 Mobile Safari/537.36"
2001:b011:7806:74de:1aa:a5fd:99d5:bab1 - - [26/Aug/2026:02:22:11 +0800] "GET /wp-content/cache/www.iles.ilc.edu.tw/wpfc-minified/7zr19wlv/7a23.css HTTP/1.1" 200 40882 "https://www.iles.ilc.edu.tw/" "Mozilla/5.0 (Linux; Android 10; K) AppleWebKit/537.36 (KHTML, like Gecko) Chrome/151.0.0.0 Mobile Safari/537.36"
2001:b011:7806:74de:1aa:a5fd:99d5:bab1 - - [26/Aug/2026:02:22:11 +0800] "GET /wp-content/cache/www.iles.ilc.edu.tw/wpfc-minified/7vhm2mur/7a23.css HTTP/1.1" 200 20585 "https://www.iles.ilc.edu.tw/" "Mozilla/5.0 (Linux; Android 10; K) AppleWebKit/537.36 (KHTML, like Gecko) Chrome/151.0.0.0 Mobile Safari/537.36"
2001:b011:7806:74de:1aa:a5fd:99d5:bab1 - - [26/Aug/2026:02:22:11 +0800] "GET /wp-content/cache/www.iles.ilc.edu.tw/wpfc-minified/pxzb66x/7a23.css HTTP/1.1" 200 1496 "https://www.iles.ilc.edu.tw/" "Mozilla/5.0 (Linux; Android 10; K) AppleWebKit/537.36 (KHTML, like Gecko) Chrome/151.0.0.0 Mobile Safari/537.36"
2001:b011:7806:74de:1aa:a5fd:99d5:bab1 - - [26/Aug/2026:02:22:11 +0800] "GET /wp-content/cache/www.iles.ilc.edu.tw/wpfc-minified/6oqsuyvo/7a23.js HTTP/1.1" 200 3790 "https://www.iles.ilc.edu.tw/" "Mozilla/5.0 (Linux; Android 10; K) AppleWebKit/537.36 (KHTML, like Gecko) Chrome/151.0.0.0 Mobile Safari/537.36"
2001:b011:7806:74de:1aa:a5fd:99d5:bab1 - - [26/Aug/2026:02:22:11 +0800] "GET /wp-content/cache/www.iles.ilc.edu.tw/wpfc-minified/8u4cq25s/7a23.js HTTP/1.1" 200 35555 "https://www.iles.ilc.edu.tw/" "Mozilla/5.0 (Linux; Android 10; K) AppleWebKit/537.36 (KHTML, like Gecko) Chrome/151.0.0.0 Mobile Safari/537.36"
2001:b011:7806:74de:1aa:a5fd:99d5:bab1 - - [26/Aug/2026:02:22:11 +0800] "GET /wp-content/cache/www.iles.ilc.edu.tw/wpfc-minified/12vn2qde/7a23.css HTTP/1.1" 200 61483 "https://www.iles.ilc.edu.tw/" "Mozilla/5.0 (Linux; Android 10; K) AppleWebKit/537.36 (KHTML, like Gecko) Chrome/151.0.0.0 Mobile Safari/537.36"
2001:b011:7806:74de:1aa:a5fd:99d5:bab1 - - [26/Aug/2026:02:22:11 +0800] "GET /wp-includes/js/hoverintent-js.min.js HTTP/1.1" 200 6400 "https://www.iles.ilc.edu.tw/" "Mozilla/5.0 (Linux; Android 10; K) AppleWebKit/537.36 (KHTML, like Gecko) Chrome/151.0.0.0 Mobile Safari/537.36"
2001:b011:7806:74de:1aa:a5fd:99d5:bab1 - - [26/Aug/2026:02:22:12 +0800] "GET /wp-includes/js/admin-bar.min.js HTTP/1.1" 200 2237 "https://www.iles.ilc.edu.tw/" "Mozilla/5.0 (Linux; Android 10; K) AppleWebKit/537.36 (KHTML, like Gecko) Chrome/151.0.0.0 Mobile Safari/537.36"
2001:b011:7806:74de:1aa:a5fd:99d5:bab1 - - [26/Aug/2026:02:22:12 +0800] "GET /wp-content/plugins/wp-statistics/assets/js/tracker.js HTTP/1.1" 200 2247 "https://www.iles.ilc.edu.tw/" "Mozilla/5.0 (Linux; Android 10; K) AppleWebKit/537.36 (KHTML, like Gecko) Chrome/151.0.0.0 Mobile Safari/537.36"
2001:b011:7806:74de:1aa:a5fd:99d5:bab1 - - [26/Aug/2026:02:22:12 +0800] "GET /wp-includes/js/imagesloaded.min.js HTTP/1.1" 200 2683 "https://www.iles.ilc.edu.tw/" "Mozilla/5.0 (Linux; Android 10; K) AppleWebKit/537.36 (KHTML, like Gecko) Chrome/151.0.0.0 Mobile Safari/537.36"
2001:b011:7806:74de:1aa:a5fd:99d5:bab1 - - [26/Aug/2026:02:22:12 +0800] "GET /wp-content/themes/oceanwp/assets/js/theme.min.js HTTP/1.1" 200 5130 "https://www.iles.ilc.edu.tw/" "Mozilla/5.0 (Linux; Android 10; K) AppleWebKit/537.36 (KHTML, like Gecko) Chrome/151.0.0.0 Mobile Safari/537.36"
2001:b011:7806:74de:1aa:a5fd:99d5:bab1 - - [26/Aug/2026:02:22:11 +0800] "GET /wp-content/uploads/sites/1924/2026/04/YilanKids2026.png HTTP/1.1" 200 555375 "https://www.iles.ilc.edu.tw/" "Mozilla/5.0 (Linux; Android 10; K) AppleWebKit/537.36 (KHTML, like Gecko) Chrome/151.0.0.0 Mobile Safari/537.36"
2001:b011:7806:74de:1aa:a5fd:99d5:bab1 - - [26/Aug/2026:02:22:12 +0800] "GET /wp-content/themes/oceanwp/assets/js/drop-down-mobile-menu.min.js HTTP/1.1" 200 4663 "https://www.iles.ilc.edu.tw/" "Mozilla/5.0 (Linux; Android 10; K) AppleWebKit/537.36 (KHTML, like Gecko) Chrome/151.0.0.0 Mobile Safari/537.36"
2001:b011:7806:74de:1aa:a5fd:99d5:bab1 - - [26/Aug/2026:02:22:12 +0800] "GET /wp-content/themes/oceanwp/assets/js/drop-down-search.min.js HTTP/1.1" 200 2968 "https://www.iles.ilc.edu.tw/" "Mozilla/5.0 (Linux; Android 10; K) AppleWebKit/537.36 (KHTML, like Gecko) Chrome/151.0.0.0 Mobile Safari/537.36"
2001:b011:7806:74de:1aa:a5fd:99d5:bab1 - - [26/Aug/2026:02:22:12 +0800] "GET /wp-content/themes/oceanwp/assets/js/vendors/magnific-popup.min.js HTTP/1.1" 200 8270 "https://www.iles.ilc.edu.tw/" "Mozilla/5.0 (Linux; Android 10; K) AppleWebKit/537.36 (KHTML, like Gecko) Chrome/151.0.0.0 Mobile Safari/537.36"
2001:b011:7806:74de:1aa:a5fd:99d5:bab1 - - [26/Aug/2026:02:22:12 +0800] "GET /wp-content/themes/oceanwp/assets/js/ow-lightbox.min.js HTTP/1.1" 200 2321 "https://www.iles.ilc.edu.tw/" "Mozilla/5.0 (Linux; Android 10; K) AppleWebKit/537.36 (KHTML, like Gecko) Chrome/151.0.0.0 Mobile Safari/537.36"
2001:b011:7806:74de:1aa:a5fd:99d5:bab1 - - [26/Aug/2026:02:22:12 +0800] "GET /wp-content/themes/oceanwp/assets/js/vendors/flickity.pkgd.min.js HTTP/1.1" 200 15048 "https://www.iles.ilc.edu.tw/" "Mozilla/5.0 (Linux; Android 10; K) AppleWebKit/537.36 (KHTML, like Gecko) Chrome/151.0.0.0 Mobile Safari/537.36"
2001:b011:7806:74de:1aa:a5fd:99d5:bab1 - - [26/Aug/2026:02:22:12 +0800] "GET /wp-content/themes/oceanwp/assets/js/ow-slider.min.js HTTP/1.1" 200 1761 "https://www.iles.ilc.edu.tw/" "Mozilla/5.0 (Linux; Android 10; K) AppleWebKit/537.36 (KHTML, like Gecko) Chrome/151.0.0.0 Mobile Safari/537.36"
2001:b011:7806:74de:1aa:a5fd:99d5:bab1 - - [26/Aug/2026:02:22:12 +0800] "GET /wp-content/themes/oceanwp/assets/js/scroll-effect.min.js HTTP/1.1" 200 4127 "https://www.iles.ilc.edu.tw/" "Mozilla/5.0 (Linux; Android 10; K) AppleWebKit/537.36 (KHTML, like Gecko) Chrome/151.0.0.0 Mobile Safari/537.36"
2001:b011:7806:74de:1aa:a5fd:99d5:bab1 - - [26/Aug/2026:02:22:12 +0800] "GET /wp-content/themes/oceanwp/assets/js/scroll-top.min.js HTTP/1.1" 200 3202 "https://www.iles.ilc.edu.tw/" "Mozilla/5.0 (Linux; Android 10; K) AppleWebKit/537.36 (KHTML, like Gecko) Chrome/151.0.0.0 Mobile Safari/537.36"
2001:b011:7806:74de:1aa:a5fd:99d5:bab1 - - [26/Aug/2026:02:22:12 +0800] "GET /wp-content/themes/oceanwp/assets/js/select.min.js HTTP/1.1" 200 2408 "https://www.iles.ilc.edu.tw/" "Mozilla/5.0 (Linux; Android 10; K) AppleWebKit/537.36 (KHTML, like Gecko) Chrome/151.0.0.0 Mobile Safari/537.36"
2001:b011:7806:74de:1aa:a5fd:99d5:bab1 - - [26/Aug/2026:02:22:12 +0800] "GET /wp-content/plugins/ocean-extra/includes/widgets/js/flickr.min.js HTTP/1.1" 200 1319 "https://www.iles.ilc.edu.tw/" "Mozilla/5.0 (Linux; Android 10; K) AppleWebKit/537.36 (KHTML, like Gecko) Chrome/151.0.0.0 Mobile Safari/537.36"
2001:b011:7806:74de:1aa:a5fd:99d5:bab1 - - [26/Aug/2026:02:22:12 +0800] "GET /wp-content/uploads/sites/1924/2023/12/HOMEPAGE.png HTTP/1.1" 200 304720 "https://www.iles.ilc.edu.tw/" "Mozilla/5.0 (Linux; Android 10; K) AppleWebKit/537.36 (KHTML, like Gecko) Chrome/151.0.0.0 Mobile Safari/537.36"
2001:288:a201::66:125 - - [26/Aug/2026:02:22:13 +0800] "GET /blog/active.php HTTP/1.1" 404 1084 "-" "-"
2001:288:a201::66:125 - - [26/Aug/2026:02:22:13 +0800] "GET /blog/active.php HTTP/1.1" 301 1026 "-" "-"
34.10.180.98 - - [26/Aug/2026:02:22:13 +0800] "GET /23033/2013/03/01/%E6%95%99%E8%82%B2%E9%83%A8%E7%A9%8D%E6%A5%B5%E6%8E%A8%E5%8B%95%E5%9C%8B%E6%B0%91%E4%B8%AD%E5%AD%B8%E6%99%A8%E8%AE%80%E9%81%8B%E5%8B%95/ HTTP/1.1" 200 13853 "-" "Mozilla/5.0 (Macintosh; Intel Mac OS X 10_15_7) AppleWebKit/537.36 (KHTML, like Gecko) Chrome/120.0.0.0 Safari/537.36"
2001:b011:7806:74de:1aa:a5fd:99d5:bab1 - - [26/Aug/2026:02:22:13 +0800] "POST /wp-json/wp-statistics/v2/hit HTTP/1.1" 200 1212 "https://www.iles.ilc.edu.tw/" "Mozilla/5.0 (Linux; Android 10; K) AppleWebKit/537.36 (KHTML, like Gecko) Chrome/151.0.0.0 Mobile Safari/537.36"
34.10.180.98 - - [26/Aug/2026:02:22:13 +0800] "GET /6452/wp-json/wp/v2/posts/4773 HTTP/1.1" 200 39752 "-" "Mozilla/5.0 (Macintosh; Intel Mac OS X 10_15_7) AppleWebKit/537.36 (KHTML, like Gecko) Chrome/120.0.0.0 Safari/537.36"
50.118.242.135 - - [26/Aug/2026:02:22:14 +0800] "GET /5798/wp-content/uploads/sites/2010/2023/10/%E5%85%A8%E6%A0%A1%E5%9C%8D%E5%9C%88-1024x768.jpg HTTP/1.1" 200 216957 "https://2blog.ilc.edu.tw/5798/category/c-85809/" "Mozilla/5.0 (Macintosh; Intel Mac OS X 10_15_7) AppleWebKit/537.36 (KHTML, like Gecko) Chrome/131.0.0.0 Safari/537.36"
2001:b011:7806:74de:1aa:a5fd:99d5:bab1 - - [26/Aug/2026:02:22:14 +0800] "GET /wp-content/uploads/sites/1924/2023/12/%E6%A0%A1%E5%BE%BD.png HTTP/1.1" 200 43841 "https://www.iles.ilc.edu.tw/" "Mozilla/5.0 (Linux; Android 10; K) AppleWebKit/537.36 (KHTML, like Gecko) Chrome/151.0.0.0 Mobile Safari/537.36"
54.209.100.30 - - [26/Aug/2026:02:22:14 +0800] "GET /32745/2021/10/11/%E7%84%A1%E5%A4%A0%E5%8F%B8%E5%A5%B6/ HTTP/1.1" 200 93315 "-" "Mozilla/5.0 AppleWebKit/537.36 (KHTML, like Gecko; compatible; Amazonbot/0.1; +https://developer.amazon.com/support/amazonbot) Chrome/119.0.6045.214 Safari/537.36"
40.77.167.42 - - [26/Aug/2026:02:22:14 +0800] "GET /yceec/2023/07/07/%E6%9C%AC%E7%B8%A3%E7%AB%8B%E4%BA%BA%E6%96%87%E5%9C%8B%E6%B0%91%E4%B8%AD%E5%B0%8F%E5%AD%B8%E5%A7%94%E8%A8%97%E7%A7%81%E4%BA%BA%E8%BE%A6%E7%90%86%E5%85%AC%E5%91%8A/ HTTP/1.1" 200 20965 "-" "Mozilla/5.0 AppleWebKit/537.36 (KHTML, like Gecko; compatible; bingbot/2.0; +http://www.bing.com/bingbot.htm) Chrome/116.0.1938.76 Safari/537.36"
140.111.67.10 - - [26/Aug/2026:02:22:15 +0800] "GET /" 301 273 "-" "-"
34.30.223.149 - - [26/Aug/2026:02:22:15 +0800] "GET /2019/03/ HTTP/1.1" 200 22971 "-" "Mozilla/5.0 (Macintosh; Intel Mac OS X 10_15_7) AppleWebKit/537.36 (KHTML, like Gecko) Chrome/120.0.0.0 Safari/537.36"
3.216.13.10 - - [26/Aug/2026:02:22:15 +0800] "GET /wp-content/uploads/sites/191/1/1-3393350.pdf HTTP/1.1" 200 1999136 "-" "Mozilla/5.0 AppleWebKit/537.36 (KHTML, like Gecko; compatible; Amazonbot/0.1; +https://developer.amazon.com/support/amazonbot) Chrome/119.0.6045.214 Safari/537.36"
34.10.180.98 - - [26/Aug/2026:02:22:17 +0800] "GET /32745/2023/01/21/%E9%9B%A3%E5%BF%98%E7%9A%84%E6%98%A5%E5%A4%A2/ HTTP/1.1" 200 92234 "-" "Mozilla/5.0 (Macintosh; Intel Mac OS X 10_15_7) AppleWebKit/537.36 (KHTML, like Gecko) Chrome/120.0.0.0 Safari/537.36"
2001:288:a201::66:125 - - [26/Aug/2026:02:22:18 +0800] "GET /blog/active.php HTTP/1.1" 404 1084 "-" "-"
85.208.96.199 - - [26/Aug/2026:02:22:18 +0800] "GET /6418/2012/07/ HTTP/1.1" 200 14460 "-" "Mozilla/5.0 (compatible; SemrushBot/7~bl; +http://www.semrush.com/bot.html)"
2001:288:a201::66:125 - - [26/Aug/2026:02:22:18 +0800] "GET /blog/active.php HTTP/1.1" 301 1026 "-" "-"
184.72.95.195 - - [26/Aug/2026:02:22:19 +0800] "GET /32745/wp-content/uploads/sites/1271/2021/10/safe_image-105-500x245.jpeg HTTP/1.1" 200 25313 "-" "Mozilla/5.0 AppleWebKit/537.36 (KHTML, like Gecko; compatible; Amazonbot/0.1; +https://developer.amazon.com/support/amazonbot) Chrome/119.0.6045.214 Safari/537.36"
34.56.53.225 - - [26/Aug/2026:02:22:19 +0800] "GET /6426/2016/10/13/105_2-4_%E8%BE%A6%E7%90%86%E7%92%B0%E5%A2%83%E6%95%99%E8%82%B2%E6%B4%BB%E5%8B%95-%E4%B8%96%E7%95%8C%E5%9C%B0%E7%90%83%E6%97%A5/ HTTP/1.1" 200 17412 "-" "Mozilla/5.0 (Macintosh; Intel Mac OS X 10_15_7) AppleWebKit/537.36 (KHTML, like Gecko) Chrome/120.0.0.0 Safari/537.36"
::1 - - [26/Aug/2026:02:22:19 +0800] "OPTIONS * HTTP/1.0" 200 110 "-" "Apache/2.4.68 (Ubuntu) OpenSSL/3.0.19 (internal dummy connection)"
140.111.67.10 - - [26/Aug/2026:02:22:20 +0800] "GET /" 301 273 "-" "-"
::1 - - [26/Aug/2026:02:22:20 +0800] "OPTIONS * HTTP/1.0" 200 110 "-" "Apache/2.4.68 (Ubuntu) OpenSSL/3.0.19 (internal dummy connection)"
34.42.229.145 - - [26/Aug/2026:02:22:20 +0800] "GET /6433/2012/03/19/100-1%E5%9B%9B%E5%B9%B4%E7%B4%9A%E7%89%B9%E8%89%B2%E8%AA%B2%E7%A8%8B%E6%88%90%E6%9E%9C/ HTTP/1.1" 200 14366 "-" "Mozilla/5.0 (Macintosh; Intel Mac OS X 10_15_7) AppleWebKit/537.36 (KHTML, like Gecko) Chrome/120.0.0.0 Safari/537.36"
::1 - - [26/Aug/2026:02:22:21 +0800] "OPTIONS * HTTP/1.0" 200 110 "-" "Apache/2.4.68 (Ubuntu) OpenSSL/3.0.19 (internal dummy connection)"
::1 - - [26/Aug/2026:02:22:22 +0800] "OPTIONS * HTTP/1.0" 200 110 "-" "Apache/2.4.68 (Ubuntu) OpenSSL/3.0.19 (internal dummy connection)"
107.20.255.194 - - [26/Aug/2026:02:22:22 +0800] "GET /amy6998/wp-content/uploads/sites/2364/2023/04/IMG_7832-1024x769.jpg HTTP/1.1" 200 167822 "-" "Mozilla/5.0 AppleWebKit/537.36 (KHTML, like Gecko; compatible; Amazonbot/0.1; +https://developer.amazon.com/support/amazonbot) Chrome/119.0.6045.214 Safari/537.36"
34.171.68.95 - - [26/Aug/2026:02:22:22 +0800] "GET /3288/wp-json/oembed/1.0/embed?url=https://2blog.ilc.edu.tw/3288/2013/12/09/%25e7%25a4%25be%25e6%259c%2583%25e8%25aa%25b2-%25e7%25b9%25aa%25e8%25a3%25bd%25e6%25a0%25a1%25e5%259c%2592%25e5%25ae%2589%25e5%2585%25a8%25e5%259c%25b0%25e5%259c%2596/ HTTP/1.1" 200 8356 "-" "Mozilla/5.0 (Macintosh; Intel Mac OS X 10_15_7) AppleWebKit/537.36 (KHTML, like Gecko) Chrome/120.0.0.0 Safari/537.36"
2001:288:a201::66:125 - - [26/Aug/2026:02:22:23 +0800] "GET /blog/active.php HTTP/1.1" 404 1084 "-" "-"
2001:288:a201::66:125 - - [26/Aug/2026:02:22:23 +0800] "GET /blog/active.php HTTP/1.1" 301 1026 "-" "-"
::1 - - [26/Aug/2026:02:22:23 +0800] "OPTIONS * HTTP/1.0" 200 110 "-" "Apache/2.4.68 (Ubuntu) OpenSSL/3.0.19 (internal dummy connection)"
34.56.124.53 - - [26/Aug/2026:02:22:23 +0800] "GET /32745/?p=19140 HTTP/1.1" 301 5575 "-" "Mozilla/5.0 (Macintosh; Intel Mac OS X 10_15_7) AppleWebKit/537.36 (KHTML, like Gecko) Chrome/120.0.0.0 Safari/537.36"
35.173.38.202 - - [26/Aug/2026:02:22:24 +0800] "GET /wp-content/uploads/sites/955/2023/09/?C=M;O%3DA HTTP/1.1" 200 1111 "-" "Mozilla/5.0 AppleWebKit/537.36 (KHTML, like Gecko; compatible; Amazonbot/0.1; +https://developer.amazon.com/support/amazonbot) Chrome/119.0.6045.214 Safari/537.36"
34.123.149.87 - - [26/Aug/2026:02:22:24 +0800] "GET /1003/?p=31757 HTTP/1.1" 301 5754 "-" "Mozilla/5.0 (Macintosh; Intel Mac OS X 10_15_7) AppleWebKit/537.36 (KHTML, like Gecko) Chrome/120.0.0.0 Safari/537.36"
185.191.171.13 - - [26/Aug/2026:02:22:24 +0800] "GET /6043/%E8%9E%A2%E5%85%89%E9%BB%9E%E9%BB%9E%E6%99%82%E5%85%89%E8%A8%98%E6%86%B6/ HTTP/1.1" 200 13413 "-" "Mozilla/5.0 (compatible; SemrushBot/7~bl; +http://www.semrush.com/bot.html)"
34.57.162.91 - - [26/Aug/2026:02:22:24 +0800] "GET /32745/wp-json/wp/v2/posts/114886 HTTP/1.1" 200 16611 "-" "Mozilla/5.0 (Macintosh; Intel Mac OS X 10_15_7) AppleWebKit/537.36 (KHTML, like Gecko) Chrome/120.0.0.0 Safari/537.36"
140.111.67.10 - - [26/Aug/2026:02:22:25 +0800] "GET /" 301 273 "-" "-"
34.123.149.87 - - [26/Aug/2026:02:22:25 +0800] "GET /6553/2016/10/28/105%E5%B9%B4%E5%A4%A7%E6%B9%96%E5%9C%8B%E5%B0%8F%E5%B1%B1%E9%87%8E%E6%95%99%E8%82%B2-%E6%BA%AF%E6%BA%AA%E6%B4%BB%E5%8B%95/ HTTP/1.1" 200 17107 "-" "Mozilla/5.0 (Macintosh; Intel Mac OS X 10_15_7) AppleWebKit/537.36 (KHTML, like Gecko) Chrome/120.0.0.0 Safari/537.36"
178.171.80.44 - - [26/Aug/2026:02:22:25 +0800] "GET /27304/2024/12/13/%E6%8F%90%E4%BE%9B%E8%89%AF%E5%A5%BD%E7%9A%84%E6%95%99%E5%AD%B8%E7%92%B0%E5%A2%83%E4%BE%9B%E5%AD%B8%E7%94%9F%E8%88%87%E6%95%99%E5%B8%AB%E4%BD%BF%E7%94%A8/324729-2/ HTTP/1.1" 301 5904 "https://2blog.ilc.edu.tw/" "Mozilla/5.0 (Macintosh; Intel Mac OS X 10_15_7) AppleWebKit/605.1.15 (KHTML, like Gecko) Version/26.0 Safari/605.1.15"
178.171.80.44 - - [26/Aug/2026:02:22:25 +0800] "GET /27304/2024/10/13/%e6%8f%90%e4%be%9b%e8%89%af%e5%a5%bd%e7%9a%84%e6%95%99%e5%ad%b8%e7%92%b0%e5%a2%83%e4%be%9b%e5%ad%b8%e7%94%9f%e8%88%87%e6%95%99%e5%b8%ab%e4%bd%bf%e7%94%a8/324729-2/ HTTP/1.1" 200 9423 "https://2blog.ilc.edu.tw/27304/2024/12/13/%E6%8F%90%E4%BE%9B%E8%89%AF%E5%A5%BD%E7%9A%84%E6%95%99%E5%AD%B8%E7%92%B0%E5%A2%83%E4%BE%9B%E5%AD%B8%E7%94%9F%E8%88%87%E6%95%99%E5%B8%AB%E4%BD%BF%E7%94%A8/324729-2/" "Mozilla/5.0 (Macintosh; Intel Mac OS X 10_15_7) AppleWebKit/605.1.15 (KHTML, like Gecko) Version/26.0 Safari/605.1.15"
34.30.223.149 - - [26/Aug/2026:02:22:25 +0800] "GET /activity/wp-json/wp/v2/posts/211 HTTP/1.1" 200 20324 "-" "Mozilla/5.0 (Macintosh; Intel Mac OS X 10_15_7) AppleWebKit/537.36 (KHTML, like Gecko) Chrome/120.0.0.0 Safari/537.36"
34.61.96.6 - - [26/Aug/2026:02:22:25 +0800] "GET /39519/%E7%B7%A8%E8%99%9F%E2%86%92255%EF%BC%9B%E7%BE%BD%E7%90%83%E6%8B%8D/ HTTP/1.1" 200 13715 "-" "Mozilla/5.0 (Macintosh; Intel Mac OS X 10_15_7) AppleWebKit/537.36 (KHTML, like Gecko) Chrome/120.0.0.0 Safari/537.36"
34.123.149.87 - - [26/Aug/2026:02:22:26 +0800] "GET /6488/?p=24932 HTTP/1.1" 301 5651 "-" "Mozilla/5.0 (Macintosh; Intel Mac OS X 10_15_7) AppleWebKit/537.36 (KHTML, like Gecko) Chrome/120.0.0.0 Safari/537.36"
50.16.72.185 - - [26/Aug/2026:02:22:27 +0800] "GET /32745/2021/09/21/%E6%84%9B%E9%81%8E%E7%84%A1%E5%BE%8C%E6%82%94/ HTTP/1.1" 200 92627 "-" "Mozilla/5.0 AppleWebKit/537.36 (KHTML, like Gecko; compatible; Amazonbot/0.1; +https://developer.amazon.com/support/amazonbot) Chrome/119.0.6045.214 Safari/537.36"
34.123.149.87 - - [26/Aug/2026:02:22:27 +0800] "GET /32745/?p=24526 HTTP/1.1" 301 5593 "-" "Mozilla/5.0 (Macintosh; Intel Mac OS X 10_15_7) AppleWebKit/537.36 (KHTML, like Gecko) Chrome/120.0.0.0 Safari/537.36"
2001:288:a201::66:125 - - [26/Aug/2026:02:22:28 +0800] "GET /blog/active.php HTTP/1.1" 404 1084 "-" "-"
2001:288:a201::66:125 - - [26/Aug/2026:02:22:28 +0800] "GET /blog/active.php HTTP/1.1" 301 1026 "-" "-"
34.10.180.98 - - [26/Aug/2026:02:22:28 +0800] "GET /4297/?p=505 HTTP/1.1" 301 5632 "-" "Mozilla/5.0 (Macintosh; Intel Mac OS X 10_15_7) AppleWebKit/537.36 (KHTML, like Gecko) Chrome/120.0.0.0 Safari/537.36"
128.241.105.194 - - [26/Aug/2026:02:22:28 +0800] "GET /27304/wp-content/uploads/sites/2614/2024/09/cropped-cropped-cropped-%E9%A6%AC%E8%B3%BD%E5%9C%8B%E5%B0%8F.png HTTP/1.1" 200 264314 "https://2blog.ilc.edu.tw/27304/2024/12/13/%E6%8F%90%E4%BE%9B%E8%89%AF%E5%A5%BD%E7%9A%84%E6%95%99%E5%AD%B8%E7%92%B0%E5%A2%83%E4%BE%9B%E5%AD%B8%E7%94%9F%E8%88%87%E6%95%99%E5%B8%AB%E4%BD%BF%E7%94%A8/324729-2/" "Mozilla/5.0 (Linux; Android 15; CPH2653) AppleWebKit/537.36 (KHTML, like Gecko) Chrome/149.0.0.0 Mobile Safari/537.36"
34.123.149.87 - - [26/Aug/2026:02:22:26 +0800] "GET /21/wp-json/oembed/1.0/embed?url=https://2blog.ilc.edu.tw/21/2022/10/03/%25e5%258d%2581%25e6%259c%2588%25e5%258d%2581%25e4%25b8%2580%25e6%259c%2588%25e7%25a0%2594%25e7%25bf%2592%25e8%25a8%258a%25e6%2581%25af/ HTTP/1.1" 200 8261 "-" "Mozilla/5.0 (Macintosh; Intel Mac OS X 10_15_7) AppleWebKit/537.36 (KHTML, like Gecko) Chrome/120.0.0.0 Safari/537.36"
85.208.96.201 - - [26/Aug/2026:02:22:29 +0800] "GET /17160/2013/page/4/ HTTP/1.1" 200 19050 "-" "Mozilla/5.0 (compatible; SemrushBot/7~bl; +http://www.semrush.com/bot.html)"
17.22.237.132 - - [26/Aug/2026:02:22:30 +0800] "GET /6450/2011/12/12/5-%e6%9a%91%e6%9c%9f%e6%89%93%e6%8e%83%e8%bc%aa%e5%80%bc%e8%a1%a8/ HTTP/1.1" 200 17493 "-" "Mozilla/5.0 (Macintosh; Intel Mac OS X 10_15_7) AppleWebKit/605.1.15 (KHTML, like Gecko) Version/17.4 Safari/605.1.15 (Applebot/0.1; +http://www.apple.com/go/applebot)"
140.111.67.10 - - [26/Aug/2026:02:22:30 +0800] "GET /" 301 273 "-" "-"
204.1.211.149 - - [26/Aug/2026:02:22:30 +0800] "GET /27304/wp-includes/js/hoverintent-js.min.js HTTP/1.1" 200 1936 "https://2blog.ilc.edu.tw/27304/2024/12/13/%E6%8F%90%E4%BE%9B%E8%89%AF%E5%A5%BD%E7%9A%84%E6%95%99%E5%AD%B8%E7%92%B0%E5%A2%83%E4%BE%9B%E5%AD%B8%E7%94%9F%E8%88%87%E6%95%99%E5%B8%AB%E4%BD%BF%E7%94%A8/324729-2/" "Mozilla/5.0 (Linux; Android 15; CPH2653) AppleWebKit/537.36 (KHTML, like Gecko) Chrome/149.0.0.0 Mobile Safari/537.36"
18.211.148.239 - - [26/Aug/2026:02:22:30 +0800] "GET /wp-content/uploads/sites/1658/2022/12/?C=D;O%3DA HTTP/1.1" 200 1113 "-" "Mozilla/5.0 AppleWebKit/537.36 (KHTML, like Gecko; compatible; Amazonbot/0.1; +https://developer.amazon.com/support/amazonbot) Chrome/119.0.6045.214 Safari/537.36"
204.1.211.149 - - [26/Aug/2026:02:22:31 +0800] "GET /27304/wp-includes/js/admin-bar.min.js HTTP/1.1" 200 2237 "https://2blog.ilc.edu.tw/27304/2024/12/13/%E6%8F%90%E4%BE%9B%E8%89%AF%E5%A5%BD%E7%9A%84%E6%95%99%E5%AD%B8%E7%92%B0%E5%A2%83%E4%BE%9B%E5%AD%B8%E7%94%9F%E8%88%87%E6%95%99%E5%B8%AB%E4%BD%BF%E7%94%A8/324729-2/" "Mozilla/5.0 (Linux; Android 15; CPH2653) AppleWebKit/537.36 (KHTML, like Gecko) Chrome/149.0.0.0 Mobile Safari/537.36"
204.1.211.149 - - [26/Aug/2026:02:22:31 +0800] "GET /27304/wp-content/themes/sela/js/navigation.js HTTP/1.1" 200 1630 "https://2blog.ilc.edu.tw/27304/2024/12/13/%E6%8F%90%E4%BE%9B%E8%89%AF%E5%A5%BD%E7%9A%84%E6%95%99%E5%AD%B8%E7%92%B0%E5%A2%83%E4%BE%9B%E5%AD%B8%E7%94%9F%E8%88%87%E6%95%99%E5%B8%AB%E4%BD%BF%E7%94%A8/324729-2/" "Mozilla/5.0 (Linux; Android 15; CPH2653) AppleWebKit/537.36 (KHTML, like Gecko) Chrome/149.0.0.0 Mobile Safari/537.36"
34.171.68.95 - - [26/Aug/2026:02:22:31 +0800] "GET /32745/?p=122585 HTTP/1.1" 301 5602 "-" "Mozilla/5.0 (Macintosh; Intel Mac OS X 10_15_7) AppleWebKit/537.36 (KHTML, like Gecko) Chrome/120.0.0.0 Safari/537.36"
204.1.211.149 - - [26/Aug/2026:02:22:32 +0800] "GET /27304/wp-content/themes/sela/js/sela.js HTTP/1.1" 200 1150 "https://2blog.ilc.edu.tw/27304/2024/12/13/%E6%8F%90%E4%BE%9B%E8%89%AF%E5%A5%BD%E7%9A%84%E6%95%99%E5%AD%B8%E7%92%B0%E5%A2%83%E4%BE%9B%E5%AD%B8%E7%94%9F%E8%88%87%E6%95%99%E5%B8%AB%E4%BD%BF%E7%94%A8/324729-2/" "Mozilla/5.0 (Linux; Android 15; CPH2653) AppleWebKit/537.36 (KHTML, like Gecko) Chrome/149.0.0.0 Mobile Safari/537.36"
34.10.180.98 - - [26/Aug/2026:02:22:32 +0800] "GET /6530/page/59/ HTTP/1.1" 200 17151 "-" "Mozilla/5.0 (Macintosh; Intel Mac OS X 10_15_7) AppleWebKit/537.36 (KHTML, like Gecko) Chrome/120.0.0.0 Safari/537.36"
204.1.211.149 - - [26/Aug/2026:02:22:32 +0800] "GET /27304/wp-content/themes/sela/js/skip-link-focus-fix.js HTTP/1.1" 200 1263 "https://2blog.ilc.edu.tw/27304/2024/12/13/%E6%8F%90%E4%BE%9B%E8%89%AF%E5%A5%BD%E7%9A%84%E6%95%99%E5%AD%B8%E7%92%B0%E5%A2%83%E4%BE%9B%E5%AD%B8%E7%94%9F%E8%88%87%E6%95%99%E5%B8%AB%E4%BD%BF%E7%94%A8/324729-2/" "Mozilla/5.0 (Linux; Android 15; CPH2653) AppleWebKit/537.36 (KHTML, like Gecko) Chrome/149.0.0.0 Mobile Safari/537.36"
2001:288:a201::66:125 - - [26/Aug/2026:02:22:33 +0800] "GET /blog/active.php HTTP/1.1" 404 1084 "-" "-"
2001:288:a201::66:125 - - [26/Aug/2026:02:22:33 +0800] "GET /blog/active.php HTTP/1.1" 301 1026 "-" "-"
2a03:2880:f802:19:: - - [26/Aug/2026:02:22:33 +0800] "GET /25559/wp-content/cache/2blog.ilc.edu.tw/wpfc-minified/lp3zvhrg/8bqrt.css HTTP/1.1" 200 5951 "https://2blog.ilc.edu.tw/25559/2018/09/19/%e9%81%8a%e6%88%b2%e5%8c%96%e6%95%99%e5%ad%b8%e8%88%87%e8%a9%95%e9%87%8f/" "Mozilla/5.0 (Windows NT 10.0; Win64; x64) AppleWebKit/537.36 (KHTML, like Gecko) Chrome/144.0.0.0 Safari/537.36 Edg/144.0.0.0 (compatible; meta-externalagent/1.1 (+https://developers.facebook.com/docs/sharing/webmasters/crawler))"
2a03:2880:f802:1e:: - - [26/Aug/2026:02:22:33 +0800] "GET /25559/wp-content/themes/twentyseventeen/assets/images/header.jpg HTTP/1.1" 200 120786 "https://2blog.ilc.edu.tw/25559/2018/09/19/%e9%81%8a%e6%88%b2%e5%8c%96%e6%95%99%e5%ad%b8%e8%88%87%e8%a9%95%e9%87%8f/" "Mozilla/5.0 (Windows NT 10.0; Win64; x64) AppleWebKit/537.36 (KHTML, like Gecko) Chrome/144.0.0.0 Safari/537.36 Edg/144.0.0.0 (compatible; meta-externalagent/1.1 (+https://developers.facebook.com/docs/sharing/webmasters/crawler))"
2a03:2880:f802:d:: - - [26/Aug/2026:02:22:33 +0800] "GET /25559/wp-content/themes/twentyseventeen/assets/js/global.js HTTP/1.1" 200 8289 "https://2blog.ilc.edu.tw/25559/2018/09/19/%e9%81%8a%e6%88%b2%e5%8c%96%e6%95%99%e5%ad%b8%e8%88%87%e8%a9%95%e9%87%8f/" "Mozilla/5.0 (Windows NT 10.0; Win64; x64) AppleWebKit/537.36 (KHTML, like Gecko) Chrome/144.0.0.0 Safari/537.36 Edg/144.0.0.0 (compatible; meta-externalagent/1.1 (+https://developers.facebook.com/docs/sharing/webmasters/crawler))"
34.123.149.87 - - [26/Aug/2026:02:22:34 +0800] "GET /6426/2020/11/17/109_2-3_%E5%8F%83%E5%8A%A0%E6%95%99%E8%82%B2%E9%83%A8%E7%B6%A0%E8%89%B2%E5%AD%B8%E6%A0%A1%E7%B6%B2%E8%B7%AF%E5%A4%A5%E4%BC%B4%E8%A8%88%E7%95%AB-%E6%88%90%E6%9E%9C/title=%22%E6%95%99%E5%AD%B8%E8%88%87%E5%AE%A3%E5%B0%8E%E6%B4%BB%E5%8B%95%22 HTTP/1.1" 301 5909 "-" "Mozilla/5.0 (Macintosh; Intel Mac OS X 10_15_7) AppleWebKit/537.36 (KHTML, like Gecko) Chrome/120.0.0.0 Safari/537.36"
110.28.63.23 - - [26/Aug/2026:02:22:34 +0800] "GET /wp-content/uploads/sites/1042/2026/01/messageImage_1767745471953-1.jpg HTTP/1.1" 200 41938 "https://myactivity.google.com/" "Mozilla/5.0 (iPhone; CPU iPhone OS 18_7 like Mac OS X) AppleWebKit/605.1.15 (KHTML, like Gecko) Mobile/15E148 OcIdWebView ({\"app\":\"com.google.GoogleMobile\",\"os\":\"iOS\",\"appVersion\":\"434.2.961627397\",\"libraryVersion\":\"1.25.10.0\",\"isDarkTheme\":true,\"isHighContrast\":false,\"zoom\":0.95466666666666666,\"style\":3,\"isBoldFont\":true,\"osVersion\":\"26.6\"})"
54.225.98.148 - - [26/Aug/2026:02:22:34 +0800] "GET /wp-content/uploads/sites/525/2025/06/?C=D;O%3DA HTTP/1.1" 200 1111 "-" "Mozilla/5.0 AppleWebKit/537.36 (KHTML, like Gecko; compatible; Amazonbot/0.1; +https://developer.amazon.com/support/amazonbot) Chrome/119.0.6045.214 Safari/537.36"
34.30.223.149 - - [26/Aug/2026:02:22:34 +0800] "GET /6428/wp-json/oembed/1.0/embed?url=https://2blog.ilc.edu.tw/6428/2014/11/14/10%25e6%259c%2588%25e4%25bb%25bd%25e5%25b9%25b8%25e7%25a6%258f%25e5%25bb%2581%25e6%2589%2580%25e6%258c%2587%25e6%25a8%2599%25e8%25a1%25a8/ HTTP/1.1" 200 8323 "-" "Mozilla/5.0 (Macintosh; Intel Mac OS X 10_15_7) AppleWebKit/537.36 (KHTML, like Gecko) Chrome/120.0.0.0 Safari/537.36"
140.111.67.10 - - [26/Aug/2026:02:22:35 +0800] "GET /" 301 273 "-" "-"
2a03:2880:f802:41:: - - [26/Aug/2026:02:22:35 +0800] "POST /25559/wp-json/ilc-summary/v1/popular-posts HTTP/1.1" 201 6066 "https://2blog.ilc.edu.tw/25559/2018/09/19/%e9%81%8a%e6%88%b2%e5%8c%96%e6%95%99%e5%ad%b8%e8%88%87%e8%a9%95%e9%87%8f/" "Mozilla/5.0 (Windows NT 10.0; Win64; x64) AppleWebKit/537.36 (KHTML, like Gecko) Chrome/144.0.0.0 Safari/537.36 Edg/144.0.0.0 (compatible; meta-externalagent/1.1 (+https://developers.facebook.com/docs/sharing/webmasters/crawler))"
34.123.149.87 - - [26/Aug/2026:02:22:34 +0800] "GET /32745/2023/01/23/%E4%B8%80%E4%B8%96%E4%BA%BA%E8%B7%9F%E7%B6%B4%E7%A5%A2/ HTTP/1.1" 200 92297 "-" "Mozilla/5.0 (Macintosh; Intel Mac OS X 10_15_7) AppleWebKit/537.36 (KHTML, like Gecko) Chrome/120.0.0.0 Safari/537.36"
34.61.96.6 - - [26/Aug/2026:02:22:36 +0800] "GET /32745/category/%E9%83%AD%E6%83%A0%E8%8A%AC/ HTTP/1.1" 200 90579 "-" "Mozilla/5.0 (Macintosh; Intel Mac OS X 10_15_7) AppleWebKit/537.36 (KHTML, like Gecko) Chrome/120.0.0.0 Safari/537.36"
2409:8728:32f2:32:0:1:0:8 - - [26/Aug/2026:02:22:38 +0800] "GET /2010/05/page/6 HTTP/1.1" 301 5765 "-" "Mozilla/5.0 (Windows NT 10.0; Win64; x64) AppleWebKit/537.36 (KHTML, like Gecko) Chrome/144.0.0.0 Safari/537.36"
2001:288:a201::66:125 - - [26/Aug/2026:02:22:38 +0800] "GET /blog/active.php HTTP/1.1" 404 1084 "-" "-"
2001:288:a201::66:125 - - [26/Aug/2026:02:22:38 +0800] "GET /blog/active.php HTTP/1.1" 301 1026 "-" "-"
2a03:2880:f802:19:: - - [26/Aug/2026:02:22:38 +0800] "GET /25559/2018/09/19/%e9%81%8a%e6%88%b2%e5%8c%96%e6%95%99%e5%ad%b8%e8%88%87%e8%a9%95%e9%87%8f/null HTTP/1.1" 404 73983 "https://2blog.ilc.edu.tw/25559/2018/09/19/%e9%81%8a%e6%88%b2%e5%8c%96%e6%95%99%e5%ad%b8%e8%88%87%e8%a9%95%e9%87%8f/" "Mozilla/5.0 (Windows NT 10.0; Win64; x64) AppleWebKit/537.36 (KHTML, like Gecko) Chrome/144.0.0.0 Safari/537.36 Edg/144.0.0.0 (compatible; meta-externalagent/1.1 (+https://developers.facebook.com/docs/sharing/webmasters/crawler))"
34.199.252.22 - - [26/Aug/2026:02:22:38 +0800] "GET /32745/wp-json/oembed/1.0/embed?format=xml&url=https://2blog.ilc.edu.tw/32745/2020/08/21/%25e5%2598%2586%25e4%25b8%2580%25e8%2581%25b2/ HTTP/1.1" 200 7289 "-" "Mozilla/5.0 AppleWebKit/537.36 (KHTML, like Gecko; compatible; Amazonbot/0.1; +https://developer.amazon.com/support/amazonbot) Chrome/119.0.6045.214 Safari/537.36"
2409:8728:32f2:32:0:1:0:8 - - [26/Aug/2026:02:22:38 +0800] "GET /2010/05/page/6/ HTTP/1.1" 200 12271 "-" "Mozilla/5.0 (Windows NT 10.0; Win64; x64) AppleWebKit/537.36 (KHTML, like Gecko) Chrome/144.0.0.0 Safari/537.36"
::1 - - [26/Aug/2026:02:22:39 +0800] "OPTIONS * HTTP/1.0" 200 110 "-" "Apache/2.4.68 (Ubuntu) OpenSSL/3.0.19 (internal dummy connection)"
2409:8728:32f2:32:0:1:0:8 - - [26/Aug/2026:02:22:39 +0800] "GET /wp-content/cache/ilta.ilc.edu.tw/wpfc-minified/30cml7nx/6wvk.css HTTP/1.1" 200 40877 "https://ilta.ilc.edu.tw/2010/05/page/6/" "Mozilla/5.0 (Windows NT 10.0; Win64; x64) AppleWebKit/537.36 (KHTML, like Gecko) Chrome/144.0.0.0 Safari/537.36"
140.111.67.10 - - [26/Aug/2026:02:22:40 +0800] "GET /" 301 273 "-" "-"
::1 - - [26/Aug/2026:02:22:40 +0800] "OPTIONS * HTTP/1.0" 200 110 "-" "Apache/2.4.68 (Ubuntu) OpenSSL/3.0.19 (internal dummy connection)"
34.10.180.98 - - [26/Aug/2026:02:22:40 +0800] "GET /6451/2013/11/27/2-2-5-4-%E6%9C%AC%E6%A0%A1%E5%AD%B8%E6%A0%A1%E7%89%B9%E8%89%B2%E8%AA%B2%E7%A8%8B%E8%A8%AD%E8%A8%88%E7%B5%90%E5%90%88%E7%92%B0%E5%A2%83%E6%95%99%E8%82%B2%E6%95%99%E5%AD%B8/ HTTP/1.1" 200 18022 "-" "Mozilla/5.0 (Macintosh; Intel Mac OS X 10_15_7) AppleWebKit/537.36 (KHTML, like Gecko) Chrome/120.0.0.0 Safari/537.36"
2408:8206:60:112a:8d7b:b5:3bda:4ea6 - - [26/Aug/2026:02:22:41 +0800] "GET /6093/category/%E3%80%8A%E5%A4%A7%E9%87%8C%E5%9C%8B%E5%B0%8F%E7%92%B0%E5%A2%83%E6%95%99%E8%82%B2%E6%AD%B7%E5%B9%B4%E8%B3%87%E6%96%99%E3%80%8B/c-20127/page/21 HTTP/1.1" 301 5907 "-" "Mozilla/5.0 (Windows NT 10.0; Win64; x64) AppleWebKit/537.36 (KHTML, like Gecko) Chrome/144.0.0.0 Safari/537.36"
2408:8206:60:112a:8d7b:b5:3bda:4ea6 - - [26/Aug/2026:02:22:41 +0800] "GET /6093/category/%E3%80%8A%E5%A4%A7%E9%87%8C%E5%9C%8B%E5%B0%8F%E7%92%B0%E5%A2%83%E6%95%99%E8%82%B2%E6%AD%B7%E5%B9%B4%E8%B3%87%E6%96%99%E3%80%8B/c-20127/page/21/ HTTP/1.1" 200 15074 "-" "Mozilla/5.0 (Windows NT 10.0; Win64; x64) AppleWebKit/537.36 (KHTML, like Gecko) Chrome/144.0.0.0 Safari/537.36"
2408:8206:60:112a:8d7b:b5:3bda:4ea6 - - [26/Aug/2026:02:22:42 +0800] "GET /6093/wp-content/cache/2blog.ilc.edu.tw/wpfc-minified/2z61di93/5wosg.css HTTP/1.1" 200 40888 "https://2blog.ilc.edu.tw/6093/category/%E3%80%8A%E5%A4%A7%E9%87%8C%E5%9C%8B%E5%B0%8F%E7%92%B0%E5%A2%83%E6%95%99%E8%82%B2%E6%AD%B7%E5%B9%B4%E8%B3%87%E6%96%99%E3%80%8B/c-20127/page/21/" "Mozilla/5.0 (Windows NT 10.0; Win64; x64) AppleWebKit/537.36 (KHTML, like Gecko) Chrome/144.0.0.0 Safari/537.36"
2408:8206:60:112a:8d7b:b5:3bda:4ea6 - - [26/Aug/2026:02:22:42 +0800] "GET /6093/wp-content/cache/2blog.ilc.edu.tw/wpfc-minified/kehe5gf7/5wosg.css HTTP/1.1" 200 1496 "https://2blog.ilc.edu.tw/6093/category/%E3%80%8A%E5%A4%A7%E9%87%8C%E5%9C%8B%E5%B0%8F%E7%92%B0%E5%A2%83%E6%95%99%E8%82%B2%E6%AD%B7%E5%B9%B4%E8%B3%87%E6%96%99%E3%80%8B/c-20127/page/21/" "Mozilla/5.0 (Windows NT 10.0; Win64; x64) AppleWebKit/537.36 (KHTML, like Gecko) Chrome/144.0.0.0 Safari/537.36"
2408:8206:60:112a:8d7b:b5:3bda:4ea6 - - [26/Aug/2026:02:22:42 +0800] "GET /6093/wp-content/cache/2blog.ilc.edu.tw/wpfc-minified/6wsjmytt/5wosg.css HTTP/1.1" 200 16121 "https://2blog.ilc.edu.tw/6093/category/%E3%80%8A%E5%A4%A7%E9%87%8C%E5%9C%8B%E5%B0%8F%E7%92%B0%E5%A2%83%E6%95%99%E8%82%B2%E6%AD%B7%E5%B9%B4%E8%B3%87%E6%96%99%E3%80%8B/c-20127/page/21/" "Mozilla/5.0 (Windows NT 10.0; Win64; x64) AppleWebKit/537.36 (KHTML, like Gecko) Chrome/144.0.0.0 Safari/537.36"
2408:8206:60:112a:8d7b:b5:3bda:4ea6 - - [26/Aug/2026:02:22:42 +0800] "GET /6093/wp-content/cache/2blog.ilc.edu.tw/wpfc-minified/7m6bix8t/5wosg.css HTTP/1.1" 200 58430 "https://2blog.ilc.edu.tw/6093/category/%E3%80%8A%E5%A4%A7%E9%87%8C%E5%9C%8B%E5%B0%8F%E7%92%B0%E5%A2%83%E6%95%99%E8%82%B2%E6%AD%B7%E5%B9%B4%E8%B3%87%E6%96%99%E3%80%8B/c-20127/page/21/" "Mozilla/5.0 (Windows NT 10.0; Win64; x64) AppleWebKit/537.36 (KHTML, like Gecko) Chrome/144.0.0.0 Safari/537.36"
2408:8206:60:112a:8d7b:b5:3bda:4ea6 - - [26/Aug/2026:02:22:42 +0800] "GET /6093/wp-includes/js/hoverintent-js.min.js HTTP/1.1" 200 6391 "https://2blog.ilc.edu.tw/6093/category/%E3%80%8A%E5%A4%A7%E9%87%8C%E5%9C%8B%E5%B0%8F%E7%92%B0%E5%A2%83%E6%95%99%E8%82%B2%E6%AD%B7%E5%B9%B4%E8%B3%87%E6%96%99%E3%80%8B/c-20127/page/21/" "Mozilla/5.0 (Windows NT 10.0; Win64; x64) AppleWebKit/537.36 (KHTML, like Gecko) Chrome/144.0.0.0 Safari/537.36"
2408:8206:60:112a:8d7b:b5:3bda:4ea6 - - [26/Aug/2026:02:22:42 +0800] "GET /6093/wp-content/cache/2blog.ilc.edu.tw/wpfc-minified/86vam1yv/5wosg.js HTTP/1.1" 200 40357 "https://2blog.ilc.edu.tw/6093/category/%E3%80%8A%E5%A4%A7%E9%87%8C%E5%9C%8B%E5%B0%8F%E7%92%B0%E5%A2%83%E6%95%99%E8%82%B2%E6%AD%B7%E5%B9%B4%E8%B3%87%E6%96%99%E3%80%8B/c-20127/page/21/" "Mozilla/5.0 (Windows NT 10.0; Win64; x64) AppleWebKit/537.36 (KHTML, like Gecko) Chrome/144.0.0.0 Safari/537.36"
2408:8206:60:112a:8d7b:b5:3bda:4ea6 - - [26/Aug/2026:02:22:43 +0800] "GET /6093/wp-includes/js/admin-bar.min.js HTTP/1.1" 200 2237 "https://2blog.ilc.edu.tw/6093/category/%E3%80%8A%E5%A4%A7%E9%87%8C%E5%9C%8B%E5%B0%8F%E7%92%B0%E5%A2%83%E6%95%99%E8%82%B2%E6%AD%B7%E5%B9%B4%E8%B3%87%E6%96%99%E3%80%8B/c-20127/page/21/" "Mozilla/5.0 (Windows NT 10.0; Win64; x64) AppleWebKit/537.36 (KHTML, like Gecko) Chrome/144.0.0.0 Safari/537.36"
34.30.223.149 - - [26/Aug/2026:02:22:42 +0800] "GET /32745/category/%E4%B8%89%E5%A8%98/feed/ HTTP/1.1" 200 7843 "-" "Mozilla/5.0 (Macintosh; Intel Mac OS X 10_15_7) AppleWebKit/537.36 (KHTML, like Gecko) Chrome/120.0.0.0 Safari/537.36"
2001:288:a201::66:125 - - [26/Aug/2026:02:22:43 +0800] "GET /blog/active.php HTTP/1.1" 301 1026 "-" "-"
2001:288:a201::66:125 - - [26/Aug/2026:02:22:43 +0800] "GET /blog/active.php HTTP/1.1" 404 1084 "-" "-"
2408:8206:60:112a:8d7b:b5:3bda:4ea6 - - [26/Aug/2026:02:22:43 +0800] "GET /6093/wp-includes/js/imagesloaded.min.js HTTP/1.1" 200 2683 "https://2blog.ilc.edu.tw/6093/category/%E3%80%8A%E5%A4%A7%E9%87%8C%E5%9C%8B%E5%B0%8F%E7%92%B0%E5%A2%83%E6%95%99%E8%82%B2%E6%AD%B7%E5%B9%B4%E8%B3%87%E6%96%99%E3%80%8B/c-20127/page/21/" "Mozilla/5.0 (Windows NT 10.0; Win64; x64) AppleWebKit/537.36 (KHTML, like Gecko) Chrome/144.0.0.0 Safari/537.36"
2408:8206:60:112a:8d7b:b5:3bda:4ea6 - - [26/Aug/2026:02:22:43 +0800] "GET /6093/wp-content/themes/oceanwp/assets/js/theme.min.js HTTP/1.1" 200 5130 "https://2blog.ilc.edu.tw/6093/category/%E3%80%8A%E5%A4%A7%E9%87%8C%E5%9C%8B%E5%B0%8F%E7%92%B0%E5%A2%83%E6%95%99%E8%82%B2%E6%AD%B7%E5%B9%B4%E8%B3%87%E6%96%99%E3%80%8B/c-20127/page/21/" "Mozilla/5.0 (Windows NT 10.0; Win64; x64) AppleWebKit/537.36 (KHTML, like Gecko) Chrome/144.0.0.0 Safari/537.36"
44.212.145.46 - - [26/Aug/2026:02:22:43 +0800] "GET /6509/wp-json/wp/v2/posts/13831 HTTP/1.1" 200 9283 "-" "Mozilla/5.0 AppleWebKit/537.36 (KHTML, like Gecko; compatible; Amazonbot/0.1; +https://developer.amazon.com/support/amazonbot) Chrome/119.0.6045.214 Safari/537.36"
2408:8206:60:112a:8d7b:b5:3bda:4ea6 - - [26/Aug/2026:02:22:43 +0800] "GET /6093/wp-content/themes/oceanwp/assets/js/drop-down-mobile-menu.min.js HTTP/1.1" 200 4663 "https://2blog.ilc.edu.tw/6093/category/%E3%80%8A%E5%A4%A7%E9%87%8C%E5%9C%8B%E5%B0%8F%E7%92%B0%E5%A2%83%E6%95%99%E8%82%B2%E6%AD%B7%E5%B9%B4%E8%B3%87%E6%96%99%E3%80%8B/c-20127/page/21/" "Mozilla/5.0 (Windows NT 10.0; Win64; x64) AppleWebKit/537.36 (KHTML, like Gecko) Chrome/144.0.0.0 Safari/537.36"
2408:8206:60:112a:8d7b:b5:3bda:4ea6 - - [26/Aug/2026:02:22:43 +0800] "GET /6093/wp-content/themes/oceanwp/assets/js/drop-down-search.min.js HTTP/1.1" 200 2968 "https://2blog.ilc.edu.tw/6093/category/%E3%80%8A%E5%A4%A7%E9%87%8C%E5%9C%8B%E5%B0%8F%E7%92%B0%E5%A2%83%E6%95%99%E8%82%B2%E6%AD%B7%E5%B9%B4%E8%B3%87%E6%96%99%E3%80%8B/c-20127/page/21/" "Mozilla/5.0 (Windows NT 10.0; Win64; x64) AppleWebKit/537.36 (KHTML, like Gecko) Chrome/144.0.0.0 Safari/537.36"
2408:8206:60:112a:8d7b:b5:3bda:4ea6 - - [26/Aug/2026:02:22:43 +0800] "GET /6093/wp-content/themes/oceanwp/assets/js/vendors/magnific-popup.min.js HTTP/1.1" 200 8270 "https://2blog.ilc.edu.tw/6093/category/%E3%80%8A%E5%A4%A7%E9%87%8C%E5%9C%8B%E5%B0%8F%E7%92%B0%E5%A2%83%E6%95%99%E8%82%B2%E6%AD%B7%E5%B9%B4%E8%B3%87%E6%96%99%E3%80%8B/c-20127/page/21/" "Mozilla/5.0 (Windows NT 10.0; Win64; x64) AppleWebKit/537.36 (KHTML, like Gecko) Chrome/144.0.0.0 Safari/537.36"
2408:8206:60:112a:8d7b:b5:3bda:4ea6 - - [26/Aug/2026:02:22:43 +0800] "GET /6093/wp-content/themes/oceanwp/assets/js/ow-slider.min.js HTTP/1.1" 200 1761 "https://2blog.ilc.edu.tw/6093/category/%E3%80%8A%E5%A4%A7%E9%87%8C%E5%9C%8B%E5%B0%8F%E7%92%B0%E5%A2%83%E6%95%99%E8%82%B2%E6%AD%B7%E5%B9%B4%E8%B3%87%E6%96%99%E3%80%8B/c-20127/page/21/" "Mozilla/5.0 (Windows NT 10.0; Win64; x64) AppleWebKit/537.36 (KHTML, like Gecko) Chrome/144.0.0.0 Safari/537.36"
2408:8206:60:112a:8d7b:b5:3bda:4ea6 - - [26/Aug/2026:02:22:43 +0800] "GET /6093/wp-content/themes/oceanwp/assets/js/vendors/flickity.pkgd.min.js HTTP/1.1" 200 15048 "https://2blog.ilc.edu.tw/6093/category/%E3%80%8A%E5%A4%A7%E9%87%8C%E5%9C%8B%E5%B0%8F%E7%92%B0%E5%A2%83%E6%95%99%E8%82%B2%E6%AD%B7%E5%B9%B4%E8%B3%87%E6%96%99%E3%80%8B/c-20127/page/21/" "Mozilla/5.0 (Windows NT 10.0; Win64; x64) AppleWebKit/537.36 (KHTML, like Gecko) Chrome/144.0.0.0 Safari/537.36"
2408:8206:60:112a:8d7b:b5:3bda:4ea6 - - [26/Aug/2026:02:22:43 +0800] "GET /6093/wp-content/themes/oceanwp/assets/js/ow-lightbox.min.js HTTP/1.1" 200 2321 "https://2blog.ilc.edu.tw/6093/category/%E3%80%8A%E5%A4%A7%E9%87%8C%E5%9C%8B%E5%B0%8F%E7%92%B0%E5%A2%83%E6%95%99%E8%82%B2%E6%AD%B7%E5%B9%B4%E8%B3%87%E6%96%99%E3%80%8B/c-20127/page/21/" "Mozilla/5.0 (Windows NT 10.0; Win64; x64) AppleWebKit/537.36 (KHTML, like Gecko) Chrome/144.0.0.0 Safari/537.36"
2408:8206:60:112a:8d7b:b5:3bda:4ea6 - - [26/Aug/2026:02:22:43 +0800] "GET /6093/wp-content/themes/oceanwp/assets/js/scroll-effect.min.js HTTP/1.1" 200 4127 "https://2blog.ilc.edu.tw/6093/category/%E3%80%8A%E5%A4%A7%E9%87%8C%E5%9C%8B%E5%B0%8F%E7%92%B0%E5%A2%83%E6%95%99%E8%82%B2%E6%AD%B7%E5%B9%B4%E8%B3%87%E6%96%99%E3%80%8B/c-20127/page/21/" "Mozilla/5.0 (Windows NT 10.0; Win64; x64) AppleWebKit/537.36 (KHTML, like Gecko) Chrome/144.0.0.0 Safari/537.36"
2408:8206:60:112a:8d7b:b5:3bda:4ea6 - - [26/Aug/2026:02:22:43 +0800] "GET /6093/wp-content/themes/oceanwp/assets/fonts/simple-line-icons/Simple-Line-Icons.woff2?v=2.4.0 HTTP/1.1" 200 30959 "https://2blog.ilc.edu.tw/6093/wp-content/cache/2blog.ilc.edu.tw/wpfc-minified/7m6bix8t/5wosg.css" "Mozilla/5.0 (Windows NT 10.0; Win64; x64) AppleWebKit/537.36 (KHTML, like Gecko) Chrome/144.0.0.0 Safari/537.36"
2408:8206:60:112a:8d7b:b5:3bda:4ea6 - - [26/Aug/2026:02:22:44 +0800] "GET /6093/wp-content/themes/oceanwp/assets/fonts/fontawesome/webfonts/fa-solid-900.woff2 HTTP/1.1" 200 151246 "https://2blog.ilc.edu.tw/6093/wp-content/cache/2blog.ilc.edu.tw/wpfc-minified/7m6bix8t/5wosg.css" "Mozilla/5.0 (Windows NT 10.0; Win64; x64) AppleWebKit/537.36 (KHTML, like Gecko) Chrome/144.0.0.0 Safari/537.36"
2408:8206:60:112a:8d7b:b5:3bda:4ea6 - - [26/Aug/2026:02:22:44 +0800] "GET /6093/wp-content/themes/oceanwp/assets/js/select.min.js HTTP/1.1" 200 2408 "https://2blog.ilc.edu.tw/6093/category/%E3%80%8A%E5%A4%A7%E9%87%8C%E5%9C%8B%E5%B0%8F%E7%92%B0%E5%A2%83%E6%95%99%E8%82%B2%E6%AD%B7%E5%B9%B4%E8%B3%87%E6%96%99%E3%80%8B/c-20127/page/21/" "Mozilla/5.0 (Windows NT 10.0; Win64; x64) AppleWebKit/537.36 (KHTML, like Gecko) Chrome/144.0.0.0 Safari/537.36"
2408:8206:60:112a:8d7b:b5:3bda:4ea6 - - [26/Aug/2026:02:22:44 +0800] "GET /6093/wp-content/themes/oceanwp/assets/js/scroll-top.min.js HTTP/1.1" 200 3202 "https://2blog.ilc.edu.tw/6093/category/%E3%80%8A%E5%A4%A7%E9%87%8C%E5%9C%8B%E5%B0%8F%E7%92%B0%E5%A2%83%E6%95%99%E8%82%B2%E6%AD%B7%E5%B9%B4%E8%B3%87%E6%96%99%E3%80%8B/c-20127/page/21/" "Mozilla/5.0 (Windows NT 10.0; Win64; x64) AppleWebKit/537.36 (KHTML, like Gecko) Chrome/144.0.0.0 Safari/537.36"
2408:8206:60:112a:8d7b:b5:3bda:4ea6 - - [26/Aug/2026:02:22:44 +0800] "GET /6093/wp-content/uploads/sites/2823/2020/11/cropped-%E5%A4%A7%E9%87%8C%E7%92%B0%E6%95%99Banner-10-32x32.png HTTP/1.1" 200 2477 "https://2blog.ilc.edu.tw/6093/category/%E3%80%8A%E5%A4%A7%E9%87%8C%E5%9C%8B%E5%B0%8F%E7%92%B0%E5%A2%83%E6%95%99%E8%82%B2%E6%AD%B7%E5%B9%B4%E8%B3%87%E6%96%99%E3%80%8B/c-20127/page/21/" "Mozilla/5.0 (Windows NT 10.0; Win64; x64) AppleWebKit/537.36 (KHTML, like Gecko) Chrome/144.0.0.0 Safari/537.36"
140.111.67.10 - - [26/Aug/2026:02:22:45 +0800] "GET /" 301 273 "-" "-"
185.191.171.2 - - [26/Aug/2026:02:22:45 +0800] "GET /2015/page/2/ HTTP/1.1" 200 16817 "-" "Mozilla/5.0 (compatible; SemrushBot/7~bl; +http://www.semrush.com/bot.html)"
136.119.35.120 - - [26/Aug/2026:02:22:46 +0800] "GET /32745/wp-json/wp/v2/posts/80724 HTTP/1.1" 200 21482 "-" "Mozilla/5.0 (Macintosh; Intel Mac OS X 10_15_7) AppleWebKit/537.36 (KHTML, like Gecko) Chrome/120.0.0.0 Safari/537.36"
52.167.144.159 - - [26/Aug/2026:02:22:45 +0800] "GET /technology/2012/02/06/ HTTP/1.1" 404 57334 "-" "Mozilla/5.0 AppleWebKit/537.36 (KHTML, like Gecko; compatible; bingbot/2.0; +http://www.bing.com/bingbot.htm) Chrome/116.0.1938.76 Safari/537.36"
2001:288:a201::66:125 - - [26/Aug/2026:02:22:48 +0800] "GET /blog/active.php HTTP/1.1" 404 1084 "-" "-"
2001:288:a201::66:125 - - [26/Aug/2026:02:22:48 +0800] "GET /blog/active.php HTTP/1.1" 301 1026 "-" "-"
34.61.96.6 - - [26/Aug/2026:02:22:47 +0800] "GET /6513/2013/11/14/666/ HTTP/1.1" 200 18158 "-" "Mozilla/5.0 (Macintosh; Intel Mac OS X 10_15_7) AppleWebKit/537.36 (KHTML, like Gecko) Chrome/120.0.0.0 Safari/537.36"
2a01:4f9:c010:5226::1 - - [26/Aug/2026:02:22:46 +0800] "GET /index.php?rest_route=%2Foembed%2F1.0%2Fembed&url=https%3A%2F%2Fwww.utaes.ilc.edu.tw%2F%3Fp%3D20988 HTTP/1.1" 200 8215 "-" "Mozilla/5.0 (Windows NT 10.0; Win64; x64; rv:148.0) Gecko/20100101 Firefox/148.0"
3.224.104.67 - - [26/Aug/2026:02:22:48 +0800] "GET /wp-content/uploads/sites/1395/2021/06/A53A1659-2048x1365.jpg HTTP/1.1" 200 541979 "-" "Mozilla/5.0 AppleWebKit/537.36 (KHTML, like Gecko; compatible; Amazonbot/0.1; +https://developer.amazon.com/support/amazonbot) Chrome/119.0.6045.214 Safari/537.36"
::1 - - [26/Aug/2026:02:22:49 +0800] "OPTIONS * HTTP/1.0" 200 110 "-" "Apache/2.4.68 (Ubuntu) OpenSSL/3.0.19 (internal dummy connection)"
140.111.67.10 - - [26/Aug/2026:02:22:50 +0800] "GET /" 301 273 "-" "-"
::1 - - [26/Aug/2026:02:22:50 +0800] "OPTIONS * HTTP/1.0" 200 110 "-" "Apache/2.4.68 (Ubuntu) OpenSSL/3.0.19 (internal dummy connection)"
54.83.240.58 - - [26/Aug/2026:02:22:50 +0800] "GET /wp-content/uploads/sites/1493/868/868-3402520.sb2 HTTP/1.1" 500 6121 "-" "Mozilla/5.0 AppleWebKit/537.36 (KHTML, like Gecko; compatible; Amazonbot/0.1; +https://developer.amazon.com/support/amazonbot) Chrome/119.0.6045.214 Safari/537.36"
34.123.149.87 - - [26/Aug/2026:02:22:50 +0800] "GET /6538/wp-json/oembed/1.0/embed?url=https://2blog.ilc.edu.tw/6538/2014/11/30/103%25e6%259d%25b1%25e6%25be%25b3%25e5%259c%258b%25e5%25b0%258f%25e7%2592%25b0%25e6%2595%2599%25e8%2580%2583%25e8%25a9%2595%25e8%2587%25aa%25e8%25a9%2595%25e8%25a1%25a8/ HTTP/1.1" 200 8418 "-" "Mozilla/5.0 (Macintosh; Intel Mac OS X 10_15_7) AppleWebKit/537.36 (KHTML, like Gecko) Chrome/120.0.0.0 Safari/537.36"
::1 - - [26/Aug/2026:02:22:52 +0800] "OPTIONS * HTTP/1.0" 200 110 "-" "Apache/2.4.68 (Ubuntu) OpenSSL/3.0.19 (internal dummy connection)"
85.208.96.207 - - [26/Aug/2026:02:22:50 +0800] "GET /technology/2021/05/24/ HTTP/1.1" 200 20740 "-" "Mozilla/5.0 (compatible; SemrushBot/7~bl; +http://www.semrush.com/bot.html)"
2001:288:a201::66:125 - - [26/Aug/2026:02:22:53 +0800] "GET /blog/active.php HTTP/1.1" 301 1026 "-" "-"
2001:288:a201::66:125 - - [26/Aug/2026:02:22:53 +0800] "GET /blog/active.php HTTP/1.1" 404 1084 "-" "-"
34.61.96.6 - - [26/Aug/2026:02:22:53 +0800] "GET /dashen/wp-json/oembed/1.0/embed?url=https://2blog.ilc.edu.tw/dashen/2015%25e5%25b9%25b4%25e7%2594%259f%25e5%25ad%2597%25e6%2595%2599%25e5%25ad%25b8%25e8%25a8%2598%25e9%258c%2584%25e5%25b0%258f%25e6%2595%25b4%25e7%2590%2586/ HTTP/1.1" 200 8299 "-" "Mozilla/5.0 (Macintosh; Intel Mac OS X 10_15_7) AppleWebKit/537.36 (KHTML, like Gecko) Chrome/120.0.0.0 Safari/537.36"
::1 - - [26/Aug/2026:02:22:54 +0800] "OPTIONS * HTTP/1.0" 200 110 "-" "Apache/2.4.68 (Ubuntu) OpenSSL/3.0.19 (internal dummy connection)"
140.111.67.10 - - [26/Aug/2026:02:22:55 +0800] "GET /" 301 273 "-" "-"
34.10.180.98 - - [26/Aug/2026:02:22:55 +0800] "GET /6573/2016/09/16/105_4-3-3-%E6%8E%8C%E6%8F%A1%E6%95%8F%E6%84%9F%E6%80%A7%E6%97%8F%E7%BE%A4%E5%AD%B8%E7%94%9F%E5%90%8D%E5%96%AE/ HTTP/1.1" 200 15253 "-" "Mozilla/5.0 (Macintosh; Intel Mac OS X 10_15_7) AppleWebKit/537.36 (KHTML, like Gecko) Chrome/120.0.0.0 Safari/537.36"
34.171.68.95 - - [26/Aug/2026:02:22:56 +0800] "GET /kkesdean/wp-json/oembed/1.0/embed?url=https://2blog.ilc.edu.tw/kkesdean/2022/03/22/%25e4%25ba%2594%25e4%25b8%258b%25e6%25b0%25b4%25e6%25ba%25b6%25e6%25b6%25b2%25e7%259a%2584%25e9%2585%25b8%25e9%25b9%25bc%25e6%2580%25a7/ HTTP/1.1" 200 8205 "-" "Mozilla/5.0 (Macintosh; Intel Mac OS X 10_15_7) AppleWebKit/537.36 (KHTML, like Gecko) Chrome/120.0.0.0 Safari/537.36"
