106.105.209.223 - - [26/Aug/2026:02:28:04 +0800] "GET /ltjhinformation/wp-content/cache/2blog.ilc.edu.tw/wpfc-minified/223eneq1/5wols.js HTTP/1.1" 200 35574 "https://2blog.ilc.edu.tw/ltjhinformation/2022/08/05/%E5%B0%8E%E5%B8%AB%E7%9A%84%E5%A5%BD%E5%B9%AB%E6%89%8B_line%E5%AE%98%E6%96%B9%E5%B8%B3%E8%99%9F%E7%9A%84%E7%94%B3%E8%AB%8B%E8%A8%AD%E5%AE%9A%E8%88%87%E4%BD%BF%E7%94%A8/" "Mozilla/5.0 (Windows NT 10.0; Win64; x64) AppleWebKit/537.36 (KHTML, like Gecko) Chrome/151.0.0.0 Safari/537.36"
106.105.209.223 - - [26/Aug/2026:02:28:04 +0800] "GET /ltjhinformation/wp-content/cache/2blog.ilc.edu.tw/wpfc-minified/kcswn6qd/5wols.js HTTP/1.1" 200 1645 "https://2blog.ilc.edu.tw/ltjhinformation/2022/08/05/%E5%B0%8E%E5%B8%AB%E7%9A%84%E5%A5%BD%E5%B9%AB%E6%89%8B_line%E5%AE%98%E6%96%B9%E5%B8%B3%E8%99%9F%E7%9A%84%E7%94%B3%E8%AB%8B%E8%A8%AD%E5%AE%9A%E8%88%87%E4%BD%BF%E7%94%A8/" "Mozilla/5.0 (Windows NT 10.0; Win64; x64) AppleWebKit/537.36 (KHTML, like Gecko) Chrome/151.0.0.0 Safari/537.36"
106.105.209.223 - - [26/Aug/2026:02:28:04 +0800] "GET /ltjhinformation/wp-content/uploads/sites/1516/2022/08/S__140296201_thumb.jpg HTTP/1.1" 200 48704 "https://2blog.ilc.edu.tw/ltjhinformation/2022/08/05/%E5%B0%8E%E5%B8%AB%E7%9A%84%E5%A5%BD%E5%B9%AB%E6%89%8B_line%E5%AE%98%E6%96%B9%E5%B8%B3%E8%99%9F%E7%9A%84%E7%94%B3%E8%AB%8B%E8%A8%AD%E5%AE%9A%E8%88%87%E4%BD%BF%E7%94%A8/" "Mozilla/5.0 (Windows NT 10.0; Win64; x64) AppleWebKit/537.36 (KHTML, like Gecko) Chrome/151.0.0.0 Safari/537.36"
106.105.209.223 - - [26/Aug/2026:02:28:04 +0800] "GET /ltjhinformation/wp-content/uploads/sites/1516/2022/08/S__140296200_thumb.jpg HTTP/1.1" 200 47736 "https://2blog.ilc.edu.tw/ltjhinformation/2022/08/05/%E5%B0%8E%E5%B8%AB%E7%9A%84%E5%A5%BD%E5%B9%AB%E6%89%8B_line%E5%AE%98%E6%96%B9%E5%B8%B3%E8%99%9F%E7%9A%84%E7%94%B3%E8%AB%8B%E8%A8%AD%E5%AE%9A%E8%88%87%E4%BD%BF%E7%94%A8/" "Mozilla/5.0 (Windows NT 10.0; Win64; x64) AppleWebKit/537.36 (KHTML, like Gecko) Chrome/151.0.0.0 Safari/537.36"
106.105.209.223 - - [26/Aug/2026:02:28:04 +0800] "GET /ltjhinformation/wp-content/uploads/sites/1516/2022/08/S__140296202_thumb.jpg HTTP/1.1" 200 79550 "https://2blog.ilc.edu.tw/ltjhinformation/2022/08/05/%E5%B0%8E%E5%B8%AB%E7%9A%84%E5%A5%BD%E5%B9%AB%E6%89%8B_line%E5%AE%98%E6%96%B9%E5%B8%B3%E8%99%9F%E7%9A%84%E7%94%B3%E8%AB%8B%E8%A8%AD%E5%AE%9A%E8%88%87%E4%BD%BF%E7%94%A8/" "Mozilla/5.0 (Windows NT 10.0; Win64; x64) AppleWebKit/537.36 (KHTML, like Gecko) Chrome/151.0.0.0 Safari/537.36"
216.73.216.242 - - [26/Aug/2026:02:28:03 +0800] "GET /32745/category/%e6%96%87%e5%a4%8f/ HTTP/1.1" 200 86750 "-" "Mozilla/5.0 AppleWebKit/537.36 (KHTML, like Gecko; compatible; ClaudeBot/1.0; +claudebot@anthropic.com)"
106.105.209.223 - - [26/Aug/2026:02:28:04 +0800] "GET /ltjhinformation/wp-includes/js/hoverintent-js.min.js HTTP/1.1" 200 1597 "https://2blog.ilc.edu.tw/ltjhinformation/2022/08/05/%E5%B0%8E%E5%B8%AB%E7%9A%84%E5%A5%BD%E5%B9%AB%E6%89%8B_line%E5%AE%98%E6%96%B9%E5%B8%B3%E8%99%9F%E7%9A%84%E7%94%B3%E8%AB%8B%E8%A8%AD%E5%AE%9A%E8%88%87%E4%BD%BF%E7%94%A8/" "Mozilla/5.0 (Windows NT 10.0; Win64; x64) AppleWebKit/537.36 (KHTML, like Gecko) Chrome/151.0.0.0 Safari/537.36"
106.105.209.223 - - [26/Aug/2026:02:28:04 +0800] "GET /ltjhinformation/wp-includes/js/admin-bar.min.js HTTP/1.1" 200 2237 "https://2blog.ilc.edu.tw/ltjhinformation/2022/08/05/%E5%B0%8E%E5%B8%AB%E7%9A%84%E5%A5%BD%E5%B9%AB%E6%89%8B_line%E5%AE%98%E6%96%B9%E5%B8%B3%E8%99%9F%E7%9A%84%E7%94%B3%E8%AB%8B%E8%A8%AD%E5%AE%9A%E8%88%87%E4%BD%BF%E7%94%A8/" "Mozilla/5.0 (Windows NT 10.0; Win64; x64) AppleWebKit/537.36 (KHTML, like Gecko) Chrome/151.0.0.0 Safari/537.36"
106.105.209.223 - - [26/Aug/2026:02:28:04 +0800] "GET /ltjhinformation/wp-content/themes/sela/js/navigation.js HTTP/1.1" 200 1630 "https://2blog.ilc.edu.tw/ltjhinformation/2022/08/05/%E5%B0%8E%E5%B8%AB%E7%9A%84%E5%A5%BD%E5%B9%AB%E6%89%8B_line%E5%AE%98%E6%96%B9%E5%B8%B3%E8%99%9F%E7%9A%84%E7%94%B3%E8%AB%8B%E8%A8%AD%E5%AE%9A%E8%88%87%E4%BD%BF%E7%94%A8/" "Mozilla/5.0 (Windows NT 10.0; Win64; x64) AppleWebKit/537.36 (KHTML, like Gecko) Chrome/151.0.0.0 Safari/537.36"
106.105.209.223 - - [26/Aug/2026:02:28:04 +0800] "GET /ltjhinformation/wp-content/themes/sela/js/skip-link-focus-fix.js HTTP/1.1" 200 1263 "https://2blog.ilc.edu.tw/ltjhinformation/2022/08/05/%E5%B0%8E%E5%B8%AB%E7%9A%84%E5%A5%BD%E5%B9%AB%E6%89%8B_line%E5%AE%98%E6%96%B9%E5%B8%B3%E8%99%9F%E7%9A%84%E7%94%B3%E8%AB%8B%E8%A8%AD%E5%AE%9A%E8%88%87%E4%BD%BF%E7%94%A8/" "Mozilla/5.0 (Windows NT 10.0; Win64; x64) AppleWebKit/537.36 (KHTML, like Gecko) Chrome/151.0.0.0 Safari/537.36"
106.105.209.223 - - [26/Aug/2026:02:28:04 +0800] "GET /ltjhinformation/wp-content/themes/sela/js/sela.js HTTP/1.1" 200 1150 "https://2blog.ilc.edu.tw/ltjhinformation/2022/08/05/%E5%B0%8E%E5%B8%AB%E7%9A%84%E5%A5%BD%E5%B9%AB%E6%89%8B_line%E5%AE%98%E6%96%B9%E5%B8%B3%E8%99%9F%E7%9A%84%E7%94%B3%E8%AB%8B%E8%A8%AD%E5%AE%9A%E8%88%87%E4%BD%BF%E7%94%A8/" "Mozilla/5.0 (Windows NT 10.0; Win64; x64) AppleWebKit/537.36 (KHTML, like Gecko) Chrome/151.0.0.0 Safari/537.36"
216.73.216.242 - - [26/Aug/2026:02:28:03 +0800] "GET /32745/category/%e9%bb%83%e6%b5%a9%e5%ba%ad/feed/ HTTP/1.1" 200 8774 "-" "Mozilla/5.0 AppleWebKit/537.36 (KHTML, like Gecko; compatible; ClaudeBot/1.0; +claudebot@anthropic.com)"
34.57.162.91 - - [26/Aug/2026:02:28:04 +0800] "GET /6568/wp-json/wp/v2/posts/143 HTTP/1.1" 200 11408 "-" "Mozilla/5.0 (Macintosh; Intel Mac OS X 10_15_7) AppleWebKit/537.36 (KHTML, like Gecko) Chrome/120.0.0.0 Safari/537.36"
216.73.216.242 - - [26/Aug/2026:02:28:03 +0800] "GET /32745/2021/01/24/%e4%b8%80%e5%bc%b5%e6%89%b9/ HTTP/1.1" 200 87264 "-" "Mozilla/5.0 AppleWebKit/537.36 (KHTML, like Gecko; compatible; ClaudeBot/1.0; +claudebot@anthropic.com)"
216.73.216.242 - - [26/Aug/2026:02:28:03 +0800] "GET /32745/2020/07/05/%e9%9b%a2%e5%88%a5/ HTTP/1.1" 200 87826 "-" "Mozilla/5.0 AppleWebKit/537.36 (KHTML, like Gecko; compatible; ClaudeBot/1.0; +claudebot@anthropic.com)"
216.73.216.242 - - [26/Aug/2026:02:28:04 +0800] "GET /32745/category/%e7%be%85%e5%bf%97%e7%a5%a5/feed/ HTTP/1.1" 200 1502 "-" "Mozilla/5.0 AppleWebKit/537.36 (KHTML, like Gecko; compatible; ClaudeBot/1.0; +claudebot@anthropic.com)"
17.22.237.75 - - [26/Aug/2026:02:28:04 +0800] "POST /1990/wp-json/ilc-summary/v1/popular-posts HTTP/1.1" 201 1401 "https://2blog.ilc.edu.tw/1990/2021/06/21/0622%e4%ba%8c%e5%ad%b8%e7%bf%92%e4%bb%bb%e5%8b%99/" "Mozilla/5.0 (Macintosh; Intel Mac OS X 10_15_7) AppleWebKit/605.1.15 (KHTML, like Gecko) Version/17.4 Safari/605.1.15 (Applebot/0.1; +http://www.apple.com/go/applebot)"
216.73.216.242 - - [26/Aug/2026:02:28:04 +0800] "GET /9536/category/c-3835/c-30315/page/14/ HTTP/1.1" 200 8774 "-" "Mozilla/5.0 AppleWebKit/537.36 (KHTML, like Gecko; compatible; ClaudeBot/1.0; +claudebot@anthropic.com)"
216.73.216.242 - - [26/Aug/2026:02:28:04 +0800] "GET /32745/2021/07/10/%e8%a3%9c%e7%a0%b4%e5%a4%a2/ HTTP/1.1" 200 87041 "-" "Mozilla/5.0 AppleWebKit/537.36 (KHTML, like Gecko; compatible; ClaudeBot/1.0; +claudebot@anthropic.com)"
216.73.216.242 - - [26/Aug/2026:02:28:04 +0800] "GET /32745/category/%e6%9e%97%e5%bd%99%e6%95%8f/ HTTP/1.1" 200 86338 "-" "Mozilla/5.0 AppleWebKit/537.36 (KHTML, like Gecko; compatible; ClaudeBot/1.0; +claudebot@anthropic.com)"
140.111.67.10 - - [26/Aug/2026:02:28:05 +0800] "GET /" 301 273 "-" "-"
216.73.216.242 - - [26/Aug/2026:02:28:04 +0800] "GET /32745/2021/04/03/%e7%a7%8b%e6%84%9b/ HTTP/1.1" 200 87206 "-" "Mozilla/5.0 AppleWebKit/537.36 (KHTML, like Gecko; compatible; ClaudeBot/1.0; +claudebot@anthropic.com)"
216.73.216.242 - - [26/Aug/2026:02:28:03 +0800] "GET /32745/category/%e6%9e%97%e7%bf%a0%e8%90%8d/feed/ HTTP/1.1" 200 8859 "-" "Mozilla/5.0 AppleWebKit/537.36 (KHTML, like Gecko; compatible; ClaudeBot/1.0; +claudebot@anthropic.com)"
216.73.216.242 - - [26/Aug/2026:02:28:04 +0800] "GET /32745/category/%e9%bb%83%e9%9d%9c%e9%9b%85/ HTTP/1.1" 200 86436 "-" "Mozilla/5.0 AppleWebKit/537.36 (KHTML, like Gecko; compatible; ClaudeBot/1.0; +claudebot@anthropic.com)"
216.73.216.242 - - [26/Aug/2026:02:28:04 +0800] "GET /32745/category/%e5%bc%b5%e5%84%87%e7%b6%9d/ HTTP/1.1" 200 85548 "-" "Mozilla/5.0 AppleWebKit/537.36 (KHTML, like Gecko; compatible; ClaudeBot/1.0; +claudebot@anthropic.com)"
216.73.216.242 - - [26/Aug/2026:02:28:05 +0800] "GET /32745/2021/08/21/%e7%84%a1%e4%bd%a0%e8%bc%83%e5%bf%ab%e6%b4%bb/ HTTP/1.1" 200 87414 "-" "Mozilla/5.0 AppleWebKit/537.36 (KHTML, like Gecko; compatible; ClaudeBot/1.0; +claudebot@anthropic.com)"
216.73.216.242 - - [26/Aug/2026:02:28:05 +0800] "GET /32745/2020/05/27/%E5%BB%A3%E6%9D%B1%E8%8A%B1/ HTTP/1.1" 200 87649 "-" "Mozilla/5.0 AppleWebKit/537.36 (KHTML, like Gecko; compatible; ClaudeBot/1.0; +claudebot@anthropic.com)"
216.73.216.242 - - [26/Aug/2026:02:28:05 +0800] "GET /32745/2021/10/09/%e7%97%b4%e5%bf%83%e6%b7%9a/ HTTP/1.1" 200 87448 "-" "Mozilla/5.0 AppleWebKit/537.36 (KHTML, like Gecko; compatible; ClaudeBot/1.0; +claudebot@anthropic.com)"
9.142.184.87 - - [26/Aug/2026:02:28:05 +0800] "GET /wp-content/uploads/sites/1193/30728/previews-med/30728-3014176.jpg HTTP/1.1" 200 38944 "-" "Mozilla/5.0 (compatible; crawler)"
34.10.180.98 - - [26/Aug/2026:02:28:05 +0800] "GET /20978/category/c-13883/page/16/ HTTP/1.1" 200 16876 "-" "Mozilla/5.0 (Macintosh; Intel Mac OS X 10_15_7) AppleWebKit/537.36 (KHTML, like Gecko) Chrome/120.0.0.0 Safari/537.36"
216.73.216.242 - - [26/Aug/2026:02:28:05 +0800] "GET /32745/2025/07/19/%e5%a4%a7%e9%a2%a8/ HTTP/1.1" 200 87364 "-" "Mozilla/5.0 AppleWebKit/537.36 (KHTML, like Gecko; compatible; ClaudeBot/1.0; +claudebot@anthropic.com)"
216.73.216.242 - - [26/Aug/2026:02:28:05 +0800] "GET /32745/2021/08/20/%e9%be%9c%e5%b1%b1%e5%b3%b6/ HTTP/1.1" 200 87485 "-" "Mozilla/5.0 AppleWebKit/537.36 (KHTML, like Gecko; compatible; ClaudeBot/1.0; +claudebot@anthropic.com)"
198.199.72.238 - - [26/Aug/2026:02:28:06 +0800] "GET /blog/gallery/5850/5850-4020259.jpg HTTP/1.1" 301 1064 "http://blog.ilc.edu.tw/" "Mozilla/5.0 (Windows NT 10.0; Win64; x64) AppleWebKit/537.36 (KHTML, like Gecko) Chrome/110.0.0.0 Safari/537.36"
198.199.72.238 - - [26/Aug/2026:02:28:06 +0800] "GET /blog/imgs/thumbs_up.gif HTTP/1.1" 301 1042 "http://blog.ilc.edu.tw/" "Mozilla/5.0 (Windows NT 10.0; Win64; x64) AppleWebKit/537.36 (KHTML, like Gecko) Chrome/110.0.0.0 Safari/537.36"
198.199.72.238 - - [26/Aug/2026:02:28:06 +0800] "GET /blog/gallery/5850/5850-4020257.jpg HTTP/1.1" 301 1064 "http://blog.ilc.edu.tw/" "Mozilla/5.0 (Windows NT 10.0; Win64; x64) AppleWebKit/537.36 (KHTML, like Gecko) Chrome/110.0.0.0 Safari/537.36"
216.73.216.242 - - [26/Aug/2026:02:28:05 +0800] "GET /32745/2021/10/09/%e6%94%be%e4%bd%a0%e9%a3%9b/ HTTP/1.1" 200 87594 "-" "Mozilla/5.0 AppleWebKit/537.36 (KHTML, like Gecko; compatible; ClaudeBot/1.0; +claudebot@anthropic.com)"
216.73.216.242 - - [26/Aug/2026:02:28:06 +0800] "GET /32745/2025/01/29/%e5%bf%83%e7%ab%ad/ HTTP/1.1" 200 87876 "-" "Mozilla/5.0 AppleWebKit/537.36 (KHTML, like Gecko; compatible; ClaudeBot/1.0; +claudebot@anthropic.com)"
216.73.216.242 - - [26/Aug/2026:02:28:05 +0800] "GET /32745/category/%e7%8e%8b%e7%91%9e%e5%8d%87/ HTTP/1.1" 200 86002 "-" "Mozilla/5.0 AppleWebKit/537.36 (KHTML, like Gecko; compatible; ClaudeBot/1.0; +claudebot@anthropic.com)"
216.73.216.242 - - [26/Aug/2026:02:28:05 +0800] "GET /32745/category/%e8%98%87%e4%bd%b3%e7%a9%8d/feed/ HTTP/1.1" 200 1793 "-" "Mozilla/5.0 AppleWebKit/537.36 (KHTML, like Gecko; compatible; ClaudeBot/1.0; +claudebot@anthropic.com)"
216.73.216.242 - - [26/Aug/2026:02:28:06 +0800] "GET /32745/category/%e6%9e%97%e6%bf%ac%e6%8f%9a/ HTTP/1.1" 200 85985 "-" "Mozilla/5.0 AppleWebKit/537.36 (KHTML, like Gecko; compatible; ClaudeBot/1.0; +claudebot@anthropic.com)"
216.73.216.242 - - [26/Aug/2026:02:28:06 +0800] "GET /9536/2011/04/21/%e9%99%b3%e7%9f%b3%e6%97%ba/ HTTP/1.1" 200 9425 "-" "Mozilla/5.0 AppleWebKit/537.36 (KHTML, like Gecko; compatible; ClaudeBot/1.0; +claudebot@anthropic.com)"
40.77.167.76 - - [26/Aug/2026:02:28:06 +0800] "GET /ghjh202/%E4%BA%94%E5%B0%88/%E4%BA%94%E5%B0%88%E8%81%AF%E5%90%88%E5%85%8D%E8%A9%A6/ HTTP/1.1" 301 5956 "-" "Mozilla/5.0 AppleWebKit/537.36 (KHTML, like Gecko; compatible; bingbot/2.0; +http://www.bing.com/bingbot.htm) Chrome/116.0.1938.76 Safari/537.36"
216.73.216.242 - - [26/Aug/2026:02:28:06 +0800] "GET /32745/2022/03/13/%e6%a5%8a%e9%ba%97%e8%8a%ac/ HTTP/1.1" 200 86123 "-" "Mozilla/5.0 AppleWebKit/537.36 (KHTML, like Gecko; compatible; ClaudeBot/1.0; +claudebot@anthropic.com)"
3.216.227.216 - - [26/Aug/2026:02:28:06 +0800] "GET /amy6998/wp-content/uploads/sites/2364/2026/07/DSC05610-1536x1152.jpg HTTP/1.1" 200 268299 "-" "Mozilla/5.0 AppleWebKit/537.36 (KHTML, like Gecko; compatible; Amazonbot/0.1; +https://developer.amazon.com/support/amazonbot) Chrome/119.0.6045.214 Safari/537.36"
184.72.84.154 - - [26/Aug/2026:02:28:07 +0800] "GET /wp-content/uploads/sites/3900/2024/?C=M;O%3DA HTTP/1.1" 200 1318 "-" "Mozilla/5.0 AppleWebKit/537.36 (KHTML, like Gecko; compatible; Amazonbot/0.1; +https://developer.amazon.com/support/amazonbot) Chrome/119.0.6045.214 Safari/537.36"
216.73.216.242 - - [26/Aug/2026:02:28:06 +0800] "GET /32745/category/%e5%8a%89%e5%a9%89%e7%80%85/ HTTP/1.1" 200 85536 "-" "Mozilla/5.0 AppleWebKit/537.36 (KHTML, like Gecko; compatible; ClaudeBot/1.0; +claudebot@anthropic.com)"
216.73.216.242 - - [26/Aug/2026:02:28:06 +0800] "GET /32745/category/%e9%a1%8f%e8%83%bd%e9%84%89/ HTTP/1.1" 200 85187 "-" "Mozilla/5.0 AppleWebKit/537.36 (KHTML, like Gecko; compatible; ClaudeBot/1.0; +claudebot@anthropic.com)"
34.30.223.149 - - [26/Aug/2026:02:28:07 +0800] "GET /27438/category/c-76926/ HTTP/1.1" 200 17395 "-" "Mozilla/5.0 (Macintosh; Intel Mac OS X 10_15_7) AppleWebKit/537.36 (KHTML, like Gecko) Chrome/120.0.0.0 Safari/537.36"
216.73.216.242 - - [26/Aug/2026:02:28:06 +0800] "GET /32745/2020/08/09/%e5%ba%8a%e9%a0%ad%e5%a4%a2/ HTTP/1.1" 200 87707 "-" "Mozilla/5.0 AppleWebKit/537.36 (KHTML, like Gecko; compatible; ClaudeBot/1.0; +claudebot@anthropic.com)"
216.73.216.242 - - [26/Aug/2026:02:28:07 +0800] "GET /32745/wp-json/oembed/1.0/embed?url=https%3A%2F%2F2blog.ilc.edu.tw%2F32745%2F2023%2F01%2F20%2F%25e6%2584%259b-4%2F HTTP/1.1" 200 3400 "-" "Mozilla/5.0 AppleWebKit/537.36 (KHTML, like Gecko; compatible; ClaudeBot/1.0; +claudebot@anthropic.com)"
216.73.216.242 - - [26/Aug/2026:02:28:06 +0800] "GET /32745/2020/12/07/%e7%9c%8b%e9%9b%b2/ HTTP/1.1" 200 87485 "-" "Mozilla/5.0 AppleWebKit/537.36 (KHTML, like Gecko; compatible; ClaudeBot/1.0; +claudebot@anthropic.com)"
216.73.216.242 - - [26/Aug/2026:02:28:06 +0800] "GET /32745/2021/11/01/%e5%9b%a0%e7%82%ba%e4%bd%a0/ HTTP/1.1" 200 87759 "-" "Mozilla/5.0 AppleWebKit/537.36 (KHTML, like Gecko; compatible; ClaudeBot/1.0; +claudebot@anthropic.com)"
216.73.216.242 - - [26/Aug/2026:02:28:07 +0800] "GET /32745/category/%e7%a7%8b%e4%b9%83%e8%8f%af/ HTTP/1.1" 200 85997 "-" "Mozilla/5.0 AppleWebKit/537.36 (KHTML, like Gecko; compatible; ClaudeBot/1.0; +claudebot@anthropic.com)"
216.73.216.242 - - [26/Aug/2026:02:28:07 +0800] "GET /32745/category/%e5%ad%ab%e7%bf%a0%e9%b3%b3/ HTTP/1.1" 200 85378 "-" "Mozilla/5.0 AppleWebKit/537.36 (KHTML, like Gecko; compatible; ClaudeBot/1.0; +claudebot@anthropic.com)"
106.105.209.223 - - [26/Aug/2026:02:28:07 +0800] "GET /favicon.ico HTTP/1.1" 302 1030 "https://2blog.ilc.edu.tw/ltjhinformation/2022/08/05/%E5%B0%8E%E5%B8%AB%E7%9A%84%E5%A5%BD%E5%B9%AB%E6%89%8B_line%E5%AE%98%E6%96%B9%E5%B8%B3%E8%99%9F%E7%9A%84%E7%94%B3%E8%AB%8B%E8%A8%AD%E5%AE%9A%E8%88%87%E4%BD%BF%E7%94%A8/" "Mozilla/5.0 (Windows NT 10.0; Win64; x64) AppleWebKit/537.36 (KHTML, like Gecko) Chrome/151.0.0.0 Safari/537.36"
106.105.209.223 - - [26/Aug/2026:02:28:07 +0800] "POST /ltjhinformation/wp-json/ilc-summary/v1/popular-posts HTTP/1.1" 201 1412 "https://2blog.ilc.edu.tw/ltjhinformation/2022/08/05/%E5%B0%8E%E5%B8%AB%E7%9A%84%E5%A5%BD%E5%B9%AB%E6%89%8B_line%E5%AE%98%E6%96%B9%E5%B8%B3%E8%99%9F%E7%9A%84%E7%94%B3%E8%AB%8B%E8%A8%AD%E5%AE%9A%E8%88%87%E4%BD%BF%E7%94%A8/" "Mozilla/5.0 (Windows NT 10.0; Win64; x64) AppleWebKit/537.36 (KHTML, like Gecko) Chrome/151.0.0.0 Safari/537.36"
106.105.209.223 - - [26/Aug/2026:02:28:07 +0800] "GET /wp-includes/images/w-logo-blue-white-bg.png HTTP/1.1" 200 4946 "https://2blog.ilc.edu.tw/ltjhinformation/2022/08/05/%E5%B0%8E%E5%B8%AB%E7%9A%84%E5%A5%BD%E5%B9%AB%E6%89%8B_line%E5%AE%98%E6%96%B9%E5%B8%B3%E8%99%9F%E7%9A%84%E7%94%B3%E8%AB%8B%E8%A8%AD%E5%AE%9A%E8%88%87%E4%BD%BF%E7%94%A8/" "Mozilla/5.0 (Windows NT 10.0; Win64; x64) AppleWebKit/537.36 (KHTML, like Gecko) Chrome/151.0.0.0 Safari/537.36"
159.223.121.44 - - [26/Aug/2026:02:28:07 +0800] "GET /blog/gallery/5850/5850-4020255.jpg HTTP/1.1" 404 25426 "http://blog.ilc.edu.tw/" "Mozilla/5.0 (Windows NT 10.0; Win64; x64) AppleWebKit/537.36 (KHTML, like Gecko) Chrome/110.0.0.0 Safari/537.36"
216.73.216.242 - - [26/Aug/2026:02:28:07 +0800] "GET /32745/2020/05/30/%E8%B5%B0%E9%9F%B3%E7%9A%84%E5%90%89%E4%BB%96/ HTTP/1.1" 200 87414 "-" "Mozilla/5.0 AppleWebKit/537.36 (KHTML, like Gecko; compatible; ClaudeBot/1.0; +claudebot@anthropic.com)"
206.189.197.211 - - [26/Aug/2026:02:28:07 +0800] "GET /blog/gallery/5850/5850-4020257.jpg HTTP/1.1" 404 25426 "http://blog.ilc.edu.tw/" "Mozilla/5.0 (Windows NT 10.0; Win64; x64) AppleWebKit/537.36 (KHTML, like Gecko) Chrome/110.0.0.0 Safari/537.36"
216.73.216.242 - - [26/Aug/2026:02:28:07 +0800] "GET /32745/category/%e7%91%aa%e8%8e%89/feed/ HTTP/1.1" 200 3213 "-" "Mozilla/5.0 AppleWebKit/537.36 (KHTML, like Gecko; compatible; ClaudeBot/1.0; +claudebot@anthropic.com)"
2001:288:a201::66:125 - - [26/Aug/2026:02:28:08 +0800] "GET /blog/active.php HTTP/1.1" 404 1084 "-" "-"
34.123.149.87 - - [26/Aug/2026:02:28:07 +0800] "GET /32745/2020/05/27/%E5%AF%B6%E5%B3%B6%E5%90%8D%E5%8B%9D%E4%B8%89%E6%BA%AA/ HTTP/1.1" 200 93041 "-" "Mozilla/5.0 (Macintosh; Intel Mac OS X 10_15_7) AppleWebKit/537.36 (KHTML, like Gecko) Chrome/120.0.0.0 Safari/537.36"
2001:288:a201::66:125 - - [26/Aug/2026:02:28:08 +0800] "GET /blog/active.php HTTP/1.1" 301 1026 "-" "-"
216.73.216.242 - - [26/Aug/2026:02:28:08 +0800] "GET /9536/2011/01/21/%e8%94%a1%e6%88%90%e7%a6%8f/ HTTP/1.1" 200 9597 "-" "Mozilla/5.0 AppleWebKit/537.36 (KHTML, like Gecko; compatible; ClaudeBot/1.0; +claudebot@anthropic.com)"
216.73.216.242 - - [26/Aug/2026:02:28:07 +0800] "GET /32745/category/%e8%b6%99%e5%8d%83%e9%a6%99/ HTTP/1.1" 200 85994 "-" "Mozilla/5.0 AppleWebKit/537.36 (KHTML, like Gecko; compatible; ClaudeBot/1.0; +claudebot@anthropic.com)"
216.73.216.242 - - [26/Aug/2026:02:28:07 +0800] "GET /32745/category/%e9%98%bf%e5%b8%95%e9%9a%8a/feed/ HTTP/1.1" 200 3738 "-" "Mozilla/5.0 AppleWebKit/537.36 (KHTML, like Gecko; compatible; ClaudeBot/1.0; +claudebot@anthropic.com)"
216.73.216.242 - - [26/Aug/2026:02:28:07 +0800] "GET /32745/2021/11/01/%e4%bd%a0%e7%9a%84%e5%90%8d/ HTTP/1.1" 200 87789 "-" "Mozilla/5.0 AppleWebKit/537.36 (KHTML, like Gecko; compatible; ClaudeBot/1.0; +claudebot@anthropic.com)"
216.73.216.242 - - [26/Aug/2026:02:28:08 +0800] "GET /32745/2023/01/23/%e4%b8%8a%e8%b1%aa/ HTTP/1.1" 200 86531 "-" "Mozilla/5.0 AppleWebKit/537.36 (KHTML, like Gecko; compatible; ClaudeBot/1.0; +claudebot@anthropic.com)"
66.249.79.165 - - [26/Aug/2026:02:28:08 +0800] "GET /yleerc/en/home-page/ HTTP/1.1" 200 22101 "-" "Mozilla/5.0 (compatible; Googlebot/2.1; +http://www.google.com/bot.html)"
216.73.216.242 - - [26/Aug/2026:02:28:08 +0800] "GET /32745/2023/01/22/%e6%9f%9a%e4%bb%94/ HTTP/1.1" 200 86993 "-" "Mozilla/5.0 AppleWebKit/537.36 (KHTML, like Gecko; compatible; ClaudeBot/1.0; +claudebot@anthropic.com)"
216.73.216.242 - - [26/Aug/2026:02:28:08 +0800] "GET /32745/2021/08/09/%e7%97%b4%e6%83%85%e5%82%b5/ HTTP/1.1" 200 87374 "-" "Mozilla/5.0 AppleWebKit/537.36 (KHTML, like Gecko; compatible; ClaudeBot/1.0; +claudebot@anthropic.com)"
216.73.216.242 - - [26/Aug/2026:02:28:08 +0800] "GET /32745/category/%e6%a5%8a%e8%b2%b4%e5%aa%9a/ HTTP/1.1" 200 85518 "-" "Mozilla/5.0 AppleWebKit/537.36 (KHTML, like Gecko; compatible; ClaudeBot/1.0; +claudebot@anthropic.com)"
216.73.216.242 - - [26/Aug/2026:02:28:08 +0800] "GET /32745/category/%e5%b0%a4%e5%90%9b/page/2/ HTTP/1.1" 200 86702 "-" "Mozilla/5.0 AppleWebKit/537.36 (KHTML, like Gecko; compatible; ClaudeBot/1.0; +claudebot@anthropic.com)"
216.73.216.242 - - [26/Aug/2026:02:28:08 +0800] "GET /32745/2021/05/29/%e7%85%99%e8%8a%b1%e6%83%85/ HTTP/1.1" 200 87291 "-" "Mozilla/5.0 AppleWebKit/537.36 (KHTML, like Gecko; compatible; ClaudeBot/1.0; +claudebot@anthropic.com)"
34.10.180.98 - - [26/Aug/2026:02:28:09 +0800] "GET /amy6998/wp-json/oembed/1.0/embed?url=https://2blog.ilc.edu.tw/amy6998/2021/08/17/110%25e5%25b9%25b48%25e6%259c%258816%25e6%2597%25a5%25e6%2593%25b4%25e5%25a4%25a7%25e8%25a1%258c%25e6%2594%25bf%25e6%259c%2583%25e5%25a0%25b1/ HTTP/1.1" 200 8393 "-" "Mozilla/5.0 (Macintosh; Intel Mac OS X 10_15_7) AppleWebKit/537.36 (KHTML, like Gecko) Chrome/120.0.0.0 Safari/537.36"
216.73.216.242 - - [26/Aug/2026:02:28:08 +0800] "GET /32745/2022/04/09/%e4%be%86%e5%8e%bb/ HTTP/1.1" 200 87194 "-" "Mozilla/5.0 AppleWebKit/537.36 (KHTML, like Gecko; compatible; ClaudeBot/1.0; +claudebot@anthropic.com)"
216.73.216.242 - - [26/Aug/2026:02:28:08 +0800] "GET /32745/category/%e8%ac%9d%e9%8a%98%e7%a5%90/ HTTP/1.1" 200 86221 "-" "Mozilla/5.0 AppleWebKit/537.36 (KHTML, like Gecko; compatible; ClaudeBot/1.0; +claudebot@anthropic.com)"
216.73.216.242 - - [26/Aug/2026:02:28:08 +0800] "GET /32745/category/%e6%9d%8e%e7%ab%ba%e8%8a%af/feed/ HTTP/1.1" 200 13781 "-" "Mozilla/5.0 AppleWebKit/537.36 (KHTML, like Gecko; compatible; ClaudeBot/1.0; +claudebot@anthropic.com)"
216.73.216.242 - - [26/Aug/2026:02:28:09 +0800] "GET /32745/2024/08/09/%e5%ad%a4%e5%a8%98/ HTTP/1.1" 200 87493 "-" "Mozilla/5.0 AppleWebKit/537.36 (KHTML, like Gecko; compatible; ClaudeBot/1.0; +claudebot@anthropic.com)"
216.73.216.242 - - [26/Aug/2026:02:28:09 +0800] "GET /32745/category/%e4%be%af%e5%84%b7%e5%a6%8f/ HTTP/1.1" 200 85524 "-" "Mozilla/5.0 AppleWebKit/537.36 (KHTML, like Gecko; compatible; ClaudeBot/1.0; +claudebot@anthropic.com)"
216.73.216.242 - - [26/Aug/2026:02:28:09 +0800] "GET /32745/2024/03/01/%e5%bd%ac%e6%9e%9c/ HTTP/1.1" 200 86420 "-" "Mozilla/5.0 AppleWebKit/537.36 (KHTML, like Gecko; compatible; ClaudeBot/1.0; +claudebot@anthropic.com)"
140.111.67.10 - - [26/Aug/2026:02:28:10 +0800] "GET /" 301 273 "-" "-"
106.105.209.223 - - [26/Aug/2026:02:28:10 +0800] "GET /ltjhinformation/wp-content/uploads/sites/1516/2022/08/S__140296203_thumb.jpg HTTP/1.1" 200 91862 "https://2blog.ilc.edu.tw/ltjhinformation/2022/08/05/%E5%B0%8E%E5%B8%AB%E7%9A%84%E5%A5%BD%E5%B9%AB%E6%89%8B_line%E5%AE%98%E6%96%B9%E5%B8%B3%E8%99%9F%E7%9A%84%E7%94%B3%E8%AB%8B%E8%A8%AD%E5%AE%9A%E8%88%87%E4%BD%BF%E7%94%A8/" "Mozilla/5.0 (Windows NT 10.0; Win64; x64) AppleWebKit/537.36 (KHTML, like Gecko) Chrome/151.0.0.0 Safari/537.36"
198.235.24.74 - - [26/Aug/2026:02:28:10 +0800] "GET /wp-login.php HTTP/1.1" 302 856 "-" "Hello from Palo Alto Networks, find out more about our scans in https://docs-cortex.paloaltonetworks.com/r/1/Cortex-Xpanse/Scanning-activity"
216.73.216.242 - - [26/Aug/2026:02:28:09 +0800] "GET /32745/category/%e4%bd%99%e7%a7%80%e5%a8%9f/ HTTP/1.1" 200 86631 "-" "Mozilla/5.0 AppleWebKit/537.36 (KHTML, like Gecko; compatible; ClaudeBot/1.0; +claudebot@anthropic.com)"
54.156.55.147 - - [26/Aug/2026:02:28:10 +0800] "GET /17267/2012/03/20/%E5%AD%9D%E5%A8%81%E8%88%8A%E7%9B%B8%E7%B0%BF/ HTTP/1.1" 404 25485 "-" "Mozilla/5.0 AppleWebKit/537.36 (KHTML, like Gecko; compatible; Amazonbot/0.1; +https://developer.amazon.com/support/amazonbot) Chrome/119.0.6045.214 Safari/537.36"
132.226.155.84 - - [26/Aug/2026:02:28:10 +0800] "GET /2019/07/16/%E7%AC%AC354%E6%9C%9F2019-07-16%E4%BA%8C%E5%A5%BD%E5%BA%B7%E9%81%93%E7%9B%B8%E5%A0%B1%E6%9C%AC%E6%AC%A1%E6%9C%8936%E9%A0%85 HTTP/1.1" 301 5814 "-" "Mozilla/5.0 (X11; Linux aarch64) AppleWebKit/537.36 (KHTML, like Gecko) Chrome/139.0.0.0 Safari/537.36"
216.73.216.242 - - [26/Aug/2026:02:28:09 +0800] "GET /32745/category/%e8%a8%b1%e6%b7%91%e8%b2%9e/ HTTP/1.1" 200 85531 "-" "Mozilla/5.0 AppleWebKit/537.36 (KHTML, like Gecko; compatible; ClaudeBot/1.0; +claudebot@anthropic.com)"
216.73.216.242 - - [26/Aug/2026:02:28:10 +0800] "GET /32745/2020/08/02/%e6%a2%81%e5%bf%97%e5%bc%b7/ HTTP/1.1" 200 86277 "-" "Mozilla/5.0 AppleWebKit/537.36 (KHTML, like Gecko; compatible; ClaudeBot/1.0; +claudebot@anthropic.com)"
216.73.216.242 - - [26/Aug/2026:02:28:10 +0800] "GET /32745/wp-json/oembed/1.0/embed?format=xml&url=https%3A%2F%2F2blog.ilc.edu.tw%2F32745%2F2020%2F06%2F06%2F%25e6%259e%2597%25e4%25bf%258a%2F HTTP/1.1" 200 2287 "-" "Mozilla/5.0 AppleWebKit/537.36 (KHTML, like Gecko; compatible; ClaudeBot/1.0; +claudebot@anthropic.com)"
216.73.216.242 - - [26/Aug/2026:02:28:10 +0800] "GET /32745/category/%e6%9f%af%e4%be%9d%e9%9b%af/ HTTP/1.1" 200 85515 "-" "Mozilla/5.0 AppleWebKit/537.36 (KHTML, like Gecko; compatible; ClaudeBot/1.0; +claudebot@anthropic.com)"
34.57.162.91 - - [26/Aug/2026:02:28:09 +0800] "GET /32745/2026/01/24/%E4%BD%A0%E6%9C%83%E6%8B%8D%E6%AF%8B%E8%A6%8B%E8%A2%82/ HTTP/1.1" 200 92296 "-" "Mozilla/5.0 (Macintosh; Intel Mac OS X 10_15_7) AppleWebKit/537.36 (KHTML, like Gecko) Chrome/120.0.0.0 Safari/537.36"
216.73.216.242 - - [26/Aug/2026:02:28:10 +0800] "GET /32745/2021/09/19/%e5%a4%a2%e4%be%86%e5%a4%a2%e5%8e%bb/ HTTP/1.1" 200 87310 "-" "Mozilla/5.0 AppleWebKit/537.36 (KHTML, like Gecko; compatible; ClaudeBot/1.0; +claudebot@anthropic.com)"
66.249.79.163 - - [26/Aug/2026:02:28:10 +0800] "GET /yceec/ HTTP/1.1" 200 22236 "-" "Mozilla/5.0 (compatible; Googlebot/2.1; +http://www.google.com/bot.html)"
132.226.155.84 - - [26/Aug/2026:02:28:10 +0800] "GET /2019/07/16/%E7%AC%AC354%E6%9C%9F2019-07-16%E4%BA%8C%E5%A5%BD%E5%BA%B7%E9%81%93%E7%9B%B8%E5%A0%B1%E6%9C%AC%E6%AC%A1%E6%9C%8936%E9%A0%85/ HTTP/1.1" 200 22760 "https://ilta.ilc.edu.tw/2019/07/16/%E7%AC%AC354%E6%9C%9F2019-07-16%E4%BA%8C%E5%A5%BD%E5%BA%B7%E9%81%93%E7%9B%B8%E5%A0%B1%E6%9C%AC%E6%AC%A1%E6%9C%8936%E9%A0%85" "Mozilla/5.0 (X11; Linux aarch64) AppleWebKit/537.36 (KHTML, like Gecko) Chrome/139.0.0.0 Safari/537.36"
216.73.216.242 - - [26/Aug/2026:02:28:10 +0800] "GET /32745/2021/09/05/%e5%8d%93%e5%8b%a4%e5%9f%b9/ HTTP/1.1" 200 86141 "-" "Mozilla/5.0 AppleWebKit/537.36 (KHTML, like Gecko; compatible; ClaudeBot/1.0; +claudebot@anthropic.com)"
106.105.209.223 - - [26/Aug/2026:02:28:11 +0800] "GET /ltjhinformation/wp-content/uploads/sites/1516/2022/08/S__140296204_thumb.jpg HTTP/1.1" 200 45615 "https://2blog.ilc.edu.tw/ltjhinformation/2022/08/05/%E5%B0%8E%E5%B8%AB%E7%9A%84%E5%A5%BD%E5%B9%AB%E6%89%8B_line%E5%AE%98%E6%96%B9%E5%B8%B3%E8%99%9F%E7%9A%84%E7%94%B3%E8%AB%8B%E8%A8%AD%E5%AE%9A%E8%88%87%E4%BD%BF%E7%94%A8/" "Mozilla/5.0 (Windows NT 10.0; Win64; x64) AppleWebKit/537.36 (KHTML, like Gecko) Chrome/151.0.0.0 Safari/537.36"
216.73.216.242 - - [26/Aug/2026:02:28:10 +0800] "GET /32745/category/%e9%99%b3%e5%b0%8f%e6%83%a0/ HTTP/1.1" 200 85859 "-" "Mozilla/5.0 AppleWebKit/537.36 (KHTML, like Gecko; compatible; ClaudeBot/1.0; +claudebot@anthropic.com)"
216.73.216.242 - - [26/Aug/2026:02:28:10 +0800] "GET /32745/category/%e9%99%b3%e5%a5%95%e7%8f%8a/feed/ HTTP/1.1" 200 3093 "-" "Mozilla/5.0 AppleWebKit/537.36 (KHTML, like Gecko; compatible; ClaudeBot/1.0; +claudebot@anthropic.com)"
216.73.216.242 - - [26/Aug/2026:02:28:10 +0800] "GET /32745/2020/12/26/%e4%ba%ba%e6%83%85/ HTTP/1.1" 200 87283 "-" "Mozilla/5.0 AppleWebKit/537.36 (KHTML, like Gecko; compatible; ClaudeBot/1.0; +claudebot@anthropic.com)"
216.73.216.242 - - [26/Aug/2026:02:28:11 +0800] "GET /32745/category/%e6%9f%b4%e9%83%a1%e8%b2%93/ HTTP/1.1" 200 85531 "-" "Mozilla/5.0 AppleWebKit/537.36 (KHTML, like Gecko; compatible; ClaudeBot/1.0; +claudebot@anthropic.com)"
216.73.216.242 - - [26/Aug/2026:02:28:10 +0800] "GET /32745/category/%e6%9d%8e%e6%9b%bc%e5%af%a7/feed/ HTTP/1.1" 200 2950 "-" "Mozilla/5.0 AppleWebKit/537.36 (KHTML, like Gecko; compatible; ClaudeBot/1.0; +claudebot@anthropic.com)"
34.171.68.95 - - [26/Aug/2026:02:28:10 +0800] "GET /32745/2022/05/14/%E6%98%A5%E5%A4%A9%E7%9A%84%E8%8A%B1%E8%95%8A/ HTTP/1.1" 200 92033 "-" "Mozilla/5.0 (Macintosh; Intel Mac OS X 10_15_7) AppleWebKit/537.36 (KHTML, like Gecko) Chrome/120.0.0.0 Safari/537.36"
216.73.216.242 - - [26/Aug/2026:02:28:11 +0800] "GET /32745/category/%e6%b1%a0%e5%ae%87%e8%8f%b2/ HTTP/1.1" 200 85880 "-" "Mozilla/5.0 AppleWebKit/537.36 (KHTML, like Gecko; compatible; ClaudeBot/1.0; +claudebot@anthropic.com)"
216.73.216.242 - - [26/Aug/2026:02:28:11 +0800] "GET /32745/2022/11/04/%e5%ae%88/ HTTP/1.1" 200 87682 "-" "Mozilla/5.0 AppleWebKit/537.36 (KHTML, like Gecko; compatible; ClaudeBot/1.0; +claudebot@anthropic.com)"
106.105.209.223 - - [26/Aug/2026:02:28:12 +0800] "GET /ltjhinformation/wp-content/uploads/sites/1516/2022/08/S__140296205_thumb.jpg HTTP/1.1" 200 86659 "https://2blog.ilc.edu.tw/ltjhinformation/2022/08/05/%E5%B0%8E%E5%B8%AB%E7%9A%84%E5%A5%BD%E5%B9%AB%E6%89%8B_line%E5%AE%98%E6%96%B9%E5%B8%B3%E8%99%9F%E7%9A%84%E7%94%B3%E8%AB%8B%E8%A8%AD%E5%AE%9A%E8%88%87%E4%BD%BF%E7%94%A8/" "Mozilla/5.0 (Windows NT 10.0; Win64; x64) AppleWebKit/537.36 (KHTML, like Gecko) Chrome/151.0.0.0 Safari/537.36"
216.73.216.242 - - [26/Aug/2026:02:28:11 +0800] "GET /32745/category/%e9%9b%aa%e8%98%ad/ HTTP/1.1" 200 85859 "-" "Mozilla/5.0 AppleWebKit/537.36 (KHTML, like Gecko; compatible; ClaudeBot/1.0; +claudebot@anthropic.com)"
216.73.216.242 - - [26/Aug/2026:02:28:11 +0800] "GET /32745/2021/09/04/whynot%e6%a8%82%e5%9c%98/ HTTP/1.1" 200 86249 "-" "Mozilla/5.0 AppleWebKit/537.36 (KHTML, like Gecko; compatible; ClaudeBot/1.0; +claudebot@anthropic.com)"
216.73.216.242 - - [26/Aug/2026:02:28:12 +0800] "GET /32745/wp-json/oembed/1.0/embed?url=https%3A%2F%2F2blog.ilc.edu.tw%2F32745%2F2023%2F03%2F10%2Fdo-you-miss-me%2F HTTP/1.1" 200 3429 "-" "Mozilla/5.0 AppleWebKit/537.36 (KHTML, like Gecko; compatible; ClaudeBot/1.0; +claudebot@anthropic.com)"
216.73.216.242 - - [26/Aug/2026:02:28:11 +0800] "GET /32745/2021/08/12/%e5%87%ba%e7%99%bc%e5%95%a6/ HTTP/1.1" 200 87405 "-" "Mozilla/5.0 AppleWebKit/537.36 (KHTML, like Gecko; compatible; ClaudeBot/1.0; +claudebot@anthropic.com)"
216.73.216.242 - - [26/Aug/2026:02:28:12 +0800] "GET /9536/2011/01/25/%e6%9c%88%e7%90%b4/ HTTP/1.1" 200 9066 "-" "Mozilla/5.0 AppleWebKit/537.36 (KHTML, like Gecko; compatible; ClaudeBot/1.0; +claudebot@anthropic.com)"
216.73.216.242 - - [26/Aug/2026:02:28:12 +0800] "GET /32745/2022/05/12/%e5%bf%83%e8%a9%b1/ HTTP/1.1" 200 87244 "-" "Mozilla/5.0 AppleWebKit/537.36 (KHTML, like Gecko; compatible; ClaudeBot/1.0; +claudebot@anthropic.com)"
216.73.216.242 - - [26/Aug/2026:02:28:11 +0800] "GET /32745/2020/06/05/%e6%97%ba%e7%a6%8f/ HTTP/1.1" 200 86787 "-" "Mozilla/5.0 AppleWebKit/537.36 (KHTML, like Gecko; compatible; ClaudeBot/1.0; +claudebot@anthropic.com)"
216.73.216.242 - - [26/Aug/2026:02:28:12 +0800] "GET /32745/wp-json/oembed/1.0/embed?url=https%3A%2F%2F2blog.ilc.edu.tw%2F32745%2F2021%2F01%2F12%2Fi-love-you%2F HTTP/1.1" 200 3418 "-" "Mozilla/5.0 AppleWebKit/537.36 (KHTML, like Gecko; compatible; ClaudeBot/1.0; +claudebot@anthropic.com)"
66.249.79.163 - - [26/Aug/2026:02:28:12 +0800] "GET /yleerc/wp-content/uploads/sites/3413/2024/11/113%E5%8F%A3%E8%AA%AA%E6%A8%82%E5%AD%B8%E8%A8%88%E5%8A%83%E5%AD%90%E4%BA%8C2-%E6%95%99%E6%A1%88%E7%94%84%E9%81%B8%E6%9A%A8%E5%AD%B8%E7%BF%92%E5%96%AE%E5%BE%B5%E4%BB%B6%E7%8D%8E%E5%8B%B5%E8%A8%88%E7%95%AB.docx HTTP/1.1" 200 42297 "-" "Mozilla/5.0 (Linux; Android 6.0.1; Nexus 5X Build/MMB29P) AppleWebKit/537.36 (KHTML, like Gecko) Chrome/151.0.7922.173 Mobile Safari/537.36 (compatible; Googlebot/2.1; +http://www.google.com/bot.html)"
106.105.209.223 - - [26/Aug/2026:02:28:12 +0800] "GET /ltjhinformation/wp-content/uploads/sites/1516/2022/08/S__140296206_thumb.jpg HTTP/1.1" 200 76178 "https://2blog.ilc.edu.tw/ltjhinformation/2022/08/05/%E5%B0%8E%E5%B8%AB%E7%9A%84%E5%A5%BD%E5%B9%AB%E6%89%8B_line%E5%AE%98%E6%96%B9%E5%B8%B3%E8%99%9F%E7%9A%84%E7%94%B3%E8%AB%8B%E8%A8%AD%E5%AE%9A%E8%88%87%E4%BD%BF%E7%94%A8/" "Mozilla/5.0 (Windows NT 10.0; Win64; x64) AppleWebKit/537.36 (KHTML, like Gecko) Chrome/151.0.0.0 Safari/537.36"
2001:288:a201::66:125 - - [26/Aug/2026:02:28:13 +0800] "GET /blog/active.php HTTP/1.1" 404 1084 "-" "-"
2001:288:a201::66:125 - - [26/Aug/2026:02:28:13 +0800] "GET /blog/active.php HTTP/1.1" 301 1026 "-" "-"
216.73.216.242 - - [26/Aug/2026:02:28:12 +0800] "GET /32745/2023/03/08/%e6%a3%ae%e6%9e%97/ HTTP/1.1" 200 87742 "-" "Mozilla/5.0 AppleWebKit/537.36 (KHTML, like Gecko; compatible; ClaudeBot/1.0; +claudebot@anthropic.com)"
216.73.216.242 - - [26/Aug/2026:02:28:12 +0800] "GET /32745/2021/04/07/%e6%97%85%e9%80%94/ HTTP/1.1" 200 87324 "-" "Mozilla/5.0 AppleWebKit/537.36 (KHTML, like Gecko; compatible; ClaudeBot/1.0; +claudebot@anthropic.com)"
216.73.216.242 - - [26/Aug/2026:02:28:12 +0800] "GET /32745/2022/05/21/%e8%8a%b1%e5%97%84%e5%97%84/ HTTP/1.1" 200 87636 "-" "Mozilla/5.0 AppleWebKit/537.36 (KHTML, like Gecko; compatible; ClaudeBot/1.0; +claudebot@anthropic.com)"
106.105.209.223 - - [26/Aug/2026:02:28:13 +0800] "GET /ltjhinformation/wp-content/uploads/sites/1516/2022/08/001lineat_thumb.jpg HTTP/1.1" 200 86326 "https://2blog.ilc.edu.tw/ltjhinformation/2022/08/05/%E5%B0%8E%E5%B8%AB%E7%9A%84%E5%A5%BD%E5%B9%AB%E6%89%8B_line%E5%AE%98%E6%96%B9%E5%B8%B3%E8%99%9F%E7%9A%84%E7%94%B3%E8%AB%8B%E8%A8%AD%E5%AE%9A%E8%88%87%E4%BD%BF%E7%94%A8/" "Mozilla/5.0 (Windows NT 10.0; Win64; x64) AppleWebKit/537.36 (KHTML, like Gecko) Chrome/151.0.0.0 Safari/537.36"
216.73.216.242 - - [26/Aug/2026:02:28:12 +0800] "GET /32745/category/%e8%a8%b1%e6%83%a0%e8%8f%af/ HTTP/1.1" 200 86383 "-" "Mozilla/5.0 AppleWebKit/537.36 (KHTML, like Gecko; compatible; ClaudeBot/1.0; +claudebot@anthropic.com)"
216.73.216.242 - - [26/Aug/2026:02:28:12 +0800] "GET /32745/2020/08/01/%e8%bb%9f%e5%bf%83%e8%82%9d/ HTTP/1.1" 200 87623 "-" "Mozilla/5.0 AppleWebKit/537.36 (KHTML, like Gecko; compatible; ClaudeBot/1.0; +claudebot@anthropic.com)"
216.73.216.242 - - [26/Aug/2026:02:28:13 +0800] "GET /32745/category/%e9%bb%83%e7%87%95%e7%8e%89/ HTTP/1.1" 200 85498 "-" "Mozilla/5.0 AppleWebKit/537.36 (KHTML, like Gecko; compatible; ClaudeBot/1.0; +claudebot@anthropic.com)"
34.30.223.149 - - [26/Aug/2026:02:28:12 +0800] "GET /32745/2022/10/31/%E7%84%A1%E4%BB%9D%E7%9A%84%E5%8A%9F%E8%AA%B2-2/ HTTP/1.1" 200 92304 "-" "Mozilla/5.0 (Macintosh; Intel Mac OS X 10_15_7) AppleWebKit/537.36 (KHTML, like Gecko) Chrome/120.0.0.0 Safari/537.36"
216.73.216.242 - - [26/Aug/2026:02:28:13 +0800] "GET /32745/2025/01/29/%e5%b0%8f%e8%8a%b1-3/ HTTP/1.1" 200 87759 "-" "Mozilla/5.0 AppleWebKit/537.36 (KHTML, like Gecko; compatible; ClaudeBot/1.0; +claudebot@anthropic.com)"
216.73.216.242 - - [26/Aug/2026:02:28:13 +0800] "GET /32745/2024/08/10/%e5%b7%a6%e5%8f%b3/ HTTP/1.1" 200 87241 "-" "Mozilla/5.0 AppleWebKit/537.36 (KHTML, like Gecko; compatible; ClaudeBot/1.0; +claudebot@anthropic.com)"
216.73.216.242 - - [26/Aug/2026:02:28:13 +0800] "GET /32745/category/%e5%8a%89%e5%a3%ab%e5%98%89/ HTTP/1.1" 200 85608 "-" "Mozilla/5.0 AppleWebKit/537.36 (KHTML, like Gecko; compatible; ClaudeBot/1.0; +claudebot@anthropic.com)"
216.73.216.242 - - [26/Aug/2026:02:28:13 +0800] "GET /32745/category/%e5%bc%b5%e9%a6%a5%e6%a1%82/ HTTP/1.1" 200 85522 "-" "Mozilla/5.0 AppleWebKit/537.36 (KHTML, like Gecko; compatible; ClaudeBot/1.0; +claudebot@anthropic.com)"
34.10.180.98 - - [26/Aug/2026:02:28:13 +0800] "GET /32745/?p=104760 HTTP/1.1" 301 5602 "-" "Mozilla/5.0 (Macintosh; Intel Mac OS X 10_15_7) AppleWebKit/537.36 (KHTML, like Gecko) Chrome/120.0.0.0 Safari/537.36"
66.249.79.163 - - [26/Aug/2026:02:28:14 +0800] "GET /yleerc/wp-content/cache/2blog.ilc.edu.tw/wpfc-minified/8nc699g1/5wt98.js HTTP/1.1" 200 35564 "https://2blog.ilc.edu.tw/yleerc/en/home-page/" "Mozilla/5.0 AppleWebKit/537.36 (KHTML, like Gecko; compatible; Googlebot/2.1; +http://www.google.com/bot.html) Chrome/151.0.7922.108 Safari/537.36"
216.73.216.242 - - [26/Aug/2026:02:28:14 +0800] "GET /32745/category/%e7%8e%8b%e8%ad%98%e8%b3%a2/ HTTP/1.1" 200 86415 "-" "Mozilla/5.0 AppleWebKit/537.36 (KHTML, like Gecko; compatible; ClaudeBot/1.0; +claudebot@anthropic.com)"
216.73.216.242 - - [26/Aug/2026:02:28:14 +0800] "GET /32745/category/%e6%9d%8e%e8%8a%8a%e6%85%a7/page/2/ HTTP/1.1" 200 86399 "-" "Mozilla/5.0 AppleWebKit/537.36 (KHTML, like Gecko; compatible; ClaudeBot/1.0; +claudebot@anthropic.com)"
216.73.216.242 - - [26/Aug/2026:02:28:13 +0800] "GET /32745/2021/01/02/%e8%91%97%e9%a0%ad%e5%bd%a9/ HTTP/1.1" 200 87959 "-" "Mozilla/5.0 AppleWebKit/537.36 (KHTML, like Gecko; compatible; ClaudeBot/1.0; +claudebot@anthropic.com)"
185.191.171.6 - - [26/Aug/2026:02:28:14 +0800] "GET /70820a/category/uncategorized/ HTTP/1.1" 200 28343 "-" "Mozilla/5.0 (compatible; SemrushBot/7~bl; +http://www.semrush.com/bot.html)"
216.73.216.242 - - [26/Aug/2026:02:28:13 +0800] "GET /32745/category/%e6%9d%8e%e4%bd%b3%e5%ae%9c/feed/ HTTP/1.1" 200 5476 "-" "Mozilla/5.0 AppleWebKit/537.36 (KHTML, like Gecko; compatible; ClaudeBot/1.0; +claudebot@anthropic.com)"
216.73.216.242 - - [26/Aug/2026:02:28:13 +0800] "GET /32745/category/%e4%bc%8d%e7%8f%88%e6%85%a7/feed/ HTTP/1.1" 200 5480 "-" "Mozilla/5.0 AppleWebKit/537.36 (KHTML, like Gecko; compatible; ClaudeBot/1.0; +claudebot@anthropic.com)"
216.73.216.242 - - [26/Aug/2026:02:28:14 +0800] "GET /32745/2020/07/19/%e7%89%bd%e6%89%8b/ HTTP/1.1" 200 87305 "-" "Mozilla/5.0 AppleWebKit/537.36 (KHTML, like Gecko; compatible; ClaudeBot/1.0; +claudebot@anthropic.com)"
140.111.67.10 - - [26/Aug/2026:02:28:15 +0800] "GET /" 301 273 "-" "-"
34.234.206.30 - - [26/Aug/2026:02:28:15 +0800] "GET /wp-content/uploads/sites/941/2019/12/?C=D;O%3DD HTTP/1.1" 200 1111 "-" "Mozilla/5.0 AppleWebKit/537.36 (KHTML, like Gecko; compatible; Amazonbot/0.1; +https://developer.amazon.com/support/amazonbot) Chrome/119.0.6045.214 Safari/537.36"
216.73.216.242 - - [26/Aug/2026:02:28:14 +0800] "GET /32745/wp-json/oembed/1.0/embed?url=https%3A%2F%2F2blog.ilc.edu.tw%2F32745%2F2021%2F09%2F04%2Fmr-%25e4%25b8%2583%2F HTTP/1.1" 200 3419 "-" "Mozilla/5.0 AppleWebKit/537.36 (KHTML, like Gecko; compatible; ClaudeBot/1.0; +claudebot@anthropic.com)"
216.73.216.242 - - [26/Aug/2026:02:28:14 +0800] "GET /32745/2020/05/03/%E7%94%B1%E5%9C%A8%E4%BC%8A%E5%95%A6/ HTTP/1.1" 200 87401 "-" "Mozilla/5.0 AppleWebKit/537.36 (KHTML, like Gecko; compatible; ClaudeBot/1.0; +claudebot@anthropic.com)"
216.73.216.242 - - [26/Aug/2026:02:28:14 +0800] "GET /32745/category/%e5%96%ac%e5%b9%bc/feed/ HTTP/1.1" 200 9475 "-" "Mozilla/5.0 AppleWebKit/537.36 (KHTML, like Gecko; compatible; ClaudeBot/1.0; +claudebot@anthropic.com)"
216.73.216.242 - - [26/Aug/2026:02:28:15 +0800] "GET /32745/2020/08/02/%e9%99%b3%e4%bf%8a%e5%ae%87/ HTTP/1.1" 200 85853 "-" "Mozilla/5.0 AppleWebKit/537.36 (KHTML, like Gecko; compatible; ClaudeBot/1.0; +claudebot@anthropic.com)"
106.105.209.223 - - [26/Aug/2026:02:28:15 +0800] "GET /ltjhinformation/wp-content/uploads/sites/1516/2022/08/002lineat_thumb.jpg HTTP/1.1" 200 119679 "https://2blog.ilc.edu.tw/ltjhinformation/2022/08/05/%E5%B0%8E%E5%B8%AB%E7%9A%84%E5%A5%BD%E5%B9%AB%E6%89%8B_line%E5%AE%98%E6%96%B9%E5%B8%B3%E8%99%9F%E7%9A%84%E7%94%B3%E8%AB%8B%E8%A8%AD%E5%AE%9A%E8%88%87%E4%BD%BF%E7%94%A8/" "Mozilla/5.0 (Windows NT 10.0; Win64; x64) AppleWebKit/537.36 (KHTML, like Gecko) Chrome/151.0.0.0 Safari/537.36"
106.105.209.223 - - [26/Aug/2026:02:28:15 +0800] "GET /ltjhinformation/wp-content/uploads/sites/1516/2022/08/S__140296215_thumb.jpg HTTP/1.1" 200 62233 "https://2blog.ilc.edu.tw/ltjhinformation/2022/08/05/%E5%B0%8E%E5%B8%AB%E7%9A%84%E5%A5%BD%E5%B9%AB%E6%89%8B_line%E5%AE%98%E6%96%B9%E5%B8%B3%E8%99%9F%E7%9A%84%E7%94%B3%E8%AB%8B%E8%A8%AD%E5%AE%9A%E8%88%87%E4%BD%BF%E7%94%A8/" "Mozilla/5.0 (Windows NT 10.0; Win64; x64) AppleWebKit/537.36 (KHTML, like Gecko) Chrome/151.0.0.0 Safari/537.36"
106.105.209.223 - - [26/Aug/2026:02:28:15 +0800] "GET /ltjhinformation/wp-content/uploads/sites/1516/2022/08/S__140296216_thumb.jpg HTTP/1.1" 200 71962 "https://2blog.ilc.edu.tw/ltjhinformation/2022/08/05/%E5%B0%8E%E5%B8%AB%E7%9A%84%E5%A5%BD%E5%B9%AB%E6%89%8B_line%E5%AE%98%E6%96%B9%E5%B8%B3%E8%99%9F%E7%9A%84%E7%94%B3%E8%AB%8B%E8%A8%AD%E5%AE%9A%E8%88%87%E4%BD%BF%E7%94%A8/" "Mozilla/5.0 (Windows NT 10.0; Win64; x64) AppleWebKit/537.36 (KHTML, like Gecko) Chrome/151.0.0.0 Safari/537.36"
106.105.209.223 - - [26/Aug/2026:02:28:15 +0800] "GET /ltjhinformation/wp-content/uploads/sites/1516/2022/08/S__140296217_thumb.jpg HTTP/1.1" 200 51940 "https://2blog.ilc.edu.tw/ltjhinformation/2022/08/05/%E5%B0%8E%E5%B8%AB%E7%9A%84%E5%A5%BD%E5%B9%AB%E6%89%8B_line%E5%AE%98%E6%96%B9%E5%B8%B3%E8%99%9F%E7%9A%84%E7%94%B3%E8%AB%8B%E8%A8%AD%E5%AE%9A%E8%88%87%E4%BD%BF%E7%94%A8/" "Mozilla/5.0 (Windows NT 10.0; Win64; x64) AppleWebKit/537.36 (KHTML, like Gecko) Chrome/151.0.0.0 Safari/537.36"
106.105.209.223 - - [26/Aug/2026:02:28:15 +0800] "GET /ltjhinformation/wp-content/uploads/sites/1516/2022/08/S__140296218_thumb.jpg HTTP/1.1" 200 45132 "https://2blog.ilc.edu.tw/ltjhinformation/2022/08/05/%E5%B0%8E%E5%B8%AB%E7%9A%84%E5%A5%BD%E5%B9%AB%E6%89%8B_line%E5%AE%98%E6%96%B9%E5%B8%B3%E8%99%9F%E7%9A%84%E7%94%B3%E8%AB%8B%E8%A8%AD%E5%AE%9A%E8%88%87%E4%BD%BF%E7%94%A8/" "Mozilla/5.0 (Windows NT 10.0; Win64; x64) AppleWebKit/537.36 (KHTML, like Gecko) Chrome/151.0.0.0 Safari/537.36"
106.105.209.223 - - [26/Aug/2026:02:28:15 +0800] "GET /ltjhinformation/wp-content/uploads/sites/1516/2022/08/S__140296219_thumb.jpg HTTP/1.1" 200 58751 "https://2blog.ilc.edu.tw/ltjhinformation/2022/08/05/%E5%B0%8E%E5%B8%AB%E7%9A%84%E5%A5%BD%E5%B9%AB%E6%89%8B_line%E5%AE%98%E6%96%B9%E5%B8%B3%E8%99%9F%E7%9A%84%E7%94%B3%E8%AB%8B%E8%A8%AD%E5%AE%9A%E8%88%87%E4%BD%BF%E7%94%A8/" "Mozilla/5.0 (Windows NT 10.0; Win64; x64) AppleWebKit/537.36 (KHTML, like Gecko) Chrome/151.0.0.0 Safari/537.36"
106.105.209.223 - - [26/Aug/2026:02:28:15 +0800] "GET /ltjhinformation/wp-content/uploads/sites/1516/2022/08/S__140296220_thumb.jpg HTTP/1.1" 200 76155 "https://2blog.ilc.edu.tw/ltjhinformation/2022/08/05/%E5%B0%8E%E5%B8%AB%E7%9A%84%E5%A5%BD%E5%B9%AB%E6%89%8B_line%E5%AE%98%E6%96%B9%E5%B8%B3%E8%99%9F%E7%9A%84%E7%94%B3%E8%AB%8B%E8%A8%AD%E5%AE%9A%E8%88%87%E4%BD%BF%E7%94%A8/" "Mozilla/5.0 (Windows NT 10.0; Win64; x64) AppleWebKit/537.36 (KHTML, like Gecko) Chrome/151.0.0.0 Safari/537.36"
106.105.209.223 - - [26/Aug/2026:02:28:15 +0800] "GET /ltjhinformation/wp-content/uploads/sites/1516/2022/08/S__140296223_thumb.jpg HTTP/1.1" 200 55893 "https://2blog.ilc.edu.tw/ltjhinformation/2022/08/05/%E5%B0%8E%E5%B8%AB%E7%9A%84%E5%A5%BD%E5%B9%AB%E6%89%8B_line%E5%AE%98%E6%96%B9%E5%B8%B3%E8%99%9F%E7%9A%84%E7%94%B3%E8%AB%8B%E8%A8%AD%E5%AE%9A%E8%88%87%E4%BD%BF%E7%94%A8/" "Mozilla/5.0 (Windows NT 10.0; Win64; x64) AppleWebKit/537.36 (KHTML, like Gecko) Chrome/151.0.0.0 Safari/537.36"
216.73.216.242 - - [26/Aug/2026:02:28:15 +0800] "GET /32745/2020/06/26/%e4%ba%88%e4%bc%8a%e5%8e%bb/ HTTP/1.1" 200 88980 "-" "Mozilla/5.0 AppleWebKit/537.36 (KHTML, like Gecko; compatible; ClaudeBot/1.0; +claudebot@anthropic.com)"
216.73.216.242 - - [26/Aug/2026:02:28:15 +0800] "GET /32745/category/%e7%8e%8b%e4%b8%80%e9%83%8e/ HTTP/1.1" 200 85493 "-" "Mozilla/5.0 AppleWebKit/537.36 (KHTML, like Gecko; compatible; ClaudeBot/1.0; +claudebot@anthropic.com)"
216.73.216.242 - - [26/Aug/2026:02:28:15 +0800] "GET /32745/wp-json/oembed/1.0/embed?format=xml&url=https%3A%2F%2F2blog.ilc.edu.tw%2F32745%2F2020%2F08%2F07%2F%25e8%25bf%25bd%25e5%25bf%2583%2F HTTP/1.1" 200 2290 "-" "Mozilla/5.0 AppleWebKit/537.36 (KHTML, like Gecko; compatible; ClaudeBot/1.0; +claudebot@anthropic.com)"
216.73.216.242 - - [26/Aug/2026:02:28:15 +0800] "GET /32745/2022/10/21/%e5%bf%83%e7%84%a1%e8%81%b2/ HTTP/1.1" 200 87355 "-" "Mozilla/5.0 AppleWebKit/537.36 (KHTML, like Gecko; compatible; ClaudeBot/1.0; +claudebot@anthropic.com)"
216.73.216.242 - - [26/Aug/2026:02:28:15 +0800] "GET /32745/2020/06/08/%e7%ac%91%e7%ac%91/ HTTP/1.1" 200 87699 "-" "Mozilla/5.0 AppleWebKit/537.36 (KHTML, like Gecko; compatible; ClaudeBot/1.0; +claudebot@anthropic.com)"
216.73.216.242 - - [26/Aug/2026:02:28:16 +0800] "GET /32745/2025/08/25/%e4%ba%ba%e9%9d%92/ HTTP/1.1" 200 87437 "-" "Mozilla/5.0 AppleWebKit/537.36 (KHTML, like Gecko; compatible; ClaudeBot/1.0; +claudebot@anthropic.com)"
216.73.216.242 - - [26/Aug/2026:02:28:14 +0800] "GET /32745/category/%e5%8d%93%e4%be%9d%e5%a9%b7/feed/ HTTP/1.1" 200 8596 "-" "Mozilla/5.0 AppleWebKit/537.36 (KHTML, like Gecko; compatible; ClaudeBot/1.0; +claudebot@anthropic.com)"
216.73.216.242 - - [26/Aug/2026:02:28:14 +0800] "GET /32745/category/%e6%9e%97%e7%be%a9%e5%bf%a0/feed/ HTTP/1.1" 200 10145 "-" "Mozilla/5.0 AppleWebKit/537.36 (KHTML, like Gecko; compatible; ClaudeBot/1.0; +claudebot@anthropic.com)"
216.73.216.242 - - [26/Aug/2026:02:28:15 +0800] "GET /32745/2022/02/19/%e5%a4%a2%e9%86%92/ HTTP/1.1" 200 87201 "-" "Mozilla/5.0 AppleWebKit/537.36 (KHTML, like Gecko; compatible; ClaudeBot/1.0; +claudebot@anthropic.com)"
106.105.209.223 - - [26/Aug/2026:02:28:16 +0800] "GET /ltjhinformation/wp-content/uploads/sites/1516/2022/08/S__140296222_thumb.jpg HTTP/1.1" 200 34940 "https://2blog.ilc.edu.tw/ltjhinformation/2022/08/05/%E5%B0%8E%E5%B8%AB%E7%9A%84%E5%A5%BD%E5%B9%AB%E6%89%8B_line%E5%AE%98%E6%96%B9%E5%B8%B3%E8%99%9F%E7%9A%84%E7%94%B3%E8%AB%8B%E8%A8%AD%E5%AE%9A%E8%88%87%E4%BD%BF%E7%94%A8/" "Mozilla/5.0 (Windows NT 10.0; Win64; x64) AppleWebKit/537.36 (KHTML, like Gecko) Chrome/151.0.0.0 Safari/537.36"
106.105.209.223 - - [26/Aug/2026:02:28:16 +0800] "GET /ltjhinformation/wp-content/uploads/sites/1516/2022/08/image_thumb.png HTTP/1.1" 200 35853 "https://2blog.ilc.edu.tw/ltjhinformation/2022/08/05/%E5%B0%8E%E5%B8%AB%E7%9A%84%E5%A5%BD%E5%B9%AB%E6%89%8B_line%E5%AE%98%E6%96%B9%E5%B8%B3%E8%99%9F%E7%9A%84%E7%94%B3%E8%AB%8B%E8%A8%AD%E5%AE%9A%E8%88%87%E4%BD%BF%E7%94%A8/" "Mozilla/5.0 (Windows NT 10.0; Win64; x64) AppleWebKit/537.36 (KHTML, like Gecko) Chrome/151.0.0.0 Safari/537.36"
106.105.209.223 - - [26/Aug/2026:02:28:16 +0800] "GET /ltjhinformation/wp-content/uploads/sites/1516/2022/08/SUSS01_thumb.jpg HTTP/1.1" 200 52374 "https://2blog.ilc.edu.tw/ltjhinformation/2022/08/05/%E5%B0%8E%E5%B8%AB%E7%9A%84%E5%A5%BD%E5%B9%AB%E6%89%8B_line%E5%AE%98%E6%96%B9%E5%B8%B3%E8%99%9F%E7%9A%84%E7%94%B3%E8%AB%8B%E8%A8%AD%E5%AE%9A%E8%88%87%E4%BD%BF%E7%94%A8/" "Mozilla/5.0 (Windows NT 10.0; Win64; x64) AppleWebKit/537.36 (KHTML, like Gecko) Chrome/151.0.0.0 Safari/537.36"
216.73.216.242 - - [26/Aug/2026:02:28:16 +0800] "GET /32745/2020/05/16/%e8%b3%ad%e6%b0%a3/ HTTP/1.1" 200 87357 "-" "Mozilla/5.0 AppleWebKit/537.36 (KHTML, like Gecko; compatible; ClaudeBot/1.0; +claudebot@anthropic.com)"
::1 - - [26/Aug/2026:02:28:16 +0800] "OPTIONS * HTTP/1.0" 200 110 "-" "Apache/2.4.68 (Ubuntu) OpenSSL/3.0.19 (internal dummy connection)"
106.105.209.223 - - [26/Aug/2026:02:28:16 +0800] "GET /ltjhinformation/wp-content/uploads/sites/1516/2022/08/SUSS02_thumb.jpg HTTP/1.1" 200 72759 "https://2blog.ilc.edu.tw/ltjhinformation/2022/08/05/%E5%B0%8E%E5%B8%AB%E7%9A%84%E5%A5%BD%E5%B9%AB%E6%89%8B_line%E5%AE%98%E6%96%B9%E5%B8%B3%E8%99%9F%E7%9A%84%E7%94%B3%E8%AB%8B%E8%A8%AD%E5%AE%9A%E8%88%87%E4%BD%BF%E7%94%A8/" "Mozilla/5.0 (Windows NT 10.0; Win64; x64) AppleWebKit/537.36 (KHTML, like Gecko) Chrome/151.0.0.0 Safari/537.36"
216.73.216.242 - - [26/Aug/2026:02:28:16 +0800] "GET /32745/2020/08/15/%e6%b2%99%e5%9f%94/ HTTP/1.1" 200 87969 "-" "Mozilla/5.0 AppleWebKit/537.36 (KHTML, like Gecko; compatible; ClaudeBot/1.0; +claudebot@anthropic.com)"
216.73.216.242 - - [26/Aug/2026:02:28:16 +0800] "GET /32745/category/%e9%99%b3%e9%a3%9b/page/2/ HTTP/1.1" 200 86448 "-" "Mozilla/5.0 AppleWebKit/537.36 (KHTML, like Gecko; compatible; ClaudeBot/1.0; +claudebot@anthropic.com)"
40.77.167.76 - - [26/Aug/2026:02:28:17 +0800] "GET /6570/2017/11/17/%E5%8D%97%E5%AE%89%E5%9C%8B%E4%B8%AD106%E5%B9%B4%E5%BA%A6%E5%BB%9A%E9%A4%98%E5%9B%9E%E6%94%B6%E8%99%95%E7%90%86%E5%AF%A6%E6%96%BD%E6%88%90%E6%9E%9C/ HTTP/1.1" 200 16106 "-" "Mozilla/5.0 AppleWebKit/537.36 (KHTML, like Gecko; compatible; bingbot/2.0; +http://www.bing.com/bingbot.htm) Chrome/116.0.1938.76 Safari/537.36"
216.73.216.242 - - [26/Aug/2026:02:28:16 +0800] "GET /32745/2021/10/13/%e5%af%82%e5%af%9e%e6%9a%9d/ HTTP/1.1" 200 87267 "-" "Mozilla/5.0 AppleWebKit/537.36 (KHTML, like Gecko; compatible; ClaudeBot/1.0; +claudebot@anthropic.com)"
216.73.216.242 - - [26/Aug/2026:02:28:17 +0800] "GET /32745/wp-json/oembed/1.0/embed?format=xml&url=https%3A%2F%2F2blog.ilc.edu.tw%2F32745%2F2021%2F06%2F05%2Fkiss-me%2F HTTP/1.1" 200 2272 "-" "Mozilla/5.0 AppleWebKit/537.36 (KHTML, like Gecko; compatible; ClaudeBot/1.0; +claudebot@anthropic.com)"
216.73.216.242 - - [26/Aug/2026:02:28:16 +0800] "GET /32745/category/%e5%bc%b5%e4%b8%b9%e7%91%8b/ HTTP/1.1" 200 86016 "-" "Mozilla/5.0 AppleWebKit/537.36 (KHTML, like Gecko; compatible; ClaudeBot/1.0; +claudebot@anthropic.com)"
216.73.216.242 - - [26/Aug/2026:02:28:17 +0800] "GET /32745/wp-json/oembed/1.0/embed?format=xml&url=https%3A%2F%2F2blog.ilc.edu.tw%2F32745%2F2023%2F11%2F26%2Fsick-of-it%2F HTTP/1.1" 200 2271 "-" "Mozilla/5.0 AppleWebKit/537.36 (KHTML, like Gecko; compatible; ClaudeBot/1.0; +claudebot@anthropic.com)"
216.73.216.242 - - [26/Aug/2026:02:28:16 +0800] "GET /32745/category/%e6%9f%af%e5%8d%9a%e7%99%bb/feed/ HTTP/1.1" 200 3322 "-" "Mozilla/5.0 AppleWebKit/537.36 (KHTML, like Gecko; compatible; ClaudeBot/1.0; +claudebot@anthropic.com)"
216.73.216.242 - - [26/Aug/2026:02:28:17 +0800] "GET /32745/category/%e9%bb%83%e5%a6%99%e9%88%b4/ HTTP/1.1" 200 85651 "-" "Mozilla/5.0 AppleWebKit/537.36 (KHTML, like Gecko; compatible; ClaudeBot/1.0; +claudebot@anthropic.com)"
216.73.216.242 - - [26/Aug/2026:02:28:17 +0800] "GET /32745/category/%e6%9e%97%e6%83%a0%e5%bf%a0/feed/ HTTP/1.1" 200 2976 "-" "Mozilla/5.0 AppleWebKit/537.36 (KHTML, like Gecko; compatible; ClaudeBot/1.0; +claudebot@anthropic.com)"
216.73.216.242 - - [26/Aug/2026:02:28:17 +0800] "GET /32745/2020/08/10/%e5%86%8d%e6%9c%83-3/ HTTP/1.1" 200 87234 "-" "Mozilla/5.0 AppleWebKit/537.36 (KHTML, like Gecko; compatible; ClaudeBot/1.0; +claudebot@anthropic.com)"
216.73.216.242 - - [26/Aug/2026:02:28:17 +0800] "GET /32745/2021/11/06/%e7%83%8f%e7%99%bd%e6%83%b3/ HTTP/1.1" 200 87267 "-" "Mozilla/5.0 AppleWebKit/537.36 (KHTML, like Gecko; compatible; ClaudeBot/1.0; +claudebot@anthropic.com)"
