185.191.171.11 - - [26/Aug/2026:02:27:44 +0800] "GET /6418/category/%E7%92%B0%E5%A2%83%E7%AE%A1%E7%90%86%E5%8F%8A%E9%85%8D%E5%90%88%E6%8E%AA%E6%96%BD/c-21276/ HTTP/1.1" 200 16695 "-" "Mozilla/5.0 (compatible; SemrushBot/7~bl; +http://www.semrush.com/bot.html)"
2408:8220:1901:ba60:6c4a:c123:2e49:d71f - - [26/Aug/2026:02:27:44 +0800] "GET /4925/wp-content/themes/oceanwp/assets/fonts/fontawesome/webfonts/fa-solid-900.woff2 HTTP/1.1" 200 151246 "https://2blog.ilc.edu.tw/4925/wp-content/cache/2blog.ilc.edu.tw/wpfc-minified/kqet4fm2/5wokx.css" "Mozilla/5.0 (Windows NT 10.0; Win64; x64) AppleWebKit/537.36 (KHTML, like Gecko) Chrome/144.0.0.0 Safari/537.36"
140.111.67.10 - - [26/Aug/2026:02:27:45 +0800] "GET /" 301 273 "-" "-"
17.241.75.242 - - [26/Aug/2026:02:27:45 +0800] "GET /6445/wp-content/themes/oceanwp/assets/js/scroll-top.min.js HTTP/1.1" 200 3202 "https://2blog.ilc.edu.tw/6445/2020/10/page/3/" "Mozilla/5.0 (Macintosh; Intel Mac OS X 10_15_7) AppleWebKit/605.1.15 (KHTML, like Gecko) Version/17.4 Safari/605.1.15 (Applebot/0.1; +http://www.apple.com/go/applebot)"
2408:8220:1901:ba60:6c4a:c123:2e49:d71f - - [26/Aug/2026:02:27:45 +0800] "GET /favicon.ico HTTP/1.1" 302 901 "https://2blog.ilc.edu.tw/4925/author/mantsu/" "Mozilla/5.0 (Windows NT 10.0; Win64; x64) AppleWebKit/537.36 (KHTML, like Gecko) Chrome/144.0.0.0 Safari/537.36"
137.184.158.27 - - [26/Aug/2026:02:27:46 +0800] "GET /blog/gallery/3642/3642-4005813.jpg HTTP/1.1" 404 25426 "http://blog.ilc.edu.tw/" "Mozilla/5.0 (Windows NT 10.0; Win64; x64) AppleWebKit/537.36 (KHTML, like Gecko) Chrome/109.0.0.0 Safari/537.36"
17.241.75.242 - - [26/Aug/2026:02:27:46 +0800] "GET /6445/wp-content/themes/oceanwp/assets/js/select.min.js HTTP/1.1" 200 2408 "https://2blog.ilc.edu.tw/6445/2020/10/page/3/" "Mozilla/5.0 (Macintosh; Intel Mac OS X 10_15_7) AppleWebKit/605.1.15 (KHTML, like Gecko) Version/17.4 Safari/605.1.15 (Applebot/0.1; +http://www.apple.com/go/applebot)"
2408:8220:1901:ba60:6c4a:c123:2e49:d71f - - [26/Aug/2026:02:27:46 +0800] "GET /wp-includes/images/w-logo-blue-white-bg.png HTTP/1.1" 200 4946 "https://2blog.ilc.edu.tw/4925/author/mantsu/" "Mozilla/5.0 (Windows NT 10.0; Win64; x64) AppleWebKit/537.36 (KHTML, like Gecko) Chrome/144.0.0.0 Safari/537.36"
68.183.28.87 - - [26/Aug/2026:02:27:47 +0800] "GET /blog/gallery/3642/3642-4005741.jpg HTTP/1.1" 301 1064 "http://blog.ilc.edu.tw/" "Mozilla/5.0 (Windows NT 10.0; Win64; x64) AppleWebKit/537.36 (KHTML, like Gecko) Chrome/109.0.0.0 Safari/537.36"
52.167.144.161 - - [26/Aug/2026:02:27:46 +0800] "GET /32745/2021/10/28/%E7%95%B6%E6%99%82%E6%9C%89%E4%BA%BA%E7%96%BC/ HTTP/1.1" 200 92396 "-" "Mozilla/5.0 AppleWebKit/537.36 (KHTML, like Gecko; compatible; bingbot/2.0; +http://www.bing.com/bingbot.htm) Chrome/116.0.1938.76 Safari/537.36"
216.73.216.242 - - [26/Aug/2026:02:27:47 +0800] "GET /32745/wp-json/oembed/1.0/embed?format=xml&url=https%3A%2F%2F2blog.ilc.edu.tw%2F32745%2F2022%2F05%2F21%2Faint-i-flying-like-a-bird%2F HTTP/1.1" 200 7226 "-" "Mozilla/5.0 AppleWebKit/537.36 (KHTML, like Gecko; compatible; ClaudeBot/1.0; +claudebot@anthropic.com)"
216.73.216.242 - - [26/Aug/2026:02:27:47 +0800] "GET /32745/category/%e5%be%90%e7%b6%b5%e6%b2%9b/ HTTP/1.1" 200 90460 "-" "Mozilla/5.0 AppleWebKit/537.36 (KHTML, like Gecko; compatible; ClaudeBot/1.0; +claudebot@anthropic.com)"
216.73.216.242 - - [26/Aug/2026:02:27:47 +0800] "GET /32745/2021/09/23/%e9%81%8a%e6%88%b2%e7%8e%8b/ HTTP/1.1" 200 92746 "-" "Mozilla/5.0 AppleWebKit/537.36 (KHTML, like Gecko; compatible; ClaudeBot/1.0; +claudebot@anthropic.com)"
216.73.216.242 - - [26/Aug/2026:02:27:47 +0800] "GET /32745/category/%e7%8e%8b%e5%b9%b8%e7%8e%b2/feed/ HTTP/1.1" 200 8192 "-" "Mozilla/5.0 AppleWebKit/537.36 (KHTML, like Gecko; compatible; ClaudeBot/1.0; +claudebot@anthropic.com)"
216.73.216.242 - - [26/Aug/2026:02:27:47 +0800] "GET /32745/2021/07/08/%e6%84%9b%e7%9a%84tempo/ HTTP/1.1" 200 92532 "-" "Mozilla/5.0 AppleWebKit/537.36 (KHTML, like Gecko; compatible; ClaudeBot/1.0; +claudebot@anthropic.com)"
216.73.216.242 - - [26/Aug/2026:02:27:47 +0800] "GET /32745/2020/07/30/%e8%a6%ba%e6%82%9f/ HTTP/1.1" 200 92084 "-" "Mozilla/5.0 AppleWebKit/537.36 (KHTML, like Gecko; compatible; ClaudeBot/1.0; +claudebot@anthropic.com)"
2001:288:a201::66:125 - - [26/Aug/2026:02:27:48 +0800] "GET /blog/active.php HTTP/1.1" 301 1026 "-" "-"
216.73.216.242 - - [26/Aug/2026:02:27:47 +0800] "GET /32745/2022/02/13/%e5%bf%83%e4%b8%ad%e5%bd%b1/ HTTP/1.1" 200 87404 "-" "Mozilla/5.0 AppleWebKit/537.36 (KHTML, like Gecko; compatible; ClaudeBot/1.0; +claudebot@anthropic.com)"
216.73.216.242 - - [26/Aug/2026:02:27:48 +0800] "GET /32745/2020/07/19/%e7%a2%8e%e5%bf%83%e5%a4%a2/ HTTP/1.1" 200 87642 "-" "Mozilla/5.0 AppleWebKit/537.36 (KHTML, like Gecko; compatible; ClaudeBot/1.0; +claudebot@anthropic.com)"
216.73.216.242 - - [26/Aug/2026:02:27:47 +0800] "GET /32745/2021/09/07/%e7%b4%80%e6%b7%91%e7%8e%b2/ HTTP/1.1" 200 87000 "-" "Mozilla/5.0 AppleWebKit/537.36 (KHTML, like Gecko; compatible; ClaudeBot/1.0; +claudebot@anthropic.com)"
137.184.130.12 - - [26/Aug/2026:02:27:48 +0800] "GET /blog/gallery/3642/3642-4005735.jpg HTTP/1.1" 404 25426 "http://blog.ilc.edu.tw/" "Mozilla/5.0 (Windows NT 10.0; Win64; x64) AppleWebKit/537.36 (KHTML, like Gecko) Chrome/109.0.0.0 Safari/537.36"
216.73.216.242 - - [26/Aug/2026:02:27:48 +0800] "GET /32745/category/%e9%99%b3%e7%91%a9/page/2/ HTTP/1.1" 200 85908 "-" "Mozilla/5.0 AppleWebKit/537.36 (KHTML, like Gecko; compatible; ClaudeBot/1.0; +claudebot@anthropic.com)"
216.73.216.242 - - [26/Aug/2026:02:27:48 +0800] "GET /32745/2020/07/25/%e5%86%8d%e6%9c%83-2/ HTTP/1.1" 200 87534 "-" "Mozilla/5.0 AppleWebKit/537.36 (KHTML, like Gecko; compatible; ClaudeBot/1.0; +claudebot@anthropic.com)"
216.73.216.242 - - [26/Aug/2026:02:27:48 +0800] "GET /32745/category/%e9%99%b3%e5%ad%90%e8%b3%a2/ HTTP/1.1" 200 86832 "-" "Mozilla/5.0 AppleWebKit/537.36 (KHTML, like Gecko; compatible; ClaudeBot/1.0; +claudebot@anthropic.com)"
216.73.216.242 - - [26/Aug/2026:02:27:48 +0800] "GET /32745/wp-json/oembed/1.0/embed?url=https%3A%2F%2F2blog.ilc.edu.tw%2F32745%2F2021%2F10%2F31%2F%25e5%2592%25b1-2%2F HTTP/1.1" 200 3411 "-" "Mozilla/5.0 AppleWebKit/537.36 (KHTML, like Gecko; compatible; ClaudeBot/1.0; +claudebot@anthropic.com)"
85.208.96.199 - - [26/Aug/2026:02:27:49 +0800] "GET /6418/2013/page/1/ HTTP/1.1" 301 5708 "-" "Mozilla/5.0 (compatible; SemrushBot/7~bl; +http://www.semrush.com/bot.html)"
2001:288:a201::66:125 - - [26/Aug/2026:02:27:49 +0800] "GET /blog/active.php HTTP/1.1" 404 1084 "-" "-"
2408:8666:213:f:1::b - - [26/Aug/2026:02:27:49 +0800] "GET /2010/08/02 HTTP/1.1" 301 5761 "-" "Mozilla/5.0 (Windows NT 10.0; Win64; x64) AppleWebKit/537.36 (KHTML, like Gecko) Chrome/144.0.0.0 Safari/537.36"
216.73.216.242 - - [26/Aug/2026:02:27:48 +0800] "GET /32745/2021/09/19/%e9%99%b3%e5%a9%89%e7%8e%b2/ HTTP/1.1" 200 86439 "-" "Mozilla/5.0 AppleWebKit/537.36 (KHTML, like Gecko; compatible; ClaudeBot/1.0; +claudebot@anthropic.com)"
216.73.216.242 - - [26/Aug/2026:02:27:48 +0800] "GET /32745/category/%e5%be%90%e4%bd%b3%e7%91%a9/feed/ HTTP/1.1" 200 3164 "-" "Mozilla/5.0 AppleWebKit/537.36 (KHTML, like Gecko; compatible; ClaudeBot/1.0; +claudebot@anthropic.com)"
216.73.216.242 - - [26/Aug/2026:02:27:48 +0800] "GET /32745/category/%e6%9d%8e%e7%a2%a7%e8%8f%af/feed/ HTTP/1.1" 200 3282 "-" "Mozilla/5.0 AppleWebKit/537.36 (KHTML, like Gecko; compatible; ClaudeBot/1.0; +claudebot@anthropic.com)"
2408:8666:213:f:1::b - - [26/Aug/2026:02:27:49 +0800] "GET /2010/08/02/ HTTP/1.1" 200 10546 "-" "Mozilla/5.0 (Windows NT 10.0; Win64; x64) AppleWebKit/537.36 (KHTML, like Gecko) Chrome/144.0.0.0 Safari/537.36"
66.249.79.139 - - [26/Aug/2026:02:27:49 +0800] "GET /wp-content/uploads/sites/1444/2020/10/1091025%E5%AE%B6%E6%A8%82%E7%A6%8F%E9%9F%B3%E6%A8%82%E6%9C%83_201027_21.jpg HTTP/1.1" 200 422972 "-" "Googlebot-Image/1.0"
216.73.216.242 - - [26/Aug/2026:02:27:49 +0800] "GET /32745/2021/10/13/%e5%bf%ab%e6%a8%82%e7%9a%84/ HTTP/1.1" 200 87492 "-" "Mozilla/5.0 AppleWebKit/537.36 (KHTML, like Gecko; compatible; ClaudeBot/1.0; +claudebot@anthropic.com)"
137.184.197.72 - - [26/Aug/2026:02:27:49 +0800] "GET /blog/gallery/3642/3642-4005741.jpg HTTP/1.1" 404 25426 "http://blog.ilc.edu.tw/" "Mozilla/5.0 (Windows NT 10.0; Win64; x64) AppleWebKit/537.36 (KHTML, like Gecko) Chrome/109.0.0.0 Safari/537.36"
216.73.216.242 - - [26/Aug/2026:02:27:49 +0800] "GET /32745/2023/01/20/%e8%b7%af%e5%b0%be/ HTTP/1.1" 200 87853 "-" "Mozilla/5.0 AppleWebKit/537.36 (KHTML, like Gecko; compatible; ClaudeBot/1.0; +claudebot@anthropic.com)"
216.73.216.242 - - [26/Aug/2026:02:27:49 +0800] "GET /32745/2023/01/20/%e8%9d%b4%e8%9d%b6/ HTTP/1.1" 200 87441 "-" "Mozilla/5.0 AppleWebKit/537.36 (KHTML, like Gecko; compatible; ClaudeBot/1.0; +claudebot@anthropic.com)"
2408:8666:213:f:1::b - - [26/Aug/2026:02:27:50 +0800] "GET /wp-content/cache/ilta.ilc.edu.tw/wpfc-minified/30cml7nx/6wvk.css HTTP/1.1" 200 40877 "https://ilta.ilc.edu.tw/2010/08/02/" "Mozilla/5.0 (Windows NT 10.0; Win64; x64) AppleWebKit/537.36 (KHTML, like Gecko) Chrome/144.0.0.0 Safari/537.36"
140.111.67.10 - - [26/Aug/2026:02:27:50 +0800] "GET /" 301 273 "-" "-"
216.73.216.242 - - [26/Aug/2026:02:27:49 +0800] "GET /32745/2021/10/20/%e7%91%aa%e8%8e%89-2/ HTTP/1.1" 200 87721 "-" "Mozilla/5.0 AppleWebKit/537.36 (KHTML, like Gecko; compatible; ClaudeBot/1.0; +claudebot@anthropic.com)"
216.73.216.242 - - [26/Aug/2026:02:27:49 +0800] "GET /32745/category/%e6%9e%97%e7%ab%8b%e8%8a%b3/feed/ HTTP/1.1" 200 3181 "-" "Mozilla/5.0 AppleWebKit/537.36 (KHTML, like Gecko; compatible; ClaudeBot/1.0; +claudebot@anthropic.com)"
198.199.73.32 - - [26/Aug/2026:02:27:50 +0800] "GET /blog/gallery/3642/3642-4005773.jpg HTTP/1.1" 404 25426 "http://blog.ilc.edu.tw/" "Mozilla/5.0 (Windows NT 10.0; Win64; x64) AppleWebKit/537.36 (KHTML, like Gecko) Chrome/109.0.0.0 Safari/537.36"
216.73.216.242 - - [26/Aug/2026:02:27:49 +0800] "GET /32745/2020/07/25/%e5%a4%a2%e6%ad%8c/ HTTP/1.1" 200 87680 "-" "Mozilla/5.0 AppleWebKit/537.36 (KHTML, like Gecko; compatible; ClaudeBot/1.0; +claudebot@anthropic.com)"
216.73.216.242 - - [26/Aug/2026:02:27:49 +0800] "GET /32745/2021/05/23/%e5%98%bb%e9%81%8a%e8%a8%98/ HTTP/1.1" 200 88187 "-" "Mozilla/5.0 AppleWebKit/537.36 (KHTML, like Gecko; compatible; ClaudeBot/1.0; +claudebot@anthropic.com)"
216.73.216.242 - - [26/Aug/2026:02:27:50 +0800] "GET /32745/2020/08/01/%e5%a4%aa%e9%99%bd-2/ HTTP/1.1" 200 87310 "-" "Mozilla/5.0 AppleWebKit/537.36 (KHTML, like Gecko; compatible; ClaudeBot/1.0; +claudebot@anthropic.com)"
216.73.216.242 - - [26/Aug/2026:02:27:50 +0800] "GET /32745/2020/06/27/%e6%8b%9a%e6%b5%b7/ HTTP/1.1" 200 87707 "-" "Mozilla/5.0 AppleWebKit/537.36 (KHTML, like Gecko; compatible; ClaudeBot/1.0; +claudebot@anthropic.com)"
216.73.216.242 - - [26/Aug/2026:02:27:50 +0800] "GET /32745/2020/05/21/%e4%ba%8e%e6%9e%97%e7%9c%9f/ HTTP/1.1" 200 86913 "-" "Mozilla/5.0 AppleWebKit/537.36 (KHTML, like Gecko; compatible; ClaudeBot/1.0; +claudebot@anthropic.com)"
159.89.48.224 - - [26/Aug/2026:02:27:50 +0800] "GET /blog/gallery/3642/3642-4005753.jpg HTTP/1.1" 404 25426 "http://blog.ilc.edu.tw/" "Mozilla/5.0 (Windows NT 10.0; Win64; x64) AppleWebKit/537.36 (KHTML, like Gecko) Chrome/109.0.0.0 Safari/537.36"
2408:8666:213:f:1::b - - [26/Aug/2026:02:27:50 +0800] "GET /wp-content/cache/ilta.ilc.edu.tw/wpfc-minified/l07fx5lw/6wvk.css HTTP/1.1" 200 15782 "https://ilta.ilc.edu.tw/2010/08/02/" "Mozilla/5.0 (Windows NT 10.0; Win64; x64) AppleWebKit/537.36 (KHTML, like Gecko) Chrome/144.0.0.0 Safari/537.36"
44.223.115.10 - - [26/Aug/2026:02:27:50 +0800] "GET /5239/2010/12/08/%E5%A3%AF%E4%B8%AD%E7%94%B0%E5%BE%91%E9%9A%8A%E5%86%8D%E5%89%B5%E4%BD%B3%E7%B8%BE-2/embed/ HTTP/1.1" 200 12516 "-" "Mozilla/5.0 AppleWebKit/537.36 (KHTML, like Gecko; compatible; Amazonbot/0.1; +https://developer.amazon.com/support/amazonbot) Chrome/119.0.6045.214 Safari/537.36"
216.73.216.242 - - [26/Aug/2026:02:27:50 +0800] "GET /32745/2020/08/07/%e5%8d%8a%e6%9d%af%e6%83%85/ HTTP/1.1" 200 86741 "-" "Mozilla/5.0 AppleWebKit/537.36 (KHTML, like Gecko; compatible; ClaudeBot/1.0; +claudebot@anthropic.com)"
216.73.216.242 - - [26/Aug/2026:02:27:50 +0800] "GET /32745/2023/02/18/%e8%89%af%e4%ba%ba/ HTTP/1.1" 200 87271 "-" "Mozilla/5.0 AppleWebKit/537.36 (KHTML, like Gecko; compatible; ClaudeBot/1.0; +claudebot@anthropic.com)"
40.77.167.76 - - [26/Aug/2026:02:27:50 +0800] "GET /1003/?s=%E7%92%87%E9%96%8B%E9%A0%AD%E8%A9%9E HTTP/1.1" 200 13774 "-" "Mozilla/5.0 AppleWebKit/537.36 (KHTML, like Gecko; compatible; bingbot/2.0; +http://www.bing.com/bingbot.htm) Chrome/116.0.1938.76 Safari/537.36"
2408:8666:213:f:1::b - - [26/Aug/2026:02:27:51 +0800] "GET /wp-content/cache/ilta.ilc.edu.tw/wpfc-minified/qm0ohmet/6wvk.css HTTP/1.1" 200 1157 "https://ilta.ilc.edu.tw/2010/08/02/" "Mozilla/5.0 (Windows NT 10.0; Win64; x64) AppleWebKit/537.36 (KHTML, like Gecko) Chrome/144.0.0.0 Safari/537.36"
167.99.14.239 - - [26/Aug/2026:02:27:51 +0800] "GET /blog/gallery/3642/3642-4005783.jpg HTTP/1.1" 404 25426 "http://blog.ilc.edu.tw/" "Mozilla/5.0 (Windows NT 10.0; Win64; x64) AppleWebKit/537.36 (KHTML, like Gecko) Chrome/109.0.0.0 Safari/537.36"
165.22.12.17 - - [26/Aug/2026:02:27:51 +0800] "GET /blog/gallery/3642/3642-4005763.jpg HTTP/1.1" 404 25426 "http://blog.ilc.edu.tw/" "Mozilla/5.0 (Windows NT 10.0; Win64; x64) AppleWebKit/537.36 (KHTML, like Gecko) Chrome/109.0.0.0 Safari/537.36"
85.208.96.204 - - [26/Aug/2026:02:27:51 +0800] "GET /6418/2013/ HTTP/1.1" 200 15906 "-" "Mozilla/5.0 (compatible; SemrushBot/7~bl; +http://www.semrush.com/bot.html)"
216.73.216.242 - - [26/Aug/2026:02:27:50 +0800] "GET /32745/2021/09/21/%e5%b7%b2%e7%b6%93%e6%85%a3%e5%8b%a2-2/ HTTP/1.1" 200 87186 "-" "Mozilla/5.0 AppleWebKit/537.36 (KHTML, like Gecko; compatible; ClaudeBot/1.0; +claudebot@anthropic.com)"
216.73.216.242 - - [26/Aug/2026:02:27:50 +0800] "GET /32745/category/%e6%9e%97%e8%be%b2%e6%a3%9b/feed/ HTTP/1.1" 200 3422 "-" "Mozilla/5.0 AppleWebKit/537.36 (KHTML, like Gecko; compatible; ClaudeBot/1.0; +claudebot@anthropic.com)"
216.73.216.242 - - [26/Aug/2026:02:27:51 +0800] "GET /32745/wp-json/oembed/1.0/embed?url=https%3A%2F%2F2blog.ilc.edu.tw%2F32745%2F2022%2F01%2F21%2F%25e8%25b7%25af-3%2F HTTP/1.1" 200 3410 "-" "Mozilla/5.0 AppleWebKit/537.36 (KHTML, like Gecko; compatible; ClaudeBot/1.0; +claudebot@anthropic.com)"
2408:8666:213:f:1::b - - [26/Aug/2026:02:27:51 +0800] "GET /wp-content/cache/ilta.ilc.edu.tw/wpfc-minified/7vo8n6iy/6wvk.css HTTP/1.1" 200 60708 "https://ilta.ilc.edu.tw/2010/08/02/" "Mozilla/5.0 (Windows NT 10.0; Win64; x64) AppleWebKit/537.36 (KHTML, like Gecko) Chrome/144.0.0.0 Safari/537.36"
216.73.216.242 - - [26/Aug/2026:02:27:51 +0800] "GET /32745/category/%e9%bb%83%e5%9c%8b%e5%80%ab/ HTTP/1.1" 200 85503 "-" "Mozilla/5.0 AppleWebKit/537.36 (KHTML, like Gecko; compatible; ClaudeBot/1.0; +claudebot@anthropic.com)"
216.73.216.242 - - [26/Aug/2026:02:27:51 +0800] "GET /32745/category/%e4%be%af%e5%b0%8f%e7%87%95/ HTTP/1.1" 200 85527 "-" "Mozilla/5.0 AppleWebKit/537.36 (KHTML, like Gecko; compatible; ClaudeBot/1.0; +claudebot@anthropic.com)"
216.73.216.242 - - [26/Aug/2026:02:27:51 +0800] "GET /32745/2021/08/20/%e7%84%a1%e7%b7%a3%e8%8a%b1-2/ HTTP/1.1" 200 87279 "-" "Mozilla/5.0 AppleWebKit/537.36 (KHTML, like Gecko; compatible; ClaudeBot/1.0; +claudebot@anthropic.com)"
216.73.216.242 - - [26/Aug/2026:02:27:50 +0800] "GET /32745/category/%e9%bb%83%e4%b8%80%e9%a3%9b/feed/ HTTP/1.1" 200 11698 "-" "Mozilla/5.0 AppleWebKit/537.36 (KHTML, like Gecko; compatible; ClaudeBot/1.0; +claudebot@anthropic.com)"
216.73.216.242 - - [26/Aug/2026:02:27:51 +0800] "GET /32745/category/%e7%8e%8b%e5%a4%a9%e6%b4%a5/ HTTP/1.1" 200 85528 "-" "Mozilla/5.0 AppleWebKit/537.36 (KHTML, like Gecko; compatible; ClaudeBot/1.0; +claudebot@anthropic.com)"
34.10.180.98 - - [26/Aug/2026:02:27:51 +0800] "GET /yesesnativelanguage/wp-json/oembed/1.0/embed?format=xml&url=https://2blog.ilc.edu.tw/yesesnativelanguage/2024/04/10/%25e6%25a0%25a1%25e5%2585%25a7%25e5%25a4%2596%25e6%259c%25ac%25e5%259c%259f%25e8%25aa%259e%25e8%25a8%2580%25e7%25ab%25b6%25e8%25b3%25bd/ HTTP/1.1" 200 7067 "-" "Mozilla/5.0 (Macintosh; Intel Mac OS X 10_15_7) AppleWebKit/537.36 (KHTML, like Gecko) Chrome/120.0.0.0 Safari/537.36"
216.73.216.242 - - [26/Aug/2026:02:27:51 +0800] "GET /32745/category/%e6%b1%a0%e7%a7%8b%e7%be%8e/ HTTP/1.1" 200 85639 "-" "Mozilla/5.0 AppleWebKit/537.36 (KHTML, like Gecko; compatible; ClaudeBot/1.0; +claudebot@anthropic.com)"
2408:8666:213:f:1::b - - [26/Aug/2026:02:27:52 +0800] "GET /wp-content/cache/ilta.ilc.edu.tw/wpfc-minified/1qjpbzp9/6wvk.js HTTP/1.1" 200 35549 "https://ilta.ilc.edu.tw/2010/08/02/" "Mozilla/5.0 (Windows NT 10.0; Win64; x64) AppleWebKit/537.36 (KHTML, like Gecko) Chrome/144.0.0.0 Safari/537.36"
216.73.216.242 - - [26/Aug/2026:02:27:51 +0800] "GET /32745/2020/08/22/%e9%bb%8f%e9%bb%90%e9%bb%90/ HTTP/1.1" 200 87559 "-" "Mozilla/5.0 AppleWebKit/537.36 (KHTML, like Gecko; compatible; ClaudeBot/1.0; +claudebot@anthropic.com)"
216.73.216.242 - - [26/Aug/2026:02:27:51 +0800] "GET /32745/2022/05/28/%e9%9b%bb%e8%91%97/ HTTP/1.1" 200 87152 "-" "Mozilla/5.0 AppleWebKit/537.36 (KHTML, like Gecko; compatible; ClaudeBot/1.0; +claudebot@anthropic.com)"
216.73.216.242 - - [26/Aug/2026:02:27:51 +0800] "GET /32745/2022/05/14/%e7%93%8a%e8%8a%b1-9/ HTTP/1.1" 200 87616 "-" "Mozilla/5.0 AppleWebKit/537.36 (KHTML, like Gecko; compatible; ClaudeBot/1.0; +claudebot@anthropic.com)"
216.73.216.242 - - [26/Aug/2026:02:27:51 +0800] "GET /32745/2021/09/14/%e8%95%ad%e7%8e%89%e8%8a%ac/ HTTP/1.1" 200 87391 "-" "Mozilla/5.0 AppleWebKit/537.36 (KHTML, like Gecko; compatible; ClaudeBot/1.0; +claudebot@anthropic.com)"
216.73.216.242 - - [26/Aug/2026:02:27:52 +0800] "GET /32745/2022/10/01/the-folsom-singers/ HTTP/1.1" 200 85974 "-" "Mozilla/5.0 AppleWebKit/537.36 (KHTML, like Gecko; compatible; ClaudeBot/1.0; +claudebot@anthropic.com)"
2408:8666:213:f:1::b - - [26/Aug/2026:02:27:52 +0800] "GET /wp-content/themes/oceanwp/assets/js/drop-down-search.min.js HTTP/1.1" 200 2968 "https://ilta.ilc.edu.tw/2010/08/02/" "Mozilla/5.0 (Windows NT 10.0; Win64; x64) AppleWebKit/537.36 (KHTML, like Gecko) Chrome/144.0.0.0 Safari/537.36"
216.73.216.242 - - [26/Aug/2026:02:27:52 +0800] "GET /32745/category/%e5%90%b3%e7%be%8e%e9%9b%b2/feed/ HTTP/1.1" 200 3053 "-" "Mozilla/5.0 AppleWebKit/537.36 (KHTML, like Gecko; compatible; ClaudeBot/1.0; +claudebot@anthropic.com)"
2408:8666:213:f:1::b - - [26/Aug/2026:02:27:52 +0800] "GET /wp-content/themes/oceanwp/assets/fonts/fontawesome/webfonts/fa-solid-900.woff2 HTTP/1.1" 200 151246 "https://ilta.ilc.edu.tw/wp-content/cache/ilta.ilc.edu.tw/wpfc-minified/7vo8n6iy/6wvk.css" "Mozilla/5.0 (Windows NT 10.0; Win64; x64) AppleWebKit/537.36 (KHTML, like Gecko) Chrome/144.0.0.0 Safari/537.36"
216.73.216.242 - - [26/Aug/2026:02:27:52 +0800] "GET /32745/2020/04/29/%E7%A2%8E%E5%BF%83%E6%88%80/ HTTP/1.1" 200 87524 "-" "Mozilla/5.0 AppleWebKit/537.36 (KHTML, like Gecko; compatible; ClaudeBot/1.0; +claudebot@anthropic.com)"
216.73.216.242 - - [26/Aug/2026:02:27:52 +0800] "GET /32745/category/%e7%8b%84%e9%b6%af/page/2/ HTTP/1.1" 200 85645 "-" "Mozilla/5.0 AppleWebKit/537.36 (KHTML, like Gecko; compatible; ClaudeBot/1.0; +claudebot@anthropic.com)"
2001:288:a201::66:125 - - [26/Aug/2026:02:27:53 +0800] "GET /blog/active.php HTTP/1.1" 301 1026 "-" "-"
2001:288:a201::66:125 - - [26/Aug/2026:02:27:53 +0800] "GET /blog/active.php HTTP/1.1" 404 1084 "-" "-"
34.123.149.87 - - [26/Aug/2026:02:27:53 +0800] "GET /6509/2016/11/14/%E4%B8%80-7-1-105%E5%B9%B4%E5%BA%A6%E7%AF%80%E8%83%BD%E6%B8%9B%E7%A2%B3%E6%8E%A8%E5%8B%95%E5%B0%8F%E7%B5%84%E6%9C%83%E8%AD%B0%E8%A8%98%E9%8C%84/ HTTP/1.1" 200 17585 "-" "Mozilla/5.0 (Macintosh; Intel Mac OS X 10_15_7) AppleWebKit/537.36 (KHTML, like Gecko) Chrome/120.0.0.0 Safari/537.36"
216.73.216.242 - - [26/Aug/2026:02:27:53 +0800] "GET /9536/2011/04/21/%e5%8f%a3%e7%b0%a7%e7%90%b4/ HTTP/1.1" 200 9375 "-" "Mozilla/5.0 AppleWebKit/537.36 (KHTML, like Gecko; compatible; ClaudeBot/1.0; +claudebot@anthropic.com)"
216.73.216.242 - - [26/Aug/2026:02:27:52 +0800] "GET /32745/category/%e5%b7%a6%e5%a4%a2%e9%88%b4/ HTTP/1.1" 200 85530 "-" "Mozilla/5.0 AppleWebKit/537.36 (KHTML, like Gecko; compatible; ClaudeBot/1.0; +claudebot@anthropic.com)"
216.73.216.242 - - [26/Aug/2026:02:27:52 +0800] "GET /32745/2021/04/09/%e5%8a%89%e8%82%b2%e7%b6%be/ HTTP/1.1" 200 87160 "-" "Mozilla/5.0 AppleWebKit/537.36 (KHTML, like Gecko; compatible; ClaudeBot/1.0; +claudebot@anthropic.com)"
216.73.216.242 - - [26/Aug/2026:02:27:52 +0800] "GET /32745/2021/10/17/%e8%96%84%e5%91%bd/ HTTP/1.1" 200 87350 "-" "Mozilla/5.0 AppleWebKit/537.36 (KHTML, like Gecko; compatible; ClaudeBot/1.0; +claudebot@anthropic.com)"
216.73.216.242 - - [26/Aug/2026:02:27:53 +0800] "GET /9536/2011/04/22/%e5%90%b3%e6%b2%99-2/ HTTP/1.1" 200 11735 "-" "Mozilla/5.0 AppleWebKit/537.36 (KHTML, like Gecko; compatible; ClaudeBot/1.0; +claudebot@anthropic.com)"
216.73.216.242 - - [26/Aug/2026:02:27:52 +0800] "GET /32745/2021/04/05/%e7%81%ab%e5%a4%a7/ HTTP/1.1" 200 87412 "-" "Mozilla/5.0 AppleWebKit/537.36 (KHTML, like Gecko; compatible; ClaudeBot/1.0; +claudebot@anthropic.com)"
216.73.216.242 - - [26/Aug/2026:02:27:52 +0800] "GET /32745/category/%e8%94%a1%e7%be%a9%e5%be%b7/ HTTP/1.1" 200 86416 "-" "Mozilla/5.0 AppleWebKit/537.36 (KHTML, like Gecko; compatible; ClaudeBot/1.0; +claudebot@anthropic.com)"
216.73.216.242 - - [26/Aug/2026:02:27:53 +0800] "GET /32745/2022/05/01/%e4%ba%95%e5%b8%9d/ HTTP/1.1" 200 86141 "-" "Mozilla/5.0 AppleWebKit/537.36 (KHTML, like Gecko; compatible; ClaudeBot/1.0; +claudebot@anthropic.com)"
216.73.216.242 - - [26/Aug/2026:02:27:53 +0800] "GET /9536/2011/01/20/%e6%a5%8a%e5%bb%b7%e7%90%86/ HTTP/1.1" 200 10894 "-" "Mozilla/5.0 AppleWebKit/537.36 (KHTML, like Gecko; compatible; ClaudeBot/1.0; +claudebot@anthropic.com)"
216.73.216.242 - - [26/Aug/2026:02:27:53 +0800] "GET /32745/wp-json/oembed/1.0/embed?format=xml&url=https%3A%2F%2F2blog.ilc.edu.tw%2F32745%2F2022%2F05%2F13%2Fok%25e5%2595%25a6-2%2F HTTP/1.1" 200 2284 "-" "Mozilla/5.0 AppleWebKit/537.36 (KHTML, like Gecko; compatible; ClaudeBot/1.0; +claudebot@anthropic.com)"
216.73.216.242 - - [26/Aug/2026:02:27:53 +0800] "GET /32745/category/%e7%a8%8b%e5%a9%a7%e7%be%8e/ HTTP/1.1" 200 86455 "-" "Mozilla/5.0 AppleWebKit/537.36 (KHTML, like Gecko; compatible; ClaudeBot/1.0; +claudebot@anthropic.com)"
34.10.180.98 - - [26/Aug/2026:02:27:53 +0800] "GET /17160/?p=13459 HTTP/1.1" 301 5695 "-" "Mozilla/5.0 (Macintosh; Intel Mac OS X 10_15_7) AppleWebKit/537.36 (KHTML, like Gecko) Chrome/120.0.0.0 Safari/537.36"
216.73.216.242 - - [26/Aug/2026:02:27:53 +0800] "GET /32745/category/%e6%9d%8e%e7%be%8e%e8%8f%af/feed/ HTTP/1.1" 200 3720 "-" "Mozilla/5.0 AppleWebKit/537.36 (KHTML, like Gecko; compatible; ClaudeBot/1.0; +claudebot@anthropic.com)"
54.157.84.74 - - [26/Aug/2026:02:27:54 +0800] "GET /amy6998/wp-json/wp/v2/categories?post=53 HTTP/1.1" 200 6684 "-" "Mozilla/5.0 AppleWebKit/537.36 (KHTML, like Gecko; compatible; Amazonbot/0.1; +https://developer.amazon.com/support/amazonbot) Chrome/119.0.6045.214 Safari/537.36"
216.73.216.242 - - [26/Aug/2026:02:27:53 +0800] "GET /32745/category/%e5%b0%8f%e9%b3%b3%e9%b3%b3/feed/ HTTP/1.1" 200 11877 "-" "Mozilla/5.0 AppleWebKit/537.36 (KHTML, like Gecko; compatible; ClaudeBot/1.0; +claudebot@anthropic.com)"
216.73.216.242 - - [26/Aug/2026:02:27:54 +0800] "GET /32745/2021/07/08/%e7%89%bd%e7%b4%85%e7%b7%9a/ HTTP/1.1" 200 86243 "-" "Mozilla/5.0 AppleWebKit/537.36 (KHTML, like Gecko; compatible; ClaudeBot/1.0; +claudebot@anthropic.com)"
216.73.216.242 - - [26/Aug/2026:02:27:54 +0800] "GET /32745/2021/01/24/%e7%85%99%e7%81%ab-3/ HTTP/1.1" 200 87315 "-" "Mozilla/5.0 AppleWebKit/537.36 (KHTML, like Gecko; compatible; ClaudeBot/1.0; +claudebot@anthropic.com)"
::1 - - [26/Aug/2026:02:27:54 +0800] "OPTIONS * HTTP/1.0" 200 110 "-" "Apache/2.4.68 (Ubuntu) OpenSSL/3.0.19 (internal dummy connection)"
216.73.216.242 - - [26/Aug/2026:02:27:54 +0800] "GET /32745/category/%e8%98%87%e6%9f%8f%e8%87%bb/ HTTP/1.1" 200 85916 "-" "Mozilla/5.0 AppleWebKit/537.36 (KHTML, like Gecko; compatible; ClaudeBot/1.0; +claudebot@anthropic.com)"
216.73.216.242 - - [26/Aug/2026:02:27:54 +0800] "GET /32745/category/%e6%9e%97%e5%b4%91%e9%be%8d/feed/ HTTP/1.1" 200 4655 "-" "Mozilla/5.0 AppleWebKit/537.36 (KHTML, like Gecko; compatible; ClaudeBot/1.0; +claudebot@anthropic.com)"
216.73.216.242 - - [26/Aug/2026:02:27:54 +0800] "GET /32745/2021/07/20/%e6%85%88%e6%af%8d%e5%bf%83-2/ HTTP/1.1" 200 87351 "-" "Mozilla/5.0 AppleWebKit/537.36 (KHTML, like Gecko; compatible; ClaudeBot/1.0; +claudebot@anthropic.com)"
3.214.176.44 - - [26/Aug/2026:02:27:55 +0800] "GET /wp-content/uploads/sites/584/2021/04/?C=D;O%3DD HTTP/1.1" 200 1111 "-" "Mozilla/5.0 AppleWebKit/537.36 (KHTML, like Gecko; compatible; Amazonbot/0.1; +https://developer.amazon.com/support/amazonbot) Chrome/119.0.6045.214 Safari/537.36"
140.111.67.10 - - [26/Aug/2026:02:27:55 +0800] "GET /" 301 273 "-" "-"
216.73.216.242 - - [26/Aug/2026:02:27:54 +0800] "GET /32745/category/%e9%bb%83%e7%ab%8b%e7%b6%b1/ HTTP/1.1" 200 86007 "-" "Mozilla/5.0 AppleWebKit/537.36 (KHTML, like Gecko; compatible; ClaudeBot/1.0; +claudebot@anthropic.com)"
216.73.216.242 - - [26/Aug/2026:02:27:54 +0800] "GET /32745/category/%e5%8d%93%e9%9d%9c%e8%8a%ac/feed/ HTTP/1.1" 200 5650 "-" "Mozilla/5.0 AppleWebKit/537.36 (KHTML, like Gecko; compatible; ClaudeBot/1.0; +claudebot@anthropic.com)"
216.73.216.242 - - [26/Aug/2026:02:27:55 +0800] "GET /32745/2021/09/21/%e7%ad%89%e4%bd%a0%e8%bd%89%e4%be%86-3/ HTTP/1.1" 200 87735 "-" "Mozilla/5.0 AppleWebKit/537.36 (KHTML, like Gecko; compatible; ClaudeBot/1.0; +claudebot@anthropic.com)"
216.73.216.242 - - [26/Aug/2026:02:27:54 +0800] "GET /32745/category/%e6%9b%be%e6%9c%9d%e6%9d%be/ HTTP/1.1" 200 86590 "-" "Mozilla/5.0 AppleWebKit/537.36 (KHTML, like Gecko; compatible; ClaudeBot/1.0; +claudebot@anthropic.com)"
216.73.216.242 - - [26/Aug/2026:02:27:54 +0800] "GET /32745/category/%e6%9e%97%e7%be%8e%e7%be%8e/feed/ HTTP/1.1" 200 10644 "-" "Mozilla/5.0 AppleWebKit/537.36 (KHTML, like Gecko; compatible; ClaudeBot/1.0; +claudebot@anthropic.com)"
216.73.216.242 - - [26/Aug/2026:02:27:55 +0800] "GET /32745/2020/12/06/%e4%bb%8a%e4%bb%94%e6%97%a5/ HTTP/1.1" 200 86955 "-" "Mozilla/5.0 AppleWebKit/537.36 (KHTML, like Gecko; compatible; ClaudeBot/1.0; +claudebot@anthropic.com)"
216.73.216.242 - - [26/Aug/2026:02:27:56 +0800] "GET /32745/2021/08/18/%e7%97%b4%e6%88%80%e8%8a%b1/ HTTP/1.1" 200 87325 "-" "Mozilla/5.0 AppleWebKit/537.36 (KHTML, like Gecko; compatible; ClaudeBot/1.0; +claudebot@anthropic.com)"
216.73.216.242 - - [26/Aug/2026:02:27:55 +0800] "GET /32745/2021/09/21/%e5%a4%a2%e4%b8%ad%e7%9a%84%e4%ba%ba-2/ HTTP/1.1" 200 87438 "-" "Mozilla/5.0 AppleWebKit/537.36 (KHTML, like Gecko; compatible; ClaudeBot/1.0; +claudebot@anthropic.com)"
216.73.216.242 - - [26/Aug/2026:02:27:55 +0800] "GET /32745/category/%e5%ae%8b%e5%81%a5%e5%bd%b0/ HTTP/1.1" 200 85545 "-" "Mozilla/5.0 AppleWebKit/537.36 (KHTML, like Gecko; compatible; ClaudeBot/1.0; +claudebot@anthropic.com)"
136.108.15.119 - - [26/Aug/2026:02:27:56 +0800] "GET /.env HTTP/1.1" 404 41900 "-" "Mozilla/5.0 (X11; Linux x86_64) AppleWebKit/537.36 (KHTML, like Gecko) Chrome/131.0.0.0 Safari/537.36"
40.77.167.76 - - [26/Aug/2026:02:27:56 +0800] "GET /6564/2019/11/12/108-2-1%E8%BE%A6%E7%90%86%E7%AF%80%E8%83%BD%E6%B8%9B%E7%A2%B3%E7%A0%94%E7%BF%92%E8%A8%88%E7%95%AB/ HTTP/1.1" 200 11076 "-" "Mozilla/5.0 AppleWebKit/537.36 (KHTML, like Gecko; compatible; bingbot/2.0; +http://www.bing.com/bingbot.htm) Chrome/116.0.1938.76 Safari/537.36"
216.73.216.242 - - [26/Aug/2026:02:27:55 +0800] "GET /32745/2023/08/26/%e6%8b%8d%e7%b5%90/ HTTP/1.1" 200 87430 "-" "Mozilla/5.0 AppleWebKit/537.36 (KHTML, like Gecko; compatible; ClaudeBot/1.0; +claudebot@anthropic.com)"
216.73.216.242 - - [26/Aug/2026:02:27:55 +0800] "GET /32745/category/%e8%97%8d%e8%a9%a0%e6%80%9d/ HTTP/1.1" 200 86459 "-" "Mozilla/5.0 AppleWebKit/537.36 (KHTML, like Gecko; compatible; ClaudeBot/1.0; +claudebot@anthropic.com)"
216.73.216.242 - - [26/Aug/2026:02:27:55 +0800] "GET /32745/category/%e6%b8%b8%e7%be%8e%e9%bd%a1/feed/ HTTP/1.1" 200 3257 "-" "Mozilla/5.0 AppleWebKit/537.36 (KHTML, like Gecko; compatible; ClaudeBot/1.0; +claudebot@anthropic.com)"
17.22.237.75 - - [26/Aug/2026:02:27:56 +0800] "GET /1990/wp-content/cache/2blog.ilc.edu.tw/wpfc-minified/30s9hdko/5xjzd.css HTTP/1.1" 200 45680 "https://2blog.ilc.edu.tw/1990/2021/06/21/0622%e4%ba%8c%e5%ad%b8%e7%bf%92%e4%bb%bb%e5%8b%99/" "Mozilla/5.0 (Macintosh; Intel Mac OS X 10_15_7) AppleWebKit/605.1.15 (KHTML, like Gecko) Version/17.4 Safari/605.1.15 (Applebot/0.1; +http://www.apple.com/go/applebot)"
34.10.180.98 - - [26/Aug/2026:02:27:56 +0800] "GET /32745/wp-json/wp/v2/posts/80962 HTTP/1.1" 200 15849 "-" "Mozilla/5.0 (Macintosh; Intel Mac OS X 10_15_7) AppleWebKit/537.36 (KHTML, like Gecko) Chrome/120.0.0.0 Safari/537.36"
34.123.149.87 - - [26/Aug/2026:02:27:56 +0800] "GET /21/2020/07/20/5-13%E7%BE%85%E6%9D%B1%E4%BA%94%E7%B5%90%E7%B7%9A%E4%B8%8A%E9%84%89%E9%8E%AE%E5%B7%A1%E8%BF%B4%E6%9C%8D%E5%8B%99/ HTTP/1.1" 200 18112 "-" "Mozilla/5.0 (Macintosh; Intel Mac OS X 10_15_7) AppleWebKit/537.36 (KHTML, like Gecko) Chrome/120.0.0.0 Safari/537.36"
216.73.216.242 - - [26/Aug/2026:02:27:56 +0800] "GET /32745/category/%e9%bb%83%e9%a6%99%e8%93%ae/ HTTP/1.1" 200 86206 "-" "Mozilla/5.0 AppleWebKit/537.36 (KHTML, like Gecko; compatible; ClaudeBot/1.0; +claudebot@anthropic.com)"
216.73.216.242 - - [26/Aug/2026:02:27:55 +0800] "GET /32745/category/%e7%8e%8b%e5%bd%a9%e6%a8%ba/feed/ HTTP/1.1" 200 12398 "-" "Mozilla/5.0 AppleWebKit/537.36 (KHTML, like Gecko; compatible; ClaudeBot/1.0; +claudebot@anthropic.com)"
216.73.216.242 - - [26/Aug/2026:02:27:56 +0800] "GET /32745/category/%e6%9c%b1%e5%bb%ba%e6%98%8e/ HTTP/1.1" 200 85529 "-" "Mozilla/5.0 AppleWebKit/537.36 (KHTML, like Gecko; compatible; ClaudeBot/1.0; +claudebot@anthropic.com)"
216.73.216.242 - - [26/Aug/2026:02:27:56 +0800] "GET /32745/2022/10/21/%e8%87%aa%e6%88%80/ HTTP/1.1" 200 87098 "-" "Mozilla/5.0 AppleWebKit/537.36 (KHTML, like Gecko; compatible; ClaudeBot/1.0; +claudebot@anthropic.com)"
216.73.216.242 - - [26/Aug/2026:02:27:56 +0800] "GET /32745/category/%e6%9e%97%e6%98%a5%e8%8f%8a/feed/ HTTP/1.1" 200 3497 "-" "Mozilla/5.0 AppleWebKit/537.36 (KHTML, like Gecko; compatible; ClaudeBot/1.0; +claudebot@anthropic.com)"
216.73.216.242 - - [26/Aug/2026:02:27:57 +0800] "GET /32745/2022/06/04/%e8%bf%bd%e6%83%85/ HTTP/1.1" 200 86852 "-" "Mozilla/5.0 AppleWebKit/537.36 (KHTML, like Gecko; compatible; ClaudeBot/1.0; +claudebot@anthropic.com)"
17.22.237.75 - - [26/Aug/2026:02:27:57 +0800] "GET /1990/wp-content/cache/2blog.ilc.edu.tw/wpfc-minified/g5n735g0/5xjzd.css HTTP/1.1" 200 8832 "https://2blog.ilc.edu.tw/1990/2021/06/21/0622%e4%ba%8c%e5%ad%b8%e7%bf%92%e4%bb%bb%e5%8b%99/" "Mozilla/5.0 (Macintosh; Intel Mac OS X 10_15_7) AppleWebKit/605.1.15 (KHTML, like Gecko) Version/17.4 Safari/605.1.15 (Applebot/0.1; +http://www.apple.com/go/applebot)"
216.73.216.242 - - [26/Aug/2026:02:27:56 +0800] "GET /32745/category/%e5%8a%89%e9%9b%85%e6%83%a0/feed/ HTTP/1.1" 200 1792 "-" "Mozilla/5.0 AppleWebKit/537.36 (KHTML, like Gecko; compatible; ClaudeBot/1.0; +claudebot@anthropic.com)"
216.73.216.242 - - [26/Aug/2026:02:27:56 +0800] "GET /32745/2021/01/03/%e6%96%b0%e5%a8%98/ HTTP/1.1" 200 87186 "-" "Mozilla/5.0 AppleWebKit/537.36 (KHTML, like Gecko; compatible; ClaudeBot/1.0; +claudebot@anthropic.com)"
216.73.216.242 - - [26/Aug/2026:02:27:56 +0800] "GET /32745/2021/06/21/%e4%b8%80%e6%9a%9d%e6%80%9d%e5%bf%b5/ HTTP/1.1" 200 87401 "-" "Mozilla/5.0 AppleWebKit/537.36 (KHTML, like Gecko; compatible; ClaudeBot/1.0; +claudebot@anthropic.com)"
2409:8c02:21c:c0::46 - - [26/Aug/2026:02:27:57 +0800] "-" 408 4795 "-" "-"
216.73.216.242 - - [26/Aug/2026:02:27:57 +0800] "GET /32745/2021/04/10/%e8%94%a1%e7%90%b4/ HTTP/1.1" 200 86280 "-" "Mozilla/5.0 AppleWebKit/537.36 (KHTML, like Gecko; compatible; ClaudeBot/1.0; +claudebot@anthropic.com)"
216.73.216.242 - - [26/Aug/2026:02:27:57 +0800] "GET /32745/wp-json/oembed/1.0/embed?url=https%3A%2F%2F2blog.ilc.edu.tw%2F32745%2F2021%2F10%2F11%2Fi-miss-you%2F HTTP/1.1" 200 3420 "-" "Mozilla/5.0 AppleWebKit/537.36 (KHTML, like Gecko; compatible; ClaudeBot/1.0; +claudebot@anthropic.com)"
216.73.216.242 - - [26/Aug/2026:02:27:57 +0800] "GET /32745/category/%e4%ba%8e%e5%8f%b0%e7%85%99/ HTTP/1.1" 200 86420 "-" "Mozilla/5.0 AppleWebKit/537.36 (KHTML, like Gecko; compatible; ClaudeBot/1.0; +claudebot@anthropic.com)"
2001:288:a201::66:125 - - [26/Aug/2026:02:27:58 +0800] "GET /blog/active.php HTTP/1.1" 301 1026 "-" "-"
2001:288:a201::66:125 - - [26/Aug/2026:02:27:58 +0800] "GET /blog/active.php HTTP/1.1" 404 1084 "-" "-"
216.73.216.242 - - [26/Aug/2026:02:27:58 +0800] "GET /32745/2021/07/11/%e8%88%8a%e6%83%85%e4%ba%ba-2/ HTTP/1.1" 200 87031 "-" "Mozilla/5.0 AppleWebKit/537.36 (KHTML, like Gecko; compatible; ClaudeBot/1.0; +claudebot@anthropic.com)"
216.73.216.242 - - [26/Aug/2026:02:27:57 +0800] "GET /32745/category/%e9%bb%83%e6%a8%b9%e5%8b%87/feed/ HTTP/1.1" 200 1790 "-" "Mozilla/5.0 AppleWebKit/537.36 (KHTML, like Gecko; compatible; ClaudeBot/1.0; +claudebot@anthropic.com)"
216.73.216.242 - - [26/Aug/2026:02:27:57 +0800] "GET /32745/2023/07/11/%e9%99%b3%e7%bf%b0/ HTTP/1.1" 200 86032 "-" "Mozilla/5.0 AppleWebKit/537.36 (KHTML, like Gecko; compatible; ClaudeBot/1.0; +claudebot@anthropic.com)"
85.208.96.203 - - [26/Aug/2026:02:27:57 +0800] "GET /kses1113a/2023/03/07/ HTTP/1.1" 200 16695 "-" "Mozilla/5.0 (compatible; SemrushBot/7~bl; +http://www.semrush.com/bot.html)"
216.73.216.242 - - [26/Aug/2026:02:27:57 +0800] "GET /32745/2020/06/26/%e5%85%ab%e5%8d%a6/ HTTP/1.1" 200 87816 "-" "Mozilla/5.0 AppleWebKit/537.36 (KHTML, like Gecko; compatible; ClaudeBot/1.0; +claudebot@anthropic.com)"
17.22.237.75 - - [26/Aug/2026:02:27:58 +0800] "GET /1990/wp-content/cache/2blog.ilc.edu.tw/wpfc-minified/mk8tltws/5xjzd.js HTTP/1.1" 200 35564 "https://2blog.ilc.edu.tw/1990/2021/06/21/0622%e4%ba%8c%e5%ad%b8%e7%bf%92%e4%bb%bb%e5%8b%99/" "Mozilla/5.0 (Macintosh; Intel Mac OS X 10_15_7) AppleWebKit/605.1.15 (KHTML, like Gecko) Version/17.4 Safari/605.1.15 (Applebot/0.1; +http://www.apple.com/go/applebot)"
::1 - - [26/Aug/2026:02:27:58 +0800] "OPTIONS * HTTP/1.0" 200 110 "-" "Apache/2.4.68 (Ubuntu) OpenSSL/3.0.19 (internal dummy connection)"
216.73.216.242 - - [26/Aug/2026:02:27:58 +0800] "GET /32745/2020/06/27/%e5%85%a9%e4%ba%82/ HTTP/1.1" 200 87321 "-" "Mozilla/5.0 AppleWebKit/537.36 (KHTML, like Gecko; compatible; ClaudeBot/1.0; +claudebot@anthropic.com)"
216.73.216.242 - - [26/Aug/2026:02:27:57 +0800] "GET /32745/category/%e6%9e%97%e6%b0%8f%e5%a5%bd/feed/ HTTP/1.1" 200 8800 "-" "Mozilla/5.0 AppleWebKit/537.36 (KHTML, like Gecko; compatible; ClaudeBot/1.0; +claudebot@anthropic.com)"
216.73.216.242 - - [26/Aug/2026:02:27:58 +0800] "GET /32745/category/%e7%9f%b3%e5%96%ac/ HTTP/1.1" 200 86320 "-" "Mozilla/5.0 AppleWebKit/537.36 (KHTML, like Gecko; compatible; ClaudeBot/1.0; +claudebot@anthropic.com)"
3.94.40.182 - - [26/Aug/2026:02:27:58 +0800] "GET /amy6998/wp-content/uploads/sites/2364/2025/12/1202ggg.jpg HTTP/1.1" 200 316617 "-" "Mozilla/5.0 AppleWebKit/537.36 (KHTML, like Gecko; compatible; Amazonbot/0.1; +https://developer.amazon.com/support/amazonbot) Chrome/119.0.6045.214 Safari/537.36"
216.73.216.242 - - [26/Aug/2026:02:27:58 +0800] "GET /32745/2023/11/05/%e7%83%8f%e7%86%8a/ HTTP/1.1" 200 87658 "-" "Mozilla/5.0 AppleWebKit/537.36 (KHTML, like Gecko; compatible; ClaudeBot/1.0; +claudebot@anthropic.com)"
216.73.216.242 - - [26/Aug/2026:02:27:58 +0800] "GET /32745/category/%e8%97%8d%e6%a6%ae%e5%be%b7/feed/ HTTP/1.1" 200 1791 "-" "Mozilla/5.0 AppleWebKit/537.36 (KHTML, like Gecko; compatible; ClaudeBot/1.0; +claudebot@anthropic.com)"
216.73.216.242 - - [26/Aug/2026:02:27:58 +0800] "GET /32745/2020/04/30/%E8%88%9E%E5%A0%B4%E7%9A%84%E5%AE%89%E5%A8%9C/ HTTP/1.1" 200 87404 "-" "Mozilla/5.0 AppleWebKit/537.36 (KHTML, like Gecko; compatible; ClaudeBot/1.0; +claudebot@anthropic.com)"
216.73.216.242 - - [26/Aug/2026:02:27:58 +0800] "GET /32745/2022/07/08/%e6%84%9b%e4%bd%a0-4/ HTTP/1.1" 200 87476 "-" "Mozilla/5.0 AppleWebKit/537.36 (KHTML, like Gecko; compatible; ClaudeBot/1.0; +claudebot@anthropic.com)"
216.73.216.242 - - [26/Aug/2026:02:27:58 +0800] "GET /32745/category/%e4%bd%99%e4%bd%a9%e7%9c%9f/feed/ HTTP/1.1" 200 14689 "-" "Mozilla/5.0 AppleWebKit/537.36 (KHTML, like Gecko; compatible; ClaudeBot/1.0; +claudebot@anthropic.com)"
216.73.216.242 - - [26/Aug/2026:02:27:59 +0800] "GET /32745/2025/08/20/%e6%ad%a3%e8%8f%af/ HTTP/1.1" 200 85971 "-" "Mozilla/5.0 AppleWebKit/537.36 (KHTML, like Gecko; compatible; ClaudeBot/1.0; +claudebot@anthropic.com)"
216.73.216.242 - - [26/Aug/2026:02:27:59 +0800] "GET /32745/2020/06/06/%E9%A3%9B%E8%9C%82/ HTTP/1.1" 200 87676 "-" "Mozilla/5.0 AppleWebKit/537.36 (KHTML, like Gecko; compatible; ClaudeBot/1.0; +claudebot@anthropic.com)"
140.111.67.10 - - [26/Aug/2026:02:28:00 +0800] "GET /" 301 273 "-" "-"
17.22.237.75 - - [26/Aug/2026:02:28:00 +0800] "GET /1990/wp-content/themes/karuna/assets/js/navigation.js HTTP/1.1" 200 2041 "https://2blog.ilc.edu.tw/1990/2021/06/21/0622%e4%ba%8c%e5%ad%b8%e7%bf%92%e4%bb%bb%e5%8b%99/" "Mozilla/5.0 (Macintosh; Intel Mac OS X 10_15_7) AppleWebKit/605.1.15 (KHTML, like Gecko) Version/17.4 Safari/605.1.15 (Applebot/0.1; +http://www.apple.com/go/applebot)"
216.73.216.242 - - [26/Aug/2026:02:27:59 +0800] "GET /32745/2020/06/16/%e9%a2%a8%e5%90%b9-2/ HTTP/1.1" 200 87215 "-" "Mozilla/5.0 AppleWebKit/537.36 (KHTML, like Gecko; compatible; ClaudeBot/1.0; +claudebot@anthropic.com)"
216.73.216.242 - - [26/Aug/2026:02:27:59 +0800] "GET /32745/2021/06/04/%e6%9e%97%e4%bf%8a%e9%80%b8/ HTTP/1.1" 200 86415 "-" "Mozilla/5.0 AppleWebKit/537.36 (KHTML, like Gecko; compatible; ClaudeBot/1.0; +claudebot@anthropic.com)"
216.73.216.242 - - [26/Aug/2026:02:27:59 +0800] "GET /32745/category/%e5%91%a8%e9%9b%85%e8%8a%b3/feed/ HTTP/1.1" 200 10111 "-" "Mozilla/5.0 AppleWebKit/537.36 (KHTML, like Gecko; compatible; ClaudeBot/1.0; +claudebot@anthropic.com)"
34.171.68.95 - - [26/Aug/2026:02:28:00 +0800] "GET /6486/wp-json/wp/v2/posts/4387 HTTP/1.1" 200 21152 "-" "Mozilla/5.0 (Macintosh; Intel Mac OS X 10_15_7) AppleWebKit/537.36 (KHTML, like Gecko) Chrome/120.0.0.0 Safari/537.36"
216.73.216.242 - - [26/Aug/2026:02:27:59 +0800] "GET /32745/2020/07/05/%e9%9d%a0%e5%b1%b1/ HTTP/1.1" 200 87299 "-" "Mozilla/5.0 AppleWebKit/537.36 (KHTML, like Gecko; compatible; ClaudeBot/1.0; +claudebot@anthropic.com)"
216.73.216.242 - - [26/Aug/2026:02:27:59 +0800] "GET /32745/2022/03/30/%e5%bd%bc%e5%b2%b8%e8%8a%b1/ HTTP/1.1" 200 87185 "-" "Mozilla/5.0 AppleWebKit/537.36 (KHTML, like Gecko; compatible; ClaudeBot/1.0; +claudebot@anthropic.com)"
216.73.216.242 - - [26/Aug/2026:02:28:00 +0800] "GET /32745/2025/08/21/%e8%94%a1%e7%8e%89%e7%be%8e/ HTTP/1.1" 200 85529 "-" "Mozilla/5.0 AppleWebKit/537.36 (KHTML, like Gecko; compatible; ClaudeBot/1.0; +claudebot@anthropic.com)"
85.208.96.208 - - [26/Aug/2026:02:28:00 +0800] "GET /70811a/category/uncategorized/ HTTP/1.1" 200 28451 "-" "Mozilla/5.0 (compatible; SemrushBot/7~bl; +http://www.semrush.com/bot.html)"
216.73.216.242 - - [26/Aug/2026:02:28:00 +0800] "GET /32745/2021/01/02/%e9%9a%a8%e9%a2%a8%e9%a3%9b/ HTTP/1.1" 200 87508 "-" "Mozilla/5.0 AppleWebKit/537.36 (KHTML, like Gecko; compatible; ClaudeBot/1.0; +claudebot@anthropic.com)"
216.73.216.242 - - [26/Aug/2026:02:27:59 +0800] "GET /32745/category/%e7%8e%8b%e5%bb%ba%e5%82%91/feed/ HTTP/1.1" 200 7394 "-" "Mozilla/5.0 AppleWebKit/537.36 (KHTML, like Gecko; compatible; ClaudeBot/1.0; +claudebot@anthropic.com)"
216.73.216.242 - - [26/Aug/2026:02:28:00 +0800] "GET /32745/2022/05/28/%e5%a7%8a%e5%a6%b9-2/ HTTP/1.1" 200 87426 "-" "Mozilla/5.0 AppleWebKit/537.36 (KHTML, like Gecko; compatible; ClaudeBot/1.0; +claudebot@anthropic.com)"
216.73.216.242 - - [26/Aug/2026:02:28:00 +0800] "GET /32745/2021/07/30/%e9%bb%83%e6%98%8f%e6%80%a8/ HTTP/1.1" 200 87382 "-" "Mozilla/5.0 AppleWebKit/537.36 (KHTML, like Gecko; compatible; ClaudeBot/1.0; +claudebot@anthropic.com)"
2001:288:a201::67:85 - - [26/Aug/2026:02:28:01 +0800] "GET / HTTP/1.1" 200 56291 "-" "curl/7.81.0"
216.73.216.242 - - [26/Aug/2026:02:28:00 +0800] "GET /32745/category/%e8%b3%b4%e9%8a%98%e5%81%89/ HTTP/1.1" 200 86403 "-" "Mozilla/5.0 AppleWebKit/537.36 (KHTML, like Gecko; compatible; ClaudeBot/1.0; +claudebot@anthropic.com)"
2001:288:a201::67:84 - - [26/Aug/2026:02:28:01 +0800] "GET / HTTP/1.1" 200 56291 "-" "curl/7.81.0"
216.73.216.242 - - [26/Aug/2026:02:28:00 +0800] "GET /32745/category/%e6%9d%8e%e7%82%b3%e8%bc%9d/feed/ HTTP/1.1" 200 4230 "-" "Mozilla/5.0 AppleWebKit/537.36 (KHTML, like Gecko; compatible; ClaudeBot/1.0; +claudebot@anthropic.com)"
34.56.124.53 - - [26/Aug/2026:02:28:01 +0800] "GET /6452/?p=4861 HTTP/1.1" 301 5667 "-" "Mozilla/5.0 (Macintosh; Intel Mac OS X 10_15_7) AppleWebKit/537.36 (KHTML, like Gecko) Chrome/120.0.0.0 Safari/537.36"
17.22.237.75 - - [26/Aug/2026:02:28:01 +0800] "GET /1990/wp-content/themes/karuna/assets/js/skip-link-focus-fix.js HTTP/1.1" 200 1351 "https://2blog.ilc.edu.tw/1990/2021/06/21/0622%e4%ba%8c%e5%ad%b8%e7%bf%92%e4%bb%bb%e5%8b%99/" "Mozilla/5.0 (Macintosh; Intel Mac OS X 10_15_7) AppleWebKit/605.1.15 (KHTML, like Gecko) Version/17.4 Safari/605.1.15 (Applebot/0.1; +http://www.apple.com/go/applebot)"
2001:288:a201::67:82 - - [26/Aug/2026:02:28:01 +0800] "GET / HTTP/1.1" 200 56291 "-" "curl/7.81.0"
216.73.216.242 - - [26/Aug/2026:02:28:01 +0800] "GET /32745/category/%e9%99%b3%e5%a9%89%e7%8e%b2/ HTTP/1.1" 200 86026 "-" "Mozilla/5.0 AppleWebKit/537.36 (KHTML, like Gecko; compatible; ClaudeBot/1.0; +claudebot@anthropic.com)"
216.73.216.242 - - [26/Aug/2026:02:28:01 +0800] "GET /32745/category/%e6%9d%8e%e4%ba%ae%e7%91%be/ HTTP/1.1" 200 85516 "-" "Mozilla/5.0 AppleWebKit/537.36 (KHTML, like Gecko; compatible; ClaudeBot/1.0; +claudebot@anthropic.com)"
140.111.67.86 - - [26/Aug/2026:02:28:01 +0800] "GET / HTTP/1.1" 200 56291 "-" "curl/7.81.0"
216.73.216.242 - - [26/Aug/2026:02:28:01 +0800] "GET /32745/2021/07/20/%e4%b8%80%e6%9e%9d%e8%8d%89/ HTTP/1.1" 200 87911 "-" "Mozilla/5.0 AppleWebKit/537.36 (KHTML, like Gecko; compatible; ClaudeBot/1.0; +claudebot@anthropic.com)"
216.73.216.242 - - [26/Aug/2026:02:28:01 +0800] "GET /32745/wp-json/oembed/1.0/embed?url=https%3A%2F%2F2blog.ilc.edu.tw%2F32745%2F2024%2F08%2F03%2F%25e9%2586%2589-4%2F HTTP/1.1" 200 3399 "-" "Mozilla/5.0 AppleWebKit/537.36 (KHTML, like Gecko; compatible; ClaudeBot/1.0; +claudebot@anthropic.com)"
216.73.216.242 - - [26/Aug/2026:02:28:01 +0800] "GET /32745/category/%e5%ad%ab%e5%8d%94%e5%bf%97/ HTTP/1.1" 200 86665 "-" "Mozilla/5.0 AppleWebKit/537.36 (KHTML, like Gecko; compatible; ClaudeBot/1.0; +claudebot@anthropic.com)"
216.73.216.242 - - [26/Aug/2026:02:28:01 +0800] "GET /32745/2021/07/18/%e7%89%bd%e6%89%8b1234/ HTTP/1.1" 200 87399 "-" "Mozilla/5.0 AppleWebKit/537.36 (KHTML, like Gecko; compatible; ClaudeBot/1.0; +claudebot@anthropic.com)"
216.73.216.242 - - [26/Aug/2026:02:28:01 +0800] "GET /32745/2022/02/13/%e6%9c%89%e6%99%82/ HTTP/1.1" 200 88366 "-" "Mozilla/5.0 AppleWebKit/537.36 (KHTML, like Gecko; compatible; ClaudeBot/1.0; +claudebot@anthropic.com)"
198.235.24.74 - - [26/Aug/2026:02:28:02 +0800] "GET /wp-login.php HTTP/1.1" 200 20349 "-" "Hello from Palo Alto Networks, find out more about our scans in https://docs-cortex.paloaltonetworks.com/r/1/Cortex-Xpanse/Scanning-activity"
216.73.216.242 - - [26/Aug/2026:02:28:01 +0800] "GET /32745/2021/01/22/%e4%bc%b4%e7%9b%b8%e6%80%9d-2/ HTTP/1.1" 200 87598 "-" "Mozilla/5.0 AppleWebKit/537.36 (KHTML, like Gecko; compatible; ClaudeBot/1.0; +claudebot@anthropic.com)"
52.5.232.250 - - [26/Aug/2026:02:28:02 +0800] "GET /yceec/wp-json/wp/v2/posts/1347/revisions HTTP/1.1" 401 6198 "-" "Mozilla/5.0 AppleWebKit/537.36 (KHTML, like Gecko; compatible; Amazonbot/0.1; +https://developer.amazon.com/support/amazonbot) Chrome/119.0.6045.214 Safari/537.36"
216.73.216.242 - - [26/Aug/2026:02:28:01 +0800] "GET /32745/2023/05/12/%e5%a5%bd%e5%91%b3/ HTTP/1.1" 200 87510 "-" "Mozilla/5.0 AppleWebKit/537.36 (KHTML, like Gecko; compatible; ClaudeBot/1.0; +claudebot@anthropic.com)"
216.73.216.242 - - [26/Aug/2026:02:28:02 +0800] "GET /32745/category/%e4%bd%95%e6%9b%89%e5%a9%b7/ HTTP/1.1" 200 85926 "-" "Mozilla/5.0 AppleWebKit/537.36 (KHTML, like Gecko; compatible; ClaudeBot/1.0; +claudebot@anthropic.com)"
::1 - - [26/Aug/2026:02:28:02 +0800] "OPTIONS * HTTP/1.0" 200 110 "-" "Apache/2.4.68 (Ubuntu) OpenSSL/3.0.19 (internal dummy connection)"
216.73.216.242 - - [26/Aug/2026:02:28:01 +0800] "GET /32745/category/%e5%90%b3%e5%bf%97%e5%af%a7/feed/ HTTP/1.1" 200 3798 "-" "Mozilla/5.0 AppleWebKit/537.36 (KHTML, like Gecko; compatible; ClaudeBot/1.0; +claudebot@anthropic.com)"
216.73.216.242 - - [26/Aug/2026:02:28:02 +0800] "GET /32745/2020/05/16/%e9%b4%9f%e9%b4%9e/ HTTP/1.1" 200 87185 "-" "Mozilla/5.0 AppleWebKit/537.36 (KHTML, like Gecko; compatible; ClaudeBot/1.0; +claudebot@anthropic.com)"
216.73.216.242 - - [26/Aug/2026:02:28:02 +0800] "GET /32745/2020/07/05/%e5%a5%bd%e8%8c%b6/ HTTP/1.1" 200 87927 "-" "Mozilla/5.0 AppleWebKit/537.36 (KHTML, like Gecko; compatible; ClaudeBot/1.0; +claudebot@anthropic.com)"
216.73.216.242 - - [26/Aug/2026:02:28:02 +0800] "GET /32745/2021/04/03/%e8%80%81%e8%a1%97/ HTTP/1.1" 200 87279 "-" "Mozilla/5.0 AppleWebKit/537.36 (KHTML, like Gecko; compatible; ClaudeBot/1.0; +claudebot@anthropic.com)"
216.73.216.242 - - [26/Aug/2026:02:28:02 +0800] "GET /32745/category/%e4%ba%8e%e4%b8%ad%e7%b4%85/ HTTP/1.1" 200 85564 "-" "Mozilla/5.0 AppleWebKit/537.36 (KHTML, like Gecko; compatible; ClaudeBot/1.0; +claudebot@anthropic.com)"
2001:288:a201::66:125 - - [26/Aug/2026:02:28:03 +0800] "GET /blog/active.php HTTP/1.1" 301 1026 "-" "-"
2001:288:a201::66:125 - - [26/Aug/2026:02:28:03 +0800] "GET /blog/active.php HTTP/1.1" 404 1084 "-" "-"
17.22.237.75 - - [26/Aug/2026:02:28:03 +0800] "GET /1990/wp-content/themes/karuna/assets/js/functions.js HTTP/1.1" 200 1294 "https://2blog.ilc.edu.tw/1990/2021/06/21/0622%e4%ba%8c%e5%ad%b8%e7%bf%92%e4%bb%bb%e5%8b%99/" "Mozilla/5.0 (Macintosh; Intel Mac OS X 10_15_7) AppleWebKit/605.1.15 (KHTML, like Gecko) Version/17.4 Safari/605.1.15 (Applebot/0.1; +http://www.apple.com/go/applebot)"
216.73.216.242 - - [26/Aug/2026:02:28:03 +0800] "GET /32745/wp-json/oembed/1.0/embed?url=https%3A%2F%2F2blog.ilc.edu.tw%2F32745%2F2025%2F01%2F11%2Fv%25e5%25a7%2590%2F HTTP/1.1" 200 3399 "-" "Mozilla/5.0 AppleWebKit/537.36 (KHTML, like Gecko; compatible; ClaudeBot/1.0; +claudebot@anthropic.com)"
216.73.216.242 - - [26/Aug/2026:02:28:02 +0800] "GET /32745/2020/06/14/%e6%a9%9f%e5%a0%b4/ HTTP/1.1" 200 87627 "-" "Mozilla/5.0 AppleWebKit/537.36 (KHTML, like Gecko; compatible; ClaudeBot/1.0; +claudebot@anthropic.com)"
216.73.216.242 - - [26/Aug/2026:02:28:03 +0800] "GET /32745/2020/06/26/%e9%a0%93%e5%bc%b5/ HTTP/1.1" 200 87540 "-" "Mozilla/5.0 AppleWebKit/537.36 (KHTML, like Gecko; compatible; ClaudeBot/1.0; +claudebot@anthropic.com)"
216.73.216.242 - - [26/Aug/2026:02:28:03 +0800] "GET /32745/category/%e4%bd%99%e5%87%b1%e6%8f%9a/ HTTP/1.1" 200 86222 "-" "Mozilla/5.0 AppleWebKit/537.36 (KHTML, like Gecko; compatible; ClaudeBot/1.0; +claudebot@anthropic.com)"
216.73.216.242 - - [26/Aug/2026:02:28:03 +0800] "GET /32745/2021/07/10/%e6%83%85%e9%9b%a3%e6%8d%a8/ HTTP/1.1" 200 87298 "-" "Mozilla/5.0 AppleWebKit/537.36 (KHTML, like Gecko; compatible; ClaudeBot/1.0; +claudebot@anthropic.com)"
216.73.216.242 - - [26/Aug/2026:02:28:03 +0800] "GET /32745/category/%e6%9e%97%e7%9f%a5%e5%8d%89/ HTTP/1.1" 200 85680 "-" "Mozilla/5.0 AppleWebKit/537.36 (KHTML, like Gecko; compatible; ClaudeBot/1.0; +claudebot@anthropic.com)"
216.73.216.242 - - [26/Aug/2026:02:28:03 +0800] "GET /32745/category/%e5%90%b3%e6%94%bf%e7%bf%b0/feed/ HTTP/1.1" 200 3354 "-" "Mozilla/5.0 AppleWebKit/537.36 (KHTML, like Gecko; compatible; ClaudeBot/1.0; +claudebot@anthropic.com)"
54.156.55.147 - - [26/Aug/2026:02:28:03 +0800] "GET /wp-content/uploads/sites/1444/2020/07/DSC_3662-2048x1364.jpg HTTP/1.1" 200 409620 "-" "Mozilla/5.0 AppleWebKit/537.36 (KHTML, like Gecko; compatible; Amazonbot/0.1; +https://developer.amazon.com/support/amazonbot) Chrome/119.0.6045.214 Safari/537.36"
106.105.209.223 - - [26/Aug/2026:02:28:04 +0800] "GET /ltjhinformation/wp-content/cache/2blog.ilc.edu.tw/wpfc-minified/kag8howh/5wols.css HTTP/1.1" 200 45694 "https://2blog.ilc.edu.tw/ltjhinformation/2022/08/05/%E5%B0%8E%E5%B8%AB%E7%9A%84%E5%A5%BD%E5%B9%AB%E6%89%8B_line%E5%AE%98%E6%96%B9%E5%B8%B3%E8%99%9F%E7%9A%84%E7%94%B3%E8%AB%8B%E8%A8%AD%E5%AE%9A%E8%88%87%E4%BD%BF%E7%94%A8/" "Mozilla/5.0 (Windows NT 10.0; Win64; x64) AppleWebKit/537.36 (KHTML, like Gecko) Chrome/151.0.0.0 Safari/537.36"
106.105.209.223 - - [26/Aug/2026:02:28:04 +0800] "GET /ltjhinformation/wp-content/cache/2blog.ilc.edu.tw/wpfc-minified/mcojpvb1/5wp5w.css HTTP/1.1" 200 20774 "https://2blog.ilc.edu.tw/ltjhinformation/2022/08/05/%E5%B0%8E%E5%B8%AB%E7%9A%84%E5%A5%BD%E5%B9%AB%E6%89%8B_line%E5%AE%98%E6%96%B9%E5%B8%B3%E8%99%9F%E7%9A%84%E7%94%B3%E8%AB%8B%E8%A8%AD%E5%AE%9A%E8%88%87%E4%BD%BF%E7%94%A8/" "Mozilla/5.0 (Windows NT 10.0; Win64; x64) AppleWebKit/537.36 (KHTML, like Gecko) Chrome/151.0.0.0 Safari/537.36"
106.105.209.223 - - [26/Aug/2026:02:28:04 +0800] "GET /ltjhinformation/wp-content/cache/2blog.ilc.edu.tw/wpfc-minified/e6jaenu7/5wobg.css HTTP/1.1" 200 31954 "https://2blog.ilc.edu.tw/ltjhinformation/2022/08/05/%E5%B0%8E%E5%B8%AB%E7%9A%84%E5%A5%BD%E5%B9%AB%E6%89%8B_line%E5%AE%98%E6%96%B9%E5%B8%B3%E8%99%9F%E7%9A%84%E7%94%B3%E8%AB%8B%E8%A8%AD%E5%AE%9A%E8%88%87%E4%BD%BF%E7%94%A8/" "Mozilla/5.0 (Windows NT 10.0; Win64; x64) AppleWebKit/537.36 (KHTML, like Gecko) Chrome/151.0.0.0 Safari/537.36"
