2001:288:a201::66:125 - - [26/Aug/2026:02:28:18 +0800] "GET /blog/active.php HTTP/1.1" 404 1084 "-" "-"
2001:288:a201::66:125 - - [26/Aug/2026:02:28:18 +0800] "GET /blog/active.php HTTP/1.1" 301 1026 "-" "-"
216.73.216.242 - - [26/Aug/2026:02:28:17 +0800] "GET /32745/2021/08/04/%e4%bd%a0%e7%9a%84%e5%bf%83/ HTTP/1.1" 200 87436 "-" "Mozilla/5.0 AppleWebKit/537.36 (KHTML, like Gecko; compatible; ClaudeBot/1.0; +claudebot@anthropic.com)"
216.73.216.242 - - [26/Aug/2026:02:28:17 +0800] "GET /32745/category/%e9%83%ad%e5%bf%a0%e7%a5%90/ HTTP/1.1" 200 86376 "-" "Mozilla/5.0 AppleWebKit/537.36 (KHTML, like Gecko; compatible; ClaudeBot/1.0; +claudebot@anthropic.com)"
216.73.216.242 - - [26/Aug/2026:02:28:18 +0800] "GET /9536/2011/04/21/%e5%8a%89%e7%94%9f%e6%a0%b9/ HTTP/1.1" 200 9713 "-" "Mozilla/5.0 AppleWebKit/537.36 (KHTML, like Gecko; compatible; ClaudeBot/1.0; +claudebot@anthropic.com)"
216.73.216.242 - - [26/Aug/2026:02:28:17 +0800] "GET /32745/2021/10/06/%e5%a2%9c%e6%83%85%e7%b6%b2/ HTTP/1.1" 200 87348 "-" "Mozilla/5.0 AppleWebKit/537.36 (KHTML, like Gecko; compatible; ClaudeBot/1.0; +claudebot@anthropic.com)"
216.73.216.242 - - [26/Aug/2026:02:28:18 +0800] "GET /32745/2022/05/22/%e5%8a%8d%e9%81%93/ HTTP/1.1" 200 86930 "-" "Mozilla/5.0 AppleWebKit/537.36 (KHTML, like Gecko; compatible; ClaudeBot/1.0; +claudebot@anthropic.com)"
216.73.216.242 - - [26/Aug/2026:02:28:18 +0800] "GET /32745/category/%e6%9d%8e%e6%80%9d%e8%bb%92/ HTTP/1.1" 200 85313 "-" "Mozilla/5.0 AppleWebKit/537.36 (KHTML, like Gecko; compatible; ClaudeBot/1.0; +claudebot@anthropic.com)"
216.73.216.242 - - [26/Aug/2026:02:28:18 +0800] "GET /32745/category/%e8%b6%99%e4%b9%99%e8%87%bb/ HTTP/1.1" 200 86301 "-" "Mozilla/5.0 AppleWebKit/537.36 (KHTML, like Gecko; compatible; ClaudeBot/1.0; +claudebot@anthropic.com)"
216.73.216.242 - - [26/Aug/2026:02:28:18 +0800] "GET /32745/2021/04/03/%e8%ab%92%e8%a7%a3/ HTTP/1.1" 200 87610 "-" "Mozilla/5.0 AppleWebKit/537.36 (KHTML, like Gecko; compatible; ClaudeBot/1.0; +claudebot@anthropic.com)"
216.73.216.242 - - [26/Aug/2026:02:28:17 +0800] "GET /32745/category/%e9%bb%83%e6%80%9d%e5%a9%b7/feed/ HTTP/1.1" 200 8555 "-" "Mozilla/5.0 AppleWebKit/537.36 (KHTML, like Gecko; compatible; ClaudeBot/1.0; +claudebot@anthropic.com)"
185.191.171.13 - - [26/Aug/2026:02:28:19 +0800] "GET /2226/archives/449 HTTP/1.1" 200 16979 "-" "Mozilla/5.0 (compatible; SemrushBot/7~bl; +http://www.semrush.com/bot.html)"
216.73.216.242 - - [26/Aug/2026:02:28:18 +0800] "GET /32745/2022/05/18/%e4%bf%9d%e8%ad%b7/ HTTP/1.1" 200 87333 "-" "Mozilla/5.0 AppleWebKit/537.36 (KHTML, like Gecko; compatible; ClaudeBot/1.0; +claudebot@anthropic.com)"
216.73.216.242 - - [26/Aug/2026:02:28:19 +0800] "GET /9536/2011/04/21/%e9%ae%aa%e9%ad%9a/ HTTP/1.1" 200 9520 "-" "Mozilla/5.0 AppleWebKit/537.36 (KHTML, like Gecko; compatible; ClaudeBot/1.0; +claudebot@anthropic.com)"
216.73.216.242 - - [26/Aug/2026:02:28:18 +0800] "GET /32745/2023/01/22/%e6%95%a2%e6%95%a2/ HTTP/1.1" 200 87562 "-" "Mozilla/5.0 AppleWebKit/537.36 (KHTML, like Gecko; compatible; ClaudeBot/1.0; +claudebot@anthropic.com)"
216.73.216.242 - - [26/Aug/2026:02:28:18 +0800] "GET /32745/2020/07/05/%e9%ac%b1%e5%8d%92/ HTTP/1.1" 200 87223 "-" "Mozilla/5.0 AppleWebKit/537.36 (KHTML, like Gecko; compatible; ClaudeBot/1.0; +claudebot@anthropic.com)"
216.73.216.242 - - [26/Aug/2026:02:28:19 +0800] "GET /32745/category/%e5%b0%8f%e8%be%a3%e6%a4%92/ HTTP/1.1" 200 86263 "-" "Mozilla/5.0 AppleWebKit/537.36 (KHTML, like Gecko; compatible; ClaudeBot/1.0; +claudebot@anthropic.com)"
216.73.216.242 - - [26/Aug/2026:02:28:19 +0800] "GET /32745/2022/05/14/%e7%97%b4%e5%bf%83/ HTTP/1.1" 200 87303 "-" "Mozilla/5.0 AppleWebKit/537.36 (KHTML, like Gecko; compatible; ClaudeBot/1.0; +claudebot@anthropic.com)"
216.73.216.242 - - [26/Aug/2026:02:28:19 +0800] "GET /32745/wp-json/oembed/1.0/embed?url=https%3A%2F%2F2blog.ilc.edu.tw%2F32745%2F2025%2F11%2F15%2Fasher%25e5%2587%259c%2F HTTP/1.1" 200 3419 "-" "Mozilla/5.0 AppleWebKit/537.36 (KHTML, like Gecko; compatible; ClaudeBot/1.0; +claudebot@anthropic.com)"
::1 - - [26/Aug/2026:02:28:19 +0800] "OPTIONS * HTTP/1.0" 200 110 "-" "Apache/2.4.68 (Ubuntu) OpenSSL/3.0.19 (internal dummy connection)"
216.73.216.242 - - [26/Aug/2026:02:28:19 +0800] "GET /32745/2020/07/11/%e5%a4%8f%e8%87%b3/ HTTP/1.1" 200 87222 "-" "Mozilla/5.0 AppleWebKit/537.36 (KHTML, like Gecko; compatible; ClaudeBot/1.0; +claudebot@anthropic.com)"
140.111.67.10 - - [26/Aug/2026:02:28:20 +0800] "GET /" 301 273 "-" "-"
216.73.216.242 - - [26/Aug/2026:02:28:19 +0800] "GET /32745/2020/07/05/%e5%b0%8d%e6%89%8b/ HTTP/1.1" 200 87472 "-" "Mozilla/5.0 AppleWebKit/537.36 (KHTML, like Gecko; compatible; ClaudeBot/1.0; +claudebot@anthropic.com)"
216.73.216.242 - - [26/Aug/2026:02:28:19 +0800] "GET /32745/2021/05/28/%e8%b7%af%e6%bb%91%e6%bb%91/ HTTP/1.1" 200 87100 "-" "Mozilla/5.0 AppleWebKit/537.36 (KHTML, like Gecko; compatible; ClaudeBot/1.0; +claudebot@anthropic.com)"
216.73.216.242 - - [26/Aug/2026:02:28:19 +0800] "GET /32745/2020/05/04/%e5%a4%a2%e8%8a%b1/ HTTP/1.1" 200 87295 "-" "Mozilla/5.0 AppleWebKit/537.36 (KHTML, like Gecko; compatible; ClaudeBot/1.0; +claudebot@anthropic.com)"
::1 - - [26/Aug/2026:02:28:20 +0800] "OPTIONS * HTTP/1.0" 200 110 "-" "Apache/2.4.68 (Ubuntu) OpenSSL/3.0.19 (internal dummy connection)"
216.73.216.242 - - [26/Aug/2026:02:28:20 +0800] "GET /32745/2020/08/01/%e7%b4%84%e6%9d%9f-2/ HTTP/1.1" 200 87573 "-" "Mozilla/5.0 AppleWebKit/537.36 (KHTML, like Gecko; compatible; ClaudeBot/1.0; +claudebot@anthropic.com)"
66.249.79.163 - - [26/Aug/2026:02:28:18 +0800] "GET /physical/category/%E4%B8%8B%E8%BC%89%E5%B0%88%E5%8D%80/ HTTP/1.1" 200 11832 "-" "Mozilla/5.0 (compatible; Googlebot/2.1; +http://www.google.com/bot.html)"
216.73.216.242 - - [26/Aug/2026:02:28:21 +0800] "GET /modules.php?file=article&name=News HTTP/1.1" 404 951 "-" "Mozilla/5.0 AppleWebKit/537.36 (KHTML, like Gecko; compatible; ClaudeBot/1.0; +claudebot@anthropic.com)"
66.249.79.163 - - [26/Aug/2026:02:28:21 +0800] "GET /englishvillage/wp-content/uploads/sites/3106/2025/03/IMG_9240-300x225.jpeg HTTP/1.1" 200 21488 "-" "Googlebot-Image/1.0"
2a03:2880:24ff:2:: - - [26/Aug/2026:02:28:21 +0800] "GET /6043/author/blithe12/page/7/ HTTP/1.1" 200 22539 "-" "Mozilla/5.0 (Macintosh; Intel Mac OS X 10_15_7) AppleWebKit/537.36 (KHTML, like Gecko) Chrome/145.0.0.0 Safari/537.36 (compatible; meta-webindexer/1.1 (+https://developers.facebook.com/docs/sharing/webmasters/crawler))"
34.10.180.98 - - [26/Aug/2026:02:28:21 +0800] "GET /1003/wp-json/oembed/1.0/embed?url=https://2blog.ilc.edu.tw/1003/2018/12/22/%25e6%2595%25b8%25e4%25bd%258d%25e5%25ad%25b8%25e7%25bf%2592flyer%25e6%258b%258d%25e8%2594%25ac%25e8%258f%259c%25e7%25be%258e%25e7%2585%25a7/ HTTP/1.1" 200 8339 "-" "Mozilla/5.0 (Macintosh; Intel Mac OS X 10_15_7) AppleWebKit/537.36 (KHTML, like Gecko) Chrome/120.0.0.0 Safari/537.36"
66.249.79.163 - - [26/Aug/2026:02:28:22 +0800] "GET /rainbow123/wp-content/uploads/sites/3901/2025/10/DSCN9129-300x225.jpg HTTP/1.1" 200 16861 "-" "Googlebot-Image/1.0"
52.2.58.41 - - [26/Aug/2026:02:28:22 +0800] "GET /6423/wp-json/wp/v2/tags?post=378 HTTP/1.1" 200 6010 "-" "Mozilla/5.0 AppleWebKit/537.36 (KHTML, like Gecko; compatible; Amazonbot/0.1; +https://developer.amazon.com/support/amazonbot) Chrome/119.0.6045.214 Safari/537.36"
2001:288:a201::66:125 - - [26/Aug/2026:02:28:23 +0800] "GET /blog/active.php HTTP/1.1" 404 1084 "-" "-"
2001:288:a201::66:125 - - [26/Aug/2026:02:28:23 +0800] "GET /blog/active.php HTTP/1.1" 301 1026 "-" "-"
40.77.167.76 - - [26/Aug/2026:02:28:23 +0800] "GET /1/2021/04/21/ HTTP/1.1" 404 43669 "-" "Mozilla/5.0 AppleWebKit/537.36 (KHTML, like Gecko; compatible; bingbot/2.0; +http://www.bing.com/bingbot.htm) Chrome/116.0.1938.76 Safari/537.36"
2a03:2880:15ff:44:: - - [26/Aug/2026:02:28:22 +0800] "GET /wp-content/uploads/sites/207/6043/6043-2974336.jpg HTTP/1.1" 200 6230 "https://2blog.ilc.edu.tw/6043/author/blithe12/page/7/" "Mozilla/5.0 (Macintosh; Intel Mac OS X 10_15_7) AppleWebKit/537.36 (KHTML, like Gecko) Chrome/145.0.0.0 Safari/537.36 (compatible; meta-webindexer/1.1 (+https://developers.facebook.com/docs/sharing/webmasters/crawler))"
2a03:2880:15ff:44:: - - [26/Aug/2026:02:28:22 +0800] "GET /wp-content/uploads/sites/207/6043/6043-3029445.jpg HTTP/1.1" 200 6230 "https://2blog.ilc.edu.tw/6043/author/blithe12/page/7/" "Mozilla/5.0 (Macintosh; Intel Mac OS X 10_15_7) AppleWebKit/537.36 (KHTML, like Gecko) Chrome/145.0.0.0 Safari/537.36 (compatible; meta-webindexer/1.1 (+https://developers.facebook.com/docs/sharing/webmasters/crawler))"
2a03:2880:18ff:46:: - - [26/Aug/2026:02:28:22 +0800] "GET /wp-content/uploads/sites/207/6043/6043-2937323.jpg HTTP/1.1" 200 6230 "https://2blog.ilc.edu.tw/6043/author/blithe12/page/7/" "Mozilla/5.0 (Macintosh; Intel Mac OS X 10_15_7) AppleWebKit/537.36 (KHTML, like Gecko) Chrome/145.0.0.0 Safari/537.36 (compatible; meta-webindexer/1.1 (+https://developers.facebook.com/docs/sharing/webmasters/crawler))"
34.30.223.149 - - [26/Aug/2026:02:28:24 +0800] "GET /6553/wp-json/wp/v2/posts/633 HTTP/1.1" 200 8505 "-" "Mozilla/5.0 (Macintosh; Intel Mac OS X 10_15_7) AppleWebKit/537.36 (KHTML, like Gecko) Chrome/120.0.0.0 Safari/537.36"
34.10.180.98 - - [26/Aug/2026:02:28:24 +0800] "GET /32745/wp-json/wp/v2/posts/23620 HTTP/1.1" 200 20492 "-" "Mozilla/5.0 (Macintosh; Intel Mac OS X 10_15_7) AppleWebKit/537.36 (KHTML, like Gecko) Chrome/120.0.0.0 Safari/537.36"
140.111.67.10 - - [26/Aug/2026:02:28:25 +0800] "GET /" 301 273 "-" "-"
::1 - - [26/Aug/2026:02:28:25 +0800] "OPTIONS * HTTP/1.0" 200 110 "-" "Apache/2.4.68 (Ubuntu) OpenSSL/3.0.19 (internal dummy connection)"
34.123.149.87 - - [26/Aug/2026:02:28:25 +0800] "GET /17160/wp-json/wp/v2/posts/13513 HTTP/1.1" 200 12980 "-" "Mozilla/5.0 (Macintosh; Intel Mac OS X 10_15_7) AppleWebKit/537.36 (KHTML, like Gecko) Chrome/120.0.0.0 Safari/537.36"
34.56.53.225 - - [26/Aug/2026:02:28:26 +0800] "GET /2010/11/26/%E5%AE%9C%E8%98%AD%E6%9C%89%E7%B7%9A%E5%A0%B1%E5%B0%8E-%E9%87%91%E6%B4%8B%E5%9C%8B%E5%B0%8F-1/ HTTP/1.1" 200 32915 "-" "Mozilla/5.0 (Macintosh; Intel Mac OS X 10_15_7) AppleWebKit/537.36 (KHTML, like Gecko) Chrome/120.0.0.0 Safari/537.36"
34.42.229.145 - - [26/Aug/2026:02:28:26 +0800] "GET /6551/author/lacklin/page/3/ HTTP/1.1" 200 14089 "-" "Mozilla/5.0 (Macintosh; Intel Mac OS X 10_15_7) AppleWebKit/537.36 (KHTML, like Gecko) Chrome/120.0.0.0 Safari/537.36"
34.225.87.80 - - [26/Aug/2026:02:28:26 +0800] "GET /amy6998/wp-content/uploads/sites/2364/2026/06/IMG_5169-1024x768.jpg HTTP/1.1" 200 148371 "-" "Mozilla/5.0 AppleWebKit/537.36 (KHTML, like Gecko; compatible; Amazonbot/0.1; +https://developer.amazon.com/support/amazonbot) Chrome/119.0.6045.214 Safari/537.36"
::1 - - [26/Aug/2026:02:28:26 +0800] "OPTIONS * HTTP/1.0" 200 110 "-" "Apache/2.4.68 (Ubuntu) OpenSSL/3.0.19 (internal dummy connection)"
66.249.71.37 - - [26/Aug/2026:02:28:24 +0800] "GET /technology/2014/01/02/ HTTP/1.1" 200 20511 "-" "Mozilla/5.0 (Linux; Android 6.0.1; Nexus 5X Build/MMB29P) AppleWebKit/537.36 (KHTML, like Gecko) Chrome/151.0.7922.137 Mobile Safari/537.36 (compatible; Googlebot/2.1; +http://www.google.com/bot.html)"
34.10.180.98 - - [26/Aug/2026:02:28:26 +0800] "GET /5192/2011/04/06/%E8%88%87%E5%87%B1%E6%97%8B%E6%9C%89%E7%B4%84%E7%AC%AC%E4%B8%83%E6%9C%9F/ HTTP/1.1" 200 29879 "-" "Mozilla/5.0 (Macintosh; Intel Mac OS X 10_15_7) AppleWebKit/537.36 (KHTML, like Gecko) Chrome/120.0.0.0 Safari/537.36"
34.234.197.175 - - [26/Aug/2026:02:28:27 +0800] "GET /wp-content/uploads/sites/1132/elementor/css/?C=D;O%3DD HTTP/1.1" 200 1115 "-" "Mozilla/5.0 AppleWebKit/537.36 (KHTML, like Gecko; compatible; Amazonbot/0.1; +https://developer.amazon.com/support/amazonbot) Chrome/119.0.6045.214 Safari/537.36"
::1 - - [26/Aug/2026:02:28:27 +0800] "OPTIONS * HTTP/1.0" 200 110 "-" "Apache/2.4.68 (Ubuntu) OpenSSL/3.0.19 (internal dummy connection)"
34.10.180.98 - - [26/Aug/2026:02:28:27 +0800] "GET /32745/?p=92595 HTTP/1.1" 301 5584 "-" "Mozilla/5.0 (Macintosh; Intel Mac OS X 10_15_7) AppleWebKit/537.36 (KHTML, like Gecko) Chrome/120.0.0.0 Safari/537.36"
35.172.125.172 - - [26/Aug/2026:02:28:28 +0800] "GET /blog/blog/112/resource/7021/55445 HTTP/1.1" 404 25485 "-" "Mozilla/5.0 AppleWebKit/537.36 (KHTML, like Gecko; compatible; Amazonbot/0.1; +https://developer.amazon.com/support/amazonbot) Chrome/119.0.6045.214 Safari/537.36"
2001:288:a201::66:125 - - [26/Aug/2026:02:28:28 +0800] "GET /blog/active.php HTTP/1.1" 301 1026 "-" "-"
2001:288:a201::66:125 - - [26/Aug/2026:02:28:28 +0800] "GET /blog/active.php HTTP/1.1" 404 1084 "-" "-"
34.10.180.98 - - [26/Aug/2026:02:28:27 +0800] "GET /32745/category/%E5%A7%9A%E8%A3%95%E8%B1%90/ HTTP/1.1" 200 90321 "-" "Mozilla/5.0 (Macintosh; Intel Mac OS X 10_15_7) AppleWebKit/537.36 (KHTML, like Gecko) Chrome/120.0.0.0 Safari/537.36"
::1 - - [26/Aug/2026:02:28:28 +0800] "OPTIONS * HTTP/1.0" 200 110 "-" "Apache/2.4.68 (Ubuntu) OpenSSL/3.0.19 (internal dummy connection)"
34.10.180.98 - - [26/Aug/2026:02:28:28 +0800] "GET /6572/2013/11/12/2-5-3%E5%8F%83%E8%88%87%E7%BE%85%E6%9D%B1%E8%87%AA%E7%84%B6%E6%95%99%E8%82%B2%E4%B8%AD%E5%BF%83%E8%AA%B2%E7%A8%8B%E6%96%B9%E6%A1%88-%E7%B6%A0%E8%89%B2%E5%B0%8F%E7%B2%BE%E9%9D%88/ HTTP/1.1" 200 16010 "-" "Mozilla/5.0 (Macintosh; Intel Mac OS X 10_15_7) AppleWebKit/537.36 (KHTML, like Gecko) Chrome/120.0.0.0 Safari/537.36"
::1 - - [26/Aug/2026:02:28:29 +0800] "OPTIONS * HTTP/1.0" 200 110 "-" "Apache/2.4.68 (Ubuntu) OpenSSL/3.0.19 (internal dummy connection)"
140.111.67.10 - - [26/Aug/2026:02:28:30 +0800] "GET /" 301 273 "-" "-"
::1 - - [26/Aug/2026:02:28:30 +0800] "OPTIONS * HTTP/1.0" 200 110 "-" "Apache/2.4.68 (Ubuntu) OpenSSL/3.0.19 (internal dummy connection)"
34.56.53.225 - - [26/Aug/2026:02:28:31 +0800] "GET /6557/2012/09/10/101_4-8_101-09-09%E5%8F%83%E5%8A%A0%E5%AE%9C%E8%98%AD%E7%B8%A3%E7%A7%91%E5%AD%B8%E5%B7%A1%E8%BF%B4%E6%8E%A8%E5%BB%A3%E6%B4%BB%E5%8B%95/ HTTP/1.1" 200 15465 "-" "Mozilla/5.0 (Macintosh; Intel Mac OS X 10_15_7) AppleWebKit/537.36 (KHTML, like Gecko) Chrome/120.0.0.0 Safari/537.36"
34.234.206.30 - - [26/Aug/2026:02:28:31 +0800] "GET /6497/?simply_static_page=1503 HTTP/1.1" 200 22323 "-" "Mozilla/5.0 AppleWebKit/537.36 (KHTML, like Gecko; compatible; Amazonbot/0.1; +https://developer.amazon.com/support/amazonbot) Chrome/119.0.6045.214 Safari/537.36"
::1 - - [26/Aug/2026:02:28:31 +0800] "OPTIONS * HTTP/1.0" 200 110 "-" "Apache/2.4.68 (Ubuntu) OpenSSL/3.0.19 (internal dummy connection)"
136.119.35.120 - - [26/Aug/2026:02:28:32 +0800] "GET /6525/?p=812 HTTP/1.1" 301 5652 "-" "Mozilla/5.0 (Macintosh; Intel Mac OS X 10_15_7) AppleWebKit/537.36 (KHTML, like Gecko) Chrome/120.0.0.0 Safari/537.36"
34.195.60.66 - - [26/Aug/2026:02:28:32 +0800] "GET /wp-content/themes/oceanwp/assets/fonts/fontawesome/css/all.min.css HTTP/1.1" 200 23238 "-" "Mozilla/5.0 AppleWebKit/537.36 (KHTML, like Gecko; compatible; Amazonbot/0.1; +https://developer.amazon.com/support/amazonbot) Chrome/119.0.6045.214 Safari/537.36"
::1 - - [26/Aug/2026:02:28:32 +0800] "OPTIONS * HTTP/1.0" 200 110 "-" "Apache/2.4.68 (Ubuntu) OpenSSL/3.0.19 (internal dummy connection)"
2001:288:a201::66:125 - - [26/Aug/2026:02:28:33 +0800] "GET /blog/active.php HTTP/1.1" 301 1026 "-" "-"
2001:288:a201::66:125 - - [26/Aug/2026:02:28:33 +0800] "GET /blog/active.php HTTP/1.1" 404 1084 "-" "-"
66.249.74.196 - - [26/Aug/2026:02:28:33 +0800] "GET /robots.txt HTTP/1.1" 301 1053 "-" "Mozilla/5.0 (compatible; Googlebot/2.1; +http://www.google.com/bot.html)"
::1 - - [26/Aug/2026:02:28:33 +0800] "OPTIONS * HTTP/1.0" 200 110 "-" "Apache/2.4.68 (Ubuntu) OpenSSL/3.0.19 (internal dummy connection)"
66.249.79.163 - - [26/Aug/2026:02:28:33 +0800] "GET /robots.txt HTTP/1.1" 200 5579 "-" "Mozilla/5.0 (compatible; Googlebot/2.1; +http://www.google.com/bot.html)"
::1 - - [26/Aug/2026:02:28:34 +0800] "OPTIONS * HTTP/1.0" 200 110 "-" "Apache/2.4.68 (Ubuntu) OpenSSL/3.0.19 (internal dummy connection)"
140.111.67.10 - - [26/Aug/2026:02:28:35 +0800] "GET /" 301 273 "-" "-"
85.208.96.197 - - [26/Aug/2026:02:28:35 +0800] "GET /26362/category/%E6%9C%80%E6%96%B0%E5%85%AC%E5%91%8A/ HTTP/1.1" 200 21499 "-" "Mozilla/5.0 (compatible; SemrushBot/7~bl; +http://www.semrush.com/bot.html)"
2408:872f:c00:408::175 - - [26/Aug/2026:02:28:35 +0800] "GET /2024/08 HTTP/1.1" 301 5769 "-" "Mozilla/5.0 (Windows NT 10.0; Win64; x64) AppleWebKit/537.36 (KHTML, like Gecko) Chrome/144.0.0.0 Safari/537.36"
106.105.209.223 - - [26/Aug/2026:02:28:35 +0800] "-" 408 339 "-" "-"
44.193.115.232 - - [26/Aug/2026:02:28:35 +0800] "GET /blog/blog/112/resource/7021/55457 HTTP/1.1" 404 25485 "-" "Mozilla/5.0 AppleWebKit/537.36 (KHTML, like Gecko; compatible; Amazonbot/0.1; +https://developer.amazon.com/support/amazonbot) Chrome/119.0.6045.214 Safari/537.36"
2408:872f:c00:408::175 - - [26/Aug/2026:02:28:36 +0800] "GET /2024/08/ HTTP/1.1" 200 43594 "-" "Mozilla/5.0 (Windows NT 10.0; Win64; x64) AppleWebKit/537.36 (KHTML, like Gecko) Chrome/144.0.0.0 Safari/537.36"
66.249.71.37 - - [26/Aug/2026:02:28:36 +0800] "GET /17160/ HTTP/1.1" 200 20119 "-" "Mozilla/5.0 (compatible; Googlebot/2.1; +http://www.google.com/bot.html)"
::1 - - [26/Aug/2026:02:28:36 +0800] "OPTIONS * HTTP/1.0" 200 110 "-" "Apache/2.4.68 (Ubuntu) OpenSSL/3.0.19 (internal dummy connection)"
34.57.162.91 - - [26/Aug/2026:02:28:37 +0800] "GET /6525/wp-json/wp/v2/posts/977 HTTP/1.1" 200 8879 "-" "Mozilla/5.0 (Macintosh; Intel Mac OS X 10_15_7) AppleWebKit/537.36 (KHTML, like Gecko) Chrome/120.0.0.0 Safari/537.36"
2408:872f:c00:408::175 - - [26/Aug/2026:02:28:37 +0800] "GET /wp-content/cache/www.najh.ilc.edu.tw/wpfc-minified/1f13uvw/6wh9.css HTTP/1.1" 200 40884 "https://www.najh.ilc.edu.tw/2024/08/" "Mozilla/5.0 (Windows NT 10.0; Win64; x64) AppleWebKit/537.36 (KHTML, like Gecko) Chrome/144.0.0.0 Safari/537.36"
136.119.35.120 - - [26/Aug/2026:02:28:37 +0800] "GET /6030/2013/05/19/%E5%BE%AE%E7%AC%91%E7%9A%93%E9%BD%92%E5%AF%B6%E5%AF%B6%E9%81%B8%E6%8B%94/ HTTP/1.1" 200 15900 "-" "Mozilla/5.0 (Macintosh; Intel Mac OS X 10_15_7) AppleWebKit/537.36 (KHTML, like Gecko) Chrome/120.0.0.0 Safari/537.36"
2408:872f:c00:408::175 - - [26/Aug/2026:02:28:37 +0800] "GET /wp-content/cache/www.najh.ilc.edu.tw/wpfc-minified/k0kc5650/6wh9.js HTTP/1.1" 200 35558 "https://www.najh.ilc.edu.tw/2024/08/" "Mozilla/5.0 (Windows NT 10.0; Win64; x64) AppleWebKit/537.36 (KHTML, like Gecko) Chrome/144.0.0.0 Safari/537.36"
34.56.124.53 - - [26/Aug/2026:02:28:37 +0800] "GET /6472/wp-json/oembed/1.0/embed?url=https://2blog.ilc.edu.tw/6472/2010/10/12/%25e4%25ba%2594%25e4%25b8%258a%25e7%2589%25b9%25e8%2589%25b2%25e8%25aa%25b2%25e7%25a8%258b/ HTTP/1.1" 200 8213 "-" "Mozilla/5.0 (Macintosh; Intel Mac OS X 10_15_7) AppleWebKit/537.36 (KHTML, like Gecko) Chrome/120.0.0.0 Safari/537.36"
2001:288:a201::66:125 - - [26/Aug/2026:02:28:38 +0800] "GET /blog/active.php HTTP/1.1" 301 1026 "-" "-"
2001:288:a201::66:125 - - [26/Aug/2026:02:28:38 +0800] "GET /blog/active.php HTTP/1.1" 404 1084 "-" "-"
2408:872f:c00:408::175 - - [26/Aug/2026:02:28:38 +0800] "GET /wp-includes/js/hoverintent-js.min.js HTTP/1.1" 200 1597 "https://www.najh.ilc.edu.tw/2024/08/" "Mozilla/5.0 (Windows NT 10.0; Win64; x64) AppleWebKit/537.36 (KHTML, like Gecko) Chrome/144.0.0.0 Safari/537.36"
100.29.34.97 - - [26/Aug/2026:02:28:38 +0800] "GET /blog/blog/112/resource/7021/55453 HTTP/1.1" 301 1062 "-" "Mozilla/5.0 AppleWebKit/537.36 (KHTML, like Gecko; compatible; Amazonbot/0.1; +https://developer.amazon.com/support/amazonbot) Chrome/119.0.6045.214 Safari/537.36"
66.249.79.163 - - [26/Aug/2026:02:28:38 +0800] "GET /datong3/ HTTP/1.1" 200 15985 "-" "Mozilla/5.0 (compatible; Googlebot/2.1; +http://www.google.com/bot.html)"
34.61.96.6 - - [26/Aug/2026:02:28:38 +0800] "GET /9536/2011/01/24/%E8%98%87%E8%8A%B1%E6%96%B7%E5%B1%A4%E6%B5%B7%E5%B2%B8/ HTTP/1.1" 200 14122 "-" "Mozilla/5.0 (Macintosh; Intel Mac OS X 10_15_7) AppleWebKit/537.36 (KHTML, like Gecko) Chrome/120.0.0.0 Safari/537.36"
2408:872f:c00:408::175 - - [26/Aug/2026:02:28:38 +0800] "GET /wp-content/themes/oceanwp/assets/js/drop-down-mobile-menu.min.js HTTP/1.1" 200 4663 "https://www.najh.ilc.edu.tw/2024/08/" "Mozilla/5.0 (Windows NT 10.0; Win64; x64) AppleWebKit/537.36 (KHTML, like Gecko) Chrome/144.0.0.0 Safari/537.36"
2408:872f:c00:408::175 - - [26/Aug/2026:02:28:39 +0800] "GET /wp-content/themes/oceanwp/assets/js/ow-slider.min.js HTTP/1.1" 200 1761 "https://www.najh.ilc.edu.tw/2024/08/" "Mozilla/5.0 (Windows NT 10.0; Win64; x64) AppleWebKit/537.36 (KHTML, like Gecko) Chrome/144.0.0.0 Safari/537.36"
2408:872f:c00:408::175 - - [26/Aug/2026:02:28:39 +0800] "GET /wp-content/plugins/ocean-extra/includes/widgets/js/flickr.min.js HTTP/1.1" 200 1319 "https://www.najh.ilc.edu.tw/2024/08/" "Mozilla/5.0 (Windows NT 10.0; Win64; x64) AppleWebKit/537.36 (KHTML, like Gecko) Chrome/144.0.0.0 Safari/537.36"
34.10.180.98 - - [26/Aug/2026:02:28:39 +0800] "GET /6567/2013/11/page/5/ HTTP/1.1" 200 16391 "-" "Mozilla/5.0 (Macintosh; Intel Mac OS X 10_15_7) AppleWebKit/537.36 (KHTML, like Gecko) Chrome/120.0.0.0 Safari/537.36"
140.111.67.10 - - [26/Aug/2026:02:28:40 +0800] "GET /" 301 273 "-" "-"
66.249.71.37 - - [26/Aug/2026:02:28:40 +0800] "GET /lovetogether/category/%E5%9C%8B%E8%AA%9E/ HTTP/1.1" 200 17642 "-" "Mozilla/5.0 (compatible; Googlebot/2.1; +http://www.google.com/bot.html)"
66.249.71.37 - - [26/Aug/2026:02:28:41 +0800] "GET /17160/wp-includes/css/admin-bar.min.css HTTP/1.1" 200 4685 "https://2blog.ilc.edu.tw/17160/" "Mozilla/5.0 AppleWebKit/537.36 (KHTML, like Gecko; compatible; Googlebot/2.1; +http://www.google.com/bot.html) Chrome/151.0.7922.108 Safari/537.36"
2001:4860:7:810::db - - [26/Aug/2026:02:28:42 +0800] "GET /ltjhinformation/app-inventor-2-%E7%B0%A1%E5%96%AE%E5%AD%B8/ HTTP/1.1" 200 21241 "https://www.google.com/" "Mozilla/5.0 (Windows NT 10.0; Win64; x64) AppleWebKit/537.36 (KHTML, like Gecko) Chrome/151.0.0.0 Safari/537.36"
52.167.144.17 - - [26/Aug/2026:02:28:41 +0800] "GET /wp-content/uploads/sites/1763/2023/11/112%E5%B9%B4%E5%BA%A6%E9%AB%94%E8%82%B2%E7%BD%B2%E5%8E%9F%E4%BD%8F%E6%B0%91%E6%97%8F%E5%AD%B8%E7%94%9F%E9%AB%94%E8%82%B2%E9%81%8B%E5%8B%95%E7%99%BC%E5%B1%95%E8%A8%88%E7%95%AB_%E5%8D%97%E6%BE%B3%E5%9C%8B%E5%B0%8F%E7%B1%83%E7%90%83%E6%88%90%E6%9E%9C%E5%A0%B1%E5%91%8A%E6%9B%B8-%E6%8E%9B%E7%B6%B2%E7%94%A8.pdf HTTP/1.1" 200 3047280 "-" "Mozilla/5.0 AppleWebKit/537.36 (KHTML, like Gecko; compatible; bingbot/2.0; +http://www.bing.com/bingbot.htm) Chrome/116.0.1938.76 Safari/537.36"
23.21.179.120 - - [26/Aug/2026:02:28:42 +0800] "GET /blog/blog/4950/post/14933/530587 HTTP/1.1" 301 1060 "-" "Mozilla/5.0 AppleWebKit/537.36 (KHTML, like Gecko; compatible; Amazonbot/0.1; +https://developer.amazon.com/support/amazonbot) Chrome/119.0.6045.214 Safari/537.36"
66.249.71.37 - - [26/Aug/2026:02:28:43 +0800] "GET /17160/wp-content/themes/oceanwp/assets/css/style.min.css HTTP/1.1" 200 28200 "https://2blog.ilc.edu.tw/17160/" "Mozilla/5.0 AppleWebKit/537.36 (KHTML, like Gecko; compatible; Googlebot/2.1; +http://www.google.com/bot.html) Chrome/151.0.7922.108 Safari/537.36"
2001:288:a201::66:125 - - [26/Aug/2026:02:28:43 +0800] "GET /blog/active.php HTTP/1.1" 301 1026 "-" "-"
2001:288:a201::66:125 - - [26/Aug/2026:02:28:43 +0800] "GET /blog/active.php HTTP/1.1" 404 1084 "-" "-"
98.83.10.183 - - [26/Aug/2026:02:28:43 +0800] "GET /wp-content/uploads/sites/710/ HTTP/1.1" 200 1278 "-" "Mozilla/5.0 AppleWebKit/537.36 (KHTML, like Gecko; compatible; Amazonbot/0.1; +https://developer.amazon.com/support/amazonbot) Chrome/119.0.6045.214 Safari/537.36"
54.209.100.30 - - [26/Aug/2026:02:28:43 +0800] "GET /blog/blog/4950/post/14933/530587 HTTP/1.1" 404 25485 "-" "Mozilla/5.0 AppleWebKit/537.36 (KHTML, like Gecko; compatible; Amazonbot/0.1; +https://developer.amazon.com/support/amazonbot) Chrome/119.0.6045.214 Safari/537.36"
34.10.180.98 - - [26/Aug/2026:02:28:44 +0800] "GET /6547/2010/10/page/1/ HTTP/1.1" 301 5578 "-" "Mozilla/5.0 (Macintosh; Intel Mac OS X 10_15_7) AppleWebKit/537.36 (KHTML, like Gecko) Chrome/120.0.0.0 Safari/537.36"
66.249.79.163 - - [26/Aug/2026:02:28:44 +0800] "GET /526/category/c-116853/ HTTP/1.1" 200 39998 "-" "Mozilla/5.0 (compatible; Googlebot/2.1; +http://www.google.com/bot.html)"
66.249.71.37 - - [26/Aug/2026:02:28:45 +0800] "GET /17160/wp-content/themes/oceanwp-child-theme-master2/style.css HTTP/1.1" 200 1376 "https://2blog.ilc.edu.tw/17160/" "Mozilla/5.0 AppleWebKit/537.36 (KHTML, like Gecko; compatible; Googlebot/2.1; +http://www.google.com/bot.html) Chrome/151.0.7922.108 Safari/537.36"
140.111.67.10 - - [26/Aug/2026:02:28:45 +0800] "GET /" 301 273 "-" "-"
::1 - - [26/Aug/2026:02:28:45 +0800] "OPTIONS * HTTP/1.0" 200 110 "-" "Apache/2.4.68 (Ubuntu) OpenSSL/3.0.19 (internal dummy connection)"
66.249.71.131 - - [26/Aug/2026:02:28:46 +0800] "GET /ads.txt HTTP/1.1" 404 77252 "-" "Mozilla/5.0 (compatible; Googlebot/2.1; +http://www.google.com/bot.html)"
44.205.180.155 - - [26/Aug/2026:02:28:46 +0800] "GET /32745/wp-json/wp/v2/media/13969 HTTP/1.1" 200 9625 "-" "Mozilla/5.0 AppleWebKit/537.36 (KHTML, like Gecko; compatible; Amazonbot/0.1; +https://developer.amazon.com/support/amazonbot) Chrome/119.0.6045.214 Safari/537.36"
34.171.68.95 - - [26/Aug/2026:02:28:46 +0800] "GET /3863/2019/07/19/20190719%E5%8F%83%E5%8A%A0108%E5%B9%B4%E5%BA%A6%E7%BE%85%E6%9D%B1%E9%8E%AE%E8%AA%9E%E6%96%87%E7%AB%B6%E8%B3%BD%E7%8D%B2%E7%8D%8E/ HTTP/1.1" 200 15073 "-" "Mozilla/5.0 (Macintosh; Intel Mac OS X 10_15_7) AppleWebKit/537.36 (KHTML, like Gecko) Chrome/120.0.0.0 Safari/537.36"
54.147.182.90 - - [26/Aug/2026:02:28:47 +0800] "GET /wp-content/uploads/2024/01/36.txt HTTP/1.1" 200 56687 "-" "Mozilla/5.0 AppleWebKit/537.36 (KHTML, like Gecko; compatible; Amazonbot/0.1; +https://developer.amazon.com/support/amazonbot) Chrome/119.0.6045.214 Safari/537.36"
34.10.180.98 - - [26/Aug/2026:02:28:47 +0800] "GET /suscratch/category/%E6%95%99%E5%AD%B8%E6%88%90%E6%9E%9C/113%E5%9B%9B%E5%BF%A0/ HTTP/1.1" 200 18374 "-" "Mozilla/5.0 (Macintosh; Intel Mac OS X 10_15_7) AppleWebKit/537.36 (KHTML, like Gecko) Chrome/120.0.0.0 Safari/537.36"
34.30.223.149 - - [26/Aug/2026:02:28:47 +0800] "GET /wp-content/uploads/sites/1207/6325/6325-3683445.pdf HTTP/1.1" 200 292294 "-" "Mozilla/5.0 (Macintosh; Intel Mac OS X 10_15_7) AppleWebKit/537.36 (KHTML, like Gecko) Chrome/120.0.0.0 Safari/537.36"
40.77.167.41 - - [26/Aug/2026:02:28:47 +0800] "GET /25870/category/c-13240/c-86321/ HTTP/1.1" 200 15959 "-" "Mozilla/5.0 AppleWebKit/537.36 (KHTML, like Gecko; compatible; bingbot/2.0; +http://www.bing.com/bingbot.htm) Chrome/116.0.1938.76 Safari/537.36"
34.10.180.98 - - [26/Aug/2026:02:28:47 +0800] "GET /6486/wp-json/wp/v2/posts/4451 HTTP/1.1" 200 15264 "-" "Mozilla/5.0 (Macintosh; Intel Mac OS X 10_15_7) AppleWebKit/537.36 (KHTML, like Gecko) Chrome/120.0.0.0 Safari/537.36"
2001:288:a201::66:125 - - [26/Aug/2026:02:28:48 +0800] "GET /blog/active.php HTTP/1.1" 301 1026 "-" "-"
2001:288:a201::66:125 - - [26/Aug/2026:02:28:48 +0800] "GET /blog/active.php HTTP/1.1" 404 1084 "-" "-"
143.20.253.37 - - [26/Aug/2026:02:28:47 +0800] "GET /wp-content/uploads/sites/304/2021/08/110%E5%AD%B8%E5%B9%B4%E6%95%B4%E9%AB%94%E8%AA%B2%E7%A8%8B%E8%A8%88%E7%95%AB-%E5%82%99%E6%9F%A5%E9%80%9A%E9%81%8E.pdf HTTP/1.1" 200 4484812 "-" "Mozilla/5.0 (Macintosh; Intel Mac OS X 10_15_7) AppleWebKit/537.36 (KHTML, like Gecko) Chrome/133.0.0.0 Safari/537.36"
44.251.5.150 - - [26/Aug/2026:02:28:48 +0800] "GET /26146/wp-content/uploads/sites/1075/2023/11/113-114%25E5%25B9%25B4%25E9%2581%258B%25E5%258B%2595%25E4%25BA%25BA%25E6%2589%258D%25E5%258F%258A%25E6%2595%2599%25E7%25B7%25B4%25E8%25B3%2587%25E6%2596%2599%25E5%25BA%25AB.pdf HTTP/1.1" 200 133587 "-" "Mozilla/5.0 (Windows NT 10.0; Win64; x64) AppleWebKit/537.36 (KHTML, like Gecko) Chrome/113.0.0.0 Safari/537.36"
17.241.219.198 - - [26/Aug/2026:02:28:48 +0800] "GET /casibom/dsadsaads/www.revxtr.com/dsadsaads/asdsadsadsadas.com/?paged=23 HTTP/1.1" 200 28932 "-" "Mozilla/5.0 (Macintosh; Intel Mac OS X 10_15_7) AppleWebKit/605.1.15 (KHTML, like Gecko) Version/17.4 Safari/605.1.15 (Applebot/0.1; +http://www.apple.com/go/applebot)"
34.10.180.98 - - [26/Aug/2026:02:28:49 +0800] "GET /afterschool/2026/07/17/%E8%BD%89%E7%9F%A5%E8%A1%9B%E7%94%9F%E7%A6%8F%E5%88%A9%E9%83%A8%E5%AE%A3%E5%B0%8E%E5%8A%A0%E5%BC%B7%E8%85%B8%E7%97%85%E6%AF%92%E9%98%B2%E6%B2%BB%E5%8F%8A%E8%A1%9B%E7%94%9F%E6%95%99%E8%82%B2%E5%B7%A5/ HTTP/1.1" 200 15120 "-" "Mozilla/5.0 (Macintosh; Intel Mac OS X 10_15_7) AppleWebKit/537.36 (KHTML, like Gecko) Chrome/120.0.0.0 Safari/537.36"
40.77.167.219 - - [26/Aug/2026:02:28:49 +0800] "GET /robots.txt HTTP/1.1" 200 778 "-" "Mozilla/5.0 AppleWebKit/537.36 (KHTML, like Gecko; compatible; bingbot/2.0; +http://www.bing.com/bingbot.htm) Chrome/116.0.1938.76 Safari/537.36"
140.111.67.10 - - [26/Aug/2026:02:28:50 +0800] "GET /" 301 273 "-" "-"
100.29.34.97 - - [26/Aug/2026:02:28:50 +0800] "GET /6554/2016/11/17/105-2-7%E6%8E%A8%E5%8B%95%E7%92%B0%E5%A2%83%E6%95%99%E8%82%B2%E6%9C%89%E5%8A%9F%E4%BA%8B%E8%B9%9F/embed/ HTTP/1.1" 200 12413 "-" "Mozilla/5.0 AppleWebKit/537.36 (KHTML, like Gecko; compatible; Amazonbot/0.1; +https://developer.amazon.com/support/amazonbot) Chrome/119.0.6045.214 Safari/537.36"
2408:872f:c00:408::175 - - [26/Aug/2026:02:28:50 +0800] "GET /wp-content/uploads/sites/1148/2026/08/cropped-%E6%A0%A1%E5%BE%BD-609x1024-1-32x32.png HTTP/1.1" 200 7023 "https://www.najh.ilc.edu.tw/2024/08/" "Mozilla/5.0 (Windows NT 10.0; Win64; x64) AppleWebKit/537.36 (KHTML, like Gecko) Chrome/144.0.0.0 Safari/537.36"
52.167.144.19 - - [26/Aug/2026:02:28:50 +0800] "GET /search/2026/ HTTP/1.1" 200 16049 "-" "Mozilla/5.0 AppleWebKit/537.36 (KHTML, like Gecko; compatible; bingbot/2.0; +http://www.bing.com/bingbot.htm) Chrome/116.0.1938.76 Safari/537.36"
66.249.79.163 - - [26/Aug/2026:02:28:51 +0800] "GET /shjes111/ HTTP/1.1" 200 14773 "-" "Mozilla/5.0 (compatible; Googlebot/2.1; +http://www.google.com/bot.html)"
34.61.96.6 - - [26/Aug/2026:02:28:51 +0800] "GET /wp-content/uploads/sites/2924/5882/5882-4062491.pdf HTTP/1.1" 200 205169 "-" "Mozilla/5.0 (Macintosh; Intel Mac OS X 10_15_7) AppleWebKit/537.36 (KHTML, like Gecko) Chrome/120.0.0.0 Safari/537.36"
66.249.79.163 - - [26/Aug/2026:02:28:52 +0800] "GET /datong3/wp-content/themes/oceanwp/assets/js/select.min.js HTTP/1.1" 200 2408 "https://2blog.ilc.edu.tw/datong3/" "Mozilla/5.0 AppleWebKit/537.36 (KHTML, like Gecko; compatible; Googlebot/2.1; +http://www.google.com/bot.html) Chrome/151.0.7922.137 Safari/537.36"
34.10.180.98 - - [26/Aug/2026:02:28:52 +0800] "GET /3288/2014/10/28/%E4%B8%8A%E8%AA%B2%E7%AC%AC%E5%9B%9B%E5%8D%81%E5%A4%A9%E8%A8%98%E4%BA%8B/ HTTP/1.1" 200 17231 "-" "Mozilla/5.0 (Macintosh; Intel Mac OS X 10_15_7) AppleWebKit/537.36 (KHTML, like Gecko) Chrome/120.0.0.0 Safari/537.36"
2001:288:a201::66:125 - - [26/Aug/2026:02:28:53 +0800] "GET /blog/active.php HTTP/1.1" 301 1026 "-" "-"
2001:288:a201::66:125 - - [26/Aug/2026:02:28:53 +0800] "GET /blog/active.php HTTP/1.1" 404 1084 "-" "-"
66.249.71.37 - - [26/Aug/2026:02:28:53 +0800] "GET /lovetogether/wp-content/themes/ixion/assets/js/skip-link-focus-fix.js HTTP/1.1" 200 6130 "https://2blog.ilc.edu.tw/lovetogether/category/%E5%9C%8B%E8%AA%9E/" "Mozilla/5.0 AppleWebKit/537.36 (KHTML, like Gecko; compatible; Googlebot/2.1; +http://www.google.com/bot.html) Chrome/151.0.7922.137 Safari/537.36"
34.30.223.149 - - [26/Aug/2026:02:28:54 +0800] "GET /6573/2015/10/09/104_3-3-1%E6%A0%A1%E5%9C%92%E7%92%B0%E5%A2%83%E8%A1%9B%E7%94%9F%E6%B8%85%E6%BD%94%E7%B6%AD%E8%AD%B7/ HTTP/1.1" 200 15815 "-" "Mozilla/5.0 (Macintosh; Intel Mac OS X 10_15_7) AppleWebKit/537.36 (KHTML, like Gecko) Chrome/120.0.0.0 Safari/537.36"
34.227.234.246 - - [26/Aug/2026:02:28:54 +0800] "GET /amy6998/wp-content/uploads/sites/2364/2025/08/S__33251336-768x1365.jpg HTTP/1.1" 200 78576 "-" "Mozilla/5.0 AppleWebKit/537.36 (KHTML, like Gecko; compatible; Amazonbot/0.1; +https://developer.amazon.com/support/amazonbot) Chrome/119.0.6045.214 Safari/537.36"
66.249.71.37 - - [26/Aug/2026:02:28:54 +0800] "GET /lovetogether/wp-content/themes/ixion/assets/js/navigation.js HTTP/1.1" 200 2038 "https://2blog.ilc.edu.tw/lovetogether/category/%E5%9C%8B%E8%AA%9E/" "Mozilla/5.0 AppleWebKit/537.36 (KHTML, like Gecko; compatible; Googlebot/2.1; +http://www.google.com/bot.html) Chrome/151.0.7922.137 Safari/537.36"
50.16.72.185 - - [26/Aug/2026:02:28:55 +0800] "GET /blog/blog/4907/albumid=144746 HTTP/1.1" 301 1054 "-" "Mozilla/5.0 AppleWebKit/537.36 (KHTML, like Gecko; compatible; Amazonbot/0.1; +https://developer.amazon.com/support/amazonbot) Chrome/119.0.6045.214 Safari/537.36"
140.111.67.10 - - [26/Aug/2026:02:28:55 +0800] "GET /" 301 273 "-" "-"
34.194.226.74 - - [26/Aug/2026:02:28:55 +0800] "GET /wp-content/uploads/sites/205/ HTTP/1.1" 200 1272 "-" "Mozilla/5.0 AppleWebKit/537.36 (KHTML, like Gecko; compatible; Amazonbot/0.1; +https://developer.amazon.com/support/amazonbot) Chrome/119.0.6045.214 Safari/537.36"
34.123.149.87 - - [26/Aug/2026:02:28:55 +0800] "GET /amy6998/?p=9289 HTTP/1.1" 301 5745 "-" "Mozilla/5.0 (Macintosh; Intel Mac OS X 10_15_7) AppleWebKit/537.36 (KHTML, like Gecko) Chrome/120.0.0.0 Safari/537.36"
54.88.84.219 - - [26/Aug/2026:02:28:55 +0800] "GET /blog/blog/4907/albumid=144746 HTTP/1.1" 404 25485 "-" "Mozilla/5.0 AppleWebKit/537.36 (KHTML, like Gecko; compatible; Amazonbot/0.1; +https://developer.amazon.com/support/amazonbot) Chrome/119.0.6045.214 Safari/537.36"
34.56.53.225 - - [26/Aug/2026:02:28:55 +0800] "GET /6030/2012/05/10/2-3-1-100%E5%B9%B4%E5%BA%A6%E6%BE%B3%E8%8A%B1%E5%9C%8B%E5%B0%8F%E8%A8%82%E5%AE%9A%E8%A8%88%E7%95%AB%E6%99%82%E9%82%80%E8%AB%8B%E5%B0%88%E5%AE%B6%E5%BE%B5%E8%A9%A2/ HTTP/1.1" 200 15071 "-" "Mozilla/5.0 (Macintosh; Intel Mac OS X 10_15_7) AppleWebKit/537.36 (KHTML, like Gecko) Chrome/120.0.0.0 Safari/537.36"
128.241.72.126 - - [26/Aug/2026:02:28:56 +0800] "GET /671/wp-content/cache/2blog.ilc.edu.tw/wpfc-minified/gpmrq30/g1odi.css HTTP/1.1" 200 45678 "https://2blog.ilc.edu.tw/671/2008/05/22/%E9%BA%BB%E5%90%89%E8%88%87%E6%88%91-%E8%8E%8A%E8%88%92%E7%A1%AF/" "Mozilla/5.0 (iPhone; CPU iPhone OS 18_3 like Mac OS X) AppleWebKit/605.1.15 (KHTML, like Gecko) CriOS/148.0.0.0 Mobile/15E148 Safari/604.1"
128.241.69.220 - - [26/Aug/2026:02:28:56 +0800] "GET /671/wp-content/cache/2blog.ilc.edu.tw/wpfc-minified/fopmcgxy/g1odi.css HTTP/1.1" 200 20576 "https://2blog.ilc.edu.tw/671/2008/05/22/%E9%BA%BB%E5%90%89%E8%88%87%E6%88%91-%E8%8E%8A%E8%88%92%E7%A1%AF/" "Mozilla/5.0 (iPhone; CPU iPhone OS 18_3 like Mac OS X) AppleWebKit/605.1.15 (KHTML, like Gecko) CriOS/148.0.0.0 Mobile/15E148 Safari/604.1"
34.56.124.53 - - [26/Aug/2026:02:28:56 +0800] "GET /32745/?p=78041 HTTP/1.1" 301 5584 "-" "Mozilla/5.0 (Macintosh; Intel Mac OS X 10_15_7) AppleWebKit/537.36 (KHTML, like Gecko) Chrome/120.0.0.0 Safari/537.36"
128.241.69.220 - - [26/Aug/2026:02:28:56 +0800] "GET /671/wp-content/cache/2blog.ilc.edu.tw/wpfc-minified/mov7zyc3/g1odi.css HTTP/1.1" 200 1157 "https://2blog.ilc.edu.tw/671/2008/05/22/%E9%BA%BB%E5%90%89%E8%88%87%E6%88%91-%E8%8E%8A%E8%88%92%E7%A1%AF/" "Mozilla/5.0 (iPhone; CPU iPhone OS 18_3 like Mac OS X) AppleWebKit/605.1.15 (KHTML, like Gecko) CriOS/148.0.0.0 Mobile/15E148 Safari/604.1"
128.241.69.220 - - [26/Aug/2026:02:28:56 +0800] "GET /671/wp-content/cache/2blog.ilc.edu.tw/wpfc-minified/2xuefedb/g1odj.js HTTP/1.1" 200 35561 "https://2blog.ilc.edu.tw/671/2008/05/22/%E9%BA%BB%E5%90%89%E8%88%87%E6%88%91-%E8%8E%8A%E8%88%92%E7%A1%AF/" "Mozilla/5.0 (iPhone; CPU iPhone OS 18_3 like Mac OS X) AppleWebKit/605.1.15 (KHTML, like Gecko) CriOS/148.0.0.0 Mobile/15E148 Safari/604.1"
128.241.72.126 - - [26/Aug/2026:02:28:56 +0800] "GET /671/wp-content/cache/2blog.ilc.edu.tw/wpfc-minified/228kyp2i/g1odi.js HTTP/1.1" 200 1641 "https://2blog.ilc.edu.tw/671/2008/05/22/%E9%BA%BB%E5%90%89%E8%88%87%E6%88%91-%E8%8E%8A%E8%88%92%E7%A1%AF/" "Mozilla/5.0 (iPhone; CPU iPhone OS 18_3 like Mac OS X) AppleWebKit/605.1.15 (KHTML, like Gecko) CriOS/148.0.0.0 Mobile/15E148 Safari/604.1"
128.241.72.126 - - [26/Aug/2026:02:28:57 +0800] "GET /671/wp-includes/js/hoverintent-js.min.js HTTP/1.1" 200 1597 "https://2blog.ilc.edu.tw/671/2008/05/22/%E9%BA%BB%E5%90%89%E8%88%87%E6%88%91-%E8%8E%8A%E8%88%92%E7%A1%AF/" "Mozilla/5.0 (iPhone; CPU iPhone OS 18_3 like Mac OS X) AppleWebKit/605.1.15 (KHTML, like Gecko) CriOS/148.0.0.0 Mobile/15E148 Safari/604.1"
128.241.69.220 - - [26/Aug/2026:02:28:57 +0800] "GET /671/wp-content/themes/twentyseventeen/assets/images/header.jpg HTTP/1.1" 200 115992 "https://2blog.ilc.edu.tw/671/2008/05/22/%E9%BA%BB%E5%90%89%E8%88%87%E6%88%91-%E8%8E%8A%E8%88%92%E7%A1%AF/" "Mozilla/5.0 (iPhone; CPU iPhone OS 18_3 like Mac OS X) AppleWebKit/605.1.15 (KHTML, like Gecko) CriOS/148.0.0.0 Mobile/15E148 Safari/604.1"
52.167.144.161 - - [26/Aug/2026:02:28:56 +0800] "GET /6554/2011/10/06/%E7%AF%80%E8%83%BD%E6%B8%9B%E7%A2%B3%E6%8E%A8%E5%8B%95%E5%B0%8F%E7%B5%84%E7%AC%AC%E4%BA%8C%E6%AC%A1%E6%9C%83%E8%AD%B0/ HTTP/1.1" 200 16559 "-" "Mozilla/5.0 AppleWebKit/537.36 (KHTML, like Gecko; compatible; bingbot/2.0; +http://www.bing.com/bingbot.htm) Chrome/116.0.1938.76 Safari/537.36"
128.241.72.126 - - [26/Aug/2026:02:28:57 +0800] "POST /671/wp-json/ilc-summary/v1/popular-posts HTTP/1.1" 201 1270 "https://2blog.ilc.edu.tw/671/2008/05/22/%E9%BA%BB%E5%90%89%E8%88%87%E6%88%91-%E8%8E%8A%E8%88%92%E7%A1%AF/" "Mozilla/5.0 (iPhone; CPU iPhone OS 18_3 like Mac OS X) AppleWebKit/605.1.15 (KHTML, like Gecko) CriOS/148.0.0.0 Mobile/15E148 Safari/604.1"
128.241.72.126 - - [26/Aug/2026:02:28:57 +0800] "GET /671/wp-includes/js/admin-bar.min.js HTTP/1.1" 200 2237 "https://2blog.ilc.edu.tw/671/2008/05/22/%E9%BA%BB%E5%90%89%E8%88%87%E6%88%91-%E8%8E%8A%E8%88%92%E7%A1%AF/" "Mozilla/5.0 (iPhone; CPU iPhone OS 18_3 like Mac OS X) AppleWebKit/605.1.15 (KHTML, like Gecko) CriOS/148.0.0.0 Mobile/15E148 Safari/604.1"
128.241.72.126 - - [26/Aug/2026:02:28:58 +0800] "GET /671/wp-content/themes/twentyseventeen/assets/js/global.js HTTP/1.1" 200 3495 "https://2blog.ilc.edu.tw/671/2008/05/22/%E9%BA%BB%E5%90%89%E8%88%87%E6%88%91-%E8%8E%8A%E8%88%92%E7%A1%AF/" "Mozilla/5.0 (iPhone; CPU iPhone OS 18_3 like Mac OS X) AppleWebKit/605.1.15 (KHTML, like Gecko) CriOS/148.0.0.0 Mobile/15E148 Safari/604.1"
2001:288:a201::66:125 - - [26/Aug/2026:02:28:58 +0800] "GET /blog/active.php HTTP/1.1" 301 1026 "-" "-"
2001:288:a201::66:125 - - [26/Aug/2026:02:28:58 +0800] "GET /blog/active.php HTTP/1.1" 404 1084 "-" "-"
128.241.72.126 - - [26/Aug/2026:02:28:58 +0800] "GET /671/wp-content/themes/twentyseventeen/assets/js/skip-link-focus-fix.js HTTP/1.1" 200 1295 "https://2blog.ilc.edu.tw/671/2008/05/22/%E9%BA%BB%E5%90%89%E8%88%87%E6%88%91-%E8%8E%8A%E8%88%92%E7%A1%AF/" "Mozilla/5.0 (iPhone; CPU iPhone OS 18_3 like Mac OS X) AppleWebKit/605.1.15 (KHTML, like Gecko) CriOS/148.0.0.0 Mobile/15E148 Safari/604.1"
128.241.72.126 - - [26/Aug/2026:02:28:58 +0800] "GET /671/wp-content/themes/twentyseventeen/assets/js/jquery.scrollTo.js HTTP/1.1" 200 3289 "https://2blog.ilc.edu.tw/671/2008/05/22/%E9%BA%BB%E5%90%89%E8%88%87%E6%88%91-%E8%8E%8A%E8%88%92%E7%A1%AF/" "Mozilla/5.0 (iPhone; CPU iPhone OS 18_3 like Mac OS X) AppleWebKit/605.1.15 (KHTML, like Gecko) CriOS/148.0.0.0 Mobile/15E148 Safari/604.1"
40.77.167.247 - - [26/Aug/2026:02:28:58 +0800] "GET /2021/11/01/11-03%E8%8F%9C%E5%96%AE%E6%9B%B4%E6%94%B9%E5%85%AC%E5%91%8A/ HTTP/1.1" 200 29347 "-" "Mozilla/5.0 AppleWebKit/537.36 (KHTML, like Gecko; compatible; bingbot/2.0; +http://www.bing.com/bingbot.htm) Chrome/116.0.1938.76 Safari/537.36"
100.28.204.82 - - [26/Aug/2026:02:28:59 +0800] "GET /wp-content/uploads/sites/2533/ HTTP/1.1" 200 1274 "-" "Mozilla/5.0 AppleWebKit/537.36 (KHTML, like Gecko; compatible; Amazonbot/0.1; +https://developer.amazon.com/support/amazonbot) Chrome/119.0.6045.214 Safari/537.36"
52.0.218.219 - - [26/Aug/2026:02:28:59 +0800] "GET /ilan/blog/34/resource/158/1967 HTTP/1.1" 404 25485 "-" "Mozilla/5.0 AppleWebKit/537.36 (KHTML, like Gecko; compatible; Amazonbot/0.1; +https://developer.amazon.com/support/amazonbot) Chrome/119.0.6045.214 Safari/537.36"
66.249.79.163 - - [26/Aug/2026:02:28:59 +0800] "GET /ysjhgsroom/?cat=-1 HTTP/1.1" 200 19171 "-" "Mozilla/5.0 (compatible; Googlebot/2.1; +http://www.google.com/bot.html)"
66.249.71.37 - - [26/Aug/2026:02:29:00 +0800] "GET /shjes111/wp-content/cache/2blog.ilc.edu.tw/wpfc-minified/87sb91g6/5wz3r.js HTTP/1.1" 200 40349 "https://2blog.ilc.edu.tw/shjes111/" "Mozilla/5.0 AppleWebKit/537.36 (KHTML, like Gecko; compatible; Googlebot/2.1; +http://www.google.com/bot.html) Chrome/151.0.7922.108 Safari/537.36"
140.111.67.10 - - [26/Aug/2026:02:29:00 +0800] "GET /" 301 273 "-" "-"
52.167.144.172 - - [26/Aug/2026:02:29:00 +0800] "GET /BData/2015/20031-2.doc HTTP/1.1" 404 85748 "-" "Mozilla/5.0 AppleWebKit/537.36 (KHTML, like Gecko; compatible; bingbot/2.0; +http://www.bing.com/bingbot.htm) Chrome/116.0.1938.76 Safari/537.36"
34.123.149.87 - - [26/Aug/2026:02:29:00 +0800] "GET /32745/category/%E7%B0%A1%E5%B4%87%E5%85%83/ HTTP/1.1" 200 90320 "-" "Mozilla/5.0 (Macintosh; Intel Mac OS X 10_15_7) AppleWebKit/537.36 (KHTML, like Gecko) Chrome/120.0.0.0 Safari/537.36"
66.249.79.163 - - [26/Aug/2026:02:29:01 +0800] "GET /shjes111/wp-content/cache/2blog.ilc.edu.tw/wpfc-minified/fsrx2jal/5wz3r.css HTTP/1.1" 200 40892 "https://2blog.ilc.edu.tw/shjes111/" "Mozilla/5.0 AppleWebKit/537.36 (KHTML, like Gecko; compatible; Googlebot/2.1; +http://www.google.com/bot.html) Chrome/151.0.7922.108 Safari/537.36"
34.30.223.149 - - [26/Aug/2026:02:29:01 +0800] "GET /amy6998/wp-json/wp/v2/posts/15063 HTTP/1.1" 200 55418 "-" "Mozilla/5.0 (Macintosh; Intel Mac OS X 10_15_7) AppleWebKit/537.36 (KHTML, like Gecko) Chrome/120.0.0.0 Safari/537.36"
54.90.244.132 - - [26/Aug/2026:02:29:01 +0800] "GET /wp-content/uploads/sites/1306/2009/10/111-1-1536x1058.jpg HTTP/1.1" 200 439211 "-" "Mozilla/5.0 AppleWebKit/537.36 (KHTML, like Gecko; compatible; Amazonbot/0.1; +https://developer.amazon.com/support/amazonbot) Chrome/119.0.6045.214 Safari/537.36"
34.171.68.95 - - [26/Aug/2026:02:29:01 +0800] "GET /ysjhgsroom/2020/08/18/%E9%A0%90%E9%98%B2%E9%A3%9F%E5%93%81%E4%B8%AD%E6%AF%92%E5%AE%A3%E5%B0%8E%E4%BA%8B%E9%A0%85/%E9%A3%9F%E5%93%81%E4%B8%AD%E6%AF%9208/ HTTP/1.1" 200 16154 "-" "Mozilla/5.0 (Macintosh; Intel Mac OS X 10_15_7) AppleWebKit/537.36 (KHTML, like Gecko) Chrome/120.0.0.0 Safari/537.36"
66.249.79.163 - - [26/Aug/2026:02:29:01 +0800] "GET /26066/category/%E5%AD%B8%E7%94%9F%E5%89%B5%E6%84%8F%E6%88%B2%E5%8A%87%E6%AF%94%E8%B3%BD/ HTTP/1.1" 200 12079 "-" "Mozilla/5.0 (compatible; Googlebot/2.1; +http://www.google.com/bot.html)"
66.249.79.163 - - [26/Aug/2026:02:29:02 +0800] "GET /shjes111/wp-includes/js/hoverintent-js.min.js HTTP/1.1" 200 1597 "https://2blog.ilc.edu.tw/shjes111/" "Mozilla/5.0 AppleWebKit/537.36 (KHTML, like Gecko; compatible; Googlebot/2.1; +http://www.google.com/bot.html) Chrome/151.0.7922.108 Safari/537.36"
2001:288:a201::66:125 - - [26/Aug/2026:02:29:03 +0800] "GET /blog/active.php HTTP/1.1" 301 1026 "-" "-"
2001:288:a201::66:125 - - [26/Aug/2026:02:29:03 +0800] "GET /blog/active.php HTTP/1.1" 404 1084 "-" "-"
34.30.223.149 - - [26/Aug/2026:02:29:03 +0800] "GET /6513/2018/11/13/2-3%E6%95%99%E8%82%B2%E9%83%A8%E7%B6%A0%E8%89%B2%E8%91%89%E5%AD%90%E7%B6%B2%E8%B7%AF%E5%A4%A5%E4%BC%B4/ HTTP/1.1" 200 17921 "-" "Mozilla/5.0 (Macintosh; Intel Mac OS X 10_15_7) AppleWebKit/537.36 (KHTML, like Gecko) Chrome/120.0.0.0 Safari/537.36"
54.210.152.179 - - [26/Aug/2026:02:29:03 +0800] "GET /332test/wp-content/uploads/sites/3511/2022/05/57-1024x829.png HTTP/1.1" 200 415853 "-" "Mozilla/5.0 AppleWebKit/537.36 (KHTML, like Gecko; compatible; Amazonbot/0.1; +https://developer.amazon.com/support/amazonbot) Chrome/119.0.6045.214 Safari/537.36"
34.123.149.87 - - [26/Aug/2026:02:29:03 +0800] "GET /6421/2013/10/24/%E5%9B%9B%E3%80%818%E5%8D%97%E5%AE%89%E5%9C%8B%E5%B0%8F%E6%95%99%E8%81%B7%E5%93%A1%E5%B7%A5%E7%92%B0%E5%A2%83%E6%95%99%E8%82%B2%E7%A0%94%E7%BF%92%E7%84%A1%E5%B0%BE%E6%B8%AF%E6%B8%AF%E9%82%8A%E7%A4%BE/ HTTP/1.1" 200 16267 "-" "Mozilla/5.0 (Macintosh; Intel Mac OS X 10_15_7) AppleWebKit/537.36 (KHTML, like Gecko) Chrome/120.0.0.0 Safari/537.36"
34.171.68.95 - - [26/Aug/2026:02:29:03 +0800] "GET /6505/category/c-21956/feed/ HTTP/1.1" 200 28607 "-" "Mozilla/5.0 (Macintosh; Intel Mac OS X 10_15_7) AppleWebKit/537.36 (KHTML, like Gecko) Chrome/120.0.0.0 Safari/537.36"
140.111.67.10 - - [26/Aug/2026:02:29:05 +0800] "GET /" 301 273 "-" "-"
87.56.7.184 - - [26/Aug/2026:02:29:05 +0800] "GET /sun520/wp-content/uploads/sites/3900/2025/11/IMG_4665-300x200.jpg HTTP/1.1" 200 25318 "-" "Mozilla/5.0 (compatible; crawler)"
2408:8214:c28:fab1:d658:ff:fe83:d4ac - - [26/Aug/2026:02:29:05 +0800] "GET /2012/10/29 HTTP/1.1" 301 5709 "-" "Mozilla/5.0 (Windows NT 10.0; Win64; x64) AppleWebKit/537.36 (KHTML, like Gecko) Chrome/131.0.0.0 Safari/537.36"
34.30.223.149 - - [26/Aug/2026:02:29:05 +0800] "GET /4950/wp-json/wp/v2/posts/1 HTTP/1.1" 200 8364 "-" "Mozilla/5.0 (Macintosh; Intel Mac OS X 10_15_7) AppleWebKit/537.36 (KHTML, like Gecko) Chrome/120.0.0.0 Safari/537.36"
2408:8220:1510:6c00::2 - - [26/Aug/2026:02:29:06 +0800] "GET /2012/10/29/ HTTP/1.1" 200 16021 "https://ilta.ilc.edu.tw/2012/10/29" "Mozilla/5.0 (Windows NT 10.0; Win64; x64) AppleWebKit/537.36 (KHTML, like Gecko) Chrome/131.0.0.0 Safari/537.36"
211.22.184.58 - - [26/Aug/2026:02:29:06 +0800] "HEAD /1003/feed/ HTTP/1.1" 200 5451 "-" "Mozilla/5.0 (Windows NT 6.1) AppleWebKit/538.1 (KHTML, like Gecko) QuiteRSS/0.18.12 Safari/538.1"
34.30.223.149 - - [26/Aug/2026:02:29:06 +0800] "GET /6426/wp-json/oembed/1.0/embed?url=https://2blog.ilc.edu.tw/6426/2010/09/19/%25e7%2592%25b0%25e4%25bf%259d%25e5%25b0%258f%25e5%25b0%2596%25e5%2585%25b5%25e5%25af%25a6%25e6%2596%25bd%25e8%25a8%2588%25e7%2595%25ab/ HTTP/1.1" 200 8323 "-" "Mozilla/5.0 (Macintosh; Intel Mac OS X 10_15_7) AppleWebKit/537.36 (KHTML, like Gecko) Chrome/120.0.0.0 Safari/537.36"
66.249.79.163 - - [26/Aug/2026:02:29:07 +0800] "GET /1003/ HTTP/1.1" 200 20144 "-" "Mozilla/5.0 (compatible; Googlebot/2.1; +http://www.google.com/bot.html)"
23.21.227.240 - - [26/Aug/2026:02:29:07 +0800] "GET /332test/wp-content/uploads/sites/3511/2022/05/53.png HTTP/1.1" 200 146146 "-" "Mozilla/5.0 AppleWebKit/537.36 (KHTML, like Gecko; compatible; Amazonbot/0.1; +https://developer.amazon.com/support/amazonbot) Chrome/119.0.6045.214 Safari/537.36"
2a03:2880:10ff:50:: - - [26/Aug/2026:02:29:07 +0800] "GET /2011/09/page/5/ HTTP/1.1" 200 16994 "-" "Mozilla/5.0 (Windows NT 10.0; Win64; x64) AppleWebKit/537.36 (KHTML, like Gecko) Chrome/145.0.0.0 Safari/537.36 (compatible; meta-webindexer/1.1 (+https://developers.facebook.com/docs/sharing/webmasters/crawler))"
34.30.223.149 - - [26/Aug/2026:02:29:07 +0800] "GET /6571/2011/12/08/%E6%8E%A1%E8%A1%8C%E7%B6%A0%E5%BB%BA%E7%AF%89%E8%A7%80%E5%BF%B5%EF%BC%8C%E5%BB%BA%E6%A7%8B%E6%88%96%E4%BF%AE%E7%B9%95%E6%A0%A1%E5%9C%92%E5%A0%B4%E6%89%80%E8%88%87%E8%A8%AD%E6%96%BD%E7%87%9F%E9%80%A0/ HTTP/1.1" 200 30908 "-" "Mozilla/5.0 (Macintosh; Intel Mac OS X 10_15_7) AppleWebKit/537.36 (KHTML, like Gecko) Chrome/120.0.0.0 Safari/537.36"
34.171.68.95 - - [26/Aug/2026:02:29:07 +0800] "GET /6542/?p=5012 HTTP/1.1" 301 5617 "-" "Mozilla/5.0 (Macintosh; Intel Mac OS X 10_15_7) AppleWebKit/537.36 (KHTML, like Gecko) Chrome/120.0.0.0 Safari/537.36"
2001:288:a201::66:125 - - [26/Aug/2026:02:29:08 +0800] "GET /blog/active.php HTTP/1.1" 301 1026 "-" "-"
66.249.79.163 - - [26/Aug/2026:02:29:08 +0800] "GET /1003/author/tmy1127/page/7/ HTTP/1.1" 200 15211 "-" "Mozilla/5.0 (compatible; Googlebot/2.1; +http://www.google.com/bot.html)"
2001:288:a201::66:125 - - [26/Aug/2026:02:29:08 +0800] "GET /blog/active.php HTTP/1.1" 404 1084 "-" "-"
34.56.53.225 - - [26/Aug/2026:02:29:08 +0800] "GET /32745/?p=58051 HTTP/1.1" 301 5602 "-" "Mozilla/5.0 (Macintosh; Intel Mac OS X 10_15_7) AppleWebKit/537.36 (KHTML, like Gecko) Chrome/120.0.0.0 Safari/537.36"
66.249.79.163 - - [26/Aug/2026:02:29:09 +0800] "GET /1003/wp-content/cache/2blog.ilc.edu.tw/wpfc-minified/8x7tn0v6/5wohd.css HTTP/1.1" 200 15980 "https://2blog.ilc.edu.tw/1003/" "Mozilla/5.0 AppleWebKit/537.36 (KHTML, like Gecko; compatible; Googlebot/2.1; +http://www.google.com/bot.html) Chrome/151.0.7922.137 Safari/537.36"
143.198.162.70 - - [26/Aug/2026:02:29:09 +0800] "GET /blog/gallery/25915/previews-med/25915-3210327.jpg HTTP/1.1" 301 1094 "http://blog.ilc.edu.tw/" "Mozilla/5.0 (Windows NT 10.0; Win64; x64) AppleWebKit/537.36 (KHTML, like Gecko) Chrome/104.0.5112.81 Safari/537.36"
157.230.227.12 - - [26/Aug/2026:02:29:09 +0800] "GET /blog/imgs/thumbs_up.gif HTTP/1.1" 301 1042 "http://blog.ilc.edu.tw/" "Mozilla/5.0 (Windows NT 10.0; Win64; x64) AppleWebKit/537.36 (KHTML, like Gecko) Chrome/104.0.5112.81 Safari/537.36"
66.249.79.163 - - [26/Aug/2026:02:29:09 +0800] "GET /34/ HTTP/1.1" 200 13020 "-" "Mozilla/5.0 (compatible; Googlebot/2.1; +http://www.google.com/bot.html)"
140.111.67.10 - - [26/Aug/2026:02:29:10 +0800] "GET /" 301 273 "-" "-"
143.198.162.70 - - [26/Aug/2026:02:29:10 +0800] "GET /blog/gallery/25915/previews-med/25915-3210320.jpg HTTP/1.1" 301 1094 "http://blog.ilc.edu.tw/" "Mozilla/5.0 (Windows NT 10.0; Win64; x64) AppleWebKit/537.36 (KHTML, like Gecko) Chrome/104.0.5112.81 Safari/537.36"
34.123.149.87 - - [26/Aug/2026:02:29:09 +0800] "GET /32745/2022/12/02/%E6%B0%B8%E7%94%9F/ HTTP/1.1" 200 91789 "-" "Mozilla/5.0 (Macintosh; Intel Mac OS X 10_15_7) AppleWebKit/537.36 (KHTML, like Gecko) Chrome/120.0.0.0 Safari/537.36"
67.205.150.95 - - [26/Aug/2026:02:29:10 +0800] "GET /blog/gallery/25915/previews-med/25915-3210327.jpg HTTP/1.1" 404 25426 "http://blog.ilc.edu.tw/" "Mozilla/5.0 (Windows NT 10.0; Win64; x64) AppleWebKit/537.36 (KHTML, like Gecko) Chrome/104.0.5112.81 Safari/537.36"
147.182.166.221 - - [26/Aug/2026:02:29:11 +0800] "GET /blog/imgs/thumbs_up.gif HTTP/1.1" 404 25426 "http://blog.ilc.edu.tw/" "Mozilla/5.0 (Windows NT 10.0; Win64; x64) AppleWebKit/537.36 (KHTML, like Gecko) Chrome/104.0.5112.81 Safari/537.36"
