::1 - - [26/Aug/2026:02:20:04 +0800] "OPTIONS * HTTP/1.0" 200 110 "-" "Apache/2.4.68 (Ubuntu) OpenSSL/3.0.19 (internal dummy connection)"
::1 - - [26/Aug/2026:02:20:05 +0800] "OPTIONS * HTTP/1.0" 200 110 "-" "Apache/2.4.68 (Ubuntu) OpenSSL/3.0.19 (internal dummy connection)"
140.111.67.10 - - [26/Aug/2026:02:20:05 +0800] "GET /" 301 273 "-" "-"
127.0.0.1 - - [26/Aug/2026:02:20:06 +0800] "GET / HTTP/1.1" 301 977 "-" "curl/7.81.0"
127.0.0.1 - - [26/Aug/2026:02:20:06 +0800] "GET / HTTP/1.1" 302 5497 "-" "curl/7.81.0"
127.0.0.1 - - [26/Aug/2026:02:20:06 +0800] "HEAD / HTTP/1.1" 302 5478 "-" "curl/7.81.0"
34.30.223.149 - - [26/Aug/2026:02:20:05 +0800] "GET /32745/2020/12/27/%E9%BB%83%E5%93%81%E6%BA%90/ HTTP/1.1" 200 91527 "-" "Mozilla/5.0 (Macintosh; Intel Mac OS X 10_15_7) AppleWebKit/537.36 (KHTML, like Gecko) Chrome/120.0.0.0 Safari/537.36"
184.72.84.154 - - [26/Aug/2026:02:20:06 +0800] "GET /6554/wp-json/wp/v2/posts/15358/revisions/17409 HTTP/1.1" 401 6197 "-" "Mozilla/5.0 AppleWebKit/537.36 (KHTML, like Gecko; compatible; Amazonbot/0.1; +https://developer.amazon.com/support/amazonbot) Chrome/119.0.6045.214 Safari/537.36"
::1 - - [26/Aug/2026:02:20:07 +0800] "OPTIONS * HTTP/1.0" 200 110 "-" "Apache/2.4.68 (Ubuntu) OpenSSL/3.0.19 (internal dummy connection)"
2001:288:a201::66:125 - - [26/Aug/2026:02:20:08 +0800] "GET /blog/active.php HTTP/1.1" 301 1026 "-" "-"
2001:288:a201::66:125 - - [26/Aug/2026:02:20:08 +0800] "GET /blog/active.php HTTP/1.1" 404 5511 "-" "-"
143.20.253.68 - - [26/Aug/2026:02:20:07 +0800] "GET /yceec/wp-content/uploads/sites/200/2026/07/%E6%85%88%E5%BF%83%E8%A1%8C%E6%94%BF%E5%A5%91%E7%B4%84%E6%9A%A8%E7%B6%93%E7%87%9F%E8%A8%88%E7%95%AB%E6%9B%B8_compressed.pdf HTTP/1.1" 200 5056106 "-" "Mozilla/5.0 (Macintosh; Intel Mac OS X 10_15_7) AppleWebKit/537.36 (KHTML, like Gecko) Chrome/133.0.0.0 Safari/537.36"
34.123.149.87 - - [26/Aug/2026:02:20:08 +0800] "GET /32745/wp-json/wp/v2/posts/99901 HTTP/1.1" 200 17987 "-" "Mozilla/5.0 (Macintosh; Intel Mac OS X 10_15_7) AppleWebKit/537.36 (KHTML, like Gecko) Chrome/120.0.0.0 Safari/537.36"
2a03:2880:16ff:34:: - - [26/Aug/2026:02:20:09 +0800] "GET /17160/category/c-15024/c-74976/page/10/ HTTP/1.1" 200 19668 "-" "Mozilla/5.0 (Macintosh; Intel Mac OS X 10_15_7) AppleWebKit/537.36 (KHTML, like Gecko) Chrome/145.0.0.0 Safari/537.36 (compatible; meta-webindexer/1.1 (+https://developers.facebook.com/docs/sharing/webmasters/crawler))"
34.123.149.87 - - [26/Aug/2026:02:20:09 +0800] "GET /32745/wp-json/wp/v2/categories/4614 HTTP/1.1" 200 6555 "-" "Mozilla/5.0 (Macintosh; Intel Mac OS X 10_15_7) AppleWebKit/537.36 (KHTML, like Gecko) Chrome/120.0.0.0 Safari/537.36"
52.167.144.209 - - [26/Aug/2026:02:20:09 +0800] "GET /2019/10/07/108%E5%AD%B8%E5%B9%B4%E5%BA%A6%E5%A3%AF%E5%9C%8D%E5%9C%8B%E4%B8%AD%E7%8F%AD%E7%B4%9A%E7%B6%B2%E9%A0%81%E7%AB%B6%E8%B3%BD%E8%BE%A6%E6%B3%95_1081005/ HTTP/1.1" 200 29614 "-" "Mozilla/5.0 AppleWebKit/537.36 (KHTML, like Gecko; compatible; bingbot/2.0; +http://www.bing.com/bingbot.htm) Chrome/116.0.1938.76 Safari/537.36"
40.77.167.63 - - [26/Aug/2026:02:20:09 +0800] "GET /advertising/%E7%B5%82%E8%BA%AB%E7%9B%8A%E8%BA%AB%E5%AD%B8%E7%BF%92%E8%B6%A3/ HTTP/1.1" 404 77302 "-" "Mozilla/5.0 AppleWebKit/537.36 (KHTML, like Gecko; compatible; bingbot/2.0; +http://www.bing.com/bingbot.htm) Chrome/116.0.1938.76 Safari/537.36"
52.167.144.159 - - [26/Aug/2026:02:20:09 +0800] "GET /trafficsafety/wp-content/uploads/sites/3629/2023/07/111%E5%B9%B4%E4%BA%BA%E8%BB%8A%E5%8B%95%E7%B7%9A.pptx HTTP/1.1" 200 233294 "-" "Mozilla/5.0 AppleWebKit/537.36 (KHTML, like Gecko; compatible; bingbot/2.0; +http://www.bing.com/bingbot.htm) Chrome/116.0.1938.76 Safari/537.36"
140.111.67.10 - - [26/Aug/2026:02:20:10 +0800] "GET /" 301 273 "-" "-"
34.30.223.149 - - [26/Aug/2026:02:20:10 +0800] "GET /6428/category/%E7%92%B0%E5%A2%83%E7%AE%A1%E7%90%86%E5%8F%8A%E9%85%8D%E5%90%88%E6%8E%AA%E6%96%BD/c-21618/page/3/ HTTP/1.1" 200 15077 "-" "Mozilla/5.0 (Macintosh; Intel Mac OS X 10_15_7) AppleWebKit/537.36 (KHTML, like Gecko) Chrome/120.0.0.0 Safari/537.36"
107.20.181.148 - - [26/Aug/2026:02:20:10 +0800] "GET /amy6998/wp-content/uploads/sites/2364/2025/08/23505_0-300x134.jpg HTTP/1.1" 200 19458 "-" "Mozilla/5.0 AppleWebKit/537.36 (KHTML, like Gecko; compatible; Amazonbot/0.1; +https://developer.amazon.com/support/amazonbot) Chrome/119.0.6045.214 Safari/537.36"
34.10.180.98 - - [26/Aug/2026:02:20:11 +0800] "GET /wp-content/uploads/sites/2690/6505/6505-4225228.pdf HTTP/1.1" 200 217712 "-" "Mozilla/5.0 (Macintosh; Intel Mac OS X 10_15_7) AppleWebKit/537.36 (KHTML, like Gecko) Chrome/120.0.0.0 Safari/537.36"
2001:288:a201::66:125 - - [26/Aug/2026:02:20:13 +0800] "GET /blog/active.php HTTP/1.1" 301 1026 "-" "-"
2001:288:a201::66:125 - - [26/Aug/2026:02:20:13 +0800] "GET /blog/active.php HTTP/1.1" 404 1084 "-" "-"
178.171.80.74 - - [26/Aug/2026:02:20:13 +0800] "GET /6292/2025/02/ HTTP/1.1" 200 14613 "https://2blog.ilc.edu.tw/" "Mozilla/5.0 (Macintosh; Intel Mac OS X 10_15_7) AppleWebKit/537.36 (KHTML, like Gecko) Chrome/151.0.0.0 Safari/537.36"
44.223.193.255 - - [26/Aug/2026:02:20:14 +0800] "GET /amy6998/wp-content/uploads/sites/2364/2025/05/IMG_5488ggg-768x576.jpg HTTP/1.1" 200 105845 "-" "Mozilla/5.0 AppleWebKit/537.36 (KHTML, like Gecko; compatible; Amazonbot/0.1; +https://developer.amazon.com/support/amazonbot) Chrome/119.0.6045.214 Safari/537.36"
140.111.67.10 - - [26/Aug/2026:02:20:15 +0800] "GET /" 301 273 "-" "-"
2001:b011:7806:74de:1aa:a5fd:99d5:bab1 - - [26/Aug/2026:02:20:16 +0800] "GET /category/%E6%9C%80%E6%96%B0%E6%B4%BB%E5%8B%95/ HTTP/1.1" 200 20324 "https://www.google.com/" "Mozilla/5.0 (Linux; Android 10; K) AppleWebKit/537.36 (KHTML, like Gecko) Chrome/151.0.0.0 Mobile Safari/537.36"
2001:b011:7806:74de:1aa:a5fd:99d5:bab1 - - [26/Aug/2026:02:20:16 +0800] "GET /wp-content/cache/www.ytps.ilc.edu.tw/wpfc-minified/knjfzcc6/6x60.css HTTP/1.1" 200 40884 "https://www.ytps.ilc.edu.tw/category/%E6%9C%80%E6%96%B0%E6%B4%BB%E5%8B%95/" "Mozilla/5.0 (Linux; Android 10; K) AppleWebKit/537.36 (KHTML, like Gecko) Chrome/151.0.0.0 Mobile Safari/537.36"
128.241.105.46 - - [26/Aug/2026:02:20:16 +0800] "GET /6292/wp-content/cache/2blog.ilc.edu.tw/wpfc-minified/ffc8t4uj/7wvmz.css HTTP/1.1" 200 45680 "https://2blog.ilc.edu.tw/6292/2025/02/" "Mozilla/5.0 (Linux; Android 15; SM-S938B) AppleWebKit/537.36 (KHTML, like Gecko) Chrome/150.0.0.0 Mobile Safari/537.36"
136.119.35.120 - - [26/Aug/2026:02:20:16 +0800] "GET /3753/?p=1934 HTTP/1.1" 301 5692 "-" "Mozilla/5.0 (Macintosh; Intel Mac OS X 10_15_7) AppleWebKit/537.36 (KHTML, like Gecko) Chrome/120.0.0.0 Safari/537.36"
2001:b011:7806:74de:1aa:a5fd:99d5:bab1 - - [26/Aug/2026:02:20:16 +0800] "GET /wp-content/cache/www.ytps.ilc.edu.tw/wpfc-minified/mby2kquq/77dh.css HTTP/1.1" 200 16319 "https://www.ytps.ilc.edu.tw/category/%E6%9C%80%E6%96%B0%E6%B4%BB%E5%8B%95/" "Mozilla/5.0 (Linux; Android 10; K) AppleWebKit/537.36 (KHTML, like Gecko) Chrome/151.0.0.0 Mobile Safari/537.36"
2001:b011:7806:74de:1aa:a5fd:99d5:bab1 - - [26/Aug/2026:02:20:16 +0800] "GET /wp-content/cache/www.ytps.ilc.edu.tw/wpfc-minified/kcapbcch/6x60.css HTTP/1.1" 200 2315 "https://www.ytps.ilc.edu.tw/category/%E6%9C%80%E6%96%B0%E6%B4%BB%E5%8B%95/" "Mozilla/5.0 (Linux; Android 10; K) AppleWebKit/537.36 (KHTML, like Gecko) Chrome/151.0.0.0 Mobile Safari/537.36"
2001:b011:7806:74de:1aa:a5fd:99d5:bab1 - - [26/Aug/2026:02:20:16 +0800] "GET /wp-content/cache/www.ytps.ilc.edu.tw/wpfc-minified/l9pcxarv/6x60.css HTTP/1.1" 200 23810 "https://www.ytps.ilc.edu.tw/category/%E6%9C%80%E6%96%B0%E6%B4%BB%E5%8B%95/" "Mozilla/5.0 (Linux; Android 10; K) AppleWebKit/537.36 (KHTML, like Gecko) Chrome/151.0.0.0 Mobile Safari/537.36"
2001:b011:7806:74de:1aa:a5fd:99d5:bab1 - - [26/Aug/2026:02:20:16 +0800] "GET /wp-content/cache/www.ytps.ilc.edu.tw/wpfc-minified/dvdrxpck/77dh.css HTTP/1.1" 200 20126 "https://www.ytps.ilc.edu.tw/category/%E6%9C%80%E6%96%B0%E6%B4%BB%E5%8B%95/" "Mozilla/5.0 (Linux; Android 10; K) AppleWebKit/537.36 (KHTML, like Gecko) Chrome/151.0.0.0 Mobile Safari/537.36"
2001:b011:7806:74de:1aa:a5fd:99d5:bab1 - - [26/Aug/2026:02:20:16 +0800] "GET /wp-content/cache/www.ytps.ilc.edu.tw/wpfc-minified/7bm0nsos/6x60.js HTTP/1.1" 200 40358 "https://www.ytps.ilc.edu.tw/category/%E6%9C%80%E6%96%B0%E6%B4%BB%E5%8B%95/" "Mozilla/5.0 (Linux; Android 10; K) AppleWebKit/537.36 (KHTML, like Gecko) Chrome/151.0.0.0 Mobile Safari/537.36"
2001:b011:7806:74de:1aa:a5fd:99d5:bab1 - - [26/Aug/2026:02:20:16 +0800] "GET /wp-content/cache/www.ytps.ilc.edu.tw/wpfc-minified/4dpznqp/6x60.js HTTP/1.1" 200 2359 "https://www.ytps.ilc.edu.tw/category/%E6%9C%80%E6%96%B0%E6%B4%BB%E5%8B%95/" "Mozilla/5.0 (Linux; Android 10; K) AppleWebKit/537.36 (KHTML, like Gecko) Chrome/151.0.0.0 Mobile Safari/537.36"
2001:b011:7806:74de:1aa:a5fd:99d5:bab1 - - [26/Aug/2026:02:20:16 +0800] "GET /wp-content/themes/hueman/assets/front/webfonts/fa-brands-400.woff2?v=5.15.2 HTTP/1.1" 200 79499 "https://www.ytps.ilc.edu.tw/category/%E6%9C%80%E6%96%B0%E6%B4%BB%E5%8B%95/" "Mozilla/5.0 (Linux; Android 10; K) AppleWebKit/537.36 (KHTML, like Gecko) Chrome/151.0.0.0 Mobile Safari/537.36"
2001:b011:7806:74de:1aa:a5fd:99d5:bab1 - - [26/Aug/2026:02:20:16 +0800] "GET /wp-content/themes/hueman/assets/front/webfonts/fa-regular-400.woff2?v=5.15.2 HTTP/1.1" 200 14439 "https://www.ytps.ilc.edu.tw/category/%E6%9C%80%E6%96%B0%E6%B4%BB%E5%8B%95/" "Mozilla/5.0 (Linux; Android 10; K) AppleWebKit/537.36 (KHTML, like Gecko) Chrome/151.0.0.0 Mobile Safari/537.36"
2001:b011:7806:74de:1aa:a5fd:99d5:bab1 - - [26/Aug/2026:02:20:16 +0800] "GET /wp-content/themes/hueman/assets/front/fonts/titillium-light-webfont.woff HTTP/1.1" 200 25606 "https://www.ytps.ilc.edu.tw/category/%E6%9C%80%E6%96%B0%E6%B4%BB%E5%8B%95/" "Mozilla/5.0 (Linux; Android 10; K) AppleWebKit/537.36 (KHTML, like Gecko) Chrome/151.0.0.0 Mobile Safari/537.36"
2001:b011:7806:74de:1aa:a5fd:99d5:bab1 - - [26/Aug/2026:02:20:16 +0800] "GET /wp-content/themes/hueman/assets/front/fonts/titillium-lightitalic-webfont.woff HTTP/1.1" 200 27654 "https://www.ytps.ilc.edu.tw/category/%E6%9C%80%E6%96%B0%E6%B4%BB%E5%8B%95/" "Mozilla/5.0 (Linux; Android 10; K) AppleWebKit/537.36 (KHTML, like Gecko) Chrome/151.0.0.0 Mobile Safari/537.36"
2001:b011:7806:74de:1aa:a5fd:99d5:bab1 - - [26/Aug/2026:02:20:16 +0800] "GET /wp-content/themes/hueman/assets/front/webfonts/fa-solid-900.woff2?v=5.15.2 HTTP/1.1" 200 81301 "https://www.ytps.ilc.edu.tw/category/%E6%9C%80%E6%96%B0%E6%B4%BB%E5%8B%95/" "Mozilla/5.0 (Linux; Android 10; K) AppleWebKit/537.36 (KHTML, like Gecko) Chrome/151.0.0.0 Mobile Safari/537.36"
2001:b011:7806:74de:1aa:a5fd:99d5:bab1 - - [26/Aug/2026:02:20:16 +0800] "GET /wp-content/themes/hueman/assets/front/fonts/titillium-regular-webfont.woff HTTP/1.1" 200 25590 "https://www.ytps.ilc.edu.tw/category/%E6%9C%80%E6%96%B0%E6%B4%BB%E5%8B%95/" "Mozilla/5.0 (Linux; Android 10; K) AppleWebKit/537.36 (KHTML, like Gecko) Chrome/151.0.0.0 Mobile Safari/537.36"
2001:b011:7806:74de:1aa:a5fd:99d5:bab1 - - [26/Aug/2026:02:20:16 +0800] "GET /wp-content/themes/hueman/assets/front/fonts/titillium-regularitalic-webfont.woff HTTP/1.1" 200 27482 "https://www.ytps.ilc.edu.tw/category/%E6%9C%80%E6%96%B0%E6%B4%BB%E5%8B%95/" "Mozilla/5.0 (Linux; Android 10; K) AppleWebKit/537.36 (KHTML, like Gecko) Chrome/151.0.0.0 Mobile Safari/537.36"
2001:b011:7806:74de:1aa:a5fd:99d5:bab1 - - [26/Aug/2026:02:20:16 +0800] "GET /wp-content/themes/hueman/assets/front/fonts/titillium-semibold-webfont.woff HTTP/1.1" 200 25626 "https://www.ytps.ilc.edu.tw/category/%E6%9C%80%E6%96%B0%E6%B4%BB%E5%8B%95/" "Mozilla/5.0 (Linux; Android 10; K) AppleWebKit/537.36 (KHTML, like Gecko) Chrome/151.0.0.0 Mobile Safari/537.36"
2001:b011:7806:74de:1aa:a5fd:99d5:bab1 - - [26/Aug/2026:02:20:16 +0800] "GET /wp-content/themes/hueman/assets/front/img/thumb-medium-empty.png HTTP/1.1" 200 936 "https://www.ytps.ilc.edu.tw/category/%E6%9C%80%E6%96%B0%E6%B4%BB%E5%8B%95/" "Mozilla/5.0 (Linux; Android 10; K) AppleWebKit/537.36 (KHTML, like Gecko) Chrome/151.0.0.0 Mobile Safari/537.36"
2001:b011:7806:74de:1aa:a5fd:99d5:bab1 - - [26/Aug/2026:02:20:16 +0800] "GET /wp-includes/js/hoverintent-js.min.js HTTP/1.1" 200 1597 "https://www.ytps.ilc.edu.tw/category/%E6%9C%80%E6%96%B0%E6%B4%BB%E5%8B%95/" "Mozilla/5.0 (Linux; Android 10; K) AppleWebKit/537.36 (KHTML, like Gecko) Chrome/151.0.0.0 Mobile Safari/537.36"
2001:b011:7806:74de:1aa:a5fd:99d5:bab1 - - [26/Aug/2026:02:20:16 +0800] "GET /wp-includes/js/admin-bar.min.js HTTP/1.1" 200 2237 "https://www.ytps.ilc.edu.tw/category/%E6%9C%80%E6%96%B0%E6%B4%BB%E5%8B%95/" "Mozilla/5.0 (Linux; Android 10; K) AppleWebKit/537.36 (KHTML, like Gecko) Chrome/151.0.0.0 Mobile Safari/537.36"
2001:b011:7806:74de:1aa:a5fd:99d5:bab1 - - [26/Aug/2026:02:20:16 +0800] "GET /wp-includes/js/underscore.min.js HTTP/1.1" 200 8191 "https://www.ytps.ilc.edu.tw/category/%E6%9C%80%E6%96%B0%E6%B4%BB%E5%8B%95/" "Mozilla/5.0 (Linux; Android 10; K) AppleWebKit/537.36 (KHTML, like Gecko) Chrome/151.0.0.0 Mobile Safari/537.36"
2001:b011:7806:74de:1aa:a5fd:99d5:bab1 - - [26/Aug/2026:02:20:16 +0800] "GET /wp-content/uploads/sites/1444/2025/03/ytps-edu-003.png HTTP/1.1" 200 1029754 "https://www.ytps.ilc.edu.tw/category/%E6%9C%80%E6%96%B0%E6%B4%BB%E5%8B%95/" "Mozilla/5.0 (Linux; Android 10; K) AppleWebKit/537.36 (KHTML, like Gecko) Chrome/151.0.0.0 Mobile Safari/537.36"
2001:b011:7806:74de:1aa:a5fd:99d5:bab1 - - [26/Aug/2026:02:20:16 +0800] "GET /wp-content/themes/hueman/assets/front/js/scripts.min.js HTTP/1.1" 200 27445 "https://www.ytps.ilc.edu.tw/category/%E6%9C%80%E6%96%B0%E6%B4%BB%E5%8B%95/" "Mozilla/5.0 (Linux; Android 10; K) AppleWebKit/537.36 (KHTML, like Gecko) Chrome/151.0.0.0 Mobile Safari/537.36"
2001:b011:7806:74de:1aa:a5fd:99d5:bab1 - - [26/Aug/2026:02:20:16 +0800] "GET /wp-content/uploads/sites/1444/2026/04/messageImage_1776048925537.jpg HTTP/1.1" 200 71994 "https://www.ytps.ilc.edu.tw/category/%E6%9C%80%E6%96%B0%E6%B4%BB%E5%8B%95/" "Mozilla/5.0 (Linux; Android 10; K) AppleWebKit/537.36 (KHTML, like Gecko) Chrome/151.0.0.0 Mobile Safari/537.36"
128.241.105.46 - - [26/Aug/2026:02:20:16 +0800] "GET /6292/wp-content/cache/2blog.ilc.edu.tw/wpfc-minified/epbgznfm/7wvmz.css HTTP/1.1" 200 17636 "https://2blog.ilc.edu.tw/6292/2025/02/" "Mozilla/5.0 (Linux; Android 15; SM-S938B) AppleWebKit/537.36 (KHTML, like Gecko) Chrome/150.0.0.0 Mobile Safari/537.36"
2001:b011:7806:74de:1aa:a5fd:99d5:bab1 - - [26/Aug/2026:02:20:16 +0800] "GET /wp-content/uploads/sites/1444/2022/03/IMG_0997-1-720x340.jpeg HTTP/1.1" 200 80920 "https://www.ytps.ilc.edu.tw/category/%E6%9C%80%E6%96%B0%E6%B4%BB%E5%8B%95/" "Mozilla/5.0 (Linux; Android 10; K) AppleWebKit/537.36 (KHTML, like Gecko) Chrome/151.0.0.0 Mobile Safari/537.36"
2001:b011:7806:74de:1aa:a5fd:99d5:bab1 - - [26/Aug/2026:02:20:16 +0800] "GET /wp-content/uploads/sites/1444/2025/03/%E8%9E%A2%E5%B9%95%E6%93%B7%E5%8F%96%E7%95%AB%E9%9D%A2-2025-03-13-090748.png HTTP/1.1" 200 493419 "https://www.ytps.ilc.edu.tw/category/%E6%9C%80%E6%96%B0%E6%B4%BB%E5%8B%95/" "Mozilla/5.0 (Linux; Android 10; K) AppleWebKit/537.36 (KHTML, like Gecko) Chrome/151.0.0.0 Mobile Safari/537.36"
2001:b011:7806:74de:1aa:a5fd:99d5:bab1 - - [26/Aug/2026:02:20:16 +0800] "GET /wp-content/uploads/sites/1444/2020/03/ytps.jpg HTTP/1.1" 200 807018 "https://www.ytps.ilc.edu.tw/category/%E6%9C%80%E6%96%B0%E6%B4%BB%E5%8B%95/" "Mozilla/5.0 (Linux; Android 10; K) AppleWebKit/537.36 (KHTML, like Gecko) Chrome/151.0.0.0 Mobile Safari/537.36"
128.241.105.46 - - [26/Aug/2026:02:20:16 +0800] "GET /6292/wp-content/uploads/sites/1074/2025/02/12-300x225.jpg HTTP/1.1" 200 14944 "https://2blog.ilc.edu.tw/6292/2025/02/" "Mozilla/5.0 (Linux; Android 15; SM-S938B) AppleWebKit/537.36 (KHTML, like Gecko) Chrome/150.0.0.0 Mobile Safari/537.36"
128.241.105.46 - - [26/Aug/2026:02:20:17 +0800] "GET /6292/wp-includes/js/hoverintent-js.min.js HTTP/1.1" 200 1597 "https://2blog.ilc.edu.tw/6292/2025/02/" "Mozilla/5.0 (Linux; Android 15; SM-S938B) AppleWebKit/537.36 (KHTML, like Gecko) Chrome/150.0.0.0 Mobile Safari/537.36"
128.241.105.46 - - [26/Aug/2026:02:20:17 +0800] "GET /6292/wp-includes/js/admin-bar.min.js HTTP/1.1" 200 2237 "https://2blog.ilc.edu.tw/6292/2025/02/" "Mozilla/5.0 (Linux; Android 15; SM-S938B) AppleWebKit/537.36 (KHTML, like Gecko) Chrome/150.0.0.0 Mobile Safari/537.36"
2001:b011:7806:74de:1aa:a5fd:99d5:bab1 - - [26/Aug/2026:02:20:17 +0800] "GET /wp-content/uploads/sites/1444/2019/12/cropped-%E8%82%B2%E6%89%8D%E5%9C%8B%E5%B0%8FLogo-192x192.jpg HTTP/1.1" 200 11218 "https://www.ytps.ilc.edu.tw/category/%E6%9C%80%E6%96%B0%E6%B4%BB%E5%8B%95/" "Mozilla/5.0 (Linux; Android 10; K) AppleWebKit/537.36 (KHTML, like Gecko) Chrome/151.0.0.0 Mobile Safari/537.36"
2001:b011:7806:74de:1aa:a5fd:99d5:bab1 - - [26/Aug/2026:02:20:17 +0800] "GET /wp-content/uploads/sites/1444/2019/12/cropped-%E8%82%B2%E6%89%8D%E5%9C%8B%E5%B0%8FLogo-180x180.jpg HTTP/1.1" 200 10557 "https://www.ytps.ilc.edu.tw/category/%E6%9C%80%E6%96%B0%E6%B4%BB%E5%8B%95/" "Mozilla/5.0 (Linux; Android 10; K) AppleWebKit/537.36 (KHTML, like Gecko) Chrome/151.0.0.0 Mobile Safari/537.36"
128.241.105.46 - - [26/Aug/2026:02:20:17 +0800] "GET /6292/wp-content/themes/dara/assets/js/skip-link-focus-fix.js HTTP/1.1" 200 1295 "https://2blog.ilc.edu.tw/6292/2025/02/" "Mozilla/5.0 (Linux; Android 15; SM-S938B) AppleWebKit/537.36 (KHTML, like Gecko) Chrome/150.0.0.0 Mobile Safari/537.36"
128.241.105.46 - - [26/Aug/2026:02:20:18 +0800] "GET /6292/wp-content/uploads/sites/1074/2025/02/7-300x225.jpg HTTP/1.1" 200 17697 "https://2blog.ilc.edu.tw/6292/2025/02/" "Mozilla/5.0 (Linux; Android 15; SM-S938B) AppleWebKit/537.36 (KHTML, like Gecko) Chrome/150.0.0.0 Mobile Safari/537.36"
34.61.96.6 - - [26/Aug/2026:02:20:17 +0800] "GET /5415/2020/09/%E4%BD%A0%E4%BB%8A%E5%A4%A9%E6%9C%89%E7%85%A7%E9%A1%A7%E8%87%AA%E5%B7%B1%E4%BA%86%E5%97%8E/ HTTP/1.1" 200 31116 "-" "Mozilla/5.0 (Macintosh; Intel Mac OS X 10_15_7) AppleWebKit/537.36 (KHTML, like Gecko) Chrome/120.0.0.0 Safari/537.36"
2001:288:a201::66:125 - - [26/Aug/2026:02:20:18 +0800] "GET /blog/active.php HTTP/1.1" 301 1026 "-" "-"
2001:288:a201::66:125 - - [26/Aug/2026:02:20:18 +0800] "GET /blog/active.php HTTP/1.1" 404 1084 "-" "-"
128.241.105.46 - - [26/Aug/2026:02:20:18 +0800] "GET /6292/wp-content/uploads/sites/1074/2025/02/4-300x225.jpg HTTP/1.1" 200 18009 "https://2blog.ilc.edu.tw/6292/2025/02/" "Mozilla/5.0 (Linux; Android 15; SM-S938B) AppleWebKit/537.36 (KHTML, like Gecko) Chrome/150.0.0.0 Mobile Safari/537.36"
66.249.82.161 - - [26/Aug/2026:02:20:18 +0800] "GET /.well-known/traffic-advice HTTP/1.1" 404 25463 "-" "Chrome Privacy Preserving Prefetch Proxy"
34.236.41.241 - - [26/Aug/2026:02:20:18 +0800] "GET /1/wp-json/wp/v2/posts/19319/revisions HTTP/1.1" 401 6194 "-" "Mozilla/5.0 AppleWebKit/537.36 (KHTML, like Gecko; compatible; Amazonbot/0.1; +https://developer.amazon.com/support/amazonbot) Chrome/119.0.6045.214 Safari/537.36"
128.241.105.46 - - [26/Aug/2026:02:20:18 +0800] "GET /6292/wp-content/uploads/sites/1074/2025/02/10-300x225.jpg HTTP/1.1" 200 18066 "https://2blog.ilc.edu.tw/6292/2025/02/" "Mozilla/5.0 (Linux; Android 15; SM-S938B) AppleWebKit/537.36 (KHTML, like Gecko) Chrome/150.0.0.0 Mobile Safari/537.36"
34.206.212.24 - - [26/Aug/2026:02:20:18 +0800] "GET /index.php?rest_route=/wp/v2/posts/2559/revisions/2591 HTTP/1.1" 401 6216 "-" "Mozilla/5.0 AppleWebKit/537.36 (KHTML, like Gecko; compatible; Amazonbot/0.1; +https://developer.amazon.com/support/amazonbot) Chrome/119.0.6045.214 Safari/537.36"
2001:4860:7:b10::f7 - - [26/Aug/2026:02:20:18 +0800] "GET /2226/archives/641 HTTP/1.1" 200 17257 "https://www.google.com/" "Mozilla/5.0 (Macintosh; Intel Mac OS X 10_15_7) AppleWebKit/537.36 (KHTML, like Gecko) Chrome/151.0.0.0 Safari/537.36"
128.241.105.46 - - [26/Aug/2026:02:20:18 +0800] "GET /6292/wp-content/uploads/sites/1074/2025/02/3-300x225.jpg HTTP/1.1" 200 12024 "https://2blog.ilc.edu.tw/6292/2025/02/" "Mozilla/5.0 (Linux; Android 15; SM-S938B) AppleWebKit/537.36 (KHTML, like Gecko) Chrome/150.0.0.0 Mobile Safari/537.36"
52.3.127.170 - - [26/Aug/2026:02:20:19 +0800] "GET /wp-content/uploads/sites/2508/2022/05/?C=D;O%3DD HTTP/1.1" 200 1113 "-" "Mozilla/5.0 AppleWebKit/537.36 (KHTML, like Gecko; compatible; Amazonbot/0.1; +https://developer.amazon.com/support/amazonbot) Chrome/119.0.6045.214 Safari/537.36"
128.241.105.46 - - [26/Aug/2026:02:20:19 +0800] "GET /6292/wp-content/uploads/sites/1074/2025/02/2-300x200.jpg HTTP/1.1" 200 18391 "https://2blog.ilc.edu.tw/6292/2025/02/" "Mozilla/5.0 (Linux; Android 15; SM-S938B) AppleWebKit/537.36 (KHTML, like Gecko) Chrome/150.0.0.0 Mobile Safari/537.36"
34.171.68.95 - - [26/Aug/2026:02:20:19 +0800] "GET /32745/category/%E9%83%AD%E9%87%91%E7%99%BCvs%E6%96%87%E9%B3%B3/ HTTP/1.1" 200 90179 "-" "Mozilla/5.0 (Macintosh; Intel Mac OS X 10_15_7) AppleWebKit/537.36 (KHTML, like Gecko) Chrome/120.0.0.0 Safari/537.36"
128.241.105.46 - - [26/Aug/2026:02:20:19 +0800] "GET /6292/wp-content/uploads/sites/1074/2025/02/1-1-300x225.jpg HTTP/1.1" 200 15671 "https://2blog.ilc.edu.tw/6292/2025/02/" "Mozilla/5.0 (Linux; Android 15; SM-S938B) AppleWebKit/537.36 (KHTML, like Gecko) Chrome/150.0.0.0 Mobile Safari/537.36"
140.111.67.10 - - [26/Aug/2026:02:20:20 +0800] "GET /" 301 273 "-" "-"
20.125.101.194 - - [26/Aug/2026:02:20:19 +0800] "GET /sges1218/wp-content/uploads/sites/3021/2020/12/%E6%9C%B1%E7%91%9E%E7%90%B4%E8%80%81%E5%B8%AB%E8%A7%80%E8%AA%B2%E7%B4%80%E9%8C%841.pdf HTTP/1.1" 200 425838 "-" "Mozilla/5.0 (compatible; MSR-Financial-PDF-Scorer/1.0)"
2001:b011:7806:74de:1aa:a5fd:99d5:bab1 - - [26/Aug/2026:02:20:21 +0800] "GET / HTTP/1.1" 200 15617 "https://www.google.com/" "Mozilla/5.0 (Linux; Android 10; K) AppleWebKit/537.36 (KHTML, like Gecko) Chrome/151.0.0.0 Mobile Safari/537.36"
2001:b011:7806:74de:1aa:a5fd:99d5:bab1 - - [26/Aug/2026:02:20:22 +0800] "GET /wp-content/cache/www.ytps.ilc.edu.tw/wpfc-minified/l95zchbl/6x60.css HTTP/1.1" 200 1157 "https://www.ytps.ilc.edu.tw/" "Mozilla/5.0 (Linux; Android 10; K) AppleWebKit/537.36 (KHTML, like Gecko) Chrome/151.0.0.0 Mobile Safari/537.36"
2001:b011:7806:74de:1aa:a5fd:99d5:bab1 - - [26/Aug/2026:02:20:22 +0800] "GET /wp-content/cache/www.ytps.ilc.edu.tw/wpfc-minified/11r81k4t/6x60.css HTTP/1.1" 200 48359 "https://www.ytps.ilc.edu.tw/" "Mozilla/5.0 (Linux; Android 10; K) AppleWebKit/537.36 (KHTML, like Gecko) Chrome/151.0.0.0 Mobile Safari/537.36"
2001:b011:7806:74de:1aa:a5fd:99d5:bab1 - - [26/Aug/2026:02:20:22 +0800] "GET /wp-content/uploads/sites/1444/elementor/css/post-1039.css HTTP/1.1" 200 1609 "https://www.ytps.ilc.edu.tw/" "Mozilla/5.0 (Linux; Android 10; K) AppleWebKit/537.36 (KHTML, like Gecko) Chrome/151.0.0.0 Mobile Safari/537.36"
2001:b011:7806:74de:1aa:a5fd:99d5:bab1 - - [26/Aug/2026:02:20:22 +0800] "GET /wp-content/uploads/sites/1444/elementor/css/post-76.css HTTP/1.1" 200 1540 "https://www.ytps.ilc.edu.tw/" "Mozilla/5.0 (Linux; Android 10; K) AppleWebKit/537.36 (KHTML, like Gecko) Chrome/151.0.0.0 Mobile Safari/537.36"
2001:b011:7806:74de:1aa:a5fd:99d5:bab1 - - [26/Aug/2026:02:20:22 +0800] "GET /wp-content/cache/www.ytps.ilc.edu.tw/wpfc-minified/qizria77/6x60.css HTTP/1.1" 200 47287 "https://www.ytps.ilc.edu.tw/" "Mozilla/5.0 (Linux; Android 10; K) AppleWebKit/537.36 (KHTML, like Gecko) Chrome/151.0.0.0 Mobile Safari/537.36"
2001:b011:7806:74de:1aa:a5fd:99d5:bab1 - - [26/Aug/2026:02:20:22 +0800] "GET /wp-content/plugins/elementor-pro/assets/js/webpack-pro.runtime.min.js HTTP/1.1" 200 3562 "https://www.ytps.ilc.edu.tw/" "Mozilla/5.0 (Linux; Android 10; K) AppleWebKit/537.36 (KHTML, like Gecko) Chrome/151.0.0.0 Mobile Safari/537.36"
2001:b011:7806:74de:1aa:a5fd:99d5:bab1 - - [26/Aug/2026:02:20:22 +0800] "GET /wp-content/plugins/elementor/assets/js/webpack.runtime.min.js HTTP/1.1" 200 3095 "https://www.ytps.ilc.edu.tw/" "Mozilla/5.0 (Linux; Android 10; K) AppleWebKit/537.36 (KHTML, like Gecko) Chrome/151.0.0.0 Mobile Safari/537.36"
2001:b011:7806:74de:1aa:a5fd:99d5:bab1 - - [26/Aug/2026:02:20:22 +0800] "GET /wp-includes/js/dist/hooks.min.js HTTP/1.1" 200 2421 "https://www.ytps.ilc.edu.tw/" "Mozilla/5.0 (Linux; Android 10; K) AppleWebKit/537.36 (KHTML, like Gecko) Chrome/151.0.0.0 Mobile Safari/537.36"
2001:b011:7806:74de:1aa:a5fd:99d5:bab1 - - [26/Aug/2026:02:20:22 +0800] "GET /wp-includes/js/dist/i18n.min.js HTTP/1.1" 200 4886 "https://www.ytps.ilc.edu.tw/" "Mozilla/5.0 (Linux; Android 10; K) AppleWebKit/537.36 (KHTML, like Gecko) Chrome/151.0.0.0 Mobile Safari/537.36"
2001:b011:7806:74de:1aa:a5fd:99d5:bab1 - - [26/Aug/2026:02:20:22 +0800] "GET /wp-content/plugins/elementor/assets/js/frontend-modules.min.js HTTP/1.1" 200 19416 "https://www.ytps.ilc.edu.tw/" "Mozilla/5.0 (Linux; Android 10; K) AppleWebKit/537.36 (KHTML, like Gecko) Chrome/151.0.0.0 Mobile Safari/537.36"
2001:b011:7806:74de:1aa:a5fd:99d5:bab1 - - [26/Aug/2026:02:20:22 +0800] "GET /wp-content/plugins/elementor-pro/assets/js/frontend.min.js HTTP/1.1" 200 7574 "https://www.ytps.ilc.edu.tw/" "Mozilla/5.0 (Linux; Android 10; K) AppleWebKit/537.36 (KHTML, like Gecko) Chrome/151.0.0.0 Mobile Safari/537.36"
2001:b011:7806:74de:1aa:a5fd:99d5:bab1 - - [26/Aug/2026:02:20:22 +0800] "GET /wp-content/plugins/elementor/assets/lib/waypoints/waypoints.min.js HTTP/1.1" 200 3873 "https://www.ytps.ilc.edu.tw/" "Mozilla/5.0 (Linux; Android 10; K) AppleWebKit/537.36 (KHTML, like Gecko) Chrome/151.0.0.0 Mobile Safari/537.36"
2001:b011:7806:74de:1aa:a5fd:99d5:bab1 - - [26/Aug/2026:02:20:22 +0800] "GET /wp-includes/js/jquery/ui/core.min.js HTTP/1.1" 200 7986 "https://www.ytps.ilc.edu.tw/" "Mozilla/5.0 (Linux; Android 10; K) AppleWebKit/537.36 (KHTML, like Gecko) Chrome/151.0.0.0 Mobile Safari/537.36"
2001:b011:7806:74de:1aa:a5fd:99d5:bab1 - - [26/Aug/2026:02:20:22 +0800] "GET /wp-content/plugins/elementor-pro/assets/js/elements-handlers.min.js HTTP/1.1" 200 10882 "https://www.ytps.ilc.edu.tw/" "Mozilla/5.0 (Linux; Android 10; K) AppleWebKit/537.36 (KHTML, like Gecko) Chrome/151.0.0.0 Mobile Safari/537.36"
2001:b011:7806:74de:1aa:a5fd:99d5:bab1 - - [26/Aug/2026:02:20:22 +0800] "GET /wp-content/plugins/elementor/assets/js/frontend.min.js HTTP/1.1" 200 13169 "https://www.ytps.ilc.edu.tw/" "Mozilla/5.0 (Linux; Android 10; K) AppleWebKit/537.36 (KHTML, like Gecko) Chrome/151.0.0.0 Mobile Safari/537.36"
34.30.223.149 - - [26/Aug/2026:02:20:22 +0800] "GET /32745/wp-json/wp/v2/posts/13050 HTTP/1.1" 200 9531 "-" "Mozilla/5.0 (Macintosh; Intel Mac OS X 10_15_7) AppleWebKit/537.36 (KHTML, like Gecko) Chrome/120.0.0.0 Safari/537.36"
2001:b011:7806:74de:1aa:a5fd:99d5:bab1 - - [26/Aug/2026:02:20:22 +0800] "GET /wp-content/plugins/elementor/assets/js/text-editor.2c35aafbe5bf0e127950.bundle.min.js HTTP/1.1" 200 1545 "https://www.ytps.ilc.edu.tw/" "Mozilla/5.0 (Linux; Android 10; K) AppleWebKit/537.36 (KHTML, like Gecko) Chrome/151.0.0.0 Mobile Safari/537.36"
2001:b011:7806:74de:1aa:a5fd:99d5:bab1 - - [26/Aug/2026:02:20:22 +0800] "GET /wp-content/plugins/elementor-pro/assets/js/social.2d2e44e8608690943f29.bundle.min.js HTTP/1.1" 200 1433 "https://www.ytps.ilc.edu.tw/" "Mozilla/5.0 (Linux; Android 10; K) AppleWebKit/537.36 (KHTML, like Gecko) Chrome/151.0.0.0 Mobile Safari/537.36"
44.205.120.22 - - [26/Aug/2026:02:20:23 +0800] "GET /wp-content/uploads/sites/3491/2023/01/?C=N;O%3DA HTTP/1.1" 200 1113 "-" "Mozilla/5.0 AppleWebKit/537.36 (KHTML, like Gecko; compatible; Amazonbot/0.1; +https://developer.amazon.com/support/amazonbot) Chrome/119.0.6045.214 Safari/537.36"
34.206.249.188 - - [26/Aug/2026:02:20:22 +0800] "GET /wutatayal/wp-json/wp/v2/media/18411 HTTP/1.1" 200 10599 "-" "Mozilla/5.0 AppleWebKit/537.36 (KHTML, like Gecko; compatible; Amazonbot/0.1; +https://developer.amazon.com/support/amazonbot) Chrome/119.0.6045.214 Safari/537.36"
2001:288:a201::66:125 - - [26/Aug/2026:02:20:23 +0800] "GET /blog/active.php HTTP/1.1" 404 1084 "-" "-"
2001:288:a201::66:125 - - [26/Aug/2026:02:20:23 +0800] "GET /blog/active.php HTTP/1.1" 301 1026 "-" "-"
34.171.68.95 - - [26/Aug/2026:02:20:23 +0800] "GET /6580/2019/11/05/108-4-5-8%E5%85%A8%E9%9D%A2%E4%BD%BF%E7%94%A8%E7%92%B0%E4%BF%9D%E6%A8%99%E7%AB%A0%E5%86%8D%E7%94%9F%E7%B4%99/ HTTP/1.1" 200 13349 "-" "Mozilla/5.0 (Macintosh; Intel Mac OS X 10_15_7) AppleWebKit/537.36 (KHTML, like Gecko) Chrome/120.0.0.0 Safari/537.36"
44.223.193.255 - - [26/Aug/2026:02:20:23 +0800] "GET /wp-content/uploads/sites/1444/2020/07/DSC_3479-1023x1536.jpg HTTP/1.1" 200 283856 "-" "Mozilla/5.0 AppleWebKit/537.36 (KHTML, like Gecko; compatible; Amazonbot/0.1; +https://developer.amazon.com/support/amazonbot) Chrome/119.0.6045.214 Safari/537.36"
34.10.180.98 - - [26/Aug/2026:02:20:23 +0800] "GET /32745/2022/10/14/%E4%BA%BA%E7%94%9F%E8%B7%AF%E4%B8%8A/ HTTP/1.1" 200 92088 "-" "Mozilla/5.0 (Macintosh; Intel Mac OS X 10_15_7) AppleWebKit/537.36 (KHTML, like Gecko) Chrome/120.0.0.0 Safari/537.36"
2a03:2880:18ff:28:: - - [26/Aug/2026:02:20:24 +0800] "GET /2341/wp-content/cache/2blog.ilc.edu.tw/wpfc-minified/lcp2em6x/5wojm.js HTTP/1.1" 200 6435 "https://2blog.ilc.edu.tw/2341/2018/02/18/%e7%bf%bb%e8%ad%af-%e6%8e%88%e6%a5%ad%e7%a0%94%e7%a9%b6-%e7%9b%b4%e8%a7%92%e5%ba%a7%e6%a8%99-%e5%a4%9a%e9%87%8d%e6%95%b8%e7%b7%9a/" "Mozilla/5.0 (Macintosh; Intel Mac OS X 10_15_7) AppleWebKit/537.36 (KHTML, like Gecko) Chrome/145.0.0.0 Safari/537.36 (compatible; meta-webindexer/1.1 (+https://developers.facebook.com/docs/sharing/webmasters/crawler))"
140.111.67.195 - - [26/Aug/2026:02:20:24 +0800] "GET /wp-admin/admin-post.php?action=steps_ad HTTP/1.1" 200 6425 "-" "node-fetch/1.0 (+https://github.com/bitinn/node-fetch)"
140.111.67.10 - - [26/Aug/2026:02:20:25 +0800] "GET /" 301 273 "-" "-"
2a03:2880:2ff:3:: - - [26/Aug/2026:02:20:25 +0800] "POST /2341/wp-json/ilc-summary/v1/popular-posts HTTP/1.1" 201 6065 "https://2blog.ilc.edu.tw/2341/2018/02/18/%e7%bf%bb%e8%ad%af-%e6%8e%88%e6%a5%ad%e7%a0%94%e7%a9%b6-%e7%9b%b4%e8%a7%92%e5%ba%a7%e6%a8%99-%e5%a4%9a%e9%87%8d%e6%95%b8%e7%b7%9a/" "Mozilla/5.0 (Macintosh; Intel Mac OS X 10_15_7) AppleWebKit/537.36 (KHTML, like Gecko) Chrome/145.0.0.0 Safari/537.36 (compatible; meta-webindexer/1.1 (+https://developers.facebook.com/docs/sharing/webmasters/crawler))"
140.111.67.195 - - [26/Aug/2026:02:20:26 +0800] "GET /wp-admin/admin-post.php?action=steps_ad HTTP/1.1" 200 1649 "-" "node-fetch/1.0 (+https://github.com/bitinn/node-fetch)"
44.221.105.234 - - [26/Aug/2026:02:20:26 +0800] "GET /amy6998/wp-content/uploads/sites/2364/2022/10/IMG_0508-768x576.jpg HTTP/1.1" 200 86085 "-" "Mozilla/5.0 AppleWebKit/537.36 (KHTML, like Gecko; compatible; Amazonbot/0.1; +https://developer.amazon.com/support/amazonbot) Chrome/119.0.6045.214 Safari/537.36"
136.119.35.120 - - [26/Aug/2026:02:20:26 +0800] "GET /6173/?p=1677 HTTP/1.1" 301 5592 "-" "Mozilla/5.0 (Macintosh; Intel Mac OS X 10_15_7) AppleWebKit/537.36 (KHTML, like Gecko) Chrome/120.0.0.0 Safari/537.36"
44.215.231.15 - - [26/Aug/2026:02:20:27 +0800] "GET /wp-content/uploads/sites/1444/2020/07/DSC_3673-768x511.jpg HTTP/1.1" 200 99624 "-" "Mozilla/5.0 AppleWebKit/537.36 (KHTML, like Gecko; compatible; Amazonbot/0.1; +https://developer.amazon.com/support/amazonbot) Chrome/119.0.6045.214 Safari/537.36"
54.156.248.117 - - [26/Aug/2026:02:20:27 +0800] "GET /wp-content/uploads/sites/2729/2026/04/?C=N;O%3DA HTTP/1.1" 200 1580 "-" "Mozilla/5.0 AppleWebKit/537.36 (KHTML, like Gecko; compatible; Amazonbot/0.1; +https://developer.amazon.com/support/amazonbot) Chrome/119.0.6045.214 Safari/537.36"
34.30.223.149 - - [26/Aug/2026:02:20:27 +0800] "GET /amy6998/2024/06/05/113%E5%B9%B45%E6%9C%882526%E6%97%A5%E9%9B%99%E8%AA%9E%E6%83%85%E5%A2%83%E4%BD%88%E7%BD%AE%E6%96%BD%E5%B7%A5%EF%BC%88%E5%84%AA%E8%B3%AA%E5%AD%B8%E7%BF%92%E7%92%B0%E5%A2%83%EF%BC%89/ HTTP/1.1" 200 17775 "-" "Mozilla/5.0 (Macintosh; Intel Mac OS X 10_15_7) AppleWebKit/537.36 (KHTML, like Gecko) Chrome/120.0.0.0 Safari/537.36"
2001:288:a201::66:125 - - [26/Aug/2026:02:20:28 +0800] "GET /blog/active.php HTTP/1.1" 404 1084 "-" "-"
2001:288:a201::66:125 - - [26/Aug/2026:02:20:28 +0800] "GET /blog/active.php HTTP/1.1" 301 1026 "-" "-"
52.167.144.159 - - [26/Aug/2026:02:20:29 +0800] "GET /sneskind/wp-login.php HTTP/1.1" 200 11050 "-" "Mozilla/5.0 AppleWebKit/537.36 (KHTML, like Gecko; compatible; bingbot/2.0; +http://www.bing.com/bingbot.htm) Chrome/116.0.1938.76 Safari/537.36"
185.191.171.19 - - [26/Aug/2026:02:20:29 +0800] "GET /2010/11/24/%E3%80%90%E5%85%A8%E6%95%99%E6%9C%83%E8%A8%8A%E6%81%AF%E3%80%91%E6%9C%AC%E6%9C%83%E9%87%9D%E5%B0%8D%E3%80%8C%E6%96%B0%E7%AB%B9%E5%B8%82%E6%A0%A1%E9%95%B7%E9%81%B4%E9%81%B8%E5%88%B6%E5%BA%A6%E7%9B%B8/ HTTP/1.1" 200 18430 "-" "Mozilla/5.0 (compatible; SemrushBot/7~bl; +http://www.semrush.com/bot.html)"
34.42.229.145 - - [26/Aug/2026:02:20:29 +0800] "GET /32745/?p=38609 HTTP/1.1" 301 5620 "-" "Mozilla/5.0 (Macintosh; Intel Mac OS X 10_15_7) AppleWebKit/537.36 (KHTML, like Gecko) Chrome/120.0.0.0 Safari/537.36"
::1 - - [26/Aug/2026:02:20:30 +0800] "OPTIONS * HTTP/1.0" 200 110 "-" "Apache/2.4.68 (Ubuntu) OpenSSL/3.0.19 (internal dummy connection)"
140.111.67.10 - - [26/Aug/2026:02:20:30 +0800] "GET /" 301 273 "-" "-"
54.204.12.115 - - [26/Aug/2026:02:20:31 +0800] "GET /wp-content/uploads/sites/858/ HTTP/1.1" 200 1309 "-" "Mozilla/5.0 AppleWebKit/537.36 (KHTML, like Gecko; compatible; Amazonbot/0.1; +https://developer.amazon.com/support/amazonbot) Chrome/119.0.6045.214 Safari/537.36"
34.30.223.149 - - [26/Aug/2026:02:20:31 +0800] "GET /2569/2021/01/08/%E9%95%B7%E5%BA%9A%E7%89%99%E7%B7%9A%E8%A1%9B%E6%95%99%E5%8B%95%E7%95%AB%E9%98%BF%E4%B8%AD%E7%89%99%E9%86%AB%E8%A8%BA%E6%89%80/ HTTP/1.1" 200 17041 "-" "Mozilla/5.0 (Macintosh; Intel Mac OS X 10_15_7) AppleWebKit/537.36 (KHTML, like Gecko) Chrome/120.0.0.0 Safari/537.36"
::1 - - [26/Aug/2026:02:20:32 +0800] "OPTIONS * HTTP/1.0" 200 110 "-" "Apache/2.4.68 (Ubuntu) OpenSSL/3.0.19 (internal dummy connection)"
2001:288:a201::66:125 - - [26/Aug/2026:02:20:33 +0800] "GET /blog/active.php HTTP/1.1" 301 1026 "-" "-"
2001:288:a201::66:125 - - [26/Aug/2026:02:20:33 +0800] "GET /blog/active.php HTTP/1.1" 404 1084 "-" "-"
54.147.80.137 - - [26/Aug/2026:02:20:30 +0800] "GET /linkc/wp-json/wp/v2/tags?post=3760 HTTP/1.1" 200 6011 "-" "Mozilla/5.0 AppleWebKit/537.36 (KHTML, like Gecko; compatible; Amazonbot/0.1; +https://developer.amazon.com/support/amazonbot) Chrome/119.0.6045.214 Safari/537.36"
34.123.149.87 - - [26/Aug/2026:02:20:33 +0800] "GET /39664/?p=1234 HTTP/1.1" 301 5722 "-" "Mozilla/5.0 (Macintosh; Intel Mac OS X 10_15_7) AppleWebKit/537.36 (KHTML, like Gecko) Chrome/120.0.0.0 Safari/537.36"
52.4.213.199 - - [26/Aug/2026:02:20:34 +0800] "GET /27372/wp-json/oembed/1.0/embed?format=xml&url=https://2blog.ilc.edu.tw/27372/2021/08/23/%25e5%25ae%259c%25e8%2598%25ad%25e7%25b8%25a3%25e5%25a3%25af%25e5%259c%258d%25e5%259c%258b%25e6%25b0%2591%25e4%25b8%25ad%25e5%25ad%25b8110%25e5%25ad%25b8%25e5%25b9%25b4%25e5%25ba%25a6%25e5%25ad%25b8%25e7%25bf%2592%25e9%25a0%2598%25e5%259f%259f%25e6%2588%2590%25e7%25b8%25be%25e8%25a9%2595%25e9%2587%258f%25e9%25a0%2585/ HTTP/1.1" 200 7381 "-" "Mozilla/5.0 AppleWebKit/537.36 (KHTML, like Gecko; compatible; Amazonbot/0.1; +https://developer.amazon.com/support/amazonbot) Chrome/119.0.6045.214 Safari/537.36"
54.90.8.255 - - [26/Aug/2026:02:20:34 +0800] "GET /wp-json/oembed/1.0/embed?format=xml&url=https://www.ytes.ilc.edu.tw/21834-3898837/ HTTP/1.1" 200 7175 "-" "Mozilla/5.0 AppleWebKit/537.36 (KHTML, like Gecko; compatible; Amazonbot/0.1; +https://developer.amazon.com/support/amazonbot) Chrome/119.0.6045.214 Safari/537.36"
34.61.96.6 - - [26/Aug/2026:02:20:34 +0800] "GET /home110/?p=271 HTTP/1.1" 301 5595 "-" "Mozilla/5.0 (Macintosh; Intel Mac OS X 10_15_7) AppleWebKit/537.36 (KHTML, like Gecko) Chrome/120.0.0.0 Safari/537.36"
140.111.67.10 - - [26/Aug/2026:02:20:35 +0800] "GET /" 301 273 "-" "-"
98.82.214.73 - - [26/Aug/2026:02:20:35 +0800] "GET /wp-content/uploads/sites/54/2019/02/?C=S;O%3DD HTTP/1.1" 200 1110 "-" "Mozilla/5.0 AppleWebKit/537.36 (KHTML, like Gecko; compatible; Amazonbot/0.1; +https://developer.amazon.com/support/amazonbot) Chrome/119.0.6045.214 Safari/537.36"
::1 - - [26/Aug/2026:02:20:36 +0800] "OPTIONS * HTTP/1.0" 200 110 "-" "Apache/2.4.68 (Ubuntu) OpenSSL/3.0.19 (internal dummy connection)"
2001:288:a201::67:82 - - [26/Aug/2026:02:20:32 +0800] "POST /linkc/wp-json/wp/v2/tags?post=3760&fsm_edd_37394=4c6dee19a206cc9747bcc95885e182bc HTTP/1.1" 400 6068 "-" "WordPress/6.6.7; https://2blog.ilc.edu.tw/linkc"
2a03:2880:18ff:2e:: - - [26/Aug/2026:02:20:36 +0800] "GET /wp-content/uploads/sites/1364/21502/21502-3496889.jpg HTTP/1.1" 200 35290 "https://www.cwjh.ilc.edu.tw/2016/04/20/%e8%87%ba%e5%b8%ab%e5%a4%a7%e7%b7%9a%e4%b8%8a%e8%aa%b2%e7%a8%8b%e3%80%90%e5%b8%b6%e5%a5%bd%e6%af%8f%e4%b8%80%e5%80%8b%e5%ad%b8%e7%94%9f-%e6%9c%89%e6%95%88%e7%9a%84%e8%a3%9c%e6%95%91%e6%95%99/" "Mozilla/5.0 (Windows NT 10.0; Win64; x64) AppleWebKit/537.36 (KHTML, like Gecko) Chrome/145.0.0.0 Safari/537.36 (compatible; meta-webindexer/1.1 (+https://developers.facebook.com/docs/sharing/webmasters/crawler))"
::1 - - [26/Aug/2026:02:20:37 +0800] "OPTIONS * HTTP/1.0" 200 110 "-" "Apache/2.4.68 (Ubuntu) OpenSSL/3.0.19 (internal dummy connection)"
2409:8a62:a210:4361:5054:ff:fe39:8217 - - [26/Aug/2026:02:20:37 +0800] "GET /3288/2015/04 HTTP/1.1" 301 5737 "-" "Mozilla/5.0 (Windows NT 10.0; Win64; x64) AppleWebKit/537.36 (KHTML, like Gecko) Chrome/144.0.0.0 Safari/537.36"
2409:8a62:a210:4361:5054:ff:fe39:8217 - - [26/Aug/2026:02:20:37 +0800] "GET /3288/2015/04/ HTTP/1.1" 200 17466 "-" "Mozilla/5.0 (Windows NT 10.0; Win64; x64) AppleWebKit/537.36 (KHTML, like Gecko) Chrome/144.0.0.0 Safari/537.36"
2001:288:a201::66:125 - - [26/Aug/2026:02:20:38 +0800] "GET /blog/active.php HTTP/1.1" 301 1026 "-" "-"
2001:288:a201::66:125 - - [26/Aug/2026:02:20:38 +0800] "GET /blog/active.php HTTP/1.1" 404 1084 "-" "-"
34.10.180.98 - - [26/Aug/2026:02:20:38 +0800] "GET /41795/2022/12/06/111%E5%B9%B412%E6%9C%887%E6%97%A5%E9%80%B1%E4%B8%89%E5%9B%9E%E5%AE%B6%E4%BD%9C%E6%A5%AD%E5%90%AB%E6%B3%A8%E6%84%8F%E4%BA%8B%E9%A0%85/ HTTP/1.1" 200 16566 "-" "Mozilla/5.0 (Macintosh; Intel Mac OS X 10_15_7) AppleWebKit/537.36 (KHTML, like Gecko) Chrome/120.0.0.0 Safari/537.36"
44.208.193.63 - - [26/Aug/2026:02:20:38 +0800] "GET /32745/wp-json/oembed/1.0/embed?url=https://2blog.ilc.edu.tw/32745/2025/01/11/%25e9%25a2%25a8%25e5%2590%25b9%25e9%25a3%259b%25e5%2595%258a%25e9%25a3%259b/ HTTP/1.1" 200 8524 "-" "Mozilla/5.0 AppleWebKit/537.36 (KHTML, like Gecko; compatible; Amazonbot/0.1; +https://developer.amazon.com/support/amazonbot) Chrome/119.0.6045.214 Safari/537.36"
2409:8a62:a210:4361:5054:ff:fe39:8217 - - [26/Aug/2026:02:20:38 +0800] "GET /3288/wp-content/cache/2blog.ilc.edu.tw/wpfc-minified/9meucvah/67z9x.css HTTP/1.1" 200 40886 "https://2blog.ilc.edu.tw/3288/2015/04/" "Mozilla/5.0 (Windows NT 10.0; Win64; x64) AppleWebKit/537.36 (KHTML, like Gecko) Chrome/144.0.0.0 Safari/537.36"
34.30.223.149 - - [26/Aug/2026:02:20:38 +0800] "GET /6571/?p=1783 HTTP/1.1" 301 5635 "-" "Mozilla/5.0 (Macintosh; Intel Mac OS X 10_15_7) AppleWebKit/537.36 (KHTML, like Gecko) Chrome/120.0.0.0 Safari/537.36"
40.77.167.154 - - [26/Aug/2026:02:20:38 +0800] "GET /scweb/photomap.htm HTTP/1.1" 404 31133 "-" "Mozilla/5.0 AppleWebKit/537.36 (KHTML, like Gecko; compatible; bingbot/2.0; +http://www.bing.com/bingbot.htm) Chrome/116.0.1938.76 Safari/537.36"
34.61.96.6 - - [26/Aug/2026:02:20:39 +0800] "GET /6437/2016/10/29/105_%E6%95%99%E5%AD%B8%E8%88%87%E5%AE%A3%E5%B0%8E_%E5%A4%A7%E6%89%8B%E7%89%BD%E5%B0%8F%E6%89%8B/ HTTP/1.1" 200 15993 "-" "Mozilla/5.0 (Macintosh; Intel Mac OS X 10_15_7) AppleWebKit/537.36 (KHTML, like Gecko) Chrome/120.0.0.0 Safari/537.36"
54.89.90.224 - - [26/Aug/2026:02:20:39 +0800] "GET /wp-content/uploads/sites/353/ HTTP/1.1" 200 1277 "-" "Mozilla/5.0 AppleWebKit/537.36 (KHTML, like Gecko; compatible; Amazonbot/0.1; +https://developer.amazon.com/support/amazonbot) Chrome/119.0.6045.214 Safari/537.36"
2a03:2880:18ff:56:: - - [26/Aug/2026:02:20:39 +0800] "GET /26151/2014/03/25/%E5%AE%9C%E8%98%AD%E7%B8%A3%E8%BA%AB%E5%BF%83%E9%9A%9C%E7%A4%99%E8%80%85%E8%81%B7%E6%A5%AD%E9%87%8D%E5%BB%BA%E6%9C%8D%E5%8B%99%E8%B3%87%E6%BA%90%E4%BB%8B%E7%B4%B9/ HTTP/1.1" 200 22122 "-" "Mozilla/5.0 (Macintosh; Intel Mac OS X 10_15_7) AppleWebKit/537.36 (KHTML, like Gecko) Chrome/145.0.0.0 Safari/537.36 (compatible; meta-webindexer/1.1 (+https://developers.facebook.com/docs/sharing/webmasters/crawler))"
34.123.149.87 - - [26/Aug/2026:02:20:39 +0800] "GET /32745/?p=21359 HTTP/1.1" 301 5584 "-" "Mozilla/5.0 (Macintosh; Intel Mac OS X 10_15_7) AppleWebKit/537.36 (KHTML, like Gecko) Chrome/120.0.0.0 Safari/537.36"
140.111.67.10 - - [26/Aug/2026:02:20:40 +0800] "GET /" 301 273 "-" "-"
34.123.149.87 - - [26/Aug/2026:02:20:41 +0800] "GET /32745/wp-json/wp/v2/posts/23947 HTTP/1.1" 200 8752 "-" "Mozilla/5.0 (Macintosh; Intel Mac OS X 10_15_7) AppleWebKit/537.36 (KHTML, like Gecko) Chrome/120.0.0.0 Safari/537.36"
71.222.37.74 - - [26/Aug/2026:02:20:42 +0800] "GET /blog/result_detail.jsp?n_no=880&curpage=0&sample=0&radiobutton=0&querytarget=0&limit=1&pagenum=097&rowcount=c23 HTTP/1.1" 301 1283 "-" "Mozilla/5.0 (Macintosh; Intel Mac OS X 10_15_7) AppleWebKit/537.36 (KHTML, like Gecko) Chrome/148.0.0.0 Safari/537.36 Edg/148.0.0.0"
2001:b011:7806:74de:1aa:a5fd:99d5:bab1 - - [26/Aug/2026:02:20:42 +0800] "-" 408 339 "-" "-"
2001:288:a201::66:125 - - [26/Aug/2026:02:20:43 +0800] "GET /blog/active.php HTTP/1.1" 301 1026 "-" "-"
44.215.210.112 - - [26/Aug/2026:02:20:43 +0800] "GET /blog/blog/6070/resource/116672/1808739 HTTP/1.1" 301 1072 "-" "Mozilla/5.0 AppleWebKit/537.36 (KHTML, like Gecko; compatible; Amazonbot/0.1; +https://developer.amazon.com/support/amazonbot) Chrome/119.0.6045.214 Safari/537.36"
2001:288:a201::66:125 - - [26/Aug/2026:02:20:43 +0800] "GET /blog/active.php HTTP/1.1" 404 1084 "-" "-"
34.10.180.98 - - [26/Aug/2026:02:20:43 +0800] "GET /2226/?p=282 HTTP/1.1" 301 5556 "-" "Mozilla/5.0 (Macintosh; Intel Mac OS X 10_15_7) AppleWebKit/537.36 (KHTML, like Gecko) Chrome/120.0.0.0 Safari/537.36"
34.225.243.131 - - [26/Aug/2026:02:20:43 +0800] "GET /wp-content/uploads/sites/2974/2022/11/?C=M;O%3DD HTTP/1.1" 200 1113 "-" "Mozilla/5.0 AppleWebKit/537.36 (KHTML, like Gecko; compatible; Amazonbot/0.1; +https://developer.amazon.com/support/amazonbot) Chrome/119.0.6045.214 Safari/537.36"
34.171.68.95 - - [26/Aug/2026:02:20:43 +0800] "GET /21002/?p=11512 HTTP/1.1" 301 5749 "-" "Mozilla/5.0 (Macintosh; Intel Mac OS X 10_15_7) AppleWebKit/537.36 (KHTML, like Gecko) Chrome/120.0.0.0 Safari/537.36"
140.111.67.10 - - [26/Aug/2026:02:20:45 +0800] "GET /" 301 273 "-" "-"
18.213.240.226 - - [26/Aug/2026:02:20:46 +0800] "GET /amy6998/wp-content/uploads/sites/2364/2023/01/GGGS__7774472-300x225.jpg HTTP/1.1" 200 24154 "-" "Mozilla/5.0 AppleWebKit/537.36 (KHTML, like Gecko; compatible; Amazonbot/0.1; +https://developer.amazon.com/support/amazonbot) Chrome/119.0.6045.214 Safari/537.36"
34.42.229.145 - - [26/Aug/2026:02:20:47 +0800] "GET /32745/?p=70012 HTTP/1.1" 301 5595 "-" "Mozilla/5.0 (Macintosh; Intel Mac OS X 10_15_7) AppleWebKit/537.36 (KHTML, like Gecko) Chrome/120.0.0.0 Safari/537.36"
34.57.162.91 - - [26/Aug/2026:02:20:47 +0800] "GET /1990/wp-content/uploads/sites/2403/2025/11/114.5.16%E9%AB%98%E5%B9%B4%E7%B4%9A%E6%A0%A1%E6%9C%AC%E8%AA%B2%E7%A8%8B%E6%B7%A8%E7%81%98%E6%B4%BB%E5%8B%95.docx HTTP/1.1" 200 799954 "-" "Mozilla/5.0 (Macintosh; Intel Mac OS X 10_15_7) AppleWebKit/537.36 (KHTML, like Gecko) Chrome/120.0.0.0 Safari/537.36"
2001:288:a201::66:125 - - [26/Aug/2026:02:20:48 +0800] "GET /blog/active.php HTTP/1.1" 301 1026 "-" "-"
2001:288:a201::66:125 - - [26/Aug/2026:02:20:48 +0800] "GET /blog/active.php HTTP/1.1" 404 1084 "-" "-"
2a03:2880:10ff:54:: - - [26/Aug/2026:02:20:48 +0800] "GET /wp-content/cache/de.ilc.edu.tw/wpfc-minified/q4veupma/7r2u.css HTTP/1.1" 200 45665 "https://de.ilc.edu.tw/2017/10/12/%e6%aa%a2%e9%80%81106%e5%b9%b4%e5%ba%a6%e6%95%99%e8%82%b2%e9%83%a8%e8%a3%9c%e5%8a%a9%e3%80%8c%e7%9b%b4%e8%bd%84%e5%b8%82%e5%8f%8a%e7%b8%a3%e5%b8%82%e6%94%bf%e5%ba%9c%e8%be%a6%e7%90%86%e9%98%b2/" "Mozilla/5.0 (Windows NT 10.0; Win64; x64) AppleWebKit/537.36 (KHTML, like Gecko) Chrome/145.0.0.0 Safari/537.36 (compatible; meta-webindexer/1.1 (+https://developers.facebook.com/docs/sharing/webmasters/crawler))"
2a03:2880:18ff:46:: - - [26/Aug/2026:02:20:49 +0800] "GET /wp-content/cache/de.ilc.edu.tw/wpfc-minified/2bk3wxzt/anrs.js HTTP/1.1" 200 6425 "https://de.ilc.edu.tw/2017/10/12/%e6%aa%a2%e9%80%81106%e5%b9%b4%e5%ba%a6%e6%95%99%e8%82%b2%e9%83%a8%e8%a3%9c%e5%8a%a9%e3%80%8c%e7%9b%b4%e8%bd%84%e5%b8%82%e5%8f%8a%e7%b8%a3%e5%b8%82%e6%94%bf%e5%ba%9c%e8%be%a6%e7%90%86%e9%98%b2/" "Mozilla/5.0 (Windows NT 10.0; Win64; x64) AppleWebKit/537.36 (KHTML, like Gecko) Chrome/145.0.0.0 Safari/537.36 (compatible; meta-webindexer/1.1 (+https://developers.facebook.com/docs/sharing/webmasters/crawler))"
52.167.144.159 - - [26/Aug/2026:02:20:49 +0800] "GET /41336/author/doraemo1220-tanet/page/39/ HTTP/1.1" 200 24281 "-" "Mozilla/5.0 AppleWebKit/537.36 (KHTML, like Gecko; compatible; bingbot/2.0; +http://www.bing.com/bingbot.htm) Chrome/116.0.1938.76 Safari/537.36"
::1 - - [26/Aug/2026:02:20:50 +0800] "OPTIONS * HTTP/1.0" 200 110 "-" "Apache/2.4.68 (Ubuntu) OpenSSL/3.0.19 (internal dummy connection)"
140.111.67.10 - - [26/Aug/2026:02:20:50 +0800] "GET /" 301 273 "-" "-"
2a03:2880:18ff:3a:: - - [26/Aug/2026:02:20:50 +0800] "GET /wp-includes/images/rss.png HTTP/1.1" 200 6225 "https://de.ilc.edu.tw/2017/10/12/%e6%aa%a2%e9%80%81106%e5%b9%b4%e5%ba%a6%e6%95%99%e8%82%b2%e9%83%a8%e8%a3%9c%e5%8a%a9%e3%80%8c%e7%9b%b4%e8%bd%84%e5%b8%82%e5%8f%8a%e7%b8%a3%e5%b8%82%e6%94%bf%e5%ba%9c%e8%be%a6%e7%90%86%e9%98%b2/" "Mozilla/5.0 (Windows NT 10.0; Win64; x64) AppleWebKit/537.36 (KHTML, like Gecko) Chrome/145.0.0.0 Safari/537.36 (compatible; meta-webindexer/1.1 (+https://developers.facebook.com/docs/sharing/webmasters/crawler))"
44.206.65.8 - - [26/Aug/2026:02:20:50 +0800] "GET /amy6998/wp-content/uploads/sites/2364/2025/08/IMG_8390ggg-300x225.jpg HTTP/1.1" 200 25636 "-" "Mozilla/5.0 AppleWebKit/537.36 (KHTML, like Gecko; compatible; Amazonbot/0.1; +https://developer.amazon.com/support/amazonbot) Chrome/119.0.6045.214 Safari/537.36"
34.30.223.149 - - [26/Aug/2026:02:20:50 +0800] "GET /6325/2015/11/10/104_%E6%A0%A1%E5%9C%92%E7%92%B0%E5%A2%83%E7%AE%A1%E7%90%86-3-%E7%92%B0%E5%A2%83%E8%A1%9B%E7%94%9F%E7%AE%A1%E7%90%86%E6%83%85%E5%BD%A2%E6%B0%B4%E6%BA%9D%E3%80%81%E7%A9%8D%E6%B0%B4%E5%AE%B9%E5%99%A8/ HTTP/1.1" 200 15883 "-" "Mozilla/5.0 (Macintosh; Intel Mac OS X 10_15_7) AppleWebKit/537.36 (KHTML, like Gecko) Chrome/120.0.0.0 Safari/537.36"
195.93.245.136 - - [26/Aug/2026:02:20:50 +0800] "GET /35720/author/691111/ HTTP/1.1" 200 14595 "-" "Mozilla/5.0 (Windows NT 10.0; Win64; x64) AppleWebKit/537.36 (KHTML, like Gecko) Chrome/107.0.0.0 Safari/537.36"
2001:288:a201::66:125 - - [26/Aug/2026:02:20:53 +0800] "GET /blog/active.php HTTP/1.1" 301 1026 "-" "-"
2001:288:a201::66:125 - - [26/Aug/2026:02:20:53 +0800] "GET /blog/active.php HTTP/1.1" 404 1084 "-" "-"
18.205.127.11 - - [26/Aug/2026:02:20:54 +0800] "GET /32745/wp-json/wp/v2/posts/26513/revisions HTTP/1.1" 401 6198 "-" "Mozilla/5.0 AppleWebKit/537.36 (KHTML, like Gecko; compatible; Amazonbot/0.1; +https://developer.amazon.com/support/amazonbot) Chrome/119.0.6045.214 Safari/537.36"
140.111.67.10 - - [26/Aug/2026:02:20:55 +0800] "GET /" 301 273 "-" "-"
44.212.106.171 - - [26/Aug/2026:02:20:55 +0800] "GET /wp-content/uploads/sites/197/2019/?C=D;O%3DD HTTP/1.1" 200 1216 "-" "Mozilla/5.0 AppleWebKit/537.36 (KHTML, like Gecko; compatible; Amazonbot/0.1; +https://developer.amazon.com/support/amazonbot) Chrome/119.0.6045.214 Safari/537.36"
136.119.35.120 - - [26/Aug/2026:02:20:55 +0800] "GET /5595/2025/09/18/%E5%A3%AF%E5%9C%8D%E5%9C%8B%E4%B8%AD114%E5%AD%B8%E5%B9%B4%E5%BA%A6%E7%AC%AC%E4%B8%80%E5%AD%B8%E6%9C%9F%E8%97%9D%E8%A1%93%E9%A0%98%E5%9F%9F%E6%95%99%E5%B8%AB%E5%B0%88%E6%A5%AD%E6%88%90%E9%95%B7/ HTTP/1.1" 200 13763 "-" "Mozilla/5.0 (Macintosh; Intel Mac OS X 10_15_7) AppleWebKit/537.36 (KHTML, like Gecko) Chrome/120.0.0.0 Safari/537.36"
34.30.223.149 - - [26/Aug/2026:02:20:55 +0800] "GET /34699/wp-json/wp/v2/media/1429 HTTP/1.1" 200 9540 "-" "Mozilla/5.0 (Macintosh; Intel Mac OS X 10_15_7) AppleWebKit/537.36 (KHTML, like Gecko) Chrome/120.0.0.0 Safari/537.36"
34.171.68.95 - - [26/Aug/2026:02:20:56 +0800] "GET /6568/2011/12/02/%E8%B3%87%E6%BA%90%E5%9B%9E%E6%94%B6%E8%88%87%E5%9E%83%E5%9C%BE%E6%B8%9B%E9%87%8F/ HTTP/1.1" 200 15618 "-" "Mozilla/5.0 (Macintosh; Intel Mac OS X 10_15_7) AppleWebKit/537.36 (KHTML, like Gecko) Chrome/120.0.0.0 Safari/537.36"
34.123.149.87 - - [26/Aug/2026:02:20:54 +0800] "GET /wp-content/uploads/sites/1364/2020/12/110%E5%AD%B8%E5%B9%B4%E5%BA%A6%E9%AB%98%E7%B4%9A%E4%B8%AD%E7%AD%89%E5%AD%B8%E6%A0%A1%E7%89%B9%E8%89%B2%E6%8B%9B%E7%94%9F%E5%B0%88%E6%A5%AD%E7%BE%A4%E7%A7%91%E7%94%84%E9%81%B8%E5%85%A5%E5%AD%B8%E7%B0%A1%E7%AB%A0.pdf HTTP/1.1" 200 8297575 "-" "Mozilla/5.0 (Macintosh; Intel Mac OS X 10_15_7) AppleWebKit/537.36 (KHTML, like Gecko) Chrome/120.0.0.0 Safari/537.36"
136.119.35.120 - - [26/Aug/2026:02:20:56 +0800] "GET /32745/wp-json/wp/v2/posts/61447 HTTP/1.1" 200 8565 "-" "Mozilla/5.0 (Macintosh; Intel Mac OS X 10_15_7) AppleWebKit/537.36 (KHTML, like Gecko) Chrome/120.0.0.0 Safari/537.36"
34.123.149.87 - - [26/Aug/2026:02:20:57 +0800] "GET /24659/2013/03/15/%E4%BA%8C%E5%B9%B4%E7%B4%9A%E5%AD%97%E6%AF%8D%E9%BA%B5/ HTTP/1.1" 200 20278 "-" "Mozilla/5.0 (Macintosh; Intel Mac OS X 10_15_7) AppleWebKit/537.36 (KHTML, like Gecko) Chrome/120.0.0.0 Safari/537.36"
146.190.74.75 - - [26/Aug/2026:02:20:57 +0800] "GET /blog/imgs/thumbs_up.gif HTTP/1.1" 301 1042 "http://blog.ilc.edu.tw/" "Mozilla/5.0 (Windows NT 10.0; Win64; x64) AppleWebKit/537.36 (KHTML, like Gecko) Chrome/105.0.0.0 Safari/537.3"
206.189.236.128 - - [26/Aug/2026:02:20:57 +0800] "GET /blog/gallery/5801/5801-3268657.jpg HTTP/1.1" 301 1064 "http://blog.ilc.edu.tw/" "Mozilla/5.0 (Windows NT 10.0; Win64; x64) AppleWebKit/537.36 (KHTML, like Gecko) Chrome/109.0.0.0 Safari/537.36"
