[Wed Aug 26 00:13:18.629809 2026] [authz_core:debug] [pid 2093237:tid 2093237] mod_authz_core.c(815): [client 34.123.149.87:12803] AH01626: authorization result of Require all granted: granted
[Wed Aug 26 00:13:18.629815 2026] [authz_core:debug] [pid 2093237:tid 2093237] mod_authz_core.c(815): [client 34.123.149.87:12803] AH01626: authorization result of : granted
[Wed Aug 26 00:13:18.630358 2026] [authz_core:debug] [pid 2093237:tid 2093237] mod_authz_core.c(815): [client 34.123.149.87:12803] AH01626: authorization result of Require all granted: granted
[Wed Aug 26 00:13:18.630363 2026] [authz_core:debug] [pid 2093237:tid 2093237] mod_authz_core.c(815): [client 34.123.149.87:12803] AH01626: authorization result of : granted
[Wed Aug 26 00:13:18.631760 2026] [ssl:debug] [pid 2093224:tid 2093224] ssl_engine_kernel.c(254): [client 2001:b011:7801:5307:68bf:358a:47f4:3002:52831] AH02034: Subsequent (No.6) HTTPS request received for child 13 (server www.ilc.edu.tw:443), referer: https://www.ilc.edu.tw/
[Wed Aug 26 00:13:18.631907 2026] [authz_core:debug] [pid 2093224:tid 2093224] mod_authz_core.c(815): [client 2001:b011:7801:5307:68bf:358a:47f4:3002:52831] AH01626: authorization result of Require all granted: granted, referer: https://www.ilc.edu.tw/
[Wed Aug 26 00:13:18.631911 2026] [authz_core:debug] [pid 2093224:tid 2093224] mod_authz_core.c(815): [client 2001:b011:7801:5307:68bf:358a:47f4:3002:52831] AH01626: authorization result of : granted, referer: https://www.ilc.edu.tw/
[Wed Aug 26 00:13:18.632302 2026] [deflate:debug] [pid 2093224:tid 2093224] mod_deflate.c(909): [client 2001:b011:7801:5307:68bf:358a:47f4:3002:52831] AH01384: Zlib: Compressed 12198 to 2975 : URL /wp-content/plugins/elementor/assets/lib/waypoints/waypoints.min.js, referer: https://www.ilc.edu.tw/
[Wed Aug 26 00:13:18.634800 2026] [ssl:debug] [pid 2093240:tid 2093240] ssl_engine_kernel.c(254): [client 2001:b011:7801:5307:68bf:358a:47f4:3002:61673] AH02034: Subsequent (No.3) HTTPS request received for child 8 (server www.ilc.edu.tw:443), referer: https://www.ilc.edu.tw/
[Wed Aug 26 00:13:18.634954 2026] [authz_core:debug] [pid 2093240:tid 2093240] mod_authz_core.c(815): [client 2001:b011:7801:5307:68bf:358a:47f4:3002:61673] AH01626: authorization result of Require all granted: granted, referer: https://www.ilc.edu.tw/
[Wed Aug 26 00:13:18.634959 2026] [authz_core:debug] [pid 2093240:tid 2093240] mod_authz_core.c(815): [client 2001:b011:7801:5307:68bf:358a:47f4:3002:61673] AH01626: authorization result of : granted, referer: https://www.ilc.edu.tw/
[Wed Aug 26 00:13:18.635584 2026] [deflate:debug] [pid 2093240:tid 2093240] mod_deflate.c(909): [client 2001:b011:7801:5307:68bf:358a:47f4:3002:61673] AH01384: Zlib: Compressed 21464 to 7088 : URL /wp-includes/js/jquery/ui/core.min.js, referer: https://www.ilc.edu.tw/
[Wed Aug 26 00:13:18.635711 2026] [ssl:debug] [pid 2088183:tid 2088183] ssl_engine_kernel.c(254): [client 2001:b011:7801:5307:68bf:358a:47f4:3002:63687] AH02034: Subsequent (No.7) HTTPS request received for child 34 (server www.ilc.edu.tw:443), referer: https://www.ilc.edu.tw/
[Wed Aug 26 00:13:18.635859 2026] [authz_core:debug] [pid 2088183:tid 2088183] mod_authz_core.c(815): [client 2001:b011:7801:5307:68bf:358a:47f4:3002:63687] AH01626: authorization result of Require all granted: granted, referer: https://www.ilc.edu.tw/
[Wed Aug 26 00:13:18.635864 2026] [authz_core:debug] [pid 2088183:tid 2088183] mod_authz_core.c(815): [client 2001:b011:7801:5307:68bf:358a:47f4:3002:63687] AH01626: authorization result of : granted, referer: https://www.ilc.edu.tw/
[Wed Aug 26 00:13:18.637045 2026] [deflate:debug] [pid 2088183:tid 2088183] mod_deflate.c(909): [client 2001:b011:7801:5307:68bf:358a:47f4:3002:63687] AH01384: Zlib: Compressed 40254 to 12204 : URL /wp-content/plugins/elementor/assets/js/frontend.min.js, referer: https://www.ilc.edu.tw/
[Wed Aug 26 00:13:18.637759 2026] [ssl:debug] [pid 2093216:tid 2093216] ssl_engine_kernel.c(254): [client 2001:b011:7801:5307:68bf:358a:47f4:3002:51844] AH02034: Subsequent (No.5) HTTPS request received for child 0 (server www.ilc.edu.tw:443), referer: https://www.ilc.edu.tw/
[Wed Aug 26 00:13:18.637913 2026] [authz_core:debug] [pid 2093216:tid 2093216] mod_authz_core.c(815): [client 2001:b011:7801:5307:68bf:358a:47f4:3002:51844] AH01626: authorization result of Require all granted: granted, referer: https://www.ilc.edu.tw/
[Wed Aug 26 00:13:18.637918 2026] [authz_core:debug] [pid 2093216:tid 2093216] mod_authz_core.c(815): [client 2001:b011:7801:5307:68bf:358a:47f4:3002:51844] AH01626: authorization result of : granted, referer: https://www.ilc.edu.tw/
[Wed Aug 26 00:13:18.638910 2026] [deflate:debug] [pid 2093216:tid 2093216] mod_deflate.c(909): [client 2001:b011:7801:5307:68bf:358a:47f4:3002:51844] AH01384: Zlib: Compressed 41573 to 9918 : URL /wp-content/plugins/elementor-pro/assets/js/elements-handlers.min.js, referer: https://www.ilc.edu.tw/
[Wed Aug 26 00:13:18.639708 2026] [ssl:debug] [pid 2093057:tid 2093057] ssl_engine_kernel.c(254): [client 2001:b011:7801:5307:68bf:358a:47f4:3002:62598] AH02034: Subsequent (No.3) HTTPS request received for child 1 (server www.ilc.edu.tw:443), referer: https://www.ilc.edu.tw/
[Wed Aug 26 00:13:18.640310 2026] [authz_core:debug] [pid 2093057:tid 2093057] mod_authz_core.c(815): [client 2001:b011:7801:5307:68bf:358a:47f4:3002:62598] AH01626: authorization result of Require all granted: granted, referer: https://www.ilc.edu.tw/
[Wed Aug 26 00:13:18.640316 2026] [authz_core:debug] [pid 2093057:tid 2093057] mod_authz_core.c(815): [client 2001:b011:7801:5307:68bf:358a:47f4:3002:62598] AH01626: authorization result of : granted, referer: https://www.ilc.edu.tw/
[Wed Aug 26 00:13:18.640730 2026] [ssl:debug] [pid 2093226:tid 2093226] ssl_engine_kernel.c(254): [client 2001:b011:7801:5307:68bf:358a:47f4:3002:54815] AH02034: Subsequent (No.9) HTTPS request received for child 17 (server www.ilc.edu.tw:443), referer: https://www.ilc.edu.tw/
[Wed Aug 26 00:13:18.641005 2026] [authz_core:debug] [pid 2093226:tid 2093226] mod_authz_core.c(815): [client 2001:b011:7801:5307:68bf:358a:47f4:3002:54815] AH01626: authorization result of Require all granted: granted, referer: https://www.ilc.edu.tw/
[Wed Aug 26 00:13:18.641011 2026] [authz_core:debug] [pid 2093226:tid 2093226] mod_authz_core.c(815): [client 2001:b011:7801:5307:68bf:358a:47f4:3002:54815] AH01626: authorization result of : granted, referer: https://www.ilc.edu.tw/
[Wed Aug 26 00:13:18.643792 2026] [ssl:debug] [pid 2093224:tid 2093224] ssl_engine_kernel.c(254): [client 2001:b011:7801:5307:68bf:358a:47f4:3002:52831] AH02034: Subsequent (No.7) HTTPS request received for child 13 (server www.ilc.edu.tw:443), referer: https://www.ilc.edu.tw/
[Wed Aug 26 00:13:18.644105 2026] [authz_core:debug] [pid 2093224:tid 2093224] mod_authz_core.c(815): [client 2001:b011:7801:5307:68bf:358a:47f4:3002:52831] AH01626: authorization result of Require all granted: granted, referer: https://www.ilc.edu.tw/
[Wed Aug 26 00:13:18.644111 2026] [authz_core:debug] [pid 2093224:tid 2093224] mod_authz_core.c(815): [client 2001:b011:7801:5307:68bf:358a:47f4:3002:52831] AH01626: authorization result of : granted, referer: https://www.ilc.edu.tw/
[Wed Aug 26 00:13:18.651737 2026] [ssl:debug] [pid 2088183:tid 2088183] ssl_engine_kernel.c(254): [client 2001:b011:7801:5307:68bf:358a:47f4:3002:63687] AH02034: Subsequent (No.8) HTTPS request received for child 34 (server www.ilc.edu.tw:443), referer: https://www.ilc.edu.tw/
[Wed Aug 26 00:13:18.652168 2026] [authz_core:debug] [pid 2088183:tid 2088183] mod_authz_core.c(815): [client 2001:b011:7801:5307:68bf:358a:47f4:3002:63687] AH01626: authorization result of Require all granted: granted, referer: https://www.ilc.edu.tw/
[Wed Aug 26 00:13:18.652176 2026] [authz_core:debug] [pid 2088183:tid 2088183] mod_authz_core.c(815): [client 2001:b011:7801:5307:68bf:358a:47f4:3002:63687] AH01626: authorization result of : granted, referer: https://www.ilc.edu.tw/
[Wed Aug 26 00:13:18.655821 2026] [ssl:debug] [pid 2093216:tid 2093216] ssl_engine_kernel.c(254): [client 2001:b011:7801:5307:68bf:358a:47f4:3002:51844] AH02034: Subsequent (No.6) HTTPS request received for child 0 (server www.ilc.edu.tw:443), referer: https://www.ilc.edu.tw/
[Wed Aug 26 00:13:18.656037 2026] [ssl:debug] [pid 2093226:tid 2093226] ssl_engine_kernel.c(254): [client 2001:b011:7801:5307:68bf:358a:47f4:3002:54815] AH02034: Subsequent (No.10) HTTPS request received for child 17 (server www.ilc.edu.tw:443), referer: https://www.ilc.edu.tw/
[Wed Aug 26 00:13:18.656313 2026] [authz_core:debug] [pid 2093226:tid 2093226] mod_authz_core.c(815): [client 2001:b011:7801:5307:68bf:358a:47f4:3002:54815] AH01626: authorization result of Require all granted: granted, referer: https://www.ilc.edu.tw/
[Wed Aug 26 00:13:18.656319 2026] [authz_core:debug] [pid 2093226:tid 2093226] mod_authz_core.c(815): [client 2001:b011:7801:5307:68bf:358a:47f4:3002:54815] AH01626: authorization result of : granted, referer: https://www.ilc.edu.tw/
[Wed Aug 26 00:13:18.656324 2026] [authz_core:debug] [pid 2093216:tid 2093216] mod_authz_core.c(815): [client 2001:b011:7801:5307:68bf:358a:47f4:3002:51844] AH01626: authorization result of Require all granted: granted, referer: https://www.ilc.edu.tw/
[Wed Aug 26 00:13:18.656334 2026] [authz_core:debug] [pid 2093216:tid 2093216] mod_authz_core.c(815): [client 2001:b011:7801:5307:68bf:358a:47f4:3002:51844] AH01626: authorization result of : granted, referer: https://www.ilc.edu.tw/
[Wed Aug 26 00:13:18.743847 2026] [ssl:debug] [pid 2093216:tid 2093216] ssl_engine_kernel.c(254): [client 2001:b011:7801:5307:68bf:358a:47f4:3002:51844] AH02034: Subsequent (No.7) HTTPS request received for child 0 (server www.ilc.edu.tw:443), referer: https://www.ilc.edu.tw/wp-content/cache/www.ilc.edu.tw/wpfc-minified/fdlul8k0/8141l.css
[Wed Aug 26 00:13:18.744089 2026] [authz_core:debug] [pid 2093216:tid 2093216] mod_authz_core.c(815): [client 2001:b011:7801:5307:68bf:358a:47f4:3002:51844] AH01626: authorization result of Require all granted: granted, referer: https://www.ilc.edu.tw/wp-content/cache/www.ilc.edu.tw/wpfc-minified/fdlul8k0/8141l.css
[Wed Aug 26 00:13:18.744098 2026] [authz_core:debug] [pid 2093216:tid 2093216] mod_authz_core.c(815): [client 2001:b011:7801:5307:68bf:358a:47f4:3002:51844] AH01626: authorization result of : granted, referer: https://www.ilc.edu.tw/wp-content/cache/www.ilc.edu.tw/wpfc-minified/fdlul8k0/8141l.css
[Wed Aug 26 00:13:18.745803 2026] [ssl:debug] [pid 2093226:tid 2093226] ssl_engine_kernel.c(254): [client 2001:b011:7801:5307:68bf:358a:47f4:3002:54815] AH02034: Subsequent (No.11) HTTPS request received for child 17 (server www.ilc.edu.tw:443), referer: https://www.ilc.edu.tw/wp-content/cache/www.ilc.edu.tw/wpfc-minified/fdlul8k0/8141l.css
[Wed Aug 26 00:13:18.745988 2026] [authz_core:debug] [pid 2093226:tid 2093226] mod_authz_core.c(815): [client 2001:b011:7801:5307:68bf:358a:47f4:3002:54815] AH01626: authorization result of Require all granted: granted, referer: https://www.ilc.edu.tw/wp-content/cache/www.ilc.edu.tw/wpfc-minified/fdlul8k0/8141l.css
[Wed Aug 26 00:13:18.745995 2026] [authz_core:debug] [pid 2093226:tid 2093226] mod_authz_core.c(815): [client 2001:b011:7801:5307:68bf:358a:47f4:3002:54815] AH01626: authorization result of : granted, referer: https://www.ilc.edu.tw/wp-content/cache/www.ilc.edu.tw/wpfc-minified/fdlul8k0/8141l.css
[Wed Aug 26 00:13:18.774838 2026] [ssl:debug] [pid 2093226:tid 2093226] ssl_engine_kernel.c(254): [client 2001:b011:7801:5307:68bf:358a:47f4:3002:54815] AH02034: Subsequent (No.12) HTTPS request received for child 17 (server www.ilc.edu.tw:443), referer: https://www.ilc.edu.tw/
[Wed Aug 26 00:13:18.774838 2026] [ssl:debug] [pid 2093216:tid 2093216] ssl_engine_kernel.c(254): [client 2001:b011:7801:5307:68bf:358a:47f4:3002:51844] AH02034: Subsequent (No.8) HTTPS request received for child 0 (server www.ilc.edu.tw:443), referer: https://www.ilc.edu.tw/
[Wed Aug 26 00:13:18.775514 2026] [authz_core:debug] [pid 2093226:tid 2093226] mod_authz_core.c(815): [client 2001:b011:7801:5307:68bf:358a:47f4:3002:54815] AH01626: authorization result of Require all granted: granted, referer: https://www.ilc.edu.tw/
[Wed Aug 26 00:13:18.775526 2026] [authz_core:debug] [pid 2093226:tid 2093226] mod_authz_core.c(815): [client 2001:b011:7801:5307:68bf:358a:47f4:3002:54815] AH01626: authorization result of : granted, referer: https://www.ilc.edu.tw/
[Wed Aug 26 00:13:18.775645 2026] [authz_core:debug] [pid 2093216:tid 2093216] mod_authz_core.c(815): [client 2001:b011:7801:5307:68bf:358a:47f4:3002:51844] AH01626: authorization result of Require all granted: granted, referer: https://www.ilc.edu.tw/
[Wed Aug 26 00:13:18.775654 2026] [authz_core:debug] [pid 2093216:tid 2093216] mod_authz_core.c(815): [client 2001:b011:7801:5307:68bf:358a:47f4:3002:51844] AH01626: authorization result of : granted, referer: https://www.ilc.edu.tw/
[Wed Aug 26 00:13:18.775760 2026] [ssl:debug] [pid 2088183:tid 2088183] ssl_engine_kernel.c(254): [client 2001:b011:7801:5307:68bf:358a:47f4:3002:63687] AH02034: Subsequent (No.9) HTTPS request received for child 34 (server www.ilc.edu.tw:443), referer: https://www.ilc.edu.tw/
[Wed Aug 26 00:13:18.776494 2026] [authz_core:debug] [pid 2088183:tid 2088183] mod_authz_core.c(815): [client 2001:b011:7801:5307:68bf:358a:47f4:3002:63687] AH01626: authorization result of Require all granted: granted, referer: https://www.ilc.edu.tw/
[Wed Aug 26 00:13:18.776505 2026] [authz_core:debug] [pid 2088183:tid 2088183] mod_authz_core.c(815): [client 2001:b011:7801:5307:68bf:358a:47f4:3002:63687] AH01626: authorization result of : granted, referer: https://www.ilc.edu.tw/
[Wed Aug 26 00:13:18.777724 2026] [ssl:debug] [pid 2093057:tid 2093057] ssl_engine_kernel.c(254): [client 2001:b011:7801:5307:68bf:358a:47f4:3002:62598] AH02034: Subsequent (No.4) HTTPS request received for child 1 (server www.ilc.edu.tw:443), referer: https://www.ilc.edu.tw/
[Wed Aug 26 00:13:18.777778 2026] [ssl:debug] [pid 2093224:tid 2093224] ssl_engine_kernel.c(254): [client 2001:b011:7801:5307:68bf:358a:47f4:3002:52831] AH02034: Subsequent (No.8) HTTPS request received for child 13 (server www.ilc.edu.tw:443), referer: https://www.ilc.edu.tw/
[Wed Aug 26 00:13:18.778117 2026] [authz_core:debug] [pid 2093224:tid 2093224] mod_authz_core.c(815): [client 2001:b011:7801:5307:68bf:358a:47f4:3002:52831] AH01626: authorization result of Require all granted: granted, referer: https://www.ilc.edu.tw/
[Wed Aug 26 00:13:18.778123 2026] [authz_core:debug] [pid 2093224:tid 2093224] mod_authz_core.c(815): [client 2001:b011:7801:5307:68bf:358a:47f4:3002:52831] AH01626: authorization result of : granted, referer: https://www.ilc.edu.tw/
[Wed Aug 26 00:13:18.778154 2026] [authz_core:debug] [pid 2093057:tid 2093057] mod_authz_core.c(815): [client 2001:b011:7801:5307:68bf:358a:47f4:3002:62598] AH01626: authorization result of Require all granted: granted, referer: https://www.ilc.edu.tw/
[Wed Aug 26 00:13:18.778165 2026] [authz_core:debug] [pid 2093057:tid 2093057] mod_authz_core.c(815): [client 2001:b011:7801:5307:68bf:358a:47f4:3002:62598] AH01626: authorization result of : granted, referer: https://www.ilc.edu.tw/
[Wed Aug 26 00:13:18.778764 2026] [ssl:debug] [pid 2093240:tid 2093240] ssl_engine_kernel.c(254): [client 2001:b011:7801:5307:68bf:358a:47f4:3002:61673] AH02034: Subsequent (No.4) HTTPS request received for child 8 (server www.ilc.edu.tw:443), referer: https://www.ilc.edu.tw/
[Wed Aug 26 00:13:18.779143 2026] [authz_core:debug] [pid 2093240:tid 2093240] mod_authz_core.c(815): [client 2001:b011:7801:5307:68bf:358a:47f4:3002:61673] AH01626: authorization result of Require all granted: granted, referer: https://www.ilc.edu.tw/
[Wed Aug 26 00:13:18.779149 2026] [authz_core:debug] [pid 2093240:tid 2093240] mod_authz_core.c(815): [client 2001:b011:7801:5307:68bf:358a:47f4:3002:61673] AH01626: authorization result of : granted, referer: https://www.ilc.edu.tw/
[Wed Aug 26 00:13:18.843815 2026] [ssl:debug] [pid 2093218:tid 2093218] ssl_engine_kernel.c(254): [client 240e:910:e000:811::13d6:7230] AH02034: Subsequent (No.5) HTTPS request received for child 9 (server www.najh.ilc.edu.tw:443), referer: https://www.najh.ilc.edu.tw/2025/09/page/2/
[Wed Aug 26 00:13:18.844015 2026] [authz_core:debug] [pid 2093218:tid 2093218] mod_authz_core.c(815): [client 240e:910:e000:811::13d6:7230] AH01626: authorization result of Require all granted: granted, referer: https://www.najh.ilc.edu.tw/2025/09/page/2/
[Wed Aug 26 00:13:18.844021 2026] [authz_core:debug] [pid 2093218:tid 2093218] mod_authz_core.c(815): [client 240e:910:e000:811::13d6:7230] AH01626: authorization result of : granted, referer: https://www.najh.ilc.edu.tw/2025/09/page/2/
[Wed Aug 26 00:13:18.844374 2026] [deflate:debug] [pid 2093218:tid 2093218] mod_deflate.c(909): [client 240e:910:e000:811::13d6:7230] AH01384: Zlib: Compressed 6464 to 2266 : URL /wp-includes/js/mediaelement/renderers/vimeo.min.js, referer: https://www.najh.ilc.edu.tw/2025/09/page/2/
[Wed Aug 26 00:13:19.001617 2026] [deflate:debug] [pid 2093237:tid 2093237] mod_deflate.c(909): [client 34.123.149.87:12803] AH01384: Zlib: Compressed 78919 to 15661 : URL /index.php
[Wed Aug 26 00:13:19.045230 2026] [ssl:info] [pid 2093241:tid 2093241] [client 66.249.79.164:52174] AH01964: Connection to child 10 established (server 2blog.ilc.edu.tw:443)
[Wed Aug 26 00:13:19.045396 2026] [ssl:debug] [pid 2093241:tid 2093241] ssl_engine_kernel.c(2222): [client 66.249.79.164:52174] AH02043: SSL virtual host for servername 2blog.ilc.edu.tw found
[Wed Aug 26 00:13:19.045562 2026] [ssl:debug] [pid 2093241:tid 2093241] ssl_util_stapling.c(819): AH01951: stapling_cb: OCSP Stapling callback called
[Wed Aug 26 00:13:19.045569 2026] [ssl:info] [pid 2093241:tid 2093241] AH01926: stapling_get_certinfo: stapling not supported for certificate
[Wed Aug 26 00:13:19.172606 2026] [ssl:debug] [pid 2093241:tid 2093241] ssl_engine_kernel.c(2082): [client 66.249.79.164:52174] AH02041: Protocol: TLSv1.3, Cipher: TLS_AES_256_GCM_SHA384 (256/256 bits)
[Wed Aug 26 00:13:19.172675 2026] [socache_shmcb:debug] [pid 2093241:tid 2093241] mod_socache_shmcb.c(508): AH00831: socache_shmcb_store (0xc6 -> subcache 6)
[Wed Aug 26 00:13:19.172688 2026] [socache_shmcb:debug] [pid 2093241:tid 2093241] mod_socache_shmcb.c(860): AH00847: insert happened at idx=31, data=(12440:12472)
[Wed Aug 26 00:13:19.172690 2026] [socache_shmcb:debug] [pid 2093241:tid 2093241] mod_socache_shmcb.c(863): AH00848: finished insert, subcache: idx_pos/idx_used=74/46, data_pos/data_used=2506/10147
[Wed Aug 26 00:13:19.172693 2026] [socache_shmcb:debug] [pid 2093241:tid 2093241] mod_socache_shmcb.c(530): AH00834: leaving socache_shmcb_store successfully
[Wed Aug 26 00:13:19.172751 2026] [socache_shmcb:debug] [pid 2093241:tid 2093241] mod_socache_shmcb.c(508): AH00831: socache_shmcb_store (0x46 -> subcache 6)
[Wed Aug 26 00:13:19.172754 2026] [socache_shmcb:debug] [pid 2093241:tid 2093241] mod_socache_shmcb.c(860): AH00847: insert happened at idx=32, data=(12653:12685)
[Wed Aug 26 00:13:19.172756 2026] [socache_shmcb:debug] [pid 2093241:tid 2093241] mod_socache_shmcb.c(863): AH00848: finished insert, subcache: idx_pos/idx_used=74/47, data_pos/data_used=2506/10361
[Wed Aug 26 00:13:19.172757 2026] [socache_shmcb:debug] [pid 2093241:tid 2093241] mod_socache_shmcb.c(530): AH00834: leaving socache_shmcb_store successfully
[Wed Aug 26 00:13:19.172857 2026] [ssl:debug] [pid 2093241:tid 2093241] ssl_engine_kernel.c(254): [client 66.249.79.164:52174] AH02034: Initial (No.1) HTTPS request received for child 10 (server 2blog.ilc.edu.tw:443)
[Wed Aug 26 00:13:19.173114 2026] [authz_core:debug] [pid 2093241:tid 2093241] mod_authz_core.c(815): [client 66.249.79.164:52174] AH01626: authorization result of Require all granted: granted
[Wed Aug 26 00:13:19.173120 2026] [authz_core:debug] [pid 2093241:tid 2093241] mod_authz_core.c(815): [client 66.249.79.164:52174] AH01626: authorization result of : granted
[Wed Aug 26 00:13:19.173253 2026] [authz_core:debug] [pid 2093241:tid 2093241] mod_authz_core.c(815): [client 66.249.79.164:52174] AH01626: authorization result of Require all granted: granted
[Wed Aug 26 00:13:19.173257 2026] [authz_core:debug] [pid 2093241:tid 2093241] mod_authz_core.c(815): [client 66.249.79.164:52174] AH01626: authorization result of : granted
[Wed Aug 26 00:13:19.241982 2026] [ssl:debug] [pid 2088183:tid 2088183] ssl_engine_kernel.c(254): [client 2001:b011:7801:5307:68bf:358a:47f4:3002:63687] AH02034: Subsequent (No.10) HTTPS request received for child 34 (server www.ilc.edu.tw:443), referer: https://www.ilc.edu.tw/
[Wed Aug 26 00:13:19.242486 2026] [authz_core:debug] [pid 2088183:tid 2088183] mod_authz_core.c(815): [client 2001:b011:7801:5307:68bf:358a:47f4:3002:63687] AH01626: authorization result of Require all granted: granted, referer: https://www.ilc.edu.tw/
[Wed Aug 26 00:13:19.242502 2026] [authz_core:debug] [pid 2088183:tid 2088183] mod_authz_core.c(815): [client 2001:b011:7801:5307:68bf:358a:47f4:3002:63687] AH01626: authorization result of : granted, referer: https://www.ilc.edu.tw/
[Wed Aug 26 00:13:19.293931 2026] [ssl:debug] [pid 2093240:tid 2093240] ssl_engine_kernel.c(254): [client 2001:b011:7801:5307:68bf:358a:47f4:3002:61673] AH02034: Subsequent (No.5) HTTPS request received for child 8 (server www.ilc.edu.tw:443), referer: https://www.ilc.edu.tw/
[Wed Aug 26 00:13:19.294665 2026] [authz_core:debug] [pid 2093240:tid 2093240] mod_authz_core.c(815): [client 2001:b011:7801:5307:68bf:358a:47f4:3002:61673] AH01626: authorization result of Require all granted: granted, referer: https://www.ilc.edu.tw/
[Wed Aug 26 00:13:19.294672 2026] [authz_core:debug] [pid 2093240:tid 2093240] mod_authz_core.c(815): [client 2001:b011:7801:5307:68bf:358a:47f4:3002:61673] AH01626: authorization result of : granted, referer: https://www.ilc.edu.tw/
[Wed Aug 26 00:13:19.342222 2026] [deflate:debug] [pid 2093241:tid 2093241] mod_deflate.c(909): [client 66.249.79.164:52174] AH01384: Zlib: Compressed 40528 to 9908 : URL /index.php
[Wed Aug 26 00:13:19.361042 2026] [ssl:debug] [pid 2088183:tid 2088183] ssl_engine_kernel.c(254): [client 2001:b011:7801:5307:68bf:358a:47f4:3002:63687] AH02034: Subsequent (No.11) HTTPS request received for child 34 (server www.ilc.edu.tw:443), referer: https://www.ilc.edu.tw/
[Wed Aug 26 00:13:19.361603 2026] [authz_core:debug] [pid 2088183:tid 2088183] mod_authz_core.c(815): [client 2001:b011:7801:5307:68bf:358a:47f4:3002:63687] AH01626: authorization result of Require all granted: granted, referer: https://www.ilc.edu.tw/
[Wed Aug 26 00:13:19.361611 2026] [authz_core:debug] [pid 2088183:tid 2088183] mod_authz_core.c(815): [client 2001:b011:7801:5307:68bf:358a:47f4:3002:63687] AH01626: authorization result of : granted, referer: https://www.ilc.edu.tw/
[Wed Aug 26 00:13:19.484560 2026] [watchdog:debug] [pid 2093242:tid 2093242] mod_watchdog.c(559): AH02980: Watchdog: nothing configured?
[Wed Aug 26 00:13:19.484847 2026] [ssl:info] [pid 2093242:tid 2093242] [client 136.119.35.120:17920] AH01964: Connection to child 11 established (server 2blog.ilc.edu.tw:443)
[Wed Aug 26 00:13:19.485153 2026] [ssl:debug] [pid 2093242:tid 2093242] ssl_engine_kernel.c(2222): [client 136.119.35.120:17920] AH02043: SSL virtual host for servername 2blog.ilc.edu.tw found
[Wed Aug 26 00:13:19.485260 2026] [core:debug] [pid 2093242:tid 2093242] protocol.c(2460): [client 136.119.35.120:17920] AH03155: select protocol from , choices=http/1.1 for server 2blog.ilc.edu.tw
[Wed Aug 26 00:13:19.486562 2026] [watchdog:debug] [pid 2093243:tid 2093243] mod_watchdog.c(559): AH02980: Watchdog: nothing configured?
[Wed Aug 26 00:13:19.487010 2026] [headers:debug] [pid 2093243:tid 2093243] mod_headers.c(900): AH01503: headers: ap_headers_error_filter()
[Wed Aug 26 00:13:19.488869 2026] [watchdog:debug] [pid 2093244:tid 2093244] mod_watchdog.c(559): AH02980: Watchdog: nothing configured?
[Wed Aug 26 00:13:19.489309 2026] [headers:debug] [pid 2093244:tid 2093244] mod_headers.c(900): AH01503: headers: ap_headers_error_filter()
[Wed Aug 26 00:13:19.491867 2026] [watchdog:debug] [pid 2093245:tid 2093245] mod_watchdog.c(559): AH02980: Watchdog: nothing configured?
[Wed Aug 26 00:13:19.515571 2026] [ssl:debug] [pid 2093240:tid 2093240] ssl_engine_kernel.c(254): [client 2001:b011:7801:5307:68bf:358a:47f4:3002:61673] AH02034: Subsequent (No.6) HTTPS request received for child 8 (server www.ilc.edu.tw:443), referer: https://www.ilc.edu.tw/
[Wed Aug 26 00:13:19.516348 2026] [authz_core:debug] [pid 2093240:tid 2093240] mod_authz_core.c(815): [client 2001:b011:7801:5307:68bf:358a:47f4:3002:61673] AH01626: authorization result of Require all granted: granted, referer: https://www.ilc.edu.tw/
[Wed Aug 26 00:13:19.516357 2026] [authz_core:debug] [pid 2093240:tid 2093240] mod_authz_core.c(815): [client 2001:b011:7801:5307:68bf:358a:47f4:3002:61673] AH01626: authorization result of : granted, referer: https://www.ilc.edu.tw/
[Wed Aug 26 00:13:19.797906 2026] [ssl:debug] [pid 2093242:tid 2093242] ssl_engine_kernel.c(2082): [client 136.119.35.120:17920] AH02041: Protocol: TLSv1.3, Cipher: TLS_AES_256_GCM_SHA384 (256/256 bits)
[Wed Aug 26 00:13:19.797975 2026] [socache_shmcb:debug] [pid 2093242:tid 2093242] mod_socache_shmcb.c(508): AH00831: socache_shmcb_store (0x7b -> subcache 27)
[Wed Aug 26 00:13:19.797987 2026] [socache_shmcb:debug] [pid 2093242:tid 2093242] mod_socache_shmcb.c(745): AH00842: expiring 1 and reclaiming 0 removed socache entries
[Wed Aug 26 00:13:19.797990 2026] [socache_shmcb:debug] [pid 2093242:tid 2093242] mod_socache_shmcb.c(765): AH00843: we now have 46 socache entries
[Wed Aug 26 00:13:19.797992 2026] [socache_shmcb:debug] [pid 2093242:tid 2093242] mod_socache_shmcb.c(860): AH00847: insert happened at idx=25, data=(11167:11199)
[Wed Aug 26 00:13:19.797994 2026] [socache_shmcb:debug] [pid 2093242:tid 2093242] mod_socache_shmcb.c(863): AH00848: finished insert, subcache: idx_pos/idx_used=67/47, data_pos/data_used=992/10400
[Wed Aug 26 00:13:19.798008 2026] [socache_shmcb:debug] [pid 2093242:tid 2093242] mod_socache_shmcb.c(530): AH00834: leaving socache_shmcb_store successfully
[Wed Aug 26 00:13:19.798071 2026] [socache_shmcb:debug] [pid 2093242:tid 2093242] mod_socache_shmcb.c(508): AH00831: socache_shmcb_store (0x81 -> subcache 1)
[Wed Aug 26 00:13:19.798075 2026] [socache_shmcb:debug] [pid 2093242:tid 2093242] mod_socache_shmcb.c(745): AH00842: expiring 1 and reclaiming 0 removed socache entries
[Wed Aug 26 00:13:19.798077 2026] [socache_shmcb:debug] [pid 2093242:tid 2093242] mod_socache_shmcb.c(765): AH00843: we now have 37 socache entries
[Wed Aug 26 00:13:19.798079 2026] [socache_shmcb:debug] [pid 2093242:tid 2093242] mod_socache_shmcb.c(860): AH00847: insert happened at idx=6, data=(6995:7027)
[Wed Aug 26 00:13:19.798081 2026] [socache_shmcb:debug] [pid 2093242:tid 2093242] mod_socache_shmcb.c(863): AH00848: finished insert, subcache: idx_pos/idx_used=57/38, data_pos/data_used=12708/8376
[Wed Aug 26 00:13:19.798083 2026] [socache_shmcb:debug] [pid 2093242:tid 2093242] mod_socache_shmcb.c(530): AH00834: leaving socache_shmcb_store successfully
[Wed Aug 26 00:13:19.823602 2026] [ssl:debug] [pid 2093216:tid 2093216] ssl_engine_kernel.c(254): [client 2001:b011:7801:5307:68bf:358a:47f4:3002:51844] AH02034: Subsequent (No.9) HTTPS request received for child 0 (server www.ilc.edu.tw:443), referer: https://www.ilc.edu.tw/
[Wed Aug 26 00:13:19.824245 2026] [authz_core:debug] [pid 2093216:tid 2093216] mod_authz_core.c(815): [client 2001:b011:7801:5307:68bf:358a:47f4:3002:51844] AH01626: authorization result of Require all granted: granted, referer: https://www.ilc.edu.tw/
[Wed Aug 26 00:13:19.824257 2026] [authz_core:debug] [pid 2093216:tid 2093216] mod_authz_core.c(815): [client 2001:b011:7801:5307:68bf:358a:47f4:3002:51844] AH01626: authorization result of : granted, referer: https://www.ilc.edu.tw/
[Wed Aug 26 00:13:19.945652 2026] [ssl:debug] [pid 2093226:tid 2093226] ssl_engine_kernel.c(254): [client 2001:b011:7801:5307:68bf:358a:47f4:3002:54815] AH02034: Subsequent (No.13) HTTPS request received for child 17 (server www.ilc.edu.tw:443), referer: https://www.ilc.edu.tw/
[Wed Aug 26 00:13:19.946148 2026] [authz_core:debug] [pid 2093226:tid 2093226] mod_authz_core.c(815): [client 2001:b011:7801:5307:68bf:358a:47f4:3002:54815] AH01626: authorization result of Require all granted: granted, referer: https://www.ilc.edu.tw/
[Wed Aug 26 00:13:19.946155 2026] [authz_core:debug] [pid 2093226:tid 2093226] mod_authz_core.c(815): [client 2001:b011:7801:5307:68bf:358a:47f4:3002:54815] AH01626: authorization result of : granted, referer: https://www.ilc.edu.tw/
[Wed Aug 26 00:13:19.950970 2026] [ssl:info] [pid 2093245:tid 2093245] [client 34.30.223.149:61952] AH01964: Connection to child 19 established (server 2blog.ilc.edu.tw:443)
[Wed Aug 26 00:13:19.951284 2026] [ssl:debug] [pid 2093245:tid 2093245] ssl_engine_kernel.c(2222): [client 34.30.223.149:61952] AH02043: SSL virtual host for servername 2blog.ilc.edu.tw found
[Wed Aug 26 00:13:19.951394 2026] [core:debug] [pid 2093245:tid 2093245] protocol.c(2460): [client 34.30.223.149:61952] AH03155: select protocol from , choices=http/1.1 for server 2blog.ilc.edu.tw
[Wed Aug 26 00:13:19.980597 2026] [ssl:debug] [pid 2093242:tid 2093242] ssl_engine_kernel.c(254): [client 136.119.35.120:17920] AH02034: Initial (No.1) HTTPS request received for child 11 (server 2blog.ilc.edu.tw:443)
[Wed Aug 26 00:13:19.980891 2026] [authz_core:debug] [pid 2093242:tid 2093242] mod_authz_core.c(815): [client 136.119.35.120:17920] AH01626: authorization result of Require all granted: granted
[Wed Aug 26 00:13:19.980900 2026] [authz_core:debug] [pid 2093242:tid 2093242] mod_authz_core.c(815): [client 136.119.35.120:17920] AH01626: authorization result of : granted
[Wed Aug 26 00:13:19.981519 2026] [authz_core:debug] [pid 2093242:tid 2093242] mod_authz_core.c(815): [client 136.119.35.120:17920] AH01626: authorization result of Require all granted: granted
[Wed Aug 26 00:13:19.981534 2026] [authz_core:debug] [pid 2093242:tid 2093242] mod_authz_core.c(815): [client 136.119.35.120:17920] AH01626: authorization result of : granted
[Wed Aug 26 00:13:20.007743 2026] [ssl:debug] [pid 2093216:tid 2093216] ssl_engine_kernel.c(254): [client 2001:b011:7801:5307:68bf:358a:47f4:3002:51844] AH02034: Subsequent (No.10) HTTPS request received for child 0 (server www.ilc.edu.tw:443), referer: https://www.ilc.edu.tw/
[Wed Aug 26 00:13:20.008255 2026] [authz_core:debug] [pid 2093216:tid 2093216] mod_authz_core.c(815): [client 2001:b011:7801:5307:68bf:358a:47f4:3002:51844] AH01626: authorization result of Require all granted: granted, referer: https://www.ilc.edu.tw/
[Wed Aug 26 00:13:20.008264 2026] [authz_core:debug] [pid 2093216:tid 2093216] mod_authz_core.c(815): [client 2001:b011:7801:5307:68bf:358a:47f4:3002:51844] AH01626: authorization result of : granted, referer: https://www.ilc.edu.tw/
[Wed Aug 26 00:13:20.036598 2026] [ssl:debug] [pid 2093224:tid 2093224] ssl_engine_kernel.c(254): [client 2001:b011:7801:5307:68bf:358a:47f4:3002:52831] AH02034: Subsequent (No.9) HTTPS request received for child 13 (server www.ilc.edu.tw:443), referer: https://www.ilc.edu.tw/
[Wed Aug 26 00:13:20.037027 2026] [authz_core:debug] [pid 2093224:tid 2093224] mod_authz_core.c(815): [client 2001:b011:7801:5307:68bf:358a:47f4:3002:52831] AH01626: authorization result of Require all granted: granted, referer: https://www.ilc.edu.tw/
[Wed Aug 26 00:13:20.037037 2026] [authz_core:debug] [pid 2093224:tid 2093224] mod_authz_core.c(815): [client 2001:b011:7801:5307:68bf:358a:47f4:3002:52831] AH01626: authorization result of : granted, referer: https://www.ilc.edu.tw/
[Wed Aug 26 00:13:20.059808 2026] [ssl:debug] [pid 2093240:tid 2093240] ssl_engine_kernel.c(254): [client 2001:b011:7801:5307:68bf:358a:47f4:3002:61673] AH02034: Subsequent (No.7) HTTPS request received for child 8 (server www.ilc.edu.tw:443), referer: https://www.ilc.edu.tw/
[Wed Aug 26 00:13:20.060511 2026] [authz_core:debug] [pid 2093240:tid 2093240] mod_authz_core.c(815): [client 2001:b011:7801:5307:68bf:358a:47f4:3002:61673] AH01626: authorization result of Require all granted: granted, referer: https://www.ilc.edu.tw/
[Wed Aug 26 00:13:20.060526 2026] [authz_core:debug] [pid 2093240:tid 2093240] mod_authz_core.c(815): [client 2001:b011:7801:5307:68bf:358a:47f4:3002:61673] AH01626: authorization result of : granted, referer: https://www.ilc.edu.tw/
[Wed Aug 26 00:13:20.116255 2026] [headers:debug] [pid 2093244:tid 2093244] mod_headers.c(900): AH01503: headers: ap_headers_error_filter()
[Wed Aug 26 00:13:20.151576 2026] [ssl:debug] [pid 2093226:tid 2093226] ssl_engine_kernel.c(254): [client 2001:b011:7801:5307:68bf:358a:47f4:3002:54815] AH02034: Subsequent (No.14) HTTPS request received for child 17 (server www.ilc.edu.tw:443), referer: https://www.ilc.edu.tw/
[Wed Aug 26 00:13:20.151659 2026] [ssl:debug] [pid 2093216:tid 2093216] ssl_engine_kernel.c(254): [client 2001:b011:7801:5307:68bf:358a:47f4:3002:51844] AH02034: Subsequent (No.11) HTTPS request received for child 0 (server www.ilc.edu.tw:443), referer: https://www.ilc.edu.tw/
[Wed Aug 26 00:13:20.152005 2026] [authz_core:debug] [pid 2093226:tid 2093226] mod_authz_core.c(815): [client 2001:b011:7801:5307:68bf:358a:47f4:3002:54815] AH01626: authorization result of Require all granted: granted, referer: https://www.ilc.edu.tw/
[Wed Aug 26 00:13:20.152015 2026] [authz_core:debug] [pid 2093226:tid 2093226] mod_authz_core.c(815): [client 2001:b011:7801:5307:68bf:358a:47f4:3002:54815] AH01626: authorization result of : granted, referer: https://www.ilc.edu.tw/
[Wed Aug 26 00:13:20.152055 2026] [authz_core:debug] [pid 2093216:tid 2093216] mod_authz_core.c(815): [client 2001:b011:7801:5307:68bf:358a:47f4:3002:51844] AH01626: authorization result of Require all granted: granted, referer: https://www.ilc.edu.tw/
[Wed Aug 26 00:13:20.152062 2026] [authz_core:debug] [pid 2093216:tid 2093216] mod_authz_core.c(815): [client 2001:b011:7801:5307:68bf:358a:47f4:3002:51844] AH01626: authorization result of : granted, referer: https://www.ilc.edu.tw/
[Wed Aug 26 00:13:20.169819 2026] [ssl:info] [pid 2093243:tid 2093243] [client 136.119.35.120:13312] AH01964: Connection to child 15 established (server 2blog.ilc.edu.tw:443)
[Wed Aug 26 00:13:20.170156 2026] [ssl:debug] [pid 2093243:tid 2093243] ssl_engine_kernel.c(2222): [client 136.119.35.120:13312] AH02043: SSL virtual host for servername 2blog.ilc.edu.tw found
[Wed Aug 26 00:13:20.170265 2026] [core:debug] [pid 2093243:tid 2093243] protocol.c(2460): [client 136.119.35.120:13312] AH03155: select protocol from , choices=http/1.1 for server 2blog.ilc.edu.tw
[Wed Aug 26 00:13:20.228547 2026] [ssl:debug] [pid 2093224:tid 2093224] ssl_engine_kernel.c(254): [client 2001:b011:7801:5307:68bf:358a:47f4:3002:52831] AH02034: Subsequent (No.10) HTTPS request received for child 13 (server www.ilc.edu.tw:443), referer: https://www.ilc.edu.tw/
[Wed Aug 26 00:13:20.229105 2026] [authz_core:debug] [pid 2093224:tid 2093224] mod_authz_core.c(815): [client 2001:b011:7801:5307:68bf:358a:47f4:3002:52831] AH01626: authorization result of Require all granted: granted, referer: https://www.ilc.edu.tw/
[Wed Aug 26 00:13:20.229118 2026] [authz_core:debug] [pid 2093224:tid 2093224] mod_authz_core.c(815): [client 2001:b011:7801:5307:68bf:358a:47f4:3002:52831] AH01626: authorization result of : granted, referer: https://www.ilc.edu.tw/
[Wed Aug 26 00:13:20.241434 2026] [ssl:debug] [pid 2093245:tid 2093245] ssl_engine_kernel.c(2082): [client 34.30.223.149:61952] AH02041: Protocol: TLSv1.3, Cipher: TLS_AES_256_GCM_SHA384 (256/256 bits)
[Wed Aug 26 00:13:20.241520 2026] [socache_shmcb:debug] [pid 2093245:tid 2093245] mod_socache_shmcb.c(508): AH00831: socache_shmcb_store (0xb0 -> subcache 16)
[Wed Aug 26 00:13:20.241535 2026] [socache_shmcb:debug] [pid 2093245:tid 2093245] mod_socache_shmcb.c(745): AH00842: expiring 1 and reclaiming 0 removed socache entries
[Wed Aug 26 00:13:20.241538 2026] [socache_shmcb:debug] [pid 2093245:tid 2093245] mod_socache_shmcb.c(765): AH00843: we now have 34 socache entries
[Wed Aug 26 00:13:20.241540 2026] [socache_shmcb:debug] [pid 2093245:tid 2093245] mod_socache_shmcb.c(860): AH00847: insert happened at idx=2, data=(5998:6030)
[Wed Aug 26 00:13:20.241542 2026] [socache_shmcb:debug] [pid 2093245:tid 2093245] mod_socache_shmcb.c(863): AH00848: finished insert, subcache: idx_pos/idx_used=56/35, data_pos/data_used=12421/7666
[Wed Aug 26 00:13:20.241544 2026] [socache_shmcb:debug] [pid 2093245:tid 2093245] mod_socache_shmcb.c(530): AH00834: leaving socache_shmcb_store successfully
[Wed Aug 26 00:13:20.241669 2026] [socache_shmcb:debug] [pid 2093245:tid 2093245] mod_socache_shmcb.c(508): AH00831: socache_shmcb_store (0xbf -> subcache 31)
[Wed Aug 26 00:13:20.241700 2026] [socache_shmcb:debug] [pid 2093245:tid 2093245] mod_socache_shmcb.c(745): AH00842: expiring 1 and reclaiming 0 removed socache entries
[Wed Aug 26 00:13:20.241703 2026] [socache_shmcb:debug] [pid 2093245:tid 2093245] mod_socache_shmcb.c(765): AH00843: we now have 46 socache entries
[Wed Aug 26 00:13:20.241706 2026] [socache_shmcb:debug] [pid 2093245:tid 2093245] mod_socache_shmcb.c(860): AH00847: insert happened at idx=7, data=(7128:7160)
[Wed Aug 26 00:13:20.241709 2026] [socache_shmcb:debug] [pid 2093245:tid 2093245] mod_socache_shmcb.c(863): AH00848: finished insert, subcache: idx_pos/idx_used=49/47, data_pos/data_used=10830/10387
[Wed Aug 26 00:13:20.241712 2026] [socache_shmcb:debug] [pid 2093245:tid 2093245] mod_socache_shmcb.c(530): AH00834: leaving socache_shmcb_store successfully
[Wed Aug 26 00:13:20.251103 2026] [ssl:debug] [pid 2093245:tid 2093245] ssl_engine_kernel.c(254): [client 34.30.223.149:61952] AH02034: Initial (No.1) HTTPS request received for child 19 (server 2blog.ilc.edu.tw:443)
[Wed Aug 26 00:13:20.251384 2026] [authz_core:debug] [pid 2093245:tid 2093245] mod_authz_core.c(815): [client 34.30.223.149:61952] AH01626: authorization result of Require all granted: granted
[Wed Aug 26 00:13:20.251399 2026] [authz_core:debug] [pid 2093245:tid 2093245] mod_authz_core.c(815): [client 34.30.223.149:61952] AH01626: authorization result of : granted
[Wed Aug 26 00:13:20.252009 2026] [authz_core:debug] [pid 2093245:tid 2093245] mod_authz_core.c(815): [client 34.30.223.149:61952] AH01626: authorization result of Require all granted: granted
[Wed Aug 26 00:13:20.252015 2026] [authz_core:debug] [pid 2093245:tid 2093245] mod_authz_core.c(815): [client 34.30.223.149:61952] AH01626: authorization result of : granted
[Wed Aug 26 00:13:20.264807 2026] [ssl:info] [pid 2093244:tid 2093244] [client 34.61.96.6:5121] AH01964: Connection to child 18 established (server 2blog.ilc.edu.tw:443)
[Wed Aug 26 00:13:20.265182 2026] [ssl:info] [pid 2093244:tid 2093244] (70014)End of file found: [client 34.61.96.6:5121] AH02006: SSL handshake stopped: connection was closed
[Wed Aug 26 00:13:20.265195 2026] [ssl:info] [pid 2093244:tid 2093244] [client 34.61.96.6:5121] AH01998: Connection closed to child 18 with abortive shutdown (server 2blog.ilc.edu.tw:443)
[Wed Aug 26 00:13:20.265367 2026] [headers:debug] [pid 2093244:tid 2093244] mod_headers.c(900): AH01503: headers: ap_headers_error_filter()
[Wed Aug 26 00:13:20.266196 2026] [ssl:info] [pid 2093244:tid 2093244] [client 137.184.17.9:48436] AH01964: Connection to child 18 established (server 2blog.ilc.edu.tw:443)
[Wed Aug 26 00:13:20.266318 2026] [ssl:debug] [pid 2093244:tid 2093244] ssl_engine_kernel.c(2222): [client 137.184.17.9:48436] AH02043: SSL virtual host for servername 2blog.ilc.edu.tw found
[Wed Aug 26 00:13:20.266525 2026] [ssl:debug] [pid 2093244:tid 2093244] ssl_util_stapling.c(819): AH01951: stapling_cb: OCSP Stapling callback called
[Wed Aug 26 00:13:20.266536 2026] [ssl:info] [pid 2093244:tid 2093244] AH01926: stapling_get_certinfo: stapling not supported for certificate
[Wed Aug 26 00:13:20.408569 2026] [ssl:debug] [pid 2093224:tid 2093224] ssl_engine_kernel.c(254): [client 2001:b011:7801:5307:68bf:358a:47f4:3002:52831] AH02034: Subsequent (No.11) HTTPS request received for child 13 (server www.ilc.edu.tw:443), referer: https://www.ilc.edu.tw/
[Wed Aug 26 00:13:20.409065 2026] [authz_core:debug] [pid 2093224:tid 2093224] mod_authz_core.c(815): [client 2001:b011:7801:5307:68bf:358a:47f4:3002:52831] AH01626: authorization result of Require all granted: granted, referer: https://www.ilc.edu.tw/
[Wed Aug 26 00:13:20.409079 2026] [authz_core:debug] [pid 2093224:tid 2093224] mod_authz_core.c(815): [client 2001:b011:7801:5307:68bf:358a:47f4:3002:52831] AH01626: authorization result of : granted, referer: https://www.ilc.edu.tw/
[Wed Aug 26 00:13:20.447707 2026] [ssl:debug] [pid 2093243:tid 2093243] ssl_engine_kernel.c(2082): [client 136.119.35.120:13312] AH02041: Protocol: TLSv1.3, Cipher: TLS_AES_256_GCM_SHA384 (256/256 bits)
[Wed Aug 26 00:13:20.447794 2026] [socache_shmcb:debug] [pid 2093243:tid 2093243] mod_socache_shmcb.c(508): AH00831: socache_shmcb_store (0xd7 -> subcache 23)
[Wed Aug 26 00:13:20.447812 2026] [socache_shmcb:debug] [pid 2093243:tid 2093243] mod_socache_shmcb.c(860): AH00847: insert happened at idx=2, data=(6119:6151)
[Wed Aug 26 00:13:20.447815 2026] [socache_shmcb:debug] [pid 2093243:tid 2093243] mod_socache_shmcb.c(863): AH00848: finished insert, subcache: idx_pos/idx_used=45/46, data_pos/data_used=10024/10184
[Wed Aug 26 00:13:20.447819 2026] [socache_shmcb:debug] [pid 2093243:tid 2093243] mod_socache_shmcb.c(530): AH00834: leaving socache_shmcb_store successfully
[Wed Aug 26 00:13:20.447935 2026] [socache_shmcb:debug] [pid 2093243:tid 2093243] mod_socache_shmcb.c(508): AH00831: socache_shmcb_store (0xd7 -> subcache 23)
[Wed Aug 26 00:13:20.447943 2026] [socache_shmcb:debug] [pid 2093243:tid 2093243] mod_socache_shmcb.c(860): AH00847: insert happened at idx=3, data=(6344:6376)
[Wed Aug 26 00:13:20.447946 2026] [socache_shmcb:debug] [pid 2093243:tid 2093243] mod_socache_shmcb.c(863): AH00848: finished insert, subcache: idx_pos/idx_used=45/47, data_pos/data_used=10024/10409
[Wed Aug 26 00:13:20.447949 2026] [socache_shmcb:debug] [pid 2093243:tid 2093243] mod_socache_shmcb.c(530): AH00834: leaving socache_shmcb_store successfully
[Wed Aug 26 00:13:20.484593 2026] [ssl:debug] [pid 2093226:tid 2093226] ssl_engine_kernel.c(254): [client 2001:b011:7801:5307:68bf:358a:47f4:3002:54815] AH02034: Subsequent (No.15) HTTPS request received for child 17 (server www.ilc.edu.tw:443), referer: https://www.ilc.edu.tw/
[Wed Aug 26 00:13:20.484595 2026] [ssl:debug] [pid 2093216:tid 2093216] ssl_engine_kernel.c(254): [client 2001:b011:7801:5307:68bf:358a:47f4:3002:51844] AH02034: Subsequent (No.12) HTTPS request received for child 0 (server www.ilc.edu.tw:443), referer: https://www.ilc.edu.tw/
[Wed Aug 26 00:13:20.485097 2026] [authz_core:debug] [pid 2093216:tid 2093216] mod_authz_core.c(815): [client 2001:b011:7801:5307:68bf:358a:47f4:3002:51844] AH01626: authorization result of Require all granted: granted, referer: https://www.ilc.edu.tw/
[Wed Aug 26 00:13:20.485105 2026] [authz_core:debug] [pid 2093216:tid 2093216] mod_authz_core.c(815): [client 2001:b011:7801:5307:68bf:358a:47f4:3002:51844] AH01626: authorization result of : granted, referer: https://www.ilc.edu.tw/
[Wed Aug 26 00:13:20.485255 2026] [authz_core:debug] [pid 2093226:tid 2093226] mod_authz_core.c(815): [client 2001:b011:7801:5307:68bf:358a:47f4:3002:54815] AH01626: authorization result of Require all granted: granted, referer: https://www.ilc.edu.tw/
[Wed Aug 26 00:13:20.485267 2026] [authz_core:debug] [pid 2093226:tid 2093226] mod_authz_core.c(815): [client 2001:b011:7801:5307:68bf:358a:47f4:3002:54815] AH01626: authorization result of : granted, referer: https://www.ilc.edu.tw/
[Wed Aug 26 00:13:20.491423 2026] [mpm_prefork:info] [pid 42267:tid 42267] AH00162: server seems busy, (you may need to increase StartServers, or Min/MaxSpareServers), spawning 8 children, there are 0 idle, and 23 total children
[Wed Aug 26 00:13:20.497990 2026] [watchdog:debug] [pid 2093247:tid 2093247] mod_watchdog.c(559): AH02980: Watchdog: nothing configured?
[Wed Aug 26 00:13:20.498236 2026] [ssl:info] [pid 2093247:tid 2093247] [client 146.190.218.63:38242] AH01964: Connection to child 20 established (server 2blog.ilc.edu.tw:443)
[Wed Aug 26 00:13:20.498623 2026] [ssl:debug] [pid 2093247:tid 2093247] ssl_engine_kernel.c(2222): [client 146.190.218.63:38242] AH02043: SSL virtual host for servername 2blog.ilc.edu.tw found
[Wed Aug 26 00:13:20.498838 2026] [ssl:debug] [pid 2093247:tid 2093247] ssl_util_stapling.c(819): AH01951: stapling_cb: OCSP Stapling callback called
[Wed Aug 26 00:13:20.498851 2026] [ssl:info] [pid 2093247:tid 2093247] AH01926: stapling_get_certinfo: stapling not supported for certificate
[Wed Aug 26 00:13:20.500686 2026] [watchdog:debug] [pid 2093248:tid 2093248] mod_watchdog.c(559): AH02980: Watchdog: nothing configured?
[Wed Aug 26 00:13:20.504003 2026] [watchdog:debug] [pid 2093249:tid 2093249] mod_watchdog.c(559): AH02980: Watchdog: nothing configured?
[Wed Aug 26 00:13:20.507647 2026] [watchdog:debug] [pid 2093250:tid 2093250] mod_watchdog.c(559): AH02980: Watchdog: nothing configured?
[Wed Aug 26 00:13:20.511252 2026] [watchdog:debug] [pid 2093251:tid 2093251] mod_watchdog.c(559): AH02980: Watchdog: nothing configured?
[Wed Aug 26 00:13:20.514309 2026] [watchdog:debug] [pid 2093252:tid 2093252] mod_watchdog.c(559): AH02980: Watchdog: nothing configured?
[Wed Aug 26 00:13:20.515241 2026] [ssl:debug] [pid 2093243:tid 2093243] ssl_engine_kernel.c(254): [client 136.119.35.120:13312] AH02034: Initial (No.1) HTTPS request received for child 15 (server 2blog.ilc.edu.tw:443)
[Wed Aug 26 00:13:20.515618 2026] [authz_core:debug] [pid 2093243:tid 2093243] mod_authz_core.c(815): [client 136.119.35.120:13312] AH01626: authorization result of Require all granted: granted
[Wed Aug 26 00:13:20.515628 2026] [authz_core:debug] [pid 2093243:tid 2093243] mod_authz_core.c(815): [client 136.119.35.120:13312] AH01626: authorization result of : granted
[Wed Aug 26 00:13:20.516265 2026] [authz_core:debug] [pid 2093243:tid 2093243] mod_authz_core.c(815): [client 136.119.35.120:13312] AH01626: authorization result of Require all granted: granted
[Wed Aug 26 00:13:20.516281 2026] [authz_core:debug] [pid 2093243:tid 2093243] mod_authz_core.c(815): [client 136.119.35.120:13312] AH01626: authorization result of : granted
[Wed Aug 26 00:13:20.518051 2026] [watchdog:debug] [pid 2093253:tid 2093253] mod_watchdog.c(559): AH02980: Watchdog: nothing configured?
[Wed Aug 26 00:13:20.521896 2026] [watchdog:debug] [pid 2093254:tid 2093254] mod_watchdog.c(559): AH02980: Watchdog: nothing configured?
[Wed Aug 26 00:13:20.529937 2026] [ssl:info] [pid 2093248:tid 2093248] [client 140.111.67.10:54467] AH01964: Connection to child 21 established (server 2blog.ilc.edu.tw:443)
[Wed Aug 26 00:13:20.530342 2026] [ssl:info] [pid 2093248:tid 2093248] (70014)End of file found: [client 140.111.67.10:54467] AH02006: SSL handshake stopped: connection was closed
[Wed Aug 26 00:13:20.530362 2026] [ssl:info] [pid 2093248:tid 2093248] [client 140.111.67.10:54467] AH01998: Connection closed to child 21 with abortive shutdown (server 2blog.ilc.edu.tw:443)
[Wed Aug 26 00:13:20.536659 2026] [ssl:info] [pid 2093249:tid 2093249] [client 157.230.182.193:33610] AH01964: Connection to child 22 established (server 2blog.ilc.edu.tw:443)
[Wed Aug 26 00:13:20.537110 2026] [ssl:debug] [pid 2093249:tid 2093249] ssl_engine_kernel.c(2222): [client 157.230.182.193:33610] AH02043: SSL virtual host for servername 2blog.ilc.edu.tw found
[Wed Aug 26 00:13:20.537317 2026] [ssl:debug] [pid 2093249:tid 2093249] ssl_util_stapling.c(819): AH01951: stapling_cb: OCSP Stapling callback called
[Wed Aug 26 00:13:20.537326 2026] [ssl:info] [pid 2093249:tid 2093249] AH01926: stapling_get_certinfo: stapling not supported for certificate
[Wed Aug 26 00:13:20.636569 2026] [ssl:debug] [pid 2093240:tid 2093240] ssl_engine_kernel.c(254): [client 2001:b011:7801:5307:68bf:358a:47f4:3002:61673] AH02034: Subsequent (No.8) HTTPS request received for child 8 (server www.ilc.edu.tw:443), referer: https://www.ilc.edu.tw/
[Wed Aug 26 00:13:20.637256 2026] [authz_core:debug] [pid 2093240:tid 2093240] mod_authz_core.c(815): [client 2001:b011:7801:5307:68bf:358a:47f4:3002:61673] AH01626: authorization result of Require all granted: granted, referer: https://www.ilc.edu.tw/
[Wed Aug 26 00:13:20.637269 2026] [authz_core:debug] [pid 2093240:tid 2093240] mod_authz_core.c(815): [client 2001:b011:7801:5307:68bf:358a:47f4:3002:61673] AH01626: authorization result of : granted, referer: https://www.ilc.edu.tw/
[Wed Aug 26 00:13:20.691945 2026] [ssl:info] [pid 2093250:tid 2093250] [client 134.122.113.208:59680] AH01964: Connection to child 23 established (server 2blog.ilc.edu.tw:443)
[Wed Aug 26 00:13:20.692368 2026] [ssl:debug] [pid 2093250:tid 2093250] ssl_engine_kernel.c(2222): [client 134.122.113.208:59680] AH02043: SSL virtual host for servername 2blog.ilc.edu.tw found
[Wed Aug 26 00:13:20.692556 2026] [ssl:debug] [pid 2093250:tid 2093250] ssl_util_stapling.c(819): AH01951: stapling_cb: OCSP Stapling callback called
[Wed Aug 26 00:13:20.692569 2026] [ssl:info] [pid 2093250:tid 2093250] AH01926: stapling_get_certinfo: stapling not supported for certificate
[Wed Aug 26 00:13:20.695908 2026] [deflate:debug] [pid 2093243:tid 2093243] mod_deflate.c(909): [client 136.119.35.120:13312] AH01384: Zlib: Compressed 41502 to 9841 : URL /index.php
[Wed Aug 26 00:13:20.706467 2026] [ssl:info] [pid 2093251:tid 2093251] [client 2408:8214:f20:6fd0::1:58764] AH01964: Connection to child 24 established (server 2blog.ilc.edu.tw:443)
