[Wed Aug 26 00:13:04.143361 2026] [ssl:debug] [pid 2093225:tid 2093225] ssl_engine_kernel.c(2082): [client 18.205.91.101:58553] AH02041: Protocol: TLSv1.3, Cipher: TLS_AES_256_GCM_SHA384 (256/256 bits)
[Wed Aug 26 00:13:04.143436 2026] [socache_shmcb:debug] [pid 2093225:tid 2093225] mod_socache_shmcb.c(508): AH00831: socache_shmcb_store (0x78 -> subcache 24)
[Wed Aug 26 00:13:04.143457 2026] [socache_shmcb:debug] [pid 2093225:tid 2093225] mod_socache_shmcb.c(860): AH00847: insert happened at idx=14, data=(8761:8793)
[Wed Aug 26 00:13:04.143460 2026] [socache_shmcb:debug] [pid 2093225:tid 2093225] mod_socache_shmcb.c(863): AH00848: finished insert, subcache: idx_pos/idx_used=55/48, data_pos/data_used=12190/10649
[Wed Aug 26 00:13:04.143463 2026] [socache_shmcb:debug] [pid 2093225:tid 2093225] mod_socache_shmcb.c(530): AH00834: leaving socache_shmcb_store successfully
[Wed Aug 26 00:13:04.143540 2026] [socache_shmcb:debug] [pid 2093225:tid 2093225] mod_socache_shmcb.c(508): AH00831: socache_shmcb_store (0xba -> subcache 26)
[Wed Aug 26 00:13:04.143545 2026] [socache_shmcb:debug] [pid 2093225:tid 2093225] mod_socache_shmcb.c(745): AH00842: expiring 1 and reclaiming 0 removed socache entries
[Wed Aug 26 00:13:04.143547 2026] [socache_shmcb:debug] [pid 2093225:tid 2093225] mod_socache_shmcb.c(765): AH00843: we now have 42 socache entries
[Wed Aug 26 00:13:04.143549 2026] [socache_shmcb:debug] [pid 2093225:tid 2093225] mod_socache_shmcb.c(860): AH00847: insert happened at idx=8, data=(7436:7468)
[Wed Aug 26 00:13:04.143551 2026] [socache_shmcb:debug] [pid 2093225:tid 2093225] mod_socache_shmcb.c(863): AH00848: finished insert, subcache: idx_pos/idx_used=54/43, data_pos/data_used=12026/9488
[Wed Aug 26 00:13:04.143553 2026] [socache_shmcb:debug] [pid 2093225:tid 2093225] mod_socache_shmcb.c(530): AH00834: leaving socache_shmcb_store successfully
[Wed Aug 26 00:13:04.143721 2026] [ssl:debug] [pid 2093225:tid 2093225] ssl_engine_kernel.c(254): [client 18.205.91.101:58553] AH02034: Initial (No.1) HTTPS request received for child 14 (server 2blog.ilc.edu.tw:443)
[Wed Aug 26 00:13:04.143948 2026] [authz_core:debug] [pid 2093225:tid 2093225] mod_authz_core.c(815): [client 18.205.91.101:58553] AH01626: authorization result of Require all granted: granted
[Wed Aug 26 00:13:04.143956 2026] [authz_core:debug] [pid 2093225:tid 2093225] mod_authz_core.c(815): [client 18.205.91.101:58553] AH01626: authorization result of : granted
[Wed Aug 26 00:13:04.144282 2026] [authz_core:debug] [pid 2093225:tid 2093225] mod_authz_core.c(815): [client 18.205.91.101:58553] AH01626: authorization result of Require all granted: granted
[Wed Aug 26 00:13:04.144300 2026] [authz_core:debug] [pid 2093225:tid 2093225] mod_authz_core.c(815): [client 18.205.91.101:58553] AH01626: authorization result of : granted
[Wed Aug 26 00:13:04.380327 2026] [ssl:debug] [pid 2093225:tid 2093225] ssl_engine_io.c(1150): [client 18.205.91.101:58553] AH02001: Connection closed to child 14 with standard shutdown (server 2blog.ilc.edu.tw:443)
[Wed Aug 26 00:13:04.467630 2026] [ssl:info] [pid 2088167:tid 2088167] [client 66.249.71.3:45212] AH01964: Connection to child 16 established (server 2blog.ilc.edu.tw:443)
[Wed Aug 26 00:13:04.467859 2026] [ssl:debug] [pid 2088167:tid 2088167] ssl_engine_kernel.c(2222): [client 66.249.71.3:45212] AH02043: SSL virtual host for servername www.utaes.ilc.edu.tw found
[Wed Aug 26 00:13:04.467963 2026] [ssl:debug] [pid 2088167:tid 2088167] ssl_util_stapling.c(819): AH01951: stapling_cb: OCSP Stapling callback called
[Wed Aug 26 00:13:04.467971 2026] [ssl:info] [pid 2088167:tid 2088167] AH01926: stapling_get_certinfo: stapling not supported for certificate
[Wed Aug 26 00:13:04.476945 2026] [ssl:debug] [pid 2088167:tid 2088167] ssl_engine_kernel.c(2082): [client 66.249.71.3:45212] AH02041: Protocol: TLSv1.3, Cipher: TLS_AES_256_GCM_SHA384 (256/256 bits)
[Wed Aug 26 00:13:04.477020 2026] [socache_shmcb:debug] [pid 2088167:tid 2088167] mod_socache_shmcb.c(508): AH00831: socache_shmcb_store (0xf4 -> subcache 20)
[Wed Aug 26 00:13:04.477026 2026] [socache_shmcb:debug] [pid 2088167:tid 2088167] mod_socache_shmcb.c(860): AH00847: insert happened at idx=10, data=(8007:8039)
[Wed Aug 26 00:13:04.477028 2026] [socache_shmcb:debug] [pid 2088167:tid 2088167] mod_socache_shmcb.c(863): AH00848: finished insert, subcache: idx_pos/idx_used=57/42, data_pos/data_used=12781/9308
[Wed Aug 26 00:13:04.477030 2026] [socache_shmcb:debug] [pid 2088167:tid 2088167] mod_socache_shmcb.c(530): AH00834: leaving socache_shmcb_store successfully
[Wed Aug 26 00:13:04.477172 2026] [socache_shmcb:debug] [pid 2088167:tid 2088167] mod_socache_shmcb.c(508): AH00831: socache_shmcb_store (0x72 -> subcache 18)
[Wed Aug 26 00:13:04.477192 2026] [socache_shmcb:debug] [pid 2088167:tid 2088167] mod_socache_shmcb.c(745): AH00842: expiring 1 and reclaiming 0 removed socache entries
[Wed Aug 26 00:13:04.477196 2026] [socache_shmcb:debug] [pid 2088167:tid 2088167] mod_socache_shmcb.c(765): AH00843: we now have 36 socache entries
[Wed Aug 26 00:13:04.477199 2026] [socache_shmcb:debug] [pid 2088167:tid 2088167] mod_socache_shmcb.c(860): AH00847: insert happened at idx=13, data=(8561:8593)
[Wed Aug 26 00:13:04.477202 2026] [socache_shmcb:debug] [pid 2088167:tid 2088167] mod_socache_shmcb.c(863): AH00848: finished insert, subcache: idx_pos/idx_used=65/37, data_pos/data_used=634/8145
[Wed Aug 26 00:13:04.477205 2026] [socache_shmcb:debug] [pid 2088167:tid 2088167] mod_socache_shmcb.c(530): AH00834: leaving socache_shmcb_store successfully
[Wed Aug 26 00:13:04.477429 2026] [ssl:debug] [pid 2088167:tid 2088167] ssl_engine_kernel.c(254): [client 66.249.71.3:45212] AH02034: Initial (No.1) HTTPS request received for child 16 (server www.utaes.ilc.edu.tw:443), referer: https://www.utaes.ilc.edu.tw/author/agnes88/?paged=17
[Wed Aug 26 00:13:04.477706 2026] [authz_core:debug] [pid 2088167:tid 2088167] mod_authz_core.c(815): [client 66.249.71.3:45212] AH01626: authorization result of Require all granted: granted, referer: https://www.utaes.ilc.edu.tw/author/agnes88/?paged=17
[Wed Aug 26 00:13:04.477716 2026] [authz_core:debug] [pid 2088167:tid 2088167] mod_authz_core.c(815): [client 66.249.71.3:45212] AH01626: authorization result of : granted, referer: https://www.utaes.ilc.edu.tw/author/agnes88/?paged=17
[Wed Aug 26 00:13:04.478117 2026] [deflate:debug] [pid 2088167:tid 2088167] mod_deflate.c(909): [client 66.249.71.3:45212] AH01384: Zlib: Compressed 4827 to 1792 : URL /wp-content/plugins/elementor-pro/assets/js/nav-menu.e65811186e94a386ba7b.bundle.min.js, referer: https://www.utaes.ilc.edu.tw/author/agnes88/?paged=17
[Wed Aug 26 00:13:04.779750 2026] [ssl:info] [pid 2093204:tid 2093204] [client 34.10.180.98:53248] AH01964: Connection to child 6 established (server 2blog.ilc.edu.tw:443)
[Wed Aug 26 00:13:04.779922 2026] [ssl:debug] [pid 2093204:tid 2093204] ssl_engine_kernel.c(2222): [client 34.10.180.98:53248] AH02043: SSL virtual host for servername 2blog.ilc.edu.tw found
[Wed Aug 26 00:13:04.779975 2026] [core:debug] [pid 2093204:tid 2093204] protocol.c(2460): [client 34.10.180.98:53248] AH03155: select protocol from , choices=http/1.1 for server 2blog.ilc.edu.tw
[Wed Aug 26 00:13:04.787883 2026] [ssl:debug] [pid 2088407:tid 2088407] ssl_engine_io.c(1150): [client 34.171.68.95:5120] AH02001: Connection closed to child 7 with standard shutdown (server 2blog.ilc.edu.tw:443)
[Wed Aug 26 00:13:04.961318 2026] [ssl:debug] [pid 2093204:tid 2093204] ssl_engine_kernel.c(2082): [client 34.10.180.98:53248] AH02041: Protocol: TLSv1.3, Cipher: TLS_AES_256_GCM_SHA384 (256/256 bits)
[Wed Aug 26 00:13:04.961382 2026] [socache_shmcb:debug] [pid 2093204:tid 2093204] mod_socache_shmcb.c(508): AH00831: socache_shmcb_store (0x4b -> subcache 11)
[Wed Aug 26 00:13:04.961390 2026] [socache_shmcb:debug] [pid 2093204:tid 2093204] mod_socache_shmcb.c(745): AH00842: expiring 4 and reclaiming 0 removed socache entries
[Wed Aug 26 00:13:04.961392 2026] [socache_shmcb:debug] [pid 2093204:tid 2093204] mod_socache_shmcb.c(765): AH00843: we now have 48 socache entries
[Wed Aug 26 00:13:04.961395 2026] [socache_shmcb:debug] [pid 2093204:tid 2093204] mod_socache_shmcb.c(860): AH00847: insert happened at idx=8, data=(7385:7417)
[Wed Aug 26 00:13:04.961397 2026] [socache_shmcb:debug] [pid 2093204:tid 2093204] mod_socache_shmcb.c(863): AH00848: finished insert, subcache: idx_pos/idx_used=48/49, data_pos/data_used=10652/10822
[Wed Aug 26 00:13:04.961399 2026] [socache_shmcb:debug] [pid 2093204:tid 2093204] mod_socache_shmcb.c(530): AH00834: leaving socache_shmcb_store successfully
[Wed Aug 26 00:13:04.961461 2026] [socache_shmcb:debug] [pid 2093204:tid 2093204] mod_socache_shmcb.c(508): AH00831: socache_shmcb_store (0x93 -> subcache 19)
[Wed Aug 26 00:13:04.961466 2026] [socache_shmcb:debug] [pid 2093204:tid 2093204] mod_socache_shmcb.c(860): AH00847: insert happened at idx=21, data=(10399:10431)
[Wed Aug 26 00:13:04.961468 2026] [socache_shmcb:debug] [pid 2093204:tid 2093204] mod_socache_shmcb.c(863): AH00848: finished insert, subcache: idx_pos/idx_used=53/57, data_pos/data_used=11822/12667
[Wed Aug 26 00:13:04.961470 2026] [socache_shmcb:debug] [pid 2093204:tid 2093204] mod_socache_shmcb.c(530): AH00834: leaving socache_shmcb_store successfully
[Wed Aug 26 00:13:04.967400 2026] [ssl:debug] [pid 2093204:tid 2093204] ssl_engine_kernel.c(254): [client 34.10.180.98:53248] AH02034: Initial (No.1) HTTPS request received for child 6 (server 2blog.ilc.edu.tw:443)
[Wed Aug 26 00:13:04.967643 2026] [authz_core:debug] [pid 2093204:tid 2093204] mod_authz_core.c(815): [client 34.10.180.98:53248] AH01626: authorization result of Require all granted: granted
[Wed Aug 26 00:13:04.967654 2026] [authz_core:debug] [pid 2093204:tid 2093204] mod_authz_core.c(815): [client 34.10.180.98:53248] AH01626: authorization result of : granted
[Wed Aug 26 00:13:04.967810 2026] [authz_core:debug] [pid 2093204:tid 2093204] mod_authz_core.c(815): [client 34.10.180.98:53248] AH01626: authorization result of Require all granted: granted
[Wed Aug 26 00:13:04.967815 2026] [authz_core:debug] [pid 2093204:tid 2093204] mod_authz_core.c(815): [client 34.10.180.98:53248] AH01626: authorization result of : granted
[Wed Aug 26 00:13:04.977063 2026] [ssl:debug] [pid 2093224:tid 2093224] ssl_engine_io.c(1150): [client 34.10.180.98:2560] AH02001: Connection closed to child 13 with standard shutdown (server 2blog.ilc.edu.tw:443)
[Wed Aug 26 00:13:05.224222 2026] [headers:debug] [pid 2088393:tid 2088393] mod_headers.c(900): AH01503: headers: ap_headers_error_filter()
[Wed Aug 26 00:13:05.481093 2026] [ssl:info] [pid 2088183:tid 2088183] [client 34.123.149.87:12802] AH01964: Connection to child 34 established (server 2blog.ilc.edu.tw:443)
[Wed Aug 26 00:13:05.481296 2026] [ssl:debug] [pid 2088183:tid 2088183] ssl_engine_kernel.c(2222): [client 34.123.149.87:12802] AH02043: SSL virtual host for servername 2blog.ilc.edu.tw found
[Wed Aug 26 00:13:05.481356 2026] [core:debug] [pid 2088183:tid 2088183] protocol.c(2460): [client 34.123.149.87:12802] AH03155: select protocol from , choices=http/1.1 for server 2blog.ilc.edu.tw
[Wed Aug 26 00:13:05.521666 2026] [ssl:info] [pid 2093217:tid 2093217] [client 140.111.67.10:14445] AH01964: Connection to child 8 established (server 2blog.ilc.edu.tw:443)
[Wed Aug 26 00:13:05.521846 2026] [ssl:info] [pid 2093217:tid 2093217] (70014)End of file found: [client 140.111.67.10:14445] AH02006: SSL handshake stopped: connection was closed
[Wed Aug 26 00:13:05.521855 2026] [ssl:info] [pid 2093217:tid 2093217] [client 140.111.67.10:14445] AH01998: Connection closed to child 8 with abortive shutdown (server 2blog.ilc.edu.tw:443)
[Wed Aug 26 00:13:06.148216 2026] [headers:debug] [pid 2093207:tid 2093207] mod_headers.c(900): AH01503: headers: ap_headers_error_filter()
[Wed Aug 26 00:13:06.169809 2026] [headers:debug] [pid 2093073:tid 2093073] mod_headers.c(900): AH01503: headers: ap_headers_error_filter()
[Wed Aug 26 00:13:06.213061 2026] [headers:debug] [pid 2088589:tid 2088589] mod_headers.c(900): AH01503: headers: ap_headers_error_filter()
[Wed Aug 26 00:13:06.278068 2026] [headers:debug] [pid 2093216:tid 2093216] mod_headers.c(900): AH01503: headers: ap_headers_error_filter()
[Wed Aug 26 00:13:06.288237 2026] [headers:debug] [pid 2093225:tid 2093225] mod_headers.c(900): AH01503: headers: ap_headers_error_filter()
[Wed Aug 26 00:13:06.316647 2026] [headers:debug] [pid 2093057:tid 2093057] mod_headers.c(900): AH01503: headers: ap_headers_error_filter()
[Wed Aug 26 00:13:06.323445 2026] [headers:debug] [pid 2088393:tid 2088393] mod_headers.c(900): AH01503: headers: ap_headers_error_filter()
[Wed Aug 26 00:13:06.331110 2026] [headers:debug] [pid 2093224:tid 2093224] mod_headers.c(900): AH01503: headers: ap_headers_error_filter()
[Wed Aug 26 00:13:06.396036 2026] [headers:debug] [pid 2093217:tid 2093217] mod_headers.c(900): AH01503: headers: ap_headers_error_filter()
[Wed Aug 26 00:13:06.461544 2026] [headers:debug] [pid 2093107:tid 2093107] mod_headers.c(900): AH01503: headers: ap_headers_error_filter()
[Wed Aug 26 00:13:06.466239 2026] [headers:debug] [pid 2088407:tid 2088407] mod_headers.c(900): AH01503: headers: ap_headers_error_filter()
[Wed Aug 26 00:13:06.573373 2026] [ssl:info] [pid 2093073:tid 2093073] [client 159.223.139.69:39810] AH01964: Connection to child 2 established (server 2blog.ilc.edu.tw:443)
[Wed Aug 26 00:13:06.573543 2026] [ssl:debug] [pid 2093073:tid 2093073] ssl_engine_kernel.c(2222): [client 159.223.139.69:39810] AH02043: SSL virtual host for servername 2blog.ilc.edu.tw found
[Wed Aug 26 00:13:06.573630 2026] [ssl:debug] [pid 2093073:tid 2093073] ssl_util_stapling.c(819): AH01951: stapling_cb: OCSP Stapling callback called
[Wed Aug 26 00:13:06.573652 2026] [ssl:info] [pid 2093073:tid 2093073] AH01926: stapling_get_certinfo: stapling not supported for certificate
[Wed Aug 26 00:13:06.646802 2026] [headers:debug] [pid 2093207:tid 2093207] mod_headers.c(900): AH01503: headers: ap_headers_error_filter()
[Wed Aug 26 00:13:06.647193 2026] [headers:debug] [pid 2088589:tid 2088589] mod_headers.c(900): AH01503: headers: ap_headers_error_filter()
[Wed Aug 26 00:13:06.688638 2026] [headers:debug] [pid 2093225:tid 2093225] mod_headers.c(900): AH01503: headers: ap_headers_error_filter()
[Wed Aug 26 00:13:06.699937 2026] [headers:debug] [pid 2093216:tid 2093216] mod_headers.c(900): AH01503: headers: ap_headers_error_filter()
[Wed Aug 26 00:13:06.734980 2026] [headers:debug] [pid 2093057:tid 2093057] mod_headers.c(900): AH01503: headers: ap_headers_error_filter()
[Wed Aug 26 00:13:07.031706 2026] [headers:debug] [pid 2088393:tid 2088393] mod_headers.c(900): AH01503: headers: ap_headers_error_filter()
[Wed Aug 26 00:13:07.032519 2026] [headers:debug] [pid 2093224:tid 2093224] mod_headers.c(900): AH01503: headers: ap_headers_error_filter()
[Wed Aug 26 00:13:07.045755 2026] [headers:debug] [pid 2093217:tid 2093217] mod_headers.c(900): AH01503: headers: ap_headers_error_filter()
[Wed Aug 26 00:13:07.051222 2026] [ssl:debug] [pid 2093073:tid 2093073] ssl_engine_kernel.c(2082): [client 159.223.139.69:39810] AH02041: Protocol: TLSv1.3, Cipher: TLS_AES_256_GCM_SHA384 (256/256 bits)
[Wed Aug 26 00:13:07.051275 2026] [socache_shmcb:debug] [pid 2093073:tid 2093073] mod_socache_shmcb.c(508): AH00831: socache_shmcb_store (0xa6 -> subcache 6)
[Wed Aug 26 00:13:07.051290 2026] [socache_shmcb:debug] [pid 2093073:tid 2093073] mod_socache_shmcb.c(860): AH00847: insert happened at idx=28, data=(11775:11807)
[Wed Aug 26 00:13:07.051293 2026] [socache_shmcb:debug] [pid 2093073:tid 2093073] mod_socache_shmcb.c(863): AH00848: finished insert, subcache: idx_pos/idx_used=74/43, data_pos/data_used=2506/9483
[Wed Aug 26 00:13:07.051295 2026] [socache_shmcb:debug] [pid 2093073:tid 2093073] mod_socache_shmcb.c(530): AH00834: leaving socache_shmcb_store successfully
[Wed Aug 26 00:13:07.051347 2026] [socache_shmcb:debug] [pid 2093073:tid 2093073] mod_socache_shmcb.c(508): AH00831: socache_shmcb_store (0xac -> subcache 12)
[Wed Aug 26 00:13:07.051352 2026] [socache_shmcb:debug] [pid 2093073:tid 2093073] mod_socache_shmcb.c(860): AH00847: insert happened at idx=84, data=(4859:4891)
[Wed Aug 26 00:13:07.051353 2026] [socache_shmcb:debug] [pid 2093073:tid 2093073] mod_socache_shmcb.c(863): AH00848: finished insert, subcache: idx_pos/idx_used=52/33, data_pos/data_used=11597/7339
[Wed Aug 26 00:13:07.051355 2026] [socache_shmcb:debug] [pid 2093073:tid 2093073] mod_socache_shmcb.c(530): AH00834: leaving socache_shmcb_store successfully
[Wed Aug 26 00:13:07.051456 2026] [ssl:debug] [pid 2093073:tid 2093073] ssl_engine_kernel.c(254): [client 159.223.139.69:39810] AH02034: Initial (No.1) HTTPS request received for child 2 (server 2blog.ilc.edu.tw:443), referer: http://blog.ilc.edu.tw/
[Wed Aug 26 00:13:07.051690 2026] [authz_core:debug] [pid 2093073:tid 2093073] mod_authz_core.c(815): [client 159.223.139.69:39810] AH01626: authorization result of Require all granted: granted, referer: http://blog.ilc.edu.tw/
[Wed Aug 26 00:13:07.051696 2026] [authz_core:debug] [pid 2093073:tid 2093073] mod_authz_core.c(815): [client 159.223.139.69:39810] AH01626: authorization result of : granted, referer: http://blog.ilc.edu.tw/
[Wed Aug 26 00:13:07.051896 2026] [headers:debug] [pid 2093107:tid 2093107] mod_headers.c(900): AH01503: headers: ap_headers_error_filter()
[Wed Aug 26 00:13:07.051965 2026] [authz_core:debug] [pid 2093073:tid 2093073] mod_authz_core.c(815): [client 159.223.139.69:39810] AH01626: authorization result of Require all granted: granted, referer: http://blog.ilc.edu.tw/
[Wed Aug 26 00:13:07.051970 2026] [authz_core:debug] [pid 2093073:tid 2093073] mod_authz_core.c(815): [client 159.223.139.69:39810] AH01626: authorization result of : granted, referer: http://blog.ilc.edu.tw/
[Wed Aug 26 00:13:07.063062 2026] [headers:debug] [pid 2088407:tid 2088407] mod_headers.c(900): AH01503: headers: ap_headers_error_filter()
[Wed Aug 26 00:13:07.154314 2026] [ssl:debug] [pid 2093073:tid 2093073] ssl_engine_io.c(1150): [client 159.223.139.69:39810] AH02001: Connection closed to child 2 with standard shutdown (server 2blog.ilc.edu.tw:443)
[Wed Aug 26 00:13:07.166131 2026] [ssl:info] [pid 2093207:tid 2093207] [client 157.230.15.80:36402] AH01964: Connection to child 12 established (server 2blog.ilc.edu.tw:443)
[Wed Aug 26 00:13:07.166283 2026] [ssl:debug] [pid 2093207:tid 2093207] ssl_engine_kernel.c(2222): [client 157.230.15.80:36402] AH02043: SSL virtual host for servername 2blog.ilc.edu.tw found
[Wed Aug 26 00:13:07.166378 2026] [ssl:debug] [pid 2093207:tid 2093207] ssl_util_stapling.c(819): AH01951: stapling_cb: OCSP Stapling callback called
[Wed Aug 26 00:13:07.166385 2026] [ssl:info] [pid 2093207:tid 2093207] AH01926: stapling_get_certinfo: stapling not supported for certificate
[Wed Aug 26 00:13:07.248892 2026] [ssl:info] [pid 2088589:tid 2088589] [client 137.184.197.72:50672] AH01964: Connection to child 15 established (server 2blog.ilc.edu.tw:443)
[Wed Aug 26 00:13:07.249063 2026] [ssl:debug] [pid 2088589:tid 2088589] ssl_engine_kernel.c(2222): [client 137.184.197.72:50672] AH02043: SSL virtual host for servername 2blog.ilc.edu.tw found
[Wed Aug 26 00:13:07.249139 2026] [ssl:debug] [pid 2088589:tid 2088589] ssl_util_stapling.c(819): AH01951: stapling_cb: OCSP Stapling callback called
[Wed Aug 26 00:13:07.249153 2026] [ssl:info] [pid 2088589:tid 2088589] AH01926: stapling_get_certinfo: stapling not supported for certificate
[Wed Aug 26 00:13:07.298372 2026] [ssl:info] [pid 2093225:tid 2093225] [client 64.227.8.90:60040] AH01964: Connection to child 14 established (server 2blog.ilc.edu.tw:443)
[Wed Aug 26 00:13:07.298419 2026] [ssl:info] [pid 2093216:tid 2093216] [client 134.209.68.234:43768] AH01964: Connection to child 0 established (server 2blog.ilc.edu.tw:443)
[Wed Aug 26 00:13:07.298558 2026] [ssl:debug] [pid 2093225:tid 2093225] ssl_engine_kernel.c(2222): [client 64.227.8.90:60040] AH02043: SSL virtual host for servername 2blog.ilc.edu.tw found
[Wed Aug 26 00:13:07.298571 2026] [ssl:debug] [pid 2093216:tid 2093216] ssl_engine_kernel.c(2222): [client 134.209.68.234:43768] AH02043: SSL virtual host for servername 2blog.ilc.edu.tw found
[Wed Aug 26 00:13:07.298663 2026] [ssl:debug] [pid 2093216:tid 2093216] ssl_util_stapling.c(819): AH01951: stapling_cb: OCSP Stapling callback called
[Wed Aug 26 00:13:07.298664 2026] [ssl:debug] [pid 2093225:tid 2093225] ssl_util_stapling.c(819): AH01951: stapling_cb: OCSP Stapling callback called
[Wed Aug 26 00:13:07.298669 2026] [ssl:info] [pid 2093216:tid 2093216] AH01926: stapling_get_certinfo: stapling not supported for certificate
[Wed Aug 26 00:13:07.298672 2026] [ssl:info] [pid 2093225:tid 2093225] AH01926: stapling_get_certinfo: stapling not supported for certificate
[Wed Aug 26 00:13:07.343820 2026] [ssl:info] [pid 2093057:tid 2093057] [client 198.211.103.96:36016] AH01964: Connection to child 1 established (server 2blog.ilc.edu.tw:443)
[Wed Aug 26 00:13:07.344007 2026] [ssl:debug] [pid 2093057:tid 2093057] ssl_engine_kernel.c(2222): [client 198.211.103.96:36016] AH02043: SSL virtual host for servername 2blog.ilc.edu.tw found
[Wed Aug 26 00:13:07.344089 2026] [ssl:debug] [pid 2093057:tid 2093057] ssl_util_stapling.c(819): AH01951: stapling_cb: OCSP Stapling callback called
[Wed Aug 26 00:13:07.344094 2026] [ssl:info] [pid 2093057:tid 2093057] AH01926: stapling_get_certinfo: stapling not supported for certificate
[Wed Aug 26 00:13:07.377050 2026] [ssl:debug] [pid 2093226:tid 2093226] ssl_engine_io.c(1150): [client 34.61.96.6:13313] AH02001: Connection closed to child 17 with standard shutdown (server 2blog.ilc.edu.tw:443)
[Wed Aug 26 00:13:07.378390 2026] [reqtimeout:info] [pid 2093099:tid 2093099] [client 111.241.193.115:53445] AH01382: Request header read timeout
[Wed Aug 26 00:13:07.378508 2026] [ssl:debug] [pid 2093099:tid 2093099] ssl_engine_io.c(1150): [client 111.241.193.115:53445] AH02001: Connection closed to child 45 with standard shutdown (server 2blog.ilc.edu.tw:443)
[Wed Aug 26 00:13:07.383169 2026] [ssl:info] [pid 2088393:tid 2088393] [client 34.10.180.98:23040] AH01964: Connection to child 11 established (server 2blog.ilc.edu.tw:443)
[Wed Aug 26 00:13:07.383310 2026] [ssl:info] [pid 2088393:tid 2088393] (70014)End of file found: [client 34.10.180.98:23040] AH02006: SSL handshake stopped: connection was closed
[Wed Aug 26 00:13:07.383317 2026] [ssl:info] [pid 2088393:tid 2088393] [client 34.10.180.98:23040] AH01998: Connection closed to child 11 with abortive shutdown (server 2blog.ilc.edu.tw:443)
[Wed Aug 26 00:13:07.397093 2026] [ssl:info] [pid 2093224:tid 2093224] [client 137.184.222.159:37212] AH01964: Connection to child 13 established (server 2blog.ilc.edu.tw:443)
[Wed Aug 26 00:13:07.397308 2026] [ssl:debug] [pid 2093224:tid 2093224] ssl_engine_kernel.c(2222): [client 137.184.222.159:37212] AH02043: SSL virtual host for servername 2blog.ilc.edu.tw found
[Wed Aug 26 00:13:07.397442 2026] [ssl:debug] [pid 2093224:tid 2093224] ssl_util_stapling.c(819): AH01951: stapling_cb: OCSP Stapling callback called
[Wed Aug 26 00:13:07.397452 2026] [ssl:info] [pid 2093224:tid 2093224] AH01926: stapling_get_certinfo: stapling not supported for certificate
[Wed Aug 26 00:13:07.398040 2026] [ssl:info] [pid 2093217:tid 2093217] [client 137.184.129.210:45510] AH01964: Connection to child 8 established (server 2blog.ilc.edu.tw:443)
[Wed Aug 26 00:13:07.398148 2026] [ssl:debug] [pid 2093217:tid 2093217] ssl_engine_kernel.c(2222): [client 137.184.129.210:45510] AH02043: SSL virtual host for servername 2blog.ilc.edu.tw found
[Wed Aug 26 00:13:07.398211 2026] [ssl:debug] [pid 2093217:tid 2093217] ssl_util_stapling.c(819): AH01951: stapling_cb: OCSP Stapling callback called
[Wed Aug 26 00:13:07.398216 2026] [ssl:info] [pid 2093217:tid 2093217] AH01926: stapling_get_certinfo: stapling not supported for certificate
[Wed Aug 26 00:13:07.401250 2026] [ssl:info] [pid 2093107:tid 2093107] [client 134.209.214.43:45662] AH01964: Connection to child 53 established (server 2blog.ilc.edu.tw:443)
[Wed Aug 26 00:13:07.401368 2026] [ssl:debug] [pid 2093107:tid 2093107] ssl_engine_kernel.c(2222): [client 134.209.214.43:45662] AH02043: SSL virtual host for servername 2blog.ilc.edu.tw found
[Wed Aug 26 00:13:07.401434 2026] [ssl:debug] [pid 2093107:tid 2093107] ssl_util_stapling.c(819): AH01951: stapling_cb: OCSP Stapling callback called
[Wed Aug 26 00:13:07.401438 2026] [ssl:info] [pid 2093107:tid 2093107] AH01926: stapling_get_certinfo: stapling not supported for certificate
[Wed Aug 26 00:13:07.416528 2026] [ssl:info] [pid 2088407:tid 2088407] [client 64.227.7.35:42736] AH01964: Connection to child 7 established (server 2blog.ilc.edu.tw:443)
[Wed Aug 26 00:13:07.416724 2026] [ssl:debug] [pid 2088407:tid 2088407] ssl_engine_kernel.c(2222): [client 64.227.7.35:42736] AH02043: SSL virtual host for servername 2blog.ilc.edu.tw found
[Wed Aug 26 00:13:07.416851 2026] [ssl:debug] [pid 2088407:tid 2088407] ssl_util_stapling.c(819): AH01951: stapling_cb: OCSP Stapling callback called
[Wed Aug 26 00:13:07.416859 2026] [ssl:info] [pid 2088407:tid 2088407] AH01926: stapling_get_certinfo: stapling not supported for certificate
[Wed Aug 26 00:13:07.445743 2026] [watchdog:debug] [pid 2093232:tid 2093232] mod_watchdog.c(559): AH02980: Watchdog: nothing configured?
[Wed Aug 26 00:13:07.458189 2026] [ssl:info] [pid 2093099:tid 2093099] [client 159.223.110.63:58420] AH01964: Connection to child 45 established (server 2blog.ilc.edu.tw:443)
[Wed Aug 26 00:13:07.463465 2026] [ssl:debug] [pid 2093099:tid 2093099] ssl_engine_kernel.c(2222): [client 159.223.110.63:58420] AH02043: SSL virtual host for servername 2blog.ilc.edu.tw found
[Wed Aug 26 00:13:07.463600 2026] [ssl:debug] [pid 2093099:tid 2093099] ssl_util_stapling.c(819): AH01951: stapling_cb: OCSP Stapling callback called
[Wed Aug 26 00:13:07.463608 2026] [ssl:info] [pid 2093099:tid 2093099] AH01926: stapling_get_certinfo: stapling not supported for certificate
[Wed Aug 26 00:13:07.629288 2026] [ssl:debug] [pid 2093207:tid 2093207] ssl_engine_kernel.c(2082): [client 157.230.15.80:36402] AH02041: Protocol: TLSv1.3, Cipher: TLS_AES_256_GCM_SHA384 (256/256 bits)
[Wed Aug 26 00:13:07.629340 2026] [socache_shmcb:debug] [pid 2093207:tid 2093207] mod_socache_shmcb.c(508): AH00831: socache_shmcb_store (0x2a -> subcache 10)
[Wed Aug 26 00:13:07.629358 2026] [socache_shmcb:debug] [pid 2093207:tid 2093207] mod_socache_shmcb.c(860): AH00847: insert happened at idx=86, data=(5272:5304)
[Wed Aug 26 00:13:07.629361 2026] [socache_shmcb:debug] [pid 2093207:tid 2093207] mod_socache_shmcb.c(863): AH00848: finished insert, subcache: idx_pos/idx_used=49/38, data_pos/data_used=10933/8417
[Wed Aug 26 00:13:07.629363 2026] [socache_shmcb:debug] [pid 2093207:tid 2093207] mod_socache_shmcb.c(530): AH00834: leaving socache_shmcb_store successfully
[Wed Aug 26 00:13:07.629420 2026] [socache_shmcb:debug] [pid 2093207:tid 2093207] mod_socache_shmcb.c(508): AH00831: socache_shmcb_store (0x42 -> subcache 2)
[Wed Aug 26 00:13:07.629425 2026] [socache_shmcb:debug] [pid 2093207:tid 2093207] mod_socache_shmcb.c(860): AH00847: insert happened at idx=8, data=(7403:7435)
[Wed Aug 26 00:13:07.629427 2026] [socache_shmcb:debug] [pid 2093207:tid 2093207] mod_socache_shmcb.c(863): AH00848: finished insert, subcache: idx_pos/idx_used=59/38, data_pos/data_used=13053/8427
[Wed Aug 26 00:13:07.629429 2026] [socache_shmcb:debug] [pid 2093207:tid 2093207] mod_socache_shmcb.c(530): AH00834: leaving socache_shmcb_store successfully
[Wed Aug 26 00:13:07.630875 2026] [ssl:debug] [pid 2093207:tid 2093207] ssl_engine_kernel.c(254): [client 157.230.15.80:36402] AH02034: Initial (No.1) HTTPS request received for child 12 (server 2blog.ilc.edu.tw:443), referer: http://blog.ilc.edu.tw/
[Wed Aug 26 00:13:07.631068 2026] [authz_core:debug] [pid 2093207:tid 2093207] mod_authz_core.c(815): [client 157.230.15.80:36402] AH01626: authorization result of Require all granted: granted, referer: http://blog.ilc.edu.tw/
[Wed Aug 26 00:13:07.631072 2026] [authz_core:debug] [pid 2093207:tid 2093207] mod_authz_core.c(815): [client 157.230.15.80:36402] AH01626: authorization result of : granted, referer: http://blog.ilc.edu.tw/
[Wed Aug 26 00:13:07.631217 2026] [authz_core:debug] [pid 2093207:tid 2093207] mod_authz_core.c(815): [client 157.230.15.80:36402] AH01626: authorization result of Require all granted: granted, referer: http://blog.ilc.edu.tw/
[Wed Aug 26 00:13:07.631220 2026] [authz_core:debug] [pid 2093207:tid 2093207] mod_authz_core.c(815): [client 157.230.15.80:36402] AH01626: authorization result of : granted, referer: http://blog.ilc.edu.tw/
[Wed Aug 26 00:13:07.661426 2026] [ssl:info] [pid 2088393:tid 2088393] [client 24.144.123.43:57508] AH01964: Connection to child 11 established (server 2blog.ilc.edu.tw:443)
[Wed Aug 26 00:13:07.661572 2026] [ssl:debug] [pid 2088393:tid 2088393] ssl_engine_kernel.c(2222): [client 24.144.123.43:57508] AH02043: SSL virtual host for servername 2blog.ilc.edu.tw found
[Wed Aug 26 00:13:07.661677 2026] [ssl:debug] [pid 2088393:tid 2088393] ssl_util_stapling.c(819): AH01951: stapling_cb: OCSP Stapling callback called
[Wed Aug 26 00:13:07.661682 2026] [ssl:info] [pid 2088393:tid 2088393] AH01926: stapling_get_certinfo: stapling not supported for certificate
[Wed Aug 26 00:13:07.669951 2026] [ssl:info] [pid 2093232:tid 2093232] [client 157.245.89.174:33294] AH01964: Connection to child 4 established (server 2blog.ilc.edu.tw:443)
[Wed Aug 26 00:13:07.670353 2026] [ssl:debug] [pid 2093232:tid 2093232] ssl_engine_kernel.c(2222): [client 157.245.89.174:33294] AH02043: SSL virtual host for servername 2blog.ilc.edu.tw found
[Wed Aug 26 00:13:07.670597 2026] [ssl:debug] [pid 2093232:tid 2093232] ssl_util_stapling.c(819): AH01951: stapling_cb: OCSP Stapling callback called
[Wed Aug 26 00:13:07.670608 2026] [ssl:info] [pid 2093232:tid 2093232] AH01926: stapling_get_certinfo: stapling not supported for certificate
[Wed Aug 26 00:13:07.711298 2026] [ssl:debug] [pid 2088589:tid 2088589] ssl_engine_kernel.c(2082): [client 137.184.197.72:50672] AH02041: Protocol: TLSv1.3, Cipher: TLS_AES_256_GCM_SHA384 (256/256 bits)
[Wed Aug 26 00:13:07.711347 2026] [socache_shmcb:debug] [pid 2088589:tid 2088589] mod_socache_shmcb.c(508): AH00831: socache_shmcb_store (0x22 -> subcache 2)
[Wed Aug 26 00:13:07.711353 2026] [socache_shmcb:debug] [pid 2088589:tid 2088589] mod_socache_shmcb.c(860): AH00847: insert happened at idx=9, data=(7616:7648)
[Wed Aug 26 00:13:07.711355 2026] [socache_shmcb:debug] [pid 2088589:tid 2088589] mod_socache_shmcb.c(863): AH00848: finished insert, subcache: idx_pos/idx_used=59/39, data_pos/data_used=13053/8641
[Wed Aug 26 00:13:07.711357 2026] [socache_shmcb:debug] [pid 2088589:tid 2088589] mod_socache_shmcb.c(530): AH00834: leaving socache_shmcb_store successfully
[Wed Aug 26 00:13:07.711417 2026] [socache_shmcb:debug] [pid 2088589:tid 2088589] mod_socache_shmcb.c(508): AH00831: socache_shmcb_store (0x8e -> subcache 14)
[Wed Aug 26 00:13:07.711423 2026] [socache_shmcb:debug] [pid 2088589:tid 2088589] mod_socache_shmcb.c(860): AH00847: insert happened at idx=79, data=(3661:3693)
[Wed Aug 26 00:13:07.711426 2026] [socache_shmcb:debug] [pid 2088589:tid 2088589] mod_socache_shmcb.c(863): AH00848: finished insert, subcache: idx_pos/idx_used=47/33, data_pos/data_used=10425/7314
[Wed Aug 26 00:13:07.711429 2026] [socache_shmcb:debug] [pid 2088589:tid 2088589] mod_socache_shmcb.c(530): AH00834: leaving socache_shmcb_store successfully
[Wed Aug 26 00:13:07.711575 2026] [ssl:debug] [pid 2088589:tid 2088589] ssl_engine_kernel.c(254): [client 137.184.197.72:50672] AH02034: Initial (No.1) HTTPS request received for child 15 (server 2blog.ilc.edu.tw:443), referer: http://blog.ilc.edu.tw/
[Wed Aug 26 00:13:07.711745 2026] [authz_core:debug] [pid 2088589:tid 2088589] mod_authz_core.c(815): [client 137.184.197.72:50672] AH01626: authorization result of Require all granted: granted, referer: http://blog.ilc.edu.tw/
[Wed Aug 26 00:13:07.711750 2026] [authz_core:debug] [pid 2088589:tid 2088589] mod_authz_core.c(815): [client 137.184.197.72:50672] AH01626: authorization result of : granted, referer: http://blog.ilc.edu.tw/
[Wed Aug 26 00:13:07.711870 2026] [authz_core:debug] [pid 2088589:tid 2088589] mod_authz_core.c(815): [client 137.184.197.72:50672] AH01626: authorization result of Require all granted: granted, referer: http://blog.ilc.edu.tw/
[Wed Aug 26 00:13:07.711874 2026] [authz_core:debug] [pid 2088589:tid 2088589] mod_authz_core.c(815): [client 137.184.197.72:50672] AH01626: authorization result of : granted, referer: http://blog.ilc.edu.tw/
[Wed Aug 26 00:13:07.715148 2026] [ssl:debug] [pid 2088183:tid 2088183] ssl_engine_kernel.c(2082): [client 34.123.149.87:12802] AH02041: Protocol: TLSv1.3, Cipher: TLS_AES_256_GCM_SHA384 (256/256 bits)
[Wed Aug 26 00:13:07.715202 2026] [socache_shmcb:debug] [pid 2088183:tid 2088183] mod_socache_shmcb.c(508): AH00831: socache_shmcb_store (0x7c -> subcache 28)
[Wed Aug 26 00:13:07.715209 2026] [socache_shmcb:debug] [pid 2088183:tid 2088183] mod_socache_shmcb.c(745): AH00842: expiring 1 and reclaiming 0 removed socache entries
[Wed Aug 26 00:13:07.715211 2026] [socache_shmcb:debug] [pid 2088183:tid 2088183] mod_socache_shmcb.c(765): AH00843: we now have 42 socache entries
[Wed Aug 26 00:13:07.715213 2026] [socache_shmcb:debug] [pid 2088183:tid 2088183] mod_socache_shmcb.c(860): AH00847: insert happened at idx=11, data=(8103:8135)
[Wed Aug 26 00:13:07.715215 2026] [socache_shmcb:debug] [pid 2088183:tid 2088183] mod_socache_shmcb.c(863): AH00848: finished insert, subcache: idx_pos/idx_used=57/43, data_pos/data_used=12682/9510
[Wed Aug 26 00:13:07.715217 2026] [socache_shmcb:debug] [pid 2088183:tid 2088183] mod_socache_shmcb.c(530): AH00834: leaving socache_shmcb_store successfully
[Wed Aug 26 00:13:07.715270 2026] [socache_shmcb:debug] [pid 2088183:tid 2088183] mod_socache_shmcb.c(508): AH00831: socache_shmcb_store (0x8a -> subcache 10)
[Wed Aug 26 00:13:07.715275 2026] [socache_shmcb:debug] [pid 2088183:tid 2088183] mod_socache_shmcb.c(860): AH00847: insert happened at idx=87, data=(5486:5518)
[Wed Aug 26 00:13:07.715277 2026] [socache_shmcb:debug] [pid 2088183:tid 2088183] mod_socache_shmcb.c(863): AH00848: finished insert, subcache: idx_pos/idx_used=49/39, data_pos/data_used=10933/8642
[Wed Aug 26 00:13:07.715278 2026] [socache_shmcb:debug] [pid 2088183:tid 2088183] mod_socache_shmcb.c(530): AH00834: leaving socache_shmcb_store successfully
[Wed Aug 26 00:13:07.721797 2026] [ssl:debug] [pid 2093207:tid 2093207] ssl_engine_io.c(1150): [client 157.230.15.80:36402] AH02001: Connection closed to child 12 with standard shutdown (server 2blog.ilc.edu.tw:443)
[Wed Aug 26 00:13:07.752186 2026] [ssl:info] [pid 2093073:tid 2093073] [client 167.99.2.143:38266] AH01964: Connection to child 2 established (server 2blog.ilc.edu.tw:443)
[Wed Aug 26 00:13:07.752355 2026] [ssl:debug] [pid 2093073:tid 2093073] ssl_engine_kernel.c(2222): [client 167.99.2.143:38266] AH02043: SSL virtual host for servername 2blog.ilc.edu.tw found
[Wed Aug 26 00:13:07.752448 2026] [ssl:debug] [pid 2093073:tid 2093073] ssl_util_stapling.c(819): AH01951: stapling_cb: OCSP Stapling callback called
[Wed Aug 26 00:13:07.752457 2026] [ssl:info] [pid 2093073:tid 2093073] AH01926: stapling_get_certinfo: stapling not supported for certificate
[Wed Aug 26 00:13:07.768377 2026] [ssl:debug] [pid 2093225:tid 2093225] ssl_engine_kernel.c(2082): [client 64.227.8.90:60040] AH02041: Protocol: TLSv1.3, Cipher: TLS_AES_256_GCM_SHA384 (256/256 bits)
[Wed Aug 26 00:13:07.768425 2026] [socache_shmcb:debug] [pid 2093225:tid 2093225] mod_socache_shmcb.c(508): AH00831: socache_shmcb_store (0x13 -> subcache 19)
[Wed Aug 26 00:13:07.768450 2026] [socache_shmcb:debug] [pid 2093225:tid 2093225] mod_socache_shmcb.c(745): AH00842: expiring 1 and reclaiming 0 removed socache entries
[Wed Aug 26 00:13:07.768452 2026] [socache_shmcb:debug] [pid 2093225:tid 2093225] mod_socache_shmcb.c(765): AH00843: we now have 56 socache entries
[Wed Aug 26 00:13:07.768454 2026] [socache_shmcb:debug] [pid 2093225:tid 2093225] mod_socache_shmcb.c(860): AH00847: insert happened at idx=22, data=(10625:10657)
[Wed Aug 26 00:13:07.768456 2026] [socache_shmcb:debug] [pid 2093225:tid 2093225] mod_socache_shmcb.c(863): AH00848: finished insert, subcache: idx_pos/idx_used=54/57, data_pos/data_used=12047/12655
[Wed Aug 26 00:13:07.768458 2026] [socache_shmcb:debug] [pid 2093225:tid 2093225] mod_socache_shmcb.c(530): AH00834: leaving socache_shmcb_store successfully
[Wed Aug 26 00:13:07.768513 2026] [socache_shmcb:debug] [pid 2093225:tid 2093225] mod_socache_shmcb.c(508): AH00831: socache_shmcb_store (0xd3 -> subcache 19)
[Wed Aug 26 00:13:07.768516 2026] [socache_shmcb:debug] [pid 2093225:tid 2093225] mod_socache_shmcb.c(860): AH00847: insert happened at idx=23, data=(10838:10870)
[Wed Aug 26 00:13:07.768518 2026] [socache_shmcb:debug] [pid 2093225:tid 2093225] mod_socache_shmcb.c(863): AH00848: finished insert, subcache: idx_pos/idx_used=54/58, data_pos/data_used=12047/12868
[Wed Aug 26 00:13:07.768519 2026] [socache_shmcb:debug] [pid 2093225:tid 2093225] mod_socache_shmcb.c(530): AH00834: leaving socache_shmcb_store successfully
[Wed Aug 26 00:13:07.768629 2026] [ssl:debug] [pid 2093225:tid 2093225] ssl_engine_kernel.c(254): [client 64.227.8.90:60040] AH02034: Initial (No.1) HTTPS request received for child 14 (server 2blog.ilc.edu.tw:443), referer: http://blog.ilc.edu.tw/
[Wed Aug 26 00:13:07.768791 2026] [authz_core:debug] [pid 2093225:tid 2093225] mod_authz_core.c(815): [client 64.227.8.90:60040] AH01626: authorization result of Require all granted: granted, referer: http://blog.ilc.edu.tw/
[Wed Aug 26 00:13:07.768796 2026] [authz_core:debug] [pid 2093225:tid 2093225] mod_authz_core.c(815): [client 64.227.8.90:60040] AH01626: authorization result of : granted, referer: http://blog.ilc.edu.tw/
[Wed Aug 26 00:13:07.768912 2026] [authz_core:debug] [pid 2093225:tid 2093225] mod_authz_core.c(815): [client 64.227.8.90:60040] AH01626: authorization result of Require all granted: granted, referer: http://blog.ilc.edu.tw/
[Wed Aug 26 00:13:07.768915 2026] [authz_core:debug] [pid 2093225:tid 2093225] mod_authz_core.c(815): [client 64.227.8.90:60040] AH01626: authorization result of : granted, referer: http://blog.ilc.edu.tw/
[Wed Aug 26 00:13:07.773035 2026] [ssl:debug] [pid 2093216:tid 2093216] ssl_engine_kernel.c(2082): [client 134.209.68.234:43768] AH02041: Protocol: TLSv1.3, Cipher: TLS_AES_256_GCM_SHA384 (256/256 bits)
[Wed Aug 26 00:13:07.773092 2026] [socache_shmcb:debug] [pid 2093216:tid 2093216] mod_socache_shmcb.c(508): AH00831: socache_shmcb_store (0xab -> subcache 11)
[Wed Aug 26 00:13:07.773108 2026] [socache_shmcb:debug] [pid 2093216:tid 2093216] mod_socache_shmcb.c(745): AH00842: expiring 2 and reclaiming 0 removed socache entries
[Wed Aug 26 00:13:07.773111 2026] [socache_shmcb:debug] [pid 2093216:tid 2093216] mod_socache_shmcb.c(765): AH00843: we now have 47 socache entries
[Wed Aug 26 00:13:07.773113 2026] [socache_shmcb:debug] [pid 2093216:tid 2093216] mod_socache_shmcb.c(860): AH00847: insert happened at idx=9, data=(7610:7642)
[Wed Aug 26 00:13:07.773115 2026] [socache_shmcb:debug] [pid 2093216:tid 2093216] mod_socache_shmcb.c(863): AH00848: finished insert, subcache: idx_pos/idx_used=50/48, data_pos/data_used=11103/10584
[Wed Aug 26 00:13:07.773117 2026] [socache_shmcb:debug] [pid 2093216:tid 2093216] mod_socache_shmcb.c(530): AH00834: leaving socache_shmcb_store successfully
[Wed Aug 26 00:13:07.773162 2026] [socache_shmcb:debug] [pid 2093216:tid 2093216] mod_socache_shmcb.c(508): AH00831: socache_shmcb_store (0x04 -> subcache 4)
[Wed Aug 26 00:13:07.773177 2026] [socache_shmcb:debug] [pid 2093216:tid 2093216] mod_socache_shmcb.c(860): AH00847: insert happened at idx=11, data=(8042:8074)
[Wed Aug 26 00:13:07.773179 2026] [socache_shmcb:debug] [pid 2093216:tid 2093216] mod_socache_shmcb.c(863): AH00848: finished insert, subcache: idx_pos/idx_used=54/46, data_pos/data_used=11964/10156
[Wed Aug 26 00:13:07.773181 2026] [socache_shmcb:debug] [pid 2093216:tid 2093216] mod_socache_shmcb.c(530): AH00834: leaving socache_shmcb_store successfully
[Wed Aug 26 00:13:07.773278 2026] [ssl:debug] [pid 2093216:tid 2093216] ssl_engine_kernel.c(254): [client 134.209.68.234:43768] AH02034: Initial (No.1) HTTPS request received for child 0 (server 2blog.ilc.edu.tw:443), referer: http://blog.ilc.edu.tw/
[Wed Aug 26 00:13:07.773440 2026] [authz_core:debug] [pid 2093216:tid 2093216] mod_authz_core.c(815): [client 134.209.68.234:43768] AH01626: authorization result of Require all granted: granted, referer: http://blog.ilc.edu.tw/
[Wed Aug 26 00:13:07.773445 2026] [authz_core:debug] [pid 2093216:tid 2093216] mod_authz_core.c(815): [client 134.209.68.234:43768] AH01626: authorization result of : granted, referer: http://blog.ilc.edu.tw/
[Wed Aug 26 00:13:07.773594 2026] [authz_core:debug] [pid 2093216:tid 2093216] mod_authz_core.c(815): [client 134.209.68.234:43768] AH01626: authorization result of Require all granted: granted, referer: http://blog.ilc.edu.tw/
[Wed Aug 26 00:13:07.773599 2026] [authz_core:debug] [pid 2093216:tid 2093216] mod_authz_core.c(815): [client 134.209.68.234:43768] AH01626: authorization result of : granted, referer: http://blog.ilc.edu.tw/
[Wed Aug 26 00:13:07.791233 2026] [ssl:debug] [pid 2088589:tid 2088589] ssl_engine_io.c(1150): [client 137.184.197.72:50672] AH02001: Connection closed to child 15 with standard shutdown (server 2blog.ilc.edu.tw:443)
[Wed Aug 26 00:13:07.805261 2026] [ssl:debug] [pid 2093057:tid 2093057] ssl_engine_kernel.c(2082): [client 198.211.103.96:36016] AH02041: Protocol: TLSv1.3, Cipher: TLS_AES_256_GCM_SHA384 (256/256 bits)
[Wed Aug 26 00:13:07.805318 2026] [socache_shmcb:debug] [pid 2093057:tid 2093057] mod_socache_shmcb.c(508): AH00831: socache_shmcb_store (0xe7 -> subcache 7)
[Wed Aug 26 00:13:07.805325 2026] [socache_shmcb:debug] [pid 2093057:tid 2093057] mod_socache_shmcb.c(745): AH00842: expiring 1 and reclaiming 0 removed socache entries
[Wed Aug 26 00:13:07.805328 2026] [socache_shmcb:debug] [pid 2093057:tid 2093057] mod_socache_shmcb.c(765): AH00843: we now have 44 socache entries
[Wed Aug 26 00:13:07.805330 2026] [socache_shmcb:debug] [pid 2093057:tid 2093057] mod_socache_shmcb.c(860): AH00847: insert happened at idx=12, data=(8202:8234)
[Wed Aug 26 00:13:07.805332 2026] [socache_shmcb:debug] [pid 2093057:tid 2093057] mod_socache_shmcb.c(863): AH00848: finished insert, subcache: idx_pos/idx_used=56/45, data_pos/data_used=12332/9947
[Wed Aug 26 00:13:07.805334 2026] [socache_shmcb:debug] [pid 2093057:tid 2093057] mod_socache_shmcb.c(530): AH00834: leaving socache_shmcb_store successfully
[Wed Aug 26 00:13:07.805407 2026] [socache_shmcb:debug] [pid 2093057:tid 2093057] mod_socache_shmcb.c(508): AH00831: socache_shmcb_store (0xab -> subcache 11)
[Wed Aug 26 00:13:07.805412 2026] [socache_shmcb:debug] [pid 2093057:tid 2093057] mod_socache_shmcb.c(860): AH00847: insert happened at idx=10, data=(7823:7855)
[Wed Aug 26 00:13:07.805414 2026] [socache_shmcb:debug] [pid 2093057:tid 2093057] mod_socache_shmcb.c(863): AH00848: finished insert, subcache: idx_pos/idx_used=50/49, data_pos/data_used=11103/10798
[Wed Aug 26 00:13:07.805416 2026] [socache_shmcb:debug] [pid 2093057:tid 2093057] mod_socache_shmcb.c(530): AH00834: leaving socache_shmcb_store successfully
[Wed Aug 26 00:13:07.805571 2026] [ssl:debug] [pid 2093057:tid 2093057] ssl_engine_kernel.c(254): [client 198.211.103.96:36016] AH02034: Initial (No.1) HTTPS request received for child 1 (server 2blog.ilc.edu.tw:443), referer: http://blog.ilc.edu.tw/
[Wed Aug 26 00:13:07.805769 2026] [authz_core:debug] [pid 2093057:tid 2093057] mod_authz_core.c(815): [client 198.211.103.96:36016] AH01626: authorization result of Require all granted: granted, referer: http://blog.ilc.edu.tw/
[Wed Aug 26 00:13:07.805783 2026] [authz_core:debug] [pid 2093057:tid 2093057] mod_authz_core.c(815): [client 198.211.103.96:36016] AH01626: authorization result of : granted, referer: http://blog.ilc.edu.tw/
[Wed Aug 26 00:13:07.805928 2026] [authz_core:debug] [pid 2093057:tid 2093057] mod_authz_core.c(815): [client 198.211.103.96:36016] AH01626: authorization result of Require all granted: granted, referer: http://blog.ilc.edu.tw/
[Wed Aug 26 00:13:07.805935 2026] [authz_core:debug] [pid 2093057:tid 2093057] mod_authz_core.c(815): [client 198.211.103.96:36016] AH01626: authorization result of : granted, referer: http://blog.ilc.edu.tw/
[Wed Aug 26 00:13:07.852560 2026] [ssl:debug] [pid 2093225:tid 2093225] ssl_engine_io.c(1150): [client 64.227.8.90:60040] AH02001: Connection closed to child 14 with standard shutdown (server 2blog.ilc.edu.tw:443)
[Wed Aug 26 00:13:07.858763 2026] [ssl:debug] [pid 2093216:tid 2093216] ssl_engine_io.c(1150): [client 134.209.68.234:43768] AH02001: Connection closed to child 0 with standard shutdown (server 2blog.ilc.edu.tw:443)
[Wed Aug 26 00:13:07.862401 2026] [ssl:debug] [pid 2093224:tid 2093224] ssl_engine_kernel.c(2082): [client 137.184.222.159:37212] AH02041: Protocol: TLSv1.3, Cipher: TLS_AES_256_GCM_SHA384 (256/256 bits)
[Wed Aug 26 00:13:07.862455 2026] [socache_shmcb:debug] [pid 2093224:tid 2093224] mod_socache_shmcb.c(508): AH00831: socache_shmcb_store (0xe1 -> subcache 1)
[Wed Aug 26 00:13:07.862464 2026] [socache_shmcb:debug] [pid 2093224:tid 2093224] mod_socache_shmcb.c(860): AH00847: insert happened at idx=5, data=(6782:6814)
[Wed Aug 26 00:13:07.862467 2026] [socache_shmcb:debug] [pid 2093224:tid 2093224] mod_socache_shmcb.c(863): AH00848: finished insert, subcache: idx_pos/idx_used=56/38, data_pos/data_used=12494/8365
[Wed Aug 26 00:13:07.862470 2026] [socache_shmcb:debug] [pid 2093224:tid 2093224] mod_socache_shmcb.c(530): AH00834: leaving socache_shmcb_store successfully
[Wed Aug 26 00:13:07.862528 2026] [socache_shmcb:debug] [pid 2093224:tid 2093224] mod_socache_shmcb.c(508): AH00831: socache_shmcb_store (0x05 -> subcache 5)
[Wed Aug 26 00:13:07.862544 2026] [socache_shmcb:debug] [pid 2093224:tid 2093224] mod_socache_shmcb.c(860): AH00847: insert happened at idx=82, data=(4325:4357)
[Wed Aug 26 00:13:07.862548 2026] [socache_shmcb:debug] [pid 2093224:tid 2093224] mod_socache_shmcb.c(863): AH00848: finished insert, subcache: idx_pos/idx_used=48/35, data_pos/data_used=10709/7693
[Wed Aug 26 00:13:07.862551 2026] [socache_shmcb:debug] [pid 2093224:tid 2093224] mod_socache_shmcb.c(530): AH00834: leaving socache_shmcb_store successfully
[Wed Aug 26 00:13:07.862681 2026] [ssl:debug] [pid 2093224:tid 2093224] ssl_engine_kernel.c(254): [client 137.184.222.159:37212] AH02034: Initial (No.1) HTTPS request received for child 13 (server 2blog.ilc.edu.tw:443), referer: http://blog.ilc.edu.tw/
[Wed Aug 26 00:13:07.862893 2026] [authz_core:debug] [pid 2093224:tid 2093224] mod_authz_core.c(815): [client 137.184.222.159:37212] AH01626: authorization result of Require all granted: granted, referer: http://blog.ilc.edu.tw/
[Wed Aug 26 00:13:07.862901 2026] [authz_core:debug] [pid 2093224:tid 2093224] mod_authz_core.c(815): [client 137.184.222.159:37212] AH01626: authorization result of : granted, referer: http://blog.ilc.edu.tw/
[Wed Aug 26 00:13:07.863088 2026] [authz_core:debug] [pid 2093224:tid 2093224] mod_authz_core.c(815): [client 137.184.222.159:37212] AH01626: authorization result of Require all granted: granted, referer: http://blog.ilc.edu.tw/
[Wed Aug 26 00:13:07.863097 2026] [authz_core:debug] [pid 2093224:tid 2093224] mod_authz_core.c(815): [client 137.184.222.159:37212] AH01626: authorization result of : granted, referer: http://blog.ilc.edu.tw/
[Wed Aug 26 00:13:07.866603 2026] [ssl:debug] [pid 2093217:tid 2093217] ssl_engine_kernel.c(2082): [client 137.184.129.210:45510] AH02041: Protocol: TLSv1.3, Cipher: TLS_AES_256_GCM_SHA384 (256/256 bits)
[Wed Aug 26 00:13:07.866660 2026] [socache_shmcb:debug] [pid 2093217:tid 2093217] mod_socache_shmcb.c(508): AH00831: socache_shmcb_store (0x5c -> subcache 28)
[Wed Aug 26 00:13:07.866674 2026] [socache_shmcb:debug] [pid 2093217:tid 2093217] mod_socache_shmcb.c(860): AH00847: insert happened at idx=12, data=(8328:8360)
[Wed Aug 26 00:13:07.866676 2026] [socache_shmcb:debug] [pid 2093217:tid 2093217] mod_socache_shmcb.c(863): AH00848: finished insert, subcache: idx_pos/idx_used=57/44, data_pos/data_used=12682/9724
[Wed Aug 26 00:13:07.866678 2026] [socache_shmcb:debug] [pid 2093217:tid 2093217] mod_socache_shmcb.c(530): AH00834: leaving socache_shmcb_store successfully
[Wed Aug 26 00:13:07.866729 2026] [socache_shmcb:debug] [pid 2093217:tid 2093217] mod_socache_shmcb.c(508): AH00831: socache_shmcb_store (0x69 -> subcache 9)
[Wed Aug 26 00:13:07.866737 2026] [socache_shmcb:debug] [pid 2093217:tid 2093217] mod_socache_shmcb.c(745): AH00842: expiring 2 and reclaiming 0 removed socache entries
[Wed Aug 26 00:13:07.866739 2026] [socache_shmcb:debug] [pid 2093217:tid 2093217] mod_socache_shmcb.c(765): AH00843: we now have 38 socache entries
[Wed Aug 26 00:13:07.866742 2026] [socache_shmcb:debug] [pid 2093217:tid 2093217] mod_socache_shmcb.c(860): AH00847: insert happened at idx=86, data=(5196:5228)
[Wed Aug 26 00:13:07.866743 2026] [socache_shmcb:debug] [pid 2093217:tid 2093217] mod_socache_shmcb.c(863): AH00848: finished insert, subcache: idx_pos/idx_used=48/39, data_pos/data_used=10661/8612
[Wed Aug 26 00:13:07.866745 2026] [socache_shmcb:debug] [pid 2093217:tid 2093217] mod_socache_shmcb.c(530): AH00834: leaving socache_shmcb_store successfully
[Wed Aug 26 00:13:07.866851 2026] [ssl:debug] [pid 2093217:tid 2093217] ssl_engine_kernel.c(254): [client 137.184.129.210:45510] AH02034: Initial (No.1) HTTPS request received for child 8 (server 2blog.ilc.edu.tw:443), referer: http://blog.ilc.edu.tw/
