[Wed Aug 26 00:13:18.368280 2026] [ssl:debug] [pid 2093224:tid 2093224] ssl_engine_kernel.c(2222): [client 2001:b011:7801:5307:68bf:358a:47f4:3002:52831] AH02043: SSL virtual host for servername www.ilc.edu.tw found
[Wed Aug 26 00:13:18.368329 2026] [core:debug] [pid 2093224:tid 2093224] protocol.c(2460): [client 2001:b011:7801:5307:68bf:358a:47f4:3002:52831] AH03155: select protocol from , choices=h2,http/1.1 for server www.ilc.edu.tw
[Wed Aug 26 00:13:18.368365 2026] [ssl:debug] [pid 2093224:tid 2093224] ssl_util_stapling.c(819): AH01951: stapling_cb: OCSP Stapling callback called
[Wed Aug 26 00:13:18.368370 2026] [ssl:info] [pid 2093224:tid 2093224] AH01926: stapling_get_certinfo: stapling not supported for certificate
[Wed Aug 26 00:13:18.391377 2026] [ssl:info] [pid 2088183:tid 2088183] [client 2001:b011:7801:5307:68bf:358a:47f4:3002:63687] AH01964: Connection to child 34 established (server 2blog.ilc.edu.tw:443)
[Wed Aug 26 00:13:18.391445 2026] [ssl:info] [pid 2093216:tid 2093216] [client 2001:b011:7801:5307:68bf:358a:47f4:3002:51844] AH01964: Connection to child 0 established (server 2blog.ilc.edu.tw:443)
[Wed Aug 26 00:13:18.391545 2026] [ssl:debug] [pid 2088183:tid 2088183] ssl_engine_kernel.c(2222): [client 2001:b011:7801:5307:68bf:358a:47f4:3002:63687] AH02043: SSL virtual host for servername www.ilc.edu.tw found
[Wed Aug 26 00:13:18.391598 2026] [core:debug] [pid 2088183:tid 2088183] protocol.c(2460): [client 2001:b011:7801:5307:68bf:358a:47f4:3002:63687] AH03155: select protocol from , choices=h2,http/1.1 for server www.ilc.edu.tw
[Wed Aug 26 00:13:18.391605 2026] [ssl:debug] [pid 2093216:tid 2093216] ssl_engine_kernel.c(2222): [client 2001:b011:7801:5307:68bf:358a:47f4:3002:51844] AH02043: SSL virtual host for servername www.ilc.edu.tw found
[Wed Aug 26 00:13:18.391632 2026] [ssl:debug] [pid 2088183:tid 2088183] ssl_util_stapling.c(819): AH01951: stapling_cb: OCSP Stapling callback called
[Wed Aug 26 00:13:18.391636 2026] [ssl:info] [pid 2088183:tid 2088183] AH01926: stapling_get_certinfo: stapling not supported for certificate
[Wed Aug 26 00:13:18.391651 2026] [core:debug] [pid 2093216:tid 2093216] protocol.c(2460): [client 2001:b011:7801:5307:68bf:358a:47f4:3002:51844] AH03155: select protocol from , choices=h2,http/1.1 for server www.ilc.edu.tw
[Wed Aug 26 00:13:18.391684 2026] [ssl:debug] [pid 2093216:tid 2093216] ssl_util_stapling.c(819): AH01951: stapling_cb: OCSP Stapling callback called
[Wed Aug 26 00:13:18.391690 2026] [ssl:info] [pid 2093216:tid 2093216] AH01926: stapling_get_certinfo: stapling not supported for certificate
[Wed Aug 26 00:13:18.392663 2026] [ssl:info] [pid 2093226:tid 2093226] [client 2001:b011:7801:5307:68bf:358a:47f4:3002:54815] AH01964: Connection to child 17 established (server 2blog.ilc.edu.tw:443)
[Wed Aug 26 00:13:18.392808 2026] [ssl:debug] [pid 2093226:tid 2093226] ssl_engine_kernel.c(2222): [client 2001:b011:7801:5307:68bf:358a:47f4:3002:54815] AH02043: SSL virtual host for servername www.ilc.edu.tw found
[Wed Aug 26 00:13:18.392856 2026] [core:debug] [pid 2093226:tid 2093226] protocol.c(2460): [client 2001:b011:7801:5307:68bf:358a:47f4:3002:54815] AH03155: select protocol from , choices=h2,http/1.1 for server www.ilc.edu.tw
[Wed Aug 26 00:13:18.392883 2026] [ssl:debug] [pid 2093226:tid 2093226] ssl_util_stapling.c(819): AH01951: stapling_cb: OCSP Stapling callback called
[Wed Aug 26 00:13:18.392887 2026] [ssl:info] [pid 2093226:tid 2093226] AH01926: stapling_get_certinfo: stapling not supported for certificate
[Wed Aug 26 00:13:18.412345 2026] [ssl:debug] [pid 2093224:tid 2093224] ssl_engine_kernel.c(2082): [client 2001:b011:7801:5307:68bf:358a:47f4:3002:52831] AH02041: Protocol: TLSv1.3, Cipher: TLS_AES_256_GCM_SHA384 (256/256 bits)
[Wed Aug 26 00:13:18.412408 2026] [socache_shmcb:debug] [pid 2093224:tid 2093224] mod_socache_shmcb.c(508): AH00831: socache_shmcb_store (0x5d -> subcache 29)
[Wed Aug 26 00:13:18.412415 2026] [socache_shmcb:debug] [pid 2093224:tid 2093224] mod_socache_shmcb.c(860): AH00847: insert happened at idx=16, data=(9089:9121)
[Wed Aug 26 00:13:18.412417 2026] [socache_shmcb:debug] [pid 2093224:tid 2093224] mod_socache_shmcb.c(863): AH00848: finished insert, subcache: idx_pos/idx_used=65/40, data_pos/data_used=514/8798
[Wed Aug 26 00:13:18.412419 2026] [socache_shmcb:debug] [pid 2093224:tid 2093224] mod_socache_shmcb.c(530): AH00834: leaving socache_shmcb_store successfully
[Wed Aug 26 00:13:18.412488 2026] [socache_shmcb:debug] [pid 2093224:tid 2093224] mod_socache_shmcb.c(508): AH00831: socache_shmcb_store (0x6c -> subcache 12)
[Wed Aug 26 00:13:18.412493 2026] [socache_shmcb:debug] [pid 2093224:tid 2093224] mod_socache_shmcb.c(860): AH00847: insert happened at idx=87, data=(5514:5546)
[Wed Aug 26 00:13:18.412495 2026] [socache_shmcb:debug] [pid 2093224:tid 2093224] mod_socache_shmcb.c(863): AH00848: finished insert, subcache: idx_pos/idx_used=52/36, data_pos/data_used=11597/8004
[Wed Aug 26 00:13:18.412497 2026] [socache_shmcb:debug] [pid 2093224:tid 2093224] mod_socache_shmcb.c(530): AH00834: leaving socache_shmcb_store successfully
[Wed Aug 26 00:13:18.413035 2026] [ssl:debug] [pid 2093224:tid 2093224] ssl_engine_kernel.c(254): [client 2001:b011:7801:5307:68bf:358a:47f4:3002:52831] AH02034: Initial (No.1) HTTPS request received for child 13 (server www.ilc.edu.tw:443), referer: https://www.ilc.edu.tw/
[Wed Aug 26 00:13:18.413898 2026] [authz_core:debug] [pid 2093224:tid 2093224] mod_authz_core.c(815): [client 2001:b011:7801:5307:68bf:358a:47f4:3002:52831] AH01626: authorization result of Require all granted: granted, referer: https://www.ilc.edu.tw/
[Wed Aug 26 00:13:18.413908 2026] [authz_core:debug] [pid 2093224:tid 2093224] mod_authz_core.c(815): [client 2001:b011:7801:5307:68bf:358a:47f4:3002:52831] AH01626: authorization result of : granted, referer: https://www.ilc.edu.tw/
[Wed Aug 26 00:13:18.414271 2026] [deflate:debug] [pid 2093224:tid 2093224] mod_deflate.c(909): [client 2001:b011:7801:5307:68bf:358a:47f4:3002:52831] AH01384: Zlib: Compressed 488 to 271 : URL /wp-content/cache/www.ilc.edu.tw/wpfc-minified/7ihu9bns/8141l.css, referer: https://www.ilc.edu.tw/
[Wed Aug 26 00:13:18.416936 2026] [ssl:debug] [pid 2088183:tid 2088183] ssl_engine_kernel.c(2082): [client 2001:b011:7801:5307:68bf:358a:47f4:3002:63687] AH02041: Protocol: TLSv1.3, Cipher: TLS_AES_256_GCM_SHA384 (256/256 bits)
[Wed Aug 26 00:13:18.417002 2026] [ssl:debug] [pid 2093216:tid 2093216] ssl_engine_kernel.c(2082): [client 2001:b011:7801:5307:68bf:358a:47f4:3002:51844] AH02041: Protocol: TLSv1.3, Cipher: TLS_AES_256_GCM_SHA384 (256/256 bits)
[Wed Aug 26 00:13:18.417009 2026] [socache_shmcb:debug] [pid 2088183:tid 2088183] mod_socache_shmcb.c(508): AH00831: socache_shmcb_store (0x3e -> subcache 30)
[Wed Aug 26 00:13:18.417022 2026] [socache_shmcb:debug] [pid 2088183:tid 2088183] mod_socache_shmcb.c(860): AH00847: insert happened at idx=11, data=(8127:8159)
[Wed Aug 26 00:13:18.417036 2026] [socache_shmcb:debug] [pid 2088183:tid 2088183] mod_socache_shmcb.c(863): AH00848: finished insert, subcache: idx_pos/idx_used=60/40, data_pos/data_used=13327/8887
[Wed Aug 26 00:13:18.417039 2026] [socache_shmcb:debug] [pid 2088183:tid 2088183] mod_socache_shmcb.c(530): AH00834: leaving socache_shmcb_store successfully
[Wed Aug 26 00:13:18.417045 2026] [socache_shmcb:debug] [pid 2093216:tid 2093216] mod_socache_shmcb.c(508): AH00831: socache_shmcb_store (0x65 -> subcache 5)
[Wed Aug 26 00:13:18.417052 2026] [socache_shmcb:debug] [pid 2093216:tid 2093216] mod_socache_shmcb.c(860): AH00847: insert happened at idx=84, data=(4763:4795)
[Wed Aug 26 00:13:18.417054 2026] [socache_shmcb:debug] [pid 2093216:tid 2093216] mod_socache_shmcb.c(863): AH00848: finished insert, subcache: idx_pos/idx_used=48/37, data_pos/data_used=10709/8142
[Wed Aug 26 00:13:18.417056 2026] [socache_shmcb:debug] [pid 2093216:tid 2093216] mod_socache_shmcb.c(530): AH00834: leaving socache_shmcb_store successfully
[Wed Aug 26 00:13:18.417103 2026] [socache_shmcb:debug] [pid 2093216:tid 2093216] mod_socache_shmcb.c(508): AH00831: socache_shmcb_store (0x72 -> subcache 18)
[Wed Aug 26 00:13:18.417109 2026] [socache_shmcb:debug] [pid 2093216:tid 2093216] mod_socache_shmcb.c(860): AH00847: insert happened at idx=16, data=(9234:9266)
[Wed Aug 26 00:13:18.417111 2026] [socache_shmcb:debug] [pid 2093216:tid 2093216] mod_socache_shmcb.c(863): AH00848: finished insert, subcache: idx_pos/idx_used=65/40, data_pos/data_used=634/8824
[Wed Aug 26 00:13:18.417113 2026] [socache_shmcb:debug] [pid 2093216:tid 2093216] mod_socache_shmcb.c(530): AH00834: leaving socache_shmcb_store successfully
[Wed Aug 26 00:13:18.417118 2026] [socache_shmcb:debug] [pid 2088183:tid 2088183] mod_socache_shmcb.c(508): AH00831: socache_shmcb_store (0x79 -> subcache 25)
[Wed Aug 26 00:13:18.417127 2026] [socache_shmcb:debug] [pid 2088183:tid 2088183] mod_socache_shmcb.c(745): AH00842: expiring 2 and reclaiming 0 removed socache entries
[Wed Aug 26 00:13:18.417131 2026] [socache_shmcb:debug] [pid 2088183:tid 2088183] mod_socache_shmcb.c(765): AH00843: we now have 47 socache entries
[Wed Aug 26 00:13:18.417133 2026] [socache_shmcb:debug] [pid 2088183:tid 2088183] mod_socache_shmcb.c(860): AH00847: insert happened at idx=12, data=(8285:8317)
[Wed Aug 26 00:13:18.417135 2026] [socache_shmcb:debug] [pid 2088183:tid 2088183] mod_socache_shmcb.c(863): AH00848: finished insert, subcache: idx_pos/idx_used=53/48, data_pos/data_used=11774/10599
[Wed Aug 26 00:13:18.417138 2026] [socache_shmcb:debug] [pid 2088183:tid 2088183] mod_socache_shmcb.c(530): AH00834: leaving socache_shmcb_store successfully
[Wed Aug 26 00:13:18.417943 2026] [ssl:debug] [pid 2093226:tid 2093226] ssl_engine_kernel.c(2082): [client 2001:b011:7801:5307:68bf:358a:47f4:3002:54815] AH02041: Protocol: TLSv1.3, Cipher: TLS_AES_256_GCM_SHA384 (256/256 bits)
[Wed Aug 26 00:13:18.417975 2026] [socache_shmcb:debug] [pid 2093226:tid 2093226] mod_socache_shmcb.c(508): AH00831: socache_shmcb_store (0xa6 -> subcache 6)
[Wed Aug 26 00:13:18.417990 2026] [socache_shmcb:debug] [pid 2093226:tid 2093226] mod_socache_shmcb.c(860): AH00847: insert happened at idx=30, data=(12217:12249)
[Wed Aug 26 00:13:18.417993 2026] [socache_shmcb:debug] [pid 2093226:tid 2093226] mod_socache_shmcb.c(863): AH00848: finished insert, subcache: idx_pos/idx_used=74/45, data_pos/data_used=2506/9934
[Wed Aug 26 00:13:18.417994 2026] [socache_shmcb:debug] [pid 2093226:tid 2093226] mod_socache_shmcb.c(530): AH00834: leaving socache_shmcb_store successfully
[Wed Aug 26 00:13:18.418050 2026] [socache_shmcb:debug] [pid 2093226:tid 2093226] mod_socache_shmcb.c(508): AH00831: socache_shmcb_store (0x36 -> subcache 22)
[Wed Aug 26 00:13:18.418056 2026] [socache_shmcb:debug] [pid 2093226:tid 2093226] mod_socache_shmcb.c(745): AH00842: expiring 2 and reclaiming 0 removed socache entries
[Wed Aug 26 00:13:18.418058 2026] [socache_shmcb:debug] [pid 2093226:tid 2093226] mod_socache_shmcb.c(765): AH00843: we now have 42 socache entries
[Wed Aug 26 00:13:18.418066 2026] [socache_shmcb:debug] [pid 2093226:tid 2093226] mod_socache_shmcb.c(860): AH00847: insert happened at idx=14, data=(8668:8700)
[Wed Aug 26 00:13:18.418068 2026] [socache_shmcb:debug] [pid 2093226:tid 2093226] mod_socache_shmcb.c(863): AH00848: finished insert, subcache: idx_pos/idx_used=60/43, data_pos/data_used=13232/9524
[Wed Aug 26 00:13:18.418069 2026] [socache_shmcb:debug] [pid 2093226:tid 2093226] mod_socache_shmcb.c(530): AH00834: leaving socache_shmcb_store successfully
[Wed Aug 26 00:13:18.420966 2026] [ssl:debug] [pid 2088183:tid 2088183] ssl_engine_kernel.c(254): [client 2001:b011:7801:5307:68bf:358a:47f4:3002:63687] AH02034: Initial (No.1) HTTPS request received for child 34 (server www.ilc.edu.tw:443), referer: https://www.ilc.edu.tw/
[Wed Aug 26 00:13:18.421530 2026] [authz_core:debug] [pid 2088183:tid 2088183] mod_authz_core.c(815): [client 2001:b011:7801:5307:68bf:358a:47f4:3002:63687] AH01626: authorization result of Require all granted: granted, referer: https://www.ilc.edu.tw/
[Wed Aug 26 00:13:18.421538 2026] [authz_core:debug] [pid 2088183:tid 2088183] mod_authz_core.c(815): [client 2001:b011:7801:5307:68bf:358a:47f4:3002:63687] AH01626: authorization result of : granted, referer: https://www.ilc.edu.tw/
[Wed Aug 26 00:13:18.421925 2026] [ssl:debug] [pid 2093216:tid 2093216] ssl_engine_kernel.c(254): [client 2001:b011:7801:5307:68bf:358a:47f4:3002:51844] AH02034: Initial (No.1) HTTPS request received for child 0 (server www.ilc.edu.tw:443), referer: https://www.ilc.edu.tw/
[Wed Aug 26 00:13:18.422072 2026] [ssl:debug] [pid 2093226:tid 2093226] ssl_engine_kernel.c(254): [client 2001:b011:7801:5307:68bf:358a:47f4:3002:54815] AH02034: Initial (No.1) HTTPS request received for child 17 (server www.ilc.edu.tw:443), referer: https://www.ilc.edu.tw/
[Wed Aug 26 00:13:18.422520 2026] [authz_core:debug] [pid 2093216:tid 2093216] mod_authz_core.c(815): [client 2001:b011:7801:5307:68bf:358a:47f4:3002:51844] AH01626: authorization result of Require all granted: granted, referer: https://www.ilc.edu.tw/
[Wed Aug 26 00:13:18.422529 2026] [authz_core:debug] [pid 2093216:tid 2093216] mod_authz_core.c(815): [client 2001:b011:7801:5307:68bf:358a:47f4:3002:51844] AH01626: authorization result of : granted, referer: https://www.ilc.edu.tw/
[Wed Aug 26 00:13:18.424470 2026] [deflate:debug] [pid 2088183:tid 2088183] mod_deflate.c(909): [client 2001:b011:7801:5307:68bf:358a:47f4:3002:63687] AH01384: Zlib: Compressed 79263 to 39709 : URL /wp-content/cache/www.ilc.edu.tw/wpfc-minified/sz1rpuo/8141l.css, referer: https://www.ilc.edu.tw/
[Wed Aug 26 00:13:18.424965 2026] [authz_core:debug] [pid 2093226:tid 2093226] mod_authz_core.c(815): [client 2001:b011:7801:5307:68bf:358a:47f4:3002:54815] AH01626: authorization result of Require all granted: granted, referer: https://www.ilc.edu.tw/
[Wed Aug 26 00:13:18.424974 2026] [authz_core:debug] [pid 2093226:tid 2093226] mod_authz_core.c(815): [client 2001:b011:7801:5307:68bf:358a:47f4:3002:54815] AH01626: authorization result of : granted, referer: https://www.ilc.edu.tw/
[Wed Aug 26 00:13:18.425322 2026] [deflate:debug] [pid 2093226:tid 2093226] mod_deflate.c(909): [client 2001:b011:7801:5307:68bf:358a:47f4:3002:54815] AH01384: Zlib: Compressed 1288 to 409 : URL /wp-content/uploads/sites/3846/elementor/css/post-3.css, referer: https://www.ilc.edu.tw/
[Wed Aug 26 00:13:18.426958 2026] [ssl:debug] [pid 2093224:tid 2093224] ssl_engine_kernel.c(254): [client 2001:b011:7801:5307:68bf:358a:47f4:3002:52831] AH02034: Subsequent (No.2) HTTPS request received for child 13 (server www.ilc.edu.tw:443), referer: https://www.ilc.edu.tw/
[Wed Aug 26 00:13:18.427523 2026] [authz_core:debug] [pid 2093224:tid 2093224] mod_authz_core.c(815): [client 2001:b011:7801:5307:68bf:358a:47f4:3002:52831] AH01626: authorization result of Require all granted: granted, referer: https://www.ilc.edu.tw/
[Wed Aug 26 00:13:18.427534 2026] [authz_core:debug] [pid 2093224:tid 2093224] mod_authz_core.c(815): [client 2001:b011:7801:5307:68bf:358a:47f4:3002:52831] AH01626: authorization result of : granted, referer: https://www.ilc.edu.tw/
[Wed Aug 26 00:13:18.428771 2026] [deflate:debug] [pid 2093224:tid 2093224] mod_deflate.c(909): [client 2001:b011:7801:5307:68bf:358a:47f4:3002:52831] AH01384: Zlib: Compressed 78099 to 5141 : URL /wp-content/cache/www.ilc.edu.tw/wpfc-minified/2encr51g/8141l.css, referer: https://www.ilc.edu.tw/
[Wed Aug 26 00:13:18.433409 2026] [deflate:debug] [pid 2093216:tid 2093216] mod_deflate.c(909): [client 2001:b011:7801:5307:68bf:358a:47f4:3002:51844] AH01384: Zlib: Compressed 481480 to 78735 : URL /wp-content/cache/www.ilc.edu.tw/wpfc-minified/fdlul8k0/8141l.css, referer: https://www.ilc.edu.tw/
[Wed Aug 26 00:13:18.436883 2026] [ssl:debug] [pid 2093226:tid 2093226] ssl_engine_kernel.c(254): [client 2001:b011:7801:5307:68bf:358a:47f4:3002:54815] AH02034: Subsequent (No.2) HTTPS request received for child 17 (server www.ilc.edu.tw:443), referer: https://www.ilc.edu.tw/
[Wed Aug 26 00:13:18.437339 2026] [authz_core:debug] [pid 2093226:tid 2093226] mod_authz_core.c(815): [client 2001:b011:7801:5307:68bf:358a:47f4:3002:54815] AH01626: authorization result of Require all granted: granted, referer: https://www.ilc.edu.tw/
[Wed Aug 26 00:13:18.437347 2026] [authz_core:debug] [pid 2093226:tid 2093226] mod_authz_core.c(815): [client 2001:b011:7801:5307:68bf:358a:47f4:3002:54815] AH01626: authorization result of : granted, referer: https://www.ilc.edu.tw/
[Wed Aug 26 00:13:18.437764 2026] [deflate:debug] [pid 2093226:tid 2093226] mod_deflate.c(909): [client 2001:b011:7801:5307:68bf:358a:47f4:3002:54815] AH01384: Zlib: Compressed 3859 to 782 : URL /wp-content/uploads/sites/3846/elementor/css/post-19.css, referer: https://www.ilc.edu.tw/
[Wed Aug 26 00:13:18.439817 2026] [ssl:debug] [pid 2093224:tid 2093224] ssl_engine_kernel.c(254): [client 2001:b011:7801:5307:68bf:358a:47f4:3002:52831] AH02034: Subsequent (No.3) HTTPS request received for child 13 (server www.ilc.edu.tw:443), referer: https://www.ilc.edu.tw/
[Wed Aug 26 00:13:18.440596 2026] [authz_core:debug] [pid 2093224:tid 2093224] mod_authz_core.c(815): [client 2001:b011:7801:5307:68bf:358a:47f4:3002:52831] AH01626: authorization result of Require all granted: granted, referer: https://www.ilc.edu.tw/
[Wed Aug 26 00:13:18.440608 2026] [authz_core:debug] [pid 2093224:tid 2093224] mod_authz_core.c(815): [client 2001:b011:7801:5307:68bf:358a:47f4:3002:52831] AH01626: authorization result of : granted, referer: https://www.ilc.edu.tw/
[Wed Aug 26 00:13:18.444735 2026] [deflate:debug] [pid 2093224:tid 2093224] mod_deflate.c(909): [client 2001:b011:7801:5307:68bf:358a:47f4:3002:52831] AH01384: Zlib: Compressed 101286 to 34518 : URL /wp-content/cache/www.ilc.edu.tw/wpfc-minified/difb1vbs/8141l.js, referer: https://www.ilc.edu.tw/
[Wed Aug 26 00:13:18.446743 2026] [ssl:debug] [pid 2088183:tid 2088183] ssl_engine_kernel.c(254): [client 2001:b011:7801:5307:68bf:358a:47f4:3002:63687] AH02034: Subsequent (No.2) HTTPS request received for child 34 (server www.ilc.edu.tw:443), referer: https://www.ilc.edu.tw/
[Wed Aug 26 00:13:18.447258 2026] [authz_core:debug] [pid 2088183:tid 2088183] mod_authz_core.c(815): [client 2001:b011:7801:5307:68bf:358a:47f4:3002:63687] AH01626: authorization result of Require all granted: granted, referer: https://www.ilc.edu.tw/
[Wed Aug 26 00:13:18.447269 2026] [authz_core:debug] [pid 2088183:tid 2088183] mod_authz_core.c(815): [client 2001:b011:7801:5307:68bf:358a:47f4:3002:63687] AH01626: authorization result of : granted, referer: https://www.ilc.edu.tw/
[Wed Aug 26 00:13:18.448254 2026] [deflate:debug] [pid 2088183:tid 2088183] mod_deflate.c(909): [client 2001:b011:7801:5307:68bf:358a:47f4:3002:63687] AH01384: Zlib: Compressed 33037 to 3276 : URL /wp-content/cache/www.ilc.edu.tw/wpfc-minified/21kp93v9/8141l.css, referer: https://www.ilc.edu.tw/
[Wed Aug 26 00:13:18.453852 2026] [ssl:debug] [pid 2093226:tid 2093226] ssl_engine_kernel.c(254): [client 2001:b011:7801:5307:68bf:358a:47f4:3002:54815] AH02034: Subsequent (No.3) HTTPS request received for child 17 (server www.ilc.edu.tw:443), referer: https://www.ilc.edu.tw/
[Wed Aug 26 00:13:18.454451 2026] [authz_core:debug] [pid 2093226:tid 2093226] mod_authz_core.c(815): [client 2001:b011:7801:5307:68bf:358a:47f4:3002:54815] AH01626: authorization result of Require all granted: granted, referer: https://www.ilc.edu.tw/
[Wed Aug 26 00:13:18.454461 2026] [authz_core:debug] [pid 2093226:tid 2093226] mod_authz_core.c(815): [client 2001:b011:7801:5307:68bf:358a:47f4:3002:54815] AH01626: authorization result of : granted, referer: https://www.ilc.edu.tw/
[Wed Aug 26 00:13:18.462373 2026] [ssl:debug] [pid 2088183:tid 2088183] ssl_engine_kernel.c(254): [client 2001:b011:7801:5307:68bf:358a:47f4:3002:63687] AH02034: Subsequent (No.3) HTTPS request received for child 34 (server www.ilc.edu.tw:443), referer: https://www.ilc.edu.tw/
[Wed Aug 26 00:13:18.462582 2026] [authz_core:debug] [pid 2088183:tid 2088183] mod_authz_core.c(815): [client 2001:b011:7801:5307:68bf:358a:47f4:3002:63687] AH01626: authorization result of Require all granted: granted, referer: https://www.ilc.edu.tw/
[Wed Aug 26 00:13:18.462620 2026] [authz_core:debug] [pid 2088183:tid 2088183] mod_authz_core.c(815): [client 2001:b011:7801:5307:68bf:358a:47f4:3002:63687] AH01626: authorization result of : granted, referer: https://www.ilc.edu.tw/
[Wed Aug 26 00:13:18.462881 2026] [deflate:debug] [pid 2088183:tid 2088183] mod_deflate.c(909): [client 2001:b011:7801:5307:68bf:358a:47f4:3002:63687] AH01384: Zlib: Compressed 1718 to 700 : URL /wp-includes/js/hoverintent-js.min.js, referer: https://www.ilc.edu.tw/
[Wed Aug 26 00:13:18.469466 2026] [ssl:debug] [pid 2093057:tid 2093057] ssl_engine_io.c(1150): [client 2a03:2880:21ff:72:::47702] AH02001: Connection closed to child 1 with standard shutdown (server 2blog.ilc.edu.tw:443)
[Wed Aug 26 00:13:18.469738 2026] [ssl:info] [pid 2093057:tid 2093057] [client 2001:b011:7801:5307:68bf:358a:47f4:3002:62598] AH01964: Connection to child 1 established (server 2blog.ilc.edu.tw:443)
[Wed Aug 26 00:13:18.469931 2026] [ssl:debug] [pid 2093057:tid 2093057] ssl_engine_kernel.c(2222): [client 2001:b011:7801:5307:68bf:358a:47f4:3002:62598] AH02043: SSL virtual host for servername www.ilc.edu.tw found
[Wed Aug 26 00:13:18.470005 2026] [core:debug] [pid 2093057:tid 2093057] protocol.c(2460): [client 2001:b011:7801:5307:68bf:358a:47f4:3002:62598] AH03155: select protocol from , choices=h2,http/1.1 for server www.ilc.edu.tw
[Wed Aug 26 00:13:18.470056 2026] [ssl:debug] [pid 2093057:tid 2093057] ssl_util_stapling.c(819): AH01951: stapling_cb: OCSP Stapling callback called
[Wed Aug 26 00:13:18.470065 2026] [ssl:info] [pid 2093057:tid 2093057] AH01926: stapling_get_certinfo: stapling not supported for certificate
[Wed Aug 26 00:13:18.477184 2026] [watchdog:debug] [pid 2093240:tid 2093240] mod_watchdog.c(559): AH02980: Watchdog: nothing configured?
[Wed Aug 26 00:13:18.477434 2026] [ssl:info] [pid 2093240:tid 2093240] [client 2001:b011:7801:5307:68bf:358a:47f4:3002:61673] AH01964: Connection to child 8 established (server 2blog.ilc.edu.tw:443)
[Wed Aug 26 00:13:18.477835 2026] [ssl:debug] [pid 2093240:tid 2093240] ssl_engine_kernel.c(2222): [client 2001:b011:7801:5307:68bf:358a:47f4:3002:61673] AH02043: SSL virtual host for servername www.ilc.edu.tw found
[Wed Aug 26 00:13:18.477995 2026] [core:debug] [pid 2093240:tid 2093240] protocol.c(2460): [client 2001:b011:7801:5307:68bf:358a:47f4:3002:61673] AH03155: select protocol from , choices=h2,http/1.1 for server www.ilc.edu.tw
[Wed Aug 26 00:13:18.478073 2026] [ssl:debug] [pid 2093240:tid 2093240] ssl_util_stapling.c(819): AH01951: stapling_cb: OCSP Stapling callback called
[Wed Aug 26 00:13:18.478081 2026] [ssl:info] [pid 2093240:tid 2093240] AH01926: stapling_get_certinfo: stapling not supported for certificate
[Wed Aug 26 00:13:18.480450 2026] [watchdog:debug] [pid 2093241:tid 2093241] mod_watchdog.c(559): AH02980: Watchdog: nothing configured?
[Wed Aug 26 00:13:18.484753 2026] [ssl:debug] [pid 2093057:tid 2093057] ssl_engine_kernel.c(2082): [client 2001:b011:7801:5307:68bf:358a:47f4:3002:62598] AH02041: Protocol: TLSv1.3, Cipher: TLS_AES_256_GCM_SHA384 (256/256 bits)
[Wed Aug 26 00:13:18.484818 2026] [socache_shmcb:debug] [pid 2093057:tid 2093057] mod_socache_shmcb.c(508): AH00831: socache_shmcb_store (0x8a -> subcache 10)
[Wed Aug 26 00:13:18.484825 2026] [socache_shmcb:debug] [pid 2093057:tid 2093057] mod_socache_shmcb.c(860): AH00847: insert happened at idx=2, data=(6138:6170)
[Wed Aug 26 00:13:18.484827 2026] [socache_shmcb:debug] [pid 2093057:tid 2093057] mod_socache_shmcb.c(863): AH00848: finished insert, subcache: idx_pos/idx_used=49/42, data_pos/data_used=10933/9292
[Wed Aug 26 00:13:18.484829 2026] [socache_shmcb:debug] [pid 2093057:tid 2093057] mod_socache_shmcb.c(530): AH00834: leaving socache_shmcb_store successfully
[Wed Aug 26 00:13:18.484887 2026] [socache_shmcb:debug] [pid 2093057:tid 2093057] mod_socache_shmcb.c(508): AH00831: socache_shmcb_store (0x1f -> subcache 31)
[Wed Aug 26 00:13:18.484893 2026] [socache_shmcb:debug] [pid 2093057:tid 2093057] mod_socache_shmcb.c(860): AH00847: insert happened at idx=6, data=(6905:6937)
[Wed Aug 26 00:13:18.484894 2026] [socache_shmcb:debug] [pid 2093057:tid 2093057] mod_socache_shmcb.c(863): AH00848: finished insert, subcache: idx_pos/idx_used=48/47, data_pos/data_used=10617/10375
[Wed Aug 26 00:13:18.484896 2026] [socache_shmcb:debug] [pid 2093057:tid 2093057] mod_socache_shmcb.c(530): AH00834: leaving socache_shmcb_store successfully
[Wed Aug 26 00:13:18.485748 2026] [ssl:info] [pid 2093241:tid 2093241] [client 34.171.68.95:14848] AH01964: Connection to child 10 established (server 2blog.ilc.edu.tw:443)
[Wed Aug 26 00:13:18.486105 2026] [ssl:info] [pid 2093241:tid 2093241] (70014)End of file found: [client 34.171.68.95:14848] AH02006: SSL handshake stopped: connection was closed
[Wed Aug 26 00:13:18.486116 2026] [ssl:info] [pid 2093241:tid 2093241] [client 34.171.68.95:14848] AH01998: Connection closed to child 10 with abortive shutdown (server 2blog.ilc.edu.tw:443)
[Wed Aug 26 00:13:18.486827 2026] [ssl:debug] [pid 2093226:tid 2093226] ssl_engine_kernel.c(254): [client 2001:b011:7801:5307:68bf:358a:47f4:3002:54815] AH02034: Subsequent (No.4) HTTPS request received for child 17 (server www.ilc.edu.tw:443), referer: https://www.ilc.edu.tw/
[Wed Aug 26 00:13:18.487041 2026] [authz_core:debug] [pid 2093226:tid 2093226] mod_authz_core.c(815): [client 2001:b011:7801:5307:68bf:358a:47f4:3002:54815] AH01626: authorization result of Require all granted: granted, referer: https://www.ilc.edu.tw/
[Wed Aug 26 00:13:18.487049 2026] [authz_core:debug] [pid 2093226:tid 2093226] mod_authz_core.c(815): [client 2001:b011:7801:5307:68bf:358a:47f4:3002:54815] AH01626: authorization result of : granted, referer: https://www.ilc.edu.tw/
[Wed Aug 26 00:13:18.487373 2026] [deflate:debug] [pid 2093226:tid 2093226] mod_deflate.c(909): [client 2001:b011:7801:5307:68bf:358a:47f4:3002:54815] AH01384: Zlib: Compressed 3487 to 1339 : URL /wp-includes/js/admin-bar.min.js, referer: https://www.ilc.edu.tw/
[Wed Aug 26 00:13:18.491842 2026] [ssl:debug] [pid 2093240:tid 2093240] ssl_engine_kernel.c(2082): [client 2001:b011:7801:5307:68bf:358a:47f4:3002:61673] AH02041: Protocol: TLSv1.3, Cipher: TLS_AES_256_GCM_SHA384 (256/256 bits)
[Wed Aug 26 00:13:18.491919 2026] [socache_shmcb:debug] [pid 2093240:tid 2093240] mod_socache_shmcb.c(508): AH00831: socache_shmcb_store (0xaf -> subcache 15)
[Wed Aug 26 00:13:18.491937 2026] [socache_shmcb:debug] [pid 2093240:tid 2093240] mod_socache_shmcb.c(745): AH00842: expiring 2 and reclaiming 0 removed socache entries
[Wed Aug 26 00:13:18.491940 2026] [socache_shmcb:debug] [pid 2093240:tid 2093240] mod_socache_shmcb.c(765): AH00843: we now have 38 socache entries
[Wed Aug 26 00:13:18.491943 2026] [socache_shmcb:debug] [pid 2093240:tid 2093240] mod_socache_shmcb.c(860): AH00847: insert happened at idx=87, data=(5359:5391)
[Wed Aug 26 00:13:18.491946 2026] [socache_shmcb:debug] [pid 2093240:tid 2093240] mod_socache_shmcb.c(863): AH00848: finished insert, subcache: idx_pos/idx_used=49/39, data_pos/data_used=10836/8610
[Wed Aug 26 00:13:18.491959 2026] [socache_shmcb:debug] [pid 2093240:tid 2093240] mod_socache_shmcb.c(530): AH00834: leaving socache_shmcb_store successfully
[Wed Aug 26 00:13:18.492019 2026] [socache_shmcb:debug] [pid 2093240:tid 2093240] mod_socache_shmcb.c(508): AH00831: socache_shmcb_store (0x04 -> subcache 4)
[Wed Aug 26 00:13:18.492028 2026] [socache_shmcb:debug] [pid 2093240:tid 2093240] mod_socache_shmcb.c(745): AH00842: expiring 2 and reclaiming 0 removed socache entries
[Wed Aug 26 00:13:18.492030 2026] [socache_shmcb:debug] [pid 2093240:tid 2093240] mod_socache_shmcb.c(765): AH00843: we now have 46 socache entries
[Wed Aug 26 00:13:18.492032 2026] [socache_shmcb:debug] [pid 2093240:tid 2093240] mod_socache_shmcb.c(860): AH00847: insert happened at idx=14, data=(8696:8728)
[Wed Aug 26 00:13:18.492034 2026] [socache_shmcb:debug] [pid 2093240:tid 2093240] mod_socache_shmcb.c(863): AH00848: finished insert, subcache: idx_pos/idx_used=56/47, data_pos/data_used=12403/10380
[Wed Aug 26 00:13:18.492035 2026] [socache_shmcb:debug] [pid 2093240:tid 2093240] mod_socache_shmcb.c(530): AH00834: leaving socache_shmcb_store successfully
[Wed Aug 26 00:13:18.533445 2026] [ssl:debug] [pid 2093218:tid 2093218] ssl_engine_kernel.c(254): [client 240e:910:e000:811::13d6:7230] AH02034: Subsequent (No.4) HTTPS request received for child 9 (server www.najh.ilc.edu.tw:443), referer: https://www.najh.ilc.edu.tw/2025/09/page/2/
[Wed Aug 26 00:13:18.533725 2026] [authz_core:debug] [pid 2093218:tid 2093218] mod_authz_core.c(815): [client 240e:910:e000:811::13d6:7230] AH01626: authorization result of Require all granted: granted, referer: https://www.najh.ilc.edu.tw/2025/09/page/2/
[Wed Aug 26 00:13:18.533731 2026] [authz_core:debug] [pid 2093218:tid 2093218] mod_authz_core.c(815): [client 240e:910:e000:811::13d6:7230] AH01626: authorization result of : granted, referer: https://www.najh.ilc.edu.tw/2025/09/page/2/
[Wed Aug 26 00:13:18.534061 2026] [deflate:debug] [pid 2093218:tid 2093218] mod_deflate.c(909): [client 240e:910:e000:811::13d6:7230] AH01384: Zlib: Compressed 1191 to 522 : URL /wp-includes/js/mediaelement/mediaelement-migrate.min.js, referer: https://www.najh.ilc.edu.tw/2025/09/page/2/
[Wed Aug 26 00:13:18.553883 2026] [ssl:debug] [pid 2093237:tid 2093237] ssl_engine_kernel.c(2082): [client 34.123.149.87:12803] AH02041: Protocol: TLSv1.3, Cipher: TLS_AES_256_GCM_SHA384 (256/256 bits)
[Wed Aug 26 00:13:18.553992 2026] [socache_shmcb:debug] [pid 2093237:tid 2093237] mod_socache_shmcb.c(508): AH00831: socache_shmcb_store (0xae -> subcache 14)
[Wed Aug 26 00:13:18.554007 2026] [socache_shmcb:debug] [pid 2093237:tid 2093237] mod_socache_shmcb.c(745): AH00842: expiring 1 and reclaiming 0 removed socache entries
[Wed Aug 26 00:13:18.554011 2026] [socache_shmcb:debug] [pid 2093237:tid 2093237] mod_socache_shmcb.c(765): AH00843: we now have 34 socache entries
[Wed Aug 26 00:13:18.554014 2026] [socache_shmcb:debug] [pid 2093237:tid 2093237] mod_socache_shmcb.c(860): AH00847: insert happened at idx=82, data=(4300:4332)
[Wed Aug 26 00:13:18.554017 2026] [socache_shmcb:debug] [pid 2093237:tid 2093237] mod_socache_shmcb.c(863): AH00848: finished insert, subcache: idx_pos/idx_used=48/35, data_pos/data_used=10639/7751
[Wed Aug 26 00:13:18.554021 2026] [socache_shmcb:debug] [pid 2093237:tid 2093237] mod_socache_shmcb.c(530): AH00834: leaving socache_shmcb_store successfully
[Wed Aug 26 00:13:18.554098 2026] [socache_shmcb:debug] [pid 2093237:tid 2093237] mod_socache_shmcb.c(508): AH00831: socache_shmcb_store (0x88 -> subcache 8)
[Wed Aug 26 00:13:18.554112 2026] [socache_shmcb:debug] [pid 2093237:tid 2093237] mod_socache_shmcb.c(860): AH00847: insert happened at idx=17, data=(9466:9498)
[Wed Aug 26 00:13:18.554115 2026] [socache_shmcb:debug] [pid 2093237:tid 2093237] mod_socache_shmcb.c(863): AH00848: finished insert, subcache: idx_pos/idx_used=59/47, data_pos/data_used=13153/10403
[Wed Aug 26 00:13:18.554118 2026] [socache_shmcb:debug] [pid 2093237:tid 2093237] mod_socache_shmcb.c(530): AH00834: leaving socache_shmcb_store successfully
[Wed Aug 26 00:13:18.554946 2026] [ssl:debug] [pid 2093226:tid 2093226] ssl_engine_kernel.c(254): [client 2001:b011:7801:5307:68bf:358a:47f4:3002:54815] AH02034: Subsequent (No.5) HTTPS request received for child 17 (server www.ilc.edu.tw:443), referer: https://www.ilc.edu.tw/
[Wed Aug 26 00:13:18.555189 2026] [authz_core:debug] [pid 2093226:tid 2093226] mod_authz_core.c(815): [client 2001:b011:7801:5307:68bf:358a:47f4:3002:54815] AH01626: authorization result of Require all granted: granted, referer: https://www.ilc.edu.tw/
[Wed Aug 26 00:13:18.555196 2026] [authz_core:debug] [pid 2093226:tid 2093226] mod_authz_core.c(815): [client 2001:b011:7801:5307:68bf:358a:47f4:3002:54815] AH01626: authorization result of : granted, referer: https://www.ilc.edu.tw/
[Wed Aug 26 00:13:18.555546 2026] [deflate:debug] [pid 2093226:tid 2093226] mod_deflate.c(909): [client 2001:b011:7801:5307:68bf:358a:47f4:3002:54815] AH01384: Zlib: Compressed 5520 to 1785 : URL /wp-includes/js/imagesloaded.min.js, referer: https://www.ilc.edu.tw/
[Wed Aug 26 00:13:18.555702 2026] [authz_core:debug] [pid 2093241:tid 2093241] mod_authz_core.c(815): [client 52.205.113.104:56226] AH01626: authorization result of Require all granted: granted
[Wed Aug 26 00:13:18.555714 2026] [authz_core:debug] [pid 2093241:tid 2093241] mod_authz_core.c(815): [client 52.205.113.104:56226] AH01626: authorization result of : granted
[Wed Aug 26 00:13:18.570643 2026] [ssl:debug] [pid 2093204:tid 2093204] ssl_engine_kernel.c(254): [client 240e:910:e000:811::13d6:7226] AH02034: Subsequent (No.5) HTTPS request received for child 6 (server www.najh.ilc.edu.tw:443), referer: https://www.najh.ilc.edu.tw/2025/09/page/2/
[Wed Aug 26 00:13:18.570922 2026] [authz_core:debug] [pid 2093204:tid 2093204] mod_authz_core.c(815): [client 240e:910:e000:811::13d6:7226] AH01626: authorization result of Require all granted: granted, referer: https://www.najh.ilc.edu.tw/2025/09/page/2/
[Wed Aug 26 00:13:18.570928 2026] [authz_core:debug] [pid 2093204:tid 2093204] mod_authz_core.c(815): [client 240e:910:e000:811::13d6:7226] AH01626: authorization result of : granted, referer: https://www.najh.ilc.edu.tw/2025/09/page/2/
[Wed Aug 26 00:13:18.571185 2026] [deflate:debug] [pid 2093204:tid 2093204] mod_deflate.c(909): [client 240e:910:e000:811::13d6:7226] AH01384: Zlib: Compressed 1107 to 520 : URL /wp-includes/js/mediaelement/wp-mediaelement.min.js, referer: https://www.najh.ilc.edu.tw/2025/09/page/2/
[Wed Aug 26 00:13:18.589121 2026] [ssl:debug] [pid 2093226:tid 2093226] ssl_engine_kernel.c(254): [client 2001:b011:7801:5307:68bf:358a:47f4:3002:54815] AH02034: Subsequent (No.6) HTTPS request received for child 17 (server www.ilc.edu.tw:443), referer: https://www.ilc.edu.tw/
[Wed Aug 26 00:13:18.589397 2026] [authz_core:debug] [pid 2093226:tid 2093226] mod_authz_core.c(815): [client 2001:b011:7801:5307:68bf:358a:47f4:3002:54815] AH01626: authorization result of Require all granted: granted, referer: https://www.ilc.edu.tw/
[Wed Aug 26 00:13:18.589404 2026] [authz_core:debug] [pid 2093226:tid 2093226] mod_authz_core.c(815): [client 2001:b011:7801:5307:68bf:358a:47f4:3002:54815] AH01626: authorization result of : granted, referer: https://www.ilc.edu.tw/
[Wed Aug 26 00:13:18.590027 2026] [deflate:debug] [pid 2093226:tid 2093226] mod_deflate.c(909): [client 2001:b011:7801:5307:68bf:358a:47f4:3002:54815] AH01384: Zlib: Compressed 19719 to 4232 : URL /wp-content/themes/oceanwp/assets/js/theme.min.js, referer: https://www.ilc.edu.tw/
[Wed Aug 26 00:13:18.590153 2026] [ssl:debug] [pid 2088183:tid 2088183] ssl_engine_kernel.c(254): [client 2001:b011:7801:5307:68bf:358a:47f4:3002:63687] AH02034: Subsequent (No.4) HTTPS request received for child 34 (server www.ilc.edu.tw:443), referer: https://www.ilc.edu.tw/
[Wed Aug 26 00:13:18.590424 2026] [authz_core:debug] [pid 2088183:tid 2088183] mod_authz_core.c(815): [client 2001:b011:7801:5307:68bf:358a:47f4:3002:63687] AH01626: authorization result of Require all granted: granted, referer: https://www.ilc.edu.tw/
[Wed Aug 26 00:13:18.590443 2026] [authz_core:debug] [pid 2088183:tid 2088183] mod_authz_core.c(815): [client 2001:b011:7801:5307:68bf:358a:47f4:3002:63687] AH01626: authorization result of : granted, referer: https://www.ilc.edu.tw/
[Wed Aug 26 00:13:18.590940 2026] [deflate:debug] [pid 2088183:tid 2088183] mod_deflate.c(909): [client 2001:b011:7801:5307:68bf:358a:47f4:3002:63687] AH01384: Zlib: Compressed 14581 to 3765 : URL /wp-content/themes/oceanwp/assets/js/drop-down-mobile-menu.min.js, referer: https://www.ilc.edu.tw/
[Wed Aug 26 00:13:18.604830 2026] [ssl:debug] [pid 2093057:tid 2093057] ssl_engine_kernel.c(254): [client 2001:b011:7801:5307:68bf:358a:47f4:3002:62598] AH02034: Initial (No.1) HTTPS request received for child 1 (server www.ilc.edu.tw:443), referer: https://www.ilc.edu.tw/
[Wed Aug 26 00:13:18.604835 2026] [ssl:debug] [pid 2093224:tid 2093224] ssl_engine_kernel.c(254): [client 2001:b011:7801:5307:68bf:358a:47f4:3002:52831] AH02034: Subsequent (No.4) HTTPS request received for child 13 (server www.ilc.edu.tw:443), referer: https://www.ilc.edu.tw/
[Wed Aug 26 00:13:18.604835 2026] [ssl:debug] [pid 2093216:tid 2093216] ssl_engine_kernel.c(254): [client 2001:b011:7801:5307:68bf:358a:47f4:3002:51844] AH02034: Subsequent (No.2) HTTPS request received for child 0 (server www.ilc.edu.tw:443), referer: https://www.ilc.edu.tw/
[Wed Aug 26 00:13:18.605112 2026] [authz_core:debug] [pid 2093216:tid 2093216] mod_authz_core.c(815): [client 2001:b011:7801:5307:68bf:358a:47f4:3002:51844] AH01626: authorization result of Require all granted: granted, referer: https://www.ilc.edu.tw/
[Wed Aug 26 00:13:18.605112 2026] [authz_core:debug] [pid 2093057:tid 2093057] mod_authz_core.c(815): [client 2001:b011:7801:5307:68bf:358a:47f4:3002:62598] AH01626: authorization result of Require all granted: granted, referer: https://www.ilc.edu.tw/
[Wed Aug 26 00:13:18.605112 2026] [authz_core:debug] [pid 2093224:tid 2093224] mod_authz_core.c(815): [client 2001:b011:7801:5307:68bf:358a:47f4:3002:52831] AH01626: authorization result of Require all granted: granted, referer: https://www.ilc.edu.tw/
[Wed Aug 26 00:13:18.605119 2026] [authz_core:debug] [pid 2093216:tid 2093216] mod_authz_core.c(815): [client 2001:b011:7801:5307:68bf:358a:47f4:3002:51844] AH01626: authorization result of : granted, referer: https://www.ilc.edu.tw/
[Wed Aug 26 00:13:18.605122 2026] [authz_core:debug] [pid 2093057:tid 2093057] mod_authz_core.c(815): [client 2001:b011:7801:5307:68bf:358a:47f4:3002:62598] AH01626: authorization result of : granted, referer: https://www.ilc.edu.tw/
[Wed Aug 26 00:13:18.605124 2026] [authz_core:debug] [pid 2093224:tid 2093224] mod_authz_core.c(815): [client 2001:b011:7801:5307:68bf:358a:47f4:3002:52831] AH01626: authorization result of : granted, referer: https://www.ilc.edu.tw/
[Wed Aug 26 00:13:18.605195 2026] [ssl:debug] [pid 2093240:tid 2093240] ssl_engine_kernel.c(254): [client 2001:b011:7801:5307:68bf:358a:47f4:3002:61673] AH02034: Initial (No.1) HTTPS request received for child 8 (server www.ilc.edu.tw:443), referer: https://www.ilc.edu.tw/
[Wed Aug 26 00:13:18.605426 2026] [deflate:debug] [pid 2093216:tid 2093216] mod_deflate.c(909): [client 2001:b011:7801:5307:68bf:358a:47f4:3002:51844] AH01384: Zlib: Compressed 4111 to 1423 : URL /wp-content/themes/oceanwp/assets/js/ow-lightbox.min.js, referer: https://www.ilc.edu.tw/
[Wed Aug 26 00:13:18.605487 2026] [authz_core:debug] [pid 2093240:tid 2093240] mod_authz_core.c(815): [client 2001:b011:7801:5307:68bf:358a:47f4:3002:61673] AH01626: authorization result of Require all granted: granted, referer: https://www.ilc.edu.tw/
[Wed Aug 26 00:13:18.605494 2026] [authz_core:debug] [pid 2093240:tid 2093240] mod_authz_core.c(815): [client 2001:b011:7801:5307:68bf:358a:47f4:3002:61673] AH01626: authorization result of : granted, referer: https://www.ilc.edu.tw/
[Wed Aug 26 00:13:18.605927 2026] [deflate:debug] [pid 2093224:tid 2093224] mod_deflate.c(909): [client 2001:b011:7801:5307:68bf:358a:47f4:3002:52831] AH01384: Zlib: Compressed 20216 to 7328 : URL /wp-content/themes/oceanwp/assets/js/vendors/magnific-popup.min.js, referer: https://www.ilc.edu.tw/
[Wed Aug 26 00:13:18.606160 2026] [deflate:debug] [pid 2093240:tid 2093240] mod_deflate.c(909): [client 2001:b011:7801:5307:68bf:358a:47f4:3002:61673] AH01384: Zlib: Compressed 2002 to 864 : URL /wp-content/themes/oceanwp/assets/js/ow-slider.min.js, referer: https://www.ilc.edu.tw/
[Wed Aug 26 00:13:18.607110 2026] [deflate:debug] [pid 2093057:tid 2093057] mod_deflate.c(909): [client 2001:b011:7801:5307:68bf:358a:47f4:3002:62598] AH01384: Zlib: Compressed 57513 to 14083 : URL /wp-content/themes/oceanwp/assets/js/vendors/flickity.pkgd.min.js, referer: https://www.ilc.edu.tw/
[Wed Aug 26 00:13:18.609759 2026] [ssl:debug] [pid 2088183:tid 2088183] ssl_engine_kernel.c(254): [client 2001:b011:7801:5307:68bf:358a:47f4:3002:63687] AH02034: Subsequent (No.5) HTTPS request received for child 34 (server www.ilc.edu.tw:443), referer: https://www.ilc.edu.tw/
[Wed Aug 26 00:13:18.610030 2026] [authz_core:debug] [pid 2088183:tid 2088183] mod_authz_core.c(815): [client 2001:b011:7801:5307:68bf:358a:47f4:3002:63687] AH01626: authorization result of Require all granted: granted, referer: https://www.ilc.edu.tw/
[Wed Aug 26 00:13:18.610041 2026] [authz_core:debug] [pid 2088183:tid 2088183] mod_authz_core.c(815): [client 2001:b011:7801:5307:68bf:358a:47f4:3002:63687] AH01626: authorization result of : granted, referer: https://www.ilc.edu.tw/
[Wed Aug 26 00:13:18.610485 2026] [deflate:debug] [pid 2088183:tid 2088183] mod_deflate.c(909): [client 2001:b011:7801:5307:68bf:358a:47f4:3002:63687] AH01384: Zlib: Compressed 12402 to 3229 : URL /wp-content/themes/oceanwp/assets/js/scroll-effect.min.js, referer: https://www.ilc.edu.tw/
[Wed Aug 26 00:13:18.610844 2026] [ssl:debug] [pid 2093226:tid 2093226] ssl_engine_kernel.c(254): [client 2001:b011:7801:5307:68bf:358a:47f4:3002:54815] AH02034: Subsequent (No.7) HTTPS request received for child 17 (server www.ilc.edu.tw:443), referer: https://www.ilc.edu.tw/
[Wed Aug 26 00:13:18.611046 2026] [authz_core:debug] [pid 2093226:tid 2093226] mod_authz_core.c(815): [client 2001:b011:7801:5307:68bf:358a:47f4:3002:54815] AH01626: authorization result of Require all granted: granted, referer: https://www.ilc.edu.tw/
[Wed Aug 26 00:13:18.611052 2026] [authz_core:debug] [pid 2093226:tid 2093226] mod_authz_core.c(815): [client 2001:b011:7801:5307:68bf:358a:47f4:3002:54815] AH01626: authorization result of : granted, referer: https://www.ilc.edu.tw/
[Wed Aug 26 00:13:18.611412 2026] [deflate:debug] [pid 2093226:tid 2093226] mod_deflate.c(909): [client 2001:b011:7801:5307:68bf:358a:47f4:3002:54815] AH01384: Zlib: Compressed 8989 to 2304 : URL /wp-content/themes/oceanwp/assets/js/scroll-top.min.js, referer: https://www.ilc.edu.tw/
[Wed Aug 26 00:13:18.614883 2026] [ssl:debug] [pid 2093216:tid 2093216] ssl_engine_kernel.c(254): [client 2001:b011:7801:5307:68bf:358a:47f4:3002:51844] AH02034: Subsequent (No.3) HTTPS request received for child 0 (server www.ilc.edu.tw:443), referer: https://www.ilc.edu.tw/
[Wed Aug 26 00:13:18.615027 2026] [authz_core:debug] [pid 2093216:tid 2093216] mod_authz_core.c(815): [client 2001:b011:7801:5307:68bf:358a:47f4:3002:51844] AH01626: authorization result of Require all granted: granted, referer: https://www.ilc.edu.tw/
[Wed Aug 26 00:13:18.615031 2026] [authz_core:debug] [pid 2093216:tid 2093216] mod_authz_core.c(815): [client 2001:b011:7801:5307:68bf:358a:47f4:3002:51844] AH01626: authorization result of : granted, referer: https://www.ilc.edu.tw/
[Wed Aug 26 00:13:18.615242 2026] [deflate:debug] [pid 2093216:tid 2093216] mod_deflate.c(909): [client 2001:b011:7801:5307:68bf:358a:47f4:3002:51844] AH01384: Zlib: Compressed 5181 to 1510 : URL /wp-content/themes/oceanwp/assets/js/select.min.js, referer: https://www.ilc.edu.tw/
[Wed Aug 26 00:13:18.616808 2026] [ssl:debug] [pid 2093240:tid 2093240] ssl_engine_kernel.c(254): [client 2001:b011:7801:5307:68bf:358a:47f4:3002:61673] AH02034: Subsequent (No.2) HTTPS request received for child 8 (server www.ilc.edu.tw:443), referer: https://www.ilc.edu.tw/
[Wed Aug 26 00:13:18.617042 2026] [authz_core:debug] [pid 2093240:tid 2093240] mod_authz_core.c(815): [client 2001:b011:7801:5307:68bf:358a:47f4:3002:61673] AH01626: authorization result of Require all granted: granted, referer: https://www.ilc.edu.tw/
[Wed Aug 26 00:13:18.617049 2026] [authz_core:debug] [pid 2093240:tid 2093240] mod_authz_core.c(815): [client 2001:b011:7801:5307:68bf:358a:47f4:3002:61673] AH01626: authorization result of : granted, referer: https://www.ilc.edu.tw/
[Wed Aug 26 00:13:18.617369 2026] [deflate:debug] [pid 2093240:tid 2093240] mod_deflate.c(909): [client 2001:b011:7801:5307:68bf:358a:47f4:3002:61673] AH01384: Zlib: Compressed 5881 to 2664 : URL /wp-content/plugins/elementor-pro/assets/js/webpack-pro.runtime.min.js, referer: https://www.ilc.edu.tw/
[Wed Aug 26 00:13:18.617857 2026] [ssl:debug] [pid 2093224:tid 2093224] ssl_engine_kernel.c(254): [client 2001:b011:7801:5307:68bf:358a:47f4:3002:52831] AH02034: Subsequent (No.5) HTTPS request received for child 13 (server www.ilc.edu.tw:443), referer: https://www.ilc.edu.tw/
[Wed Aug 26 00:13:18.617998 2026] [authz_core:debug] [pid 2093224:tid 2093224] mod_authz_core.c(815): [client 2001:b011:7801:5307:68bf:358a:47f4:3002:52831] AH01626: authorization result of Require all granted: granted, referer: https://www.ilc.edu.tw/
[Wed Aug 26 00:13:18.618003 2026] [authz_core:debug] [pid 2093224:tid 2093224] mod_authz_core.c(815): [client 2001:b011:7801:5307:68bf:358a:47f4:3002:52831] AH01626: authorization result of : granted, referer: https://www.ilc.edu.tw/
[Wed Aug 26 00:13:18.618229 2026] [deflate:debug] [pid 2093224:tid 2093224] mod_deflate.c(909): [client 2001:b011:7801:5307:68bf:358a:47f4:3002:52831] AH01384: Zlib: Compressed 4997 to 2197 : URL /wp-content/plugins/elementor/assets/js/webpack.runtime.min.js, referer: https://www.ilc.edu.tw/
[Wed Aug 26 00:13:18.621798 2026] [ssl:debug] [pid 2093226:tid 2093226] ssl_engine_kernel.c(254): [client 2001:b011:7801:5307:68bf:358a:47f4:3002:54815] AH02034: Subsequent (No.8) HTTPS request received for child 17 (server www.ilc.edu.tw:443), referer: https://www.ilc.edu.tw/
[Wed Aug 26 00:13:18.621813 2026] [ssl:debug] [pid 2088183:tid 2088183] ssl_engine_kernel.c(254): [client 2001:b011:7801:5307:68bf:358a:47f4:3002:63687] AH02034: Subsequent (No.6) HTTPS request received for child 34 (server www.ilc.edu.tw:443), referer: https://www.ilc.edu.tw/
[Wed Aug 26 00:13:18.621957 2026] [authz_core:debug] [pid 2088183:tid 2088183] mod_authz_core.c(815): [client 2001:b011:7801:5307:68bf:358a:47f4:3002:63687] AH01626: authorization result of Require all granted: granted, referer: https://www.ilc.edu.tw/
[Wed Aug 26 00:13:18.621962 2026] [authz_core:debug] [pid 2088183:tid 2088183] mod_authz_core.c(815): [client 2001:b011:7801:5307:68bf:358a:47f4:3002:63687] AH01626: authorization result of : granted, referer: https://www.ilc.edu.tw/
[Wed Aug 26 00:13:18.621966 2026] [authz_core:debug] [pid 2093226:tid 2093226] mod_authz_core.c(815): [client 2001:b011:7801:5307:68bf:358a:47f4:3002:54815] AH01626: authorization result of Require all granted: granted, referer: https://www.ilc.edu.tw/
[Wed Aug 26 00:13:18.621971 2026] [authz_core:debug] [pid 2093226:tid 2093226] mod_authz_core.c(815): [client 2001:b011:7801:5307:68bf:358a:47f4:3002:54815] AH01626: authorization result of : granted, referer: https://www.ilc.edu.tw/
[Wed Aug 26 00:13:18.622211 2026] [deflate:debug] [pid 2088183:tid 2088183] mod_deflate.c(909): [client 2001:b011:7801:5307:68bf:358a:47f4:3002:63687] AH01384: Zlib: Compressed 4307 to 1523 : URL /wp-includes/js/dist/hooks.min.js, referer: https://www.ilc.edu.tw/
[Wed Aug 26 00:13:18.624012 2026] [deflate:debug] [pid 2093226:tid 2093226] mod_deflate.c(909): [client 2001:b011:7801:5307:68bf:358a:47f4:3002:54815] AH01384: Zlib: Compressed 67411 to 18429 : URL /wp-content/plugins/elementor/assets/js/frontend-modules.min.js, referer: https://www.ilc.edu.tw/
[Wed Aug 26 00:13:18.624716 2026] [ssl:debug] [pid 2093057:tid 2093057] ssl_engine_kernel.c(254): [client 2001:b011:7801:5307:68bf:358a:47f4:3002:62598] AH02034: Subsequent (No.2) HTTPS request received for child 1 (server www.ilc.edu.tw:443), referer: https://www.ilc.edu.tw/
[Wed Aug 26 00:13:18.624791 2026] [ssl:debug] [pid 2093216:tid 2093216] ssl_engine_kernel.c(254): [client 2001:b011:7801:5307:68bf:358a:47f4:3002:51844] AH02034: Subsequent (No.4) HTTPS request received for child 0 (server www.ilc.edu.tw:443), referer: https://www.ilc.edu.tw/
[Wed Aug 26 00:13:18.624870 2026] [authz_core:debug] [pid 2093057:tid 2093057] mod_authz_core.c(815): [client 2001:b011:7801:5307:68bf:358a:47f4:3002:62598] AH01626: authorization result of Require all granted: granted, referer: https://www.ilc.edu.tw/
[Wed Aug 26 00:13:18.624874 2026] [authz_core:debug] [pid 2093057:tid 2093057] mod_authz_core.c(815): [client 2001:b011:7801:5307:68bf:358a:47f4:3002:62598] AH01626: authorization result of : granted, referer: https://www.ilc.edu.tw/
[Wed Aug 26 00:13:18.624979 2026] [authz_core:debug] [pid 2093216:tid 2093216] mod_authz_core.c(815): [client 2001:b011:7801:5307:68bf:358a:47f4:3002:51844] AH01626: authorization result of Require all granted: granted, referer: https://www.ilc.edu.tw/
[Wed Aug 26 00:13:18.624987 2026] [authz_core:debug] [pid 2093216:tid 2093216] mod_authz_core.c(815): [client 2001:b011:7801:5307:68bf:358a:47f4:3002:51844] AH01626: authorization result of : granted, referer: https://www.ilc.edu.tw/
[Wed Aug 26 00:13:18.625223 2026] [deflate:debug] [pid 2093057:tid 2093057] mod_deflate.c(909): [client 2001:b011:7801:5307:68bf:358a:47f4:3002:62598] AH01384: Zlib: Compressed 9141 to 3649 : URL /wp-includes/js/dist/i18n.min.js, referer: https://www.ilc.edu.tw/
[Wed Aug 26 00:13:18.625642 2026] [deflate:debug] [pid 2093216:tid 2093216] mod_deflate.c(909): [client 2001:b011:7801:5307:68bf:358a:47f4:3002:51844] AH01384: Zlib: Compressed 25050 to 6676 : URL /wp-content/plugins/elementor-pro/assets/js/frontend.min.js, referer: https://www.ilc.edu.tw/
[Wed Aug 26 00:13:18.629555 2026] [ssl:debug] [pid 2093237:tid 2093237] ssl_engine_kernel.c(254): [client 34.123.149.87:12803] AH02034: Initial (No.1) HTTPS request received for child 2 (server 2blog.ilc.edu.tw:443)
