[Wed Aug 26 00:13:30.724324 2026] [authz_core:debug] [pid 2093232:tid 2093232] mod_authz_core.c(815): [client 2001:b011:7801:5307:68bf:358a:47f4:3002:62423] AH01626: authorization result of Require all granted: granted, referer: https://www.ilc.edu.tw/
[Wed Aug 26 00:13:30.724330 2026] [authz_core:debug] [pid 2093232:tid 2093232] mod_authz_core.c(815): [client 2001:b011:7801:5307:68bf:358a:47f4:3002:62423] AH01626: authorization result of : granted, referer: https://www.ilc.edu.tw/
[Wed Aug 26 00:13:30.737502 2026] [ssl:info] [pid 2093259:tid 2093259] [client 2001:b011:7801:5307:68bf:358a:47f4:3002:51541] AH01964: Connection to child 32 established (server 2blog.ilc.edu.tw:443)
[Wed Aug 26 00:13:30.737847 2026] [ssl:debug] [pid 2093259:tid 2093259] ssl_engine_kernel.c(2222): [client 2001:b011:7801:5307:68bf:358a:47f4:3002:51541] AH02043: SSL virtual host for servername 2blog.ilc.edu.tw found
[Wed Aug 26 00:13:30.737891 2026] [socache_shmcb:debug] [pid 2093259:tid 2093259] mod_socache_shmcb.c(545): AH00835: socache_shmcb_retrieve (0x62 -> subcache 2)
[Wed Aug 26 00:13:30.737900 2026] [socache_shmcb:debug] [pid 2093259:tid 2093259] mod_socache_shmcb.c(896): AH00849: match at idx=14, data=8711
[Wed Aug 26 00:13:30.737902 2026] [socache_shmcb:debug] [pid 2093259:tid 2093259] mod_socache_shmcb.c(556): AH00836: leaving socache_shmcb_retrieve successfully
[Wed Aug 26 00:13:30.738224 2026] [core:debug] [pid 2093259:tid 2093259] protocol.c(2460): [client 2001:b011:7801:5307:68bf:358a:47f4:3002:51541] AH03155: select protocol from , choices=h2,http/1.1 for server 2blog.ilc.edu.tw
[Wed Aug 26 00:13:30.751544 2026] [ssl:debug] [pid 2093259:tid 2093259] ssl_engine_kernel.c(2082): [client 2001:b011:7801:5307:68bf:358a:47f4:3002:51541] AH02041: Protocol: TLSv1.3, Cipher: TLS_AES_256_GCM_SHA384 (256/256 bits)
[Wed Aug 26 00:13:30.751596 2026] [socache_shmcb:debug] [pid 2093259:tid 2093259] mod_socache_shmcb.c(508): AH00831: socache_shmcb_store (0xc3 -> subcache 3)
[Wed Aug 26 00:13:30.751601 2026] [socache_shmcb:debug] [pid 2093259:tid 2093259] mod_socache_shmcb.c(745): AH00842: expiring 1 and reclaiming 0 removed socache entries
[Wed Aug 26 00:13:30.751604 2026] [socache_shmcb:debug] [pid 2093259:tid 2093259] mod_socache_shmcb.c(765): AH00843: we now have 30 socache entries
[Wed Aug 26 00:13:30.751606 2026] [socache_shmcb:debug] [pid 2093259:tid 2093259] mod_socache_shmcb.c(860): AH00847: insert happened at idx=0, data=(5646:5678)
[Wed Aug 26 00:13:30.751608 2026] [socache_shmcb:debug] [pid 2093259:tid 2093259] mod_socache_shmcb.c(863): AH00848: finished insert, subcache: idx_pos/idx_used=58/31, data_pos/data_used=12872/6863
[Wed Aug 26 00:13:30.751618 2026] [socache_shmcb:debug] [pid 2093259:tid 2093259] mod_socache_shmcb.c(530): AH00834: leaving socache_shmcb_store successfully
[Wed Aug 26 00:13:30.844755 2026] [ssl:debug] [pid 2093232:tid 2093232] ssl_engine_kernel.c(254): [client 2001:b011:7801:5307:68bf:358a:47f4:3002:62423] AH02034: Subsequent (No.2) HTTPS request received for child 4 (server 2blog.ilc.edu.tw:443), referer: https://www.ilc.edu.tw/
[Wed Aug 26 00:13:30.844987 2026] [authz_core:debug] [pid 2093232:tid 2093232] mod_authz_core.c(815): [client 2001:b011:7801:5307:68bf:358a:47f4:3002:62423] AH01626: authorization result of Require all granted: granted, referer: https://www.ilc.edu.tw/
[Wed Aug 26 00:13:30.844993 2026] [authz_core:debug] [pid 2093232:tid 2093232] mod_authz_core.c(815): [client 2001:b011:7801:5307:68bf:358a:47f4:3002:62423] AH01626: authorization result of : granted, referer: https://www.ilc.edu.tw/
[Wed Aug 26 00:13:30.845109 2026] [authz_core:debug] [pid 2093232:tid 2093232] mod_authz_core.c(815): [client 2001:b011:7801:5307:68bf:358a:47f4:3002:62423] AH01626: authorization result of Require all granted: granted, referer: https://www.ilc.edu.tw/
[Wed Aug 26 00:13:30.845113 2026] [authz_core:debug] [pid 2093232:tid 2093232] mod_authz_core.c(815): [client 2001:b011:7801:5307:68bf:358a:47f4:3002:62423] AH01626: authorization result of : granted, referer: https://www.ilc.edu.tw/
[Wed Aug 26 00:13:30.862705 2026] [deflate:debug] [pid 2093232:tid 2093232] mod_deflate.c(909): [client 2001:b011:7801:5307:68bf:358a:47f4:3002:62423] AH01384: Zlib: Compressed 80172 to 16684 : URL /index.php, referer: https://www.ilc.edu.tw/
[Wed Aug 26 00:13:30.891611 2026] [ssl:debug] [pid 2093259:tid 2093259] ssl_engine_kernel.c(254): [client 2001:b011:7801:5307:68bf:358a:47f4:3002:51541] AH02034: Initial (No.1) HTTPS request received for child 32 (server 2blog.ilc.edu.tw:443), referer: https://2blog.ilc.edu.tw/26064/
[Wed Aug 26 00:13:30.891626 2026] [ssl:debug] [pid 2093232:tid 2093232] ssl_engine_kernel.c(254): [client 2001:b011:7801:5307:68bf:358a:47f4:3002:62423] AH02034: Subsequent (No.3) HTTPS request received for child 4 (server 2blog.ilc.edu.tw:443), referer: https://2blog.ilc.edu.tw/26064/
[Wed Aug 26 00:13:30.891826 2026] [authz_core:debug] [pid 2093232:tid 2093232] mod_authz_core.c(815): [client 2001:b011:7801:5307:68bf:358a:47f4:3002:62423] AH01626: authorization result of Require all granted: granted, referer: https://2blog.ilc.edu.tw/26064/
[Wed Aug 26 00:13:30.891834 2026] [authz_core:debug] [pid 2093232:tid 2093232] mod_authz_core.c(815): [client 2001:b011:7801:5307:68bf:358a:47f4:3002:62423] AH01626: authorization result of : granted, referer: https://2blog.ilc.edu.tw/26064/
[Wed Aug 26 00:13:30.891910 2026] [authz_core:debug] [pid 2093259:tid 2093259] mod_authz_core.c(815): [client 2001:b011:7801:5307:68bf:358a:47f4:3002:51541] AH01626: authorization result of Require all granted: granted, referer: https://2blog.ilc.edu.tw/26064/
[Wed Aug 26 00:13:30.891920 2026] [authz_core:debug] [pid 2093259:tid 2093259] mod_authz_core.c(815): [client 2001:b011:7801:5307:68bf:358a:47f4:3002:51541] AH01626: authorization result of : granted, referer: https://2blog.ilc.edu.tw/26064/
[Wed Aug 26 00:13:30.892469 2026] [authz_core:debug] [pid 2093232:tid 2093232] mod_authz_core.c(815): [client 2001:b011:7801:5307:68bf:358a:47f4:3002:62423] AH01626: authorization result of Require all granted: granted, referer: https://2blog.ilc.edu.tw/26064/
[Wed Aug 26 00:13:30.892481 2026] [authz_core:debug] [pid 2093232:tid 2093232] mod_authz_core.c(815): [client 2001:b011:7801:5307:68bf:358a:47f4:3002:62423] AH01626: authorization result of : granted, referer: https://2blog.ilc.edu.tw/26064/
[Wed Aug 26 00:13:30.892746 2026] [authz_core:debug] [pid 2093259:tid 2093259] mod_authz_core.c(815): [client 2001:b011:7801:5307:68bf:358a:47f4:3002:51541] AH01626: authorization result of Require all granted: granted, referer: https://2blog.ilc.edu.tw/26064/
[Wed Aug 26 00:13:30.892757 2026] [authz_core:debug] [pid 2093259:tid 2093259] mod_authz_core.c(815): [client 2001:b011:7801:5307:68bf:358a:47f4:3002:51541] AH01626: authorization result of : granted, referer: https://2blog.ilc.edu.tw/26064/
[Wed Aug 26 00:13:30.893210 2026] [deflate:debug] [pid 2093259:tid 2093259] mod_deflate.c(909): [client 2001:b011:7801:5307:68bf:358a:47f4:3002:51541] AH01384: Zlib: Compressed 6359 to 1935 : URL /wp-content/cache/2blog.ilc.edu.tw/wpfc-minified/876zunss/5wyo0.css, referer: https://2blog.ilc.edu.tw/26064/
[Wed Aug 26 00:13:30.895348 2026] [deflate:debug] [pid 2093232:tid 2093232] mod_deflate.c(909): [client 2001:b011:7801:5307:68bf:358a:47f4:3002:62423] AH01384: Zlib: Compressed 79267 to 39712 : URL /wp-content/cache/2blog.ilc.edu.tw/wpfc-minified/6l6unigp/5wyo0.css, referer: https://2blog.ilc.edu.tw/26064/
[Wed Aug 26 00:13:30.905563 2026] [ssl:info] [pid 2093204:tid 2093204] [client 2001:b011:7801:5307:68bf:358a:47f4:3002:64172] AH01964: Connection to child 6 established (server 2blog.ilc.edu.tw:443)
[Wed Aug 26 00:13:30.905727 2026] [ssl:debug] [pid 2093204:tid 2093204] ssl_engine_kernel.c(2222): [client 2001:b011:7801:5307:68bf:358a:47f4:3002:64172] AH02043: SSL virtual host for servername 2blog.ilc.edu.tw found
[Wed Aug 26 00:13:30.905740 2026] [socache_shmcb:debug] [pid 2093204:tid 2093204] mod_socache_shmcb.c(545): AH00835: socache_shmcb_retrieve (0xc3 -> subcache 3)
[Wed Aug 26 00:13:30.905745 2026] [socache_shmcb:debug] [pid 2093204:tid 2093204] mod_socache_shmcb.c(896): AH00849: match at idx=0, data=5646
[Wed Aug 26 00:13:30.905747 2026] [socache_shmcb:debug] [pid 2093204:tid 2093204] mod_socache_shmcb.c(556): AH00836: leaving socache_shmcb_retrieve successfully
[Wed Aug 26 00:13:30.905859 2026] [core:debug] [pid 2093204:tid 2093204] protocol.c(2460): [client 2001:b011:7801:5307:68bf:358a:47f4:3002:64172] AH03155: select protocol from , choices=h2,http/1.1 for server 2blog.ilc.edu.tw
[Wed Aug 26 00:13:30.906473 2026] [ssl:info] [pid 2093241:tid 2093241] [client 2001:b011:7801:5307:68bf:358a:47f4:3002:55224] AH01964: Connection to child 10 established (server 2blog.ilc.edu.tw:443)
[Wed Aug 26 00:13:30.906543 2026] [ssl:info] [pid 2093207:tid 2093207] [client 2001:b011:7801:5307:68bf:358a:47f4:3002:50021] AH01964: Connection to child 12 established (server 2blog.ilc.edu.tw:443)
[Wed Aug 26 00:13:30.906665 2026] [ssl:debug] [pid 2093241:tid 2093241] ssl_engine_kernel.c(2222): [client 2001:b011:7801:5307:68bf:358a:47f4:3002:55224] AH02043: SSL virtual host for servername 2blog.ilc.edu.tw found
[Wed Aug 26 00:13:30.906666 2026] [ssl:debug] [pid 2093207:tid 2093207] ssl_engine_kernel.c(2222): [client 2001:b011:7801:5307:68bf:358a:47f4:3002:50021] AH02043: SSL virtual host for servername 2blog.ilc.edu.tw found
[Wed Aug 26 00:13:30.906685 2026] [socache_shmcb:debug] [pid 2093207:tid 2093207] mod_socache_shmcb.c(545): AH00835: socache_shmcb_retrieve (0x34 -> subcache 20)
[Wed Aug 26 00:13:30.906691 2026] [socache_shmcb:debug] [pid 2093207:tid 2093207] mod_socache_shmcb.c(896): AH00849: match at idx=16, data=9341
[Wed Aug 26 00:13:30.906693 2026] [socache_shmcb:debug] [pid 2093207:tid 2093207] mod_socache_shmcb.c(556): AH00836: leaving socache_shmcb_retrieve successfully
[Wed Aug 26 00:13:30.906723 2026] [core:debug] [pid 2093241:tid 2093241] protocol.c(2460): [client 2001:b011:7801:5307:68bf:358a:47f4:3002:55224] AH03155: select protocol from , choices=h2,http/1.1 for server 2blog.ilc.edu.tw
[Wed Aug 26 00:13:30.906767 2026] [ssl:debug] [pid 2093241:tid 2093241] ssl_util_stapling.c(819): AH01951: stapling_cb: OCSP Stapling callback called
[Wed Aug 26 00:13:30.906774 2026] [ssl:info] [pid 2093241:tid 2093241] AH01926: stapling_get_certinfo: stapling not supported for certificate
[Wed Aug 26 00:13:30.906788 2026] [core:debug] [pid 2093207:tid 2093207] protocol.c(2460): [client 2001:b011:7801:5307:68bf:358a:47f4:3002:50021] AH03155: select protocol from , choices=h2,http/1.1 for server 2blog.ilc.edu.tw
[Wed Aug 26 00:13:30.907467 2026] [ssl:info] [pid 2093265:tid 2093265] [client 2001:b011:7801:5307:68bf:358a:47f4:3002:63173] AH01964: Connection to child 39 established (server 2blog.ilc.edu.tw:443)
[Wed Aug 26 00:13:30.907560 2026] [ssl:debug] [pid 2093265:tid 2093265] ssl_engine_kernel.c(2222): [client 2001:b011:7801:5307:68bf:358a:47f4:3002:63173] AH02043: SSL virtual host for servername 2blog.ilc.edu.tw found
[Wed Aug 26 00:13:30.907590 2026] [core:debug] [pid 2093265:tid 2093265] protocol.c(2460): [client 2001:b011:7801:5307:68bf:358a:47f4:3002:63173] AH03155: select protocol from , choices=h2,http/1.1 for server 2blog.ilc.edu.tw
[Wed Aug 26 00:13:30.907614 2026] [ssl:debug] [pid 2093265:tid 2093265] ssl_util_stapling.c(819): AH01951: stapling_cb: OCSP Stapling callback called
[Wed Aug 26 00:13:30.907618 2026] [ssl:info] [pid 2093265:tid 2093265] AH01926: stapling_get_certinfo: stapling not supported for certificate
[Wed Aug 26 00:13:30.912498 2026] [ssl:debug] [pid 2093259:tid 2093259] ssl_engine_kernel.c(254): [client 2001:b011:7801:5307:68bf:358a:47f4:3002:51541] AH02034: Subsequent (No.2) HTTPS request received for child 32 (server 2blog.ilc.edu.tw:443), referer: https://2blog.ilc.edu.tw/26064/
[Wed Aug 26 00:13:30.912669 2026] [authz_core:debug] [pid 2093259:tid 2093259] mod_authz_core.c(815): [client 2001:b011:7801:5307:68bf:358a:47f4:3002:51541] AH01626: authorization result of Require all granted: granted, referer: https://2blog.ilc.edu.tw/26064/
[Wed Aug 26 00:13:30.912674 2026] [authz_core:debug] [pid 2093259:tid 2093259] mod_authz_core.c(815): [client 2001:b011:7801:5307:68bf:358a:47f4:3002:51541] AH01626: authorization result of : granted, referer: https://2blog.ilc.edu.tw/26064/
[Wed Aug 26 00:13:30.913609 2026] [authz_core:debug] [pid 2093259:tid 2093259] mod_authz_core.c(815): [client 2001:b011:7801:5307:68bf:358a:47f4:3002:51541] AH01626: authorization result of Require all granted: granted, referer: https://2blog.ilc.edu.tw/26064/
[Wed Aug 26 00:13:30.913619 2026] [authz_core:debug] [pid 2093259:tid 2093259] mod_authz_core.c(815): [client 2001:b011:7801:5307:68bf:358a:47f4:3002:51541] AH01626: authorization result of : granted, referer: https://2blog.ilc.edu.tw/26064/
[Wed Aug 26 00:13:30.913945 2026] [deflate:debug] [pid 2093259:tid 2093259] mod_deflate.c(909): [client 2001:b011:7801:5307:68bf:358a:47f4:3002:51541] AH01384: Zlib: Compressed 486 to 267 : URL /wp-content/cache/2blog.ilc.edu.tw/wpfc-minified/7lj2kkkk/5wyo0.css, referer: https://2blog.ilc.edu.tw/26064/
[Wed Aug 26 00:13:30.914485 2026] [ssl:debug] [pid 2093204:tid 2093204] ssl_engine_kernel.c(2082): [client 2001:b011:7801:5307:68bf:358a:47f4:3002:64172] AH02041: Protocol: TLSv1.3, Cipher: TLS_AES_256_GCM_SHA384 (256/256 bits)
[Wed Aug 26 00:13:30.914523 2026] [socache_shmcb:debug] [pid 2093204:tid 2093204] mod_socache_shmcb.c(508): AH00831: socache_shmcb_store (0xfe -> subcache 30)
[Wed Aug 26 00:13:30.914529 2026] [socache_shmcb:debug] [pid 2093204:tid 2093204] mod_socache_shmcb.c(745): AH00842: expiring 1 and reclaiming 0 removed socache entries
[Wed Aug 26 00:13:30.914531 2026] [socache_shmcb:debug] [pid 2093204:tid 2093204] mod_socache_shmcb.c(765): AH00843: we now have 39 socache entries
[Wed Aug 26 00:13:30.914533 2026] [socache_shmcb:debug] [pid 2093204:tid 2093204] mod_socache_shmcb.c(860): AH00847: insert happened at idx=12, data=(8350:8382)
[Wed Aug 26 00:13:30.914534 2026] [socache_shmcb:debug] [pid 2093204:tid 2093204] mod_socache_shmcb.c(863): AH00848: finished insert, subcache: idx_pos/idx_used=61/40, data_pos/data_used=13541/8899
[Wed Aug 26 00:13:30.914536 2026] [socache_shmcb:debug] [pid 2093204:tid 2093204] mod_socache_shmcb.c(530): AH00834: leaving socache_shmcb_store successfully
[Wed Aug 26 00:13:30.915499 2026] [ssl:debug] [pid 2093207:tid 2093207] ssl_engine_kernel.c(2082): [client 2001:b011:7801:5307:68bf:358a:47f4:3002:50021] AH02041: Protocol: TLSv1.3, Cipher: TLS_AES_256_GCM_SHA384 (256/256 bits)
[Wed Aug 26 00:13:30.915542 2026] [socache_shmcb:debug] [pid 2093207:tid 2093207] mod_socache_shmcb.c(508): AH00831: socache_shmcb_store (0x40 -> subcache 0)
[Wed Aug 26 00:13:30.915555 2026] [socache_shmcb:debug] [pid 2093207:tid 2093207] mod_socache_shmcb.c(745): AH00842: expiring 3 and reclaiming 0 removed socache entries
[Wed Aug 26 00:13:30.915559 2026] [socache_shmcb:debug] [pid 2093207:tid 2093207] mod_socache_shmcb.c(765): AH00843: we now have 31 socache entries
[Wed Aug 26 00:13:30.915562 2026] [socache_shmcb:debug] [pid 2093207:tid 2093207] mod_socache_shmcb.c(860): AH00847: insert happened at idx=17, data=(9428:9460)
[Wed Aug 26 00:13:30.915565 2026] [socache_shmcb:debug] [pid 2093207:tid 2093207] mod_socache_shmcb.c(863): AH00848: finished insert, subcache: idx_pos/idx_used=74/32, data_pos/data_used=2587/7066
[Wed Aug 26 00:13:30.915568 2026] [socache_shmcb:debug] [pid 2093207:tid 2093207] mod_socache_shmcb.c(530): AH00834: leaving socache_shmcb_store successfully
[Wed Aug 26 00:13:30.915759 2026] [ssl:debug] [pid 2093232:tid 2093232] ssl_engine_kernel.c(254): [client 2001:b011:7801:5307:68bf:358a:47f4:3002:62423] AH02034: Subsequent (No.4) HTTPS request received for child 4 (server 2blog.ilc.edu.tw:443), referer: https://2blog.ilc.edu.tw/26064/
[Wed Aug 26 00:13:30.915904 2026] [authz_core:debug] [pid 2093232:tid 2093232] mod_authz_core.c(815): [client 2001:b011:7801:5307:68bf:358a:47f4:3002:62423] AH01626: authorization result of Require all granted: granted, referer: https://2blog.ilc.edu.tw/26064/
[Wed Aug 26 00:13:30.915909 2026] [authz_core:debug] [pid 2093232:tid 2093232] mod_authz_core.c(815): [client 2001:b011:7801:5307:68bf:358a:47f4:3002:62423] AH01626: authorization result of : granted, referer: https://2blog.ilc.edu.tw/26064/
[Wed Aug 26 00:13:30.916448 2026] [ssl:debug] [pid 2093207:tid 2093207] ssl_engine_kernel.c(254): [client 2001:b011:7801:5307:68bf:358a:47f4:3002:50021] AH02034: Initial (No.1) HTTPS request received for child 12 (server 2blog.ilc.edu.tw:443), referer: https://2blog.ilc.edu.tw/26064/
[Wed Aug 26 00:13:30.916483 2026] [ssl:debug] [pid 2093204:tid 2093204] ssl_engine_kernel.c(254): [client 2001:b011:7801:5307:68bf:358a:47f4:3002:64172] AH02034: Initial (No.1) HTTPS request received for child 6 (server 2blog.ilc.edu.tw:443), referer: https://2blog.ilc.edu.tw/26064/
[Wed Aug 26 00:13:30.916608 2026] [authz_core:debug] [pid 2093207:tid 2093207] mod_authz_core.c(815): [client 2001:b011:7801:5307:68bf:358a:47f4:3002:50021] AH01626: authorization result of Require all granted: granted, referer: https://2blog.ilc.edu.tw/26064/
[Wed Aug 26 00:13:30.916613 2026] [authz_core:debug] [pid 2093207:tid 2093207] mod_authz_core.c(815): [client 2001:b011:7801:5307:68bf:358a:47f4:3002:50021] AH01626: authorization result of : granted, referer: https://2blog.ilc.edu.tw/26064/
[Wed Aug 26 00:13:30.916618 2026] [authz_core:debug] [pid 2093204:tid 2093204] mod_authz_core.c(815): [client 2001:b011:7801:5307:68bf:358a:47f4:3002:64172] AH01626: authorization result of Require all granted: granted, referer: https://2blog.ilc.edu.tw/26064/
[Wed Aug 26 00:13:30.916622 2026] [authz_core:debug] [pid 2093204:tid 2093204] mod_authz_core.c(815): [client 2001:b011:7801:5307:68bf:358a:47f4:3002:64172] AH01626: authorization result of : granted, referer: https://2blog.ilc.edu.tw/26064/
[Wed Aug 26 00:13:30.916821 2026] [authz_core:debug] [pid 2093232:tid 2093232] mod_authz_core.c(815): [client 2001:b011:7801:5307:68bf:358a:47f4:3002:62423] AH01626: authorization result of Require all granted: granted, referer: https://2blog.ilc.edu.tw/26064/
[Wed Aug 26 00:13:30.916828 2026] [authz_core:debug] [pid 2093232:tid 2093232] mod_authz_core.c(815): [client 2001:b011:7801:5307:68bf:358a:47f4:3002:62423] AH01626: authorization result of : granted, referer: https://2blog.ilc.edu.tw/26064/
[Wed Aug 26 00:13:30.917083 2026] [authz_core:debug] [pid 2093204:tid 2093204] mod_authz_core.c(815): [client 2001:b011:7801:5307:68bf:358a:47f4:3002:64172] AH01626: authorization result of Require all granted: granted, referer: https://2blog.ilc.edu.tw/26064/
[Wed Aug 26 00:13:30.917095 2026] [authz_core:debug] [pid 2093204:tid 2093204] mod_authz_core.c(815): [client 2001:b011:7801:5307:68bf:358a:47f4:3002:64172] AH01626: authorization result of : granted, referer: https://2blog.ilc.edu.tw/26064/
[Wed Aug 26 00:13:30.917379 2026] [authz_core:debug] [pid 2093207:tid 2093207] mod_authz_core.c(815): [client 2001:b011:7801:5307:68bf:358a:47f4:3002:50021] AH01626: authorization result of Require all granted: granted, referer: https://2blog.ilc.edu.tw/26064/
[Wed Aug 26 00:13:30.917387 2026] [authz_core:debug] [pid 2093207:tid 2093207] mod_authz_core.c(815): [client 2001:b011:7801:5307:68bf:358a:47f4:3002:50021] AH01626: authorization result of : granted, referer: https://2blog.ilc.edu.tw/26064/
[Wed Aug 26 00:13:30.917404 2026] [deflate:debug] [pid 2093204:tid 2093204] mod_deflate.c(909): [client 2001:b011:7801:5307:68bf:358a:47f4:3002:64172] AH01384: Zlib: Compressed 6122 to 1446 : URL /wp-content/cache/2blog.ilc.edu.tw/wpfc-minified/19osmmt/5wyo0.css, referer: https://2blog.ilc.edu.tw/26064/
[Wed Aug 26 00:13:30.917457 2026] [ssl:debug] [pid 2093241:tid 2093241] ssl_engine_kernel.c(2082): [client 2001:b011:7801:5307:68bf:358a:47f4:3002:55224] AH02041: Protocol: TLSv1.3, Cipher: TLS_AES_256_GCM_SHA384 (256/256 bits)
[Wed Aug 26 00:13:30.917469 2026] [ssl:debug] [pid 2093265:tid 2093265] ssl_engine_kernel.c(2082): [client 2001:b011:7801:5307:68bf:358a:47f4:3002:63173] AH02041: Protocol: TLSv1.3, Cipher: TLS_AES_256_GCM_SHA384 (256/256 bits)
[Wed Aug 26 00:13:30.917505 2026] [socache_shmcb:debug] [pid 2093265:tid 2093265] mod_socache_shmcb.c(508): AH00831: socache_shmcb_store (0x17 -> subcache 23)
[Wed Aug 26 00:13:30.917511 2026] [socache_shmcb:debug] [pid 2093265:tid 2093265] mod_socache_shmcb.c(860): AH00847: insert happened at idx=5, data=(6794:6826)
[Wed Aug 26 00:13:30.917514 2026] [socache_shmcb:debug] [pid 2093265:tid 2093265] mod_socache_shmcb.c(863): AH00848: finished insert, subcache: idx_pos/idx_used=47/47, data_pos/data_used=10478/10405
[Wed Aug 26 00:13:30.917516 2026] [socache_shmcb:debug] [pid 2093265:tid 2093265] mod_socache_shmcb.c(530): AH00834: leaving socache_shmcb_store successfully
[Wed Aug 26 00:13:30.917524 2026] [socache_shmcb:debug] [pid 2093241:tid 2093241] mod_socache_shmcb.c(508): AH00831: socache_shmcb_store (0xea -> subcache 10)
[Wed Aug 26 00:13:30.917542 2026] [socache_shmcb:debug] [pid 2093241:tid 2093241] mod_socache_shmcb.c(860): AH00847: insert happened at idx=4, data=(6575:6607)
[Wed Aug 26 00:13:30.917546 2026] [socache_shmcb:debug] [pid 2093241:tid 2093241] mod_socache_shmcb.c(863): AH00848: finished insert, subcache: idx_pos/idx_used=50/43, data_pos/data_used=11147/9517
[Wed Aug 26 00:13:30.917549 2026] [socache_shmcb:debug] [pid 2093241:tid 2093241] mod_socache_shmcb.c(530): AH00834: leaving socache_shmcb_store successfully
[Wed Aug 26 00:13:30.917563 2026] [socache_shmcb:debug] [pid 2093265:tid 2093265] mod_socache_shmcb.c(508): AH00831: socache_shmcb_store (0x59 -> subcache 25)
[Wed Aug 26 00:13:30.917574 2026] [socache_shmcb:debug] [pid 2093265:tid 2093265] mod_socache_shmcb.c(745): AH00842: expiring 4 and reclaiming 0 removed socache entries
[Wed Aug 26 00:13:30.917576 2026] [socache_shmcb:debug] [pid 2093265:tid 2093265] mod_socache_shmcb.c(765): AH00843: we now have 44 socache entries
[Wed Aug 26 00:13:30.917578 2026] [socache_shmcb:debug] [pid 2093265:tid 2093265] mod_socache_shmcb.c(860): AH00847: insert happened at idx=13, data=(8509:8541)
[Wed Aug 26 00:13:30.917580 2026] [socache_shmcb:debug] [pid 2093265:tid 2093265] mod_socache_shmcb.c(863): AH00848: finished insert, subcache: idx_pos/idx_used=57/45, data_pos/data_used=12663/9936
[Wed Aug 26 00:13:30.917582 2026] [socache_shmcb:debug] [pid 2093265:tid 2093265] mod_socache_shmcb.c(530): AH00834: leaving socache_shmcb_store successfully
[Wed Aug 26 00:13:30.917616 2026] [socache_shmcb:debug] [pid 2093241:tid 2093241] mod_socache_shmcb.c(508): AH00831: socache_shmcb_store (0x14 -> subcache 20)
[Wed Aug 26 00:13:30.917633 2026] [socache_shmcb:debug] [pid 2093241:tid 2093241] mod_socache_shmcb.c(860): AH00847: insert happened at idx=17, data=(9567:9599)
[Wed Aug 26 00:13:30.917643 2026] [socache_shmcb:debug] [pid 2093241:tid 2093241] mod_socache_shmcb.c(863): AH00848: finished insert, subcache: idx_pos/idx_used=58/48, data_pos/data_used=12992/10664
[Wed Aug 26 00:13:30.917647 2026] [socache_shmcb:debug] [pid 2093241:tid 2093241] mod_socache_shmcb.c(530): AH00834: leaving socache_shmcb_store successfully
[Wed Aug 26 00:13:30.917767 2026] [ssl:debug] [pid 2093241:tid 2093241] ssl_engine_kernel.c(254): [client 2001:b011:7801:5307:68bf:358a:47f4:3002:55224] AH02034: Initial (No.1) HTTPS request received for child 10 (server 2blog.ilc.edu.tw:443), referer: https://2blog.ilc.edu.tw/26064/
[Wed Aug 26 00:13:30.917965 2026] [authz_core:debug] [pid 2093241:tid 2093241] mod_authz_core.c(815): [client 2001:b011:7801:5307:68bf:358a:47f4:3002:55224] AH01626: authorization result of Require all granted: granted, referer: https://2blog.ilc.edu.tw/26064/
[Wed Aug 26 00:13:30.917972 2026] [authz_core:debug] [pid 2093241:tid 2093241] mod_authz_core.c(815): [client 2001:b011:7801:5307:68bf:358a:47f4:3002:55224] AH01626: authorization result of : granted, referer: https://2blog.ilc.edu.tw/26064/
[Wed Aug 26 00:13:30.918472 2026] [ssl:debug] [pid 2093265:tid 2093265] ssl_engine_kernel.c(254): [client 2001:b011:7801:5307:68bf:358a:47f4:3002:63173] AH02034: Initial (No.1) HTTPS request received for child 39 (server 2blog.ilc.edu.tw:443), referer: https://2blog.ilc.edu.tw/26064/
[Wed Aug 26 00:13:30.918702 2026] [authz_core:debug] [pid 2093265:tid 2093265] mod_authz_core.c(815): [client 2001:b011:7801:5307:68bf:358a:47f4:3002:63173] AH01626: authorization result of Require all granted: granted, referer: https://2blog.ilc.edu.tw/26064/
[Wed Aug 26 00:13:30.918708 2026] [authz_core:debug] [pid 2093265:tid 2093265] mod_authz_core.c(815): [client 2001:b011:7801:5307:68bf:358a:47f4:3002:63173] AH01626: authorization result of : granted, referer: https://2blog.ilc.edu.tw/26064/
[Wed Aug 26 00:13:30.919836 2026] [authz_core:debug] [pid 2093265:tid 2093265] mod_authz_core.c(815): [client 2001:b011:7801:5307:68bf:358a:47f4:3002:63173] AH01626: authorization result of Require all granted: granted, referer: https://2blog.ilc.edu.tw/26064/
[Wed Aug 26 00:13:30.919844 2026] [authz_core:debug] [pid 2093265:tid 2093265] mod_authz_core.c(815): [client 2001:b011:7801:5307:68bf:358a:47f4:3002:63173] AH01626: authorization result of : granted, referer: https://2blog.ilc.edu.tw/26064/
[Wed Aug 26 00:13:30.920060 2026] [deflate:debug] [pid 2093232:tid 2093232] mod_deflate.c(909): [client 2001:b011:7801:5307:68bf:358a:47f4:3002:62423] AH01384: Zlib: Compressed 56655 to 10941 : URL /wp-content/cache/2blog.ilc.edu.tw/wpfc-minified/e5clb5h8/5wyo0.css, referer: https://2blog.ilc.edu.tw/26064/
[Wed Aug 26 00:13:30.921060 2026] [authz_core:debug] [pid 2093241:tid 2093241] mod_authz_core.c(815): [client 2001:b011:7801:5307:68bf:358a:47f4:3002:55224] AH01626: authorization result of Require all granted: granted, referer: https://2blog.ilc.edu.tw/26064/
[Wed Aug 26 00:13:30.921073 2026] [authz_core:debug] [pid 2093241:tid 2093241] mod_authz_core.c(815): [client 2001:b011:7801:5307:68bf:358a:47f4:3002:55224] AH01626: authorization result of : granted, referer: https://2blog.ilc.edu.tw/26064/
[Wed Aug 26 00:13:30.921436 2026] [deflate:debug] [pid 2093241:tid 2093241] mod_deflate.c(909): [client 2001:b011:7801:5307:68bf:358a:47f4:3002:55224] AH01384: Zlib: Compressed 1174 to 379 : URL /wp-content/uploads/sites/1066/elementor/css/post-1566.css, referer: https://2blog.ilc.edu.tw/26064/
[Wed Aug 26 00:13:30.922016 2026] [deflate:debug] [pid 2093207:tid 2093207] mod_deflate.c(909): [client 2001:b011:7801:5307:68bf:358a:47f4:3002:50021] AH01384: Zlib: Compressed 238248 to 32782 : URL /wp-content/cache/2blog.ilc.edu.tw/wpfc-minified/dev32l5p/5x1ix.css, referer: https://2blog.ilc.edu.tw/26064/
[Wed Aug 26 00:13:30.923479 2026] [ssl:debug] [pid 2093259:tid 2093259] ssl_engine_kernel.c(254): [client 2001:b011:7801:5307:68bf:358a:47f4:3002:51541] AH02034: Subsequent (No.3) HTTPS request received for child 32 (server 2blog.ilc.edu.tw:443), referer: https://2blog.ilc.edu.tw/26064/
[Wed Aug 26 00:13:30.923620 2026] [authz_core:debug] [pid 2093259:tid 2093259] mod_authz_core.c(815): [client 2001:b011:7801:5307:68bf:358a:47f4:3002:51541] AH01626: authorization result of Require all granted: granted, referer: https://2blog.ilc.edu.tw/26064/
[Wed Aug 26 00:13:30.923624 2026] [authz_core:debug] [pid 2093259:tid 2093259] mod_authz_core.c(815): [client 2001:b011:7801:5307:68bf:358a:47f4:3002:51541] AH01626: authorization result of : granted, referer: https://2blog.ilc.edu.tw/26064/
[Wed Aug 26 00:13:30.923934 2026] [authz_core:debug] [pid 2093259:tid 2093259] mod_authz_core.c(815): [client 2001:b011:7801:5307:68bf:358a:47f4:3002:51541] AH01626: authorization result of Require all granted: granted, referer: https://2blog.ilc.edu.tw/26064/
[Wed Aug 26 00:13:30.923940 2026] [authz_core:debug] [pid 2093259:tid 2093259] mod_authz_core.c(815): [client 2001:b011:7801:5307:68bf:358a:47f4:3002:51541] AH01626: authorization result of : granted, referer: https://2blog.ilc.edu.tw/26064/
[Wed Aug 26 00:13:30.924445 2026] [deflate:debug] [pid 2093259:tid 2093259] mod_deflate.c(909): [client 2001:b011:7801:5307:68bf:358a:47f4:3002:51541] AH01384: Zlib: Compressed 2002 to 393 : URL /wp-content/uploads/sites/1066/elementor/css/post-2.css, referer: https://2blog.ilc.edu.tw/26064/
[Wed Aug 26 00:13:30.926465 2026] [ssl:debug] [pid 2093204:tid 2093204] ssl_engine_kernel.c(254): [client 2001:b011:7801:5307:68bf:358a:47f4:3002:64172] AH02034: Subsequent (No.2) HTTPS request received for child 6 (server 2blog.ilc.edu.tw:443), referer: https://2blog.ilc.edu.tw/26064/
[Wed Aug 26 00:13:30.926594 2026] [authz_core:debug] [pid 2093204:tid 2093204] mod_authz_core.c(815): [client 2001:b011:7801:5307:68bf:358a:47f4:3002:64172] AH01626: authorization result of Require all granted: granted, referer: https://2blog.ilc.edu.tw/26064/
[Wed Aug 26 00:13:30.926598 2026] [authz_core:debug] [pid 2093204:tid 2093204] mod_authz_core.c(815): [client 2001:b011:7801:5307:68bf:358a:47f4:3002:64172] AH01626: authorization result of : granted, referer: https://2blog.ilc.edu.tw/26064/
[Wed Aug 26 00:13:30.927194 2026] [authz_core:debug] [pid 2093204:tid 2093204] mod_authz_core.c(815): [client 2001:b011:7801:5307:68bf:358a:47f4:3002:64172] AH01626: authorization result of Require all granted: granted, referer: https://2blog.ilc.edu.tw/26064/
[Wed Aug 26 00:13:30.927206 2026] [authz_core:debug] [pid 2093204:tid 2093204] mod_authz_core.c(815): [client 2001:b011:7801:5307:68bf:358a:47f4:3002:64172] AH01626: authorization result of : granted, referer: https://2blog.ilc.edu.tw/26064/
[Wed Aug 26 00:13:30.927473 2026] [deflate:debug] [pid 2093265:tid 2093265] mod_deflate.c(909): [client 2001:b011:7801:5307:68bf:358a:47f4:3002:63173] AH01384: Zlib: Compressed 499245 to 46241 : URL /wp-content/cache/2blog.ilc.edu.tw/wpfc-minified/loenbf1k/5x1ix.css, referer: https://2blog.ilc.edu.tw/26064/
[Wed Aug 26 00:13:30.928527 2026] [ssl:debug] [pid 2093232:tid 2093232] ssl_engine_kernel.c(254): [client 2001:b011:7801:5307:68bf:358a:47f4:3002:62423] AH02034: Subsequent (No.5) HTTPS request received for child 4 (server 2blog.ilc.edu.tw:443), referer: https://2blog.ilc.edu.tw/26064/
[Wed Aug 26 00:13:30.928655 2026] [authz_core:debug] [pid 2093232:tid 2093232] mod_authz_core.c(815): [client 2001:b011:7801:5307:68bf:358a:47f4:3002:62423] AH01626: authorization result of Require all granted: granted, referer: https://2blog.ilc.edu.tw/26064/
[Wed Aug 26 00:13:30.928660 2026] [authz_core:debug] [pid 2093232:tid 2093232] mod_authz_core.c(815): [client 2001:b011:7801:5307:68bf:358a:47f4:3002:62423] AH01626: authorization result of : granted, referer: https://2blog.ilc.edu.tw/26064/
[Wed Aug 26 00:13:30.929096 2026] [authz_core:debug] [pid 2093232:tid 2093232] mod_authz_core.c(815): [client 2001:b011:7801:5307:68bf:358a:47f4:3002:62423] AH01626: authorization result of Require all granted: granted, referer: https://2blog.ilc.edu.tw/26064/
[Wed Aug 26 00:13:30.929107 2026] [authz_core:debug] [pid 2093232:tid 2093232] mod_authz_core.c(815): [client 2001:b011:7801:5307:68bf:358a:47f4:3002:62423] AH01626: authorization result of : granted, referer: https://2blog.ilc.edu.tw/26064/
[Wed Aug 26 00:13:30.930468 2026] [ssl:debug] [pid 2093241:tid 2093241] ssl_engine_kernel.c(254): [client 2001:b011:7801:5307:68bf:358a:47f4:3002:55224] AH02034: Subsequent (No.2) HTTPS request received for child 10 (server 2blog.ilc.edu.tw:443), referer: https://2blog.ilc.edu.tw/26064/
[Wed Aug 26 00:13:30.930586 2026] [authz_core:debug] [pid 2093241:tid 2093241] mod_authz_core.c(815): [client 2001:b011:7801:5307:68bf:358a:47f4:3002:55224] AH01626: authorization result of Require all granted: granted, referer: https://2blog.ilc.edu.tw/26064/
[Wed Aug 26 00:13:30.930590 2026] [authz_core:debug] [pid 2093241:tid 2093241] mod_authz_core.c(815): [client 2001:b011:7801:5307:68bf:358a:47f4:3002:55224] AH01626: authorization result of : granted, referer: https://2blog.ilc.edu.tw/26064/
[Wed Aug 26 00:13:30.931146 2026] [deflate:debug] [pid 2093204:tid 2093204] mod_deflate.c(909): [client 2001:b011:7801:5307:68bf:358a:47f4:3002:64172] AH01384: Zlib: Compressed 101302 to 34536 : URL /wp-content/cache/2blog.ilc.edu.tw/wpfc-minified/etggfdbp/5wyo0.js, referer: https://2blog.ilc.edu.tw/26064/
[Wed Aug 26 00:13:30.931852 2026] [authz_core:debug] [pid 2093241:tid 2093241] mod_authz_core.c(815): [client 2001:b011:7801:5307:68bf:358a:47f4:3002:55224] AH01626: authorization result of Require all granted: granted, referer: https://2blog.ilc.edu.tw/26064/
[Wed Aug 26 00:13:30.931857 2026] [authz_core:debug] [pid 2093241:tid 2093241] mod_authz_core.c(815): [client 2001:b011:7801:5307:68bf:358a:47f4:3002:55224] AH01626: authorization result of : granted, referer: https://2blog.ilc.edu.tw/26064/
[Wed Aug 26 00:13:30.932423 2026] [ssl:debug] [pid 2093259:tid 2093259] ssl_engine_kernel.c(254): [client 2001:b011:7801:5307:68bf:358a:47f4:3002:51541] AH02034: Subsequent (No.4) HTTPS request received for child 32 (server 2blog.ilc.edu.tw:443), referer: https://2blog.ilc.edu.tw/26064/
[Wed Aug 26 00:13:30.932537 2026] [authz_core:debug] [pid 2093259:tid 2093259] mod_authz_core.c(815): [client 2001:b011:7801:5307:68bf:358a:47f4:3002:51541] AH01626: authorization result of Require all granted: granted, referer: https://2blog.ilc.edu.tw/26064/
[Wed Aug 26 00:13:30.932541 2026] [authz_core:debug] [pid 2093259:tid 2093259] mod_authz_core.c(815): [client 2001:b011:7801:5307:68bf:358a:47f4:3002:51541] AH01626: authorization result of : granted, referer: https://2blog.ilc.edu.tw/26064/
[Wed Aug 26 00:13:30.934052 2026] [authz_core:debug] [pid 2093259:tid 2093259] mod_authz_core.c(815): [client 2001:b011:7801:5307:68bf:358a:47f4:3002:51541] AH01626: authorization result of Require all granted: granted, referer: https://2blog.ilc.edu.tw/26064/
[Wed Aug 26 00:13:30.934060 2026] [authz_core:debug] [pid 2093259:tid 2093259] mod_authz_core.c(815): [client 2001:b011:7801:5307:68bf:358a:47f4:3002:51541] AH01626: authorization result of : granted, referer: https://2blog.ilc.edu.tw/26064/
[Wed Aug 26 00:13:30.936308 2026] [deflate:debug] [pid 2093259:tid 2093259] mod_deflate.c(909): [client 2001:b011:7801:5307:68bf:358a:47f4:3002:51541] AH01384: Zlib: Compressed 112428 to 14824 : URL /wp-content/cache/2blog.ilc.edu.tw/wpfc-minified/l9vefo0h/5wyo0.css, referer: https://2blog.ilc.edu.tw/26064/
[Wed Aug 26 00:13:30.985426 2026] [ssl:debug] [pid 2093259:tid 2093259] ssl_engine_kernel.c(254): [client 2001:b011:7801:5307:68bf:358a:47f4:3002:51541] AH02034: Subsequent (No.5) HTTPS request received for child 32 (server 2blog.ilc.edu.tw:443), referer: https://2blog.ilc.edu.tw/26064/
[Wed Aug 26 00:13:30.985614 2026] [authz_core:debug] [pid 2093259:tid 2093259] mod_authz_core.c(815): [client 2001:b011:7801:5307:68bf:358a:47f4:3002:51541] AH01626: authorization result of Require all granted: granted, referer: https://2blog.ilc.edu.tw/26064/
[Wed Aug 26 00:13:30.985627 2026] [authz_core:debug] [pid 2093259:tid 2093259] mod_authz_core.c(815): [client 2001:b011:7801:5307:68bf:358a:47f4:3002:51541] AH01626: authorization result of : granted, referer: https://2blog.ilc.edu.tw/26064/
[Wed Aug 26 00:13:30.985764 2026] [authz_core:debug] [pid 2093259:tid 2093259] mod_authz_core.c(815): [client 2001:b011:7801:5307:68bf:358a:47f4:3002:51541] AH01626: authorization result of Require all granted: granted, referer: https://2blog.ilc.edu.tw/26064/
[Wed Aug 26 00:13:30.985768 2026] [authz_core:debug] [pid 2093259:tid 2093259] mod_authz_core.c(815): [client 2001:b011:7801:5307:68bf:358a:47f4:3002:51541] AH01626: authorization result of : granted, referer: https://2blog.ilc.edu.tw/26064/
[Wed Aug 26 00:13:30.985875 2026] [deflate:debug] [pid 2093259:tid 2093259] mod_deflate.c(909): [client 2001:b011:7801:5307:68bf:358a:47f4:3002:51541] AH01384: Zlib: Compressed 1718 to 700 : URL /wp-includes/js/hoverintent-js.min.js, referer: https://2blog.ilc.edu.tw/26064/
[Wed Aug 26 00:13:31.013364 2026] [ssl:debug] [pid 2093259:tid 2093259] ssl_engine_kernel.c(254): [client 2001:b011:7801:5307:68bf:358a:47f4:3002:51541] AH02034: Subsequent (No.6) HTTPS request received for child 32 (server 2blog.ilc.edu.tw:443), referer: https://2blog.ilc.edu.tw/26064/
[Wed Aug 26 00:13:31.013546 2026] [authz_core:debug] [pid 2093259:tid 2093259] mod_authz_core.c(815): [client 2001:b011:7801:5307:68bf:358a:47f4:3002:51541] AH01626: authorization result of Require all granted: granted, referer: https://2blog.ilc.edu.tw/26064/
[Wed Aug 26 00:13:31.013551 2026] [authz_core:debug] [pid 2093259:tid 2093259] mod_authz_core.c(815): [client 2001:b011:7801:5307:68bf:358a:47f4:3002:51541] AH01626: authorization result of : granted, referer: https://2blog.ilc.edu.tw/26064/
[Wed Aug 26 00:13:31.013678 2026] [authz_core:debug] [pid 2093259:tid 2093259] mod_authz_core.c(815): [client 2001:b011:7801:5307:68bf:358a:47f4:3002:51541] AH01626: authorization result of Require all granted: granted, referer: https://2blog.ilc.edu.tw/26064/
[Wed Aug 26 00:13:31.013682 2026] [authz_core:debug] [pid 2093259:tid 2093259] mod_authz_core.c(815): [client 2001:b011:7801:5307:68bf:358a:47f4:3002:51541] AH01626: authorization result of : granted, referer: https://2blog.ilc.edu.tw/26064/
[Wed Aug 26 00:13:31.013822 2026] [deflate:debug] [pid 2093259:tid 2093259] mod_deflate.c(909): [client 2001:b011:7801:5307:68bf:358a:47f4:3002:51541] AH01384: Zlib: Compressed 3487 to 1339 : URL /wp-includes/js/admin-bar.min.js, referer: https://2blog.ilc.edu.tw/26064/
[Wed Aug 26 00:13:31.066491 2026] [ssl:debug] [pid 2093241:tid 2093241] ssl_engine_kernel.c(254): [client 2001:b011:7801:5307:68bf:358a:47f4:3002:55224] AH02034: Subsequent (No.3) HTTPS request received for child 10 (server 2blog.ilc.edu.tw:443), referer: https://2blog.ilc.edu.tw/26064/
[Wed Aug 26 00:13:31.066714 2026] [authz_core:debug] [pid 2093241:tid 2093241] mod_authz_core.c(815): [client 2001:b011:7801:5307:68bf:358a:47f4:3002:55224] AH01626: authorization result of Require all granted: granted, referer: https://2blog.ilc.edu.tw/26064/
[Wed Aug 26 00:13:31.066720 2026] [authz_core:debug] [pid 2093241:tid 2093241] mod_authz_core.c(815): [client 2001:b011:7801:5307:68bf:358a:47f4:3002:55224] AH01626: authorization result of : granted, referer: https://2blog.ilc.edu.tw/26064/
[Wed Aug 26 00:13:31.066869 2026] [authz_core:debug] [pid 2093241:tid 2093241] mod_authz_core.c(815): [client 2001:b011:7801:5307:68bf:358a:47f4:3002:55224] AH01626: authorization result of Require all granted: granted, referer: https://2blog.ilc.edu.tw/26064/
[Wed Aug 26 00:13:31.066873 2026] [authz_core:debug] [pid 2093241:tid 2093241] mod_authz_core.c(815): [client 2001:b011:7801:5307:68bf:358a:47f4:3002:55224] AH01626: authorization result of : granted, referer: https://2blog.ilc.edu.tw/26064/
[Wed Aug 26 00:13:31.066973 2026] [deflate:debug] [pid 2093241:tid 2093241] mod_deflate.c(909): [client 2001:b011:7801:5307:68bf:358a:47f4:3002:55224] AH01384: Zlib: Compressed 880 to 454 : URL /wp-content/themes/talon/js/skip-link-focus-fix.js, referer: https://2blog.ilc.edu.tw/26064/
[Wed Aug 26 00:13:31.080575 2026] [ssl:debug] [pid 2093241:tid 2093241] ssl_engine_kernel.c(254): [client 2001:b011:7801:5307:68bf:358a:47f4:3002:55224] AH02034: Subsequent (No.4) HTTPS request received for child 10 (server 2blog.ilc.edu.tw:443), referer: https://2blog.ilc.edu.tw/26064/
[Wed Aug 26 00:13:31.080827 2026] [authz_core:debug] [pid 2093241:tid 2093241] mod_authz_core.c(815): [client 2001:b011:7801:5307:68bf:358a:47f4:3002:55224] AH01626: authorization result of Require all granted: granted, referer: https://2blog.ilc.edu.tw/26064/
[Wed Aug 26 00:13:31.080848 2026] [authz_core:debug] [pid 2093241:tid 2093241] mod_authz_core.c(815): [client 2001:b011:7801:5307:68bf:358a:47f4:3002:55224] AH01626: authorization result of : granted, referer: https://2blog.ilc.edu.tw/26064/
[Wed Aug 26 00:13:31.081124 2026] [authz_core:debug] [pid 2093241:tid 2093241] mod_authz_core.c(815): [client 2001:b011:7801:5307:68bf:358a:47f4:3002:55224] AH01626: authorization result of Require all granted: granted, referer: https://2blog.ilc.edu.tw/26064/
[Wed Aug 26 00:13:31.081134 2026] [authz_core:debug] [pid 2093241:tid 2093241] mod_authz_core.c(815): [client 2001:b011:7801:5307:68bf:358a:47f4:3002:55224] AH01626: authorization result of : granted, referer: https://2blog.ilc.edu.tw/26064/
[Wed Aug 26 00:13:31.082385 2026] [ssl:debug] [pid 2093259:tid 2093259] ssl_engine_kernel.c(254): [client 2001:b011:7801:5307:68bf:358a:47f4:3002:51541] AH02034: Subsequent (No.7) HTTPS request received for child 32 (server 2blog.ilc.edu.tw:443), referer: https://2blog.ilc.edu.tw/26064/
[Wed Aug 26 00:13:31.082536 2026] [authz_core:debug] [pid 2093259:tid 2093259] mod_authz_core.c(815): [client 2001:b011:7801:5307:68bf:358a:47f4:3002:51541] AH01626: authorization result of Require all granted: granted, referer: https://2blog.ilc.edu.tw/26064/
[Wed Aug 26 00:13:31.082541 2026] [authz_core:debug] [pid 2093259:tid 2093259] mod_authz_core.c(815): [client 2001:b011:7801:5307:68bf:358a:47f4:3002:51541] AH01626: authorization result of : granted, referer: https://2blog.ilc.edu.tw/26064/
[Wed Aug 26 00:13:31.082676 2026] [authz_core:debug] [pid 2093259:tid 2093259] mod_authz_core.c(815): [client 2001:b011:7801:5307:68bf:358a:47f4:3002:51541] AH01626: authorization result of Require all granted: granted, referer: https://2blog.ilc.edu.tw/26064/
[Wed Aug 26 00:13:31.082680 2026] [authz_core:debug] [pid 2093259:tid 2093259] mod_authz_core.c(815): [client 2001:b011:7801:5307:68bf:358a:47f4:3002:51541] AH01626: authorization result of : granted, referer: https://2blog.ilc.edu.tw/26064/
[Wed Aug 26 00:13:31.082861 2026] [deflate:debug] [pid 2093259:tid 2093259] mod_deflate.c(909): [client 2001:b011:7801:5307:68bf:358a:47f4:3002:51541] AH01384: Zlib: Compressed 4813 to 1642 : URL /wp-content/themes/talon/js/main.js, referer: https://2blog.ilc.edu.tw/26064/
[Wed Aug 26 00:13:31.083815 2026] [deflate:debug] [pid 2093241:tid 2093241] mod_deflate.c(909): [client 2001:b011:7801:5307:68bf:358a:47f4:3002:55224] AH01384: Zlib: Compressed 86105 to 22159 : URL /wp-content/themes/talon/js/scripts.min.js, referer: https://2blog.ilc.edu.tw/26064/
[Wed Aug 26 00:13:31.106676 2026] [ssl:debug] [pid 2093241:tid 2093241] ssl_engine_kernel.c(254): [client 2001:b011:7801:5307:68bf:358a:47f4:3002:55224] AH02034: Subsequent (No.5) HTTPS request received for child 10 (server 2blog.ilc.edu.tw:443), referer: https://2blog.ilc.edu.tw/26064/
[Wed Aug 26 00:13:31.106868 2026] [authz_core:debug] [pid 2093241:tid 2093241] mod_authz_core.c(815): [client 2001:b011:7801:5307:68bf:358a:47f4:3002:55224] AH01626: authorization result of Require all granted: granted, referer: https://2blog.ilc.edu.tw/26064/
[Wed Aug 26 00:13:31.106873 2026] [authz_core:debug] [pid 2093241:tid 2093241] mod_authz_core.c(815): [client 2001:b011:7801:5307:68bf:358a:47f4:3002:55224] AH01626: authorization result of : granted, referer: https://2blog.ilc.edu.tw/26064/
[Wed Aug 26 00:13:31.107030 2026] [authz_core:debug] [pid 2093241:tid 2093241] mod_authz_core.c(815): [client 2001:b011:7801:5307:68bf:358a:47f4:3002:55224] AH01626: authorization result of Require all granted: granted, referer: https://2blog.ilc.edu.tw/26064/
[Wed Aug 26 00:13:31.107035 2026] [authz_core:debug] [pid 2093241:tid 2093241] mod_authz_core.c(815): [client 2001:b011:7801:5307:68bf:358a:47f4:3002:55224] AH01626: authorization result of : granted, referer: https://2blog.ilc.edu.tw/26064/
[Wed Aug 26 00:13:31.107224 2026] [deflate:debug] [pid 2093241:tid 2093241] mod_deflate.c(909): [client 2001:b011:7801:5307:68bf:358a:47f4:3002:55224] AH01384: Zlib: Compressed 5520 to 1785 : URL /wp-includes/js/imagesloaded.min.js, referer: https://2blog.ilc.edu.tw/26064/
[Wed Aug 26 00:13:31.109520 2026] [ssl:debug] [pid 2093259:tid 2093259] ssl_engine_kernel.c(254): [client 2001:b011:7801:5307:68bf:358a:47f4:3002:51541] AH02034: Subsequent (No.8) HTTPS request received for child 32 (server 2blog.ilc.edu.tw:443), referer: https://2blog.ilc.edu.tw/26064/
[Wed Aug 26 00:13:31.109672 2026] [authz_core:debug] [pid 2093259:tid 2093259] mod_authz_core.c(815): [client 2001:b011:7801:5307:68bf:358a:47f4:3002:51541] AH01626: authorization result of Require all granted: granted, referer: https://2blog.ilc.edu.tw/26064/
[Wed Aug 26 00:13:31.109677 2026] [authz_core:debug] [pid 2093259:tid 2093259] mod_authz_core.c(815): [client 2001:b011:7801:5307:68bf:358a:47f4:3002:51541] AH01626: authorization result of : granted, referer: https://2blog.ilc.edu.tw/26064/
[Wed Aug 26 00:13:31.109792 2026] [authz_core:debug] [pid 2093259:tid 2093259] mod_authz_core.c(815): [client 2001:b011:7801:5307:68bf:358a:47f4:3002:51541] AH01626: authorization result of Require all granted: granted, referer: https://2blog.ilc.edu.tw/26064/
[Wed Aug 26 00:13:31.109796 2026] [authz_core:debug] [pid 2093259:tid 2093259] mod_authz_core.c(815): [client 2001:b011:7801:5307:68bf:358a:47f4:3002:51541] AH01626: authorization result of : granted, referer: https://2blog.ilc.edu.tw/26064/
[Wed Aug 26 00:13:31.110457 2026] [deflate:debug] [pid 2093259:tid 2093259] mod_deflate.c(909): [client 2001:b011:7801:5307:68bf:358a:47f4:3002:51541] AH01384: Zlib: Compressed 24138 to 7364 : URL /wp-includes/js/masonry.min.js, referer: https://2blog.ilc.edu.tw/26064/
[Wed Aug 26 00:13:31.117514 2026] [ssl:debug] [pid 2093241:tid 2093241] ssl_engine_kernel.c(254): [client 2001:b011:7801:5307:68bf:358a:47f4:3002:55224] AH02034: Subsequent (No.6) HTTPS request received for child 10 (server 2blog.ilc.edu.tw:443), referer: https://2blog.ilc.edu.tw/26064/
[Wed Aug 26 00:13:31.117684 2026] [authz_core:debug] [pid 2093241:tid 2093241] mod_authz_core.c(815): [client 2001:b011:7801:5307:68bf:358a:47f4:3002:55224] AH01626: authorization result of Require all granted: granted, referer: https://2blog.ilc.edu.tw/26064/
[Wed Aug 26 00:13:31.117688 2026] [authz_core:debug] [pid 2093241:tid 2093241] mod_authz_core.c(815): [client 2001:b011:7801:5307:68bf:358a:47f4:3002:55224] AH01626: authorization result of : granted, referer: https://2blog.ilc.edu.tw/26064/
[Wed Aug 26 00:13:31.117823 2026] [authz_core:debug] [pid 2093241:tid 2093241] mod_authz_core.c(815): [client 2001:b011:7801:5307:68bf:358a:47f4:3002:55224] AH01626: authorization result of Require all granted: granted, referer: https://2blog.ilc.edu.tw/26064/
[Wed Aug 26 00:13:31.117826 2026] [authz_core:debug] [pid 2093241:tid 2093241] mod_authz_core.c(815): [client 2001:b011:7801:5307:68bf:358a:47f4:3002:55224] AH01626: authorization result of : granted, referer: https://2blog.ilc.edu.tw/26064/
[Wed Aug 26 00:13:31.118014 2026] [deflate:debug] [pid 2093241:tid 2093241] mod_deflate.c(909): [client 2001:b011:7801:5307:68bf:358a:47f4:3002:55224] AH01384: Zlib: Compressed 5881 to 2664 : URL /wp-content/plugins/elementor-pro/assets/js/webpack-pro.runtime.min.js, referer: https://2blog.ilc.edu.tw/26064/
[Wed Aug 26 00:13:31.122538 2026] [ssl:debug] [pid 2093259:tid 2093259] ssl_engine_kernel.c(254): [client 2001:b011:7801:5307:68bf:358a:47f4:3002:51541] AH02034: Subsequent (No.9) HTTPS request received for child 32 (server 2blog.ilc.edu.tw:443), referer: https://2blog.ilc.edu.tw/26064/
[Wed Aug 26 00:13:31.122713 2026] [authz_core:debug] [pid 2093259:tid 2093259] mod_authz_core.c(815): [client 2001:b011:7801:5307:68bf:358a:47f4:3002:51541] AH01626: authorization result of Require all granted: granted, referer: https://2blog.ilc.edu.tw/26064/
[Wed Aug 26 00:13:31.122718 2026] [authz_core:debug] [pid 2093259:tid 2093259] mod_authz_core.c(815): [client 2001:b011:7801:5307:68bf:358a:47f4:3002:51541] AH01626: authorization result of : granted, referer: https://2blog.ilc.edu.tw/26064/
[Wed Aug 26 00:13:31.122853 2026] [authz_core:debug] [pid 2093259:tid 2093259] mod_authz_core.c(815): [client 2001:b011:7801:5307:68bf:358a:47f4:3002:51541] AH01626: authorization result of Require all granted: granted, referer: https://2blog.ilc.edu.tw/26064/
[Wed Aug 26 00:13:31.122857 2026] [authz_core:debug] [pid 2093259:tid 2093259] mod_authz_core.c(815): [client 2001:b011:7801:5307:68bf:358a:47f4:3002:51541] AH01626: authorization result of : granted, referer: https://2blog.ilc.edu.tw/26064/
[Wed Aug 26 00:13:31.123030 2026] [deflate:debug] [pid 2093259:tid 2093259] mod_deflate.c(909): [client 2001:b011:7801:5307:68bf:358a:47f4:3002:51541] AH01384: Zlib: Compressed 4997 to 2197 : URL /wp-content/plugins/elementor/assets/js/webpack.runtime.min.js, referer: https://2blog.ilc.edu.tw/26064/
[Wed Aug 26 00:13:31.126525 2026] [ssl:debug] [pid 2093241:tid 2093241] ssl_engine_kernel.c(254): [client 2001:b011:7801:5307:68bf:358a:47f4:3002:55224] AH02034: Subsequent (No.7) HTTPS request received for child 10 (server 2blog.ilc.edu.tw:443), referer: https://2blog.ilc.edu.tw/26064/
[Wed Aug 26 00:13:31.126675 2026] [authz_core:debug] [pid 2093241:tid 2093241] mod_authz_core.c(815): [client 2001:b011:7801:5307:68bf:358a:47f4:3002:55224] AH01626: authorization result of Require all granted: granted, referer: https://2blog.ilc.edu.tw/26064/
[Wed Aug 26 00:13:31.126679 2026] [authz_core:debug] [pid 2093241:tid 2093241] mod_authz_core.c(815): [client 2001:b011:7801:5307:68bf:358a:47f4:3002:55224] AH01626: authorization result of : granted, referer: https://2blog.ilc.edu.tw/26064/
[Wed Aug 26 00:13:31.126801 2026] [authz_core:debug] [pid 2093241:tid 2093241] mod_authz_core.c(815): [client 2001:b011:7801:5307:68bf:358a:47f4:3002:55224] AH01626: authorization result of Require all granted: granted, referer: https://2blog.ilc.edu.tw/26064/
[Wed Aug 26 00:13:31.126805 2026] [authz_core:debug] [pid 2093241:tid 2093241] mod_authz_core.c(815): [client 2001:b011:7801:5307:68bf:358a:47f4:3002:55224] AH01626: authorization result of : granted, referer: https://2blog.ilc.edu.tw/26064/
