[Wed Aug 26 00:10:27.053571 2026] [socache_shmcb:debug] [pid 2088616:tid 2088616] mod_socache_shmcb.c(530): AH00834: leaving socache_shmcb_store successfully
[Wed Aug 26 00:10:27.058178 2026] [ssl:debug] [pid 2088616:tid 2088616] ssl_engine_kernel.c(254): [client 111.240.15.69:41974] AH02034: Initial (No.1) HTTPS request received for child 39 (server www.sanjh.ilc.edu.tw:443), referer: https://www.google.com/
[Wed Aug 26 00:10:27.058571 2026] [authz_core:debug] [pid 2088616:tid 2088616] mod_authz_core.c(815): [client 111.240.15.69:41974] AH01626: authorization result of Require all granted: granted, referer: https://www.google.com/
[Wed Aug 26 00:10:27.058581 2026] [authz_core:debug] [pid 2088616:tid 2088616] mod_authz_core.c(815): [client 111.240.15.69:41974] AH01626: authorization result of : granted, referer: https://www.google.com/
[Wed Aug 26 00:10:27.058812 2026] [authz_core:debug] [pid 2088616:tid 2088616] mod_authz_core.c(815): [client 111.240.15.69:41974] AH01626: authorization result of Require all granted: granted, referer: https://www.google.com/
[Wed Aug 26 00:10:27.058818 2026] [authz_core:debug] [pid 2088616:tid 2088616] mod_authz_core.c(815): [client 111.240.15.69:41974] AH01626: authorization result of : granted, referer: https://www.google.com/
[Wed Aug 26 00:10:27.068608 2026] [ssl:debug] [pid 2088607:tid 2088607] ssl_engine_io.c(1150): [client 2408:8722:a000:1::64:15466] AH02001: Connection closed to child 29 with standard shutdown (server 2blog.ilc.edu.tw:443)
[Wed Aug 26 00:10:27.082216 2026] [deflate:debug] [pid 2088616:tid 2088616] mod_deflate.c(909): [client 111.240.15.69:41974] AH01384: Zlib: Compressed 116127 to 25191 : URL /index.php, referer: https://www.google.com/
[Wed Aug 26 00:10:27.128480 2026] [ssl:debug] [pid 2088478:tid 2088478] ssl_engine_kernel.c(254): [client 34.56.53.225:21504] AH02034: Initial (No.1) HTTPS request received for child 3 (server 2blog.ilc.edu.tw:443)
[Wed Aug 26 00:10:27.128675 2026] [authz_core:debug] [pid 2088478:tid 2088478] mod_authz_core.c(815): [client 34.56.53.225:21504] AH01626: authorization result of Require all granted: granted
[Wed Aug 26 00:10:27.128680 2026] [authz_core:debug] [pid 2088478:tid 2088478] mod_authz_core.c(815): [client 34.56.53.225:21504] AH01626: authorization result of : granted
[Wed Aug 26 00:10:27.128804 2026] [authz_core:debug] [pid 2088478:tid 2088478] mod_authz_core.c(815): [client 34.56.53.225:21504] AH01626: authorization result of Require all granted: granted
[Wed Aug 26 00:10:27.128808 2026] [authz_core:debug] [pid 2088478:tid 2088478] mod_authz_core.c(815): [client 34.56.53.225:21504] AH01626: authorization result of : granted
[Wed Aug 26 00:10:27.139668 2026] [ssl:debug] [pid 2088598:tid 2088598] ssl_engine_kernel.c(2082): [client 136.119.35.120:9728] AH02041: Protocol: TLSv1.3, Cipher: TLS_AES_256_GCM_SHA384 (256/256 bits)
[Wed Aug 26 00:10:27.139747 2026] [socache_shmcb:debug] [pid 2088598:tid 2088598] mod_socache_shmcb.c(508): AH00831: socache_shmcb_store (0xb9 -> subcache 25)
[Wed Aug 26 00:10:27.139756 2026] [socache_shmcb:debug] [pid 2088598:tid 2088598] mod_socache_shmcb.c(860): AH00847: insert happened at idx=67, data=(988:1020)
[Wed Aug 26 00:10:27.139760 2026] [socache_shmcb:debug] [pid 2088598:tid 2088598] mod_socache_shmcb.c(863): AH00848: finished insert, subcache: idx_pos/idx_used=31/37, data_pos/data_used=6871/8206
[Wed Aug 26 00:10:27.139763 2026] [socache_shmcb:debug] [pid 2088598:tid 2088598] mod_socache_shmcb.c(530): AH00834: leaving socache_shmcb_store successfully
[Wed Aug 26 00:10:27.139845 2026] [socache_shmcb:debug] [pid 2088598:tid 2088598] mod_socache_shmcb.c(508): AH00831: socache_shmcb_store (0x1d -> subcache 29)
[Wed Aug 26 00:10:27.139864 2026] [socache_shmcb:debug] [pid 2088598:tid 2088598] mod_socache_shmcb.c(860): AH00847: insert happened at idx=78, data=(3402:3434)
[Wed Aug 26 00:10:27.139867 2026] [socache_shmcb:debug] [pid 2088598:tid 2088598] mod_socache_shmcb.c(863): AH00848: finished insert, subcache: idx_pos/idx_used=39/40, data_pos/data_used=8651/8841
[Wed Aug 26 00:10:27.139870 2026] [socache_shmcb:debug] [pid 2088598:tid 2088598] mod_socache_shmcb.c(530): AH00834: leaving socache_shmcb_store successfully
[Wed Aug 26 00:10:27.154787 2026] [ssl:debug] [pid 2088616:tid 2088616] ssl_engine_kernel.c(254): [client 111.240.15.69:41974] AH02034: Subsequent (No.2) HTTPS request received for child 39 (server www.sanjh.ilc.edu.tw:443), referer: https://www.sanjh.ilc.edu.tw/
[Wed Aug 26 00:10:27.157020 2026] [ssl:debug] [pid 2088211:tid 2088211] ssl_engine_io.c(1150): [client 34.10.180.98:53249] AH02001: Connection closed to child 62 with standard shutdown (server 2blog.ilc.edu.tw:443)
[Wed Aug 26 00:10:27.157826 2026] [authz_core:debug] [pid 2088616:tid 2088616] mod_authz_core.c(815): [client 111.240.15.69:41974] AH01626: authorization result of Require all granted: granted, referer: https://www.sanjh.ilc.edu.tw/
[Wed Aug 26 00:10:27.157845 2026] [authz_core:debug] [pid 2088616:tid 2088616] mod_authz_core.c(815): [client 111.240.15.69:41974] AH01626: authorization result of : granted, referer: https://www.sanjh.ilc.edu.tw/
[Wed Aug 26 00:10:27.161153 2026] [deflate:debug] [pid 2088616:tid 2088616] mod_deflate.c(909): [client 111.240.15.69:41974] AH01384: Zlib: Compressed 79281 to 39720 : URL /wp-content/cache/www.sanjh.ilc.edu.tw/wpfc-minified/q7zrdxi2/7drh.css, referer: https://www.sanjh.ilc.edu.tw/
[Wed Aug 26 00:10:27.170367 2026] [ssl:debug] [pid 2088598:tid 2088598] ssl_engine_kernel.c(254): [client 136.119.35.120:9728] AH02034: Initial (No.1) HTTPS request received for child 20 (server 2blog.ilc.edu.tw:443)
[Wed Aug 26 00:10:27.170590 2026] [authz_core:debug] [pid 2088598:tid 2088598] mod_authz_core.c(815): [client 136.119.35.120:9728] AH01626: authorization result of Require all granted: granted
[Wed Aug 26 00:10:27.170597 2026] [authz_core:debug] [pid 2088598:tid 2088598] mod_authz_core.c(815): [client 136.119.35.120:9728] AH01626: authorization result of : granted
[Wed Aug 26 00:10:27.170731 2026] [authz_core:debug] [pid 2088598:tid 2088598] mod_authz_core.c(815): [client 136.119.35.120:9728] AH01626: authorization result of Require all granted: granted
[Wed Aug 26 00:10:27.170736 2026] [authz_core:debug] [pid 2088598:tid 2088598] mod_authz_core.c(815): [client 136.119.35.120:9728] AH01626: authorization result of : granted
[Wed Aug 26 00:10:27.177154 2026] [ssl:debug] [pid 2088590:tid 2088590] ssl_engine_io.c(1150): [client 2408:8722:a000:1::64:15472] AH02001: Connection closed to child 18 with standard shutdown (server 2blog.ilc.edu.tw:443)
[Wed Aug 26 00:10:27.185472 2026] [ssl:info] [pid 2088610:tid 2088610] [client 111.240.15.69:41980] AH01964: Connection to child 32 established (server 2blog.ilc.edu.tw:443)
[Wed Aug 26 00:10:27.185762 2026] [ssl:debug] [pid 2088610:tid 2088610] ssl_engine_kernel.c(2222): [client 111.240.15.69:41980] AH02043: SSL virtual host for servername www.sanjh.ilc.edu.tw found
[Wed Aug 26 00:10:27.185784 2026] [socache_shmcb:debug] [pid 2088610:tid 2088610] mod_socache_shmcb.c(545): AH00835: socache_shmcb_retrieve (0xa2 -> subcache 2)
[Wed Aug 26 00:10:27.185814 2026] [socache_shmcb:debug] [pid 2088610:tid 2088610] mod_socache_shmcb.c(896): AH00849: match at idx=76, data=2985
[Wed Aug 26 00:10:27.185817 2026] [socache_shmcb:debug] [pid 2088610:tid 2088610] mod_socache_shmcb.c(556): AH00836: leaving socache_shmcb_retrieve successfully
[Wed Aug 26 00:10:27.185976 2026] [core:debug] [pid 2088610:tid 2088610] protocol.c(2460): [client 111.240.15.69:41980] AH03155: select protocol from , choices=h2,http/1.1 for server www.sanjh.ilc.edu.tw
[Wed Aug 26 00:10:27.186620 2026] [ssl:info] [pid 2088299:tid 2088299] [client 111.240.15.69:41990] AH01964: Connection to child 5 established (server 2blog.ilc.edu.tw:443)
[Wed Aug 26 00:10:27.186786 2026] [ssl:debug] [pid 2088299:tid 2088299] ssl_engine_kernel.c(2222): [client 111.240.15.69:41990] AH02043: SSL virtual host for servername www.sanjh.ilc.edu.tw found
[Wed Aug 26 00:10:27.186804 2026] [socache_shmcb:debug] [pid 2088299:tid 2088299] mod_socache_shmcb.c(545): AH00835: socache_shmcb_retrieve (0x39 -> subcache 25)
[Wed Aug 26 00:10:27.186808 2026] [socache_shmcb:debug] [pid 2088299:tid 2088299] mod_socache_shmcb.c(896): AH00849: match at idx=66, data=758
[Wed Aug 26 00:10:27.186810 2026] [socache_shmcb:debug] [pid 2088299:tid 2088299] mod_socache_shmcb.c(556): AH00836: leaving socache_shmcb_retrieve successfully
[Wed Aug 26 00:10:27.186918 2026] [core:debug] [pid 2088299:tid 2088299] protocol.c(2460): [client 111.240.15.69:41990] AH03155: select protocol from , choices=h2,http/1.1 for server www.sanjh.ilc.edu.tw
[Wed Aug 26 00:10:27.218629 2026] [ssl:debug] [pid 2088299:tid 2088299] ssl_engine_kernel.c(2082): [client 111.240.15.69:41990] AH02041: Protocol: TLSv1.3, Cipher: TLS_AES_256_GCM_SHA384 (256/256 bits)
[Wed Aug 26 00:10:27.218636 2026] [ssl:info] [pid 2088614:tid 2088614] [client 111.240.15.69:41998] AH01964: Connection to child 37 established (server 2blog.ilc.edu.tw:443)
[Wed Aug 26 00:10:27.218834 2026] [socache_shmcb:debug] [pid 2088299:tid 2088299] mod_socache_shmcb.c(508): AH00831: socache_shmcb_store (0x1b -> subcache 27)
[Wed Aug 26 00:10:27.218845 2026] [socache_shmcb:debug] [pid 2088299:tid 2088299] mod_socache_shmcb.c(745): AH00842: expiring 2 and reclaiming 0 removed socache entries
[Wed Aug 26 00:10:27.218847 2026] [socache_shmcb:debug] [pid 2088299:tid 2088299] mod_socache_shmcb.c(765): AH00843: we now have 44 socache entries
[Wed Aug 26 00:10:27.218849 2026] [socache_shmcb:debug] [pid 2088299:tid 2088299] mod_socache_shmcb.c(860): AH00847: insert happened at idx=77, data=(3176:3208)
[Wed Aug 26 00:10:27.218859 2026] [socache_shmcb:debug] [pid 2088299:tid 2088299] mod_socache_shmcb.c(863): AH00848: finished insert, subcache: idx_pos/idx_used=33/45, data_pos/data_used=7357/9912
[Wed Aug 26 00:10:27.218861 2026] [socache_shmcb:debug] [pid 2088299:tid 2088299] mod_socache_shmcb.c(530): AH00834: leaving socache_shmcb_store successfully
[Wed Aug 26 00:10:27.218944 2026] [ssl:debug] [pid 2088614:tid 2088614] ssl_engine_kernel.c(2222): [client 111.240.15.69:41998] AH02043: SSL virtual host for servername www.sanjh.ilc.edu.tw found
[Wed Aug 26 00:10:27.219028 2026] [core:debug] [pid 2088614:tid 2088614] protocol.c(2460): [client 111.240.15.69:41998] AH03155: select protocol from , choices=h2,http/1.1 for server www.sanjh.ilc.edu.tw
[Wed Aug 26 00:10:27.219079 2026] [ssl:debug] [pid 2088614:tid 2088614] ssl_util_stapling.c(819): AH01951: stapling_cb: OCSP Stapling callback called
[Wed Aug 26 00:10:27.219087 2026] [ssl:info] [pid 2088614:tid 2088614] AH01926: stapling_get_certinfo: stapling not supported for certificate
[Wed Aug 26 00:10:27.219313 2026] [ssl:debug] [pid 2088610:tid 2088610] ssl_engine_kernel.c(2082): [client 111.240.15.69:41980] AH02041: Protocol: TLSv1.3, Cipher: TLS_AES_256_GCM_SHA384 (256/256 bits)
[Wed Aug 26 00:10:27.219349 2026] [socache_shmcb:debug] [pid 2088610:tid 2088610] mod_socache_shmcb.c(508): AH00831: socache_shmcb_store (0x6c -> subcache 12)
[Wed Aug 26 00:10:27.219355 2026] [socache_shmcb:debug] [pid 2088610:tid 2088610] mod_socache_shmcb.c(745): AH00842: expiring 5 and reclaiming 0 removed socache entries
[Wed Aug 26 00:10:27.219358 2026] [socache_shmcb:debug] [pid 2088610:tid 2088610] mod_socache_shmcb.c(765): AH00843: we now have 25 socache entries
[Wed Aug 26 00:10:27.219360 2026] [socache_shmcb:debug] [pid 2088610:tid 2088610] mod_socache_shmcb.c(860): AH00847: insert happened at idx=60, data=(13387:13419)
[Wed Aug 26 00:10:27.219362 2026] [socache_shmcb:debug] [pid 2088610:tid 2088610] mod_socache_shmcb.c(863): AH00848: finished insert, subcache: idx_pos/idx_used=35/26, data_pos/data_used=7799/5818
[Wed Aug 26 00:10:27.219364 2026] [socache_shmcb:debug] [pid 2088610:tid 2088610] mod_socache_shmcb.c(530): AH00834: leaving socache_shmcb_store successfully
[Wed Aug 26 00:10:27.219842 2026] [ssl:info] [pid 2088294:tid 2088294] [client 111.240.15.69:42008] AH01964: Connection to child 0 established (server 2blog.ilc.edu.tw:443)
[Wed Aug 26 00:10:27.220022 2026] [ssl:debug] [pid 2088294:tid 2088294] ssl_engine_kernel.c(2222): [client 111.240.15.69:42008] AH02043: SSL virtual host for servername www.sanjh.ilc.edu.tw found
[Wed Aug 26 00:10:27.220071 2026] [core:debug] [pid 2088294:tid 2088294] protocol.c(2460): [client 111.240.15.69:42008] AH03155: select protocol from , choices=h2,http/1.1 for server www.sanjh.ilc.edu.tw
[Wed Aug 26 00:10:27.220104 2026] [ssl:debug] [pid 2088294:tid 2088294] ssl_util_stapling.c(819): AH01951: stapling_cb: OCSP Stapling callback called
[Wed Aug 26 00:10:27.220109 2026] [ssl:info] [pid 2088294:tid 2088294] AH01926: stapling_get_certinfo: stapling not supported for certificate
[Wed Aug 26 00:10:27.220454 2026] [ssl:info] [pid 2088589:tid 2088589] [client 111.240.15.69:42018] AH01964: Connection to child 15 established (server 2blog.ilc.edu.tw:443)
[Wed Aug 26 00:10:27.220570 2026] [ssl:debug] [pid 2088589:tid 2088589] ssl_engine_kernel.c(2222): [client 111.240.15.69:42018] AH02043: SSL virtual host for servername www.sanjh.ilc.edu.tw found
[Wed Aug 26 00:10:27.220615 2026] [core:debug] [pid 2088589:tid 2088589] protocol.c(2460): [client 111.240.15.69:42018] AH03155: select protocol from , choices=h2,http/1.1 for server www.sanjh.ilc.edu.tw
[Wed Aug 26 00:10:27.220650 2026] [ssl:debug] [pid 2088589:tid 2088589] ssl_util_stapling.c(819): AH01951: stapling_cb: OCSP Stapling callback called
[Wed Aug 26 00:10:27.220654 2026] [ssl:info] [pid 2088589:tid 2088589] AH01926: stapling_get_certinfo: stapling not supported for certificate
[Wed Aug 26 00:10:27.230210 2026] [ssl:debug] [pid 2088299:tid 2088299] ssl_engine_kernel.c(254): [client 111.240.15.69:41990] AH02034: Initial (No.1) HTTPS request received for child 5 (server www.sanjh.ilc.edu.tw:443), referer: https://www.sanjh.ilc.edu.tw/
[Wed Aug 26 00:10:27.230355 2026] [ssl:debug] [pid 2088610:tid 2088610] ssl_engine_kernel.c(254): [client 111.240.15.69:41980] AH02034: Initial (No.1) HTTPS request received for child 32 (server www.sanjh.ilc.edu.tw:443), referer: https://www.sanjh.ilc.edu.tw/
[Wed Aug 26 00:10:27.230477 2026] [ssl:debug] [pid 2088616:tid 2088616] ssl_engine_kernel.c(254): [client 111.240.15.69:41974] AH02034: Subsequent (No.3) HTTPS request received for child 39 (server www.sanjh.ilc.edu.tw:443), referer: https://www.sanjh.ilc.edu.tw/
[Wed Aug 26 00:10:27.231106 2026] [authz_core:debug] [pid 2088299:tid 2088299] mod_authz_core.c(815): [client 111.240.15.69:41990] AH01626: authorization result of Require all granted: granted, referer: https://www.sanjh.ilc.edu.tw/
[Wed Aug 26 00:10:27.231123 2026] [authz_core:debug] [pid 2088299:tid 2088299] mod_authz_core.c(815): [client 111.240.15.69:41990] AH01626: authorization result of : granted, referer: https://www.sanjh.ilc.edu.tw/
[Wed Aug 26 00:10:27.231382 2026] [authz_core:debug] [pid 2088616:tid 2088616] mod_authz_core.c(815): [client 111.240.15.69:41974] AH01626: authorization result of Require all granted: granted, referer: https://www.sanjh.ilc.edu.tw/
[Wed Aug 26 00:10:27.231393 2026] [authz_core:debug] [pid 2088616:tid 2088616] mod_authz_core.c(815): [client 111.240.15.69:41974] AH01626: authorization result of : granted, referer: https://www.sanjh.ilc.edu.tw/
[Wed Aug 26 00:10:27.231398 2026] [authz_core:debug] [pid 2088610:tid 2088610] mod_authz_core.c(815): [client 111.240.15.69:41980] AH01626: authorization result of Require all granted: granted, referer: https://www.sanjh.ilc.edu.tw/
[Wed Aug 26 00:10:27.231409 2026] [authz_core:debug] [pid 2088610:tid 2088610] mod_authz_core.c(815): [client 111.240.15.69:41980] AH01626: authorization result of : granted, referer: https://www.sanjh.ilc.edu.tw/
[Wed Aug 26 00:10:27.231971 2026] [deflate:debug] [pid 2088610:tid 2088610] mod_deflate.c(909): [client 111.240.15.69:41980] AH01384: Zlib: Compressed 488 to 271 : URL /wp-content/cache/www.sanjh.ilc.edu.tw/wpfc-minified/fhmlzo64/7drh.css, referer: https://www.sanjh.ilc.edu.tw/
[Wed Aug 26 00:10:27.236756 2026] [ssl:debug] [pid 2088614:tid 2088614] ssl_engine_kernel.c(2082): [client 111.240.15.69:41998] AH02041: Protocol: TLSv1.3, Cipher: TLS_AES_256_GCM_SHA384 (256/256 bits)
[Wed Aug 26 00:10:27.236813 2026] [socache_shmcb:debug] [pid 2088614:tid 2088614] mod_socache_shmcb.c(508): AH00831: socache_shmcb_store (0x57 -> subcache 23)
[Wed Aug 26 00:10:27.236827 2026] [socache_shmcb:debug] [pid 2088614:tid 2088614] mod_socache_shmcb.c(860): AH00847: insert happened at idx=62, data=(13795:13827)
[Wed Aug 26 00:10:27.236830 2026] [socache_shmcb:debug] [pid 2088614:tid 2088614] mod_socache_shmcb.c(863): AH00848: finished insert, subcache: idx_pos/idx_used=31/32, data_pos/data_used=6906/7119
[Wed Aug 26 00:10:27.236832 2026] [socache_shmcb:debug] [pid 2088614:tid 2088614] mod_socache_shmcb.c(530): AH00834: leaving socache_shmcb_store successfully
[Wed Aug 26 00:10:27.236882 2026] [socache_shmcb:debug] [pid 2088614:tid 2088614] mod_socache_shmcb.c(508): AH00831: socache_shmcb_store (0x08 -> subcache 8)
[Wed Aug 26 00:10:27.236900 2026] [socache_shmcb:debug] [pid 2088614:tid 2088614] mod_socache_shmcb.c(745): AH00842: expiring 2 and reclaiming 0 removed socache entries
[Wed Aug 26 00:10:27.236903 2026] [socache_shmcb:debug] [pid 2088614:tid 2088614] mod_socache_shmcb.c(765): AH00843: we now have 39 socache entries
[Wed Aug 26 00:10:27.236905 2026] [socache_shmcb:debug] [pid 2088614:tid 2088614] mod_socache_shmcb.c(860): AH00847: insert happened at idx=73, data=(2343:2375)
[Wed Aug 26 00:10:27.236906 2026] [socache_shmcb:debug] [pid 2088614:tid 2088614] mod_socache_shmcb.c(863): AH00848: finished insert, subcache: idx_pos/idx_used=34/40, data_pos/data_used=7568/8869
[Wed Aug 26 00:10:27.236908 2026] [socache_shmcb:debug] [pid 2088614:tid 2088614] mod_socache_shmcb.c(530): AH00834: leaving socache_shmcb_store successfully
[Wed Aug 26 00:10:27.237841 2026] [ssl:debug] [pid 2088294:tid 2088294] ssl_engine_kernel.c(2082): [client 111.240.15.69:42008] AH02041: Protocol: TLSv1.3, Cipher: TLS_AES_256_GCM_SHA384 (256/256 bits)
[Wed Aug 26 00:10:27.237883 2026] [socache_shmcb:debug] [pid 2088294:tid 2088294] mod_socache_shmcb.c(508): AH00831: socache_shmcb_store (0x38 -> subcache 24)
[Wed Aug 26 00:10:27.237887 2026] [socache_shmcb:debug] [pid 2088294:tid 2088294] mod_socache_shmcb.c(745): AH00842: expiring 1 and reclaiming 0 removed socache entries
[Wed Aug 26 00:10:27.237890 2026] [socache_shmcb:debug] [pid 2088294:tid 2088294] mod_socache_shmcb.c(765): AH00843: we now have 26 socache entries
[Wed Aug 26 00:10:27.237892 2026] [socache_shmcb:debug] [pid 2088294:tid 2088294] mod_socache_shmcb.c(860): AH00847: insert happened at idx=69, data=(1439:1471)
[Wed Aug 26 00:10:27.237894 2026] [socache_shmcb:debug] [pid 2088294:tid 2088294] mod_socache_shmcb.c(863): AH00848: finished insert, subcache: idx_pos/idx_used=43/27, data_pos/data_used=9537/5995
[Wed Aug 26 00:10:27.237895 2026] [socache_shmcb:debug] [pid 2088294:tid 2088294] mod_socache_shmcb.c(530): AH00834: leaving socache_shmcb_store successfully
[Wed Aug 26 00:10:27.237897 2026] [ssl:debug] [pid 2088589:tid 2088589] ssl_engine_kernel.c(2082): [client 111.240.15.69:42018] AH02041: Protocol: TLSv1.3, Cipher: TLS_AES_256_GCM_SHA384 (256/256 bits)
[Wed Aug 26 00:10:27.237943 2026] [socache_shmcb:debug] [pid 2088589:tid 2088589] mod_socache_shmcb.c(508): AH00831: socache_shmcb_store (0x88 -> subcache 8)
[Wed Aug 26 00:10:27.237960 2026] [socache_shmcb:debug] [pid 2088589:tid 2088589] mod_socache_shmcb.c(860): AH00847: insert happened at idx=74, data=(2573:2605)
[Wed Aug 26 00:10:27.237964 2026] [socache_shmcb:debug] [pid 2088589:tid 2088589] mod_socache_shmcb.c(863): AH00848: finished insert, subcache: idx_pos/idx_used=34/41, data_pos/data_used=7568/9098
[Wed Aug 26 00:10:27.237967 2026] [socache_shmcb:debug] [pid 2088589:tid 2088589] mod_socache_shmcb.c(530): AH00834: leaving socache_shmcb_store successfully
[Wed Aug 26 00:10:27.237975 2026] [socache_shmcb:debug] [pid 2088294:tid 2088294] mod_socache_shmcb.c(508): AH00831: socache_shmcb_store (0x89 -> subcache 9)
[Wed Aug 26 00:10:27.237980 2026] [socache_shmcb:debug] [pid 2088294:tid 2088294] mod_socache_shmcb.c(860): AH00847: insert happened at idx=67, data=(996:1028)
[Wed Aug 26 00:10:27.237982 2026] [socache_shmcb:debug] [pid 2088294:tid 2088294] mod_socache_shmcb.c(863): AH00848: finished insert, subcache: idx_pos/idx_used=32/36, data_pos/data_used=7089/8001
[Wed Aug 26 00:10:27.237983 2026] [socache_shmcb:debug] [pid 2088294:tid 2088294] mod_socache_shmcb.c(530): AH00834: leaving socache_shmcb_store successfully
[Wed Aug 26 00:10:27.238024 2026] [socache_shmcb:debug] [pid 2088589:tid 2088589] mod_socache_shmcb.c(508): AH00831: socache_shmcb_store (0x5c -> subcache 28)
[Wed Aug 26 00:10:27.238030 2026] [socache_shmcb:debug] [pid 2088589:tid 2088589] mod_socache_shmcb.c(745): AH00842: expiring 1 and reclaiming 0 removed socache entries
[Wed Aug 26 00:10:27.238032 2026] [socache_shmcb:debug] [pid 2088589:tid 2088589] mod_socache_shmcb.c(765): AH00843: we now have 35 socache entries
[Wed Aug 26 00:10:27.238034 2026] [socache_shmcb:debug] [pid 2088589:tid 2088589] mod_socache_shmcb.c(860): AH00847: insert happened at idx=69, data=(1464:1496)
[Wed Aug 26 00:10:27.238035 2026] [socache_shmcb:debug] [pid 2088589:tid 2088589] mod_socache_shmcb.c(863): AH00848: finished insert, subcache: idx_pos/idx_used=34/36, data_pos/data_used=7587/7971
[Wed Aug 26 00:10:27.238037 2026] [socache_shmcb:debug] [pid 2088589:tid 2088589] mod_socache_shmcb.c(530): AH00834: leaving socache_shmcb_store successfully
[Wed Aug 26 00:10:27.238262 2026] [deflate:debug] [pid 2088616:tid 2088616] mod_deflate.c(909): [client 111.240.15.69:41974] AH01384: Zlib: Compressed 246286 to 34412 : URL /wp-content/cache/www.sanjh.ilc.edu.tw/wpfc-minified/1p9ydqzg/cbn42.css, referer: https://www.sanjh.ilc.edu.tw/
[Wed Aug 26 00:10:27.238381 2026] [ssl:debug] [pid 2088614:tid 2088614] ssl_engine_kernel.c(254): [client 111.240.15.69:41998] AH02034: Initial (No.1) HTTPS request received for child 37 (server www.sanjh.ilc.edu.tw:443), referer: https://www.sanjh.ilc.edu.tw/
[Wed Aug 26 00:10:27.238861 2026] [ssl:debug] [pid 2088294:tid 2088294] ssl_engine_kernel.c(254): [client 111.240.15.69:42008] AH02034: Initial (No.1) HTTPS request received for child 0 (server www.sanjh.ilc.edu.tw:443), referer: https://www.sanjh.ilc.edu.tw/
[Wed Aug 26 00:10:27.239073 2026] [deflate:debug] [pid 2088299:tid 2088299] mod_deflate.c(909): [client 111.240.15.69:41990] AH01384: Zlib: Compressed 297820 to 53165 : URL /wp-content/cache/www.sanjh.ilc.edu.tw/wpfc-minified/qlc91b58/cbm5n.css, referer: https://www.sanjh.ilc.edu.tw/
[Wed Aug 26 00:10:27.239550 2026] [authz_core:debug] [pid 2088614:tid 2088614] mod_authz_core.c(815): [client 111.240.15.69:41998] AH01626: authorization result of Require all granted: granted, referer: https://www.sanjh.ilc.edu.tw/
[Wed Aug 26 00:10:27.239561 2026] [authz_core:debug] [pid 2088614:tid 2088614] mod_authz_core.c(815): [client 111.240.15.69:41998] AH01626: authorization result of : granted, referer: https://www.sanjh.ilc.edu.tw/
[Wed Aug 26 00:10:27.239636 2026] [authz_core:debug] [pid 2088294:tid 2088294] mod_authz_core.c(815): [client 111.240.15.69:42008] AH01626: authorization result of Require all granted: granted, referer: https://www.sanjh.ilc.edu.tw/
[Wed Aug 26 00:10:27.239648 2026] [authz_core:debug] [pid 2088294:tid 2088294] mod_authz_core.c(815): [client 111.240.15.69:42008] AH01626: authorization result of : granted, referer: https://www.sanjh.ilc.edu.tw/
[Wed Aug 26 00:10:27.240119 2026] [deflate:debug] [pid 2088614:tid 2088614] mod_deflate.c(909): [client 111.240.15.69:41998] AH01384: Zlib: Compressed 1172 to 379 : URL /wp-content/uploads/sites/1352/elementor/css/post-276.css, referer: https://www.sanjh.ilc.edu.tw/
[Wed Aug 26 00:10:27.242035 2026] [ssl:debug] [pid 2088589:tid 2088589] ssl_engine_kernel.c(254): [client 111.240.15.69:42018] AH02034: Initial (No.1) HTTPS request received for child 15 (server www.sanjh.ilc.edu.tw:443), referer: https://www.sanjh.ilc.edu.tw/
[Wed Aug 26 00:10:27.242611 2026] [authz_core:debug] [pid 2088589:tid 2088589] mod_authz_core.c(815): [client 111.240.15.69:42018] AH01626: authorization result of Require all granted: granted, referer: https://www.sanjh.ilc.edu.tw/
[Wed Aug 26 00:10:27.242624 2026] [authz_core:debug] [pid 2088589:tid 2088589] mod_authz_core.c(815): [client 111.240.15.69:42018] AH01626: authorization result of : granted, referer: https://www.sanjh.ilc.edu.tw/
[Wed Aug 26 00:10:27.243153 2026] [deflate:debug] [pid 2088589:tid 2088589] mod_deflate.c(909): [client 111.240.15.69:42018] AH01384: Zlib: Compressed 97 to 69 : URL /wp-content/uploads/sites/1352/elementor/css/post-166.css, referer: https://www.sanjh.ilc.edu.tw/
[Wed Aug 26 00:10:27.248160 2026] [deflate:debug] [pid 2088294:tid 2088294] mod_deflate.c(909): [client 111.240.15.69:42008] AH01384: Zlib: Compressed 499072 to 46257 : URL /wp-content/cache/www.sanjh.ilc.edu.tw/wpfc-minified/ffrr0txw/fcvea.css, referer: https://www.sanjh.ilc.edu.tw/
[Wed Aug 26 00:10:27.253114 2026] [ssl:debug] [pid 2088601:tid 2088601] ssl_engine_io.c(1150): [client 2408:8722:a000:1::64:15470] AH02001: Connection closed to child 23 with standard shutdown (server 2blog.ilc.edu.tw:443)
[Wed Aug 26 00:10:27.256774 2026] [ssl:debug] [pid 2088610:tid 2088610] ssl_engine_kernel.c(254): [client 111.240.15.69:41980] AH02034: Subsequent (No.2) HTTPS request received for child 32 (server www.sanjh.ilc.edu.tw:443), referer: https://www.sanjh.ilc.edu.tw/
[Wed Aug 26 00:10:27.257432 2026] [authz_core:debug] [pid 2088610:tid 2088610] mod_authz_core.c(815): [client 111.240.15.69:41980] AH01626: authorization result of Require all granted: granted, referer: https://www.sanjh.ilc.edu.tw/
[Wed Aug 26 00:10:27.257447 2026] [authz_core:debug] [pid 2088610:tid 2088610] mod_authz_core.c(815): [client 111.240.15.69:41980] AH01626: authorization result of : granted, referer: https://www.sanjh.ilc.edu.tw/
[Wed Aug 26 00:10:27.258664 2026] [deflate:debug] [pid 2088610:tid 2088610] mod_deflate.c(909): [client 111.240.15.69:41980] AH01384: Zlib: Compressed 53260 to 6815 : URL /wp-content/cache/www.sanjh.ilc.edu.tw/wpfc-minified/7j7d7rap/7drh.css, referer: https://www.sanjh.ilc.edu.tw/
[Wed Aug 26 00:10:27.270924 2026] [ssl:debug] [pid 2088614:tid 2088614] ssl_engine_kernel.c(254): [client 111.240.15.69:41998] AH02034: Subsequent (No.2) HTTPS request received for child 37 (server www.sanjh.ilc.edu.tw:443), referer: https://www.sanjh.ilc.edu.tw/
[Wed Aug 26 00:10:27.271718 2026] [authz_core:debug] [pid 2088614:tid 2088614] mod_authz_core.c(815): [client 111.240.15.69:41998] AH01626: authorization result of Require all granted: granted, referer: https://www.sanjh.ilc.edu.tw/
[Wed Aug 26 00:10:27.271735 2026] [authz_core:debug] [pid 2088614:tid 2088614] mod_authz_core.c(815): [client 111.240.15.69:41998] AH01626: authorization result of : granted, referer: https://www.sanjh.ilc.edu.tw/
[Wed Aug 26 00:10:27.272248 2026] [deflate:debug] [pid 2088614:tid 2088614] mod_deflate.c(909): [client 111.240.15.69:41998] AH01384: Zlib: Compressed 547 to 248 : URL /wp-content/cache/www.sanjh.ilc.edu.tw/wpfc-minified/9a4jaoz9/7drh.css, referer: https://www.sanjh.ilc.edu.tw/
[Wed Aug 26 00:10:27.273751 2026] [ssl:debug] [pid 2088589:tid 2088589] ssl_engine_kernel.c(254): [client 111.240.15.69:42018] AH02034: Subsequent (No.2) HTTPS request received for child 15 (server www.sanjh.ilc.edu.tw:443), referer: https://www.sanjh.ilc.edu.tw/
[Wed Aug 26 00:10:27.274037 2026] [ssl:debug] [pid 2088616:tid 2088616] ssl_engine_kernel.c(254): [client 111.240.15.69:41974] AH02034: Subsequent (No.4) HTTPS request received for child 39 (server www.sanjh.ilc.edu.tw:443), referer: https://www.sanjh.ilc.edu.tw/
[Wed Aug 26 00:10:27.274466 2026] [authz_core:debug] [pid 2088589:tid 2088589] mod_authz_core.c(815): [client 111.240.15.69:42018] AH01626: authorization result of Require all granted: granted, referer: https://www.sanjh.ilc.edu.tw/
[Wed Aug 26 00:10:27.274478 2026] [authz_core:debug] [pid 2088589:tid 2088589] mod_authz_core.c(815): [client 111.240.15.69:42018] AH01626: authorization result of : granted, referer: https://www.sanjh.ilc.edu.tw/
[Wed Aug 26 00:10:27.274625 2026] [authz_core:debug] [pid 2088616:tid 2088616] mod_authz_core.c(815): [client 111.240.15.69:41974] AH01626: authorization result of Require all granted: granted, referer: https://www.sanjh.ilc.edu.tw/
[Wed Aug 26 00:10:27.274635 2026] [authz_core:debug] [pid 2088616:tid 2088616] mod_authz_core.c(815): [client 111.240.15.69:41974] AH01626: authorization result of : granted, referer: https://www.sanjh.ilc.edu.tw/
[Wed Aug 26 00:10:27.275262 2026] [deflate:debug] [pid 2088616:tid 2088616] mod_deflate.c(909): [client 111.240.15.69:41974] AH01384: Zlib: Compressed 8922 to 2555 : URL /wp-content/cache/www.sanjh.ilc.edu.tw/wpfc-minified/8wlizia8/7drh.js, referer: https://www.sanjh.ilc.edu.tw/
[Wed Aug 26 00:10:27.277160 2026] [ssl:debug] [pid 2088609:tid 2088609] ssl_engine_io.c(1150): [client 34.171.68.95:50688] AH02001: Connection closed to child 31 with standard shutdown (server 2blog.ilc.edu.tw:443)
[Wed Aug 26 00:10:27.279226 2026] [deflate:debug] [pid 2088589:tid 2088589] mod_deflate.c(909): [client 111.240.15.69:42018] AH01384: Zlib: Compressed 101298 to 34529 : URL /wp-content/cache/www.sanjh.ilc.edu.tw/wpfc-minified/8xr1c9t2/7drh.js, referer: https://www.sanjh.ilc.edu.tw/
[Wed Aug 26 00:10:27.292174 2026] [ssl:debug] [pid 2088614:tid 2088614] ssl_engine_kernel.c(254): [client 111.240.15.69:41998] AH02034: Subsequent (No.3) HTTPS request received for child 37 (server www.sanjh.ilc.edu.tw:443), referer: https://www.sanjh.ilc.edu.tw/
[Wed Aug 26 00:10:27.292380 2026] [ssl:debug] [pid 2088610:tid 2088610] ssl_engine_kernel.c(254): [client 111.240.15.69:41980] AH02034: Subsequent (No.3) HTTPS request received for child 32 (server www.sanjh.ilc.edu.tw:443), referer: https://www.sanjh.ilc.edu.tw/
[Wed Aug 26 00:10:27.292711 2026] [ssl:debug] [pid 2088616:tid 2088616] ssl_engine_kernel.c(254): [client 111.240.15.69:41974] AH02034: Subsequent (No.5) HTTPS request received for child 39 (server www.sanjh.ilc.edu.tw:443), referer: https://www.sanjh.ilc.edu.tw/
[Wed Aug 26 00:10:27.293037 2026] [authz_core:debug] [pid 2088610:tid 2088610] mod_authz_core.c(815): [client 111.240.15.69:41980] AH01626: authorization result of Require all granted: granted, referer: https://www.sanjh.ilc.edu.tw/
[Wed Aug 26 00:10:27.293048 2026] [authz_core:debug] [pid 2088610:tid 2088610] mod_authz_core.c(815): [client 111.240.15.69:41980] AH01626: authorization result of : granted, referer: https://www.sanjh.ilc.edu.tw/
[Wed Aug 26 00:10:27.293049 2026] [authz_core:debug] [pid 2088614:tid 2088614] mod_authz_core.c(815): [client 111.240.15.69:41998] AH01626: authorization result of Require all granted: granted, referer: https://www.sanjh.ilc.edu.tw/
[Wed Aug 26 00:10:27.293063 2026] [authz_core:debug] [pid 2088614:tid 2088614] mod_authz_core.c(815): [client 111.240.15.69:41998] AH01626: authorization result of : granted, referer: https://www.sanjh.ilc.edu.tw/
[Wed Aug 26 00:10:27.293076 2026] [authz_core:debug] [pid 2088616:tid 2088616] mod_authz_core.c(815): [client 111.240.15.69:41974] AH01626: authorization result of Require all granted: granted, referer: https://www.sanjh.ilc.edu.tw/
[Wed Aug 26 00:10:27.293084 2026] [authz_core:debug] [pid 2088616:tid 2088616] mod_authz_core.c(815): [client 111.240.15.69:41974] AH01626: authorization result of : granted, referer: https://www.sanjh.ilc.edu.tw/
[Wed Aug 26 00:10:27.340463 2026] [ssl:debug] [pid 2088419:tid 2088419] ssl_engine_io.c(1150): [client 2408:8722:a000:1::64:15468] AH02001: Connection closed to child 2 with standard shutdown (server 2blog.ilc.edu.tw:443)
[Wed Aug 26 00:10:27.359041 2026] [ssl:debug] [pid 2088407:tid 2088407] ssl_engine_io.c(1150): [client 2408:8722:a000:1::64:15474] AH02001: Connection closed to child 7 with standard shutdown (server 2blog.ilc.edu.tw:443)
[Wed Aug 26 00:10:27.365075 2026] [deflate:debug] [pid 2088598:tid 2088598] mod_deflate.c(909): [client 136.119.35.120:9728] AH01384: Zlib: Compressed 39469 to 8906 : URL /index.php
[Wed Aug 26 00:10:27.399704 2026] [ssl:debug] [pid 2088614:tid 2088614] ssl_engine_kernel.c(254): [client 111.240.15.69:41998] AH02034: Subsequent (No.4) HTTPS request received for child 37 (server www.sanjh.ilc.edu.tw:443), referer: https://www.sanjh.ilc.edu.tw/
[Wed Aug 26 00:10:27.400587 2026] [authz_core:debug] [pid 2088614:tid 2088614] mod_authz_core.c(815): [client 111.240.15.69:41998] AH01626: authorization result of Require all granted: granted, referer: https://www.sanjh.ilc.edu.tw/
[Wed Aug 26 00:10:27.400608 2026] [authz_core:debug] [pid 2088614:tid 2088614] mod_authz_core.c(815): [client 111.240.15.69:41998] AH01626: authorization result of : granted, referer: https://www.sanjh.ilc.edu.tw/
[Wed Aug 26 00:10:27.614111 2026] [ssl:debug] [pid 2088616:tid 2088616] ssl_engine_kernel.c(254): [client 111.240.15.69:41974] AH02034: Subsequent (No.6) HTTPS request received for child 39 (server www.sanjh.ilc.edu.tw:443), referer: https://www.sanjh.ilc.edu.tw/
[Wed Aug 26 00:10:27.614799 2026] [authz_core:debug] [pid 2088616:tid 2088616] mod_authz_core.c(815): [client 111.240.15.69:41974] AH01626: authorization result of Require all granted: granted, referer: https://www.sanjh.ilc.edu.tw/
[Wed Aug 26 00:10:27.614813 2026] [authz_core:debug] [pid 2088616:tid 2088616] mod_authz_core.c(815): [client 111.240.15.69:41974] AH01626: authorization result of : granted, referer: https://www.sanjh.ilc.edu.tw/
[Wed Aug 26 00:10:27.629261 2026] [ssl:debug] [pid 2088610:tid 2088610] ssl_engine_kernel.c(254): [client 111.240.15.69:41980] AH02034: Subsequent (No.4) HTTPS request received for child 32 (server www.sanjh.ilc.edu.tw:443), referer: https://www.sanjh.ilc.edu.tw/
[Wed Aug 26 00:10:27.630128 2026] [authz_core:debug] [pid 2088610:tid 2088610] mod_authz_core.c(815): [client 111.240.15.69:41980] AH01626: authorization result of Require all granted: granted, referer: https://www.sanjh.ilc.edu.tw/
[Wed Aug 26 00:10:27.630156 2026] [authz_core:debug] [pid 2088610:tid 2088610] mod_authz_core.c(815): [client 111.240.15.69:41980] AH01626: authorization result of : granted, referer: https://www.sanjh.ilc.edu.tw/
[Wed Aug 26 00:10:27.630928 2026] [deflate:debug] [pid 2088610:tid 2088610] mod_deflate.c(909): [client 111.240.15.69:41980] AH01384: Zlib: Compressed 15010 to 3884 : URL /wp-content/cache/www.sanjh.ilc.edu.tw/wpfc-minified/12yvukwt/7drh.css, referer: https://www.sanjh.ilc.edu.tw/
[Wed Aug 26 00:10:27.650707 2026] [ssl:info] [pid 2088619:tid 2088619] [client 40.77.167.126:47498] AH01964: Connection to child 42 established (server 2blog.ilc.edu.tw:443)
[Wed Aug 26 00:10:27.650967 2026] [ssl:debug] [pid 2088619:tid 2088619] ssl_engine_kernel.c(2222): [client 40.77.167.126:47498] AH02043: SSL virtual host for servername 2blog.ilc.edu.tw found
[Wed Aug 26 00:10:27.651119 2026] [core:debug] [pid 2088619:tid 2088619] protocol.c(2460): [client 40.77.167.126:47498] AH03155: select protocol from , choices=h2,http/1.1 for server 2blog.ilc.edu.tw
[Wed Aug 26 00:10:27.672836 2026] [ssl:debug] [pid 2088589:tid 2088589] ssl_engine_kernel.c(254): [client 111.240.15.69:42018] AH02034: Subsequent (No.3) HTTPS request received for child 15 (server www.sanjh.ilc.edu.tw:443), referer: https://www.sanjh.ilc.edu.tw/
[Wed Aug 26 00:10:27.673064 2026] [authz_core:debug] [pid 2088589:tid 2088589] mod_authz_core.c(815): [client 111.240.15.69:42018] AH01626: authorization result of Require all granted: granted, referer: https://www.sanjh.ilc.edu.tw/
[Wed Aug 26 00:10:27.673070 2026] [authz_core:debug] [pid 2088589:tid 2088589] mod_authz_core.c(815): [client 111.240.15.69:42018] AH01626: authorization result of : granted, referer: https://www.sanjh.ilc.edu.tw/
[Wed Aug 26 00:10:27.673340 2026] [deflate:debug] [pid 2088589:tid 2088589] mod_deflate.c(909): [client 111.240.15.69:42018] AH01384: Zlib: Compressed 1718 to 700 : URL /wp-includes/js/hoverintent-js.min.js, referer: https://www.sanjh.ilc.edu.tw/
[Wed Aug 26 00:10:27.673537 2026] [ssl:debug] [pid 2088294:tid 2088294] ssl_engine_kernel.c(254): [client 111.240.15.69:42008] AH02034: Subsequent (No.2) HTTPS request received for child 0 (server www.sanjh.ilc.edu.tw:443), referer: https://www.sanjh.ilc.edu.tw/
[Wed Aug 26 00:10:27.673690 2026] [ssl:debug] [pid 2088299:tid 2088299] ssl_engine_kernel.c(254): [client 111.240.15.69:41990] AH02034: Subsequent (No.2) HTTPS request received for child 5 (server www.sanjh.ilc.edu.tw:443), referer: https://www.sanjh.ilc.edu.tw/
[Wed Aug 26 00:10:27.673754 2026] [authz_core:debug] [pid 2088294:tid 2088294] mod_authz_core.c(815): [client 111.240.15.69:42008] AH01626: authorization result of Require all granted: granted, referer: https://www.sanjh.ilc.edu.tw/
[Wed Aug 26 00:10:27.673761 2026] [authz_core:debug] [pid 2088294:tid 2088294] mod_authz_core.c(815): [client 111.240.15.69:42008] AH01626: authorization result of : granted, referer: https://www.sanjh.ilc.edu.tw/
[Wed Aug 26 00:10:27.673901 2026] [authz_core:debug] [pid 2088299:tid 2088299] mod_authz_core.c(815): [client 111.240.15.69:41990] AH01626: authorization result of Require all granted: granted, referer: https://www.sanjh.ilc.edu.tw/
[Wed Aug 26 00:10:27.673909 2026] [authz_core:debug] [pid 2088299:tid 2088299] mod_authz_core.c(815): [client 111.240.15.69:41990] AH01626: authorization result of : granted, referer: https://www.sanjh.ilc.edu.tw/
[Wed Aug 26 00:10:27.674024 2026] [deflate:debug] [pid 2088294:tid 2088294] mod_deflate.c(909): [client 111.240.15.69:42008] AH01384: Zlib: Compressed 3487 to 1339 : URL /wp-includes/js/admin-bar.min.js, referer: https://www.sanjh.ilc.edu.tw/
[Wed Aug 26 00:10:27.674250 2026] [deflate:debug] [pid 2088299:tid 2088299] mod_deflate.c(909): [client 111.240.15.69:41990] AH01384: Zlib: Compressed 5520 to 1785 : URL /wp-includes/js/imagesloaded.min.js, referer: https://www.sanjh.ilc.edu.tw/
[Wed Aug 26 00:10:27.679489 2026] [ssl:debug] [pid 2088614:tid 2088614] ssl_engine_kernel.c(254): [client 111.240.15.69:41998] AH02034: Subsequent (No.5) HTTPS request received for child 37 (server www.sanjh.ilc.edu.tw:443), referer: https://www.sanjh.ilc.edu.tw/
[Wed Aug 26 00:10:27.679783 2026] [authz_core:debug] [pid 2088614:tid 2088614] mod_authz_core.c(815): [client 111.240.15.69:41998] AH01626: authorization result of Require all granted: granted, referer: https://www.sanjh.ilc.edu.tw/
[Wed Aug 26 00:10:27.679796 2026] [authz_core:debug] [pid 2088614:tid 2088614] mod_authz_core.c(815): [client 111.240.15.69:41998] AH01626: authorization result of : granted, referer: https://www.sanjh.ilc.edu.tw/
[Wed Aug 26 00:10:27.680259 2026] [ssl:debug] [pid 2088610:tid 2088610] ssl_engine_kernel.c(254): [client 111.240.15.69:41980] AH02034: Subsequent (No.5) HTTPS request received for child 32 (server www.sanjh.ilc.edu.tw:443), referer: https://www.sanjh.ilc.edu.tw/
[Wed Aug 26 00:10:27.680427 2026] [deflate:debug] [pid 2088614:tid 2088614] mod_deflate.c(909): [client 111.240.15.69:41998] AH01384: Zlib: Compressed 19719 to 4232 : URL /wp-content/themes/oceanwp/assets/js/theme.min.js, referer: https://www.sanjh.ilc.edu.tw/
[Wed Aug 26 00:10:27.680496 2026] [authz_core:debug] [pid 2088610:tid 2088610] mod_authz_core.c(815): [client 111.240.15.69:41980] AH01626: authorization result of Require all granted: granted, referer: https://www.sanjh.ilc.edu.tw/
[Wed Aug 26 00:10:27.680508 2026] [authz_core:debug] [pid 2088610:tid 2088610] mod_authz_core.c(815): [client 111.240.15.69:41980] AH01626: authorization result of : granted, referer: https://www.sanjh.ilc.edu.tw/
[Wed Aug 26 00:10:27.680969 2026] [deflate:debug] [pid 2088610:tid 2088610] mod_deflate.c(909): [client 111.240.15.69:41980] AH01384: Zlib: Compressed 9309 to 3204 : URL /wp-content/themes/oceanwp/assets/js/vendors/sidr.js, referer: https://www.sanjh.ilc.edu.tw/
[Wed Aug 26 00:10:27.698882 2026] [ssl:debug] [pid 2088589:tid 2088589] ssl_engine_kernel.c(254): [client 111.240.15.69:42018] AH02034: Subsequent (No.4) HTTPS request received for child 15 (server www.sanjh.ilc.edu.tw:443), referer: https://www.sanjh.ilc.edu.tw/
[Wed Aug 26 00:10:27.699171 2026] [authz_core:debug] [pid 2088589:tid 2088589] mod_authz_core.c(815): [client 111.240.15.69:42018] AH01626: authorization result of Require all granted: granted, referer: https://www.sanjh.ilc.edu.tw/
[Wed Aug 26 00:10:27.699180 2026] [authz_core:debug] [pid 2088589:tid 2088589] mod_authz_core.c(815): [client 111.240.15.69:42018] AH01626: authorization result of : granted, referer: https://www.sanjh.ilc.edu.tw/
[Wed Aug 26 00:10:27.699705 2026] [ssl:debug] [pid 2088294:tid 2088294] ssl_engine_kernel.c(254): [client 111.240.15.69:42008] AH02034: Subsequent (No.3) HTTPS request received for child 0 (server www.sanjh.ilc.edu.tw:443), referer: https://www.sanjh.ilc.edu.tw/
[Wed Aug 26 00:10:27.699752 2026] [deflate:debug] [pid 2088589:tid 2088589] mod_deflate.c(909): [client 111.240.15.69:42018] AH01384: Zlib: Compressed 15843 to 3833 : URL /wp-content/themes/oceanwp/assets/js/sidebar-mobile-menu.min.js, referer: https://www.sanjh.ilc.edu.tw/
[Wed Aug 26 00:10:27.699884 2026] [authz_core:debug] [pid 2088294:tid 2088294] mod_authz_core.c(815): [client 111.240.15.69:42008] AH01626: authorization result of Require all granted: granted, referer: https://www.sanjh.ilc.edu.tw/
[Wed Aug 26 00:10:27.699927 2026] [authz_core:debug] [pid 2088294:tid 2088294] mod_authz_core.c(815): [client 111.240.15.69:42008] AH01626: authorization result of : granted, referer: https://www.sanjh.ilc.edu.tw/
[Wed Aug 26 00:10:27.700256 2026] [deflate:debug] [pid 2088294:tid 2088294] mod_deflate.c(909): [client 111.240.15.69:42008] AH01384: Zlib: Compressed 7540 to 2070 : URL /wp-content/themes/oceanwp/assets/js/drop-down-search.min.js, referer: https://www.sanjh.ilc.edu.tw/
[Wed Aug 26 00:10:27.735321 2026] [ssl:debug] [pid 2088299:tid 2088299] ssl_engine_kernel.c(254): [client 111.240.15.69:41990] AH02034: Subsequent (No.3) HTTPS request received for child 5 (server www.sanjh.ilc.edu.tw:443), referer: https://www.sanjh.ilc.edu.tw/
[Wed Aug 26 00:10:27.735597 2026] [authz_core:debug] [pid 2088299:tid 2088299] mod_authz_core.c(815): [client 111.240.15.69:41990] AH01626: authorization result of Require all granted: granted, referer: https://www.sanjh.ilc.edu.tw/
[Wed Aug 26 00:10:27.735607 2026] [authz_core:debug] [pid 2088299:tid 2088299] mod_authz_core.c(815): [client 111.240.15.69:41990] AH01626: authorization result of : granted, referer: https://www.sanjh.ilc.edu.tw/
[Wed Aug 26 00:10:27.735852 2026] [ssl:debug] [pid 2088614:tid 2088614] ssl_engine_kernel.c(254): [client 111.240.15.69:41998] AH02034: Subsequent (No.6) HTTPS request received for child 37 (server www.sanjh.ilc.edu.tw:443), referer: https://www.sanjh.ilc.edu.tw/
[Wed Aug 26 00:10:27.736029 2026] [authz_core:debug] [pid 2088614:tid 2088614] mod_authz_core.c(815): [client 111.240.15.69:41998] AH01626: authorization result of Require all granted: granted, referer: https://www.sanjh.ilc.edu.tw/
[Wed Aug 26 00:10:27.736035 2026] [authz_core:debug] [pid 2088614:tid 2088614] mod_authz_core.c(815): [client 111.240.15.69:41998] AH01626: authorization result of : granted, referer: https://www.sanjh.ilc.edu.tw/
[Wed Aug 26 00:10:27.736298 2026] [deflate:debug] [pid 2088614:tid 2088614] mod_deflate.c(909): [client 111.240.15.69:41998] AH01384: Zlib: Compressed 4111 to 1423 : URL /wp-content/themes/oceanwp/assets/js/ow-lightbox.min.js, referer: https://www.sanjh.ilc.edu.tw/
[Wed Aug 26 00:10:27.736316 2026] [ssl:debug] [pid 2088610:tid 2088610] ssl_engine_kernel.c(254): [client 111.240.15.69:41980] AH02034: Subsequent (No.6) HTTPS request received for child 32 (server www.sanjh.ilc.edu.tw:443), referer: https://www.sanjh.ilc.edu.tw/wp-content/cache/www.sanjh.ilc.edu.tw/wpfc-minified/1p9ydqzg/cbn42.css
[Wed Aug 26 00:10:27.736512 2026] [deflate:debug] [pid 2088299:tid 2088299] mod_deflate.c(909): [client 111.240.15.69:41990] AH01384: Zlib: Compressed 20216 to 7328 : URL /wp-content/themes/oceanwp/assets/js/vendors/magnific-popup.min.js, referer: https://www.sanjh.ilc.edu.tw/
[Wed Aug 26 00:10:27.736550 2026] [authz_core:debug] [pid 2088610:tid 2088610] mod_authz_core.c(815): [client 111.240.15.69:41980] AH01626: authorization result of Require all granted: granted, referer: https://www.sanjh.ilc.edu.tw/wp-content/cache/www.sanjh.ilc.edu.tw/wpfc-minified/1p9ydqzg/cbn42.css
[Wed Aug 26 00:10:27.736561 2026] [authz_core:debug] [pid 2088610:tid 2088610] mod_authz_core.c(815): [client 111.240.15.69:41980] AH01626: authorization result of : granted, referer: https://www.sanjh.ilc.edu.tw/wp-content/cache/www.sanjh.ilc.edu.tw/wpfc-minified/1p9ydqzg/cbn42.css
[Wed Aug 26 00:10:27.780567 2026] [ssl:debug] [pid 2088294:tid 2088294] ssl_engine_kernel.c(254): [client 111.240.15.69:42008] AH02034: Subsequent (No.4) HTTPS request received for child 0 (server www.sanjh.ilc.edu.tw:443), referer: https://www.sanjh.ilc.edu.tw/
[Wed Aug 26 00:10:27.781314 2026] [authz_core:debug] [pid 2088294:tid 2088294] mod_authz_core.c(815): [client 111.240.15.69:42008] AH01626: authorization result of Require all granted: granted, referer: https://www.sanjh.ilc.edu.tw/
[Wed Aug 26 00:10:27.781332 2026] [authz_core:debug] [pid 2088294:tid 2088294] mod_authz_core.c(815): [client 111.240.15.69:42008] AH01626: authorization result of : granted, referer: https://www.sanjh.ilc.edu.tw/
[Wed Aug 26 00:10:27.800250 2026] [ssl:debug] [pid 2088614:tid 2088614] ssl_engine_kernel.c(254): [client 111.240.15.69:41998] AH02034: Subsequent (No.7) HTTPS request received for child 37 (server www.sanjh.ilc.edu.tw:443), referer: https://www.sanjh.ilc.edu.tw/
[Wed Aug 26 00:10:27.800515 2026] [authz_core:debug] [pid 2088614:tid 2088614] mod_authz_core.c(815): [client 111.240.15.69:41998] AH01626: authorization result of Require all granted: granted, referer: https://www.sanjh.ilc.edu.tw/
[Wed Aug 26 00:10:27.800534 2026] [authz_core:debug] [pid 2088614:tid 2088614] mod_authz_core.c(815): [client 111.240.15.69:41998] AH01626: authorization result of : granted, referer: https://www.sanjh.ilc.edu.tw/
[Wed Aug 26 00:10:27.802890 2026] [deflate:debug] [pid 2088614:tid 2088614] mod_deflate.c(909): [client 111.240.15.69:41998] AH01384: Zlib: Compressed 57513 to 14083 : URL /wp-content/themes/oceanwp/assets/js/vendors/flickity.pkgd.min.js, referer: https://www.sanjh.ilc.edu.tw/
[Wed Aug 26 00:10:27.804615 2026] [ssl:debug] [pid 2088589:tid 2088589] ssl_engine_kernel.c(254): [client 111.240.15.69:42018] AH02034: Subsequent (No.5) HTTPS request received for child 15 (server www.sanjh.ilc.edu.tw:443), referer: https://www.sanjh.ilc.edu.tw/
[Wed Aug 26 00:10:27.804824 2026] [authz_core:debug] [pid 2088589:tid 2088589] mod_authz_core.c(815): [client 111.240.15.69:42018] AH01626: authorization result of Require all granted: granted, referer: https://www.sanjh.ilc.edu.tw/
[Wed Aug 26 00:10:27.804830 2026] [authz_core:debug] [pid 2088589:tid 2088589] mod_authz_core.c(815): [client 111.240.15.69:42018] AH01626: authorization result of : granted, referer: https://www.sanjh.ilc.edu.tw/
[Wed Aug 26 00:10:27.805228 2026] [deflate:debug] [pid 2088589:tid 2088589] mod_deflate.c(909): [client 111.240.15.69:42018] AH01384: Zlib: Compressed 2002 to 864 : URL /wp-content/themes/oceanwp/assets/js/ow-slider.min.js, referer: https://www.sanjh.ilc.edu.tw/
[Wed Aug 26 00:10:27.806023 2026] [ssl:debug] [pid 2088616:tid 2088616] ssl_engine_kernel.c(254): [client 111.240.15.69:41974] AH02034: Subsequent (No.7) HTTPS request received for child 39 (server www.sanjh.ilc.edu.tw:443), referer: https://www.sanjh.ilc.edu.tw/
[Wed Aug 26 00:10:27.806223 2026] [authz_core:debug] [pid 2088616:tid 2088616] mod_authz_core.c(815): [client 111.240.15.69:41974] AH01626: authorization result of Require all granted: granted, referer: https://www.sanjh.ilc.edu.tw/
[Wed Aug 26 00:10:27.806229 2026] [authz_core:debug] [pid 2088616:tid 2088616] mod_authz_core.c(815): [client 111.240.15.69:41974] AH01626: authorization result of : granted, referer: https://www.sanjh.ilc.edu.tw/
[Wed Aug 26 00:10:27.806616 2026] [deflate:debug] [pid 2088616:tid 2088616] mod_deflate.c(909): [client 111.240.15.69:41974] AH01384: Zlib: Compressed 12402 to 3229 : URL /wp-content/themes/oceanwp/assets/js/scroll-effect.min.js, referer: https://www.sanjh.ilc.edu.tw/
[Wed Aug 26 00:10:27.807499 2026] [ssl:debug] [pid 2088299:tid 2088299] ssl_engine_kernel.c(254): [client 111.240.15.69:41990] AH02034: Subsequent (No.4) HTTPS request received for child 5 (server www.sanjh.ilc.edu.tw:443), referer: https://www.sanjh.ilc.edu.tw/
[Wed Aug 26 00:10:27.807760 2026] [authz_core:debug] [pid 2088299:tid 2088299] mod_authz_core.c(815): [client 111.240.15.69:41990] AH01626: authorization result of Require all granted: granted, referer: https://www.sanjh.ilc.edu.tw/
[Wed Aug 26 00:10:27.807771 2026] [authz_core:debug] [pid 2088299:tid 2088299] mod_authz_core.c(815): [client 111.240.15.69:41990] AH01626: authorization result of : granted, referer: https://www.sanjh.ilc.edu.tw/
[Wed Aug 26 00:10:27.808615 2026] [deflate:debug] [pid 2088299:tid 2088299] mod_deflate.c(909): [client 111.240.15.69:41990] AH01384: Zlib: Compressed 8989 to 2304 : URL /wp-content/themes/oceanwp/assets/js/scroll-top.min.js, referer: https://www.sanjh.ilc.edu.tw/
[Wed Aug 26 00:10:27.810079 2026] [ssl:debug] [pid 2088610:tid 2088610] ssl_engine_kernel.c(254): [client 111.240.15.69:41980] AH02034: Subsequent (No.7) HTTPS request received for child 32 (server www.sanjh.ilc.edu.tw:443), referer: https://www.sanjh.ilc.edu.tw/wp-content/cache/www.sanjh.ilc.edu.tw/wpfc-minified/qlc91b58/cbm5n.css
