[Wed Aug 26 00:11:27.583290 2026] [ssl:debug] [pid 2088604:tid 2088604] ssl_engine_kernel.c(254): [client 34.123.149.87:35841] AH02034: Initial (No.1) HTTPS request received for child 26 (server 2blog.ilc.edu.tw:443)
[Wed Aug 26 00:11:27.583477 2026] [authz_core:debug] [pid 2088604:tid 2088604] mod_authz_core.c(815): [client 34.123.149.87:35841] AH01626: authorization result of Require all granted: granted
[Wed Aug 26 00:11:27.583482 2026] [authz_core:debug] [pid 2088604:tid 2088604] mod_authz_core.c(815): [client 34.123.149.87:35841] AH01626: authorization result of : granted
[Wed Aug 26 00:11:27.583622 2026] [authz_core:debug] [pid 2088604:tid 2088604] mod_authz_core.c(815): [client 34.123.149.87:35841] AH01626: authorization result of Require all granted: granted
[Wed Aug 26 00:11:27.583635 2026] [authz_core:debug] [pid 2088604:tid 2088604] mod_authz_core.c(815): [client 34.123.149.87:35841] AH01626: authorization result of : granted
[Wed Aug 26 00:11:27.737404 2026] [ssl:debug] [pid 2088620:tid 2088620] ssl_engine_kernel.c(254): [client 66.249.79.163:48670] AH02034: Subsequent (No.2) HTTPS request received for child 43 (server 2blog.ilc.edu.tw:443)
[Wed Aug 26 00:11:27.749184 2026] [authz_core:debug] [pid 2088620:tid 2088620] mod_authz_core.c(815): [client 66.249.79.163:48670] AH01626: authorization result of Require all granted: granted
[Wed Aug 26 00:11:27.749205 2026] [authz_core:debug] [pid 2088620:tid 2088620] mod_authz_core.c(815): [client 66.249.79.163:48670] AH01626: authorization result of : granted
[Wed Aug 26 00:11:27.770927 2026] [ssl:info] [pid 2093059:tid 2093059] [client 136.119.35.120:6145] AH01964: Connection to child 6 established (server 2blog.ilc.edu.tw:443)
[Wed Aug 26 00:11:27.771125 2026] [ssl:debug] [pid 2093059:tid 2093059] ssl_engine_kernel.c(2222): [client 136.119.35.120:6145] AH02043: SSL virtual host for servername 2blog.ilc.edu.tw found
[Wed Aug 26 00:11:27.771195 2026] [core:debug] [pid 2093059:tid 2093059] protocol.c(2460): [client 136.119.35.120:6145] AH03155: select protocol from , choices=http/1.1 for server 2blog.ilc.edu.tw
[Wed Aug 26 00:11:27.960926 2026] [ssl:info] [pid 2093090:tid 2093090] [client 40.77.167.126:46294] AH01964: Connection to child 35 established (server 2blog.ilc.edu.tw:443)
[Wed Aug 26 00:11:27.961106 2026] [ssl:debug] [pid 2093090:tid 2093090] ssl_engine_kernel.c(2222): [client 40.77.167.126:46294] AH02043: SSL virtual host for servername 2blog.ilc.edu.tw found
[Wed Aug 26 00:11:27.961219 2026] [core:debug] [pid 2093090:tid 2093090] protocol.c(2460): [client 40.77.167.126:46294] AH03155: select protocol from , choices=h2,http/1.1 for server 2blog.ilc.edu.tw
[Wed Aug 26 00:11:27.984981 2026] [deflate:debug] [pid 2088590:tid 2088590] mod_deflate.c(909): [client 34.30.223.149:64000] AH01384: Zlib: Compressed 534637 to 85102 : URL /index.php
[Wed Aug 26 00:11:28.018291 2026] [ssl:debug] [pid 2093059:tid 2093059] ssl_engine_kernel.c(2082): [client 136.119.35.120:6145] AH02041: Protocol: TLSv1.3, Cipher: TLS_AES_256_GCM_SHA384 (256/256 bits)
[Wed Aug 26 00:11:28.018348 2026] [socache_shmcb:debug] [pid 2093059:tid 2093059] mod_socache_shmcb.c(508): AH00831: socache_shmcb_store (0xd4 -> subcache 20)
[Wed Aug 26 00:11:28.018354 2026] [socache_shmcb:debug] [pid 2093059:tid 2093059] mod_socache_shmcb.c(860): AH00847: insert happened at idx=83, data=(4685:4717)
[Wed Aug 26 00:11:28.018356 2026] [socache_shmcb:debug] [pid 2093059:tid 2093059] mod_socache_shmcb.c(863): AH00848: finished insert, subcache: idx_pos/idx_used=50/34, data_pos/data_used=11237/7537
[Wed Aug 26 00:11:28.018358 2026] [socache_shmcb:debug] [pid 2093059:tid 2093059] mod_socache_shmcb.c(530): AH00834: leaving socache_shmcb_store successfully
[Wed Aug 26 00:11:28.018420 2026] [socache_shmcb:debug] [pid 2093059:tid 2093059] mod_socache_shmcb.c(508): AH00831: socache_shmcb_store (0x9a -> subcache 26)
[Wed Aug 26 00:11:28.018425 2026] [socache_shmcb:debug] [pid 2093059:tid 2093059] mod_socache_shmcb.c(860): AH00847: insert happened at idx=77, data=(3231:3263)
[Wed Aug 26 00:11:28.018427 2026] [socache_shmcb:debug] [pid 2093059:tid 2093059] mod_socache_shmcb.c(863): AH00848: finished insert, subcache: idx_pos/idx_used=43/35, data_pos/data_used=9606/7714
[Wed Aug 26 00:11:28.018429 2026] [socache_shmcb:debug] [pid 2093059:tid 2093059] mod_socache_shmcb.c(530): AH00834: leaving socache_shmcb_store successfully
[Wed Aug 26 00:11:28.069487 2026] [ssl:debug] [pid 2093059:tid 2093059] ssl_engine_kernel.c(254): [client 136.119.35.120:6145] AH02034: Initial (No.1) HTTPS request received for child 6 (server 2blog.ilc.edu.tw:443)
[Wed Aug 26 00:11:28.069788 2026] [authz_core:debug] [pid 2093059:tid 2093059] mod_authz_core.c(815): [client 136.119.35.120:6145] AH01626: authorization result of Require all granted: granted
[Wed Aug 26 00:11:28.069810 2026] [authz_core:debug] [pid 2093059:tid 2093059] mod_authz_core.c(815): [client 136.119.35.120:6145] AH01626: authorization result of : granted
[Wed Aug 26 00:11:28.070036 2026] [authz_core:debug] [pid 2093059:tid 2093059] mod_authz_core.c(815): [client 136.119.35.120:6145] AH01626: authorization result of Require all granted: granted
[Wed Aug 26 00:11:28.070049 2026] [authz_core:debug] [pid 2093059:tid 2093059] mod_authz_core.c(815): [client 136.119.35.120:6145] AH01626: authorization result of : granted
[Wed Aug 26 00:11:28.070810 2026] [ssl:info] [pid 2093111:tid 2093111] [client 66.249.82.132:65089] AH01964: Connection to child 57 established (server 2blog.ilc.edu.tw:443)
[Wed Aug 26 00:11:28.071111 2026] [ssl:info] [pid 2093079:tid 2093079] [client 66.249.82.132:61451] AH01964: Connection to child 14 established (server 2blog.ilc.edu.tw:443)
[Wed Aug 26 00:11:28.071176 2026] [ssl:debug] [pid 2093111:tid 2093111] ssl_engine_kernel.c(2222): [client 66.249.82.132:65089] AH02043: SSL virtual host for servername www.dsjh.ilc.edu.tw found
[Wed Aug 26 00:11:28.071205 2026] [ssl:debug] [pid 2093079:tid 2093079] ssl_engine_kernel.c(2222): [client 66.249.82.132:61451] AH02043: SSL virtual host for servername www.dsjh.ilc.edu.tw found
[Wed Aug 26 00:11:28.071294 2026] [ssl:info] [pid 2088602:tid 2088602] [client 66.249.82.131:48820] AH01964: Connection to child 24 established (server 2blog.ilc.edu.tw:443)
[Wed Aug 26 00:11:28.071313 2026] [ssl:debug] [pid 2093079:tid 2093079] ssl_util_stapling.c(819): AH01951: stapling_cb: OCSP Stapling callback called
[Wed Aug 26 00:11:28.071321 2026] [ssl:info] [pid 2093079:tid 2093079] AH01926: stapling_get_certinfo: stapling not supported for certificate
[Wed Aug 26 00:11:28.071339 2026] [ssl:info] [pid 2088393:tid 2088393] [client 66.249.82.132:50119] AH01964: Connection to child 11 established (server 2blog.ilc.edu.tw:443)
[Wed Aug 26 00:11:28.071358 2026] [ssl:debug] [pid 2093111:tid 2093111] ssl_util_stapling.c(819): AH01951: stapling_cb: OCSP Stapling callback called
[Wed Aug 26 00:11:28.071366 2026] [ssl:info] [pid 2093111:tid 2093111] AH01926: stapling_get_certinfo: stapling not supported for certificate
[Wed Aug 26 00:11:28.071410 2026] [ssl:debug] [pid 2088602:tid 2088602] ssl_engine_kernel.c(2222): [client 66.249.82.131:48820] AH02043: SSL virtual host for servername www.dsjh.ilc.edu.tw found
[Wed Aug 26 00:11:28.071474 2026] [ssl:debug] [pid 2088602:tid 2088602] ssl_util_stapling.c(819): AH01951: stapling_cb: OCSP Stapling callback called
[Wed Aug 26 00:11:28.071479 2026] [ssl:info] [pid 2088602:tid 2088602] AH01926: stapling_get_certinfo: stapling not supported for certificate
[Wed Aug 26 00:11:28.071502 2026] [ssl:debug] [pid 2088393:tid 2088393] ssl_engine_kernel.c(2222): [client 66.249.82.132:50119] AH02043: SSL virtual host for servername www.dsjh.ilc.edu.tw found
[Wed Aug 26 00:11:28.071582 2026] [ssl:debug] [pid 2088393:tid 2088393] ssl_util_stapling.c(819): AH01951: stapling_cb: OCSP Stapling callback called
[Wed Aug 26 00:11:28.071588 2026] [ssl:info] [pid 2088393:tid 2088393] AH01926: stapling_get_certinfo: stapling not supported for certificate
[Wed Aug 26 00:11:28.071679 2026] [ssl:info] [pid 2093073:tid 2093073] [client 66.249.82.132:52499] AH01964: Connection to child 2 established (server 2blog.ilc.edu.tw:443)
[Wed Aug 26 00:11:28.071907 2026] [ssl:info] [pid 2093098:tid 2093098] [client 66.249.82.131:56761] AH01964: Connection to child 44 established (server 2blog.ilc.edu.tw:443)
[Wed Aug 26 00:11:28.071966 2026] [ssl:debug] [pid 2093073:tid 2093073] ssl_engine_kernel.c(2222): [client 66.249.82.132:52499] AH02043: SSL virtual host for servername www.dsjh.ilc.edu.tw found
[Wed Aug 26 00:11:28.072138 2026] [ssl:debug] [pid 2093073:tid 2093073] ssl_util_stapling.c(819): AH01951: stapling_cb: OCSP Stapling callback called
[Wed Aug 26 00:11:28.072148 2026] [ssl:info] [pid 2093073:tid 2093073] AH01926: stapling_get_certinfo: stapling not supported for certificate
[Wed Aug 26 00:11:28.072221 2026] [ssl:debug] [pid 2093098:tid 2093098] ssl_engine_kernel.c(2222): [client 66.249.82.131:56761] AH02043: SSL virtual host for servername www.dsjh.ilc.edu.tw found
[Wed Aug 26 00:11:28.072370 2026] [ssl:debug] [pid 2093098:tid 2093098] ssl_util_stapling.c(819): AH01951: stapling_cb: OCSP Stapling callback called
[Wed Aug 26 00:11:28.072395 2026] [ssl:info] [pid 2093098:tid 2093098] AH01926: stapling_get_certinfo: stapling not supported for certificate
[Wed Aug 26 00:11:28.072597 2026] [ssl:info] [pid 2093094:tid 2093094] [client 66.249.82.132:35916] AH01964: Connection to child 39 established (server 2blog.ilc.edu.tw:443)
[Wed Aug 26 00:11:28.072713 2026] [ssl:debug] [pid 2093094:tid 2093094] ssl_engine_kernel.c(2222): [client 66.249.82.132:35916] AH02043: SSL virtual host for servername www.dsjh.ilc.edu.tw found
[Wed Aug 26 00:11:28.072765 2026] [ssl:debug] [pid 2093094:tid 2093094] ssl_util_stapling.c(819): AH01951: stapling_cb: OCSP Stapling callback called
[Wed Aug 26 00:11:28.072770 2026] [ssl:info] [pid 2093094:tid 2093094] AH01926: stapling_get_certinfo: stapling not supported for certificate
[Wed Aug 26 00:11:28.072890 2026] [ssl:info] [pid 2088598:tid 2088598] [client 66.249.82.131:61225] AH01964: Connection to child 20 established (server 2blog.ilc.edu.tw:443)
[Wed Aug 26 00:11:28.073009 2026] [ssl:debug] [pid 2088598:tid 2088598] ssl_engine_kernel.c(2222): [client 66.249.82.131:61225] AH02043: SSL virtual host for servername www.dsjh.ilc.edu.tw found
[Wed Aug 26 00:11:28.073065 2026] [ssl:debug] [pid 2088598:tid 2088598] ssl_util_stapling.c(819): AH01951: stapling_cb: OCSP Stapling callback called
[Wed Aug 26 00:11:28.073069 2026] [ssl:info] [pid 2088598:tid 2088598] AH01926: stapling_get_certinfo: stapling not supported for certificate
[Wed Aug 26 00:11:28.073120 2026] [ssl:info] [pid 2093081:tid 2093081] [client 66.249.82.130:56683] AH01964: Connection to child 19 established (server 2blog.ilc.edu.tw:443)
[Wed Aug 26 00:11:28.073233 2026] [ssl:debug] [pid 2093081:tid 2093081] ssl_engine_kernel.c(2222): [client 66.249.82.130:56683] AH02043: SSL virtual host for servername www.dsjh.ilc.edu.tw found
[Wed Aug 26 00:11:28.073298 2026] [ssl:debug] [pid 2093081:tid 2093081] ssl_util_stapling.c(819): AH01951: stapling_cb: OCSP Stapling callback called
[Wed Aug 26 00:11:28.073303 2026] [ssl:info] [pid 2093081:tid 2093081] AH01926: stapling_get_certinfo: stapling not supported for certificate
[Wed Aug 26 00:11:28.073904 2026] [ssl:info] [pid 2093093:tid 2093093] [client 66.249.82.130:38863] AH01964: Connection to child 38 established (server 2blog.ilc.edu.tw:443)
[Wed Aug 26 00:11:28.074092 2026] [ssl:info] [pid 2093096:tid 2093096] [client 66.249.82.130:39149] AH01964: Connection to child 41 established (server 2blog.ilc.edu.tw:443)
[Wed Aug 26 00:11:28.074127 2026] [ssl:debug] [pid 2093093:tid 2093093] ssl_engine_kernel.c(2222): [client 66.249.82.130:38863] AH02043: SSL virtual host for servername www.dsjh.ilc.edu.tw found
[Wed Aug 26 00:11:28.074217 2026] [ssl:debug] [pid 2093096:tid 2093096] ssl_engine_kernel.c(2222): [client 66.249.82.130:39149] AH02043: SSL virtual host for servername www.dsjh.ilc.edu.tw found
[Wed Aug 26 00:11:28.074257 2026] [ssl:debug] [pid 2093093:tid 2093093] ssl_util_stapling.c(819): AH01951: stapling_cb: OCSP Stapling callback called
[Wed Aug 26 00:11:28.074271 2026] [ssl:info] [pid 2093093:tid 2093093] AH01926: stapling_get_certinfo: stapling not supported for certificate
[Wed Aug 26 00:11:28.074287 2026] [ssl:debug] [pid 2093096:tid 2093096] ssl_util_stapling.c(819): AH01951: stapling_cb: OCSP Stapling callback called
[Wed Aug 26 00:11:28.074292 2026] [ssl:info] [pid 2093096:tid 2093096] AH01926: stapling_get_certinfo: stapling not supported for certificate
[Wed Aug 26 00:11:28.074395 2026] [ssl:info] [pid 2088299:tid 2088299] [client 66.249.82.130:37669] AH01964: Connection to child 5 established (server 2blog.ilc.edu.tw:443)
[Wed Aug 26 00:11:28.074487 2026] [ssl:debug] [pid 2088299:tid 2088299] ssl_engine_kernel.c(2222): [client 66.249.82.130:37669] AH02043: SSL virtual host for servername www.dsjh.ilc.edu.tw found
[Wed Aug 26 00:11:28.074546 2026] [ssl:debug] [pid 2088299:tid 2088299] ssl_util_stapling.c(819): AH01951: stapling_cb: OCSP Stapling callback called
[Wed Aug 26 00:11:28.074550 2026] [ssl:info] [pid 2088299:tid 2088299] AH01926: stapling_get_certinfo: stapling not supported for certificate
[Wed Aug 26 00:11:28.074792 2026] [ssl:info] [pid 2093075:tid 2093075] [client 66.249.82.131:62961] AH01964: Connection to child 10 established (server 2blog.ilc.edu.tw:443)
[Wed Aug 26 00:11:28.074908 2026] [ssl:info] [pid 2088600:tid 2088600] [client 66.249.82.130:46004] AH01964: Connection to child 22 established (server 2blog.ilc.edu.tw:443)
[Wed Aug 26 00:11:28.074928 2026] [ssl:debug] [pid 2093075:tid 2093075] ssl_engine_kernel.c(2222): [client 66.249.82.131:62961] AH02043: SSL virtual host for servername www.dsjh.ilc.edu.tw found
[Wed Aug 26 00:11:28.075005 2026] [ssl:debug] [pid 2093075:tid 2093075] ssl_util_stapling.c(819): AH01951: stapling_cb: OCSP Stapling callback called
[Wed Aug 26 00:11:28.075011 2026] [ssl:info] [pid 2093075:tid 2093075] AH01926: stapling_get_certinfo: stapling not supported for certificate
[Wed Aug 26 00:11:28.075017 2026] [ssl:debug] [pid 2088600:tid 2088600] ssl_engine_kernel.c(2222): [client 66.249.82.130:46004] AH02043: SSL virtual host for servername www.dsjh.ilc.edu.tw found
[Wed Aug 26 00:11:28.075082 2026] [ssl:debug] [pid 2088600:tid 2088600] ssl_util_stapling.c(819): AH01951: stapling_cb: OCSP Stapling callback called
[Wed Aug 26 00:11:28.075086 2026] [ssl:info] [pid 2088600:tid 2088600] AH01926: stapling_get_certinfo: stapling not supported for certificate
[Wed Aug 26 00:11:28.075441 2026] [ssl:info] [pid 2093100:tid 2093100] [client 66.249.82.130:62880] AH01964: Connection to child 46 established (server 2blog.ilc.edu.tw:443)
[Wed Aug 26 00:11:28.075565 2026] [ssl:info] [pid 2093097:tid 2093097] [client 66.249.82.132:42500] AH01964: Connection to child 42 established (server 2blog.ilc.edu.tw:443)
[Wed Aug 26 00:11:28.075697 2026] [ssl:debug] [pid 2093097:tid 2093097] ssl_engine_kernel.c(2222): [client 66.249.82.132:42500] AH02043: SSL virtual host for servername www.dsjh.ilc.edu.tw found
[Wed Aug 26 00:11:28.075759 2026] [ssl:debug] [pid 2093100:tid 2093100] ssl_engine_kernel.c(2222): [client 66.249.82.130:62880] AH02043: SSL virtual host for servername www.dsjh.ilc.edu.tw found
[Wed Aug 26 00:11:28.075837 2026] [ssl:debug] [pid 2093097:tid 2093097] ssl_util_stapling.c(819): AH01951: stapling_cb: OCSP Stapling callback called
[Wed Aug 26 00:11:28.075842 2026] [ssl:info] [pid 2093097:tid 2093097] AH01926: stapling_get_certinfo: stapling not supported for certificate
[Wed Aug 26 00:11:28.075851 2026] [ssl:info] [pid 2088407:tid 2088407] [client 66.249.82.132:52116] AH01964: Connection to child 7 established (server 2blog.ilc.edu.tw:443)
[Wed Aug 26 00:11:28.075929 2026] [ssl:debug] [pid 2093100:tid 2093100] ssl_util_stapling.c(819): AH01951: stapling_cb: OCSP Stapling callback called
[Wed Aug 26 00:11:28.075939 2026] [ssl:info] [pid 2093100:tid 2093100] AH01926: stapling_get_certinfo: stapling not supported for certificate
[Wed Aug 26 00:11:28.075948 2026] [ssl:info] [pid 2093107:tid 2093107] [client 66.249.82.130:49700] AH01964: Connection to child 53 established (server 2blog.ilc.edu.tw:443)
[Wed Aug 26 00:11:28.075961 2026] [ssl:debug] [pid 2088407:tid 2088407] ssl_engine_kernel.c(2222): [client 66.249.82.132:52116] AH02043: SSL virtual host for servername www.dsjh.ilc.edu.tw found
[Wed Aug 26 00:11:28.076005 2026] [ssl:info] [pid 2093083:tid 2093083] [client 66.249.82.132:51508] AH01964: Connection to child 23 established (server 2blog.ilc.edu.tw:443)
[Wed Aug 26 00:11:28.076016 2026] [ssl:debug] [pid 2088407:tid 2088407] ssl_util_stapling.c(819): AH01951: stapling_cb: OCSP Stapling callback called
[Wed Aug 26 00:11:28.076022 2026] [ssl:info] [pid 2088407:tid 2088407] AH01926: stapling_get_certinfo: stapling not supported for certificate
[Wed Aug 26 00:11:28.076124 2026] [ssl:debug] [pid 2093083:tid 2093083] ssl_engine_kernel.c(2222): [client 66.249.82.132:51508] AH02043: SSL virtual host for servername www.dsjh.ilc.edu.tw found
[Wed Aug 26 00:11:28.076171 2026] [ssl:debug] [pid 2093107:tid 2093107] ssl_engine_kernel.c(2222): [client 66.249.82.130:49700] AH02043: SSL virtual host for servername www.dsjh.ilc.edu.tw found
[Wed Aug 26 00:11:28.076219 2026] [ssl:debug] [pid 2093083:tid 2093083] ssl_util_stapling.c(819): AH01951: stapling_cb: OCSP Stapling callback called
[Wed Aug 26 00:11:28.076226 2026] [ssl:info] [pid 2093083:tid 2093083] AH01926: stapling_get_certinfo: stapling not supported for certificate
[Wed Aug 26 00:11:28.076273 2026] [ssl:debug] [pid 2093107:tid 2093107] ssl_util_stapling.c(819): AH01951: stapling_cb: OCSP Stapling callback called
[Wed Aug 26 00:11:28.076278 2026] [ssl:info] [pid 2093107:tid 2093107] AH01926: stapling_get_certinfo: stapling not supported for certificate
[Wed Aug 26 00:11:28.077183 2026] [ssl:info] [pid 2093077:tid 2093077] [client 66.249.82.130:52315] AH01964: Connection to child 12 established (server 2blog.ilc.edu.tw:443)
[Wed Aug 26 00:11:28.077285 2026] [ssl:info] [pid 2093099:tid 2093099] [client 66.249.82.130:35383] AH01964: Connection to child 45 established (server 2blog.ilc.edu.tw:443)
[Wed Aug 26 00:11:28.077347 2026] [ssl:debug] [pid 2093077:tid 2093077] ssl_engine_kernel.c(2222): [client 66.249.82.130:52315] AH02043: SSL virtual host for servername www.dsjh.ilc.edu.tw found
[Wed Aug 26 00:11:28.077400 2026] [ssl:info] [pid 2093078:tid 2093078] [client 66.249.82.132:62961] AH01964: Connection to child 13 established (server 2blog.ilc.edu.tw:443)
[Wed Aug 26 00:11:28.077425 2026] [ssl:debug] [pid 2093077:tid 2093077] ssl_util_stapling.c(819): AH01951: stapling_cb: OCSP Stapling callback called
[Wed Aug 26 00:11:28.077431 2026] [ssl:info] [pid 2093077:tid 2093077] AH01926: stapling_get_certinfo: stapling not supported for certificate
[Wed Aug 26 00:11:28.077436 2026] [ssl:debug] [pid 2093099:tid 2093099] ssl_engine_kernel.c(2222): [client 66.249.82.130:35383] AH02043: SSL virtual host for servername www.dsjh.ilc.edu.tw found
[Wed Aug 26 00:11:28.077480 2026] [ssl:info] [pid 2093108:tid 2093108] [client 66.249.82.132:58836] AH01964: Connection to child 54 established (server 2blog.ilc.edu.tw:443)
[Wed Aug 26 00:11:28.077514 2026] [ssl:debug] [pid 2093099:tid 2093099] ssl_util_stapling.c(819): AH01951: stapling_cb: OCSP Stapling callback called
[Wed Aug 26 00:11:28.077514 2026] [ssl:debug] [pid 2093078:tid 2093078] ssl_engine_kernel.c(2222): [client 66.249.82.132:62961] AH02043: SSL virtual host for servername www.dsjh.ilc.edu.tw found
[Wed Aug 26 00:11:28.077520 2026] [ssl:info] [pid 2093099:tid 2093099] AH01926: stapling_get_certinfo: stapling not supported for certificate
[Wed Aug 26 00:11:28.077582 2026] [ssl:debug] [pid 2093078:tid 2093078] ssl_util_stapling.c(819): AH01951: stapling_cb: OCSP Stapling callback called
[Wed Aug 26 00:11:28.077588 2026] [ssl:info] [pid 2093078:tid 2093078] AH01926: stapling_get_certinfo: stapling not supported for certificate
[Wed Aug 26 00:11:28.077778 2026] [ssl:debug] [pid 2093108:tid 2093108] ssl_engine_kernel.c(2222): [client 66.249.82.132:58836] AH02043: SSL virtual host for servername www.dsjh.ilc.edu.tw found
[Wed Aug 26 00:11:28.077905 2026] [ssl:info] [pid 2088391:tid 2088391] [client 66.249.82.132:47917] AH01964: Connection to child 9 established (server 2blog.ilc.edu.tw:443)
[Wed Aug 26 00:11:28.077921 2026] [ssl:debug] [pid 2093108:tid 2093108] ssl_util_stapling.c(819): AH01951: stapling_cb: OCSP Stapling callback called
[Wed Aug 26 00:11:28.077929 2026] [ssl:info] [pid 2093108:tid 2093108] AH01926: stapling_get_certinfo: stapling not supported for certificate
[Wed Aug 26 00:11:28.078001 2026] [ssl:debug] [pid 2088391:tid 2088391] ssl_engine_kernel.c(2222): [client 66.249.82.132:47917] AH02043: SSL virtual host for servername www.dsjh.ilc.edu.tw found
[Wed Aug 26 00:11:28.078026 2026] [ssl:info] [pid 2088606:tid 2088606] [client 66.249.82.132:36648] AH01964: Connection to child 28 established (server 2blog.ilc.edu.tw:443)
[Wed Aug 26 00:11:28.078084 2026] [ssl:debug] [pid 2088391:tid 2088391] ssl_util_stapling.c(819): AH01951: stapling_cb: OCSP Stapling callback called
[Wed Aug 26 00:11:28.078089 2026] [ssl:info] [pid 2088391:tid 2088391] AH01926: stapling_get_certinfo: stapling not supported for certificate
[Wed Aug 26 00:11:28.078103 2026] [ssl:info] [pid 2093105:tid 2093105] [client 66.249.82.131:60105] AH01964: Connection to child 51 established (server 2blog.ilc.edu.tw:443)
[Wed Aug 26 00:11:28.078117 2026] [ssl:debug] [pid 2088606:tid 2088606] ssl_engine_kernel.c(2222): [client 66.249.82.132:36648] AH02043: SSL virtual host for servername www.dsjh.ilc.edu.tw found
[Wed Aug 26 00:11:28.078184 2026] [ssl:debug] [pid 2088606:tid 2088606] ssl_util_stapling.c(819): AH01951: stapling_cb: OCSP Stapling callback called
[Wed Aug 26 00:11:28.078188 2026] [ssl:info] [pid 2088606:tid 2088606] AH01926: stapling_get_certinfo: stapling not supported for certificate
[Wed Aug 26 00:11:28.078241 2026] [ssl:debug] [pid 2093105:tid 2093105] ssl_engine_kernel.c(2222): [client 66.249.82.131:60105] AH02043: SSL virtual host for servername www.dsjh.ilc.edu.tw found
[Wed Aug 26 00:11:28.078317 2026] [ssl:debug] [pid 2093105:tid 2093105] ssl_util_stapling.c(819): AH01951: stapling_cb: OCSP Stapling callback called
[Wed Aug 26 00:11:28.078324 2026] [ssl:info] [pid 2093105:tid 2093105] AH01926: stapling_get_certinfo: stapling not supported for certificate
[Wed Aug 26 00:11:28.079483 2026] [ssl:debug] [pid 2088393:tid 2088393] ssl_engine_kernel.c(2082): [client 66.249.82.132:50119] AH02041: Protocol: TLSv1.3, Cipher: TLS_AES_256_GCM_SHA384 (256/256 bits)
[Wed Aug 26 00:11:28.079516 2026] [socache_shmcb:debug] [pid 2088393:tid 2088393] mod_socache_shmcb.c(508): AH00831: socache_shmcb_store (0x07 -> subcache 7)
[Wed Aug 26 00:11:28.079521 2026] [socache_shmcb:debug] [pid 2088393:tid 2088393] mod_socache_shmcb.c(860): AH00847: insert happened at idx=82, data=(4275:4307)
[Wed Aug 26 00:11:28.079523 2026] [socache_shmcb:debug] [pid 2088393:tid 2088393] mod_socache_shmcb.c(863): AH00848: finished insert, subcache: idx_pos/idx_used=42/41, data_pos/data_used=9272/9083
[Wed Aug 26 00:11:28.079526 2026] [socache_shmcb:debug] [pid 2088393:tid 2088393] mod_socache_shmcb.c(530): AH00834: leaving socache_shmcb_store successfully
[Wed Aug 26 00:11:28.079527 2026] [ssl:debug] [pid 2088602:tid 2088602] ssl_engine_kernel.c(2082): [client 66.249.82.131:48820] AH02041: Protocol: TLSv1.3, Cipher: TLS_AES_256_GCM_SHA384 (256/256 bits)
[Wed Aug 26 00:11:28.079554 2026] [socache_shmcb:debug] [pid 2088602:tid 2088602] mod_socache_shmcb.c(508): AH00831: socache_shmcb_store (0x61 -> subcache 1)
[Wed Aug 26 00:11:28.079559 2026] [socache_shmcb:debug] [pid 2088602:tid 2088602] mod_socache_shmcb.c(860): AH00847: insert happened at idx=82, data=(4373:4405)
[Wed Aug 26 00:11:28.079561 2026] [socache_shmcb:debug] [pid 2088602:tid 2088602] mod_socache_shmcb.c(863): AH00848: finished insert, subcache: idx_pos/idx_used=43/40, data_pos/data_used=9600/8854
[Wed Aug 26 00:11:28.079563 2026] [socache_shmcb:debug] [pid 2088602:tid 2088602] mod_socache_shmcb.c(530): AH00834: leaving socache_shmcb_store successfully
[Wed Aug 26 00:11:28.079572 2026] [socache_shmcb:debug] [pid 2088393:tid 2088393] mod_socache_shmcb.c(508): AH00831: socache_shmcb_store (0x6c -> subcache 12)
[Wed Aug 26 00:11:28.079577 2026] [socache_shmcb:debug] [pid 2088393:tid 2088393] mod_socache_shmcb.c(860): AH00847: insert happened at idx=71, data=(1963:1995)
[Wed Aug 26 00:11:28.079579 2026] [socache_shmcb:debug] [pid 2088393:tid 2088393] mod_socache_shmcb.c(863): AH00848: finished insert, subcache: idx_pos/idx_used=40/32, data_pos/data_used=8912/7132
[Wed Aug 26 00:11:28.079580 2026] [socache_shmcb:debug] [pid 2088393:tid 2088393] mod_socache_shmcb.c(530): AH00834: leaving socache_shmcb_store successfully
[Wed Aug 26 00:11:28.079591 2026] [socache_shmcb:debug] [pid 2088602:tid 2088602] mod_socache_shmcb.c(508): AH00831: socache_shmcb_store (0x44 -> subcache 4)
[Wed Aug 26 00:11:28.079596 2026] [socache_shmcb:debug] [pid 2088602:tid 2088602] mod_socache_shmcb.c(860): AH00847: insert happened at idx=86, data=(5199:5231)
[Wed Aug 26 00:11:28.079606 2026] [socache_shmcb:debug] [pid 2088602:tid 2088602] mod_socache_shmcb.c(863): AH00848: finished insert, subcache: idx_pos/idx_used=40/47, data_pos/data_used=8849/10430
[Wed Aug 26 00:11:28.079608 2026] [socache_shmcb:debug] [pid 2088602:tid 2088602] mod_socache_shmcb.c(530): AH00834: leaving socache_shmcb_store successfully
[Wed Aug 26 00:11:28.079699 2026] [ssl:debug] [pid 2088393:tid 2088393] ssl_engine_kernel.c(254): [client 66.249.82.132:50119] AH02034: Initial (No.1) HTTPS request received for child 11 (server www.dsjh.ilc.edu.tw:443), referer: https://www.dsjh.ilc.edu.tw/%E5%85%AC%E4%BD%88%E6%AC%84/
[Wed Aug 26 00:11:28.079713 2026] [ssl:debug] [pid 2088602:tid 2088602] ssl_engine_kernel.c(254): [client 66.249.82.131:48820] AH02034: Initial (No.1) HTTPS request received for child 24 (server www.dsjh.ilc.edu.tw:443), referer: https://www.dsjh.ilc.edu.tw/%E5%85%AC%E4%BD%88%E6%AC%84/
[Wed Aug 26 00:11:28.079863 2026] [authz_core:debug] [pid 2088393:tid 2088393] mod_authz_core.c(815): [client 66.249.82.132:50119] AH01626: authorization result of Require all granted: granted, referer: https://www.dsjh.ilc.edu.tw/%E5%85%AC%E4%BD%88%E6%AC%84/
[Wed Aug 26 00:11:28.079867 2026] [authz_core:debug] [pid 2088393:tid 2088393] mod_authz_core.c(815): [client 66.249.82.132:50119] AH01626: authorization result of : granted, referer: https://www.dsjh.ilc.edu.tw/%E5%85%AC%E4%BD%88%E6%AC%84/
[Wed Aug 26 00:11:28.079900 2026] [authz_core:debug] [pid 2088602:tid 2088602] mod_authz_core.c(815): [client 66.249.82.131:48820] AH01626: authorization result of Require all granted: granted, referer: https://www.dsjh.ilc.edu.tw/%E5%85%AC%E4%BD%88%E6%AC%84/
[Wed Aug 26 00:11:28.079908 2026] [authz_core:debug] [pid 2088602:tid 2088602] mod_authz_core.c(815): [client 66.249.82.131:48820] AH01626: authorization result of : granted, referer: https://www.dsjh.ilc.edu.tw/%E5%85%AC%E4%BD%88%E6%AC%84/
[Wed Aug 26 00:11:28.080097 2026] [deflate:debug] [pid 2088393:tid 2088393] mod_deflate.c(909): [client 66.249.82.132:50119] AH01384: Zlib: Compressed 3487 to 1339 : URL /wp-includes/js/admin-bar.min.js, referer: https://www.dsjh.ilc.edu.tw/%E5%85%AC%E4%BD%88%E6%AC%84/
[Wed Aug 26 00:11:28.080169 2026] [ssl:debug] [pid 2093111:tid 2093111] ssl_engine_kernel.c(2082): [client 66.249.82.132:65089] AH02041: Protocol: TLSv1.3, Cipher: TLS_AES_256_GCM_SHA384 (256/256 bits)
[Wed Aug 26 00:11:28.080210 2026] [socache_shmcb:debug] [pid 2093111:tid 2093111] mod_socache_shmcb.c(508): AH00831: socache_shmcb_store (0x1f -> subcache 31)
[Wed Aug 26 00:11:28.080219 2026] [socache_shmcb:debug] [pid 2093111:tid 2093111] mod_socache_shmcb.c(860): AH00847: insert happened at idx=72, data=(2062:2094)
[Wed Aug 26 00:11:28.080221 2026] [socache_shmcb:debug] [pid 2093111:tid 2093111] mod_socache_shmcb.c(863): AH00848: finished insert, subcache: idx_pos/idx_used=30/43, data_pos/data_used=6598/9544
[Wed Aug 26 00:11:28.080223 2026] [socache_shmcb:debug] [pid 2093111:tid 2093111] mod_socache_shmcb.c(530): AH00834: leaving socache_shmcb_store successfully
[Wed Aug 26 00:11:28.080252 2026] [socache_shmcb:debug] [pid 2093111:tid 2093111] mod_socache_shmcb.c(508): AH00831: socache_shmcb_store (0x03 -> subcache 3)
[Wed Aug 26 00:11:28.080257 2026] [socache_shmcb:debug] [pid 2093111:tid 2093111] mod_socache_shmcb.c(860): AH00847: insert happened at idx=72, data=(2098:2130)
[Wed Aug 26 00:11:28.080259 2026] [socache_shmcb:debug] [pid 2093111:tid 2093111] mod_socache_shmcb.c(863): AH00848: finished insert, subcache: idx_pos/idx_used=41/32, data_pos/data_used=9127/7052
[Wed Aug 26 00:11:28.080260 2026] [socache_shmcb:debug] [pid 2093111:tid 2093111] mod_socache_shmcb.c(530): AH00834: leaving socache_shmcb_store successfully
[Wed Aug 26 00:11:28.080355 2026] [ssl:debug] [pid 2093111:tid 2093111] ssl_engine_kernel.c(254): [client 66.249.82.132:65089] AH02034: Initial (No.1) HTTPS request received for child 57 (server www.dsjh.ilc.edu.tw:443), referer: https://www.dsjh.ilc.edu.tw/%E5%85%AC%E4%BD%88%E6%AC%84/
[Wed Aug 26 00:11:28.080598 2026] [authz_core:debug] [pid 2093111:tid 2093111] mod_authz_core.c(815): [client 66.249.82.132:65089] AH01626: authorization result of Require all granted: granted, referer: https://www.dsjh.ilc.edu.tw/%E5%85%AC%E4%BD%88%E6%AC%84/
[Wed Aug 26 00:11:28.080604 2026] [authz_core:debug] [pid 2093111:tid 2093111] mod_authz_core.c(815): [client 66.249.82.132:65089] AH01626: authorization result of : granted, referer: https://www.dsjh.ilc.edu.tw/%E5%85%AC%E4%BD%88%E6%AC%84/
[Wed Aug 26 00:11:28.080673 2026] [ssl:debug] [pid 2093073:tid 2093073] ssl_engine_kernel.c(2082): [client 66.249.82.132:52499] AH02041: Protocol: TLSv1.3, Cipher: TLS_AES_256_GCM_SHA384 (256/256 bits)
[Wed Aug 26 00:11:28.080727 2026] [socache_shmcb:debug] [pid 2093073:tid 2093073] mod_socache_shmcb.c(508): AH00831: socache_shmcb_store (0xe5 -> subcache 5)
[Wed Aug 26 00:11:28.080736 2026] [socache_shmcb:debug] [pid 2093073:tid 2093073] mod_socache_shmcb.c(745): AH00842: expiring 1 and reclaiming 0 removed socache entries
[Wed Aug 26 00:11:28.080739 2026] [socache_shmcb:debug] [pid 2093073:tid 2093073] mod_socache_shmcb.c(765): AH00843: we now have 31 socache entries
[Wed Aug 26 00:11:28.080741 2026] [socache_shmcb:debug] [pid 2093073:tid 2093073] mod_socache_shmcb.c(860): AH00847: insert happened at idx=70, data=(1679:1711)
[Wed Aug 26 00:11:28.080743 2026] [socache_shmcb:debug] [pid 2093073:tid 2093073] mod_socache_shmcb.c(863): AH00848: finished insert, subcache: idx_pos/idx_used=39/32, data_pos/data_used=8716/7044
[Wed Aug 26 00:11:28.080745 2026] [socache_shmcb:debug] [pid 2093073:tid 2093073] mod_socache_shmcb.c(530): AH00834: leaving socache_shmcb_store successfully
[Wed Aug 26 00:11:28.080748 2026] [ssl:debug] [pid 2093079:tid 2093079] ssl_engine_kernel.c(2082): [client 66.249.82.132:61451] AH02041: Protocol: TLSv1.3, Cipher: TLS_AES_256_GCM_SHA384 (256/256 bits)
[Wed Aug 26 00:11:28.080777 2026] [socache_shmcb:debug] [pid 2093073:tid 2093073] mod_socache_shmcb.c(508): AH00831: socache_shmcb_store (0x52 -> subcache 18)
[Wed Aug 26 00:11:28.080784 2026] [socache_shmcb:debug] [pid 2093073:tid 2093073] mod_socache_shmcb.c(745): AH00842: expiring 1 and reclaiming 0 removed socache entries
[Wed Aug 26 00:11:28.080786 2026] [socache_shmcb:debug] [pid 2093073:tid 2093073] mod_socache_shmcb.c(765): AH00843: we now have 36 socache entries
[Wed Aug 26 00:11:28.080788 2026] [socache_shmcb:debug] [pid 2093073:tid 2093073] mod_socache_shmcb.c(860): AH00847: insert happened at idx=2, data=(6155:6187)
[Wed Aug 26 00:11:28.080790 2026] [socache_shmcb:debug] [pid 2093073:tid 2093073] mod_socache_shmcb.c(863): AH00848: finished insert, subcache: idx_pos/idx_used=54/37, data_pos/data_used=12075/8161
[Wed Aug 26 00:11:28.080792 2026] [socache_shmcb:debug] [pid 2093073:tid 2093073] mod_socache_shmcb.c(530): AH00834: leaving socache_shmcb_store successfully
[Wed Aug 26 00:11:28.080797 2026] [socache_shmcb:debug] [pid 2093079:tid 2093079] mod_socache_shmcb.c(508): AH00831: socache_shmcb_store (0xd2 -> subcache 18)
[Wed Aug 26 00:11:28.080810 2026] [socache_shmcb:debug] [pid 2093079:tid 2093079] mod_socache_shmcb.c(860): AH00847: insert happened at idx=3, data=(6372:6404)
[Wed Aug 26 00:11:28.080812 2026] [socache_shmcb:debug] [pid 2093079:tid 2093079] mod_socache_shmcb.c(863): AH00848: finished insert, subcache: idx_pos/idx_used=54/38, data_pos/data_used=12075/8378
[Wed Aug 26 00:11:28.080815 2026] [socache_shmcb:debug] [pid 2093079:tid 2093079] mod_socache_shmcb.c(530): AH00834: leaving socache_shmcb_store successfully
[Wed Aug 26 00:11:28.080857 2026] [socache_shmcb:debug] [pid 2093079:tid 2093079] mod_socache_shmcb.c(508): AH00831: socache_shmcb_store (0xfe -> subcache 30)
[Wed Aug 26 00:11:28.080866 2026] [socache_shmcb:debug] [pid 2093079:tid 2093079] mod_socache_shmcb.c(860): AH00847: insert happened at idx=77, data=(3253:3285)
[Wed Aug 26 00:11:28.080869 2026] [socache_shmcb:debug] [pid 2093079:tid 2093079] mod_socache_shmcb.c(863): AH00848: finished insert, subcache: idx_pos/idx_used=41/37, data_pos/data_used=9063/8271
[Wed Aug 26 00:11:28.080876 2026] [socache_shmcb:debug] [pid 2093079:tid 2093079] mod_socache_shmcb.c(530): AH00834: leaving socache_shmcb_store successfully
[Wed Aug 26 00:11:28.080877 2026] [ssl:debug] [pid 2093073:tid 2093073] ssl_engine_kernel.c(254): [client 66.249.82.132:52499] AH02034: Initial (No.1) HTTPS request received for child 2 (server www.dsjh.ilc.edu.tw:443), referer: https://www.dsjh.ilc.edu.tw/%E5%85%AC%E4%BD%88%E6%AC%84/
[Wed Aug 26 00:11:28.080975 2026] [ssl:debug] [pid 2093079:tid 2093079] ssl_engine_kernel.c(254): [client 66.249.82.132:61451] AH02034: Initial (No.1) HTTPS request received for child 14 (server www.dsjh.ilc.edu.tw:443), referer: https://www.dsjh.ilc.edu.tw/%E5%85%AC%E4%BD%88%E6%AC%84/
[Wed Aug 26 00:11:28.081061 2026] [ssl:debug] [pid 2093094:tid 2093094] ssl_engine_kernel.c(2082): [client 66.249.82.132:35916] AH02041: Protocol: TLSv1.3, Cipher: TLS_AES_256_GCM_SHA384 (256/256 bits)
[Wed Aug 26 00:11:28.081089 2026] [socache_shmcb:debug] [pid 2093094:tid 2093094] mod_socache_shmcb.c(508): AH00831: socache_shmcb_store (0x15 -> subcache 21)
[Wed Aug 26 00:11:28.081100 2026] [socache_shmcb:debug] [pid 2093094:tid 2093094] mod_socache_shmcb.c(745): AH00842: expiring 1 and reclaiming 0 removed socache entries
[Wed Aug 26 00:11:28.081103 2026] [socache_shmcb:debug] [pid 2093094:tid 2093094] mod_socache_shmcb.c(765): AH00843: we now have 43 socache entries
[Wed Aug 26 00:11:28.081105 2026] [socache_shmcb:debug] [pid 2093094:tid 2093094] mod_socache_shmcb.c(860): AH00847: insert happened at idx=15, data=(8945:8977)
[Wed Aug 26 00:11:28.081106 2026] [socache_shmcb:debug] [pid 2093094:tid 2093094] mod_socache_shmcb.c(863): AH00848: finished insert, subcache: idx_pos/idx_used=60/44, data_pos/data_used=13311/9715
[Wed Aug 26 00:11:28.081108 2026] [socache_shmcb:debug] [pid 2093094:tid 2093094] mod_socache_shmcb.c(530): AH00834: leaving socache_shmcb_store successfully
[Wed Aug 26 00:11:28.081120 2026] [authz_core:debug] [pid 2093073:tid 2093073] mod_authz_core.c(815): [client 66.249.82.132:52499] AH01626: authorization result of Require all granted: granted, referer: https://www.dsjh.ilc.edu.tw/%E5%85%AC%E4%BD%88%E6%AC%84/
[Wed Aug 26 00:11:28.081126 2026] [authz_core:debug] [pid 2093073:tid 2093073] mod_authz_core.c(815): [client 66.249.82.132:52499] AH01626: authorization result of : granted, referer: https://www.dsjh.ilc.edu.tw/%E5%85%AC%E4%BD%88%E6%AC%84/
[Wed Aug 26 00:11:28.081144 2026] [socache_shmcb:debug] [pid 2093094:tid 2093094] mod_socache_shmcb.c(508): AH00831: socache_shmcb_store (0x82 -> subcache 2)
[Wed Aug 26 00:11:28.081145 2026] [authz_core:debug] [pid 2093079:tid 2093079] mod_authz_core.c(815): [client 66.249.82.132:61451] AH01626: authorization result of Require all granted: granted, referer: https://www.dsjh.ilc.edu.tw/%E5%85%AC%E4%BD%88%E6%AC%84/
[Wed Aug 26 00:11:28.081150 2026] [authz_core:debug] [pid 2093079:tid 2093079] mod_authz_core.c(815): [client 66.249.82.132:61451] AH01626: authorization result of : granted, referer: https://www.dsjh.ilc.edu.tw/%E5%85%AC%E4%BD%88%E6%AC%84/
[Wed Aug 26 00:11:28.081151 2026] [socache_shmcb:debug] [pid 2093094:tid 2093094] mod_socache_shmcb.c(860): AH00847: insert happened at idx=0, data=(5649:5681)
[Wed Aug 26 00:11:28.081155 2026] [socache_shmcb:debug] [pid 2093094:tid 2093094] mod_socache_shmcb.c(863): AH00848: finished insert, subcache: idx_pos/idx_used=46/43, data_pos/data_used=10202/9528
[Wed Aug 26 00:11:28.081158 2026] [socache_shmcb:debug] [pid 2093094:tid 2093094] mod_socache_shmcb.c(530): AH00834: leaving socache_shmcb_store successfully
[Wed Aug 26 00:11:28.081228 2026] [ssl:debug] [pid 2088598:tid 2088598] ssl_engine_kernel.c(2082): [client 66.249.82.131:61225] AH02041: Protocol: TLSv1.3, Cipher: TLS_AES_256_GCM_SHA384 (256/256 bits)
[Wed Aug 26 00:11:28.081249 2026] [ssl:debug] [pid 2093094:tid 2093094] ssl_engine_kernel.c(254): [client 66.249.82.132:35916] AH02034: Initial (No.1) HTTPS request received for child 39 (server www.dsjh.ilc.edu.tw:443), referer: https://www.dsjh.ilc.edu.tw/%E5%85%AC%E4%BD%88%E6%AC%84/
[Wed Aug 26 00:11:28.081259 2026] [socache_shmcb:debug] [pid 2088598:tid 2088598] mod_socache_shmcb.c(508): AH00831: socache_shmcb_store (0x36 -> subcache 22)
[Wed Aug 26 00:11:28.081271 2026] [socache_shmcb:debug] [pid 2088598:tid 2088598] mod_socache_shmcb.c(745): AH00842: expiring 1 and reclaiming 0 removed socache entries
[Wed Aug 26 00:11:28.081275 2026] [socache_shmcb:debug] [pid 2088598:tid 2088598] mod_socache_shmcb.c(765): AH00843: we now have 37 socache entries
[Wed Aug 26 00:11:28.081274 2026] [ssl:debug] [pid 2093093:tid 2093093] ssl_engine_kernel.c(2082): [client 66.249.82.130:38863] AH02041: Protocol: TLSv1.3, Cipher: TLS_AES_256_GCM_SHA384 (256/256 bits)
[Wed Aug 26 00:11:28.081278 2026] [socache_shmcb:debug] [pid 2088598:tid 2088598] mod_socache_shmcb.c(860): AH00847: insert happened at idx=83, data=(4461:4493)
[Wed Aug 26 00:11:28.081283 2026] [socache_shmcb:debug] [pid 2088598:tid 2088598] mod_socache_shmcb.c(863): AH00848: finished insert, subcache: idx_pos/idx_used=46/38, data_pos/data_used=10114/8427
[Wed Aug 26 00:11:28.081286 2026] [socache_shmcb:debug] [pid 2088598:tid 2088598] mod_socache_shmcb.c(530): AH00834: leaving socache_shmcb_store successfully
[Wed Aug 26 00:11:28.081316 2026] [socache_shmcb:debug] [pid 2093093:tid 2093093] mod_socache_shmcb.c(508): AH00831: socache_shmcb_store (0x22 -> subcache 2)
[Wed Aug 26 00:11:28.081322 2026] [socache_shmcb:debug] [pid 2093093:tid 2093093] mod_socache_shmcb.c(860): AH00847: insert happened at idx=1, data=(5866:5898)
[Wed Aug 26 00:11:28.081324 2026] [socache_shmcb:debug] [pid 2093093:tid 2093093] mod_socache_shmcb.c(863): AH00848: finished insert, subcache: idx_pos/idx_used=46/44, data_pos/data_used=10202/9745
[Wed Aug 26 00:11:28.081326 2026] [socache_shmcb:debug] [pid 2093093:tid 2093093] mod_socache_shmcb.c(530): AH00834: leaving socache_shmcb_store successfully
[Wed Aug 26 00:11:28.081332 2026] [socache_shmcb:debug] [pid 2088598:tid 2088598] mod_socache_shmcb.c(508): AH00831: socache_shmcb_store (0x9a -> subcache 26)
[Wed Aug 26 00:11:28.081338 2026] [socache_shmcb:debug] [pid 2088598:tid 2088598] mod_socache_shmcb.c(860): AH00847: insert happened at idx=78, data=(3456:3488)
[Wed Aug 26 00:11:28.081340 2026] [socache_shmcb:debug] [pid 2088598:tid 2088598] mod_socache_shmcb.c(863): AH00848: finished insert, subcache: idx_pos/idx_used=43/36, data_pos/data_used=9606/7931
[Wed Aug 26 00:11:28.081343 2026] [socache_shmcb:debug] [pid 2088598:tid 2088598] mod_socache_shmcb.c(530): AH00834: leaving socache_shmcb_store successfully
[Wed Aug 26 00:11:28.081361 2026] [socache_shmcb:debug] [pid 2093093:tid 2093093] mod_socache_shmcb.c(508): AH00831: socache_shmcb_store (0xd0 -> subcache 16)
[Wed Aug 26 00:11:28.081373 2026] [socache_shmcb:debug] [pid 2093093:tid 2093093] mod_socache_shmcb.c(745): AH00842: expiring 1 and reclaiming 0 removed socache entries
[Wed Aug 26 00:11:28.081375 2026] [socache_shmcb:debug] [pid 2093093:tid 2093093] mod_socache_shmcb.c(765): AH00843: we now have 27 socache entries
[Wed Aug 26 00:11:28.081377 2026] [socache_shmcb:debug] [pid 2093093:tid 2093093] mod_socache_shmcb.c(860): AH00847: insert happened at idx=74, data=(2526:2558)
[Wed Aug 26 00:11:28.081378 2026] [socache_shmcb:debug] [pid 2093093:tid 2093093] mod_socache_shmcb.c(863): AH00848: finished insert, subcache: idx_pos/idx_used=47/28, data_pos/data_used=10407/6199
[Wed Aug 26 00:11:28.081380 2026] [socache_shmcb:debug] [pid 2093093:tid 2093093] mod_socache_shmcb.c(530): AH00834: leaving socache_shmcb_store successfully
[Wed Aug 26 00:11:28.081400 2026] [authz_core:debug] [pid 2093094:tid 2093094] mod_authz_core.c(815): [client 66.249.82.132:35916] AH01626: authorization result of Require all granted: granted, referer: https://www.dsjh.ilc.edu.tw/%E5%85%AC%E4%BD%88%E6%AC%84/
[Wed Aug 26 00:11:28.081405 2026] [authz_core:debug] [pid 2093094:tid 2093094] mod_authz_core.c(815): [client 66.249.82.132:35916] AH01626: authorization result of : granted, referer: https://www.dsjh.ilc.edu.tw/%E5%85%AC%E4%BD%88%E6%AC%84/
[Wed Aug 26 00:11:28.081440 2026] [ssl:debug] [pid 2088598:tid 2088598] ssl_engine_kernel.c(254): [client 66.249.82.131:61225] AH02034: Initial (No.1) HTTPS request received for child 20 (server www.dsjh.ilc.edu.tw:443), referer: https://www.dsjh.ilc.edu.tw/%E5%85%AC%E4%BD%88%E6%AC%84/
[Wed Aug 26 00:11:28.081467 2026] [ssl:debug] [pid 2093093:tid 2093093] ssl_engine_kernel.c(254): [client 66.249.82.130:38863] AH02034: Initial (No.1) HTTPS request received for child 38 (server www.dsjh.ilc.edu.tw:443), referer: https://www.dsjh.ilc.edu.tw/%E5%85%AC%E4%BD%88%E6%AC%84/
[Wed Aug 26 00:11:28.081509 2026] [deflate:debug] [pid 2093079:tid 2093079] mod_deflate.c(909): [client 66.249.82.132:61451] AH01384: Zlib: Compressed 486 to 267 : URL /wp-content/cache/www.dsjh.ilc.edu.tw/wpfc-minified/logqu3bd/73bt.css, referer: https://www.dsjh.ilc.edu.tw/%E5%85%AC%E4%BD%88%E6%AC%84/
[Wed Aug 26 00:11:28.081625 2026] [deflate:debug] [pid 2093094:tid 2093094] mod_deflate.c(909): [client 66.249.82.132:35916] AH01384: Zlib: Compressed 1718 to 700 : URL /wp-includes/js/hoverintent-js.min.js, referer: https://www.dsjh.ilc.edu.tw/%E5%85%AC%E4%BD%88%E6%AC%84/
[Wed Aug 26 00:11:28.081633 2026] [authz_core:debug] [pid 2093093:tid 2093093] mod_authz_core.c(815): [client 66.249.82.130:38863] AH01626: authorization result of Require all granted: granted, referer: https://www.dsjh.ilc.edu.tw/%E5%85%AC%E4%BD%88%E6%AC%84/
[Wed Aug 26 00:11:28.081620 2026] [authz_core:debug] [pid 2088598:tid 2088598] mod_authz_core.c(815): [client 66.249.82.131:61225] AH01626: authorization result of Require all granted: granted, referer: https://www.dsjh.ilc.edu.tw/%E5%85%AC%E4%BD%88%E6%AC%84/
[Wed Aug 26 00:11:28.081640 2026] [authz_core:debug] [pid 2093093:tid 2093093] mod_authz_core.c(815): [client 66.249.82.130:38863] AH01626: authorization result of : granted, referer: https://www.dsjh.ilc.edu.tw/%E5%85%AC%E4%BD%88%E6%AC%84/
[Wed Aug 26 00:11:28.081643 2026] [authz_core:debug] [pid 2088598:tid 2088598] mod_authz_core.c(815): [client 66.249.82.131:61225] AH01626: authorization result of : granted, referer: https://www.dsjh.ilc.edu.tw/%E5%85%AC%E4%BD%88%E6%AC%84/
[Wed Aug 26 00:11:28.081669 2026] [ssl:debug] [pid 2093098:tid 2093098] ssl_engine_kernel.c(2082): [client 66.249.82.131:56761] AH02041: Protocol: TLSv1.3, Cipher: TLS_AES_256_GCM_SHA384 (256/256 bits)
[Wed Aug 26 00:11:28.081716 2026] [socache_shmcb:debug] [pid 2093098:tid 2093098] mod_socache_shmcb.c(508): AH00831: socache_shmcb_store (0xa5 -> subcache 5)
[Wed Aug 26 00:11:28.081729 2026] [socache_shmcb:debug] [pid 2093098:tid 2093098] mod_socache_shmcb.c(860): AH00847: insert happened at idx=71, data=(1896:1928)
[Wed Aug 26 00:11:28.081732 2026] [socache_shmcb:debug] [pid 2093098:tid 2093098] mod_socache_shmcb.c(863): AH00848: finished insert, subcache: idx_pos/idx_used=39/33, data_pos/data_used=8716/7260
[Wed Aug 26 00:11:28.081735 2026] [socache_shmcb:debug] [pid 2093098:tid 2093098] mod_socache_shmcb.c(530): AH00834: leaving socache_shmcb_store successfully
[Wed Aug 26 00:11:28.081783 2026] [socache_shmcb:debug] [pid 2093098:tid 2093098] mod_socache_shmcb.c(508): AH00831: socache_shmcb_store (0x47 -> subcache 7)
[Wed Aug 26 00:11:28.081791 2026] [socache_shmcb:debug] [pid 2093098:tid 2093098] mod_socache_shmcb.c(860): AH00847: insert happened at idx=83, data=(4491:4523)
[Wed Aug 26 00:11:28.081794 2026] [socache_shmcb:debug] [pid 2093098:tid 2093098] mod_socache_shmcb.c(863): AH00848: finished insert, subcache: idx_pos/idx_used=42/42, data_pos/data_used=9272/9299
[Wed Aug 26 00:11:28.081797 2026] [socache_shmcb:debug] [pid 2093098:tid 2093098] mod_socache_shmcb.c(530): AH00834: leaving socache_shmcb_store successfully
[Wed Aug 26 00:11:28.081881 2026] [ssl:debug] [pid 2093098:tid 2093098] ssl_engine_kernel.c(254): [client 66.249.82.131:56761] AH02034: Initial (No.1) HTTPS request received for child 44 (server www.dsjh.ilc.edu.tw:443), referer: https://www.dsjh.ilc.edu.tw/%E5%85%AC%E4%BD%88%E6%AC%84/
[Wed Aug 26 00:11:28.082025 2026] [deflate:debug] [pid 2088598:tid 2088598] mod_deflate.c(909): [client 66.249.82.131:61225] AH01384: Zlib: Compressed 1349 to 445 : URL /wp-content/uploads/sites/1252/elementor/css/post-2355.css, referer: https://www.dsjh.ilc.edu.tw/%E5%85%AC%E4%BD%88%E6%AC%84/
[Wed Aug 26 00:11:28.082123 2026] [ssl:debug] [pid 2093081:tid 2093081] ssl_engine_kernel.c(2082): [client 66.249.82.130:56683] AH02041: Protocol: TLSv1.3, Cipher: TLS_AES_256_GCM_SHA384 (256/256 bits)
[Wed Aug 26 00:11:28.082159 2026] [socache_shmcb:debug] [pid 2093081:tid 2093081] mod_socache_shmcb.c(508): AH00831: socache_shmcb_store (0x54 -> subcache 20)
[Wed Aug 26 00:11:28.082175 2026] [socache_shmcb:debug] [pid 2093081:tid 2093081] mod_socache_shmcb.c(860): AH00847: insert happened at idx=84, data=(4910:4942)
[Wed Aug 26 00:11:28.082178 2026] [socache_shmcb:debug] [pid 2093081:tid 2093081] mod_socache_shmcb.c(863): AH00848: finished insert, subcache: idx_pos/idx_used=50/35, data_pos/data_used=11237/7753
[Wed Aug 26 00:11:28.082181 2026] [socache_shmcb:debug] [pid 2093081:tid 2093081] mod_socache_shmcb.c(530): AH00834: leaving socache_shmcb_store successfully
[Wed Aug 26 00:11:28.082231 2026] [socache_shmcb:debug] [pid 2093081:tid 2093081] mod_socache_shmcb.c(508): AH00831: socache_shmcb_store (0xdc -> subcache 28)
[Wed Aug 26 00:11:28.082237 2026] [socache_shmcb:debug] [pid 2093081:tid 2093081] mod_socache_shmcb.c(745): AH00842: expiring 1 and reclaiming 0 removed socache entries
[Wed Aug 26 00:11:28.082241 2026] [socache_shmcb:debug] [pid 2093081:tid 2093081] mod_socache_shmcb.c(765): AH00843: we now have 35 socache entries
[Wed Aug 26 00:11:28.082244 2026] [socache_shmcb:debug] [pid 2093081:tid 2093081] mod_socache_shmcb.c(860): AH00847: insert happened at idx=78, data=(3487:3519)
[Wed Aug 26 00:11:28.082246 2026] [socache_shmcb:debug] [pid 2093081:tid 2093081] mod_socache_shmcb.c(863): AH00848: finished insert, subcache: idx_pos/idx_used=43/36, data_pos/data_used=9591/7976
[Wed Aug 26 00:11:28.082249 2026] [socache_shmcb:debug] [pid 2093081:tid 2093081] mod_socache_shmcb.c(530): AH00834: leaving socache_shmcb_store successfully
[Wed Aug 26 00:11:28.082304 2026] [ssl:debug] [pid 2088299:tid 2088299] ssl_engine_kernel.c(2082): [client 66.249.82.130:37669] AH02041: Protocol: TLSv1.3, Cipher: TLS_AES_256_GCM_SHA384 (256/256 bits)
[Wed Aug 26 00:11:28.082338 2026] [socache_shmcb:debug] [pid 2088299:tid 2088299] mod_socache_shmcb.c(508): AH00831: socache_shmcb_store (0x62 -> subcache 2)
[Wed Aug 26 00:11:28.082344 2026] [socache_shmcb:debug] [pid 2088299:tid 2088299] mod_socache_shmcb.c(860): AH00847: insert happened at idx=2, data=(6083:6115)
[Wed Aug 26 00:11:28.082343 2026] [ssl:debug] [pid 2093081:tid 2093081] ssl_engine_kernel.c(254): [client 66.249.82.130:56683] AH02034: Initial (No.1) HTTPS request received for child 19 (server www.dsjh.ilc.edu.tw:443), referer: https://www.dsjh.ilc.edu.tw/%E5%85%AC%E4%BD%88%E6%AC%84/
[Wed Aug 26 00:11:28.082347 2026] [socache_shmcb:debug] [pid 2088299:tid 2088299] mod_socache_shmcb.c(863): AH00848: finished insert, subcache: idx_pos/idx_used=46/45, data_pos/data_used=10202/9962
[Wed Aug 26 00:11:28.082351 2026] [socache_shmcb:debug] [pid 2088299:tid 2088299] mod_socache_shmcb.c(530): AH00834: leaving socache_shmcb_store successfully
[Wed Aug 26 00:11:28.082356 2026] [authz_core:debug] [pid 2093098:tid 2093098] mod_authz_core.c(815): [client 66.249.82.131:56761] AH01626: authorization result of Require all granted: granted, referer: https://www.dsjh.ilc.edu.tw/%E5%85%AC%E4%BD%88%E6%AC%84/
[Wed Aug 26 00:11:28.082363 2026] [authz_core:debug] [pid 2093098:tid 2093098] mod_authz_core.c(815): [client 66.249.82.131:56761] AH01626: authorization result of : granted, referer: https://www.dsjh.ilc.edu.tw/%E5%85%AC%E4%BD%88%E6%AC%84/
[Wed Aug 26 00:11:28.082399 2026] [socache_shmcb:debug] [pid 2088299:tid 2088299] mod_socache_shmcb.c(508): AH00831: socache_shmcb_store (0xd8 -> subcache 24)
[Wed Aug 26 00:11:28.082405 2026] [socache_shmcb:debug] [pid 2088299:tid 2088299] mod_socache_shmcb.c(745): AH00842: expiring 1 and reclaiming 0 removed socache entries
[Wed Aug 26 00:11:28.082412 2026] [socache_shmcb:debug] [pid 2088299:tid 2088299] mod_socache_shmcb.c(765): AH00843: we now have 37 socache entries
[Wed Aug 26 00:11:28.082415 2026] [socache_shmcb:debug] [pid 2088299:tid 2088299] mod_socache_shmcb.c(860): AH00847: insert happened at idx=83, data=(4551:4583)
