[Wed Aug 26 00:11:04.969346 2026] [socache_shmcb:debug] [pid 2088600:tid 2088600] mod_socache_shmcb.c(860): AH00847: insert happened at idx=81, data=(4093:4125)
[Wed Aug 26 00:11:04.969349 2026] [socache_shmcb:debug] [pid 2088600:tid 2088600] mod_socache_shmcb.c(863): AH00848: finished insert, subcache: idx_pos/idx_used=39/43, data_pos/data_used=8618/9552
[Wed Aug 26 00:11:04.969352 2026] [socache_shmcb:debug] [pid 2088600:tid 2088600] mod_socache_shmcb.c(530): AH00834: leaving socache_shmcb_store successfully
[Wed Aug 26 00:11:04.969492 2026] [ssl:debug] [pid 2088600:tid 2088600] ssl_engine_kernel.c(254): [client 66.249.71.37:38922] AH02034: Initial (No.1) HTTPS request received for child 22 (server 2blog.ilc.edu.tw:443), referer: https://2blog.ilc.edu.tw/trafficsafety/2023/07/03/111%E5%B9%B4%E9%87%91%E5%B2%B3%E5%9C%8B%E5%B0%8F%E6%A0%A1%E5%85%A7%E7%A8%AE%E5%AD%90%E6%95%99%E5%B8%AB%E7%A0%94%E7%BF%92%E8%A8%98%E9%8C%84/
[Wed Aug 26 00:11:04.969695 2026] [authz_core:debug] [pid 2088600:tid 2088600] mod_authz_core.c(815): [client 66.249.71.37:38922] AH01626: authorization result of Require all granted: granted, referer: https://2blog.ilc.edu.tw/trafficsafety/2023/07/03/111%E5%B9%B4%E9%87%91%E5%B2%B3%E5%9C%8B%E5%B0%8F%E6%A0%A1%E5%85%A7%E7%A8%AE%E5%AD%90%E6%95%99%E5%B8%AB%E7%A0%94%E7%BF%92%E8%A8%98%E9%8C%84/
[Wed Aug 26 00:11:04.969703 2026] [authz_core:debug] [pid 2088600:tid 2088600] mod_authz_core.c(815): [client 66.249.71.37:38922] AH01626: authorization result of : granted, referer: https://2blog.ilc.edu.tw/trafficsafety/2023/07/03/111%E5%B9%B4%E9%87%91%E5%B2%B3%E5%9C%8B%E5%B0%8F%E6%A0%A1%E5%85%A7%E7%A8%AE%E5%AD%90%E6%95%99%E5%B8%AB%E7%A0%94%E7%BF%92%E8%A8%98%E9%8C%84/
[Wed Aug 26 00:11:04.969893 2026] [authz_core:debug] [pid 2088600:tid 2088600] mod_authz_core.c(815): [client 66.249.71.37:38922] AH01626: authorization result of Require all granted: granted, referer: https://2blog.ilc.edu.tw/trafficsafety/2023/07/03/111%E5%B9%B4%E9%87%91%E5%B2%B3%E5%9C%8B%E5%B0%8F%E6%A0%A1%E5%85%A7%E7%A8%AE%E5%AD%90%E6%95%99%E5%B8%AB%E7%A0%94%E7%BF%92%E8%A8%98%E9%8C%84/
[Wed Aug 26 00:11:04.969901 2026] [authz_core:debug] [pid 2088600:tid 2088600] mod_authz_core.c(815): [client 66.249.71.37:38922] AH01626: authorization result of : granted, referer: https://2blog.ilc.edu.tw/trafficsafety/2023/07/03/111%E5%B9%B4%E9%87%91%E5%B2%B3%E5%9C%8B%E5%B0%8F%E6%A0%A1%E5%85%A7%E7%A8%AE%E5%AD%90%E6%95%99%E5%B8%AB%E7%A0%94%E7%BF%92%E8%A8%98%E9%8C%84/
[Wed Aug 26 00:11:05.000821 2026] [ssl:debug] [pid 2088598:tid 2088598] ssl_engine_kernel.c(254): [client 34.30.223.149:62976] AH02034: Initial (No.1) HTTPS request received for child 20 (server 2blog.ilc.edu.tw:443)
[Wed Aug 26 00:11:05.001088 2026] [authz_core:debug] [pid 2088598:tid 2088598] mod_authz_core.c(815): [client 34.30.223.149:62976] AH01626: authorization result of Require all granted: granted
[Wed Aug 26 00:11:05.001099 2026] [authz_core:debug] [pid 2088598:tid 2088598] mod_authz_core.c(815): [client 34.30.223.149:62976] AH01626: authorization result of : granted
[Wed Aug 26 00:11:05.001288 2026] [authz_core:debug] [pid 2088598:tid 2088598] mod_authz_core.c(815): [client 34.30.223.149:62976] AH01626: authorization result of Require all granted: granted
[Wed Aug 26 00:11:05.001294 2026] [authz_core:debug] [pid 2088598:tid 2088598] mod_authz_core.c(815): [client 34.30.223.149:62976] AH01626: authorization result of : granted
[Wed Aug 26 00:11:05.009643 2026] [ssl:debug] [pid 2088590:tid 2088590] ssl_engine_kernel.c(2082): [client 2a03:2880:18ff:4b:::61266] AH02041: Protocol: TLSv1.3, Cipher: TLS_AES_256_GCM_SHA384 (256/256 bits)
[Wed Aug 26 00:11:05.009702 2026] [socache_shmcb:debug] [pid 2088590:tid 2088590] mod_socache_shmcb.c(508): AH00831: socache_shmcb_store (0x93 -> subcache 19)
[Wed Aug 26 00:11:05.009708 2026] [socache_shmcb:debug] [pid 2088590:tid 2088590] mod_socache_shmcb.c(860): AH00847: insert happened at idx=80, data=(3966:3998)
[Wed Aug 26 00:11:05.009720 2026] [socache_shmcb:debug] [pid 2088590:tid 2088590] mod_socache_shmcb.c(863): AH00848: finished insert, subcache: idx_pos/idx_used=41/40, data_pos/data_used=9148/8908
[Wed Aug 26 00:11:05.009722 2026] [socache_shmcb:debug] [pid 2088590:tid 2088590] mod_socache_shmcb.c(530): AH00834: leaving socache_shmcb_store successfully
[Wed Aug 26 00:11:05.009796 2026] [socache_shmcb:debug] [pid 2088590:tid 2088590] mod_socache_shmcb.c(508): AH00831: socache_shmcb_store (0x46 -> subcache 6)
[Wed Aug 26 00:11:05.009802 2026] [socache_shmcb:debug] [pid 2088590:tid 2088590] mod_socache_shmcb.c(745): AH00842: expiring 2 and reclaiming 1 removed socache entries
[Wed Aug 26 00:11:05.009804 2026] [socache_shmcb:debug] [pid 2088590:tid 2088590] mod_socache_shmcb.c(765): AH00843: we now have 36 socache entries
[Wed Aug 26 00:11:05.009806 2026] [socache_shmcb:debug] [pid 2088590:tid 2088590] mod_socache_shmcb.c(860): AH00847: insert happened at idx=6, data=(6921:6953)
[Wed Aug 26 00:11:05.009808 2026] [socache_shmcb:debug] [pid 2088590:tid 2088590] mod_socache_shmcb.c(863): AH00848: finished insert, subcache: idx_pos/idx_used=58/37, data_pos/data_used=12851/8160
[Wed Aug 26 00:11:05.009810 2026] [socache_shmcb:debug] [pid 2088590:tid 2088590] mod_socache_shmcb.c(530): AH00834: leaving socache_shmcb_store successfully
[Wed Aug 26 00:11:05.009930 2026] [ssl:debug] [pid 2088590:tid 2088590] ssl_engine_kernel.c(254): [client 2a03:2880:18ff:4b:::61266] AH02034: Initial (No.1) HTTPS request received for child 18 (server 2blog.ilc.edu.tw:443), referer: https://2blog.ilc.edu.tw/technology/2010/06/16/2p%e9%81%8a%e6%88%b2%e5%bc%8f%e9%a1%8c%e5%ba%ab%e7%b3%bb%e7%b5%b1-%e6%96%b0%e5%a2%9e%e9%a1%8c%e5%ba%ab%e5%92%8c%e6%a1%8c%e9%9d%a2%e6%a9%9f%e5%8f%b0%e7%9a%84%e8%a3%bd%e4%bd%9c/
[Wed Aug 26 00:11:05.010096 2026] [authz_core:debug] [pid 2088590:tid 2088590] mod_authz_core.c(815): [client 2a03:2880:18ff:4b:::61266] AH01626: authorization result of Require all granted: granted, referer: https://2blog.ilc.edu.tw/technology/2010/06/16/2p%e9%81%8a%e6%88%b2%e5%bc%8f%e9%a1%8c%e5%ba%ab%e7%b3%bb%e7%b5%b1-%e6%96%b0%e5%a2%9e%e9%a1%8c%e5%ba%ab%e5%92%8c%e6%a1%8c%e9%9d%a2%e6%a9%9f%e5%8f%b0%e7%9a%84%e8%a3%bd%e4%bd%9c/
[Wed Aug 26 00:11:05.010101 2026] [authz_core:debug] [pid 2088590:tid 2088590] mod_authz_core.c(815): [client 2a03:2880:18ff:4b:::61266] AH01626: authorization result of : granted, referer: https://2blog.ilc.edu.tw/technology/2010/06/16/2p%e9%81%8a%e6%88%b2%e5%bc%8f%e9%a1%8c%e5%ba%ab%e7%b3%bb%e7%b5%b1-%e6%96%b0%e5%a2%9e%e9%a1%8c%e5%ba%ab%e5%92%8c%e6%a1%8c%e9%9d%a2%e6%a9%9f%e5%8f%b0%e7%9a%84%e8%a3%bd%e4%bd%9c/
[Wed Aug 26 00:11:05.010260 2026] [authz_core:debug] [pid 2088590:tid 2088590] mod_authz_core.c(815): [client 2a03:2880:18ff:4b:::61266] AH01626: authorization result of Require all granted: granted, referer: https://2blog.ilc.edu.tw/technology/2010/06/16/2p%e9%81%8a%e6%88%b2%e5%bc%8f%e9%a1%8c%e5%ba%ab%e7%b3%bb%e7%b5%b1-%e6%96%b0%e5%a2%9e%e9%a1%8c%e5%ba%ab%e5%92%8c%e6%a1%8c%e9%9d%a2%e6%a9%9f%e5%8f%b0%e7%9a%84%e8%a3%bd%e4%bd%9c/
[Wed Aug 26 00:11:05.010267 2026] [authz_core:debug] [pid 2088590:tid 2088590] mod_authz_core.c(815): [client 2a03:2880:18ff:4b:::61266] AH01626: authorization result of : granted, referer: https://2blog.ilc.edu.tw/technology/2010/06/16/2p%e9%81%8a%e6%88%b2%e5%bc%8f%e9%a1%8c%e5%ba%ab%e7%b3%bb%e7%b5%b1-%e6%96%b0%e5%a2%9e%e9%a1%8c%e5%ba%ab%e5%92%8c%e6%a1%8c%e9%9d%a2%e6%a9%9f%e5%8f%b0%e7%9a%84%e8%a3%bd%e4%bd%9c/
[Wed Aug 26 00:11:05.010549 2026] [deflate:debug] [pid 2088590:tid 2088590] mod_deflate.c(909): [client 2a03:2880:18ff:4b:::61266] AH01384: Zlib: Compressed 9141 to 3649 : URL /wp-includes/js/dist/i18n.min.js, referer: https://2blog.ilc.edu.tw/technology/2010/06/16/2p%e9%81%8a%e6%88%b2%e5%bc%8f%e9%a1%8c%e5%ba%ab%e7%b3%bb%e7%b5%b1-%e6%96%b0%e5%a2%9e%e9%a1%8c%e5%ba%ab%e5%92%8c%e6%a1%8c%e9%9d%a2%e6%a9%9f%e5%8f%b0%e7%9a%84%e8%a3%bd%e4%bd%9c/
[Wed Aug 26 00:11:05.016575 2026] [ssl:debug] [pid 2088391:tid 2088391] ssl_engine_kernel.c(254): [client 2409:8720:b201:300::6:3:25972] AH02034: Subsequent (No.2) HTTPS request received for child 9 (server 2blog.ilc.edu.tw:443), referer: https://2blog.ilc.edu.tw/yilankindergartentest/2026/08/09/5028/
[Wed Aug 26 00:11:05.016839 2026] [authz_core:debug] [pid 2088391:tid 2088391] mod_authz_core.c(815): [client 2409:8720:b201:300::6:3:25972] AH01626: authorization result of Require all granted: granted, referer: https://2blog.ilc.edu.tw/yilankindergartentest/2026/08/09/5028/
[Wed Aug 26 00:11:05.016846 2026] [authz_core:debug] [pid 2088391:tid 2088391] mod_authz_core.c(815): [client 2409:8720:b201:300::6:3:25972] AH01626: authorization result of : granted, referer: https://2blog.ilc.edu.tw/yilankindergartentest/2026/08/09/5028/
[Wed Aug 26 00:11:05.017067 2026] [authz_core:debug] [pid 2088391:tid 2088391] mod_authz_core.c(815): [client 2409:8720:b201:300::6:3:25972] AH01626: authorization result of Require all granted: granted, referer: https://2blog.ilc.edu.tw/yilankindergartentest/2026/08/09/5028/
[Wed Aug 26 00:11:05.017073 2026] [authz_core:debug] [pid 2088391:tid 2088391] mod_authz_core.c(815): [client 2409:8720:b201:300::6:3:25972] AH01626: authorization result of : granted, referer: https://2blog.ilc.edu.tw/yilankindergartentest/2026/08/09/5028/
[Wed Aug 26 00:11:05.017253 2026] [deflate:debug] [pid 2088391:tid 2088391] mod_deflate.c(909): [client 2409:8720:b201:300::6:3:25972] AH01384: Zlib: Compressed 3760 to 1143 : URL /wp-content/themes/twentyseventeen/assets/js/navigation.js, referer: https://2blog.ilc.edu.tw/yilankindergartentest/2026/08/09/5028/
[Wed Aug 26 00:11:05.020430 2026] [ssl:debug] [pid 2088183:tid 2088183] ssl_engine_kernel.c(254): [client 2409:8720:b201:300::6:3:25810] AH02034: Subsequent (No.5) HTTPS request received for child 34 (server 2blog.ilc.edu.tw:443), referer: https://2blog.ilc.edu.tw/yilankindergartentest/2026/08/09/5028/
[Wed Aug 26 00:11:05.020673 2026] [authz_core:debug] [pid 2088183:tid 2088183] mod_authz_core.c(815): [client 2409:8720:b201:300::6:3:25810] AH01626: authorization result of Require all granted: granted, referer: https://2blog.ilc.edu.tw/yilankindergartentest/2026/08/09/5028/
[Wed Aug 26 00:11:05.020680 2026] [authz_core:debug] [pid 2088183:tid 2088183] mod_authz_core.c(815): [client 2409:8720:b201:300::6:3:25810] AH01626: authorization result of : granted, referer: https://2blog.ilc.edu.tw/yilankindergartentest/2026/08/09/5028/
[Wed Aug 26 00:11:05.020854 2026] [authz_core:debug] [pid 2088183:tid 2088183] mod_authz_core.c(815): [client 2409:8720:b201:300::6:3:25810] AH01626: authorization result of Require all granted: granted, referer: https://2blog.ilc.edu.tw/yilankindergartentest/2026/08/09/5028/
[Wed Aug 26 00:11:05.020860 2026] [authz_core:debug] [pid 2088183:tid 2088183] mod_authz_core.c(815): [client 2409:8720:b201:300::6:3:25810] AH01626: authorization result of : granted, referer: https://2blog.ilc.edu.tw/yilankindergartentest/2026/08/09/5028/
[Wed Aug 26 00:11:05.021106 2026] [deflate:debug] [pid 2088183:tid 2088183] mod_deflate.c(909): [client 2409:8720:b201:300::6:3:25810] AH01384: Zlib: Compressed 5836 to 2391 : URL /wp-content/themes/twentyseventeen/assets/js/jquery.scrollTo.js, referer: https://2blog.ilc.edu.tw/yilankindergartentest/2026/08/09/5028/
[Wed Aug 26 00:11:05.185559 2026] [deflate:debug] [pid 2088598:tid 2088598] mod_deflate.c(909): [client 34.30.223.149:62976] AH01384: Zlib: Compressed 88544 to 24929 : URL /index.php
[Wed Aug 26 00:11:05.191393 2026] [headers:debug] [pid 2088167:tid 2088167] mod_headers.c(900): AH01503: headers: ap_headers_error_filter()
[Wed Aug 26 00:11:05.199063 2026] [ssl:debug] [pid 2088590:tid 2088590] ssl_engine_io.c(1150): [client 2a03:2880:18ff:4b:::61266] AH02001: Connection closed to child 18 with standard shutdown (server 2blog.ilc.edu.tw:443)
[Wed Aug 26 00:11:05.233595 2026] [ssl:info] [pid 2088294:tid 2088294] [client 2408:8719:64:201:28:::19414] AH01964: Connection to child 0 established (server 2blog.ilc.edu.tw:443)
[Wed Aug 26 00:11:05.233808 2026] [ssl:debug] [pid 2088294:tid 2088294] ssl_engine_kernel.c(2222): [client 2408:8719:64:201:28:::19414] AH02043: SSL virtual host for servername www.sjes.ilc.edu.tw found
[Wed Aug 26 00:11:05.233880 2026] [core:debug] [pid 2088294:tid 2088294] protocol.c(2460): [client 2408:8719:64:201:28:::19414] AH03155: select protocol from , choices=h2,http/1.1 for server www.sjes.ilc.edu.tw
[Wed Aug 26 00:11:05.233916 2026] [ssl:debug] [pid 2088294:tid 2088294] ssl_util_stapling.c(819): AH01951: stapling_cb: OCSP Stapling callback called
[Wed Aug 26 00:11:05.233922 2026] [ssl:info] [pid 2088294:tid 2088294] AH01926: stapling_get_certinfo: stapling not supported for certificate
[Wed Aug 26 00:11:05.280141 2026] [ssl:info] [pid 2093058:tid 2093058] (70014)End of file found: [client 20.125.101.194:63528] AH01992: SSL library error 6 reading data
[Wed Aug 26 00:11:05.280271 2026] [ssl:debug] [pid 2093058:tid 2093058] ssl_engine_io.c(1150): [client 20.125.101.194:63528] AH02001: Connection closed to child 4 with standard shutdown (server 2blog.ilc.edu.tw:443)
[Wed Aug 26 00:11:05.406676 2026] [ssl:info] [pid 2093059:tid 2093059] (70014)End of file found: [client 66.249.79.163:58339] AH01992: SSL library error 6 reading data
[Wed Aug 26 00:11:05.406782 2026] [ssl:debug] [pid 2093059:tid 2093059] ssl_engine_io.c(1150): [client 66.249.79.163:58339] AH02001: Connection closed to child 6 with standard shutdown (server 2blog.ilc.edu.tw:443)
[Wed Aug 26 00:11:05.490611 2026] [ssl:info] [pid 2088407:tid 2088407] [client 140.111.67.10:44639] AH01964: Connection to child 7 established (server 2blog.ilc.edu.tw:443)
[Wed Aug 26 00:11:05.490791 2026] [ssl:info] [pid 2088407:tid 2088407] (70014)End of file found: [client 140.111.67.10:44639] AH02006: SSL handshake stopped: connection was closed
[Wed Aug 26 00:11:05.490799 2026] [ssl:info] [pid 2088407:tid 2088407] [client 140.111.67.10:44639] AH01998: Connection closed to child 7 with abortive shutdown (server 2blog.ilc.edu.tw:443)
[Wed Aug 26 00:11:05.578474 2026] [ssl:debug] [pid 2088294:tid 2088294] ssl_engine_kernel.c(2082): [client 2408:8719:64:201:28:::19414] AH02041: Protocol: TLSv1.3, Cipher: TLS_AES_256_GCM_SHA384 (256/256 bits)
[Wed Aug 26 00:11:05.578545 2026] [socache_shmcb:debug] [pid 2088294:tid 2088294] mod_socache_shmcb.c(508): AH00831: socache_shmcb_store (0x01 -> subcache 1)
[Wed Aug 26 00:11:05.578554 2026] [socache_shmcb:debug] [pid 2088294:tid 2088294] mod_socache_shmcb.c(860): AH00847: insert happened at idx=74, data=(2628:2660)
[Wed Aug 26 00:11:05.578557 2026] [socache_shmcb:debug] [pid 2088294:tid 2088294] mod_socache_shmcb.c(863): AH00848: finished insert, subcache: idx_pos/idx_used=41/34, data_pos/data_used=9159/7561
[Wed Aug 26 00:11:05.578561 2026] [socache_shmcb:debug] [pid 2088294:tid 2088294] mod_socache_shmcb.c(530): AH00834: leaving socache_shmcb_store successfully
[Wed Aug 26 00:11:05.578648 2026] [socache_shmcb:debug] [pid 2088294:tid 2088294] mod_socache_shmcb.c(508): AH00831: socache_shmcb_store (0xd3 -> subcache 19)
[Wed Aug 26 00:11:05.578656 2026] [socache_shmcb:debug] [pid 2088294:tid 2088294] mod_socache_shmcb.c(860): AH00847: insert happened at idx=81, data=(4192:4224)
[Wed Aug 26 00:11:05.578659 2026] [socache_shmcb:debug] [pid 2088294:tid 2088294] mod_socache_shmcb.c(863): AH00848: finished insert, subcache: idx_pos/idx_used=41/41, data_pos/data_used=9148/9137
[Wed Aug 26 00:11:05.578662 2026] [socache_shmcb:debug] [pid 2088294:tid 2088294] mod_socache_shmcb.c(530): AH00834: leaving socache_shmcb_store successfully
[Wed Aug 26 00:11:05.579004 2026] [ssl:debug] [pid 2088294:tid 2088294] ssl_engine_kernel.c(254): [client 2408:8719:64:201:28:::19414] AH02034: Initial (No.1) HTTPS request received for child 0 (server www.sjes.ilc.edu.tw:443)
[Wed Aug 26 00:11:05.579294 2026] [authz_core:debug] [pid 2088294:tid 2088294] mod_authz_core.c(815): [client 2408:8719:64:201:28:::19414] AH01626: authorization result of Require all granted: granted
[Wed Aug 26 00:11:05.579309 2026] [authz_core:debug] [pid 2088294:tid 2088294] mod_authz_core.c(815): [client 2408:8719:64:201:28:::19414] AH01626: authorization result of : granted
[Wed Aug 26 00:11:05.579563 2026] [authz_core:debug] [pid 2088294:tid 2088294] mod_authz_core.c(815): [client 2408:8719:64:201:28:::19414] AH01626: authorization result of Require all granted: granted
[Wed Aug 26 00:11:05.579569 2026] [authz_core:debug] [pid 2088294:tid 2088294] mod_authz_core.c(815): [client 2408:8719:64:201:28:::19414] AH01626: authorization result of : granted
[Wed Aug 26 00:11:05.600265 2026] [ssl:info] [pid 2093057:tid 2093057] [client 40.77.167.126:46288] AH01964: Connection to child 1 established (server 2blog.ilc.edu.tw:443)
[Wed Aug 26 00:11:05.600554 2026] [ssl:debug] [pid 2093057:tid 2093057] ssl_engine_kernel.c(2222): [client 40.77.167.126:46288] AH02043: SSL virtual host for servername 2blog.ilc.edu.tw found
[Wed Aug 26 00:11:05.600707 2026] [core:debug] [pid 2093057:tid 2093057] protocol.c(2460): [client 40.77.167.126:46288] AH03155: select protocol from , choices=h2,http/1.1 for server 2blog.ilc.edu.tw
[Wed Aug 26 00:11:05.609045 2026] [ssl:debug] [pid 2088606:tid 2088606] ssl_engine_io.c(1476): (70007)The timeout specified has expired: [client 2409:8a7c:66a5:cb80:d216:f0ff:fe00:ed59:40112] AH02007: SSL handshake interrupted by system [Hint: Stop button pressed in browser?!]
[Wed Aug 26 00:11:05.609099 2026] [ssl:info] [pid 2088606:tid 2088606] [client 2409:8a7c:66a5:cb80:d216:f0ff:fe00:ed59:40112] AH01998: Connection closed to child 28 with abortive shutdown (server 2blog.ilc.edu.tw:443)
[Wed Aug 26 00:11:05.797122 2026] [ssl:debug] [pid 2093057:tid 2093057] ssl_engine_kernel.c(2082): [client 40.77.167.126:46288] AH02041: Protocol: TLSv1.3, Cipher: TLS_AES_256_GCM_SHA384 (256/256 bits)
[Wed Aug 26 00:11:05.797173 2026] [socache_shmcb:debug] [pid 2093057:tid 2093057] mod_socache_shmcb.c(508): AH00831: socache_shmcb_store (0xd6 -> subcache 22)
[Wed Aug 26 00:11:05.797199 2026] [socache_shmcb:debug] [pid 2093057:tid 2093057] mod_socache_shmcb.c(745): AH00842: expiring 6 and reclaiming 0 removed socache entries
[Wed Aug 26 00:11:05.797203 2026] [socache_shmcb:debug] [pid 2093057:tid 2093057] mod_socache_shmcb.c(765): AH00843: we now have 30 socache entries
[Wed Aug 26 00:11:05.797205 2026] [socache_shmcb:debug] [pid 2093057:tid 2093057] mod_socache_shmcb.c(860): AH00847: insert happened at idx=74, data=(2476:2508)
[Wed Aug 26 00:11:05.797207 2026] [socache_shmcb:debug] [pid 2093057:tid 2093057] mod_socache_shmcb.c(863): AH00848: finished insert, subcache: idx_pos/idx_used=44/31, data_pos/data_used=9687/6879
[Wed Aug 26 00:11:05.797209 2026] [socache_shmcb:debug] [pid 2093057:tid 2093057] mod_socache_shmcb.c(530): AH00834: leaving socache_shmcb_store successfully
[Wed Aug 26 00:11:05.797259 2026] [socache_shmcb:debug] [pid 2093057:tid 2093057] mod_socache_shmcb.c(508): AH00831: socache_shmcb_store (0x2b -> subcache 11)
[Wed Aug 26 00:11:05.797264 2026] [socache_shmcb:debug] [pid 2093057:tid 2093057] mod_socache_shmcb.c(745): AH00842: expiring 2 and reclaiming 0 removed socache entries
[Wed Aug 26 00:11:05.797266 2026] [socache_shmcb:debug] [pid 2093057:tid 2093057] mod_socache_shmcb.c(765): AH00843: we now have 42 socache entries
[Wed Aug 26 00:11:05.797268 2026] [socache_shmcb:debug] [pid 2093057:tid 2093057] mod_socache_shmcb.c(860): AH00847: insert happened at idx=74, data=(2513:2545)
[Wed Aug 26 00:11:05.797269 2026] [socache_shmcb:debug] [pid 2093057:tid 2093057] mod_socache_shmcb.c(863): AH00848: finished insert, subcache: idx_pos/idx_used=32/43, data_pos/data_used=7090/9512
[Wed Aug 26 00:11:05.797271 2026] [socache_shmcb:debug] [pid 2093057:tid 2093057] mod_socache_shmcb.c(530): AH00834: leaving socache_shmcb_store successfully
[Wed Aug 26 00:11:05.797500 2026] [ssl:debug] [pid 2093057:tid 2093057] ssl_engine_kernel.c(254): [client 40.77.167.126:46288] AH02034: Initial (No.1) HTTPS request received for child 1 (server 2blog.ilc.edu.tw:443)
[Wed Aug 26 00:11:05.797687 2026] [authz_core:debug] [pid 2093057:tid 2093057] mod_authz_core.c(815): [client 40.77.167.126:46288] AH01626: authorization result of Require all granted: granted
[Wed Aug 26 00:11:05.797702 2026] [authz_core:debug] [pid 2093057:tid 2093057] mod_authz_core.c(815): [client 40.77.167.126:46288] AH01626: authorization result of : granted
[Wed Aug 26 00:11:05.797880 2026] [authz_core:debug] [pid 2093057:tid 2093057] mod_authz_core.c(815): [client 40.77.167.126:46288] AH01626: authorization result of Require all granted: granted
[Wed Aug 26 00:11:05.797886 2026] [authz_core:debug] [pid 2093057:tid 2093057] mod_authz_core.c(815): [client 40.77.167.126:46288] AH01626: authorization result of : granted
[Wed Aug 26 00:11:06.291894 2026] [ssl:debug] [pid 2088294:tid 2088294] ssl_engine_kernel.c(254): [client 2408:8719:64:201:28:::19414] AH02034: Subsequent (No.2) HTTPS request received for child 0 (server www.sjes.ilc.edu.tw:443)
[Wed Aug 26 00:11:06.292088 2026] [authz_core:debug] [pid 2088294:tid 2088294] mod_authz_core.c(815): [client 2408:8719:64:201:28:::19414] AH01626: authorization result of Require all granted: granted
[Wed Aug 26 00:11:06.292093 2026] [authz_core:debug] [pid 2088294:tid 2088294] mod_authz_core.c(815): [client 2408:8719:64:201:28:::19414] AH01626: authorization result of : granted
[Wed Aug 26 00:11:06.292209 2026] [authz_core:debug] [pid 2088294:tid 2088294] mod_authz_core.c(815): [client 2408:8719:64:201:28:::19414] AH01626: authorization result of Require all granted: granted
[Wed Aug 26 00:11:06.292213 2026] [authz_core:debug] [pid 2088294:tid 2088294] mod_authz_core.c(815): [client 2408:8719:64:201:28:::19414] AH01626: authorization result of : granted
[Wed Aug 26 00:11:06.315435 2026] [deflate:debug] [pid 2088294:tid 2088294] mod_deflate.c(909): [client 2408:8719:64:201:28:::19414] AH01384: Zlib: Compressed 104732 to 16916 : URL /index.php
[Wed Aug 26 00:11:06.401092 2026] [ssl:debug] [pid 2088610:tid 2088610] ssl_engine_io.c(1150): [client 34.10.180.98:52737] AH02001: Connection closed to child 32 with standard shutdown (server 2blog.ilc.edu.tw:443)
[Wed Aug 26 00:11:06.450334 2026] [deflate:debug] [pid 2093057:tid 2093057] mod_deflate.c(909): [client 40.77.167.126:46288] AH01384: Zlib: Compressed 534726 to 86171 : URL /index.php
[Wed Aug 26 00:11:06.597240 2026] [ssl:debug] [pid 2088393:tid 2088393] ssl_engine_io.c(1150): [client 34.10.180.98:58369] AH02001: Connection closed to child 11 with standard shutdown (server www.iedu.ilc.edu.tw:443)
[Wed Aug 26 00:11:06.685823 2026] [ssl:info] [pid 2088478:tid 2088478] [client 40.77.167.126:46297] AH01964: Connection to child 3 established (server 2blog.ilc.edu.tw:443)
[Wed Aug 26 00:11:06.685993 2026] [ssl:debug] [pid 2088478:tid 2088478] ssl_engine_kernel.c(2222): [client 40.77.167.126:46297] AH02043: SSL virtual host for servername 2blog.ilc.edu.tw found
[Wed Aug 26 00:11:06.727960 2026] [ssl:info] [pid 2088602:tid 2088602] [client 34.171.68.95:20481] AH01964: Connection to child 24 established (server 2blog.ilc.edu.tw:443)
[Wed Aug 26 00:11:06.728164 2026] [ssl:debug] [pid 2088602:tid 2088602] ssl_engine_kernel.c(2222): [client 34.171.68.95:20481] AH02043: SSL virtual host for servername 2blog.ilc.edu.tw found
[Wed Aug 26 00:11:06.728224 2026] [core:debug] [pid 2088602:tid 2088602] protocol.c(2460): [client 34.171.68.95:20481] AH03155: select protocol from , choices=http/1.1 for server 2blog.ilc.edu.tw
[Wed Aug 26 00:11:06.875015 2026] [ssl:debug] [pid 2088478:tid 2088478] ssl_engine_kernel.c(2082): [client 40.77.167.126:46297] AH02041: Protocol: TLSv1.3, Cipher: TLS_AES_256_GCM_SHA384 (256/256 bits)
[Wed Aug 26 00:11:06.875071 2026] [socache_shmcb:debug] [pid 2088478:tid 2088478] mod_socache_shmcb.c(508): AH00831: socache_shmcb_store (0xda -> subcache 26)
[Wed Aug 26 00:11:06.875078 2026] [socache_shmcb:debug] [pid 2088478:tid 2088478] mod_socache_shmcb.c(745): AH00842: expiring 2 and reclaiming 0 removed socache entries
[Wed Aug 26 00:11:06.875080 2026] [socache_shmcb:debug] [pid 2088478:tid 2088478] mod_socache_shmcb.c(765): AH00843: we now have 31 socache entries
[Wed Aug 26 00:11:06.875082 2026] [socache_shmcb:debug] [pid 2088478:tid 2088478] mod_socache_shmcb.c(860): AH00847: insert happened at idx=72, data=(2150:2182)
[Wed Aug 26 00:11:06.875095 2026] [socache_shmcb:debug] [pid 2088478:tid 2088478] mod_socache_shmcb.c(863): AH00848: finished insert, subcache: idx_pos/idx_used=41/32, data_pos/data_used=9156/7071
[Wed Aug 26 00:11:06.875098 2026] [socache_shmcb:debug] [pid 2088478:tid 2088478] mod_socache_shmcb.c(530): AH00834: leaving socache_shmcb_store successfully
[Wed Aug 26 00:11:06.875165 2026] [socache_shmcb:debug] [pid 2088478:tid 2088478] mod_socache_shmcb.c(508): AH00831: socache_shmcb_store (0x6a -> subcache 10)
[Wed Aug 26 00:11:06.875183 2026] [socache_shmcb:debug] [pid 2088478:tid 2088478] mod_socache_shmcb.c(745): AH00842: expiring 1 and reclaiming 0 removed socache entries
[Wed Aug 26 00:11:06.875187 2026] [socache_shmcb:debug] [pid 2088478:tid 2088478] mod_socache_shmcb.c(765): AH00843: we now have 28 socache entries
[Wed Aug 26 00:11:06.875190 2026] [socache_shmcb:debug] [pid 2088478:tid 2088478] mod_socache_shmcb.c(860): AH00847: insert happened at idx=62, data=(13827:13859)
[Wed Aug 26 00:11:06.875191 2026] [socache_shmcb:debug] [pid 2088478:tid 2088478] mod_socache_shmcb.c(863): AH00848: finished insert, subcache: idx_pos/idx_used=34/29, data_pos/data_used=7612/6429
[Wed Aug 26 00:11:06.875193 2026] [socache_shmcb:debug] [pid 2088478:tid 2088478] mod_socache_shmcb.c(530): AH00834: leaving socache_shmcb_store successfully
[Wed Aug 26 00:11:06.875334 2026] [ssl:debug] [pid 2088478:tid 2088478] ssl_engine_kernel.c(254): [client 40.77.167.126:46297] AH02034: Initial (No.1) HTTPS request received for child 3 (server 2blog.ilc.edu.tw:443)
[Wed Aug 26 00:11:06.875520 2026] [authz_core:debug] [pid 2088478:tid 2088478] mod_authz_core.c(815): [client 40.77.167.126:46297] AH01626: authorization result of Require all granted: granted
[Wed Aug 26 00:11:06.875525 2026] [authz_core:debug] [pid 2088478:tid 2088478] mod_authz_core.c(815): [client 40.77.167.126:46297] AH01626: authorization result of : granted
[Wed Aug 26 00:11:06.875688 2026] [authz_core:debug] [pid 2088478:tid 2088478] mod_authz_core.c(815): [client 40.77.167.126:46297] AH01626: authorization result of Require all granted: granted
[Wed Aug 26 00:11:06.875693 2026] [authz_core:debug] [pid 2088478:tid 2088478] mod_authz_core.c(815): [client 40.77.167.126:46297] AH01626: authorization result of : granted
[Wed Aug 26 00:11:06.903586 2026] [ssl:debug] [pid 2088602:tid 2088602] ssl_engine_kernel.c(2082): [client 34.171.68.95:20481] AH02041: Protocol: TLSv1.3, Cipher: TLS_AES_256_GCM_SHA384 (256/256 bits)
[Wed Aug 26 00:11:06.903654 2026] [socache_shmcb:debug] [pid 2088602:tid 2088602] mod_socache_shmcb.c(508): AH00831: socache_shmcb_store (0x17 -> subcache 23)
[Wed Aug 26 00:11:06.903664 2026] [socache_shmcb:debug] [pid 2088602:tid 2088602] mod_socache_shmcb.c(745): AH00842: expiring 1 and reclaiming 0 removed socache entries
[Wed Aug 26 00:11:06.903668 2026] [socache_shmcb:debug] [pid 2088602:tid 2088602] mod_socache_shmcb.c(765): AH00843: we now have 35 socache entries
[Wed Aug 26 00:11:06.903672 2026] [socache_shmcb:debug] [pid 2088602:tid 2088602] mod_socache_shmcb.c(860): AH00847: insert happened at idx=69, data=(1496:1528)
[Wed Aug 26 00:11:06.903675 2026] [socache_shmcb:debug] [pid 2088602:tid 2088602] mod_socache_shmcb.c(863): AH00848: finished insert, subcache: idx_pos/idx_used=34/36, data_pos/data_used=7585/8001
[Wed Aug 26 00:11:06.903678 2026] [socache_shmcb:debug] [pid 2088602:tid 2088602] mod_socache_shmcb.c(530): AH00834: leaving socache_shmcb_store successfully
[Wed Aug 26 00:11:06.903768 2026] [socache_shmcb:debug] [pid 2088602:tid 2088602] mod_socache_shmcb.c(508): AH00831: socache_shmcb_store (0x16 -> subcache 22)
[Wed Aug 26 00:11:06.903775 2026] [socache_shmcb:debug] [pid 2088602:tid 2088602] mod_socache_shmcb.c(860): AH00847: insert happened at idx=75, data=(2702:2734)
[Wed Aug 26 00:11:06.903778 2026] [socache_shmcb:debug] [pid 2088602:tid 2088602] mod_socache_shmcb.c(863): AH00848: finished insert, subcache: idx_pos/idx_used=44/32, data_pos/data_used=9687/7104
[Wed Aug 26 00:11:06.903793 2026] [socache_shmcb:debug] [pid 2088602:tid 2088602] mod_socache_shmcb.c(530): AH00834: leaving socache_shmcb_store successfully
[Wed Aug 26 00:11:06.927625 2026] [ssl:info] [pid 2088604:tid 2088604] [client 2001:b400:e28b:79fd:b491:a627:a98f:f573:34696] AH01964: Connection to child 26 established (server 2blog.ilc.edu.tw:443)
[Wed Aug 26 00:11:06.927981 2026] [ssl:debug] [pid 2088604:tid 2088604] ssl_engine_kernel.c(2222): [client 2001:b400:e28b:79fd:b491:a627:a98f:f573:34696] AH02043: SSL virtual host for servername www.dsjh.ilc.edu.tw found
[Wed Aug 26 00:11:06.928042 2026] [socache_shmcb:debug] [pid 2088604:tid 2088604] mod_socache_shmcb.c(545): AH00835: socache_shmcb_retrieve (0xcd -> subcache 13)
[Wed Aug 26 00:11:06.928054 2026] [socache_shmcb:debug] [pid 2088604:tid 2088604] mod_socache_shmcb.c(896): AH00849: match at idx=77, data=3301
[Wed Aug 26 00:11:06.928056 2026] [socache_shmcb:debug] [pid 2088604:tid 2088604] mod_socache_shmcb.c(556): AH00836: leaving socache_shmcb_retrieve successfully
[Wed Aug 26 00:11:06.928165 2026] [core:debug] [pid 2088604:tid 2088604] protocol.c(2460): [client 2001:b400:e28b:79fd:b491:a627:a98f:f573:34696] AH03155: select protocol from , choices=h2,http/1.1 for server www.dsjh.ilc.edu.tw
[Wed Aug 26 00:11:06.930620 2026] [ssl:debug] [pid 2088602:tid 2088602] ssl_engine_kernel.c(254): [client 34.171.68.95:20481] AH02034: Initial (No.1) HTTPS request received for child 24 (server 2blog.ilc.edu.tw:443)
[Wed Aug 26 00:11:06.930806 2026] [authz_core:debug] [pid 2088602:tid 2088602] mod_authz_core.c(815): [client 34.171.68.95:20481] AH01626: authorization result of Require all granted: granted
[Wed Aug 26 00:11:06.930811 2026] [authz_core:debug] [pid 2088602:tid 2088602] mod_authz_core.c(815): [client 34.171.68.95:20481] AH01626: authorization result of : granted
[Wed Aug 26 00:11:06.930960 2026] [authz_core:debug] [pid 2088602:tid 2088602] mod_authz_core.c(815): [client 34.171.68.95:20481] AH01626: authorization result of Require all granted: granted
[Wed Aug 26 00:11:06.930965 2026] [authz_core:debug] [pid 2088602:tid 2088602] mod_authz_core.c(815): [client 34.171.68.95:20481] AH01626: authorization result of : granted
[Wed Aug 26 00:11:06.965468 2026] [ssl:debug] [pid 2088604:tid 2088604] ssl_engine_kernel.c(2082): [client 2001:b400:e28b:79fd:b491:a627:a98f:f573:34696] AH02041: Protocol: TLSv1.3, Cipher: TLS_AES_256_GCM_SHA384 (256/256 bits)
[Wed Aug 26 00:11:06.965519 2026] [socache_shmcb:debug] [pid 2088604:tid 2088604] mod_socache_shmcb.c(508): AH00831: socache_shmcb_store (0xaf -> subcache 15)
[Wed Aug 26 00:11:06.965525 2026] [socache_shmcb:debug] [pid 2088604:tid 2088604] mod_socache_shmcb.c(745): AH00842: expiring 1 and reclaiming 0 removed socache entries
[Wed Aug 26 00:11:06.965527 2026] [socache_shmcb:debug] [pid 2088604:tid 2088604] mod_socache_shmcb.c(765): AH00843: we now have 34 socache entries
[Wed Aug 26 00:11:06.965529 2026] [socache_shmcb:debug] [pid 2088604:tid 2088604] mod_socache_shmcb.c(860): AH00847: insert happened at idx=68, data=(1190:1222)
[Wed Aug 26 00:11:06.965531 2026] [socache_shmcb:debug] [pid 2088604:tid 2088604] mod_socache_shmcb.c(863): AH00848: finished insert, subcache: idx_pos/idx_used=34/35, data_pos/data_used=7491/7792
[Wed Aug 26 00:11:06.965533 2026] [socache_shmcb:debug] [pid 2088604:tid 2088604] mod_socache_shmcb.c(530): AH00834: leaving socache_shmcb_store successfully
[Wed Aug 26 00:11:06.970856 2026] [ssl:debug] [pid 2088294:tid 2088294] ssl_engine_kernel.c(254): [client 2408:8719:64:201:28:::19414] AH02034: Subsequent (No.3) HTTPS request received for child 0 (server www.sjes.ilc.edu.tw:443), referer: https://www.sjes.ilc.edu.tw/2013/
[Wed Aug 26 00:11:06.971629 2026] [authz_core:debug] [pid 2088294:tid 2088294] mod_authz_core.c(815): [client 2408:8719:64:201:28:::19414] AH01626: authorization result of Require all granted: granted, referer: https://www.sjes.ilc.edu.tw/2013/
[Wed Aug 26 00:11:06.971644 2026] [authz_core:debug] [pid 2088294:tid 2088294] mod_authz_core.c(815): [client 2408:8719:64:201:28:::19414] AH01626: authorization result of : granted, referer: https://www.sjes.ilc.edu.tw/2013/
[Wed Aug 26 00:11:06.974372 2026] [deflate:debug] [pid 2088294:tid 2088294] mod_deflate.c(909): [client 2408:8719:64:201:28:::19414] AH01384: Zlib: Compressed 79258 to 39708 : URL /wp-content/cache/www.sjes.ilc.edu.tw/wpfc-minified/d3su66jp/73w9.css, referer: https://www.sjes.ilc.edu.tw/2013/
[Wed Aug 26 00:11:06.974691 2026] [ssl:debug] [pid 2088604:tid 2088604] ssl_engine_kernel.c(254): [client 2001:b400:e28b:79fd:b491:a627:a98f:f573:34696] AH02034: Initial (No.1) HTTPS request received for child 26 (server www.dsjh.ilc.edu.tw:443), referer: https://www.dsjh.ilc.edu.tw/%E6%A0%A1%E5%8F%B2%E7%B0%A1%E4%BB%8B/
[Wed Aug 26 00:11:06.974893 2026] [authz_core:debug] [pid 2088604:tid 2088604] mod_authz_core.c(815): [client 2001:b400:e28b:79fd:b491:a627:a98f:f573:34696] AH01626: authorization result of Require all granted: granted, referer: https://www.dsjh.ilc.edu.tw/%E6%A0%A1%E5%8F%B2%E7%B0%A1%E4%BB%8B/
[Wed Aug 26 00:11:06.974900 2026] [authz_core:debug] [pid 2088604:tid 2088604] mod_authz_core.c(815): [client 2001:b400:e28b:79fd:b491:a627:a98f:f573:34696] AH01626: authorization result of : granted, referer: https://www.dsjh.ilc.edu.tw/%E6%A0%A1%E5%8F%B2%E7%B0%A1%E4%BB%8B/
[Wed Aug 26 00:11:06.975020 2026] [authz_core:debug] [pid 2088604:tid 2088604] mod_authz_core.c(815): [client 2001:b400:e28b:79fd:b491:a627:a98f:f573:34696] AH01626: authorization result of Require all granted: granted, referer: https://www.dsjh.ilc.edu.tw/%E6%A0%A1%E5%8F%B2%E7%B0%A1%E4%BB%8B/
[Wed Aug 26 00:11:06.975025 2026] [authz_core:debug] [pid 2088604:tid 2088604] mod_authz_core.c(815): [client 2001:b400:e28b:79fd:b491:a627:a98f:f573:34696] AH01626: authorization result of : granted, referer: https://www.dsjh.ilc.edu.tw/%E6%A0%A1%E5%8F%B2%E7%B0%A1%E4%BB%8B/
[Wed Aug 26 00:11:07.058385 2026] [deflate:debug] [pid 2088478:tid 2088478] mod_deflate.c(909): [client 40.77.167.126:46297] AH01384: Zlib: Compressed 48749 to 10808 : URL /index.php
[Wed Aug 26 00:11:07.145645 2026] [deflate:debug] [pid 2088602:tid 2088602] mod_deflate.c(909): [client 34.171.68.95:20481] AH01384: Zlib: Compressed 33252 to 8028 : URL /index.php
[Wed Aug 26 00:11:07.274943 2026] [deflate:debug] [pid 2088604:tid 2088604] mod_deflate.c(909): [client 2001:b400:e28b:79fd:b491:a627:a98f:f573:34696] AH01384: Zlib: Compressed 80279 to 14625 : URL /index.php, referer: https://www.dsjh.ilc.edu.tw/%E6%A0%A1%E5%8F%B2%E7%B0%A1%E4%BB%8B/
[Wed Aug 26 00:11:07.429729 2026] [ssl:info] [pid 2088589:tid 2088589] [client 136.119.35.120:11779] AH01964: Connection to child 15 established (server 2blog.ilc.edu.tw:443)
[Wed Aug 26 00:11:07.429955 2026] [ssl:debug] [pid 2088589:tid 2088589] ssl_engine_kernel.c(2222): [client 136.119.35.120:11779] AH02043: SSL virtual host for servername 2blog.ilc.edu.tw found
[Wed Aug 26 00:11:07.430016 2026] [core:debug] [pid 2088589:tid 2088589] protocol.c(2460): [client 136.119.35.120:11779] AH03155: select protocol from , choices=http/1.1 for server 2blog.ilc.edu.tw
[Wed Aug 26 00:11:07.520733 2026] [ssl:debug] [pid 2088604:tid 2088604] ssl_engine_kernel.c(254): [client 2001:b400:e28b:79fd:b491:a627:a98f:f573:34696] AH02034: Subsequent (No.2) HTTPS request received for child 26 (server www.dsjh.ilc.edu.tw:443), referer: https://www.dsjh.ilc.edu.tw/%e5%8d%87%e5%ad%b8%e8%b3%87%e8%a8%8a/
[Wed Aug 26 00:11:07.521333 2026] [authz_core:debug] [pid 2088604:tid 2088604] mod_authz_core.c(815): [client 2001:b400:e28b:79fd:b491:a627:a98f:f573:34696] AH01626: authorization result of Require all granted: granted, referer: https://www.dsjh.ilc.edu.tw/%e5%8d%87%e5%ad%b8%e8%b3%87%e8%a8%8a/
[Wed Aug 26 00:11:07.521344 2026] [authz_core:debug] [pid 2088604:tid 2088604] mod_authz_core.c(815): [client 2001:b400:e28b:79fd:b491:a627:a98f:f573:34696] AH01626: authorization result of : granted, referer: https://www.dsjh.ilc.edu.tw/%e5%8d%87%e5%ad%b8%e8%b3%87%e8%a8%8a/
[Wed Aug 26 00:11:07.564575 2026] [deflate:debug] [pid 2088604:tid 2088604] mod_deflate.c(909): [client 2001:b400:e28b:79fd:b491:a627:a98f:f573:34696] AH01384: Zlib: Compressed 4534 to 893 : URL /wp-content/uploads/sites/1252/elementor/css/post-827.css, referer: https://www.dsjh.ilc.edu.tw/%e5%8d%87%e5%ad%b8%e8%b3%87%e8%a8%8a/
[Wed Aug 26 00:11:07.621365 2026] [ssl:debug] [pid 2088294:tid 2088294] ssl_engine_kernel.c(254): [client 2408:8719:64:201:28:::19414] AH02034: Subsequent (No.4) HTTPS request received for child 0 (server www.sjes.ilc.edu.tw:443), referer: https://www.sjes.ilc.edu.tw/2013/
[Wed Aug 26 00:11:07.622828 2026] [authz_core:debug] [pid 2088294:tid 2088294] mod_authz_core.c(815): [client 2408:8719:64:201:28:::19414] AH01626: authorization result of Require all granted: granted, referer: https://www.sjes.ilc.edu.tw/2013/
[Wed Aug 26 00:11:07.622849 2026] [authz_core:debug] [pid 2088294:tid 2088294] mod_authz_core.c(815): [client 2408:8719:64:201:28:::19414] AH01626: authorization result of : granted, referer: https://www.sjes.ilc.edu.tw/2013/
[Wed Aug 26 00:11:07.623421 2026] [deflate:debug] [pid 2088294:tid 2088294] mod_deflate.c(909): [client 2408:8719:64:201:28:::19414] AH01384: Zlib: Compressed 3810 to 1461 : URL /wp-content/cache/www.sjes.ilc.edu.tw/wpfc-minified/q11gd49/73w9.js, referer: https://www.sjes.ilc.edu.tw/2013/
[Wed Aug 26 00:11:07.694773 2026] [ssl:debug] [pid 2088589:tid 2088589] ssl_engine_kernel.c(2082): [client 136.119.35.120:11779] AH02041: Protocol: TLSv1.3, Cipher: TLS_AES_256_GCM_SHA384 (256/256 bits)
[Wed Aug 26 00:11:07.694830 2026] [socache_shmcb:debug] [pid 2088589:tid 2088589] mod_socache_shmcb.c(508): AH00831: socache_shmcb_store (0x1c -> subcache 28)
[Wed Aug 26 00:11:07.694835 2026] [socache_shmcb:debug] [pid 2088589:tid 2088589] mod_socache_shmcb.c(745): AH00842: expiring 1 and reclaiming 0 removed socache entries
[Wed Aug 26 00:11:07.694838 2026] [socache_shmcb:debug] [pid 2088589:tid 2088589] mod_socache_shmcb.c(765): AH00843: we now have 33 socache entries
[Wed Aug 26 00:11:07.694839 2026] [socache_shmcb:debug] [pid 2088589:tid 2088589] mod_socache_shmcb.c(860): AH00847: insert happened at idx=74, data=(2605:2637)
[Wed Aug 26 00:11:07.694841 2026] [socache_shmcb:debug] [pid 2088589:tid 2088589] mod_socache_shmcb.c(863): AH00848: finished insert, subcache: idx_pos/idx_used=41/34, data_pos/data_used=9152/7542
[Wed Aug 26 00:11:07.694843 2026] [socache_shmcb:debug] [pid 2088589:tid 2088589] mod_socache_shmcb.c(530): AH00834: leaving socache_shmcb_store successfully
[Wed Aug 26 00:11:07.694960 2026] [socache_shmcb:debug] [pid 2088589:tid 2088589] mod_socache_shmcb.c(508): AH00831: socache_shmcb_store (0x24 -> subcache 4)
[Wed Aug 26 00:11:07.694968 2026] [socache_shmcb:debug] [pid 2088589:tid 2088589] mod_socache_shmcb.c(860): AH00847: insert happened at idx=82, data=(4306:4338)
[Wed Aug 26 00:11:07.694970 2026] [socache_shmcb:debug] [pid 2088589:tid 2088589] mod_socache_shmcb.c(863): AH00848: finished insert, subcache: idx_pos/idx_used=39/44, data_pos/data_used=8618/9778
[Wed Aug 26 00:11:07.694973 2026] [socache_shmcb:debug] [pid 2088589:tid 2088589] mod_socache_shmcb.c(530): AH00834: leaving socache_shmcb_store successfully
[Wed Aug 26 00:11:07.706627 2026] [ssl:debug] [pid 2088604:tid 2088604] ssl_engine_kernel.c(254): [client 2001:b400:e28b:79fd:b491:a627:a98f:f573:34696] AH02034: Subsequent (No.3) HTTPS request received for child 26 (server www.dsjh.ilc.edu.tw:443), referer: https://www.dsjh.ilc.edu.tw/wp-content/uploads/sites/1252/elementor/css/post-827.css
[Wed Aug 26 00:11:07.707156 2026] [authz_core:debug] [pid 2088604:tid 2088604] mod_authz_core.c(815): [client 2001:b400:e28b:79fd:b491:a627:a98f:f573:34696] AH01626: authorization result of Require all granted: granted, referer: https://www.dsjh.ilc.edu.tw/wp-content/uploads/sites/1252/elementor/css/post-827.css
[Wed Aug 26 00:11:07.707163 2026] [authz_core:debug] [pid 2088604:tid 2088604] mod_authz_core.c(815): [client 2001:b400:e28b:79fd:b491:a627:a98f:f573:34696] AH01626: authorization result of : granted, referer: https://www.dsjh.ilc.edu.tw/wp-content/uploads/sites/1252/elementor/css/post-827.css
[Wed Aug 26 00:11:07.740569 2026] [ssl:info] [pid 2088620:tid 2088620] [client 2001:b400:e28b:79fd:b491:a627:a98f:f573:34742] AH01964: Connection to child 43 established (server 2blog.ilc.edu.tw:443)
[Wed Aug 26 00:11:07.740975 2026] [ssl:debug] [pid 2088620:tid 2088620] ssl_engine_kernel.c(2222): [client 2001:b400:e28b:79fd:b491:a627:a98f:f573:34742] AH02043: SSL virtual host for servername www.dsjh.ilc.edu.tw found
[Wed Aug 26 00:11:07.741010 2026] [socache_shmcb:debug] [pid 2088620:tid 2088620] mod_socache_shmcb.c(545): AH00835: socache_shmcb_retrieve (0xaf -> subcache 15)
[Wed Aug 26 00:11:07.741020 2026] [socache_shmcb:debug] [pid 2088620:tid 2088620] mod_socache_shmcb.c(896): AH00849: match at idx=68, data=1190
[Wed Aug 26 00:11:07.741023 2026] [socache_shmcb:debug] [pid 2088620:tid 2088620] mod_socache_shmcb.c(556): AH00836: leaving socache_shmcb_retrieve successfully
[Wed Aug 26 00:11:07.741158 2026] [core:debug] [pid 2088620:tid 2088620] protocol.c(2460): [client 2001:b400:e28b:79fd:b491:a627:a98f:f573:34742] AH03155: select protocol from , choices=h2,http/1.1 for server www.dsjh.ilc.edu.tw
[Wed Aug 26 00:11:07.742711 2026] [ssl:info] [pid 2088167:tid 2088167] [client 2001:b400:e28b:79fd:b491:a627:a98f:f573:34716] AH01964: Connection to child 16 established (server 2blog.ilc.edu.tw:443)
[Wed Aug 26 00:11:07.742853 2026] [ssl:info] [pid 2088590:tid 2088590] [client 2001:b400:e28b:79fd:b491:a627:a98f:f573:34738] AH01964: Connection to child 18 established (server 2blog.ilc.edu.tw:443)
[Wed Aug 26 00:11:07.742955 2026] [ssl:debug] [pid 2088167:tid 2088167] ssl_engine_kernel.c(2222): [client 2001:b400:e28b:79fd:b491:a627:a98f:f573:34716] AH02043: SSL virtual host for servername www.dsjh.ilc.edu.tw found
[Wed Aug 26 00:11:07.743003 2026] [ssl:debug] [pid 2088590:tid 2088590] ssl_engine_kernel.c(2222): [client 2001:b400:e28b:79fd:b491:a627:a98f:f573:34738] AH02043: SSL virtual host for servername www.dsjh.ilc.edu.tw found
[Wed Aug 26 00:11:07.743018 2026] [socache_shmcb:debug] [pid 2088590:tid 2088590] mod_socache_shmcb.c(545): AH00835: socache_shmcb_retrieve (0xbc -> subcache 28)
[Wed Aug 26 00:11:07.743023 2026] [core:debug] [pid 2088167:tid 2088167] protocol.c(2460): [client 2001:b400:e28b:79fd:b491:a627:a98f:f573:34716] AH03155: select protocol from , choices=h2,http/1.1 for server www.dsjh.ilc.edu.tw
[Wed Aug 26 00:11:07.743030 2026] [socache_shmcb:debug] [pid 2088590:tid 2088590] mod_socache_shmcb.c(896): AH00849: match at idx=72, data=2148
[Wed Aug 26 00:11:07.743032 2026] [socache_shmcb:debug] [pid 2088590:tid 2088590] mod_socache_shmcb.c(556): AH00836: leaving socache_shmcb_retrieve successfully
[Wed Aug 26 00:11:07.743075 2026] [ssl:debug] [pid 2088167:tid 2088167] ssl_util_stapling.c(819): AH01951: stapling_cb: OCSP Stapling callback called
[Wed Aug 26 00:11:07.743081 2026] [ssl:info] [pid 2088167:tid 2088167] AH01926: stapling_get_certinfo: stapling not supported for certificate
[Wed Aug 26 00:11:07.743138 2026] [core:debug] [pid 2088590:tid 2088590] protocol.c(2460): [client 2001:b400:e28b:79fd:b491:a627:a98f:f573:34738] AH03155: select protocol from , choices=h2,http/1.1 for server www.dsjh.ilc.edu.tw
[Wed Aug 26 00:11:07.744977 2026] [ssl:info] [pid 2093058:tid 2093058] [client 2001:b400:e28b:79fd:b491:a627:a98f:f573:34708] AH01964: Connection to child 4 established (server 2blog.ilc.edu.tw:443)
[Wed Aug 26 00:11:07.745367 2026] [ssl:debug] [pid 2093058:tid 2093058] ssl_engine_kernel.c(2222): [client 2001:b400:e28b:79fd:b491:a627:a98f:f573:34708] AH02043: SSL virtual host for servername www.dsjh.ilc.edu.tw found
[Wed Aug 26 00:11:07.745417 2026] [core:debug] [pid 2093058:tid 2093058] protocol.c(2460): [client 2001:b400:e28b:79fd:b491:a627:a98f:f573:34708] AH03155: select protocol from , choices=h2,http/1.1 for server www.dsjh.ilc.edu.tw
[Wed Aug 26 00:11:07.745461 2026] [ssl:debug] [pid 2093058:tid 2093058] ssl_util_stapling.c(819): AH01951: stapling_cb: OCSP Stapling callback called
[Wed Aug 26 00:11:07.745468 2026] [ssl:info] [pid 2093058:tid 2093058] AH01926: stapling_get_certinfo: stapling not supported for certificate
[Wed Aug 26 00:11:07.747546 2026] [ssl:info] [pid 2093059:tid 2093059] [client 2001:b400:e28b:79fd:b491:a627:a98f:f573:34728] AH01964: Connection to child 6 established (server 2blog.ilc.edu.tw:443)
[Wed Aug 26 00:11:07.747899 2026] [ssl:debug] [pid 2093059:tid 2093059] ssl_engine_kernel.c(2222): [client 2001:b400:e28b:79fd:b491:a627:a98f:f573:34728] AH02043: SSL virtual host for servername www.dsjh.ilc.edu.tw found
[Wed Aug 26 00:11:07.747966 2026] [core:debug] [pid 2093059:tid 2093059] protocol.c(2460): [client 2001:b400:e28b:79fd:b491:a627:a98f:f573:34728] AH03155: select protocol from , choices=h2,http/1.1 for server www.dsjh.ilc.edu.tw
[Wed Aug 26 00:11:07.748020 2026] [ssl:debug] [pid 2093059:tid 2093059] ssl_util_stapling.c(819): AH01951: stapling_cb: OCSP Stapling callback called
[Wed Aug 26 00:11:07.748028 2026] [ssl:info] [pid 2093059:tid 2093059] AH01926: stapling_get_certinfo: stapling not supported for certificate
[Wed Aug 26 00:11:07.753118 2026] [ssl:info] [pid 2088407:tid 2088407] [client 54.145.82.217:23277] AH01964: Connection to child 7 established (server 2blog.ilc.edu.tw:443)
[Wed Aug 26 00:11:07.753279 2026] [ssl:debug] [pid 2088407:tid 2088407] ssl_engine_kernel.c(2222): [client 54.145.82.217:23277] AH02043: SSL virtual host for servername 2blog.ilc.edu.tw found
[Wed Aug 26 00:11:07.783575 2026] [ssl:debug] [pid 2088590:tid 2088590] ssl_engine_kernel.c(2082): [client 2001:b400:e28b:79fd:b491:a627:a98f:f573:34738] AH02041: Protocol: TLSv1.3, Cipher: TLS_AES_256_GCM_SHA384 (256/256 bits)
[Wed Aug 26 00:11:07.783644 2026] [socache_shmcb:debug] [pid 2088590:tid 2088590] mod_socache_shmcb.c(508): AH00831: socache_shmcb_store (0x74 -> subcache 20)
[Wed Aug 26 00:11:07.783652 2026] [socache_shmcb:debug] [pid 2088590:tid 2088590] mod_socache_shmcb.c(860): AH00847: insert happened at idx=80, data=(4000:4032)
[Wed Aug 26 00:11:07.783655 2026] [socache_shmcb:debug] [pid 2088590:tid 2088590] mod_socache_shmcb.c(863): AH00848: finished insert, subcache: idx_pos/idx_used=49/32, data_pos/data_used=11011/7081
[Wed Aug 26 00:11:07.783658 2026] [socache_shmcb:debug] [pid 2088590:tid 2088590] mod_socache_shmcb.c(530): AH00834: leaving socache_shmcb_store successfully
[Wed Aug 26 00:11:07.784452 2026] [ssl:debug] [pid 2088620:tid 2088620] ssl_engine_kernel.c(2082): [client 2001:b400:e28b:79fd:b491:a627:a98f:f573:34742] AH02041: Protocol: TLSv1.3, Cipher: TLS_AES_256_GCM_SHA384 (256/256 bits)
[Wed Aug 26 00:11:07.784496 2026] [socache_shmcb:debug] [pid 2088620:tid 2088620] mod_socache_shmcb.c(508): AH00831: socache_shmcb_store (0x27 -> subcache 7)
[Wed Aug 26 00:11:07.784510 2026] [socache_shmcb:debug] [pid 2088620:tid 2088620] mod_socache_shmcb.c(745): AH00842: expiring 2 and reclaiming 0 removed socache entries
[Wed Aug 26 00:11:07.784513 2026] [socache_shmcb:debug] [pid 2088620:tid 2088620] mod_socache_shmcb.c(765): AH00843: we now have 34 socache entries
[Wed Aug 26 00:11:07.784515 2026] [socache_shmcb:debug] [pid 2088620:tid 2088620] mod_socache_shmcb.c(860): AH00847: insert happened at idx=74, data=(2489:2521)
[Wed Aug 26 00:11:07.784517 2026] [socache_shmcb:debug] [pid 2088620:tid 2088620] mod_socache_shmcb.c(863): AH00848: finished insert, subcache: idx_pos/idx_used=40/35, data_pos/data_used=8822/7760
[Wed Aug 26 00:11:07.784519 2026] [socache_shmcb:debug] [pid 2088620:tid 2088620] mod_socache_shmcb.c(530): AH00834: leaving socache_shmcb_store successfully
[Wed Aug 26 00:11:07.789578 2026] [ssl:debug] [pid 2088590:tid 2088590] ssl_engine_kernel.c(254): [client 2001:b400:e28b:79fd:b491:a627:a98f:f573:34738] AH02034: Initial (No.1) HTTPS request received for child 18 (server www.dsjh.ilc.edu.tw:443), referer: https://www.dsjh.ilc.edu.tw/wp-content/uploads/sites/1252/elementor/css/post-827.css
[Wed Aug 26 00:11:07.790236 2026] [authz_core:debug] [pid 2088590:tid 2088590] mod_authz_core.c(815): [client 2001:b400:e28b:79fd:b491:a627:a98f:f573:34738] AH01626: authorization result of Require all granted: granted, referer: https://www.dsjh.ilc.edu.tw/wp-content/uploads/sites/1252/elementor/css/post-827.css
[Wed Aug 26 00:11:07.790262 2026] [authz_core:debug] [pid 2088590:tid 2088590] mod_authz_core.c(815): [client 2001:b400:e28b:79fd:b491:a627:a98f:f573:34738] AH01626: authorization result of : granted, referer: https://www.dsjh.ilc.edu.tw/wp-content/uploads/sites/1252/elementor/css/post-827.css
[Wed Aug 26 00:11:07.793530 2026] [ssl:debug] [pid 2088167:tid 2088167] ssl_engine_kernel.c(2082): [client 2001:b400:e28b:79fd:b491:a627:a98f:f573:34716] AH02041: Protocol: TLSv1.3, Cipher: TLS_AES_256_GCM_SHA384 (256/256 bits)
[Wed Aug 26 00:11:07.793538 2026] [ssl:debug] [pid 2093059:tid 2093059] ssl_engine_kernel.c(2082): [client 2001:b400:e28b:79fd:b491:a627:a98f:f573:34728] AH02041: Protocol: TLSv1.3, Cipher: TLS_AES_256_GCM_SHA384 (256/256 bits)
[Wed Aug 26 00:11:07.793567 2026] [ssl:debug] [pid 2088620:tid 2088620] ssl_engine_kernel.c(254): [client 2001:b400:e28b:79fd:b491:a627:a98f:f573:34742] AH02034: Initial (No.1) HTTPS request received for child 43 (server www.dsjh.ilc.edu.tw:443), referer: https://www.dsjh.ilc.edu.tw/wp-content/uploads/sites/1252/elementor/css/post-827.css
