[Wed Aug 26 00:11:28.082418 2026] [socache_shmcb:debug] [pid 2088299:tid 2088299] mod_socache_shmcb.c(863): AH00848: finished insert, subcache: idx_pos/idx_used=46/38, data_pos/data_used=10190/8442
[Wed Aug 26 00:11:28.082421 2026] [socache_shmcb:debug] [pid 2088299:tid 2088299] mod_socache_shmcb.c(530): AH00834: leaving socache_shmcb_store successfully
[Wed Aug 26 00:11:28.082518 2026] [ssl:debug] [pid 2088299:tid 2088299] ssl_engine_kernel.c(254): [client 66.249.82.130:37669] AH02034: Initial (No.1) HTTPS request received for child 5 (server www.dsjh.ilc.edu.tw:443), referer: https://www.dsjh.ilc.edu.tw/%E5%85%AC%E4%BD%88%E6%AC%84/
[Wed Aug 26 00:11:28.082523 2026] [authz_core:debug] [pid 2093081:tid 2093081] mod_authz_core.c(815): [client 66.249.82.130:56683] AH01626: authorization result of Require all granted: granted, referer: https://www.dsjh.ilc.edu.tw/%E5%85%AC%E4%BD%88%E6%AC%84/
[Wed Aug 26 00:11:28.082529 2026] [authz_core:debug] [pid 2093081:tid 2093081] mod_authz_core.c(815): [client 66.249.82.130:56683] AH01626: authorization result of : granted, referer: https://www.dsjh.ilc.edu.tw/%E5%85%AC%E4%BD%88%E6%AC%84/
[Wed Aug 26 00:11:28.082693 2026] [authz_core:debug] [pid 2088299:tid 2088299] mod_authz_core.c(815): [client 66.249.82.130:37669] AH01626: authorization result of Require all granted: granted, referer: https://www.dsjh.ilc.edu.tw/%E5%85%AC%E4%BD%88%E6%AC%84/
[Wed Aug 26 00:11:28.082698 2026] [authz_core:debug] [pid 2088299:tid 2088299] mod_authz_core.c(815): [client 66.249.82.130:37669] AH01626: authorization result of : granted, referer: https://www.dsjh.ilc.edu.tw/%E5%85%AC%E4%BD%88%E6%AC%84/
[Wed Aug 26 00:11:28.082755 2026] [ssl:debug] [pid 2093096:tid 2093096] ssl_engine_kernel.c(2082): [client 66.249.82.130:39149] AH02041: Protocol: TLSv1.3, Cipher: TLS_AES_256_GCM_SHA384 (256/256 bits)
[Wed Aug 26 00:11:28.082787 2026] [socache_shmcb:debug] [pid 2093096:tid 2093096] mod_socache_shmcb.c(508): AH00831: socache_shmcb_store (0x61 -> subcache 1)
[Wed Aug 26 00:11:28.082818 2026] [socache_shmcb:debug] [pid 2093096:tid 2093096] mod_socache_shmcb.c(860): AH00847: insert happened at idx=83, data=(4590:4622)
[Wed Aug 26 00:11:28.082821 2026] [socache_shmcb:debug] [pid 2093096:tid 2093096] mod_socache_shmcb.c(863): AH00848: finished insert, subcache: idx_pos/idx_used=43/41, data_pos/data_used=9600/9071
[Wed Aug 26 00:11:28.082824 2026] [socache_shmcb:debug] [pid 2093096:tid 2093096] mod_socache_shmcb.c(530): AH00834: leaving socache_shmcb_store successfully
[Wed Aug 26 00:11:28.082868 2026] [socache_shmcb:debug] [pid 2093096:tid 2093096] mod_socache_shmcb.c(508): AH00831: socache_shmcb_store (0x40 -> subcache 0)
[Wed Aug 26 00:11:28.082894 2026] [socache_shmcb:debug] [pid 2093096:tid 2093096] mod_socache_shmcb.c(745): AH00842: expiring 1 and reclaiming 0 removed socache entries
[Wed Aug 26 00:11:28.082898 2026] [socache_shmcb:debug] [pid 2093096:tid 2093096] mod_socache_shmcb.c(765): AH00843: we now have 37 socache entries
[Wed Aug 26 00:11:28.082901 2026] [socache_shmcb:debug] [pid 2093096:tid 2093096] mod_socache_shmcb.c(860): AH00847: insert happened at idx=4, data=(6559:6591)
[Wed Aug 26 00:11:28.082903 2026] [socache_shmcb:debug] [pid 2093096:tid 2093096] mod_socache_shmcb.c(863): AH00848: finished insert, subcache: idx_pos/idx_used=55/38, data_pos/data_used=12262/8377
[Wed Aug 26 00:11:28.082906 2026] [socache_shmcb:debug] [pid 2093096:tid 2093096] mod_socache_shmcb.c(530): AH00834: leaving socache_shmcb_store successfully
[Wed Aug 26 00:11:28.083042 2026] [ssl:debug] [pid 2093096:tid 2093096] ssl_engine_kernel.c(254): [client 66.249.82.130:39149] AH02034: Initial (No.1) HTTPS request received for child 41 (server www.dsjh.ilc.edu.tw:443), referer: https://www.dsjh.ilc.edu.tw/%E5%85%AC%E4%BD%88%E6%AC%84/
[Wed Aug 26 00:11:28.083045 2026] [deflate:debug] [pid 2093093:tid 2093093] mod_deflate.c(909): [client 66.249.82.130:38863] AH01384: Zlib: Compressed 40254 to 12204 : URL /wp-content/plugins/elementor/assets/js/frontend.min.js, referer: https://www.dsjh.ilc.edu.tw/%E5%85%AC%E4%BD%88%E6%AC%84/
[Wed Aug 26 00:11:28.083131 2026] [deflate:debug] [pid 2093098:tid 2093098] mod_deflate.c(909): [client 66.249.82.131:56761] AH01384: Zlib: Compressed 9142 to 1224 : URL /wp-content/uploads/sites/1252/elementor/css/post-1047.css, referer: https://www.dsjh.ilc.edu.tw/%E5%85%AC%E4%BD%88%E6%AC%84/
[Wed Aug 26 00:11:28.083163 2026] [ssl:info] [pid 2093106:tid 2093106] [client 66.249.82.132:44943] AH01964: Connection to child 52 established (server 2blog.ilc.edu.tw:443)
[Wed Aug 26 00:11:28.083274 2026] [authz_core:debug] [pid 2093096:tid 2093096] mod_authz_core.c(815): [client 66.249.82.130:39149] AH01626: authorization result of Require all granted: granted, referer: https://www.dsjh.ilc.edu.tw/%E5%85%AC%E4%BD%88%E6%AC%84/
[Wed Aug 26 00:11:28.083283 2026] [authz_core:debug] [pid 2093096:tid 2093096] mod_authz_core.c(815): [client 66.249.82.130:39149] AH01626: authorization result of : granted, referer: https://www.dsjh.ilc.edu.tw/%E5%85%AC%E4%BD%88%E6%AC%84/
[Wed Aug 26 00:11:28.083324 2026] [ssl:debug] [pid 2093106:tid 2093106] ssl_engine_kernel.c(2222): [client 66.249.82.132:44943] AH02043: SSL virtual host for servername www.dsjh.ilc.edu.tw found
[Wed Aug 26 00:11:28.083533 2026] [ssl:debug] [pid 2093106:tid 2093106] ssl_util_stapling.c(819): AH01951: stapling_cb: OCSP Stapling callback called
[Wed Aug 26 00:11:28.083544 2026] [ssl:info] [pid 2093106:tid 2093106] AH01926: stapling_get_certinfo: stapling not supported for certificate
[Wed Aug 26 00:11:28.083629 2026] [deflate:debug] [pid 2093096:tid 2093096] mod_deflate.c(909): [client 66.249.82.130:39149] AH01384: Zlib: Compressed 8989 to 2304 : URL /wp-content/themes/oceanwp/assets/js/scroll-top.min.js, referer: https://www.dsjh.ilc.edu.tw/%E5%85%AC%E4%BD%88%E6%AC%84/
[Wed Aug 26 00:11:28.083900 2026] [ssl:debug] [pid 2093083:tid 2093083] ssl_engine_kernel.c(2082): [client 66.249.82.132:51508] AH02041: Protocol: TLSv1.3, Cipher: TLS_AES_256_GCM_SHA384 (256/256 bits)
[Wed Aug 26 00:11:28.083927 2026] [socache_shmcb:debug] [pid 2093083:tid 2093083] mod_socache_shmcb.c(508): AH00831: socache_shmcb_store (0xde -> subcache 30)
[Wed Aug 26 00:11:28.083932 2026] [socache_shmcb:debug] [pid 2093083:tid 2093083] mod_socache_shmcb.c(860): AH00847: insert happened at idx=78, data=(3470:3502)
[Wed Aug 26 00:11:28.083934 2026] [socache_shmcb:debug] [pid 2093083:tid 2093083] mod_socache_shmcb.c(863): AH00848: finished insert, subcache: idx_pos/idx_used=41/38, data_pos/data_used=9063/8488
[Wed Aug 26 00:11:28.083937 2026] [socache_shmcb:debug] [pid 2093083:tid 2093083] mod_socache_shmcb.c(530): AH00834: leaving socache_shmcb_store successfully
[Wed Aug 26 00:11:28.083983 2026] [socache_shmcb:debug] [pid 2093083:tid 2093083] mod_socache_shmcb.c(508): AH00831: socache_shmcb_store (0x5c -> subcache 28)
[Wed Aug 26 00:11:28.083996 2026] [socache_shmcb:debug] [pid 2093083:tid 2093083] mod_socache_shmcb.c(860): AH00847: insert happened at idx=79, data=(3703:3735)
[Wed Aug 26 00:11:28.083998 2026] [socache_shmcb:debug] [pid 2093083:tid 2093083] mod_socache_shmcb.c(863): AH00848: finished insert, subcache: idx_pos/idx_used=43/37, data_pos/data_used=9591/8192
[Wed Aug 26 00:11:28.084000 2026] [socache_shmcb:debug] [pid 2093083:tid 2093083] mod_socache_shmcb.c(530): AH00834: leaving socache_shmcb_store successfully
[Wed Aug 26 00:11:28.084088 2026] [ssl:debug] [pid 2093083:tid 2093083] ssl_engine_kernel.c(254): [client 66.249.82.132:51508] AH02034: Initial (No.1) HTTPS request received for child 23 (server www.dsjh.ilc.edu.tw:443), referer: https://www.dsjh.ilc.edu.tw/%E5%85%AC%E4%BD%88%E6%AC%84/
[Wed Aug 26 00:11:28.084251 2026] [authz_core:debug] [pid 2093083:tid 2093083] mod_authz_core.c(815): [client 66.249.82.132:51508] AH01626: authorization result of Require all granted: granted, referer: https://www.dsjh.ilc.edu.tw/%E5%85%AC%E4%BD%88%E6%AC%84/
[Wed Aug 26 00:11:28.084260 2026] [authz_core:debug] [pid 2093083:tid 2093083] mod_authz_core.c(815): [client 66.249.82.132:51508] AH01626: authorization result of : granted, referer: https://www.dsjh.ilc.edu.tw/%E5%85%AC%E4%BD%88%E6%AC%84/
[Wed Aug 26 00:11:28.084654 2026] [ssl:debug] [pid 2093100:tid 2093100] ssl_engine_kernel.c(2082): [client 66.249.82.130:62880] AH02041: Protocol: TLSv1.3, Cipher: TLS_AES_256_GCM_SHA384 (256/256 bits)
[Wed Aug 26 00:11:28.084705 2026] [socache_shmcb:debug] [pid 2093100:tid 2093100] mod_socache_shmcb.c(508): AH00831: socache_shmcb_store (0x6f -> subcache 15)
[Wed Aug 26 00:11:28.084719 2026] [socache_shmcb:debug] [pid 2093100:tid 2093100] mod_socache_shmcb.c(745): AH00842: expiring 1 and reclaiming 0 removed socache entries
[Wed Aug 26 00:11:28.084723 2026] [socache_shmcb:debug] [pid 2093100:tid 2093100] mod_socache_shmcb.c(765): AH00843: we now have 37 socache entries
[Wed Aug 26 00:11:28.084725 2026] [socache_shmcb:debug] [pid 2093100:tid 2093100] mod_socache_shmcb.c(860): AH00847: insert happened at idx=73, data=(2295:2327)
[Wed Aug 26 00:11:28.084728 2026] [socache_shmcb:debug] [pid 2093100:tid 2093100] mod_socache_shmcb.c(863): AH00848: finished insert, subcache: idx_pos/idx_used=36/38, data_pos/data_used=7930/8444
[Wed Aug 26 00:11:28.084731 2026] [socache_shmcb:debug] [pid 2093100:tid 2093100] mod_socache_shmcb.c(530): AH00834: leaving socache_shmcb_store successfully
[Wed Aug 26 00:11:28.084783 2026] [socache_shmcb:debug] [pid 2093100:tid 2093100] mod_socache_shmcb.c(508): AH00831: socache_shmcb_store (0x1a -> subcache 26)
[Wed Aug 26 00:11:28.084794 2026] [socache_shmcb:debug] [pid 2093100:tid 2093100] mod_socache_shmcb.c(860): AH00847: insert happened at idx=79, data=(3673:3705)
[Wed Aug 26 00:11:28.084796 2026] [socache_shmcb:debug] [pid 2093100:tid 2093100] mod_socache_shmcb.c(863): AH00848: finished insert, subcache: idx_pos/idx_used=43/37, data_pos/data_used=9606/8148
[Wed Aug 26 00:11:28.084799 2026] [socache_shmcb:debug] [pid 2093100:tid 2093100] mod_socache_shmcb.c(530): AH00834: leaving socache_shmcb_store successfully
[Wed Aug 26 00:11:28.084863 2026] [ssl:debug] [pid 2093107:tid 2093107] ssl_engine_kernel.c(2082): [client 66.249.82.130:49700] AH02041: Protocol: TLSv1.3, Cipher: TLS_AES_256_GCM_SHA384 (256/256 bits)
[Wed Aug 26 00:11:28.084889 2026] [ssl:debug] [pid 2093100:tid 2093100] ssl_engine_kernel.c(254): [client 66.249.82.130:62880] AH02034: Initial (No.1) HTTPS request received for child 46 (server www.dsjh.ilc.edu.tw:443), referer: https://www.dsjh.ilc.edu.tw/%E5%85%AC%E4%BD%88%E6%AC%84/
[Wed Aug 26 00:11:28.084905 2026] [socache_shmcb:debug] [pid 2093107:tid 2093107] mod_socache_shmcb.c(508): AH00831: socache_shmcb_store (0x11 -> subcache 17)
[Wed Aug 26 00:11:28.084915 2026] [socache_shmcb:debug] [pid 2093107:tid 2093107] mod_socache_shmcb.c(745): AH00842: expiring 1 and reclaiming 0 removed socache entries
[Wed Aug 26 00:11:28.084917 2026] [socache_shmcb:debug] [pid 2093107:tid 2093107] mod_socache_shmcb.c(765): AH00843: we now have 42 socache entries
[Wed Aug 26 00:11:28.084920 2026] [socache_shmcb:debug] [pid 2093107:tid 2093107] mod_socache_shmcb.c(860): AH00847: insert happened at idx=86, data=(5234:5266)
[Wed Aug 26 00:11:28.084921 2026] [socache_shmcb:debug] [pid 2093107:tid 2093107] mod_socache_shmcb.c(863): AH00848: finished insert, subcache: idx_pos/idx_used=44/43, data_pos/data_used=9816/9498
[Wed Aug 26 00:11:28.084923 2026] [socache_shmcb:debug] [pid 2093107:tid 2093107] mod_socache_shmcb.c(530): AH00834: leaving socache_shmcb_store successfully
[Wed Aug 26 00:11:28.084973 2026] [socache_shmcb:debug] [pid 2093107:tid 2093107] mod_socache_shmcb.c(508): AH00831: socache_shmcb_store (0xb4 -> subcache 20)
[Wed Aug 26 00:11:28.084980 2026] [socache_shmcb:debug] [pid 2093107:tid 2093107] mod_socache_shmcb.c(860): AH00847: insert happened at idx=85, data=(5126:5158)
[Wed Aug 26 00:11:28.084982 2026] [socache_shmcb:debug] [pid 2093107:tid 2093107] mod_socache_shmcb.c(863): AH00848: finished insert, subcache: idx_pos/idx_used=50/36, data_pos/data_used=11237/7970
[Wed Aug 26 00:11:28.084989 2026] [socache_shmcb:debug] [pid 2093107:tid 2093107] mod_socache_shmcb.c(530): AH00834: leaving socache_shmcb_store successfully
[Wed Aug 26 00:11:28.084991 2026] [deflate:debug] [pid 2093081:tid 2093081] mod_deflate.c(909): [client 66.249.82.130:56683] AH01384: Zlib: Compressed 53220 to 6812 : URL /wp-content/cache/www.dsjh.ilc.edu.tw/wpfc-minified/q957eonc/73bt.css, referer: https://www.dsjh.ilc.edu.tw/%E5%85%AC%E4%BD%88%E6%AC%84/
[Wed Aug 26 00:11:28.085064 2026] [ssl:debug] [pid 2093107:tid 2093107] ssl_engine_kernel.c(254): [client 66.249.82.130:49700] AH02034: Initial (No.1) HTTPS request received for child 53 (server www.dsjh.ilc.edu.tw:443), referer: https://www.dsjh.ilc.edu.tw/%E5%85%AC%E4%BD%88%E6%AC%84/
[Wed Aug 26 00:11:28.085122 2026] [authz_core:debug] [pid 2093100:tid 2093100] mod_authz_core.c(815): [client 66.249.82.130:62880] AH01626: authorization result of Require all granted: granted, referer: https://www.dsjh.ilc.edu.tw/%E5%85%AC%E4%BD%88%E6%AC%84/
[Wed Aug 26 00:11:28.085129 2026] [authz_core:debug] [pid 2093100:tid 2093100] mod_authz_core.c(815): [client 66.249.82.130:62880] AH01626: authorization result of : granted, referer: https://www.dsjh.ilc.edu.tw/%E5%85%AC%E4%BD%88%E6%AC%84/
[Wed Aug 26 00:11:28.085288 2026] [ssl:debug] [pid 2088606:tid 2088606] ssl_engine_kernel.c(2082): [client 66.249.82.132:36648] AH02041: Protocol: TLSv1.3, Cipher: TLS_AES_256_GCM_SHA384 (256/256 bits)
[Wed Aug 26 00:11:28.085300 2026] [authz_core:debug] [pid 2093107:tid 2093107] mod_authz_core.c(815): [client 66.249.82.130:49700] AH01626: authorization result of Require all granted: granted, referer: https://www.dsjh.ilc.edu.tw/%E5%85%AC%E4%BD%88%E6%AC%84/
[Wed Aug 26 00:11:28.085307 2026] [authz_core:debug] [pid 2093107:tid 2093107] mod_authz_core.c(815): [client 66.249.82.130:49700] AH01626: authorization result of : granted, referer: https://www.dsjh.ilc.edu.tw/%E5%85%AC%E4%BD%88%E6%AC%84/
[Wed Aug 26 00:11:28.085323 2026] [socache_shmcb:debug] [pid 2088606:tid 2088606] mod_socache_shmcb.c(508): AH00831: socache_shmcb_store (0xaf -> subcache 15)
[Wed Aug 26 00:11:28.085335 2026] [socache_shmcb:debug] [pid 2088606:tid 2088606] mod_socache_shmcb.c(860): AH00847: insert happened at idx=74, data=(2510:2542)
[Wed Aug 26 00:11:28.085338 2026] [socache_shmcb:debug] [pid 2088606:tid 2088606] mod_socache_shmcb.c(863): AH00848: finished insert, subcache: idx_pos/idx_used=36/39, data_pos/data_used=7930/8660
[Wed Aug 26 00:11:28.085337 2026] [deflate:debug] [pid 2093083:tid 2093083] mod_deflate.c(909): [client 66.249.82.132:51508] AH01384: Zlib: Compressed 41573 to 9918 : URL /wp-content/plugins/elementor-pro/assets/js/elements-handlers.min.js, referer: https://www.dsjh.ilc.edu.tw/%E5%85%AC%E4%BD%88%E6%AC%84/
[Wed Aug 26 00:11:28.085341 2026] [socache_shmcb:debug] [pid 2088606:tid 2088606] mod_socache_shmcb.c(530): AH00834: leaving socache_shmcb_store successfully
[Wed Aug 26 00:11:28.085388 2026] [socache_shmcb:debug] [pid 2088606:tid 2088606] mod_socache_shmcb.c(508): AH00831: socache_shmcb_store (0xaa -> subcache 10)
[Wed Aug 26 00:11:28.085398 2026] [socache_shmcb:debug] [pid 2088606:tid 2088606] mod_socache_shmcb.c(860): AH00847: insert happened at idx=69, data=(1519:1551)
[Wed Aug 26 00:11:28.085401 2026] [socache_shmcb:debug] [pid 2088606:tid 2088606] mod_socache_shmcb.c(863): AH00848: finished insert, subcache: idx_pos/idx_used=36/34, data_pos/data_used=8050/7549
[Wed Aug 26 00:11:28.085405 2026] [socache_shmcb:debug] [pid 2088606:tid 2088606] mod_socache_shmcb.c(530): AH00834: leaving socache_shmcb_store successfully
[Wed Aug 26 00:11:28.085455 2026] [deflate:debug] [pid 2088299:tid 2088299] mod_deflate.c(909): [client 66.249.82.130:37669] AH01384: Zlib: Compressed 67411 to 18429 : URL /wp-content/plugins/elementor/assets/js/frontend-modules.min.js, referer: https://www.dsjh.ilc.edu.tw/%E5%85%AC%E4%BD%88%E6%AC%84/
[Wed Aug 26 00:11:28.085490 2026] [ssl:debug] [pid 2088606:tid 2088606] ssl_engine_kernel.c(254): [client 66.249.82.132:36648] AH02034: Initial (No.1) HTTPS request received for child 28 (server www.dsjh.ilc.edu.tw:443), referer: https://www.dsjh.ilc.edu.tw/%E5%85%AC%E4%BD%88%E6%AC%84/
[Wed Aug 26 00:11:28.085688 2026] [ssl:debug] [pid 2093099:tid 2093099] ssl_engine_kernel.c(2082): [client 66.249.82.130:35383] AH02041: Protocol: TLSv1.3, Cipher: TLS_AES_256_GCM_SHA384 (256/256 bits)
[Wed Aug 26 00:11:28.085717 2026] [socache_shmcb:debug] [pid 2093099:tid 2093099] mod_socache_shmcb.c(508): AH00831: socache_shmcb_store (0xfa -> subcache 26)
[Wed Aug 26 00:11:28.085722 2026] [socache_shmcb:debug] [pid 2093099:tid 2093099] mod_socache_shmcb.c(860): AH00847: insert happened at idx=80, data=(3890:3922)
[Wed Aug 26 00:11:28.085724 2026] [socache_shmcb:debug] [pid 2093099:tid 2093099] mod_socache_shmcb.c(863): AH00848: finished insert, subcache: idx_pos/idx_used=43/38, data_pos/data_used=9606/8365
[Wed Aug 26 00:11:28.085726 2026] [socache_shmcb:debug] [pid 2093099:tid 2093099] mod_socache_shmcb.c(530): AH00834: leaving socache_shmcb_store successfully
[Wed Aug 26 00:11:28.085730 2026] [authz_core:debug] [pid 2088606:tid 2088606] mod_authz_core.c(815): [client 66.249.82.132:36648] AH01626: authorization result of Require all granted: granted, referer: https://www.dsjh.ilc.edu.tw/%E5%85%AC%E4%BD%88%E6%AC%84/
[Wed Aug 26 00:11:28.085736 2026] [authz_core:debug] [pid 2088606:tid 2088606] mod_authz_core.c(815): [client 66.249.82.132:36648] AH01626: authorization result of : granted, referer: https://www.dsjh.ilc.edu.tw/%E5%85%AC%E4%BD%88%E6%AC%84/
[Wed Aug 26 00:11:28.085744 2026] [ssl:debug] [pid 2088600:tid 2088600] ssl_engine_kernel.c(2082): [client 66.249.82.130:46004] AH02041: Protocol: TLSv1.3, Cipher: TLS_AES_256_GCM_SHA384 (256/256 bits)
[Wed Aug 26 00:11:28.085754 2026] [ssl:debug] [pid 2093097:tid 2093097] ssl_engine_kernel.c(2082): [client 66.249.82.132:42500] AH02041: Protocol: TLSv1.3, Cipher: TLS_AES_256_GCM_SHA384 (256/256 bits)
[Wed Aug 26 00:11:28.085775 2026] [socache_shmcb:debug] [pid 2093099:tid 2093099] mod_socache_shmcb.c(508): AH00831: socache_shmcb_store (0x93 -> subcache 19)
[Wed Aug 26 00:11:28.085789 2026] [socache_shmcb:debug] [pid 2093099:tid 2093099] mod_socache_shmcb.c(860): AH00847: insert happened at idx=0, data=(5739:5771)
[Wed Aug 26 00:11:28.085792 2026] [socache_shmcb:debug] [pid 2093099:tid 2093099] mod_socache_shmcb.c(863): AH00848: finished insert, subcache: idx_pos/idx_used=42/47, data_pos/data_used=9373/10446
[Wed Aug 26 00:11:28.085794 2026] [socache_shmcb:debug] [pid 2093099:tid 2093099] mod_socache_shmcb.c(530): AH00834: leaving socache_shmcb_store successfully
[Wed Aug 26 00:11:28.085802 2026] [socache_shmcb:debug] [pid 2088600:tid 2088600] mod_socache_shmcb.c(508): AH00831: socache_shmcb_store (0xa8 -> subcache 8)
[Wed Aug 26 00:11:28.085810 2026] [socache_shmcb:debug] [pid 2088600:tid 2088600] mod_socache_shmcb.c(860): AH00847: insert happened at idx=87, data=(5460:5492)
[Wed Aug 26 00:11:28.085813 2026] [socache_shmcb:debug] [pid 2088600:tid 2088600] mod_socache_shmcb.c(863): AH00848: finished insert, subcache: idx_pos/idx_used=46/42, data_pos/data_used=10265/9275
[Wed Aug 26 00:11:28.085815 2026] [socache_shmcb:debug] [pid 2088600:tid 2088600] mod_socache_shmcb.c(530): AH00834: leaving socache_shmcb_store successfully
[Wed Aug 26 00:11:28.085863 2026] [ssl:debug] [pid 2093075:tid 2093075] ssl_engine_kernel.c(2082): [client 66.249.82.131:62961] AH02041: Protocol: TLSv1.3, Cipher: TLS_AES_256_GCM_SHA384 (256/256 bits)
[Wed Aug 26 00:11:28.085903 2026] [ssl:debug] [pid 2093099:tid 2093099] ssl_engine_kernel.c(254): [client 66.249.82.130:35383] AH02034: Initial (No.1) HTTPS request received for child 45 (server www.dsjh.ilc.edu.tw:443), referer: https://www.dsjh.ilc.edu.tw/%E5%85%AC%E4%BD%88%E6%AC%84/
[Wed Aug 26 00:11:28.085909 2026] [socache_shmcb:debug] [pid 2093097:tid 2093097] mod_socache_shmcb.c(508): AH00831: socache_shmcb_store (0x17 -> subcache 23)
[Wed Aug 26 00:11:28.085929 2026] [socache_shmcb:debug] [pid 2093097:tid 2093097] mod_socache_shmcb.c(860): AH00847: insert happened at idx=74, data=(2604:2636)
[Wed Aug 26 00:11:28.085935 2026] [socache_shmcb:debug] [pid 2093097:tid 2093097] mod_socache_shmcb.c(863): AH00848: finished insert, subcache: idx_pos/idx_used=35/40, data_pos/data_used=7811/8873
[Wed Aug 26 00:11:28.085937 2026] [socache_shmcb:debug] [pid 2093097:tid 2093097] mod_socache_shmcb.c(530): AH00834: leaving socache_shmcb_store successfully
[Wed Aug 26 00:11:28.085956 2026] [socache_shmcb:debug] [pid 2088600:tid 2088600] mod_socache_shmcb.c(508): AH00831: socache_shmcb_store (0x6c -> subcache 12)
[Wed Aug 26 00:11:28.085963 2026] [socache_shmcb:debug] [pid 2088600:tid 2088600] mod_socache_shmcb.c(860): AH00847: insert happened at idx=72, data=(2180:2212)
[Wed Aug 26 00:11:28.085965 2026] [socache_shmcb:debug] [pid 2088600:tid 2088600] mod_socache_shmcb.c(863): AH00848: finished insert, subcache: idx_pos/idx_used=40/33, data_pos/data_used=8912/7348
[Wed Aug 26 00:11:28.085968 2026] [socache_shmcb:debug] [pid 2088600:tid 2088600] mod_socache_shmcb.c(530): AH00834: leaving socache_shmcb_store successfully
[Wed Aug 26 00:11:28.086003 2026] [socache_shmcb:debug] [pid 2093075:tid 2093075] mod_socache_shmcb.c(508): AH00831: socache_shmcb_store (0x53 -> subcache 19)
[Wed Aug 26 00:11:28.086016 2026] [socache_shmcb:debug] [pid 2093075:tid 2093075] mod_socache_shmcb.c(860): AH00847: insert happened at idx=1, data=(5955:5987)
[Wed Aug 26 00:11:28.086019 2026] [socache_shmcb:debug] [pid 2093075:tid 2093075] mod_socache_shmcb.c(863): AH00848: finished insert, subcache: idx_pos/idx_used=42/48, data_pos/data_used=9373/10662
[Wed Aug 26 00:11:28.086021 2026] [socache_shmcb:debug] [pid 2093075:tid 2093075] mod_socache_shmcb.c(530): AH00834: leaving socache_shmcb_store successfully
[Wed Aug 26 00:11:28.086065 2026] [ssl:debug] [pid 2088600:tid 2088600] ssl_engine_kernel.c(254): [client 66.249.82.130:46004] AH02034: Initial (No.1) HTTPS request received for child 22 (server www.dsjh.ilc.edu.tw:443), referer: https://www.dsjh.ilc.edu.tw/%E5%85%AC%E4%BD%88%E6%AC%84/
[Wed Aug 26 00:11:28.086072 2026] [socache_shmcb:debug] [pid 2093097:tid 2093097] mod_socache_shmcb.c(508): AH00831: socache_shmcb_store (0x1d -> subcache 29)
[Wed Aug 26 00:11:28.086081 2026] [socache_shmcb:debug] [pid 2093097:tid 2093097] mod_socache_shmcb.c(745): AH00842: expiring 3 and reclaiming 0 removed socache entries
[Wed Aug 26 00:11:28.086080 2026] [authz_core:debug] [pid 2093099:tid 2093099] mod_authz_core.c(815): [client 66.249.82.130:35383] AH01626: authorization result of Require all granted: granted, referer: https://www.dsjh.ilc.edu.tw/%E5%85%AC%E4%BD%88%E6%AC%84/
[Wed Aug 26 00:11:28.086084 2026] [socache_shmcb:debug] [pid 2093097:tid 2093097] mod_socache_shmcb.c(765): AH00843: we now have 37 socache entries
[Wed Aug 26 00:11:28.086087 2026] [authz_core:debug] [pid 2093099:tid 2093099] mod_authz_core.c(815): [client 66.249.82.130:35383] AH01626: authorization result of : granted, referer: https://www.dsjh.ilc.edu.tw/%E5%85%AC%E4%BD%88%E6%AC%84/
[Wed Aug 26 00:11:28.086089 2026] [socache_shmcb:debug] [pid 2093097:tid 2093097] mod_socache_shmcb.c(860): AH00847: insert happened at idx=85, data=(4930:4962)
[Wed Aug 26 00:11:28.086092 2026] [socache_shmcb:debug] [pid 2093097:tid 2093097] mod_socache_shmcb.c(863): AH00848: finished insert, subcache: idx_pos/idx_used=48/38, data_pos/data_used=10670/8341
[Wed Aug 26 00:11:28.086094 2026] [socache_shmcb:debug] [pid 2093097:tid 2093097] mod_socache_shmcb.c(530): AH00834: leaving socache_shmcb_store successfully
[Wed Aug 26 00:11:28.086131 2026] [deflate:debug] [pid 2093107:tid 2093107] mod_deflate.c(909): [client 66.249.82.130:49700] AH01384: Zlib: Compressed 12198 to 2975 : URL /wp-content/plugins/elementor/assets/lib/waypoints/waypoints.min.js, referer: https://www.dsjh.ilc.edu.tw/%E5%85%AC%E4%BD%88%E6%AC%84/
[Wed Aug 26 00:11:28.086201 2026] [ssl:debug] [pid 2093097:tid 2093097] ssl_engine_kernel.c(254): [client 66.249.82.132:42500] AH02034: Initial (No.1) HTTPS request received for child 42 (server www.dsjh.ilc.edu.tw:443), referer: https://www.dsjh.ilc.edu.tw/%E5%85%AC%E4%BD%88%E6%AC%84/
[Wed Aug 26 00:11:28.086240 2026] [authz_core:debug] [pid 2088600:tid 2088600] mod_authz_core.c(815): [client 66.249.82.130:46004] AH01626: authorization result of Require all granted: granted, referer: https://www.dsjh.ilc.edu.tw/%E5%85%AC%E4%BD%88%E6%AC%84/
[Wed Aug 26 00:11:28.086246 2026] [authz_core:debug] [pid 2088600:tid 2088600] mod_authz_core.c(815): [client 66.249.82.130:46004] AH01626: authorization result of : granted, referer: https://www.dsjh.ilc.edu.tw/%E5%85%AC%E4%BD%88%E6%AC%84/
[Wed Aug 26 00:11:28.086306 2026] [deflate:debug] [pid 2093100:tid 2093100] mod_deflate.c(909): [client 66.249.82.130:62880] AH01384: Zlib: Compressed 24109 to 7069 : URL /wp-content/plugins/elementor-pro/assets/lib/smartmenus/jquery.smartmenus.min.js, referer: https://www.dsjh.ilc.edu.tw/%E5%85%AC%E4%BD%88%E6%AC%84/
[Wed Aug 26 00:11:28.086442 2026] [authz_core:debug] [pid 2093097:tid 2093097] mod_authz_core.c(815): [client 66.249.82.132:42500] AH01626: authorization result of Require all granted: granted, referer: https://www.dsjh.ilc.edu.tw/%E5%85%AC%E4%BD%88%E6%AC%84/
[Wed Aug 26 00:11:28.086450 2026] [authz_core:debug] [pid 2093097:tid 2093097] mod_authz_core.c(815): [client 66.249.82.132:42500] AH01626: authorization result of : granted, referer: https://www.dsjh.ilc.edu.tw/%E5%85%AC%E4%BD%88%E6%AC%84/
[Wed Aug 26 00:11:28.086541 2026] [deflate:debug] [pid 2088600:tid 2088600] mod_deflate.c(909): [client 66.249.82.130:46004] AH01384: Zlib: Compressed 4307 to 1523 : URL /wp-includes/js/dist/hooks.min.js, referer: https://www.dsjh.ilc.edu.tw/%E5%85%AC%E4%BD%88%E6%AC%84/
[Wed Aug 26 00:11:28.086728 2026] [ssl:debug] [pid 2088391:tid 2088391] ssl_engine_kernel.c(2082): [client 66.249.82.132:47917] AH02041: Protocol: TLSv1.3, Cipher: TLS_AES_256_GCM_SHA384 (256/256 bits)
[Wed Aug 26 00:11:28.086818 2026] [ssl:debug] [pid 2088407:tid 2088407] ssl_engine_kernel.c(2082): [client 66.249.82.132:52116] AH02041: Protocol: TLSv1.3, Cipher: TLS_AES_256_GCM_SHA384 (256/256 bits)
[Wed Aug 26 00:11:28.086920 2026] [ssl:debug] [pid 2093078:tid 2093078] ssl_engine_kernel.c(2082): [client 66.249.82.132:62961] AH02041: Protocol: TLSv1.3, Cipher: TLS_AES_256_GCM_SHA384 (256/256 bits)
[Wed Aug 26 00:11:28.086946 2026] [deflate:debug] [pid 2093099:tid 2093099] mod_deflate.c(909): [client 66.249.82.130:35383] AH01384: Zlib: Compressed 20216 to 7328 : URL /wp-content/themes/oceanwp/assets/js/vendors/magnific-popup.min.js, referer: https://www.dsjh.ilc.edu.tw/%E5%85%AC%E4%BD%88%E6%AC%84/
[Wed Aug 26 00:11:28.087393 2026] [ssl:debug] [pid 2093077:tid 2093077] ssl_engine_kernel.c(2082): [client 66.249.82.130:52315] AH02041: Protocol: TLSv1.3, Cipher: TLS_AES_256_GCM_SHA384 (256/256 bits)
[Wed Aug 26 00:11:28.087422 2026] [deflate:debug] [pid 2093097:tid 2093097] mod_deflate.c(909): [client 66.249.82.132:42500] AH01384: Zlib: Compressed 9141 to 3649 : URL /wp-includes/js/dist/i18n.min.js, referer: https://www.dsjh.ilc.edu.tw/%E5%85%AC%E4%BD%88%E6%AC%84/
[Wed Aug 26 00:11:28.087510 2026] [ssl:debug] [pid 2093108:tid 2093108] ssl_engine_kernel.c(2082): [client 66.249.82.132:58836] AH02041: Protocol: TLSv1.3, Cipher: TLS_AES_256_GCM_SHA384 (256/256 bits)
[Wed Aug 26 00:11:28.087570 2026] [socache_shmcb:debug] [pid 2093075:tid 2093075] mod_socache_shmcb.c(508): AH00831: socache_shmcb_store (0x6a -> subcache 10)
[Wed Aug 26 00:11:28.087584 2026] [socache_shmcb:debug] [pid 2093075:tid 2093075] mod_socache_shmcb.c(860): AH00847: insert happened at idx=70, data=(1735:1767)
[Wed Aug 26 00:11:28.087586 2026] [socache_shmcb:debug] [pid 2093075:tid 2093075] mod_socache_shmcb.c(863): AH00848: finished insert, subcache: idx_pos/idx_used=36/35, data_pos/data_used=8050/7765
[Wed Aug 26 00:11:28.087589 2026] [socache_shmcb:debug] [pid 2093075:tid 2093075] mod_socache_shmcb.c(530): AH00834: leaving socache_shmcb_store successfully
[Wed Aug 26 00:11:28.087701 2026] [ssl:debug] [pid 2093075:tid 2093075] ssl_engine_kernel.c(254): [client 66.249.82.131:62961] AH02034: Initial (No.1) HTTPS request received for child 10 (server www.dsjh.ilc.edu.tw:443), referer: https://www.dsjh.ilc.edu.tw/%E5%85%AC%E4%BD%88%E6%AC%84/
[Wed Aug 26 00:11:28.087843 2026] [authz_core:debug] [pid 2093075:tid 2093075] mod_authz_core.c(815): [client 66.249.82.131:62961] AH01626: authorization result of Require all granted: granted, referer: https://www.dsjh.ilc.edu.tw/%E5%85%AC%E4%BD%88%E6%AC%84/
[Wed Aug 26 00:11:28.087847 2026] [authz_core:debug] [pid 2093075:tid 2093075] mod_authz_core.c(815): [client 66.249.82.131:62961] AH01626: authorization result of : granted, referer: https://www.dsjh.ilc.edu.tw/%E5%85%AC%E4%BD%88%E6%AC%84/
[Wed Aug 26 00:11:28.088014 2026] [deflate:debug] [pid 2093075:tid 2093075] mod_deflate.c(909): [client 66.249.82.131:62961] AH01384: Zlib: Compressed 2002 to 864 : URL /wp-content/themes/oceanwp/assets/js/ow-slider.min.js, referer: https://www.dsjh.ilc.edu.tw/%E5%85%AC%E4%BD%88%E6%AC%84/
[Wed Aug 26 00:11:28.088068 2026] [ssl:debug] [pid 2093105:tid 2093105] ssl_engine_kernel.c(2082): [client 66.249.82.131:60105] AH02041: Protocol: TLSv1.3, Cipher: TLS_AES_256_GCM_SHA384 (256/256 bits)
[Wed Aug 26 00:11:28.088118 2026] [socache_shmcb:debug] [pid 2088391:tid 2088391] mod_socache_shmcb.c(508): AH00831: socache_shmcb_store (0xea -> subcache 10)
[Wed Aug 26 00:11:28.088127 2026] [socache_shmcb:debug] [pid 2088391:tid 2088391] mod_socache_shmcb.c(860): AH00847: insert happened at idx=71, data=(1951:1983)
[Wed Aug 26 00:11:28.088130 2026] [socache_shmcb:debug] [pid 2088391:tid 2088391] mod_socache_shmcb.c(863): AH00848: finished insert, subcache: idx_pos/idx_used=36/36, data_pos/data_used=8050/7981
[Wed Aug 26 00:11:28.088131 2026] [socache_shmcb:debug] [pid 2088391:tid 2088391] mod_socache_shmcb.c(530): AH00834: leaving socache_shmcb_store successfully
[Wed Aug 26 00:11:28.088150 2026] [socache_shmcb:debug] [pid 2088407:tid 2088407] mod_socache_shmcb.c(508): AH00831: socache_shmcb_store (0x7d -> subcache 29)
[Wed Aug 26 00:11:28.088160 2026] [socache_shmcb:debug] [pid 2088407:tid 2088407] mod_socache_shmcb.c(860): AH00847: insert happened at idx=86, data=(5147:5179)
[Wed Aug 26 00:11:28.088162 2026] [socache_shmcb:debug] [pid 2088407:tid 2088407] mod_socache_shmcb.c(863): AH00848: finished insert, subcache: idx_pos/idx_used=48/39, data_pos/data_used=10670/8558
[Wed Aug 26 00:11:28.088164 2026] [socache_shmcb:debug] [pid 2088407:tid 2088407] mod_socache_shmcb.c(530): AH00834: leaving socache_shmcb_store successfully
[Wed Aug 26 00:11:28.088202 2026] [socache_shmcb:debug] [pid 2093078:tid 2093078] mod_socache_shmcb.c(508): AH00831: socache_shmcb_store (0x86 -> subcache 6)
[Wed Aug 26 00:11:28.088217 2026] [socache_shmcb:debug] [pid 2093078:tid 2093078] mod_socache_shmcb.c(745): AH00842: expiring 1 and reclaiming 0 removed socache entries
[Wed Aug 26 00:11:28.088220 2026] [socache_shmcb:debug] [pid 2093078:tid 2093078] mod_socache_shmcb.c(765): AH00843: we now have 42 socache entries
[Wed Aug 26 00:11:28.088222 2026] [socache_shmcb:debug] [pid 2093078:tid 2093078] mod_socache_shmcb.c(860): AH00847: insert happened at idx=15, data=(8918:8950)
[Wed Aug 26 00:11:28.088223 2026] [socache_shmcb:debug] [pid 2093078:tid 2093078] mod_socache_shmcb.c(863): AH00848: finished insert, subcache: idx_pos/idx_used=61/43, data_pos/data_used=13516/9482
[Wed Aug 26 00:11:28.088225 2026] [socache_shmcb:debug] [pid 2093078:tid 2093078] mod_socache_shmcb.c(530): AH00834: leaving socache_shmcb_store successfully
[Wed Aug 26 00:11:28.088241 2026] [socache_shmcb:debug] [pid 2093077:tid 2093077] mod_socache_shmcb.c(508): AH00831: socache_shmcb_store (0x9a -> subcache 26)
[Wed Aug 26 00:11:28.088260 2026] [socache_shmcb:debug] [pid 2093077:tid 2093077] mod_socache_shmcb.c(860): AH00847: insert happened at idx=81, data=(4107:4139)
[Wed Aug 26 00:11:28.088263 2026] [socache_shmcb:debug] [pid 2093077:tid 2093077] mod_socache_shmcb.c(863): AH00848: finished insert, subcache: idx_pos/idx_used=43/39, data_pos/data_used=9606/8581
[Wed Aug 26 00:11:28.088266 2026] [socache_shmcb:debug] [pid 2093077:tid 2093077] mod_socache_shmcb.c(530): AH00834: leaving socache_shmcb_store successfully
[Wed Aug 26 00:11:28.088378 2026] [socache_shmcb:debug] [pid 2093108:tid 2093108] mod_socache_shmcb.c(508): AH00831: socache_shmcb_store (0x9c -> subcache 28)
[Wed Aug 26 00:11:28.088395 2026] [socache_shmcb:debug] [pid 2093108:tid 2093108] mod_socache_shmcb.c(860): AH00847: insert happened at idx=80, data=(3919:3951)
[Wed Aug 26 00:11:28.088398 2026] [socache_shmcb:debug] [pid 2093108:tid 2093108] mod_socache_shmcb.c(863): AH00848: finished insert, subcache: idx_pos/idx_used=43/38, data_pos/data_used=9591/8408
[Wed Aug 26 00:11:28.088401 2026] [socache_shmcb:debug] [pid 2093108:tid 2093108] mod_socache_shmcb.c(530): AH00834: leaving socache_shmcb_store successfully
[Wed Aug 26 00:11:28.088418 2026] [socache_shmcb:debug] [pid 2093105:tid 2093105] mod_socache_shmcb.c(508): AH00831: socache_shmcb_store (0x5d -> subcache 29)
[Wed Aug 26 00:11:28.088428 2026] [socache_shmcb:debug] [pid 2093105:tid 2093105] mod_socache_shmcb.c(860): AH00847: insert happened at idx=87, data=(5364:5396)
[Wed Aug 26 00:11:28.088429 2026] [socache_shmcb:debug] [pid 2093105:tid 2093105] mod_socache_shmcb.c(863): AH00848: finished insert, subcache: idx_pos/idx_used=48/40, data_pos/data_used=10670/8774
[Wed Aug 26 00:11:28.088431 2026] [socache_shmcb:debug] [pid 2093105:tid 2093105] mod_socache_shmcb.c(530): AH00834: leaving socache_shmcb_store successfully
[Wed Aug 26 00:11:28.088470 2026] [socache_shmcb:debug] [pid 2088391:tid 2088391] mod_socache_shmcb.c(508): AH00831: socache_shmcb_store (0x0a -> subcache 10)
[Wed Aug 26 00:11:28.088474 2026] [socache_shmcb:debug] [pid 2088391:tid 2088391] mod_socache_shmcb.c(860): AH00847: insert happened at idx=72, data=(2167:2199)
[Wed Aug 26 00:11:28.088476 2026] [socache_shmcb:debug] [pid 2088391:tid 2088391] mod_socache_shmcb.c(863): AH00848: finished insert, subcache: idx_pos/idx_used=36/37, data_pos/data_used=8050/8198
[Wed Aug 26 00:11:28.088478 2026] [socache_shmcb:debug] [pid 2088391:tid 2088391] mod_socache_shmcb.c(530): AH00834: leaving socache_shmcb_store successfully
[Wed Aug 26 00:11:28.088492 2026] [socache_shmcb:debug] [pid 2088407:tid 2088407] mod_socache_shmcb.c(508): AH00831: socache_shmcb_store (0x5e -> subcache 30)
[Wed Aug 26 00:11:28.088498 2026] [socache_shmcb:debug] [pid 2088407:tid 2088407] mod_socache_shmcb.c(860): AH00847: insert happened at idx=79, data=(3687:3719)
[Wed Aug 26 00:11:28.088500 2026] [socache_shmcb:debug] [pid 2088407:tid 2088407] mod_socache_shmcb.c(863): AH00848: finished insert, subcache: idx_pos/idx_used=41/39, data_pos/data_used=9063/8705
[Wed Aug 26 00:11:28.088502 2026] [socache_shmcb:debug] [pid 2088407:tid 2088407] mod_socache_shmcb.c(530): AH00834: leaving socache_shmcb_store successfully
[Wed Aug 26 00:11:28.088511 2026] [socache_shmcb:debug] [pid 2093078:tid 2093078] mod_socache_shmcb.c(508): AH00831: socache_shmcb_store (0x4a -> subcache 10)
[Wed Aug 26 00:11:28.088517 2026] [socache_shmcb:debug] [pid 2093078:tid 2093078] mod_socache_shmcb.c(860): AH00847: insert happened at idx=73, data=(2384:2416)
[Wed Aug 26 00:11:28.088519 2026] [socache_shmcb:debug] [pid 2093078:tid 2093078] mod_socache_shmcb.c(863): AH00848: finished insert, subcache: idx_pos/idx_used=36/38, data_pos/data_used=8050/8414
[Wed Aug 26 00:11:28.088521 2026] [socache_shmcb:debug] [pid 2093078:tid 2093078] mod_socache_shmcb.c(530): AH00834: leaving socache_shmcb_store successfully
[Wed Aug 26 00:11:28.088537 2026] [socache_shmcb:debug] [pid 2093077:tid 2093077] mod_socache_shmcb.c(508): AH00831: socache_shmcb_store (0xf4 -> subcache 20)
[Wed Aug 26 00:11:28.088549 2026] [socache_shmcb:debug] [pid 2093077:tid 2093077] mod_socache_shmcb.c(860): AH00847: insert happened at idx=86, data=(5343:5375)
[Wed Aug 26 00:11:28.088551 2026] [socache_shmcb:debug] [pid 2093077:tid 2093077] mod_socache_shmcb.c(863): AH00848: finished insert, subcache: idx_pos/idx_used=50/37, data_pos/data_used=11237/8186
[Wed Aug 26 00:11:28.088553 2026] [socache_shmcb:debug] [pid 2093077:tid 2093077] mod_socache_shmcb.c(530): AH00834: leaving socache_shmcb_store successfully
[Wed Aug 26 00:11:28.088595 2026] [ssl:debug] [pid 2088407:tid 2088407] ssl_engine_kernel.c(254): [client 66.249.82.132:52116] AH02034: Initial (No.1) HTTPS request received for child 7 (server www.dsjh.ilc.edu.tw:443), referer: https://www.dsjh.ilc.edu.tw/%E5%85%AC%E4%BD%88%E6%AC%84/
[Wed Aug 26 00:11:28.088604 2026] [ssl:debug] [pid 2093078:tid 2093078] ssl_engine_kernel.c(254): [client 66.249.82.132:62961] AH02034: Initial (No.1) HTTPS request received for child 13 (server www.dsjh.ilc.edu.tw:443), referer: https://www.dsjh.ilc.edu.tw/%E5%85%AC%E4%BD%88%E6%AC%84/
[Wed Aug 26 00:11:28.088637 2026] [ssl:debug] [pid 2093077:tid 2093077] ssl_engine_kernel.c(254): [client 66.249.82.130:52315] AH02034: Initial (No.1) HTTPS request received for child 12 (server www.dsjh.ilc.edu.tw:443), referer: https://www.dsjh.ilc.edu.tw/%E5%85%AC%E4%BD%88%E6%AC%84/
[Wed Aug 26 00:11:28.088717 2026] [deflate:debug] [pid 2088606:tid 2088606] mod_deflate.c(909): [client 66.249.82.132:36648] AH01384: Zlib: Compressed 79258 to 39708 : URL /wp-content/cache/www.dsjh.ilc.edu.tw/wpfc-minified/kz546qup/73bt.css, referer: https://www.dsjh.ilc.edu.tw/%E5%85%AC%E4%BD%88%E6%AC%84/
[Wed Aug 26 00:11:28.088766 2026] [authz_core:debug] [pid 2088407:tid 2088407] mod_authz_core.c(815): [client 66.249.82.132:52116] AH01626: authorization result of Require all granted: granted, referer: https://www.dsjh.ilc.edu.tw/%E5%85%AC%E4%BD%88%E6%AC%84/
[Wed Aug 26 00:11:28.088771 2026] [authz_core:debug] [pid 2088407:tid 2088407] mod_authz_core.c(815): [client 66.249.82.132:52116] AH01626: authorization result of : granted, referer: https://www.dsjh.ilc.edu.tw/%E5%85%AC%E4%BD%88%E6%AC%84/
[Wed Aug 26 00:11:28.088786 2026] [authz_core:debug] [pid 2093078:tid 2093078] mod_authz_core.c(815): [client 66.249.82.132:62961] AH01626: authorization result of Require all granted: granted, referer: https://www.dsjh.ilc.edu.tw/%E5%85%AC%E4%BD%88%E6%AC%84/
[Wed Aug 26 00:11:28.088791 2026] [authz_core:debug] [pid 2093077:tid 2093077] mod_authz_core.c(815): [client 66.249.82.130:52315] AH01626: authorization result of Require all granted: granted, referer: https://www.dsjh.ilc.edu.tw/%E5%85%AC%E4%BD%88%E6%AC%84/
[Wed Aug 26 00:11:28.088794 2026] [authz_core:debug] [pid 2093078:tid 2093078] mod_authz_core.c(815): [client 66.249.82.132:62961] AH01626: authorization result of : granted, referer: https://www.dsjh.ilc.edu.tw/%E5%85%AC%E4%BD%88%E6%AC%84/
[Wed Aug 26 00:11:28.088795 2026] [authz_core:debug] [pid 2093077:tid 2093077] mod_authz_core.c(815): [client 66.249.82.130:52315] AH01626: authorization result of : granted, referer: https://www.dsjh.ilc.edu.tw/%E5%85%AC%E4%BD%88%E6%AC%84/
[Wed Aug 26 00:11:28.088941 2026] [deflate:debug] [pid 2093077:tid 2093077] mod_deflate.c(909): [client 66.249.82.130:52315] AH01384: Zlib: Compressed 712 to 422 : URL /wp-content/plugins/ocean-extra/includes/widgets/js/flickr.min.js, referer: https://www.dsjh.ilc.edu.tw/%E5%85%AC%E4%BD%88%E6%AC%84/
[Wed Aug 26 00:11:28.088979 2026] [socache_shmcb:debug] [pid 2093108:tid 2093108] mod_socache_shmcb.c(508): AH00831: socache_shmcb_store (0x01 -> subcache 1)
[Wed Aug 26 00:11:28.088981 2026] [deflate:debug] [pid 2093073:tid 2093073] mod_deflate.c(909): [client 66.249.82.132:52499] AH01384: Zlib: Compressed 239444 to 33075 : URL /wp-content/cache/www.dsjh.ilc.edu.tw/wpfc-minified/8ut554d5/73bt.css, referer: https://www.dsjh.ilc.edu.tw/%E5%85%AC%E4%BD%88%E6%AC%84/
[Wed Aug 26 00:11:28.088992 2026] [socache_shmcb:debug] [pid 2093108:tid 2093108] mod_socache_shmcb.c(860): AH00847: insert happened at idx=84, data=(4807:4839)
[Wed Aug 26 00:11:28.088995 2026] [socache_shmcb:debug] [pid 2093108:tid 2093108] mod_socache_shmcb.c(863): AH00848: finished insert, subcache: idx_pos/idx_used=43/42, data_pos/data_used=9600/9287
[Wed Aug 26 00:11:28.088995 2026] [deflate:debug] [pid 2088407:tid 2088407] mod_deflate.c(909): [client 66.249.82.132:52116] AH01384: Zlib: Compressed 5181 to 1510 : URL /wp-content/themes/oceanwp/assets/js/select.min.js, referer: https://www.dsjh.ilc.edu.tw/%E5%85%AC%E4%BD%88%E6%AC%84/
[Wed Aug 26 00:11:28.088997 2026] [socache_shmcb:debug] [pid 2093108:tid 2093108] mod_socache_shmcb.c(530): AH00834: leaving socache_shmcb_store successfully
[Wed Aug 26 00:11:28.089121 2026] [ssl:debug] [pid 2093108:tid 2093108] ssl_engine_kernel.c(254): [client 66.249.82.132:58836] AH02034: Initial (No.1) HTTPS request received for child 54 (server www.dsjh.ilc.edu.tw:443), referer: https://www.dsjh.ilc.edu.tw/%E5%85%AC%E4%BD%88%E6%AC%84/
[Wed Aug 26 00:11:28.089166 2026] [ssl:debug] [pid 2088391:tid 2088391] ssl_engine_kernel.c(254): [client 66.249.82.132:47917] AH02034: Initial (No.1) HTTPS request received for child 9 (server www.dsjh.ilc.edu.tw:443), referer: https://www.dsjh.ilc.edu.tw/%E5%85%AC%E4%BD%88%E6%AC%84/
[Wed Aug 26 00:11:28.089207 2026] [socache_shmcb:debug] [pid 2093105:tid 2093105] mod_socache_shmcb.c(508): AH00831: socache_shmcb_store (0xf6 -> subcache 22)
[Wed Aug 26 00:11:28.089221 2026] [socache_shmcb:debug] [pid 2093105:tid 2093105] mod_socache_shmcb.c(860): AH00847: insert happened at idx=84, data=(4677:4709)
[Wed Aug 26 00:11:28.089224 2026] [socache_shmcb:debug] [pid 2093105:tid 2093105] mod_socache_shmcb.c(863): AH00848: finished insert, subcache: idx_pos/idx_used=46/39, data_pos/data_used=10114/8643
[Wed Aug 26 00:11:28.089227 2026] [socache_shmcb:debug] [pid 2093105:tid 2093105] mod_socache_shmcb.c(530): AH00834: leaving socache_shmcb_store successfully
[Wed Aug 26 00:11:28.089294 2026] [authz_core:debug] [pid 2088391:tid 2088391] mod_authz_core.c(815): [client 66.249.82.132:47917] AH01626: authorization result of Require all granted: granted, referer: https://www.dsjh.ilc.edu.tw/%E5%85%AC%E4%BD%88%E6%AC%84/
[Wed Aug 26 00:11:28.089298 2026] [authz_core:debug] [pid 2088391:tid 2088391] mod_authz_core.c(815): [client 66.249.82.132:47917] AH01626: authorization result of : granted, referer: https://www.dsjh.ilc.edu.tw/%E5%85%AC%E4%BD%88%E6%AC%84/
[Wed Aug 26 00:11:28.089327 2026] [ssl:debug] [pid 2093105:tid 2093105] ssl_engine_kernel.c(254): [client 66.249.82.131:60105] AH02034: Initial (No.1) HTTPS request received for child 51 (server www.dsjh.ilc.edu.tw:443), referer: https://www.dsjh.ilc.edu.tw/%E5%85%AC%E4%BD%88%E6%AC%84/
[Wed Aug 26 00:11:28.089337 2026] [deflate:debug] [pid 2093078:tid 2093078] mod_deflate.c(909): [client 66.249.82.132:62961] AH01384: Zlib: Compressed 14581 to 3765 : URL /wp-content/themes/oceanwp/assets/js/drop-down-mobile-menu.min.js, referer: https://www.dsjh.ilc.edu.tw/%E5%85%AC%E4%BD%88%E6%AC%84/
[Wed Aug 26 00:11:28.089375 2026] [authz_core:debug] [pid 2093108:tid 2093108] mod_authz_core.c(815): [client 66.249.82.132:58836] AH01626: authorization result of Require all granted: granted, referer: https://www.dsjh.ilc.edu.tw/%E5%85%AC%E4%BD%88%E6%AC%84/
[Wed Aug 26 00:11:28.089382 2026] [authz_core:debug] [pid 2093108:tid 2093108] mod_authz_core.c(815): [client 66.249.82.132:58836] AH01626: authorization result of : granted, referer: https://www.dsjh.ilc.edu.tw/%E5%85%AC%E4%BD%88%E6%AC%84/
[Wed Aug 26 00:11:28.089484 2026] [authz_core:debug] [pid 2093105:tid 2093105] mod_authz_core.c(815): [client 66.249.82.131:60105] AH01626: authorization result of Require all granted: granted, referer: https://www.dsjh.ilc.edu.tw/%E5%85%AC%E4%BD%88%E6%AC%84/
[Wed Aug 26 00:11:28.089489 2026] [authz_core:debug] [pid 2093105:tid 2093105] mod_authz_core.c(815): [client 66.249.82.131:60105] AH01626: authorization result of : granted, referer: https://www.dsjh.ilc.edu.tw/%E5%85%AC%E4%BD%88%E6%AC%84/
[Wed Aug 26 00:11:28.089792 2026] [deflate:debug] [pid 2093105:tid 2093105] mod_deflate.c(909): [client 66.249.82.131:60105] AH01384: Zlib: Compressed 5881 to 2664 : URL /wp-content/plugins/elementor-pro/assets/js/webpack-pro.runtime.min.js, referer: https://www.dsjh.ilc.edu.tw/%E5%85%AC%E4%BD%88%E6%AC%84/
[Wed Aug 26 00:11:28.089957 2026] [deflate:debug] [pid 2088391:tid 2088391] mod_deflate.c(909): [client 66.249.82.132:47917] AH01384: Zlib: Compressed 21464 to 7088 : URL /wp-includes/js/jquery/ui/core.min.js, referer: https://www.dsjh.ilc.edu.tw/%E5%85%AC%E4%BD%88%E6%AC%84/
[Wed Aug 26 00:11:28.090099 2026] [deflate:debug] [pid 2093108:tid 2093108] mod_deflate.c(909): [client 66.249.82.132:58836] AH01384: Zlib: Compressed 5520 to 1785 : URL /wp-includes/js/imagesloaded.min.js, referer: https://www.dsjh.ilc.edu.tw/%E5%85%AC%E4%BD%88%E6%AC%84/
[Wed Aug 26 00:11:28.090683 2026] [deflate:debug] [pid 2088602:tid 2088602] mod_deflate.c(909): [client 66.249.82.131:48820] AH01384: Zlib: Compressed 499245 to 46241 : URL /wp-content/cache/www.dsjh.ilc.edu.tw/wpfc-minified/k2ddpfbi/73bt.css, referer: https://www.dsjh.ilc.edu.tw/%E5%85%AC%E4%BD%88%E6%AC%84/
[Wed Aug 26 00:11:28.090806 2026] [deflate:debug] [pid 2093111:tid 2093111] mod_deflate.c(909): [client 66.249.82.132:65089] AH01384: Zlib: Compressed 294886 to 52219 : URL /wp-content/cache/www.dsjh.ilc.edu.tw/wpfc-minified/md1cpkos/73bt.css, referer: https://www.dsjh.ilc.edu.tw/%E5%85%AC%E4%BD%88%E6%AC%84/
[Wed Aug 26 00:11:28.095361 2026] [ssl:debug] [pid 2093106:tid 2093106] ssl_engine_kernel.c(2082): [client 66.249.82.132:44943] AH02041: Protocol: TLSv1.3, Cipher: TLS_AES_256_GCM_SHA384 (256/256 bits)
[Wed Aug 26 00:11:28.095401 2026] [socache_shmcb:debug] [pid 2093106:tid 2093106] mod_socache_shmcb.c(508): AH00831: socache_shmcb_store (0xc7 -> subcache 7)
[Wed Aug 26 00:11:28.095407 2026] [socache_shmcb:debug] [pid 2093106:tid 2093106] mod_socache_shmcb.c(860): AH00847: insert happened at idx=84, data=(4707:4739)
[Wed Aug 26 00:11:28.095409 2026] [socache_shmcb:debug] [pid 2093106:tid 2093106] mod_socache_shmcb.c(863): AH00848: finished insert, subcache: idx_pos/idx_used=42/43, data_pos/data_used=9272/9515
[Wed Aug 26 00:11:28.095412 2026] [socache_shmcb:debug] [pid 2093106:tid 2093106] mod_socache_shmcb.c(530): AH00834: leaving socache_shmcb_store successfully
[Wed Aug 26 00:11:28.095453 2026] [socache_shmcb:debug] [pid 2093106:tid 2093106] mod_socache_shmcb.c(508): AH00831: socache_shmcb_store (0x87 -> subcache 7)
[Wed Aug 26 00:11:28.095456 2026] [socache_shmcb:debug] [pid 2093106:tid 2093106] mod_socache_shmcb.c(860): AH00847: insert happened at idx=85, data=(4923:4955)
[Wed Aug 26 00:11:28.095457 2026] [socache_shmcb:debug] [pid 2093106:tid 2093106] mod_socache_shmcb.c(863): AH00848: finished insert, subcache: idx_pos/idx_used=42/44, data_pos/data_used=9272/9732
[Wed Aug 26 00:11:28.095459 2026] [socache_shmcb:debug] [pid 2093106:tid 2093106] mod_socache_shmcb.c(530): AH00834: leaving socache_shmcb_store successfully
[Wed Aug 26 00:11:28.095576 2026] [ssl:debug] [pid 2093106:tid 2093106] ssl_engine_kernel.c(254): [client 66.249.82.132:44943] AH02034: Initial (No.1) HTTPS request received for child 52 (server www.dsjh.ilc.edu.tw:443), referer: https://www.dsjh.ilc.edu.tw/%E5%85%AC%E4%BD%88%E6%AC%84/
[Wed Aug 26 00:11:28.095755 2026] [authz_core:debug] [pid 2093106:tid 2093106] mod_authz_core.c(815): [client 66.249.82.132:44943] AH01626: authorization result of Require all granted: granted, referer: https://www.dsjh.ilc.edu.tw/%E5%85%AC%E4%BD%88%E6%AC%84/
[Wed Aug 26 00:11:28.095760 2026] [authz_core:debug] [pid 2093106:tid 2093106] mod_authz_core.c(815): [client 66.249.82.132:44943] AH01626: authorization result of : granted, referer: https://www.dsjh.ilc.edu.tw/%E5%85%AC%E4%BD%88%E6%AC%84/
[Wed Aug 26 00:11:28.096027 2026] [deflate:debug] [pid 2093106:tid 2093106] mod_deflate.c(909): [client 66.249.82.132:44943] AH01384: Zlib: Compressed 4997 to 2197 : URL /wp-content/plugins/elementor/assets/js/webpack.runtime.min.js, referer: https://www.dsjh.ilc.edu.tw/%E5%85%AC%E4%BD%88%E6%AC%84/
[Wed Aug 26 00:11:28.152376 2026] [ssl:debug] [pid 2093090:tid 2093090] ssl_engine_kernel.c(2082): [client 40.77.167.126:46294] AH02041: Protocol: TLSv1.3, Cipher: TLS_AES_256_GCM_SHA384 (256/256 bits)
[Wed Aug 26 00:11:28.152455 2026] [socache_shmcb:debug] [pid 2093090:tid 2093090] mod_socache_shmcb.c(508): AH00831: socache_shmcb_store (0xc2 -> subcache 2)
[Wed Aug 26 00:11:28.152465 2026] [socache_shmcb:debug] [pid 2093090:tid 2093090] mod_socache_shmcb.c(860): AH00847: insert happened at idx=3, data=(6300:6332)
[Wed Aug 26 00:11:28.152482 2026] [socache_shmcb:debug] [pid 2093090:tid 2093090] mod_socache_shmcb.c(863): AH00848: finished insert, subcache: idx_pos/idx_used=46/46, data_pos/data_used=10202/10188
[Wed Aug 26 00:11:28.152485 2026] [socache_shmcb:debug] [pid 2093090:tid 2093090] mod_socache_shmcb.c(530): AH00834: leaving socache_shmcb_store successfully
[Wed Aug 26 00:11:28.152553 2026] [socache_shmcb:debug] [pid 2093090:tid 2093090] mod_socache_shmcb.c(508): AH00831: socache_shmcb_store (0xc8 -> subcache 8)
[Wed Aug 26 00:11:28.152574 2026] [socache_shmcb:debug] [pid 2093090:tid 2093090] mod_socache_shmcb.c(860): AH00847: insert happened at idx=0, data=(5676:5708)
[Wed Aug 26 00:11:28.152577 2026] [socache_shmcb:debug] [pid 2093090:tid 2093090] mod_socache_shmcb.c(863): AH00848: finished insert, subcache: idx_pos/idx_used=46/43, data_pos/data_used=10265/9500
[Wed Aug 26 00:11:28.152580 2026] [socache_shmcb:debug] [pid 2093090:tid 2093090] mod_socache_shmcb.c(530): AH00834: leaving socache_shmcb_store successfully
[Wed Aug 26 00:11:28.152694 2026] [ssl:debug] [pid 2093090:tid 2093090] ssl_engine_kernel.c(254): [client 40.77.167.126:46294] AH02034: Initial (No.1) HTTPS request received for child 35 (server 2blog.ilc.edu.tw:443)
