[Wed Aug 26 00:10:27.810345 2026] [authz_core:debug] [pid 2088610:tid 2088610] mod_authz_core.c(815): [client 111.240.15.69:41980] AH01626: authorization result of Require all granted: granted, referer: https://www.sanjh.ilc.edu.tw/wp-content/cache/www.sanjh.ilc.edu.tw/wpfc-minified/qlc91b58/cbm5n.css
[Wed Aug 26 00:10:27.810368 2026] [authz_core:debug] [pid 2088610:tid 2088610] mod_authz_core.c(815): [client 111.240.15.69:41980] AH01626: authorization result of : granted, referer: https://www.sanjh.ilc.edu.tw/wp-content/cache/www.sanjh.ilc.edu.tw/wpfc-minified/qlc91b58/cbm5n.css
[Wed Aug 26 00:10:27.839219 2026] [ssl:debug] [pid 2088614:tid 2088614] ssl_engine_kernel.c(254): [client 111.240.15.69:41998] AH02034: Subsequent (No.8) HTTPS request received for child 37 (server www.sanjh.ilc.edu.tw:443), referer: https://www.sanjh.ilc.edu.tw/wp-content/cache/www.sanjh.ilc.edu.tw/wpfc-minified/qlc91b58/cbm5n.css
[Wed Aug 26 00:10:27.839484 2026] [authz_core:debug] [pid 2088614:tid 2088614] mod_authz_core.c(815): [client 111.240.15.69:41998] AH01626: authorization result of Require all granted: granted, referer: https://www.sanjh.ilc.edu.tw/wp-content/cache/www.sanjh.ilc.edu.tw/wpfc-minified/qlc91b58/cbm5n.css
[Wed Aug 26 00:10:27.839494 2026] [authz_core:debug] [pid 2088614:tid 2088614] mod_authz_core.c(815): [client 111.240.15.69:41998] AH01626: authorization result of : granted, referer: https://www.sanjh.ilc.edu.tw/wp-content/cache/www.sanjh.ilc.edu.tw/wpfc-minified/qlc91b58/cbm5n.css
[Wed Aug 26 00:10:27.840281 2026] [ssl:debug] [pid 2088619:tid 2088619] ssl_engine_kernel.c(2082): [client 40.77.167.126:47498] AH02041: Protocol: TLSv1.3, Cipher: TLS_AES_256_GCM_SHA384 (256/256 bits)
[Wed Aug 26 00:10:27.840331 2026] [socache_shmcb:debug] [pid 2088619:tid 2088619] mod_socache_shmcb.c(508): AH00831: socache_shmcb_store (0x98 -> subcache 24)
[Wed Aug 26 00:10:27.840345 2026] [socache_shmcb:debug] [pid 2088619:tid 2088619] mod_socache_shmcb.c(860): AH00847: insert happened at idx=70, data=(1668:1700)
[Wed Aug 26 00:10:27.840347 2026] [socache_shmcb:debug] [pid 2088619:tid 2088619] mod_socache_shmcb.c(863): AH00848: finished insert, subcache: idx_pos/idx_used=43/28, data_pos/data_used=9537/6220
[Wed Aug 26 00:10:27.840349 2026] [socache_shmcb:debug] [pid 2088619:tid 2088619] mod_socache_shmcb.c(530): AH00834: leaving socache_shmcb_store successfully
[Wed Aug 26 00:10:27.840399 2026] [socache_shmcb:debug] [pid 2088619:tid 2088619] mod_socache_shmcb.c(508): AH00831: socache_shmcb_store (0x3b -> subcache 27)
[Wed Aug 26 00:10:27.840405 2026] [socache_shmcb:debug] [pid 2088619:tid 2088619] mod_socache_shmcb.c(860): AH00847: insert happened at idx=78, data=(3405:3437)
[Wed Aug 26 00:10:27.840408 2026] [socache_shmcb:debug] [pid 2088619:tid 2088619] mod_socache_shmcb.c(863): AH00848: finished insert, subcache: idx_pos/idx_used=33/46, data_pos/data_used=7357/10138
[Wed Aug 26 00:10:27.840411 2026] [socache_shmcb:debug] [pid 2088619:tid 2088619] mod_socache_shmcb.c(530): AH00834: leaving socache_shmcb_store successfully
[Wed Aug 26 00:10:27.840521 2026] [ssl:debug] [pid 2088619:tid 2088619] ssl_engine_kernel.c(254): [client 40.77.167.126:47498] AH02034: Initial (No.1) HTTPS request received for child 42 (server 2blog.ilc.edu.tw:443)
[Wed Aug 26 00:10:27.840680 2026] [authz_core:debug] [pid 2088619:tid 2088619] mod_authz_core.c(815): [client 40.77.167.126:47498] AH01626: authorization result of Require all granted: granted
[Wed Aug 26 00:10:27.840685 2026] [authz_core:debug] [pid 2088619:tid 2088619] mod_authz_core.c(815): [client 40.77.167.126:47498] AH01626: authorization result of : granted
[Wed Aug 26 00:10:27.840794 2026] [authz_core:debug] [pid 2088619:tid 2088619] mod_authz_core.c(815): [client 40.77.167.126:47498] AH01626: authorization result of Require all granted: granted
[Wed Aug 26 00:10:27.840798 2026] [authz_core:debug] [pid 2088619:tid 2088619] mod_authz_core.c(815): [client 40.77.167.126:47498] AH01626: authorization result of : granted
[Wed Aug 26 00:10:27.860529 2026] [ssl:debug] [pid 2088589:tid 2088589] ssl_engine_kernel.c(254): [client 111.240.15.69:42018] AH02034: Subsequent (No.6) HTTPS request received for child 15 (server www.sanjh.ilc.edu.tw:443), referer: https://www.sanjh.ilc.edu.tw/wp-content/cache/www.sanjh.ilc.edu.tw/wpfc-minified/qlc91b58/cbm5n.css
[Wed Aug 26 00:10:27.860790 2026] [authz_core:debug] [pid 2088589:tid 2088589] mod_authz_core.c(815): [client 111.240.15.69:42018] AH01626: authorization result of Require all granted: granted, referer: https://www.sanjh.ilc.edu.tw/wp-content/cache/www.sanjh.ilc.edu.tw/wpfc-minified/qlc91b58/cbm5n.css
[Wed Aug 26 00:10:27.860802 2026] [authz_core:debug] [pid 2088589:tid 2088589] mod_authz_core.c(815): [client 111.240.15.69:42018] AH01626: authorization result of : granted, referer: https://www.sanjh.ilc.edu.tw/wp-content/cache/www.sanjh.ilc.edu.tw/wpfc-minified/qlc91b58/cbm5n.css
[Wed Aug 26 00:10:27.869971 2026] [ssl:debug] [pid 2088299:tid 2088299] ssl_engine_kernel.c(254): [client 111.240.15.69:41990] AH02034: Subsequent (No.5) HTTPS request received for child 5 (server www.sanjh.ilc.edu.tw:443), referer: https://www.sanjh.ilc.edu.tw/
[Wed Aug 26 00:10:27.870190 2026] [authz_core:debug] [pid 2088299:tid 2088299] mod_authz_core.c(815): [client 111.240.15.69:41990] AH01626: authorization result of Require all granted: granted, referer: https://www.sanjh.ilc.edu.tw/
[Wed Aug 26 00:10:27.870197 2026] [authz_core:debug] [pid 2088299:tid 2088299] mod_authz_core.c(815): [client 111.240.15.69:41990] AH01626: authorization result of : granted, referer: https://www.sanjh.ilc.edu.tw/
[Wed Aug 26 00:10:27.870481 2026] [deflate:debug] [pid 2088299:tid 2088299] mod_deflate.c(909): [client 111.240.15.69:41990] AH01384: Zlib: Compressed 5181 to 1510 : URL /wp-content/themes/oceanwp/assets/js/select.min.js, referer: https://www.sanjh.ilc.edu.tw/
[Wed Aug 26 00:10:27.871390 2026] [ssl:debug] [pid 2088610:tid 2088610] ssl_engine_kernel.c(254): [client 111.240.15.69:41980] AH02034: Subsequent (No.8) HTTPS request received for child 32 (server www.sanjh.ilc.edu.tw:443), referer: https://www.sanjh.ilc.edu.tw/
[Wed Aug 26 00:10:27.871581 2026] [authz_core:debug] [pid 2088610:tid 2088610] mod_authz_core.c(815): [client 111.240.15.69:41980] AH01626: authorization result of Require all granted: granted, referer: https://www.sanjh.ilc.edu.tw/
[Wed Aug 26 00:10:27.871589 2026] [authz_core:debug] [pid 2088610:tid 2088610] mod_authz_core.c(815): [client 111.240.15.69:41980] AH01626: authorization result of : granted, referer: https://www.sanjh.ilc.edu.tw/
[Wed Aug 26 00:10:27.871779 2026] [deflate:debug] [pid 2088610:tid 2088610] mod_deflate.c(909): [client 111.240.15.69:41980] AH01384: Zlib: Compressed 712 to 422 : URL /wp-content/plugins/ocean-extra/includes/widgets/js/flickr.min.js, referer: https://www.sanjh.ilc.edu.tw/
[Wed Aug 26 00:10:27.873485 2026] [ssl:debug] [pid 2088616:tid 2088616] ssl_engine_kernel.c(254): [client 111.240.15.69:41974] AH02034: Subsequent (No.8) HTTPS request received for child 39 (server www.sanjh.ilc.edu.tw:443), referer: https://www.sanjh.ilc.edu.tw/
[Wed Aug 26 00:10:27.873723 2026] [authz_core:debug] [pid 2088616:tid 2088616] mod_authz_core.c(815): [client 111.240.15.69:41974] AH01626: authorization result of Require all granted: granted, referer: https://www.sanjh.ilc.edu.tw/
[Wed Aug 26 00:10:27.873735 2026] [authz_core:debug] [pid 2088616:tid 2088616] mod_authz_core.c(815): [client 111.240.15.69:41974] AH01626: authorization result of : granted, referer: https://www.sanjh.ilc.edu.tw/
[Wed Aug 26 00:10:27.874479 2026] [deflate:debug] [pid 2088616:tid 2088616] mod_deflate.c(909): [client 111.240.15.69:41974] AH01384: Zlib: Compressed 23983 to 6705 : URL /wp-content/plugins/ml-slider/assets/sliders/flexslider/jquery.flexslider.min.js, referer: https://www.sanjh.ilc.edu.tw/
[Wed Aug 26 00:10:27.947673 2026] [ssl:debug] [pid 2088299:tid 2088299] ssl_engine_kernel.c(254): [client 111.240.15.69:41990] AH02034: Subsequent (No.6) HTTPS request received for child 5 (server www.sanjh.ilc.edu.tw:443), referer: https://www.sanjh.ilc.edu.tw/
[Wed Aug 26 00:10:27.947878 2026] [authz_core:debug] [pid 2088299:tid 2088299] mod_authz_core.c(815): [client 111.240.15.69:41990] AH01626: authorization result of Require all granted: granted, referer: https://www.sanjh.ilc.edu.tw/
[Wed Aug 26 00:10:27.947893 2026] [authz_core:debug] [pid 2088299:tid 2088299] mod_authz_core.c(815): [client 111.240.15.69:41990] AH01626: authorization result of : granted, referer: https://www.sanjh.ilc.edu.tw/
[Wed Aug 26 00:10:27.948070 2026] [deflate:debug] [pid 2088299:tid 2088299] mod_deflate.c(909): [client 111.240.15.69:41990] AH01384: Zlib: Compressed 594 to 364 : URL /wp-content/plugins/ml-slider/assets/metaslider/script.min.js, referer: https://www.sanjh.ilc.edu.tw/
[Wed Aug 26 00:10:27.948455 2026] [ssl:debug] [pid 2088610:tid 2088610] ssl_engine_kernel.c(254): [client 111.240.15.69:41980] AH02034: Subsequent (No.9) HTTPS request received for child 32 (server www.sanjh.ilc.edu.tw:443), referer: https://www.sanjh.ilc.edu.tw/
[Wed Aug 26 00:10:27.948741 2026] [authz_core:debug] [pid 2088610:tid 2088610] mod_authz_core.c(815): [client 111.240.15.69:41980] AH01626: authorization result of Require all granted: granted, referer: https://www.sanjh.ilc.edu.tw/
[Wed Aug 26 00:10:27.948749 2026] [authz_core:debug] [pid 2088610:tid 2088610] mod_authz_core.c(815): [client 111.240.15.69:41980] AH01626: authorization result of : granted, referer: https://www.sanjh.ilc.edu.tw/
[Wed Aug 26 00:10:27.949044 2026] [deflate:debug] [pid 2088610:tid 2088610] mod_deflate.c(909): [client 111.240.15.69:41980] AH01384: Zlib: Compressed 4283 to 1749 : URL /wp-content/plugins/ml-slider/assets/easing/jQuery.easing.min.js, referer: https://www.sanjh.ilc.edu.tw/
[Wed Aug 26 00:10:27.990884 2026] [ssl:debug] [pid 2088616:tid 2088616] ssl_engine_kernel.c(254): [client 111.240.15.69:41974] AH02034: Subsequent (No.9) HTTPS request received for child 39 (server www.sanjh.ilc.edu.tw:443), referer: https://www.sanjh.ilc.edu.tw/
[Wed Aug 26 00:10:27.991194 2026] [authz_core:debug] [pid 2088616:tid 2088616] mod_authz_core.c(815): [client 111.240.15.69:41974] AH01626: authorization result of Require all granted: granted, referer: https://www.sanjh.ilc.edu.tw/
[Wed Aug 26 00:10:27.991201 2026] [authz_core:debug] [pid 2088616:tid 2088616] mod_authz_core.c(815): [client 111.240.15.69:41974] AH01626: authorization result of : granted, referer: https://www.sanjh.ilc.edu.tw/
[Wed Aug 26 00:10:27.991500 2026] [deflate:debug] [pid 2088616:tid 2088616] mod_deflate.c(909): [client 111.240.15.69:41974] AH01384: Zlib: Compressed 5881 to 2664 : URL /wp-content/plugins/elementor-pro/assets/js/webpack-pro.runtime.min.js, referer: https://www.sanjh.ilc.edu.tw/
[Wed Aug 26 00:10:27.991770 2026] [ssl:debug] [pid 2088589:tid 2088589] ssl_engine_kernel.c(254): [client 111.240.15.69:42018] AH02034: Subsequent (No.7) HTTPS request received for child 15 (server www.sanjh.ilc.edu.tw:443), referer: https://www.sanjh.ilc.edu.tw/
[Wed Aug 26 00:10:27.991951 2026] [authz_core:debug] [pid 2088589:tid 2088589] mod_authz_core.c(815): [client 111.240.15.69:42018] AH01626: authorization result of Require all granted: granted, referer: https://www.sanjh.ilc.edu.tw/
[Wed Aug 26 00:10:27.991958 2026] [authz_core:debug] [pid 2088589:tid 2088589] mod_authz_core.c(815): [client 111.240.15.69:42018] AH01626: authorization result of : granted, referer: https://www.sanjh.ilc.edu.tw/
[Wed Aug 26 00:10:27.992244 2026] [deflate:debug] [pid 2088589:tid 2088589] mod_deflate.c(909): [client 111.240.15.69:42018] AH01384: Zlib: Compressed 4997 to 2197 : URL /wp-content/plugins/elementor/assets/js/webpack.runtime.min.js, referer: https://www.sanjh.ilc.edu.tw/
[Wed Aug 26 00:10:28.004646 2026] [ssl:debug] [pid 2088614:tid 2088614] ssl_engine_kernel.c(254): [client 111.240.15.69:41998] AH02034: Subsequent (No.9) HTTPS request received for child 37 (server www.sanjh.ilc.edu.tw:443), referer: https://www.sanjh.ilc.edu.tw/
[Wed Aug 26 00:10:28.004849 2026] [authz_core:debug] [pid 2088614:tid 2088614] mod_authz_core.c(815): [client 111.240.15.69:41998] AH01626: authorization result of Require all granted: granted, referer: https://www.sanjh.ilc.edu.tw/
[Wed Aug 26 00:10:28.004855 2026] [authz_core:debug] [pid 2088614:tid 2088614] mod_authz_core.c(815): [client 111.240.15.69:41998] AH01626: authorization result of : granted, referer: https://www.sanjh.ilc.edu.tw/
[Wed Aug 26 00:10:28.004988 2026] [ssl:debug] [pid 2088294:tid 2088294] ssl_engine_kernel.c(254): [client 111.240.15.69:42008] AH02034: Subsequent (No.5) HTTPS request received for child 0 (server www.sanjh.ilc.edu.tw:443), referer: https://www.sanjh.ilc.edu.tw/
[Wed Aug 26 00:10:28.005203 2026] [authz_core:debug] [pid 2088294:tid 2088294] mod_authz_core.c(815): [client 111.240.15.69:42008] AH01626: authorization result of Require all granted: granted, referer: https://www.sanjh.ilc.edu.tw/
[Wed Aug 26 00:10:28.005211 2026] [authz_core:debug] [pid 2088294:tid 2088294] mod_authz_core.c(815): [client 111.240.15.69:42008] AH01626: authorization result of : granted, referer: https://www.sanjh.ilc.edu.tw/
[Wed Aug 26 00:10:28.005466 2026] [deflate:debug] [pid 2088294:tid 2088294] mod_deflate.c(909): [client 111.240.15.69:42008] AH01384: Zlib: Compressed 4307 to 1523 : URL /wp-includes/js/dist/hooks.min.js, referer: https://www.sanjh.ilc.edu.tw/
[Wed Aug 26 00:10:28.007046 2026] [deflate:debug] [pid 2088614:tid 2088614] mod_deflate.c(909): [client 111.240.15.69:41998] AH01384: Zlib: Compressed 67411 to 18429 : URL /wp-content/plugins/elementor/assets/js/frontend-modules.min.js, referer: https://www.sanjh.ilc.edu.tw/
[Wed Aug 26 00:10:28.007092 2026] [ssl:debug] [pid 2088602:tid 2088602] ssl_engine_io.c(1150): [client 34.123.149.87:40962] AH02001: Connection closed to child 24 with standard shutdown (server 2blog.ilc.edu.tw:443)
[Wed Aug 26 00:10:28.018421 2026] [ssl:debug] [pid 2088299:tid 2088299] ssl_engine_kernel.c(254): [client 111.240.15.69:41990] AH02034: Subsequent (No.7) HTTPS request received for child 5 (server www.sanjh.ilc.edu.tw:443), referer: https://www.sanjh.ilc.edu.tw/
[Wed Aug 26 00:10:28.018687 2026] [authz_core:debug] [pid 2088299:tid 2088299] mod_authz_core.c(815): [client 111.240.15.69:41990] AH01626: authorization result of Require all granted: granted, referer: https://www.sanjh.ilc.edu.tw/
[Wed Aug 26 00:10:28.018697 2026] [authz_core:debug] [pid 2088299:tid 2088299] mod_authz_core.c(815): [client 111.240.15.69:41990] AH01626: authorization result of : granted, referer: https://www.sanjh.ilc.edu.tw/
[Wed Aug 26 00:10:28.019591 2026] [deflate:debug] [pid 2088299:tid 2088299] mod_deflate.c(909): [client 111.240.15.69:41990] AH01384: Zlib: Compressed 25050 to 6676 : URL /wp-content/plugins/elementor-pro/assets/js/frontend.min.js, referer: https://www.sanjh.ilc.edu.tw/
[Wed Aug 26 00:10:28.019834 2026] [deflate:debug] [pid 2088619:tid 2088619] mod_deflate.c(909): [client 40.77.167.126:47498] AH01384: Zlib: Compressed 54574 to 10121 : URL /index.php
[Wed Aug 26 00:10:28.019893 2026] [ssl:debug] [pid 2088610:tid 2088610] ssl_engine_kernel.c(254): [client 111.240.15.69:41980] AH02034: Subsequent (No.10) HTTPS request received for child 32 (server www.sanjh.ilc.edu.tw:443), referer: https://www.sanjh.ilc.edu.tw/
[Wed Aug 26 00:10:28.020070 2026] [authz_core:debug] [pid 2088610:tid 2088610] mod_authz_core.c(815): [client 111.240.15.69:41980] AH01626: authorization result of Require all granted: granted, referer: https://www.sanjh.ilc.edu.tw/
[Wed Aug 26 00:10:28.020075 2026] [authz_core:debug] [pid 2088610:tid 2088610] mod_authz_core.c(815): [client 111.240.15.69:41980] AH01626: authorization result of : granted, referer: https://www.sanjh.ilc.edu.tw/
[Wed Aug 26 00:10:28.020427 2026] [deflate:debug] [pid 2088610:tid 2088610] mod_deflate.c(909): [client 111.240.15.69:41980] AH01384: Zlib: Compressed 9141 to 3649 : URL /wp-includes/js/dist/i18n.min.js, referer: https://www.sanjh.ilc.edu.tw/
[Wed Aug 26 00:10:28.076079 2026] [ssl:debug] [pid 2088294:tid 2088294] ssl_engine_kernel.c(254): [client 111.240.15.69:42008] AH02034: Subsequent (No.6) HTTPS request received for child 0 (server www.sanjh.ilc.edu.tw:443), referer: https://www.sanjh.ilc.edu.tw/
[Wed Aug 26 00:10:28.076321 2026] [ssl:debug] [pid 2088589:tid 2088589] ssl_engine_kernel.c(254): [client 111.240.15.69:42018] AH02034: Subsequent (No.8) HTTPS request received for child 15 (server www.sanjh.ilc.edu.tw:443), referer: https://www.sanjh.ilc.edu.tw/
[Wed Aug 26 00:10:28.076401 2026] [authz_core:debug] [pid 2088294:tid 2088294] mod_authz_core.c(815): [client 111.240.15.69:42008] AH01626: authorization result of Require all granted: granted, referer: https://www.sanjh.ilc.edu.tw/
[Wed Aug 26 00:10:28.076402 2026] [ssl:debug] [pid 2088616:tid 2088616] ssl_engine_kernel.c(254): [client 111.240.15.69:41974] AH02034: Subsequent (No.10) HTTPS request received for child 39 (server www.sanjh.ilc.edu.tw:443), referer: https://www.sanjh.ilc.edu.tw/
[Wed Aug 26 00:10:28.076410 2026] [authz_core:debug] [pid 2088294:tid 2088294] mod_authz_core.c(815): [client 111.240.15.69:42008] AH01626: authorization result of : granted, referer: https://www.sanjh.ilc.edu.tw/
[Wed Aug 26 00:10:28.076523 2026] [authz_core:debug] [pid 2088589:tid 2088589] mod_authz_core.c(815): [client 111.240.15.69:42018] AH01626: authorization result of Require all granted: granted, referer: https://www.sanjh.ilc.edu.tw/
[Wed Aug 26 00:10:28.076531 2026] [authz_core:debug] [pid 2088589:tid 2088589] mod_authz_core.c(815): [client 111.240.15.69:42018] AH01626: authorization result of : granted, referer: https://www.sanjh.ilc.edu.tw/
[Wed Aug 26 00:10:28.076553 2026] [authz_core:debug] [pid 2088616:tid 2088616] mod_authz_core.c(815): [client 111.240.15.69:41974] AH01626: authorization result of Require all granted: granted, referer: https://www.sanjh.ilc.edu.tw/
[Wed Aug 26 00:10:28.076558 2026] [authz_core:debug] [pid 2088616:tid 2088616] mod_authz_core.c(815): [client 111.240.15.69:41974] AH01626: authorization result of : granted, referer: https://www.sanjh.ilc.edu.tw/
[Wed Aug 26 00:10:28.076909 2026] [deflate:debug] [pid 2088294:tid 2088294] mod_deflate.c(909): [client 111.240.15.69:42008] AH01384: Zlib: Compressed 12198 to 2975 : URL /wp-content/plugins/elementor/assets/lib/waypoints/waypoints.min.js, referer: https://www.sanjh.ilc.edu.tw/
[Wed Aug 26 00:10:28.077217 2026] [deflate:debug] [pid 2088589:tid 2088589] mod_deflate.c(909): [client 111.240.15.69:42018] AH01384: Zlib: Compressed 21464 to 7088 : URL /wp-includes/js/jquery/ui/core.min.js, referer: https://www.sanjh.ilc.edu.tw/
[Wed Aug 26 00:10:28.077839 2026] [deflate:debug] [pid 2088616:tid 2088616] mod_deflate.c(909): [client 111.240.15.69:41974] AH01384: Zlib: Compressed 40254 to 12204 : URL /wp-content/plugins/elementor/assets/js/frontend.min.js, referer: https://www.sanjh.ilc.edu.tw/
[Wed Aug 26 00:10:28.079370 2026] [ssl:debug] [pid 2088614:tid 2088614] ssl_engine_kernel.c(254): [client 111.240.15.69:41998] AH02034: Subsequent (No.10) HTTPS request received for child 37 (server www.sanjh.ilc.edu.tw:443), referer: https://www.sanjh.ilc.edu.tw/
[Wed Aug 26 00:10:28.079578 2026] [authz_core:debug] [pid 2088614:tid 2088614] mod_authz_core.c(815): [client 111.240.15.69:41998] AH01626: authorization result of Require all granted: granted, referer: https://www.sanjh.ilc.edu.tw/
[Wed Aug 26 00:10:28.079587 2026] [authz_core:debug] [pid 2088614:tid 2088614] mod_authz_core.c(815): [client 111.240.15.69:41998] AH01626: authorization result of : granted, referer: https://www.sanjh.ilc.edu.tw/
[Wed Aug 26 00:10:28.080074 2026] [ssl:debug] [pid 2088299:tid 2088299] ssl_engine_kernel.c(254): [client 111.240.15.69:41990] AH02034: Subsequent (No.8) HTTPS request received for child 5 (server www.sanjh.ilc.edu.tw:443), referer: https://www.sanjh.ilc.edu.tw/
[Wed Aug 26 00:10:28.080351 2026] [ssl:debug] [pid 2088610:tid 2088610] ssl_engine_kernel.c(254): [client 111.240.15.69:41980] AH02034: Subsequent (No.11) HTTPS request received for child 32 (server www.sanjh.ilc.edu.tw:443), referer: https://www.sanjh.ilc.edu.tw/
[Wed Aug 26 00:10:28.080536 2026] [authz_core:debug] [pid 2088299:tid 2088299] mod_authz_core.c(815): [client 111.240.15.69:41990] AH01626: authorization result of Require all granted: granted, referer: https://www.sanjh.ilc.edu.tw/
[Wed Aug 26 00:10:28.080542 2026] [authz_core:debug] [pid 2088299:tid 2088299] mod_authz_core.c(815): [client 111.240.15.69:41990] AH01626: authorization result of : granted, referer: https://www.sanjh.ilc.edu.tw/
[Wed Aug 26 00:10:28.080728 2026] [deflate:debug] [pid 2088614:tid 2088614] mod_deflate.c(909): [client 111.240.15.69:41998] AH01384: Zlib: Compressed 41573 to 9918 : URL /wp-content/plugins/elementor-pro/assets/js/elements-handlers.min.js, referer: https://www.sanjh.ilc.edu.tw/
[Wed Aug 26 00:10:28.080852 2026] [authz_core:debug] [pid 2088610:tid 2088610] mod_authz_core.c(815): [client 111.240.15.69:41980] AH01626: authorization result of Require all granted: granted, referer: https://www.sanjh.ilc.edu.tw/
[Wed Aug 26 00:10:28.080859 2026] [authz_core:debug] [pid 2088610:tid 2088610] mod_authz_core.c(815): [client 111.240.15.69:41980] AH01626: authorization result of : granted, referer: https://www.sanjh.ilc.edu.tw/
[Wed Aug 26 00:10:28.118856 2026] [headers:debug] [pid 2088391:tid 2088391] mod_headers.c(900): AH01503: headers: ap_headers_error_filter()
[Wed Aug 26 00:10:28.144917 2026] [ssl:debug] [pid 2088294:tid 2088294] ssl_engine_kernel.c(254): [client 111.240.15.69:42008] AH02034: Subsequent (No.7) HTTPS request received for child 0 (server www.sanjh.ilc.edu.tw:443), referer: https://www.sanjh.ilc.edu.tw/
[Wed Aug 26 00:10:28.145598 2026] [authz_core:debug] [pid 2088294:tid 2088294] mod_authz_core.c(815): [client 111.240.15.69:42008] AH01626: authorization result of Require all granted: granted, referer: https://www.sanjh.ilc.edu.tw/
[Wed Aug 26 00:10:28.145613 2026] [authz_core:debug] [pid 2088294:tid 2088294] mod_authz_core.c(815): [client 111.240.15.69:42008] AH01626: authorization result of : granted, referer: https://www.sanjh.ilc.edu.tw/
[Wed Aug 26 00:10:28.147105 2026] [ssl:debug] [pid 2088616:tid 2088616] ssl_engine_kernel.c(254): [client 111.240.15.69:41974] AH02034: Subsequent (No.11) HTTPS request received for child 39 (server www.sanjh.ilc.edu.tw:443), referer: https://www.sanjh.ilc.edu.tw/
[Wed Aug 26 00:10:28.147238 2026] [ssl:debug] [pid 2088589:tid 2088589] ssl_engine_kernel.c(254): [client 111.240.15.69:42018] AH02034: Subsequent (No.9) HTTPS request received for child 15 (server www.sanjh.ilc.edu.tw:443), referer: https://www.sanjh.ilc.edu.tw/
[Wed Aug 26 00:10:28.147352 2026] [ssl:info] [pid 2088607:tid 2088607] [client 2001:288:a201::66:125:43732] AH01964: Connection to child 29 established (server 2blog.ilc.edu.tw:443)
[Wed Aug 26 00:10:28.147481 2026] [ssl:debug] [pid 2088607:tid 2088607] ssl_engine_kernel.c(2252): [client 2001:288:a201::66:125:43732] AH02645: Server name not provided via TLS extension (using default/first virtual host)
[Wed Aug 26 00:10:28.147497 2026] [socache_shmcb:debug] [pid 2088607:tid 2088607] mod_socache_shmcb.c(545): AH00835: socache_shmcb_retrieve (0xd0 -> subcache 16)
[Wed Aug 26 00:10:28.147512 2026] [socache_shmcb:debug] [pid 2088607:tid 2088607] mod_socache_shmcb.c(896): AH00849: match at idx=65, data=537
[Wed Aug 26 00:10:28.147514 2026] [socache_shmcb:debug] [pid 2088607:tid 2088607] mod_socache_shmcb.c(556): AH00836: leaving socache_shmcb_retrieve successfully
[Wed Aug 26 00:10:28.147532 2026] [authz_core:debug] [pid 2088616:tid 2088616] mod_authz_core.c(815): [client 111.240.15.69:41974] AH01626: authorization result of Require all granted: granted, referer: https://www.sanjh.ilc.edu.tw/
[Wed Aug 26 00:10:28.147540 2026] [authz_core:debug] [pid 2088616:tid 2088616] mod_authz_core.c(815): [client 111.240.15.69:41974] AH01626: authorization result of : granted, referer: https://www.sanjh.ilc.edu.tw/
[Wed Aug 26 00:10:28.147726 2026] [authz_core:debug] [pid 2088589:tid 2088589] mod_authz_core.c(815): [client 111.240.15.69:42018] AH01626: authorization result of Require all granted: granted, referer: https://www.sanjh.ilc.edu.tw/
[Wed Aug 26 00:10:28.147736 2026] [authz_core:debug] [pid 2088589:tid 2088589] mod_authz_core.c(815): [client 111.240.15.69:42018] AH01626: authorization result of : granted, referer: https://www.sanjh.ilc.edu.tw/
[Wed Aug 26 00:10:28.147843 2026] [ssl:debug] [pid 2088614:tid 2088614] ssl_engine_kernel.c(254): [client 111.240.15.69:41998] AH02034: Subsequent (No.11) HTTPS request received for child 37 (server www.sanjh.ilc.edu.tw:443), referer: https://www.sanjh.ilc.edu.tw/
[Wed Aug 26 00:10:28.148268 2026] [authz_core:debug] [pid 2088614:tid 2088614] mod_authz_core.c(815): [client 111.240.15.69:41998] AH01626: authorization result of Require all granted: granted, referer: https://www.sanjh.ilc.edu.tw/
[Wed Aug 26 00:10:28.148280 2026] [authz_core:debug] [pid 2088614:tid 2088614] mod_authz_core.c(815): [client 111.240.15.69:41998] AH01626: authorization result of : granted, referer: https://www.sanjh.ilc.edu.tw/
[Wed Aug 26 00:10:28.148796 2026] [ssl:debug] [pid 2088607:tid 2088607] ssl_engine_kernel.c(2082): [client 2001:288:a201::66:125:43732] AH02041: Protocol: TLSv1.2, Cipher: ECDHE-RSA-AES256-GCM-SHA384 (256/256 bits)
[Wed Aug 26 00:10:28.148859 2026] [ssl:debug] [pid 2088607:tid 2088607] ssl_engine_kernel.c(254): [client 2001:288:a201::66:125:43732] AH02034: Initial (No.1) HTTPS request received for child 29 (server 2blog.ilc.edu.tw:443)
[Wed Aug 26 00:10:28.149012 2026] [authz_core:debug] [pid 2088607:tid 2088607] mod_authz_core.c(815): [client 2001:288:a201::66:125:43732] AH01626: authorization result of Require all granted: granted
[Wed Aug 26 00:10:28.149017 2026] [authz_core:debug] [pid 2088607:tid 2088607] mod_authz_core.c(815): [client 2001:288:a201::66:125:43732] AH01626: authorization result of : granted
[Wed Aug 26 00:10:28.149118 2026] [authz_core:debug] [pid 2088607:tid 2088607] mod_authz_core.c(815): [client 2001:288:a201::66:125:43732] AH01626: authorization result of Require all granted: granted
[Wed Aug 26 00:10:28.149122 2026] [authz_core:debug] [pid 2088607:tid 2088607] mod_authz_core.c(815): [client 2001:288:a201::66:125:43732] AH01626: authorization result of : granted
[Wed Aug 26 00:10:28.149132 2026] [php7:error] [pid 2088607:tid 2088607] [client 2001:288:a201::66:125:43732] script '/var/www/html/2blog/active.php' not found or unable to stat
[Wed Aug 26 00:10:28.149140 2026] [headers:debug] [pid 2088607:tid 2088607] mod_headers.c(900): AH01503: headers: ap_headers_error_filter()
[Wed Aug 26 00:10:28.149254 2026] [ssl:debug] [pid 2088607:tid 2088607] ssl_engine_io.c(1150): [client 2001:288:a201::66:125:43732] AH02001: Connection closed to child 29 with standard shutdown (server 2blog.ilc.edu.tw:443)
[Wed Aug 26 00:10:28.330114 2026] [ssl:debug] [pid 2088610:tid 2088610] ssl_engine_kernel.c(254): [client 111.240.15.69:41980] AH02034: Subsequent (No.12) HTTPS request received for child 32 (server www.sanjh.ilc.edu.tw:443), referer: https://www.sanjh.ilc.edu.tw/wp-content/cache/www.sanjh.ilc.edu.tw/wpfc-minified/12yvukwt/7drh.css
[Wed Aug 26 00:10:28.330418 2026] [authz_core:debug] [pid 2088610:tid 2088610] mod_authz_core.c(815): [client 111.240.15.69:41980] AH01626: authorization result of Require all granted: granted, referer: https://www.sanjh.ilc.edu.tw/wp-content/cache/www.sanjh.ilc.edu.tw/wpfc-minified/12yvukwt/7drh.css
[Wed Aug 26 00:10:28.330432 2026] [authz_core:debug] [pid 2088610:tid 2088610] mod_authz_core.c(815): [client 111.240.15.69:41980] AH01626: authorization result of : granted, referer: https://www.sanjh.ilc.edu.tw/wp-content/cache/www.sanjh.ilc.edu.tw/wpfc-minified/12yvukwt/7drh.css
[Wed Aug 26 00:10:28.386904 2026] [ssl:debug] [pid 2088294:tid 2088294] ssl_engine_kernel.c(254): [client 111.240.15.69:42008] AH02034: Subsequent (No.8) HTTPS request received for child 0 (server www.sanjh.ilc.edu.tw:443), referer: https://www.sanjh.ilc.edu.tw/
[Wed Aug 26 00:10:28.387520 2026] [authz_core:debug] [pid 2088294:tid 2088294] mod_authz_core.c(815): [client 111.240.15.69:42008] AH01626: authorization result of Require all granted: granted, referer: https://www.sanjh.ilc.edu.tw/
[Wed Aug 26 00:10:28.387528 2026] [authz_core:debug] [pid 2088294:tid 2088294] mod_authz_core.c(815): [client 111.240.15.69:42008] AH01626: authorization result of : granted, referer: https://www.sanjh.ilc.edu.tw/
[Wed Aug 26 00:10:28.433577 2026] [ssl:debug] [pid 2088610:tid 2088610] ssl_engine_kernel.c(254): [client 111.240.15.69:41980] AH02034: Subsequent (No.13) HTTPS request received for child 32 (server www.sanjh.ilc.edu.tw:443), referer: https://www.sanjh.ilc.edu.tw/
[Wed Aug 26 00:10:28.434238 2026] [authz_core:debug] [pid 2088610:tid 2088610] mod_authz_core.c(815): [client 111.240.15.69:41980] AH01626: authorization result of Require all granted: granted, referer: https://www.sanjh.ilc.edu.tw/
[Wed Aug 26 00:10:28.434246 2026] [authz_core:debug] [pid 2088610:tid 2088610] mod_authz_core.c(815): [client 111.240.15.69:41980] AH01626: authorization result of : granted, referer: https://www.sanjh.ilc.edu.tw/
[Wed Aug 26 00:10:28.435554 2026] [ssl:debug] [pid 2088299:tid 2088299] ssl_engine_kernel.c(254): [client 111.240.15.69:41990] AH02034: Subsequent (No.9) HTTPS request received for child 5 (server www.sanjh.ilc.edu.tw:443), referer: https://www.sanjh.ilc.edu.tw/
[Wed Aug 26 00:10:28.435903 2026] [authz_core:debug] [pid 2088299:tid 2088299] mod_authz_core.c(815): [client 111.240.15.69:41990] AH01626: authorization result of Require all granted: granted, referer: https://www.sanjh.ilc.edu.tw/
[Wed Aug 26 00:10:28.435909 2026] [authz_core:debug] [pid 2088299:tid 2088299] mod_authz_core.c(815): [client 111.240.15.69:41990] AH01626: authorization result of : granted, referer: https://www.sanjh.ilc.edu.tw/
[Wed Aug 26 00:10:28.441244 2026] [ssl:debug] [pid 2088616:tid 2088616] ssl_engine_kernel.c(254): [client 111.240.15.69:41974] AH02034: Subsequent (No.12) HTTPS request received for child 39 (server www.sanjh.ilc.edu.tw:443), referer: https://www.sanjh.ilc.edu.tw/wp-content/cache/www.sanjh.ilc.edu.tw/wpfc-minified/12yvukwt/7drh.css
[Wed Aug 26 00:10:28.441432 2026] [authz_core:debug] [pid 2088616:tid 2088616] mod_authz_core.c(815): [client 111.240.15.69:41974] AH01626: authorization result of Require all granted: granted, referer: https://www.sanjh.ilc.edu.tw/wp-content/cache/www.sanjh.ilc.edu.tw/wpfc-minified/12yvukwt/7drh.css
[Wed Aug 26 00:10:28.441438 2026] [authz_core:debug] [pid 2088616:tid 2088616] mod_authz_core.c(815): [client 111.240.15.69:41974] AH01626: authorization result of : granted, referer: https://www.sanjh.ilc.edu.tw/wp-content/cache/www.sanjh.ilc.edu.tw/wpfc-minified/12yvukwt/7drh.css
[Wed Aug 26 00:10:28.501696 2026] [ssl:info] [pid 2088590:tid 2088590] [client 34.10.180.98:18944] AH01964: Connection to child 18 established (server 2blog.ilc.edu.tw:443)
[Wed Aug 26 00:10:28.501942 2026] [ssl:debug] [pid 2088590:tid 2088590] ssl_engine_kernel.c(2222): [client 34.10.180.98:18944] AH02043: SSL virtual host for servername 2blog.ilc.edu.tw found
[Wed Aug 26 00:10:28.502020 2026] [core:debug] [pid 2088590:tid 2088590] protocol.c(2460): [client 34.10.180.98:18944] AH03155: select protocol from , choices=http/1.1 for server 2blog.ilc.edu.tw
[Wed Aug 26 00:10:28.574574 2026] [ssl:debug] [pid 2088294:tid 2088294] ssl_engine_kernel.c(254): [client 111.240.15.69:42008] AH02034: Subsequent (No.9) HTTPS request received for child 0 (server www.sanjh.ilc.edu.tw:443), referer: https://www.sanjh.ilc.edu.tw/
[Wed Aug 26 00:10:28.574798 2026] [authz_core:debug] [pid 2088294:tid 2088294] mod_authz_core.c(815): [client 111.240.15.69:42008] AH01626: authorization result of Require all granted: granted, referer: https://www.sanjh.ilc.edu.tw/
[Wed Aug 26 00:10:28.574803 2026] [authz_core:debug] [pid 2088294:tid 2088294] mod_authz_core.c(815): [client 111.240.15.69:42008] AH01626: authorization result of : granted, referer: https://www.sanjh.ilc.edu.tw/
[Wed Aug 26 00:10:28.575004 2026] [deflate:debug] [pid 2088294:tid 2088294] mod_deflate.c(909): [client 111.240.15.69:42008] AH01384: Zlib: Compressed 432 to 279 : URL /wp-content/plugins/elementor/assets/js/image-carousel.4455c6362492d9067512.bundle.min.js, referer: https://www.sanjh.ilc.edu.tw/
[Wed Aug 26 00:10:28.672067 2026] [ssl:debug] [pid 2088294:tid 2088294] ssl_engine_kernel.c(254): [client 111.240.15.69:42008] AH02034: Subsequent (No.10) HTTPS request received for child 0 (server www.sanjh.ilc.edu.tw:443), referer: https://www.sanjh.ilc.edu.tw/
[Wed Aug 26 00:10:28.672332 2026] [authz_core:debug] [pid 2088294:tid 2088294] mod_authz_core.c(815): [client 111.240.15.69:42008] AH01626: authorization result of Require all granted: granted, referer: https://www.sanjh.ilc.edu.tw/
[Wed Aug 26 00:10:28.672340 2026] [authz_core:debug] [pid 2088294:tid 2088294] mod_authz_core.c(815): [client 111.240.15.69:42008] AH01626: authorization result of : granted, referer: https://www.sanjh.ilc.edu.tw/
[Wed Aug 26 00:10:28.677380 2026] [deflate:debug] [pid 2088294:tid 2088294] mod_deflate.c(909): [client 111.240.15.69:42008] AH01384: Zlib: Compressed 143709 to 39677 : URL /wp-content/plugins/elementor/assets/lib/swiper/v8/swiper.min.js, referer: https://www.sanjh.ilc.edu.tw/
[Wed Aug 26 00:10:28.785078 2026] [ssl:info] [pid 2088601:tid 2088601] [client 54.210.152.179:50006] AH01964: Connection to child 23 established (server 2blog.ilc.edu.tw:443)
[Wed Aug 26 00:10:28.785267 2026] [ssl:debug] [pid 2088601:tid 2088601] ssl_engine_kernel.c(2222): [client 54.210.152.179:50006] AH02043: SSL virtual host for servername 2blog.ilc.edu.tw found
[Wed Aug 26 00:10:28.847189 2026] [ssl:info] [pid 2088419:tid 2088419] [client 66.249.71.37:62765] AH01964: Connection to child 2 established (server 2blog.ilc.edu.tw:443)
[Wed Aug 26 00:10:28.847360 2026] [ssl:debug] [pid 2088419:tid 2088419] ssl_engine_kernel.c(2222): [client 66.249.71.37:62765] AH02043: SSL virtual host for servername 2blog.ilc.edu.tw found
[Wed Aug 26 00:10:28.847473 2026] [ssl:debug] [pid 2088419:tid 2088419] ssl_util_stapling.c(819): AH01951: stapling_cb: OCSP Stapling callback called
[Wed Aug 26 00:10:28.847480 2026] [ssl:info] [pid 2088419:tid 2088419] AH01926: stapling_get_certinfo: stapling not supported for certificate
[Wed Aug 26 00:10:28.855319 2026] [ssl:debug] [pid 2088419:tid 2088419] ssl_engine_kernel.c(2082): [client 66.249.71.37:62765] AH02041: Protocol: TLSv1.3, Cipher: TLS_AES_256_GCM_SHA384 (256/256 bits)
[Wed Aug 26 00:10:28.855382 2026] [socache_shmcb:debug] [pid 2088419:tid 2088419] mod_socache_shmcb.c(508): AH00831: socache_shmcb_store (0xe5 -> subcache 5)
[Wed Aug 26 00:10:28.855390 2026] [socache_shmcb:debug] [pid 2088419:tid 2088419] mod_socache_shmcb.c(860): AH00847: insert happened at idx=58, data=(12916:12948)
[Wed Aug 26 00:10:28.855394 2026] [socache_shmcb:debug] [pid 2088419:tid 2088419] mod_socache_shmcb.c(863): AH00848: finished insert, subcache: idx_pos/idx_used=33/26, data_pos/data_used=7377/5752
[Wed Aug 26 00:10:28.855397 2026] [socache_shmcb:debug] [pid 2088419:tid 2088419] mod_socache_shmcb.c(530): AH00834: leaving socache_shmcb_store successfully
[Wed Aug 26 00:10:28.855457 2026] [socache_shmcb:debug] [pid 2088419:tid 2088419] mod_socache_shmcb.c(508): AH00831: socache_shmcb_store (0xf7 -> subcache 23)
[Wed Aug 26 00:10:28.855473 2026] [socache_shmcb:debug] [pid 2088419:tid 2088419] mod_socache_shmcb.c(860): AH00847: insert happened at idx=63, data=(161:193)
[Wed Aug 26 00:10:28.855475 2026] [socache_shmcb:debug] [pid 2088419:tid 2088419] mod_socache_shmcb.c(863): AH00848: finished insert, subcache: idx_pos/idx_used=31/33, data_pos/data_used=6906/7332
[Wed Aug 26 00:10:28.855477 2026] [socache_shmcb:debug] [pid 2088419:tid 2088419] mod_socache_shmcb.c(530): AH00834: leaving socache_shmcb_store successfully
[Wed Aug 26 00:10:28.855618 2026] [ssl:debug] [pid 2088419:tid 2088419] ssl_engine_kernel.c(254): [client 66.249.71.37:62765] AH02034: Initial (No.1) HTTPS request received for child 2 (server 2blog.ilc.edu.tw:443)
[Wed Aug 26 00:10:28.855836 2026] [authz_core:debug] [pid 2088419:tid 2088419] mod_authz_core.c(815): [client 66.249.71.37:62765] AH01626: authorization result of Require all granted: granted
[Wed Aug 26 00:10:28.855842 2026] [authz_core:debug] [pid 2088419:tid 2088419] mod_authz_core.c(815): [client 66.249.71.37:62765] AH01626: authorization result of : granted
[Wed Aug 26 00:10:28.856006 2026] [authz_core:debug] [pid 2088419:tid 2088419] mod_authz_core.c(815): [client 66.249.71.37:62765] AH01626: authorization result of Require all granted: granted
[Wed Aug 26 00:10:28.856014 2026] [authz_core:debug] [pid 2088419:tid 2088419] mod_authz_core.c(815): [client 66.249.71.37:62765] AH01626: authorization result of : granted
[Wed Aug 26 00:10:28.873110 2026] [ssl:debug] [pid 2088590:tid 2088590] ssl_engine_kernel.c(2082): [client 34.10.180.98:18944] AH02041: Protocol: TLSv1.3, Cipher: TLS_AES_256_GCM_SHA384 (256/256 bits)
[Wed Aug 26 00:10:28.873163 2026] [socache_shmcb:debug] [pid 2088590:tid 2088590] mod_socache_shmcb.c(508): AH00831: socache_shmcb_store (0xe7 -> subcache 7)
[Wed Aug 26 00:10:28.873169 2026] [socache_shmcb:debug] [pid 2088590:tid 2088590] mod_socache_shmcb.c(860): AH00847: insert happened at idx=66, data=(730:762)
[Wed Aug 26 00:10:28.873172 2026] [socache_shmcb:debug] [pid 2088590:tid 2088590] mod_socache_shmcb.c(863): AH00848: finished insert, subcache: idx_pos/idx_used=36/31, data_pos/data_used=7943/6876
[Wed Aug 26 00:10:28.873174 2026] [socache_shmcb:debug] [pid 2088590:tid 2088590] mod_socache_shmcb.c(530): AH00834: leaving socache_shmcb_store successfully
[Wed Aug 26 00:10:28.873234 2026] [socache_shmcb:debug] [pid 2088590:tid 2088590] mod_socache_shmcb.c(508): AH00831: socache_shmcb_store (0x09 -> subcache 9)
[Wed Aug 26 00:10:28.873239 2026] [socache_shmcb:debug] [pid 2088590:tid 2088590] mod_socache_shmcb.c(860): AH00847: insert happened at idx=68, data=(1226:1258)
[Wed Aug 26 00:10:28.873241 2026] [socache_shmcb:debug] [pid 2088590:tid 2088590] mod_socache_shmcb.c(863): AH00848: finished insert, subcache: idx_pos/idx_used=32/37, data_pos/data_used=7089/8226
[Wed Aug 26 00:10:28.873243 2026] [socache_shmcb:debug] [pid 2088590:tid 2088590] mod_socache_shmcb.c(530): AH00834: leaving socache_shmcb_store successfully
[Wed Aug 26 00:10:28.886776 2026] [ssl:debug] [pid 2088590:tid 2088590] ssl_engine_kernel.c(254): [client 34.10.180.98:18944] AH02034: Initial (No.1) HTTPS request received for child 18 (server 2blog.ilc.edu.tw:443)
[Wed Aug 26 00:10:28.887112 2026] [authz_core:debug] [pid 2088590:tid 2088590] mod_authz_core.c(815): [client 34.10.180.98:18944] AH01626: authorization result of Require all granted: granted
[Wed Aug 26 00:10:28.887134 2026] [authz_core:debug] [pid 2088590:tid 2088590] mod_authz_core.c(815): [client 34.10.180.98:18944] AH01626: authorization result of : granted
[Wed Aug 26 00:10:28.887343 2026] [authz_core:debug] [pid 2088590:tid 2088590] mod_authz_core.c(815): [client 34.10.180.98:18944] AH01626: authorization result of Require all granted: granted
[Wed Aug 26 00:10:28.887349 2026] [authz_core:debug] [pid 2088590:tid 2088590] mod_authz_core.c(815): [client 34.10.180.98:18944] AH01626: authorization result of : granted
[Wed Aug 26 00:10:28.917544 2026] [ssl:info] [pid 2088407:tid 2088407] [client 34.30.223.149:26112] AH01964: Connection to child 7 established (server 2blog.ilc.edu.tw:443)
[Wed Aug 26 00:10:28.917671 2026] [ssl:info] [pid 2088407:tid 2088407] (70014)End of file found: [client 34.30.223.149:26112] AH02006: SSL handshake stopped: connection was closed
[Wed Aug 26 00:10:28.917678 2026] [ssl:info] [pid 2088407:tid 2088407] [client 34.30.223.149:26112] AH01998: Connection closed to child 7 with abortive shutdown (server 2blog.ilc.edu.tw:443)
[Wed Aug 26 00:10:28.984671 2026] [ssl:info] [pid 2088211:tid 2088211] [client 34.56.53.225:24064] AH01964: Connection to child 62 established (server 2blog.ilc.edu.tw:443)
[Wed Aug 26 00:10:28.984864 2026] [ssl:debug] [pid 2088211:tid 2088211] ssl_engine_kernel.c(2222): [client 34.56.53.225:24064] AH02043: SSL virtual host for servername 2blog.ilc.edu.tw found
[Wed Aug 26 00:10:28.984918 2026] [core:debug] [pid 2088211:tid 2088211] protocol.c(2460): [client 34.56.53.225:24064] AH03155: select protocol from , choices=http/1.1 for server 2blog.ilc.edu.tw
[Wed Aug 26 00:10:29.019804 2026] [ssl:debug] [pid 2088601:tid 2088601] ssl_engine_kernel.c(2082): [client 54.210.152.179:50006] AH02041: Protocol: TLSv1.3, Cipher: TLS_AES_256_GCM_SHA384 (256/256 bits)
[Wed Aug 26 00:10:29.019920 2026] [socache_shmcb:debug] [pid 2088601:tid 2088601] mod_socache_shmcb.c(508): AH00831: socache_shmcb_store (0x00 -> subcache 0)
[Wed Aug 26 00:10:29.019929 2026] [socache_shmcb:debug] [pid 2088601:tid 2088601] mod_socache_shmcb.c(745): AH00842: expiring 2 and reclaiming 0 removed socache entries
[Wed Aug 26 00:10:29.019932 2026] [socache_shmcb:debug] [pid 2088601:tid 2088601] mod_socache_shmcb.c(765): AH00843: we now have 35 socache entries
[Wed Aug 26 00:10:29.019934 2026] [socache_shmcb:debug] [pid 2088601:tid 2088601] mod_socache_shmcb.c(860): AH00847: insert happened at idx=85, data=(5001:5033)
[Wed Aug 26 00:10:29.019936 2026] [socache_shmcb:debug] [pid 2088601:tid 2088601] mod_socache_shmcb.c(863): AH00848: finished insert, subcache: idx_pos/idx_used=50/36, data_pos/data_used=11134/7944
[Wed Aug 26 00:10:29.019938 2026] [socache_shmcb:debug] [pid 2088601:tid 2088601] mod_socache_shmcb.c(530): AH00834: leaving socache_shmcb_store successfully
[Wed Aug 26 00:10:29.020006 2026] [socache_shmcb:debug] [pid 2088601:tid 2088601] mod_socache_shmcb.c(508): AH00831: socache_shmcb_store (0xe7 -> subcache 7)
[Wed Aug 26 00:10:29.020019 2026] [socache_shmcb:debug] [pid 2088601:tid 2088601] mod_socache_shmcb.c(860): AH00847: insert happened at idx=67, data=(955:987)
[Wed Aug 26 00:10:29.020021 2026] [socache_shmcb:debug] [pid 2088601:tid 2088601] mod_socache_shmcb.c(863): AH00848: finished insert, subcache: idx_pos/idx_used=36/32, data_pos/data_used=7943/7089
[Wed Aug 26 00:10:29.020023 2026] [socache_shmcb:debug] [pid 2088601:tid 2088601] mod_socache_shmcb.c(530): AH00834: leaving socache_shmcb_store successfully
[Wed Aug 26 00:10:29.020231 2026] [ssl:debug] [pid 2088601:tid 2088601] ssl_engine_kernel.c(254): [client 54.210.152.179:50006] AH02034: Initial (No.1) HTTPS request received for child 23 (server 2blog.ilc.edu.tw:443)
[Wed Aug 26 00:10:29.020451 2026] [authz_core:debug] [pid 2088601:tid 2088601] mod_authz_core.c(815): [client 54.210.152.179:50006] AH01626: authorization result of Require all granted: granted
[Wed Aug 26 00:10:29.020458 2026] [authz_core:debug] [pid 2088601:tid 2088601] mod_authz_core.c(815): [client 54.210.152.179:50006] AH01626: authorization result of : granted
[Wed Aug 26 00:10:29.020603 2026] [authz_core:debug] [pid 2088601:tid 2088601] mod_authz_core.c(815): [client 54.210.152.179:50006] AH01626: authorization result of Require all granted: granted
[Wed Aug 26 00:10:29.020608 2026] [authz_core:debug] [pid 2088601:tid 2088601] mod_authz_core.c(815): [client 54.210.152.179:50006] AH01626: authorization result of : granted
[Wed Aug 26 00:10:29.074720 2026] [deflate:debug] [pid 2088419:tid 2088419] mod_deflate.c(909): [client 66.249.71.37:62765] AH01384: Zlib: Compressed 46385 to 10208 : URL /index.php
[Wed Aug 26 00:10:29.125091 2026] [ssl:debug] [pid 2088597:tid 2088597] ssl_engine_io.c(1150): [client 34.171.68.95:38401] AH02001: Connection closed to child 19 with standard shutdown (server 2blog.ilc.edu.tw:443)
[Wed Aug 26 00:10:29.185168 2026] [authz_core:debug] [pid 2088600:tid 2088600] mod_authz_core.c(815): [client 3.94.40.182:47684] AH01626: authorization result of Require all granted: granted
[Wed Aug 26 00:10:29.185198 2026] [authz_core:debug] [pid 2088600:tid 2088600] mod_authz_core.c(815): [client 3.94.40.182:47684] AH01626: authorization result of : granted
[Wed Aug 26 00:10:29.185589 2026] [authz_core:debug] [pid 2088600:tid 2088600] mod_authz_core.c(815): [client 3.94.40.182:47684] AH01626: authorization result of Require all granted: granted
[Wed Aug 26 00:10:29.185599 2026] [authz_core:debug] [pid 2088600:tid 2088600] mod_authz_core.c(815): [client 3.94.40.182:47684] AH01626: authorization result of : granted
[Wed Aug 26 00:10:29.186176 2026] [deflate:debug] [pid 2088600:tid 2088600] mod_deflate.c(909): [client 3.94.40.182:47684] AH01384: Zlib: Compressed 800 to 383 : URL /wp-content/uploads/sites/1620/2024/04/
[Wed Aug 26 00:10:29.253547 2026] [ssl:debug] [pid 2088211:tid 2088211] ssl_engine_kernel.c(2082): [client 34.56.53.225:24064] AH02041: Protocol: TLSv1.3, Cipher: TLS_AES_256_GCM_SHA384 (256/256 bits)
[Wed Aug 26 00:10:29.253706 2026] [socache_shmcb:debug] [pid 2088211:tid 2088211] mod_socache_shmcb.c(508): AH00831: socache_shmcb_store (0xf7 -> subcache 23)
[Wed Aug 26 00:10:29.253713 2026] [socache_shmcb:debug] [pid 2088211:tid 2088211] mod_socache_shmcb.c(860): AH00847: insert happened at idx=64, data=(374:406)
[Wed Aug 26 00:10:29.253715 2026] [socache_shmcb:debug] [pid 2088211:tid 2088211] mod_socache_shmcb.c(863): AH00848: finished insert, subcache: idx_pos/idx_used=31/34, data_pos/data_used=6906/7557
[Wed Aug 26 00:10:29.253717 2026] [socache_shmcb:debug] [pid 2088211:tid 2088211] mod_socache_shmcb.c(530): AH00834: leaving socache_shmcb_store successfully
[Wed Aug 26 00:10:29.253788 2026] [socache_shmcb:debug] [pid 2088211:tid 2088211] mod_socache_shmcb.c(508): AH00831: socache_shmcb_store (0x6f -> subcache 15)
[Wed Aug 26 00:10:29.253793 2026] [socache_shmcb:debug] [pid 2088211:tid 2088211] mod_socache_shmcb.c(860): AH00847: insert happened at idx=64, data=(281:313)
[Wed Aug 26 00:10:29.253795 2026] [socache_shmcb:debug] [pid 2088211:tid 2088211] mod_socache_shmcb.c(863): AH00848: finished insert, subcache: idx_pos/idx_used=30/35, data_pos/data_used=6613/7757
[Wed Aug 26 00:10:29.253797 2026] [socache_shmcb:debug] [pid 2088211:tid 2088211] mod_socache_shmcb.c(530): AH00834: leaving socache_shmcb_store successfully
[Wed Aug 26 00:10:29.291917 2026] [deflate:debug] [pid 2088601:tid 2088601] mod_deflate.c(909): [client 54.210.152.179:50006] AH01384: Zlib: Compressed 2757 to 1253 : URL /index.php
[Wed Aug 26 00:10:29.292117 2026] [ssl:debug] [pid 2088601:tid 2088601] ssl_engine_io.c(1150): [client 54.210.152.179:50006] AH02001: Connection closed to child 23 with standard shutdown (server 2blog.ilc.edu.tw:443)
[Wed Aug 26 00:10:29.298333 2026] [ssl:debug] [pid 2088211:tid 2088211] ssl_engine_kernel.c(254): [client 34.56.53.225:24064] AH02034: Initial (No.1) HTTPS request received for child 62 (server 2blog.ilc.edu.tw:443)
[Wed Aug 26 00:10:29.298517 2026] [authz_core:debug] [pid 2088211:tid 2088211] mod_authz_core.c(815): [client 34.56.53.225:24064] AH01626: authorization result of Require all granted: granted
[Wed Aug 26 00:10:29.298522 2026] [authz_core:debug] [pid 2088211:tid 2088211] mod_authz_core.c(815): [client 34.56.53.225:24064] AH01626: authorization result of : granted
[Wed Aug 26 00:10:29.298641 2026] [authz_core:debug] [pid 2088211:tid 2088211] mod_authz_core.c(815): [client 34.56.53.225:24064] AH01626: authorization result of Require all granted: granted
[Wed Aug 26 00:10:29.298645 2026] [authz_core:debug] [pid 2088211:tid 2088211] mod_authz_core.c(815): [client 34.56.53.225:24064] AH01626: authorization result of : granted
[Wed Aug 26 00:10:29.736756 2026] [ssl:debug] [pid 2088168:tid 2088168] ssl_engine_io.c(1150): [client 34.10.180.98:53248] AH02001: Connection closed to child 17 with standard shutdown (server 2blog.ilc.edu.tw:443)
[Wed Aug 26 00:10:29.833592 2026] [ssl:debug] [pid 2088589:tid 2088589] ssl_engine_kernel.c(254): [client 111.240.15.69:42018] AH02034: Subsequent (No.10) HTTPS request received for child 15 (server www.sanjh.ilc.edu.tw:443), referer: https://www.sanjh.ilc.edu.tw/wp-content/cache/www.sanjh.ilc.edu.tw/wpfc-minified/qlc91b58/cbm5n.css
[Wed Aug 26 00:10:29.833831 2026] [authz_core:debug] [pid 2088589:tid 2088589] mod_authz_core.c(815): [client 111.240.15.69:42018] AH01626: authorization result of Require all granted: granted, referer: https://www.sanjh.ilc.edu.tw/wp-content/cache/www.sanjh.ilc.edu.tw/wpfc-minified/qlc91b58/cbm5n.css
[Wed Aug 26 00:10:29.833838 2026] [authz_core:debug] [pid 2088589:tid 2088589] mod_authz_core.c(815): [client 111.240.15.69:42018] AH01626: authorization result of : granted, referer: https://www.sanjh.ilc.edu.tw/wp-content/cache/www.sanjh.ilc.edu.tw/wpfc-minified/qlc91b58/cbm5n.css
[Wed Aug 26 00:10:30.205897 2026] [headers:debug] [pid 2088391:tid 2088391] mod_headers.c(900): AH01503: headers: ap_headers_error_filter()
[Wed Aug 26 00:10:30.358441 2026] [authz_core:debug] [pid 2088607:tid 2088607] mod_authz_core.c(815): [client 34.197.28.78:52219] AH01626: authorization result of Require all granted: granted
[Wed Aug 26 00:10:30.358478 2026] [authz_core:debug] [pid 2088607:tid 2088607] mod_authz_core.c(815): [client 34.197.28.78:52219] AH01626: authorization result of : granted
[Wed Aug 26 00:10:30.359204 2026] [authz_core:debug] [pid 2088607:tid 2088607] mod_authz_core.c(815): [client 34.197.28.78:52219] AH01626: authorization result of Require all granted: granted
[Wed Aug 26 00:10:30.359217 2026] [authz_core:debug] [pid 2088607:tid 2088607] mod_authz_core.c(815): [client 34.197.28.78:52219] AH01626: authorization result of : granted
[Wed Aug 26 00:10:30.361249 2026] [deflate:debug] [pid 2088607:tid 2088607] mod_deflate.c(909): [client 34.197.28.78:52219] AH01384: Zlib: Compressed 800 to 382 : URL /wp-content/uploads/sites/1543/2021/03/
