[Wed Aug 26 00:04:30.854850 2026] [socache_shmcb:debug] [pid 2083453:tid 2083453] mod_socache_shmcb.c(863): AH00848: finished insert, subcache: idx_pos/idx_used=0/28, data_pos/data_used=0/6215
[Wed Aug 26 00:04:30.854852 2026] [socache_shmcb:debug] [pid 2083453:tid 2083453] mod_socache_shmcb.c(530): AH00834: leaving socache_shmcb_store successfully
[Wed Aug 26 00:04:30.854906 2026] [socache_shmcb:debug] [pid 2083453:tid 2083453] mod_socache_shmcb.c(508): AH00831: socache_shmcb_store (0xa0 -> subcache 0)
[Wed Aug 26 00:04:30.854911 2026] [socache_shmcb:debug] [pid 2083453:tid 2083453] mod_socache_shmcb.c(860): AH00847: insert happened at idx=37, data=(8265:8297)
[Wed Aug 26 00:04:30.854913 2026] [socache_shmcb:debug] [pid 2083453:tid 2083453] mod_socache_shmcb.c(863): AH00848: finished insert, subcache: idx_pos/idx_used=0/38, data_pos/data_used=0/8479
[Wed Aug 26 00:04:30.854915 2026] [socache_shmcb:debug] [pid 2083453:tid 2083453] mod_socache_shmcb.c(530): AH00834: leaving socache_shmcb_store successfully
[Wed Aug 26 00:04:30.854928 2026] [ssl:info] [pid 2083340:tid 2083340] [client 114.24.249.65:50634] AH01964: Connection to child 2 established (server 2blog.ilc.edu.tw:443)
[Wed Aug 26 00:04:30.854953 2026] [ssl:info] [pid 2083453:tid 2083453] (70014)End of file found: [client 114.24.249.65:8515] AH01992: SSL library error 6 reading data
[Wed Aug 26 00:04:30.854980 2026] [ssl:debug] [pid 2083453:tid 2083453] ssl_engine_io.c(1150): [client 114.24.249.65:8515] AH02001: Connection closed to child 13 with standard shutdown (server 2blog.ilc.edu.tw:443)
[Wed Aug 26 00:04:30.855075 2026] [ssl:debug] [pid 2083340:tid 2083340] ssl_engine_kernel.c(2222): [client 114.24.249.65:50634] AH02043: SSL virtual host for servername 2blog.ilc.edu.tw found
[Wed Aug 26 00:04:30.855129 2026] [core:debug] [pid 2083340:tid 2083340] protocol.c(2460): [client 114.24.249.65:50634] AH03155: select protocol from , choices=h2,http/1.1 for server 2blog.ilc.edu.tw
[Wed Aug 26 00:04:30.855159 2026] [ssl:debug] [pid 2083340:tid 2083340] ssl_util_stapling.c(819): AH01951: stapling_cb: OCSP Stapling callback called
[Wed Aug 26 00:04:30.855163 2026] [ssl:info] [pid 2083340:tid 2083340] AH01926: stapling_get_certinfo: stapling not supported for certificate
[Wed Aug 26 00:04:30.902226 2026] [ssl:info] [pid 2083456:tid 2083456] (70014)End of file found: [client 192.178.15.229:51100] AH01992: SSL library error 6 reading data
[Wed Aug 26 00:04:30.902358 2026] [ssl:debug] [pid 2083456:tid 2083456] ssl_engine_io.c(1150): [client 192.178.15.229:51100] AH02001: Connection closed to child 15 with standard shutdown (server www.ples.ilc.edu.tw:443)
[Wed Aug 26 00:04:30.927218 2026] [ssl:debug] [pid 2083340:tid 2083340] ssl_engine_kernel.c(2082): [client 114.24.249.65:50634] AH02041: Protocol: TLSv1.3, Cipher: TLS_AES_256_GCM_SHA384 (256/256 bits)
[Wed Aug 26 00:04:30.927352 2026] [socache_shmcb:debug] [pid 2083340:tid 2083340] mod_socache_shmcb.c(508): AH00831: socache_shmcb_store (0x03 -> subcache 3)
[Wed Aug 26 00:04:30.927369 2026] [socache_shmcb:debug] [pid 2083340:tid 2083340] mod_socache_shmcb.c(860): AH00847: insert happened at idx=29, data=(6431:6463)
[Wed Aug 26 00:04:30.927378 2026] [socache_shmcb:debug] [pid 2083340:tid 2083340] mod_socache_shmcb.c(863): AH00848: finished insert, subcache: idx_pos/idx_used=0/30, data_pos/data_used=0/6657
[Wed Aug 26 00:04:30.927385 2026] [socache_shmcb:debug] [pid 2083340:tid 2083340] mod_socache_shmcb.c(530): AH00834: leaving socache_shmcb_store successfully
[Wed Aug 26 00:04:30.927544 2026] [socache_shmcb:debug] [pid 2083340:tid 2083340] mod_socache_shmcb.c(508): AH00831: socache_shmcb_store (0xa4 -> subcache 4)
[Wed Aug 26 00:04:30.927558 2026] [socache_shmcb:debug] [pid 2083340:tid 2083340] mod_socache_shmcb.c(860): AH00847: insert happened at idx=29, data=(6379:6411)
[Wed Aug 26 00:04:30.927565 2026] [socache_shmcb:debug] [pid 2083340:tid 2083340] mod_socache_shmcb.c(863): AH00848: finished insert, subcache: idx_pos/idx_used=0/30, data_pos/data_used=0/6604
[Wed Aug 26 00:04:30.927573 2026] [socache_shmcb:debug] [pid 2083340:tid 2083340] mod_socache_shmcb.c(530): AH00834: leaving socache_shmcb_store successfully
[Wed Aug 26 00:04:31.007402 2026] [ssl:debug] [pid 2083467:tid 2083467] ssl_engine_kernel.c(254): [client 2409:8057:2070::114:130c:53330] AH02034: Subsequent (No.2) HTTPS request received for child 28 (server www.najh.ilc.edu.tw:443), referer: https://www.najh.ilc.edu.tw/2024/10/22/
[Wed Aug 26 00:04:31.007678 2026] [authz_core:debug] [pid 2083467:tid 2083467] mod_authz_core.c(815): [client 2409:8057:2070::114:130c:53330] AH01626: authorization result of Require all granted: granted, referer: https://www.najh.ilc.edu.tw/2024/10/22/
[Wed Aug 26 00:04:31.007684 2026] [authz_core:debug] [pid 2083467:tid 2083467] mod_authz_core.c(815): [client 2409:8057:2070::114:130c:53330] AH01626: authorization result of : granted, referer: https://www.najh.ilc.edu.tw/2024/10/22/
[Wed Aug 26 00:04:31.007984 2026] [deflate:debug] [pid 2083467:tid 2083467] mod_deflate.c(909): [client 2409:8057:2070::114:130c:53330] AH01384: Zlib: Compressed 3487 to 1339 : URL /wp-includes/js/admin-bar.min.js, referer: https://www.najh.ilc.edu.tw/2024/10/22/
[Wed Aug 26 00:04:31.051913 2026] [ssl:debug] [pid 2083466:tid 2083466] ssl_engine_kernel.c(254): [client 2409:8a28:4eff:7035:f438:e360:1609:f878:51996] AH02034: Subsequent (No.3) HTTPS request received for child 27 (server 2blog.ilc.edu.tw:443), referer: https://2blog.ilc.edu.tw/6509/2012/11/
[Wed Aug 26 00:04:31.052487 2026] [authz_core:debug] [pid 2083466:tid 2083466] mod_authz_core.c(815): [client 2409:8a28:4eff:7035:f438:e360:1609:f878:51996] AH01626: authorization result of Require all granted: granted, referer: https://2blog.ilc.edu.tw/6509/2012/11/
[Wed Aug 26 00:04:31.052506 2026] [authz_core:debug] [pid 2083466:tid 2083466] mod_authz_core.c(815): [client 2409:8a28:4eff:7035:f438:e360:1609:f878:51996] AH01626: authorization result of : granted, referer: https://2blog.ilc.edu.tw/6509/2012/11/
[Wed Aug 26 00:04:31.052935 2026] [authz_core:debug] [pid 2083466:tid 2083466] mod_authz_core.c(815): [client 2409:8a28:4eff:7035:f438:e360:1609:f878:51996] AH01626: authorization result of Require all granted: granted, referer: https://2blog.ilc.edu.tw/6509/2012/11/
[Wed Aug 26 00:04:31.052990 2026] [authz_core:debug] [pid 2083466:tid 2083466] mod_authz_core.c(815): [client 2409:8a28:4eff:7035:f438:e360:1609:f878:51996] AH01626: authorization result of : granted, referer: https://2blog.ilc.edu.tw/6509/2012/11/
[Wed Aug 26 00:04:31.062114 2026] [deflate:debug] [pid 2083466:tid 2083466] mod_deflate.c(909): [client 2409:8a28:4eff:7035:f438:e360:1609:f878:51996] AH01384: Zlib: Compressed 79264 to 39710 : URL /wp-content/cache/2blog.ilc.edu.tw/wpfc-minified/kxx2sy16/5wokb.css, referer: https://2blog.ilc.edu.tw/6509/2012/11/
[Wed Aug 26 00:04:31.260643 2026] [ssl:debug] [pid 2083467:tid 2083467] ssl_engine_kernel.c(254): [client 2409:8057:2070::114:130c:53330] AH02034: Subsequent (No.3) HTTPS request received for child 28 (server www.najh.ilc.edu.tw:443), referer: https://www.najh.ilc.edu.tw/2024/10/22/
[Wed Aug 26 00:04:31.260873 2026] [authz_core:debug] [pid 2083467:tid 2083467] mod_authz_core.c(815): [client 2409:8057:2070::114:130c:53330] AH01626: authorization result of Require all granted: granted, referer: https://www.najh.ilc.edu.tw/2024/10/22/
[Wed Aug 26 00:04:31.260879 2026] [authz_core:debug] [pid 2083467:tid 2083467] mod_authz_core.c(815): [client 2409:8057:2070::114:130c:53330] AH01626: authorization result of : granted, referer: https://www.najh.ilc.edu.tw/2024/10/22/
[Wed Aug 26 00:04:31.261283 2026] [deflate:debug] [pid 2083467:tid 2083467] mod_deflate.c(909): [client 2409:8057:2070::114:130c:53330] AH01384: Zlib: Compressed 5520 to 1785 : URL /wp-includes/js/imagesloaded.min.js, referer: https://www.najh.ilc.edu.tw/2024/10/22/
[Wed Aug 26 00:04:31.262213 2026] [watchdog:debug] [pid 2083471:tid 2083471] mod_watchdog.c(559): AH02980: Watchdog: nothing configured?
[Wed Aug 26 00:04:31.363726 2026] [ssl:info] [pid 2083455:tid 2083455] (70014)End of file found: [client 192.178.15.225:62385] AH01992: SSL library error 6 reading data
[Wed Aug 26 00:04:31.363859 2026] [ssl:debug] [pid 2083455:tid 2083455] ssl_engine_io.c(1150): [client 192.178.15.225:62385] AH02001: Connection closed to child 14 with standard shutdown (server www.ples.ilc.edu.tw:443)
[Wed Aug 26 00:04:31.436655 2026] [ssl:debug] [pid 2083343:tid 2083343] ssl_engine_kernel.c(254): [client 2409:8057:2070::114:130c:53322] AH02034: Subsequent (No.2) HTTPS request received for child 5 (server www.najh.ilc.edu.tw:443), referer: https://www.najh.ilc.edu.tw/2024/10/22/
[Wed Aug 26 00:04:31.436933 2026] [authz_core:debug] [pid 2083343:tid 2083343] mod_authz_core.c(815): [client 2409:8057:2070::114:130c:53322] AH01626: authorization result of Require all granted: granted, referer: https://www.najh.ilc.edu.tw/2024/10/22/
[Wed Aug 26 00:04:31.436939 2026] [authz_core:debug] [pid 2083343:tid 2083343] mod_authz_core.c(815): [client 2409:8057:2070::114:130c:53322] AH01626: authorization result of : granted, referer: https://www.najh.ilc.edu.tw/2024/10/22/
[Wed Aug 26 00:04:31.437536 2026] [deflate:debug] [pid 2083343:tid 2083343] mod_deflate.c(909): [client 2409:8057:2070::114:130c:53322] AH01384: Zlib: Compressed 19719 to 4232 : URL /wp-content/themes/oceanwp/assets/js/theme.min.js, referer: https://www.najh.ilc.edu.tw/2024/10/22/
[Wed Aug 26 00:04:31.438134 2026] [ssl:info] [pid 2083357:tid 2083357] [client 2409:8a28:4eff:7035:f438:e360:1609:f878:52238] AH01964: Connection to child 0 established (server 2blog.ilc.edu.tw:443)
[Wed Aug 26 00:04:31.438386 2026] [ssl:debug] [pid 2083357:tid 2083357] ssl_engine_kernel.c(2222): [client 2409:8a28:4eff:7035:f438:e360:1609:f878:52238] AH02043: SSL virtual host for servername 2blog.ilc.edu.tw found
[Wed Aug 26 00:04:31.438404 2026] [socache_shmcb:debug] [pid 2083357:tid 2083357] mod_socache_shmcb.c(545): AH00835: socache_shmcb_retrieve (0x3c -> subcache 28)
[Wed Aug 26 00:04:31.438409 2026] [socache_shmcb:debug] [pid 2083357:tid 2083357] mod_socache_shmcb.c(896): AH00849: match at idx=30, data=6679
[Wed Aug 26 00:04:31.438411 2026] [socache_shmcb:debug] [pid 2083357:tid 2083357] mod_socache_shmcb.c(556): AH00836: leaving socache_shmcb_retrieve successfully
[Wed Aug 26 00:04:31.438557 2026] [core:debug] [pid 2083357:tid 2083357] protocol.c(2460): [client 2409:8a28:4eff:7035:f438:e360:1609:f878:52238] AH03155: select protocol from , choices=h2,http/1.1 for server 2blog.ilc.edu.tw
[Wed Aug 26 00:04:31.443726 2026] [ssl:debug] [pid 2083389:tid 2083389] ssl_engine_kernel.c(254): [client 2409:8057:2070::114:130c:53334] AH02034: Subsequent (No.2) HTTPS request received for child 8 (server www.najh.ilc.edu.tw:443), referer: https://www.najh.ilc.edu.tw/2024/10/22/
[Wed Aug 26 00:04:31.443945 2026] [authz_core:debug] [pid 2083389:tid 2083389] mod_authz_core.c(815): [client 2409:8057:2070::114:130c:53334] AH01626: authorization result of Require all granted: granted, referer: https://www.najh.ilc.edu.tw/2024/10/22/
[Wed Aug 26 00:04:31.443951 2026] [authz_core:debug] [pid 2083389:tid 2083389] mod_authz_core.c(815): [client 2409:8057:2070::114:130c:53334] AH01626: authorization result of : granted, referer: https://www.najh.ilc.edu.tw/2024/10/22/
[Wed Aug 26 00:04:31.444015 2026] [ssl:debug] [pid 2083277:tid 2083277] ssl_engine_kernel.c(254): [client 2409:8057:2070::114:130c:53328] AH02034: Subsequent (No.2) HTTPS request received for child 24 (server www.najh.ilc.edu.tw:443), referer: https://www.najh.ilc.edu.tw/2024/10/22/
[Wed Aug 26 00:04:31.444124 2026] [ssl:info] [pid 2083453:tid 2083453] [client 2409:8a28:4eff:7035:f438:e360:1609:f878:52246] AH01964: Connection to child 13 established (server 2blog.ilc.edu.tw:443)
[Wed Aug 26 00:04:31.444198 2026] [authz_core:debug] [pid 2083277:tid 2083277] mod_authz_core.c(815): [client 2409:8057:2070::114:130c:53328] AH01626: authorization result of Require all granted: granted, referer: https://www.najh.ilc.edu.tw/2024/10/22/
[Wed Aug 26 00:04:31.444203 2026] [authz_core:debug] [pid 2083277:tid 2083277] mod_authz_core.c(815): [client 2409:8057:2070::114:130c:53328] AH01626: authorization result of : granted, referer: https://www.najh.ilc.edu.tw/2024/10/22/
[Wed Aug 26 00:04:31.444263 2026] [ssl:debug] [pid 2083453:tid 2083453] ssl_engine_kernel.c(2222): [client 2409:8a28:4eff:7035:f438:e360:1609:f878:52246] AH02043: SSL virtual host for servername 2blog.ilc.edu.tw found
[Wed Aug 26 00:04:31.444313 2026] [core:debug] [pid 2083453:tid 2083453] protocol.c(2460): [client 2409:8a28:4eff:7035:f438:e360:1609:f878:52246] AH03155: select protocol from , choices=h2,http/1.1 for server 2blog.ilc.edu.tw
[Wed Aug 26 00:04:31.444351 2026] [ssl:debug] [pid 2083453:tid 2083453] ssl_util_stapling.c(819): AH01951: stapling_cb: OCSP Stapling callback called
[Wed Aug 26 00:04:31.444356 2026] [ssl:info] [pid 2083453:tid 2083453] AH01926: stapling_get_certinfo: stapling not supported for certificate
[Wed Aug 26 00:04:31.444647 2026] [deflate:debug] [pid 2083277:tid 2083277] mod_deflate.c(909): [client 2409:8057:2070::114:130c:53328] AH01384: Zlib: Compressed 14581 to 3765 : URL /wp-content/themes/oceanwp/assets/js/drop-down-mobile-menu.min.js, referer: https://www.najh.ilc.edu.tw/2024/10/22/
[Wed Aug 26 00:04:31.444701 2026] [deflate:debug] [pid 2083389:tid 2083389] mod_deflate.c(909): [client 2409:8057:2070::114:130c:53334] AH01384: Zlib: Compressed 20216 to 7328 : URL /wp-content/themes/oceanwp/assets/js/vendors/magnific-popup.min.js, referer: https://www.najh.ilc.edu.tw/2024/10/22/
[Wed Aug 26 00:04:31.445923 2026] [ssl:debug] [pid 2083366:tid 2083366] ssl_engine_kernel.c(254): [client 2409:8057:2070::114:130c:52980] AH02034: Subsequent (No.5) HTTPS request received for child 12 (server www.najh.ilc.edu.tw:443), referer: https://www.najh.ilc.edu.tw/2024/10/22/
[Wed Aug 26 00:04:31.446095 2026] [authz_core:debug] [pid 2083366:tid 2083366] mod_authz_core.c(815): [client 2409:8057:2070::114:130c:52980] AH01626: authorization result of Require all granted: granted, referer: https://www.najh.ilc.edu.tw/2024/10/22/
[Wed Aug 26 00:04:31.446100 2026] [authz_core:debug] [pid 2083366:tid 2083366] mod_authz_core.c(815): [client 2409:8057:2070::114:130c:52980] AH01626: authorization result of : granted, referer: https://www.najh.ilc.edu.tw/2024/10/22/
[Wed Aug 26 00:04:31.446331 2026] [deflate:debug] [pid 2083366:tid 2083366] mod_deflate.c(909): [client 2409:8057:2070::114:130c:52980] AH01384: Zlib: Compressed 4111 to 1423 : URL /wp-content/themes/oceanwp/assets/js/ow-lightbox.min.js, referer: https://www.najh.ilc.edu.tw/2024/10/22/
[Wed Aug 26 00:04:31.447310 2026] [ssl:debug] [pid 2083388:tid 2083388] ssl_engine_kernel.c(254): [client 2409:8057:2070::114:130c:53320] AH02034: Subsequent (No.2) HTTPS request received for child 1 (server www.najh.ilc.edu.tw:443), referer: https://www.najh.ilc.edu.tw/2024/10/22/
[Wed Aug 26 00:04:31.447894 2026] [authz_core:debug] [pid 2083388:tid 2083388] mod_authz_core.c(815): [client 2409:8057:2070::114:130c:53320] AH01626: authorization result of Require all granted: granted, referer: https://www.najh.ilc.edu.tw/2024/10/22/
[Wed Aug 26 00:04:31.447920 2026] [authz_core:debug] [pid 2083388:tid 2083388] mod_authz_core.c(815): [client 2409:8057:2070::114:130c:53320] AH01626: authorization result of : granted, referer: https://www.najh.ilc.edu.tw/2024/10/22/
[Wed Aug 26 00:04:31.448903 2026] [deflate:debug] [pid 2083388:tid 2083388] mod_deflate.c(909): [client 2409:8057:2070::114:130c:53320] AH01384: Zlib: Compressed 7540 to 2070 : URL /wp-content/themes/oceanwp/assets/js/drop-down-search.min.js, referer: https://www.najh.ilc.edu.tw/2024/10/22/
[Wed Aug 26 00:04:31.503477 2026] [ssl:debug] [pid 2083467:tid 2083467] ssl_engine_kernel.c(254): [client 2409:8057:2070::114:130c:53330] AH02034: Subsequent (No.4) HTTPS request received for child 28 (server www.najh.ilc.edu.tw:443), referer: https://www.najh.ilc.edu.tw/2024/10/22/
[Wed Aug 26 00:04:31.503753 2026] [authz_core:debug] [pid 2083467:tid 2083467] mod_authz_core.c(815): [client 2409:8057:2070::114:130c:53330] AH01626: authorization result of Require all granted: granted, referer: https://www.najh.ilc.edu.tw/2024/10/22/
[Wed Aug 26 00:04:31.503760 2026] [authz_core:debug] [pid 2083467:tid 2083467] mod_authz_core.c(815): [client 2409:8057:2070::114:130c:53330] AH01626: authorization result of : granted, referer: https://www.najh.ilc.edu.tw/2024/10/22/
[Wed Aug 26 00:04:31.505956 2026] [deflate:debug] [pid 2083467:tid 2083467] mod_deflate.c(909): [client 2409:8057:2070::114:130c:53330] AH01384: Zlib: Compressed 57513 to 14083 : URL /wp-content/themes/oceanwp/assets/js/vendors/flickity.pkgd.min.js, referer: https://www.najh.ilc.edu.tw/2024/10/22/
[Wed Aug 26 00:04:31.573895 2026] [ssl:info] [pid 2083456:tid 2083456] [client 52.4.213.199:47697] AH01964: Connection to child 15 established (server 2blog.ilc.edu.tw:443)
[Wed Aug 26 00:04:31.574319 2026] [ssl:debug] [pid 2083456:tid 2083456] ssl_engine_kernel.c(2222): [client 52.4.213.199:47697] AH02043: SSL virtual host for servername 2blog.ilc.edu.tw found
[Wed Aug 26 00:04:31.661931 2026] [ssl:info] [pid 2078749:tid 2078749] [client 34.171.68.95:55808] AH01964: Connection to child 10 established (server 2blog.ilc.edu.tw:443)
[Wed Aug 26 00:04:31.662153 2026] [ssl:debug] [pid 2078749:tid 2078749] ssl_engine_kernel.c(2222): [client 34.171.68.95:55808] AH02043: SSL virtual host for servername 2blog.ilc.edu.tw found
[Wed Aug 26 00:04:31.662219 2026] [core:debug] [pid 2078749:tid 2078749] protocol.c(2460): [client 34.171.68.95:55808] AH03155: select protocol from , choices=http/1.1 for server 2blog.ilc.edu.tw
[Wed Aug 26 00:04:31.676986 2026] [ssl:debug] [pid 2083343:tid 2083343] ssl_engine_kernel.c(254): [client 2409:8057:2070::114:130c:53322] AH02034: Subsequent (No.3) HTTPS request received for child 5 (server www.najh.ilc.edu.tw:443), referer: https://www.najh.ilc.edu.tw/wp-content/cache/www.najh.ilc.edu.tw/wpfc-minified/kcxb236g/6wh9.css
[Wed Aug 26 00:04:31.677598 2026] [authz_core:debug] [pid 2083343:tid 2083343] mod_authz_core.c(815): [client 2409:8057:2070::114:130c:53322] AH01626: authorization result of Require all granted: granted, referer: https://www.najh.ilc.edu.tw/wp-content/cache/www.najh.ilc.edu.tw/wpfc-minified/kcxb236g/6wh9.css
[Wed Aug 26 00:04:31.677617 2026] [authz_core:debug] [pid 2083343:tid 2083343] mod_authz_core.c(815): [client 2409:8057:2070::114:130c:53322] AH01626: authorization result of : granted, referer: https://www.najh.ilc.edu.tw/wp-content/cache/www.najh.ilc.edu.tw/wpfc-minified/kcxb236g/6wh9.css
[Wed Aug 26 00:04:31.681338 2026] [ssl:debug] [pid 2083389:tid 2083389] ssl_engine_kernel.c(254): [client 2409:8057:2070::114:130c:53334] AH02034: Subsequent (No.3) HTTPS request received for child 8 (server www.najh.ilc.edu.tw:443), referer: https://www.najh.ilc.edu.tw/2024/10/22/
[Wed Aug 26 00:04:31.681569 2026] [authz_core:debug] [pid 2083389:tid 2083389] mod_authz_core.c(815): [client 2409:8057:2070::114:130c:53334] AH01626: authorization result of Require all granted: granted, referer: https://www.najh.ilc.edu.tw/2024/10/22/
[Wed Aug 26 00:04:31.681575 2026] [authz_core:debug] [pid 2083389:tid 2083389] mod_authz_core.c(815): [client 2409:8057:2070::114:130c:53334] AH01626: authorization result of : granted, referer: https://www.najh.ilc.edu.tw/2024/10/22/
[Wed Aug 26 00:04:31.681809 2026] [deflate:debug] [pid 2083389:tid 2083389] mod_deflate.c(909): [client 2409:8057:2070::114:130c:53334] AH01384: Zlib: Compressed 2002 to 864 : URL /wp-content/themes/oceanwp/assets/js/ow-slider.min.js, referer: https://www.najh.ilc.edu.tw/2024/10/22/
[Wed Aug 26 00:04:31.684139 2026] [ssl:debug] [pid 2083277:tid 2083277] ssl_engine_kernel.c(254): [client 2409:8057:2070::114:130c:53328] AH02034: Subsequent (No.3) HTTPS request received for child 24 (server www.najh.ilc.edu.tw:443), referer: https://www.najh.ilc.edu.tw/wp-content/cache/www.najh.ilc.edu.tw/wpfc-minified/kcxb236g/6wh9.css
[Wed Aug 26 00:04:31.684315 2026] [authz_core:debug] [pid 2083277:tid 2083277] mod_authz_core.c(815): [client 2409:8057:2070::114:130c:53328] AH01626: authorization result of Require all granted: granted, referer: https://www.najh.ilc.edu.tw/wp-content/cache/www.najh.ilc.edu.tw/wpfc-minified/kcxb236g/6wh9.css
[Wed Aug 26 00:04:31.684320 2026] [authz_core:debug] [pid 2083277:tid 2083277] mod_authz_core.c(815): [client 2409:8057:2070::114:130c:53328] AH01626: authorization result of : granted, referer: https://www.najh.ilc.edu.tw/wp-content/cache/www.najh.ilc.edu.tw/wpfc-minified/kcxb236g/6wh9.css
[Wed Aug 26 00:04:31.686323 2026] [ssl:debug] [pid 2083366:tid 2083366] ssl_engine_kernel.c(254): [client 2409:8057:2070::114:130c:52980] AH02034: Subsequent (No.6) HTTPS request received for child 12 (server www.najh.ilc.edu.tw:443), referer: https://www.najh.ilc.edu.tw/2024/10/22/
[Wed Aug 26 00:04:31.686786 2026] [authz_core:debug] [pid 2083366:tid 2083366] mod_authz_core.c(815): [client 2409:8057:2070::114:130c:52980] AH01626: authorization result of Require all granted: granted, referer: https://www.najh.ilc.edu.tw/2024/10/22/
[Wed Aug 26 00:04:31.686800 2026] [authz_core:debug] [pid 2083366:tid 2083366] mod_authz_core.c(815): [client 2409:8057:2070::114:130c:52980] AH01626: authorization result of : granted, referer: https://www.najh.ilc.edu.tw/2024/10/22/
[Wed Aug 26 00:04:31.688072 2026] [deflate:debug] [pid 2083366:tid 2083366] mod_deflate.c(909): [client 2409:8057:2070::114:130c:52980] AH01384: Zlib: Compressed 12402 to 3229 : URL /wp-content/themes/oceanwp/assets/js/scroll-effect.min.js, referer: https://www.najh.ilc.edu.tw/2024/10/22/
[Wed Aug 26 00:04:31.698971 2026] [ssl:debug] [pid 2083388:tid 2083388] ssl_engine_kernel.c(254): [client 2409:8057:2070::114:130c:53320] AH02034: Subsequent (No.3) HTTPS request received for child 1 (server www.najh.ilc.edu.tw:443), referer: https://www.najh.ilc.edu.tw/2024/10/22/
[Wed Aug 26 00:04:31.699148 2026] [authz_core:debug] [pid 2083388:tid 2083388] mod_authz_core.c(815): [client 2409:8057:2070::114:130c:53320] AH01626: authorization result of Require all granted: granted, referer: https://www.najh.ilc.edu.tw/2024/10/22/
[Wed Aug 26 00:04:31.699154 2026] [authz_core:debug] [pid 2083388:tid 2083388] mod_authz_core.c(815): [client 2409:8057:2070::114:130c:53320] AH01626: authorization result of : granted, referer: https://www.najh.ilc.edu.tw/2024/10/22/
[Wed Aug 26 00:04:31.699492 2026] [deflate:debug] [pid 2083388:tid 2083388] mod_deflate.c(909): [client 2409:8057:2070::114:130c:53320] AH01384: Zlib: Compressed 8989 to 2304 : URL /wp-content/themes/oceanwp/assets/js/scroll-top.min.js, referer: https://www.najh.ilc.edu.tw/2024/10/22/
[Wed Aug 26 00:04:31.747599 2026] [ssl:debug] [pid 2083467:tid 2083467] ssl_engine_kernel.c(254): [client 2409:8057:2070::114:130c:53330] AH02034: Subsequent (No.5) HTTPS request received for child 28 (server www.najh.ilc.edu.tw:443), referer: https://www.najh.ilc.edu.tw/2024/10/22/
[Wed Aug 26 00:04:31.747827 2026] [authz_core:debug] [pid 2083467:tid 2083467] mod_authz_core.c(815): [client 2409:8057:2070::114:130c:53330] AH01626: authorization result of Require all granted: granted, referer: https://www.najh.ilc.edu.tw/2024/10/22/
[Wed Aug 26 00:04:31.747832 2026] [authz_core:debug] [pid 2083467:tid 2083467] mod_authz_core.c(815): [client 2409:8057:2070::114:130c:53330] AH01626: authorization result of : granted, referer: https://www.najh.ilc.edu.tw/2024/10/22/
[Wed Aug 26 00:04:31.748109 2026] [deflate:debug] [pid 2083467:tid 2083467] mod_deflate.c(909): [client 2409:8057:2070::114:130c:53330] AH01384: Zlib: Compressed 5181 to 1510 : URL /wp-content/themes/oceanwp/assets/js/select.min.js, referer: https://www.najh.ilc.edu.tw/2024/10/22/
[Wed Aug 26 00:04:31.795846 2026] [ssl:debug] [pid 2083456:tid 2083456] ssl_engine_kernel.c(2082): [client 52.4.213.199:47697] AH02041: Protocol: TLSv1.3, Cipher: TLS_AES_256_GCM_SHA384 (256/256 bits)
[Wed Aug 26 00:04:31.795948 2026] [socache_shmcb:debug] [pid 2083456:tid 2083456] mod_socache_shmcb.c(508): AH00831: socache_shmcb_store (0x08 -> subcache 8)
[Wed Aug 26 00:04:31.795975 2026] [socache_shmcb:debug] [pid 2083456:tid 2083456] mod_socache_shmcb.c(860): AH00847: insert happened at idx=30, data=(6677:6709)
[Wed Aug 26 00:04:31.795977 2026] [socache_shmcb:debug] [pid 2083456:tid 2083456] mod_socache_shmcb.c(863): AH00848: finished insert, subcache: idx_pos/idx_used=0/31, data_pos/data_used=0/6890
[Wed Aug 26 00:04:31.795979 2026] [socache_shmcb:debug] [pid 2083456:tid 2083456] mod_socache_shmcb.c(530): AH00834: leaving socache_shmcb_store successfully
[Wed Aug 26 00:04:31.796036 2026] [socache_shmcb:debug] [pid 2083456:tid 2083456] mod_socache_shmcb.c(508): AH00831: socache_shmcb_store (0x02 -> subcache 2)
[Wed Aug 26 00:04:31.796041 2026] [socache_shmcb:debug] [pid 2083456:tid 2083456] mod_socache_shmcb.c(860): AH00847: insert happened at idx=24, data=(5297:5329)
[Wed Aug 26 00:04:31.796043 2026] [socache_shmcb:debug] [pid 2083456:tid 2083456] mod_socache_shmcb.c(863): AH00848: finished insert, subcache: idx_pos/idx_used=0/25, data_pos/data_used=0/5510
[Wed Aug 26 00:04:31.796045 2026] [socache_shmcb:debug] [pid 2083456:tid 2083456] mod_socache_shmcb.c(530): AH00834: leaving socache_shmcb_store successfully
[Wed Aug 26 00:04:31.796176 2026] [ssl:debug] [pid 2083456:tid 2083456] ssl_engine_kernel.c(254): [client 52.4.213.199:47697] AH02034: Initial (No.1) HTTPS request received for child 15 (server 2blog.ilc.edu.tw:443)
[Wed Aug 26 00:04:31.796380 2026] [authz_core:debug] [pid 2083456:tid 2083456] mod_authz_core.c(815): [client 52.4.213.199:47697] AH01626: authorization result of Require all granted: granted
[Wed Aug 26 00:04:31.796385 2026] [authz_core:debug] [pid 2083456:tid 2083456] mod_authz_core.c(815): [client 52.4.213.199:47697] AH01626: authorization result of : granted
[Wed Aug 26 00:04:31.797367 2026] [authz_core:debug] [pid 2083456:tid 2083456] mod_authz_core.c(815): [client 52.4.213.199:47697] AH01626: authorization result of Require all granted: granted
[Wed Aug 26 00:04:31.797376 2026] [authz_core:debug] [pid 2083456:tid 2083456] mod_authz_core.c(815): [client 52.4.213.199:47697] AH01626: authorization result of : granted
[Wed Aug 26 00:04:31.799031 2026] [ssl:debug] [pid 2083456:tid 2083456] ssl_engine_io.c(1150): [client 52.4.213.199:47697] AH02001: Connection closed to child 15 with standard shutdown (server 2blog.ilc.edu.tw:443)
[Wed Aug 26 00:04:31.881771 2026] [ssl:debug] [pid 2078749:tid 2078749] ssl_engine_kernel.c(2082): [client 34.171.68.95:55808] AH02041: Protocol: TLSv1.3, Cipher: TLS_AES_256_GCM_SHA384 (256/256 bits)
[Wed Aug 26 00:04:31.881831 2026] [socache_shmcb:debug] [pid 2078749:tid 2078749] mod_socache_shmcb.c(508): AH00831: socache_shmcb_store (0x60 -> subcache 0)
[Wed Aug 26 00:04:31.881838 2026] [socache_shmcb:debug] [pid 2078749:tid 2078749] mod_socache_shmcb.c(860): AH00847: insert happened at idx=38, data=(8479:8511)
[Wed Aug 26 00:04:31.881860 2026] [socache_shmcb:debug] [pid 2078749:tid 2078749] mod_socache_shmcb.c(863): AH00848: finished insert, subcache: idx_pos/idx_used=0/39, data_pos/data_used=0/8704
[Wed Aug 26 00:04:31.881863 2026] [socache_shmcb:debug] [pid 2078749:tid 2078749] mod_socache_shmcb.c(530): AH00834: leaving socache_shmcb_store successfully
[Wed Aug 26 00:04:31.881935 2026] [socache_shmcb:debug] [pid 2078749:tid 2078749] mod_socache_shmcb.c(508): AH00831: socache_shmcb_store (0xc9 -> subcache 9)
[Wed Aug 26 00:04:31.881939 2026] [socache_shmcb:debug] [pid 2078749:tid 2078749] mod_socache_shmcb.c(860): AH00847: insert happened at idx=30, data=(6634:6666)
[Wed Aug 26 00:04:31.881941 2026] [socache_shmcb:debug] [pid 2078749:tid 2078749] mod_socache_shmcb.c(863): AH00848: finished insert, subcache: idx_pos/idx_used=0/31, data_pos/data_used=0/6860
[Wed Aug 26 00:04:31.881943 2026] [socache_shmcb:debug] [pid 2078749:tid 2078749] mod_socache_shmcb.c(530): AH00834: leaving socache_shmcb_store successfully
[Wed Aug 26 00:04:31.892036 2026] [ssl:debug] [pid 2078749:tid 2078749] ssl_engine_kernel.c(254): [client 34.171.68.95:55808] AH02034: Initial (No.1) HTTPS request received for child 10 (server 2blog.ilc.edu.tw:443)
[Wed Aug 26 00:04:31.892275 2026] [authz_core:debug] [pid 2078749:tid 2078749] mod_authz_core.c(815): [client 34.171.68.95:55808] AH01626: authorization result of Require all granted: granted
[Wed Aug 26 00:04:31.892280 2026] [authz_core:debug] [pid 2078749:tid 2078749] mod_authz_core.c(815): [client 34.171.68.95:55808] AH01626: authorization result of : granted
[Wed Aug 26 00:04:31.892434 2026] [authz_core:debug] [pid 2078749:tid 2078749] mod_authz_core.c(815): [client 34.171.68.95:55808] AH01626: authorization result of Require all granted: granted
[Wed Aug 26 00:04:31.892437 2026] [authz_core:debug] [pid 2078749:tid 2078749] mod_authz_core.c(815): [client 34.171.68.95:55808] AH01626: authorization result of : granted
[Wed Aug 26 00:04:31.911430 2026] [ssl:info] [pid 2083444:tid 2083444] (70014)End of file found: [client 192.178.15.229:61027] AH01992: SSL library error 6 reading data
[Wed Aug 26 00:04:31.911611 2026] [ssl:debug] [pid 2083444:tid 2083444] ssl_engine_io.c(1150): [client 192.178.15.229:61027] AH02001: Connection closed to child 11 with standard shutdown (server www.ples.ilc.edu.tw:443)
[Wed Aug 26 00:04:31.919314 2026] [ssl:debug] [pid 2083389:tid 2083389] ssl_engine_kernel.c(254): [client 2409:8057:2070::114:130c:53334] AH02034: Subsequent (No.4) HTTPS request received for child 8 (server www.najh.ilc.edu.tw:443), referer: https://www.najh.ilc.edu.tw/2024/10/22/
[Wed Aug 26 00:04:31.919548 2026] [authz_core:debug] [pid 2083389:tid 2083389] mod_authz_core.c(815): [client 2409:8057:2070::114:130c:53334] AH01626: authorization result of Require all granted: granted, referer: https://www.najh.ilc.edu.tw/2024/10/22/
[Wed Aug 26 00:04:31.919554 2026] [authz_core:debug] [pid 2083389:tid 2083389] mod_authz_core.c(815): [client 2409:8057:2070::114:130c:53334] AH01626: authorization result of : granted, referer: https://www.najh.ilc.edu.tw/2024/10/22/
[Wed Aug 26 00:04:31.922515 2026] [ssl:debug] [pid 2083277:tid 2083277] ssl_engine_kernel.c(254): [client 2409:8057:2070::114:130c:53328] AH02034: Subsequent (No.4) HTTPS request received for child 24 (server www.najh.ilc.edu.tw:443), referer: https://www.najh.ilc.edu.tw/2024/10/22/
[Wed Aug 26 00:04:31.922732 2026] [authz_core:debug] [pid 2083277:tid 2083277] mod_authz_core.c(815): [client 2409:8057:2070::114:130c:53328] AH01626: authorization result of Require all granted: granted, referer: https://www.najh.ilc.edu.tw/2024/10/22/
[Wed Aug 26 00:04:31.922738 2026] [authz_core:debug] [pid 2083277:tid 2083277] mod_authz_core.c(815): [client 2409:8057:2070::114:130c:53328] AH01626: authorization result of : granted, referer: https://www.najh.ilc.edu.tw/2024/10/22/
[Wed Aug 26 00:04:31.922982 2026] [deflate:debug] [pid 2083277:tid 2083277] mod_deflate.c(909): [client 2409:8057:2070::114:130c:53328] AH01384: Zlib: Compressed 712 to 422 : URL /wp-content/plugins/ocean-extra/includes/widgets/js/flickr.min.js, referer: https://www.najh.ilc.edu.tw/2024/10/22/
[Wed Aug 26 00:04:31.924551 2026] [deflate:debug] [pid 2083389:tid 2083389] mod_deflate.c(909): [client 2409:8057:2070::114:130c:53334] AH01384: Zlib: Compressed 158005 to 38771 : URL /wp-includes/js/mediaelement/mediaelement-and-player.min.js, referer: https://www.najh.ilc.edu.tw/2024/10/22/
[Wed Aug 26 00:04:31.929099 2026] [ssl:debug] [pid 2083366:tid 2083366] ssl_engine_kernel.c(254): [client 2409:8057:2070::114:130c:52980] AH02034: Subsequent (No.7) HTTPS request received for child 12 (server www.najh.ilc.edu.tw:443), referer: https://www.najh.ilc.edu.tw/2024/10/22/
[Wed Aug 26 00:04:31.929303 2026] [authz_core:debug] [pid 2083366:tid 2083366] mod_authz_core.c(815): [client 2409:8057:2070::114:130c:52980] AH01626: authorization result of Require all granted: granted, referer: https://www.najh.ilc.edu.tw/2024/10/22/
[Wed Aug 26 00:04:31.929309 2026] [authz_core:debug] [pid 2083366:tid 2083366] mod_authz_core.c(815): [client 2409:8057:2070::114:130c:52980] AH01626: authorization result of : granted, referer: https://www.najh.ilc.edu.tw/2024/10/22/
[Wed Aug 26 00:04:31.929518 2026] [deflate:debug] [pid 2083366:tid 2083366] mod_deflate.c(909): [client 2409:8057:2070::114:130c:52980] AH01384: Zlib: Compressed 1191 to 522 : URL /wp-includes/js/mediaelement/mediaelement-migrate.min.js, referer: https://www.najh.ilc.edu.tw/2024/10/22/
[Wed Aug 26 00:04:31.949439 2026] [ssl:debug] [pid 2083388:tid 2083388] ssl_engine_kernel.c(254): [client 2409:8057:2070::114:130c:53320] AH02034: Subsequent (No.4) HTTPS request received for child 1 (server www.najh.ilc.edu.tw:443), referer: https://www.najh.ilc.edu.tw/2024/10/22/
[Wed Aug 26 00:04:31.950024 2026] [authz_core:debug] [pid 2083388:tid 2083388] mod_authz_core.c(815): [client 2409:8057:2070::114:130c:53320] AH01626: authorization result of Require all granted: granted, referer: https://www.najh.ilc.edu.tw/2024/10/22/
[Wed Aug 26 00:04:31.950044 2026] [authz_core:debug] [pid 2083388:tid 2083388] mod_authz_core.c(815): [client 2409:8057:2070::114:130c:53320] AH01626: authorization result of : granted, referer: https://www.najh.ilc.edu.tw/2024/10/22/
[Wed Aug 26 00:04:31.950575 2026] [deflate:debug] [pid 2083388:tid 2083388] mod_deflate.c(909): [client 2409:8057:2070::114:130c:53320] AH01384: Zlib: Compressed 1107 to 520 : URL /wp-includes/js/mediaelement/wp-mediaelement.min.js, referer: https://www.najh.ilc.edu.tw/2024/10/22/
[Wed Aug 26 00:04:31.989151 2026] [ssl:debug] [pid 2083467:tid 2083467] ssl_engine_kernel.c(254): [client 2409:8057:2070::114:130c:53330] AH02034: Subsequent (No.6) HTTPS request received for child 28 (server www.najh.ilc.edu.tw:443), referer: https://www.najh.ilc.edu.tw/2024/10/22/
[Wed Aug 26 00:04:31.989380 2026] [authz_core:debug] [pid 2083467:tid 2083467] mod_authz_core.c(815): [client 2409:8057:2070::114:130c:53330] AH01626: authorization result of Require all granted: granted, referer: https://www.najh.ilc.edu.tw/2024/10/22/
[Wed Aug 26 00:04:31.989386 2026] [authz_core:debug] [pid 2083467:tid 2083467] mod_authz_core.c(815): [client 2409:8057:2070::114:130c:53330] AH01626: authorization result of : granted, referer: https://www.najh.ilc.edu.tw/2024/10/22/
[Wed Aug 26 00:04:31.989716 2026] [deflate:debug] [pid 2083467:tid 2083467] mod_deflate.c(909): [client 2409:8057:2070::114:130c:53330] AH01384: Zlib: Compressed 6464 to 2266 : URL /wp-includes/js/mediaelement/renderers/vimeo.min.js, referer: https://www.najh.ilc.edu.tw/2024/10/22/
[Wed Aug 26 00:04:32.071805 2026] [ssl:info] [pid 2083459:tid 2083459] (70014)End of file found: [client 192.178.15.224:53463] AH01992: SSL library error 6 reading data
[Wed Aug 26 00:04:32.071902 2026] [ssl:debug] [pid 2083459:tid 2083459] ssl_engine_io.c(1150): [client 192.178.15.224:53463] AH02001: Connection closed to child 18 with standard shutdown (server www.ples.ilc.edu.tw:443)
[Wed Aug 26 00:04:32.072566 2026] [ssl:info] [pid 2083457:tid 2083457] (70014)End of file found: [client 192.178.15.224:42950] AH01992: SSL library error 6 reading data
[Wed Aug 26 00:04:32.072570 2026] [ssl:info] [pid 2083460:tid 2083460] (70014)End of file found: [client 192.178.15.224:44451] AH01992: SSL library error 6 reading data
[Wed Aug 26 00:04:32.072632 2026] [ssl:debug] [pid 2083460:tid 2083460] ssl_engine_io.c(1150): [client 192.178.15.224:44451] AH02001: Connection closed to child 19 with standard shutdown (server www.ples.ilc.edu.tw:443)
[Wed Aug 26 00:04:32.072633 2026] [ssl:debug] [pid 2083457:tid 2083457] ssl_engine_io.c(1150): [client 192.178.15.224:42950] AH02001: Connection closed to child 16 with standard shutdown (server www.ples.ilc.edu.tw:443)
[Wed Aug 26 00:04:32.227023 2026] [ssl:info] [pid 2083471:tid 2083471] [client 34.196.237.236:23093] AH01964: Connection to child 30 established (server 2blog.ilc.edu.tw:443)
[Wed Aug 26 00:04:32.227502 2026] [ssl:debug] [pid 2083471:tid 2083471] ssl_engine_kernel.c(2222): [client 34.196.237.236:23093] AH02043: SSL virtual host for servername 2blog.ilc.edu.tw found
[Wed Aug 26 00:04:32.251810 2026] [ssl:info] [pid 2083455:tid 2083455] [client 34.56.53.225:33794] AH01964: Connection to child 14 established (server 2blog.ilc.edu.tw:443)
[Wed Aug 26 00:04:32.252022 2026] [ssl:info] [pid 2083455:tid 2083455] (70014)End of file found: [client 34.56.53.225:33794] AH02006: SSL handshake stopped: connection was closed
[Wed Aug 26 00:04:32.252030 2026] [ssl:info] [pid 2083455:tid 2083455] [client 34.56.53.225:33794] AH01998: Connection closed to child 14 with abortive shutdown (server 2blog.ilc.edu.tw:443)
[Wed Aug 26 00:04:32.265075 2026] [ssl:debug] [pid 2083453:tid 2083453] ssl_engine_kernel.c(2082): [client 2409:8a28:4eff:7035:f438:e360:1609:f878:52246] AH02041: Protocol: TLSv1.3, Cipher: TLS_AES_256_GCM_SHA384 (256/256 bits)
[Wed Aug 26 00:04:32.265228 2026] [socache_shmcb:debug] [pid 2083453:tid 2083453] mod_socache_shmcb.c(508): AH00831: socache_shmcb_store (0x94 -> subcache 20)
[Wed Aug 26 00:04:32.265267 2026] [socache_shmcb:debug] [pid 2083453:tid 2083453] mod_socache_shmcb.c(860): AH00847: insert happened at idx=33, data=(7424:7456)
[Wed Aug 26 00:04:32.265275 2026] [socache_shmcb:debug] [pid 2083453:tid 2083453] mod_socache_shmcb.c(863): AH00848: finished insert, subcache: idx_pos/idx_used=0/34, data_pos/data_used=0/7649
[Wed Aug 26 00:04:32.265283 2026] [socache_shmcb:debug] [pid 2083453:tid 2083453] mod_socache_shmcb.c(530): AH00834: leaving socache_shmcb_store successfully
[Wed Aug 26 00:04:32.265430 2026] [socache_shmcb:debug] [pid 2083453:tid 2083453] mod_socache_shmcb.c(508): AH00831: socache_shmcb_store (0x44 -> subcache 4)
[Wed Aug 26 00:04:32.265446 2026] [socache_shmcb:debug] [pid 2083453:tid 2083453] mod_socache_shmcb.c(860): AH00847: insert happened at idx=30, data=(6604:6636)
[Wed Aug 26 00:04:32.265454 2026] [socache_shmcb:debug] [pid 2083453:tid 2083453] mod_socache_shmcb.c(863): AH00848: finished insert, subcache: idx_pos/idx_used=0/31, data_pos/data_used=0/6829
[Wed Aug 26 00:04:32.265461 2026] [socache_shmcb:debug] [pid 2083453:tid 2083453] mod_socache_shmcb.c(530): AH00834: leaving socache_shmcb_store successfully
[Wed Aug 26 00:04:32.265739 2026] [ssl:debug] [pid 2083453:tid 2083453] ssl_engine_kernel.c(254): [client 2409:8a28:4eff:7035:f438:e360:1609:f878:52246] AH02034: Initial (No.1) HTTPS request received for child 13 (server 2blog.ilc.edu.tw:443), referer: https://2blog.ilc.edu.tw/6509/2012/11/
[Wed Aug 26 00:04:32.266266 2026] [authz_core:debug] [pid 2083453:tid 2083453] mod_authz_core.c(815): [client 2409:8a28:4eff:7035:f438:e360:1609:f878:52246] AH01626: authorization result of Require all granted: granted, referer: https://2blog.ilc.edu.tw/6509/2012/11/
[Wed Aug 26 00:04:32.266282 2026] [authz_core:debug] [pid 2083453:tid 2083453] mod_authz_core.c(815): [client 2409:8a28:4eff:7035:f438:e360:1609:f878:52246] AH01626: authorization result of : granted, referer: https://2blog.ilc.edu.tw/6509/2012/11/
[Wed Aug 26 00:04:32.266739 2026] [authz_core:debug] [pid 2083453:tid 2083453] mod_authz_core.c(815): [client 2409:8a28:4eff:7035:f438:e360:1609:f878:52246] AH01626: authorization result of Require all granted: granted, referer: https://2blog.ilc.edu.tw/6509/2012/11/
[Wed Aug 26 00:04:32.266757 2026] [authz_core:debug] [pid 2083453:tid 2083453] mod_authz_core.c(815): [client 2409:8a28:4eff:7035:f438:e360:1609:f878:52246] AH01626: authorization result of : granted, referer: https://2blog.ilc.edu.tw/6509/2012/11/
[Wed Aug 26 00:04:32.267432 2026] [deflate:debug] [pid 2083453:tid 2083453] mod_deflate.c(909): [client 2409:8a28:4eff:7035:f438:e360:1609:f878:52246] AH01384: Zlib: Compressed 486 to 267 : URL /wp-content/cache/2blog.ilc.edu.tw/wpfc-minified/fqa24zyx/5wokb.css, referer: https://2blog.ilc.edu.tw/6509/2012/11/
[Wed Aug 26 00:04:32.364671 2026] [ssl:info] [pid 2083458:tid 2083458] (70014)End of file found: [client 192.178.15.225:64627] AH01992: SSL library error 6 reading data
[Wed Aug 26 00:04:32.364812 2026] [ssl:debug] [pid 2083458:tid 2083458] ssl_engine_io.c(1150): [client 192.178.15.225:64627] AH02001: Connection closed to child 17 with standard shutdown (server www.ples.ilc.edu.tw:443)
[Wed Aug 26 00:04:32.385398 2026] [ssl:info] [pid 2083444:tid 2083444] [client 136.119.35.120:9728] AH01964: Connection to child 11 established (server 2blog.ilc.edu.tw:443)
[Wed Aug 26 00:04:32.385694 2026] [ssl:debug] [pid 2083444:tid 2083444] ssl_engine_kernel.c(2222): [client 136.119.35.120:9728] AH02043: SSL virtual host for servername 2blog.ilc.edu.tw found
[Wed Aug 26 00:04:32.385759 2026] [core:debug] [pid 2083444:tid 2083444] protocol.c(2460): [client 136.119.35.120:9728] AH03155: select protocol from , choices=http/1.1 for server 2blog.ilc.edu.tw
[Wed Aug 26 00:04:32.452801 2026] [ssl:debug] [pid 2083471:tid 2083471] ssl_engine_kernel.c(2082): [client 34.196.237.236:23093] AH02041: Protocol: TLSv1.3, Cipher: TLS_AES_256_GCM_SHA384 (256/256 bits)
[Wed Aug 26 00:04:32.452889 2026] [socache_shmcb:debug] [pid 2083471:tid 2083471] mod_socache_shmcb.c(508): AH00831: socache_shmcb_store (0xd0 -> subcache 16)
[Wed Aug 26 00:04:32.452907 2026] [socache_shmcb:debug] [pid 2083471:tid 2083471] mod_socache_shmcb.c(860): AH00847: insert happened at idx=27, data=(5974:6006)
[Wed Aug 26 00:04:32.452909 2026] [socache_shmcb:debug] [pid 2083471:tid 2083471] mod_socache_shmcb.c(863): AH00848: finished insert, subcache: idx_pos/idx_used=0/28, data_pos/data_used=0/6188
[Wed Aug 26 00:04:32.452912 2026] [socache_shmcb:debug] [pid 2083471:tid 2083471] mod_socache_shmcb.c(530): AH00834: leaving socache_shmcb_store successfully
[Wed Aug 26 00:04:32.452985 2026] [socache_shmcb:debug] [pid 2083471:tid 2083471] mod_socache_shmcb.c(508): AH00831: socache_shmcb_store (0x75 -> subcache 21)
[Wed Aug 26 00:04:32.452994 2026] [socache_shmcb:debug] [pid 2083471:tid 2083471] mod_socache_shmcb.c(860): AH00847: insert happened at idx=36, data=(7989:8021)
[Wed Aug 26 00:04:32.452996 2026] [socache_shmcb:debug] [pid 2083471:tid 2083471] mod_socache_shmcb.c(863): AH00848: finished insert, subcache: idx_pos/idx_used=0/37, data_pos/data_used=0/8202
[Wed Aug 26 00:04:32.452998 2026] [socache_shmcb:debug] [pid 2083471:tid 2083471] mod_socache_shmcb.c(530): AH00834: leaving socache_shmcb_store successfully
[Wed Aug 26 00:04:32.453184 2026] [ssl:debug] [pid 2083471:tid 2083471] ssl_engine_kernel.c(254): [client 34.196.237.236:23093] AH02034: Initial (No.1) HTTPS request received for child 30 (server 2blog.ilc.edu.tw:443)
[Wed Aug 26 00:04:32.453566 2026] [authz_core:debug] [pid 2083471:tid 2083471] mod_authz_core.c(815): [client 34.196.237.236:23093] AH01626: authorization result of Require all granted: granted
[Wed Aug 26 00:04:32.453576 2026] [authz_core:debug] [pid 2083471:tid 2083471] mod_authz_core.c(815): [client 34.196.237.236:23093] AH01626: authorization result of : granted
[Wed Aug 26 00:04:32.454754 2026] [authz_core:debug] [pid 2083471:tid 2083471] mod_authz_core.c(815): [client 34.196.237.236:23093] AH01626: authorization result of Require all granted: granted
[Wed Aug 26 00:04:32.454778 2026] [authz_core:debug] [pid 2083471:tid 2083471] mod_authz_core.c(815): [client 34.196.237.236:23093] AH01626: authorization result of : granted
[Wed Aug 26 00:04:32.633942 2026] [ssl:debug] [pid 2083453:tid 2083453] ssl_engine_kernel.c(254): [client 2409:8a28:4eff:7035:f438:e360:1609:f878:52246] AH02034: Subsequent (No.2) HTTPS request received for child 13 (server 2blog.ilc.edu.tw:443), referer: https://2blog.ilc.edu.tw/6509/2012/11/
[Wed Aug 26 00:04:32.634696 2026] [authz_core:debug] [pid 2083453:tid 2083453] mod_authz_core.c(815): [client 2409:8a28:4eff:7035:f438:e360:1609:f878:52246] AH01626: authorization result of Require all granted: granted, referer: https://2blog.ilc.edu.tw/6509/2012/11/
[Wed Aug 26 00:04:32.634730 2026] [authz_core:debug] [pid 2083453:tid 2083453] mod_authz_core.c(815): [client 2409:8a28:4eff:7035:f438:e360:1609:f878:52246] AH01626: authorization result of : granted, referer: https://2blog.ilc.edu.tw/6509/2012/11/
[Wed Aug 26 00:04:32.635236 2026] [authz_core:debug] [pid 2083453:tid 2083453] mod_authz_core.c(815): [client 2409:8a28:4eff:7035:f438:e360:1609:f878:52246] AH01626: authorization result of Require all granted: granted, referer: https://2blog.ilc.edu.tw/6509/2012/11/
[Wed Aug 26 00:04:32.635257 2026] [authz_core:debug] [pid 2083453:tid 2083453] mod_authz_core.c(815): [client 2409:8a28:4eff:7035:f438:e360:1609:f878:52246] AH01626: authorization result of : granted, referer: https://2blog.ilc.edu.tw/6509/2012/11/
[Wed Aug 26 00:04:32.648764 2026] [deflate:debug] [pid 2083453:tid 2083453] mod_deflate.c(909): [client 2409:8a28:4eff:7035:f438:e360:1609:f878:52246] AH01384: Zlib: Compressed 295667 to 52568 : URL /wp-content/cache/2blog.ilc.edu.tw/wpfc-minified/99gz6ym5/5wokb.css, referer: https://2blog.ilc.edu.tw/6509/2012/11/
[Wed Aug 26 00:04:32.713065 2026] [ssl:info] [pid 2083459:tid 2083459] [client 34.123.149.87:9728] AH01964: Connection to child 18 established (server 2blog.ilc.edu.tw:443)
[Wed Aug 26 00:04:32.713301 2026] [ssl:debug] [pid 2083459:tid 2083459] ssl_engine_kernel.c(2222): [client 34.123.149.87:9728] AH02043: SSL virtual host for servername 2blog.ilc.edu.tw found
[Wed Aug 26 00:04:32.713369 2026] [core:debug] [pid 2083459:tid 2083459] protocol.c(2460): [client 34.123.149.87:9728] AH03155: select protocol from , choices=http/1.1 for server 2blog.ilc.edu.tw
[Wed Aug 26 00:04:32.721026 2026] [ssl:debug] [pid 2083444:tid 2083444] ssl_engine_kernel.c(2082): [client 136.119.35.120:9728] AH02041: Protocol: TLSv1.3, Cipher: TLS_AES_256_GCM_SHA384 (256/256 bits)
[Wed Aug 26 00:04:32.721074 2026] [socache_shmcb:debug] [pid 2083444:tid 2083444] mod_socache_shmcb.c(508): AH00831: socache_shmcb_store (0xf8 -> subcache 24)
[Wed Aug 26 00:04:32.721097 2026] [socache_shmcb:debug] [pid 2083444:tid 2083444] mod_socache_shmcb.c(860): AH00847: insert happened at idx=33, data=(7332:7364)
[Wed Aug 26 00:04:32.721099 2026] [socache_shmcb:debug] [pid 2083444:tid 2083444] mod_socache_shmcb.c(863): AH00848: finished insert, subcache: idx_pos/idx_used=1/33, data_pos/data_used=228/7330
[Wed Aug 26 00:04:32.721102 2026] [socache_shmcb:debug] [pid 2083444:tid 2083444] mod_socache_shmcb.c(530): AH00834: leaving socache_shmcb_store successfully
[Wed Aug 26 00:04:32.721149 2026] [socache_shmcb:debug] [pid 2083444:tid 2083444] mod_socache_shmcb.c(508): AH00831: socache_shmcb_store (0x7f -> subcache 31)
[Wed Aug 26 00:04:32.721158 2026] [socache_shmcb:debug] [pid 2083444:tid 2083444] mod_socache_shmcb.c(860): AH00847: insert happened at idx=12, data=(2618:2650)
[Wed Aug 26 00:04:32.721160 2026] [socache_shmcb:debug] [pid 2083444:tid 2083444] mod_socache_shmcb.c(863): AH00848: finished insert, subcache: idx_pos/idx_used=0/13, data_pos/data_used=0/2844
[Wed Aug 26 00:04:32.721162 2026] [socache_shmcb:debug] [pid 2083444:tid 2083444] mod_socache_shmcb.c(530): AH00834: leaving socache_shmcb_store successfully
[Wed Aug 26 00:04:32.760193 2026] [ssl:debug] [pid 2083357:tid 2083357] ssl_engine_kernel.c(2082): [client 2409:8a28:4eff:7035:f438:e360:1609:f878:52238] AH02041: Protocol: TLSv1.3, Cipher: TLS_AES_256_GCM_SHA384 (256/256 bits)
[Wed Aug 26 00:04:32.760284 2026] [socache_shmcb:debug] [pid 2083357:tid 2083357] mod_socache_shmcb.c(508): AH00831: socache_shmcb_store (0x59 -> subcache 25)
[Wed Aug 26 00:04:32.760291 2026] [socache_shmcb:debug] [pid 2083357:tid 2083357] mod_socache_shmcb.c(860): AH00847: insert happened at idx=26, data=(5776:5808)
[Wed Aug 26 00:04:32.760293 2026] [socache_shmcb:debug] [pid 2083357:tid 2083357] mod_socache_shmcb.c(863): AH00848: finished insert, subcache: idx_pos/idx_used=0/27, data_pos/data_used=0/6002
[Wed Aug 26 00:04:32.760296 2026] [socache_shmcb:debug] [pid 2083357:tid 2083357] mod_socache_shmcb.c(530): AH00834: leaving socache_shmcb_store successfully
[Wed Aug 26 00:04:32.760483 2026] [ssl:debug] [pid 2083357:tid 2083357] ssl_engine_kernel.c(254): [client 2409:8a28:4eff:7035:f438:e360:1609:f878:52238] AH02034: Initial (No.1) HTTPS request received for child 0 (server 2blog.ilc.edu.tw:443), referer: https://2blog.ilc.edu.tw/6509/2012/11/
[Wed Aug 26 00:04:32.760703 2026] [authz_core:debug] [pid 2083357:tid 2083357] mod_authz_core.c(815): [client 2409:8a28:4eff:7035:f438:e360:1609:f878:52238] AH01626: authorization result of Require all granted: granted, referer: https://2blog.ilc.edu.tw/6509/2012/11/
[Wed Aug 26 00:04:32.760708 2026] [authz_core:debug] [pid 2083357:tid 2083357] mod_authz_core.c(815): [client 2409:8a28:4eff:7035:f438:e360:1609:f878:52238] AH01626: authorization result of : granted, referer: https://2blog.ilc.edu.tw/6509/2012/11/
[Wed Aug 26 00:04:32.761149 2026] [authz_core:debug] [pid 2083357:tid 2083357] mod_authz_core.c(815): [client 2409:8a28:4eff:7035:f438:e360:1609:f878:52238] AH01626: authorization result of Require all granted: granted, referer: https://2blog.ilc.edu.tw/6509/2012/11/
[Wed Aug 26 00:04:32.761159 2026] [authz_core:debug] [pid 2083357:tid 2083357] mod_authz_core.c(815): [client 2409:8a28:4eff:7035:f438:e360:1609:f878:52238] AH01626: authorization result of : granted, referer: https://2blog.ilc.edu.tw/6509/2012/11/
[Wed Aug 26 00:04:32.765609 2026] [deflate:debug] [pid 2083357:tid 2083357] mod_deflate.c(909): [client 2409:8a28:4eff:7035:f438:e360:1609:f878:52238] AH01384: Zlib: Compressed 101300 to 34534 : URL /wp-content/cache/2blog.ilc.edu.tw/wpfc-minified/la9mmi8r/5wokb.js, referer: https://2blog.ilc.edu.tw/6509/2012/11/
