[Wed Aug 26 00:04:13.125820 2026] [headers:debug] [pid 2083365:tid 2083365] mod_headers.c(900): AH01503: headers: ap_headers_error_filter()
[Wed Aug 26 00:04:13.167072 2026] [ssl:info] [pid 2083366:tid 2083366] [client 2001:288:a201::66:125:40604] AH01964: Connection to child 12 established (server 2blog.ilc.edu.tw:443)
[Wed Aug 26 00:04:13.167288 2026] [ssl:debug] [pid 2083366:tid 2083366] ssl_engine_kernel.c(2252): [client 2001:288:a201::66:125:40604] AH02645: Server name not provided via TLS extension (using default/first virtual host)
[Wed Aug 26 00:04:13.167308 2026] [socache_shmcb:debug] [pid 2083366:tid 2083366] mod_socache_shmcb.c(545): AH00835: socache_shmcb_retrieve (0x6f -> subcache 15)
[Wed Aug 26 00:04:13.167312 2026] [socache_shmcb:debug] [pid 2083366:tid 2083366] mod_socache_shmcb.c(896): AH00849: match at idx=0, data=0
[Wed Aug 26 00:04:13.167314 2026] [socache_shmcb:debug] [pid 2083366:tid 2083366] mod_socache_shmcb.c(556): AH00836: leaving socache_shmcb_retrieve successfully
[Wed Aug 26 00:04:13.167883 2026] [ssl:debug] [pid 2083366:tid 2083366] ssl_engine_kernel.c(2082): [client 2001:288:a201::66:125:40604] AH02041: Protocol: TLSv1.2, Cipher: ECDHE-RSA-AES256-GCM-SHA384 (256/256 bits)
[Wed Aug 26 00:04:13.168229 2026] [ssl:debug] [pid 2083366:tid 2083366] ssl_engine_kernel.c(254): [client 2001:288:a201::66:125:40604] AH02034: Initial (No.1) HTTPS request received for child 12 (server 2blog.ilc.edu.tw:443)
[Wed Aug 26 00:04:13.168428 2026] [authz_core:debug] [pid 2083366:tid 2083366] mod_authz_core.c(815): [client 2001:288:a201::66:125:40604] AH01626: authorization result of Require all granted: granted
[Wed Aug 26 00:04:13.168433 2026] [authz_core:debug] [pid 2083366:tid 2083366] mod_authz_core.c(815): [client 2001:288:a201::66:125:40604] AH01626: authorization result of : granted
[Wed Aug 26 00:04:13.168584 2026] [authz_core:debug] [pid 2083366:tid 2083366] mod_authz_core.c(815): [client 2001:288:a201::66:125:40604] AH01626: authorization result of Require all granted: granted
[Wed Aug 26 00:04:13.168588 2026] [authz_core:debug] [pid 2083366:tid 2083366] mod_authz_core.c(815): [client 2001:288:a201::66:125:40604] AH01626: authorization result of : granted
[Wed Aug 26 00:04:13.168599 2026] [php7:error] [pid 2083366:tid 2083366] [client 2001:288:a201::66:125:40604] script '/var/www/html/2blog/active.php' not found or unable to stat
[Wed Aug 26 00:04:13.168609 2026] [headers:debug] [pid 2083366:tid 2083366] mod_headers.c(900): AH01503: headers: ap_headers_error_filter()
[Wed Aug 26 00:04:13.168737 2026] [ssl:debug] [pid 2083366:tid 2083366] ssl_engine_io.c(1150): [client 2001:288:a201::66:125:40604] AH02001: Connection closed to child 12 with standard shutdown (server 2blog.ilc.edu.tw:443)
[Wed Aug 26 00:04:13.415472 2026] [headers:debug] [pid 2083276:tid 2083276] mod_headers.c(900): AH01503: headers: ap_headers_error_filter()
[Wed Aug 26 00:04:13.605836 2026] [deflate:debug] [pid 2083388:tid 2083388] mod_deflate.c(909): [client 34.10.180.98:44032] AH01384: Zlib: Compressed 534467 to 86152 : URL /index.php
[Wed Aug 26 00:04:14.195139 2026] [watchdog:debug] [pid 2083444:tid 2083444] mod_watchdog.c(559): AH02980: Watchdog: nothing configured?
[Wed Aug 26 00:04:14.317783 2026] [ssl:info] [pid 2083389:tid 2083389] [client 34.30.223.149:61953] AH01964: Connection to child 8 established (server 2blog.ilc.edu.tw:443)
[Wed Aug 26 00:04:14.317994 2026] [ssl:debug] [pid 2083389:tid 2083389] ssl_engine_kernel.c(2222): [client 34.30.223.149:61953] AH02043: SSL virtual host for servername 2blog.ilc.edu.tw found
[Wed Aug 26 00:04:14.318072 2026] [core:debug] [pid 2083389:tid 2083389] protocol.c(2460): [client 34.30.223.149:61953] AH03155: select protocol from , choices=http/1.1 for server 2blog.ilc.edu.tw
[Wed Aug 26 00:04:14.340064 2026] [ssl:debug] [pid 2083357:tid 2083357] ssl_engine_io.c(1150): [client 34.10.180.98:3072] AH02001: Connection closed to child 0 with standard shutdown (server 2blog.ilc.edu.tw:443)
[Wed Aug 26 00:04:14.506101 2026] [ssl:debug] [pid 2083269:tid 2083269] ssl_engine_io.c(1150): [client 34.10.180.98:53248] AH02001: Connection closed to child 7 with standard shutdown (server 2blog.ilc.edu.tw:443)
[Wed Aug 26 00:04:14.653884 2026] [ssl:debug] [pid 2083389:tid 2083389] ssl_engine_kernel.c(2082): [client 34.30.223.149:61953] AH02041: Protocol: TLSv1.3, Cipher: TLS_AES_256_GCM_SHA384 (256/256 bits)
[Wed Aug 26 00:04:14.653970 2026] [socache_shmcb:debug] [pid 2083389:tid 2083389] mod_socache_shmcb.c(508): AH00831: socache_shmcb_store (0xb0 -> subcache 16)
[Wed Aug 26 00:04:14.653978 2026] [socache_shmcb:debug] [pid 2083389:tid 2083389] mod_socache_shmcb.c(860): AH00847: insert happened at idx=26, data=(5748:5780)
[Wed Aug 26 00:04:14.653981 2026] [socache_shmcb:debug] [pid 2083389:tid 2083389] mod_socache_shmcb.c(863): AH00848: finished insert, subcache: idx_pos/idx_used=0/27, data_pos/data_used=0/5974
[Wed Aug 26 00:04:14.653983 2026] [socache_shmcb:debug] [pid 2083389:tid 2083389] mod_socache_shmcb.c(530): AH00834: leaving socache_shmcb_store successfully
[Wed Aug 26 00:04:14.654056 2026] [socache_shmcb:debug] [pid 2083389:tid 2083389] mod_socache_shmcb.c(508): AH00831: socache_shmcb_store (0xe3 -> subcache 3)
[Wed Aug 26 00:04:14.654061 2026] [socache_shmcb:debug] [pid 2083389:tid 2083389] mod_socache_shmcb.c(860): AH00847: insert happened at idx=24, data=(5331:5363)
[Wed Aug 26 00:04:14.654063 2026] [socache_shmcb:debug] [pid 2083389:tid 2083389] mod_socache_shmcb.c(863): AH00848: finished insert, subcache: idx_pos/idx_used=0/25, data_pos/data_used=0/5557
[Wed Aug 26 00:04:14.654066 2026] [socache_shmcb:debug] [pid 2083389:tid 2083389] mod_socache_shmcb.c(530): AH00834: leaving socache_shmcb_store successfully
[Wed Aug 26 00:04:14.735077 2026] [ssl:debug] [pid 2083389:tid 2083389] ssl_engine_kernel.c(254): [client 34.30.223.149:61953] AH02034: Initial (No.1) HTTPS request received for child 8 (server 2blog.ilc.edu.tw:443)
[Wed Aug 26 00:04:14.735329 2026] [authz_core:debug] [pid 2083389:tid 2083389] mod_authz_core.c(815): [client 34.30.223.149:61953] AH01626: authorization result of Require all granted: granted
[Wed Aug 26 00:04:14.735334 2026] [authz_core:debug] [pid 2083389:tid 2083389] mod_authz_core.c(815): [client 34.30.223.149:61953] AH01626: authorization result of : granted
[Wed Aug 26 00:04:14.735523 2026] [authz_core:debug] [pid 2083389:tid 2083389] mod_authz_core.c(815): [client 34.30.223.149:61953] AH01626: authorization result of Require all granted: granted
[Wed Aug 26 00:04:14.735528 2026] [authz_core:debug] [pid 2083389:tid 2083389] mod_authz_core.c(815): [client 34.30.223.149:61953] AH01626: authorization result of : granted
[Wed Aug 26 00:04:14.873799 2026] [ssl:debug] [pid 2083225:tid 2083225] ssl_engine_io.c(1150): [client 34.30.223.149:55808] AH02001: Connection closed to child 3 with standard shutdown (server 2blog.ilc.edu.tw:443)
[Wed Aug 26 00:04:15.013658 2026] [ssl:info] [pid 2083340:tid 2083340] [client 34.56.124.53:58368] AH01964: Connection to child 2 established (server 2blog.ilc.edu.tw:443)
[Wed Aug 26 00:04:15.013865 2026] [ssl:debug] [pid 2083340:tid 2083340] ssl_engine_kernel.c(2222): [client 34.56.124.53:58368] AH02043: SSL virtual host for servername 2blog.ilc.edu.tw found
[Wed Aug 26 00:04:15.013932 2026] [core:debug] [pid 2083340:tid 2083340] protocol.c(2460): [client 34.56.124.53:58368] AH03155: select protocol from , choices=http/1.1 for server 2blog.ilc.edu.tw
[Wed Aug 26 00:04:15.042771 2026] [deflate:debug] [pid 2083389:tid 2083389] mod_deflate.c(909): [client 34.30.223.149:61953] AH01384: Zlib: Compressed 56486 to 12725 : URL /index.php
[Wed Aug 26 00:04:15.236202 2026] [headers:debug] [pid 2083365:tid 2083365] mod_headers.c(900): AH01503: headers: ap_headers_error_filter()
[Wed Aug 26 00:04:15.269518 2026] [ssl:debug] [pid 2083340:tid 2083340] ssl_engine_kernel.c(2082): [client 34.56.124.53:58368] AH02041: Protocol: TLSv1.3, Cipher: TLS_AES_256_GCM_SHA384 (256/256 bits)
[Wed Aug 26 00:04:15.269587 2026] [socache_shmcb:debug] [pid 2083340:tid 2083340] mod_socache_shmcb.c(508): AH00831: socache_shmcb_store (0x44 -> subcache 4)
[Wed Aug 26 00:04:15.269593 2026] [socache_shmcb:debug] [pid 2083340:tid 2083340] mod_socache_shmcb.c(860): AH00847: insert happened at idx=25, data=(5493:5525)
[Wed Aug 26 00:04:15.269596 2026] [socache_shmcb:debug] [pid 2083340:tid 2083340] mod_socache_shmcb.c(863): AH00848: finished insert, subcache: idx_pos/idx_used=0/26, data_pos/data_used=0/5719
[Wed Aug 26 00:04:15.269598 2026] [socache_shmcb:debug] [pid 2083340:tid 2083340] mod_socache_shmcb.c(530): AH00834: leaving socache_shmcb_store successfully
[Wed Aug 26 00:04:15.269663 2026] [socache_shmcb:debug] [pid 2083340:tid 2083340] mod_socache_shmcb.c(508): AH00831: socache_shmcb_store (0x46 -> subcache 6)
[Wed Aug 26 00:04:15.269668 2026] [socache_shmcb:debug] [pid 2083340:tid 2083340] mod_socache_shmcb.c(860): AH00847: insert happened at idx=32, data=(7139:7171)
[Wed Aug 26 00:04:15.269670 2026] [socache_shmcb:debug] [pid 2083340:tid 2083340] mod_socache_shmcb.c(863): AH00848: finished insert, subcache: idx_pos/idx_used=0/33, data_pos/data_used=0/7365
[Wed Aug 26 00:04:15.269672 2026] [socache_shmcb:debug] [pid 2083340:tid 2083340] mod_socache_shmcb.c(530): AH00834: leaving socache_shmcb_store successfully
[Wed Aug 26 00:04:15.419727 2026] [ssl:debug] [pid 2083340:tid 2083340] ssl_engine_kernel.c(254): [client 34.56.124.53:58368] AH02034: Initial (No.1) HTTPS request received for child 2 (server 2blog.ilc.edu.tw:443)
[Wed Aug 26 00:04:15.419964 2026] [authz_core:debug] [pid 2083340:tid 2083340] mod_authz_core.c(815): [client 34.56.124.53:58368] AH01626: authorization result of Require all granted: granted
[Wed Aug 26 00:04:15.419970 2026] [authz_core:debug] [pid 2083340:tid 2083340] mod_authz_core.c(815): [client 34.56.124.53:58368] AH01626: authorization result of : granted
[Wed Aug 26 00:04:15.420122 2026] [authz_core:debug] [pid 2083340:tid 2083340] mod_authz_core.c(815): [client 34.56.124.53:58368] AH01626: authorization result of Require all granted: granted
[Wed Aug 26 00:04:15.420126 2026] [authz_core:debug] [pid 2083340:tid 2083340] mod_authz_core.c(815): [client 34.56.124.53:58368] AH01626: authorization result of : granted
[Wed Aug 26 00:04:15.459979 2026] [ssl:info] [pid 2083366:tid 2083366] [client 34.61.96.6:49665] AH01964: Connection to child 12 established (server 2blog.ilc.edu.tw:443)
[Wed Aug 26 00:04:15.461622 2026] [ssl:debug] [pid 2083366:tid 2083366] ssl_engine_kernel.c(2222): [client 34.61.96.6:49665] AH02043: SSL virtual host for servername 2blog.ilc.edu.tw found
[Wed Aug 26 00:04:15.461712 2026] [core:debug] [pid 2083366:tid 2083366] protocol.c(2460): [client 34.61.96.6:49665] AH03155: select protocol from , choices=http/1.1 for server 2blog.ilc.edu.tw
[Wed Aug 26 00:04:15.576509 2026] [ssl:info] [pid 2083444:tid 2083444] [client 140.111.67.10:50726] AH01964: Connection to child 11 established (server 2blog.ilc.edu.tw:443)
[Wed Aug 26 00:04:15.577004 2026] [ssl:info] [pid 2083444:tid 2083444] (70014)End of file found: [client 140.111.67.10:50726] AH02006: SSL handshake stopped: connection was closed
[Wed Aug 26 00:04:15.577019 2026] [ssl:info] [pid 2083444:tid 2083444] [client 140.111.67.10:50726] AH01998: Connection closed to child 11 with abortive shutdown (server 2blog.ilc.edu.tw:443)
[Wed Aug 26 00:04:15.620336 2026] [ssl:info] [pid 2083357:tid 2083357] [client 34.30.223.149:28672] AH01964: Connection to child 0 established (server 2blog.ilc.edu.tw:443)
[Wed Aug 26 00:04:15.620589 2026] [ssl:debug] [pid 2083357:tid 2083357] ssl_engine_kernel.c(2222): [client 34.30.223.149:28672] AH02043: SSL virtual host for servername 2blog.ilc.edu.tw found
[Wed Aug 26 00:04:15.620673 2026] [core:debug] [pid 2083357:tid 2083357] protocol.c(2460): [client 34.30.223.149:28672] AH03155: select protocol from , choices=http/1.1 for server 2blog.ilc.edu.tw
[Wed Aug 26 00:04:15.749249 2026] [ssl:info] [pid 2083277:tid 2083277] (70014)End of file found: [client 66.249.71.37:38949] AH01992: SSL library error 6 reading data
[Wed Aug 26 00:04:15.749371 2026] [ssl:debug] [pid 2083277:tid 2083277] ssl_engine_io.c(1150): [client 66.249.71.37:38949] AH02001: Connection closed to child 24 with standard shutdown (server 2blog.ilc.edu.tw:443)
[Wed Aug 26 00:04:15.883156 2026] [ssl:debug] [pid 2083366:tid 2083366] ssl_engine_kernel.c(2082): [client 34.61.96.6:49665] AH02041: Protocol: TLSv1.3, Cipher: TLS_AES_256_GCM_SHA384 (256/256 bits)
[Wed Aug 26 00:04:15.883234 2026] [socache_shmcb:debug] [pid 2083366:tid 2083366] mod_socache_shmcb.c(508): AH00831: socache_shmcb_store (0x2e -> subcache 14)
[Wed Aug 26 00:04:15.883241 2026] [socache_shmcb:debug] [pid 2083366:tid 2083366] mod_socache_shmcb.c(860): AH00847: insert happened at idx=28, data=(6247:6279)
[Wed Aug 26 00:04:15.883243 2026] [socache_shmcb:debug] [pid 2083366:tid 2083366] mod_socache_shmcb.c(863): AH00848: finished insert, subcache: idx_pos/idx_used=0/29, data_pos/data_used=0/6472
[Wed Aug 26 00:04:15.883246 2026] [socache_shmcb:debug] [pid 2083366:tid 2083366] mod_socache_shmcb.c(530): AH00834: leaving socache_shmcb_store successfully
[Wed Aug 26 00:04:15.883321 2026] [socache_shmcb:debug] [pid 2083366:tid 2083366] mod_socache_shmcb.c(508): AH00831: socache_shmcb_store (0xc7 -> subcache 7)
[Wed Aug 26 00:04:15.883343 2026] [socache_shmcb:debug] [pid 2083366:tid 2083366] mod_socache_shmcb.c(860): AH00847: insert happened at idx=23, data=(5128:5160)
[Wed Aug 26 00:04:15.883345 2026] [socache_shmcb:debug] [pid 2083366:tid 2083366] mod_socache_shmcb.c(863): AH00848: finished insert, subcache: idx_pos/idx_used=0/24, data_pos/data_used=0/5353
[Wed Aug 26 00:04:15.883347 2026] [socache_shmcb:debug] [pid 2083366:tid 2083366] mod_socache_shmcb.c(530): AH00834: leaving socache_shmcb_store successfully
[Wed Aug 26 00:04:15.949823 2026] [ssl:debug] [pid 2083366:tid 2083366] ssl_engine_kernel.c(254): [client 34.61.96.6:49665] AH02034: Initial (No.1) HTTPS request received for child 12 (server 2blog.ilc.edu.tw:443)
[Wed Aug 26 00:04:15.950073 2026] [authz_core:debug] [pid 2083366:tid 2083366] mod_authz_core.c(815): [client 34.61.96.6:49665] AH01626: authorization result of Require all granted: granted
[Wed Aug 26 00:04:15.950079 2026] [authz_core:debug] [pid 2083366:tid 2083366] mod_authz_core.c(815): [client 34.61.96.6:49665] AH01626: authorization result of : granted
[Wed Aug 26 00:04:15.950233 2026] [authz_core:debug] [pid 2083366:tid 2083366] mod_authz_core.c(815): [client 34.61.96.6:49665] AH01626: authorization result of Require all granted: granted
[Wed Aug 26 00:04:15.950238 2026] [authz_core:debug] [pid 2083366:tid 2083366] mod_authz_core.c(815): [client 34.61.96.6:49665] AH01626: authorization result of : granted
[Wed Aug 26 00:04:15.961098 2026] [ssl:debug] [pid 2083357:tid 2083357] ssl_engine_kernel.c(2082): [client 34.30.223.149:28672] AH02041: Protocol: TLSv1.3, Cipher: TLS_AES_256_GCM_SHA384 (256/256 bits)
[Wed Aug 26 00:04:15.961160 2026] [socache_shmcb:debug] [pid 2083357:tid 2083357] mod_socache_shmcb.c(508): AH00831: socache_shmcb_store (0x00 -> subcache 0)
[Wed Aug 26 00:04:15.961179 2026] [socache_shmcb:debug] [pid 2083357:tid 2083357] mod_socache_shmcb.c(860): AH00847: insert happened at idx=30, data=(6713:6745)
[Wed Aug 26 00:04:15.961181 2026] [socache_shmcb:debug] [pid 2083357:tid 2083357] mod_socache_shmcb.c(863): AH00848: finished insert, subcache: idx_pos/idx_used=0/31, data_pos/data_used=0/6939
[Wed Aug 26 00:04:15.961184 2026] [socache_shmcb:debug] [pid 2083357:tid 2083357] mod_socache_shmcb.c(530): AH00834: leaving socache_shmcb_store successfully
[Wed Aug 26 00:04:15.961247 2026] [socache_shmcb:debug] [pid 2083357:tid 2083357] mod_socache_shmcb.c(508): AH00831: socache_shmcb_store (0xb4 -> subcache 20)
[Wed Aug 26 00:04:15.961252 2026] [socache_shmcb:debug] [pid 2083357:tid 2083357] mod_socache_shmcb.c(860): AH00847: insert happened at idx=30, data=(6741:6773)
[Wed Aug 26 00:04:15.961254 2026] [socache_shmcb:debug] [pid 2083357:tid 2083357] mod_socache_shmcb.c(863): AH00848: finished insert, subcache: idx_pos/idx_used=0/31, data_pos/data_used=0/6966
[Wed Aug 26 00:04:15.961256 2026] [socache_shmcb:debug] [pid 2083357:tid 2083357] mod_socache_shmcb.c(530): AH00834: leaving socache_shmcb_store successfully
[Wed Aug 26 00:04:16.051132 2026] [ssl:debug] [pid 2083357:tid 2083357] ssl_engine_kernel.c(254): [client 34.30.223.149:28672] AH02034: Initial (No.1) HTTPS request received for child 0 (server 2blog.ilc.edu.tw:443)
[Wed Aug 26 00:04:16.051355 2026] [authz_core:debug] [pid 2083357:tid 2083357] mod_authz_core.c(815): [client 34.30.223.149:28672] AH01626: authorization result of Require all granted: granted
[Wed Aug 26 00:04:16.051360 2026] [authz_core:debug] [pid 2083357:tid 2083357] mod_authz_core.c(815): [client 34.30.223.149:28672] AH01626: authorization result of : granted
[Wed Aug 26 00:04:16.051532 2026] [authz_core:debug] [pid 2083357:tid 2083357] mod_authz_core.c(815): [client 34.30.223.149:28672] AH01626: authorization result of Require all granted: granted
[Wed Aug 26 00:04:16.051537 2026] [authz_core:debug] [pid 2083357:tid 2083357] mod_authz_core.c(815): [client 34.30.223.149:28672] AH01626: authorization result of : granted
[Wed Aug 26 00:04:16.164650 2026] [deflate:debug] [pid 2083366:tid 2083366] mod_deflate.c(909): [client 34.61.96.6:49665] AH01384: Zlib: Compressed 2560 to 1161 : URL /index.php
[Wed Aug 26 00:04:16.797555 2026] [deflate:debug] [pid 2083357:tid 2083357] mod_deflate.c(909): [client 34.30.223.149:28672] AH01384: Zlib: Compressed 529155 to 85591 : URL /index.php
[Wed Aug 26 00:04:17.499354 2026] [ssl:info] [pid 2083225:tid 2083225] [client 2001:b011:700e:3a66:e40b:772:84:3db:59404] AH01964: Connection to child 3 established (server 2blog.ilc.edu.tw:443)
[Wed Aug 26 00:04:17.499597 2026] [ssl:debug] [pid 2083225:tid 2083225] ssl_engine_kernel.c(2222): [client 2001:b011:700e:3a66:e40b:772:84:3db:59404] AH02043: SSL virtual host for servername 2blog.ilc.edu.tw found
[Wed Aug 26 00:04:17.499617 2026] [socache_shmcb:debug] [pid 2083225:tid 2083225] mod_socache_shmcb.c(545): AH00835: socache_shmcb_retrieve (0x19 -> subcache 25)
[Wed Aug 26 00:04:17.499622 2026] [socache_shmcb:debug] [pid 2083225:tid 2083225] mod_socache_shmcb.c(896): AH00849: match at idx=8, data=1760
[Wed Aug 26 00:04:17.499625 2026] [socache_shmcb:debug] [pid 2083225:tid 2083225] mod_socache_shmcb.c(556): AH00836: leaving socache_shmcb_retrieve successfully
[Wed Aug 26 00:04:17.499797 2026] [core:debug] [pid 2083225:tid 2083225] protocol.c(2460): [client 2001:b011:700e:3a66:e40b:772:84:3db:59404] AH03155: select protocol from , choices=h2,http/1.1 for server 2blog.ilc.edu.tw
[Wed Aug 26 00:04:17.507677 2026] [ssl:debug] [pid 2083225:tid 2083225] ssl_engine_kernel.c(2082): [client 2001:b011:700e:3a66:e40b:772:84:3db:59404] AH02041: Protocol: TLSv1.3, Cipher: TLS_AES_256_GCM_SHA384 (256/256 bits)
[Wed Aug 26 00:04:17.507730 2026] [socache_shmcb:debug] [pid 2083225:tid 2083225] mod_socache_shmcb.c(508): AH00831: socache_shmcb_store (0xeb -> subcache 11)
[Wed Aug 26 00:04:17.507736 2026] [socache_shmcb:debug] [pid 2083225:tid 2083225] mod_socache_shmcb.c(860): AH00847: insert happened at idx=21, data=(4648:4680)
[Wed Aug 26 00:04:17.507738 2026] [socache_shmcb:debug] [pid 2083225:tid 2083225] mod_socache_shmcb.c(863): AH00848: finished insert, subcache: idx_pos/idx_used=0/22, data_pos/data_used=0/4873
[Wed Aug 26 00:04:17.507741 2026] [socache_shmcb:debug] [pid 2083225:tid 2083225] mod_socache_shmcb.c(530): AH00834: leaving socache_shmcb_store successfully
[Wed Aug 26 00:04:17.541665 2026] [ssl:info] [pid 2083390:tid 2083390] (70014)End of file found: [client 66.249.79.37:39320] AH01992: SSL library error 6 reading data
[Wed Aug 26 00:04:17.541758 2026] [ssl:debug] [pid 2083390:tid 2083390] ssl_engine_io.c(1150): [client 66.249.79.37:39320] AH02001: Connection closed to child 9 with standard shutdown (server www.bhoes.ilc.edu.tw:443)
[Wed Aug 26 00:04:17.693658 2026] [ssl:debug] [pid 2083343:tid 2083343] ssl_engine_io.c(1150): [client 34.30.223.149:24065] AH02001: Connection closed to child 5 with standard shutdown (server 2blog.ilc.edu.tw:443)
[Wed Aug 26 00:04:18.073037 2026] [ssl:info] [pid 2083365:tid 2083365] [client 34.171.68.95:4096] AH01964: Connection to child 6 established (server 2blog.ilc.edu.tw:443)
[Wed Aug 26 00:04:18.073314 2026] [ssl:info] [pid 2083365:tid 2083365] (70014)End of file found: [client 34.171.68.95:4096] AH02006: SSL handshake stopped: connection was closed
[Wed Aug 26 00:04:18.073324 2026] [ssl:info] [pid 2083365:tid 2083365] [client 34.171.68.95:4096] AH01998: Connection closed to child 6 with abortive shutdown (server 2blog.ilc.edu.tw:443)
[Wed Aug 26 00:04:18.100714 2026] [ssl:debug] [pid 2078749:tid 2078749] ssl_engine_io.c(1150): [client 74.7.230.46:43050] AH02001: Connection closed to child 10 with standard shutdown (server 2blog.ilc.edu.tw:443)
[Wed Aug 26 00:04:18.132874 2026] [headers:debug] [pid 2083444:tid 2083444] mod_headers.c(900): AH01503: headers: ap_headers_error_filter()
[Wed Aug 26 00:04:18.165005 2026] [ssl:info] [pid 2083277:tid 2083277] [client 34.61.96.6:49666] AH01964: Connection to child 24 established (server 2blog.ilc.edu.tw:443)
[Wed Aug 26 00:04:18.165397 2026] [ssl:debug] [pid 2083277:tid 2083277] ssl_engine_kernel.c(2222): [client 34.61.96.6:49666] AH02043: SSL virtual host for servername 2blog.ilc.edu.tw found
[Wed Aug 26 00:04:18.165528 2026] [core:debug] [pid 2083277:tid 2083277] protocol.c(2460): [client 34.61.96.6:49666] AH03155: select protocol from , choices=http/1.1 for server 2blog.ilc.edu.tw
[Wed Aug 26 00:04:18.170747 2026] [ssl:info] [pid 2083269:tid 2083269] [client 2001:288:a201::66:125:49089] AH01964: Connection to child 7 established (server 2blog.ilc.edu.tw:443)
[Wed Aug 26 00:04:18.171066 2026] [ssl:debug] [pid 2083269:tid 2083269] ssl_engine_kernel.c(2252): [client 2001:288:a201::66:125:49089] AH02645: Server name not provided via TLS extension (using default/first virtual host)
[Wed Aug 26 00:04:18.171104 2026] [socache_shmcb:debug] [pid 2083269:tid 2083269] mod_socache_shmcb.c(545): AH00835: socache_shmcb_retrieve (0x6f -> subcache 15)
[Wed Aug 26 00:04:18.171115 2026] [socache_shmcb:debug] [pid 2083269:tid 2083269] mod_socache_shmcb.c(896): AH00849: match at idx=0, data=0
[Wed Aug 26 00:04:18.171123 2026] [socache_shmcb:debug] [pid 2083269:tid 2083269] mod_socache_shmcb.c(556): AH00836: leaving socache_shmcb_retrieve successfully
[Wed Aug 26 00:04:18.172482 2026] [ssl:debug] [pid 2083269:tid 2083269] ssl_engine_kernel.c(2082): [client 2001:288:a201::66:125:49089] AH02041: Protocol: TLSv1.2, Cipher: ECDHE-RSA-AES256-GCM-SHA384 (256/256 bits)
[Wed Aug 26 00:04:18.172698 2026] [ssl:debug] [pid 2083269:tid 2083269] ssl_engine_kernel.c(254): [client 2001:288:a201::66:125:49089] AH02034: Initial (No.1) HTTPS request received for child 7 (server 2blog.ilc.edu.tw:443)
[Wed Aug 26 00:04:18.173006 2026] [authz_core:debug] [pid 2083269:tid 2083269] mod_authz_core.c(815): [client 2001:288:a201::66:125:49089] AH01626: authorization result of Require all granted: granted
[Wed Aug 26 00:04:18.173012 2026] [authz_core:debug] [pid 2083269:tid 2083269] mod_authz_core.c(815): [client 2001:288:a201::66:125:49089] AH01626: authorization result of : granted
[Wed Aug 26 00:04:18.173266 2026] [authz_core:debug] [pid 2083269:tid 2083269] mod_authz_core.c(815): [client 2001:288:a201::66:125:49089] AH01626: authorization result of Require all granted: granted
[Wed Aug 26 00:04:18.173273 2026] [authz_core:debug] [pid 2083269:tid 2083269] mod_authz_core.c(815): [client 2001:288:a201::66:125:49089] AH01626: authorization result of : granted
[Wed Aug 26 00:04:18.173285 2026] [php7:error] [pid 2083269:tid 2083269] [client 2001:288:a201::66:125:49089] script '/var/www/html/2blog/active.php' not found or unable to stat
[Wed Aug 26 00:04:18.173294 2026] [headers:debug] [pid 2083269:tid 2083269] mod_headers.c(900): AH01503: headers: ap_headers_error_filter()
[Wed Aug 26 00:04:18.173463 2026] [ssl:debug] [pid 2083269:tid 2083269] ssl_engine_io.c(1150): [client 2001:288:a201::66:125:49089] AH02001: Connection closed to child 7 with standard shutdown (server 2blog.ilc.edu.tw:443)
[Wed Aug 26 00:04:18.444276 2026] [ssl:info] [pid 2083394:tid 2083394] [client 2001:b400:e289:e0d8:378b:1d99:e5ce:8186:60024] AH01964: Connection to child 4 established (server 2blog.ilc.edu.tw:443)
[Wed Aug 26 00:04:18.445107 2026] [ssl:debug] [pid 2083394:tid 2083394] ssl_engine_kernel.c(2222): [client 2001:b400:e289:e0d8:378b:1d99:e5ce:8186:60024] AH02043: SSL virtual host for servername www.ples.ilc.edu.tw found
[Wed Aug 26 00:04:18.445196 2026] [core:debug] [pid 2083394:tid 2083394] protocol.c(2460): [client 2001:b400:e289:e0d8:378b:1d99:e5ce:8186:60024] AH03155: select protocol from , choices=h2,http/1.1 for server www.ples.ilc.edu.tw
[Wed Aug 26 00:04:18.445245 2026] [ssl:debug] [pid 2083394:tid 2083394] ssl_util_stapling.c(819): AH01951: stapling_cb: OCSP Stapling callback called
[Wed Aug 26 00:04:18.445253 2026] [ssl:info] [pid 2083394:tid 2083394] AH01926: stapling_get_certinfo: stapling not supported for certificate
[Wed Aug 26 00:04:18.458527 2026] [ssl:debug] [pid 2083277:tid 2083277] ssl_engine_kernel.c(2082): [client 34.61.96.6:49666] AH02041: Protocol: TLSv1.3, Cipher: TLS_AES_256_GCM_SHA384 (256/256 bits)
[Wed Aug 26 00:04:18.458588 2026] [socache_shmcb:debug] [pid 2083277:tid 2083277] mod_socache_shmcb.c(508): AH00831: socache_shmcb_store (0xa3 -> subcache 3)
[Wed Aug 26 00:04:18.458594 2026] [socache_shmcb:debug] [pid 2083277:tid 2083277] mod_socache_shmcb.c(860): AH00847: insert happened at idx=25, data=(5557:5589)
[Wed Aug 26 00:04:18.458597 2026] [socache_shmcb:debug] [pid 2083277:tid 2083277] mod_socache_shmcb.c(863): AH00848: finished insert, subcache: idx_pos/idx_used=0/26, data_pos/data_used=0/5782
[Wed Aug 26 00:04:18.458599 2026] [socache_shmcb:debug] [pid 2083277:tid 2083277] mod_socache_shmcb.c(530): AH00834: leaving socache_shmcb_store successfully
[Wed Aug 26 00:04:18.458662 2026] [socache_shmcb:debug] [pid 2083277:tid 2083277] mod_socache_shmcb.c(508): AH00831: socache_shmcb_store (0x61 -> subcache 1)
[Wed Aug 26 00:04:18.458687 2026] [socache_shmcb:debug] [pid 2083277:tid 2083277] mod_socache_shmcb.c(860): AH00847: insert happened at idx=28, data=(6254:6286)
[Wed Aug 26 00:04:18.458690 2026] [socache_shmcb:debug] [pid 2083277:tid 2083277] mod_socache_shmcb.c(863): AH00848: finished insert, subcache: idx_pos/idx_used=0/29, data_pos/data_used=0/6480
[Wed Aug 26 00:04:18.458692 2026] [socache_shmcb:debug] [pid 2083277:tid 2083277] mod_socache_shmcb.c(530): AH00834: leaving socache_shmcb_store successfully
[Wed Aug 26 00:04:18.479022 2026] [ssl:debug] [pid 2083394:tid 2083394] ssl_engine_kernel.c(2082): [client 2001:b400:e289:e0d8:378b:1d99:e5ce:8186:60024] AH02041: Protocol: TLSv1.3, Cipher: TLS_AES_256_GCM_SHA384 (256/256 bits)
[Wed Aug 26 00:04:18.479070 2026] [socache_shmcb:debug] [pid 2083394:tid 2083394] mod_socache_shmcb.c(508): AH00831: socache_shmcb_store (0x5a -> subcache 26)
[Wed Aug 26 00:04:18.479090 2026] [socache_shmcb:debug] [pid 2083394:tid 2083394] mod_socache_shmcb.c(860): AH00847: insert happened at idx=26, data=(5828:5860)
[Wed Aug 26 00:04:18.479093 2026] [socache_shmcb:debug] [pid 2083394:tid 2083394] mod_socache_shmcb.c(863): AH00848: finished insert, subcache: idx_pos/idx_used=0/27, data_pos/data_used=0/6057
[Wed Aug 26 00:04:18.479095 2026] [socache_shmcb:debug] [pid 2083394:tid 2083394] mod_socache_shmcb.c(530): AH00834: leaving socache_shmcb_store successfully
[Wed Aug 26 00:04:18.479153 2026] [socache_shmcb:debug] [pid 2083394:tid 2083394] mod_socache_shmcb.c(508): AH00831: socache_shmcb_store (0x1f -> subcache 31)
[Wed Aug 26 00:04:18.479171 2026] [socache_shmcb:debug] [pid 2083394:tid 2083394] mod_socache_shmcb.c(860): AH00847: insert happened at idx=10, data=(2177:2209)
[Wed Aug 26 00:04:18.479174 2026] [socache_shmcb:debug] [pid 2083394:tid 2083394] mod_socache_shmcb.c(863): AH00848: finished insert, subcache: idx_pos/idx_used=0/11, data_pos/data_used=0/2405
[Wed Aug 26 00:04:18.479177 2026] [socache_shmcb:debug] [pid 2083394:tid 2083394] mod_socache_shmcb.c(530): AH00834: leaving socache_shmcb_store successfully
[Wed Aug 26 00:04:18.553210 2026] [ssl:debug] [pid 2083277:tid 2083277] ssl_engine_kernel.c(254): [client 34.61.96.6:49666] AH02034: Initial (No.1) HTTPS request received for child 24 (server 2blog.ilc.edu.tw:443)
[Wed Aug 26 00:04:18.553527 2026] [authz_core:debug] [pid 2083277:tid 2083277] mod_authz_core.c(815): [client 34.61.96.6:49666] AH01626: authorization result of Require all granted: granted
[Wed Aug 26 00:04:18.553533 2026] [authz_core:debug] [pid 2083277:tid 2083277] mod_authz_core.c(815): [client 34.61.96.6:49666] AH01626: authorization result of : granted
[Wed Aug 26 00:04:18.553688 2026] [authz_core:debug] [pid 2083277:tid 2083277] mod_authz_core.c(815): [client 34.61.96.6:49666] AH01626: authorization result of Require all granted: granted
[Wed Aug 26 00:04:18.553693 2026] [authz_core:debug] [pid 2083277:tid 2083277] mod_authz_core.c(815): [client 34.61.96.6:49666] AH01626: authorization result of : granted
[Wed Aug 26 00:04:18.611185 2026] [ssl:debug] [pid 2083388:tid 2083388] ssl_engine_io.c(1150): [client 34.10.180.98:44032] AH02001: Connection closed to child 1 with standard shutdown (server 2blog.ilc.edu.tw:443)
[Wed Aug 26 00:04:18.750138 2026] [deflate:debug] [pid 2083277:tid 2083277] mod_deflate.c(909): [client 34.61.96.6:49666] AH01384: Zlib: Compressed 2826 to 1253 : URL /index.php
[Wed Aug 26 00:04:19.372073 2026] [ssl:info] [pid 2083390:tid 2083390] [client 34.123.149.87:19456] AH01964: Connection to child 9 established (server 2blog.ilc.edu.tw:443)
[Wed Aug 26 00:04:19.372282 2026] [ssl:info] [pid 2083390:tid 2083390] (70014)End of file found: [client 34.123.149.87:19456] AH02006: SSL handshake stopped: connection was closed
[Wed Aug 26 00:04:19.372290 2026] [ssl:info] [pid 2083390:tid 2083390] [client 34.123.149.87:19456] AH01998: Connection closed to child 9 with abortive shutdown (server 2blog.ilc.edu.tw:443)
[Wed Aug 26 00:04:20.014673 2026] [ssl:info] [pid 2083365:tid 2083365] [client 18.214.238.178:60069] AH01964: Connection to child 6 established (server 2blog.ilc.edu.tw:443)
[Wed Aug 26 00:04:20.014898 2026] [ssl:debug] [pid 2083365:tid 2083365] ssl_engine_kernel.c(2222): [client 18.214.238.178:60069] AH02043: SSL virtual host for servername 2blog.ilc.edu.tw found
[Wed Aug 26 00:04:20.045088 2026] [ssl:debug] [pid 2083389:tid 2083389] ssl_engine_io.c(1150): [client 34.30.223.149:61953] AH02001: Connection closed to child 8 with standard shutdown (server 2blog.ilc.edu.tw:443)
[Wed Aug 26 00:04:20.148323 2026] [ssl:info] [pid 2083444:tid 2083444] [client 34.56.53.225:33793] AH01964: Connection to child 11 established (server 2blog.ilc.edu.tw:443)
[Wed Aug 26 00:04:20.148610 2026] [ssl:info] [pid 2083444:tid 2083444] (70014)End of file found: [client 34.56.53.225:33793] AH02006: SSL handshake stopped: connection was closed
[Wed Aug 26 00:04:20.148634 2026] [ssl:info] [pid 2083444:tid 2083444] [client 34.56.53.225:33793] AH01998: Connection closed to child 11 with abortive shutdown (server 2blog.ilc.edu.tw:443)
[Wed Aug 26 00:04:20.225397 2026] [headers:debug] [pid 2083269:tid 2083269] mod_headers.c(900): AH01503: headers: ap_headers_error_filter()
[Wed Aug 26 00:04:20.236289 2026] [ssl:debug] [pid 2083365:tid 2083365] ssl_engine_kernel.c(2082): [client 18.214.238.178:60069] AH02041: Protocol: TLSv1.3, Cipher: TLS_AES_256_GCM_SHA384 (256/256 bits)
[Wed Aug 26 00:04:20.236342 2026] [socache_shmcb:debug] [pid 2083365:tid 2083365] mod_socache_shmcb.c(508): AH00831: socache_shmcb_store (0x5f -> subcache 31)
[Wed Aug 26 00:04:20.236357 2026] [socache_shmcb:debug] [pid 2083365:tid 2083365] mod_socache_shmcb.c(860): AH00847: insert happened at idx=11, data=(2405:2437)
[Wed Aug 26 00:04:20.236359 2026] [socache_shmcb:debug] [pid 2083365:tid 2083365] mod_socache_shmcb.c(863): AH00848: finished insert, subcache: idx_pos/idx_used=0/12, data_pos/data_used=0/2618
[Wed Aug 26 00:04:20.236361 2026] [socache_shmcb:debug] [pid 2083365:tid 2083365] mod_socache_shmcb.c(530): AH00834: leaving socache_shmcb_store successfully
[Wed Aug 26 00:04:20.236438 2026] [socache_shmcb:debug] [pid 2083365:tid 2083365] mod_socache_shmcb.c(508): AH00831: socache_shmcb_store (0x0a -> subcache 10)
[Wed Aug 26 00:04:20.236451 2026] [socache_shmcb:debug] [pid 2083365:tid 2083365] mod_socache_shmcb.c(860): AH00847: insert happened at idx=25, data=(5611:5643)
[Wed Aug 26 00:04:20.236454 2026] [socache_shmcb:debug] [pid 2083365:tid 2083365] mod_socache_shmcb.c(863): AH00848: finished insert, subcache: idx_pos/idx_used=0/26, data_pos/data_used=0/5825
[Wed Aug 26 00:04:20.236456 2026] [socache_shmcb:debug] [pid 2083365:tid 2083365] mod_socache_shmcb.c(530): AH00834: leaving socache_shmcb_store successfully
[Wed Aug 26 00:04:20.236566 2026] [ssl:debug] [pid 2083365:tid 2083365] ssl_engine_kernel.c(254): [client 18.214.238.178:60069] AH02034: Initial (No.1) HTTPS request received for child 6 (server 2blog.ilc.edu.tw:443)
[Wed Aug 26 00:04:20.236791 2026] [authz_core:debug] [pid 2083365:tid 2083365] mod_authz_core.c(815): [client 18.214.238.178:60069] AH01626: authorization result of Require all granted: granted
[Wed Aug 26 00:04:20.236796 2026] [authz_core:debug] [pid 2083365:tid 2083365] mod_authz_core.c(815): [client 18.214.238.178:60069] AH01626: authorization result of : granted
[Wed Aug 26 00:04:20.239833 2026] [authz_core:debug] [pid 2083365:tid 2083365] mod_authz_core.c(815): [client 18.214.238.178:60069] AH01626: authorization result of Require all granted: granted
[Wed Aug 26 00:04:20.239843 2026] [authz_core:debug] [pid 2083365:tid 2083365] mod_authz_core.c(815): [client 18.214.238.178:60069] AH01626: authorization result of : granted
[Wed Aug 26 00:04:20.487374 2026] [ssl:info] [pid 2083343:tid 2083343] [client 140.111.67.10:9303] AH01964: Connection to child 5 established (server 2blog.ilc.edu.tw:443)
[Wed Aug 26 00:04:20.487564 2026] [ssl:info] [pid 2083343:tid 2083343] (70014)End of file found: [client 140.111.67.10:9303] AH02006: SSL handshake stopped: connection was closed
[Wed Aug 26 00:04:20.487573 2026] [ssl:info] [pid 2083343:tid 2083343] [client 140.111.67.10:9303] AH01998: Connection closed to child 5 with abortive shutdown (server 2blog.ilc.edu.tw:443)
[Wed Aug 26 00:04:20.501077 2026] [ssl:debug] [pid 2083340:tid 2083340] ssl_engine_io.c(1150): [client 34.56.124.53:58368] AH02001: Connection closed to child 2 with standard shutdown (server 2blog.ilc.edu.tw:443)
[Wed Aug 26 00:04:20.724113 2026] [ssl:debug] [pid 2083365:tid 2083365] ssl_engine_io.c(1150): [client 18.214.238.178:60069] AH02001: Connection closed to child 6 with standard shutdown (server 2blog.ilc.edu.tw:443)
[Wed Aug 26 00:04:20.763928 2026] [ssl:info] [pid 2083276:tid 2083276] [client 34.61.96.6:26626] AH01964: Connection to child 23 established (server 2blog.ilc.edu.tw:443)
[Wed Aug 26 00:04:20.764151 2026] [ssl:debug] [pid 2083276:tid 2083276] ssl_engine_kernel.c(2222): [client 34.61.96.6:26626] AH02043: SSL virtual host for servername 2blog.ilc.edu.tw found
[Wed Aug 26 00:04:20.764258 2026] [core:debug] [pid 2083276:tid 2083276] protocol.c(2460): [client 34.61.96.6:26626] AH03155: select protocol from , choices=http/1.1 for server 2blog.ilc.edu.tw
[Wed Aug 26 00:04:20.946971 2026] [ssl:info] [pid 2078749:tid 2078749] [client 34.56.53.225:34304] AH01964: Connection to child 10 established (server 2blog.ilc.edu.tw:443)
[Wed Aug 26 00:04:20.947284 2026] [ssl:debug] [pid 2078749:tid 2078749] ssl_engine_kernel.c(2222): [client 34.56.53.225:34304] AH02043: SSL virtual host for servername 2blog.ilc.edu.tw found
[Wed Aug 26 00:04:20.947355 2026] [core:debug] [pid 2078749:tid 2078749] protocol.c(2460): [client 34.56.53.225:34304] AH03155: select protocol from , choices=http/1.1 for server 2blog.ilc.edu.tw
[Wed Aug 26 00:04:20.948603 2026] [ssl:info] [pid 2083390:tid 2083390] [client 74.1.15.247:41549] AH01964: Connection to child 9 established (server 2blog.ilc.edu.tw:443)
[Wed Aug 26 00:04:20.948784 2026] [ssl:debug] [pid 2083390:tid 2083390] ssl_engine_kernel.c(2222): [client 74.1.15.247:41549] AH02043: SSL virtual host for servername 2blog.ilc.edu.tw found
[Wed Aug 26 00:04:20.948837 2026] [core:debug] [pid 2083390:tid 2083390] protocol.c(2460): [client 74.1.15.247:41549] AH03155: select protocol from , choices=h2,http/1.1 for server 2blog.ilc.edu.tw
[Wed Aug 26 00:04:20.948869 2026] [ssl:debug] [pid 2083390:tid 2083390] ssl_util_stapling.c(819): AH01951: stapling_cb: OCSP Stapling callback called
[Wed Aug 26 00:04:20.948875 2026] [ssl:info] [pid 2083390:tid 2083390] AH01926: stapling_get_certinfo: stapling not supported for certificate
[Wed Aug 26 00:04:21.134711 2026] [ssl:debug] [pid 2083276:tid 2083276] ssl_engine_kernel.c(2082): [client 34.61.96.6:26626] AH02041: Protocol: TLSv1.3, Cipher: TLS_AES_256_GCM_SHA384 (256/256 bits)
[Wed Aug 26 00:04:21.134793 2026] [socache_shmcb:debug] [pid 2083276:tid 2083276] mod_socache_shmcb.c(508): AH00831: socache_shmcb_store (0x1d -> subcache 29)
[Wed Aug 26 00:04:21.134814 2026] [socache_shmcb:debug] [pid 2083276:tid 2083276] mod_socache_shmcb.c(860): AH00847: insert happened at idx=29, data=(6429:6461)
[Wed Aug 26 00:04:21.134817 2026] [socache_shmcb:debug] [pid 2083276:tid 2083276] mod_socache_shmcb.c(863): AH00848: finished insert, subcache: idx_pos/idx_used=0/30, data_pos/data_used=0/6654
[Wed Aug 26 00:04:21.134819 2026] [socache_shmcb:debug] [pid 2083276:tid 2083276] mod_socache_shmcb.c(530): AH00834: leaving socache_shmcb_store successfully
[Wed Aug 26 00:04:21.134889 2026] [socache_shmcb:debug] [pid 2083276:tid 2083276] mod_socache_shmcb.c(508): AH00831: socache_shmcb_store (0x9d -> subcache 29)
[Wed Aug 26 00:04:21.134892 2026] [socache_shmcb:debug] [pid 2083276:tid 2083276] mod_socache_shmcb.c(860): AH00847: insert happened at idx=30, data=(6654:6686)
[Wed Aug 26 00:04:21.134894 2026] [socache_shmcb:debug] [pid 2083276:tid 2083276] mod_socache_shmcb.c(863): AH00848: finished insert, subcache: idx_pos/idx_used=0/31, data_pos/data_used=0/6880
[Wed Aug 26 00:04:21.134896 2026] [socache_shmcb:debug] [pid 2083276:tid 2083276] mod_socache_shmcb.c(530): AH00834: leaving socache_shmcb_store successfully
[Wed Aug 26 00:04:21.158763 2026] [ssl:debug] [pid 2078749:tid 2078749] ssl_engine_kernel.c(2082): [client 34.56.53.225:34304] AH02041: Protocol: TLSv1.3, Cipher: TLS_AES_256_GCM_SHA384 (256/256 bits)
[Wed Aug 26 00:04:21.158838 2026] [socache_shmcb:debug] [pid 2078749:tid 2078749] mod_socache_shmcb.c(508): AH00831: socache_shmcb_store (0x06 -> subcache 6)
[Wed Aug 26 00:04:21.158859 2026] [socache_shmcb:debug] [pid 2078749:tid 2078749] mod_socache_shmcb.c(860): AH00847: insert happened at idx=33, data=(7365:7397)
[Wed Aug 26 00:04:21.158861 2026] [socache_shmcb:debug] [pid 2078749:tid 2078749] mod_socache_shmcb.c(863): AH00848: finished insert, subcache: idx_pos/idx_used=0/34, data_pos/data_used=0/7590
[Wed Aug 26 00:04:21.158864 2026] [socache_shmcb:debug] [pid 2078749:tid 2078749] mod_socache_shmcb.c(530): AH00834: leaving socache_shmcb_store successfully
[Wed Aug 26 00:04:21.158948 2026] [socache_shmcb:debug] [pid 2078749:tid 2078749] mod_socache_shmcb.c(508): AH00831: socache_shmcb_store (0x60 -> subcache 0)
[Wed Aug 26 00:04:21.158957 2026] [socache_shmcb:debug] [pid 2078749:tid 2078749] mod_socache_shmcb.c(860): AH00847: insert happened at idx=31, data=(6939:6971)
[Wed Aug 26 00:04:21.158959 2026] [socache_shmcb:debug] [pid 2078749:tid 2078749] mod_socache_shmcb.c(863): AH00848: finished insert, subcache: idx_pos/idx_used=0/32, data_pos/data_used=0/7165
[Wed Aug 26 00:04:21.158961 2026] [socache_shmcb:debug] [pid 2078749:tid 2078749] mod_socache_shmcb.c(530): AH00834: leaving socache_shmcb_store successfully
[Wed Aug 26 00:04:21.169461 2026] [ssl:debug] [pid 2083390:tid 2083390] ssl_engine_kernel.c(2082): [client 74.1.15.247:41549] AH02041: Protocol: TLSv1.3, Cipher: TLS_AES_256_GCM_SHA384 (256/256 bits)
[Wed Aug 26 00:04:21.169514 2026] [socache_shmcb:debug] [pid 2083390:tid 2083390] mod_socache_shmcb.c(508): AH00831: socache_shmcb_store (0x81 -> subcache 1)
[Wed Aug 26 00:04:21.169531 2026] [socache_shmcb:debug] [pid 2083390:tid 2083390] mod_socache_shmcb.c(860): AH00847: insert happened at idx=29, data=(6480:6512)
[Wed Aug 26 00:04:21.169534 2026] [socache_shmcb:debug] [pid 2083390:tid 2083390] mod_socache_shmcb.c(863): AH00848: finished insert, subcache: idx_pos/idx_used=0/30, data_pos/data_used=0/6705
[Wed Aug 26 00:04:21.169536 2026] [socache_shmcb:debug] [pid 2083390:tid 2083390] mod_socache_shmcb.c(530): AH00834: leaving socache_shmcb_store successfully
[Wed Aug 26 00:04:21.169595 2026] [socache_shmcb:debug] [pid 2083390:tid 2083390] mod_socache_shmcb.c(508): AH00831: socache_shmcb_store (0x36 -> subcache 22)
[Wed Aug 26 00:04:21.169600 2026] [socache_shmcb:debug] [pid 2083390:tid 2083390] mod_socache_shmcb.c(860): AH00847: insert happened at idx=23, data=(5088:5120)
[Wed Aug 26 00:04:21.169602 2026] [socache_shmcb:debug] [pid 2083390:tid 2083390] mod_socache_shmcb.c(863): AH00848: finished insert, subcache: idx_pos/idx_used=0/24, data_pos/data_used=0/5313
[Wed Aug 26 00:04:21.169604 2026] [socache_shmcb:debug] [pid 2083390:tid 2083390] mod_socache_shmcb.c(530): AH00834: leaving socache_shmcb_store successfully
[Wed Aug 26 00:04:21.169945 2026] [ssl:debug] [pid 2083366:tid 2083366] ssl_engine_io.c(1150): [client 34.61.96.6:49665] AH02001: Connection closed to child 12 with standard shutdown (server 2blog.ilc.edu.tw:443)
[Wed Aug 26 00:04:21.174370 2026] [ssl:debug] [pid 2083390:tid 2083390] ssl_engine_kernel.c(254): [client 74.1.15.247:41549] AH02034: Initial (No.1) HTTPS request received for child 9 (server 2blog.ilc.edu.tw:443), referer: https://2blog.ilc.edu.tw/21/2023/04/24/111%E4%B8%8B%E5%AD%B8%E6%9C%9F%E7%B7%9A%E4%B8%8A%E5%A2%9E%E8%83%BD%E7%A0%94%E7%BF%92/
[Wed Aug 26 00:04:21.174608 2026] [authz_core:debug] [pid 2083390:tid 2083390] mod_authz_core.c(815): [client 74.1.15.247:41549] AH01626: authorization result of Require all granted: granted, referer: https://2blog.ilc.edu.tw/21/2023/04/24/111%E4%B8%8B%E5%AD%B8%E6%9C%9F%E7%B7%9A%E4%B8%8A%E5%A2%9E%E8%83%BD%E7%A0%94%E7%BF%92/
[Wed Aug 26 00:04:21.174614 2026] [authz_core:debug] [pid 2083390:tid 2083390] mod_authz_core.c(815): [client 74.1.15.247:41549] AH01626: authorization result of : granted, referer: https://2blog.ilc.edu.tw/21/2023/04/24/111%E4%B8%8B%E5%AD%B8%E6%9C%9F%E7%B7%9A%E4%B8%8A%E5%A2%9E%E8%83%BD%E7%A0%94%E7%BF%92/
[Wed Aug 26 00:04:21.177460 2026] [ssl:debug] [pid 2078749:tid 2078749] ssl_engine_kernel.c(254): [client 34.56.53.225:34304] AH02034: Initial (No.1) HTTPS request received for child 10 (server 2blog.ilc.edu.tw:443)
[Wed Aug 26 00:04:21.179575 2026] [authz_core:debug] [pid 2083390:tid 2083390] mod_authz_core.c(815): [client 74.1.15.247:41549] AH01626: authorization result of Require all granted: granted, referer: https://2blog.ilc.edu.tw/21/2023/04/24/111%E4%B8%8B%E5%AD%B8%E6%9C%9F%E7%B7%9A%E4%B8%8A%E5%A2%9E%E8%83%BD%E7%A0%94%E7%BF%92/
[Wed Aug 26 00:04:21.179587 2026] [authz_core:debug] [pid 2083390:tid 2083390] mod_authz_core.c(815): [client 74.1.15.247:41549] AH01626: authorization result of : granted, referer: https://2blog.ilc.edu.tw/21/2023/04/24/111%E4%B8%8B%E5%AD%B8%E6%9C%9F%E7%B7%9A%E4%B8%8A%E5%A2%9E%E8%83%BD%E7%A0%94%E7%BF%92/
[Wed Aug 26 00:04:21.221239 2026] [ssl:info] [pid 2083444:tid 2083444] [client 34.10.180.98:21504] AH01964: Connection to child 11 established (server 2blog.ilc.edu.tw:443)
[Wed Aug 26 00:04:21.221471 2026] [ssl:debug] [pid 2083444:tid 2083444] ssl_engine_kernel.c(2222): [client 34.10.180.98:21504] AH02043: SSL virtual host for servername 2blog.ilc.edu.tw found
[Wed Aug 26 00:04:21.221622 2026] [core:debug] [pid 2083444:tid 2083444] protocol.c(2460): [client 34.10.180.98:21504] AH03155: select protocol from , choices=http/1.1 for server 2blog.ilc.edu.tw
[Wed Aug 26 00:04:21.301118 2026] [ssl:debug] [pid 2083276:tid 2083276] ssl_engine_kernel.c(254): [client 34.61.96.6:26626] AH02034: Initial (No.1) HTTPS request received for child 23 (server 2blog.ilc.edu.tw:443)
[Wed Aug 26 00:04:21.301688 2026] [authz_core:debug] [pid 2083276:tid 2083276] mod_authz_core.c(815): [client 34.61.96.6:26626] AH01626: authorization result of Require all granted: granted
[Wed Aug 26 00:04:21.301705 2026] [authz_core:debug] [pid 2083276:tid 2083276] mod_authz_core.c(815): [client 34.61.96.6:26626] AH01626: authorization result of : granted
[Wed Aug 26 00:04:21.302029 2026] [authz_core:debug] [pid 2083276:tid 2083276] mod_authz_core.c(815): [client 34.61.96.6:26626] AH01626: authorization result of Require all granted: granted
[Wed Aug 26 00:04:21.302043 2026] [authz_core:debug] [pid 2083276:tid 2083276] mod_authz_core.c(815): [client 34.61.96.6:26626] AH01626: authorization result of : granted
[Wed Aug 26 00:04:21.455152 2026] [ssl:debug] [pid 2083444:tid 2083444] ssl_engine_kernel.c(2082): [client 34.10.180.98:21504] AH02041: Protocol: TLSv1.3, Cipher: TLS_AES_256_GCM_SHA384 (256/256 bits)
[Wed Aug 26 00:04:21.455246 2026] [socache_shmcb:debug] [pid 2083444:tid 2083444] mod_socache_shmcb.c(508): AH00831: socache_shmcb_store (0x80 -> subcache 0)
[Wed Aug 26 00:04:21.455257 2026] [socache_shmcb:debug] [pid 2083444:tid 2083444] mod_socache_shmcb.c(860): AH00847: insert happened at idx=32, data=(7165:7197)
[Wed Aug 26 00:04:21.455259 2026] [socache_shmcb:debug] [pid 2083444:tid 2083444] mod_socache_shmcb.c(863): AH00848: finished insert, subcache: idx_pos/idx_used=0/33, data_pos/data_used=0/7390
[Wed Aug 26 00:04:21.455262 2026] [socache_shmcb:debug] [pid 2083444:tid 2083444] mod_socache_shmcb.c(530): AH00834: leaving socache_shmcb_store successfully
[Wed Aug 26 00:04:21.455328 2026] [socache_shmcb:debug] [pid 2083444:tid 2083444] mod_socache_shmcb.c(508): AH00831: socache_shmcb_store (0xc4 -> subcache 4)
[Wed Aug 26 00:04:21.455337 2026] [socache_shmcb:debug] [pid 2083444:tid 2083444] mod_socache_shmcb.c(860): AH00847: insert happened at idx=26, data=(5719:5751)
[Wed Aug 26 00:04:21.455339 2026] [socache_shmcb:debug] [pid 2083444:tid 2083444] mod_socache_shmcb.c(863): AH00848: finished insert, subcache: idx_pos/idx_used=0/27, data_pos/data_used=0/5945
[Wed Aug 26 00:04:21.455342 2026] [socache_shmcb:debug] [pid 2083444:tid 2083444] mod_socache_shmcb.c(530): AH00834: leaving socache_shmcb_store successfully
[Wed Aug 26 00:04:21.461910 2026] [ssl:debug] [pid 2083444:tid 2083444] ssl_engine_kernel.c(254): [client 34.10.180.98:21504] AH02034: Initial (No.1) HTTPS request received for child 11 (server 2blog.ilc.edu.tw:443)
[Wed Aug 26 00:04:21.462265 2026] [authz_core:debug] [pid 2083444:tid 2083444] mod_authz_core.c(815): [client 34.10.180.98:21504] AH01626: authorization result of Require all granted: granted
[Wed Aug 26 00:04:21.462273 2026] [authz_core:debug] [pid 2083444:tid 2083444] mod_authz_core.c(815): [client 34.10.180.98:21504] AH01626: authorization result of : granted
[Wed Aug 26 00:04:21.462995 2026] [authz_core:debug] [pid 2083444:tid 2083444] mod_authz_core.c(815): [client 34.10.180.98:21504] AH01626: authorization result of Require all granted: granted
[Wed Aug 26 00:04:21.463013 2026] [authz_core:debug] [pid 2083444:tid 2083444] mod_authz_core.c(815): [client 34.10.180.98:21504] AH01626: authorization result of : granted
[Wed Aug 26 00:04:21.516169 2026] [deflate:debug] [pid 2083276:tid 2083276] mod_deflate.c(909): [client 34.61.96.6:26626] AH01384: Zlib: Compressed 42363 to 9604 : URL /index.php
[Wed Aug 26 00:04:21.622310 2026] [deflate:debug] [pid 2083444:tid 2083444] mod_deflate.c(909): [client 34.10.180.98:21504] AH01384: Zlib: Compressed 38113 to 9075 : URL /index.php
[Wed Aug 26 00:04:21.801520 2026] [ssl:debug] [pid 2083357:tid 2083357] ssl_engine_io.c(1150): [client 34.30.223.149:28672] AH02001: Connection closed to child 0 with standard shutdown (server 2blog.ilc.edu.tw:443)
[Wed Aug 26 00:04:22.194097 2026] [authz_core:debug] [pid 2078749:tid 2078749] mod_authz_core.c(815): [client 34.56.53.225:34304] AH01626: authorization result of Require all granted: granted
[Wed Aug 26 00:04:22.194133 2026] [authz_core:debug] [pid 2078749:tid 2078749] mod_authz_core.c(815): [client 34.56.53.225:34304] AH01626: authorization result of : granted
[Wed Aug 26 00:04:22.262086 2026] [authz_core:debug] [pid 2083269:tid 2083269] mod_authz_core.c(815): [client 44.220.2.97:27717] AH01626: authorization result of Require all granted: granted
[Wed Aug 26 00:04:22.262120 2026] [authz_core:debug] [pid 2083269:tid 2083269] mod_authz_core.c(815): [client 44.220.2.97:27717] AH01626: authorization result of : granted
[Wed Aug 26 00:04:22.263737 2026] [authz_core:debug] [pid 2083269:tid 2083269] mod_authz_core.c(815): [client 44.220.2.97:27717] AH01626: authorization result of Require all granted: granted
[Wed Aug 26 00:04:22.263747 2026] [authz_core:debug] [pid 2083269:tid 2083269] mod_authz_core.c(815): [client 44.220.2.97:27717] AH01626: authorization result of : granted
[Wed Aug 26 00:04:22.265056 2026] [deflate:debug] [pid 2083269:tid 2083269] mod_deflate.c(909): [client 44.220.2.97:27717] AH01384: Zlib: Compressed 800 to 384 : URL /wp-content/uploads/sites/3787/2023/10/
[Wed Aug 26 00:04:23.132506 2026] [headers:debug] [pid 2083343:tid 2083343] mod_headers.c(900): AH01503: headers: ap_headers_error_filter()
[Wed Aug 26 00:04:23.179503 2026] [ssl:info] [pid 2083389:tid 2083389] [client 2001:288:a201::66:125:41213] AH01964: Connection to child 8 established (server 2blog.ilc.edu.tw:443)
[Wed Aug 26 00:04:23.179725 2026] [ssl:debug] [pid 2083389:tid 2083389] ssl_engine_kernel.c(2252): [client 2001:288:a201::66:125:41213] AH02645: Server name not provided via TLS extension (using default/first virtual host)
