[Wed Aug 26 00:04:56.540308 2026] [ssl:info] [pid 2083444:tid 2083444] [client 2001:b011:e00e:dd86:69ba:fc4f:eb0d:cf1a:58447] AH01964: Connection to child 11 established (server 2blog.ilc.edu.tw:443)
[Wed Aug 26 00:04:56.540484 2026] [ssl:debug] [pid 2083444:tid 2083444] ssl_engine_kernel.c(2222): [client 2001:b011:e00e:dd86:69ba:fc4f:eb0d:cf1a:58447] AH02043: SSL virtual host for servername 2blog.ilc.edu.tw found
[Wed Aug 26 00:04:56.540542 2026] [core:debug] [pid 2083444:tid 2083444] protocol.c(2460): [client 2001:b011:e00e:dd86:69ba:fc4f:eb0d:cf1a:58447] AH03155: select protocol from , choices=h2,http/1.1 for server 2blog.ilc.edu.tw
[Wed Aug 26 00:04:56.540579 2026] [ssl:debug] [pid 2083444:tid 2083444] ssl_util_stapling.c(819): AH01951: stapling_cb: OCSP Stapling callback called
[Wed Aug 26 00:04:56.540584 2026] [ssl:info] [pid 2083444:tid 2083444] AH01926: stapling_get_certinfo: stapling not supported for certificate
[Wed Aug 26 00:04:56.544856 2026] [deflate:debug] [pid 2083269:tid 2083269] mod_deflate.c(909): [client 140.111.67.195:44228] AH01384: Zlib: Compressed 1357 to 567 : URL /wp-admin/admin-post.php
[Wed Aug 26 00:04:56.555977 2026] [ssl:debug] [pid 2083444:tid 2083444] ssl_engine_kernel.c(2082): [client 2001:b011:e00e:dd86:69ba:fc4f:eb0d:cf1a:58447] AH02041: Protocol: TLSv1.3, Cipher: TLS_AES_256_GCM_SHA384 (256/256 bits)
[Wed Aug 26 00:04:56.556025 2026] [socache_shmcb:debug] [pid 2083444:tid 2083444] mod_socache_shmcb.c(508): AH00831: socache_shmcb_store (0x91 -> subcache 17)
[Wed Aug 26 00:04:56.556031 2026] [socache_shmcb:debug] [pid 2083444:tid 2083444] mod_socache_shmcb.c(860): AH00847: insert happened at idx=34, data=(7578:7610)
[Wed Aug 26 00:04:56.556034 2026] [socache_shmcb:debug] [pid 2083444:tid 2083444] mod_socache_shmcb.c(863): AH00848: finished insert, subcache: idx_pos/idx_used=0/35, data_pos/data_used=0/7803
[Wed Aug 26 00:04:56.556036 2026] [socache_shmcb:debug] [pid 2083444:tid 2083444] mod_socache_shmcb.c(530): AH00834: leaving socache_shmcb_store successfully
[Wed Aug 26 00:04:56.556087 2026] [socache_shmcb:debug] [pid 2083444:tid 2083444] mod_socache_shmcb.c(508): AH00831: socache_shmcb_store (0x54 -> subcache 20)
[Wed Aug 26 00:04:56.556091 2026] [socache_shmcb:debug] [pid 2083444:tid 2083444] mod_socache_shmcb.c(860): AH00847: insert happened at idx=37, data=(8331:8363)
[Wed Aug 26 00:04:56.556093 2026] [socache_shmcb:debug] [pid 2083444:tid 2083444] mod_socache_shmcb.c(863): AH00848: finished insert, subcache: idx_pos/idx_used=0/38, data_pos/data_used=0/8556
[Wed Aug 26 00:04:56.556095 2026] [socache_shmcb:debug] [pid 2083444:tid 2083444] mod_socache_shmcb.c(530): AH00834: leaving socache_shmcb_store successfully
[Wed Aug 26 00:04:56.567136 2026] [ssl:info] [pid 2083340:tid 2083340] [client 2001:b011:e00e:dd86:69ba:fc4f:eb0d:cf1a:58448] AH01964: Connection to child 2 established (server 2blog.ilc.edu.tw:443)
[Wed Aug 26 00:04:56.567440 2026] [ssl:debug] [pid 2083340:tid 2083340] ssl_engine_kernel.c(2222): [client 2001:b011:e00e:dd86:69ba:fc4f:eb0d:cf1a:58448] AH02043: SSL virtual host for servername 2blog.ilc.edu.tw found
[Wed Aug 26 00:04:56.567514 2026] [core:debug] [pid 2083340:tid 2083340] protocol.c(2460): [client 2001:b011:e00e:dd86:69ba:fc4f:eb0d:cf1a:58448] AH03155: select protocol from , choices=http/1.1 for server 2blog.ilc.edu.tw
[Wed Aug 26 00:04:56.567555 2026] [ssl:debug] [pid 2083340:tid 2083340] ssl_util_stapling.c(819): AH01951: stapling_cb: OCSP Stapling callback called
[Wed Aug 26 00:04:56.567561 2026] [ssl:info] [pid 2083340:tid 2083340] AH01926: stapling_get_certinfo: stapling not supported for certificate
[Wed Aug 26 00:04:56.585202 2026] [ssl:debug] [pid 2083340:tid 2083340] ssl_engine_kernel.c(2082): [client 2001:b011:e00e:dd86:69ba:fc4f:eb0d:cf1a:58448] AH02041: Protocol: TLSv1.3, Cipher: TLS_AES_256_GCM_SHA384 (256/256 bits)
[Wed Aug 26 00:04:56.585260 2026] [socache_shmcb:debug] [pid 2083340:tid 2083340] mod_socache_shmcb.c(508): AH00831: socache_shmcb_store (0x22 -> subcache 2)
[Wed Aug 26 00:04:56.585266 2026] [socache_shmcb:debug] [pid 2083340:tid 2083340] mod_socache_shmcb.c(860): AH00847: insert happened at idx=27, data=(5948:5980)
[Wed Aug 26 00:04:56.585280 2026] [socache_shmcb:debug] [pid 2083340:tid 2083340] mod_socache_shmcb.c(863): AH00848: finished insert, subcache: idx_pos/idx_used=0/28, data_pos/data_used=0/6173
[Wed Aug 26 00:04:56.585282 2026] [socache_shmcb:debug] [pid 2083340:tid 2083340] mod_socache_shmcb.c(530): AH00834: leaving socache_shmcb_store successfully
[Wed Aug 26 00:04:56.585335 2026] [socache_shmcb:debug] [pid 2083340:tid 2083340] mod_socache_shmcb.c(508): AH00831: socache_shmcb_store (0xb9 -> subcache 25)
[Wed Aug 26 00:04:56.585350 2026] [socache_shmcb:debug] [pid 2083340:tid 2083340] mod_socache_shmcb.c(860): AH00847: insert happened at idx=28, data=(6228:6260)
[Wed Aug 26 00:04:56.585352 2026] [socache_shmcb:debug] [pid 2083340:tid 2083340] mod_socache_shmcb.c(863): AH00848: finished insert, subcache: idx_pos/idx_used=0/29, data_pos/data_used=0/6453
[Wed Aug 26 00:04:56.585353 2026] [socache_shmcb:debug] [pid 2083340:tid 2083340] mod_socache_shmcb.c(530): AH00834: leaving socache_shmcb_store successfully
[Wed Aug 26 00:04:56.585473 2026] [ssl:debug] [pid 2083340:tid 2083340] ssl_engine_kernel.c(254): [client 2001:b011:e00e:dd86:69ba:fc4f:eb0d:cf1a:58448] AH02034: Initial (No.1) HTTPS request received for child 2 (server 2blog.ilc.edu.tw:443)
[Wed Aug 26 00:04:56.585689 2026] [authz_core:debug] [pid 2083340:tid 2083340] mod_authz_core.c(815): [client 2001:b011:e00e:dd86:69ba:fc4f:eb0d:cf1a:58448] AH01626: authorization result of Require all granted: granted
[Wed Aug 26 00:04:56.585694 2026] [authz_core:debug] [pid 2083340:tid 2083340] mod_authz_core.c(815): [client 2001:b011:e00e:dd86:69ba:fc4f:eb0d:cf1a:58448] AH01626: authorization result of : granted
[Wed Aug 26 00:04:56.585840 2026] [authz_core:debug] [pid 2083340:tid 2083340] mod_authz_core.c(815): [client 2001:b011:e00e:dd86:69ba:fc4f:eb0d:cf1a:58448] AH01626: authorization result of Require all granted: granted
[Wed Aug 26 00:04:56.585845 2026] [authz_core:debug] [pid 2083340:tid 2083340] mod_authz_core.c(815): [client 2001:b011:e00e:dd86:69ba:fc4f:eb0d:cf1a:58448] AH01626: authorization result of : granted
[Wed Aug 26 00:04:56.603360 2026] [deflate:debug] [pid 2083340:tid 2083340] mod_deflate.c(909): [client 2001:b011:e00e:dd86:69ba:fc4f:eb0d:cf1a:58448] AH01384: Zlib: Compressed 181217 to 32875 : URL /index.php
[Wed Aug 26 00:04:56.655496 2026] [ssl:debug] [pid 2083464:tid 2083464] ssl_engine_kernel.c(2082): [client 34.123.149.87:12800] AH02041: Protocol: TLSv1.3, Cipher: TLS_AES_256_GCM_SHA384 (256/256 bits)
[Wed Aug 26 00:04:56.655563 2026] [socache_shmcb:debug] [pid 2083464:tid 2083464] mod_socache_shmcb.c(508): AH00831: socache_shmcb_store (0x92 -> subcache 18)
[Wed Aug 26 00:04:56.655581 2026] [socache_shmcb:debug] [pid 2083464:tid 2083464] mod_socache_shmcb.c(860): AH00847: insert happened at idx=44, data=(9824:9856)
[Wed Aug 26 00:04:56.655584 2026] [socache_shmcb:debug] [pid 2083464:tid 2083464] mod_socache_shmcb.c(863): AH00848: finished insert, subcache: idx_pos/idx_used=0/45, data_pos/data_used=0/10049
[Wed Aug 26 00:04:56.655586 2026] [socache_shmcb:debug] [pid 2083464:tid 2083464] mod_socache_shmcb.c(530): AH00834: leaving socache_shmcb_store successfully
[Wed Aug 26 00:04:56.655652 2026] [socache_shmcb:debug] [pid 2083464:tid 2083464] mod_socache_shmcb.c(508): AH00831: socache_shmcb_store (0xc8 -> subcache 8)
[Wed Aug 26 00:04:56.655658 2026] [socache_shmcb:debug] [pid 2083464:tid 2083464] mod_socache_shmcb.c(860): AH00847: insert happened at idx=31, data=(6890:6922)
[Wed Aug 26 00:04:56.655660 2026] [socache_shmcb:debug] [pid 2083464:tid 2083464] mod_socache_shmcb.c(863): AH00848: finished insert, subcache: idx_pos/idx_used=0/32, data_pos/data_used=0/7116
[Wed Aug 26 00:04:56.655662 2026] [socache_shmcb:debug] [pid 2083464:tid 2083464] mod_socache_shmcb.c(530): AH00834: leaving socache_shmcb_store successfully
[Wed Aug 26 00:04:56.665172 2026] [ssl:debug] [pid 2083340:tid 2083340] ssl_engine_kernel.c(254): [client 2001:b011:e00e:dd86:69ba:fc4f:eb0d:cf1a:58448] AH02034: Subsequent (No.2) HTTPS request received for child 2 (server 2blog.ilc.edu.tw:443), referer: https://2blog.ilc.edu.tw/34/%E7%A0%94%E7%99%BC%E6%88%90%E6%9E%9C/
[Wed Aug 26 00:04:56.665318 2026] [ssl:debug] [pid 2083444:tid 2083444] ssl_engine_kernel.c(254): [client 2001:b011:e00e:dd86:69ba:fc4f:eb0d:cf1a:58447] AH02034: Initial (No.1) HTTPS request received for child 11 (server 2blog.ilc.edu.tw:443), referer: https://2blog.ilc.edu.tw/34/%E7%A0%94%E7%99%BC%E6%88%90%E6%9E%9C/
[Wed Aug 26 00:04:56.665377 2026] [authz_core:debug] [pid 2083340:tid 2083340] mod_authz_core.c(815): [client 2001:b011:e00e:dd86:69ba:fc4f:eb0d:cf1a:58448] AH01626: authorization result of Require all granted: granted, referer: https://2blog.ilc.edu.tw/34/%E7%A0%94%E7%99%BC%E6%88%90%E6%9E%9C/
[Wed Aug 26 00:04:56.665383 2026] [authz_core:debug] [pid 2083340:tid 2083340] mod_authz_core.c(815): [client 2001:b011:e00e:dd86:69ba:fc4f:eb0d:cf1a:58448] AH01626: authorization result of : granted, referer: https://2blog.ilc.edu.tw/34/%E7%A0%94%E7%99%BC%E6%88%90%E6%9E%9C/
[Wed Aug 26 00:04:56.665791 2026] [authz_core:debug] [pid 2083444:tid 2083444] mod_authz_core.c(815): [client 2001:b011:e00e:dd86:69ba:fc4f:eb0d:cf1a:58447] AH01626: authorization result of Require all granted: granted, referer: https://2blog.ilc.edu.tw/34/%E7%A0%94%E7%99%BC%E6%88%90%E6%9E%9C/
[Wed Aug 26 00:04:56.665811 2026] [authz_core:debug] [pid 2083444:tid 2083444] mod_authz_core.c(815): [client 2001:b011:e00e:dd86:69ba:fc4f:eb0d:cf1a:58447] AH01626: authorization result of : granted, referer: https://2blog.ilc.edu.tw/34/%E7%A0%94%E7%99%BC%E6%88%90%E6%9E%9C/
[Wed Aug 26 00:04:56.665943 2026] [authz_core:debug] [pid 2083340:tid 2083340] mod_authz_core.c(815): [client 2001:b011:e00e:dd86:69ba:fc4f:eb0d:cf1a:58448] AH01626: authorization result of Require all granted: granted, referer: https://2blog.ilc.edu.tw/34/%E7%A0%94%E7%99%BC%E6%88%90%E6%9E%9C/
[Wed Aug 26 00:04:56.665950 2026] [authz_core:debug] [pid 2083340:tid 2083340] mod_authz_core.c(815): [client 2001:b011:e00e:dd86:69ba:fc4f:eb0d:cf1a:58448] AH01626: authorization result of : granted, referer: https://2blog.ilc.edu.tw/34/%E7%A0%94%E7%99%BC%E6%88%90%E6%9E%9C/
[Wed Aug 26 00:04:56.666859 2026] [authz_core:debug] [pid 2083444:tid 2083444] mod_authz_core.c(815): [client 2001:b011:e00e:dd86:69ba:fc4f:eb0d:cf1a:58447] AH01626: authorization result of Require all granted: granted, referer: https://2blog.ilc.edu.tw/34/%E7%A0%94%E7%99%BC%E6%88%90%E6%9E%9C/
[Wed Aug 26 00:04:56.666892 2026] [authz_core:debug] [pid 2083444:tid 2083444] mod_authz_core.c(815): [client 2001:b011:e00e:dd86:69ba:fc4f:eb0d:cf1a:58447] AH01626: authorization result of : granted, referer: https://2blog.ilc.edu.tw/34/%E7%A0%94%E7%99%BC%E6%88%90%E6%9E%9C/
[Wed Aug 26 00:04:56.673399 2026] [deflate:debug] [pid 2083444:tid 2083444] mod_deflate.c(909): [client 2001:b011:e00e:dd86:69ba:fc4f:eb0d:cf1a:58447] AH01384: Zlib: Compressed 79258 to 39707 : URL /wp-content/cache/2blog.ilc.edu.tw/wpfc-minified/1z7zitft/5wp3t.css, referer: https://2blog.ilc.edu.tw/34/%E7%A0%94%E7%99%BC%E6%88%90%E6%9E%9C/
[Wed Aug 26 00:04:56.674532 2026] [deflate:debug] [pid 2083340:tid 2083340] mod_deflate.c(909): [client 2001:b011:e00e:dd86:69ba:fc4f:eb0d:cf1a:58448] AH01384: Zlib: Compressed 498641 to 46217 : URL /wp-content/cache/2blog.ilc.edu.tw/wpfc-minified/1o4s444l/5x4uc.css, referer: https://2blog.ilc.edu.tw/34/%E7%A0%94%E7%99%BC%E6%88%90%E6%9E%9C/
[Wed Aug 26 00:04:56.676114 2026] [ssl:info] [pid 2083461:tid 2083461] [client 2001:b011:e00e:dd86:69ba:fc4f:eb0d:cf1a:58449] AH01964: Connection to child 20 established (server 2blog.ilc.edu.tw:443)
[Wed Aug 26 00:04:56.676273 2026] [ssl:debug] [pid 2083461:tid 2083461] ssl_engine_kernel.c(2222): [client 2001:b011:e00e:dd86:69ba:fc4f:eb0d:cf1a:58449] AH02043: SSL virtual host for servername 2blog.ilc.edu.tw found
[Wed Aug 26 00:04:56.676333 2026] [core:debug] [pid 2083461:tid 2083461] protocol.c(2460): [client 2001:b011:e00e:dd86:69ba:fc4f:eb0d:cf1a:58449] AH03155: select protocol from , choices=http/1.1 for server 2blog.ilc.edu.tw
[Wed Aug 26 00:04:56.676381 2026] [ssl:debug] [pid 2083461:tid 2083461] ssl_util_stapling.c(819): AH01951: stapling_cb: OCSP Stapling callback called
[Wed Aug 26 00:04:56.676386 2026] [ssl:info] [pid 2083461:tid 2083461] AH01926: stapling_get_certinfo: stapling not supported for certificate
[Wed Aug 26 00:04:56.681448 2026] [ssl:info] [pid 2083394:tid 2083394] [client 2001:b011:e00e:dd86:69ba:fc4f:eb0d:cf1a:58450] AH01964: Connection to child 4 established (server 2blog.ilc.edu.tw:443)
[Wed Aug 26 00:04:56.681565 2026] [ssl:debug] [pid 2083394:tid 2083394] ssl_engine_kernel.c(2222): [client 2001:b011:e00e:dd86:69ba:fc4f:eb0d:cf1a:58450] AH02043: SSL virtual host for servername 2blog.ilc.edu.tw found
[Wed Aug 26 00:04:56.681620 2026] [core:debug] [pid 2083394:tid 2083394] protocol.c(2460): [client 2001:b011:e00e:dd86:69ba:fc4f:eb0d:cf1a:58450] AH03155: select protocol from , choices=http/1.1 for server 2blog.ilc.edu.tw
[Wed Aug 26 00:04:56.681653 2026] [ssl:debug] [pid 2083394:tid 2083394] ssl_util_stapling.c(819): AH01951: stapling_cb: OCSP Stapling callback called
[Wed Aug 26 00:04:56.681657 2026] [ssl:info] [pid 2083394:tid 2083394] AH01926: stapling_get_certinfo: stapling not supported for certificate
[Wed Aug 26 00:04:56.689145 2026] [ssl:debug] [pid 2083461:tid 2083461] ssl_engine_kernel.c(2082): [client 2001:b011:e00e:dd86:69ba:fc4f:eb0d:cf1a:58449] AH02041: Protocol: TLSv1.3, Cipher: TLS_AES_256_GCM_SHA384 (256/256 bits)
[Wed Aug 26 00:04:56.689191 2026] [socache_shmcb:debug] [pid 2083461:tid 2083461] mod_socache_shmcb.c(508): AH00831: socache_shmcb_store (0x2d -> subcache 13)
[Wed Aug 26 00:04:56.689199 2026] [socache_shmcb:debug] [pid 2083461:tid 2083461] mod_socache_shmcb.c(860): AH00847: insert happened at idx=29, data=(6449:6481)
[Wed Aug 26 00:04:56.689202 2026] [socache_shmcb:debug] [pid 2083461:tid 2083461] mod_socache_shmcb.c(863): AH00848: finished insert, subcache: idx_pos/idx_used=0/30, data_pos/data_used=0/6674
[Wed Aug 26 00:04:56.689204 2026] [socache_shmcb:debug] [pid 2083461:tid 2083461] mod_socache_shmcb.c(530): AH00834: leaving socache_shmcb_store successfully
[Wed Aug 26 00:04:56.689249 2026] [socache_shmcb:debug] [pid 2083461:tid 2083461] mod_socache_shmcb.c(508): AH00831: socache_shmcb_store (0xf4 -> subcache 20)
[Wed Aug 26 00:04:56.689254 2026] [socache_shmcb:debug] [pid 2083461:tid 2083461] mod_socache_shmcb.c(860): AH00847: insert happened at idx=38, data=(8556:8588)
[Wed Aug 26 00:04:56.689257 2026] [socache_shmcb:debug] [pid 2083461:tid 2083461] mod_socache_shmcb.c(863): AH00848: finished insert, subcache: idx_pos/idx_used=0/39, data_pos/data_used=0/8782
[Wed Aug 26 00:04:56.689259 2026] [socache_shmcb:debug] [pid 2083461:tid 2083461] mod_socache_shmcb.c(530): AH00834: leaving socache_shmcb_store successfully
[Wed Aug 26 00:04:56.689373 2026] [ssl:debug] [pid 2083461:tid 2083461] ssl_engine_kernel.c(254): [client 2001:b011:e00e:dd86:69ba:fc4f:eb0d:cf1a:58449] AH02034: Initial (No.1) HTTPS request received for child 20 (server 2blog.ilc.edu.tw:443), referer: https://2blog.ilc.edu.tw/34/%E7%A0%94%E7%99%BC%E6%88%90%E6%9E%9C/
[Wed Aug 26 00:04:56.689559 2026] [authz_core:debug] [pid 2083461:tid 2083461] mod_authz_core.c(815): [client 2001:b011:e00e:dd86:69ba:fc4f:eb0d:cf1a:58449] AH01626: authorization result of Require all granted: granted, referer: https://2blog.ilc.edu.tw/34/%E7%A0%94%E7%99%BC%E6%88%90%E6%9E%9C/
[Wed Aug 26 00:04:56.689564 2026] [authz_core:debug] [pid 2083461:tid 2083461] mod_authz_core.c(815): [client 2001:b011:e00e:dd86:69ba:fc4f:eb0d:cf1a:58449] AH01626: authorization result of : granted, referer: https://2blog.ilc.edu.tw/34/%E7%A0%94%E7%99%BC%E6%88%90%E6%9E%9C/
[Wed Aug 26 00:04:56.690375 2026] [authz_core:debug] [pid 2083461:tid 2083461] mod_authz_core.c(815): [client 2001:b011:e00e:dd86:69ba:fc4f:eb0d:cf1a:58449] AH01626: authorization result of Require all granted: granted, referer: https://2blog.ilc.edu.tw/34/%E7%A0%94%E7%99%BC%E6%88%90%E6%9E%9C/
[Wed Aug 26 00:04:56.690383 2026] [authz_core:debug] [pid 2083461:tid 2083461] mod_authz_core.c(815): [client 2001:b011:e00e:dd86:69ba:fc4f:eb0d:cf1a:58449] AH01626: authorization result of : granted, referer: https://2blog.ilc.edu.tw/34/%E7%A0%94%E7%99%BC%E6%88%90%E6%9E%9C/
[Wed Aug 26 00:04:56.693744 2026] [ssl:debug] [pid 2083394:tid 2083394] ssl_engine_kernel.c(2082): [client 2001:b011:e00e:dd86:69ba:fc4f:eb0d:cf1a:58450] AH02041: Protocol: TLSv1.3, Cipher: TLS_AES_256_GCM_SHA384 (256/256 bits)
[Wed Aug 26 00:04:56.693874 2026] [socache_shmcb:debug] [pid 2083394:tid 2083394] mod_socache_shmcb.c(508): AH00831: socache_shmcb_store (0x9b -> subcache 27)
[Wed Aug 26 00:04:56.693898 2026] [socache_shmcb:debug] [pid 2083394:tid 2083394] mod_socache_shmcb.c(860): AH00847: insert happened at idx=28, data=(6261:6293)
[Wed Aug 26 00:04:56.693910 2026] [socache_shmcb:debug] [pid 2083394:tid 2083394] mod_socache_shmcb.c(863): AH00848: finished insert, subcache: idx_pos/idx_used=0/29, data_pos/data_used=0/6487
[Wed Aug 26 00:04:56.693923 2026] [socache_shmcb:debug] [pid 2083394:tid 2083394] mod_socache_shmcb.c(530): AH00834: leaving socache_shmcb_store successfully
[Wed Aug 26 00:04:56.694072 2026] [socache_shmcb:debug] [pid 2083394:tid 2083394] mod_socache_shmcb.c(508): AH00831: socache_shmcb_store (0xc2 -> subcache 2)
[Wed Aug 26 00:04:56.694089 2026] [socache_shmcb:debug] [pid 2083394:tid 2083394] mod_socache_shmcb.c(860): AH00847: insert happened at idx=28, data=(6173:6205)
[Wed Aug 26 00:04:56.694096 2026] [socache_shmcb:debug] [pid 2083394:tid 2083394] mod_socache_shmcb.c(863): AH00848: finished insert, subcache: idx_pos/idx_used=0/29, data_pos/data_used=0/6398
[Wed Aug 26 00:04:56.694103 2026] [socache_shmcb:debug] [pid 2083394:tid 2083394] mod_socache_shmcb.c(530): AH00834: leaving socache_shmcb_store successfully
[Wed Aug 26 00:04:56.695240 2026] [ssl:debug] [pid 2083394:tid 2083394] ssl_engine_kernel.c(254): [client 2001:b011:e00e:dd86:69ba:fc4f:eb0d:cf1a:58450] AH02034: Initial (No.1) HTTPS request received for child 4 (server 2blog.ilc.edu.tw:443), referer: https://2blog.ilc.edu.tw/34/%E7%A0%94%E7%99%BC%E6%88%90%E6%9E%9C/
[Wed Aug 26 00:04:56.695729 2026] [authz_core:debug] [pid 2083394:tid 2083394] mod_authz_core.c(815): [client 2001:b011:e00e:dd86:69ba:fc4f:eb0d:cf1a:58450] AH01626: authorization result of Require all granted: granted, referer: https://2blog.ilc.edu.tw/34/%E7%A0%94%E7%99%BC%E6%88%90%E6%9E%9C/
[Wed Aug 26 00:04:56.695747 2026] [authz_core:debug] [pid 2083394:tid 2083394] mod_authz_core.c(815): [client 2001:b011:e00e:dd86:69ba:fc4f:eb0d:cf1a:58450] AH01626: authorization result of : granted, referer: https://2blog.ilc.edu.tw/34/%E7%A0%94%E7%99%BC%E6%88%90%E6%9E%9C/
[Wed Aug 26 00:04:56.696124 2026] [authz_core:debug] [pid 2083394:tid 2083394] mod_authz_core.c(815): [client 2001:b011:e00e:dd86:69ba:fc4f:eb0d:cf1a:58450] AH01626: authorization result of Require all granted: granted, referer: https://2blog.ilc.edu.tw/34/%E7%A0%94%E7%99%BC%E6%88%90%E6%9E%9C/
[Wed Aug 26 00:04:56.696141 2026] [authz_core:debug] [pid 2083394:tid 2083394] mod_authz_core.c(815): [client 2001:b011:e00e:dd86:69ba:fc4f:eb0d:cf1a:58450] AH01626: authorization result of : granted, referer: https://2blog.ilc.edu.tw/34/%E7%A0%94%E7%99%BC%E6%88%90%E6%9E%9C/
[Wed Aug 26 00:04:56.697291 2026] [deflate:debug] [pid 2083394:tid 2083394] mod_deflate.c(909): [client 2001:b011:e00e:dd86:69ba:fc4f:eb0d:cf1a:58450] AH01384: Zlib: Compressed 9141 to 3649 : URL /wp-includes/js/dist/i18n.min.js, referer: https://2blog.ilc.edu.tw/34/%E7%A0%94%E7%99%BC%E6%88%90%E6%9E%9C/
[Wed Aug 26 00:04:56.755833 2026] [ssl:debug] [pid 2083464:tid 2083464] ssl_engine_kernel.c(254): [client 34.123.149.87:12800] AH02034: Initial (No.1) HTTPS request received for child 25 (server 2blog.ilc.edu.tw:443)
[Wed Aug 26 00:04:56.756063 2026] [authz_core:debug] [pid 2083464:tid 2083464] mod_authz_core.c(815): [client 34.123.149.87:12800] AH01626: authorization result of Require all granted: granted
[Wed Aug 26 00:04:56.756070 2026] [authz_core:debug] [pid 2083464:tid 2083464] mod_authz_core.c(815): [client 34.123.149.87:12800] AH01626: authorization result of : granted
[Wed Aug 26 00:04:56.756226 2026] [authz_core:debug] [pid 2083464:tid 2083464] mod_authz_core.c(815): [client 34.123.149.87:12800] AH01626: authorization result of Require all granted: granted
[Wed Aug 26 00:04:56.756230 2026] [authz_core:debug] [pid 2083464:tid 2083464] mod_authz_core.c(815): [client 34.123.149.87:12800] AH01626: authorization result of : granted
[Wed Aug 26 00:04:56.896279 2026] [ssl:debug] [pid 2083340:tid 2083340] ssl_engine_kernel.c(254): [client 2001:b011:e00e:dd86:69ba:fc4f:eb0d:cf1a:58448] AH02034: Subsequent (No.3) HTTPS request received for child 2 (server 2blog.ilc.edu.tw:443), referer: https://2blog.ilc.edu.tw/34/%E7%A0%94%E7%99%BC%E6%88%90%E6%9E%9C/
[Wed Aug 26 00:04:56.896507 2026] [authz_core:debug] [pid 2083340:tid 2083340] mod_authz_core.c(815): [client 2001:b011:e00e:dd86:69ba:fc4f:eb0d:cf1a:58448] AH01626: authorization result of Require all granted: granted, referer: https://2blog.ilc.edu.tw/34/%E7%A0%94%E7%99%BC%E6%88%90%E6%9E%9C/
[Wed Aug 26 00:04:56.896514 2026] [authz_core:debug] [pid 2083340:tid 2083340] mod_authz_core.c(815): [client 2001:b011:e00e:dd86:69ba:fc4f:eb0d:cf1a:58448] AH01626: authorization result of : granted, referer: https://2blog.ilc.edu.tw/34/%E7%A0%94%E7%99%BC%E6%88%90%E6%9E%9C/
[Wed Aug 26 00:04:56.896712 2026] [authz_core:debug] [pid 2083340:tid 2083340] mod_authz_core.c(815): [client 2001:b011:e00e:dd86:69ba:fc4f:eb0d:cf1a:58448] AH01626: authorization result of Require all granted: granted, referer: https://2blog.ilc.edu.tw/34/%E7%A0%94%E7%99%BC%E6%88%90%E6%9E%9C/
[Wed Aug 26 00:04:56.896717 2026] [authz_core:debug] [pid 2083340:tid 2083340] mod_authz_core.c(815): [client 2001:b011:e00e:dd86:69ba:fc4f:eb0d:cf1a:58448] AH01626: authorization result of : granted, referer: https://2blog.ilc.edu.tw/34/%E7%A0%94%E7%99%BC%E6%88%90%E6%9E%9C/
[Wed Aug 26 00:04:56.896868 2026] [deflate:debug] [pid 2083340:tid 2083340] mod_deflate.c(909): [client 2001:b011:e00e:dd86:69ba:fc4f:eb0d:cf1a:58448] AH01384: Zlib: Compressed 1576 to 742 : URL /wp-content/plugins/elementor-pro/assets/js/share-buttons.08f4daf4a4285a8632b8.bundle.min.js, referer: https://2blog.ilc.edu.tw/34/%E7%A0%94%E7%99%BC%E6%88%90%E6%9E%9C/
[Wed Aug 26 00:04:57.127912 2026] [ssl:info] [pid 2083457:tid 2083457] [client 34.56.53.225:32768] AH01964: Connection to child 16 established (server 2blog.ilc.edu.tw:443)
[Wed Aug 26 00:04:57.128135 2026] [ssl:debug] [pid 2083457:tid 2083457] ssl_engine_kernel.c(2222): [client 34.56.53.225:32768] AH02043: SSL virtual host for servername 2blog.ilc.edu.tw found
[Wed Aug 26 00:04:57.128193 2026] [core:debug] [pid 2083457:tid 2083457] protocol.c(2460): [client 34.56.53.225:32768] AH03155: select protocol from , choices=http/1.1 for server 2blog.ilc.edu.tw
[Wed Aug 26 00:04:57.136131 2026] [ssl:info] [pid 2083365:tid 2083365] [client 34.10.180.98:16896] AH01964: Connection to child 6 established (server 2blog.ilc.edu.tw:443)
[Wed Aug 26 00:04:57.136268 2026] [ssl:info] [pid 2083365:tid 2083365] (70014)End of file found: [client 34.10.180.98:16896] AH02006: SSL handshake stopped: connection was closed
[Wed Aug 26 00:04:57.136276 2026] [ssl:info] [pid 2083365:tid 2083365] [client 34.10.180.98:16896] AH01998: Connection closed to child 6 with abortive shutdown (server 2blog.ilc.edu.tw:443)
[Wed Aug 26 00:04:57.304212 2026] [watchdog:debug] [pid 2083481:tid 2083481] mod_watchdog.c(559): AH02980: Watchdog: nothing configured?
[Wed Aug 26 00:04:57.445149 2026] [ssl:debug] [pid 2083456:tid 2083456] ssl_engine_io.c(1150): [client 34.30.223.149:24067] AH02001: Connection closed to child 15 with standard shutdown (server 2blog.ilc.edu.tw:443)
[Wed Aug 26 00:04:57.495906 2026] [ssl:info] [pid 2083366:tid 2083366] [client 2001:b400:e137:bb4e:b47f:3ce0:1739:401f:51584] AH01964: Connection to child 12 established (server 2blog.ilc.edu.tw:443)
[Wed Aug 26 00:04:57.496281 2026] [ssl:debug] [pid 2083366:tid 2083366] ssl_engine_kernel.c(2222): [client 2001:b400:e137:bb4e:b47f:3ce0:1739:401f:51584] AH02043: SSL virtual host for servername www.ilc.edu.tw found
[Wed Aug 26 00:04:57.496380 2026] [core:debug] [pid 2083366:tid 2083366] protocol.c(2460): [client 2001:b400:e137:bb4e:b47f:3ce0:1739:401f:51584] AH03155: select protocol from , choices=h2,http/1.1 for server www.ilc.edu.tw
[Wed Aug 26 00:04:57.496429 2026] [ssl:debug] [pid 2083366:tid 2083366] ssl_util_stapling.c(819): AH01951: stapling_cb: OCSP Stapling callback called
[Wed Aug 26 00:04:57.496436 2026] [ssl:info] [pid 2083366:tid 2083366] AH01926: stapling_get_certinfo: stapling not supported for certificate
[Wed Aug 26 00:04:57.497616 2026] [ssl:info] [pid 2083474:tid 2083474] [client 2001:b400:e137:bb4e:b47f:3ce0:1739:401f:51612] AH01964: Connection to child 1 established (server 2blog.ilc.edu.tw:443)
[Wed Aug 26 00:04:57.497816 2026] [ssl:debug] [pid 2083474:tid 2083474] ssl_engine_kernel.c(2222): [client 2001:b400:e137:bb4e:b47f:3ce0:1739:401f:51612] AH02043: SSL virtual host for servername www.ilc.edu.tw found
[Wed Aug 26 00:04:57.497871 2026] [core:debug] [pid 2083474:tid 2083474] protocol.c(2460): [client 2001:b400:e137:bb4e:b47f:3ce0:1739:401f:51612] AH03155: select protocol from , choices=h2,http/1.1 for server www.ilc.edu.tw
[Wed Aug 26 00:04:57.497913 2026] [ssl:debug] [pid 2083474:tid 2083474] ssl_util_stapling.c(819): AH01951: stapling_cb: OCSP Stapling callback called
[Wed Aug 26 00:04:57.497920 2026] [ssl:info] [pid 2083474:tid 2083474] AH01926: stapling_get_certinfo: stapling not supported for certificate
[Wed Aug 26 00:04:57.508018 2026] [ssl:info] [pid 2083389:tid 2083389] [client 2001:b400:e137:bb4e:b47f:3ce0:1739:401f:51602] AH01964: Connection to child 8 established (server 2blog.ilc.edu.tw:443)
[Wed Aug 26 00:04:57.508202 2026] [ssl:info] [pid 2083365:tid 2083365] [client 2001:b400:e137:bb4e:b47f:3ce0:1739:401f:51598] AH01964: Connection to child 6 established (server 2blog.ilc.edu.tw:443)
[Wed Aug 26 00:04:57.508258 2026] [ssl:debug] [pid 2083389:tid 2083389] ssl_engine_kernel.c(2222): [client 2001:b400:e137:bb4e:b47f:3ce0:1739:401f:51602] AH02043: SSL virtual host for servername www.ilc.edu.tw found
[Wed Aug 26 00:04:57.508320 2026] [core:debug] [pid 2083389:tid 2083389] protocol.c(2460): [client 2001:b400:e137:bb4e:b47f:3ce0:1739:401f:51602] AH03155: select protocol from , choices=h2,http/1.1 for server www.ilc.edu.tw
[Wed Aug 26 00:04:57.508351 2026] [ssl:debug] [pid 2083365:tid 2083365] ssl_engine_kernel.c(2222): [client 2001:b400:e137:bb4e:b47f:3ce0:1739:401f:51598] AH02043: SSL virtual host for servername www.ilc.edu.tw found
[Wed Aug 26 00:04:57.508360 2026] [ssl:debug] [pid 2083389:tid 2083389] ssl_util_stapling.c(819): AH01951: stapling_cb: OCSP Stapling callback called
[Wed Aug 26 00:04:57.508365 2026] [ssl:info] [pid 2083389:tid 2083389] AH01926: stapling_get_certinfo: stapling not supported for certificate
[Wed Aug 26 00:04:57.508398 2026] [core:debug] [pid 2083365:tid 2083365] protocol.c(2460): [client 2001:b400:e137:bb4e:b47f:3ce0:1739:401f:51598] AH03155: select protocol from , choices=h2,http/1.1 for server www.ilc.edu.tw
[Wed Aug 26 00:04:57.508432 2026] [ssl:debug] [pid 2083365:tid 2083365] ssl_util_stapling.c(819): AH01951: stapling_cb: OCSP Stapling callback called
[Wed Aug 26 00:04:57.508437 2026] [ssl:info] [pid 2083365:tid 2083365] AH01926: stapling_get_certinfo: stapling not supported for certificate
[Wed Aug 26 00:04:57.537672 2026] [ssl:debug] [pid 2083366:tid 2083366] ssl_engine_kernel.c(2082): [client 2001:b400:e137:bb4e:b47f:3ce0:1739:401f:51584] AH02041: Protocol: TLSv1.3, Cipher: TLS_AES_256_GCM_SHA384 (256/256 bits)
[Wed Aug 26 00:04:57.537737 2026] [socache_shmcb:debug] [pid 2083366:tid 2083366] mod_socache_shmcb.c(508): AH00831: socache_shmcb_store (0xdd -> subcache 29)
[Wed Aug 26 00:04:57.537758 2026] [socache_shmcb:debug] [pid 2083366:tid 2083366] mod_socache_shmcb.c(860): AH00847: insert happened at idx=35, data=(7762:7794)
[Wed Aug 26 00:04:57.537761 2026] [socache_shmcb:debug] [pid 2083366:tid 2083366] mod_socache_shmcb.c(863): AH00848: finished insert, subcache: idx_pos/idx_used=0/36, data_pos/data_used=0/7985
[Wed Aug 26 00:04:57.537778 2026] [socache_shmcb:debug] [pid 2083366:tid 2083366] mod_socache_shmcb.c(530): AH00834: leaving socache_shmcb_store successfully
[Wed Aug 26 00:04:57.537879 2026] [socache_shmcb:debug] [pid 2083366:tid 2083366] mod_socache_shmcb.c(508): AH00831: socache_shmcb_store (0xc2 -> subcache 2)
[Wed Aug 26 00:04:57.537886 2026] [socache_shmcb:debug] [pid 2083366:tid 2083366] mod_socache_shmcb.c(860): AH00847: insert happened at idx=29, data=(6398:6430)
[Wed Aug 26 00:04:57.537888 2026] [socache_shmcb:debug] [pid 2083366:tid 2083366] mod_socache_shmcb.c(863): AH00848: finished insert, subcache: idx_pos/idx_used=0/30, data_pos/data_used=0/6621
[Wed Aug 26 00:04:57.537890 2026] [socache_shmcb:debug] [pid 2083366:tid 2083366] mod_socache_shmcb.c(530): AH00834: leaving socache_shmcb_store successfully
[Wed Aug 26 00:04:57.540538 2026] [ssl:debug] [pid 2083474:tid 2083474] ssl_engine_kernel.c(2082): [client 2001:b400:e137:bb4e:b47f:3ce0:1739:401f:51612] AH02041: Protocol: TLSv1.3, Cipher: TLS_AES_256_GCM_SHA384 (256/256 bits)
[Wed Aug 26 00:04:57.540582 2026] [socache_shmcb:debug] [pid 2083474:tid 2083474] mod_socache_shmcb.c(508): AH00831: socache_shmcb_store (0xe2 -> subcache 2)
[Wed Aug 26 00:04:57.540605 2026] [socache_shmcb:debug] [pid 2083474:tid 2083474] mod_socache_shmcb.c(860): AH00847: insert happened at idx=30, data=(6621:6653)
[Wed Aug 26 00:04:57.540608 2026] [socache_shmcb:debug] [pid 2083474:tid 2083474] mod_socache_shmcb.c(863): AH00848: finished insert, subcache: idx_pos/idx_used=0/31, data_pos/data_used=0/6844
[Wed Aug 26 00:04:57.540610 2026] [socache_shmcb:debug] [pid 2083474:tid 2083474] mod_socache_shmcb.c(530): AH00834: leaving socache_shmcb_store successfully
[Wed Aug 26 00:04:57.540655 2026] [socache_shmcb:debug] [pid 2083474:tid 2083474] mod_socache_shmcb.c(508): AH00831: socache_shmcb_store (0xd5 -> subcache 21)
[Wed Aug 26 00:04:57.540660 2026] [socache_shmcb:debug] [pid 2083474:tid 2083474] mod_socache_shmcb.c(860): AH00847: insert happened at idx=42, data=(9333:9365)
[Wed Aug 26 00:04:57.540662 2026] [socache_shmcb:debug] [pid 2083474:tid 2083474] mod_socache_shmcb.c(863): AH00848: finished insert, subcache: idx_pos/idx_used=0/43, data_pos/data_used=0/9557
[Wed Aug 26 00:04:57.540664 2026] [socache_shmcb:debug] [pid 2083474:tid 2083474] mod_socache_shmcb.c(530): AH00834: leaving socache_shmcb_store successfully
[Wed Aug 26 00:04:57.542547 2026] [ssl:debug] [pid 2083365:tid 2083365] ssl_engine_kernel.c(2082): [client 2001:b400:e137:bb4e:b47f:3ce0:1739:401f:51598] AH02041: Protocol: TLSv1.3, Cipher: TLS_AES_256_GCM_SHA384 (256/256 bits)
[Wed Aug 26 00:04:57.542559 2026] [ssl:debug] [pid 2083389:tid 2083389] ssl_engine_kernel.c(2082): [client 2001:b400:e137:bb4e:b47f:3ce0:1739:401f:51602] AH02041: Protocol: TLSv1.3, Cipher: TLS_AES_256_GCM_SHA384 (256/256 bits)
[Wed Aug 26 00:04:57.542582 2026] [socache_shmcb:debug] [pid 2083365:tid 2083365] mod_socache_shmcb.c(508): AH00831: socache_shmcb_store (0x13 -> subcache 19)
[Wed Aug 26 00:04:57.542588 2026] [socache_shmcb:debug] [pid 2083365:tid 2083365] mod_socache_shmcb.c(860): AH00847: insert happened at idx=33, data=(7341:7373)
[Wed Aug 26 00:04:57.542591 2026] [socache_shmcb:debug] [pid 2083365:tid 2083365] mod_socache_shmcb.c(863): AH00848: finished insert, subcache: idx_pos/idx_used=0/34, data_pos/data_used=0/7565
[Wed Aug 26 00:04:57.542593 2026] [socache_shmcb:debug] [pid 2083365:tid 2083365] mod_socache_shmcb.c(530): AH00834: leaving socache_shmcb_store successfully
[Wed Aug 26 00:04:57.542596 2026] [socache_shmcb:debug] [pid 2083389:tid 2083389] mod_socache_shmcb.c(508): AH00831: socache_shmcb_store (0x8c -> subcache 12)
[Wed Aug 26 00:04:57.542602 2026] [socache_shmcb:debug] [pid 2083389:tid 2083389] mod_socache_shmcb.c(860): AH00847: insert happened at idx=27, data=(6015:6047)
[Wed Aug 26 00:04:57.542605 2026] [socache_shmcb:debug] [pid 2083389:tid 2083389] mod_socache_shmcb.c(863): AH00848: finished insert, subcache: idx_pos/idx_used=0/28, data_pos/data_used=0/6238
[Wed Aug 26 00:04:57.542607 2026] [socache_shmcb:debug] [pid 2083389:tid 2083389] mod_socache_shmcb.c(530): AH00834: leaving socache_shmcb_store successfully
[Wed Aug 26 00:04:57.542631 2026] [socache_shmcb:debug] [pid 2083365:tid 2083365] mod_socache_shmcb.c(508): AH00831: socache_shmcb_store (0x71 -> subcache 17)
[Wed Aug 26 00:04:57.542637 2026] [socache_shmcb:debug] [pid 2083365:tid 2083365] mod_socache_shmcb.c(860): AH00847: insert happened at idx=35, data=(7803:7835)
[Wed Aug 26 00:04:57.542639 2026] [socache_shmcb:debug] [pid 2083365:tid 2083365] mod_socache_shmcb.c(863): AH00848: finished insert, subcache: idx_pos/idx_used=0/36, data_pos/data_used=0/8027
[Wed Aug 26 00:04:57.542641 2026] [socache_shmcb:debug] [pid 2083365:tid 2083365] mod_socache_shmcb.c(530): AH00834: leaving socache_shmcb_store successfully
[Wed Aug 26 00:04:57.542662 2026] [socache_shmcb:debug] [pid 2083389:tid 2083389] mod_socache_shmcb.c(508): AH00831: socache_shmcb_store (0x96 -> subcache 22)
[Wed Aug 26 00:04:57.542676 2026] [socache_shmcb:debug] [pid 2083389:tid 2083389] mod_socache_shmcb.c(860): AH00847: insert happened at idx=29, data=(6399:6431)
[Wed Aug 26 00:04:57.542679 2026] [socache_shmcb:debug] [pid 2083389:tid 2083389] mod_socache_shmcb.c(863): AH00848: finished insert, subcache: idx_pos/idx_used=0/30, data_pos/data_used=0/6623
[Wed Aug 26 00:04:57.542680 2026] [socache_shmcb:debug] [pid 2083389:tid 2083389] mod_socache_shmcb.c(530): AH00834: leaving socache_shmcb_store successfully
[Wed Aug 26 00:04:57.553098 2026] [ssl:debug] [pid 2083366:tid 2083366] ssl_engine_kernel.c(254): [client 2001:b400:e137:bb4e:b47f:3ce0:1739:401f:51584] AH02034: Initial (No.1) HTTPS request received for child 12 (server www.ilc.edu.tw:443), referer: https://it.ilc.edu.tw/
[Wed Aug 26 00:04:57.553104 2026] [ssl:debug] [pid 2083365:tid 2083365] ssl_engine_kernel.c(254): [client 2001:b400:e137:bb4e:b47f:3ce0:1739:401f:51598] AH02034: Initial (No.1) HTTPS request received for child 6 (server www.ilc.edu.tw:443), referer: https://it.ilc.edu.tw/
[Wed Aug 26 00:04:57.553320 2026] [ssl:debug] [pid 2083474:tid 2083474] ssl_engine_kernel.c(254): [client 2001:b400:e137:bb4e:b47f:3ce0:1739:401f:51612] AH02034: Initial (No.1) HTTPS request received for child 1 (server www.ilc.edu.tw:443), referer: https://it.ilc.edu.tw/
[Wed Aug 26 00:04:57.553325 2026] [ssl:debug] [pid 2083389:tid 2083389] ssl_engine_kernel.c(254): [client 2001:b400:e137:bb4e:b47f:3ce0:1739:401f:51602] AH02034: Initial (No.1) HTTPS request received for child 8 (server www.ilc.edu.tw:443), referer: https://it.ilc.edu.tw/
[Wed Aug 26 00:04:57.553805 2026] [authz_core:debug] [pid 2083366:tid 2083366] mod_authz_core.c(815): [client 2001:b400:e137:bb4e:b47f:3ce0:1739:401f:51584] AH01626: authorization result of Require all granted: granted, referer: https://it.ilc.edu.tw/
[Wed Aug 26 00:04:57.553813 2026] [authz_core:debug] [pid 2083366:tid 2083366] mod_authz_core.c(815): [client 2001:b400:e137:bb4e:b47f:3ce0:1739:401f:51584] AH01626: authorization result of : granted, referer: https://it.ilc.edu.tw/
[Wed Aug 26 00:04:57.553846 2026] [authz_core:debug] [pid 2083389:tid 2083389] mod_authz_core.c(815): [client 2001:b400:e137:bb4e:b47f:3ce0:1739:401f:51602] AH01626: authorization result of Require all granted: granted, referer: https://it.ilc.edu.tw/
[Wed Aug 26 00:04:57.553854 2026] [authz_core:debug] [pid 2083389:tid 2083389] mod_authz_core.c(815): [client 2001:b400:e137:bb4e:b47f:3ce0:1739:401f:51602] AH01626: authorization result of : granted, referer: https://it.ilc.edu.tw/
[Wed Aug 26 00:04:57.553888 2026] [authz_core:debug] [pid 2083474:tid 2083474] mod_authz_core.c(815): [client 2001:b400:e137:bb4e:b47f:3ce0:1739:401f:51612] AH01626: authorization result of Require all granted: granted, referer: https://it.ilc.edu.tw/
[Wed Aug 26 00:04:57.553904 2026] [authz_core:debug] [pid 2083474:tid 2083474] mod_authz_core.c(815): [client 2001:b400:e137:bb4e:b47f:3ce0:1739:401f:51612] AH01626: authorization result of : granted, referer: https://it.ilc.edu.tw/
[Wed Aug 26 00:04:57.554165 2026] [authz_core:debug] [pid 2083365:tid 2083365] mod_authz_core.c(815): [client 2001:b400:e137:bb4e:b47f:3ce0:1739:401f:51598] AH01626: authorization result of Require all granted: granted, referer: https://it.ilc.edu.tw/
[Wed Aug 26 00:04:57.554179 2026] [authz_core:debug] [pid 2083365:tid 2083365] mod_authz_core.c(815): [client 2001:b400:e137:bb4e:b47f:3ce0:1739:401f:51598] AH01626: authorization result of : granted, referer: https://it.ilc.edu.tw/
[Wed Aug 26 00:04:57.757395 2026] [ssl:debug] [pid 2083457:tid 2083457] ssl_engine_kernel.c(2082): [client 34.56.53.225:32768] AH02041: Protocol: TLSv1.3, Cipher: TLS_AES_256_GCM_SHA384 (256/256 bits)
[Wed Aug 26 00:04:57.757459 2026] [socache_shmcb:debug] [pid 2083457:tid 2083457] mod_socache_shmcb.c(508): AH00831: socache_shmcb_store (0xe1 -> subcache 1)
[Wed Aug 26 00:04:57.757466 2026] [socache_shmcb:debug] [pid 2083457:tid 2083457] mod_socache_shmcb.c(860): AH00847: insert happened at idx=34, data=(7592:7624)
[Wed Aug 26 00:04:57.757469 2026] [socache_shmcb:debug] [pid 2083457:tid 2083457] mod_socache_shmcb.c(863): AH00848: finished insert, subcache: idx_pos/idx_used=0/35, data_pos/data_used=0/7818
[Wed Aug 26 00:04:57.757471 2026] [socache_shmcb:debug] [pid 2083457:tid 2083457] mod_socache_shmcb.c(530): AH00834: leaving socache_shmcb_store successfully
[Wed Aug 26 00:04:57.757534 2026] [socache_shmcb:debug] [pid 2083457:tid 2083457] mod_socache_shmcb.c(508): AH00831: socache_shmcb_store (0x1f -> subcache 31)
[Wed Aug 26 00:04:57.757554 2026] [socache_shmcb:debug] [pid 2083457:tid 2083457] mod_socache_shmcb.c(860): AH00847: insert happened at idx=17, data=(3733:3765)
[Wed Aug 26 00:04:57.757556 2026] [socache_shmcb:debug] [pid 2083457:tid 2083457] mod_socache_shmcb.c(863): AH00848: finished insert, subcache: idx_pos/idx_used=0/18, data_pos/data_used=0/3959
[Wed Aug 26 00:04:57.757558 2026] [socache_shmcb:debug] [pid 2083457:tid 2083457] mod_socache_shmcb.c(530): AH00834: leaving socache_shmcb_store successfully
[Wed Aug 26 00:04:57.762936 2026] [ssl:info] [pid 2083481:tid 2083481] [client 34.123.149.87:41473] AH01964: Connection to child 0 established (server 2blog.ilc.edu.tw:443)
[Wed Aug 26 00:04:57.763348 2026] [ssl:debug] [pid 2083481:tid 2083481] ssl_engine_kernel.c(2222): [client 34.123.149.87:41473] AH02043: SSL virtual host for servername 2blog.ilc.edu.tw found
[Wed Aug 26 00:04:57.763480 2026] [core:debug] [pid 2083481:tid 2083481] protocol.c(2460): [client 34.123.149.87:41473] AH03155: select protocol from , choices=http/1.1 for server 2blog.ilc.edu.tw
[Wed Aug 26 00:04:58.057485 2026] [ssl:debug] [pid 2083457:tid 2083457] ssl_engine_kernel.c(254): [client 34.56.53.225:32768] AH02034: Initial (No.1) HTTPS request received for child 16 (server 2blog.ilc.edu.tw:443)
[Wed Aug 26 00:04:58.057757 2026] [authz_core:debug] [pid 2083457:tid 2083457] mod_authz_core.c(815): [client 34.56.53.225:32768] AH01626: authorization result of Require all granted: granted
[Wed Aug 26 00:04:58.057764 2026] [authz_core:debug] [pid 2083457:tid 2083457] mod_authz_core.c(815): [client 34.56.53.225:32768] AH01626: authorization result of : granted
[Wed Aug 26 00:04:58.057924 2026] [authz_core:debug] [pid 2083457:tid 2083457] mod_authz_core.c(815): [client 34.56.53.225:32768] AH01626: authorization result of Require all granted: granted
[Wed Aug 26 00:04:58.057929 2026] [authz_core:debug] [pid 2083457:tid 2083457] mod_authz_core.c(815): [client 34.56.53.225:32768] AH01626: authorization result of : granted
[Wed Aug 26 00:04:58.094767 2026] [headers:debug] [pid 2083456:tid 2083456] mod_headers.c(900): AH01503: headers: ap_headers_error_filter()
[Wed Aug 26 00:04:58.115774 2026] [ssl:info] [pid 2083456:tid 2083456] [client 2001:288:a201::66:125:9754] AH01964: Connection to child 15 established (server 2blog.ilc.edu.tw:443)
[Wed Aug 26 00:04:58.115928 2026] [ssl:debug] [pid 2083456:tid 2083456] ssl_engine_kernel.c(2252): [client 2001:288:a201::66:125:9754] AH02645: Server name not provided via TLS extension (using default/first virtual host)
[Wed Aug 26 00:04:58.115947 2026] [socache_shmcb:debug] [pid 2083456:tid 2083456] mod_socache_shmcb.c(545): AH00835: socache_shmcb_retrieve (0x6f -> subcache 15)
[Wed Aug 26 00:04:58.115961 2026] [socache_shmcb:debug] [pid 2083456:tid 2083456] mod_socache_shmcb.c(896): AH00849: match at idx=0, data=0
[Wed Aug 26 00:04:58.115963 2026] [socache_shmcb:debug] [pid 2083456:tid 2083456] mod_socache_shmcb.c(556): AH00836: leaving socache_shmcb_retrieve successfully
[Wed Aug 26 00:04:58.117150 2026] [ssl:debug] [pid 2083456:tid 2083456] ssl_engine_kernel.c(2082): [client 2001:288:a201::66:125:9754] AH02041: Protocol: TLSv1.2, Cipher: ECDHE-RSA-AES256-GCM-SHA384 (256/256 bits)
[Wed Aug 26 00:04:58.117241 2026] [ssl:debug] [pid 2083456:tid 2083456] ssl_engine_kernel.c(254): [client 2001:288:a201::66:125:9754] AH02034: Initial (No.1) HTTPS request received for child 15 (server 2blog.ilc.edu.tw:443)
[Wed Aug 26 00:04:58.117415 2026] [authz_core:debug] [pid 2083456:tid 2083456] mod_authz_core.c(815): [client 2001:288:a201::66:125:9754] AH01626: authorization result of Require all granted: granted
[Wed Aug 26 00:04:58.117420 2026] [authz_core:debug] [pid 2083456:tid 2083456] mod_authz_core.c(815): [client 2001:288:a201::66:125:9754] AH01626: authorization result of : granted
[Wed Aug 26 00:04:58.117567 2026] [authz_core:debug] [pid 2083456:tid 2083456] mod_authz_core.c(815): [client 2001:288:a201::66:125:9754] AH01626: authorization result of Require all granted: granted
[Wed Aug 26 00:04:58.117572 2026] [authz_core:debug] [pid 2083456:tid 2083456] mod_authz_core.c(815): [client 2001:288:a201::66:125:9754] AH01626: authorization result of : granted
[Wed Aug 26 00:04:58.117588 2026] [php7:error] [pid 2083456:tid 2083456] [client 2001:288:a201::66:125:9754] script '/var/www/html/2blog/active.php' not found or unable to stat
[Wed Aug 26 00:04:58.117601 2026] [headers:debug] [pid 2083456:tid 2083456] mod_headers.c(900): AH01503: headers: ap_headers_error_filter()
[Wed Aug 26 00:04:58.117760 2026] [ssl:debug] [pid 2083456:tid 2083456] ssl_engine_io.c(1150): [client 2001:288:a201::66:125:9754] AH02001: Connection closed to child 15 with standard shutdown (server 2blog.ilc.edu.tw:443)
[Wed Aug 26 00:04:58.199123 2026] [ssl:debug] [pid 2083481:tid 2083481] ssl_engine_kernel.c(2082): [client 34.123.149.87:41473] AH02041: Protocol: TLSv1.3, Cipher: TLS_AES_256_GCM_SHA384 (256/256 bits)
[Wed Aug 26 00:04:58.199219 2026] [socache_shmcb:debug] [pid 2083481:tid 2083481] mod_socache_shmcb.c(508): AH00831: socache_shmcb_store (0xed -> subcache 13)
[Wed Aug 26 00:04:58.199233 2026] [socache_shmcb:debug] [pid 2083481:tid 2083481] mod_socache_shmcb.c(860): AH00847: insert happened at idx=30, data=(6674:6706)
[Wed Aug 26 00:04:58.199236 2026] [socache_shmcb:debug] [pid 2083481:tid 2083481] mod_socache_shmcb.c(863): AH00848: finished insert, subcache: idx_pos/idx_used=0/31, data_pos/data_used=0/6900
[Wed Aug 26 00:04:58.199239 2026] [socache_shmcb:debug] [pid 2083481:tid 2083481] mod_socache_shmcb.c(530): AH00834: leaving socache_shmcb_store successfully
[Wed Aug 26 00:04:58.199301 2026] [socache_shmcb:debug] [pid 2083481:tid 2083481] mod_socache_shmcb.c(508): AH00831: socache_shmcb_store (0xa2 -> subcache 2)
[Wed Aug 26 00:04:58.199307 2026] [socache_shmcb:debug] [pid 2083481:tid 2083481] mod_socache_shmcb.c(860): AH00847: insert happened at idx=31, data=(6844:6876)
[Wed Aug 26 00:04:58.199309 2026] [socache_shmcb:debug] [pid 2083481:tid 2083481] mod_socache_shmcb.c(863): AH00848: finished insert, subcache: idx_pos/idx_used=0/32, data_pos/data_used=0/7069
[Wed Aug 26 00:04:58.199311 2026] [socache_shmcb:debug] [pid 2083481:tid 2083481] mod_socache_shmcb.c(530): AH00834: leaving socache_shmcb_store successfully
[Wed Aug 26 00:04:58.210122 2026] [ssl:debug] [pid 2083481:tid 2083481] ssl_engine_kernel.c(254): [client 34.123.149.87:41473] AH02034: Initial (No.1) HTTPS request received for child 0 (server 2blog.ilc.edu.tw:443)
[Wed Aug 26 00:04:58.210459 2026] [authz_core:debug] [pid 2083481:tid 2083481] mod_authz_core.c(815): [client 34.123.149.87:41473] AH01626: authorization result of Require all granted: granted
[Wed Aug 26 00:04:58.210476 2026] [authz_core:debug] [pid 2083481:tid 2083481] mod_authz_core.c(815): [client 34.123.149.87:41473] AH01626: authorization result of : granted
[Wed Aug 26 00:04:58.211171 2026] [authz_core:debug] [pid 2083481:tid 2083481] mod_authz_core.c(815): [client 34.123.149.87:41473] AH01626: authorization result of Require all granted: granted
[Wed Aug 26 00:04:58.211176 2026] [authz_core:debug] [pid 2083481:tid 2083481] mod_authz_core.c(815): [client 34.123.149.87:41473] AH01626: authorization result of : granted
[Wed Aug 26 00:04:58.221677 2026] [authz_core:debug] [pid 2083456:tid 2083456] mod_authz_core.c(815): [client 44.215.235.20:1508] AH01626: authorization result of Require all granted: granted
[Wed Aug 26 00:04:58.221695 2026] [authz_core:debug] [pid 2083456:tid 2083456] mod_authz_core.c(815): [client 44.215.235.20:1508] AH01626: authorization result of : granted
[Wed Aug 26 00:04:58.224395 2026] [authz_core:debug] [pid 2083456:tid 2083456] mod_authz_core.c(815): [client 44.215.235.20:1508] AH01626: authorization result of Require all granted: granted
[Wed Aug 26 00:04:58.224406 2026] [authz_core:debug] [pid 2083456:tid 2083456] mod_authz_core.c(815): [client 44.215.235.20:1508] AH01626: authorization result of : granted
[Wed Aug 26 00:04:58.226254 2026] [deflate:debug] [pid 2083456:tid 2083456] mod_deflate.c(909): [client 44.215.235.20:1508] AH01384: Zlib: Compressed 800 to 382 : URL /wp-content/uploads/sites/2332/2025/04/
[Wed Aug 26 00:04:58.308582 2026] [watchdog:debug] [pid 2083482:tid 2083482] mod_watchdog.c(559): AH02980: Watchdog: nothing configured?
[Wed Aug 26 00:04:58.310993 2026] [watchdog:debug] [pid 2083483:tid 2083483] mod_watchdog.c(559): AH02980: Watchdog: nothing configured?
[Wed Aug 26 00:04:58.313069 2026] [ssl:debug] [pid 2083455:tid 2083455] ssl_engine_io.c(1150): [client 34.171.68.95:13312] AH02001: Connection closed to child 14 with standard shutdown (server 2blog.ilc.edu.tw:443)
[Wed Aug 26 00:04:58.701659 2026] [ssl:info] [pid 2083482:tid 2083482] [client 34.10.180.98:54784] AH01964: Connection to child 3 established (server 2blog.ilc.edu.tw:443)
[Wed Aug 26 00:04:58.702072 2026] [ssl:debug] [pid 2083482:tid 2083482] ssl_engine_kernel.c(2222): [client 34.10.180.98:54784] AH02043: SSL virtual host for servername 2blog.ilc.edu.tw found
[Wed Aug 26 00:04:58.702212 2026] [core:debug] [pid 2083482:tid 2083482] protocol.c(2460): [client 34.10.180.98:54784] AH03155: select protocol from , choices=http/1.1 for server 2blog.ilc.edu.tw
[Wed Aug 26 00:04:58.903917 2026] [ssl:info] [pid 2083483:tid 2083483] [client 2a03:2880:18ff:49:::53328] AH01964: Connection to child 5 established (server 2blog.ilc.edu.tw:443)
[Wed Aug 26 00:04:58.904340 2026] [ssl:debug] [pid 2083483:tid 2083483] ssl_engine_kernel.c(2222): [client 2a03:2880:18ff:49:::53328] AH02043: SSL virtual host for servername 2blog.ilc.edu.tw found
[Wed Aug 26 00:04:58.904462 2026] [core:debug] [pid 2083483:tid 2083483] protocol.c(2460): [client 2a03:2880:18ff:49:::53328] AH03155: select protocol from , choices=h2,http/1.1 for server 2blog.ilc.edu.tw
[Wed Aug 26 00:04:58.908146 2026] [ssl:info] [pid 2083456:tid 2083456] [client 66.249.71.37:41700] AH01964: Connection to child 15 established (server 2blog.ilc.edu.tw:443)
[Wed Aug 26 00:04:58.908274 2026] [ssl:debug] [pid 2083456:tid 2083456] ssl_engine_kernel.c(2222): [client 66.249.71.37:41700] AH02043: SSL virtual host for servername 2blog.ilc.edu.tw found
[Wed Aug 26 00:04:58.908350 2026] [ssl:debug] [pid 2083456:tid 2083456] ssl_util_stapling.c(819): AH01951: stapling_cb: OCSP Stapling callback called
[Wed Aug 26 00:04:58.908356 2026] [ssl:info] [pid 2083456:tid 2083456] AH01926: stapling_get_certinfo: stapling not supported for certificate
[Wed Aug 26 00:04:58.915439 2026] [ssl:debug] [pid 2083456:tid 2083456] ssl_engine_kernel.c(2082): [client 66.249.71.37:41700] AH02041: Protocol: TLSv1.3, Cipher: TLS_AES_256_GCM_SHA384 (256/256 bits)
[Wed Aug 26 00:04:58.915481 2026] [socache_shmcb:debug] [pid 2083456:tid 2083456] mod_socache_shmcb.c(508): AH00831: socache_shmcb_store (0x0e -> subcache 14)
[Wed Aug 26 00:04:58.915511 2026] [socache_shmcb:debug] [pid 2083456:tid 2083456] mod_socache_shmcb.c(860): AH00847: insert happened at idx=34, data=(7572:7604)
[Wed Aug 26 00:04:58.915514 2026] [socache_shmcb:debug] [pid 2083456:tid 2083456] mod_socache_shmcb.c(863): AH00848: finished insert, subcache: idx_pos/idx_used=0/35, data_pos/data_used=0/7786
[Wed Aug 26 00:04:58.915516 2026] [socache_shmcb:debug] [pid 2083456:tid 2083456] mod_socache_shmcb.c(530): AH00834: leaving socache_shmcb_store successfully
[Wed Aug 26 00:04:58.915554 2026] [socache_shmcb:debug] [pid 2083456:tid 2083456] mod_socache_shmcb.c(508): AH00831: socache_shmcb_store (0x42 -> subcache 2)
[Wed Aug 26 00:04:58.915564 2026] [socache_shmcb:debug] [pid 2083456:tid 2083456] mod_socache_shmcb.c(860): AH00847: insert happened at idx=32, data=(7069:7101)
