[Wed Aug 26 00:03:58.148878 2026] [ssl:info] [pid 2083269:tid 2083269] [client 2001:288:a201::66:125:41043] AH01964: Connection to child 7 established (server 2blog.ilc.edu.tw:443)
[Wed Aug 26 00:03:58.149059 2026] [ssl:debug] [pid 2083269:tid 2083269] ssl_engine_kernel.c(2252): [client 2001:288:a201::66:125:41043] AH02645: Server name not provided via TLS extension (using default/first virtual host)
[Wed Aug 26 00:03:58.149078 2026] [socache_shmcb:debug] [pid 2083269:tid 2083269] mod_socache_shmcb.c(545): AH00835: socache_shmcb_retrieve (0x6f -> subcache 15)
[Wed Aug 26 00:03:58.149082 2026] [socache_shmcb:debug] [pid 2083269:tid 2083269] mod_socache_shmcb.c(896): AH00849: match at idx=0, data=0
[Wed Aug 26 00:03:58.149084 2026] [socache_shmcb:debug] [pid 2083269:tid 2083269] mod_socache_shmcb.c(556): AH00836: leaving socache_shmcb_retrieve successfully
[Wed Aug 26 00:03:58.153368 2026] [ssl:debug] [pid 2083269:tid 2083269] ssl_engine_kernel.c(2082): [client 2001:288:a201::66:125:41043] AH02041: Protocol: TLSv1.2, Cipher: ECDHE-RSA-AES256-GCM-SHA384 (256/256 bits)
[Wed Aug 26 00:03:58.153473 2026] [ssl:debug] [pid 2083269:tid 2083269] ssl_engine_kernel.c(254): [client 2001:288:a201::66:125:41043] AH02034: Initial (No.1) HTTPS request received for child 7 (server 2blog.ilc.edu.tw:443)
[Wed Aug 26 00:03:58.153676 2026] [authz_core:debug] [pid 2083269:tid 2083269] mod_authz_core.c(815): [client 2001:288:a201::66:125:41043] AH01626: authorization result of Require all granted: granted
[Wed Aug 26 00:03:58.153681 2026] [authz_core:debug] [pid 2083269:tid 2083269] mod_authz_core.c(815): [client 2001:288:a201::66:125:41043] AH01626: authorization result of : granted
[Wed Aug 26 00:03:58.153835 2026] [authz_core:debug] [pid 2083269:tid 2083269] mod_authz_core.c(815): [client 2001:288:a201::66:125:41043] AH01626: authorization result of Require all granted: granted
[Wed Aug 26 00:03:58.153840 2026] [authz_core:debug] [pid 2083269:tid 2083269] mod_authz_core.c(815): [client 2001:288:a201::66:125:41043] AH01626: authorization result of : granted
[Wed Aug 26 00:03:58.153850 2026] [php7:error] [pid 2083269:tid 2083269] [client 2001:288:a201::66:125:41043] script '/var/www/html/2blog/active.php' not found or unable to stat
[Wed Aug 26 00:03:58.153860 2026] [headers:debug] [pid 2083269:tid 2083269] mod_headers.c(900): AH01503: headers: ap_headers_error_filter()
[Wed Aug 26 00:03:58.153986 2026] [ssl:debug] [pid 2083269:tid 2083269] ssl_engine_io.c(1150): [client 2001:288:a201::66:125:41043] AH02001: Connection closed to child 7 with standard shutdown (server 2blog.ilc.edu.tw:443)
[Wed Aug 26 00:03:58.293838 2026] [deflate:debug] [pid 2078749:tid 2078749] mod_deflate.c(909): [client 66.249.79.163:58202] AH01384: Zlib: Compressed 92697 to 16333 : URL /index.php
[Wed Aug 26 00:03:58.301305 2026] [ssl:debug] [pid 2083365:tid 2083365] ssl_engine_kernel.c(254): [client 240e:b8f:b70:b900:ded8:7cff:fe61:b7dd:35575] AH02034: Subsequent (No.4) HTTPS request received for child 6 (server 2blog.ilc.edu.tw:443), referer: https://2blog.ilc.edu.tw/17160/2015/10/29/
[Wed Aug 26 00:03:58.301568 2026] [authz_core:debug] [pid 2083365:tid 2083365] mod_authz_core.c(815): [client 240e:b8f:b70:b900:ded8:7cff:fe61:b7dd:35575] AH01626: authorization result of Require all granted: granted, referer: https://2blog.ilc.edu.tw/17160/2015/10/29/
[Wed Aug 26 00:03:58.301576 2026] [authz_core:debug] [pid 2083365:tid 2083365] mod_authz_core.c(815): [client 240e:b8f:b70:b900:ded8:7cff:fe61:b7dd:35575] AH01626: authorization result of : granted, referer: https://2blog.ilc.edu.tw/17160/2015/10/29/
[Wed Aug 26 00:03:58.301764 2026] [authz_core:debug] [pid 2083365:tid 2083365] mod_authz_core.c(815): [client 240e:b8f:b70:b900:ded8:7cff:fe61:b7dd:35575] AH01626: authorization result of Require all granted: granted, referer: https://2blog.ilc.edu.tw/17160/2015/10/29/
[Wed Aug 26 00:03:58.301769 2026] [authz_core:debug] [pid 2083365:tid 2083365] mod_authz_core.c(815): [client 240e:b8f:b70:b900:ded8:7cff:fe61:b7dd:35575] AH01626: authorization result of : granted, referer: https://2blog.ilc.edu.tw/17160/2015/10/29/
[Wed Aug 26 00:03:58.302119 2026] [deflate:debug] [pid 2083365:tid 2083365] mod_deflate.c(909): [client 240e:b8f:b70:b900:ded8:7cff:fe61:b7dd:35575] AH01384: Zlib: Compressed 12402 to 3229 : URL /wp-content/themes/oceanwp/assets/js/scroll-effect.min.js, referer: https://2blog.ilc.edu.tw/17160/2015/10/29/
[Wed Aug 26 00:03:58.666415 2026] [ssl:debug] [pid 2083340:tid 2083340] ssl_engine_io.c(1150): [client 34.30.223.149:24064] AH02001: Connection closed to child 2 with standard shutdown (server 2blog.ilc.edu.tw:443)
[Wed Aug 26 00:03:59.395101 2026] [ssl:debug] [pid 2083256:tid 2083256] ssl_engine_io.c(1150): [client 34.10.180.98:13312] AH02001: Connection closed to child 13 with standard shutdown (server 2blog.ilc.edu.tw:443)
[Wed Aug 26 00:03:59.698522 2026] [ssl:debug] [pid 2083277:tid 2083277] ssl_engine_io.c(1150): [client 34.171.68.95:14848] AH02001: Connection closed to child 24 with standard shutdown (server 2blog.ilc.edu.tw:443)
[Wed Aug 26 00:04:00.041292 2026] [ssl:info] [pid 2083343:tid 2083343] [client 54.243.63.52:49140] AH01964: Connection to child 5 established (server 2blog.ilc.edu.tw:443)
[Wed Aug 26 00:04:00.041756 2026] [ssl:debug] [pid 2083343:tid 2083343] ssl_engine_kernel.c(2222): [client 54.243.63.52:49140] AH02043: SSL virtual host for servername 2blog.ilc.edu.tw found
[Wed Aug 26 00:04:00.163208 2026] [ssl:debug] [pid 2083276:tid 2083276] ssl_engine_io.c(1150): [client 17.22.245.97:58490] AH02001: Connection closed to child 23 with standard shutdown (server 2blog.ilc.edu.tw:443)
[Wed Aug 26 00:04:00.210303 2026] [headers:debug] [pid 2083225:tid 2083225] mod_headers.c(900): AH01503: headers: ap_headers_error_filter()
[Wed Aug 26 00:04:00.256732 2026] [ssl:debug] [pid 2083343:tid 2083343] ssl_engine_kernel.c(2082): [client 54.243.63.52:49140] AH02041: Protocol: TLSv1.3, Cipher: TLS_AES_256_GCM_SHA384 (256/256 bits)
[Wed Aug 26 00:04:00.256802 2026] [socache_shmcb:debug] [pid 2083343:tid 2083343] mod_socache_shmcb.c(508): AH00831: socache_shmcb_store (0x5f -> subcache 31)
[Wed Aug 26 00:04:00.256830 2026] [socache_shmcb:debug] [pid 2083343:tid 2083343] mod_socache_shmcb.c(860): AH00847: insert happened at idx=8, data=(1735:1767)
[Wed Aug 26 00:04:00.256832 2026] [socache_shmcb:debug] [pid 2083343:tid 2083343] mod_socache_shmcb.c(863): AH00848: finished insert, subcache: idx_pos/idx_used=0/9, data_pos/data_used=0/1949
[Wed Aug 26 00:04:00.256835 2026] [socache_shmcb:debug] [pid 2083343:tid 2083343] mod_socache_shmcb.c(530): AH00834: leaving socache_shmcb_store successfully
[Wed Aug 26 00:04:00.256897 2026] [socache_shmcb:debug] [pid 2083343:tid 2083343] mod_socache_shmcb.c(508): AH00831: socache_shmcb_store (0x64 -> subcache 4)
[Wed Aug 26 00:04:00.256902 2026] [socache_shmcb:debug] [pid 2083343:tid 2083343] mod_socache_shmcb.c(860): AH00847: insert happened at idx=23, data=(5054:5086)
[Wed Aug 26 00:04:00.256904 2026] [socache_shmcb:debug] [pid 2083343:tid 2083343] mod_socache_shmcb.c(863): AH00848: finished insert, subcache: idx_pos/idx_used=0/24, data_pos/data_used=0/5267
[Wed Aug 26 00:04:00.256906 2026] [socache_shmcb:debug] [pid 2083343:tid 2083343] mod_socache_shmcb.c(530): AH00834: leaving socache_shmcb_store successfully
[Wed Aug 26 00:04:00.257066 2026] [ssl:debug] [pid 2083343:tid 2083343] ssl_engine_kernel.c(254): [client 54.243.63.52:49140] AH02034: Initial (No.1) HTTPS request received for child 5 (server 2blog.ilc.edu.tw:443)
[Wed Aug 26 00:04:00.257318 2026] [authz_core:debug] [pid 2083343:tid 2083343] mod_authz_core.c(815): [client 54.243.63.52:49140] AH01626: authorization result of Require all granted: granted
[Wed Aug 26 00:04:00.257323 2026] [authz_core:debug] [pid 2083343:tid 2083343] mod_authz_core.c(815): [client 54.243.63.52:49140] AH01626: authorization result of : granted
[Wed Aug 26 00:04:00.258148 2026] [authz_core:debug] [pid 2083343:tid 2083343] mod_authz_core.c(815): [client 54.243.63.52:49140] AH01626: authorization result of Require all granted: granted
[Wed Aug 26 00:04:00.258157 2026] [authz_core:debug] [pid 2083343:tid 2083343] mod_authz_core.c(815): [client 54.243.63.52:49140] AH01626: authorization result of : granted
[Wed Aug 26 00:04:00.283056 2026] [ssl:debug] [pid 2083343:tid 2083343] ssl_engine_io.c(1150): [client 54.243.63.52:49140] AH02001: Connection closed to child 5 with standard shutdown (server 2blog.ilc.edu.tw:443)
[Wed Aug 26 00:04:00.561154 2026] [ssl:info] [pid 2083389:tid 2083389] [client 140.111.67.10:45488] AH01964: Connection to child 8 established (server 2blog.ilc.edu.tw:443)
[Wed Aug 26 00:04:00.561550 2026] [ssl:info] [pid 2083389:tid 2083389] (70014)End of file found: [client 140.111.67.10:45488] AH02006: SSL handshake stopped: connection was closed
[Wed Aug 26 00:04:00.561566 2026] [ssl:info] [pid 2083389:tid 2083389] [client 140.111.67.10:45488] AH01998: Connection closed to child 8 with abortive shutdown (server 2blog.ilc.edu.tw:443)
[Wed Aug 26 00:04:00.983933 2026] [ssl:info] [pid 2083388:tid 2083388] [client 136.119.35.120:26624] AH01964: Connection to child 1 established (server 2blog.ilc.edu.tw:443)
[Wed Aug 26 00:04:00.984177 2026] [ssl:info] [pid 2083388:tid 2083388] (70014)End of file found: [client 136.119.35.120:26624] AH02006: SSL handshake stopped: connection was closed
[Wed Aug 26 00:04:00.984187 2026] [ssl:info] [pid 2083388:tid 2083388] [client 136.119.35.120:26624] AH01998: Connection closed to child 1 with abortive shutdown (server 2blog.ilc.edu.tw:443)
[Wed Aug 26 00:04:01.636659 2026] [ssl:info] [pid 2083366:tid 2083366] [client 2001:288:a201::67:82:47534] AH01964: Connection to child 12 established (server 2blog.ilc.edu.tw:443)
[Wed Aug 26 00:04:01.636832 2026] [ssl:debug] [pid 2083366:tid 2083366] ssl_engine_kernel.c(2222): [client 2001:288:a201::67:82:47534] AH02043: SSL virtual host for servername 2blog.ilc.edu.tw found
[Wed Aug 26 00:04:01.636891 2026] [core:debug] [pid 2083366:tid 2083366] protocol.c(2460): [client 2001:288:a201::67:82:47534] AH03155: select protocol from , choices=h2,http/1.1 for server 2blog.ilc.edu.tw
[Wed Aug 26 00:04:01.639201 2026] [ssl:debug] [pid 2083366:tid 2083366] ssl_engine_kernel.c(2082): [client 2001:288:a201::67:82:47534] AH02041: Protocol: TLSv1.3, Cipher: TLS_AES_256_GCM_SHA384 (256/256 bits)
[Wed Aug 26 00:04:01.639239 2026] [socache_shmcb:debug] [pid 2083366:tid 2083366] mod_socache_shmcb.c(508): AH00831: socache_shmcb_store (0xa2 -> subcache 2)
[Wed Aug 26 00:04:01.639245 2026] [socache_shmcb:debug] [pid 2083366:tid 2083366] mod_socache_shmcb.c(860): AH00847: insert happened at idx=21, data=(4642:4674)
[Wed Aug 26 00:04:01.639247 2026] [socache_shmcb:debug] [pid 2083366:tid 2083366] mod_socache_shmcb.c(863): AH00848: finished insert, subcache: idx_pos/idx_used=0/22, data_pos/data_used=0/4868
[Wed Aug 26 00:04:01.639250 2026] [socache_shmcb:debug] [pid 2083366:tid 2083366] mod_socache_shmcb.c(530): AH00834: leaving socache_shmcb_store successfully
[Wed Aug 26 00:04:01.639293 2026] [socache_shmcb:debug] [pid 2083366:tid 2083366] mod_socache_shmcb.c(508): AH00831: socache_shmcb_store (0x70 -> subcache 16)
[Wed Aug 26 00:04:01.639337 2026] [socache_shmcb:debug] [pid 2083366:tid 2083366] mod_socache_shmcb.c(860): AH00847: insert happened at idx=24, data=(5297:5329)
[Wed Aug 26 00:04:01.639344 2026] [socache_shmcb:debug] [pid 2083366:tid 2083366] mod_socache_shmcb.c(863): AH00848: finished insert, subcache: idx_pos/idx_used=0/25, data_pos/data_used=0/5522
[Wed Aug 26 00:04:01.639346 2026] [socache_shmcb:debug] [pid 2083366:tid 2083366] mod_socache_shmcb.c(530): AH00834: leaving socache_shmcb_store successfully
[Wed Aug 26 00:04:01.639467 2026] [ssl:debug] [pid 2083366:tid 2083366] ssl_engine_kernel.c(254): [client 2001:288:a201::67:82:47534] AH02034: Initial (No.1) HTTPS request received for child 12 (server 2blog.ilc.edu.tw:443)
[Wed Aug 26 00:04:01.639648 2026] [authz_core:debug] [pid 2083366:tid 2083366] mod_authz_core.c(815): [client 2001:288:a201::67:82:47534] AH01626: authorization result of Require all granted: granted
[Wed Aug 26 00:04:01.639653 2026] [authz_core:debug] [pid 2083366:tid 2083366] mod_authz_core.c(815): [client 2001:288:a201::67:82:47534] AH01626: authorization result of : granted
[Wed Aug 26 00:04:01.639843 2026] [authz_core:debug] [pid 2083366:tid 2083366] mod_authz_core.c(815): [client 2001:288:a201::67:82:47534] AH01626: authorization result of Require all granted: granted
[Wed Aug 26 00:04:01.639848 2026] [authz_core:debug] [pid 2083366:tid 2083366] mod_authz_core.c(815): [client 2001:288:a201::67:82:47534] AH01626: authorization result of : granted
[Wed Aug 26 00:04:01.656240 2026] [ssl:debug] [pid 2083366:tid 2083366] ssl_engine_io.c(1150): [client 2001:288:a201::67:82:47534] AH02001: Connection closed to child 12 with standard shutdown (server 2blog.ilc.edu.tw:443)
[Wed Aug 26 00:04:01.718319 2026] [ssl:debug] [pid 2083357:tid 2083357] ssl_engine_io.c(1150): [client 104.210.140.142:30446] AH02001: Connection closed to child 0 with standard shutdown (server www.sges.ilc.edu.tw:443)
[Wed Aug 26 00:04:01.822188 2026] [ssl:info] [pid 2083269:tid 2083269] [client 2001:288:a201::67:85:52824] AH01964: Connection to child 7 established (server 2blog.ilc.edu.tw:443)
[Wed Aug 26 00:04:01.822396 2026] [ssl:debug] [pid 2083269:tid 2083269] ssl_engine_kernel.c(2222): [client 2001:288:a201::67:85:52824] AH02043: SSL virtual host for servername 2blog.ilc.edu.tw found
[Wed Aug 26 00:04:01.822466 2026] [core:debug] [pid 2083269:tid 2083269] protocol.c(2460): [client 2001:288:a201::67:85:52824] AH03155: select protocol from , choices=h2,http/1.1 for server 2blog.ilc.edu.tw
[Wed Aug 26 00:04:01.825741 2026] [ssl:debug] [pid 2083269:tid 2083269] ssl_engine_kernel.c(2082): [client 2001:288:a201::67:85:52824] AH02041: Protocol: TLSv1.3, Cipher: TLS_AES_256_GCM_SHA384 (256/256 bits)
[Wed Aug 26 00:04:01.825782 2026] [socache_shmcb:debug] [pid 2083269:tid 2083269] mod_socache_shmcb.c(508): AH00831: socache_shmcb_store (0x39 -> subcache 25)
[Wed Aug 26 00:04:01.825788 2026] [socache_shmcb:debug] [pid 2083269:tid 2083269] mod_socache_shmcb.c(860): AH00847: insert happened at idx=22, data=(4887:4919)
[Wed Aug 26 00:04:01.825790 2026] [socache_shmcb:debug] [pid 2083269:tid 2083269] mod_socache_shmcb.c(863): AH00848: finished insert, subcache: idx_pos/idx_used=0/23, data_pos/data_used=0/5113
[Wed Aug 26 00:04:01.825793 2026] [socache_shmcb:debug] [pid 2083269:tid 2083269] mod_socache_shmcb.c(530): AH00834: leaving socache_shmcb_store successfully
[Wed Aug 26 00:04:01.825848 2026] [socache_shmcb:debug] [pid 2083269:tid 2083269] mod_socache_shmcb.c(508): AH00831: socache_shmcb_store (0x97 -> subcache 23)
[Wed Aug 26 00:04:01.825853 2026] [socache_shmcb:debug] [pid 2083269:tid 2083269] mod_socache_shmcb.c(860): AH00847: insert happened at idx=22, data=(4877:4909)
[Wed Aug 26 00:04:01.825855 2026] [socache_shmcb:debug] [pid 2083269:tid 2083269] mod_socache_shmcb.c(863): AH00848: finished insert, subcache: idx_pos/idx_used=0/23, data_pos/data_used=0/5103
[Wed Aug 26 00:04:01.825857 2026] [socache_shmcb:debug] [pid 2083269:tid 2083269] mod_socache_shmcb.c(530): AH00834: leaving socache_shmcb_store successfully
[Wed Aug 26 00:04:01.825994 2026] [ssl:debug] [pid 2083269:tid 2083269] ssl_engine_kernel.c(254): [client 2001:288:a201::67:85:52824] AH02034: Initial (No.1) HTTPS request received for child 7 (server 2blog.ilc.edu.tw:443)
[Wed Aug 26 00:04:01.826174 2026] [authz_core:debug] [pid 2083269:tid 2083269] mod_authz_core.c(815): [client 2001:288:a201::67:85:52824] AH01626: authorization result of Require all granted: granted
[Wed Aug 26 00:04:01.826178 2026] [authz_core:debug] [pid 2083269:tid 2083269] mod_authz_core.c(815): [client 2001:288:a201::67:85:52824] AH01626: authorization result of : granted
[Wed Aug 26 00:04:01.826352 2026] [authz_core:debug] [pid 2083269:tid 2083269] mod_authz_core.c(815): [client 2001:288:a201::67:85:52824] AH01626: authorization result of Require all granted: granted
[Wed Aug 26 00:04:01.826356 2026] [authz_core:debug] [pid 2083269:tid 2083269] mod_authz_core.c(815): [client 2001:288:a201::67:85:52824] AH01626: authorization result of : granted
[Wed Aug 26 00:04:01.839628 2026] [ssl:debug] [pid 2083269:tid 2083269] ssl_engine_io.c(1150): [client 2001:288:a201::67:85:52824] AH02001: Connection closed to child 7 with standard shutdown (server 2blog.ilc.edu.tw:443)
[Wed Aug 26 00:04:01.921927 2026] [ssl:info] [pid 2083340:tid 2083340] [client 140.111.67.86:34778] AH01964: Connection to child 2 established (server 2blog.ilc.edu.tw:443)
[Wed Aug 26 00:04:01.922126 2026] [ssl:debug] [pid 2083340:tid 2083340] ssl_engine_kernel.c(2222): [client 140.111.67.86:34778] AH02043: SSL virtual host for servername 2blog.ilc.edu.tw found
[Wed Aug 26 00:04:01.922195 2026] [core:debug] [pid 2083340:tid 2083340] protocol.c(2460): [client 140.111.67.86:34778] AH03155: select protocol from , choices=h2,http/1.1 for server 2blog.ilc.edu.tw
[Wed Aug 26 00:04:01.924480 2026] [ssl:debug] [pid 2083340:tid 2083340] ssl_engine_kernel.c(2082): [client 140.111.67.86:34778] AH02041: Protocol: TLSv1.3, Cipher: TLS_AES_256_GCM_SHA384 (256/256 bits)
[Wed Aug 26 00:04:01.924513 2026] [socache_shmcb:debug] [pid 2083340:tid 2083340] mod_socache_shmcb.c(508): AH00831: socache_shmcb_store (0xaf -> subcache 15)
[Wed Aug 26 00:04:01.924530 2026] [socache_shmcb:debug] [pid 2083340:tid 2083340] mod_socache_shmcb.c(860): AH00847: insert happened at idx=24, data=(5309:5341)
[Wed Aug 26 00:04:01.924533 2026] [socache_shmcb:debug] [pid 2083340:tid 2083340] mod_socache_shmcb.c(863): AH00848: finished insert, subcache: idx_pos/idx_used=0/25, data_pos/data_used=0/5535
[Wed Aug 26 00:04:01.924535 2026] [socache_shmcb:debug] [pid 2083340:tid 2083340] mod_socache_shmcb.c(530): AH00834: leaving socache_shmcb_store successfully
[Wed Aug 26 00:04:01.924565 2026] [socache_shmcb:debug] [pid 2083340:tid 2083340] mod_socache_shmcb.c(508): AH00831: socache_shmcb_store (0xd4 -> subcache 20)
[Wed Aug 26 00:04:01.924573 2026] [socache_shmcb:debug] [pid 2083340:tid 2083340] mod_socache_shmcb.c(860): AH00847: insert happened at idx=27, data=(6061:6093)
[Wed Aug 26 00:04:01.924575 2026] [socache_shmcb:debug] [pid 2083340:tid 2083340] mod_socache_shmcb.c(863): AH00848: finished insert, subcache: idx_pos/idx_used=0/28, data_pos/data_used=0/6287
[Wed Aug 26 00:04:01.924576 2026] [socache_shmcb:debug] [pid 2083340:tid 2083340] mod_socache_shmcb.c(530): AH00834: leaving socache_shmcb_store successfully
[Wed Aug 26 00:04:01.924691 2026] [ssl:debug] [pid 2083340:tid 2083340] ssl_engine_kernel.c(254): [client 140.111.67.86:34778] AH02034: Initial (No.1) HTTPS request received for child 2 (server 2blog.ilc.edu.tw:443)
[Wed Aug 26 00:04:01.924877 2026] [authz_core:debug] [pid 2083340:tid 2083340] mod_authz_core.c(815): [client 140.111.67.86:34778] AH01626: authorization result of Require all granted: granted
[Wed Aug 26 00:04:01.924882 2026] [authz_core:debug] [pid 2083340:tid 2083340] mod_authz_core.c(815): [client 140.111.67.86:34778] AH01626: authorization result of : granted
[Wed Aug 26 00:04:01.925070 2026] [authz_core:debug] [pid 2083340:tid 2083340] mod_authz_core.c(815): [client 140.111.67.86:34778] AH01626: authorization result of Require all granted: granted
[Wed Aug 26 00:04:01.925076 2026] [authz_core:debug] [pid 2083340:tid 2083340] mod_authz_core.c(815): [client 140.111.67.86:34778] AH01626: authorization result of : granted
[Wed Aug 26 00:04:01.942446 2026] [ssl:debug] [pid 2083340:tid 2083340] ssl_engine_io.c(1150): [client 140.111.67.86:34778] AH02001: Connection closed to child 2 with standard shutdown (server 2blog.ilc.edu.tw:443)
[Wed Aug 26 00:04:02.236422 2026] [authz_core:debug] [pid 2083277:tid 2083277] mod_authz_core.c(815): [client 52.207.47.227:35402] AH01626: authorization result of Require all granted: granted
[Wed Aug 26 00:04:02.236461 2026] [authz_core:debug] [pid 2083277:tid 2083277] mod_authz_core.c(815): [client 52.207.47.227:35402] AH01626: authorization result of : granted
[Wed Aug 26 00:04:02.236847 2026] [authz_core:debug] [pid 2083277:tid 2083277] mod_authz_core.c(815): [client 52.207.47.227:35402] AH01626: authorization result of Require all granted: granted
[Wed Aug 26 00:04:02.236853 2026] [authz_core:debug] [pid 2083277:tid 2083277] mod_authz_core.c(815): [client 52.207.47.227:35402] AH01626: authorization result of : granted
[Wed Aug 26 00:04:02.237210 2026] [deflate:debug] [pid 2083277:tid 2083277] mod_deflate.c(909): [client 52.207.47.227:35402] AH01384: Zlib: Compressed 800 to 384 : URL /wp-content/uploads/sites/2517/2024/08/
[Wed Aug 26 00:04:02.668490 2026] [ssl:info] [pid 2083225:tid 2083225] [client 140.111.67.195:44222] AH01964: Connection to child 3 established (server 2blog.ilc.edu.tw:443)
[Wed Aug 26 00:04:02.668739 2026] [ssl:debug] [pid 2083225:tid 2083225] ssl_engine_kernel.c(2222): [client 140.111.67.195:44222] AH02043: SSL virtual host for servername www.ilc.edu.tw found
[Wed Aug 26 00:04:02.668766 2026] [socache_shmcb:debug] [pid 2083225:tid 2083225] mod_socache_shmcb.c(545): AH00835: socache_shmcb_retrieve (0x5e -> subcache 30)
[Wed Aug 26 00:04:02.668783 2026] [socache_shmcb:debug] [pid 2083225:tid 2083225] mod_socache_shmcb.c(929): AH00851: shmcb_subcache_retrieve found no match
[Wed Aug 26 00:04:02.668785 2026] [socache_shmcb:debug] [pid 2083225:tid 2083225] mod_socache_shmcb.c(556): AH00836: leaving socache_shmcb_retrieve successfully
[Wed Aug 26 00:04:02.671850 2026] [ssl:debug] [pid 2083225:tid 2083225] ssl_engine_kernel.c(2082): [client 140.111.67.195:44222] AH02041: Protocol: TLSv1.3, Cipher: TLS_AES_256_GCM_SHA384 (256/256 bits)
[Wed Aug 26 00:04:02.671886 2026] [socache_shmcb:debug] [pid 2083225:tid 2083225] mod_socache_shmcb.c(508): AH00831: socache_shmcb_store (0x53 -> subcache 19)
[Wed Aug 26 00:04:02.671904 2026] [socache_shmcb:debug] [pid 2083225:tid 2083225] mod_socache_shmcb.c(860): AH00847: insert happened at idx=24, data=(5343:5375)
[Wed Aug 26 00:04:02.671907 2026] [socache_shmcb:debug] [pid 2083225:tid 2083225] mod_socache_shmcb.c(863): AH00848: finished insert, subcache: idx_pos/idx_used=0/25, data_pos/data_used=0/5554
[Wed Aug 26 00:04:02.671910 2026] [socache_shmcb:debug] [pid 2083225:tid 2083225] mod_socache_shmcb.c(530): AH00834: leaving socache_shmcb_store successfully
[Wed Aug 26 00:04:02.671950 2026] [socache_shmcb:debug] [pid 2083225:tid 2083225] mod_socache_shmcb.c(508): AH00831: socache_shmcb_store (0xb2 -> subcache 18)
[Wed Aug 26 00:04:02.671955 2026] [socache_shmcb:debug] [pid 2083225:tid 2083225] mod_socache_shmcb.c(860): AH00847: insert happened at idx=32, data=(7124:7156)
[Wed Aug 26 00:04:02.671957 2026] [socache_shmcb:debug] [pid 2083225:tid 2083225] mod_socache_shmcb.c(863): AH00848: finished insert, subcache: idx_pos/idx_used=0/33, data_pos/data_used=0/7335
[Wed Aug 26 00:04:02.671959 2026] [socache_shmcb:debug] [pid 2083225:tid 2083225] mod_socache_shmcb.c(530): AH00834: leaving socache_shmcb_store successfully
[Wed Aug 26 00:04:02.672093 2026] [ssl:debug] [pid 2083225:tid 2083225] ssl_engine_kernel.c(254): [client 140.111.67.195:44222] AH02034: Initial (No.1) HTTPS request received for child 3 (server www.ilc.edu.tw:443)
[Wed Aug 26 00:04:02.672313 2026] [authz_core:debug] [pid 2083225:tid 2083225] mod_authz_core.c(815): [client 140.111.67.195:44222] AH01626: authorization result of Require all granted: granted
[Wed Aug 26 00:04:02.672317 2026] [authz_core:debug] [pid 2083225:tid 2083225] mod_authz_core.c(815): [client 140.111.67.195:44222] AH01626: authorization result of : granted
[Wed Aug 26 00:04:02.835293 2026] [ssl:info] [pid 2083276:tid 2083276] [client 34.171.68.95:47616] AH01964: Connection to child 23 established (server 2blog.ilc.edu.tw:443)
[Wed Aug 26 00:04:02.835523 2026] [ssl:info] [pid 2083276:tid 2083276] (70014)End of file found: [client 34.171.68.95:47616] AH02006: SSL handshake stopped: connection was closed
[Wed Aug 26 00:04:02.835533 2026] [ssl:info] [pid 2083276:tid 2083276] [client 34.171.68.95:47616] AH01998: Connection closed to child 23 with abortive shutdown (server 2blog.ilc.edu.tw:443)
[Wed Aug 26 00:04:02.889060 2026] [ssl:info] [pid 2078749:tid 2078749] (70014)End of file found: [client 66.249.79.163:58202] AH01992: SSL library error 6 reading data
[Wed Aug 26 00:04:02.889195 2026] [ssl:debug] [pid 2078749:tid 2078749] ssl_engine_io.c(1150): [client 66.249.79.163:58202] AH02001: Connection closed to child 10 with standard shutdown (server 2blog.ilc.edu.tw:443)
[Wed Aug 26 00:04:03.034944 2026] [deflate:debug] [pid 2083225:tid 2083225] mod_deflate.c(909): [client 140.111.67.195:44222] AH01384: Zlib: Compressed 1357 to 567 : URL /wp-admin/admin-post.php
[Wed Aug 26 00:04:03.116230 2026] [headers:debug] [pid 2083389:tid 2083389] mod_headers.c(900): AH01503: headers: ap_headers_error_filter()
[Wed Aug 26 00:04:03.117667 2026] [ssl:info] [pid 2083343:tid 2083343] [client 34.61.96.6:2560] AH01964: Connection to child 5 established (server 2blog.ilc.edu.tw:443)
[Wed Aug 26 00:04:03.117869 2026] [ssl:debug] [pid 2083343:tid 2083343] ssl_engine_kernel.c(2222): [client 34.61.96.6:2560] AH02043: SSL virtual host for servername 2blog.ilc.edu.tw found
[Wed Aug 26 00:04:03.117948 2026] [core:debug] [pid 2083343:tid 2083343] protocol.c(2460): [client 34.61.96.6:2560] AH03155: select protocol from , choices=http/1.1 for server 2blog.ilc.edu.tw
[Wed Aug 26 00:04:03.137247 2026] [ssl:debug] [pid 2083390:tid 2083390] ssl_engine_io.c(1150): [client 240e:b8f:b70:b900:ded8:7cff:fe61:b7dd:35570] AH02001: Connection closed to child 9 with standard shutdown (server 2blog.ilc.edu.tw:443)
[Wed Aug 26 00:04:03.154620 2026] [ssl:info] [pid 2083388:tid 2083388] [client 2001:288:a201::66:125:41070] AH01964: Connection to child 1 established (server 2blog.ilc.edu.tw:443)
[Wed Aug 26 00:04:03.154838 2026] [ssl:debug] [pid 2083388:tid 2083388] ssl_engine_kernel.c(2252): [client 2001:288:a201::66:125:41070] AH02645: Server name not provided via TLS extension (using default/first virtual host)
[Wed Aug 26 00:04:03.154860 2026] [socache_shmcb:debug] [pid 2083388:tid 2083388] mod_socache_shmcb.c(545): AH00835: socache_shmcb_retrieve (0x6f -> subcache 15)
[Wed Aug 26 00:04:03.154864 2026] [socache_shmcb:debug] [pid 2083388:tid 2083388] mod_socache_shmcb.c(896): AH00849: match at idx=0, data=0
[Wed Aug 26 00:04:03.154874 2026] [socache_shmcb:debug] [pid 2083388:tid 2083388] mod_socache_shmcb.c(556): AH00836: leaving socache_shmcb_retrieve successfully
[Wed Aug 26 00:04:03.156241 2026] [ssl:debug] [pid 2083388:tid 2083388] ssl_engine_kernel.c(2082): [client 2001:288:a201::66:125:41070] AH02041: Protocol: TLSv1.2, Cipher: ECDHE-RSA-AES256-GCM-SHA384 (256/256 bits)
[Wed Aug 26 00:04:03.156353 2026] [ssl:debug] [pid 2083388:tid 2083388] ssl_engine_kernel.c(254): [client 2001:288:a201::66:125:41070] AH02034: Initial (No.1) HTTPS request received for child 1 (server 2blog.ilc.edu.tw:443)
[Wed Aug 26 00:04:03.156557 2026] [authz_core:debug] [pid 2083388:tid 2083388] mod_authz_core.c(815): [client 2001:288:a201::66:125:41070] AH01626: authorization result of Require all granted: granted
[Wed Aug 26 00:04:03.156561 2026] [authz_core:debug] [pid 2083388:tid 2083388] mod_authz_core.c(815): [client 2001:288:a201::66:125:41070] AH01626: authorization result of : granted
[Wed Aug 26 00:04:03.156719 2026] [authz_core:debug] [pid 2083388:tid 2083388] mod_authz_core.c(815): [client 2001:288:a201::66:125:41070] AH01626: authorization result of Require all granted: granted
[Wed Aug 26 00:04:03.156724 2026] [authz_core:debug] [pid 2083388:tid 2083388] mod_authz_core.c(815): [client 2001:288:a201::66:125:41070] AH01626: authorization result of : granted
[Wed Aug 26 00:04:03.156735 2026] [php7:error] [pid 2083388:tid 2083388] [client 2001:288:a201::66:125:41070] script '/var/www/html/2blog/active.php' not found or unable to stat
[Wed Aug 26 00:04:03.156745 2026] [headers:debug] [pid 2083388:tid 2083388] mod_headers.c(900): AH01503: headers: ap_headers_error_filter()
[Wed Aug 26 00:04:03.156874 2026] [ssl:debug] [pid 2083388:tid 2083388] ssl_engine_io.c(1150): [client 2001:288:a201::66:125:41070] AH02001: Connection closed to child 1 with standard shutdown (server 2blog.ilc.edu.tw:443)
[Wed Aug 26 00:04:03.307505 2026] [ssl:debug] [pid 2083365:tid 2083365] ssl_engine_io.c(1150): [client 240e:b8f:b70:b900:ded8:7cff:fe61:b7dd:35575] AH02001: Connection closed to child 6 with standard shutdown (server 2blog.ilc.edu.tw:443)
[Wed Aug 26 00:04:03.330763 2026] [ssl:info] [pid 2083366:tid 2083366] [client 211.22.184.58:49153] AH01964: Connection to child 12 established (server 2blog.ilc.edu.tw:443)
[Wed Aug 26 00:04:03.330982 2026] [ssl:debug] [pid 2083366:tid 2083366] ssl_engine_kernel.c(2222): [client 211.22.184.58:49153] AH02043: SSL virtual host for servername 2blog.ilc.edu.tw found
[Wed Aug 26 00:04:03.341689 2026] [socache_shmcb:debug] [pid 2083366:tid 2083366] mod_socache_shmcb.c(508): AH00831: socache_shmcb_store (0x63 -> subcache 3)
[Wed Aug 26 00:04:03.341703 2026] [socache_shmcb:debug] [pid 2083366:tid 2083366] mod_socache_shmcb.c(860): AH00847: insert happened at idx=23, data=(5126:5158)
[Wed Aug 26 00:04:03.341719 2026] [socache_shmcb:debug] [pid 2083366:tid 2083366] mod_socache_shmcb.c(863): AH00848: finished insert, subcache: idx_pos/idx_used=0/24, data_pos/data_used=0/5331
[Wed Aug 26 00:04:03.341722 2026] [socache_shmcb:debug] [pid 2083366:tid 2083366] mod_socache_shmcb.c(530): AH00834: leaving socache_shmcb_store successfully
[Wed Aug 26 00:04:03.341732 2026] [ssl:debug] [pid 2083366:tid 2083366] ssl_engine_kernel.c(2082): [client 211.22.184.58:49153] AH02041: Protocol: TLSv1.2, Cipher: ECDHE-RSA-AES256-GCM-SHA384 (256/256 bits)
[Wed Aug 26 00:04:03.351598 2026] [ssl:debug] [pid 2083366:tid 2083366] ssl_engine_kernel.c(254): [client 211.22.184.58:49153] AH02034: Initial (No.1) HTTPS request received for child 12 (server 2blog.ilc.edu.tw:443)
[Wed Aug 26 00:04:03.351826 2026] [authz_core:debug] [pid 2083366:tid 2083366] mod_authz_core.c(815): [client 211.22.184.58:49153] AH01626: authorization result of Require all granted: granted
[Wed Aug 26 00:04:03.351831 2026] [authz_core:debug] [pid 2083366:tid 2083366] mod_authz_core.c(815): [client 211.22.184.58:49153] AH01626: authorization result of : granted
[Wed Aug 26 00:04:03.351987 2026] [authz_core:debug] [pid 2083366:tid 2083366] mod_authz_core.c(815): [client 211.22.184.58:49153] AH01626: authorization result of Require all granted: granted
[Wed Aug 26 00:04:03.351992 2026] [authz_core:debug] [pid 2083366:tid 2083366] mod_authz_core.c(815): [client 211.22.184.58:49153] AH01626: authorization result of : granted
[Wed Aug 26 00:04:03.390929 2026] [ssl:debug] [pid 2083343:tid 2083343] ssl_engine_kernel.c(2082): [client 34.61.96.6:2560] AH02041: Protocol: TLSv1.3, Cipher: TLS_AES_256_GCM_SHA384 (256/256 bits)
[Wed Aug 26 00:04:03.391002 2026] [socache_shmcb:debug] [pid 2083343:tid 2083343] mod_socache_shmcb.c(508): AH00831: socache_shmcb_store (0x01 -> subcache 1)
[Wed Aug 26 00:04:03.391012 2026] [socache_shmcb:debug] [pid 2083343:tid 2083343] mod_socache_shmcb.c(860): AH00847: insert happened at idx=26, data=(5803:5835)
[Wed Aug 26 00:04:03.391016 2026] [socache_shmcb:debug] [pid 2083343:tid 2083343] mod_socache_shmcb.c(863): AH00848: finished insert, subcache: idx_pos/idx_used=0/27, data_pos/data_used=0/6029
[Wed Aug 26 00:04:03.391020 2026] [socache_shmcb:debug] [pid 2083343:tid 2083343] mod_socache_shmcb.c(530): AH00834: leaving socache_shmcb_store successfully
[Wed Aug 26 00:04:03.391099 2026] [socache_shmcb:debug] [pid 2083343:tid 2083343] mod_socache_shmcb.c(508): AH00831: socache_shmcb_store (0xd9 -> subcache 25)
[Wed Aug 26 00:04:03.391104 2026] [socache_shmcb:debug] [pid 2083343:tid 2083343] mod_socache_shmcb.c(860): AH00847: insert happened at idx=23, data=(5113:5145)
[Wed Aug 26 00:04:03.391107 2026] [socache_shmcb:debug] [pid 2083343:tid 2083343] mod_socache_shmcb.c(863): AH00848: finished insert, subcache: idx_pos/idx_used=0/24, data_pos/data_used=0/5338
[Wed Aug 26 00:04:03.391109 2026] [socache_shmcb:debug] [pid 2083343:tid 2083343] mod_socache_shmcb.c(530): AH00834: leaving socache_shmcb_store successfully
[Wed Aug 26 00:04:03.467064 2026] [ssl:info] [pid 2083269:tid 2083269] [client 2401:e180:8dd0:b6db:71ef:c597:4fc5:9eff:54732] AH01964: Connection to child 7 established (server 2blog.ilc.edu.tw:443)
[Wed Aug 26 00:04:03.467858 2026] [ssl:debug] [pid 2083269:tid 2083269] ssl_engine_kernel.c(2222): [client 2401:e180:8dd0:b6db:71ef:c597:4fc5:9eff:54732] AH02043: SSL virtual host for servername www.ghjh.ilc.edu.tw found
[Wed Aug 26 00:04:03.468014 2026] [core:debug] [pid 2083269:tid 2083269] protocol.c(2460): [client 2401:e180:8dd0:b6db:71ef:c597:4fc5:9eff:54732] AH03155: select protocol from , choices=h2,http/1.1 for server www.ghjh.ilc.edu.tw
[Wed Aug 26 00:04:03.468137 2026] [ssl:debug] [pid 2083269:tid 2083269] ssl_util_stapling.c(819): AH01951: stapling_cb: OCSP Stapling callback called
[Wed Aug 26 00:04:03.468158 2026] [ssl:info] [pid 2083269:tid 2083269] AH01926: stapling_get_certinfo: stapling not supported for certificate
[Wed Aug 26 00:04:03.493615 2026] [ssl:debug] [pid 2083343:tid 2083343] ssl_engine_kernel.c(254): [client 34.61.96.6:2560] AH02034: Initial (No.1) HTTPS request received for child 5 (server 2blog.ilc.edu.tw:443)
[Wed Aug 26 00:04:03.493861 2026] [authz_core:debug] [pid 2083343:tid 2083343] mod_authz_core.c(815): [client 34.61.96.6:2560] AH01626: authorization result of Require all granted: granted
[Wed Aug 26 00:04:03.493866 2026] [authz_core:debug] [pid 2083343:tid 2083343] mod_authz_core.c(815): [client 34.61.96.6:2560] AH01626: authorization result of : granted
[Wed Aug 26 00:04:03.494076 2026] [authz_core:debug] [pid 2083343:tid 2083343] mod_authz_core.c(815): [client 34.61.96.6:2560] AH01626: authorization result of Require all granted: granted
[Wed Aug 26 00:04:03.494081 2026] [authz_core:debug] [pid 2083343:tid 2083343] mod_authz_core.c(815): [client 34.61.96.6:2560] AH01626: authorization result of : granted
[Wed Aug 26 00:04:03.527838 2026] [ssl:debug] [pid 2083269:tid 2083269] ssl_engine_kernel.c(2082): [client 2401:e180:8dd0:b6db:71ef:c597:4fc5:9eff:54732] AH02041: Protocol: TLSv1.3, Cipher: TLS_AES_256_GCM_SHA384 (256/256 bits)
[Wed Aug 26 00:04:03.527902 2026] [socache_shmcb:debug] [pid 2083269:tid 2083269] mod_socache_shmcb.c(508): AH00831: socache_shmcb_store (0xbf -> subcache 31)
[Wed Aug 26 00:04:03.527919 2026] [socache_shmcb:debug] [pid 2083269:tid 2083269] mod_socache_shmcb.c(860): AH00847: insert happened at idx=9, data=(1949:1981)
[Wed Aug 26 00:04:03.527922 2026] [socache_shmcb:debug] [pid 2083269:tid 2083269] mod_socache_shmcb.c(863): AH00848: finished insert, subcache: idx_pos/idx_used=0/10, data_pos/data_used=0/2177
[Wed Aug 26 00:04:03.527924 2026] [socache_shmcb:debug] [pid 2083269:tid 2083269] mod_socache_shmcb.c(530): AH00834: leaving socache_shmcb_store successfully
[Wed Aug 26 00:04:03.527978 2026] [socache_shmcb:debug] [pid 2083269:tid 2083269] mod_socache_shmcb.c(508): AH00831: socache_shmcb_store (0xf2 -> subcache 18)
[Wed Aug 26 00:04:03.527983 2026] [socache_shmcb:debug] [pid 2083269:tid 2083269] mod_socache_shmcb.c(860): AH00847: insert happened at idx=33, data=(7335:7367)
[Wed Aug 26 00:04:03.527985 2026] [socache_shmcb:debug] [pid 2083269:tid 2083269] mod_socache_shmcb.c(863): AH00848: finished insert, subcache: idx_pos/idx_used=0/34, data_pos/data_used=0/7564
[Wed Aug 26 00:04:03.527987 2026] [socache_shmcb:debug] [pid 2083269:tid 2083269] mod_socache_shmcb.c(530): AH00834: leaving socache_shmcb_store successfully
[Wed Aug 26 00:04:03.528128 2026] [ssl:debug] [pid 2083269:tid 2083269] ssl_engine_kernel.c(254): [client 2401:e180:8dd0:b6db:71ef:c597:4fc5:9eff:54732] AH02034: Initial (No.1) HTTPS request received for child 7 (server www.ghjh.ilc.edu.tw:443)
[Wed Aug 26 00:04:03.529066 2026] [authz_core:debug] [pid 2083269:tid 2083269] mod_authz_core.c(815): [client 2401:e180:8dd0:b6db:71ef:c597:4fc5:9eff:54732] AH01626: authorization result of Require all granted: granted
[Wed Aug 26 00:04:03.529077 2026] [authz_core:debug] [pid 2083269:tid 2083269] mod_authz_core.c(815): [client 2401:e180:8dd0:b6db:71ef:c597:4fc5:9eff:54732] AH01626: authorization result of : granted
[Wed Aug 26 00:04:03.617633 2026] [ssl:info] [pid 2083357:tid 2083357] [client 2401:e180:8dd0:b6db:71ef:c597:4fc5:9eff:54733] AH01964: Connection to child 0 established (server 2blog.ilc.edu.tw:443)
[Wed Aug 26 00:04:03.618063 2026] [ssl:debug] [pid 2083357:tid 2083357] ssl_engine_kernel.c(2222): [client 2401:e180:8dd0:b6db:71ef:c597:4fc5:9eff:54733] AH02043: SSL virtual host for servername www.ghjh.ilc.edu.tw found
[Wed Aug 26 00:04:03.618210 2026] [core:debug] [pid 2083357:tid 2083357] protocol.c(2460): [client 2401:e180:8dd0:b6db:71ef:c597:4fc5:9eff:54733] AH03155: select protocol from , choices=h2,http/1.1 for server www.ghjh.ilc.edu.tw
[Wed Aug 26 00:04:03.618326 2026] [ssl:debug] [pid 2083357:tid 2083357] ssl_util_stapling.c(819): AH01951: stapling_cb: OCSP Stapling callback called
[Wed Aug 26 00:04:03.618346 2026] [ssl:info] [pid 2083357:tid 2083357] AH01926: stapling_get_certinfo: stapling not supported for certificate
[Wed Aug 26 00:04:03.667663 2026] [ssl:debug] [pid 2083357:tid 2083357] ssl_engine_kernel.c(2082): [client 2401:e180:8dd0:b6db:71ef:c597:4fc5:9eff:54733] AH02041: Protocol: TLSv1.3, Cipher: TLS_AES_256_GCM_SHA384 (256/256 bits)
[Wed Aug 26 00:04:03.667741 2026] [socache_shmcb:debug] [pid 2083357:tid 2083357] mod_socache_shmcb.c(508): AH00831: socache_shmcb_store (0xce -> subcache 14)
[Wed Aug 26 00:04:03.667748 2026] [socache_shmcb:debug] [pid 2083357:tid 2083357] mod_socache_shmcb.c(860): AH00847: insert happened at idx=26, data=(5805:5837)
[Wed Aug 26 00:04:03.667750 2026] [socache_shmcb:debug] [pid 2083357:tid 2083357] mod_socache_shmcb.c(863): AH00848: finished insert, subcache: idx_pos/idx_used=0/27, data_pos/data_used=0/6033
[Wed Aug 26 00:04:03.667753 2026] [socache_shmcb:debug] [pid 2083357:tid 2083357] mod_socache_shmcb.c(530): AH00834: leaving socache_shmcb_store successfully
[Wed Aug 26 00:04:03.667805 2026] [socache_shmcb:debug] [pid 2083357:tid 2083357] mod_socache_shmcb.c(508): AH00831: socache_shmcb_store (0x54 -> subcache 20)
[Wed Aug 26 00:04:03.667823 2026] [socache_shmcb:debug] [pid 2083357:tid 2083357] mod_socache_shmcb.c(860): AH00847: insert happened at idx=28, data=(6287:6319)
[Wed Aug 26 00:04:03.667825 2026] [socache_shmcb:debug] [pid 2083357:tid 2083357] mod_socache_shmcb.c(863): AH00848: finished insert, subcache: idx_pos/idx_used=0/29, data_pos/data_used=0/6516
[Wed Aug 26 00:04:03.667827 2026] [socache_shmcb:debug] [pid 2083357:tid 2083357] mod_socache_shmcb.c(530): AH00834: leaving socache_shmcb_store successfully
[Wed Aug 26 00:04:03.667979 2026] [ssl:debug] [pid 2083357:tid 2083357] ssl_engine_kernel.c(254): [client 2401:e180:8dd0:b6db:71ef:c597:4fc5:9eff:54733] AH02034: Initial (No.1) HTTPS request received for child 0 (server www.ghjh.ilc.edu.tw:443)
[Wed Aug 26 00:04:03.668242 2026] [authz_core:debug] [pid 2083357:tid 2083357] mod_authz_core.c(815): [client 2401:e180:8dd0:b6db:71ef:c597:4fc5:9eff:54733] AH01626: authorization result of Require all granted: granted
[Wed Aug 26 00:04:03.668247 2026] [authz_core:debug] [pid 2083357:tid 2083357] mod_authz_core.c(815): [client 2401:e180:8dd0:b6db:71ef:c597:4fc5:9eff:54733] AH01626: authorization result of : granted
[Wed Aug 26 00:04:03.701569 2026] [ssl:info] [pid 2083340:tid 2083340] [client 2401:e180:8dd0:b6db:71ef:c597:4fc5:9eff:54735] AH01964: Connection to child 2 established (server 2blog.ilc.edu.tw:443)
[Wed Aug 26 00:04:03.701804 2026] [ssl:debug] [pid 2083340:tid 2083340] ssl_engine_kernel.c(2222): [client 2401:e180:8dd0:b6db:71ef:c597:4fc5:9eff:54735] AH02043: SSL virtual host for servername www.ghjh.ilc.edu.tw found
[Wed Aug 26 00:04:03.701878 2026] [core:debug] [pid 2083340:tid 2083340] protocol.c(2460): [client 2401:e180:8dd0:b6db:71ef:c597:4fc5:9eff:54735] AH03155: select protocol from , choices=http/1.1 for server www.ghjh.ilc.edu.tw
[Wed Aug 26 00:04:03.701923 2026] [ssl:debug] [pid 2083340:tid 2083340] ssl_util_stapling.c(819): AH01951: stapling_cb: OCSP Stapling callback called
[Wed Aug 26 00:04:03.701929 2026] [ssl:info] [pid 2083340:tid 2083340] AH01926: stapling_get_certinfo: stapling not supported for certificate
[Wed Aug 26 00:04:03.703530 2026] [ssl:info] [pid 2083277:tid 2083277] [client 2401:e180:8dd0:b6db:71ef:c597:4fc5:9eff:54734] AH01964: Connection to child 24 established (server 2blog.ilc.edu.tw:443)
[Wed Aug 26 00:04:03.703688 2026] [ssl:debug] [pid 2083277:tid 2083277] ssl_engine_kernel.c(2222): [client 2401:e180:8dd0:b6db:71ef:c597:4fc5:9eff:54734] AH02043: SSL virtual host for servername www.ghjh.ilc.edu.tw found
[Wed Aug 26 00:04:03.703742 2026] [core:debug] [pid 2083277:tid 2083277] protocol.c(2460): [client 2401:e180:8dd0:b6db:71ef:c597:4fc5:9eff:54734] AH03155: select protocol from , choices=http/1.1 for server www.ghjh.ilc.edu.tw
[Wed Aug 26 00:04:03.703779 2026] [ssl:debug] [pid 2083277:tid 2083277] ssl_util_stapling.c(819): AH01951: stapling_cb: OCSP Stapling callback called
[Wed Aug 26 00:04:03.703784 2026] [ssl:info] [pid 2083277:tid 2083277] AH01926: stapling_get_certinfo: stapling not supported for certificate
[Wed Aug 26 00:04:03.756582 2026] [ssl:debug] [pid 2083340:tid 2083340] ssl_engine_kernel.c(2082): [client 2401:e180:8dd0:b6db:71ef:c597:4fc5:9eff:54735] AH02041: Protocol: TLSv1.3, Cipher: TLS_AES_256_GCM_SHA384 (256/256 bits)
[Wed Aug 26 00:04:03.756588 2026] [ssl:debug] [pid 2083277:tid 2083277] ssl_engine_kernel.c(2082): [client 2401:e180:8dd0:b6db:71ef:c597:4fc5:9eff:54734] AH02041: Protocol: TLSv1.3, Cipher: TLS_AES_256_GCM_SHA384 (256/256 bits)
[Wed Aug 26 00:04:03.756654 2026] [socache_shmcb:debug] [pid 2083340:tid 2083340] mod_socache_shmcb.c(508): AH00831: socache_shmcb_store (0x76 -> subcache 22)
[Wed Aug 26 00:04:03.756661 2026] [socache_shmcb:debug] [pid 2083340:tid 2083340] mod_socache_shmcb.c(860): AH00847: insert happened at idx=22, data=(4860:4892)
[Wed Aug 26 00:04:03.756664 2026] [socache_shmcb:debug] [pid 2083340:tid 2083340] mod_socache_shmcb.c(863): AH00848: finished insert, subcache: idx_pos/idx_used=0/23, data_pos/data_used=0/5088
[Wed Aug 26 00:04:03.756666 2026] [socache_shmcb:debug] [pid 2083340:tid 2083340] mod_socache_shmcb.c(530): AH00834: leaving socache_shmcb_store successfully
[Wed Aug 26 00:04:03.756677 2026] [socache_shmcb:debug] [pid 2083277:tid 2083277] mod_socache_shmcb.c(508): AH00831: socache_shmcb_store (0x6a -> subcache 10)
[Wed Aug 26 00:04:03.756684 2026] [socache_shmcb:debug] [pid 2083277:tid 2083277] mod_socache_shmcb.c(860): AH00847: insert happened at idx=23, data=(5156:5188)
[Wed Aug 26 00:04:03.756686 2026] [socache_shmcb:debug] [pid 2083277:tid 2083277] mod_socache_shmcb.c(863): AH00848: finished insert, subcache: idx_pos/idx_used=0/24, data_pos/data_used=0/5385
[Wed Aug 26 00:04:03.756689 2026] [socache_shmcb:debug] [pid 2083277:tid 2083277] mod_socache_shmcb.c(530): AH00834: leaving socache_shmcb_store successfully
[Wed Aug 26 00:04:03.756729 2026] [socache_shmcb:debug] [pid 2083340:tid 2083340] mod_socache_shmcb.c(508): AH00831: socache_shmcb_store (0x3d -> subcache 29)
[Wed Aug 26 00:04:03.756747 2026] [socache_shmcb:debug] [pid 2083340:tid 2083340] mod_socache_shmcb.c(860): AH00847: insert happened at idx=27, data=(5987:6019)
[Wed Aug 26 00:04:03.756749 2026] [socache_shmcb:debug] [pid 2083340:tid 2083340] mod_socache_shmcb.c(863): AH00848: finished insert, subcache: idx_pos/idx_used=0/28, data_pos/data_used=0/6215
[Wed Aug 26 00:04:03.756752 2026] [socache_shmcb:debug] [pid 2083340:tid 2083340] mod_socache_shmcb.c(530): AH00834: leaving socache_shmcb_store successfully
[Wed Aug 26 00:04:03.756755 2026] [socache_shmcb:debug] [pid 2083277:tid 2083277] mod_socache_shmcb.c(508): AH00831: socache_shmcb_store (0x93 -> subcache 19)
[Wed Aug 26 00:04:03.756771 2026] [socache_shmcb:debug] [pid 2083277:tid 2083277] mod_socache_shmcb.c(860): AH00847: insert happened at idx=25, data=(5554:5586)
[Wed Aug 26 00:04:03.756774 2026] [socache_shmcb:debug] [pid 2083277:tid 2083277] mod_socache_shmcb.c(863): AH00848: finished insert, subcache: idx_pos/idx_used=0/26, data_pos/data_used=0/5782
[Wed Aug 26 00:04:03.756776 2026] [socache_shmcb:debug] [pid 2083277:tid 2083277] mod_socache_shmcb.c(530): AH00834: leaving socache_shmcb_store successfully
[Wed Aug 26 00:04:03.756903 2026] [ssl:debug] [pid 2083340:tid 2083340] ssl_engine_kernel.c(254): [client 2401:e180:8dd0:b6db:71ef:c597:4fc5:9eff:54735] AH02034: Initial (No.1) HTTPS request received for child 2 (server www.ghjh.ilc.edu.tw:443)
[Wed Aug 26 00:04:03.756903 2026] [ssl:debug] [pid 2083277:tid 2083277] ssl_engine_kernel.c(254): [client 2401:e180:8dd0:b6db:71ef:c597:4fc5:9eff:54734] AH02034: Initial (No.1) HTTPS request received for child 24 (server www.ghjh.ilc.edu.tw:443)
[Wed Aug 26 00:04:03.757451 2026] [authz_core:debug] [pid 2083340:tid 2083340] mod_authz_core.c(815): [client 2401:e180:8dd0:b6db:71ef:c597:4fc5:9eff:54735] AH01626: authorization result of Require all granted: granted
[Wed Aug 26 00:04:03.757451 2026] [authz_core:debug] [pid 2083277:tid 2083277] mod_authz_core.c(815): [client 2401:e180:8dd0:b6db:71ef:c597:4fc5:9eff:54734] AH01626: authorization result of Require all granted: granted
[Wed Aug 26 00:04:03.757459 2026] [authz_core:debug] [pid 2083340:tid 2083340] mod_authz_core.c(815): [client 2401:e180:8dd0:b6db:71ef:c597:4fc5:9eff:54735] AH01626: authorization result of : granted
[Wed Aug 26 00:04:03.757465 2026] [authz_core:debug] [pid 2083277:tid 2083277] mod_authz_core.c(815): [client 2401:e180:8dd0:b6db:71ef:c597:4fc5:9eff:54734] AH01626: authorization result of : granted
[Wed Aug 26 00:04:03.901633 2026] [ssl:info] [pid 2083357:tid 2083357] (104)Connection reset by peer: [client 2401:e180:8dd0:b6db:71ef:c597:4fc5:9eff:54733] AH01991: SSL input filter read failed.
[Wed Aug 26 00:04:03.901632 2026] [ssl:info] [pid 2083277:tid 2083277] (104)Connection reset by peer: [client 2401:e180:8dd0:b6db:71ef:c597:4fc5:9eff:54734] AH01991: SSL input filter read failed.
[Wed Aug 26 00:04:03.901714 2026] [ssl:info] [pid 2083340:tid 2083340] (104)Connection reset by peer: [client 2401:e180:8dd0:b6db:71ef:c597:4fc5:9eff:54735] AH01991: SSL input filter read failed.
[Wed Aug 26 00:04:03.901731 2026] [ssl:debug] [pid 2083357:tid 2083357] ssl_engine_io.c(1150): [client 2401:e180:8dd0:b6db:71ef:c597:4fc5:9eff:54733] AH02001: Connection closed to child 0 with standard shutdown (server www.ghjh.ilc.edu.tw:443)
[Wed Aug 26 00:04:03.901731 2026] [ssl:debug] [pid 2083277:tid 2083277] ssl_engine_io.c(1150): [client 2401:e180:8dd0:b6db:71ef:c597:4fc5:9eff:54734] AH02001: Connection closed to child 24 with standard shutdown (server www.ghjh.ilc.edu.tw:443)
[Wed Aug 26 00:04:03.901763 2026] [ssl:debug] [pid 2083340:tid 2083340] ssl_engine_io.c(1150): [client 2401:e180:8dd0:b6db:71ef:c597:4fc5:9eff:54735] AH02001: Connection closed to child 2 with standard shutdown (server www.ghjh.ilc.edu.tw:443)
[Wed Aug 26 00:04:03.901943 2026] [ssl:info] [pid 2083269:tid 2083269] (104)Connection reset by peer: [client 2401:e180:8dd0:b6db:71ef:c597:4fc5:9eff:54732] AH01991: SSL input filter read failed.
[Wed Aug 26 00:04:03.901988 2026] [ssl:debug] [pid 2083269:tid 2083269] ssl_engine_io.c(1150): [client 2401:e180:8dd0:b6db:71ef:c597:4fc5:9eff:54732] AH02001: Connection closed to child 7 with standard shutdown (server www.ghjh.ilc.edu.tw:443)
[Wed Aug 26 00:04:04.166537 2026] [headers:debug] [pid 2083276:tid 2083276] mod_headers.c(900): AH01503: headers: ap_headers_error_filter()
[Wed Aug 26 00:04:04.265865 2026] [ssl:info] [pid 2078749:tid 2078749] [client 18.207.79.144:36575] AH01964: Connection to child 10 established (server 2blog.ilc.edu.tw:443)
[Wed Aug 26 00:04:04.266110 2026] [ssl:debug] [pid 2078749:tid 2078749] ssl_engine_kernel.c(2222): [client 18.207.79.144:36575] AH02043: SSL virtual host for servername 2blog.ilc.edu.tw found
[Wed Aug 26 00:04:04.471279 2026] [ssl:debug] [pid 2078749:tid 2078749] ssl_engine_kernel.c(2082): [client 18.207.79.144:36575] AH02041: Protocol: TLSv1.3, Cipher: TLS_AES_256_GCM_SHA384 (256/256 bits)
[Wed Aug 26 00:04:04.471357 2026] [socache_shmcb:debug] [pid 2078749:tid 2078749] mod_socache_shmcb.c(508): AH00831: socache_shmcb_store (0xee -> subcache 14)
[Wed Aug 26 00:04:04.471364 2026] [socache_shmcb:debug] [pid 2078749:tid 2078749] mod_socache_shmcb.c(860): AH00847: insert happened at idx=27, data=(6033:6065)
[Wed Aug 26 00:04:04.471367 2026] [socache_shmcb:debug] [pid 2078749:tid 2078749] mod_socache_shmcb.c(863): AH00848: finished insert, subcache: idx_pos/idx_used=0/28, data_pos/data_used=0/6247
[Wed Aug 26 00:04:04.471369 2026] [socache_shmcb:debug] [pid 2078749:tid 2078749] mod_socache_shmcb.c(530): AH00834: leaving socache_shmcb_store successfully
[Wed Aug 26 00:04:04.471438 2026] [socache_shmcb:debug] [pid 2078749:tid 2078749] mod_socache_shmcb.c(508): AH00831: socache_shmcb_store (0xc8 -> subcache 8)
[Wed Aug 26 00:04:04.471457 2026] [socache_shmcb:debug] [pid 2078749:tid 2078749] mod_socache_shmcb.c(860): AH00847: insert happened at idx=27, data=(6031:6063)
[Wed Aug 26 00:04:04.471461 2026] [socache_shmcb:debug] [pid 2078749:tid 2078749] mod_socache_shmcb.c(863): AH00848: finished insert, subcache: idx_pos/idx_used=0/28, data_pos/data_used=0/6244
[Wed Aug 26 00:04:04.471464 2026] [socache_shmcb:debug] [pid 2078749:tid 2078749] mod_socache_shmcb.c(530): AH00834: leaving socache_shmcb_store successfully
[Wed Aug 26 00:04:04.471653 2026] [ssl:debug] [pid 2078749:tid 2078749] ssl_engine_kernel.c(254): [client 18.207.79.144:36575] AH02034: Initial (No.1) HTTPS request received for child 10 (server 2blog.ilc.edu.tw:443)
