[Wed Aug 26 00:01:07.641474 2026] [authz_core:debug] [pid 2083249:tid 2083249] mod_authz_core.c(815): [client 2607:9000:400:39:198:44:130:102:23368] AH01626: authorization result of Require all granted: granted, referer: https://[2001:288:a201::67:81]
[Wed Aug 26 00:01:07.641485 2026] [authz_core:debug] [pid 2083249:tid 2083249] mod_authz_core.c(815): [client 2607:9000:400:39:198:44:130:102:23368] AH01626: authorization result of : granted, referer: https://[2001:288:a201::67:81]
[Wed Aug 26 00:01:07.642064 2026] [authz_core:debug] [pid 2083249:tid 2083249] mod_authz_core.c(815): [client 2607:9000:400:39:198:44:130:102:23368] AH01626: authorization result of Require all granted: granted, referer: https://[2001:288:a201::67:81]
[Wed Aug 26 00:01:07.642069 2026] [authz_core:debug] [pid 2083249:tid 2083249] mod_authz_core.c(815): [client 2607:9000:400:39:198:44:130:102:23368] AH01626: authorization result of : granted, referer: https://[2001:288:a201::67:81]
[Wed Aug 26 00:01:07.665476 2026] [deflate:debug] [pid 2083249:tid 2083249] mod_deflate.c(909): [client 2607:9000:400:39:198:44:130:102:23368] AH01384: Zlib: Compressed 50629 to 9472 : URL /index.php, referer: https://[2001:288:a201::67:81]
[Wed Aug 26 00:01:07.931522 2026] [deflate:debug] [pid 2078749:tid 2078749] mod_deflate.c(909): [client 66.249.79.163:49154] AH01384: Zlib: Compressed 86906 to 15690 : URL /index.php
[Wed Aug 26 00:01:08.004825 2026] [ssl:info] [pid 2078742:tid 2078742] [client 54.85.109.140:48332] AH01964: Connection to child 14 established (server 2blog.ilc.edu.tw:443)
[Wed Aug 26 00:01:08.005606 2026] [ssl:debug] [pid 2078742:tid 2078742] ssl_engine_kernel.c(2222): [client 54.85.109.140:48332] AH02043: SSL virtual host for servername 2blog.ilc.edu.tw found
[Wed Aug 26 00:01:08.105797 2026] [headers:debug] [pid 2083229:tid 2083229] mod_headers.c(900): AH01503: headers: ap_headers_error_filter()
[Wed Aug 26 00:01:08.130799 2026] [ssl:info] [pid 2079139:tid 2079139] [client 2001:288:a201::66:125:43861] AH01964: Connection to child 4 established (server 2blog.ilc.edu.tw:443)
[Wed Aug 26 00:01:08.130962 2026] [ssl:debug] [pid 2079139:tid 2079139] ssl_engine_kernel.c(2252): [client 2001:288:a201::66:125:43861] AH02645: Server name not provided via TLS extension (using default/first virtual host)
[Wed Aug 26 00:01:08.130979 2026] [socache_shmcb:debug] [pid 2079139:tid 2079139] mod_socache_shmcb.c(545): AH00835: socache_shmcb_retrieve (0x6f -> subcache 15)
[Wed Aug 26 00:01:08.130982 2026] [socache_shmcb:debug] [pid 2079139:tid 2079139] mod_socache_shmcb.c(896): AH00849: match at idx=0, data=0
[Wed Aug 26 00:01:08.130984 2026] [socache_shmcb:debug] [pid 2079139:tid 2079139] mod_socache_shmcb.c(556): AH00836: leaving socache_shmcb_retrieve successfully
[Wed Aug 26 00:01:08.131612 2026] [ssl:debug] [pid 2079139:tid 2079139] ssl_engine_kernel.c(2082): [client 2001:288:a201::66:125:43861] AH02041: Protocol: TLSv1.2, Cipher: ECDHE-RSA-AES256-GCM-SHA384 (256/256 bits)
[Wed Aug 26 00:01:08.131944 2026] [ssl:debug] [pid 2079139:tid 2079139] ssl_engine_kernel.c(254): [client 2001:288:a201::66:125:43861] AH02034: Initial (No.1) HTTPS request received for child 4 (server 2blog.ilc.edu.tw:443)
[Wed Aug 26 00:01:08.132102 2026] [authz_core:debug] [pid 2079139:tid 2079139] mod_authz_core.c(815): [client 2001:288:a201::66:125:43861] AH01626: authorization result of Require all granted: granted
[Wed Aug 26 00:01:08.132106 2026] [authz_core:debug] [pid 2079139:tid 2079139] mod_authz_core.c(815): [client 2001:288:a201::66:125:43861] AH01626: authorization result of : granted
[Wed Aug 26 00:01:08.132284 2026] [authz_core:debug] [pid 2079139:tid 2079139] mod_authz_core.c(815): [client 2001:288:a201::66:125:43861] AH01626: authorization result of Require all granted: granted
[Wed Aug 26 00:01:08.132290 2026] [authz_core:debug] [pid 2079139:tid 2079139] mod_authz_core.c(815): [client 2001:288:a201::66:125:43861] AH01626: authorization result of : granted
[Wed Aug 26 00:01:08.132307 2026] [php7:error] [pid 2079139:tid 2079139] [client 2001:288:a201::66:125:43861] script '/var/www/html/2blog/active.php' not found or unable to stat
[Wed Aug 26 00:01:08.132316 2026] [headers:debug] [pid 2079139:tid 2079139] mod_headers.c(900): AH01503: headers: ap_headers_error_filter()
[Wed Aug 26 00:01:08.132430 2026] [ssl:debug] [pid 2079139:tid 2079139] ssl_engine_io.c(1150): [client 2001:288:a201::66:125:43861] AH02001: Connection closed to child 4 with standard shutdown (server 2blog.ilc.edu.tw:443)
[Wed Aug 26 00:01:08.231735 2026] [ssl:debug] [pid 2078742:tid 2078742] ssl_engine_kernel.c(2082): [client 54.85.109.140:48332] AH02041: Protocol: TLSv1.3, Cipher: TLS_AES_256_GCM_SHA384 (256/256 bits)
[Wed Aug 26 00:01:08.231787 2026] [socache_shmcb:debug] [pid 2078742:tid 2078742] mod_socache_shmcb.c(508): AH00831: socache_shmcb_store (0xf5 -> subcache 21)
[Wed Aug 26 00:01:08.231802 2026] [socache_shmcb:debug] [pid 2078742:tid 2078742] mod_socache_shmcb.c(860): AH00847: insert happened at idx=10, data=(2219:2251)
[Wed Aug 26 00:01:08.231804 2026] [socache_shmcb:debug] [pid 2078742:tid 2078742] mod_socache_shmcb.c(863): AH00848: finished insert, subcache: idx_pos/idx_used=0/11, data_pos/data_used=0/2432
[Wed Aug 26 00:01:08.231806 2026] [socache_shmcb:debug] [pid 2078742:tid 2078742] mod_socache_shmcb.c(530): AH00834: leaving socache_shmcb_store successfully
[Wed Aug 26 00:01:08.231855 2026] [socache_shmcb:debug] [pid 2078742:tid 2078742] mod_socache_shmcb.c(508): AH00831: socache_shmcb_store (0x09 -> subcache 9)
[Wed Aug 26 00:01:08.231862 2026] [socache_shmcb:debug] [pid 2078742:tid 2078742] mod_socache_shmcb.c(860): AH00847: insert happened at idx=8, data=(1769:1801)
[Wed Aug 26 00:01:08.231864 2026] [socache_shmcb:debug] [pid 2078742:tid 2078742] mod_socache_shmcb.c(863): AH00848: finished insert, subcache: idx_pos/idx_used=0/9, data_pos/data_used=0/1983
[Wed Aug 26 00:01:08.231865 2026] [socache_shmcb:debug] [pid 2078742:tid 2078742] mod_socache_shmcb.c(530): AH00834: leaving socache_shmcb_store successfully
[Wed Aug 26 00:01:08.231981 2026] [ssl:debug] [pid 2078742:tid 2078742] ssl_engine_kernel.c(254): [client 54.85.109.140:48332] AH02034: Initial (No.1) HTTPS request received for child 14 (server 2blog.ilc.edu.tw:443)
[Wed Aug 26 00:01:08.244798 2026] [authz_core:debug] [pid 2078742:tid 2078742] mod_authz_core.c(815): [client 54.85.109.140:48332] AH01626: authorization result of Require all granted: granted
[Wed Aug 26 00:01:08.244816 2026] [authz_core:debug] [pid 2078742:tid 2078742] mod_authz_core.c(815): [client 54.85.109.140:48332] AH01626: authorization result of : granted
[Wed Aug 26 00:01:08.246266 2026] [ssl:debug] [pid 2078742:tid 2078742] ssl_engine_io.c(1150): [client 54.85.109.140:48332] AH02001: Connection closed to child 14 with standard shutdown (server 2blog.ilc.edu.tw:443)
[Wed Aug 26 00:01:08.989101 2026] [ssl:debug] [pid 2083231:tid 2083231] ssl_engine_io.c(1150): [client 66.249.84.101:38641] AH02001: Connection closed to child 9 with standard shutdown (server 2blog.ilc.edu.tw:443)
[Wed Aug 26 00:01:09.168203 2026] [ssl:info] [pid 2078778:tid 2078778] [client 34.10.180.98:30720] AH01964: Connection to child 0 established (server 2blog.ilc.edu.tw:443)
[Wed Aug 26 00:01:09.168368 2026] [ssl:debug] [pid 2078778:tid 2078778] ssl_engine_kernel.c(2222): [client 34.10.180.98:30720] AH02043: SSL virtual host for servername 2blog.ilc.edu.tw found
[Wed Aug 26 00:01:09.168426 2026] [core:debug] [pid 2078778:tid 2078778] protocol.c(2460): [client 34.10.180.98:30720] AH03155: select protocol from , choices=http/1.1 for server 2blog.ilc.edu.tw
[Wed Aug 26 00:01:09.168797 2026] [ssl:debug] [pid 2082035:tid 2082035] ssl_engine_io.c(1150): [client 34.10.180.98:9728] AH02001: Connection closed to child 16 with standard shutdown (server 2blog.ilc.edu.tw:443)
[Wed Aug 26 00:01:09.393089 2026] [ssl:debug] [pid 2078778:tid 2078778] ssl_engine_kernel.c(2082): [client 34.10.180.98:30720] AH02041: Protocol: TLSv1.3, Cipher: TLS_AES_256_GCM_SHA384 (256/256 bits)
[Wed Aug 26 00:01:09.393174 2026] [socache_shmcb:debug] [pid 2078778:tid 2078778] mod_socache_shmcb.c(508): AH00831: socache_shmcb_store (0x89 -> subcache 9)
[Wed Aug 26 00:01:09.393193 2026] [socache_shmcb:debug] [pid 2078778:tid 2078778] mod_socache_shmcb.c(860): AH00847: insert happened at idx=9, data=(1983:2015)
[Wed Aug 26 00:01:09.393196 2026] [socache_shmcb:debug] [pid 2078778:tid 2078778] mod_socache_shmcb.c(863): AH00848: finished insert, subcache: idx_pos/idx_used=0/10, data_pos/data_used=0/2208
[Wed Aug 26 00:01:09.393199 2026] [socache_shmcb:debug] [pid 2078778:tid 2078778] mod_socache_shmcb.c(530): AH00834: leaving socache_shmcb_store successfully
[Wed Aug 26 00:01:09.393279 2026] [socache_shmcb:debug] [pid 2078778:tid 2078778] mod_socache_shmcb.c(508): AH00831: socache_shmcb_store (0xf9 -> subcache 25)
[Wed Aug 26 00:01:09.393283 2026] [socache_shmcb:debug] [pid 2078778:tid 2078778] mod_socache_shmcb.c(860): AH00847: insert happened at idx=5, data=(1096:1128)
[Wed Aug 26 00:01:09.393285 2026] [socache_shmcb:debug] [pid 2078778:tid 2078778] mod_socache_shmcb.c(863): AH00848: finished insert, subcache: idx_pos/idx_used=0/6, data_pos/data_used=0/1322
[Wed Aug 26 00:01:09.393287 2026] [socache_shmcb:debug] [pid 2078778:tid 2078778] mod_socache_shmcb.c(530): AH00834: leaving socache_shmcb_store successfully
[Wed Aug 26 00:01:09.471813 2026] [ssl:debug] [pid 2078778:tid 2078778] ssl_engine_kernel.c(254): [client 34.10.180.98:30720] AH02034: Initial (No.1) HTTPS request received for child 0 (server 2blog.ilc.edu.tw:443)
[Wed Aug 26 00:01:09.472052 2026] [authz_core:debug] [pid 2078778:tid 2078778] mod_authz_core.c(815): [client 34.10.180.98:30720] AH01626: authorization result of Require all granted: granted
[Wed Aug 26 00:01:09.472062 2026] [authz_core:debug] [pid 2078778:tid 2078778] mod_authz_core.c(815): [client 34.10.180.98:30720] AH01626: authorization result of : granted
[Wed Aug 26 00:01:09.472328 2026] [authz_core:debug] [pid 2078778:tid 2078778] mod_authz_core.c(815): [client 34.10.180.98:30720] AH01626: authorization result of Require all granted: granted
[Wed Aug 26 00:01:09.472334 2026] [authz_core:debug] [pid 2078778:tid 2078778] mod_authz_core.c(815): [client 34.10.180.98:30720] AH01626: authorization result of : granted
[Wed Aug 26 00:01:10.195605 2026] [headers:debug] [pid 2083226:tid 2083226] mod_headers.c(900): AH01503: headers: ap_headers_error_filter()
[Wed Aug 26 00:01:10.455391 2026] [ssl:info] [pid 2082603:tid 2082603] [client 66.249.82.65:48893] AH01964: Connection to child 19 established (server 2blog.ilc.edu.tw:443)
[Wed Aug 26 00:01:10.455700 2026] [ssl:debug] [pid 2082603:tid 2082603] ssl_engine_kernel.c(2222): [client 66.249.82.65:48893] AH02043: SSL virtual host for servername www.kfps.ilc.edu.tw found
[Wed Aug 26 00:01:10.455830 2026] [ssl:debug] [pid 2082603:tid 2082603] ssl_util_stapling.c(819): AH01951: stapling_cb: OCSP Stapling callback called
[Wed Aug 26 00:01:10.455841 2026] [ssl:info] [pid 2082603:tid 2082603] AH01926: stapling_get_certinfo: stapling not supported for certificate
[Wed Aug 26 00:01:10.465215 2026] [ssl:debug] [pid 2082603:tid 2082603] ssl_engine_kernel.c(2082): [client 66.249.82.65:48893] AH02041: Protocol: TLSv1.3, Cipher: TLS_AES_256_GCM_SHA384 (256/256 bits)
[Wed Aug 26 00:01:10.465284 2026] [socache_shmcb:debug] [pid 2082603:tid 2082603] mod_socache_shmcb.c(508): AH00831: socache_shmcb_store (0x1e -> subcache 30)
[Wed Aug 26 00:01:10.465303 2026] [socache_shmcb:debug] [pid 2082603:tid 2082603] mod_socache_shmcb.c(860): AH00847: insert happened at idx=8, data=(1782:1814)
[Wed Aug 26 00:01:10.465307 2026] [socache_shmcb:debug] [pid 2082603:tid 2082603] mod_socache_shmcb.c(863): AH00848: finished insert, subcache: idx_pos/idx_used=0/9, data_pos/data_used=0/1998
[Wed Aug 26 00:01:10.465310 2026] [socache_shmcb:debug] [pid 2082603:tid 2082603] mod_socache_shmcb.c(530): AH00834: leaving socache_shmcb_store successfully
[Wed Aug 26 00:01:10.465412 2026] [socache_shmcb:debug] [pid 2082603:tid 2082603] mod_socache_shmcb.c(508): AH00831: socache_shmcb_store (0x3c -> subcache 28)
[Wed Aug 26 00:01:10.465425 2026] [socache_shmcb:debug] [pid 2082603:tid 2082603] mod_socache_shmcb.c(860): AH00847: insert happened at idx=6, data=(1334:1366)
[Wed Aug 26 00:01:10.465427 2026] [socache_shmcb:debug] [pid 2082603:tid 2082603] mod_socache_shmcb.c(863): AH00848: finished insert, subcache: idx_pos/idx_used=0/7, data_pos/data_used=0/1551
[Wed Aug 26 00:01:10.465430 2026] [socache_shmcb:debug] [pid 2082603:tid 2082603] mod_socache_shmcb.c(530): AH00834: leaving socache_shmcb_store successfully
[Wed Aug 26 00:01:10.465603 2026] [ssl:debug] [pid 2082603:tid 2082603] ssl_engine_kernel.c(254): [client 66.249.82.65:48893] AH02034: Initial (No.1) HTTPS request received for child 19 (server www.kfps.ilc.edu.tw:443)
[Wed Aug 26 00:01:10.466185 2026] [authz_core:debug] [pid 2082603:tid 2082603] mod_authz_core.c(815): [client 66.249.82.65:48893] AH01626: authorization result of Require all granted: granted
[Wed Aug 26 00:01:10.466196 2026] [authz_core:debug] [pid 2082603:tid 2082603] mod_authz_core.c(815): [client 66.249.82.65:48893] AH01626: authorization result of : granted
[Wed Aug 26 00:01:10.466499 2026] [authz_core:debug] [pid 2082603:tid 2082603] mod_authz_core.c(815): [client 66.249.82.65:48893] AH01626: authorization result of Require all granted: granted
[Wed Aug 26 00:01:10.466508 2026] [authz_core:debug] [pid 2082603:tid 2082603] mod_authz_core.c(815): [client 66.249.82.65:48893] AH01626: authorization result of : granted
[Wed Aug 26 00:01:10.487327 2026] [ssl:info] [pid 2078781:tid 2078781] [client 66.249.71.37:61826] AH01964: Connection to child 1 established (server 2blog.ilc.edu.tw:443)
[Wed Aug 26 00:01:10.487504 2026] [ssl:debug] [pid 2078781:tid 2078781] ssl_engine_kernel.c(2222): [client 66.249.71.37:61826] AH02043: SSL virtual host for servername 2blog.ilc.edu.tw found
[Wed Aug 26 00:01:10.487629 2026] [ssl:debug] [pid 2078781:tid 2078781] ssl_util_stapling.c(819): AH01951: stapling_cb: OCSP Stapling callback called
[Wed Aug 26 00:01:10.487638 2026] [ssl:info] [pid 2078781:tid 2078781] AH01926: stapling_get_certinfo: stapling not supported for certificate
[Wed Aug 26 00:01:10.495448 2026] [ssl:debug] [pid 2078781:tid 2078781] ssl_engine_kernel.c(2082): [client 66.249.71.37:61826] AH02041: Protocol: TLSv1.3, Cipher: TLS_AES_256_GCM_SHA384 (256/256 bits)
[Wed Aug 26 00:01:10.495498 2026] [socache_shmcb:debug] [pid 2078781:tid 2078781] mod_socache_shmcb.c(508): AH00831: socache_shmcb_store (0x4f -> subcache 15)
[Wed Aug 26 00:01:10.495503 2026] [socache_shmcb:debug] [pid 2078781:tid 2078781] mod_socache_shmcb.c(860): AH00847: insert happened at idx=3, data=(631:663)
[Wed Aug 26 00:01:10.495505 2026] [socache_shmcb:debug] [pid 2078781:tid 2078781] mod_socache_shmcb.c(863): AH00848: finished insert, subcache: idx_pos/idx_used=0/4, data_pos/data_used=0/845
[Wed Aug 26 00:01:10.495507 2026] [socache_shmcb:debug] [pid 2078781:tid 2078781] mod_socache_shmcb.c(530): AH00834: leaving socache_shmcb_store successfully
[Wed Aug 26 00:01:10.495559 2026] [socache_shmcb:debug] [pid 2078781:tid 2078781] mod_socache_shmcb.c(508): AH00831: socache_shmcb_store (0xe6 -> subcache 6)
[Wed Aug 26 00:01:10.495563 2026] [socache_shmcb:debug] [pid 2078781:tid 2078781] mod_socache_shmcb.c(860): AH00847: insert happened at idx=9, data=(2016:2048)
[Wed Aug 26 00:01:10.495565 2026] [socache_shmcb:debug] [pid 2078781:tid 2078781] mod_socache_shmcb.c(863): AH00848: finished insert, subcache: idx_pos/idx_used=0/10, data_pos/data_used=0/2230
[Wed Aug 26 00:01:10.495566 2026] [socache_shmcb:debug] [pid 2078781:tid 2078781] mod_socache_shmcb.c(530): AH00834: leaving socache_shmcb_store successfully
[Wed Aug 26 00:01:10.495683 2026] [ssl:debug] [pid 2078781:tid 2078781] ssl_engine_kernel.c(254): [client 66.249.71.37:61826] AH02034: Initial (No.1) HTTPS request received for child 1 (server 2blog.ilc.edu.tw:443)
[Wed Aug 26 00:01:10.503996 2026] [authz_core:debug] [pid 2078781:tid 2078781] mod_authz_core.c(815): [client 66.249.71.37:61826] AH01626: authorization result of Require all granted: granted
[Wed Aug 26 00:01:10.504014 2026] [authz_core:debug] [pid 2078781:tid 2078781] mod_authz_core.c(815): [client 66.249.71.37:61826] AH01626: authorization result of : granted
[Wed Aug 26 00:01:10.528487 2026] [ssl:info] [pid 2083230:tid 2083230] [client 2001:4860:7:510::f0:36780] AH01964: Connection to child 8 established (server 2blog.ilc.edu.tw:443)
[Wed Aug 26 00:01:10.528807 2026] [ssl:debug] [pid 2083230:tid 2083230] ssl_engine_kernel.c(2222): [client 2001:4860:7:510::f0:36780] AH02043: SSL virtual host for servername www.kfps.ilc.edu.tw found
[Wed Aug 26 00:01:10.528877 2026] [core:debug] [pid 2083230:tid 2083230] protocol.c(2460): [client 2001:4860:7:510::f0:36780] AH03155: select protocol from , choices=h2,http/1.1 for server www.kfps.ilc.edu.tw
[Wed Aug 26 00:01:10.528921 2026] [ssl:debug] [pid 2083230:tid 2083230] ssl_util_stapling.c(819): AH01951: stapling_cb: OCSP Stapling callback called
[Wed Aug 26 00:01:10.528927 2026] [ssl:info] [pid 2083230:tid 2083230] AH01926: stapling_get_certinfo: stapling not supported for certificate
[Wed Aug 26 00:01:10.544132 2026] [ssl:info] [pid 2079930:tid 2079930] [client 140.111.67.10:39957] AH01964: Connection to child 12 established (server 2blog.ilc.edu.tw:443)
[Wed Aug 26 00:01:10.544322 2026] [ssl:info] [pid 2079930:tid 2079930] (70014)End of file found: [client 140.111.67.10:39957] AH02006: SSL handshake stopped: connection was closed
[Wed Aug 26 00:01:10.544336 2026] [ssl:info] [pid 2079930:tid 2079930] [client 140.111.67.10:39957] AH01998: Connection closed to child 12 with abortive shutdown (server 2blog.ilc.edu.tw:443)
[Wed Aug 26 00:01:10.565273 2026] [ssl:debug] [pid 2083230:tid 2083230] ssl_engine_kernel.c(2082): [client 2001:4860:7:510::f0:36780] AH02041: Protocol: TLSv1.3, Cipher: TLS_AES_256_GCM_SHA384 (256/256 bits)
[Wed Aug 26 00:01:10.565343 2026] [socache_shmcb:debug] [pid 2083230:tid 2083230] mod_socache_shmcb.c(508): AH00831: socache_shmcb_store (0x3e -> subcache 30)
[Wed Aug 26 00:01:10.565362 2026] [socache_shmcb:debug] [pid 2083230:tid 2083230] mod_socache_shmcb.c(860): AH00847: insert happened at idx=9, data=(1998:2030)
[Wed Aug 26 00:01:10.565366 2026] [socache_shmcb:debug] [pid 2083230:tid 2083230] mod_socache_shmcb.c(863): AH00848: finished insert, subcache: idx_pos/idx_used=0/10, data_pos/data_used=0/2227
[Wed Aug 26 00:01:10.565369 2026] [socache_shmcb:debug] [pid 2083230:tid 2083230] mod_socache_shmcb.c(530): AH00834: leaving socache_shmcb_store successfully
[Wed Aug 26 00:01:10.565458 2026] [socache_shmcb:debug] [pid 2083230:tid 2083230] mod_socache_shmcb.c(508): AH00831: socache_shmcb_store (0x92 -> subcache 18)
[Wed Aug 26 00:01:10.565465 2026] [socache_shmcb:debug] [pid 2083230:tid 2083230] mod_socache_shmcb.c(860): AH00847: insert happened at idx=9, data=(1981:2013)
[Wed Aug 26 00:01:10.565468 2026] [socache_shmcb:debug] [pid 2083230:tid 2083230] mod_socache_shmcb.c(863): AH00848: finished insert, subcache: idx_pos/idx_used=0/10, data_pos/data_used=0/2209
[Wed Aug 26 00:01:10.565471 2026] [socache_shmcb:debug] [pid 2083230:tid 2083230] mod_socache_shmcb.c(530): AH00834: leaving socache_shmcb_store successfully
[Wed Aug 26 00:01:10.569144 2026] [ssl:debug] [pid 2083230:tid 2083230] ssl_engine_kernel.c(254): [client 2001:4860:7:510::f0:36780] AH02034: Initial (No.1) HTTPS request received for child 8 (server www.kfps.ilc.edu.tw:443), referer: https://www.google.com/
[Wed Aug 26 00:01:10.569330 2026] [authz_core:debug] [pid 2083230:tid 2083230] mod_authz_core.c(815): [client 2001:4860:7:510::f0:36780] AH01626: authorization result of Require all granted: granted, referer: https://www.google.com/
[Wed Aug 26 00:01:10.569336 2026] [authz_core:debug] [pid 2083230:tid 2083230] mod_authz_core.c(815): [client 2001:4860:7:510::f0:36780] AH01626: authorization result of : granted, referer: https://www.google.com/
[Wed Aug 26 00:01:10.569480 2026] [authz_core:debug] [pid 2083230:tid 2083230] mod_authz_core.c(815): [client 2001:4860:7:510::f0:36780] AH01626: authorization result of Require all granted: granted, referer: https://www.google.com/
[Wed Aug 26 00:01:10.569492 2026] [authz_core:debug] [pid 2083230:tid 2083230] mod_authz_core.c(815): [client 2001:4860:7:510::f0:36780] AH01626: authorization result of : granted, referer: https://www.google.com/
[Wed Aug 26 00:01:10.586077 2026] [deflate:debug] [pid 2083230:tid 2083230] mod_deflate.c(909): [client 2001:4860:7:510::f0:36780] AH01384: Zlib: Compressed 71498 to 14544 : URL /index.php, referer: https://www.google.com/
[Wed Aug 26 00:01:10.611864 2026] [ssl:info] [pid 2083230:tid 2083230] (70014)End of file found: [client 2001:4860:7:510::f0:36780] AH01992: SSL library error 6 reading data
[Wed Aug 26 00:01:10.611941 2026] [ssl:debug] [pid 2083230:tid 2083230] ssl_engine_io.c(1150): [client 2001:4860:7:510::f0:36780] AH02001: Connection closed to child 8 with standard shutdown (server www.kfps.ilc.edu.tw:443)
[Wed Aug 26 00:01:10.919022 2026] [ssl:info] [pid 2083229:tid 2083229] [client 34.10.180.98:48641] AH01964: Connection to child 7 established (server 2blog.ilc.edu.tw:443)
[Wed Aug 26 00:01:10.919214 2026] [ssl:debug] [pid 2083229:tid 2083229] ssl_engine_kernel.c(2222): [client 34.10.180.98:48641] AH02043: SSL virtual host for servername 2blog.ilc.edu.tw found
[Wed Aug 26 00:01:10.919281 2026] [core:debug] [pid 2083229:tid 2083229] protocol.c(2460): [client 34.10.180.98:48641] AH03155: select protocol from , choices=http/1.1 for server 2blog.ilc.edu.tw
[Wed Aug 26 00:01:10.938480 2026] [ssl:info] [pid 2079139:tid 2079139] [client 49.158.154.204:19091] AH01964: Connection to child 4 established (server 2blog.ilc.edu.tw:443)
[Wed Aug 26 00:01:10.938677 2026] [ssl:debug] [pid 2079139:tid 2079139] ssl_engine_kernel.c(2222): [client 49.158.154.204:19091] AH02043: SSL virtual host for servername www.kfps.ilc.edu.tw found
[Wed Aug 26 00:01:10.938774 2026] [ssl:debug] [pid 2079139:tid 2079139] ssl_util_stapling.c(819): AH01951: stapling_cb: OCSP Stapling callback called
[Wed Aug 26 00:01:10.938783 2026] [ssl:info] [pid 2079139:tid 2079139] AH01926: stapling_get_certinfo: stapling not supported for certificate
[Wed Aug 26 00:01:10.941652 2026] [ssl:info] [pid 2078742:tid 2078742] [client 49.158.154.204:18642] AH01964: Connection to child 14 established (server 2blog.ilc.edu.tw:443)
[Wed Aug 26 00:01:10.941684 2026] [ssl:debug] [pid 2079139:tid 2079139] ssl_engine_kernel.c(2082): [client 49.158.154.204:19091] AH02041: Protocol: TLSv1.3, Cipher: TLS_AES_256_GCM_SHA384 (256/256 bits)
[Wed Aug 26 00:01:10.941726 2026] [socache_shmcb:debug] [pid 2079139:tid 2079139] mod_socache_shmcb.c(508): AH00831: socache_shmcb_store (0x9a -> subcache 26)
[Wed Aug 26 00:01:10.941733 2026] [socache_shmcb:debug] [pid 2079139:tid 2079139] mod_socache_shmcb.c(860): AH00847: insert happened at idx=9, data=(2033:2065)
[Wed Aug 26 00:01:10.941736 2026] [socache_shmcb:debug] [pid 2079139:tid 2079139] mod_socache_shmcb.c(863): AH00848: finished insert, subcache: idx_pos/idx_used=0/10, data_pos/data_used=0/2250
[Wed Aug 26 00:01:10.941739 2026] [socache_shmcb:debug] [pid 2079139:tid 2079139] mod_socache_shmcb.c(530): AH00834: leaving socache_shmcb_store successfully
[Wed Aug 26 00:01:10.941830 2026] [socache_shmcb:debug] [pid 2079139:tid 2079139] mod_socache_shmcb.c(508): AH00831: socache_shmcb_store (0x21 -> subcache 1)
[Wed Aug 26 00:01:10.941839 2026] [socache_shmcb:debug] [pid 2079139:tid 2079139] mod_socache_shmcb.c(860): AH00847: insert happened at idx=8, data=(1786:1818)
[Wed Aug 26 00:01:10.941842 2026] [socache_shmcb:debug] [pid 2079139:tid 2079139] mod_socache_shmcb.c(863): AH00848: finished insert, subcache: idx_pos/idx_used=0/9, data_pos/data_used=0/2003
[Wed Aug 26 00:01:10.941845 2026] [socache_shmcb:debug] [pid 2079139:tid 2079139] mod_socache_shmcb.c(530): AH00834: leaving socache_shmcb_store successfully
[Wed Aug 26 00:01:10.941854 2026] [ssl:debug] [pid 2078742:tid 2078742] ssl_engine_kernel.c(2222): [client 49.158.154.204:18642] AH02043: SSL virtual host for servername www.kfps.ilc.edu.tw found
[Wed Aug 26 00:01:10.941889 2026] [ssl:info] [pid 2083231:tid 2083231] [client 49.158.154.204:19008] AH01964: Connection to child 9 established (server 2blog.ilc.edu.tw:443)
[Wed Aug 26 00:01:10.941906 2026] [socache_shmcb:debug] [pid 2079139:tid 2079139] mod_socache_shmcb.c(570): AH00837: socache_shmcb_remove (0x21 -> subcache 1)
[Wed Aug 26 00:01:10.941912 2026] [socache_shmcb:debug] [pid 2079139:tid 2079139] mod_socache_shmcb.c(952): AH00852: possible match at idx=8, data=1786
[Wed Aug 26 00:01:10.941915 2026] [socache_shmcb:debug] [pid 2079139:tid 2079139] mod_socache_shmcb.c(957): AH00853: shmcb_subcache_remove removing matching entry
[Wed Aug 26 00:01:10.941918 2026] [socache_shmcb:debug] [pid 2079139:tid 2079139] mod_socache_shmcb.c(585): AH00839: leaving socache_shmcb_remove successfully
[Wed Aug 26 00:01:10.941925 2026] [core:debug] [pid 2078742:tid 2078742] protocol.c(2460): [client 49.158.154.204:18642] AH03155: select protocol from , choices=h2,http/1.1 for server www.kfps.ilc.edu.tw
[Wed Aug 26 00:01:10.941968 2026] [ssl:debug] [pid 2078742:tid 2078742] ssl_util_stapling.c(819): AH01951: stapling_cb: OCSP Stapling callback called
[Wed Aug 26 00:01:10.941975 2026] [ssl:info] [pid 2078742:tid 2078742] AH01926: stapling_get_certinfo: stapling not supported for certificate
[Wed Aug 26 00:01:10.942064 2026] [ssl:debug] [pid 2083231:tid 2083231] ssl_engine_kernel.c(2222): [client 49.158.154.204:19008] AH02043: SSL virtual host for servername www.kfps.ilc.edu.tw found
[Wed Aug 26 00:01:10.942122 2026] [core:debug] [pid 2083231:tid 2083231] protocol.c(2460): [client 49.158.154.204:19008] AH03155: select protocol from , choices=h2,http/1.1 for server www.kfps.ilc.edu.tw
[Wed Aug 26 00:01:10.942186 2026] [ssl:debug] [pid 2083231:tid 2083231] ssl_util_stapling.c(819): AH01951: stapling_cb: OCSP Stapling callback called
[Wed Aug 26 00:01:10.942195 2026] [ssl:info] [pid 2083231:tid 2083231] AH01926: stapling_get_certinfo: stapling not supported for certificate
[Wed Aug 26 00:01:10.970125 2026] [ssl:info] [pid 2082035:tid 2082035] [client 49.158.154.204:20772] AH01964: Connection to child 16 established (server 2blog.ilc.edu.tw:443)
[Wed Aug 26 00:01:10.970306 2026] [ssl:debug] [pid 2082035:tid 2082035] ssl_engine_kernel.c(2222): [client 49.158.154.204:20772] AH02043: SSL virtual host for servername www.kfps.ilc.edu.tw found
[Wed Aug 26 00:01:10.970361 2026] [core:debug] [pid 2082035:tid 2082035] protocol.c(2460): [client 49.158.154.204:20772] AH03155: select protocol from , choices=h2,http/1.1 for server www.kfps.ilc.edu.tw
[Wed Aug 26 00:01:10.970398 2026] [ssl:debug] [pid 2082035:tid 2082035] ssl_util_stapling.c(819): AH01951: stapling_cb: OCSP Stapling callback called
[Wed Aug 26 00:01:10.970403 2026] [ssl:info] [pid 2082035:tid 2082035] AH01926: stapling_get_certinfo: stapling not supported for certificate
[Wed Aug 26 00:01:10.984246 2026] [ssl:debug] [pid 2078742:tid 2078742] ssl_engine_kernel.c(2082): [client 49.158.154.204:18642] AH02041: Protocol: TLSv1.3, Cipher: TLS_AES_256_GCM_SHA384 (256/256 bits)
[Wed Aug 26 00:01:10.984274 2026] [ssl:debug] [pid 2083231:tid 2083231] ssl_engine_kernel.c(2082): [client 49.158.154.204:19008] AH02041: Protocol: TLSv1.3, Cipher: TLS_AES_256_GCM_SHA384 (256/256 bits)
[Wed Aug 26 00:01:10.984297 2026] [socache_shmcb:debug] [pid 2078742:tid 2078742] mod_socache_shmcb.c(508): AH00831: socache_shmcb_store (0x60 -> subcache 0)
[Wed Aug 26 00:01:10.984301 2026] [socache_shmcb:debug] [pid 2078742:tid 2078742] mod_socache_shmcb.c(860): AH00847: insert happened at idx=5, data=(1117:1149)
[Wed Aug 26 00:01:10.984303 2026] [socache_shmcb:debug] [pid 2078742:tid 2078742] mod_socache_shmcb.c(863): AH00848: finished insert, subcache: idx_pos/idx_used=0/6, data_pos/data_used=0/1346
[Wed Aug 26 00:01:10.984305 2026] [socache_shmcb:debug] [pid 2078742:tid 2078742] mod_socache_shmcb.c(530): AH00834: leaving socache_shmcb_store successfully
[Wed Aug 26 00:01:10.984321 2026] [socache_shmcb:debug] [pid 2083231:tid 2083231] mod_socache_shmcb.c(508): AH00831: socache_shmcb_store (0xa6 -> subcache 6)
[Wed Aug 26 00:01:10.984336 2026] [socache_shmcb:debug] [pid 2083231:tid 2083231] mod_socache_shmcb.c(860): AH00847: insert happened at idx=10, data=(2230:2262)
[Wed Aug 26 00:01:10.984338 2026] [socache_shmcb:debug] [pid 2083231:tid 2083231] mod_socache_shmcb.c(863): AH00848: finished insert, subcache: idx_pos/idx_used=0/11, data_pos/data_used=0/2458
[Wed Aug 26 00:01:10.984341 2026] [socache_shmcb:debug] [pid 2083231:tid 2083231] mod_socache_shmcb.c(530): AH00834: leaving socache_shmcb_store successfully
[Wed Aug 26 00:01:10.984357 2026] [socache_shmcb:debug] [pid 2078742:tid 2078742] mod_socache_shmcb.c(508): AH00831: socache_shmcb_store (0x64 -> subcache 4)
[Wed Aug 26 00:01:10.984363 2026] [socache_shmcb:debug] [pid 2078742:tid 2078742] mod_socache_shmcb.c(860): AH00847: insert happened at idx=10, data=(2164:2196)
[Wed Aug 26 00:01:10.984366 2026] [socache_shmcb:debug] [pid 2078742:tid 2078742] mod_socache_shmcb.c(863): AH00848: finished insert, subcache: idx_pos/idx_used=0/11, data_pos/data_used=0/2393
[Wed Aug 26 00:01:10.984368 2026] [socache_shmcb:debug] [pid 2078742:tid 2078742] mod_socache_shmcb.c(530): AH00834: leaving socache_shmcb_store successfully
[Wed Aug 26 00:01:10.984380 2026] [socache_shmcb:debug] [pid 2083231:tid 2083231] mod_socache_shmcb.c(508): AH00831: socache_shmcb_store (0x32 -> subcache 18)
[Wed Aug 26 00:01:10.984384 2026] [socache_shmcb:debug] [pid 2083231:tid 2083231] mod_socache_shmcb.c(860): AH00847: insert happened at idx=10, data=(2209:2241)
[Wed Aug 26 00:01:10.984386 2026] [socache_shmcb:debug] [pid 2083231:tid 2083231] mod_socache_shmcb.c(863): AH00848: finished insert, subcache: idx_pos/idx_used=0/11, data_pos/data_used=0/2437
[Wed Aug 26 00:01:10.984388 2026] [socache_shmcb:debug] [pid 2083231:tid 2083231] mod_socache_shmcb.c(530): AH00834: leaving socache_shmcb_store successfully
[Wed Aug 26 00:01:10.984486 2026] [ssl:debug] [pid 2078742:tid 2078742] ssl_engine_kernel.c(254): [client 49.158.154.204:18642] AH02034: Initial (No.1) HTTPS request received for child 14 (server www.kfps.ilc.edu.tw:443), referer: https://www.kfps.ilc.edu.tw/
[Wed Aug 26 00:01:10.984502 2026] [ssl:debug] [pid 2083231:tid 2083231] ssl_engine_kernel.c(254): [client 49.158.154.204:19008] AH02034: Initial (No.1) HTTPS request received for child 9 (server www.kfps.ilc.edu.tw:443), referer: https://www.kfps.ilc.edu.tw/
[Wed Aug 26 00:01:10.985456 2026] [authz_core:debug] [pid 2083231:tid 2083231] mod_authz_core.c(815): [client 49.158.154.204:19008] AH01626: authorization result of Require all granted: granted, referer: https://www.kfps.ilc.edu.tw/
[Wed Aug 26 00:01:10.985475 2026] [authz_core:debug] [pid 2083231:tid 2083231] mod_authz_core.c(815): [client 49.158.154.204:19008] AH01626: authorization result of : granted, referer: https://www.kfps.ilc.edu.tw/
[Wed Aug 26 00:01:10.985512 2026] [authz_core:debug] [pid 2078742:tid 2078742] mod_authz_core.c(815): [client 49.158.154.204:18642] AH01626: authorization result of Require all granted: granted, referer: https://www.kfps.ilc.edu.tw/
[Wed Aug 26 00:01:10.985521 2026] [authz_core:debug] [pid 2078742:tid 2078742] mod_authz_core.c(815): [client 49.158.154.204:18642] AH01626: authorization result of : granted, referer: https://www.kfps.ilc.edu.tw/
[Wed Aug 26 00:01:10.988630 2026] [ssl:info] [pid 2083226:tid 2083226] [client 49.158.154.204:18972] AH01964: Connection to child 5 established (server 2blog.ilc.edu.tw:443)
[Wed Aug 26 00:01:10.988924 2026] [ssl:debug] [pid 2083226:tid 2083226] ssl_engine_kernel.c(2222): [client 49.158.154.204:18972] AH02043: SSL virtual host for servername www.kfps.ilc.edu.tw found
[Wed Aug 26 00:01:10.989023 2026] [core:debug] [pid 2083226:tid 2083226] protocol.c(2460): [client 49.158.154.204:18972] AH03155: select protocol from , choices=h2,http/1.1 for server www.kfps.ilc.edu.tw
[Wed Aug 26 00:01:10.989069 2026] [ssl:info] [pid 2079930:tid 2079930] [client 49.158.154.204:18544] AH01964: Connection to child 12 established (server 2blog.ilc.edu.tw:443)
[Wed Aug 26 00:01:10.989114 2026] [ssl:debug] [pid 2083226:tid 2083226] ssl_util_stapling.c(819): AH01951: stapling_cb: OCSP Stapling callback called
[Wed Aug 26 00:01:10.989124 2026] [ssl:info] [pid 2083226:tid 2083226] AH01926: stapling_get_certinfo: stapling not supported for certificate
[Wed Aug 26 00:01:10.989224 2026] [ssl:debug] [pid 2079930:tid 2079930] ssl_engine_kernel.c(2222): [client 49.158.154.204:18544] AH02043: SSL virtual host for servername www.kfps.ilc.edu.tw found
[Wed Aug 26 00:01:10.989285 2026] [core:debug] [pid 2079930:tid 2079930] protocol.c(2460): [client 49.158.154.204:18544] AH03155: select protocol from , choices=h2,http/1.1 for server www.kfps.ilc.edu.tw
[Wed Aug 26 00:01:10.989323 2026] [ssl:debug] [pid 2079930:tid 2079930] ssl_util_stapling.c(819): AH01951: stapling_cb: OCSP Stapling callback called
[Wed Aug 26 00:01:10.989329 2026] [ssl:info] [pid 2079930:tid 2079930] AH01926: stapling_get_certinfo: stapling not supported for certificate
[Wed Aug 26 00:01:10.989855 2026] [deflate:debug] [pid 2083231:tid 2083231] mod_deflate.c(909): [client 49.158.154.204:19008] AH01384: Zlib: Compressed 101296 to 34527 : URL /wp-content/cache/www.kfps.ilc.edu.tw/wpfc-minified/7kbdfhho/6wlp.js, referer: https://www.kfps.ilc.edu.tw/
[Wed Aug 26 00:01:10.993022 2026] [ssl:info] [pid 2083230:tid 2083230] [client 49.158.154.204:18142] AH01964: Connection to child 8 established (server 2blog.ilc.edu.tw:443)
[Wed Aug 26 00:01:10.993184 2026] [ssl:debug] [pid 2083230:tid 2083230] ssl_engine_kernel.c(2222): [client 49.158.154.204:18142] AH02043: SSL virtual host for servername www.kfps.ilc.edu.tw found
[Wed Aug 26 00:01:10.993227 2026] [core:debug] [pid 2083230:tid 2083230] protocol.c(2460): [client 49.158.154.204:18142] AH03155: select protocol from , choices=h2,http/1.1 for server www.kfps.ilc.edu.tw
[Wed Aug 26 00:01:10.993256 2026] [ssl:debug] [pid 2083230:tid 2083230] ssl_util_stapling.c(819): AH01951: stapling_cb: OCSP Stapling callback called
[Wed Aug 26 00:01:10.993260 2026] [ssl:info] [pid 2083230:tid 2083230] AH01926: stapling_get_certinfo: stapling not supported for certificate
[Wed Aug 26 00:01:10.993479 2026] [ssl:debug] [pid 2082035:tid 2082035] ssl_engine_kernel.c(2082): [client 49.158.154.204:20772] AH02041: Protocol: TLSv1.3, Cipher: TLS_AES_256_GCM_SHA384 (256/256 bits)
[Wed Aug 26 00:01:10.993534 2026] [socache_shmcb:debug] [pid 2082035:tid 2082035] mod_socache_shmcb.c(508): AH00831: socache_shmcb_store (0xa8 -> subcache 8)
[Wed Aug 26 00:01:10.993548 2026] [socache_shmcb:debug] [pid 2082035:tid 2082035] mod_socache_shmcb.c(860): AH00847: insert happened at idx=5, data=(1102:1134)
[Wed Aug 26 00:01:10.993551 2026] [socache_shmcb:debug] [pid 2082035:tid 2082035] mod_socache_shmcb.c(863): AH00848: finished insert, subcache: idx_pos/idx_used=0/6, data_pos/data_used=0/1330
[Wed Aug 26 00:01:10.993554 2026] [socache_shmcb:debug] [pid 2082035:tid 2082035] mod_socache_shmcb.c(530): AH00834: leaving socache_shmcb_store successfully
[Wed Aug 26 00:01:10.993611 2026] [socache_shmcb:debug] [pid 2082035:tid 2082035] mod_socache_shmcb.c(508): AH00831: socache_shmcb_store (0xfd -> subcache 29)
[Wed Aug 26 00:01:10.993619 2026] [socache_shmcb:debug] [pid 2082035:tid 2082035] mod_socache_shmcb.c(860): AH00847: insert happened at idx=9, data=(2003:2035)
[Wed Aug 26 00:01:10.993622 2026] [socache_shmcb:debug] [pid 2082035:tid 2082035] mod_socache_shmcb.c(863): AH00848: finished insert, subcache: idx_pos/idx_used=0/10, data_pos/data_used=0/2231
[Wed Aug 26 00:01:10.993625 2026] [socache_shmcb:debug] [pid 2082035:tid 2082035] mod_socache_shmcb.c(530): AH00834: leaving socache_shmcb_store successfully
[Wed Aug 26 00:01:10.993753 2026] [ssl:debug] [pid 2082035:tid 2082035] ssl_engine_kernel.c(254): [client 49.158.154.204:20772] AH02034: Initial (No.1) HTTPS request received for child 16 (server www.kfps.ilc.edu.tw:443), referer: https://www.kfps.ilc.edu.tw/
[Wed Aug 26 00:01:10.994326 2026] [authz_core:debug] [pid 2082035:tid 2082035] mod_authz_core.c(815): [client 49.158.154.204:20772] AH01626: authorization result of Require all granted: granted, referer: https://www.kfps.ilc.edu.tw/
[Wed Aug 26 00:01:10.994345 2026] [authz_core:debug] [pid 2082035:tid 2082035] mod_authz_core.c(815): [client 49.158.154.204:20772] AH01626: authorization result of : granted, referer: https://www.kfps.ilc.edu.tw/
[Wed Aug 26 00:01:10.999155 2026] [deflate:debug] [pid 2078742:tid 2078742] mod_deflate.c(909): [client 49.158.154.204:18642] AH01384: Zlib: Compressed 352374 to 60215 : URL /wp-content/cache/www.kfps.ilc.edu.tw/wpfc-minified/6mqw62g3/6wlp.css, referer: https://www.kfps.ilc.edu.tw/
[Wed Aug 26 00:01:11.063426 2026] [ssl:debug] [pid 2079930:tid 2079930] ssl_engine_kernel.c(2082): [client 49.158.154.204:18544] AH02041: Protocol: TLSv1.3, Cipher: TLS_AES_256_GCM_SHA384 (256/256 bits)
[Wed Aug 26 00:01:11.063773 2026] [ssl:debug] [pid 2083226:tid 2083226] ssl_engine_kernel.c(2082): [client 49.158.154.204:18972] AH02041: Protocol: TLSv1.3, Cipher: TLS_AES_256_GCM_SHA384 (256/256 bits)
[Wed Aug 26 00:01:11.066111 2026] [socache_shmcb:debug] [pid 2079930:tid 2079930] mod_socache_shmcb.c(508): AH00831: socache_shmcb_store (0x64 -> subcache 4)
[Wed Aug 26 00:01:11.066139 2026] [socache_shmcb:debug] [pid 2079930:tid 2079930] mod_socache_shmcb.c(860): AH00847: insert happened at idx=11, data=(2393:2425)
[Wed Aug 26 00:01:11.066143 2026] [socache_shmcb:debug] [pid 2079930:tid 2079930] mod_socache_shmcb.c(863): AH00848: finished insert, subcache: idx_pos/idx_used=0/12, data_pos/data_used=0/2622
[Wed Aug 26 00:01:11.066146 2026] [socache_shmcb:debug] [pid 2079930:tid 2079930] mod_socache_shmcb.c(530): AH00834: leaving socache_shmcb_store successfully
[Wed Aug 26 00:01:11.066157 2026] [socache_shmcb:debug] [pid 2083226:tid 2083226] mod_socache_shmcb.c(508): AH00831: socache_shmcb_store (0xb1 -> subcache 17)
[Wed Aug 26 00:01:11.066166 2026] [socache_shmcb:debug] [pid 2083226:tid 2083226] mod_socache_shmcb.c(860): AH00847: insert happened at idx=10, data=(2225:2257)
[Wed Aug 26 00:01:11.066168 2026] [socache_shmcb:debug] [pid 2083226:tid 2083226] mod_socache_shmcb.c(863): AH00848: finished insert, subcache: idx_pos/idx_used=0/11, data_pos/data_used=0/2453
[Wed Aug 26 00:01:11.066171 2026] [socache_shmcb:debug] [pid 2083226:tid 2083226] mod_socache_shmcb.c(530): AH00834: leaving socache_shmcb_store successfully
[Wed Aug 26 00:01:11.066228 2026] [socache_shmcb:debug] [pid 2083226:tid 2083226] mod_socache_shmcb.c(508): AH00831: socache_shmcb_store (0x23 -> subcache 3)
[Wed Aug 26 00:01:11.066233 2026] [socache_shmcb:debug] [pid 2083226:tid 2083226] mod_socache_shmcb.c(860): AH00847: insert happened at idx=6, data=(1343:1375)
[Wed Aug 26 00:01:11.066235 2026] [socache_shmcb:debug] [pid 2083226:tid 2083226] mod_socache_shmcb.c(863): AH00848: finished insert, subcache: idx_pos/idx_used=0/7, data_pos/data_used=0/1572
[Wed Aug 26 00:01:11.066237 2026] [socache_shmcb:debug] [pid 2083226:tid 2083226] mod_socache_shmcb.c(530): AH00834: leaving socache_shmcb_store successfully
[Wed Aug 26 00:01:11.066239 2026] [socache_shmcb:debug] [pid 2079930:tid 2079930] mod_socache_shmcb.c(508): AH00831: socache_shmcb_store (0x4d -> subcache 13)
[Wed Aug 26 00:01:11.066245 2026] [socache_shmcb:debug] [pid 2079930:tid 2079930] mod_socache_shmcb.c(860): AH00847: insert happened at idx=7, data=(1538:1570)
[Wed Aug 26 00:01:11.066248 2026] [socache_shmcb:debug] [pid 2079930:tid 2079930] mod_socache_shmcb.c(863): AH00848: finished insert, subcache: idx_pos/idx_used=0/8, data_pos/data_used=0/1767
[Wed Aug 26 00:01:11.066251 2026] [socache_shmcb:debug] [pid 2079930:tid 2079930] mod_socache_shmcb.c(530): AH00834: leaving socache_shmcb_store successfully
[Wed Aug 26 00:01:11.067699 2026] [ssl:debug] [pid 2079930:tid 2079930] ssl_engine_kernel.c(254): [client 49.158.154.204:18544] AH02034: Initial (No.1) HTTPS request received for child 12 (server www.kfps.ilc.edu.tw:443)
[Wed Aug 26 00:01:11.067736 2026] [ssl:debug] [pid 2083230:tid 2083230] ssl_engine_kernel.c(2082): [client 49.158.154.204:18142] AH02041: Protocol: TLSv1.3, Cipher: TLS_AES_256_GCM_SHA384 (256/256 bits)
[Wed Aug 26 00:01:11.067791 2026] [socache_shmcb:debug] [pid 2083230:tid 2083230] mod_socache_shmcb.c(508): AH00831: socache_shmcb_store (0x86 -> subcache 6)
[Wed Aug 26 00:01:11.067796 2026] [socache_shmcb:debug] [pid 2083230:tid 2083230] mod_socache_shmcb.c(860): AH00847: insert happened at idx=11, data=(2458:2490)
[Wed Aug 26 00:01:11.067798 2026] [socache_shmcb:debug] [pid 2083230:tid 2083230] mod_socache_shmcb.c(863): AH00848: finished insert, subcache: idx_pos/idx_used=0/12, data_pos/data_used=0/2687
[Wed Aug 26 00:01:11.067800 2026] [socache_shmcb:debug] [pid 2083230:tid 2083230] mod_socache_shmcb.c(530): AH00834: leaving socache_shmcb_store successfully
[Wed Aug 26 00:01:11.067848 2026] [socache_shmcb:debug] [pid 2083230:tid 2083230] mod_socache_shmcb.c(508): AH00831: socache_shmcb_store (0xd8 -> subcache 24)
[Wed Aug 26 00:01:11.067860 2026] [socache_shmcb:debug] [pid 2083230:tid 2083230] mod_socache_shmcb.c(860): AH00847: insert happened at idx=10, data=(2199:2231)
[Wed Aug 26 00:01:11.067862 2026] [socache_shmcb:debug] [pid 2083230:tid 2083230] mod_socache_shmcb.c(863): AH00848: finished insert, subcache: idx_pos/idx_used=1/10, data_pos/data_used=228/2200
[Wed Aug 26 00:01:11.067863 2026] [socache_shmcb:debug] [pid 2083230:tid 2083230] mod_socache_shmcb.c(530): AH00834: leaving socache_shmcb_store successfully
[Wed Aug 26 00:01:11.067902 2026] [ssl:debug] [pid 2083226:tid 2083226] ssl_engine_kernel.c(254): [client 49.158.154.204:18972] AH02034: Initial (No.1) HTTPS request received for child 5 (server www.kfps.ilc.edu.tw:443)
[Wed Aug 26 00:01:11.068245 2026] [authz_core:debug] [pid 2079930:tid 2079930] mod_authz_core.c(815): [client 49.158.154.204:18544] AH01626: authorization result of Require all granted: granted
[Wed Aug 26 00:01:11.068251 2026] [authz_core:debug] [pid 2079930:tid 2079930] mod_authz_core.c(815): [client 49.158.154.204:18544] AH01626: authorization result of : granted
[Wed Aug 26 00:01:11.068350 2026] [authz_core:debug] [pid 2083226:tid 2083226] mod_authz_core.c(815): [client 49.158.154.204:18972] AH01626: authorization result of Require all granted: granted
[Wed Aug 26 00:01:11.068358 2026] [authz_core:debug] [pid 2083226:tid 2083226] mod_authz_core.c(815): [client 49.158.154.204:18972] AH01626: authorization result of : granted
[Wed Aug 26 00:01:11.070483 2026] [deflate:debug] [pid 2079930:tid 2079930] mod_deflate.c(909): [client 49.158.154.204:18544] AH01384: Zlib: Compressed 112420 to 14819 : URL /wp-content/cache/www.kfps.ilc.edu.tw/wpfc-minified/8jjt1ger/6wlp.css
[Wed Aug 26 00:01:11.070699 2026] [deflate:debug] [pid 2083226:tid 2083226] mod_deflate.c(909): [client 49.158.154.204:18972] AH01384: Zlib: Compressed 79258 to 39708 : URL /wp-content/cache/www.kfps.ilc.edu.tw/wpfc-minified/20f8bduk/6wlp.css
[Wed Aug 26 00:01:11.072747 2026] [ssl:debug] [pid 2083230:tid 2083230] ssl_engine_kernel.c(254): [client 49.158.154.204:18142] AH02034: Initial (No.1) HTTPS request received for child 8 (server www.kfps.ilc.edu.tw:443)
[Wed Aug 26 00:01:11.073595 2026] [authz_core:debug] [pid 2083230:tid 2083230] mod_authz_core.c(815): [client 49.158.154.204:18142] AH01626: authorization result of Require all granted: granted
[Wed Aug 26 00:01:11.073608 2026] [authz_core:debug] [pid 2083230:tid 2083230] mod_authz_core.c(815): [client 49.158.154.204:18142] AH01626: authorization result of : granted
[Wed Aug 26 00:01:11.073978 2026] [deflate:debug] [pid 2083230:tid 2083230] mod_deflate.c(909): [client 49.158.154.204:18142] AH01384: Zlib: Compressed 486 to 267 : URL /wp-content/cache/www.kfps.ilc.edu.tw/wpfc-minified/e6237202/6wlp.css
[Wed Aug 26 00:01:11.085356 2026] [ssl:debug] [pid 2082035:tid 2082035] ssl_engine_kernel.c(254): [client 49.158.154.204:20772] AH02034: Subsequent (No.2) HTTPS request received for child 16 (server www.kfps.ilc.edu.tw:443), referer: https://www.kfps.ilc.edu.tw/
[Wed Aug 26 00:01:11.085597 2026] [authz_core:debug] [pid 2082035:tid 2082035] mod_authz_core.c(815): [client 49.158.154.204:20772] AH01626: authorization result of Require all granted: granted, referer: https://www.kfps.ilc.edu.tw/
[Wed Aug 26 00:01:11.085615 2026] [authz_core:debug] [pid 2082035:tid 2082035] mod_authz_core.c(815): [client 49.158.154.204:20772] AH01626: authorization result of : granted, referer: https://www.kfps.ilc.edu.tw/
[Wed Aug 26 00:01:11.085880 2026] [deflate:debug] [pid 2082035:tid 2082035] mod_deflate.c(909): [client 49.158.154.204:20772] AH01384: Zlib: Compressed 1718 to 700 : URL /wp-includes/js/hoverintent-js.min.js, referer: https://www.kfps.ilc.edu.tw/
[Wed Aug 26 00:01:11.093499 2026] [ssl:debug] [pid 2083230:tid 2083230] ssl_engine_kernel.c(254): [client 49.158.154.204:18142] AH02034: Subsequent (No.2) HTTPS request received for child 8 (server www.kfps.ilc.edu.tw:443), referer: https://www.kfps.ilc.edu.tw/
[Wed Aug 26 00:01:11.093687 2026] [authz_core:debug] [pid 2083230:tid 2083230] mod_authz_core.c(815): [client 49.158.154.204:18142] AH01626: authorization result of Require all granted: granted, referer: https://www.kfps.ilc.edu.tw/
[Wed Aug 26 00:01:11.093692 2026] [authz_core:debug] [pid 2083230:tid 2083230] mod_authz_core.c(815): [client 49.158.154.204:18142] AH01626: authorization result of : granted, referer: https://www.kfps.ilc.edu.tw/
[Wed Aug 26 00:01:11.093924 2026] [deflate:debug] [pid 2083230:tid 2083230] mod_deflate.c(909): [client 49.158.154.204:18142] AH01384: Zlib: Compressed 3487 to 1339 : URL /wp-includes/js/admin-bar.min.js, referer: https://www.kfps.ilc.edu.tw/
[Wed Aug 26 00:01:11.118025 2026] [ssl:debug] [pid 2083230:tid 2083230] ssl_engine_kernel.c(254): [client 49.158.154.204:18142] AH02034: Subsequent (No.3) HTTPS request received for child 8 (server www.kfps.ilc.edu.tw:443), referer: https://www.kfps.ilc.edu.tw/
[Wed Aug 26 00:01:11.118473 2026] [authz_core:debug] [pid 2083230:tid 2083230] mod_authz_core.c(815): [client 49.158.154.204:18142] AH01626: authorization result of Require all granted: granted, referer: https://www.kfps.ilc.edu.tw/
[Wed Aug 26 00:01:11.118486 2026] [authz_core:debug] [pid 2083230:tid 2083230] mod_authz_core.c(815): [client 49.158.154.204:18142] AH01626: authorization result of : granted, referer: https://www.kfps.ilc.edu.tw/
[Wed Aug 26 00:01:11.118925 2026] [deflate:debug] [pid 2083230:tid 2083230] mod_deflate.c(909): [client 49.158.154.204:18142] AH01384: Zlib: Compressed 5520 to 1785 : URL /wp-includes/js/imagesloaded.min.js, referer: https://www.kfps.ilc.edu.tw/
[Wed Aug 26 00:01:11.151413 2026] [ssl:debug] [pid 2083230:tid 2083230] ssl_engine_kernel.c(254): [client 49.158.154.204:18142] AH02034: Subsequent (No.4) HTTPS request received for child 8 (server www.kfps.ilc.edu.tw:443), referer: https://www.kfps.ilc.edu.tw/
[Wed Aug 26 00:01:11.151619 2026] [authz_core:debug] [pid 2083230:tid 2083230] mod_authz_core.c(815): [client 49.158.154.204:18142] AH01626: authorization result of Require all granted: granted, referer: https://www.kfps.ilc.edu.tw/
[Wed Aug 26 00:01:11.151625 2026] [authz_core:debug] [pid 2083230:tid 2083230] mod_authz_core.c(815): [client 49.158.154.204:18142] AH01626: authorization result of : granted, referer: https://www.kfps.ilc.edu.tw/
[Wed Aug 26 00:01:11.152136 2026] [deflate:debug] [pid 2083230:tid 2083230] mod_deflate.c(909): [client 49.158.154.204:18142] AH01384: Zlib: Compressed 19719 to 4232 : URL /wp-content/themes/oceanwp/assets/js/theme.min.js, referer: https://www.kfps.ilc.edu.tw/
[Wed Aug 26 00:01:11.202543 2026] [ssl:debug] [pid 2083229:tid 2083229] ssl_engine_kernel.c(2082): [client 34.10.180.98:48641] AH02041: Protocol: TLSv1.3, Cipher: TLS_AES_256_GCM_SHA384 (256/256 bits)
[Wed Aug 26 00:01:11.202636 2026] [socache_shmcb:debug] [pid 2083229:tid 2083229] mod_socache_shmcb.c(508): AH00831: socache_shmcb_store (0x53 -> subcache 19)
[Wed Aug 26 00:01:11.202654 2026] [socache_shmcb:debug] [pid 2083229:tid 2083229] mod_socache_shmcb.c(860): AH00847: insert happened at idx=7, data=(1548:1580)
[Wed Aug 26 00:01:11.202658 2026] [socache_shmcb:debug] [pid 2083229:tid 2083229] mod_socache_shmcb.c(863): AH00848: finished insert, subcache: idx_pos/idx_used=0/8, data_pos/data_used=0/1774
[Wed Aug 26 00:01:11.202672 2026] [socache_shmcb:debug] [pid 2083229:tid 2083229] mod_socache_shmcb.c(530): AH00834: leaving socache_shmcb_store successfully
[Wed Aug 26 00:01:11.202788 2026] [socache_shmcb:debug] [pid 2083229:tid 2083229] mod_socache_shmcb.c(508): AH00831: socache_shmcb_store (0xfe -> subcache 30)
[Wed Aug 26 00:01:11.202799 2026] [socache_shmcb:debug] [pid 2083229:tid 2083229] mod_socache_shmcb.c(860): AH00847: insert happened at idx=10, data=(2227:2259)
[Wed Aug 26 00:01:11.202802 2026] [socache_shmcb:debug] [pid 2083229:tid 2083229] mod_socache_shmcb.c(863): AH00848: finished insert, subcache: idx_pos/idx_used=0/11, data_pos/data_used=0/2453
[Wed Aug 26 00:01:11.202804 2026] [socache_shmcb:debug] [pid 2083229:tid 2083229] mod_socache_shmcb.c(530): AH00834: leaving socache_shmcb_store successfully
[Wed Aug 26 00:01:11.203628 2026] [ssl:debug] [pid 2083230:tid 2083230] ssl_engine_kernel.c(254): [client 49.158.154.204:18142] AH02034: Subsequent (No.5) HTTPS request received for child 8 (server www.kfps.ilc.edu.tw:443), referer: https://www.kfps.ilc.edu.tw/
