[Wed Aug 26 00:00:12.743559 2026] [ssl:debug] [pid 2079631:tid 2079631] ssl_engine_kernel.c(254): [client 2401:e180:88b2:3612:8d4c:cf4b:ac6c:266f:61289] AH02034: Subsequent (No.3) HTTPS request received for child 7 (server www.waldorf.ilc.edu.tw:443), referer: https://www.waldorf.ilc.edu.tw/admission/
[Wed Aug 26 00:00:12.743636 2026] [authz_core:debug] [pid 2078744:tid 2078744] mod_authz_core.c(815): [client 2401:e180:88b2:3612:8d4c:cf4b:ac6c:266f:61291] AH01626: authorization result of Require all granted: granted, referer: https://www.waldorf.ilc.edu.tw/admission/
[Wed Aug 26 00:00:12.743646 2026] [authz_core:debug] [pid 2078744:tid 2078744] mod_authz_core.c(815): [client 2401:e180:88b2:3612:8d4c:cf4b:ac6c:266f:61291] AH01626: authorization result of : granted, referer: https://www.waldorf.ilc.edu.tw/admission/
[Wed Aug 26 00:00:12.743732 2026] [authz_core:debug] [pid 2079631:tid 2079631] mod_authz_core.c(815): [client 2401:e180:88b2:3612:8d4c:cf4b:ac6c:266f:61289] AH01626: authorization result of Require all granted: granted, referer: https://www.waldorf.ilc.edu.tw/admission/
[Wed Aug 26 00:00:12.743737 2026] [authz_core:debug] [pid 2079631:tid 2079631] mod_authz_core.c(815): [client 2401:e180:88b2:3612:8d4c:cf4b:ac6c:266f:61289] AH01626: authorization result of : granted, referer: https://www.waldorf.ilc.edu.tw/admission/
[Wed Aug 26 00:00:12.744724 2026] [deflate:debug] [pid 2079631:tid 2079631] mod_deflate.c(909): [client 2401:e180:88b2:3612:8d4c:cf4b:ac6c:266f:61289] AH01384: Zlib: Compressed 41573 to 9918 : URL /wp-content/plugins/elementor-pro/assets/js/elements-handlers.min.js, referer: https://www.waldorf.ilc.edu.tw/admission/
[Wed Aug 26 00:00:12.744997 2026] [deflate:debug] [pid 2078744:tid 2078744] mod_deflate.c(909): [client 2401:e180:88b2:3612:8d4c:cf4b:ac6c:266f:61291] AH01384: Zlib: Compressed 40254 to 12204 : URL /wp-content/plugins/elementor/assets/js/frontend.min.js, referer: https://www.waldorf.ilc.edu.tw/admission/
[Wed Aug 26 00:00:12.748127 2026] [ssl:debug] [pid 2079139:tid 2079139] ssl_engine_kernel.c(254): [client 2401:e180:88b2:3612:8d4c:cf4b:ac6c:266f:61290] AH02034: Subsequent (No.3) HTTPS request received for child 4 (server www.waldorf.ilc.edu.tw:443), referer: https://www.waldorf.ilc.edu.tw/admission/
[Wed Aug 26 00:00:12.748396 2026] [authz_core:debug] [pid 2079139:tid 2079139] mod_authz_core.c(815): [client 2401:e180:88b2:3612:8d4c:cf4b:ac6c:266f:61290] AH01626: authorization result of Require all granted: granted, referer: https://www.waldorf.ilc.edu.tw/admission/
[Wed Aug 26 00:00:12.748408 2026] [authz_core:debug] [pid 2079139:tid 2079139] mod_authz_core.c(815): [client 2401:e180:88b2:3612:8d4c:cf4b:ac6c:266f:61290] AH01626: authorization result of : granted, referer: https://www.waldorf.ilc.edu.tw/admission/
[Wed Aug 26 00:00:12.755257 2026] [ssl:debug] [pid 2078749:tid 2078749] ssl_engine_kernel.c(254): [client 2401:e180:88b2:3612:8d4c:cf4b:ac6c:266f:61288] AH02034: Subsequent (No.6) HTTPS request received for child 10 (server www.waldorf.ilc.edu.tw:443), referer: https://www.waldorf.ilc.edu.tw/admission/
[Wed Aug 26 00:00:12.755521 2026] [authz_core:debug] [pid 2078749:tid 2078749] mod_authz_core.c(815): [client 2401:e180:88b2:3612:8d4c:cf4b:ac6c:266f:61288] AH01626: authorization result of Require all granted: granted, referer: https://www.waldorf.ilc.edu.tw/admission/
[Wed Aug 26 00:00:12.755554 2026] [authz_core:debug] [pid 2078749:tid 2078749] mod_authz_core.c(815): [client 2401:e180:88b2:3612:8d4c:cf4b:ac6c:266f:61288] AH01626: authorization result of : granted, referer: https://www.waldorf.ilc.edu.tw/admission/
[Wed Aug 26 00:00:12.783498 2026] [ssl:debug] [pid 2079631:tid 2079631] ssl_engine_kernel.c(254): [client 2401:e180:88b2:3612:8d4c:cf4b:ac6c:266f:61289] AH02034: Subsequent (No.4) HTTPS request received for child 7 (server www.waldorf.ilc.edu.tw:443), referer: https://www.waldorf.ilc.edu.tw/admission/
[Wed Aug 26 00:00:12.785172 2026] [authz_core:debug] [pid 2079631:tid 2079631] mod_authz_core.c(815): [client 2401:e180:88b2:3612:8d4c:cf4b:ac6c:266f:61289] AH01626: authorization result of Require all granted: granted, referer: https://www.waldorf.ilc.edu.tw/admission/
[Wed Aug 26 00:00:12.785193 2026] [authz_core:debug] [pid 2079631:tid 2079631] mod_authz_core.c(815): [client 2401:e180:88b2:3612:8d4c:cf4b:ac6c:266f:61289] AH01626: authorization result of : granted, referer: https://www.waldorf.ilc.edu.tw/admission/
[Wed Aug 26 00:00:12.796835 2026] [watchdog:debug] [pid 2079779:tid 2079779] mod_watchdog.c(559): AH02980: Watchdog: nothing configured?
[Wed Aug 26 00:00:12.797089 2026] [ssl:info] [pid 2079779:tid 2079779] [client 2401:e180:88b2:3612:8d4c:cf4b:ac6c:266f:61292] AH01964: Connection to child 11 established (server 2blog.ilc.edu.tw:443)
[Wed Aug 26 00:00:12.797511 2026] [ssl:debug] [pid 2079779:tid 2079779] ssl_engine_kernel.c(2222): [client 2401:e180:88b2:3612:8d4c:cf4b:ac6c:266f:61292] AH02043: SSL virtual host for servername www.waldorf.ilc.edu.tw found
[Wed Aug 26 00:00:12.797624 2026] [core:debug] [pid 2079779:tid 2079779] protocol.c(2460): [client 2401:e180:88b2:3612:8d4c:cf4b:ac6c:266f:61292] AH03155: select protocol from , choices=http/1.1 for server www.waldorf.ilc.edu.tw
[Wed Aug 26 00:00:12.797693 2026] [ssl:debug] [pid 2079779:tid 2079779] ssl_util_stapling.c(819): AH01951: stapling_cb: OCSP Stapling callback called
[Wed Aug 26 00:00:12.797700 2026] [ssl:info] [pid 2079779:tid 2079779] AH01926: stapling_get_certinfo: stapling not supported for certificate
[Wed Aug 26 00:00:12.820503 2026] [ssl:info] [pid 2079363:tid 2079363] [client 2401:e180:88b2:3612:8d4c:cf4b:ac6c:266f:61293] AH01964: Connection to child 5 established (server 2blog.ilc.edu.tw:443)
[Wed Aug 26 00:00:12.820665 2026] [ssl:debug] [pid 2079363:tid 2079363] ssl_engine_kernel.c(2222): [client 2401:e180:88b2:3612:8d4c:cf4b:ac6c:266f:61293] AH02043: SSL virtual host for servername www.waldorf.ilc.edu.tw found
[Wed Aug 26 00:00:12.820719 2026] [core:debug] [pid 2079363:tid 2079363] protocol.c(2460): [client 2401:e180:88b2:3612:8d4c:cf4b:ac6c:266f:61293] AH03155: select protocol from , choices=http/1.1 for server www.waldorf.ilc.edu.tw
[Wed Aug 26 00:00:12.820759 2026] [ssl:debug] [pid 2079363:tid 2079363] ssl_util_stapling.c(819): AH01951: stapling_cb: OCSP Stapling callback called
[Wed Aug 26 00:00:12.820766 2026] [ssl:info] [pid 2079363:tid 2079363] AH01926: stapling_get_certinfo: stapling not supported for certificate
[Wed Aug 26 00:00:12.821245 2026] [ssl:info] [pid 2078743:tid 2078743] [client 34.10.180.98:22528] AH01964: Connection to child 6 established (server 2blog.ilc.edu.tw:443)
[Wed Aug 26 00:00:12.821347 2026] [ssl:debug] [pid 2078743:tid 2078743] ssl_engine_kernel.c(2222): [client 34.10.180.98:22528] AH02043: SSL virtual host for servername 2blog.ilc.edu.tw found
[Wed Aug 26 00:00:12.821387 2026] [core:debug] [pid 2078743:tid 2078743] protocol.c(2460): [client 34.10.180.98:22528] AH03155: select protocol from , choices=http/1.1 for server 2blog.ilc.edu.tw
[Wed Aug 26 00:00:12.830025 2026] [ssl:debug] [pid 2079779:tid 2079779] ssl_engine_kernel.c(2082): [client 2401:e180:88b2:3612:8d4c:cf4b:ac6c:266f:61292] AH02041: Protocol: TLSv1.3, Cipher: TLS_AES_256_GCM_SHA384 (256/256 bits)
[Wed Aug 26 00:00:12.830101 2026] [socache_shmcb:debug] [pid 2079779:tid 2079779] mod_socache_shmcb.c(508): AH00831: socache_shmcb_store (0xf2 -> subcache 18)
[Wed Aug 26 00:00:12.830125 2026] [socache_shmcb:debug] [pid 2079779:tid 2079779] mod_socache_shmcb.c(860): AH00847: insert happened at idx=4, data=(857:889)
[Wed Aug 26 00:00:12.830129 2026] [socache_shmcb:debug] [pid 2079779:tid 2079779] mod_socache_shmcb.c(863): AH00848: finished insert, subcache: idx_pos/idx_used=0/5, data_pos/data_used=0/1088
[Wed Aug 26 00:00:12.830132 2026] [socache_shmcb:debug] [pid 2079779:tid 2079779] mod_socache_shmcb.c(530): AH00834: leaving socache_shmcb_store successfully
[Wed Aug 26 00:00:12.830217 2026] [socache_shmcb:debug] [pid 2079779:tid 2079779] mod_socache_shmcb.c(508): AH00831: socache_shmcb_store (0xcc -> subcache 12)
[Wed Aug 26 00:00:12.830227 2026] [socache_shmcb:debug] [pid 2079779:tid 2079779] mod_socache_shmcb.c(860): AH00847: insert happened at idx=1, data=(206:238)
[Wed Aug 26 00:00:12.830230 2026] [socache_shmcb:debug] [pid 2079779:tid 2079779] mod_socache_shmcb.c(863): AH00848: finished insert, subcache: idx_pos/idx_used=0/2, data_pos/data_used=0/438
[Wed Aug 26 00:00:12.830232 2026] [socache_shmcb:debug] [pid 2079779:tid 2079779] mod_socache_shmcb.c(530): AH00834: leaving socache_shmcb_store successfully
[Wed Aug 26 00:00:12.833138 2026] [ssl:debug] [pid 2079779:tid 2079779] ssl_engine_kernel.c(254): [client 2401:e180:88b2:3612:8d4c:cf4b:ac6c:266f:61292] AH02034: Initial (No.1) HTTPS request received for child 11 (server www.waldorf.ilc.edu.tw:443), referer: https://www.waldorf.ilc.edu.tw/admission/
[Wed Aug 26 00:00:12.834225 2026] [authz_core:debug] [pid 2079779:tid 2079779] mod_authz_core.c(815): [client 2401:e180:88b2:3612:8d4c:cf4b:ac6c:266f:61292] AH01626: authorization result of Require all granted: granted, referer: https://www.waldorf.ilc.edu.tw/admission/
[Wed Aug 26 00:00:12.834244 2026] [authz_core:debug] [pid 2079779:tid 2079779] mod_authz_core.c(815): [client 2401:e180:88b2:3612:8d4c:cf4b:ac6c:266f:61292] AH01626: authorization result of : granted, referer: https://www.waldorf.ilc.edu.tw/admission/
[Wed Aug 26 00:00:12.840458 2026] [deflate:debug] [pid 2079779:tid 2079779] mod_deflate.c(909): [client 2401:e180:88b2:3612:8d4c:cf4b:ac6c:266f:61292] AH01384: Zlib: Compressed 101302 to 34532 : URL /wp-content/cache/www.waldorf.ilc.edu.tw/wpfc-minified/kl1hde1y/6xg3.js, referer: https://www.waldorf.ilc.edu.tw/admission/
[Wed Aug 26 00:00:12.845539 2026] [ssl:debug] [pid 2079363:tid 2079363] ssl_engine_kernel.c(2082): [client 2401:e180:88b2:3612:8d4c:cf4b:ac6c:266f:61293] AH02041: Protocol: TLSv1.3, Cipher: TLS_AES_256_GCM_SHA384 (256/256 bits)
[Wed Aug 26 00:00:12.845589 2026] [socache_shmcb:debug] [pid 2079363:tid 2079363] mod_socache_shmcb.c(508): AH00831: socache_shmcb_store (0xe9 -> subcache 9)
[Wed Aug 26 00:00:12.845593 2026] [socache_shmcb:debug] [pid 2079363:tid 2079363] mod_socache_shmcb.c(860): AH00847: insert happened at idx=3, data=(631:663)
[Wed Aug 26 00:00:12.845596 2026] [socache_shmcb:debug] [pid 2079363:tid 2079363] mod_socache_shmcb.c(863): AH00848: finished insert, subcache: idx_pos/idx_used=0/4, data_pos/data_used=0/863
[Wed Aug 26 00:00:12.845598 2026] [socache_shmcb:debug] [pid 2079363:tid 2079363] mod_socache_shmcb.c(530): AH00834: leaving socache_shmcb_store successfully
[Wed Aug 26 00:00:12.845645 2026] [socache_shmcb:debug] [pid 2079363:tid 2079363] mod_socache_shmcb.c(508): AH00831: socache_shmcb_store (0x3b -> subcache 27)
[Wed Aug 26 00:00:12.845654 2026] [socache_shmcb:debug] [pid 2079363:tid 2079363] mod_socache_shmcb.c(860): AH00847: insert happened at idx=2, data=(461:493)
[Wed Aug 26 00:00:12.845656 2026] [socache_shmcb:debug] [pid 2079363:tid 2079363] mod_socache_shmcb.c(863): AH00848: finished insert, subcache: idx_pos/idx_used=0/3, data_pos/data_used=0/693
[Wed Aug 26 00:00:12.845658 2026] [socache_shmcb:debug] [pid 2079363:tid 2079363] mod_socache_shmcb.c(530): AH00834: leaving socache_shmcb_store successfully
[Wed Aug 26 00:00:12.853260 2026] [ssl:debug] [pid 2079363:tid 2079363] ssl_engine_kernel.c(254): [client 2401:e180:88b2:3612:8d4c:cf4b:ac6c:266f:61293] AH02034: Initial (No.1) HTTPS request received for child 5 (server www.waldorf.ilc.edu.tw:443), referer: https://www.waldorf.ilc.edu.tw/admission/
[Wed Aug 26 00:00:12.853495 2026] [authz_core:debug] [pid 2079363:tid 2079363] mod_authz_core.c(815): [client 2401:e180:88b2:3612:8d4c:cf4b:ac6c:266f:61293] AH01626: authorization result of Require all granted: granted, referer: https://www.waldorf.ilc.edu.tw/admission/
[Wed Aug 26 00:00:12.853502 2026] [authz_core:debug] [pid 2079363:tid 2079363] mod_authz_core.c(815): [client 2401:e180:88b2:3612:8d4c:cf4b:ac6c:266f:61293] AH01626: authorization result of : granted, referer: https://www.waldorf.ilc.edu.tw/admission/
[Wed Aug 26 00:00:12.953260 2026] [ssl:debug] [pid 2078749:tid 2078749] ssl_engine_kernel.c(254): [client 2401:e180:88b2:3612:8d4c:cf4b:ac6c:266f:61288] AH02034: Subsequent (No.7) HTTPS request received for child 10 (server www.waldorf.ilc.edu.tw:443), referer: https://www.waldorf.ilc.edu.tw/admission/
[Wed Aug 26 00:00:12.955486 2026] [authz_core:debug] [pid 2078749:tid 2078749] mod_authz_core.c(815): [client 2401:e180:88b2:3612:8d4c:cf4b:ac6c:266f:61288] AH01626: authorization result of Require all granted: granted, referer: https://www.waldorf.ilc.edu.tw/admission/
[Wed Aug 26 00:00:12.955503 2026] [authz_core:debug] [pid 2078749:tid 2078749] mod_authz_core.c(815): [client 2401:e180:88b2:3612:8d4c:cf4b:ac6c:266f:61288] AH01626: authorization result of : granted, referer: https://www.waldorf.ilc.edu.tw/admission/
[Wed Aug 26 00:00:13.030328 2026] [ssl:debug] [pid 2078749:tid 2078749] ssl_engine_kernel.c(254): [client 2401:e180:88b2:3612:8d4c:cf4b:ac6c:266f:61288] AH02034: Subsequent (No.8) HTTPS request received for child 10 (server www.waldorf.ilc.edu.tw:443), referer: https://www.waldorf.ilc.edu.tw/admission/
[Wed Aug 26 00:00:13.030556 2026] [authz_core:debug] [pid 2078749:tid 2078749] mod_authz_core.c(815): [client 2401:e180:88b2:3612:8d4c:cf4b:ac6c:266f:61288] AH01626: authorization result of Require all granted: granted, referer: https://www.waldorf.ilc.edu.tw/admission/
[Wed Aug 26 00:00:13.030562 2026] [authz_core:debug] [pid 2078749:tid 2078749] mod_authz_core.c(815): [client 2401:e180:88b2:3612:8d4c:cf4b:ac6c:266f:61288] AH01626: authorization result of : granted, referer: https://www.waldorf.ilc.edu.tw/admission/
[Wed Aug 26 00:00:13.030765 2026] [deflate:debug] [pid 2078749:tid 2078749] mod_deflate.c(909): [client 2401:e180:88b2:3612:8d4c:cf4b:ac6c:266f:61288] AH01384: Zlib: Compressed 1360 to 648 : URL /wp-content/plugins/elementor/assets/js/text-editor.2c35aafbe5bf0e127950.bundle.min.js, referer: https://www.waldorf.ilc.edu.tw/admission/
[Wed Aug 26 00:00:13.035526 2026] [ssl:debug] [pid 2079631:tid 2079631] ssl_engine_kernel.c(254): [client 2401:e180:88b2:3612:8d4c:cf4b:ac6c:266f:61289] AH02034: Subsequent (No.5) HTTPS request received for child 7 (server www.waldorf.ilc.edu.tw:443), referer: https://www.waldorf.ilc.edu.tw/admission/
[Wed Aug 26 00:00:13.035755 2026] [authz_core:debug] [pid 2079631:tid 2079631] mod_authz_core.c(815): [client 2401:e180:88b2:3612:8d4c:cf4b:ac6c:266f:61289] AH01626: authorization result of Require all granted: granted, referer: https://www.waldorf.ilc.edu.tw/admission/
[Wed Aug 26 00:00:13.035763 2026] [authz_core:debug] [pid 2079631:tid 2079631] mod_authz_core.c(815): [client 2401:e180:88b2:3612:8d4c:cf4b:ac6c:266f:61289] AH01626: authorization result of : granted, referer: https://www.waldorf.ilc.edu.tw/admission/
[Wed Aug 26 00:00:13.036048 2026] [deflate:debug] [pid 2079631:tid 2079631] mod_deflate.c(909): [client 2401:e180:88b2:3612:8d4c:cf4b:ac6c:266f:61289] AH01384: Zlib: Compressed 3171 to 1263 : URL /wp-content/plugins/elementor/assets/js/video.d11c91c1b2b642a34601.bundle.min.js, referer: https://www.waldorf.ilc.edu.tw/admission/
[Wed Aug 26 00:00:13.075732 2026] [ssl:info] [pid 2078778:tid 2078778] [client 98.82.66.172:28601] AH01964: Connection to child 0 established (server 2blog.ilc.edu.tw:443)
[Wed Aug 26 00:00:13.075901 2026] [ssl:debug] [pid 2078778:tid 2078778] ssl_engine_kernel.c(2222): [client 98.82.66.172:28601] AH02043: SSL virtual host for servername 2blog.ilc.edu.tw found
[Wed Aug 26 00:00:13.109782 2026] [ssl:debug] [pid 2078743:tid 2078743] ssl_engine_kernel.c(2082): [client 34.10.180.98:22528] AH02041: Protocol: TLSv1.3, Cipher: TLS_AES_256_GCM_SHA384 (256/256 bits)
[Wed Aug 26 00:00:13.109868 2026] [socache_shmcb:debug] [pid 2078743:tid 2078743] mod_socache_shmcb.c(508): AH00831: socache_shmcb_store (0x17 -> subcache 23)
[Wed Aug 26 00:00:13.109896 2026] [socache_shmcb:debug] [pid 2078743:tid 2078743] mod_socache_shmcb.c(860): AH00847: insert happened at idx=0, data=(0:32)
[Wed Aug 26 00:00:13.109900 2026] [socache_shmcb:debug] [pid 2078743:tid 2078743] mod_socache_shmcb.c(863): AH00848: finished insert, subcache: idx_pos/idx_used=0/1, data_pos/data_used=0/225
[Wed Aug 26 00:00:13.109903 2026] [socache_shmcb:debug] [pid 2078743:tid 2078743] mod_socache_shmcb.c(530): AH00834: leaving socache_shmcb_store successfully
[Wed Aug 26 00:00:13.109990 2026] [socache_shmcb:debug] [pid 2078743:tid 2078743] mod_socache_shmcb.c(508): AH00831: socache_shmcb_store (0xfd -> subcache 29)
[Wed Aug 26 00:00:13.109998 2026] [socache_shmcb:debug] [pid 2078743:tid 2078743] mod_socache_shmcb.c(860): AH00847: insert happened at idx=2, data=(451:483)
[Wed Aug 26 00:00:13.110039 2026] [socache_shmcb:debug] [pid 2078743:tid 2078743] mod_socache_shmcb.c(863): AH00848: finished insert, subcache: idx_pos/idx_used=0/3, data_pos/data_used=0/676
[Wed Aug 26 00:00:13.110042 2026] [socache_shmcb:debug] [pid 2078743:tid 2078743] mod_socache_shmcb.c(530): AH00834: leaving socache_shmcb_store successfully
[Wed Aug 26 00:00:13.160805 2026] [ssl:debug] [pid 2078743:tid 2078743] ssl_engine_kernel.c(254): [client 34.10.180.98:22528] AH02034: Initial (No.1) HTTPS request received for child 6 (server 2blog.ilc.edu.tw:443)
[Wed Aug 26 00:00:13.160995 2026] [authz_core:debug] [pid 2078743:tid 2078743] mod_authz_core.c(815): [client 34.10.180.98:22528] AH01626: authorization result of Require all granted: granted
[Wed Aug 26 00:00:13.161000 2026] [authz_core:debug] [pid 2078743:tid 2078743] mod_authz_core.c(815): [client 34.10.180.98:22528] AH01626: authorization result of : granted
[Wed Aug 26 00:00:13.161274 2026] [authz_core:debug] [pid 2078743:tid 2078743] mod_authz_core.c(815): [client 34.10.180.98:22528] AH01626: authorization result of Require all granted: granted
[Wed Aug 26 00:00:13.161280 2026] [authz_core:debug] [pid 2078743:tid 2078743] mod_authz_core.c(815): [client 34.10.180.98:22528] AH01626: authorization result of : granted
[Wed Aug 26 00:00:13.433358 2026] [ssl:debug] [pid 2078778:tid 2078778] ssl_engine_kernel.c(2082): [client 98.82.66.172:28601] AH02041: Protocol: TLSv1.3, Cipher: TLS_AES_256_GCM_SHA384 (256/256 bits)
[Wed Aug 26 00:00:13.433407 2026] [socache_shmcb:debug] [pid 2078778:tid 2078778] mod_socache_shmcb.c(508): AH00831: socache_shmcb_store (0x07 -> subcache 7)
[Wed Aug 26 00:00:13.433417 2026] [socache_shmcb:debug] [pid 2078778:tid 2078778] mod_socache_shmcb.c(860): AH00847: insert happened at idx=1, data=(226:258)
[Wed Aug 26 00:00:13.433419 2026] [socache_shmcb:debug] [pid 2078778:tid 2078778] mod_socache_shmcb.c(863): AH00848: finished insert, subcache: idx_pos/idx_used=0/2, data_pos/data_used=0/440
[Wed Aug 26 00:00:13.433421 2026] [socache_shmcb:debug] [pid 2078778:tid 2078778] mod_socache_shmcb.c(530): AH00834: leaving socache_shmcb_store successfully
[Wed Aug 26 00:00:13.433471 2026] [socache_shmcb:debug] [pid 2078778:tid 2078778] mod_socache_shmcb.c(508): AH00831: socache_shmcb_store (0x76 -> subcache 22)
[Wed Aug 26 00:00:13.433477 2026] [socache_shmcb:debug] [pid 2078778:tid 2078778] mod_socache_shmcb.c(860): AH00847: insert happened at idx=2, data=(440:472)
[Wed Aug 26 00:00:13.433479 2026] [socache_shmcb:debug] [pid 2078778:tid 2078778] mod_socache_shmcb.c(863): AH00848: finished insert, subcache: idx_pos/idx_used=0/3, data_pos/data_used=0/653
[Wed Aug 26 00:00:13.433489 2026] [socache_shmcb:debug] [pid 2078778:tid 2078778] mod_socache_shmcb.c(530): AH00834: leaving socache_shmcb_store successfully
[Wed Aug 26 00:00:13.433589 2026] [ssl:debug] [pid 2078778:tid 2078778] ssl_engine_kernel.c(254): [client 98.82.66.172:28601] AH02034: Initial (No.1) HTTPS request received for child 0 (server 2blog.ilc.edu.tw:443)
[Wed Aug 26 00:00:13.441898 2026] [authz_core:debug] [pid 2078778:tid 2078778] mod_authz_core.c(815): [client 98.82.66.172:28601] AH01626: authorization result of Require all granted: granted
[Wed Aug 26 00:00:13.441916 2026] [authz_core:debug] [pid 2078778:tid 2078778] mod_authz_core.c(815): [client 98.82.66.172:28601] AH01626: authorization result of : granted
[Wed Aug 26 00:00:13.443682 2026] [ssl:debug] [pid 2078778:tid 2078778] ssl_engine_io.c(1150): [client 98.82.66.172:28601] AH02001: Connection closed to child 0 with standard shutdown (server 2blog.ilc.edu.tw:443)
[Wed Aug 26 00:00:13.481106 2026] [ssl:debug] [pid 2078782:tid 2078782] ssl_engine_io.c(1150): [client 34.42.229.145:6145] AH02001: Connection closed to child 2 with standard shutdown (server 2blog.ilc.edu.tw:443)
[Wed Aug 26 00:00:13.750087 2026] [headers:debug] [pid 2078745:tid 2078745] mod_headers.c(900): AH01503: headers: ap_headers_error_filter()
[Wed Aug 26 00:00:13.750960 2026] [ssl:info] [pid 2078745:tid 2078745] [client 34.171.68.95:60416] AH01964: Connection to child 9 established (server 2blog.ilc.edu.tw:443)
[Wed Aug 26 00:00:13.751070 2026] [ssl:info] [pid 2078745:tid 2078745] (70014)End of file found: [client 34.171.68.95:60416] AH02006: SSL handshake stopped: connection was closed
[Wed Aug 26 00:00:13.751076 2026] [ssl:info] [pid 2078745:tid 2078745] [client 34.171.68.95:60416] AH01998: Connection closed to child 9 with abortive shutdown (server 2blog.ilc.edu.tw:443)
[Wed Aug 26 00:00:13.751125 2026] [ssl:info] [pid 2078745:tid 2078745] [client 34.10.180.98:2561] AH01964: Connection to child 9 established (server 2blog.ilc.edu.tw:443)
[Wed Aug 26 00:00:13.751174 2026] [ssl:debug] [pid 2078745:tid 2078745] ssl_engine_kernel.c(2222): [client 34.10.180.98:2561] AH02043: SSL virtual host for servername 2blog.ilc.edu.tw found
[Wed Aug 26 00:00:13.751233 2026] [core:debug] [pid 2078745:tid 2078745] protocol.c(2460): [client 34.10.180.98:2561] AH03155: select protocol from , choices=http/1.1 for server 2blog.ilc.edu.tw
[Wed Aug 26 00:00:13.800762 2026] [watchdog:debug] [pid 2079930:tid 2079930] mod_watchdog.c(559): AH02980: Watchdog: nothing configured?
[Wed Aug 26 00:00:13.801005 2026] [ssl:info] [pid 2079930:tid 2079930] [client 2001:288:a201::66:125:6852] AH01964: Connection to child 12 established (server 2blog.ilc.edu.tw:443)
[Wed Aug 26 00:00:13.801357 2026] [ssl:debug] [pid 2079930:tid 2079930] ssl_engine_kernel.c(2252): [client 2001:288:a201::66:125:6852] AH02645: Server name not provided via TLS extension (using default/first virtual host)
[Wed Aug 26 00:00:13.801402 2026] [socache_shmcb:debug] [pid 2079930:tid 2079930] mod_socache_shmcb.c(545): AH00835: socache_shmcb_retrieve (0x6f -> subcache 15)
[Wed Aug 26 00:00:13.801414 2026] [socache_shmcb:debug] [pid 2079930:tid 2079930] mod_socache_shmcb.c(896): AH00849: match at idx=0, data=0
[Wed Aug 26 00:00:13.801416 2026] [socache_shmcb:debug] [pid 2079930:tid 2079930] mod_socache_shmcb.c(556): AH00836: leaving socache_shmcb_retrieve successfully
[Wed Aug 26 00:00:13.802792 2026] [ssl:debug] [pid 2079930:tid 2079930] ssl_engine_kernel.c(2082): [client 2001:288:a201::66:125:6852] AH02041: Protocol: TLSv1.2, Cipher: ECDHE-RSA-AES256-GCM-SHA384 (256/256 bits)
[Wed Aug 26 00:00:13.802925 2026] [ssl:debug] [pid 2079930:tid 2079930] ssl_engine_kernel.c(254): [client 2001:288:a201::66:125:6852] AH02034: Initial (No.1) HTTPS request received for child 12 (server 2blog.ilc.edu.tw:443)
[Wed Aug 26 00:00:13.803191 2026] [authz_core:debug] [pid 2079930:tid 2079930] mod_authz_core.c(815): [client 2001:288:a201::66:125:6852] AH01626: authorization result of Require all granted: granted
[Wed Aug 26 00:00:13.803197 2026] [authz_core:debug] [pid 2079930:tid 2079930] mod_authz_core.c(815): [client 2001:288:a201::66:125:6852] AH01626: authorization result of : granted
[Wed Aug 26 00:00:13.804139 2026] [authz_core:debug] [pid 2079930:tid 2079930] mod_authz_core.c(815): [client 2001:288:a201::66:125:6852] AH01626: authorization result of Require all granted: granted
[Wed Aug 26 00:00:13.804153 2026] [authz_core:debug] [pid 2079930:tid 2079930] mod_authz_core.c(815): [client 2001:288:a201::66:125:6852] AH01626: authorization result of : granted
[Wed Aug 26 00:00:13.804180 2026] [php7:error] [pid 2079930:tid 2079930] [client 2001:288:a201::66:125:6852] script '/var/www/html/2blog/active.php' not found or unable to stat
[Wed Aug 26 00:00:13.804203 2026] [headers:debug] [pid 2079930:tid 2079930] mod_headers.c(900): AH01503: headers: ap_headers_error_filter()
[Wed Aug 26 00:00:13.804410 2026] [ssl:debug] [pid 2079930:tid 2079930] ssl_engine_io.c(1150): [client 2001:288:a201::66:125:6852] AH02001: Connection closed to child 12 with standard shutdown (server 2blog.ilc.edu.tw:443)
[Wed Aug 26 00:00:13.805371 2026] [ssl:info] [pid 2079930:tid 2079930] [client 2407:4b00:4c0d:252:80d3:1536:ac5b:4f27:52632] AH01964: Connection to child 12 established (server 2blog.ilc.edu.tw:443)
[Wed Aug 26 00:00:13.805533 2026] [ssl:debug] [pid 2079930:tid 2079930] ssl_engine_kernel.c(2222): [client 2407:4b00:4c0d:252:80d3:1536:ac5b:4f27:52632] AH02043: SSL virtual host for servername www.ilc.edu.tw found
[Wed Aug 26 00:00:13.805639 2026] [core:debug] [pid 2079930:tid 2079930] protocol.c(2460): [client 2407:4b00:4c0d:252:80d3:1536:ac5b:4f27:52632] AH03155: select protocol from , choices=h2,http/1.1 for server www.ilc.edu.tw
[Wed Aug 26 00:00:13.805712 2026] [ssl:debug] [pid 2079930:tid 2079930] ssl_util_stapling.c(819): AH01951: stapling_cb: OCSP Stapling callback called
[Wed Aug 26 00:00:13.805722 2026] [ssl:info] [pid 2079930:tid 2079930] AH01926: stapling_get_certinfo: stapling not supported for certificate
[Wed Aug 26 00:00:13.904946 2026] [ssl:debug] [pid 2078742:tid 2078742] ssl_engine_kernel.c(254): [client 114.39.69.208:49671] AH02034: Subsequent (No.2) HTTPS request received for child 14 (server 2blog.ilc.edu.tw:443), referer: https://2blog.ilc.edu.tw/dashen/%E8%A6%AA%E5%B8%AB%E5%90%88%E4%BD%9C%E5%A5%BD%E5%B7%A5%E5%85%B7%E2%94%80line-offical-account/
[Wed Aug 26 00:00:13.905171 2026] [authz_core:debug] [pid 2078742:tid 2078742] mod_authz_core.c(815): [client 114.39.69.208:49671] AH01626: authorization result of Require all granted: granted, referer: https://2blog.ilc.edu.tw/dashen/%E8%A6%AA%E5%B8%AB%E5%90%88%E4%BD%9C%E5%A5%BD%E5%B7%A5%E5%85%B7%E2%94%80line-offical-account/
[Wed Aug 26 00:00:13.905178 2026] [authz_core:debug] [pid 2078742:tid 2078742] mod_authz_core.c(815): [client 114.39.69.208:49671] AH01626: authorization result of : granted, referer: https://2blog.ilc.edu.tw/dashen/%E8%A6%AA%E5%B8%AB%E5%90%88%E4%BD%9C%E5%A5%BD%E5%B7%A5%E5%85%B7%E2%94%80line-offical-account/
[Wed Aug 26 00:00:13.905739 2026] [authz_core:debug] [pid 2078742:tid 2078742] mod_authz_core.c(815): [client 114.39.69.208:49671] AH01626: authorization result of Require all granted: granted, referer: https://2blog.ilc.edu.tw/dashen/%E8%A6%AA%E5%B8%AB%E5%90%88%E4%BD%9C%E5%A5%BD%E5%B7%A5%E5%85%B7%E2%94%80line-offical-account/
[Wed Aug 26 00:00:13.905751 2026] [authz_core:debug] [pid 2078742:tid 2078742] mod_authz_core.c(815): [client 114.39.69.208:49671] AH01626: authorization result of : granted, referer: https://2blog.ilc.edu.tw/dashen/%E8%A6%AA%E5%B8%AB%E5%90%88%E4%BD%9C%E5%A5%BD%E5%B7%A5%E5%85%B7%E2%94%80line-offical-account/
[Wed Aug 26 00:00:13.953837 2026] [ssl:debug] [pid 2078742:tid 2078742] ssl_engine_kernel.c(254): [client 114.39.69.208:49671] AH02034: Subsequent (No.3) HTTPS request received for child 14 (server 2blog.ilc.edu.tw:443), referer: https://2blog.ilc.edu.tw/dashen/%E8%A6%AA%E5%B8%AB%E5%90%88%E4%BD%9C%E5%A5%BD%E5%B7%A5%E5%85%B7%E2%94%80line-offical-account/
[Wed Aug 26 00:00:13.954030 2026] [authz_core:debug] [pid 2078742:tid 2078742] mod_authz_core.c(815): [client 114.39.69.208:49671] AH01626: authorization result of Require all granted: granted, referer: https://2blog.ilc.edu.tw/dashen/%E8%A6%AA%E5%B8%AB%E5%90%88%E4%BD%9C%E5%A5%BD%E5%B7%A5%E5%85%B7%E2%94%80line-offical-account/
[Wed Aug 26 00:00:13.954044 2026] [authz_core:debug] [pid 2078742:tid 2078742] mod_authz_core.c(815): [client 114.39.69.208:49671] AH01626: authorization result of : granted, referer: https://2blog.ilc.edu.tw/dashen/%E8%A6%AA%E5%B8%AB%E5%90%88%E4%BD%9C%E5%A5%BD%E5%B7%A5%E5%85%B7%E2%94%80line-offical-account/
[Wed Aug 26 00:00:13.954465 2026] [authz_core:debug] [pid 2078742:tid 2078742] mod_authz_core.c(815): [client 114.39.69.208:49671] AH01626: authorization result of Require all granted: granted, referer: https://2blog.ilc.edu.tw/dashen/%E8%A6%AA%E5%B8%AB%E5%90%88%E4%BD%9C%E5%A5%BD%E5%B7%A5%E5%85%B7%E2%94%80line-offical-account/
[Wed Aug 26 00:00:13.954478 2026] [authz_core:debug] [pid 2078742:tid 2078742] mod_authz_core.c(815): [client 114.39.69.208:49671] AH01626: authorization result of : granted, referer: https://2blog.ilc.edu.tw/dashen/%E8%A6%AA%E5%B8%AB%E5%90%88%E4%BD%9C%E5%A5%BD%E5%B7%A5%E5%85%B7%E2%94%80line-offical-account/
[Wed Aug 26 00:00:13.979376 2026] [ssl:debug] [pid 2078745:tid 2078745] ssl_engine_kernel.c(2082): [client 34.10.180.98:2561] AH02041: Protocol: TLSv1.3, Cipher: TLS_AES_256_GCM_SHA384 (256/256 bits)
[Wed Aug 26 00:00:13.979426 2026] [socache_shmcb:debug] [pid 2078745:tid 2078745] mod_socache_shmcb.c(508): AH00831: socache_shmcb_store (0x7e -> subcache 30)
[Wed Aug 26 00:00:13.979437 2026] [socache_shmcb:debug] [pid 2078745:tid 2078745] mod_socache_shmcb.c(860): AH00847: insert happened at idx=3, data=(665:697)
[Wed Aug 26 00:00:13.979439 2026] [socache_shmcb:debug] [pid 2078745:tid 2078745] mod_socache_shmcb.c(863): AH00848: finished insert, subcache: idx_pos/idx_used=0/4, data_pos/data_used=0/890
[Wed Aug 26 00:00:13.979441 2026] [socache_shmcb:debug] [pid 2078745:tid 2078745] mod_socache_shmcb.c(530): AH00834: leaving socache_shmcb_store successfully
[Wed Aug 26 00:00:13.979500 2026] [socache_shmcb:debug] [pid 2078745:tid 2078745] mod_socache_shmcb.c(508): AH00831: socache_shmcb_store (0x34 -> subcache 20)
[Wed Aug 26 00:00:13.979503 2026] [socache_shmcb:debug] [pid 2078745:tid 2078745] mod_socache_shmcb.c(860): AH00847: insert happened at idx=2, data=(451:483)
[Wed Aug 26 00:00:13.979506 2026] [socache_shmcb:debug] [pid 2078745:tid 2078745] mod_socache_shmcb.c(863): AH00848: finished insert, subcache: idx_pos/idx_used=0/3, data_pos/data_used=0/677
[Wed Aug 26 00:00:13.979507 2026] [socache_shmcb:debug] [pid 2078745:tid 2078745] mod_socache_shmcb.c(530): AH00834: leaving socache_shmcb_store successfully
[Wed Aug 26 00:00:14.018426 2026] [ssl:info] [pid 2078782:tid 2078782] [client 34.56.124.53:62977] AH01964: Connection to child 2 established (server 2blog.ilc.edu.tw:443)
[Wed Aug 26 00:00:14.018576 2026] [ssl:debug] [pid 2078782:tid 2078782] ssl_engine_kernel.c(2222): [client 34.56.124.53:62977] AH02043: SSL virtual host for servername 2blog.ilc.edu.tw found
[Wed Aug 26 00:00:14.018627 2026] [core:debug] [pid 2078782:tid 2078782] protocol.c(2460): [client 34.56.124.53:62977] AH03155: select protocol from , choices=http/1.1 for server 2blog.ilc.edu.tw
[Wed Aug 26 00:00:14.020302 2026] [ssl:debug] [pid 2079930:tid 2079930] ssl_engine_kernel.c(2082): [client 2407:4b00:4c0d:252:80d3:1536:ac5b:4f27:52632] AH02041: Protocol: TLSv1.3, Cipher: TLS_AES_256_GCM_SHA384 (256/256 bits)
[Wed Aug 26 00:00:14.020361 2026] [socache_shmcb:debug] [pid 2079930:tid 2079930] mod_socache_shmcb.c(508): AH00831: socache_shmcb_store (0x78 -> subcache 24)
[Wed Aug 26 00:00:14.020374 2026] [socache_shmcb:debug] [pid 2079930:tid 2079930] mod_socache_shmcb.c(860): AH00847: insert happened at idx=3, data=(647:679)
[Wed Aug 26 00:00:14.020376 2026] [socache_shmcb:debug] [pid 2079930:tid 2079930] mod_socache_shmcb.c(863): AH00848: finished insert, subcache: idx_pos/idx_used=1/3, data_pos/data_used=228/642
[Wed Aug 26 00:00:14.020379 2026] [socache_shmcb:debug] [pid 2079930:tid 2079930] mod_socache_shmcb.c(530): AH00834: leaving socache_shmcb_store successfully
[Wed Aug 26 00:00:14.020450 2026] [socache_shmcb:debug] [pid 2079930:tid 2079930] mod_socache_shmcb.c(508): AH00831: socache_shmcb_store (0x71 -> subcache 17)
[Wed Aug 26 00:00:14.020459 2026] [socache_shmcb:debug] [pid 2079930:tid 2079930] mod_socache_shmcb.c(860): AH00847: insert happened at idx=4, data=(883:915)
[Wed Aug 26 00:00:14.020462 2026] [socache_shmcb:debug] [pid 2079930:tid 2079930] mod_socache_shmcb.c(863): AH00848: finished insert, subcache: idx_pos/idx_used=0/5, data_pos/data_used=0/1106
[Wed Aug 26 00:00:14.020464 2026] [socache_shmcb:debug] [pid 2079930:tid 2079930] mod_socache_shmcb.c(530): AH00834: leaving socache_shmcb_store successfully
[Wed Aug 26 00:00:14.094218 2026] [ssl:debug] [pid 2078745:tid 2078745] ssl_engine_kernel.c(254): [client 34.10.180.98:2561] AH02034: Initial (No.1) HTTPS request received for child 9 (server 2blog.ilc.edu.tw:443)
[Wed Aug 26 00:00:14.094438 2026] [authz_core:debug] [pid 2078745:tid 2078745] mod_authz_core.c(815): [client 34.10.180.98:2561] AH01626: authorization result of Require all granted: granted
[Wed Aug 26 00:00:14.094446 2026] [authz_core:debug] [pid 2078745:tid 2078745] mod_authz_core.c(815): [client 34.10.180.98:2561] AH01626: authorization result of : granted
[Wed Aug 26 00:00:14.094585 2026] [authz_core:debug] [pid 2078745:tid 2078745] mod_authz_core.c(815): [client 34.10.180.98:2561] AH01626: authorization result of Require all granted: granted
[Wed Aug 26 00:00:14.094591 2026] [authz_core:debug] [pid 2078745:tid 2078745] mod_authz_core.c(815): [client 34.10.180.98:2561] AH01626: authorization result of : granted
[Wed Aug 26 00:00:14.197798 2026] [ssl:info] [pid 2078778:tid 2078778] [client 40.77.167.71:23354] AH01964: Connection to child 0 established (server 2blog.ilc.edu.tw:443)
[Wed Aug 26 00:00:14.197955 2026] [ssl:debug] [pid 2078778:tid 2078778] ssl_engine_kernel.c(2222): [client 40.77.167.71:23354] AH02043: SSL virtual host for servername 2blog.ilc.edu.tw found
[Wed Aug 26 00:00:14.313091 2026] [ssl:debug] [pid 2078927:tid 2078927] ssl_engine_io.c(1150): [client 2001:b011:8013:30f0:3843:a6fb:dd95:7b4a:62711] AH02001: Connection closed to child 3 with standard shutdown (server 2blog.ilc.edu.tw:443)
[Wed Aug 26 00:00:14.377433 2026] [ssl:debug] [pid 2078782:tid 2078782] ssl_engine_kernel.c(2082): [client 34.56.124.53:62977] AH02041: Protocol: TLSv1.3, Cipher: TLS_AES_256_GCM_SHA384 (256/256 bits)
[Wed Aug 26 00:00:14.377483 2026] [socache_shmcb:debug] [pid 2078782:tid 2078782] mod_socache_shmcb.c(508): AH00831: socache_shmcb_store (0x5d -> subcache 29)
[Wed Aug 26 00:00:14.377506 2026] [socache_shmcb:debug] [pid 2078782:tid 2078782] mod_socache_shmcb.c(860): AH00847: insert happened at idx=3, data=(676:708)
[Wed Aug 26 00:00:14.377508 2026] [socache_shmcb:debug] [pid 2078782:tid 2078782] mod_socache_shmcb.c(863): AH00848: finished insert, subcache: idx_pos/idx_used=0/4, data_pos/data_used=0/901
[Wed Aug 26 00:00:14.377510 2026] [socache_shmcb:debug] [pid 2078782:tid 2078782] mod_socache_shmcb.c(530): AH00834: leaving socache_shmcb_store successfully
[Wed Aug 26 00:00:14.377565 2026] [socache_shmcb:debug] [pid 2078782:tid 2078782] mod_socache_shmcb.c(508): AH00831: socache_shmcb_store (0x5a -> subcache 26)
[Wed Aug 26 00:00:14.377571 2026] [socache_shmcb:debug] [pid 2078782:tid 2078782] mod_socache_shmcb.c(860): AH00847: insert happened at idx=1, data=(225:257)
[Wed Aug 26 00:00:14.377573 2026] [socache_shmcb:debug] [pid 2078782:tid 2078782] mod_socache_shmcb.c(863): AH00848: finished insert, subcache: idx_pos/idx_used=0/2, data_pos/data_used=0/451
[Wed Aug 26 00:00:14.377574 2026] [socache_shmcb:debug] [pid 2078782:tid 2078782] mod_socache_shmcb.c(530): AH00834: leaving socache_shmcb_store successfully
[Wed Aug 26 00:00:14.393795 2026] [ssl:debug] [pid 2078778:tid 2078778] ssl_engine_kernel.c(2082): [client 40.77.167.71:23354] AH02041: Protocol: TLSv1.3, Cipher: TLS_AES_256_GCM_SHA384 (256/256 bits)
[Wed Aug 26 00:00:14.393859 2026] [socache_shmcb:debug] [pid 2078778:tid 2078778] mod_socache_shmcb.c(508): AH00831: socache_shmcb_store (0xc6 -> subcache 6)
[Wed Aug 26 00:00:14.393865 2026] [socache_shmcb:debug] [pid 2078778:tid 2078778] mod_socache_shmcb.c(860): AH00847: insert happened at idx=3, data=(672:704)
[Wed Aug 26 00:00:14.393867 2026] [socache_shmcb:debug] [pid 2078778:tid 2078778] mod_socache_shmcb.c(863): AH00848: finished insert, subcache: idx_pos/idx_used=0/4, data_pos/data_used=0/885
[Wed Aug 26 00:00:14.393869 2026] [socache_shmcb:debug] [pid 2078778:tid 2078778] mod_socache_shmcb.c(530): AH00834: leaving socache_shmcb_store successfully
[Wed Aug 26 00:00:14.393920 2026] [socache_shmcb:debug] [pid 2078778:tid 2078778] mod_socache_shmcb.c(508): AH00831: socache_shmcb_store (0x4b -> subcache 11)
[Wed Aug 26 00:00:14.393931 2026] [socache_shmcb:debug] [pid 2078778:tid 2078778] mod_socache_shmcb.c(860): AH00847: insert happened at idx=1, data=(225:257)
[Wed Aug 26 00:00:14.393932 2026] [socache_shmcb:debug] [pid 2078778:tid 2078778] mod_socache_shmcb.c(863): AH00848: finished insert, subcache: idx_pos/idx_used=0/2, data_pos/data_used=0/438
[Wed Aug 26 00:00:14.393934 2026] [socache_shmcb:debug] [pid 2078778:tid 2078778] mod_socache_shmcb.c(530): AH00834: leaving socache_shmcb_store successfully
[Wed Aug 26 00:00:14.394490 2026] [ssl:debug] [pid 2078778:tid 2078778] ssl_engine_kernel.c(254): [client 40.77.167.71:23354] AH02034: Initial (No.1) HTTPS request received for child 0 (server 2blog.ilc.edu.tw:443)
[Wed Aug 26 00:00:14.394650 2026] [authz_core:debug] [pid 2078778:tid 2078778] mod_authz_core.c(815): [client 40.77.167.71:23354] AH01626: authorization result of Require all granted: granted
[Wed Aug 26 00:00:14.394654 2026] [authz_core:debug] [pid 2078778:tid 2078778] mod_authz_core.c(815): [client 40.77.167.71:23354] AH01626: authorization result of : granted
[Wed Aug 26 00:00:14.394768 2026] [authz_core:debug] [pid 2078778:tid 2078778] mod_authz_core.c(815): [client 40.77.167.71:23354] AH01626: authorization result of Require all granted: granted
[Wed Aug 26 00:00:14.394772 2026] [authz_core:debug] [pid 2078778:tid 2078778] mod_authz_core.c(815): [client 40.77.167.71:23354] AH01626: authorization result of : granted
[Wed Aug 26 00:00:14.544763 2026] [deflate:debug] [pid 2078745:tid 2078745] mod_deflate.c(909): [client 34.10.180.98:2561] AH01384: Zlib: Compressed 39921 to 9993 : URL /index.php
[Wed Aug 26 00:00:14.639424 2026] [ssl:debug] [pid 2078782:tid 2078782] ssl_engine_kernel.c(254): [client 34.56.124.53:62977] AH02034: Initial (No.1) HTTPS request received for child 2 (server 2blog.ilc.edu.tw:443)
[Wed Aug 26 00:00:14.639618 2026] [authz_core:debug] [pid 2078782:tid 2078782] mod_authz_core.c(815): [client 34.56.124.53:62977] AH01626: authorization result of Require all granted: granted
[Wed Aug 26 00:00:14.639626 2026] [authz_core:debug] [pid 2078782:tid 2078782] mod_authz_core.c(815): [client 34.56.124.53:62977] AH01626: authorization result of : granted
[Wed Aug 26 00:00:14.639743 2026] [authz_core:debug] [pid 2078782:tid 2078782] mod_authz_core.c(815): [client 34.56.124.53:62977] AH01626: authorization result of Require all granted: granted
[Wed Aug 26 00:00:14.639747 2026] [authz_core:debug] [pid 2078782:tid 2078782] mod_authz_core.c(815): [client 34.56.124.53:62977] AH01626: authorization result of : granted
[Wed Aug 26 00:00:14.645096 2026] [ssl:debug] [pid 2079779:tid 2079779] ssl_engine_io.c(1150): [client 2401:e180:88b2:3612:8d4c:cf4b:ac6c:266f:61292] AH02001: Connection closed to child 11 with standard shutdown (server www.waldorf.ilc.edu.tw:443)
[Wed Aug 26 00:00:14.645095 2026] [ssl:debug] [pid 2079139:tid 2079139] ssl_engine_io.c(1150): [client 2401:e180:88b2:3612:8d4c:cf4b:ac6c:266f:61290] AH02001: Connection closed to child 4 with standard shutdown (server www.waldorf.ilc.edu.tw:443)
[Wed Aug 26 00:00:14.645155 2026] [ssl:debug] [pid 2079363:tid 2079363] ssl_engine_io.c(1150): [client 2401:e180:88b2:3612:8d4c:cf4b:ac6c:266f:61293] AH02001: Connection closed to child 5 with standard shutdown (server www.waldorf.ilc.edu.tw:443)
[Wed Aug 26 00:00:14.645211 2026] [ssl:debug] [pid 2078744:tid 2078744] ssl_engine_io.c(1150): [client 2401:e180:88b2:3612:8d4c:cf4b:ac6c:266f:61291] AH02001: Connection closed to child 8 with standard shutdown (server www.waldorf.ilc.edu.tw:443)
[Wed Aug 26 00:00:14.645219 2026] [ssl:info] [pid 2079139:tid 2079139] [client 114.39.69.208:62383] AH01964: Connection to child 4 established (server 2blog.ilc.edu.tw:443)
[Wed Aug 26 00:00:14.645250 2026] [ssl:info] [pid 2079779:tid 2079779] [client 34.10.180.98:33793] AH01964: Connection to child 11 established (server 2blog.ilc.edu.tw:443)
[Wed Aug 26 00:00:14.645319 2026] [ssl:debug] [pid 2079139:tid 2079139] ssl_engine_kernel.c(2222): [client 114.39.69.208:62383] AH02043: SSL virtual host for servername 2blog.ilc.edu.tw found
[Wed Aug 26 00:00:14.645317 2026] [ssl:debug] [pid 2078749:tid 2078749] ssl_engine_io.c(1150): [client 2401:e180:88b2:3612:8d4c:cf4b:ac6c:266f:61288] AH02001: Connection closed to child 10 with standard shutdown (server www.waldorf.ilc.edu.tw:443)
[Wed Aug 26 00:00:14.645333 2026] [ssl:info] [pid 2079779:tid 2079779] (70014)End of file found: [client 34.10.180.98:33793] AH02006: SSL handshake stopped: connection was closed
[Wed Aug 26 00:00:14.645335 2026] [socache_shmcb:debug] [pid 2079139:tid 2079139] mod_socache_shmcb.c(545): AH00835: socache_shmcb_retrieve (0xa8 -> subcache 8)
[Wed Aug 26 00:00:14.645342 2026] [ssl:info] [pid 2079779:tid 2079779] [client 34.10.180.98:33793] AH01998: Connection closed to child 11 with abortive shutdown (server 2blog.ilc.edu.tw:443)
[Wed Aug 26 00:00:14.645348 2026] [socache_shmcb:debug] [pid 2079139:tid 2079139] mod_socache_shmcb.c(896): AH00849: match at idx=0, data=0
[Wed Aug 26 00:00:14.645351 2026] [socache_shmcb:debug] [pid 2079139:tid 2079139] mod_socache_shmcb.c(556): AH00836: leaving socache_shmcb_retrieve successfully
[Wed Aug 26 00:00:14.645434 2026] [ssl:debug] [pid 2079631:tid 2079631] ssl_engine_io.c(1150): [client 2401:e180:88b2:3612:8d4c:cf4b:ac6c:266f:61289] AH02001: Connection closed to child 7 with standard shutdown (server www.waldorf.ilc.edu.tw:443)
[Wed Aug 26 00:00:14.645473 2026] [core:debug] [pid 2079139:tid 2079139] protocol.c(2460): [client 114.39.69.208:62383] AH03155: select protocol from , choices=h2,http/1.1 for server 2blog.ilc.edu.tw
[Wed Aug 26 00:00:14.655667 2026] [ssl:debug] [pid 2079139:tid 2079139] ssl_engine_kernel.c(2082): [client 114.39.69.208:62383] AH02041: Protocol: TLSv1.3, Cipher: TLS_AES_256_GCM_SHA384 (256/256 bits)
[Wed Aug 26 00:00:14.655733 2026] [socache_shmcb:debug] [pid 2079139:tid 2079139] mod_socache_shmcb.c(508): AH00831: socache_shmcb_store (0x6c -> subcache 12)
[Wed Aug 26 00:00:14.655746 2026] [socache_shmcb:debug] [pid 2079139:tid 2079139] mod_socache_shmcb.c(860): AH00847: insert happened at idx=2, data=(438:470)
[Wed Aug 26 00:00:14.655749 2026] [socache_shmcb:debug] [pid 2079139:tid 2079139] mod_socache_shmcb.c(863): AH00848: finished insert, subcache: idx_pos/idx_used=0/3, data_pos/data_used=0/663
[Wed Aug 26 00:00:14.655753 2026] [socache_shmcb:debug] [pid 2079139:tid 2079139] mod_socache_shmcb.c(530): AH00834: leaving socache_shmcb_store successfully
[Wed Aug 26 00:00:14.735067 2026] [deflate:debug] [pid 2078778:tid 2078778] mod_deflate.c(909): [client 40.77.167.71:23354] AH01384: Zlib: Compressed 31169 to 7876 : URL /index.php
[Wed Aug 26 00:00:15.226219 2026] [headers:debug] [pid 2078744:tid 2078744] mod_headers.c(900): AH01503: headers: ap_headers_error_filter()
[Wed Aug 26 00:00:15.542443 2026] [ssl:info] [pid 2079363:tid 2079363] [client 140.111.67.10:46386] AH01964: Connection to child 5 established (server 2blog.ilc.edu.tw:443)
[Wed Aug 26 00:00:15.542623 2026] [ssl:info] [pid 2079363:tid 2079363] (70014)End of file found: [client 140.111.67.10:46386] AH02006: SSL handshake stopped: connection was closed
[Wed Aug 26 00:00:15.542632 2026] [ssl:info] [pid 2079363:tid 2079363] [client 140.111.67.10:46386] AH01998: Connection closed to child 5 with abortive shutdown (server 2blog.ilc.edu.tw:443)
[Wed Aug 26 00:00:15.853735 2026] [ssl:info] [pid 2078749:tid 2078749] [client 34.123.149.87:64000] AH01964: Connection to child 10 established (server 2blog.ilc.edu.tw:443)
[Wed Aug 26 00:00:15.853937 2026] [ssl:debug] [pid 2078749:tid 2078749] ssl_engine_kernel.c(2222): [client 34.123.149.87:64000] AH02043: SSL virtual host for servername 2blog.ilc.edu.tw found
[Wed Aug 26 00:00:15.854012 2026] [core:debug] [pid 2078749:tid 2078749] protocol.c(2460): [client 34.123.149.87:64000] AH03155: select protocol from , choices=http/1.1 for server 2blog.ilc.edu.tw
[Wed Aug 26 00:00:16.038616 2026] [ssl:info] [pid 2079779:tid 2079779] [client 54.84.93.8:39230] AH01964: Connection to child 11 established (server 2blog.ilc.edu.tw:443)
[Wed Aug 26 00:00:16.038814 2026] [ssl:debug] [pid 2079779:tid 2079779] ssl_engine_kernel.c(2222): [client 54.84.93.8:39230] AH02043: SSL virtual host for servername 2blog.ilc.edu.tw found
[Wed Aug 26 00:00:16.071637 2026] [ssl:debug] [pid 2078749:tid 2078749] ssl_engine_kernel.c(2082): [client 34.123.149.87:64000] AH02041: Protocol: TLSv1.3, Cipher: TLS_AES_256_GCM_SHA384 (256/256 bits)
[Wed Aug 26 00:00:16.071719 2026] [socache_shmcb:debug] [pid 2078749:tid 2078749] mod_socache_shmcb.c(508): AH00831: socache_shmcb_store (0xb4 -> subcache 20)
[Wed Aug 26 00:00:16.071734 2026] [socache_shmcb:debug] [pid 2078749:tid 2078749] mod_socache_shmcb.c(860): AH00847: insert happened at idx=3, data=(677:709)
[Wed Aug 26 00:00:16.071738 2026] [socache_shmcb:debug] [pid 2078749:tid 2078749] mod_socache_shmcb.c(863): AH00848: finished insert, subcache: idx_pos/idx_used=0/4, data_pos/data_used=0/902
[Wed Aug 26 00:00:16.071794 2026] [socache_shmcb:debug] [pid 2078749:tid 2078749] mod_socache_shmcb.c(530): AH00834: leaving socache_shmcb_store successfully
[Wed Aug 26 00:00:16.071871 2026] [socache_shmcb:debug] [pid 2078749:tid 2078749] mod_socache_shmcb.c(508): AH00831: socache_shmcb_store (0xde -> subcache 30)
[Wed Aug 26 00:00:16.071880 2026] [socache_shmcb:debug] [pid 2078749:tid 2078749] mod_socache_shmcb.c(860): AH00847: insert happened at idx=4, data=(890:922)
[Wed Aug 26 00:00:16.071883 2026] [socache_shmcb:debug] [pid 2078749:tid 2078749] mod_socache_shmcb.c(863): AH00848: finished insert, subcache: idx_pos/idx_used=0/5, data_pos/data_used=0/1116
[Wed Aug 26 00:00:16.071886 2026] [socache_shmcb:debug] [pid 2078749:tid 2078749] mod_socache_shmcb.c(530): AH00834: leaving socache_shmcb_store successfully
[Wed Aug 26 00:00:16.091701 2026] [ssl:debug] [pid 2078749:tid 2078749] ssl_engine_kernel.c(254): [client 34.123.149.87:64000] AH02034: Initial (No.1) HTTPS request received for child 10 (server 2blog.ilc.edu.tw:443)
[Wed Aug 26 00:00:16.091917 2026] [authz_core:debug] [pid 2078749:tid 2078749] mod_authz_core.c(815): [client 34.123.149.87:64000] AH01626: authorization result of Require all granted: granted
[Wed Aug 26 00:00:16.091927 2026] [authz_core:debug] [pid 2078749:tid 2078749] mod_authz_core.c(815): [client 34.123.149.87:64000] AH01626: authorization result of : granted
[Wed Aug 26 00:00:16.092078 2026] [authz_core:debug] [pid 2078749:tid 2078749] mod_authz_core.c(815): [client 34.123.149.87:64000] AH01626: authorization result of Require all granted: granted
[Wed Aug 26 00:00:16.092084 2026] [authz_core:debug] [pid 2078749:tid 2078749] mod_authz_core.c(815): [client 34.123.149.87:64000] AH01626: authorization result of : granted
[Wed Aug 26 00:00:16.255678 2026] [ssl:debug] [pid 2079779:tid 2079779] ssl_engine_kernel.c(2082): [client 54.84.93.8:39230] AH02041: Protocol: TLSv1.3, Cipher: TLS_AES_256_GCM_SHA384 (256/256 bits)
[Wed Aug 26 00:00:16.255747 2026] [socache_shmcb:debug] [pid 2079779:tid 2079779] mod_socache_shmcb.c(508): AH00831: socache_shmcb_store (0x63 -> subcache 3)
[Wed Aug 26 00:00:16.255754 2026] [socache_shmcb:debug] [pid 2079779:tid 2079779] mod_socache_shmcb.c(860): AH00847: insert happened at idx=3, data=(678:710)
[Wed Aug 26 00:00:16.255757 2026] [socache_shmcb:debug] [pid 2079779:tid 2079779] mod_socache_shmcb.c(863): AH00848: finished insert, subcache: idx_pos/idx_used=0/4, data_pos/data_used=0/892
[Wed Aug 26 00:00:16.255773 2026] [socache_shmcb:debug] [pid 2079779:tid 2079779] mod_socache_shmcb.c(530): AH00834: leaving socache_shmcb_store successfully
[Wed Aug 26 00:00:16.255848 2026] [socache_shmcb:debug] [pid 2079779:tid 2079779] mod_socache_shmcb.c(508): AH00831: socache_shmcb_store (0x39 -> subcache 25)
[Wed Aug 26 00:00:16.255869 2026] [socache_shmcb:debug] [pid 2079779:tid 2079779] mod_socache_shmcb.c(860): AH00847: insert happened at idx=0, data=(0:32)
[Wed Aug 26 00:00:16.255873 2026] [socache_shmcb:debug] [pid 2079779:tid 2079779] mod_socache_shmcb.c(863): AH00848: finished insert, subcache: idx_pos/idx_used=0/1, data_pos/data_used=0/214
[Wed Aug 26 00:00:16.255875 2026] [socache_shmcb:debug] [pid 2079779:tid 2079779] mod_socache_shmcb.c(530): AH00834: leaving socache_shmcb_store successfully
[Wed Aug 26 00:00:16.256022 2026] [ssl:debug] [pid 2079779:tid 2079779] ssl_engine_kernel.c(254): [client 54.84.93.8:39230] AH02034: Initial (No.1) HTTPS request received for child 11 (server 2blog.ilc.edu.tw:443)
[Wed Aug 26 00:00:16.264185 2026] [authz_core:debug] [pid 2079779:tid 2079779] mod_authz_core.c(815): [client 54.84.93.8:39230] AH01626: authorization result of Require all granted: granted
[Wed Aug 26 00:00:16.264208 2026] [authz_core:debug] [pid 2079779:tid 2079779] mod_authz_core.c(815): [client 54.84.93.8:39230] AH01626: authorization result of : granted
[Wed Aug 26 00:00:16.266160 2026] [ssl:debug] [pid 2079779:tid 2079779] ssl_engine_io.c(1150): [client 54.84.93.8:39230] AH02001: Connection closed to child 11 with standard shutdown (server 2blog.ilc.edu.tw:443)
[Wed Aug 26 00:00:16.310291 2026] [ssl:info] [pid 2079631:tid 2079631] [client 98.83.94.113:8715] AH01964: Connection to child 7 established (server 2blog.ilc.edu.tw:443)
