[Wed Aug 26 00:00:10.778516 2026] [ssl:debug] [pid 2079139:tid 2079139] ssl_engine_kernel.c(2082): [client 127.0.0.1:34116] AH02041: Protocol: TLSv1.3, Cipher: TLS_AES_256_GCM_SHA384 (256/256 bits)
[Wed Aug 26 00:00:10.778577 2026] [socache_shmcb:debug] [pid 2079139:tid 2079139] mod_socache_shmcb.c(508): AH00831: socache_shmcb_store (0x58 -> subcache 24)
[Wed Aug 26 00:00:10.778587 2026] [socache_shmcb:debug] [pid 2079139:tid 2079139] mod_socache_shmcb.c(860): AH00847: insert happened at idx=1, data=(228:260)
[Wed Aug 26 00:00:10.778590 2026] [socache_shmcb:debug] [pid 2079139:tid 2079139] mod_socache_shmcb.c(863): AH00848: finished insert, subcache: idx_pos/idx_used=0/2, data_pos/data_used=0/434
[Wed Aug 26 00:00:10.778592 2026] [socache_shmcb:debug] [pid 2079139:tid 2079139] mod_socache_shmcb.c(530): AH00834: leaving socache_shmcb_store successfully
[Wed Aug 26 00:00:10.778646 2026] [socache_shmcb:debug] [pid 2079139:tid 2079139] mod_socache_shmcb.c(508): AH00831: socache_shmcb_store (0x44 -> subcache 4)
[Wed Aug 26 00:00:10.778655 2026] [socache_shmcb:debug] [pid 2079139:tid 2079139] mod_socache_shmcb.c(860): AH00847: insert happened at idx=0, data=(0:32)
[Wed Aug 26 00:00:10.778657 2026] [socache_shmcb:debug] [pid 2079139:tid 2079139] mod_socache_shmcb.c(863): AH00848: finished insert, subcache: idx_pos/idx_used=0/1, data_pos/data_used=0/205
[Wed Aug 26 00:00:10.778659 2026] [socache_shmcb:debug] [pid 2079139:tid 2079139] mod_socache_shmcb.c(530): AH00834: leaving socache_shmcb_store successfully
[Wed Aug 26 00:00:10.778768 2026] [ssl:debug] [pid 2079139:tid 2079139] ssl_engine_kernel.c(254): [client 127.0.0.1:34116] AH02034: Initial (No.1) HTTPS request received for child 4 (server 2blog.ilc.edu.tw:443)
[Wed Aug 26 00:00:10.779015 2026] [authz_core:debug] [pid 2079139:tid 2079139] mod_authz_core.c(815): [client 127.0.0.1:34116] AH01626: authorization result of Require all granted: granted
[Wed Aug 26 00:00:10.779021 2026] [authz_core:debug] [pid 2079139:tid 2079139] mod_authz_core.c(815): [client 127.0.0.1:34116] AH01626: authorization result of : granted
[Wed Aug 26 00:00:10.779639 2026] [authz_core:debug] [pid 2079139:tid 2079139] mod_authz_core.c(815): [client 127.0.0.1:34116] AH01626: authorization result of Require all granted: granted
[Wed Aug 26 00:00:10.779649 2026] [authz_core:debug] [pid 2079139:tid 2079139] mod_authz_core.c(815): [client 127.0.0.1:34116] AH01626: authorization result of : granted
[Wed Aug 26 00:00:10.790401 2026] [watchdog:debug] [pid 2079363:tid 2079363] mod_watchdog.c(559): AH02980: Watchdog: nothing configured?
[Wed Aug 26 00:00:10.811474 2026] [ssl:debug] [pid 2079139:tid 2079139] ssl_engine_io.c(1150): [client 127.0.0.1:34116] AH02001: Connection closed to child 4 with standard shutdown (server 2blog.ilc.edu.tw:443)
[Wed Aug 26 00:00:10.822494 2026] [ssl:info] [pid 2078742:tid 2078742] [client 127.0.0.1:34122] AH01964: Connection to child 14 established (server 2blog.ilc.edu.tw:443)
[Wed Aug 26 00:00:10.822763 2026] [ssl:debug] [pid 2078742:tid 2078742] ssl_engine_kernel.c(2230): [client 127.0.0.1:34122] AH02044: No matching SSL virtual host for servername localhost found (using default/first virtual host)
[Wed Aug 26 00:00:10.822827 2026] [core:debug] [pid 2078742:tid 2078742] protocol.c(2460): [client 127.0.0.1:34122] AH03155: select protocol from , choices=h2,http/1.1 for server 2blog.ilc.edu.tw
[Wed Aug 26 00:00:10.825835 2026] [ssl:debug] [pid 2078742:tid 2078742] ssl_engine_kernel.c(2082): [client 127.0.0.1:34122] AH02041: Protocol: TLSv1.3, Cipher: TLS_AES_256_GCM_SHA384 (256/256 bits)
[Wed Aug 26 00:00:10.825891 2026] [socache_shmcb:debug] [pid 2078742:tid 2078742] mod_socache_shmcb.c(508): AH00831: socache_shmcb_store (0x0c -> subcache 12)
[Wed Aug 26 00:00:10.825915 2026] [socache_shmcb:debug] [pid 2078742:tid 2078742] mod_socache_shmcb.c(860): AH00847: insert happened at idx=0, data=(0:32)
[Wed Aug 26 00:00:10.825918 2026] [socache_shmcb:debug] [pid 2078742:tid 2078742] mod_socache_shmcb.c(863): AH00848: finished insert, subcache: idx_pos/idx_used=0/1, data_pos/data_used=0/206
[Wed Aug 26 00:00:10.825927 2026] [socache_shmcb:debug] [pid 2078742:tid 2078742] mod_socache_shmcb.c(530): AH00834: leaving socache_shmcb_store successfully
[Wed Aug 26 00:00:10.826014 2026] [socache_shmcb:debug] [pid 2078742:tid 2078742] mod_socache_shmcb.c(508): AH00831: socache_shmcb_store (0x21 -> subcache 1)
[Wed Aug 26 00:00:10.826023 2026] [socache_shmcb:debug] [pid 2078742:tid 2078742] mod_socache_shmcb.c(860): AH00847: insert happened at idx=3, data=(677:709)
[Wed Aug 26 00:00:10.826025 2026] [socache_shmcb:debug] [pid 2078742:tid 2078742] mod_socache_shmcb.c(863): AH00848: finished insert, subcache: idx_pos/idx_used=0/4, data_pos/data_used=0/883
[Wed Aug 26 00:00:10.826026 2026] [socache_shmcb:debug] [pid 2078742:tid 2078742] mod_socache_shmcb.c(530): AH00834: leaving socache_shmcb_store successfully
[Wed Aug 26 00:00:10.826226 2026] [ssl:debug] [pid 2078742:tid 2078742] ssl_engine_kernel.c(254): [client 127.0.0.1:34122] AH02034: Initial (No.1) HTTPS request received for child 14 (server 2blog.ilc.edu.tw:443)
[Wed Aug 26 00:00:10.826538 2026] [authz_core:debug] [pid 2078742:tid 2078742] mod_authz_core.c(815): [client 127.0.0.1:34122] AH01626: authorization result of Require all granted: granted
[Wed Aug 26 00:00:10.826551 2026] [authz_core:debug] [pid 2078742:tid 2078742] mod_authz_core.c(815): [client 127.0.0.1:34122] AH01626: authorization result of : granted
[Wed Aug 26 00:00:10.826768 2026] [authz_core:debug] [pid 2078742:tid 2078742] mod_authz_core.c(815): [client 127.0.0.1:34122] AH01626: authorization result of Require all granted: granted
[Wed Aug 26 00:00:10.826776 2026] [authz_core:debug] [pid 2078742:tid 2078742] mod_authz_core.c(815): [client 127.0.0.1:34122] AH01626: authorization result of : granted
[Wed Aug 26 00:00:10.835388 2026] [ssl:debug] [pid 2078742:tid 2078742] ssl_engine_io.c(1150): [client 127.0.0.1:34122] AH02001: Connection closed to child 14 with standard shutdown (server 2blog.ilc.edu.tw:443)
[Wed Aug 26 00:00:10.935139 2026] [ssl:info] [pid 2079363:tid 2079363] [client 127.0.0.1:34134] AH01964: Connection to child 5 established (server 2blog.ilc.edu.tw:443)
[Wed Aug 26 00:00:10.935657 2026] [ssl:debug] [pid 2079363:tid 2079363] ssl_engine_kernel.c(2230): [client 127.0.0.1:34134] AH02044: No matching SSL virtual host for servername 2blog.ap2 found (using default/first virtual host)
[Wed Aug 26 00:00:10.940424 2026] [ssl:debug] [pid 2079363:tid 2079363] ssl_engine_kernel.c(2082): [client 127.0.0.1:34134] AH02041: Protocol: TLSv1.3, Cipher: TLS_AES_256_GCM_SHA384 (256/256 bits)
[Wed Aug 26 00:00:10.940500 2026] [socache_shmcb:debug] [pid 2079363:tid 2079363] mod_socache_shmcb.c(508): AH00831: socache_shmcb_store (0xa2 -> subcache 2)
[Wed Aug 26 00:00:10.940512 2026] [socache_shmcb:debug] [pid 2079363:tid 2079363] mod_socache_shmcb.c(860): AH00847: insert happened at idx=1, data=(225:257)
[Wed Aug 26 00:00:10.940515 2026] [socache_shmcb:debug] [pid 2079363:tid 2079363] mod_socache_shmcb.c(863): AH00848: finished insert, subcache: idx_pos/idx_used=0/2, data_pos/data_used=0/418
[Wed Aug 26 00:00:10.940518 2026] [socache_shmcb:debug] [pid 2079363:tid 2079363] mod_socache_shmcb.c(530): AH00834: leaving socache_shmcb_store successfully
[Wed Aug 26 00:00:10.940598 2026] [socache_shmcb:debug] [pid 2079363:tid 2079363] mod_socache_shmcb.c(508): AH00831: socache_shmcb_store (0x89 -> subcache 9)
[Wed Aug 26 00:00:10.940607 2026] [socache_shmcb:debug] [pid 2079363:tid 2079363] mod_socache_shmcb.c(860): AH00847: insert happened at idx=2, data=(438:470)
[Wed Aug 26 00:00:10.940610 2026] [socache_shmcb:debug] [pid 2079363:tid 2079363] mod_socache_shmcb.c(863): AH00848: finished insert, subcache: idx_pos/idx_used=0/3, data_pos/data_used=0/631
[Wed Aug 26 00:00:10.940613 2026] [socache_shmcb:debug] [pid 2079363:tid 2079363] mod_socache_shmcb.c(530): AH00834: leaving socache_shmcb_store successfully
[Wed Aug 26 00:00:10.940721 2026] [ssl:debug] [pid 2079363:tid 2079363] ssl_engine_io.c(1150): [client 127.0.0.1:34134] AH02001: Connection closed to child 5 with standard shutdown (server 2blog.ilc.edu.tw:443)
[Wed Aug 26 00:00:11.091782 2026] [ssl:info] [pid 2079139:tid 2079139] [client 127.0.0.1:34144] AH01964: Connection to child 4 established (server 2blog.ilc.edu.tw:443)
[Wed Aug 26 00:00:11.092056 2026] [ssl:debug] [pid 2079139:tid 2079139] ssl_engine_kernel.c(2230): [client 127.0.0.1:34144] AH02044: No matching SSL virtual host for servername 2blog.ap2 found (using default/first virtual host)
[Wed Aug 26 00:00:11.092122 2026] [ssl:info] [pid 2079139:tid 2079139] [client 127.0.0.1:34144] AH02008: SSL library error 1 in handshake (server 2blog.ilc.edu.tw:443)
[Wed Aug 26 00:00:11.092134 2026] [ssl:info] [pid 2079139:tid 2079139] SSL Library Error: error:0A000102:SSL routines::unsupported protocol
[Wed Aug 26 00:00:11.092138 2026] [ssl:info] [pid 2079139:tid 2079139] [client 127.0.0.1:34144] AH01998: Connection closed to child 4 with abortive shutdown (server 2blog.ilc.edu.tw:443)
[Wed Aug 26 00:00:11.128513 2026] [ssl:info] [pid 2078742:tid 2078742] [client 127.0.0.1:34158] AH01964: Connection to child 14 established (server 2blog.ilc.edu.tw:443)
[Wed Aug 26 00:00:11.128704 2026] [ssl:debug] [pid 2078742:tid 2078742] ssl_engine_kernel.c(2230): [client 127.0.0.1:34158] AH02044: No matching SSL virtual host for servername 2blog.ap2 found (using default/first virtual host)
[Wed Aug 26 00:00:11.128768 2026] [ssl:info] [pid 2078742:tid 2078742] [client 127.0.0.1:34158] AH02008: SSL library error 1 in handshake (server 2blog.ilc.edu.tw:443)
[Wed Aug 26 00:00:11.128783 2026] [ssl:info] [pid 2078742:tid 2078742] SSL Library Error: error:0A000102:SSL routines::unsupported protocol
[Wed Aug 26 00:00:11.128789 2026] [ssl:info] [pid 2078742:tid 2078742] [client 127.0.0.1:34158] AH01998: Connection closed to child 14 with abortive shutdown (server 2blog.ilc.edu.tw:443)
[Wed Aug 26 00:00:11.166469 2026] [ssl:info] [pid 2079363:tid 2079363] [client 127.0.0.1:34162] AH01964: Connection to child 5 established (server 2blog.ilc.edu.tw:443)
[Wed Aug 26 00:00:11.166618 2026] [ssl:debug] [pid 2079363:tid 2079363] ssl_engine_kernel.c(2230): [client 127.0.0.1:34162] AH02044: No matching SSL virtual host for servername 2blog.ap2 found (using default/first virtual host)
[Wed Aug 26 00:00:11.169771 2026] [socache_shmcb:debug] [pid 2079363:tid 2079363] mod_socache_shmcb.c(508): AH00831: socache_shmcb_store (0xf5 -> subcache 21)
[Wed Aug 26 00:00:11.169797 2026] [socache_shmcb:debug] [pid 2079363:tid 2079363] mod_socache_shmcb.c(860): AH00847: insert happened at idx=0, data=(0:32)
[Wed Aug 26 00:00:11.169799 2026] [socache_shmcb:debug] [pid 2079363:tid 2079363] mod_socache_shmcb.c(863): AH00848: finished insert, subcache: idx_pos/idx_used=0/1, data_pos/data_used=0/190
[Wed Aug 26 00:00:11.169801 2026] [socache_shmcb:debug] [pid 2079363:tid 2079363] mod_socache_shmcb.c(530): AH00834: leaving socache_shmcb_store successfully
[Wed Aug 26 00:00:11.169810 2026] [ssl:debug] [pid 2079363:tid 2079363] ssl_engine_kernel.c(2082): [client 127.0.0.1:34162] AH02041: Protocol: TLSv1.2, Cipher: ECDHE-RSA-AES256-GCM-SHA384 (256/256 bits)
[Wed Aug 26 00:00:11.169923 2026] [ssl:debug] [pid 2079363:tid 2079363] ssl_engine_io.c(1150): [client 127.0.0.1:34162] AH02001: Connection closed to child 5 with standard shutdown (server 2blog.ilc.edu.tw:443)
[Wed Aug 26 00:00:11.209381 2026] [ssl:info] [pid 2079139:tid 2079139] [client 127.0.0.1:34166] AH01964: Connection to child 4 established (server 2blog.ilc.edu.tw:443)
[Wed Aug 26 00:00:11.209930 2026] [ssl:debug] [pid 2079139:tid 2079139] ssl_engine_kernel.c(2230): [client 127.0.0.1:34166] AH02044: No matching SSL virtual host for servername 2blog.ap2 found (using default/first virtual host)
[Wed Aug 26 00:00:11.215012 2026] [ssl:debug] [pid 2079139:tid 2079139] ssl_engine_kernel.c(2082): [client 127.0.0.1:34166] AH02041: Protocol: TLSv1.3, Cipher: TLS_AES_256_GCM_SHA384 (256/256 bits)
[Wed Aug 26 00:00:11.215064 2026] [socache_shmcb:debug] [pid 2079139:tid 2079139] mod_socache_shmcb.c(508): AH00831: socache_shmcb_store (0x12 -> subcache 18)
[Wed Aug 26 00:00:11.215076 2026] [socache_shmcb:debug] [pid 2079139:tid 2079139] mod_socache_shmcb.c(860): AH00847: insert happened at idx=2, data=(432:464)
[Wed Aug 26 00:00:11.215087 2026] [socache_shmcb:debug] [pid 2079139:tid 2079139] mod_socache_shmcb.c(863): AH00848: finished insert, subcache: idx_pos/idx_used=0/3, data_pos/data_used=0/626
[Wed Aug 26 00:00:11.215089 2026] [socache_shmcb:debug] [pid 2079139:tid 2079139] mod_socache_shmcb.c(530): AH00834: leaving socache_shmcb_store successfully
[Wed Aug 26 00:00:11.215171 2026] [socache_shmcb:debug] [pid 2079139:tid 2079139] mod_socache_shmcb.c(508): AH00831: socache_shmcb_store (0xa2 -> subcache 2)
[Wed Aug 26 00:00:11.215176 2026] [socache_shmcb:debug] [pid 2079139:tid 2079139] mod_socache_shmcb.c(860): AH00847: insert happened at idx=2, data=(418:450)
[Wed Aug 26 00:00:11.215177 2026] [socache_shmcb:debug] [pid 2079139:tid 2079139] mod_socache_shmcb.c(863): AH00848: finished insert, subcache: idx_pos/idx_used=0/3, data_pos/data_used=0/611
[Wed Aug 26 00:00:11.215179 2026] [socache_shmcb:debug] [pid 2079139:tid 2079139] mod_socache_shmcb.c(530): AH00834: leaving socache_shmcb_store successfully
[Wed Aug 26 00:00:11.215240 2026] [ssl:debug] [pid 2079139:tid 2079139] ssl_engine_io.c(1150): [client 127.0.0.1:34166] AH02001: Connection closed to child 4 with standard shutdown (server 2blog.ilc.edu.tw:443)
[Wed Aug 26 00:00:11.261409 2026] [ssl:info] [pid 2078742:tid 2078742] [client 127.0.0.1:34174] AH01964: Connection to child 14 established (server 2blog.ilc.edu.tw:443)
[Wed Aug 26 00:00:11.261562 2026] [ssl:debug] [pid 2078742:tid 2078742] ssl_engine_kernel.c(2230): [client 127.0.0.1:34174] AH02044: No matching SSL virtual host for servername 2blog.ap2 found (using default/first virtual host)
[Wed Aug 26 00:00:11.265050 2026] [ssl:debug] [pid 2078742:tid 2078742] ssl_engine_kernel.c(2082): [client 127.0.0.1:34174] AH02041: Protocol: TLSv1.3, Cipher: TLS_AES_256_GCM_SHA384 (256/256 bits)
[Wed Aug 26 00:00:11.265096 2026] [socache_shmcb:debug] [pid 2078742:tid 2078742] mod_socache_shmcb.c(508): AH00831: socache_shmcb_store (0x90 -> subcache 16)
[Wed Aug 26 00:00:11.265102 2026] [socache_shmcb:debug] [pid 2078742:tid 2078742] mod_socache_shmcb.c(860): AH00847: insert happened at idx=1, data=(226:258)
[Wed Aug 26 00:00:11.265104 2026] [socache_shmcb:debug] [pid 2078742:tid 2078742] mod_socache_shmcb.c(863): AH00848: finished insert, subcache: idx_pos/idx_used=0/2, data_pos/data_used=0/419
[Wed Aug 26 00:00:11.265106 2026] [socache_shmcb:debug] [pid 2078742:tid 2078742] mod_socache_shmcb.c(530): AH00834: leaving socache_shmcb_store successfully
[Wed Aug 26 00:00:11.265157 2026] [socache_shmcb:debug] [pid 2078742:tid 2078742] mod_socache_shmcb.c(508): AH00831: socache_shmcb_store (0xf0 -> subcache 16)
[Wed Aug 26 00:00:11.265161 2026] [socache_shmcb:debug] [pid 2078742:tid 2078742] mod_socache_shmcb.c(860): AH00847: insert happened at idx=2, data=(419:451)
[Wed Aug 26 00:00:11.265163 2026] [socache_shmcb:debug] [pid 2078742:tid 2078742] mod_socache_shmcb.c(863): AH00848: finished insert, subcache: idx_pos/idx_used=0/3, data_pos/data_used=0/613
[Wed Aug 26 00:00:11.265166 2026] [socache_shmcb:debug] [pid 2078742:tid 2078742] mod_socache_shmcb.c(530): AH00834: leaving socache_shmcb_store successfully
[Wed Aug 26 00:00:11.265246 2026] [ssl:debug] [pid 2078742:tid 2078742] ssl_engine_io.c(1150): [client 127.0.0.1:34174] AH02001: Connection closed to child 14 with standard shutdown (server 2blog.ilc.edu.tw:443)
[Wed Aug 26 00:00:11.281516 2026] [deflate:debug] [pid 2078749:tid 2078749] mod_deflate.c(909): [client 2a03:2880:f802:5:::33460] AH01384: Zlib: Compressed 108205 to 22240 : URL /index.php
[Wed Aug 26 00:00:11.281655 2026] [ssl:info] [pid 2078749:tid 2078749] (104)Connection reset by peer: [client 2a03:2880:f802:5:::33460] AH01993: SSL output filter write failed.
[Wed Aug 26 00:00:11.281799 2026] [socache_shmcb:debug] [pid 2078749:tid 2078749] mod_socache_shmcb.c(570): AH00837: socache_shmcb_remove (0xb8 -> subcache 24)
[Wed Aug 26 00:00:11.281807 2026] [socache_shmcb:debug] [pid 2078749:tid 2078749] mod_socache_shmcb.c(952): AH00852: possible match at idx=0, data=0
[Wed Aug 26 00:00:11.281814 2026] [socache_shmcb:debug] [pid 2078749:tid 2078749] mod_socache_shmcb.c(957): AH00853: shmcb_subcache_remove removing matching entry
[Wed Aug 26 00:00:11.281816 2026] [socache_shmcb:debug] [pid 2078749:tid 2078749] mod_socache_shmcb.c(585): AH00839: leaving socache_shmcb_remove successfully
[Wed Aug 26 00:00:11.381105 2026] [ssl:debug] [pid 2078743:tid 2078743] ssl_engine_io.c(1150): [client 40.77.167.71:23357] AH02001: Connection closed to child 6 with standard shutdown (server 2blog.ilc.edu.tw:443)
[Wed Aug 26 00:00:11.577070 2026] [ssl:debug] [pid 2078744:tid 2078744] ssl_engine_io.c(1150): [client 34.123.149.87:61953] AH02001: Connection closed to child 8 with standard shutdown (server 2blog.ilc.edu.tw:443)
[Wed Aug 26 00:00:11.781149 2026] [ssl:debug] [pid 2078745:tid 2078745] ssl_engine_io.c(1150): [client 40.77.167.1:64395] AH02001: Connection closed to child 9 with standard shutdown (server 2blog.ilc.edu.tw:443)
[Wed Aug 26 00:00:11.793959 2026] [watchdog:debug] [pid 2079631:tid 2079631] mod_watchdog.c(559): AH02980: Watchdog: nothing configured?
[Wed Aug 26 00:00:12.025686 2026] [ssl:info] [pid 2079363:tid 2079363] [client 54.152.163.42:49455] AH01964: Connection to child 5 established (server 2blog.ilc.edu.tw:443)
[Wed Aug 26 00:00:12.025889 2026] [ssl:debug] [pid 2079363:tid 2079363] ssl_engine_kernel.c(2222): [client 54.152.163.42:49455] AH02043: SSL virtual host for servername 2blog.ilc.edu.tw found
[Wed Aug 26 00:00:12.193969 2026] [ssl:info] [pid 2079139:tid 2079139] [client 34.171.68.95:4097] AH01964: Connection to child 4 established (server 2blog.ilc.edu.tw:443)
[Wed Aug 26 00:00:12.194109 2026] [ssl:info] [pid 2079139:tid 2079139] (70014)End of file found: [client 34.171.68.95:4097] AH02006: SSL handshake stopped: connection was closed
[Wed Aug 26 00:00:12.194115 2026] [ssl:info] [pid 2079139:tid 2079139] [client 34.171.68.95:4097] AH01998: Connection closed to child 4 with abortive shutdown (server 2blog.ilc.edu.tw:443)
[Wed Aug 26 00:00:12.249431 2026] [ssl:debug] [pid 2079363:tid 2079363] ssl_engine_kernel.c(2082): [client 54.152.163.42:49455] AH02041: Protocol: TLSv1.3, Cipher: TLS_AES_256_GCM_SHA384 (256/256 bits)
[Wed Aug 26 00:00:12.249482 2026] [socache_shmcb:debug] [pid 2079363:tid 2079363] mod_socache_shmcb.c(508): AH00831: socache_shmcb_store (0x11 -> subcache 17)
[Wed Aug 26 00:00:12.249492 2026] [socache_shmcb:debug] [pid 2079363:tid 2079363] mod_socache_shmcb.c(860): AH00847: insert happened at idx=2, data=(439:471)
[Wed Aug 26 00:00:12.249494 2026] [socache_shmcb:debug] [pid 2079363:tid 2079363] mod_socache_shmcb.c(863): AH00848: finished insert, subcache: idx_pos/idx_used=0/3, data_pos/data_used=0/652
[Wed Aug 26 00:00:12.249496 2026] [socache_shmcb:debug] [pid 2079363:tid 2079363] mod_socache_shmcb.c(530): AH00834: leaving socache_shmcb_store successfully
[Wed Aug 26 00:00:12.249548 2026] [socache_shmcb:debug] [pid 2079363:tid 2079363] mod_socache_shmcb.c(508): AH00831: socache_shmcb_store (0x78 -> subcache 24)
[Wed Aug 26 00:00:12.249551 2026] [socache_shmcb:debug] [pid 2079363:tid 2079363] mod_socache_shmcb.c(745): AH00842: expiring 0 and reclaiming 1 removed socache entries
[Wed Aug 26 00:00:12.249554 2026] [socache_shmcb:debug] [pid 2079363:tid 2079363] mod_socache_shmcb.c(765): AH00843: we now have 1 socache entries
[Wed Aug 26 00:00:12.249556 2026] [socache_shmcb:debug] [pid 2079363:tid 2079363] mod_socache_shmcb.c(860): AH00847: insert happened at idx=2, data=(434:466)
[Wed Aug 26 00:00:12.249558 2026] [socache_shmcb:debug] [pid 2079363:tid 2079363] mod_socache_shmcb.c(863): AH00848: finished insert, subcache: idx_pos/idx_used=1/2, data_pos/data_used=228/419
[Wed Aug 26 00:00:12.249559 2026] [socache_shmcb:debug] [pid 2079363:tid 2079363] mod_socache_shmcb.c(530): AH00834: leaving socache_shmcb_store successfully
[Wed Aug 26 00:00:12.249726 2026] [ssl:debug] [pid 2079363:tid 2079363] ssl_engine_kernel.c(254): [client 54.152.163.42:49455] AH02034: Initial (No.1) HTTPS request received for child 5 (server 2blog.ilc.edu.tw:443)
[Wed Aug 26 00:00:12.249993 2026] [authz_core:debug] [pid 2079363:tid 2079363] mod_authz_core.c(815): [client 54.152.163.42:49455] AH01626: authorization result of Require all granted: granted
[Wed Aug 26 00:00:12.250000 2026] [authz_core:debug] [pid 2079363:tid 2079363] mod_authz_core.c(815): [client 54.152.163.42:49455] AH01626: authorization result of : granted
[Wed Aug 26 00:00:12.250575 2026] [authz_core:debug] [pid 2079363:tid 2079363] mod_authz_core.c(815): [client 54.152.163.42:49455] AH01626: authorization result of Require all granted: granted
[Wed Aug 26 00:00:12.250582 2026] [authz_core:debug] [pid 2079363:tid 2079363] mod_authz_core.c(815): [client 54.152.163.42:49455] AH01626: authorization result of : granted
[Wed Aug 26 00:00:12.255522 2026] [ssl:info] [pid 2078742:tid 2078742] [client 114.39.69.208:49671] AH01964: Connection to child 14 established (server 2blog.ilc.edu.tw:443)
[Wed Aug 26 00:00:12.255672 2026] [ssl:debug] [pid 2078742:tid 2078742] ssl_engine_kernel.c(2222): [client 114.39.69.208:49671] AH02043: SSL virtual host for servername 2blog.ilc.edu.tw found
[Wed Aug 26 00:00:12.255724 2026] [core:debug] [pid 2078742:tid 2078742] protocol.c(2460): [client 114.39.69.208:49671] AH03155: select protocol from , choices=h2,http/1.1 for server 2blog.ilc.edu.tw
[Wed Aug 26 00:00:12.255757 2026] [ssl:debug] [pid 2078742:tid 2078742] ssl_util_stapling.c(819): AH01951: stapling_cb: OCSP Stapling callback called
[Wed Aug 26 00:00:12.255762 2026] [ssl:info] [pid 2078742:tid 2078742] AH01926: stapling_get_certinfo: stapling not supported for certificate
[Wed Aug 26 00:00:12.269102 2026] [ssl:debug] [pid 2078742:tid 2078742] ssl_engine_kernel.c(2082): [client 114.39.69.208:49671] AH02041: Protocol: TLSv1.3, Cipher: TLS_AES_256_GCM_SHA384 (256/256 bits)
[Wed Aug 26 00:00:12.269170 2026] [socache_shmcb:debug] [pid 2078742:tid 2078742] mod_socache_shmcb.c(508): AH00831: socache_shmcb_store (0x56 -> subcache 22)
[Wed Aug 26 00:00:12.269205 2026] [socache_shmcb:debug] [pid 2078742:tid 2078742] mod_socache_shmcb.c(860): AH00847: insert happened at idx=1, data=(214:246)
[Wed Aug 26 00:00:12.269207 2026] [socache_shmcb:debug] [pid 2078742:tid 2078742] mod_socache_shmcb.c(863): AH00848: finished insert, subcache: idx_pos/idx_used=0/2, data_pos/data_used=0/440
[Wed Aug 26 00:00:12.269209 2026] [socache_shmcb:debug] [pid 2078742:tid 2078742] mod_socache_shmcb.c(530): AH00834: leaving socache_shmcb_store successfully
[Wed Aug 26 00:00:12.269276 2026] [socache_shmcb:debug] [pid 2078742:tid 2078742] mod_socache_shmcb.c(508): AH00831: socache_shmcb_store (0xa8 -> subcache 8)
[Wed Aug 26 00:00:12.269289 2026] [socache_shmcb:debug] [pid 2078742:tid 2078742] mod_socache_shmcb.c(860): AH00847: insert happened at idx=0, data=(0:32)
[Wed Aug 26 00:00:12.269291 2026] [socache_shmcb:debug] [pid 2078742:tid 2078742] mod_socache_shmcb.c(863): AH00848: finished insert, subcache: idx_pos/idx_used=0/1, data_pos/data_used=0/225
[Wed Aug 26 00:00:12.269292 2026] [socache_shmcb:debug] [pid 2078742:tid 2078742] mod_socache_shmcb.c(530): AH00834: leaving socache_shmcb_store successfully
[Wed Aug 26 00:00:12.269634 2026] [ssl:debug] [pid 2078742:tid 2078742] ssl_engine_kernel.c(254): [client 114.39.69.208:49671] AH02034: Initial (No.1) HTTPS request received for child 14 (server 2blog.ilc.edu.tw:443), referer: https://2blog.ilc.edu.tw/dashen/%E8%A6%AA%E5%B8%AB%E5%90%88%E4%BD%9C%E5%A5%BD%E5%B7%A5%E5%85%B7%E2%94%80line-offical-account/
[Wed Aug 26 00:00:12.269840 2026] [authz_core:debug] [pid 2078742:tid 2078742] mod_authz_core.c(815): [client 114.39.69.208:49671] AH01626: authorization result of Require all granted: granted, referer: https://2blog.ilc.edu.tw/dashen/%E8%A6%AA%E5%B8%AB%E5%90%88%E4%BD%9C%E5%A5%BD%E5%B7%A5%E5%85%B7%E2%94%80line-offical-account/
[Wed Aug 26 00:00:12.269848 2026] [authz_core:debug] [pid 2078742:tid 2078742] mod_authz_core.c(815): [client 114.39.69.208:49671] AH01626: authorization result of : granted, referer: https://2blog.ilc.edu.tw/dashen/%E8%A6%AA%E5%B8%AB%E5%90%88%E4%BD%9C%E5%A5%BD%E5%B7%A5%E5%85%B7%E2%94%80line-offical-account/
[Wed Aug 26 00:00:12.271205 2026] [authz_core:debug] [pid 2078742:tid 2078742] mod_authz_core.c(815): [client 114.39.69.208:49671] AH01626: authorization result of Require all granted: granted, referer: https://2blog.ilc.edu.tw/dashen/%E8%A6%AA%E5%B8%AB%E5%90%88%E4%BD%9C%E5%A5%BD%E5%B7%A5%E5%85%B7%E2%94%80line-offical-account/
[Wed Aug 26 00:00:12.271227 2026] [authz_core:debug] [pid 2078742:tid 2078742] mod_authz_core.c(815): [client 114.39.69.208:49671] AH01626: authorization result of : granted, referer: https://2blog.ilc.edu.tw/dashen/%E8%A6%AA%E5%B8%AB%E5%90%88%E4%BD%9C%E5%A5%BD%E5%B7%A5%E5%85%B7%E2%94%80line-offical-account/
[Wed Aug 26 00:00:12.401080 2026] [ssl:debug] [pid 2078778:tid 2078778] ssl_engine_io.c(1150): [client 34.30.223.149:30208] AH02001: Connection closed to child 0 with standard shutdown (server 2blog.ilc.edu.tw:443)
[Wed Aug 26 00:00:12.535203 2026] [ssl:info] [pid 2078749:tid 2078749] [client 2401:e180:88b2:3612:8d4c:cf4b:ac6c:266f:61288] AH01964: Connection to child 10 established (server 2blog.ilc.edu.tw:443)
[Wed Aug 26 00:00:12.535443 2026] [ssl:debug] [pid 2078749:tid 2078749] ssl_engine_kernel.c(2222): [client 2401:e180:88b2:3612:8d4c:cf4b:ac6c:266f:61288] AH02043: SSL virtual host for servername www.waldorf.ilc.edu.tw found
[Wed Aug 26 00:00:12.535499 2026] [core:debug] [pid 2078749:tid 2078749] protocol.c(2460): [client 2401:e180:88b2:3612:8d4c:cf4b:ac6c:266f:61288] AH03155: select protocol from , choices=h2,http/1.1 for server www.waldorf.ilc.edu.tw
[Wed Aug 26 00:00:12.535539 2026] [ssl:debug] [pid 2078749:tid 2078749] ssl_util_stapling.c(819): AH01951: stapling_cb: OCSP Stapling callback called
[Wed Aug 26 00:00:12.535544 2026] [ssl:info] [pid 2078749:tid 2078749] AH01926: stapling_get_certinfo: stapling not supported for certificate
[Wed Aug 26 00:00:12.556917 2026] [deflate:debug] [pid 2079363:tid 2079363] mod_deflate.c(909): [client 54.152.163.42:49455] AH01384: Zlib: Compressed 20852 to 6563 : URL /index.php
[Wed Aug 26 00:00:12.557173 2026] [ssl:debug] [pid 2079363:tid 2079363] ssl_engine_io.c(1150): [client 54.152.163.42:49455] AH02001: Connection closed to child 5 with standard shutdown (server 2blog.ilc.edu.tw:443)
[Wed Aug 26 00:00:12.570620 2026] [ssl:debug] [pid 2078749:tid 2078749] ssl_engine_kernel.c(2082): [client 2401:e180:88b2:3612:8d4c:cf4b:ac6c:266f:61288] AH02041: Protocol: TLSv1.3, Cipher: TLS_AES_256_GCM_SHA384 (256/256 bits)
[Wed Aug 26 00:00:12.570683 2026] [socache_shmcb:debug] [pid 2078749:tid 2078749] mod_socache_shmcb.c(508): AH00831: socache_shmcb_store (0xce -> subcache 14)
[Wed Aug 26 00:00:12.570704 2026] [socache_shmcb:debug] [pid 2078749:tid 2078749] mod_socache_shmcb.c(860): AH00847: insert happened at idx=0, data=(0:32)
[Wed Aug 26 00:00:12.570707 2026] [socache_shmcb:debug] [pid 2078749:tid 2078749] mod_socache_shmcb.c(863): AH00848: finished insert, subcache: idx_pos/idx_used=0/1, data_pos/data_used=0/231
[Wed Aug 26 00:00:12.570709 2026] [socache_shmcb:debug] [pid 2078749:tid 2078749] mod_socache_shmcb.c(530): AH00834: leaving socache_shmcb_store successfully
[Wed Aug 26 00:00:12.570783 2026] [socache_shmcb:debug] [pid 2078749:tid 2078749] mod_socache_shmcb.c(508): AH00831: socache_shmcb_store (0xfb -> subcache 27)
[Wed Aug 26 00:00:12.570796 2026] [socache_shmcb:debug] [pid 2078749:tid 2078749] mod_socache_shmcb.c(860): AH00847: insert happened at idx=0, data=(0:32)
[Wed Aug 26 00:00:12.570799 2026] [socache_shmcb:debug] [pid 2078749:tid 2078749] mod_socache_shmcb.c(863): AH00848: finished insert, subcache: idx_pos/idx_used=0/1, data_pos/data_used=0/231
[Wed Aug 26 00:00:12.570802 2026] [socache_shmcb:debug] [pid 2078749:tid 2078749] mod_socache_shmcb.c(530): AH00834: leaving socache_shmcb_store successfully
[Wed Aug 26 00:00:12.575175 2026] [ssl:debug] [pid 2078749:tid 2078749] ssl_engine_kernel.c(254): [client 2401:e180:88b2:3612:8d4c:cf4b:ac6c:266f:61288] AH02034: Initial (No.1) HTTPS request received for child 10 (server www.waldorf.ilc.edu.tw:443), referer: https://www.waldorf.ilc.edu.tw/admission/
[Wed Aug 26 00:00:12.576414 2026] [authz_core:debug] [pid 2078749:tid 2078749] mod_authz_core.c(815): [client 2401:e180:88b2:3612:8d4c:cf4b:ac6c:266f:61288] AH01626: authorization result of Require all granted: granted, referer: https://www.waldorf.ilc.edu.tw/admission/
[Wed Aug 26 00:00:12.576429 2026] [authz_core:debug] [pid 2078749:tid 2078749] mod_authz_core.c(815): [client 2401:e180:88b2:3612:8d4c:cf4b:ac6c:266f:61288] AH01626: authorization result of : granted, referer: https://www.waldorf.ilc.edu.tw/admission/
[Wed Aug 26 00:00:12.577035 2026] [deflate:debug] [pid 2078749:tid 2078749] mod_deflate.c(909): [client 2401:e180:88b2:3612:8d4c:cf4b:ac6c:266f:61288] AH01384: Zlib: Compressed 486 to 267 : URL /wp-content/cache/www.waldorf.ilc.edu.tw/wpfc-minified/jpr50rx6/6xg3.css, referer: https://www.waldorf.ilc.edu.tw/admission/
[Wed Aug 26 00:00:12.600453 2026] [ssl:info] [pid 2079631:tid 2079631] [client 2401:e180:88b2:3612:8d4c:cf4b:ac6c:266f:61289] AH01964: Connection to child 7 established (server 2blog.ilc.edu.tw:443)
[Wed Aug 26 00:00:12.601042 2026] [ssl:debug] [pid 2079631:tid 2079631] ssl_engine_kernel.c(2222): [client 2401:e180:88b2:3612:8d4c:cf4b:ac6c:266f:61289] AH02043: SSL virtual host for servername www.waldorf.ilc.edu.tw found
[Wed Aug 26 00:00:12.601205 2026] [core:debug] [pid 2079631:tid 2079631] protocol.c(2460): [client 2401:e180:88b2:3612:8d4c:cf4b:ac6c:266f:61289] AH03155: select protocol from , choices=http/1.1 for server www.waldorf.ilc.edu.tw
[Wed Aug 26 00:00:12.601302 2026] [ssl:debug] [pid 2079631:tid 2079631] ssl_util_stapling.c(819): AH01951: stapling_cb: OCSP Stapling callback called
[Wed Aug 26 00:00:12.601311 2026] [ssl:info] [pid 2079631:tid 2079631] AH01926: stapling_get_certinfo: stapling not supported for certificate
[Wed Aug 26 00:00:12.605192 2026] [ssl:info] [pid 2079139:tid 2079139] [client 2401:e180:88b2:3612:8d4c:cf4b:ac6c:266f:61290] AH01964: Connection to child 4 established (server 2blog.ilc.edu.tw:443)
[Wed Aug 26 00:00:12.605333 2026] [ssl:debug] [pid 2079139:tid 2079139] ssl_engine_kernel.c(2222): [client 2401:e180:88b2:3612:8d4c:cf4b:ac6c:266f:61290] AH02043: SSL virtual host for servername www.waldorf.ilc.edu.tw found
[Wed Aug 26 00:00:12.605384 2026] [core:debug] [pid 2079139:tid 2079139] protocol.c(2460): [client 2401:e180:88b2:3612:8d4c:cf4b:ac6c:266f:61290] AH03155: select protocol from , choices=http/1.1 for server www.waldorf.ilc.edu.tw
[Wed Aug 26 00:00:12.605379 2026] [ssl:info] [pid 2078744:tid 2078744] [client 2401:e180:88b2:3612:8d4c:cf4b:ac6c:266f:61291] AH01964: Connection to child 8 established (server 2blog.ilc.edu.tw:443)
[Wed Aug 26 00:00:12.605419 2026] [ssl:debug] [pid 2079139:tid 2079139] ssl_util_stapling.c(819): AH01951: stapling_cb: OCSP Stapling callback called
[Wed Aug 26 00:00:12.605423 2026] [ssl:info] [pid 2079139:tid 2079139] AH01926: stapling_get_certinfo: stapling not supported for certificate
[Wed Aug 26 00:00:12.605646 2026] [ssl:debug] [pid 2078744:tid 2078744] ssl_engine_kernel.c(2222): [client 2401:e180:88b2:3612:8d4c:cf4b:ac6c:266f:61291] AH02043: SSL virtual host for servername www.waldorf.ilc.edu.tw found
[Wed Aug 26 00:00:12.605698 2026] [core:debug] [pid 2078744:tid 2078744] protocol.c(2460): [client 2401:e180:88b2:3612:8d4c:cf4b:ac6c:266f:61291] AH03155: select protocol from , choices=http/1.1 for server www.waldorf.ilc.edu.tw
[Wed Aug 26 00:00:12.605741 2026] [ssl:debug] [pid 2078744:tid 2078744] ssl_util_stapling.c(819): AH01951: stapling_cb: OCSP Stapling callback called
[Wed Aug 26 00:00:12.605749 2026] [ssl:info] [pid 2078744:tid 2078744] AH01926: stapling_get_certinfo: stapling not supported for certificate
[Wed Aug 26 00:00:12.605829 2026] [ssl:debug] [pid 2078749:tid 2078749] ssl_engine_kernel.c(254): [client 2401:e180:88b2:3612:8d4c:cf4b:ac6c:266f:61288] AH02034: Subsequent (No.2) HTTPS request received for child 10 (server www.waldorf.ilc.edu.tw:443), referer: https://www.waldorf.ilc.edu.tw/admission/
[Wed Aug 26 00:00:12.606057 2026] [authz_core:debug] [pid 2078749:tid 2078749] mod_authz_core.c(815): [client 2401:e180:88b2:3612:8d4c:cf4b:ac6c:266f:61288] AH01626: authorization result of Require all granted: granted, referer: https://www.waldorf.ilc.edu.tw/admission/
[Wed Aug 26 00:00:12.606074 2026] [authz_core:debug] [pid 2078749:tid 2078749] mod_authz_core.c(815): [client 2401:e180:88b2:3612:8d4c:cf4b:ac6c:266f:61288] AH01626: authorization result of : granted, referer: https://www.waldorf.ilc.edu.tw/admission/
[Wed Aug 26 00:00:12.606899 2026] [deflate:debug] [pid 2078749:tid 2078749] mod_deflate.c(909): [client 2401:e180:88b2:3612:8d4c:cf4b:ac6c:266f:61288] AH01384: Zlib: Compressed 18833 to 7293 : URL /wp-includes/js/underscore.min.js, referer: https://www.waldorf.ilc.edu.tw/admission/
[Wed Aug 26 00:00:12.630512 2026] [ssl:debug] [pid 2079631:tid 2079631] ssl_engine_kernel.c(2082): [client 2401:e180:88b2:3612:8d4c:cf4b:ac6c:266f:61289] AH02041: Protocol: TLSv1.3, Cipher: TLS_AES_256_GCM_SHA384 (256/256 bits)
[Wed Aug 26 00:00:12.630596 2026] [socache_shmcb:debug] [pid 2079631:tid 2079631] mod_socache_shmcb.c(508): AH00831: socache_shmcb_store (0x8d -> subcache 13)
[Wed Aug 26 00:00:12.630611 2026] [socache_shmcb:debug] [pid 2079631:tid 2079631] mod_socache_shmcb.c(860): AH00847: insert happened at idx=1, data=(214:246)
[Wed Aug 26 00:00:12.630614 2026] [socache_shmcb:debug] [pid 2079631:tid 2079631] mod_socache_shmcb.c(863): AH00848: finished insert, subcache: idx_pos/idx_used=0/2, data_pos/data_used=0/445
[Wed Aug 26 00:00:12.630617 2026] [socache_shmcb:debug] [pid 2079631:tid 2079631] mod_socache_shmcb.c(530): AH00834: leaving socache_shmcb_store successfully
[Wed Aug 26 00:00:12.630738 2026] [socache_shmcb:debug] [pid 2079631:tid 2079631] mod_socache_shmcb.c(508): AH00831: socache_shmcb_store (0x06 -> subcache 6)
[Wed Aug 26 00:00:12.630747 2026] [socache_shmcb:debug] [pid 2079631:tid 2079631] mod_socache_shmcb.c(860): AH00847: insert happened at idx=2, data=(440:472)
[Wed Aug 26 00:00:12.630750 2026] [socache_shmcb:debug] [pid 2079631:tid 2079631] mod_socache_shmcb.c(863): AH00848: finished insert, subcache: idx_pos/idx_used=0/3, data_pos/data_used=0/672
[Wed Aug 26 00:00:12.630753 2026] [socache_shmcb:debug] [pid 2079631:tid 2079631] mod_socache_shmcb.c(530): AH00834: leaving socache_shmcb_store successfully
[Wed Aug 26 00:00:12.638744 2026] [ssl:debug] [pid 2079631:tid 2079631] ssl_engine_kernel.c(254): [client 2401:e180:88b2:3612:8d4c:cf4b:ac6c:266f:61289] AH02034: Initial (No.1) HTTPS request received for child 7 (server www.waldorf.ilc.edu.tw:443), referer: https://www.waldorf.ilc.edu.tw/admission/
[Wed Aug 26 00:00:12.640540 2026] [authz_core:debug] [pid 2079631:tid 2079631] mod_authz_core.c(815): [client 2401:e180:88b2:3612:8d4c:cf4b:ac6c:266f:61289] AH01626: authorization result of Require all granted: granted, referer: https://www.waldorf.ilc.edu.tw/admission/
[Wed Aug 26 00:00:12.640561 2026] [authz_core:debug] [pid 2079631:tid 2079631] mod_authz_core.c(815): [client 2401:e180:88b2:3612:8d4c:cf4b:ac6c:266f:61289] AH01626: authorization result of : granted, referer: https://www.waldorf.ilc.edu.tw/admission/
[Wed Aug 26 00:00:12.640619 2026] [ssl:debug] [pid 2078744:tid 2078744] ssl_engine_kernel.c(2082): [client 2401:e180:88b2:3612:8d4c:cf4b:ac6c:266f:61291] AH02041: Protocol: TLSv1.3, Cipher: TLS_AES_256_GCM_SHA384 (256/256 bits)
[Wed Aug 26 00:00:12.640666 2026] [socache_shmcb:debug] [pid 2078744:tid 2078744] mod_socache_shmcb.c(508): AH00831: socache_shmcb_store (0x9b -> subcache 27)
[Wed Aug 26 00:00:12.640681 2026] [socache_shmcb:debug] [pid 2078744:tid 2078744] mod_socache_shmcb.c(860): AH00847: insert happened at idx=1, data=(231:263)
[Wed Aug 26 00:00:12.640684 2026] [socache_shmcb:debug] [pid 2078744:tid 2078744] mod_socache_shmcb.c(863): AH00848: finished insert, subcache: idx_pos/idx_used=0/2, data_pos/data_used=0/461
[Wed Aug 26 00:00:12.640686 2026] [socache_shmcb:debug] [pid 2078744:tid 2078744] mod_socache_shmcb.c(530): AH00834: leaving socache_shmcb_store successfully
[Wed Aug 26 00:00:12.640755 2026] [socache_shmcb:debug] [pid 2078744:tid 2078744] mod_socache_shmcb.c(508): AH00831: socache_shmcb_store (0x32 -> subcache 18)
[Wed Aug 26 00:00:12.640778 2026] [socache_shmcb:debug] [pid 2078744:tid 2078744] mod_socache_shmcb.c(860): AH00847: insert happened at idx=3, data=(626:658)
[Wed Aug 26 00:00:12.640781 2026] [socache_shmcb:debug] [pid 2078744:tid 2078744] mod_socache_shmcb.c(863): AH00848: finished insert, subcache: idx_pos/idx_used=0/4, data_pos/data_used=0/857
[Wed Aug 26 00:00:12.640783 2026] [socache_shmcb:debug] [pid 2078744:tid 2078744] mod_socache_shmcb.c(530): AH00834: leaving socache_shmcb_store successfully
[Wed Aug 26 00:00:12.640986 2026] [ssl:debug] [pid 2078749:tid 2078749] ssl_engine_kernel.c(254): [client 2401:e180:88b2:3612:8d4c:cf4b:ac6c:266f:61288] AH02034: Subsequent (No.3) HTTPS request received for child 10 (server www.waldorf.ilc.edu.tw:443), referer: https://www.waldorf.ilc.edu.tw/admission/
[Wed Aug 26 00:00:12.641178 2026] [authz_core:debug] [pid 2078749:tid 2078749] mod_authz_core.c(815): [client 2401:e180:88b2:3612:8d4c:cf4b:ac6c:266f:61288] AH01626: authorization result of Require all granted: granted, referer: https://www.waldorf.ilc.edu.tw/admission/
[Wed Aug 26 00:00:12.641187 2026] [authz_core:debug] [pid 2078749:tid 2078749] mod_authz_core.c(815): [client 2401:e180:88b2:3612:8d4c:cf4b:ac6c:266f:61288] AH01626: authorization result of : granted, referer: https://www.waldorf.ilc.edu.tw/admission/
[Wed Aug 26 00:00:12.643587 2026] [ssl:debug] [pid 2078744:tid 2078744] ssl_engine_kernel.c(254): [client 2401:e180:88b2:3612:8d4c:cf4b:ac6c:266f:61291] AH02034: Initial (No.1) HTTPS request received for child 8 (server www.waldorf.ilc.edu.tw:443), referer: https://www.waldorf.ilc.edu.tw/admission/
[Wed Aug 26 00:00:12.643789 2026] [deflate:debug] [pid 2078749:tid 2078749] mod_deflate.c(909): [client 2401:e180:88b2:3612:8d4c:cf4b:ac6c:266f:61288] AH01384: Zlib: Compressed 77376 to 21656 : URL /wp-content/themes/hueman/assets/front/js/scripts.min.js, referer: https://www.waldorf.ilc.edu.tw/admission/
[Wed Aug 26 00:00:12.644922 2026] [ssl:debug] [pid 2079139:tid 2079139] ssl_engine_kernel.c(2082): [client 2401:e180:88b2:3612:8d4c:cf4b:ac6c:266f:61290] AH02041: Protocol: TLSv1.3, Cipher: TLS_AES_256_GCM_SHA384 (256/256 bits)
[Wed Aug 26 00:00:12.644999 2026] [socache_shmcb:debug] [pid 2079139:tid 2079139] mod_socache_shmcb.c(508): AH00831: socache_shmcb_store (0xe4 -> subcache 4)
[Wed Aug 26 00:00:12.645005 2026] [socache_shmcb:debug] [pid 2079139:tid 2079139] mod_socache_shmcb.c(860): AH00847: insert happened at idx=1, data=(205:237)
[Wed Aug 26 00:00:12.645007 2026] [socache_shmcb:debug] [pid 2079139:tid 2079139] mod_socache_shmcb.c(863): AH00848: finished insert, subcache: idx_pos/idx_used=0/2, data_pos/data_used=0/436
[Wed Aug 26 00:00:12.645009 2026] [socache_shmcb:debug] [pid 2079139:tid 2079139] mod_socache_shmcb.c(530): AH00834: leaving socache_shmcb_store successfully
[Wed Aug 26 00:00:12.645063 2026] [socache_shmcb:debug] [pid 2079139:tid 2079139] mod_socache_shmcb.c(508): AH00831: socache_shmcb_store (0x71 -> subcache 17)
[Wed Aug 26 00:00:12.645069 2026] [socache_shmcb:debug] [pid 2079139:tid 2079139] mod_socache_shmcb.c(860): AH00847: insert happened at idx=3, data=(652:684)
[Wed Aug 26 00:00:12.645071 2026] [socache_shmcb:debug] [pid 2079139:tid 2079139] mod_socache_shmcb.c(863): AH00848: finished insert, subcache: idx_pos/idx_used=0/4, data_pos/data_used=0/883
[Wed Aug 26 00:00:12.645074 2026] [socache_shmcb:debug] [pid 2079139:tid 2079139] mod_socache_shmcb.c(530): AH00834: leaving socache_shmcb_store successfully
[Wed Aug 26 00:00:12.645300 2026] [authz_core:debug] [pid 2078744:tid 2078744] mod_authz_core.c(815): [client 2401:e180:88b2:3612:8d4c:cf4b:ac6c:266f:61291] AH01626: authorization result of Require all granted: granted, referer: https://www.waldorf.ilc.edu.tw/admission/
[Wed Aug 26 00:00:12.645311 2026] [authz_core:debug] [pid 2078744:tid 2078744] mod_authz_core.c(815): [client 2401:e180:88b2:3612:8d4c:cf4b:ac6c:266f:61291] AH01626: authorization result of : granted, referer: https://www.waldorf.ilc.edu.tw/admission/
[Wed Aug 26 00:00:12.646220 2026] [deflate:debug] [pid 2078744:tid 2078744] mod_deflate.c(909): [client 2401:e180:88b2:3612:8d4c:cf4b:ac6c:266f:61291] AH01384: Zlib: Compressed 8285 to 1117 : URL /wp-content/uploads/sites/1517/elementor/css/post-3931.css, referer: https://www.waldorf.ilc.edu.tw/admission/
[Wed Aug 26 00:00:12.649942 2026] [deflate:debug] [pid 2079631:tid 2079631] mod_deflate.c(909): [client 2401:e180:88b2:3612:8d4c:cf4b:ac6c:266f:61289] AH01384: Zlib: Compressed 305628 to 47313 : URL /wp-content/cache/www.waldorf.ilc.edu.tw/wpfc-minified/g1ne7hpx/6xg3.css, referer: https://www.waldorf.ilc.edu.tw/admission/
[Wed Aug 26 00:00:12.650105 2026] [ssl:debug] [pid 2079139:tid 2079139] ssl_engine_kernel.c(254): [client 2401:e180:88b2:3612:8d4c:cf4b:ac6c:266f:61290] AH02034: Initial (No.1) HTTPS request received for child 4 (server www.waldorf.ilc.edu.tw:443), referer: https://www.waldorf.ilc.edu.tw/admission/
[Wed Aug 26 00:00:12.651971 2026] [authz_core:debug] [pid 2079139:tid 2079139] mod_authz_core.c(815): [client 2401:e180:88b2:3612:8d4c:cf4b:ac6c:266f:61290] AH01626: authorization result of Require all granted: granted, referer: https://www.waldorf.ilc.edu.tw/admission/
[Wed Aug 26 00:00:12.651987 2026] [authz_core:debug] [pid 2079139:tid 2079139] mod_authz_core.c(815): [client 2401:e180:88b2:3612:8d4c:cf4b:ac6c:266f:61290] AH01626: authorization result of : granted, referer: https://www.waldorf.ilc.edu.tw/admission/
[Wed Aug 26 00:00:12.662765 2026] [deflate:debug] [pid 2079139:tid 2079139] mod_deflate.c(909): [client 2401:e180:88b2:3612:8d4c:cf4b:ac6c:266f:61290] AH01384: Zlib: Compressed 499245 to 46241 : URL /wp-content/cache/www.waldorf.ilc.edu.tw/wpfc-minified/s9du8dd/6xg3.css, referer: https://www.waldorf.ilc.edu.tw/admission/
[Wed Aug 26 00:00:12.675267 2026] [ssl:debug] [pid 2078744:tid 2078744] ssl_engine_kernel.c(254): [client 2401:e180:88b2:3612:8d4c:cf4b:ac6c:266f:61291] AH02034: Subsequent (No.2) HTTPS request received for child 8 (server www.waldorf.ilc.edu.tw:443), referer: https://www.waldorf.ilc.edu.tw/admission/
[Wed Aug 26 00:00:12.675478 2026] [authz_core:debug] [pid 2078744:tid 2078744] mod_authz_core.c(815): [client 2401:e180:88b2:3612:8d4c:cf4b:ac6c:266f:61291] AH01626: authorization result of Require all granted: granted, referer: https://www.waldorf.ilc.edu.tw/admission/
[Wed Aug 26 00:00:12.675484 2026] [authz_core:debug] [pid 2078744:tid 2078744] mod_authz_core.c(815): [client 2401:e180:88b2:3612:8d4c:cf4b:ac6c:266f:61291] AH01626: authorization result of : granted, referer: https://www.waldorf.ilc.edu.tw/admission/
[Wed Aug 26 00:00:12.675832 2026] [deflate:debug] [pid 2078744:tid 2078744] mod_deflate.c(909): [client 2401:e180:88b2:3612:8d4c:cf4b:ac6c:266f:61291] AH01384: Zlib: Compressed 5881 to 2664 : URL /wp-content/plugins/elementor-pro/assets/js/webpack-pro.runtime.min.js, referer: https://www.waldorf.ilc.edu.tw/admission/
[Wed Aug 26 00:00:12.695747 2026] [ssl:debug] [pid 2078749:tid 2078749] ssl_engine_kernel.c(254): [client 2401:e180:88b2:3612:8d4c:cf4b:ac6c:266f:61288] AH02034: Subsequent (No.4) HTTPS request received for child 10 (server www.waldorf.ilc.edu.tw:443), referer: https://www.waldorf.ilc.edu.tw/admission/
[Wed Aug 26 00:00:12.695967 2026] [authz_core:debug] [pid 2078749:tid 2078749] mod_authz_core.c(815): [client 2401:e180:88b2:3612:8d4c:cf4b:ac6c:266f:61288] AH01626: authorization result of Require all granted: granted, referer: https://www.waldorf.ilc.edu.tw/admission/
[Wed Aug 26 00:00:12.695976 2026] [authz_core:debug] [pid 2078749:tid 2078749] mod_authz_core.c(815): [client 2401:e180:88b2:3612:8d4c:cf4b:ac6c:266f:61288] AH01626: authorization result of : granted, referer: https://www.waldorf.ilc.edu.tw/admission/
[Wed Aug 26 00:00:12.696327 2026] [deflate:debug] [pid 2078749:tid 2078749] mod_deflate.c(909): [client 2401:e180:88b2:3612:8d4c:cf4b:ac6c:266f:61288] AH01384: Zlib: Compressed 4997 to 2197 : URL /wp-content/plugins/elementor/assets/js/webpack.runtime.min.js, referer: https://www.waldorf.ilc.edu.tw/admission/
[Wed Aug 26 00:00:12.715473 2026] [ssl:debug] [pid 2078744:tid 2078744] ssl_engine_kernel.c(254): [client 2401:e180:88b2:3612:8d4c:cf4b:ac6c:266f:61291] AH02034: Subsequent (No.3) HTTPS request received for child 8 (server www.waldorf.ilc.edu.tw:443), referer: https://www.waldorf.ilc.edu.tw/admission/
[Wed Aug 26 00:00:12.715719 2026] [authz_core:debug] [pid 2078744:tid 2078744] mod_authz_core.c(815): [client 2401:e180:88b2:3612:8d4c:cf4b:ac6c:266f:61291] AH01626: authorization result of Require all granted: granted, referer: https://www.waldorf.ilc.edu.tw/admission/
[Wed Aug 26 00:00:12.715730 2026] [authz_core:debug] [pid 2078744:tid 2078744] mod_authz_core.c(815): [client 2401:e180:88b2:3612:8d4c:cf4b:ac6c:266f:61291] AH01626: authorization result of : granted, referer: https://www.waldorf.ilc.edu.tw/admission/
[Wed Aug 26 00:00:12.715764 2026] [ssl:debug] [pid 2079631:tid 2079631] ssl_engine_kernel.c(254): [client 2401:e180:88b2:3612:8d4c:cf4b:ac6c:266f:61289] AH02034: Subsequent (No.2) HTTPS request received for child 7 (server www.waldorf.ilc.edu.tw:443), referer: https://www.waldorf.ilc.edu.tw/admission/
[Wed Aug 26 00:00:12.715923 2026] [authz_core:debug] [pid 2079631:tid 2079631] mod_authz_core.c(815): [client 2401:e180:88b2:3612:8d4c:cf4b:ac6c:266f:61289] AH01626: authorization result of Require all granted: granted, referer: https://www.waldorf.ilc.edu.tw/admission/
[Wed Aug 26 00:00:12.715927 2026] [authz_core:debug] [pid 2079631:tid 2079631] mod_authz_core.c(815): [client 2401:e180:88b2:3612:8d4c:cf4b:ac6c:266f:61289] AH01626: authorization result of : granted, referer: https://www.waldorf.ilc.edu.tw/admission/
[Wed Aug 26 00:00:12.716060 2026] [deflate:debug] [pid 2078744:tid 2078744] mod_deflate.c(909): [client 2401:e180:88b2:3612:8d4c:cf4b:ac6c:266f:61291] AH01384: Zlib: Compressed 4307 to 1523 : URL /wp-includes/js/dist/hooks.min.js, referer: https://www.waldorf.ilc.edu.tw/admission/
[Wed Aug 26 00:00:12.716586 2026] [deflate:debug] [pid 2079631:tid 2079631] mod_deflate.c(909): [client 2401:e180:88b2:3612:8d4c:cf4b:ac6c:266f:61289] AH01384: Zlib: Compressed 25050 to 6676 : URL /wp-content/plugins/elementor-pro/assets/js/frontend.min.js, referer: https://www.waldorf.ilc.edu.tw/admission/
[Wed Aug 26 00:00:12.719901 2026] [ssl:debug] [pid 2079139:tid 2079139] ssl_engine_kernel.c(254): [client 2401:e180:88b2:3612:8d4c:cf4b:ac6c:266f:61290] AH02034: Subsequent (No.2) HTTPS request received for child 4 (server www.waldorf.ilc.edu.tw:443), referer: https://www.waldorf.ilc.edu.tw/admission/
[Wed Aug 26 00:00:12.720092 2026] [authz_core:debug] [pid 2079139:tid 2079139] mod_authz_core.c(815): [client 2401:e180:88b2:3612:8d4c:cf4b:ac6c:266f:61290] AH01626: authorization result of Require all granted: granted, referer: https://www.waldorf.ilc.edu.tw/admission/
[Wed Aug 26 00:00:12.720098 2026] [authz_core:debug] [pid 2079139:tid 2079139] mod_authz_core.c(815): [client 2401:e180:88b2:3612:8d4c:cf4b:ac6c:266f:61290] AH01626: authorization result of : granted, referer: https://www.waldorf.ilc.edu.tw/admission/
[Wed Aug 26 00:00:12.720481 2026] [deflate:debug] [pid 2079139:tid 2079139] mod_deflate.c(909): [client 2401:e180:88b2:3612:8d4c:cf4b:ac6c:266f:61290] AH01384: Zlib: Compressed 12198 to 2975 : URL /wp-content/plugins/elementor/assets/lib/waypoints/waypoints.min.js, referer: https://www.waldorf.ilc.edu.tw/admission/
[Wed Aug 26 00:00:12.725245 2026] [ssl:debug] [pid 2078749:tid 2078749] ssl_engine_kernel.c(254): [client 2401:e180:88b2:3612:8d4c:cf4b:ac6c:266f:61288] AH02034: Subsequent (No.5) HTTPS request received for child 10 (server www.waldorf.ilc.edu.tw:443), referer: https://www.waldorf.ilc.edu.tw/admission/
[Wed Aug 26 00:00:12.725425 2026] [authz_core:debug] [pid 2078749:tid 2078749] mod_authz_core.c(815): [client 2401:e180:88b2:3612:8d4c:cf4b:ac6c:266f:61288] AH01626: authorization result of Require all granted: granted, referer: https://www.waldorf.ilc.edu.tw/admission/
[Wed Aug 26 00:00:12.725437 2026] [authz_core:debug] [pid 2078749:tid 2078749] mod_authz_core.c(815): [client 2401:e180:88b2:3612:8d4c:cf4b:ac6c:266f:61288] AH01626: authorization result of : granted, referer: https://www.waldorf.ilc.edu.tw/admission/
[Wed Aug 26 00:00:12.726126 2026] [deflate:debug] [pid 2078749:tid 2078749] mod_deflate.c(909): [client 2401:e180:88b2:3612:8d4c:cf4b:ac6c:266f:61288] AH01384: Zlib: Compressed 21464 to 7088 : URL /wp-includes/js/jquery/ui/core.min.js, referer: https://www.waldorf.ilc.edu.tw/admission/
[Wed Aug 26 00:00:12.743400 2026] [ssl:debug] [pid 2078744:tid 2078744] ssl_engine_kernel.c(254): [client 2401:e180:88b2:3612:8d4c:cf4b:ac6c:266f:61291] AH02034: Subsequent (No.4) HTTPS request received for child 8 (server www.waldorf.ilc.edu.tw:443), referer: https://www.waldorf.ilc.edu.tw/admission/
