[Wed Aug 26 00:00:16.310464 2026] [ssl:debug] [pid 2079631:tid 2079631] ssl_engine_kernel.c(2222): [client 98.83.94.113:8715] AH02043: SSL virtual host for servername 2blog.ilc.edu.tw found
[Wed Aug 26 00:00:16.451942 2026] [deflate:debug] [pid 2078749:tid 2078749] mod_deflate.c(909): [client 34.123.149.87:64000] AH01384: Zlib: Compressed 2708 to 1214 : URL /index.php
[Wed Aug 26 00:00:16.805994 2026] [watchdog:debug] [pid 2080714:tid 2080714] mod_watchdog.c(559): AH02980: Watchdog: nothing configured?
[Wed Aug 26 00:00:16.820871 2026] [ssl:info] [pid 2078744:tid 2078744] [client 34.10.180.98:12288] AH01964: Connection to child 8 established (server 2blog.ilc.edu.tw:443)
[Wed Aug 26 00:00:16.821040 2026] [ssl:info] [pid 2078744:tid 2078744] (70014)End of file found: [client 34.10.180.98:12288] AH02006: SSL handshake stopped: connection was closed
[Wed Aug 26 00:00:16.821050 2026] [ssl:info] [pid 2078744:tid 2078744] [client 34.10.180.98:12288] AH01998: Connection closed to child 8 with abortive shutdown (server 2blog.ilc.edu.tw:443)
[Wed Aug 26 00:00:16.934810 2026] [ssl:debug] [pid 2079631:tid 2079631] ssl_engine_kernel.c(2082): [client 98.83.94.113:8715] AH02041: Protocol: TLSv1.3, Cipher: TLS_AES_256_GCM_SHA384 (256/256 bits)
[Wed Aug 26 00:00:16.934925 2026] [socache_shmcb:debug] [pid 2079631:tid 2079631] mod_socache_shmcb.c(508): AH00831: socache_shmcb_store (0x33 -> subcache 19)
[Wed Aug 26 00:00:16.934949 2026] [socache_shmcb:debug] [pid 2079631:tid 2079631] mod_socache_shmcb.c(860): AH00847: insert happened at idx=1, data=(219:251)
[Wed Aug 26 00:00:16.934951 2026] [socache_shmcb:debug] [pid 2079631:tid 2079631] mod_socache_shmcb.c(863): AH00848: finished insert, subcache: idx_pos/idx_used=0/2, data_pos/data_used=0/433
[Wed Aug 26 00:00:16.934953 2026] [socache_shmcb:debug] [pid 2079631:tid 2079631] mod_socache_shmcb.c(530): AH00834: leaving socache_shmcb_store successfully
[Wed Aug 26 00:00:16.935009 2026] [socache_shmcb:debug] [pid 2079631:tid 2079631] mod_socache_shmcb.c(508): AH00831: socache_shmcb_store (0xa8 -> subcache 8)
[Wed Aug 26 00:00:16.935013 2026] [socache_shmcb:debug] [pid 2079631:tid 2079631] mod_socache_shmcb.c(860): AH00847: insert happened at idx=1, data=(225:257)
[Wed Aug 26 00:00:16.935024 2026] [socache_shmcb:debug] [pid 2079631:tid 2079631] mod_socache_shmcb.c(863): AH00848: finished insert, subcache: idx_pos/idx_used=0/2, data_pos/data_used=0/439
[Wed Aug 26 00:00:16.935026 2026] [socache_shmcb:debug] [pid 2079631:tid 2079631] mod_socache_shmcb.c(530): AH00834: leaving socache_shmcb_store successfully
[Wed Aug 26 00:00:16.937721 2026] [ssl:debug] [pid 2079631:tid 2079631] ssl_engine_kernel.c(254): [client 98.83.94.113:8715] AH02034: Initial (No.1) HTTPS request received for child 7 (server 2blog.ilc.edu.tw:443)
[Wed Aug 26 00:00:16.937922 2026] [authz_core:debug] [pid 2079631:tid 2079631] mod_authz_core.c(815): [client 98.83.94.113:8715] AH01626: authorization result of Require all granted: granted
[Wed Aug 26 00:00:16.937930 2026] [authz_core:debug] [pid 2079631:tid 2079631] mod_authz_core.c(815): [client 98.83.94.113:8715] AH01626: authorization result of : granted
[Wed Aug 26 00:00:16.944474 2026] [authz_core:debug] [pid 2079631:tid 2079631] mod_authz_core.c(815): [client 98.83.94.113:8715] AH01626: authorization result of Require all granted: granted
[Wed Aug 26 00:00:16.944496 2026] [authz_core:debug] [pid 2079631:tid 2079631] mod_authz_core.c(815): [client 98.83.94.113:8715] AH01626: authorization result of : granted
[Wed Aug 26 00:00:17.374483 2026] [ssl:debug] [pid 2079631:tid 2079631] ssl_engine_io.c(1150): [client 98.83.94.113:8715] AH02001: Connection closed to child 7 with standard shutdown (server 2blog.ilc.edu.tw:443)
[Wed Aug 26 00:00:17.554249 2026] [headers:debug] [pid 2079363:tid 2079363] mod_headers.c(900): AH01503: headers: ap_headers_error_filter()
[Wed Aug 26 00:00:17.809399 2026] [watchdog:debug] [pid 2080896:tid 2080896] mod_watchdog.c(559): AH02980: Watchdog: nothing configured?
[Wed Aug 26 00:00:17.950045 2026] [ssl:info] [pid 2078927:tid 2078927] [client 34.10.180.98:60928] AH01964: Connection to child 3 established (server 2blog.ilc.edu.tw:443)
[Wed Aug 26 00:00:17.950214 2026] [ssl:debug] [pid 2078927:tid 2078927] ssl_engine_kernel.c(2222): [client 34.10.180.98:60928] AH02043: SSL virtual host for servername 2blog.ilc.edu.tw found
[Wed Aug 26 00:00:17.950269 2026] [core:debug] [pid 2078927:tid 2078927] protocol.c(2460): [client 34.10.180.98:60928] AH03155: select protocol from , choices=http/1.1 for server 2blog.ilc.edu.tw
[Wed Aug 26 00:00:18.113223 2026] [ssl:info] [pid 2079779:tid 2079779] [client 2001:288:a201::66:125:6928] AH01964: Connection to child 11 established (server 2blog.ilc.edu.tw:443)
[Wed Aug 26 00:00:18.113416 2026] [ssl:debug] [pid 2079779:tid 2079779] ssl_engine_kernel.c(2252): [client 2001:288:a201::66:125:6928] AH02645: Server name not provided via TLS extension (using default/first virtual host)
[Wed Aug 26 00:00:18.113433 2026] [socache_shmcb:debug] [pid 2079779:tid 2079779] mod_socache_shmcb.c(545): AH00835: socache_shmcb_retrieve (0x6f -> subcache 15)
[Wed Aug 26 00:00:18.113454 2026] [socache_shmcb:debug] [pid 2079779:tid 2079779] mod_socache_shmcb.c(896): AH00849: match at idx=0, data=0
[Wed Aug 26 00:00:18.113457 2026] [socache_shmcb:debug] [pid 2079779:tid 2079779] mod_socache_shmcb.c(556): AH00836: leaving socache_shmcb_retrieve successfully
[Wed Aug 26 00:00:18.114450 2026] [ssl:debug] [pid 2079779:tid 2079779] ssl_engine_kernel.c(2082): [client 2001:288:a201::66:125:6928] AH02041: Protocol: TLSv1.2, Cipher: ECDHE-RSA-AES256-GCM-SHA384 (256/256 bits)
[Wed Aug 26 00:00:18.114534 2026] [ssl:debug] [pid 2079779:tid 2079779] ssl_engine_kernel.c(254): [client 2001:288:a201::66:125:6928] AH02034: Initial (No.1) HTTPS request received for child 11 (server 2blog.ilc.edu.tw:443)
[Wed Aug 26 00:00:18.114698 2026] [authz_core:debug] [pid 2079779:tid 2079779] mod_authz_core.c(815): [client 2001:288:a201::66:125:6928] AH01626: authorization result of Require all granted: granted
[Wed Aug 26 00:00:18.114702 2026] [authz_core:debug] [pid 2079779:tid 2079779] mod_authz_core.c(815): [client 2001:288:a201::66:125:6928] AH01626: authorization result of : granted
[Wed Aug 26 00:00:18.114820 2026] [authz_core:debug] [pid 2079779:tid 2079779] mod_authz_core.c(815): [client 2001:288:a201::66:125:6928] AH01626: authorization result of Require all granted: granted
[Wed Aug 26 00:00:18.114831 2026] [authz_core:debug] [pid 2079779:tid 2079779] mod_authz_core.c(815): [client 2001:288:a201::66:125:6928] AH01626: authorization result of : granted
[Wed Aug 26 00:00:18.114841 2026] [php7:error] [pid 2079779:tid 2079779] [client 2001:288:a201::66:125:6928] script '/var/www/html/2blog/active.php' not found or unable to stat
[Wed Aug 26 00:00:18.114850 2026] [headers:debug] [pid 2079779:tid 2079779] mod_headers.c(900): AH01503: headers: ap_headers_error_filter()
[Wed Aug 26 00:00:18.114960 2026] [ssl:debug] [pid 2079779:tid 2079779] ssl_engine_io.c(1150): [client 2001:288:a201::66:125:6928] AH02001: Connection closed to child 11 with standard shutdown (server 2blog.ilc.edu.tw:443)
[Wed Aug 26 00:00:18.122047 2026] [headers:debug] [pid 2080714:tid 2080714] mod_headers.c(900): AH01503: headers: ap_headers_error_filter()
[Wed Aug 26 00:00:18.506365 2026] [ssl:debug] [pid 2078927:tid 2078927] ssl_engine_kernel.c(2082): [client 34.10.180.98:60928] AH02041: Protocol: TLSv1.3, Cipher: TLS_AES_256_GCM_SHA384 (256/256 bits)
[Wed Aug 26 00:00:18.506436 2026] [socache_shmcb:debug] [pid 2078927:tid 2078927] mod_socache_shmcb.c(508): AH00831: socache_shmcb_store (0xcb -> subcache 11)
[Wed Aug 26 00:00:18.506443 2026] [socache_shmcb:debug] [pid 2078927:tid 2078927] mod_socache_shmcb.c(860): AH00847: insert happened at idx=2, data=(438:470)
[Wed Aug 26 00:00:18.506446 2026] [socache_shmcb:debug] [pid 2078927:tid 2078927] mod_socache_shmcb.c(863): AH00848: finished insert, subcache: idx_pos/idx_used=0/3, data_pos/data_used=0/663
[Wed Aug 26 00:00:18.506449 2026] [socache_shmcb:debug] [pid 2078927:tid 2078927] mod_socache_shmcb.c(530): AH00834: leaving socache_shmcb_store successfully
[Wed Aug 26 00:00:18.506568 2026] [socache_shmcb:debug] [pid 2078927:tid 2078927] mod_socache_shmcb.c(508): AH00831: socache_shmcb_store (0x74 -> subcache 20)
[Wed Aug 26 00:00:18.506574 2026] [socache_shmcb:debug] [pid 2078927:tid 2078927] mod_socache_shmcb.c(860): AH00847: insert happened at idx=4, data=(902:934)
[Wed Aug 26 00:00:18.506576 2026] [socache_shmcb:debug] [pid 2078927:tid 2078927] mod_socache_shmcb.c(863): AH00848: finished insert, subcache: idx_pos/idx_used=0/5, data_pos/data_used=0/1127
[Wed Aug 26 00:00:18.506578 2026] [socache_shmcb:debug] [pid 2078927:tid 2078927] mod_socache_shmcb.c(530): AH00834: leaving socache_shmcb_store successfully
[Wed Aug 26 00:00:18.536428 2026] [ssl:debug] [pid 2078927:tid 2078927] ssl_engine_kernel.c(254): [client 34.10.180.98:60928] AH02034: Initial (No.1) HTTPS request received for child 3 (server 2blog.ilc.edu.tw:443)
[Wed Aug 26 00:00:18.536622 2026] [authz_core:debug] [pid 2078927:tid 2078927] mod_authz_core.c(815): [client 34.10.180.98:60928] AH01626: authorization result of Require all granted: granted
[Wed Aug 26 00:00:18.536631 2026] [authz_core:debug] [pid 2078927:tid 2078927] mod_authz_core.c(815): [client 34.10.180.98:60928] AH01626: authorization result of : granted
[Wed Aug 26 00:00:18.536756 2026] [authz_core:debug] [pid 2078927:tid 2078927] mod_authz_core.c(815): [client 34.10.180.98:60928] AH01626: authorization result of Require all granted: granted
[Wed Aug 26 00:00:18.536761 2026] [authz_core:debug] [pid 2078927:tid 2078927] mod_authz_core.c(815): [client 34.10.180.98:60928] AH01626: authorization result of : granted
[Wed Aug 26 00:00:18.689141 2026] [deflate:debug] [pid 2078743:tid 2078743] mod_deflate.c(909): [client 34.10.180.98:22528] AH01384: Zlib: Compressed 57690 to 11729 : URL /index.php
[Wed Aug 26 00:00:18.689434 2026] [ssl:debug] [pid 2078743:tid 2078743] ssl_engine_io.c(1150): [client 34.10.180.98:22528] AH02001: Connection closed to child 6 with standard shutdown (server 2blog.ilc.edu.tw:443)
[Wed Aug 26 00:00:18.790870 2026] [ssl:info] [pid 2078744:tid 2078744] [client 34.123.149.87:46080] AH01964: Connection to child 8 established (server 2blog.ilc.edu.tw:443)
[Wed Aug 26 00:00:18.791093 2026] [ssl:debug] [pid 2078744:tid 2078744] ssl_engine_kernel.c(2222): [client 34.123.149.87:46080] AH02043: SSL virtual host for servername 2blog.ilc.edu.tw found
[Wed Aug 26 00:00:18.791163 2026] [core:debug] [pid 2078744:tid 2078744] protocol.c(2460): [client 34.123.149.87:46080] AH03155: select protocol from , choices=http/1.1 for server 2blog.ilc.edu.tw
[Wed Aug 26 00:00:18.880178 2026] [deflate:debug] [pid 2078927:tid 2078927] mod_deflate.c(909): [client 34.10.180.98:60928] AH01384: Zlib: Compressed 50663 to 10033 : URL /index.php
[Wed Aug 26 00:00:18.957113 2026] [ssl:debug] [pid 2078742:tid 2078742] ssl_engine_io.c(1150): [client 114.39.69.208:49671] AH02001: Connection closed to child 14 with standard shutdown (server 2blog.ilc.edu.tw:443)
[Wed Aug 26 00:00:18.993842 2026] [ssl:debug] [pid 2078744:tid 2078744] ssl_engine_kernel.c(2082): [client 34.123.149.87:46080] AH02041: Protocol: TLSv1.3, Cipher: TLS_AES_256_GCM_SHA384 (256/256 bits)
[Wed Aug 26 00:00:18.993889 2026] [socache_shmcb:debug] [pid 2078744:tid 2078744] mod_socache_shmcb.c(508): AH00831: socache_shmcb_store (0xd4 -> subcache 20)
[Wed Aug 26 00:00:18.993893 2026] [socache_shmcb:debug] [pid 2078744:tid 2078744] mod_socache_shmcb.c(860): AH00847: insert happened at idx=5, data=(1127:1159)
[Wed Aug 26 00:00:18.993896 2026] [socache_shmcb:debug] [pid 2078744:tid 2078744] mod_socache_shmcb.c(863): AH00848: finished insert, subcache: idx_pos/idx_used=0/6, data_pos/data_used=0/1353
[Wed Aug 26 00:00:18.993898 2026] [socache_shmcb:debug] [pid 2078744:tid 2078744] mod_socache_shmcb.c(530): AH00834: leaving socache_shmcb_store successfully
[Wed Aug 26 00:00:18.993978 2026] [socache_shmcb:debug] [pid 2078744:tid 2078744] mod_socache_shmcb.c(508): AH00831: socache_shmcb_store (0x54 -> subcache 20)
[Wed Aug 26 00:00:18.993994 2026] [socache_shmcb:debug] [pid 2078744:tid 2078744] mod_socache_shmcb.c(860): AH00847: insert happened at idx=6, data=(1353:1385)
[Wed Aug 26 00:00:18.993995 2026] [socache_shmcb:debug] [pid 2078744:tid 2078744] mod_socache_shmcb.c(863): AH00848: finished insert, subcache: idx_pos/idx_used=0/7, data_pos/data_used=0/1578
[Wed Aug 26 00:00:18.993997 2026] [socache_shmcb:debug] [pid 2078744:tid 2078744] mod_socache_shmcb.c(530): AH00834: leaving socache_shmcb_store successfully
[Wed Aug 26 00:00:19.079619 2026] [ssl:debug] [pid 2078744:tid 2078744] ssl_engine_kernel.c(254): [client 34.123.149.87:46080] AH02034: Initial (No.1) HTTPS request received for child 8 (server 2blog.ilc.edu.tw:443)
[Wed Aug 26 00:00:19.079812 2026] [authz_core:debug] [pid 2078744:tid 2078744] mod_authz_core.c(815): [client 34.123.149.87:46080] AH01626: authorization result of Require all granted: granted
[Wed Aug 26 00:00:19.079819 2026] [authz_core:debug] [pid 2078744:tid 2078744] mod_authz_core.c(815): [client 34.123.149.87:46080] AH01626: authorization result of : granted
[Wed Aug 26 00:00:19.079950 2026] [authz_core:debug] [pid 2078744:tid 2078744] mod_authz_core.c(815): [client 34.123.149.87:46080] AH01626: authorization result of Require all granted: granted
[Wed Aug 26 00:00:19.079954 2026] [authz_core:debug] [pid 2078744:tid 2078744] mod_authz_core.c(815): [client 34.123.149.87:46080] AH01626: authorization result of : granted
[Wed Aug 26 00:00:19.549249 2026] [ssl:debug] [pid 2078745:tid 2078745] ssl_engine_io.c(1150): [client 34.10.180.98:2561] AH02001: Connection closed to child 9 with standard shutdown (server 2blog.ilc.edu.tw:443)
[Wed Aug 26 00:00:19.625184 2026] [ssl:info] [pid 2080896:tid 2080896] [client 3.211.105.134:39444] AH01964: Connection to child 15 established (server 2blog.ilc.edu.tw:443)
[Wed Aug 26 00:00:19.625592 2026] [ssl:debug] [pid 2080896:tid 2080896] ssl_engine_kernel.c(2222): [client 3.211.105.134:39444] AH02043: SSL virtual host for servername 2blog.ilc.edu.tw found
[Wed Aug 26 00:00:19.785092 2026] [ssl:debug] [pid 2078778:tid 2078778] ssl_engine_io.c(1150): [client 40.77.167.71:23354] AH02001: Connection closed to child 0 with standard shutdown (server 2blog.ilc.edu.tw:443)
[Wed Aug 26 00:00:19.862117 2026] [ssl:debug] [pid 2080896:tid 2080896] ssl_engine_kernel.c(2082): [client 3.211.105.134:39444] AH02041: Protocol: TLSv1.3, Cipher: TLS_AES_256_GCM_SHA384 (256/256 bits)
[Wed Aug 26 00:00:19.873157 2026] [ssl:debug] [pid 2078782:tid 2078782] ssl_engine_io.c(1150): [client 34.56.124.53:62977] AH02001: Connection closed to child 2 with standard shutdown (server 2blog.ilc.edu.tw:443)
[Wed Aug 26 00:00:19.884401 2026] [socache_shmcb:debug] [pid 2080896:tid 2080896] mod_socache_shmcb.c(508): AH00831: socache_shmcb_store (0x80 -> subcache 0)
[Wed Aug 26 00:00:19.884419 2026] [socache_shmcb:debug] [pid 2080896:tid 2080896] mod_socache_shmcb.c(860): AH00847: insert happened at idx=0, data=(0:32)
[Wed Aug 26 00:00:19.884421 2026] [socache_shmcb:debug] [pid 2080896:tid 2080896] mod_socache_shmcb.c(863): AH00848: finished insert, subcache: idx_pos/idx_used=0/1, data_pos/data_used=0/214
[Wed Aug 26 00:00:19.884423 2026] [socache_shmcb:debug] [pid 2080896:tid 2080896] mod_socache_shmcb.c(530): AH00834: leaving socache_shmcb_store successfully
[Wed Aug 26 00:00:19.884536 2026] [socache_shmcb:debug] [pid 2080896:tid 2080896] mod_socache_shmcb.c(508): AH00831: socache_shmcb_store (0xf2 -> subcache 18)
[Wed Aug 26 00:00:19.884558 2026] [socache_shmcb:debug] [pid 2080896:tid 2080896] mod_socache_shmcb.c(860): AH00847: insert happened at idx=5, data=(1088:1120)
[Wed Aug 26 00:00:19.884562 2026] [socache_shmcb:debug] [pid 2080896:tid 2080896] mod_socache_shmcb.c(863): AH00848: finished insert, subcache: idx_pos/idx_used=0/6, data_pos/data_used=0/1301
[Wed Aug 26 00:00:19.884565 2026] [socache_shmcb:debug] [pid 2080896:tid 2080896] mod_socache_shmcb.c(530): AH00834: leaving socache_shmcb_store successfully
[Wed Aug 26 00:00:19.884772 2026] [ssl:debug] [pid 2080896:tid 2080896] ssl_engine_kernel.c(254): [client 3.211.105.134:39444] AH02034: Initial (No.1) HTTPS request received for child 15 (server 2blog.ilc.edu.tw:443)
[Wed Aug 26 00:00:19.893001 2026] [authz_core:debug] [pid 2080896:tid 2080896] mod_authz_core.c(815): [client 3.211.105.134:39444] AH01626: authorization result of Require all granted: granted
[Wed Aug 26 00:00:19.893029 2026] [authz_core:debug] [pid 2080896:tid 2080896] mod_authz_core.c(815): [client 3.211.105.134:39444] AH01626: authorization result of : granted
[Wed Aug 26 00:00:19.895747 2026] [ssl:debug] [pid 2080896:tid 2080896] ssl_engine_io.c(1150): [client 3.211.105.134:39444] AH02001: Connection closed to child 15 with standard shutdown (server 2blog.ilc.edu.tw:443)
[Wed Aug 26 00:00:19.973537 2026] [ssl:info] [pid 2079363:tid 2079363] [client 34.56.124.53:55296] AH01964: Connection to child 5 established (server 2blog.ilc.edu.tw:443)
[Wed Aug 26 00:00:19.973744 2026] [ssl:debug] [pid 2079363:tid 2079363] ssl_engine_kernel.c(2222): [client 34.56.124.53:55296] AH02043: SSL virtual host for servername 2blog.ilc.edu.tw found
[Wed Aug 26 00:00:19.973800 2026] [core:debug] [pid 2079363:tid 2079363] protocol.c(2460): [client 34.56.124.53:55296] AH03155: select protocol from , choices=http/1.1 for server 2blog.ilc.edu.tw
[Wed Aug 26 00:00:20.214505 2026] [headers:debug] [pid 2079779:tid 2079779] mod_headers.c(900): AH01503: headers: ap_headers_error_filter()
[Wed Aug 26 00:00:20.274865 2026] [ssl:debug] [pid 2079363:tid 2079363] ssl_engine_kernel.c(2082): [client 34.56.124.53:55296] AH02041: Protocol: TLSv1.3, Cipher: TLS_AES_256_GCM_SHA384 (256/256 bits)
[Wed Aug 26 00:00:20.274917 2026] [socache_shmcb:debug] [pid 2079363:tid 2079363] mod_socache_shmcb.c(508): AH00831: socache_shmcb_store (0x62 -> subcache 2)
[Wed Aug 26 00:00:20.274922 2026] [socache_shmcb:debug] [pid 2079363:tid 2079363] mod_socache_shmcb.c(860): AH00847: insert happened at idx=3, data=(611:643)
[Wed Aug 26 00:00:20.274924 2026] [socache_shmcb:debug] [pid 2079363:tid 2079363] mod_socache_shmcb.c(863): AH00848: finished insert, subcache: idx_pos/idx_used=0/4, data_pos/data_used=0/836
[Wed Aug 26 00:00:20.274926 2026] [socache_shmcb:debug] [pid 2079363:tid 2079363] mod_socache_shmcb.c(530): AH00834: leaving socache_shmcb_store successfully
[Wed Aug 26 00:00:20.274997 2026] [socache_shmcb:debug] [pid 2079363:tid 2079363] mod_socache_shmcb.c(508): AH00831: socache_shmcb_store (0xc4 -> subcache 4)
[Wed Aug 26 00:00:20.275007 2026] [socache_shmcb:debug] [pid 2079363:tid 2079363] mod_socache_shmcb.c(860): AH00847: insert happened at idx=2, data=(436:468)
[Wed Aug 26 00:00:20.275009 2026] [socache_shmcb:debug] [pid 2079363:tid 2079363] mod_socache_shmcb.c(863): AH00848: finished insert, subcache: idx_pos/idx_used=0/3, data_pos/data_used=0/662
[Wed Aug 26 00:00:20.275011 2026] [socache_shmcb:debug] [pid 2079363:tid 2079363] mod_socache_shmcb.c(530): AH00834: leaving socache_shmcb_store successfully
[Wed Aug 26 00:00:20.286510 2026] [ssl:debug] [pid 2079363:tid 2079363] ssl_engine_kernel.c(254): [client 34.56.124.53:55296] AH02034: Initial (No.1) HTTPS request received for child 5 (server 2blog.ilc.edu.tw:443)
[Wed Aug 26 00:00:20.286711 2026] [authz_core:debug] [pid 2079363:tid 2079363] mod_authz_core.c(815): [client 34.56.124.53:55296] AH01626: authorization result of Require all granted: granted
[Wed Aug 26 00:00:20.286718 2026] [authz_core:debug] [pid 2079363:tid 2079363] mod_authz_core.c(815): [client 34.56.124.53:55296] AH01626: authorization result of : granted
[Wed Aug 26 00:00:20.286849 2026] [authz_core:debug] [pid 2079363:tid 2079363] mod_authz_core.c(815): [client 34.56.124.53:55296] AH01626: authorization result of Require all granted: granted
[Wed Aug 26 00:00:20.286854 2026] [authz_core:debug] [pid 2079363:tid 2079363] mod_authz_core.c(815): [client 34.56.124.53:55296] AH01626: authorization result of : granted
[Wed Aug 26 00:00:20.389936 2026] [ssl:info] [pid 2080714:tid 2080714] [client 34.30.223.149:26113] AH01964: Connection to child 13 established (server 2blog.ilc.edu.tw:443)
[Wed Aug 26 00:00:20.390279 2026] [ssl:info] [pid 2080714:tid 2080714] (70014)End of file found: [client 34.30.223.149:26113] AH02006: SSL handshake stopped: connection was closed
[Wed Aug 26 00:00:20.390290 2026] [ssl:info] [pid 2080714:tid 2080714] [client 34.30.223.149:26113] AH01998: Connection closed to child 13 with abortive shutdown (server 2blog.ilc.edu.tw:443)
[Wed Aug 26 00:00:20.482904 2026] [deflate:debug] [pid 2078744:tid 2078744] mod_deflate.c(909): [client 34.123.149.87:46080] AH01384: Zlib: Compressed 540814 to 86300 : URL /index.php
[Wed Aug 26 00:00:20.558293 2026] [ssl:info] [pid 2079631:tid 2079631] [client 140.111.67.10:46444] AH01964: Connection to child 7 established (server 2blog.ilc.edu.tw:443)
[Wed Aug 26 00:00:20.558502 2026] [ssl:info] [pid 2079631:tid 2079631] (70014)End of file found: [client 140.111.67.10:46444] AH02006: SSL handshake stopped: connection was closed
[Wed Aug 26 00:00:20.558514 2026] [ssl:info] [pid 2079631:tid 2079631] [client 140.111.67.10:46444] AH01998: Connection closed to child 7 with abortive shutdown (server 2blog.ilc.edu.tw:443)
[Wed Aug 26 00:00:20.572338 2026] [ssl:info] [pid 2078742:tid 2078742] [client 34.123.149.87:25600] AH01964: Connection to child 14 established (server 2blog.ilc.edu.tw:443)
[Wed Aug 26 00:00:20.572472 2026] [ssl:debug] [pid 2078742:tid 2078742] ssl_engine_kernel.c(2222): [client 34.123.149.87:25600] AH02043: SSL virtual host for servername 2blog.ilc.edu.tw found
[Wed Aug 26 00:00:20.572518 2026] [core:debug] [pid 2078742:tid 2078742] protocol.c(2460): [client 34.123.149.87:25600] AH03155: select protocol from , choices=http/1.1 for server 2blog.ilc.edu.tw
[Wed Aug 26 00:00:20.711418 2026] [deflate:debug] [pid 2079363:tid 2079363] mod_deflate.c(909): [client 34.56.124.53:55296] AH01384: Zlib: Compressed 77417 to 12910 : URL /index.php
[Wed Aug 26 00:00:20.917708 2026] [ssl:debug] [pid 2078742:tid 2078742] ssl_engine_kernel.c(2082): [client 34.123.149.87:25600] AH02041: Protocol: TLSv1.3, Cipher: TLS_AES_256_GCM_SHA384 (256/256 bits)
[Wed Aug 26 00:00:20.917756 2026] [socache_shmcb:debug] [pid 2078742:tid 2078742] mod_socache_shmcb.c(508): AH00831: socache_shmcb_store (0xc4 -> subcache 4)
[Wed Aug 26 00:00:20.917761 2026] [socache_shmcb:debug] [pid 2078742:tid 2078742] mod_socache_shmcb.c(860): AH00847: insert happened at idx=3, data=(662:694)
[Wed Aug 26 00:00:20.917770 2026] [socache_shmcb:debug] [pid 2078742:tid 2078742] mod_socache_shmcb.c(863): AH00848: finished insert, subcache: idx_pos/idx_used=0/4, data_pos/data_used=0/887
[Wed Aug 26 00:00:20.917772 2026] [socache_shmcb:debug] [pid 2078742:tid 2078742] mod_socache_shmcb.c(530): AH00834: leaving socache_shmcb_store successfully
[Wed Aug 26 00:00:20.917836 2026] [socache_shmcb:debug] [pid 2078742:tid 2078742] mod_socache_shmcb.c(508): AH00831: socache_shmcb_store (0xb1 -> subcache 17)
[Wed Aug 26 00:00:20.917845 2026] [socache_shmcb:debug] [pid 2078742:tid 2078742] mod_socache_shmcb.c(860): AH00847: insert happened at idx=5, data=(1106:1138)
[Wed Aug 26 00:00:20.917846 2026] [socache_shmcb:debug] [pid 2078742:tid 2078742] mod_socache_shmcb.c(863): AH00848: finished insert, subcache: idx_pos/idx_used=0/6, data_pos/data_used=0/1331
[Wed Aug 26 00:00:20.917848 2026] [socache_shmcb:debug] [pid 2078742:tid 2078742] mod_socache_shmcb.c(530): AH00834: leaving socache_shmcb_store successfully
[Wed Aug 26 00:00:20.924604 2026] [ssl:debug] [pid 2078742:tid 2078742] ssl_engine_kernel.c(254): [client 34.123.149.87:25600] AH02034: Initial (No.1) HTTPS request received for child 14 (server 2blog.ilc.edu.tw:443)
[Wed Aug 26 00:00:20.924775 2026] [authz_core:debug] [pid 2078742:tid 2078742] mod_authz_core.c(815): [client 34.123.149.87:25600] AH01626: authorization result of Require all granted: granted
[Wed Aug 26 00:00:20.924781 2026] [authz_core:debug] [pid 2078742:tid 2078742] mod_authz_core.c(815): [client 34.123.149.87:25600] AH01626: authorization result of : granted
[Wed Aug 26 00:00:20.924910 2026] [authz_core:debug] [pid 2078742:tid 2078742] mod_authz_core.c(815): [client 34.123.149.87:25600] AH01626: authorization result of Require all granted: granted
[Wed Aug 26 00:00:20.924915 2026] [authz_core:debug] [pid 2078742:tid 2078742] mod_authz_core.c(815): [client 34.123.149.87:25600] AH01626: authorization result of : granted
[Wed Aug 26 00:00:21.203419 2026] [headers:debug] [pid 2078743:tid 2078743] mod_headers.c(900): AH01503: headers: ap_headers_error_filter()
[Wed Aug 26 00:00:21.385800 2026] [deflate:debug] [pid 2078742:tid 2078742] mod_deflate.c(909): [client 34.123.149.87:25600] AH01384: Zlib: Compressed 39160 to 8953 : URL /index.php
[Wed Aug 26 00:00:21.457097 2026] [ssl:debug] [pid 2078749:tid 2078749] ssl_engine_io.c(1150): [client 34.123.149.87:64000] AH02001: Connection closed to child 10 with standard shutdown (server 2blog.ilc.edu.tw:443)
[Wed Aug 26 00:00:22.147009 2026] [ssl:info] [pid 2078745:tid 2078745] [client 34.123.149.87:8194] AH01964: Connection to child 9 established (server 2blog.ilc.edu.tw:443)
[Wed Aug 26 00:00:22.147183 2026] [ssl:debug] [pid 2078745:tid 2078745] ssl_engine_kernel.c(2222): [client 34.123.149.87:8194] AH02043: SSL virtual host for servername www.cwjh.ilc.edu.tw found
[Wed Aug 26 00:00:22.147232 2026] [core:debug] [pid 2078745:tid 2078745] protocol.c(2460): [client 34.123.149.87:8194] AH03155: select protocol from , choices=http/1.1 for server www.cwjh.ilc.edu.tw
[Wed Aug 26 00:00:22.296528 2026] [authz_core:debug] [pid 2079779:tid 2079779] mod_authz_core.c(815): [client 34.231.45.47:55763] AH01626: authorization result of Require all granted: granted
[Wed Aug 26 00:00:22.296553 2026] [authz_core:debug] [pid 2079779:tid 2079779] mod_authz_core.c(815): [client 34.231.45.47:55763] AH01626: authorization result of : granted
[Wed Aug 26 00:00:22.297618 2026] [authz_core:debug] [pid 2079779:tid 2079779] mod_authz_core.c(815): [client 34.231.45.47:55763] AH01626: authorization result of Require all granted: granted
[Wed Aug 26 00:00:22.297629 2026] [authz_core:debug] [pid 2079779:tid 2079779] mod_authz_core.c(815): [client 34.231.45.47:55763] AH01626: authorization result of : granted
[Wed Aug 26 00:00:22.299584 2026] [deflate:debug] [pid 2079779:tid 2079779] mod_deflate.c(909): [client 34.231.45.47:55763] AH01384: Zlib: Compressed 800 to 382 : URL /wp-content/uploads/sites/2313/2025/04/
[Wed Aug 26 00:00:22.615889 2026] [ssl:debug] [pid 2078745:tid 2078745] ssl_engine_kernel.c(2082): [client 34.123.149.87:8194] AH02041: Protocol: TLSv1.3, Cipher: TLS_AES_256_GCM_SHA384 (256/256 bits)
[Wed Aug 26 00:00:22.615946 2026] [socache_shmcb:debug] [pid 2078745:tid 2078745] mod_socache_shmcb.c(508): AH00831: socache_shmcb_store (0x49 -> subcache 9)
[Wed Aug 26 00:00:22.615959 2026] [socache_shmcb:debug] [pid 2078745:tid 2078745] mod_socache_shmcb.c(860): AH00847: insert happened at idx=4, data=(863:895)
[Wed Aug 26 00:00:22.615961 2026] [socache_shmcb:debug] [pid 2078745:tid 2078745] mod_socache_shmcb.c(863): AH00848: finished insert, subcache: idx_pos/idx_used=0/5, data_pos/data_used=0/1092
[Wed Aug 26 00:00:22.615963 2026] [socache_shmcb:debug] [pid 2078745:tid 2078745] mod_socache_shmcb.c(530): AH00834: leaving socache_shmcb_store successfully
[Wed Aug 26 00:00:22.616041 2026] [socache_shmcb:debug] [pid 2078745:tid 2078745] mod_socache_shmcb.c(508): AH00831: socache_shmcb_store (0xc2 -> subcache 2)
[Wed Aug 26 00:00:22.616047 2026] [socache_shmcb:debug] [pid 2078745:tid 2078745] mod_socache_shmcb.c(860): AH00847: insert happened at idx=4, data=(836:868)
[Wed Aug 26 00:00:22.616049 2026] [socache_shmcb:debug] [pid 2078745:tid 2078745] mod_socache_shmcb.c(863): AH00848: finished insert, subcache: idx_pos/idx_used=0/5, data_pos/data_used=0/1064
[Wed Aug 26 00:00:22.616053 2026] [socache_shmcb:debug] [pid 2078745:tid 2078745] mod_socache_shmcb.c(530): AH00834: leaving socache_shmcb_store successfully
[Wed Aug 26 00:00:22.674554 2026] [ssl:debug] [pid 2078745:tid 2078745] ssl_engine_kernel.c(254): [client 34.123.149.87:8194] AH02034: Initial (No.1) HTTPS request received for child 9 (server www.cwjh.ilc.edu.tw:443)
[Wed Aug 26 00:00:22.679189 2026] [authz_core:debug] [pid 2078745:tid 2078745] mod_authz_core.c(815): [client 34.123.149.87:8194] AH01626: authorization result of Require all granted: granted
[Wed Aug 26 00:00:22.679210 2026] [authz_core:debug] [pid 2078745:tid 2078745] mod_authz_core.c(815): [client 34.123.149.87:8194] AH01626: authorization result of : granted
[Wed Aug 26 00:00:22.826035 2026] [ssl:info] [pid 2078782:tid 2078782] [client 34.10.180.98:20481] AH01964: Connection to child 2 established (server 2blog.ilc.edu.tw:443)
[Wed Aug 26 00:00:22.826181 2026] [ssl:info] [pid 2078782:tid 2078782] (70014)End of file found: [client 34.10.180.98:20481] AH02006: SSL handshake stopped: connection was closed
[Wed Aug 26 00:00:22.826189 2026] [ssl:info] [pid 2078782:tid 2078782] [client 34.10.180.98:20481] AH01998: Connection closed to child 2 with abortive shutdown (server 2blog.ilc.edu.tw:443)
[Wed Aug 26 00:00:23.108943 2026] [headers:debug] [pid 2080896:tid 2080896] mod_headers.c(900): AH01503: headers: ap_headers_error_filter()
[Wed Aug 26 00:00:23.149220 2026] [ssl:info] [pid 2080714:tid 2080714] [client 2001:288:a201::66:125:38791] AH01964: Connection to child 13 established (server 2blog.ilc.edu.tw:443)
[Wed Aug 26 00:00:23.149425 2026] [ssl:debug] [pid 2080714:tid 2080714] ssl_engine_kernel.c(2252): [client 2001:288:a201::66:125:38791] AH02645: Server name not provided via TLS extension (using default/first virtual host)
[Wed Aug 26 00:00:23.149470 2026] [socache_shmcb:debug] [pid 2080714:tid 2080714] mod_socache_shmcb.c(545): AH00835: socache_shmcb_retrieve (0x6f -> subcache 15)
[Wed Aug 26 00:00:23.149481 2026] [socache_shmcb:debug] [pid 2080714:tid 2080714] mod_socache_shmcb.c(896): AH00849: match at idx=0, data=0
[Wed Aug 26 00:00:23.149483 2026] [socache_shmcb:debug] [pid 2080714:tid 2080714] mod_socache_shmcb.c(556): AH00836: leaving socache_shmcb_retrieve successfully
[Wed Aug 26 00:00:23.150628 2026] [ssl:debug] [pid 2080714:tid 2080714] ssl_engine_kernel.c(2082): [client 2001:288:a201::66:125:38791] AH02041: Protocol: TLSv1.2, Cipher: ECDHE-RSA-AES256-GCM-SHA384 (256/256 bits)
[Wed Aug 26 00:00:23.150886 2026] [ssl:debug] [pid 2080714:tid 2080714] ssl_engine_kernel.c(254): [client 2001:288:a201::66:125:38791] AH02034: Initial (No.1) HTTPS request received for child 13 (server 2blog.ilc.edu.tw:443)
[Wed Aug 26 00:00:23.151145 2026] [authz_core:debug] [pid 2080714:tid 2080714] mod_authz_core.c(815): [client 2001:288:a201::66:125:38791] AH01626: authorization result of Require all granted: granted
[Wed Aug 26 00:00:23.151154 2026] [authz_core:debug] [pid 2080714:tid 2080714] mod_authz_core.c(815): [client 2001:288:a201::66:125:38791] AH01626: authorization result of : granted
[Wed Aug 26 00:00:23.151750 2026] [authz_core:debug] [pid 2080714:tid 2080714] mod_authz_core.c(815): [client 2001:288:a201::66:125:38791] AH01626: authorization result of Require all granted: granted
[Wed Aug 26 00:00:23.151756 2026] [authz_core:debug] [pid 2080714:tid 2080714] mod_authz_core.c(815): [client 2001:288:a201::66:125:38791] AH01626: authorization result of : granted
[Wed Aug 26 00:00:23.151771 2026] [php7:error] [pid 2080714:tid 2080714] [client 2001:288:a201::66:125:38791] script '/var/www/html/2blog/active.php' not found or unable to stat
[Wed Aug 26 00:00:23.151787 2026] [headers:debug] [pid 2080714:tid 2080714] mod_headers.c(900): AH01503: headers: ap_headers_error_filter()
[Wed Aug 26 00:00:23.151922 2026] [ssl:debug] [pid 2080714:tid 2080714] ssl_engine_io.c(1150): [client 2001:288:a201::66:125:38791] AH02001: Connection closed to child 13 with standard shutdown (server 2blog.ilc.edu.tw:443)
[Wed Aug 26 00:00:23.465673 2026] [authz_core:debug] [pid 2078778:tid 2078778] mod_authz_core.c(815): [client 40.77.167.70:20584] AH01626: authorization result of Require all granted: granted
[Wed Aug 26 00:00:23.465700 2026] [authz_core:debug] [pid 2078778:tid 2078778] mod_authz_core.c(815): [client 40.77.167.70:20584] AH01626: authorization result of : granted
[Wed Aug 26 00:00:23.465817 2026] [authz_core:debug] [pid 2078778:tid 2078778] mod_authz_core.c(815): [client 40.77.167.70:20584] AH01626: authorization result of Require all granted: granted
[Wed Aug 26 00:00:23.465821 2026] [authz_core:debug] [pid 2078778:tid 2078778] mod_authz_core.c(815): [client 40.77.167.70:20584] AH01626: authorization result of : granted
[Wed Aug 26 00:00:23.468706 2026] [ssl:info] [pid 2079631:tid 2079631] [client 40.77.167.35:16370] AH01964: Connection to child 7 established (server 2blog.ilc.edu.tw:443)
[Wed Aug 26 00:00:23.468849 2026] [ssl:debug] [pid 2079631:tid 2079631] ssl_engine_kernel.c(2222): [client 40.77.167.35:16370] AH02043: SSL virtual host for servername 2blog.ilc.edu.tw found
[Wed Aug 26 00:00:23.468936 2026] [core:debug] [pid 2079631:tid 2079631] protocol.c(2460): [client 40.77.167.35:16370] AH03155: select protocol from , choices=h2,http/1.1 for server 2blog.ilc.edu.tw
[Wed Aug 26 00:00:23.567876 2026] [ssl:info] [pid 2078749:tid 2078749] [client 34.42.229.145:51200] AH01964: Connection to child 10 established (server 2blog.ilc.edu.tw:443)
[Wed Aug 26 00:00:23.568086 2026] [ssl:debug] [pid 2078749:tid 2078749] ssl_engine_kernel.c(2222): [client 34.42.229.145:51200] AH02043: SSL virtual host for servername 2blog.ilc.edu.tw found
[Wed Aug 26 00:00:23.568157 2026] [core:debug] [pid 2078749:tid 2078749] protocol.c(2460): [client 34.42.229.145:51200] AH03155: select protocol from , choices=http/1.1 for server 2blog.ilc.edu.tw
[Wed Aug 26 00:00:23.665526 2026] [ssl:debug] [pid 2079631:tid 2079631] ssl_engine_kernel.c(2082): [client 40.77.167.35:16370] AH02041: Protocol: TLSv1.3, Cipher: TLS_AES_256_GCM_SHA384 (256/256 bits)
[Wed Aug 26 00:00:23.665576 2026] [socache_shmcb:debug] [pid 2079631:tid 2079631] mod_socache_shmcb.c(508): AH00831: socache_shmcb_store (0xee -> subcache 14)
[Wed Aug 26 00:00:23.665581 2026] [socache_shmcb:debug] [pid 2079631:tid 2079631] mod_socache_shmcb.c(860): AH00847: insert happened at idx=1, data=(231:263)
[Wed Aug 26 00:00:23.665583 2026] [socache_shmcb:debug] [pid 2079631:tid 2079631] mod_socache_shmcb.c(863): AH00848: finished insert, subcache: idx_pos/idx_used=0/2, data_pos/data_used=0/457
[Wed Aug 26 00:00:23.665586 2026] [socache_shmcb:debug] [pid 2079631:tid 2079631] mod_socache_shmcb.c(530): AH00834: leaving socache_shmcb_store successfully
[Wed Aug 26 00:00:23.665660 2026] [socache_shmcb:debug] [pid 2079631:tid 2079631] mod_socache_shmcb.c(508): AH00831: socache_shmcb_store (0x2d -> subcache 13)
[Wed Aug 26 00:00:23.665663 2026] [socache_shmcb:debug] [pid 2079631:tid 2079631] mod_socache_shmcb.c(860): AH00847: insert happened at idx=2, data=(445:477)
[Wed Aug 26 00:00:23.665665 2026] [socache_shmcb:debug] [pid 2079631:tid 2079631] mod_socache_shmcb.c(863): AH00848: finished insert, subcache: idx_pos/idx_used=0/3, data_pos/data_used=0/670
[Wed Aug 26 00:00:23.665667 2026] [socache_shmcb:debug] [pid 2079631:tid 2079631] mod_socache_shmcb.c(530): AH00834: leaving socache_shmcb_store successfully
[Wed Aug 26 00:00:23.666250 2026] [ssl:debug] [pid 2079631:tid 2079631] ssl_engine_kernel.c(254): [client 40.77.167.35:16370] AH02034: Initial (No.1) HTTPS request received for child 7 (server 2blog.ilc.edu.tw:443)
[Wed Aug 26 00:00:23.666425 2026] [authz_core:debug] [pid 2079631:tid 2079631] mod_authz_core.c(815): [client 40.77.167.35:16370] AH01626: authorization result of Require all granted: granted
[Wed Aug 26 00:00:23.666430 2026] [authz_core:debug] [pid 2079631:tid 2079631] mod_authz_core.c(815): [client 40.77.167.35:16370] AH01626: authorization result of : granted
[Wed Aug 26 00:00:23.666545 2026] [authz_core:debug] [pid 2079631:tid 2079631] mod_authz_core.c(815): [client 40.77.167.35:16370] AH01626: authorization result of Require all granted: granted
[Wed Aug 26 00:00:23.666549 2026] [authz_core:debug] [pid 2079631:tid 2079631] mod_authz_core.c(815): [client 40.77.167.35:16370] AH01626: authorization result of : granted
[Wed Aug 26 00:00:23.818108 2026] [watchdog:debug] [pid 2082035:tid 2082035] mod_watchdog.c(559): AH02980: Watchdog: nothing configured?
[Wed Aug 26 00:00:23.851254 2026] [ssl:debug] [pid 2078749:tid 2078749] ssl_engine_kernel.c(2082): [client 34.42.229.145:51200] AH02041: Protocol: TLSv1.3, Cipher: TLS_AES_256_GCM_SHA384 (256/256 bits)
[Wed Aug 26 00:00:23.851312 2026] [socache_shmcb:debug] [pid 2078749:tid 2078749] mod_socache_shmcb.c(508): AH00831: socache_shmcb_store (0xa5 -> subcache 5)
[Wed Aug 26 00:00:23.851331 2026] [socache_shmcb:debug] [pid 2078749:tid 2078749] mod_socache_shmcb.c(860): AH00847: insert happened at idx=0, data=(0:32)
[Wed Aug 26 00:00:23.851334 2026] [socache_shmcb:debug] [pid 2078749:tid 2078749] mod_socache_shmcb.c(863): AH00848: finished insert, subcache: idx_pos/idx_used=0/1, data_pos/data_used=0/226
[Wed Aug 26 00:00:23.851337 2026] [socache_shmcb:debug] [pid 2078749:tid 2078749] mod_socache_shmcb.c(530): AH00834: leaving socache_shmcb_store successfully
[Wed Aug 26 00:00:23.851505 2026] [socache_shmcb:debug] [pid 2078749:tid 2078749] mod_socache_shmcb.c(508): AH00831: socache_shmcb_store (0x1a -> subcache 26)
[Wed Aug 26 00:00:23.851524 2026] [socache_shmcb:debug] [pid 2078749:tid 2078749] mod_socache_shmcb.c(860): AH00847: insert happened at idx=2, data=(451:483)
[Wed Aug 26 00:00:23.851527 2026] [socache_shmcb:debug] [pid 2078749:tid 2078749] mod_socache_shmcb.c(863): AH00848: finished insert, subcache: idx_pos/idx_used=0/3, data_pos/data_used=0/677
[Wed Aug 26 00:00:23.851529 2026] [socache_shmcb:debug] [pid 2078749:tid 2078749] mod_socache_shmcb.c(530): AH00834: leaving socache_shmcb_store successfully
[Wed Aug 26 00:00:23.885066 2026] [ssl:debug] [pid 2078927:tid 2078927] ssl_engine_io.c(1150): [client 34.10.180.98:60928] AH02001: Connection closed to child 3 with standard shutdown (server 2blog.ilc.edu.tw:443)
[Wed Aug 26 00:00:24.027944 2026] [ssl:debug] [pid 2078749:tid 2078749] ssl_engine_kernel.c(254): [client 34.42.229.145:51200] AH02034: Initial (No.1) HTTPS request received for child 10 (server 2blog.ilc.edu.tw:443)
[Wed Aug 26 00:00:24.028128 2026] [authz_core:debug] [pid 2078749:tid 2078749] mod_authz_core.c(815): [client 34.42.229.145:51200] AH01626: authorization result of Require all granted: granted
[Wed Aug 26 00:00:24.028133 2026] [authz_core:debug] [pid 2078749:tid 2078749] mod_authz_core.c(815): [client 34.42.229.145:51200] AH01626: authorization result of : granted
[Wed Aug 26 00:00:24.028267 2026] [authz_core:debug] [pid 2078749:tid 2078749] mod_authz_core.c(815): [client 34.42.229.145:51200] AH01626: authorization result of Require all granted: granted
[Wed Aug 26 00:00:24.028273 2026] [authz_core:debug] [pid 2078749:tid 2078749] mod_authz_core.c(815): [client 34.42.229.145:51200] AH01626: authorization result of : granted
[Wed Aug 26 00:00:24.053981 2026] [ssl:info] [pid 2079779:tid 2079779] [client 34.56.124.53:55297] AH01964: Connection to child 11 established (server 2blog.ilc.edu.tw:443)
[Wed Aug 26 00:00:24.054140 2026] [ssl:debug] [pid 2079779:tid 2079779] ssl_engine_kernel.c(2222): [client 34.56.124.53:55297] AH02043: SSL virtual host for servername 2blog.ilc.edu.tw found
[Wed Aug 26 00:00:24.054198 2026] [core:debug] [pid 2079779:tid 2079779] protocol.c(2460): [client 34.56.124.53:55297] AH03155: select protocol from , choices=http/1.1 for server 2blog.ilc.edu.tw
[Wed Aug 26 00:00:24.234324 2026] [deflate:debug] [pid 2078749:tid 2078749] mod_deflate.c(909): [client 34.42.229.145:51200] AH01384: Zlib: Compressed 40045 to 9427 : URL /index.php
[Wed Aug 26 00:00:24.413569 2026] [ssl:debug] [pid 2079779:tid 2079779] ssl_engine_kernel.c(2082): [client 34.56.124.53:55297] AH02041: Protocol: TLSv1.3, Cipher: TLS_AES_256_GCM_SHA384 (256/256 bits)
[Wed Aug 26 00:00:24.413618 2026] [socache_shmcb:debug] [pid 2079779:tid 2079779] mod_socache_shmcb.c(508): AH00831: socache_shmcb_store (0x9a -> subcache 26)
[Wed Aug 26 00:00:24.413623 2026] [socache_shmcb:debug] [pid 2079779:tid 2079779] mod_socache_shmcb.c(860): AH00847: insert happened at idx=3, data=(677:709)
[Wed Aug 26 00:00:24.413626 2026] [socache_shmcb:debug] [pid 2079779:tid 2079779] mod_socache_shmcb.c(863): AH00848: finished insert, subcache: idx_pos/idx_used=0/4, data_pos/data_used=0/903
[Wed Aug 26 00:00:24.413628 2026] [socache_shmcb:debug] [pid 2079779:tid 2079779] mod_socache_shmcb.c(530): AH00834: leaving socache_shmcb_store successfully
[Wed Aug 26 00:00:24.413699 2026] [socache_shmcb:debug] [pid 2079779:tid 2079779] mod_socache_shmcb.c(508): AH00831: socache_shmcb_store (0xf7 -> subcache 23)
[Wed Aug 26 00:00:24.413711 2026] [socache_shmcb:debug] [pid 2079779:tid 2079779] mod_socache_shmcb.c(860): AH00847: insert happened at idx=1, data=(225:257)
[Wed Aug 26 00:00:24.413712 2026] [socache_shmcb:debug] [pid 2079779:tid 2079779] mod_socache_shmcb.c(863): AH00848: finished insert, subcache: idx_pos/idx_used=0/2, data_pos/data_used=0/450
[Wed Aug 26 00:00:24.413714 2026] [socache_shmcb:debug] [pid 2079779:tid 2079779] mod_socache_shmcb.c(530): AH00834: leaving socache_shmcb_store successfully
[Wed Aug 26 00:00:24.472912 2026] [deflate:debug] [pid 2079631:tid 2079631] mod_deflate.c(909): [client 40.77.167.35:16370] AH01384: Zlib: Compressed 526796 to 84773 : URL /index.php
[Wed Aug 26 00:00:24.555234 2026] [ssl:debug] [pid 2079779:tid 2079779] ssl_engine_kernel.c(254): [client 34.56.124.53:55297] AH02034: Initial (No.1) HTTPS request received for child 11 (server 2blog.ilc.edu.tw:443)
[Wed Aug 26 00:00:24.555438 2026] [authz_core:debug] [pid 2079779:tid 2079779] mod_authz_core.c(815): [client 34.56.124.53:55297] AH01626: authorization result of Require all granted: granted
[Wed Aug 26 00:00:24.555446 2026] [authz_core:debug] [pid 2079779:tid 2079779] mod_authz_core.c(815): [client 34.56.124.53:55297] AH01626: authorization result of : granted
[Wed Aug 26 00:00:24.555570 2026] [authz_core:debug] [pid 2079779:tid 2079779] mod_authz_core.c(815): [client 34.56.124.53:55297] AH01626: authorization result of Require all granted: granted
[Wed Aug 26 00:00:24.555574 2026] [authz_core:debug] [pid 2079779:tid 2079779] mod_authz_core.c(815): [client 34.56.124.53:55297] AH01626: authorization result of : granted
[Wed Aug 26 00:00:25.220262 2026] [headers:debug] [pid 2078782:tid 2078782] mod_headers.c(900): AH01503: headers: ap_headers_error_filter()
[Wed Aug 26 00:00:25.485095 2026] [ssl:debug] [pid 2078744:tid 2078744] ssl_engine_io.c(1150): [client 34.123.149.87:46080] AH02001: Connection closed to child 8 with standard shutdown (server 2blog.ilc.edu.tw:443)
[Wed Aug 26 00:00:25.500692 2026] [ssl:info] [pid 2080896:tid 2080896] [client 34.10.180.98:52737] AH01964: Connection to child 15 established (server 2blog.ilc.edu.tw:443)
[Wed Aug 26 00:00:25.500865 2026] [ssl:debug] [pid 2080896:tid 2080896] ssl_engine_kernel.c(2222): [client 34.10.180.98:52737] AH02043: SSL virtual host for servername 2blog.ilc.edu.tw found
[Wed Aug 26 00:00:25.500916 2026] [core:debug] [pid 2080896:tid 2080896] protocol.c(2460): [client 34.10.180.98:52737] AH03155: select protocol from , choices=http/1.1 for server 2blog.ilc.edu.tw
[Wed Aug 26 00:00:25.576117 2026] [ssl:info] [pid 2080714:tid 2080714] [client 140.111.67.10:6964] AH01964: Connection to child 13 established (server 2blog.ilc.edu.tw:443)
[Wed Aug 26 00:00:25.576290 2026] [ssl:info] [pid 2080714:tid 2080714] (70014)End of file found: [client 140.111.67.10:6964] AH02006: SSL handshake stopped: connection was closed
[Wed Aug 26 00:00:25.576300 2026] [ssl:info] [pid 2080714:tid 2080714] [client 140.111.67.10:6964] AH01998: Connection closed to child 13 with abortive shutdown (server 2blog.ilc.edu.tw:443)
[Wed Aug 26 00:00:25.619850 2026] [ssl:info] [pid 2082035:tid 2082035] [client 34.30.223.149:5120] AH01964: Connection to child 16 established (server 2blog.ilc.edu.tw:443)
[Wed Aug 26 00:00:25.620319 2026] [ssl:debug] [pid 2082035:tid 2082035] ssl_engine_kernel.c(2222): [client 34.30.223.149:5120] AH02043: SSL virtual host for servername 2blog.ilc.edu.tw found
[Wed Aug 26 00:00:25.620464 2026] [core:debug] [pid 2082035:tid 2082035] protocol.c(2460): [client 34.30.223.149:5120] AH03155: select protocol from , choices=http/1.1 for server 2blog.ilc.edu.tw
[Wed Aug 26 00:00:25.713087 2026] [ssl:debug] [pid 2079363:tid 2079363] ssl_engine_io.c(1150): [client 34.56.124.53:55296] AH02001: Connection closed to child 5 with standard shutdown (server 2blog.ilc.edu.tw:443)
[Wed Aug 26 00:00:25.823387 2026] [watchdog:debug] [pid 2082416:tid 2082416] mod_watchdog.c(559): AH02980: Watchdog: nothing configured?
[Wed Aug 26 00:00:25.872892 2026] [ssl:debug] [pid 2082035:tid 2082035] ssl_engine_kernel.c(2082): [client 34.30.223.149:5120] AH02041: Protocol: TLSv1.3, Cipher: TLS_AES_256_GCM_SHA384 (256/256 bits)
[Wed Aug 26 00:00:25.873616 2026] [socache_shmcb:debug] [pid 2082035:tid 2082035] mod_socache_shmcb.c(508): AH00831: socache_shmcb_store (0x0a -> subcache 10)
[Wed Aug 26 00:00:25.873658 2026] [socache_shmcb:debug] [pid 2082035:tid 2082035] mod_socache_shmcb.c(860): AH00847: insert happened at idx=0, data=(0:32)
[Wed Aug 26 00:00:25.873660 2026] [socache_shmcb:debug] [pid 2082035:tid 2082035] mod_socache_shmcb.c(863): AH00848: finished insert, subcache: idx_pos/idx_used=0/1, data_pos/data_used=0/226
[Wed Aug 26 00:00:25.873663 2026] [socache_shmcb:debug] [pid 2082035:tid 2082035] mod_socache_shmcb.c(530): AH00834: leaving socache_shmcb_store successfully
[Wed Aug 26 00:00:25.873727 2026] [socache_shmcb:debug] [pid 2082035:tid 2082035] mod_socache_shmcb.c(508): AH00831: socache_shmcb_store (0x89 -> subcache 9)
[Wed Aug 26 00:00:25.873738 2026] [socache_shmcb:debug] [pid 2082035:tid 2082035] mod_socache_shmcb.c(860): AH00847: insert happened at idx=5, data=(1092:1124)
[Wed Aug 26 00:00:25.873740 2026] [socache_shmcb:debug] [pid 2082035:tid 2082035] mod_socache_shmcb.c(863): AH00848: finished insert, subcache: idx_pos/idx_used=0/6, data_pos/data_used=0/1318
[Wed Aug 26 00:00:25.873741 2026] [socache_shmcb:debug] [pid 2082035:tid 2082035] mod_socache_shmcb.c(530): AH00834: leaving socache_shmcb_store successfully
[Wed Aug 26 00:00:26.103700 2026] [ssl:debug] [pid 2082035:tid 2082035] ssl_engine_kernel.c(254): [client 34.30.223.149:5120] AH02034: Initial (No.1) HTTPS request received for child 16 (server 2blog.ilc.edu.tw:443)
[Wed Aug 26 00:00:26.103970 2026] [authz_core:debug] [pid 2082035:tid 2082035] mod_authz_core.c(815): [client 34.30.223.149:5120] AH01626: authorization result of Require all granted: granted
[Wed Aug 26 00:00:26.103997 2026] [authz_core:debug] [pid 2082035:tid 2082035] mod_authz_core.c(815): [client 34.30.223.149:5120] AH01626: authorization result of : granted
[Wed Aug 26 00:00:26.104576 2026] [authz_core:debug] [pid 2082035:tid 2082035] mod_authz_core.c(815): [client 34.30.223.149:5120] AH01626: authorization result of Require all granted: granted
[Wed Aug 26 00:00:26.104581 2026] [authz_core:debug] [pid 2082035:tid 2082035] mod_authz_core.c(815): [client 34.30.223.149:5120] AH01626: authorization result of : granted
[Wed Aug 26 00:00:26.128696 2026] [ssl:debug] [pid 2080896:tid 2080896] ssl_engine_kernel.c(2082): [client 34.10.180.98:52737] AH02041: Protocol: TLSv1.3, Cipher: TLS_AES_256_GCM_SHA384 (256/256 bits)
[Wed Aug 26 00:00:26.128747 2026] [socache_shmcb:debug] [pid 2080896:tid 2080896] mod_socache_shmcb.c(508): AH00831: socache_shmcb_store (0xa1 -> subcache 1)
[Wed Aug 26 00:00:26.128752 2026] [socache_shmcb:debug] [pid 2080896:tid 2080896] mod_socache_shmcb.c(860): AH00847: insert happened at idx=4, data=(883:915)
[Wed Aug 26 00:00:26.128754 2026] [socache_shmcb:debug] [pid 2080896:tid 2080896] mod_socache_shmcb.c(863): AH00848: finished insert, subcache: idx_pos/idx_used=0/5, data_pos/data_used=0/1109
[Wed Aug 26 00:00:26.128757 2026] [socache_shmcb:debug] [pid 2080896:tid 2080896] mod_socache_shmcb.c(530): AH00834: leaving socache_shmcb_store successfully
[Wed Aug 26 00:00:26.128825 2026] [socache_shmcb:debug] [pid 2080896:tid 2080896] mod_socache_shmcb.c(508): AH00831: socache_shmcb_store (0xb3 -> subcache 19)
[Wed Aug 26 00:00:26.128830 2026] [socache_shmcb:debug] [pid 2080896:tid 2080896] mod_socache_shmcb.c(860): AH00847: insert happened at idx=2, data=(433:465)
[Wed Aug 26 00:00:26.128833 2026] [socache_shmcb:debug] [pid 2080896:tid 2080896] mod_socache_shmcb.c(863): AH00848: finished insert, subcache: idx_pos/idx_used=0/3, data_pos/data_used=0/658
[Wed Aug 26 00:00:26.128836 2026] [socache_shmcb:debug] [pid 2080896:tid 2080896] mod_socache_shmcb.c(530): AH00834: leaving socache_shmcb_store successfully
[Wed Aug 26 00:00:26.263200 2026] [ssl:debug] [pid 2080896:tid 2080896] ssl_engine_kernel.c(254): [client 34.10.180.98:52737] AH02034: Initial (No.1) HTTPS request received for child 15 (server 2blog.ilc.edu.tw:443)
[Wed Aug 26 00:00:26.263388 2026] [authz_core:debug] [pid 2080896:tid 2080896] mod_authz_core.c(815): [client 34.10.180.98:52737] AH01626: authorization result of Require all granted: granted
[Wed Aug 26 00:00:26.263397 2026] [authz_core:debug] [pid 2080896:tid 2080896] mod_authz_core.c(815): [client 34.10.180.98:52737] AH01626: authorization result of : granted
[Wed Aug 26 00:00:26.263523 2026] [authz_core:debug] [pid 2080896:tid 2080896] mod_authz_core.c(815): [client 34.10.180.98:52737] AH01626: authorization result of Require all granted: granted
