[Wed Aug 26 00:01:11.203828 2026] [authz_core:debug] [pid 2083230:tid 2083230] mod_authz_core.c(815): [client 49.158.154.204:18142] AH01626: authorization result of Require all granted: granted, referer: https://www.kfps.ilc.edu.tw/
[Wed Aug 26 00:01:11.203834 2026] [authz_core:debug] [pid 2083230:tid 2083230] mod_authz_core.c(815): [client 49.158.154.204:18142] AH01626: authorization result of : granted, referer: https://www.kfps.ilc.edu.tw/
[Wed Aug 26 00:01:11.204260 2026] [deflate:debug] [pid 2083230:tid 2083230] mod_deflate.c(909): [client 49.158.154.204:18142] AH01384: Zlib: Compressed 14581 to 3765 : URL /wp-content/themes/oceanwp/assets/js/drop-down-mobile-menu.min.js, referer: https://www.kfps.ilc.edu.tw/
[Wed Aug 26 00:01:11.225580 2026] [ssl:debug] [pid 2083230:tid 2083230] ssl_engine_kernel.c(254): [client 49.158.154.204:18142] AH02034: Subsequent (No.6) HTTPS request received for child 8 (server www.kfps.ilc.edu.tw:443), referer: https://www.kfps.ilc.edu.tw/
[Wed Aug 26 00:01:11.225875 2026] [authz_core:debug] [pid 2083230:tid 2083230] mod_authz_core.c(815): [client 49.158.154.204:18142] AH01626: authorization result of Require all granted: granted, referer: https://www.kfps.ilc.edu.tw/
[Wed Aug 26 00:01:11.225883 2026] [authz_core:debug] [pid 2083230:tid 2083230] mod_authz_core.c(815): [client 49.158.154.204:18142] AH01626: authorization result of : granted, referer: https://www.kfps.ilc.edu.tw/
[Wed Aug 26 00:01:11.226199 2026] [deflate:debug] [pid 2083230:tid 2083230] mod_deflate.c(909): [client 49.158.154.204:18142] AH01384: Zlib: Compressed 7540 to 2070 : URL /wp-content/themes/oceanwp/assets/js/drop-down-search.min.js, referer: https://www.kfps.ilc.edu.tw/
[Wed Aug 26 00:01:11.244690 2026] [ssl:debug] [pid 2083249:tid 2083249] ssl_engine_io.c(1150): [client 2607:9000:400:39:198:44:130:102:23368] AH02001: Connection closed to child 2 with standard shutdown (server 2blog.ilc.edu.tw:443)
[Wed Aug 26 00:01:11.255643 2026] [ssl:debug] [pid 2083230:tid 2083230] ssl_engine_kernel.c(254): [client 49.158.154.204:18142] AH02034: Subsequent (No.7) HTTPS request received for child 8 (server www.kfps.ilc.edu.tw:443), referer: https://www.kfps.ilc.edu.tw/
[Wed Aug 26 00:01:11.255864 2026] [authz_core:debug] [pid 2083230:tid 2083230] mod_authz_core.c(815): [client 49.158.154.204:18142] AH01626: authorization result of Require all granted: granted, referer: https://www.kfps.ilc.edu.tw/
[Wed Aug 26 00:01:11.255870 2026] [authz_core:debug] [pid 2083230:tid 2083230] mod_authz_core.c(815): [client 49.158.154.204:18142] AH01626: authorization result of : granted, referer: https://www.kfps.ilc.edu.tw/
[Wed Aug 26 00:01:11.256574 2026] [deflate:debug] [pid 2083230:tid 2083230] mod_deflate.c(909): [client 49.158.154.204:18142] AH01384: Zlib: Compressed 20216 to 7328 : URL /wp-content/themes/oceanwp/assets/js/vendors/magnific-popup.min.js, referer: https://www.kfps.ilc.edu.tw/
[Wed Aug 26 00:01:11.284002 2026] [ssl:debug] [pid 2083230:tid 2083230] ssl_engine_kernel.c(254): [client 49.158.154.204:18142] AH02034: Subsequent (No.8) HTTPS request received for child 8 (server www.kfps.ilc.edu.tw:443), referer: https://www.kfps.ilc.edu.tw/
[Wed Aug 26 00:01:11.284283 2026] [authz_core:debug] [pid 2083230:tid 2083230] mod_authz_core.c(815): [client 49.158.154.204:18142] AH01626: authorization result of Require all granted: granted, referer: https://www.kfps.ilc.edu.tw/
[Wed Aug 26 00:01:11.284293 2026] [authz_core:debug] [pid 2083230:tid 2083230] mod_authz_core.c(815): [client 49.158.154.204:18142] AH01626: authorization result of : granted, referer: https://www.kfps.ilc.edu.tw/
[Wed Aug 26 00:01:11.284458 2026] [ssl:debug] [pid 2078742:tid 2078742] ssl_engine_kernel.c(254): [client 49.158.154.204:18642] AH02034: Subsequent (No.2) HTTPS request received for child 14 (server www.kfps.ilc.edu.tw:443), referer: https://www.kfps.ilc.edu.tw/
[Wed Aug 26 00:01:11.284475 2026] [ssl:debug] [pid 2083226:tid 2083226] ssl_engine_kernel.c(254): [client 49.158.154.204:18972] AH02034: Subsequent (No.2) HTTPS request received for child 5 (server www.kfps.ilc.edu.tw:443), referer: https://www.kfps.ilc.edu.tw/
[Wed Aug 26 00:01:11.284633 2026] [authz_core:debug] [pid 2083226:tid 2083226] mod_authz_core.c(815): [client 49.158.154.204:18972] AH01626: authorization result of Require all granted: granted, referer: https://www.kfps.ilc.edu.tw/
[Wed Aug 26 00:01:11.284635 2026] [authz_core:debug] [pid 2078742:tid 2078742] mod_authz_core.c(815): [client 49.158.154.204:18642] AH01626: authorization result of Require all granted: granted, referer: https://www.kfps.ilc.edu.tw/
[Wed Aug 26 00:01:11.284638 2026] [authz_core:debug] [pid 2083226:tid 2083226] mod_authz_core.c(815): [client 49.158.154.204:18972] AH01626: authorization result of : granted, referer: https://www.kfps.ilc.edu.tw/
[Wed Aug 26 00:01:11.284641 2026] [authz_core:debug] [pid 2078742:tid 2078742] mod_authz_core.c(815): [client 49.158.154.204:18642] AH01626: authorization result of : granted, referer: https://www.kfps.ilc.edu.tw/
[Wed Aug 26 00:01:11.284664 2026] [deflate:debug] [pid 2083230:tid 2083230] mod_deflate.c(909): [client 49.158.154.204:18142] AH01384: Zlib: Compressed 4111 to 1423 : URL /wp-content/themes/oceanwp/assets/js/ow-lightbox.min.js, referer: https://www.kfps.ilc.edu.tw/
[Wed Aug 26 00:01:11.284825 2026] [ssl:debug] [pid 2083231:tid 2083231] ssl_engine_kernel.c(254): [client 49.158.154.204:19008] AH02034: Subsequent (No.2) HTTPS request received for child 9 (server www.kfps.ilc.edu.tw:443), referer: https://www.kfps.ilc.edu.tw/
[Wed Aug 26 00:01:11.284851 2026] [deflate:debug] [pid 2083226:tid 2083226] mod_deflate.c(909): [client 49.158.154.204:18972] AH01384: Zlib: Compressed 2002 to 864 : URL /wp-content/themes/oceanwp/assets/js/ow-slider.min.js, referer: https://www.kfps.ilc.edu.tw/
[Wed Aug 26 00:01:11.285014 2026] [authz_core:debug] [pid 2083231:tid 2083231] mod_authz_core.c(815): [client 49.158.154.204:19008] AH01626: authorization result of Require all granted: granted, referer: https://www.kfps.ilc.edu.tw/
[Wed Aug 26 00:01:11.285023 2026] [authz_core:debug] [pid 2083231:tid 2083231] mod_authz_core.c(815): [client 49.158.154.204:19008] AH01626: authorization result of : granted, referer: https://www.kfps.ilc.edu.tw/
[Wed Aug 26 00:01:11.285077 2026] [ssl:debug] [pid 2079930:tid 2079930] ssl_engine_kernel.c(254): [client 49.158.154.204:18544] AH02034: Subsequent (No.2) HTTPS request received for child 12 (server www.kfps.ilc.edu.tw:443), referer: https://www.kfps.ilc.edu.tw/
[Wed Aug 26 00:01:11.285136 2026] [ssl:debug] [pid 2082035:tid 2082035] ssl_engine_kernel.c(254): [client 49.158.154.204:20772] AH02034: Subsequent (No.3) HTTPS request received for child 16 (server www.kfps.ilc.edu.tw:443), referer: https://www.kfps.ilc.edu.tw/
[Wed Aug 26 00:01:11.285266 2026] [authz_core:debug] [pid 2079930:tid 2079930] mod_authz_core.c(815): [client 49.158.154.204:18544] AH01626: authorization result of Require all granted: granted, referer: https://www.kfps.ilc.edu.tw/
[Wed Aug 26 00:01:11.285278 2026] [authz_core:debug] [pid 2079930:tid 2079930] mod_authz_core.c(815): [client 49.158.154.204:18544] AH01626: authorization result of : granted, referer: https://www.kfps.ilc.edu.tw/
[Wed Aug 26 00:01:11.285318 2026] [authz_core:debug] [pid 2082035:tid 2082035] mod_authz_core.c(815): [client 49.158.154.204:20772] AH01626: authorization result of Require all granted: granted, referer: https://www.kfps.ilc.edu.tw/
[Wed Aug 26 00:01:11.285325 2026] [authz_core:debug] [pid 2082035:tid 2082035] mod_authz_core.c(815): [client 49.158.154.204:20772] AH01626: authorization result of : granted, referer: https://www.kfps.ilc.edu.tw/
[Wed Aug 26 00:01:11.285385 2026] [deflate:debug] [pid 2083231:tid 2083231] mod_deflate.c(909): [client 49.158.154.204:19008] AH01384: Zlib: Compressed 5181 to 1510 : URL /wp-content/themes/oceanwp/assets/js/select.min.js, referer: https://www.kfps.ilc.edu.tw/
[Wed Aug 26 00:01:11.285602 2026] [deflate:debug] [pid 2082035:tid 2082035] mod_deflate.c(909): [client 49.158.154.204:20772] AH01384: Zlib: Compressed 8989 to 2304 : URL /wp-content/themes/oceanwp/assets/js/scroll-top.min.js, referer: https://www.kfps.ilc.edu.tw/
[Wed Aug 26 00:01:11.285676 2026] [deflate:debug] [pid 2079930:tid 2079930] mod_deflate.c(909): [client 49.158.154.204:18544] AH01384: Zlib: Compressed 12402 to 3229 : URL /wp-content/themes/oceanwp/assets/js/scroll-effect.min.js, referer: https://www.kfps.ilc.edu.tw/
[Wed Aug 26 00:01:11.287360 2026] [deflate:debug] [pid 2078742:tid 2078742] mod_deflate.c(909): [client 49.158.154.204:18642] AH01384: Zlib: Compressed 57513 to 14083 : URL /wp-content/themes/oceanwp/assets/js/vendors/flickity.pkgd.min.js, referer: https://www.kfps.ilc.edu.tw/
[Wed Aug 26 00:01:11.310207 2026] [ssl:debug] [pid 2083226:tid 2083226] ssl_engine_kernel.c(254): [client 49.158.154.204:18972] AH02034: Subsequent (No.3) HTTPS request received for child 5 (server www.kfps.ilc.edu.tw:443), referer: https://www.kfps.ilc.edu.tw/wp-content/cache/www.kfps.ilc.edu.tw/wpfc-minified/6mqw62g3/6wlp.css
[Wed Aug 26 00:01:11.310213 2026] [ssl:debug] [pid 2083230:tid 2083230] ssl_engine_kernel.c(254): [client 49.158.154.204:18142] AH02034: Subsequent (No.9) HTTPS request received for child 8 (server www.kfps.ilc.edu.tw:443), referer: https://www.kfps.ilc.edu.tw/wp-content/cache/www.kfps.ilc.edu.tw/wpfc-minified/6mqw62g3/6wlp.css
[Wed Aug 26 00:01:11.310493 2026] [authz_core:debug] [pid 2083226:tid 2083226] mod_authz_core.c(815): [client 49.158.154.204:18972] AH01626: authorization result of Require all granted: granted, referer: https://www.kfps.ilc.edu.tw/wp-content/cache/www.kfps.ilc.edu.tw/wpfc-minified/6mqw62g3/6wlp.css
[Wed Aug 26 00:01:11.310641 2026] [ssl:debug] [pid 2079930:tid 2079930] ssl_engine_kernel.c(254): [client 49.158.154.204:18544] AH02034: Subsequent (No.3) HTTPS request received for child 12 (server www.kfps.ilc.edu.tw:443), referer: https://www.kfps.ilc.edu.tw/
[Wed Aug 26 00:01:11.310656 2026] [ssl:debug] [pid 2083231:tid 2083231] ssl_engine_kernel.c(254): [client 49.158.154.204:19008] AH02034: Subsequent (No.3) HTTPS request received for child 9 (server www.kfps.ilc.edu.tw:443), referer: https://www.kfps.ilc.edu.tw/
[Wed Aug 26 00:01:11.310797 2026] [authz_core:debug] [pid 2083230:tid 2083230] mod_authz_core.c(815): [client 49.158.154.204:18142] AH01626: authorization result of Require all granted: granted, referer: https://www.kfps.ilc.edu.tw/wp-content/cache/www.kfps.ilc.edu.tw/wpfc-minified/6mqw62g3/6wlp.css
[Wed Aug 26 00:01:11.310806 2026] [authz_core:debug] [pid 2083230:tid 2083230] mod_authz_core.c(815): [client 49.158.154.204:18142] AH01626: authorization result of : granted, referer: https://www.kfps.ilc.edu.tw/wp-content/cache/www.kfps.ilc.edu.tw/wpfc-minified/6mqw62g3/6wlp.css
[Wed Aug 26 00:01:11.310850 2026] [authz_core:debug] [pid 2079930:tid 2079930] mod_authz_core.c(815): [client 49.158.154.204:18544] AH01626: authorization result of Require all granted: granted, referer: https://www.kfps.ilc.edu.tw/
[Wed Aug 26 00:01:11.310870 2026] [authz_core:debug] [pid 2079930:tid 2079930] mod_authz_core.c(815): [client 49.158.154.204:18544] AH01626: authorization result of : granted, referer: https://www.kfps.ilc.edu.tw/
[Wed Aug 26 00:01:11.311102 2026] [deflate:debug] [pid 2079930:tid 2079930] mod_deflate.c(909): [client 49.158.154.204:18544] AH01384: Zlib: Compressed 712 to 422 : URL /wp-content/plugins/ocean-extra/includes/widgets/js/flickr.min.js, referer: https://www.kfps.ilc.edu.tw/
[Wed Aug 26 00:01:11.310505 2026] [authz_core:debug] [pid 2083226:tid 2083226] mod_authz_core.c(815): [client 49.158.154.204:18972] AH01626: authorization result of : granted, referer: https://www.kfps.ilc.edu.tw/wp-content/cache/www.kfps.ilc.edu.tw/wpfc-minified/6mqw62g3/6wlp.css
[Wed Aug 26 00:01:11.314681 2026] [authz_core:debug] [pid 2083231:tid 2083231] mod_authz_core.c(815): [client 49.158.154.204:19008] AH01626: authorization result of Require all granted: granted, referer: https://www.kfps.ilc.edu.tw/
[Wed Aug 26 00:01:11.314702 2026] [authz_core:debug] [pid 2083231:tid 2083231] mod_authz_core.c(815): [client 49.158.154.204:19008] AH01626: authorization result of : granted, referer: https://www.kfps.ilc.edu.tw/
[Wed Aug 26 00:01:11.368826 2026] [ssl:debug] [pid 2083229:tid 2083229] ssl_engine_kernel.c(254): [client 34.10.180.98:48641] AH02034: Initial (No.1) HTTPS request received for child 7 (server 2blog.ilc.edu.tw:443)
[Wed Aug 26 00:01:11.369046 2026] [authz_core:debug] [pid 2083229:tid 2083229] mod_authz_core.c(815): [client 34.10.180.98:48641] AH01626: authorization result of Require all granted: granted
[Wed Aug 26 00:01:11.369052 2026] [authz_core:debug] [pid 2083229:tid 2083229] mod_authz_core.c(815): [client 34.10.180.98:48641] AH01626: authorization result of : granted
[Wed Aug 26 00:01:11.369189 2026] [authz_core:debug] [pid 2083229:tid 2083229] mod_authz_core.c(815): [client 34.10.180.98:48641] AH01626: authorization result of Require all granted: granted
[Wed Aug 26 00:01:11.369194 2026] [authz_core:debug] [pid 2083229:tid 2083229] mod_authz_core.c(815): [client 34.10.180.98:48641] AH01626: authorization result of : granted
[Wed Aug 26 00:01:11.577905 2026] [ssl:info] [pid 2079139:tid 2079139] [client 52.204.37.237:44535] AH01964: Connection to child 4 established (server 2blog.ilc.edu.tw:443)
[Wed Aug 26 00:01:11.578105 2026] [ssl:debug] [pid 2079139:tid 2079139] ssl_engine_kernel.c(2222): [client 52.204.37.237:44535] AH02043: SSL virtual host for servername 2blog.ilc.edu.tw found
[Wed Aug 26 00:01:11.819590 2026] [ssl:debug] [pid 2079139:tid 2079139] ssl_engine_kernel.c(2082): [client 52.204.37.237:44535] AH02041: Protocol: TLSv1.3, Cipher: TLS_AES_256_GCM_SHA384 (256/256 bits)
[Wed Aug 26 00:01:11.819660 2026] [socache_shmcb:debug] [pid 2079139:tid 2079139] mod_socache_shmcb.c(508): AH00831: socache_shmcb_store (0x4d -> subcache 13)
[Wed Aug 26 00:01:11.819668 2026] [socache_shmcb:debug] [pid 2079139:tid 2079139] mod_socache_shmcb.c(860): AH00847: insert happened at idx=8, data=(1767:1799)
[Wed Aug 26 00:01:11.819671 2026] [socache_shmcb:debug] [pid 2079139:tid 2079139] mod_socache_shmcb.c(863): AH00848: finished insert, subcache: idx_pos/idx_used=0/9, data_pos/data_used=0/1980
[Wed Aug 26 00:01:11.819675 2026] [socache_shmcb:debug] [pid 2079139:tid 2079139] mod_socache_shmcb.c(530): AH00834: leaving socache_shmcb_store successfully
[Wed Aug 26 00:01:11.819744 2026] [socache_shmcb:debug] [pid 2079139:tid 2079139] mod_socache_shmcb.c(508): AH00831: socache_shmcb_store (0xb0 -> subcache 16)
[Wed Aug 26 00:01:11.819750 2026] [socache_shmcb:debug] [pid 2079139:tid 2079139] mod_socache_shmcb.c(860): AH00847: insert happened at idx=4, data=(839:871)
[Wed Aug 26 00:01:11.819753 2026] [socache_shmcb:debug] [pid 2079139:tid 2079139] mod_socache_shmcb.c(863): AH00848: finished insert, subcache: idx_pos/idx_used=0/5, data_pos/data_used=0/1053
[Wed Aug 26 00:01:11.819756 2026] [socache_shmcb:debug] [pid 2079139:tid 2079139] mod_socache_shmcb.c(530): AH00834: leaving socache_shmcb_store successfully
[Wed Aug 26 00:01:11.819912 2026] [ssl:debug] [pid 2079139:tid 2079139] ssl_engine_kernel.c(254): [client 52.204.37.237:44535] AH02034: Initial (No.1) HTTPS request received for child 4 (server 2blog.ilc.edu.tw:443)
[Wed Aug 26 00:01:11.832699 2026] [authz_core:debug] [pid 2079139:tid 2079139] mod_authz_core.c(815): [client 52.204.37.237:44535] AH01626: authorization result of Require all granted: granted
[Wed Aug 26 00:01:11.832720 2026] [authz_core:debug] [pid 2079139:tid 2079139] mod_authz_core.c(815): [client 52.204.37.237:44535] AH01626: authorization result of : granted
[Wed Aug 26 00:01:11.834557 2026] [ssl:debug] [pid 2079139:tid 2079139] ssl_engine_io.c(1150): [client 52.204.37.237:44535] AH02001: Connection closed to child 4 with standard shutdown (server 2blog.ilc.edu.tw:443)
[Wed Aug 26 00:01:11.851308 2026] [ssl:info] [pid 2083249:tid 2083249] [client 136.119.35.120:14848] AH01964: Connection to child 2 established (server 2blog.ilc.edu.tw:443)
[Wed Aug 26 00:01:11.851476 2026] [ssl:info] [pid 2083249:tid 2083249] (70014)End of file found: [client 136.119.35.120:14848] AH02006: SSL handshake stopped: connection was closed
[Wed Aug 26 00:01:11.851487 2026] [ssl:info] [pid 2083249:tid 2083249] [client 136.119.35.120:14848] AH01998: Connection closed to child 2 with abortive shutdown (server 2blog.ilc.edu.tw:443)
[Wed Aug 26 00:01:11.903817 2026] [watchdog:debug] [pid 2083254:tid 2083254] mod_watchdog.c(559): AH02980: Watchdog: nothing configured?
[Wed Aug 26 00:01:11.977186 2026] [ssl:info] [pid 2083249:tid 2083249] [client 34.30.223.149:55809] AH01964: Connection to child 2 established (server 2blog.ilc.edu.tw:443)
[Wed Aug 26 00:01:11.977341 2026] [ssl:debug] [pid 2083249:tid 2083249] ssl_engine_kernel.c(2222): [client 34.30.223.149:55809] AH02043: SSL virtual host for servername 2blog.ilc.edu.tw found
[Wed Aug 26 00:01:11.977391 2026] [core:debug] [pid 2083249:tid 2083249] protocol.c(2460): [client 34.30.223.149:55809] AH03155: select protocol from , choices=http/1.1 for server 2blog.ilc.edu.tw
[Wed Aug 26 00:01:12.218375 2026] [ssl:debug] [pid 2083249:tid 2083249] ssl_engine_kernel.c(2082): [client 34.30.223.149:55809] AH02041: Protocol: TLSv1.3, Cipher: TLS_AES_256_GCM_SHA384 (256/256 bits)
[Wed Aug 26 00:01:12.218438 2026] [socache_shmcb:debug] [pid 2083249:tid 2083249] mod_socache_shmcb.c(508): AH00831: socache_shmcb_store (0xc0 -> subcache 0)
[Wed Aug 26 00:01:12.218444 2026] [socache_shmcb:debug] [pid 2083249:tid 2083249] mod_socache_shmcb.c(860): AH00847: insert happened at idx=6, data=(1346:1378)
[Wed Aug 26 00:01:12.218446 2026] [socache_shmcb:debug] [pid 2083249:tid 2083249] mod_socache_shmcb.c(863): AH00848: finished insert, subcache: idx_pos/idx_used=0/7, data_pos/data_used=0/1572
[Wed Aug 26 00:01:12.218449 2026] [socache_shmcb:debug] [pid 2083249:tid 2083249] mod_socache_shmcb.c(530): AH00834: leaving socache_shmcb_store successfully
[Wed Aug 26 00:01:12.218508 2026] [socache_shmcb:debug] [pid 2083249:tid 2083249] mod_socache_shmcb.c(508): AH00831: socache_shmcb_store (0x87 -> subcache 7)
[Wed Aug 26 00:01:12.218520 2026] [socache_shmcb:debug] [pid 2083249:tid 2083249] mod_socache_shmcb.c(860): AH00847: insert happened at idx=3, data=(654:686)
[Wed Aug 26 00:01:12.218522 2026] [socache_shmcb:debug] [pid 2083249:tid 2083249] mod_socache_shmcb.c(863): AH00848: finished insert, subcache: idx_pos/idx_used=0/4, data_pos/data_used=0/879
[Wed Aug 26 00:01:12.218524 2026] [socache_shmcb:debug] [pid 2083249:tid 2083249] mod_socache_shmcb.c(530): AH00834: leaving socache_shmcb_store successfully
[Wed Aug 26 00:01:12.260053 2026] [deflate:debug] [pid 2078778:tid 2078778] mod_deflate.c(909): [client 34.10.180.98:30720] AH01384: Zlib: Compressed 62376 to 12260 : URL /index.php
[Wed Aug 26 00:01:12.326970 2026] [ssl:debug] [pid 2083249:tid 2083249] ssl_engine_kernel.c(254): [client 34.30.223.149:55809] AH02034: Initial (No.1) HTTPS request received for child 2 (server 2blog.ilc.edu.tw:443)
[Wed Aug 26 00:01:12.327195 2026] [authz_core:debug] [pid 2083249:tid 2083249] mod_authz_core.c(815): [client 34.30.223.149:55809] AH01626: authorization result of Require all granted: granted
[Wed Aug 26 00:01:12.327203 2026] [authz_core:debug] [pid 2083249:tid 2083249] mod_authz_core.c(815): [client 34.30.223.149:55809] AH01626: authorization result of : granted
[Wed Aug 26 00:01:12.327334 2026] [authz_core:debug] [pid 2083249:tid 2083249] mod_authz_core.c(815): [client 34.30.223.149:55809] AH01626: authorization result of Require all granted: granted
[Wed Aug 26 00:01:12.327338 2026] [authz_core:debug] [pid 2083249:tid 2083249] mod_authz_core.c(815): [client 34.30.223.149:55809] AH01626: authorization result of : granted
[Wed Aug 26 00:01:12.463865 2026] [ssl:info] [pid 2083254:tid 2083254] [client 240e:97e:2000:900:1234:4321:0:77:9660] AH01964: Connection to child 6 established (server 2blog.ilc.edu.tw:443)
[Wed Aug 26 00:01:12.464438 2026] [ssl:debug] [pid 2083254:tid 2083254] ssl_engine_kernel.c(2222): [client 240e:97e:2000:900:1234:4321:0:77:9660] AH02043: SSL virtual host for servername www.daes.ilc.edu.tw found
[Wed Aug 26 00:01:12.464603 2026] [core:debug] [pid 2083254:tid 2083254] protocol.c(2460): [client 240e:97e:2000:900:1234:4321:0:77:9660] AH03155: select protocol from , choices=h2,http/1.1 for server www.daes.ilc.edu.tw
[Wed Aug 26 00:01:12.464720 2026] [ssl:debug] [pid 2083254:tid 2083254] ssl_util_stapling.c(819): AH01951: stapling_cb: OCSP Stapling callback called
[Wed Aug 26 00:01:12.464732 2026] [ssl:info] [pid 2083254:tid 2083254] AH01926: stapling_get_certinfo: stapling not supported for certificate
[Wed Aug 26 00:01:12.555372 2026] [ssl:debug] [pid 2083225:tid 2083225] ssl_engine_io.c(1150): [client 2408:8719:64:201:2c:::32904] AH02001: Connection closed to child 3 with standard shutdown (server 2blog.ilc.edu.tw:443)
[Wed Aug 26 00:01:12.833255 2026] [ssl:info] [pid 2078749:tid 2078749] (70014)End of file found: [client 66.249.79.163:49154] AH01992: SSL library error 6 reading data
[Wed Aug 26 00:01:12.833375 2026] [ssl:debug] [pid 2078749:tid 2078749] ssl_engine_io.c(1150): [client 66.249.79.163:49154] AH02001: Connection closed to child 10 with standard shutdown (server 2blog.ilc.edu.tw:443)
[Wed Aug 26 00:01:12.907530 2026] [watchdog:debug] [pid 2083255:tid 2083255] mod_watchdog.c(559): AH02980: Watchdog: nothing configured?
[Wed Aug 26 00:01:12.910387 2026] [watchdog:debug] [pid 2083256:tid 2083256] mod_watchdog.c(559): AH02980: Watchdog: nothing configured?
[Wed Aug 26 00:01:13.026846 2026] [ssl:debug] [pid 2083231:tid 2083231] ssl_engine_kernel.c(254): [client 49.158.154.204:19008] AH02034: Subsequent (No.4) HTTPS request received for child 9 (server www.kfps.ilc.edu.tw:443), referer: https://www.kfps.ilc.edu.tw/
[Wed Aug 26 00:01:13.027946 2026] [authz_core:debug] [pid 2083231:tid 2083231] mod_authz_core.c(815): [client 49.158.154.204:19008] AH01626: authorization result of Require all granted: granted, referer: https://www.kfps.ilc.edu.tw/
[Wed Aug 26 00:01:13.027959 2026] [authz_core:debug] [pid 2083231:tid 2083231] mod_authz_core.c(815): [client 49.158.154.204:19008] AH01626: authorization result of : granted, referer: https://www.kfps.ilc.edu.tw/
[Wed Aug 26 00:01:13.030072 2026] [ssl:debug] [pid 2083226:tid 2083226] ssl_engine_kernel.c(254): [client 49.158.154.204:18972] AH02034: Subsequent (No.4) HTTPS request received for child 5 (server www.kfps.ilc.edu.tw:443), referer: https://www.kfps.ilc.edu.tw/
[Wed Aug 26 00:01:13.030628 2026] [authz_core:debug] [pid 2083226:tid 2083226] mod_authz_core.c(815): [client 49.158.154.204:18972] AH01626: authorization result of Require all granted: granted, referer: https://www.kfps.ilc.edu.tw/
[Wed Aug 26 00:01:13.030640 2026] [authz_core:debug] [pid 2083226:tid 2083226] mod_authz_core.c(815): [client 49.158.154.204:18972] AH01626: authorization result of : granted, referer: https://www.kfps.ilc.edu.tw/
[Wed Aug 26 00:01:13.095623 2026] [ssl:debug] [pid 2083254:tid 2083254] ssl_engine_kernel.c(2082): [client 240e:97e:2000:900:1234:4321:0:77:9660] AH02041: Protocol: TLSv1.3, Cipher: TLS_AES_256_GCM_SHA384 (256/256 bits)
[Wed Aug 26 00:01:13.095708 2026] [socache_shmcb:debug] [pid 2083254:tid 2083254] mod_socache_shmcb.c(508): AH00831: socache_shmcb_store (0xaf -> subcache 15)
[Wed Aug 26 00:01:13.095719 2026] [socache_shmcb:debug] [pid 2083254:tid 2083254] mod_socache_shmcb.c(860): AH00847: insert happened at idx=4, data=(845:877)
[Wed Aug 26 00:01:13.095721 2026] [socache_shmcb:debug] [pid 2083254:tid 2083254] mod_socache_shmcb.c(863): AH00848: finished insert, subcache: idx_pos/idx_used=0/5, data_pos/data_used=0/1074
[Wed Aug 26 00:01:13.095724 2026] [socache_shmcb:debug] [pid 2083254:tid 2083254] mod_socache_shmcb.c(530): AH00834: leaving socache_shmcb_store successfully
[Wed Aug 26 00:01:13.095786 2026] [socache_shmcb:debug] [pid 2083254:tid 2083254] mod_socache_shmcb.c(508): AH00831: socache_shmcb_store (0xea -> subcache 10)
[Wed Aug 26 00:01:13.095792 2026] [socache_shmcb:debug] [pid 2083254:tid 2083254] mod_socache_shmcb.c(860): AH00847: insert happened at idx=4, data=(879:911)
[Wed Aug 26 00:01:13.095793 2026] [socache_shmcb:debug] [pid 2083254:tid 2083254] mod_socache_shmcb.c(863): AH00848: finished insert, subcache: idx_pos/idx_used=0/5, data_pos/data_used=0/1108
[Wed Aug 26 00:01:13.095795 2026] [socache_shmcb:debug] [pid 2083254:tid 2083254] mod_socache_shmcb.c(530): AH00834: leaving socache_shmcb_store successfully
[Wed Aug 26 00:01:13.096248 2026] [ssl:debug] [pid 2083254:tid 2083254] ssl_engine_kernel.c(254): [client 240e:97e:2000:900:1234:4321:0:77:9660] AH02034: Initial (No.1) HTTPS request received for child 6 (server www.daes.ilc.edu.tw:443)
[Wed Aug 26 00:01:13.096510 2026] [authz_core:debug] [pid 2083254:tid 2083254] mod_authz_core.c(815): [client 240e:97e:2000:900:1234:4321:0:77:9660] AH01626: authorization result of Require all granted: granted
[Wed Aug 26 00:01:13.096516 2026] [authz_core:debug] [pid 2083254:tid 2083254] mod_authz_core.c(815): [client 240e:97e:2000:900:1234:4321:0:77:9660] AH01626: authorization result of : granted
[Wed Aug 26 00:01:13.097248 2026] [authz_core:debug] [pid 2083254:tid 2083254] mod_authz_core.c(815): [client 240e:97e:2000:900:1234:4321:0:77:9660] AH01626: authorization result of Require all granted: granted
[Wed Aug 26 00:01:13.097261 2026] [authz_core:debug] [pid 2083254:tid 2083254] mod_authz_core.c(815): [client 240e:97e:2000:900:1234:4321:0:77:9660] AH01626: authorization result of : granted
[Wed Aug 26 00:01:13.107111 2026] [headers:debug] [pid 2079139:tid 2079139] mod_headers.c(900): AH01503: headers: ap_headers_error_filter()
[Wed Aug 26 00:01:13.143073 2026] [ssl:info] [pid 2078749:tid 2078749] [client 2001:288:a201::66:125:43941] AH01964: Connection to child 10 established (server 2blog.ilc.edu.tw:443)
[Wed Aug 26 00:01:13.143302 2026] [ssl:debug] [pid 2078749:tid 2078749] ssl_engine_kernel.c(2252): [client 2001:288:a201::66:125:43941] AH02645: Server name not provided via TLS extension (using default/first virtual host)
[Wed Aug 26 00:01:13.143318 2026] [socache_shmcb:debug] [pid 2078749:tid 2078749] mod_socache_shmcb.c(545): AH00835: socache_shmcb_retrieve (0x6f -> subcache 15)
[Wed Aug 26 00:01:13.143322 2026] [socache_shmcb:debug] [pid 2078749:tid 2078749] mod_socache_shmcb.c(896): AH00849: match at idx=0, data=0
[Wed Aug 26 00:01:13.143324 2026] [socache_shmcb:debug] [pid 2078749:tid 2078749] mod_socache_shmcb.c(556): AH00836: leaving socache_shmcb_retrieve successfully
[Wed Aug 26 00:01:13.144407 2026] [ssl:debug] [pid 2078749:tid 2078749] ssl_engine_kernel.c(2082): [client 2001:288:a201::66:125:43941] AH02041: Protocol: TLSv1.2, Cipher: ECDHE-RSA-AES256-GCM-SHA384 (256/256 bits)
[Wed Aug 26 00:01:13.144527 2026] [ssl:debug] [pid 2078749:tid 2078749] ssl_engine_kernel.c(254): [client 2001:288:a201::66:125:43941] AH02034: Initial (No.1) HTTPS request received for child 10 (server 2blog.ilc.edu.tw:443)
[Wed Aug 26 00:01:13.144697 2026] [authz_core:debug] [pid 2078749:tid 2078749] mod_authz_core.c(815): [client 2001:288:a201::66:125:43941] AH01626: authorization result of Require all granted: granted
[Wed Aug 26 00:01:13.144710 2026] [authz_core:debug] [pid 2078749:tid 2078749] mod_authz_core.c(815): [client 2001:288:a201::66:125:43941] AH01626: authorization result of : granted
[Wed Aug 26 00:01:13.144891 2026] [authz_core:debug] [pid 2078749:tid 2078749] mod_authz_core.c(815): [client 2001:288:a201::66:125:43941] AH01626: authorization result of Require all granted: granted
[Wed Aug 26 00:01:13.144899 2026] [authz_core:debug] [pid 2078749:tid 2078749] mod_authz_core.c(815): [client 2001:288:a201::66:125:43941] AH01626: authorization result of : granted
[Wed Aug 26 00:01:13.144914 2026] [php7:error] [pid 2078749:tid 2078749] [client 2001:288:a201::66:125:43941] script '/var/www/html/2blog/active.php' not found or unable to stat
[Wed Aug 26 00:01:13.144926 2026] [headers:debug] [pid 2078749:tid 2078749] mod_headers.c(900): AH01503: headers: ap_headers_error_filter()
[Wed Aug 26 00:01:13.145111 2026] [ssl:debug] [pid 2078749:tid 2078749] ssl_engine_io.c(1150): [client 2001:288:a201::66:125:43941] AH02001: Connection closed to child 10 with standard shutdown (server 2blog.ilc.edu.tw:443)
[Wed Aug 26 00:01:13.886048 2026] [ssl:debug] [pid 2083254:tid 2083254] ssl_engine_kernel.c(254): [client 240e:97e:2000:900:1234:4321:0:77:9660] AH02034: Subsequent (No.2) HTTPS request received for child 6 (server www.daes.ilc.edu.tw:443)
[Wed Aug 26 00:01:13.886244 2026] [authz_core:debug] [pid 2083254:tid 2083254] mod_authz_core.c(815): [client 240e:97e:2000:900:1234:4321:0:77:9660] AH01626: authorization result of Require all granted: granted
[Wed Aug 26 00:01:13.886250 2026] [authz_core:debug] [pid 2083254:tid 2083254] mod_authz_core.c(815): [client 240e:97e:2000:900:1234:4321:0:77:9660] AH01626: authorization result of : granted
[Wed Aug 26 00:01:13.886427 2026] [authz_core:debug] [pid 2083254:tid 2083254] mod_authz_core.c(815): [client 240e:97e:2000:900:1234:4321:0:77:9660] AH01626: authorization result of Require all granted: granted
[Wed Aug 26 00:01:13.886431 2026] [authz_core:debug] [pid 2083254:tid 2083254] mod_authz_core.c(815): [client 240e:97e:2000:900:1234:4321:0:77:9660] AH01626: authorization result of : granted
[Wed Aug 26 00:01:13.911460 2026] [deflate:debug] [pid 2083254:tid 2083254] mod_deflate.c(909): [client 240e:97e:2000:900:1234:4321:0:77:9660] AH01384: Zlib: Compressed 47944 to 10683 : URL /index.php
[Wed Aug 26 00:01:14.573090 2026] [ssl:info] [pid 2078781:tid 2078781] (70014)End of file found: [client 66.249.71.37:61826] AH01992: SSL library error 6 reading data
[Wed Aug 26 00:01:14.573185 2026] [ssl:debug] [pid 2078781:tid 2078781] ssl_engine_io.c(1150): [client 66.249.71.37:61826] AH02001: Connection closed to child 1 with standard shutdown (server 2blog.ilc.edu.tw:443)
[Wed Aug 26 00:01:14.877046 2026] [ssl:info] [pid 2082603:tid 2082603] (70014)End of file found: [client 66.249.82.65:48893] AH01992: SSL library error 6 reading data
[Wed Aug 26 00:01:14.877207 2026] [ssl:debug] [pid 2082603:tid 2082603] ssl_engine_io.c(1150): [client 66.249.82.65:48893] AH02001: Connection closed to child 19 with standard shutdown (server www.kfps.ilc.edu.tw:443)
[Wed Aug 26 00:01:15.217849 2026] [headers:debug] [pid 2083225:tid 2083225] mod_headers.c(900): AH01503: headers: ap_headers_error_filter()
[Wed Aug 26 00:01:15.464906 2026] [ssl:debug] [pid 2083254:tid 2083254] ssl_engine_kernel.c(254): [client 240e:97e:2000:900:1234:4321:0:77:9660] AH02034: Subsequent (No.3) HTTPS request received for child 6 (server www.daes.ilc.edu.tw:443), referer: https://www.daes.ilc.edu.tw/page/9/
[Wed Aug 26 00:01:15.469510 2026] [authz_core:debug] [pid 2083254:tid 2083254] mod_authz_core.c(815): [client 240e:97e:2000:900:1234:4321:0:77:9660] AH01626: authorization result of Require all granted: granted, referer: https://www.daes.ilc.edu.tw/page/9/
[Wed Aug 26 00:01:15.469537 2026] [authz_core:debug] [pid 2083254:tid 2083254] mod_authz_core.c(815): [client 240e:97e:2000:900:1234:4321:0:77:9660] AH01626: authorization result of : granted, referer: https://www.daes.ilc.edu.tw/page/9/
[Wed Aug 26 00:01:15.473154 2026] [deflate:debug] [pid 2083254:tid 2083254] mod_deflate.c(909): [client 240e:97e:2000:900:1234:4321:0:77:9660] AH01384: Zlib: Compressed 79258 to 39708 : URL /wp-content/cache/www.daes.ilc.edu.tw/wpfc-minified/f3c1mnf7/73ws.css, referer: https://www.daes.ilc.edu.tw/page/9/
[Wed Aug 26 00:01:15.504225 2026] [ssl:info] [pid 2083255:tid 2083255] [client 240e:97e:2000:900:1234:4321:0:77:10838] AH01964: Connection to child 11 established (server 2blog.ilc.edu.tw:443)
[Wed Aug 26 00:01:15.504740 2026] [ssl:debug] [pid 2083255:tid 2083255] ssl_engine_kernel.c(2222): [client 240e:97e:2000:900:1234:4321:0:77:10838] AH02043: SSL virtual host for servername www.daes.ilc.edu.tw found
[Wed Aug 26 00:01:15.504785 2026] [socache_shmcb:debug] [pid 2083255:tid 2083255] mod_socache_shmcb.c(545): AH00835: socache_shmcb_retrieve (0xea -> subcache 10)
[Wed Aug 26 00:01:15.504794 2026] [socache_shmcb:debug] [pid 2083255:tid 2083255] mod_socache_shmcb.c(896): AH00849: match at idx=4, data=879
[Wed Aug 26 00:01:15.504796 2026] [socache_shmcb:debug] [pid 2083255:tid 2083255] mod_socache_shmcb.c(556): AH00836: leaving socache_shmcb_retrieve successfully
[Wed Aug 26 00:01:15.505164 2026] [core:debug] [pid 2083255:tid 2083255] protocol.c(2460): [client 240e:97e:2000:900:1234:4321:0:77:10838] AH03155: select protocol from , choices=h2,http/1.1 for server www.daes.ilc.edu.tw
[Wed Aug 26 00:01:15.508148 2026] [ssl:info] [pid 2083256:tid 2083256] [client 240e:97e:2000:900:1234:4321:0:77:10836] AH01964: Connection to child 13 established (server 2blog.ilc.edu.tw:443)
[Wed Aug 26 00:01:15.508607 2026] [ssl:debug] [pid 2083256:tid 2083256] ssl_engine_kernel.c(2222): [client 240e:97e:2000:900:1234:4321:0:77:10836] AH02043: SSL virtual host for servername www.daes.ilc.edu.tw found
[Wed Aug 26 00:01:15.508656 2026] [socache_shmcb:debug] [pid 2083256:tid 2083256] mod_socache_shmcb.c(545): AH00835: socache_shmcb_retrieve (0xaf -> subcache 15)
[Wed Aug 26 00:01:15.508666 2026] [socache_shmcb:debug] [pid 2083256:tid 2083256] mod_socache_shmcb.c(896): AH00849: match at idx=4, data=845
[Wed Aug 26 00:01:15.508669 2026] [socache_shmcb:debug] [pid 2083256:tid 2083256] mod_socache_shmcb.c(556): AH00836: leaving socache_shmcb_retrieve successfully
[Wed Aug 26 00:01:15.509090 2026] [core:debug] [pid 2083256:tid 2083256] protocol.c(2460): [client 240e:97e:2000:900:1234:4321:0:77:10836] AH03155: select protocol from , choices=h2,http/1.1 for server www.daes.ilc.edu.tw
[Wed Aug 26 00:01:15.523725 2026] [ssl:info] [pid 2079139:tid 2079139] [client 240e:97e:2000:900:1234:4321:0:77:10832] AH01964: Connection to child 4 established (server 2blog.ilc.edu.tw:443)
[Wed Aug 26 00:01:15.523994 2026] [ssl:debug] [pid 2079139:tid 2079139] ssl_engine_kernel.c(2222): [client 240e:97e:2000:900:1234:4321:0:77:10832] AH02043: SSL virtual host for servername www.daes.ilc.edu.tw found
[Wed Aug 26 00:01:15.524067 2026] [core:debug] [pid 2079139:tid 2079139] protocol.c(2460): [client 240e:97e:2000:900:1234:4321:0:77:10832] AH03155: select protocol from , choices=h2,http/1.1 for server www.daes.ilc.edu.tw
[Wed Aug 26 00:01:15.524110 2026] [ssl:debug] [pid 2079139:tid 2079139] ssl_util_stapling.c(819): AH01951: stapling_cb: OCSP Stapling callback called
[Wed Aug 26 00:01:15.524117 2026] [ssl:info] [pid 2079139:tid 2079139] AH01926: stapling_get_certinfo: stapling not supported for certificate
[Wed Aug 26 00:01:15.531648 2026] [ssl:info] [pid 2078749:tid 2078749] [client 240e:97e:2000:900:1234:4321:0:77:10834] AH01964: Connection to child 10 established (server 2blog.ilc.edu.tw:443)
[Wed Aug 26 00:01:15.531810 2026] [ssl:debug] [pid 2078749:tid 2078749] ssl_engine_kernel.c(2222): [client 240e:97e:2000:900:1234:4321:0:77:10834] AH02043: SSL virtual host for servername www.daes.ilc.edu.tw found
[Wed Aug 26 00:01:15.531918 2026] [core:debug] [pid 2078749:tid 2078749] protocol.c(2460): [client 240e:97e:2000:900:1234:4321:0:77:10834] AH03155: select protocol from , choices=h2,http/1.1 for server www.daes.ilc.edu.tw
[Wed Aug 26 00:01:15.531962 2026] [ssl:debug] [pid 2078749:tid 2078749] ssl_util_stapling.c(819): AH01951: stapling_cb: OCSP Stapling callback called
[Wed Aug 26 00:01:15.531966 2026] [ssl:info] [pid 2078749:tid 2078749] AH01926: stapling_get_certinfo: stapling not supported for certificate
[Wed Aug 26 00:01:15.548301 2026] [ssl:info] [pid 2078781:tid 2078781] [client 140.111.67.10:49568] AH01964: Connection to child 1 established (server 2blog.ilc.edu.tw:443)
[Wed Aug 26 00:01:15.548504 2026] [ssl:info] [pid 2078781:tid 2078781] (70014)End of file found: [client 140.111.67.10:49568] AH02006: SSL handshake stopped: connection was closed
[Wed Aug 26 00:01:15.548514 2026] [ssl:info] [pid 2078781:tid 2078781] [client 140.111.67.10:49568] AH01998: Connection closed to child 1 with abortive shutdown (server 2blog.ilc.edu.tw:443)
[Wed Aug 26 00:01:15.809825 2026] [ssl:debug] [pid 2083256:tid 2083256] ssl_engine_kernel.c(2082): [client 240e:97e:2000:900:1234:4321:0:77:10836] AH02041: Protocol: TLSv1.3, Cipher: TLS_AES_256_GCM_SHA384 (256/256 bits)
[Wed Aug 26 00:01:15.809967 2026] [socache_shmcb:debug] [pid 2083256:tid 2083256] mod_socache_shmcb.c(508): AH00831: socache_shmcb_store (0x01 -> subcache 1)
[Wed Aug 26 00:01:15.809976 2026] [socache_shmcb:debug] [pid 2083256:tid 2083256] mod_socache_shmcb.c(860): AH00847: insert happened at idx=9, data=(2003:2035)
[Wed Aug 26 00:01:15.809980 2026] [socache_shmcb:debug] [pid 2083256:tid 2083256] mod_socache_shmcb.c(863): AH00848: finished insert, subcache: idx_pos/idx_used=0/10, data_pos/data_used=0/2231
[Wed Aug 26 00:01:15.809983 2026] [socache_shmcb:debug] [pid 2083256:tid 2083256] mod_socache_shmcb.c(530): AH00834: leaving socache_shmcb_store successfully
[Wed Aug 26 00:01:15.810299 2026] [ssl:debug] [pid 2083256:tid 2083256] ssl_engine_kernel.c(254): [client 240e:97e:2000:900:1234:4321:0:77:10836] AH02034: Initial (No.1) HTTPS request received for child 13 (server www.daes.ilc.edu.tw:443), referer: https://www.daes.ilc.edu.tw/page/9/
[Wed Aug 26 00:01:15.811895 2026] [authz_core:debug] [pid 2083256:tid 2083256] mod_authz_core.c(815): [client 240e:97e:2000:900:1234:4321:0:77:10836] AH01626: authorization result of Require all granted: granted, referer: https://www.daes.ilc.edu.tw/page/9/
[Wed Aug 26 00:01:15.811908 2026] [authz_core:debug] [pid 2083256:tid 2083256] mod_authz_core.c(815): [client 240e:97e:2000:900:1234:4321:0:77:10836] AH01626: authorization result of : granted, referer: https://www.daes.ilc.edu.tw/page/9/
[Wed Aug 26 00:01:15.815213 2026] [deflate:debug] [pid 2083256:tid 2083256] mod_deflate.c(909): [client 240e:97e:2000:900:1234:4321:0:77:10836] AH01384: Zlib: Compressed 112420 to 14819 : URL /wp-content/cache/www.daes.ilc.edu.tw/wpfc-minified/eukwje3/73ws.css, referer: https://www.daes.ilc.edu.tw/page/9/
[Wed Aug 26 00:01:15.840399 2026] [ssl:debug] [pid 2078749:tid 2078749] ssl_engine_kernel.c(2082): [client 240e:97e:2000:900:1234:4321:0:77:10834] AH02041: Protocol: TLSv1.3, Cipher: TLS_AES_256_GCM_SHA384 (256/256 bits)
[Wed Aug 26 00:01:15.840460 2026] [socache_shmcb:debug] [pid 2078749:tid 2078749] mod_socache_shmcb.c(508): AH00831: socache_shmcb_store (0x0c -> subcache 12)
[Wed Aug 26 00:01:15.840466 2026] [socache_shmcb:debug] [pid 2078749:tid 2078749] mod_socache_shmcb.c(860): AH00847: insert happened at idx=6, data=(1327:1359)
[Wed Aug 26 00:01:15.840468 2026] [socache_shmcb:debug] [pid 2078749:tid 2078749] mod_socache_shmcb.c(863): AH00848: finished insert, subcache: idx_pos/idx_used=0/7, data_pos/data_used=0/1556
[Wed Aug 26 00:01:15.840470 2026] [socache_shmcb:debug] [pid 2078749:tid 2078749] mod_socache_shmcb.c(530): AH00834: leaving socache_shmcb_store successfully
[Wed Aug 26 00:01:15.840539 2026] [socache_shmcb:debug] [pid 2078749:tid 2078749] mod_socache_shmcb.c(508): AH00831: socache_shmcb_store (0x6d -> subcache 13)
[Wed Aug 26 00:01:15.840544 2026] [socache_shmcb:debug] [pid 2078749:tid 2078749] mod_socache_shmcb.c(860): AH00847: insert happened at idx=9, data=(1980:2012)
[Wed Aug 26 00:01:15.840546 2026] [socache_shmcb:debug] [pid 2078749:tid 2078749] mod_socache_shmcb.c(863): AH00848: finished insert, subcache: idx_pos/idx_used=0/10, data_pos/data_used=0/2209
[Wed Aug 26 00:01:15.840557 2026] [socache_shmcb:debug] [pid 2078749:tid 2078749] mod_socache_shmcb.c(530): AH00834: leaving socache_shmcb_store successfully
[Wed Aug 26 00:01:15.840704 2026] [ssl:debug] [pid 2078749:tid 2078749] ssl_engine_kernel.c(254): [client 240e:97e:2000:900:1234:4321:0:77:10834] AH02034: Initial (No.1) HTTPS request received for child 10 (server www.daes.ilc.edu.tw:443), referer: https://www.daes.ilc.edu.tw/page/9/
[Wed Aug 26 00:01:15.842039 2026] [authz_core:debug] [pid 2078749:tid 2078749] mod_authz_core.c(815): [client 240e:97e:2000:900:1234:4321:0:77:10834] AH01626: authorization result of Require all granted: granted, referer: https://www.daes.ilc.edu.tw/page/9/
[Wed Aug 26 00:01:15.842051 2026] [authz_core:debug] [pid 2078749:tid 2078749] mod_authz_core.c(815): [client 240e:97e:2000:900:1234:4321:0:77:10834] AH01626: authorization result of : granted, referer: https://www.daes.ilc.edu.tw/page/9/
[Wed Aug 26 00:01:15.842456 2026] [deflate:debug] [pid 2078749:tid 2078749] mod_deflate.c(909): [client 240e:97e:2000:900:1234:4321:0:77:10834] AH01384: Zlib: Compressed 486 to 267 : URL /wp-content/cache/www.daes.ilc.edu.tw/wpfc-minified/fde0jnib/73ws.css, referer: https://www.daes.ilc.edu.tw/page/9/
[Wed Aug 26 00:01:15.915220 2026] [watchdog:debug] [pid 2083257:tid 2083257] mod_watchdog.c(559): AH02980: Watchdog: nothing configured?
[Wed Aug 26 00:01:16.124301 2026] [ssl:debug] [pid 2079139:tid 2079139] ssl_engine_kernel.c(2082): [client 240e:97e:2000:900:1234:4321:0:77:10832] AH02041: Protocol: TLSv1.3, Cipher: TLS_AES_256_GCM_SHA384 (256/256 bits)
[Wed Aug 26 00:01:16.124360 2026] [socache_shmcb:debug] [pid 2079139:tid 2079139] mod_socache_shmcb.c(508): AH00831: socache_shmcb_store (0xaa -> subcache 10)
[Wed Aug 26 00:01:16.124384 2026] [socache_shmcb:debug] [pid 2079139:tid 2079139] mod_socache_shmcb.c(860): AH00847: insert happened at idx=5, data=(1108:1140)
[Wed Aug 26 00:01:16.124387 2026] [socache_shmcb:debug] [pid 2079139:tid 2079139] mod_socache_shmcb.c(863): AH00848: finished insert, subcache: idx_pos/idx_used=0/6, data_pos/data_used=0/1336
[Wed Aug 26 00:01:16.124389 2026] [socache_shmcb:debug] [pid 2079139:tid 2079139] mod_socache_shmcb.c(530): AH00834: leaving socache_shmcb_store successfully
[Wed Aug 26 00:01:16.124448 2026] [socache_shmcb:debug] [pid 2079139:tid 2079139] mod_socache_shmcb.c(508): AH00831: socache_shmcb_store (0x5d -> subcache 29)
[Wed Aug 26 00:01:16.124463 2026] [socache_shmcb:debug] [pid 2079139:tid 2079139] mod_socache_shmcb.c(860): AH00847: insert happened at idx=10, data=(2231:2263)
[Wed Aug 26 00:01:16.124465 2026] [socache_shmcb:debug] [pid 2079139:tid 2079139] mod_socache_shmcb.c(863): AH00848: finished insert, subcache: idx_pos/idx_used=0/11, data_pos/data_used=0/2459
[Wed Aug 26 00:01:16.124466 2026] [socache_shmcb:debug] [pid 2079139:tid 2079139] mod_socache_shmcb.c(530): AH00834: leaving socache_shmcb_store successfully
[Wed Aug 26 00:01:16.124601 2026] [ssl:debug] [pid 2079139:tid 2079139] ssl_engine_kernel.c(254): [client 240e:97e:2000:900:1234:4321:0:77:10832] AH02034: Initial (No.1) HTTPS request received for child 4 (server www.daes.ilc.edu.tw:443), referer: https://www.daes.ilc.edu.tw/page/9/
[Wed Aug 26 00:01:16.126093 2026] [authz_core:debug] [pid 2079139:tid 2079139] mod_authz_core.c(815): [client 240e:97e:2000:900:1234:4321:0:77:10832] AH01626: authorization result of Require all granted: granted, referer: https://www.daes.ilc.edu.tw/page/9/
[Wed Aug 26 00:01:16.126105 2026] [authz_core:debug] [pid 2079139:tid 2079139] mod_authz_core.c(815): [client 240e:97e:2000:900:1234:4321:0:77:10832] AH01626: authorization result of : granted, referer: https://www.daes.ilc.edu.tw/page/9/
[Wed Aug 26 00:01:16.135645 2026] [deflate:debug] [pid 2079139:tid 2079139] mod_deflate.c(909): [client 240e:97e:2000:900:1234:4321:0:77:10832] AH01384: Zlib: Compressed 352374 to 60214 : URL /wp-content/cache/www.daes.ilc.edu.tw/wpfc-minified/1pa6d9is/73ws.css, referer: https://www.daes.ilc.edu.tw/page/9/
[Wed Aug 26 00:01:16.289659 2026] [ssl:debug] [pid 2082035:tid 2082035] ssl_engine_io.c(1150): [client 49.158.154.204:20772] AH02001: Connection closed to child 16 with standard shutdown (server www.kfps.ilc.edu.tw:443)
[Wed Aug 26 00:01:16.292853 2026] [ssl:debug] [pid 2078742:tid 2078742] ssl_engine_io.c(1150): [client 49.158.154.204:18642] AH02001: Connection closed to child 14 with standard shutdown (server www.kfps.ilc.edu.tw:443)
[Wed Aug 26 00:01:16.313107 2026] [ssl:debug] [pid 2083230:tid 2083230] ssl_engine_io.c(1150): [client 49.158.154.204:18142] AH02001: Connection closed to child 8 with standard shutdown (server www.kfps.ilc.edu.tw:443)
[Wed Aug 26 00:01:16.316403 2026] [ssl:debug] [pid 2079930:tid 2079930] ssl_engine_io.c(1150): [client 49.158.154.204:18544] AH02001: Connection closed to child 12 with standard shutdown (server www.kfps.ilc.edu.tw:443)
[Wed Aug 26 00:01:16.366381 2026] [ssl:info] [pid 2082603:tid 2082603] [client 34.123.149.87:25601] AH01964: Connection to child 19 established (server 2blog.ilc.edu.tw:443)
[Wed Aug 26 00:01:16.366541 2026] [ssl:debug] [pid 2082603:tid 2082603] ssl_engine_kernel.c(2222): [client 34.123.149.87:25601] AH02043: SSL virtual host for servername 2blog.ilc.edu.tw found
[Wed Aug 26 00:01:16.366602 2026] [core:debug] [pid 2082603:tid 2082603] protocol.c(2460): [client 34.123.149.87:25601] AH03155: select protocol from , choices=http/1.1 for server 2blog.ilc.edu.tw
[Wed Aug 26 00:01:16.401526 2026] [ssl:debug] [pid 2083256:tid 2083256] ssl_engine_kernel.c(254): [client 240e:97e:2000:900:1234:4321:0:77:10836] AH02034: Subsequent (No.2) HTTPS request received for child 13 (server www.daes.ilc.edu.tw:443), referer: https://www.daes.ilc.edu.tw/page/9/
[Wed Aug 26 00:01:16.402481 2026] [authz_core:debug] [pid 2083256:tid 2083256] mod_authz_core.c(815): [client 240e:97e:2000:900:1234:4321:0:77:10836] AH01626: authorization result of Require all granted: granted, referer: https://www.daes.ilc.edu.tw/page/9/
[Wed Aug 26 00:01:16.402494 2026] [authz_core:debug] [pid 2083256:tid 2083256] mod_authz_core.c(815): [client 240e:97e:2000:900:1234:4321:0:77:10836] AH01626: authorization result of : granted, referer: https://www.daes.ilc.edu.tw/page/9/
[Wed Aug 26 00:01:16.406603 2026] [deflate:debug] [pid 2083256:tid 2083256] mod_deflate.c(909): [client 240e:97e:2000:900:1234:4321:0:77:10836] AH01384: Zlib: Compressed 101296 to 34526 : URL /wp-content/cache/www.daes.ilc.edu.tw/wpfc-minified/993j6met/73ws.js, referer: https://www.daes.ilc.edu.tw/page/9/
[Wed Aug 26 00:01:16.516007 2026] [ssl:debug] [pid 2083229:tid 2083229] ssl_engine_io.c(1150): [client 34.10.180.98:48641] AH02001: Connection closed to child 7 with standard shutdown (server 2blog.ilc.edu.tw:443)
[Wed Aug 26 00:01:16.590223 2026] [ssl:debug] [pid 2083255:tid 2083255] ssl_engine_kernel.c(2082): [client 240e:97e:2000:900:1234:4321:0:77:10838] AH02041: Protocol: TLSv1.3, Cipher: TLS_AES_256_GCM_SHA384 (256/256 bits)
[Wed Aug 26 00:01:16.590308 2026] [socache_shmcb:debug] [pid 2083255:tid 2083255] mod_socache_shmcb.c(508): AH00831: socache_shmcb_store (0xaa -> subcache 10)
[Wed Aug 26 00:01:16.590313 2026] [socache_shmcb:debug] [pid 2083255:tid 2083255] mod_socache_shmcb.c(860): AH00847: insert happened at idx=6, data=(1336:1368)
[Wed Aug 26 00:01:16.590315 2026] [socache_shmcb:debug] [pid 2083255:tid 2083255] mod_socache_shmcb.c(863): AH00848: finished insert, subcache: idx_pos/idx_used=0/7, data_pos/data_used=0/1565
[Wed Aug 26 00:01:16.590317 2026] [socache_shmcb:debug] [pid 2083255:tid 2083255] mod_socache_shmcb.c(530): AH00834: leaving socache_shmcb_store successfully
[Wed Aug 26 00:01:16.590505 2026] [ssl:debug] [pid 2083255:tid 2083255] ssl_engine_kernel.c(254): [client 240e:97e:2000:900:1234:4321:0:77:10838] AH02034: Initial (No.1) HTTPS request received for child 11 (server www.daes.ilc.edu.tw:443), referer: https://www.daes.ilc.edu.tw/page/9/
[Wed Aug 26 00:01:16.590788 2026] [authz_core:debug] [pid 2083255:tid 2083255] mod_authz_core.c(815): [client 240e:97e:2000:900:1234:4321:0:77:10838] AH01626: authorization result of Require all granted: granted, referer: https://www.daes.ilc.edu.tw/page/9/
[Wed Aug 26 00:01:16.590805 2026] [authz_core:debug] [pid 2083255:tid 2083255] mod_authz_core.c(815): [client 240e:97e:2000:900:1234:4321:0:77:10838] AH01626: authorization result of : granted, referer: https://www.daes.ilc.edu.tw/page/9/
[Wed Aug 26 00:01:16.591658 2026] [deflate:debug] [pid 2083255:tid 2083255] mod_deflate.c(909): [client 240e:97e:2000:900:1234:4321:0:77:10838] AH01384: Zlib: Compressed 1718 to 700 : URL /wp-includes/js/hoverintent-js.min.js, referer: https://www.daes.ilc.edu.tw/page/9/
[Wed Aug 26 00:01:16.890881 2026] [ssl:debug] [pid 2083255:tid 2083255] ssl_engine_kernel.c(254): [client 240e:97e:2000:900:1234:4321:0:77:10838] AH02034: Subsequent (No.2) HTTPS request received for child 11 (server www.daes.ilc.edu.tw:443), referer: https://www.daes.ilc.edu.tw/page/9/
[Wed Aug 26 00:01:16.891096 2026] [authz_core:debug] [pid 2083255:tid 2083255] mod_authz_core.c(815): [client 240e:97e:2000:900:1234:4321:0:77:10838] AH01626: authorization result of Require all granted: granted, referer: https://www.daes.ilc.edu.tw/page/9/
[Wed Aug 26 00:01:16.891103 2026] [authz_core:debug] [pid 2083255:tid 2083255] mod_authz_core.c(815): [client 240e:97e:2000:900:1234:4321:0:77:10838] AH01626: authorization result of : granted, referer: https://www.daes.ilc.edu.tw/page/9/
[Wed Aug 26 00:01:16.891358 2026] [deflate:debug] [pid 2083255:tid 2083255] mod_deflate.c(909): [client 240e:97e:2000:900:1234:4321:0:77:10838] AH01384: Zlib: Compressed 3487 to 1339 : URL /wp-includes/js/admin-bar.min.js, referer: https://www.daes.ilc.edu.tw/page/9/
[Wed Aug 26 00:01:16.966753 2026] [ssl:info] [pid 2083225:tid 2083225] [client 52.45.15.233:7301] AH01964: Connection to child 3 established (server 2blog.ilc.edu.tw:443)
[Wed Aug 26 00:01:16.966952 2026] [ssl:debug] [pid 2083225:tid 2083225] ssl_engine_kernel.c(2222): [client 52.45.15.233:7301] AH02043: SSL virtual host for servername 2blog.ilc.edu.tw found
[Wed Aug 26 00:01:16.978460 2026] [ssl:debug] [pid 2082603:tid 2082603] ssl_engine_kernel.c(2082): [client 34.123.149.87:25601] AH02041: Protocol: TLSv1.3, Cipher: TLS_AES_256_GCM_SHA384 (256/256 bits)
