2001:288:a22e:1:4694:804f:e28b:f885 - - [25/Aug/2026:07:43:37 +0800] "GET /wp-content/uploads/sites/3846/2026/02/%E9%81%BF%E5%85%8D%E8%AA%A4%E5%85%A5%E8%A9%90%E9%A8%99%E7%B6%B2%E7%AB%99APP%E5%B0%8F%E5%B8%B8%E8%AD%98.jpg HTTP/1.1" 200 459624 "https://it.ilc.edu.tw/" "Mozilla/5.0 (Windows NT 10.0; Win64; x64) AppleWebKit/537.36 (KHTML, like Gecko) Chrome/151.0.0.0 Safari/537.36 Edg/151.0.0.0"
2001:288:a22e:1:4694:804f:e28b:f885 - - [25/Aug/2026:07:43:37 +0800] "GET /wp-content/uploads/sites/3846/2026/08/%E8%BE%B2%E6%A5%AD%E9%83%A8%E5%BB%A3%E5%91%8A.jpg HTTP/1.1" 200 236123 "https://it.ilc.edu.tw/" "Mozilla/5.0 (Windows NT 10.0; Win64; x64) AppleWebKit/537.36 (KHTML, like Gecko) Chrome/151.0.0.0 Safari/537.36 Edg/151.0.0.0"
2001:288:a22e:1:4694:804f:e28b:f885 - - [25/Aug/2026:07:43:37 +0800] "GET /wp-content/uploads/sites/3846/2026/06/2026%E5%AE%9C%E8%98%AD%E7%98%8B%E5%AD%B8%E7%BF%92-%E6%9A%91%E5%81%87_%E6%95%99%E8%82%B2%E8%99%95%E9%A6%96%E9%A0%81-1440-x-1080-%E5%83%8F%E7%B4%A0.png HTTP/1.1" 200 2045932 "https://it.ilc.edu.tw/" "Mozilla/5.0 (Windows NT 10.0; Win64; x64) AppleWebKit/537.36 (KHTML, like Gecko) Chrome/151.0.0.0 Safari/537.36 Edg/151.0.0.0"
2001:288:a22e:1:4694:804f:e28b:f885 - - [25/Aug/2026:07:43:37 +0800] "GET /wp-content/uploads/sites/3846/2026/06/%E5%AE%A3%E5%82%B3%E5%9C%96%E7%89%87.png HTTP/1.1" 200 1048321 "https://it.ilc.edu.tw/" "Mozilla/5.0 (Windows NT 10.0; Win64; x64) AppleWebKit/537.36 (KHTML, like Gecko) Chrome/151.0.0.0 Safari/537.36 Edg/151.0.0.0"
2a03:2880:f800:2c:: - - [25/Aug/2026:07:43:35 +0800] "GET / HTTP/1.1" 200 28415 "-" "facebookexternalhit/1.1 (+http://www.facebook.com/externalhit_uatext.php)"
2001:288:a201::66:125 - - [25/Aug/2026:07:43:40 +0800] "GET /blog/active.php HTTP/1.1" 404 1084 "-" "-"
2001:288:a201::66:125 - - [25/Aug/2026:07:43:40 +0800] "GET /blog/active.php HTTP/1.1" 301 1026 "-" "-"
2001:4860:7:510::f8 - - [25/Aug/2026:07:43:41 +0800] "GET /868/44149/ HTTP/1.1" 200 21294 "https://www.google.com/" "Mozilla/5.0 (Linux; Android 10; K) AppleWebKit/537.36 (KHTML, like Gecko) Chrome/151.0.0.0 Mobile Safari/537.36"
140.111.67.10 - - [25/Aug/2026:07:43:42 +0800] "GET /" 301 273 "-" "-"
2001:288:a240:1:bdcf:d184:b88e:800d - - [25/Aug/2026:07:43:42 +0800] "-" 408 4800 "-" "-"
::1 - - [25/Aug/2026:07:43:45 +0800] "OPTIONS * HTTP/1.0" 200 110 "-" "Apache/2.4.68 (Ubuntu) OpenSSL/3.0.19 (internal dummy connection)"
2001:b400:e20d:99d3:b955:ca28:bab0:f3a4 - - [25/Aug/2026:07:43:45 +0800] "GET /favicon.ico HTTP/1.1" 302 5903 "-" "NetworkingExtension/8624.4.5.10.5 Network/5812.160.9 iOS/26.6"
2001:b400:e20d:99d3:b955:ca28:bab0:f3a4 - - [25/Aug/2026:07:43:45 +0800] "GET / HTTP/1.1" 200 20230 "-" "Mozilla/5.0 (Macintosh; Intel Mac OS X 10_11_1) AppleWebKit/601.2.4 (KHTML, like Gecko) Version/9.0.1 Safari/601.2.4 facebookexternalhit/1.1 Facebot Twitterbot/1.0"
2001:b400:e20d:99d3:b955:ca28:bab0:f3a4 - - [25/Aug/2026:07:43:45 +0800] "GET /wp-content/uploads/sites/1158/2020/08/cropped-kfps.LOGO_.transparent-2-32x32.png HTTP/1.1" 200 3397 "-" "NetworkingExtension/8624.4.5.10.5 Network/5812.160.9 iOS/26.6"
2001:b400:e20d:99d3:b955:ca28:bab0:f3a4 - - [25/Aug/2026:07:43:45 +0800] "GET /apple-touch-icon-precomposed.png HTTP/1.1" 404 55837 "-" "NetworkingExtension/8624.4.5.10.5 Network/5812.160.9 iOS/26.6"
2001:b400:e20d:99d3:b955:ca28:bab0:f3a4 - - [25/Aug/2026:07:43:45 +0800] "GET /apple-touch-icon.png HTTP/1.1" 404 55837 "-" "NetworkingExtension/8624.4.5.10.5 Network/5812.160.9 iOS/26.6"
2001:b400:e20d:99d3:b955:ca28:bab0:f3a4 - - [25/Aug/2026:07:43:45 +0800] "GET /wp-content/uploads/sites/1158/2020/08/cropped-kfps.LOGO_.transparent-2-32x32.png HTTP/1.1" 200 8201 "-" "NetworkingExtension/8624.4.5.10.5 Network/5812.160.9 iOS/26.6"
2001:b400:e20d:99d3:b955:ca28:bab0:f3a4 - - [25/Aug/2026:07:43:45 +0800] "GET /wp-content/uploads/sites/1158/2020/08/cropped-kfps.LOGO_.transparent-2-192x192.png HTTP/1.1" 200 35925 "-" "NetworkingExtension/8624.4.5.10.5 Network/5812.160.9 iOS/26.6"
2001:288:a201::66:125 - - [25/Aug/2026:07:43:45 +0800] "GET /blog/active.php HTTP/1.1" 404 1084 "-" "-"
2001:288:a201::66:125 - - [25/Aug/2026:07:43:45 +0800] "GET /blog/active.php HTTP/1.1" 301 1026 "-" "-"
2001:b400:e20d:99d3:b955:ca28:bab0:f3a4 - - [25/Aug/2026:07:43:45 +0800] "GET /wp-content/uploads/sites/1158/2020/08/cropped-kfps.LOGO_.transparent-2-180x180.png HTTP/1.1" 200 37451 "-" "NetworkingExtension/8624.4.5.10.5 Network/5812.160.9 iOS/26.6"
2001:b400:e20d:99d3:b955:ca28:bab0:f3a4 - - [25/Aug/2026:07:43:45 +0800] "GET /apple-touch-icon-precomposed.png HTTP/1.1" 404 55837 "-" "NetworkingExtension/8624.4.5.10.5 Network/5812.160.9 iOS/26.6"
2001:b400:e20d:99d3:b955:ca28:bab0:f3a4 - - [25/Aug/2026:07:43:45 +0800] "GET /favicon.ico HTTP/1.1" 302 5903 "-" "NetworkingExtension/8624.4.5.10.5 Network/5812.160.9 iOS/26.6"
2001:b400:e20d:99d3:b955:ca28:bab0:f3a4 - - [25/Aug/2026:07:43:45 +0800] "GET / HTTP/1.1" 200 20230 "-" "Mozilla/5.0 (Macintosh; Intel Mac OS X 10_11_1) AppleWebKit/601.2.4 (KHTML, like Gecko) Version/9.0.1 Safari/601.2.4 facebookexternalhit/1.1 Facebot Twitterbot/1.0"
2001:b400:e20d:99d3:b955:ca28:bab0:f3a4 - - [25/Aug/2026:07:43:46 +0800] "GET /wp-content/uploads/sites/1158/2020/08/cropped-kfps.LOGO_.transparent-2-32x32.png HTTP/1.1" 200 3397 "-" "NetworkingExtension/8624.4.5.10.5 Network/5812.160.9 iOS/26.6"
2001:b400:e20d:99d3:b955:ca28:bab0:f3a4 - - [25/Aug/2026:07:43:45 +0800] "GET /apple-touch-icon.png HTTP/1.1" 404 55837 "-" "NetworkingExtension/8624.4.5.10.5 Network/5812.160.9 iOS/26.6"
2001:b400:e20d:99d3:b955:ca28:bab0:f3a4 - - [25/Aug/2026:07:43:46 +0800] "GET /wp-content/uploads/sites/1158/2020/08/cropped-kfps.LOGO_.transparent-2-32x32.png HTTP/1.1" 200 8201 "-" "NetworkingExtension/8624.4.5.10.5 Network/5812.160.9 iOS/26.6"
2001:b400:e20d:99d3:b955:ca28:bab0:f3a4 - - [25/Aug/2026:07:43:46 +0800] "GET /wp-content/uploads/sites/1158/2020/08/cropped-kfps.LOGO_.transparent-2-192x192.png HTTP/1.1" 200 35925 "-" "NetworkingExtension/8624.4.5.10.5 Network/5812.160.9 iOS/26.6"
2001:b400:e20d:99d3:b955:ca28:bab0:f3a4 - - [25/Aug/2026:07:43:46 +0800] "GET /wp-content/uploads/sites/1158/2020/08/cropped-kfps.LOGO_.transparent-2-180x180.png HTTP/1.1" 200 37451 "-" "NetworkingExtension/8624.4.5.10.5 Network/5812.160.9 iOS/26.6"
140.111.67.10 - - [25/Aug/2026:07:43:47 +0800] "GET /" 301 273 "-" "-"
::1 - - [25/Aug/2026:07:43:47 +0800] "OPTIONS * HTTP/1.0" 200 110 "-" "Apache/2.4.68 (Ubuntu) OpenSSL/3.0.19 (internal dummy connection)"
2001:288:a201::66:125 - - [25/Aug/2026:07:43:50 +0800] "GET /blog/active.php HTTP/1.1" 404 1084 "-" "-"
2001:288:a201::66:125 - - [25/Aug/2026:07:43:50 +0800] "GET /blog/active.php HTTP/1.1" 301 1026 "-" "-"
140.111.67.10 - - [25/Aug/2026:07:43:52 +0800] "GET /" 301 273 "-" "-"
2001:288:a201::66:125 - - [25/Aug/2026:07:43:55 +0800] "GET /blog/active.php HTTP/1.1" 404 1084 "-" "-"
2001:288:a201::66:125 - - [25/Aug/2026:07:43:55 +0800] "GET /blog/active.php HTTP/1.1" 301 1026 "-" "-"
140.111.67.10 - - [25/Aug/2026:07:43:56 +0800] "GET /" 301 273 "-" "-"
2001:288:a201::66:125 - - [25/Aug/2026:07:44:00 +0800] "GET /blog/active.php HTTP/1.1" 404 1084 "-" "-"
2001:288:a201::66:125 - - [25/Aug/2026:07:44:00 +0800] "GET /blog/active.php HTTP/1.1" 301 1026 "-" "-"
2001:288:a201::67:81 - - [25/Aug/2026:07:44:01 +0800] "GET / HTTP/1.1" 200 56291 "-" "curl/7.81.0"
140.111.67.10 - - [25/Aug/2026:07:44:01 +0800] "GET /" 301 273 "-" "-"
2408:8214:7229:dca0:6231:3bff:fe0a:d42b - - [25/Aug/2026:07:44:04 +0800] "GET /chris1225/2026/08/17/1150817ai%e6%8a%80%e8%a1%93%e7%b5%95%e9%9d%9e%e9%81%99%e4%b8%8d%e5%8f%af%e5%8f%8a%e7%9a%84%e5%86%b0%e5%86%b7%e7%a7%91%e6%8a%80 HTTP/1.1" 301 5801 "-" "Mozilla/5.0 (Windows NT 10.0; Win64; x64) AppleWebKit/537.36 (KHTML, like Gecko) Chrome/110.0.0.0 Safari/537.36"
2001:288:a201::66:125 - - [25/Aug/2026:07:44:05 +0800] "GET /blog/active.php HTTP/1.1" 404 1084 "-" "-"
2001:288:a201::66:125 - - [25/Aug/2026:07:44:05 +0800] "GET /blog/active.php HTTP/1.1" 301 1026 "-" "-"
2a03:2880:f802:b:: - - [25/Aug/2026:07:44:04 +0800] "GET /wp-login.php?key=ded5j375&_wpnonce=&action=ilc_logout&redirect_to=https%3A%2F%2Fgame.edu.kg HTTP/1.1" 302 8248 "-" "Mozilla/5.0 (Macintosh; Intel Mac OS X 10_15_7) AppleWebKit/537.36 (KHTML, like Gecko) Chrome/145.0.0.0 Safari/537.36 (compatible; meta-externalagent/1.1 (+https://developers.facebook.com/docs/sharing/webmasters/crawler))"
140.111.67.195 - - [25/Aug/2026:07:44:06 +0800] "GET /wp-admin/admin-post.php?action=steps_ad HTTP/1.1" 200 6425 "-" "node-fetch/1.0 (+https://github.com/bitinn/node-fetch)"
140.111.67.10 - - [25/Aug/2026:07:44:06 +0800] "GET /" 301 273 "-" "-"
2001:288:a201::66:125 - - [25/Aug/2026:07:44:10 +0800] "GET /blog/active.php HTTP/1.1" 404 1084 "-" "-"
2001:288:a201::66:125 - - [25/Aug/2026:07:44:10 +0800] "GET /blog/active.php HTTP/1.1" 301 1026 "-" "-"
140.111.67.10 - - [25/Aug/2026:07:44:11 +0800] "GET /" 301 273 "-" "-"
140.111.67.195 - - [25/Aug/2026:07:44:14 +0800] "GET /wp-admin/admin-post.php?action=steps_ad HTTP/1.1" 200 1973 "-" "node-fetch/1.0 (+https://github.com/bitinn/node-fetch)"
140.111.67.195 - - [25/Aug/2026:07:44:14 +0800] "GET /wp-admin/admin-post.php?action=steps_ad HTTP/1.1" 200 1649 "-" "node-fetch/1.0 (+https://github.com/bitinn/node-fetch)"
2001:288:a201::66:125 - - [25/Aug/2026:07:44:15 +0800] "GET /blog/active.php HTTP/1.1" 301 1026 "-" "-"
2001:288:a201::66:125 - - [25/Aug/2026:07:44:15 +0800] "GET /blog/active.php HTTP/1.1" 404 1084 "-" "-"
2a03:2880:f802:25:: - - [25/Aug/2026:07:44:14 +0800] "GET /wp-login.php?key=sadz2378&_wpnonce=&action=ilc_logout&redirect_to=https%3A%2F%2Fwww.aayyy.com HTTP/1.1" 302 8250 "-" "Mozilla/5.0 (Windows NT 10.0; Win64; x64) AppleWebKit/537.36 (KHTML, like Gecko) Chrome/145.0.0.0 Safari/537.36 (compatible; meta-externalagent/1.1 (+https://developers.facebook.com/docs/sharing/webmasters/crawler))"
2001:288:a22c:1:a0c3:9e40:563f:4478 - - [25/Aug/2026:07:44:16 +0800] "-" 408 4791 "-" "-"
140.111.67.10 - - [25/Aug/2026:07:44:16 +0800] "GET /" 301 273 "-" "-"
140.111.67.195 - - [25/Aug/2026:07:44:18 +0800] "GET /wp-admin/admin-post.php?action=steps_ad HTTP/1.1" 200 1649 "-" "node-fetch/1.0 (+https://github.com/bitinn/node-fetch)"
2001:288:a201::66:125 - - [25/Aug/2026:07:44:20 +0800] "GET /blog/active.php HTTP/1.1" 301 1026 "-" "-"
2001:288:a201::66:125 - - [25/Aug/2026:07:44:20 +0800] "GET /blog/active.php HTTP/1.1" 404 1084 "-" "-"
140.111.67.10 - - [25/Aug/2026:07:44:22 +0800] "GET /" 301 273 "-" "-"
2a01:4f9:c010:7f74::1 - - [25/Aug/2026:07:44:23 +0800] "GET / HTTP/1.1" 200 66898 "-" "Mozilla/5.0 (Windows NT 10.0; Win64; x64; rv:148.0) Gecko/20100101 Firefox/148.0"
2001:b011:7800:3361:f175:4327:37cd:2b5a - - [25/Aug/2026:07:44:23 +0800] "-" 408 4800 "-" "-"
2001:288:a201::66:125 - - [25/Aug/2026:07:44:25 +0800] "GET /blog/active.php HTTP/1.1" 404 1084 "-" "-"
2001:288:a201::66:125 - - [25/Aug/2026:07:44:25 +0800] "GET /blog/active.php HTTP/1.1" 301 1026 "-" "-"
2a03:2880:f802:e:: - - [25/Aug/2026:07:44:24 +0800] "GET /wp-login.php?key=62n16375&_wpnonce=&action=ilc_logout&redirect_to=https%3A%2F%2Fmushroom.joynetgame.com HTTP/1.1" 302 8260 "-" "Mozilla/5.0 (Windows NT 10.0; Win64; x64) AppleWebKit/537.36 (KHTML, like Gecko) Chrome/145.0.0.0 Safari/537.36 (compatible; meta-externalagent/1.1 (+https://developers.facebook.com/docs/sharing/webmasters/crawler))"
140.111.67.10 - - [25/Aug/2026:07:44:27 +0800] "GET /" 301 273 "-" "-"
2408:872f:200:3::104e - - [25/Aug/2026:07:44:29 +0800] "GET /chris1225/wp-content/cache/2blog.ilc.edu.tw/wpfc-minified/g50ylixt/5xjdn.css HTTP/1.1" 200 27573 "https://2blog.ilc.edu.tw/chris1225/2026/08/17/1150817ai%e6%8a%80%e8%a1%93%e7%b5%95%e9%9d%9e%e9%81%99%e4%b8%8d%e5%8f%af%e5%8f%8a%e7%9a%84%e5%86%b0%e5%86%b7%e7%a7%91%e6%8a%80/" "Mozilla/5.0 (Windows NT 10.0; Win64; x64) AppleWebKit/537.36 (KHTML, like Gecko) Chrome/144.0.0.0 Safari/537.36"
2408:872f:200:3::104e - - [25/Aug/2026:07:44:29 +0800] "GET /chris1225/wp-content/uploads/sites/4013/elementor/css/post-3.css HTTP/1.1" 200 6029 "https://2blog.ilc.edu.tw/chris1225/2026/08/17/1150817ai%e6%8a%80%e8%a1%93%e7%b5%95%e9%9d%9e%e9%81%99%e4%b8%8d%e5%8f%af%e5%8f%8a%e7%9a%84%e5%86%b0%e5%86%b7%e7%a7%91%e6%8a%80/" "Mozilla/5.0 (Windows NT 10.0; Win64; x64) AppleWebKit/537.36 (KHTML, like Gecko) Chrome/144.0.0.0 Safari/537.36"
2408:872f:200:3::104e - - [25/Aug/2026:07:44:29 +0800] "GET /chris1225/wp-content/cache/2blog.ilc.edu.tw/wpfc-minified/nm3kqmq/5xjdn.js HTTP/1.1" 200 40366 "https://2blog.ilc.edu.tw/chris1225/2026/08/17/1150817ai%e6%8a%80%e8%a1%93%e7%b5%95%e9%9d%9e%e9%81%99%e4%b8%8d%e5%8f%af%e5%8f%8a%e7%9a%84%e5%86%b0%e5%86%b7%e7%a7%91%e6%8a%80/" "Mozilla/5.0 (Windows NT 10.0; Win64; x64) AppleWebKit/537.36 (KHTML, like Gecko) Chrome/144.0.0.0 Safari/537.36"
2408:872f:200:3::104e - - [25/Aug/2026:07:44:29 +0800] "GET /chris1225/wp-content/cache/2blog.ilc.edu.tw/wpfc-minified/lcl0uklp/5xjdn.js HTTP/1.1" 200 6439 "https://2blog.ilc.edu.tw/chris1225/2026/08/17/1150817ai%e6%8a%80%e8%a1%93%e7%b5%95%e9%9d%9e%e9%81%99%e4%b8%8d%e5%8f%af%e5%8f%8a%e7%9a%84%e5%86%b0%e5%86%b7%e7%a7%91%e6%8a%80/" "Mozilla/5.0 (Windows NT 10.0; Win64; x64) AppleWebKit/537.36 (KHTML, like Gecko) Chrome/144.0.0.0 Safari/537.36"
2408:872f:200:3::104e - - [25/Aug/2026:07:44:29 +0800] "GET /chris1225/wp-includes/js/hoverintent-js.min.js HTTP/1.1" 200 6391 "https://2blog.ilc.edu.tw/chris1225/2026/08/17/1150817ai%e6%8a%80%e8%a1%93%e7%b5%95%e9%9d%9e%e9%81%99%e4%b8%8d%e5%8f%af%e5%8f%8a%e7%9a%84%e5%86%b0%e5%86%b7%e7%a7%91%e6%8a%80/" "Mozilla/5.0 (Windows NT 10.0; Win64; x64) AppleWebKit/537.36 (KHTML, like Gecko) Chrome/144.0.0.0 Safari/537.36"
2408:872f:200:3::104e - - [25/Aug/2026:07:44:30 +0800] "GET /chris1225/wp-content/themes/hello-elementor/assets/js/hello-frontend.min.js HTTP/1.1" 200 1890 "https://2blog.ilc.edu.tw/chris1225/2026/08/17/1150817ai%e6%8a%80%e8%a1%93%e7%b5%95%e9%9d%9e%e9%81%99%e4%b8%8d%e5%8f%af%e5%8f%8a%e7%9a%84%e5%86%b0%e5%86%b7%e7%a7%91%e6%8a%80/" "Mozilla/5.0 (Windows NT 10.0; Win64; x64) AppleWebKit/537.36 (KHTML, like Gecko) Chrome/144.0.0.0 Safari/537.36"
2001:288:a201::66:125 - - [25/Aug/2026:07:44:30 +0800] "GET /blog/active.php HTTP/1.1" 404 1084 "-" "-"
2001:288:a201::66:125 - - [25/Aug/2026:07:44:30 +0800] "GET /blog/active.php HTTP/1.1" 301 1026 "-" "-"
2408:872f:200:3::104e - - [25/Aug/2026:07:44:30 +0800] "GET /favicon.ico HTTP/1.1" 302 901 "https://2blog.ilc.edu.tw/chris1225/2026/08/17/1150817ai%e6%8a%80%e8%a1%93%e7%b5%95%e9%9d%9e%e9%81%99%e4%b8%8d%e5%8f%af%e5%8f%8a%e7%9a%84%e5%86%b0%e5%86%b7%e7%a7%91%e6%8a%80/" "Mozilla/5.0 (Windows NT 10.0; Win64; x64) AppleWebKit/537.36 (KHTML, like Gecko) Chrome/144.0.0.0 Safari/537.36"
2408:872f:200:3::104e - - [25/Aug/2026:07:44:30 +0800] "POST /chris1225/wp-json/ilc-summary/v1/popular-posts HTTP/1.1" 201 1277 "https://2blog.ilc.edu.tw/chris1225/2026/08/17/1150817ai%e6%8a%80%e8%a1%93%e7%b5%95%e9%9d%9e%e9%81%99%e4%b8%8d%e5%8f%af%e5%8f%8a%e7%9a%84%e5%86%b0%e5%86%b7%e7%a7%91%e6%8a%80/" "Mozilla/5.0 (Windows NT 10.0; Win64; x64) AppleWebKit/537.36 (KHTML, like Gecko) Chrome/144.0.0.0 Safari/537.36"
2408:872f:200:3::104e - - [25/Aug/2026:07:44:31 +0800] "GET /wp-includes/images/w-logo-blue-white-bg.png HTTP/1.1" 200 4946 "https://2blog.ilc.edu.tw/chris1225/2026/08/17/1150817ai%e6%8a%80%e8%a1%93%e7%b5%95%e9%9d%9e%e9%81%99%e4%b8%8d%e5%8f%af%e5%8f%8a%e7%9a%84%e5%86%b0%e5%86%b7%e7%a7%91%e6%8a%80/" "Mozilla/5.0 (Windows NT 10.0; Win64; x64) AppleWebKit/537.36 (KHTML, like Gecko) Chrome/144.0.0.0 Safari/537.36"
140.111.67.10 - - [25/Aug/2026:07:44:32 +0800] "GET /" 301 273 "-" "-"
240e:971:6000:1::79 - - [25/Aug/2026:07:44:33 +0800] "GET /27438/2024/11/page/2 HTTP/1.1" 301 5771 "-" "Mozilla/5.0 (Windows NT 10.0; Win64; x64) AppleWebKit/537.36 (KHTML, like Gecko) Chrome/144.0.0.0 Safari/537.36"
240e:971:6000:1::79 - - [25/Aug/2026:07:44:33 +0800] "GET /27438/2024/11/page/2/ HTTP/1.1" 200 11690 "-" "Mozilla/5.0 (Windows NT 10.0; Win64; x64) AppleWebKit/537.36 (KHTML, like Gecko) Chrome/144.0.0.0 Safari/537.36"
240e:971:6000:1::79 - - [25/Aug/2026:07:44:33 +0800] "GET /27438/wp-content/cache/2blog.ilc.edu.tw/wpfc-minified/o5h634n/5wolc.css HTTP/1.1" 200 40888 "https://2blog.ilc.edu.tw/27438/2024/11/page/2/" "Mozilla/5.0 (Windows NT 10.0; Win64; x64) AppleWebKit/537.36 (KHTML, like Gecko) Chrome/144.0.0.0 Safari/537.36"
240e:971:6000:1::79 - - [25/Aug/2026:07:44:34 +0800] "GET /27438/wp-content/cache/2blog.ilc.edu.tw/wpfc-minified/3034at5/5wolc.css HTTP/1.1" 200 15782 "https://2blog.ilc.edu.tw/27438/2024/11/page/2/" "Mozilla/5.0 (Windows NT 10.0; Win64; x64) AppleWebKit/537.36 (KHTML, like Gecko) Chrome/144.0.0.0 Safari/537.36"
240e:971:6000:1::79 - - [25/Aug/2026:07:44:34 +0800] "GET /27438/wp-content/cache/2blog.ilc.edu.tw/wpfc-minified/2ncntba8/5wolc.css HTTP/1.1" 200 1496 "https://2blog.ilc.edu.tw/27438/2024/11/page/2/" "Mozilla/5.0 (Windows NT 10.0; Win64; x64) AppleWebKit/537.36 (KHTML, like Gecko) Chrome/144.0.0.0 Safari/537.36"
240e:971:6000:1::79 - - [25/Aug/2026:07:44:34 +0800] "GET /27438/wp-content/cache/2blog.ilc.edu.tw/wpfc-minified/8aq049sk/5wolc.css HTTP/1.1" 200 61685 "https://2blog.ilc.edu.tw/27438/2024/11/page/2/" "Mozilla/5.0 (Windows NT 10.0; Win64; x64) AppleWebKit/537.36 (KHTML, like Gecko) Chrome/144.0.0.0 Safari/537.36"
240e:971:6000:1::79 - - [25/Aug/2026:07:44:34 +0800] "GET /27438/wp-content/cache/2blog.ilc.edu.tw/wpfc-minified/6vnj6ita/5wolc.js HTTP/1.1" 200 40359 "https://2blog.ilc.edu.tw/27438/2024/11/page/2/" "Mozilla/5.0 (Windows NT 10.0; Win64; x64) AppleWebKit/537.36 (KHTML, like Gecko) Chrome/144.0.0.0 Safari/537.36"
240e:971:6000:1::79 - - [25/Aug/2026:07:44:34 +0800] "GET /27438/wp-includes/js/hoverintent-js.min.js HTTP/1.1" 200 6391 "https://2blog.ilc.edu.tw/27438/2024/11/page/2/" "Mozilla/5.0 (Windows NT 10.0; Win64; x64) AppleWebKit/537.36 (KHTML, like Gecko) Chrome/144.0.0.0 Safari/537.36"
240e:971:6000:1::79 - - [25/Aug/2026:07:44:34 +0800] "GET /27438/wp-includes/js/admin-bar.min.js HTTP/1.1" 200 2237 "https://2blog.ilc.edu.tw/27438/2024/11/page/2/" "Mozilla/5.0 (Windows NT 10.0; Win64; x64) AppleWebKit/537.36 (KHTML, like Gecko) Chrome/144.0.0.0 Safari/537.36"
240e:971:6000:1::79 - - [25/Aug/2026:07:44:34 +0800] "GET /27438/wp-includes/js/imagesloaded.min.js HTTP/1.1" 200 2683 "https://2blog.ilc.edu.tw/27438/2024/11/page/2/" "Mozilla/5.0 (Windows NT 10.0; Win64; x64) AppleWebKit/537.36 (KHTML, like Gecko) Chrome/144.0.0.0 Safari/537.36"
240e:971:6000:1::79 - - [25/Aug/2026:07:44:34 +0800] "GET /27438/wp-content/themes/oceanwp/assets/js/theme.min.js HTTP/1.1" 200 5130 "https://2blog.ilc.edu.tw/27438/2024/11/page/2/" "Mozilla/5.0 (Windows NT 10.0; Win64; x64) AppleWebKit/537.36 (KHTML, like Gecko) Chrome/144.0.0.0 Safari/537.36"
240e:971:6000:1::79 - - [25/Aug/2026:07:44:35 +0800] "GET /27438/wp-content/themes/oceanwp/assets/js/drop-down-mobile-menu.min.js HTTP/1.1" 200 4663 "https://2blog.ilc.edu.tw/27438/2024/11/page/2/" "Mozilla/5.0 (Windows NT 10.0; Win64; x64) AppleWebKit/537.36 (KHTML, like Gecko) Chrome/144.0.0.0 Safari/537.36"
240e:971:6000:1::79 - - [25/Aug/2026:07:44:35 +0800] "GET /27438/wp-content/themes/oceanwp/assets/js/drop-down-search.min.js HTTP/1.1" 200 2968 "https://2blog.ilc.edu.tw/27438/2024/11/page/2/" "Mozilla/5.0 (Windows NT 10.0; Win64; x64) AppleWebKit/537.36 (KHTML, like Gecko) Chrome/144.0.0.0 Safari/537.36"
240e:971:6000:1::79 - - [25/Aug/2026:07:44:35 +0800] "GET /27438/wp-content/themes/oceanwp/assets/js/vendors/magnific-popup.min.js HTTP/1.1" 200 8270 "https://2blog.ilc.edu.tw/27438/2024/11/page/2/" "Mozilla/5.0 (Windows NT 10.0; Win64; x64) AppleWebKit/537.36 (KHTML, like Gecko) Chrome/144.0.0.0 Safari/537.36"
240e:971:6000:1::79 - - [25/Aug/2026:07:44:35 +0800] "GET /27438/wp-content/themes/oceanwp/assets/js/ow-lightbox.min.js HTTP/1.1" 200 2321 "https://2blog.ilc.edu.tw/27438/2024/11/page/2/" "Mozilla/5.0 (Windows NT 10.0; Win64; x64) AppleWebKit/537.36 (KHTML, like Gecko) Chrome/144.0.0.0 Safari/537.36"
240e:971:6000:1::79 - - [25/Aug/2026:07:44:35 +0800] "GET /27438/wp-content/themes/oceanwp/assets/js/vendors/flickity.pkgd.min.js HTTP/1.1" 200 15048 "https://2blog.ilc.edu.tw/27438/2024/11/page/2/" "Mozilla/5.0 (Windows NT 10.0; Win64; x64) AppleWebKit/537.36 (KHTML, like Gecko) Chrome/144.0.0.0 Safari/537.36"
240e:971:6000:1::79 - - [25/Aug/2026:07:44:35 +0800] "GET /27438/wp-content/themes/oceanwp/assets/js/ow-slider.min.js HTTP/1.1" 200 1761 "https://2blog.ilc.edu.tw/27438/2024/11/page/2/" "Mozilla/5.0 (Windows NT 10.0; Win64; x64) AppleWebKit/537.36 (KHTML, like Gecko) Chrome/144.0.0.0 Safari/537.36"
240e:971:6000:1::79 - - [25/Aug/2026:07:44:35 +0800] "GET /27438/wp-content/themes/oceanwp/assets/js/scroll-effect.min.js HTTP/1.1" 200 4127 "https://2blog.ilc.edu.tw/27438/2024/11/page/2/" "Mozilla/5.0 (Windows NT 10.0; Win64; x64) AppleWebKit/537.36 (KHTML, like Gecko) Chrome/144.0.0.0 Safari/537.36"
240e:971:6000:1::79 - - [25/Aug/2026:07:44:35 +0800] "GET /27438/wp-content/themes/oceanwp/assets/js/scroll-top.min.js HTTP/1.1" 200 3202 "https://2blog.ilc.edu.tw/27438/2024/11/page/2/" "Mozilla/5.0 (Windows NT 10.0; Win64; x64) AppleWebKit/537.36 (KHTML, like Gecko) Chrome/144.0.0.0 Safari/537.36"
240e:971:6000:1::79 - - [25/Aug/2026:07:44:35 +0800] "GET /27438/wp-content/themes/oceanwp/assets/js/select.min.js HTTP/1.1" 200 2408 "https://2blog.ilc.edu.tw/27438/2024/11/page/2/" "Mozilla/5.0 (Windows NT 10.0; Win64; x64) AppleWebKit/537.36 (KHTML, like Gecko) Chrome/144.0.0.0 Safari/537.36"
2001:288:a201::66:125 - - [25/Aug/2026:07:44:35 +0800] "GET /blog/active.php HTTP/1.1" 404 1084 "-" "-"
2001:288:a201::66:125 - - [25/Aug/2026:07:44:35 +0800] "GET /blog/active.php HTTP/1.1" 301 1026 "-" "-"
240e:971:6000:1::79 - - [25/Aug/2026:07:44:35 +0800] "GET /27438/wp-content/themes/oceanwp/assets/fonts/simple-line-icons/Simple-Line-Icons.woff2?v=2.4.0 HTTP/1.1" 200 30959 "https://2blog.ilc.edu.tw/27438/wp-content/cache/2blog.ilc.edu.tw/wpfc-minified/8aq049sk/5wolc.css" "Mozilla/5.0 (Windows NT 10.0; Win64; x64) AppleWebKit/537.36 (KHTML, like Gecko) Chrome/144.0.0.0 Safari/537.36"
240e:971:6000:1::79 - - [25/Aug/2026:07:44:35 +0800] "GET /27438/wp-content/plugins/ocean-extra/includes/widgets/js/flickr.min.js HTTP/1.1" 200 1319 "https://2blog.ilc.edu.tw/27438/2024/11/page/2/" "Mozilla/5.0 (Windows NT 10.0; Win64; x64) AppleWebKit/537.36 (KHTML, like Gecko) Chrome/144.0.0.0 Safari/537.36"
2a09:bac3:635b:3050::4d0:4c - - [25/Aug/2026:07:44:35 +0800] "GET /wp-content/cache/www.waldorf.ilc.edu.tw/wpfc-minified/g1ne7hpx/6xg3.css HTTP/1.1" 200 53165 "https://www.waldorf.ilc.edu.tw/" "Mozilla/5.0 (iPhone; CPU iPhone OS 18_7 like Mac OS X) AppleWebKit/605.1.15 (KHTML, like Gecko) Mobile/15E148"
2a09:bac3:635b:3050::4d0:4c - - [25/Aug/2026:07:44:35 +0800] "GET /wp-content/cache/www.waldorf.ilc.edu.tw/wpfc-minified/lwt2mv0t/6xg3.css HTTP/1.1" 200 23817 "https://www.waldorf.ilc.edu.tw/" "Mozilla/5.0 (iPhone; CPU iPhone OS 18_7 like Mac OS X) AppleWebKit/605.1.15 (KHTML, like Gecko) Mobile/15E148"
2a09:bac3:635b:3050::4d0:4c - - [25/Aug/2026:07:44:35 +0800] "GET /wp-content/cache/www.waldorf.ilc.edu.tw/wpfc-minified/jpr50rx6/6xg3.css HTTP/1.1" 200 5963 "https://www.waldorf.ilc.edu.tw/" "Mozilla/5.0 (iPhone; CPU iPhone OS 18_7 like Mac OS X) AppleWebKit/605.1.15 (KHTML, like Gecko) Mobile/15E148"
240e:971:6000:1::79 - - [25/Aug/2026:07:44:35 +0800] "GET /27438/wp-content/themes/oceanwp/assets/fonts/fontawesome/webfonts/fa-solid-900.woff2 HTTP/1.1" 200 151246 "https://2blog.ilc.edu.tw/27438/wp-content/cache/2blog.ilc.edu.tw/wpfc-minified/8aq049sk/5wolc.css" "Mozilla/5.0 (Windows NT 10.0; Win64; x64) AppleWebKit/537.36 (KHTML, like Gecko) Chrome/144.0.0.0 Safari/537.36"
240e:971:6000:1::79 - - [25/Aug/2026:07:44:36 +0800] "GET /favicon.ico HTTP/1.1" 302 901 "https://2blog.ilc.edu.tw/27438/2024/11/page/2/" "Mozilla/5.0 (Windows NT 10.0; Win64; x64) AppleWebKit/537.36 (KHTML, like Gecko) Chrome/144.0.0.0 Safari/537.36"
2a09:bac3:635b:3050::4d0:4c - - [25/Aug/2026:07:44:36 +0800] "GET /wp-content/cache/www.waldorf.ilc.edu.tw/wpfc-minified/lwt2mv0t/6xg3.css HTTP/1.1" 200 23817 "https://www.waldorf.ilc.edu.tw/" "Mozilla/5.0 (iPhone; CPU iPhone OS 18_7 like Mac OS X) AppleWebKit/605.1.15 (KHTML, like Gecko) Mobile/15E148"
2a03:2880:f812:72:: - - [25/Aug/2026:07:44:36 +0800] "GET / HTTP/1.1" 200 15208 "-" "facebookexternalhit/1.1 (+http://www.facebook.com/externalhit_uatext.php)"
240e:971:6000:1::79 - - [25/Aug/2026:07:44:36 +0800] "GET /wp-includes/images/w-logo-blue-white-bg.png HTTP/1.1" 200 4946 "https://2blog.ilc.edu.tw/27438/2024/11/page/2/" "Mozilla/5.0 (Windows NT 10.0; Win64; x64) AppleWebKit/537.36 (KHTML, like Gecko) Chrome/144.0.0.0 Safari/537.36"
140.111.67.10 - - [25/Aug/2026:07:44:37 +0800] "GET /" 301 273 "-" "-"
2a09:bac3:635b:3050::4d0:4c - - [25/Aug/2026:07:44:37 +0800] "GET /wp-content/uploads/sites/1517/2024/08/%E5%B9%B4%E5%BA%A6%E8%AA%B2%E7%A8%8B%E8%A8%88%E7%95%AB.png HTTP/1.1" 200 10087 "https://www.waldorf.ilc.edu.tw/" "Mozilla/5.0 (iPhone; CPU iPhone OS 18_7 like Mac OS X) AppleWebKit/605.1.15 (KHTML, like Gecko) Mobile/15E148"
2a09:bac3:635b:3050::4d0:4c - - [25/Aug/2026:07:44:37 +0800] "GET /wp-content/uploads/sites/1517/2024/12/%E7%89%B9%E6%95%99%E8%BC%94%E5%B0%8E%E5%B0%88%E5%8D%80.png HTTP/1.1" 200 11227 "https://www.waldorf.ilc.edu.tw/" "Mozilla/5.0 (iPhone; CPU iPhone OS 18_7 like Mac OS X) AppleWebKit/605.1.15 (KHTML, like Gecko) Mobile/15E148"
2001:288:a201::66:125 - - [25/Aug/2026:07:44:40 +0800] "GET /blog/active.php HTTP/1.1" 301 1026 "-" "-"
2001:288:a201::66:125 - - [25/Aug/2026:07:44:40 +0800] "GET /blog/active.php HTTP/1.1" 404 1084 "-" "-"
140.111.67.10 - - [25/Aug/2026:07:44:42 +0800] "GET /" 301 273 "-" "-"
2001:288:a239:1:d57d:24a3:b2b0:10ff - - [25/Aug/2026:07:44:42 +0800] "GET / HTTP/1.1" 200 31826 "-" "Mozilla/5.0 (Windows NT 10.0; Win64; x64) AppleWebKit/537.36 (KHTML, like Gecko) Chrome/151.0.0.0 Safari/537.36"
2001:288:a239:1:d57d:24a3:b2b0:10ff - - [25/Aug/2026:07:44:42 +0800] "GET / HTTP/1.1" 200 27362 "-" "Mozilla/5.0 (Windows NT 10.0; Win64; x64) AppleWebKit/537.36 (KHTML, like Gecko) Chrome/151.0.0.0 Safari/537.36"
2001:288:a239:1:d57d:24a3:b2b0:10ff - - [25/Aug/2026:07:44:42 +0800] "GET /wp-content/cache/www.ysjh.ilc.edu.tw/wpfc-minified/2bif4tst/6xq4.css HTTP/1.1" 200 1500 "https://www.ysjh.ilc.edu.tw/" "Mozilla/5.0 (Windows NT 10.0; Win64; x64) AppleWebKit/537.36 (KHTML, like Gecko) Chrome/151.0.0.0 Safari/537.36"
2001:288:a239:1:d57d:24a3:b2b0:10ff - - [25/Aug/2026:07:44:42 +0800] "GET /wp-content/cache/www.ysjh.ilc.edu.tw/wpfc-minified/33crgw85/6xq4.css HTTP/1.1" 200 40894 "https://www.ysjh.ilc.edu.tw/" "Mozilla/5.0 (Windows NT 10.0; Win64; x64) AppleWebKit/537.36 (KHTML, like Gecko) Chrome/151.0.0.0 Safari/537.36"
2001:288:a239:1:d57d:24a3:b2b0:10ff - - [25/Aug/2026:07:44:42 +0800] "GET /wp-content/cache/www.ysjh.ilc.edu.tw/wpfc-minified/jxglwqho/8gfp.css HTTP/1.1" 200 2964 "https://www.ysjh.ilc.edu.tw/" "Mozilla/5.0 (Windows NT 10.0; Win64; x64) AppleWebKit/537.36 (KHTML, like Gecko) Chrome/151.0.0.0 Safari/537.36"
2001:288:a239:1:d57d:24a3:b2b0:10ff - - [25/Aug/2026:07:44:42 +0800] "GET /wp-content/cache/www.ysjh.ilc.edu.tw/wpfc-minified/6nwyx3o4/8gfp.css HTTP/1.1" 200 7841 "https://www.ysjh.ilc.edu.tw/" "Mozilla/5.0 (Windows NT 10.0; Win64; x64) AppleWebKit/537.36 (KHTML, like Gecko) Chrome/151.0.0.0 Safari/537.36"
2001:288:a239:1:d57d:24a3:b2b0:10ff - - [25/Aug/2026:07:44:42 +0800] "GET /wp-content/cache/www.ysjh.ilc.edu.tw/wpfc-minified/1es9qsfx/6xq4.js HTTP/1.1" 200 8256 "https://www.ysjh.ilc.edu.tw/" "Mozilla/5.0 (Windows NT 10.0; Win64; x64) AppleWebKit/537.36 (KHTML, like Gecko) Chrome/151.0.0.0 Safari/537.36"
2001:288:a239:1:d57d:24a3:b2b0:10ff - - [25/Aug/2026:07:44:42 +0800] "GET /wp-content/uploads/sites/2127/2025/12/%E6%96%B0%E5%A2%9E%E6%A8%99%E9%A1%8C-1-768x242.png HTTP/1.1" 200 49175 "https://www.ysjh.ilc.edu.tw/" "Mozilla/5.0 (Windows NT 10.0; Win64; x64) AppleWebKit/537.36 (KHTML, like Gecko) Chrome/151.0.0.0 Safari/537.36"
2001:288:a239:1:d57d:24a3:b2b0:10ff - - [25/Aug/2026:07:44:42 +0800] "GET /wp-content/cache/www.ysjh.ilc.edu.tw/wpfc-minified/6zqe82sg/6xq4.css HTTP/1.1" 200 54656 "https://www.ysjh.ilc.edu.tw/" "Mozilla/5.0 (Windows NT 10.0; Win64; x64) AppleWebKit/537.36 (KHTML, like Gecko) Chrome/151.0.0.0 Safari/537.36"
2001:288:a239:1:d57d:24a3:b2b0:10ff - - [25/Aug/2026:07:44:42 +0800] "GET /wp-content/uploads/sites/2127/2020/08/%E5%93%A1%E5%B1%B1%E6%A0%A1%E6%99%AF01-1280x853-1-768x512.jpg HTTP/1.1" 200 112899 "https://www.ysjh.ilc.edu.tw/" "Mozilla/5.0 (Windows NT 10.0; Win64; x64) AppleWebKit/537.36 (KHTML, like Gecko) Chrome/151.0.0.0 Safari/537.36"
2001:288:a239:1:d57d:24a3:b2b0:10ff - - [25/Aug/2026:07:44:42 +0800] "GET /wp-content/uploads/sites/2127/2025/09/S__278224937-768x242.jpg HTTP/1.1" 200 20658 "https://www.ysjh.ilc.edu.tw/" "Mozilla/5.0 (Windows NT 10.0; Win64; x64) AppleWebKit/537.36 (KHTML, like Gecko) Chrome/151.0.0.0 Safari/537.36"
2001:288:a239:1:d57d:24a3:b2b0:10ff - - [25/Aug/2026:07:44:42 +0800] "GET /wp-content/cache/www.ysjh.ilc.edu.tw/wpfc-minified/8m3w90su/6xq4.js HTTP/1.1" 200 40362 "https://www.ysjh.ilc.edu.tw/" "Mozilla/5.0 (Windows NT 10.0; Win64; x64) AppleWebKit/537.36 (KHTML, like Gecko) Chrome/151.0.0.0 Safari/537.36"
2001:288:a239:1:d57d:24a3:b2b0:10ff - - [25/Aug/2026:07:44:42 +0800] "GET /wp-content/uploads/sites/2127/2025/12/2-768x242.png HTTP/1.1" 200 46372 "https://www.ysjh.ilc.edu.tw/" "Mozilla/5.0 (Windows NT 10.0; Win64; x64) AppleWebKit/537.36 (KHTML, like Gecko) Chrome/151.0.0.0 Safari/537.36"
2001:288:a239:1:d57d:24a3:b2b0:10ff - - [25/Aug/2026:07:44:42 +0800] "GET /wp-content/uploads/sites/2127/2025/12/1-1-768x242.png HTTP/1.1" 200 45097 "https://www.ysjh.ilc.edu.tw/" "Mozilla/5.0 (Windows NT 10.0; Win64; x64) AppleWebKit/537.36 (KHTML, like Gecko) Chrome/151.0.0.0 Safari/537.36"
2001:288:a239:1:d57d:24a3:b2b0:10ff - - [25/Aug/2026:07:44:42 +0800] "GET /wp-includes/js/hoverintent-js.min.js HTTP/1.1" 200 1597 "https://www.ysjh.ilc.edu.tw/" "Mozilla/5.0 (Windows NT 10.0; Win64; x64) AppleWebKit/537.36 (KHTML, like Gecko) Chrome/151.0.0.0 Safari/537.36"
2001:288:a239:1:d57d:24a3:b2b0:10ff - - [25/Aug/2026:07:44:42 +0800] "GET /wp-includes/js/admin-bar.min.js HTTP/1.1" 200 2237 "https://www.ysjh.ilc.edu.tw/" "Mozilla/5.0 (Windows NT 10.0; Win64; x64) AppleWebKit/537.36 (KHTML, like Gecko) Chrome/151.0.0.0 Safari/537.36"
2001:288:a239:1:d57d:24a3:b2b0:10ff - - [25/Aug/2026:07:44:42 +0800] "GET /wp-includes/js/imagesloaded.min.js HTTP/1.1" 200 2683 "https://www.ysjh.ilc.edu.tw/" "Mozilla/5.0 (Windows NT 10.0; Win64; x64) AppleWebKit/537.36 (KHTML, like Gecko) Chrome/151.0.0.0 Safari/537.36"
2001:288:a239:1:d57d:24a3:b2b0:10ff - - [25/Aug/2026:07:44:42 +0800] "GET /wp-content/themes/oceanwp/assets/js/theme.min.js HTTP/1.1" 200 5130 "https://www.ysjh.ilc.edu.tw/" "Mozilla/5.0 (Windows NT 10.0; Win64; x64) AppleWebKit/537.36 (KHTML, like Gecko) Chrome/151.0.0.0 Safari/537.36"
2001:288:a239:1:d57d:24a3:b2b0:10ff - - [25/Aug/2026:07:44:42 +0800] "GET /wp-content/themes/oceanwp/assets/js/vendors/sidr.js HTTP/1.1" 200 4102 "https://www.ysjh.ilc.edu.tw/" "Mozilla/5.0 (Windows NT 10.0; Win64; x64) AppleWebKit/537.36 (KHTML, like Gecko) Chrome/151.0.0.0 Safari/537.36"
2001:288:a239:1:d57d:24a3:b2b0:10ff - - [25/Aug/2026:07:44:42 +0800] "GET /wp-content/themes/oceanwp/assets/js/sidebar-mobile-menu.min.js HTTP/1.1" 200 4731 "https://www.ysjh.ilc.edu.tw/" "Mozilla/5.0 (Windows NT 10.0; Win64; x64) AppleWebKit/537.36 (KHTML, like Gecko) Chrome/151.0.0.0 Safari/537.36"
2001:288:a239:1:d57d:24a3:b2b0:10ff - - [25/Aug/2026:07:44:42 +0800] "GET /wp-content/themes/oceanwp/assets/js/drop-down-search.min.js HTTP/1.1" 200 2968 "https://www.ysjh.ilc.edu.tw/" "Mozilla/5.0 (Windows NT 10.0; Win64; x64) AppleWebKit/537.36 (KHTML, like Gecko) Chrome/151.0.0.0 Safari/537.36"
2001:288:a239:1:d57d:24a3:b2b0:10ff - - [25/Aug/2026:07:44:42 +0800] "GET /wp-content/themes/oceanwp/assets/js/vendors/magnific-popup.min.js HTTP/1.1" 200 8270 "https://www.ysjh.ilc.edu.tw/" "Mozilla/5.0 (Windows NT 10.0; Win64; x64) AppleWebKit/537.36 (KHTML, like Gecko) Chrome/151.0.0.0 Safari/537.36"
2001:288:a239:1:d57d:24a3:b2b0:10ff - - [25/Aug/2026:07:44:42 +0800] "GET /wp-content/themes/oceanwp/assets/js/ow-lightbox.min.js HTTP/1.1" 200 2321 "https://www.ysjh.ilc.edu.tw/" "Mozilla/5.0 (Windows NT 10.0; Win64; x64) AppleWebKit/537.36 (KHTML, like Gecko) Chrome/151.0.0.0 Safari/537.36"
2001:288:a239:1:d57d:24a3:b2b0:10ff - - [25/Aug/2026:07:44:42 +0800] "GET /wp-content/themes/oceanwp/assets/js/ow-slider.min.js HTTP/1.1" 200 1761 "https://www.ysjh.ilc.edu.tw/" "Mozilla/5.0 (Windows NT 10.0; Win64; x64) AppleWebKit/537.36 (KHTML, like Gecko) Chrome/151.0.0.0 Safari/537.36"
2001:288:a239:1:d57d:24a3:b2b0:10ff - - [25/Aug/2026:07:44:42 +0800] "GET /wp-content/themes/oceanwp/assets/js/vendors/flickity.pkgd.min.js HTTP/1.1" 200 15048 "https://www.ysjh.ilc.edu.tw/" "Mozilla/5.0 (Windows NT 10.0; Win64; x64) AppleWebKit/537.36 (KHTML, like Gecko) Chrome/151.0.0.0 Safari/537.36"
2001:288:a239:1:d57d:24a3:b2b0:10ff - - [25/Aug/2026:07:44:42 +0800] "GET /wp-content/themes/oceanwp/assets/js/scroll-effect.min.js HTTP/1.1" 200 4127 "https://www.ysjh.ilc.edu.tw/" "Mozilla/5.0 (Windows NT 10.0; Win64; x64) AppleWebKit/537.36 (KHTML, like Gecko) Chrome/151.0.0.0 Safari/537.36"
2001:288:a239:1:d57d:24a3:b2b0:10ff - - [25/Aug/2026:07:44:42 +0800] "GET /wp-content/themes/oceanwp/assets/js/scroll-top.min.js HTTP/1.1" 200 3202 "https://www.ysjh.ilc.edu.tw/" "Mozilla/5.0 (Windows NT 10.0; Win64; x64) AppleWebKit/537.36 (KHTML, like Gecko) Chrome/151.0.0.0 Safari/537.36"
2001:288:a239:1:d57d:24a3:b2b0:10ff - - [25/Aug/2026:07:44:42 +0800] "GET /wp-content/themes/oceanwp/assets/js/select.min.js HTTP/1.1" 200 2408 "https://www.ysjh.ilc.edu.tw/" "Mozilla/5.0 (Windows NT 10.0; Win64; x64) AppleWebKit/537.36 (KHTML, like Gecko) Chrome/151.0.0.0 Safari/537.36"
2001:288:a239:1:d57d:24a3:b2b0:10ff - - [25/Aug/2026:07:44:42 +0800] "GET /wp-content/plugins/ocean-extra/includes/widgets/js/flickr.min.js HTTP/1.1" 200 1319 "https://www.ysjh.ilc.edu.tw/" "Mozilla/5.0 (Windows NT 10.0; Win64; x64) AppleWebKit/537.36 (KHTML, like Gecko) Chrome/151.0.0.0 Safari/537.36"
2001:288:a239:1:d57d:24a3:b2b0:10ff - - [25/Aug/2026:07:44:42 +0800] "GET /wp-content/uploads/sites/2127/2021/07/376429610X0000000_104D052038_104D2019962-725x1024.jpg HTTP/1.1" 200 147563 "https://www.ysjh.ilc.edu.tw/" "Mozilla/5.0 (Windows NT 10.0; Win64; x64) AppleWebKit/537.36 (KHTML, like Gecko) Chrome/151.0.0.0 Safari/537.36"
2001:288:a239:1:d57d:24a3:b2b0:10ff - - [25/Aug/2026:07:44:43 +0800] "GET /wp-content/uploads/sites/2127/2021/04/cropped-0428A1-1.png HTTP/1.1" 200 759306 "https://www.ysjh.ilc.edu.tw/" "Mozilla/5.0 (Windows NT 10.0; Win64; x64) AppleWebKit/537.36 (KHTML, like Gecko) Chrome/151.0.0.0 Safari/537.36"
2001:288:a239:1:d57d:24a3:b2b0:10ff - - [25/Aug/2026:07:44:43 +0800] "GET /wp-content/uploads/sites/2127/2025/04/%E7%AA%84-768x273.jpg HTTP/1.1" 200 22343 "https://www.ysjh.ilc.edu.tw/" "Mozilla/5.0 (Windows NT 10.0; Win64; x64) AppleWebKit/537.36 (KHTML, like Gecko) Chrome/151.0.0.0 Safari/537.36"
2001:288:a239:1:d57d:24a3:b2b0:10ff - - [25/Aug/2026:07:44:43 +0800] "GET /wp-content/uploads/sites/2127/2025/12/5-768x242.png HTTP/1.1" 200 55895 "https://www.ysjh.ilc.edu.tw/" "Mozilla/5.0 (Windows NT 10.0; Win64; x64) AppleWebKit/537.36 (KHTML, like Gecko) Chrome/151.0.0.0 Safari/537.36"
2001:288:a239:1:d57d:24a3:b2b0:10ff - - [25/Aug/2026:07:44:43 +0800] "GET /wp-content/uploads/sites/2127/2025/12/6-768x242.png HTTP/1.1" 200 54529 "https://www.ysjh.ilc.edu.tw/" "Mozilla/5.0 (Windows NT 10.0; Win64; x64) AppleWebKit/537.36 (KHTML, like Gecko) Chrome/151.0.0.0 Safari/537.36"
2001:288:a239:1:d57d:24a3:b2b0:10ff - - [25/Aug/2026:07:44:43 +0800] "GET /wp-content/themes/oceanwp/assets/fonts/fontawesome/webfonts/fa-solid-900.woff2 HTTP/1.1" 200 151246 "https://www.ysjh.ilc.edu.tw/wp-content/cache/www.ysjh.ilc.edu.tw/wpfc-minified/6zqe82sg/6xq4.css" "Mozilla/5.0 (Windows NT 10.0; Win64; x64) AppleWebKit/537.36 (KHTML, like Gecko) Chrome/151.0.0.0 Safari/537.36"
2001:288:a239:1:d57d:24a3:b2b0:10ff - - [25/Aug/2026:07:44:43 +0800] "GET /wp-content/themes/oceanwp/assets/fonts/simple-line-icons/Simple-Line-Icons.woff2?v=2.4.0 HTTP/1.1" 200 30959 "https://www.ysjh.ilc.edu.tw/wp-content/cache/www.ysjh.ilc.edu.tw/wpfc-minified/6zqe82sg/6xq4.css" "Mozilla/5.0 (Windows NT 10.0; Win64; x64) AppleWebKit/537.36 (KHTML, like Gecko) Chrome/151.0.0.0 Safari/537.36"
2001:288:a239:1:d57d:24a3:b2b0:10ff - - [25/Aug/2026:07:44:43 +0800] "GET /wp-content/uploads/sites/2127/2025/12/%E7%99%BB%E5%85%A5-768x242.png HTTP/1.1" 200 53514 "https://www.ysjh.ilc.edu.tw/" "Mozilla/5.0 (Windows NT 10.0; Win64; x64) AppleWebKit/537.36 (KHTML, like Gecko) Chrome/151.0.0.0 Safari/537.36"
2001:288:a239:1:d57d:24a3:b2b0:10ff - - [25/Aug/2026:07:44:43 +0800] "GET /wp-content/uploads/sites/2127/2026/02/admin-ajax.jpg HTTP/1.1" 200 56163 "https://www.ysjh.ilc.edu.tw/" "Mozilla/5.0 (Windows NT 10.0; Win64; x64) AppleWebKit/537.36 (KHTML, like Gecko) Chrome/151.0.0.0 Safari/537.36"
2001:288:a239:1:d57d:24a3:b2b0:10ff - - [25/Aug/2026:07:44:43 +0800] "GET /wp-content/uploads/sites/2127/2020/08/%E5%85%A7%E6%94%BF%E9%83%A8%E6%B6%88%E9%98%B2%E7%BD%B2logo.png HTTP/1.1" 200 18650 "https://www.ysjh.ilc.edu.tw/" "Mozilla/5.0 (Windows NT 10.0; Win64; x64) AppleWebKit/537.36 (KHTML, like Gecko) Chrome/151.0.0.0 Safari/537.36"
2001:288:a239:1:d57d:24a3:b2b0:10ff - - [25/Aug/2026:07:44:43 +0800] "GET /wp-content/themes/oceanwp/assets/fonts/fontawesome/webfonts/fa-regular-400.woff2 HTTP/1.1" 200 25383 "https://www.ysjh.ilc.edu.tw/wp-content/cache/www.ysjh.ilc.edu.tw/wpfc-minified/6zqe82sg/6xq4.css" "Mozilla/5.0 (Windows NT 10.0; Win64; x64) AppleWebKit/537.36 (KHTML, like Gecko) Chrome/151.0.0.0 Safari/537.36"
2001:288:a239:1:d57d:24a3:b2b0:10ff - - [25/Aug/2026:07:44:44 +0800] "GET /wp-content/uploads/sites/2127/2020/08/%E5%93%A1%E5%B1%B1%E6%A0%A1%E6%99%AF35-1280x853-1-768x512.jpg HTTP/1.1" 200 97259 "https://www.ysjh.ilc.edu.tw/" "Mozilla/5.0 (Windows NT 10.0; Win64; x64) AppleWebKit/537.36 (KHTML, like Gecko) Chrome/151.0.0.0 Safari/537.36"
2001:288:a239:1:d57d:24a3:b2b0:10ff - - [25/Aug/2026:07:44:44 +0800] "GET /wp-content/uploads/sites/2127/2020/08/%E5%93%A1%E5%B1%B1%E6%A0%A1%E6%99%AF50-1280x853-1-768x512.jpg HTTP/1.1" 200 101281 "https://www.ysjh.ilc.edu.tw/" "Mozilla/5.0 (Windows NT 10.0; Win64; x64) AppleWebKit/537.36 (KHTML, like Gecko) Chrome/151.0.0.0 Safari/537.36"
2001:288:a239:1:d57d:24a3:b2b0:10ff - - [25/Aug/2026:07:44:44 +0800] "GET /wp-content/uploads/sites/2127/2020/08/%E5%93%A1%E5%B1%B1%E6%A0%A1%E6%99%AF21-1280x853-1-768x512.jpg HTTP/1.1" 200 103290 "https://www.ysjh.ilc.edu.tw/" "Mozilla/5.0 (Windows NT 10.0; Win64; x64) AppleWebKit/537.36 (KHTML, like Gecko) Chrome/151.0.0.0 Safari/537.36"
2001:288:a239:1:d57d:24a3:b2b0:10ff - - [25/Aug/2026:07:44:44 +0800] "GET /wp-content/uploads/sites/2127/2020/08/%E5%93%A1%E5%B1%B1%E6%A0%A1%E6%99%AF19-1280x853-1-768x512.jpg HTTP/1.1" 200 117931 "https://www.ysjh.ilc.edu.tw/" "Mozilla/5.0 (Windows NT 10.0; Win64; x64) AppleWebKit/537.36 (KHTML, like Gecko) Chrome/151.0.0.0 Safari/537.36"
2001:288:a239:1:d57d:24a3:b2b0:10ff - - [25/Aug/2026:07:44:44 +0800] "GET /wp-content/uploads/sites/2127/2020/08/%E5%93%A1%E5%B1%B1%E6%A0%A1%E6%99%AF28-1280x853-1-768x512.jpg HTTP/1.1" 200 91101 "https://www.ysjh.ilc.edu.tw/" "Mozilla/5.0 (Windows NT 10.0; Win64; x64) AppleWebKit/537.36 (KHTML, like Gecko) Chrome/151.0.0.0 Safari/537.36"
2001:288:a239:1:d57d:24a3:b2b0:10ff - - [25/Aug/2026:07:44:44 +0800] "GET /wp-content/uploads/sites/2127/6348/6348-582873.gif HTTP/1.1" 200 18077 "https://www.ysjh.ilc.edu.tw/" "Mozilla/5.0 (Windows NT 10.0; Win64; x64) AppleWebKit/537.36 (KHTML, like Gecko) Chrome/151.0.0.0 Safari/537.36"
2001:288:a239:1:d57d:24a3:b2b0:10ff - - [25/Aug/2026:07:44:44 +0800] "GET /wp-content/uploads/sites/2127/2020/08/%E5%93%A1%E5%B1%B1%E6%A0%A1%E6%99%AF07-1280x853-1-768x512.jpg HTTP/1.1" 200 119193 "https://www.ysjh.ilc.edu.tw/" "Mozilla/5.0 (Windows NT 10.0; Win64; x64) AppleWebKit/537.36 (KHTML, like Gecko) Chrome/151.0.0.0 Safari/537.36"
2001:288:a239:1:d57d:24a3:b2b0:10ff - - [25/Aug/2026:07:44:44 +0800] "GET /wp-content/uploads/sites/2127/2020/08/%E5%93%A1%E5%B1%B1%E6%A0%A1%E6%99%AF04-1280x853-1-768x512.jpg HTTP/1.1" 200 102659 "https://www.ysjh.ilc.edu.tw/" "Mozilla/5.0 (Windows NT 10.0; Win64; x64) AppleWebKit/537.36 (KHTML, like Gecko) Chrome/151.0.0.0 Safari/537.36"
2001:288:a239:1:d57d:24a3:b2b0:10ff - - [25/Aug/2026:07:44:44 +0800] "GET /wp-content/uploads/sites/2127/2020/08/%E5%93%A1%E5%B1%B1%E6%A0%A1%E6%99%AF11-1280x853-1-768x512.jpg HTTP/1.1" 200 123506 "https://www.ysjh.ilc.edu.tw/" "Mozilla/5.0 (Windows NT 10.0; Win64; x64) AppleWebKit/537.36 (KHTML, like Gecko) Chrome/151.0.0.0 Safari/537.36"
2001:288:a239:1:d57d:24a3:b2b0:10ff - - [25/Aug/2026:07:44:44 +0800] "GET /wp-content/uploads/sites/2127/2025/09/%E9%98%B2%E7%96%AB%E5%B0%88%E5%8D%80-1-768x242.png HTTP/1.1" 200 27081 "https://www.ysjh.ilc.edu.tw/" "Mozilla/5.0 (Windows NT 10.0; Win64; x64) AppleWebKit/537.36 (KHTML, like Gecko) Chrome/151.0.0.0 Safari/537.36"
2001:288:a201::66:125 - - [25/Aug/2026:07:44:45 +0800] "GET /blog/active.php HTTP/1.1" 404 1084 "-" "-"
2001:288:a201::66:125 - - [25/Aug/2026:07:44:45 +0800] "GET /blog/active.php HTTP/1.1" 301 1026 "-" "-"
140.111.67.10 - - [25/Aug/2026:07:44:47 +0800] "GET /" 301 273 "-" "-"
140.111.67.195 - - [25/Aug/2026:07:44:47 +0800] "GET /wp-admin/admin-post.php?action=steps_ad HTTP/1.1" 200 1973 "-" "node-fetch/1.0 (+https://github.com/bitinn/node-fetch)"
140.111.67.195 - - [25/Aug/2026:07:44:47 +0800] "GET /wp-admin/admin-post.php?action=steps_ad HTTP/1.1" 200 1973 "-" "node-fetch/1.0 (+https://github.com/bitinn/node-fetch)"
140.111.67.195 - - [25/Aug/2026:07:44:48 +0800] "GET /wp-admin/admin-post.php?action=steps_ad HTTP/1.1" 200 1649 "-" "node-fetch/1.0 (+https://github.com/bitinn/node-fetch)"
140.111.67.195 - - [25/Aug/2026:07:44:48 +0800] "GET /wp-admin/admin-post.php?action=steps_ad HTTP/1.1" 200 1649 "-" "node-fetch/1.0 (+https://github.com/bitinn/node-fetch)"
2001:288:a201::66:125 - - [25/Aug/2026:07:44:50 +0800] "GET /blog/active.php HTTP/1.1" 301 1026 "-" "-"
2001:288:a201::66:125 - - [25/Aug/2026:07:44:50 +0800] "GET /blog/active.php HTTP/1.1" 404 1084 "-" "-"
140.111.67.10 - - [25/Aug/2026:07:44:52 +0800] "GET /" 301 273 "-" "-"
140.111.67.195 - - [25/Aug/2026:07:44:52 +0800] "GET /wp-admin/admin-post.php?action=steps_ad HTTP/1.1" 200 1649 "-" "node-fetch/1.0 (+https://github.com/bitinn/node-fetch)"
140.111.67.195 - - [25/Aug/2026:07:44:52 +0800] "GET /wp-admin/admin-post.php?action=steps_ad HTTP/1.1" 200 1649 "-" "node-fetch/1.0 (+https://github.com/bitinn/node-fetch)"
140.111.119.45 - - [25/Aug/2026:07:44:54 +0800] "-" 408 4791 "-" "-"
2001:288:a201::66:125 - - [25/Aug/2026:07:44:55 +0800] "GET /blog/active.php HTTP/1.1" 404 1084 "-" "-"
2001:288:a201::66:125 - - [25/Aug/2026:07:44:55 +0800] "GET /blog/active.php HTTP/1.1" 301 1026 "-" "-"
140.111.67.10 - - [25/Aug/2026:07:44:56 +0800] "GET /" 301 273 "-" "-"
2a03:2880:f802:e:: - - [25/Aug/2026:07:44:57 +0800] "GET /wp-login.php?key=7apwv374&_wpnonce=&action=ilc_logout&redirect_to=https%3A%2F%2Fmushroom.joynetgame.com HTTP/1.1" 302 8260 "-" "Mozilla/5.0 (Windows NT 10.0; Win64; x64) AppleWebKit/537.36 (KHTML, like Gecko) Chrome/145.0.0.0 Safari/537.36 (compatible; meta-externalagent/1.1 (+https://developers.facebook.com/docs/sharing/webmasters/crawler))"
2001:288:a201::66:125 - - [25/Aug/2026:07:45:00 +0800] "GET /blog/active.php HTTP/1.1" 301 1026 "-" "-"
2001:288:a201::66:125 - - [25/Aug/2026:07:45:00 +0800] "GET /blog/active.php HTTP/1.1" 404 1084 "-" "-"
140.111.67.10 - - [25/Aug/2026:07:45:01 +0800] "GET /" 301 273 "-" "-"
2407:4b00:4c0d:d71:bd34:225c:b266:9df7 - - [25/Aug/2026:07:45:03 +0800] "-" 408 4791 "-" "-"
2407:4b00:4c0d:d71:bd34:225c:b266:9df7 - - [25/Aug/2026:07:45:03 +0800] "-" 408 4791 "-" "-"
::1 - - [25/Aug/2026:07:45:04 +0800] "OPTIONS * HTTP/1.0" 200 110 "-" "Apache/2.4.68 (Ubuntu) OpenSSL/3.0.19 (internal dummy connection)"
::1 - - [25/Aug/2026:07:45:05 +0800] "OPTIONS * HTTP/1.0" 200 110 "-" "Apache/2.4.68 (Ubuntu) OpenSSL/3.0.19 (internal dummy connection)"
2001:288:a201::66:125 - - [25/Aug/2026:07:45:05 +0800] "GET /blog/active.php HTTP/1.1" 301 1026 "-" "-"
2001:288:a201::66:125 - - [25/Aug/2026:07:45:05 +0800] "GET /blog/active.php HTTP/1.1" 404 1084 "-" "-"
140.111.67.10 - - [25/Aug/2026:07:45:06 +0800] "GET /" 301 273 "-" "-"
2001:288:a24c:1:d05e:c061:b585:9586 - - [25/Aug/2026:07:45:08 +0800] "-" 408 0 "-" "-"
2001:288:a24c:1:d05e:c061:b585:9586 - - [25/Aug/2026:07:45:08 +0800] "-" 408 0 "-" "-"
::1 - - [25/Aug/2026:07:45:09 +0800] "OPTIONS * HTTP/1.0" 200 110 "-" "Apache/2.4.68 (Ubuntu) OpenSSL/3.0.19 (internal dummy connection)"
::1 - - [25/Aug/2026:07:45:10 +0800] "OPTIONS * HTTP/1.0" 200 110 "-" "Apache/2.4.68 (Ubuntu) OpenSSL/3.0.19 (internal dummy connection)"
2001:288:a201::66:125 - - [25/Aug/2026:07:45:10 +0800] "GET /blog/active.php HTTP/1.1" 301 1026 "-" "-"
2001:288:a201::66:125 - - [25/Aug/2026:07:45:10 +0800] "GET /blog/active.php HTTP/1.1" 404 1084 "-" "-"
2001:288:a254:1:15d1:8f79:1349:8fbc - - [25/Aug/2026:07:45:11 +0800] "-" 408 4805 "-" "-"
2001:288:a254:1:15d1:8f79:1349:8fbc - - [25/Aug/2026:07:45:11 +0800] "-" 408 4805 "-" "-"
140.111.67.10 - - [25/Aug/2026:07:45:11 +0800] "GET /" 301 273 "-" "-"
140.111.111.9 - - [25/Aug/2026:07:45:12 +0800] "GET / HTTP/1.1" 200 20252 "-" "Mozilla/5.0 (Windows NT 10.0; Win64; x64) AppleWebKit/537.36 (KHTML, like Gecko) Chrome/151.0.0.0 Safari/537.36"
2001:288:a247:1:75fe:afa2:2ba6:3407 - - [25/Aug/2026:07:45:12 +0800] "-" 408 4801 "-" "-"
2001:288:a247:1:75fe:afa2:2ba6:3407 - - [25/Aug/2026:07:45:12 +0800] "-" 408 339 "-" "-"
::1 - - [25/Aug/2026:07:45:14 +0800] "OPTIONS * HTTP/1.0" 200 110 "-" "Apache/2.4.68 (Ubuntu) OpenSSL/3.0.19 (internal dummy connection)"
::1 - - [25/Aug/2026:07:45:15 +0800] "OPTIONS * HTTP/1.0" 200 110 "-" "Apache/2.4.68 (Ubuntu) OpenSSL/3.0.19 (internal dummy connection)"
2001:288:a201::66:125 - - [25/Aug/2026:07:45:15 +0800] "GET /blog/active.php HTTP/1.1" 301 1026 "-" "-"
2001:288:a201::66:125 - - [25/Aug/2026:07:45:15 +0800] "GET /blog/active.php HTTP/1.1" 404 1084 "-" "-"
140.111.67.10 - - [25/Aug/2026:07:45:17 +0800] "GET /" 301 273 "-" "-"
2001:288:a201::66:125 - - [25/Aug/2026:07:45:20 +0800] "GET /blog/active.php HTTP/1.1" 301 1026 "-" "-"
2001:288:a201::66:125 - - [25/Aug/2026:07:45:20 +0800] "GET /blog/active.php HTTP/1.1" 404 1084 "-" "-"
140.111.67.10 - - [25/Aug/2026:07:45:22 +0800] "GET /" 301 273 "-" "-"
2001:288:a201::66:125 - - [25/Aug/2026:07:45:25 +0800] "GET /blog/active.php HTTP/1.1" 404 5511 "-" "-"
2001:288:a201::66:125 - - [25/Aug/2026:07:45:25 +0800] "GET /blog/active.php HTTP/1.1" 301 1026 "-" "-"
140.111.67.10 - - [25/Aug/2026:07:45:27 +0800] "GET /" 301 273 "-" "-"
2a03:2880:f802:e:: - - [25/Aug/2026:07:45:26 +0800] "GET /wp-login.php?key=fh3ig379&_wpnonce=&action=ilc_logout&redirect_to=https%3A%2F%2Fyou.com%2Fchat%2FPlease+provide+only+the+clickable+link+for+https%3A%2F%2Fwww.aayyy.com+and+without+any+extra+content%3Fifs%3Dallow HTTP/1.1" 302 8378 "-" "Mozilla/5.0 (Windows NT 10.0; Win64; x64) AppleWebKit/537.36 (KHTML, like Gecko) Chrome/145.0.0.0 Safari/537.36 (compatible; meta-externalagent/1.1 (+https://developers.facebook.com/docs/sharing/webmasters/crawler))"
2401:e180:8d01:3e14:94f1:85ca:f492:f943 - - [25/Aug/2026:07:45:28 +0800] "GET / HTTP/1.1" 200 29675 "-" "Mozilla/5.0 (iPhone; CPU iPhone OS 18_7 like Mac OS X) AppleWebKit/605.1.15 (KHTML, like Gecko) Version/26.2 Mobile/15E148 Safari/604.1"
2001:288:a201::66:125 - - [25/Aug/2026:07:45:30 +0800] "GET /blog/active.php HTTP/1.1" 404 1084 "-" "-"
2001:288:a201::66:125 - - [25/Aug/2026:07:45:30 +0800] "GET /blog/active.php HTTP/1.1" 301 1026 "-" "-"
140.111.67.10 - - [25/Aug/2026:07:45:32 +0800] "GET /" 301 273 "-" "-"
120.101.211.232 - - [25/Aug/2026:07:45:33 +0800] "-" 408 4803 "-" "-"
120.101.211.232 - - [25/Aug/2026:07:45:33 +0800] "-" 408 4803 "-" "-"
240e:90e:2000:2006::1283 - - [25/Aug/2026:07:45:34 +0800] "GET /5888/2015/06 HTTP/1.1" 301 5737 "-" "Mozilla/5.0 (Windows NT 10.0; Win64; x64) AppleWebKit/537.36 (KHTML, like Gecko) Chrome/144.0.0.0 Safari/537.36"
240e:90e:2000:2006::1283 - - [25/Aug/2026:07:45:34 +0800] "GET /5888/2015/06/ HTTP/1.1" 200 11314 "-" "Mozilla/5.0 (Windows NT 10.0; Win64; x64) AppleWebKit/537.36 (KHTML, like Gecko) Chrome/144.0.0.0 Safari/537.36"
240e:90e:2000:2006::1283 - - [25/Aug/2026:07:45:35 +0800] "GET /5888/wp-content/cache/2blog.ilc.edu.tw/wpfc-minified/e2wu78ec/7ugxd.css HTTP/1.1" 200 40886 "https://2blog.ilc.edu.tw/5888/2015/06/" "Mozilla/5.0 (Windows NT 10.0; Win64; x64) AppleWebKit/537.36 (KHTML, like Gecko) Chrome/144.0.0.0 Safari/537.36"
2001:288:a201::66:125 - - [25/Aug/2026:07:45:35 +0800] "GET /blog/active.php HTTP/1.1" 404 1084 "-" "-"
2001:288:a201::66:125 - - [25/Aug/2026:07:45:35 +0800] "GET /blog/active.php HTTP/1.1" 301 1026 "-" "-"
240e:90e:2000:2006::1283 - - [25/Aug/2026:07:45:36 +0800] "GET /5888/wp-content/cache/2blog.ilc.edu.tw/wpfc-minified/7viub9xo/7ugxd.css HTTP/1.1" 200 15980 "https://2blog.ilc.edu.tw/5888/2015/06/" "Mozilla/5.0 (Windows NT 10.0; Win64; x64) AppleWebKit/537.36 (KHTML, like Gecko) Chrome/144.0.0.0 Safari/537.36"
2409:8718:271a:1075::10 - - [25/Aug/2026:07:45:36 +0800] "GET /44198/wp-content/cache/2blog.ilc.edu.tw/wpfc-minified/11o39d58/88b3n.css HTTP/1.1" 200 23335 "https://2blog.ilc.edu.tw/44198/page/2/" "Mozilla/5.0 (Windows NT 10.0; Win64; x64) AppleWebKit/537.36 (KHTML, like Gecko) Chrome/144.0.0.0 Safari/537.36"
2409:8718:271a:1075::10 - - [25/Aug/2026:07:45:36 +0800] "GET /44198/wp-content/cache/2blog.ilc.edu.tw/wpfc-minified/8lb1mpsv/88b3n.css HTTP/1.1" 200 17050 "https://2blog.ilc.edu.tw/44198/page/2/" "Mozilla/5.0 (Windows NT 10.0; Win64; x64) AppleWebKit/537.36 (KHTML, like Gecko) Chrome/144.0.0.0 Safari/537.36"
