2001:288:a201::66:125 - - [25/Aug/2026:07:21:55 +0800] "GET /blog/active.php HTTP/1.1" 301 1026 "-" "-"
2001:288:a201::66:125 - - [25/Aug/2026:07:21:55 +0800] "GET /blog/active.php HTTP/1.1" 404 1084 "-" "-"
140.111.67.10 - - [25/Aug/2026:07:21:56 +0800] "GET /" 301 273 "-" "-"
2001:288:a201::66:125 - - [25/Aug/2026:07:22:00 +0800] "GET /blog/active.php HTTP/1.1" 301 1026 "-" "-"
2001:288:a201::66:125 - - [25/Aug/2026:07:22:00 +0800] "GET /blog/active.php HTTP/1.1" 404 1084 "-" "-"
2001:288:a201::67:81 - - [25/Aug/2026:07:22:01 +0800] "GET / HTTP/1.1" 200 56291 "-" "curl/7.81.0"
140.111.67.86 - - [25/Aug/2026:07:22:01 +0800] "GET / HTTP/1.1" 200 56291 "-" "curl/7.81.0"
2001:288:a201::67:85 - - [25/Aug/2026:07:22:01 +0800] "GET / HTTP/1.1" 200 56291 "-" "curl/7.81.0"
140.111.67.10 - - [25/Aug/2026:07:22:02 +0800] "GET /" 301 273 "-" "-"
2001:288:a201::66:125 - - [25/Aug/2026:07:22:05 +0800] "GET /blog/active.php HTTP/1.1" 301 1026 "-" "-"
2001:288:a201::66:125 - - [25/Aug/2026:07:22:05 +0800] "GET /blog/active.php HTTP/1.1" 404 1084 "-" "-"
140.111.67.10 - - [25/Aug/2026:07:22:07 +0800] "GET /" 301 273 "-" "-"
2a03:2880:f802:b:: - - [25/Aug/2026:07:22:08 +0800] "GET /wp-login.php?key=w3qn7379&_wpnonce=&action=ilc_logout&redirect_to=https%3A%2F%2Fgame.edu.kg HTTP/1.1" 302 8248 "-" "Mozilla/5.0 (Windows NT 10.0; Win64; x64) AppleWebKit/537.36 (KHTML, like Gecko) Chrome/145.0.0.0 Safari/537.36 (compatible; meta-externalagent/1.1 (+https://developers.facebook.com/docs/sharing/webmasters/crawler))"
2001:288:a201::66:125 - - [25/Aug/2026:07:22:10 +0800] "GET /blog/active.php HTTP/1.1" 404 1084 "-" "-"
2001:288:a201::66:125 - - [25/Aug/2026:07:22:10 +0800] "GET /blog/active.php HTTP/1.1" 301 1026 "-" "-"
2a03:2880:f802:45:: - - [25/Aug/2026:07:22:09 +0800] "GET /wp-login.php?key=pzsxl375&_wpnonce=&action=ilc_logout&redirect_to=https%3A%2F%2Fgame.edu.kg HTTP/1.1" 302 8248 "-" "Mozilla/5.0 (Windows NT 10.0; Win64; x64) AppleWebKit/537.36 (KHTML, like Gecko) Chrome/145.0.0.0 Safari/537.36 (compatible; meta-externalagent/1.1 (+https://developers.facebook.com/docs/sharing/webmasters/crawler))"
140.111.67.10 - - [25/Aug/2026:07:22:12 +0800] "GET /" 301 273 "-" "-"
2001:288:a201::66:125 - - [25/Aug/2026:07:22:15 +0800] "GET /blog/active.php HTTP/1.1" 404 1084 "-" "-"
2001:288:a201::66:125 - - [25/Aug/2026:07:22:15 +0800] "GET /blog/active.php HTTP/1.1" 301 1026 "-" "-"
140.111.67.10 - - [25/Aug/2026:07:22:17 +0800] "GET /" 301 273 "-" "-"
2001:288:a201::66:125 - - [25/Aug/2026:07:22:20 +0800] "GET /blog/active.php HTTP/1.1" 404 1084 "-" "-"
2001:288:a201::66:125 - - [25/Aug/2026:07:22:20 +0800] "GET /blog/active.php HTTP/1.1" 301 1026 "-" "-"
2407:4b00:4c0d:d71:bd34:225c:b266:9df7 - - [25/Aug/2026:07:22:21 +0800] "-" 408 4791 "-" "-"
2407:4b00:4c0d:d71:bd34:225c:b266:9df7 - - [25/Aug/2026:07:22:21 +0800] "-" 408 4791 "-" "-"
140.111.67.10 - - [25/Aug/2026:07:22:22 +0800] "GET /" 301 273 "-" "-"
2a03:2880:f802:3:: - - [25/Aug/2026:07:22:23 +0800] "GET /wp-login.php?key=rc3sm375&_wpnonce=&action=ilc_logout&redirect_to=https%3A%2F%2Fgame.edu.kg HTTP/1.1" 302 8248 "-" "Mozilla/5.0 (Macintosh; Intel Mac OS X 10_15_7) AppleWebKit/537.36 (KHTML, like Gecko) Chrome/145.0.0.0 Safari/537.36 (compatible; meta-externalagent/1.1 (+https://developers.facebook.com/docs/sharing/webmasters/crawler))"
2001:288:a201::66:125 - - [25/Aug/2026:07:22:25 +0800] "GET /blog/active.php HTTP/1.1" 404 1084 "-" "-"
2001:288:a201::66:125 - - [25/Aug/2026:07:22:25 +0800] "GET /blog/active.php HTTP/1.1" 301 1026 "-" "-"
140.111.67.10 - - [25/Aug/2026:07:22:27 +0800] "GET /" 301 273 "-" "-"
2a03:2880:f802:31:: - - [25/Aug/2026:07:22:28 +0800] "GET /4950/2012/04/12/%e8%80%81%e5%b8%ab%e8%a8%88%e7%ae%97%e6%88%90%e7%b8%be%e7%9a%84%e5%a5%bd%e5%b9%ab%e6%89%8b-excel%e7%9a%84small%e5%87%bd%e6%95%b8/ HTTP/1.1" 200 16491 "-" "Mozilla/5.0 (Windows NT 10.0; Win64; x64) AppleWebKit/537.36 (KHTML, like Gecko) Chrome/145.0.0.0 Safari/537.36 (compatible; meta-externalagent/1.1 (+https://developers.facebook.com/docs/sharing/webmasters/crawler))"
2409:8a62:305:f91:7967:a255:3b5e:3377 - - [25/Aug/2026:07:22:29 +0800] "GET /2023/01/03 HTTP/1.1" 301 5772 "-" "Mozilla/5.0 (Windows NT 10.0; Win64; x64) AppleWebKit/537.36 (KHTML, like Gecko) Chrome/144.0.0.0 Safari/537.36"
2a03:2880:f802:14:: - - [25/Aug/2026:07:22:29 +0800] "GET /wp-content/uploads/gallery/1313/previews-med/1313-1142196.png HTTP/1.1" 200 73148 "https://2blog.ilc.edu.tw/4950/2012/04/12/%e8%80%81%e5%b8%ab%e8%a8%88%e7%ae%97%e6%88%90%e7%b8%be%e7%9a%84%e5%a5%bd%e5%b9%ab%e6%89%8b-excel%e7%9a%84small%e5%87%bd%e6%95%b8/" "Mozilla/5.0 (Windows NT 10.0; Win64; x64) AppleWebKit/537.36 (KHTML, like Gecko) Chrome/145.0.0.0 Safari/537.36 (compatible; meta-externalagent/1.1 (+https://developers.facebook.com/docs/sharing/webmasters/crawler))"
2a03:2880:f802:31:: - - [25/Aug/2026:07:22:29 +0800] "GET /wp-content/uploads/gallery/1313/previews-med/1313-1142216.png HTTP/1.1" 200 51037 "https://2blog.ilc.edu.tw/4950/2012/04/12/%e8%80%81%e5%b8%ab%e8%a8%88%e7%ae%97%e6%88%90%e7%b8%be%e7%9a%84%e5%a5%bd%e5%b9%ab%e6%89%8b-excel%e7%9a%84small%e5%87%bd%e6%95%b8/" "Mozilla/5.0 (Windows NT 10.0; Win64; x64) AppleWebKit/537.36 (KHTML, like Gecko) Chrome/145.0.0.0 Safari/537.36 (compatible; meta-externalagent/1.1 (+https://developers.facebook.com/docs/sharing/webmasters/crawler))"
2a03:2880:f802:1a:: - - [25/Aug/2026:07:22:29 +0800] "GET /wp-content/uploads/gallery/1313/previews-med/1313-1142217.png HTTP/1.1" 200 51913 "https://2blog.ilc.edu.tw/4950/2012/04/12/%e8%80%81%e5%b8%ab%e8%a8%88%e7%ae%97%e6%88%90%e7%b8%be%e7%9a%84%e5%a5%bd%e5%b9%ab%e6%89%8b-excel%e7%9a%84small%e5%87%bd%e6%95%b8/" "Mozilla/5.0 (Windows NT 10.0; Win64; x64) AppleWebKit/537.36 (KHTML, like Gecko) Chrome/145.0.0.0 Safari/537.36 (compatible; meta-externalagent/1.1 (+https://developers.facebook.com/docs/sharing/webmasters/crawler))"
2a03:2880:f802:15:: - - [25/Aug/2026:07:22:29 +0800] "GET /wp-content/uploads/gallery/1313/previews-med/1313-1142194.png HTTP/1.1" 200 81128 "https://2blog.ilc.edu.tw/4950/2012/04/12/%e8%80%81%e5%b8%ab%e8%a8%88%e7%ae%97%e6%88%90%e7%b8%be%e7%9a%84%e5%a5%bd%e5%b9%ab%e6%89%8b-excel%e7%9a%84small%e5%87%bd%e6%95%b8/" "Mozilla/5.0 (Windows NT 10.0; Win64; x64) AppleWebKit/537.36 (KHTML, like Gecko) Chrome/145.0.0.0 Safari/537.36 (compatible; meta-externalagent/1.1 (+https://developers.facebook.com/docs/sharing/webmasters/crawler))"
2a03:2880:f802:3c:: - - [25/Aug/2026:07:22:29 +0800] "POST /4950/wp-json/ilc-summary/v1/popular-posts HTTP/1.1" 201 6065 "https://2blog.ilc.edu.tw/4950/2012/04/12/%e8%80%81%e5%b8%ab%e8%a8%88%e7%ae%97%e6%88%90%e7%b8%be%e7%9a%84%e5%a5%bd%e5%b9%ab%e6%89%8b-excel%e7%9a%84small%e5%87%bd%e6%95%b8/" "Mozilla/5.0 (Windows NT 10.0; Win64; x64) AppleWebKit/537.36 (KHTML, like Gecko) Chrome/145.0.0.0 Safari/537.36 (compatible; meta-externalagent/1.1 (+https://developers.facebook.com/docs/sharing/webmasters/crawler))"
2409:8a62:305:f91:7967:a255:3b5e:3377 - - [25/Aug/2026:07:22:29 +0800] "GET /2023/01/03/ HTTP/1.1" 200 42284 "-" "Mozilla/5.0 (Windows NT 10.0; Win64; x64) AppleWebKit/537.36 (KHTML, like Gecko) Chrome/144.0.0.0 Safari/537.36"
2001:288:a201::66:125 - - [25/Aug/2026:07:22:30 +0800] "GET /blog/active.php HTTP/1.1" 404 1084 "-" "-"
2001:288:a201::66:125 - - [25/Aug/2026:07:22:30 +0800] "GET /blog/active.php HTTP/1.1" 301 1026 "-" "-"
2409:8a62:305:f91:7967:a255:3b5e:3377 - - [25/Aug/2026:07:22:31 +0800] "GET /wp-content/cache/www.najh.ilc.edu.tw/wpfc-minified/1f13uvw/6wh9.css HTTP/1.1" 200 40884 "https://www.najh.ilc.edu.tw/2023/01/03/" "Mozilla/5.0 (Windows NT 10.0; Win64; x64) AppleWebKit/537.36 (KHTML, like Gecko) Chrome/144.0.0.0 Safari/537.36"
140.111.67.10 - - [25/Aug/2026:07:22:31 +0800] "GET /" 301 273 "-" "-"
2409:8a62:305:f91:7967:a255:3b5e:3377 - - [25/Aug/2026:07:22:32 +0800] "GET /wp-content/themes/oceanwp/assets/js/drop-down-mobile-menu.min.js HTTP/1.1" 200 4663 "https://www.najh.ilc.edu.tw/2023/01/03/" "Mozilla/5.0 (Windows NT 10.0; Win64; x64) AppleWebKit/537.36 (KHTML, like Gecko) Chrome/144.0.0.0 Safari/537.36"
2001:4860:7:810::e3 - - [25/Aug/2026:07:22:33 +0800] "GET /1003/2012/05/10/%E8%AA%9E%E6%96%87%E8%AA%B2%E4%B9%9F%E4%BE%86%E5%80%8B%E5%89%AF%E8%A9%9E%E6%A1%8C%E9%81%8A/ HTTP/1.1" 200 19615 "https://www.google.com/" "Mozilla/5.0 (Linux; Android 10; K) AppleWebKit/537.36 (KHTML, like Gecko) Chrome/151.0.0.0 Mobile Safari/537.36"
2409:8a62:305:f91:7967:a255:3b5e:3377 - - [25/Aug/2026:07:22:32 +0800] "GET /wp-content/themes/oceanwp/assets/fonts/fontawesome/webfonts/fa-solid-900.woff2 HTTP/1.1" 200 151246 "https://www.najh.ilc.edu.tw/wp-content/cache/www.najh.ilc.edu.tw/wpfc-minified/kcxb236g/6wh9.css" "Mozilla/5.0 (Windows NT 10.0; Win64; x64) AppleWebKit/537.36 (KHTML, like Gecko) Chrome/144.0.0.0 Safari/537.36"
2001:288:a201::66:125 - - [25/Aug/2026:07:22:35 +0800] "GET /blog/active.php HTTP/1.1" 404 1084 "-" "-"
2001:288:a201::66:125 - - [25/Aug/2026:07:22:35 +0800] "GET /blog/active.php HTTP/1.1" 301 1026 "-" "-"
2401:e180:8d6c:20d0:fc32:77a2:2f2a:fe08 - - [25/Aug/2026:07:22:36 +0800] "-" 408 339 "-" "-"
2401:e180:8d6c:20d0:fc32:77a2:2f2a:fe08 - - [25/Aug/2026:07:22:36 +0800] "-" 408 339 "-" "-"
140.111.67.10 - - [25/Aug/2026:07:22:36 +0800] "GET /" 301 273 "-" "-"
2a03:2880:f802:14:: - - [25/Aug/2026:07:22:37 +0800] "GET /6573/wp-content/cache/2blog.ilc.edu.tw/wpfc-minified/e4rcpyaq/7nqz4.css HTTP/1.1" 200 45680 "https://2blog.ilc.edu.tw/6573/page/3/" "Mozilla/5.0 (Windows NT 10.0; Win64; x64) AppleWebKit/537.36 (KHTML, like Gecko) Chrome/145.0.0.0 Safari/537.36 (compatible; meta-externalagent/1.1 (+https://developers.facebook.com/docs/sharing/webmasters/crawler))"
2a03:2880:f802:32:: - - [25/Aug/2026:07:22:37 +0800] "GET /6573/wp-includes/js/hoverintent-js.min.js HTTP/1.1" 200 6391 "https://2blog.ilc.edu.tw/6573/page/3/" "Mozilla/5.0 (Windows NT 10.0; Win64; x64) AppleWebKit/537.36 (KHTML, like Gecko) Chrome/145.0.0.0 Safari/537.36 (compatible; meta-externalagent/1.1 (+https://developers.facebook.com/docs/sharing/webmasters/crawler))"
2a03:2880:f802:14:: - - [25/Aug/2026:07:22:37 +0800] "GET /6573/wp-content/cache/2blog.ilc.edu.tw/wpfc-minified/8iz9lrgp/7nqz4.css HTTP/1.1" 200 20576 "https://2blog.ilc.edu.tw/6573/page/3/" "Mozilla/5.0 (Windows NT 10.0; Win64; x64) AppleWebKit/537.36 (KHTML, like Gecko) Chrome/145.0.0.0 Safari/537.36 (compatible; meta-externalagent/1.1 (+https://developers.facebook.com/docs/sharing/webmasters/crawler))"
2a03:2880:f802:31:: - - [25/Aug/2026:07:22:38 +0800] "GET /6573/wp-content/themes/oceanwp/assets/js/ow-slider.min.js HTTP/1.1" 200 6555 "https://2blog.ilc.edu.tw/6573/page/3/" "Mozilla/5.0 (Windows NT 10.0; Win64; x64) AppleWebKit/537.36 (KHTML, like Gecko) Chrome/145.0.0.0 Safari/537.36 (compatible; meta-externalagent/1.1 (+https://developers.facebook.com/docs/sharing/webmasters/crawler))"
2001:288:a201::66:125 - - [25/Aug/2026:07:22:40 +0800] "GET /blog/active.php HTTP/1.1" 301 1026 "-" "-"
2001:288:a201::66:125 - - [25/Aug/2026:07:22:40 +0800] "GET /blog/active.php HTTP/1.1" 404 1084 "-" "-"
2a03:2880:f802:23:: - - [25/Aug/2026:07:22:38 +0800] "GET /wp-login.php?key=o7yad381&_wpnonce=&action=ilc_logout&redirect_to=https%3A%2F%2Fwww.linegames.org HTTP/1.1" 302 8254 "-" "Mozilla/5.0 (Windows NT 10.0; Win64; x64) AppleWebKit/537.36 (KHTML, like Gecko) Chrome/145.0.0.0 Safari/537.36 (compatible; meta-externalagent/1.1 (+https://developers.facebook.com/docs/sharing/webmasters/crawler))"
2401:e180:8860:67d2:d562:fc99:4522:a1e2 - - [25/Aug/2026:07:22:41 +0800] "GET / HTTP/1.1" 200 25122 "https://www.google.com/" "Mozilla/5.0 (iPhone; CPU iPhone OS 18_7 like Mac OS X) AppleWebKit/605.1.15 (KHTML, like Gecko) Version/26.6 Mobile/15E148 Safari/604.1"
2a03:2880:f802:42:: - - [25/Aug/2026:07:22:39 +0800] "GET /wp-login.php?key=cog56375&_wpnonce=&action=ilc_logout&redirect_to=https%3A%2F%2Fmushroom.joynetgame.com HTTP/1.1" 302 8260 "-" "Mozilla/5.0 (Windows NT 10.0; Win64; x64) AppleWebKit/537.36 (KHTML, like Gecko) Chrome/145.0.0.0 Safari/537.36 Edg/145.0.0.0 (compatible; meta-externalagent/1.1 (+https://developers.facebook.com/docs/sharing/webmasters/crawler))"
140.111.67.10 - - [25/Aug/2026:07:22:41 +0800] "GET /" 301 273 "-" "-"
2001:288:a201::66:125 - - [25/Aug/2026:07:22:45 +0800] "GET /blog/active.php HTTP/1.1" 404 1084 "-" "-"
2001:288:a201::66:125 - - [25/Aug/2026:07:22:45 +0800] "GET /blog/active.php HTTP/1.1" 301 1026 "-" "-"
2408:8738:5000:5:1::7 - - [25/Aug/2026:07:22:46 +0800] "GET /2017/10/ HTTP/1.1" 200 23200 "-" "Mozilla/5.0 (Windows NT 10.0; Win64; x64) AppleWebKit/537.36 (KHTML, like Gecko) Chrome/144.0.0.0 Safari/537.36"
140.111.67.10 - - [25/Aug/2026:07:22:46 +0800] "GET /" 301 273 "-" "-"
2408:8738:5000:5:1::7 - - [25/Aug/2026:07:22:47 +0800] "GET /wp-content/cache/www.cwjh.ilc.edu.tw/wpfc-minified/2mrmz3dm/77dd.css HTTP/1.1" 200 40884 "https://www.cwjh.ilc.edu.tw/2017/10/" "Mozilla/5.0 (Windows NT 10.0; Win64; x64) AppleWebKit/537.36 (KHTML, like Gecko) Chrome/144.0.0.0 Safari/537.36"
240e:960:3601:4::11 - - [25/Aug/2026:07:22:45 +0800] "GET /2020/05/04 HTTP/1.1" 301 5773 "-" "Mozilla/5.0 (Windows NT 10.0; Win64; x64) AppleWebKit/537.36 (KHTML, like Gecko) Chrome/144.0.0.0 Safari/537.36"
2408:8738:5000:5:1::7 - - [25/Aug/2026:07:22:47 +0800] "GET /wp-content/cache/www.cwjh.ilc.edu.tw/wpfc-minified/7957u2ji/77dd.css HTTP/1.1" 200 16121 "https://www.cwjh.ilc.edu.tw/2017/10/" "Mozilla/5.0 (Windows NT 10.0; Win64; x64) AppleWebKit/537.36 (KHTML, like Gecko) Chrome/144.0.0.0 Safari/537.36"
240e:960:3601:4::11 - - [25/Aug/2026:07:22:47 +0800] "GET /2020/05/04/ HTTP/1.1" 200 17385 "-" "Mozilla/5.0 (Windows NT 10.0; Win64; x64) AppleWebKit/537.36 (KHTML, like Gecko) Chrome/144.0.0.0 Safari/537.36"
2408:8738:5000:5:1::7 - - [25/Aug/2026:07:22:47 +0800] "GET /wp-includes/js/admin-bar.min.js HTTP/1.1" 200 2237 "https://www.cwjh.ilc.edu.tw/2017/10/" "Mozilla/5.0 (Windows NT 10.0; Win64; x64) AppleWebKit/537.36 (KHTML, like Gecko) Chrome/144.0.0.0 Safari/537.36"
2402:7500:588:1ec:8c31:a1d7:88d0:93f3 - - [25/Aug/2026:07:22:48 +0800] "GET /blog/blog/4950/post/19409/266684 HTTP/1.1" 301 1097 "-" "Mozilla/5.0 (Macintosh; Intel Mac OS X 10_15_7) AppleWebKit/605.1.15 (KHTML, like Gecko) Version/26.6.1 Mobile/15E148 Safari/604.1"
2001:19f0:5c01:1ef2:5400:6ff:fe99:dd35 - - [25/Aug/2026:07:22:48 +0800] "GET / HTTP/1.1" 301 1029 "-" "Mozilla/5.0 (Macintosh; Intel Mac OS X 10_14_6) AppleWebKit/537.36 (KHTML, like Gecko) Chrome/87.0.4280.88 Safari/537.36"
2408:8738:5000:5:1::7 - - [25/Aug/2026:07:22:48 +0800] "GET /wp-content/themes/oceanwp/assets/js/theme.min.js HTTP/1.1" 200 5130 "https://www.cwjh.ilc.edu.tw/2017/10/" "Mozilla/5.0 (Windows NT 10.0; Win64; x64) AppleWebKit/537.36 (KHTML, like Gecko) Chrome/144.0.0.0 Safari/537.36"
240e:960:3601:4::11 - - [25/Aug/2026:07:22:48 +0800] "GET /wp-content/cache/www.cwjh.ilc.edu.tw/wpfc-minified/2mrmz3dm/77dd.css HTTP/1.1" 200 40884 "https://www.cwjh.ilc.edu.tw/2020/05/04/" "Mozilla/5.0 (Windows NT 10.0; Win64; x64) AppleWebKit/537.36 (KHTML, like Gecko) Chrome/144.0.0.0 Safari/537.36"
2408:8738:5000:5:1::7 - - [25/Aug/2026:07:22:48 +0800] "GET /wp-content/themes/oceanwp/assets/js/drop-down-search.min.js HTTP/1.1" 200 2968 "https://www.cwjh.ilc.edu.tw/2017/10/" "Mozilla/5.0 (Windows NT 10.0; Win64; x64) AppleWebKit/537.36 (KHTML, like Gecko) Chrome/144.0.0.0 Safari/537.36"
2401:e180:8860:67d2:d562:fc99:4522:a1e2 - - [25/Aug/2026:07:22:48 +0800] "GET / HTTP/1.1" 200 25122 "https://www.google.com/" "Mozilla/5.0 (iPhone; CPU iPhone OS 18_7 like Mac OS X) AppleWebKit/605.1.15 (KHTML, like Gecko) Version/26.6 Mobile/15E148 Safari/604.1"
2408:8738:5000:5:1::7 - - [25/Aug/2026:07:22:48 +0800] "GET /wp-content/themes/oceanwp/assets/js/ow-lightbox.min.js HTTP/1.1" 200 2321 "https://www.cwjh.ilc.edu.tw/2017/10/" "Mozilla/5.0 (Windows NT 10.0; Win64; x64) AppleWebKit/537.36 (KHTML, like Gecko) Chrome/144.0.0.0 Safari/537.36"
2408:8738:5000:5:1::7 - - [25/Aug/2026:07:22:48 +0800] "GET /wp-content/themes/oceanwp/assets/js/scroll-effect.min.js HTTP/1.1" 200 4127 "https://www.cwjh.ilc.edu.tw/2017/10/" "Mozilla/5.0 (Windows NT 10.0; Win64; x64) AppleWebKit/537.36 (KHTML, like Gecko) Chrome/144.0.0.0 Safari/537.36"
2408:8738:5000:5:1::7 - - [25/Aug/2026:07:22:48 +0800] "GET /wp-content/plugins/ocean-extra/includes/widgets/js/flickr.min.js HTTP/1.1" 200 1319 "https://www.cwjh.ilc.edu.tw/2017/10/" "Mozilla/5.0 (Windows NT 10.0; Win64; x64) AppleWebKit/537.36 (KHTML, like Gecko) Chrome/144.0.0.0 Safari/537.36"
240e:960:3601:4::11 - - [25/Aug/2026:07:22:48 +0800] "GET /wp-content/cache/www.cwjh.ilc.edu.tw/wpfc-minified/7957u2ji/77dd.css HTTP/1.1" 200 15782 "https://www.cwjh.ilc.edu.tw/2020/05/04/" "Mozilla/5.0 (Windows NT 10.0; Win64; x64) AppleWebKit/537.36 (KHTML, like Gecko) Chrome/144.0.0.0 Safari/537.36"
2408:8738:5000:5:1::7 - - [25/Aug/2026:07:22:49 +0800] "GET /wp-content/themes/oceanwp/assets/fonts/simple-line-icons/Simple-Line-Icons.woff2?v=2.4.0 HTTP/1.1" 200 30959 "https://www.cwjh.ilc.edu.tw/wp-content/cache/www.cwjh.ilc.edu.tw/wpfc-minified/dhutxct0/77dd.css" "Mozilla/5.0 (Windows NT 10.0; Win64; x64) AppleWebKit/537.36 (KHTML, like Gecko) Chrome/144.0.0.0 Safari/537.36"
240e:960:3601:4::11 - - [25/Aug/2026:07:22:49 +0800] "GET /wp-content/cache/www.cwjh.ilc.edu.tw/wpfc-minified/8wopko65/77dd.css HTTP/1.1" 200 1157 "https://www.cwjh.ilc.edu.tw/2020/05/04/" "Mozilla/5.0 (Windows NT 10.0; Win64; x64) AppleWebKit/537.36 (KHTML, like Gecko) Chrome/144.0.0.0 Safari/537.36"
240e:960:3601:4::11 - - [25/Aug/2026:07:22:49 +0800] "GET /wp-content/cache/www.cwjh.ilc.edu.tw/wpfc-minified/dhutxct0/77dd.css HTTP/1.1" 200 61345 "https://www.cwjh.ilc.edu.tw/2020/05/04/" "Mozilla/5.0 (Windows NT 10.0; Win64; x64) AppleWebKit/537.36 (KHTML, like Gecko) Chrome/144.0.0.0 Safari/537.36"
2402:7500:588:1ec:8c31:a1d7:88d0:93f3 - - [25/Aug/2026:07:22:49 +0800] "GET /apple-touch-icon-precomposed.png HTTP/1.1" 301 1097 "-" "Mozilla/5.0 (iPad; CPU OS 18_7 like Mac OS X) AppleWebKit/605.1.15 (KHTML, like Gecko) Safari"
240e:960:3601:4::11 - - [25/Aug/2026:07:22:49 +0800] "GET /wp-content/cache/www.cwjh.ilc.edu.tw/wpfc-minified/f11u7byj/77dd.js HTTP/1.1" 200 35559 "https://www.cwjh.ilc.edu.tw/2020/05/04/" "Mozilla/5.0 (Windows NT 10.0; Win64; x64) AppleWebKit/537.36 (KHTML, like Gecko) Chrome/144.0.0.0 Safari/537.36"
2402:7500:588:1ec:8c31:a1d7:88d0:93f3 - - [25/Aug/2026:07:22:50 +0800] "GET /apple-touch-icon.png HTTP/1.1" 301 1073 "-" "Mozilla/5.0 (iPad; CPU OS 18_7 like Mac OS X) AppleWebKit/605.1.15 (KHTML, like Gecko) Safari"
240e:960:3601:4::11 - - [25/Aug/2026:07:22:50 +0800] "GET /wp-includes/js/hoverintent-js.min.js HTTP/1.1" 200 1597 "https://www.cwjh.ilc.edu.tw/2020/05/04/" "Mozilla/5.0 (Windows NT 10.0; Win64; x64) AppleWebKit/537.36 (KHTML, like Gecko) Chrome/144.0.0.0 Safari/537.36"
240e:960:3601:4::11 - - [25/Aug/2026:07:22:50 +0800] "GET /wp-content/themes/oceanwp/assets/fonts/fontawesome/webfonts/fa-solid-900.woff2 HTTP/1.1" 200 151246 "https://www.cwjh.ilc.edu.tw/wp-content/cache/www.cwjh.ilc.edu.tw/wpfc-minified/dhutxct0/77dd.css" "Mozilla/5.0 (Windows NT 10.0; Win64; x64) AppleWebKit/537.36 (KHTML, like Gecko) Chrome/144.0.0.0 Safari/537.36"
2001:288:a201::66:125 - - [25/Aug/2026:07:22:50 +0800] "GET /blog/active.php HTTP/1.1" 301 1026 "-" "-"
2001:288:a201::66:125 - - [25/Aug/2026:07:22:50 +0800] "GET /blog/active.php HTTP/1.1" 404 1084 "-" "-"
2402:7500:588:1ec:8c31:a1d7:88d0:93f3 - - [25/Aug/2026:07:22:51 +0800] "GET /favicon.ico HTTP/1.1" 301 1055 "-" "Mozilla/5.0 (iPad; CPU OS 18_7 like Mac OS X) AppleWebKit/605.1.15 (KHTML, like Gecko) Safari"
240e:960:3601:4::11 - - [25/Aug/2026:07:22:51 +0800] "GET /wp-content/themes/oceanwp/assets/fonts/simple-line-icons/Simple-Line-Icons.woff2?v=2.4.0 HTTP/1.1" 200 30959 "https://www.cwjh.ilc.edu.tw/wp-content/cache/www.cwjh.ilc.edu.tw/wpfc-minified/dhutxct0/77dd.css" "Mozilla/5.0 (Windows NT 10.0; Win64; x64) AppleWebKit/537.36 (KHTML, like Gecko) Chrome/144.0.0.0 Safari/537.36"
240e:960:3601:4::11 - - [25/Aug/2026:07:22:51 +0800] "GET /wp-includes/js/admin-bar.min.js HTTP/1.1" 200 2237 "https://www.cwjh.ilc.edu.tw/2020/05/04/" "Mozilla/5.0 (Windows NT 10.0; Win64; x64) AppleWebKit/537.36 (KHTML, like Gecko) Chrome/144.0.0.0 Safari/537.36"
240e:960:3601:4::11 - - [25/Aug/2026:07:22:51 +0800] "GET /wp-includes/js/imagesloaded.min.js HTTP/1.1" 200 2683 "https://www.cwjh.ilc.edu.tw/2020/05/04/" "Mozilla/5.0 (Windows NT 10.0; Win64; x64) AppleWebKit/537.36 (KHTML, like Gecko) Chrome/144.0.0.0 Safari/537.36"
140.111.67.10 - - [25/Aug/2026:07:22:51 +0800] "GET /" 301 273 "-" "-"
240e:960:3601:4::11 - - [25/Aug/2026:07:22:52 +0800] "GET /wp-content/themes/oceanwp/assets/js/theme.min.js HTTP/1.1" 200 5130 "https://www.cwjh.ilc.edu.tw/2020/05/04/" "Mozilla/5.0 (Windows NT 10.0; Win64; x64) AppleWebKit/537.36 (KHTML, like Gecko) Chrome/144.0.0.0 Safari/537.36"
240e:960:3601:4::11 - - [25/Aug/2026:07:22:52 +0800] "GET /wp-content/themes/oceanwp/assets/js/drop-down-mobile-menu.min.js HTTP/1.1" 200 4663 "https://www.cwjh.ilc.edu.tw/2020/05/04/" "Mozilla/5.0 (Windows NT 10.0; Win64; x64) AppleWebKit/537.36 (KHTML, like Gecko) Chrome/144.0.0.0 Safari/537.36"
240e:971:2000:500b::107 - - [25/Aug/2026:07:22:52 +0800] "GET /page/1 HTTP/1.1" 301 5750 "-" "Mozilla/5.0 (Windows NT 10.0; Win64; x64) AppleWebKit/537.36 (KHTML, like Gecko) Chrome/144.0.0.0 Safari/537.36"
240e:960:3601:4::11 - - [25/Aug/2026:07:22:52 +0800] "GET /wp-content/themes/oceanwp/assets/js/drop-down-search.min.js HTTP/1.1" 200 2968 "https://www.cwjh.ilc.edu.tw/2020/05/04/" "Mozilla/5.0 (Windows NT 10.0; Win64; x64) AppleWebKit/537.36 (KHTML, like Gecko) Chrome/144.0.0.0 Safari/537.36"
240e:971:2000:500b::107 - - [25/Aug/2026:07:22:52 +0800] "GET / HTTP/1.1" 200 11606 "-" "Mozilla/5.0 (Windows NT 10.0; Win64; x64) AppleWebKit/537.36 (KHTML, like Gecko) Chrome/144.0.0.0 Safari/537.36"
240e:960:3601:4::11 - - [25/Aug/2026:07:22:53 +0800] "GET /wp-content/themes/oceanwp/assets/js/vendors/magnific-popup.min.js HTTP/1.1" 200 8270 "https://www.cwjh.ilc.edu.tw/2020/05/04/" "Mozilla/5.0 (Windows NT 10.0; Win64; x64) AppleWebKit/537.36 (KHTML, like Gecko) Chrome/144.0.0.0 Safari/537.36"
240e:971:2000:500b::107 - - [25/Aug/2026:07:22:53 +0800] "GET /wp-content/cache/ilta.ilc.edu.tw/wpfc-minified/30cml7nx/6wvk.css HTTP/1.1" 200 40877 "https://ilta.ilc.edu.tw/" "Mozilla/5.0 (Windows NT 10.0; Win64; x64) AppleWebKit/537.36 (KHTML, like Gecko) Chrome/144.0.0.0 Safari/537.36"
240e:960:3601:4::11 - - [25/Aug/2026:07:22:53 +0800] "GET /wp-content/themes/oceanwp/assets/js/ow-lightbox.min.js HTTP/1.1" 200 2321 "https://www.cwjh.ilc.edu.tw/2020/05/04/" "Mozilla/5.0 (Windows NT 10.0; Win64; x64) AppleWebKit/537.36 (KHTML, like Gecko) Chrome/144.0.0.0 Safari/537.36"
240e:960:3601:4::11 - - [25/Aug/2026:07:22:53 +0800] "GET /wp-content/themes/oceanwp/assets/js/vendors/flickity.pkgd.min.js HTTP/1.1" 200 15048 "https://www.cwjh.ilc.edu.tw/2020/05/04/" "Mozilla/5.0 (Windows NT 10.0; Win64; x64) AppleWebKit/537.36 (KHTML, like Gecko) Chrome/144.0.0.0 Safari/537.36"
240e:971:2000:500b::107 - - [25/Aug/2026:07:22:53 +0800] "GET /wp-content/cache/ilta.ilc.edu.tw/wpfc-minified/l07fx5lw/6wvk.css HTTP/1.1" 200 15782 "https://ilta.ilc.edu.tw/" "Mozilla/5.0 (Windows NT 10.0; Win64; x64) AppleWebKit/537.36 (KHTML, like Gecko) Chrome/144.0.0.0 Safari/537.36"
240e:971:2000:500b::107 - - [25/Aug/2026:07:22:54 +0800] "GET /wp-content/cache/ilta.ilc.edu.tw/wpfc-minified/qm0ohmet/6wvk.css HTTP/1.1" 200 1496 "https://ilta.ilc.edu.tw/" "Mozilla/5.0 (Windows NT 10.0; Win64; x64) AppleWebKit/537.36 (KHTML, like Gecko) Chrome/144.0.0.0 Safari/537.36"
240e:971:2000:500b::107 - - [25/Aug/2026:07:22:54 +0800] "GET /wp-content/cache/ilta.ilc.edu.tw/wpfc-minified/7vo8n6iy/6wvk.css HTTP/1.1" 200 61047 "https://ilta.ilc.edu.tw/" "Mozilla/5.0 (Windows NT 10.0; Win64; x64) AppleWebKit/537.36 (KHTML, like Gecko) Chrome/144.0.0.0 Safari/537.36"
240e:971:2000:500b::107 - - [25/Aug/2026:07:22:54 +0800] "GET /wp-includes/js/hoverintent-js.min.js HTTP/1.1" 200 6392 "https://ilta.ilc.edu.tw/" "Mozilla/5.0 (Windows NT 10.0; Win64; x64) AppleWebKit/537.36 (KHTML, like Gecko) Chrome/144.0.0.0 Safari/537.36"
240e:971:2000:500b::107 - - [25/Aug/2026:07:22:54 +0800] "GET /wp-content/cache/ilta.ilc.edu.tw/wpfc-minified/1qjpbzp9/6wvk.js HTTP/1.1" 200 40344 "https://ilta.ilc.edu.tw/" "Mozilla/5.0 (Windows NT 10.0; Win64; x64) AppleWebKit/537.36 (KHTML, like Gecko) Chrome/144.0.0.0 Safari/537.36"
240e:971:2000:500b::107 - - [25/Aug/2026:07:22:54 +0800] "GET /wp-includes/js/admin-bar.min.js HTTP/1.1" 200 7032 "https://ilta.ilc.edu.tw/" "Mozilla/5.0 (Windows NT 10.0; Win64; x64) AppleWebKit/537.36 (KHTML, like Gecko) Chrome/144.0.0.0 Safari/537.36"
240e:960:3601:4::11 - - [25/Aug/2026:07:22:54 +0800] "GET /wp-content/themes/oceanwp/assets/js/ow-slider.min.js HTTP/1.1" 200 1761 "https://www.cwjh.ilc.edu.tw/2020/05/04/" "Mozilla/5.0 (Windows NT 10.0; Win64; x64) AppleWebKit/537.36 (KHTML, like Gecko) Chrome/144.0.0.0 Safari/537.36"
240e:971:2000:500b::107 - - [25/Aug/2026:07:22:54 +0800] "GET /wp-includes/js/imagesloaded.min.js HTTP/1.1" 200 2683 "https://ilta.ilc.edu.tw/" "Mozilla/5.0 (Windows NT 10.0; Win64; x64) AppleWebKit/537.36 (KHTML, like Gecko) Chrome/144.0.0.0 Safari/537.36"
240e:971:2000:500b::107 - - [25/Aug/2026:07:22:54 +0800] "GET /wp-content/themes/oceanwp/assets/js/theme.min.js HTTP/1.1" 200 5130 "https://ilta.ilc.edu.tw/" "Mozilla/5.0 (Windows NT 10.0; Win64; x64) AppleWebKit/537.36 (KHTML, like Gecko) Chrome/144.0.0.0 Safari/537.36"
240e:971:2000:500b::107 - - [25/Aug/2026:07:22:54 +0800] "GET /wp-content/themes/oceanwp/assets/js/drop-down-mobile-menu.min.js HTTP/1.1" 200 4663 "https://ilta.ilc.edu.tw/" "Mozilla/5.0 (Windows NT 10.0; Win64; x64) AppleWebKit/537.36 (KHTML, like Gecko) Chrome/144.0.0.0 Safari/537.36"
240e:971:2000:500b::107 - - [25/Aug/2026:07:22:54 +0800] "GET /wp-content/themes/oceanwp/assets/js/drop-down-search.min.js HTTP/1.1" 200 2968 "https://ilta.ilc.edu.tw/" "Mozilla/5.0 (Windows NT 10.0; Win64; x64) AppleWebKit/537.36 (KHTML, like Gecko) Chrome/144.0.0.0 Safari/537.36"
240e:971:2000:500b::107 - - [25/Aug/2026:07:22:54 +0800] "GET /wp-content/themes/oceanwp/assets/js/vendors/magnific-popup.min.js HTTP/1.1" 200 8270 "https://ilta.ilc.edu.tw/" "Mozilla/5.0 (Windows NT 10.0; Win64; x64) AppleWebKit/537.36 (KHTML, like Gecko) Chrome/144.0.0.0 Safari/537.36"
240e:971:2000:500b::107 - - [25/Aug/2026:07:22:54 +0800] "GET /wp-content/themes/oceanwp/assets/js/ow-slider.min.js HTTP/1.1" 200 1761 "https://ilta.ilc.edu.tw/" "Mozilla/5.0 (Windows NT 10.0; Win64; x64) AppleWebKit/537.36 (KHTML, like Gecko) Chrome/144.0.0.0 Safari/537.36"
240e:971:2000:500b::107 - - [25/Aug/2026:07:22:54 +0800] "GET /wp-content/themes/oceanwp/assets/js/scroll-effect.min.js HTTP/1.1" 200 4127 "https://ilta.ilc.edu.tw/" "Mozilla/5.0 (Windows NT 10.0; Win64; x64) AppleWebKit/537.36 (KHTML, like Gecko) Chrome/144.0.0.0 Safari/537.36"
240e:971:2000:500b::107 - - [25/Aug/2026:07:22:54 +0800] "GET /wp-content/themes/oceanwp/assets/js/vendors/flickity.pkgd.min.js HTTP/1.1" 200 15048 "https://ilta.ilc.edu.tw/" "Mozilla/5.0 (Windows NT 10.0; Win64; x64) AppleWebKit/537.36 (KHTML, like Gecko) Chrome/144.0.0.0 Safari/537.36"
240e:971:2000:500b::107 - - [25/Aug/2026:07:22:54 +0800] "GET /wp-content/themes/oceanwp/assets/js/ow-lightbox.min.js HTTP/1.1" 200 2321 "https://ilta.ilc.edu.tw/" "Mozilla/5.0 (Windows NT 10.0; Win64; x64) AppleWebKit/537.36 (KHTML, like Gecko) Chrome/144.0.0.0 Safari/537.36"
240e:971:2000:500b::107 - - [25/Aug/2026:07:22:55 +0800] "GET /wp-content/themes/oceanwp/assets/fonts/simple-line-icons/Simple-Line-Icons.woff2?v=2.4.0 HTTP/1.1" 200 30959 "https://ilta.ilc.edu.tw/wp-content/cache/ilta.ilc.edu.tw/wpfc-minified/7vo8n6iy/6wvk.css" "Mozilla/5.0 (Windows NT 10.0; Win64; x64) AppleWebKit/537.36 (KHTML, like Gecko) Chrome/144.0.0.0 Safari/537.36"
240e:971:2000:500b::107 - - [25/Aug/2026:07:22:55 +0800] "GET /wp-content/themes/oceanwp/assets/fonts/fontawesome/webfonts/fa-solid-900.woff2 HTTP/1.1" 200 151246 "https://ilta.ilc.edu.tw/wp-content/cache/ilta.ilc.edu.tw/wpfc-minified/7vo8n6iy/6wvk.css" "Mozilla/5.0 (Windows NT 10.0; Win64; x64) AppleWebKit/537.36 (KHTML, like Gecko) Chrome/144.0.0.0 Safari/537.36"
240e:971:2000:500b::107 - - [25/Aug/2026:07:22:55 +0800] "GET /wp-content/themes/oceanwp/assets/js/select.min.js HTTP/1.1" 200 2408 "https://ilta.ilc.edu.tw/" "Mozilla/5.0 (Windows NT 10.0; Win64; x64) AppleWebKit/537.36 (KHTML, like Gecko) Chrome/144.0.0.0 Safari/537.36"
240e:971:2000:500b::107 - - [25/Aug/2026:07:22:55 +0800] "GET /wp-content/plugins/ocean-extra/includes/widgets/js/flickr.min.js HTTP/1.1" 200 1319 "https://ilta.ilc.edu.tw/" "Mozilla/5.0 (Windows NT 10.0; Win64; x64) AppleWebKit/537.36 (KHTML, like Gecko) Chrome/144.0.0.0 Safari/537.36"
240e:971:2000:500b::107 - - [25/Aug/2026:07:22:55 +0800] "GET /wp-content/themes/oceanwp/assets/js/scroll-top.min.js HTTP/1.1" 200 3202 "https://ilta.ilc.edu.tw/" "Mozilla/5.0 (Windows NT 10.0; Win64; x64) AppleWebKit/537.36 (KHTML, like Gecko) Chrome/144.0.0.0 Safari/537.36"
2001:288:a201::66:125 - - [25/Aug/2026:07:22:55 +0800] "GET /blog/active.php HTTP/1.1" 301 1026 "-" "-"
2001:288:a201::66:125 - - [25/Aug/2026:07:22:55 +0800] "GET /blog/active.php HTTP/1.1" 404 1084 "-" "-"
240e:971:2000:500b::107 - - [25/Aug/2026:07:22:55 +0800] "GET /favicon.ico HTTP/1.1" 302 925 "https://ilta.ilc.edu.tw/" "Mozilla/5.0 (Windows NT 10.0; Win64; x64) AppleWebKit/537.36 (KHTML, like Gecko) Chrome/144.0.0.0 Safari/537.36"
240e:971:2000:500b::107 - - [25/Aug/2026:07:22:56 +0800] "GET /wp-includes/images/w-logo-blue-white-bg.png HTTP/1.1" 200 4946 "https://ilta.ilc.edu.tw/" "Mozilla/5.0 (Windows NT 10.0; Win64; x64) AppleWebKit/537.36 (KHTML, like Gecko) Chrome/144.0.0.0 Safari/537.36"
140.111.67.10 - - [25/Aug/2026:07:22:56 +0800] "GET /" 301 273 "-" "-"
2a03:2880:f802:29:: - - [25/Aug/2026:07:22:56 +0800] "GET /wp-login.php?key=2n4h8374&_wpnonce=&action=ilc_logout&redirect_to=https%3A%2F%2Fgame.edu.kg HTTP/1.1" 302 8248 "-" "Mozilla/5.0 (Windows NT 10.0; Win64; x64) AppleWebKit/537.36 (KHTML, like Gecko) Chrome/145.0.0.0 Safari/537.36 (compatible; meta-externalagent/1.1 (+https://developers.facebook.com/docs/sharing/webmasters/crawler))"
::1 - - [25/Aug/2026:07:22:59 +0800] "OPTIONS * HTTP/1.0" 200 110 "-" "Apache/2.4.68 (Ubuntu) OpenSSL/3.0.19 (internal dummy connection)"
::1 - - [25/Aug/2026:07:23:00 +0800] "OPTIONS * HTTP/1.0" 200 110 "-" "Apache/2.4.68 (Ubuntu) OpenSSL/3.0.19 (internal dummy connection)"
2001:288:a201::66:125 - - [25/Aug/2026:07:23:00 +0800] "GET /blog/active.php HTTP/1.1" 301 1026 "-" "-"
2001:288:a201::66:125 - - [25/Aug/2026:07:23:00 +0800] "GET /blog/active.php HTTP/1.1" 404 1084 "-" "-"
::1 - - [25/Aug/2026:07:23:01 +0800] "OPTIONS * HTTP/1.0" 200 110 "-" "Apache/2.4.68 (Ubuntu) OpenSSL/3.0.19 (internal dummy connection)"
2402:7500:577:b22d:6938:2a36:2b02:3750 - - [25/Aug/2026:07:23:01 +0800] "GET /6418/2014/11/12/103_102%E5%AD%B8%E5%B9%B4%E5%BA%A6%E4%BA%8C%E6%89%8B%E5%88%B6%E6%9C%8D%E3%80%81%E6%9B%B8%E7%B1%8D%E3%80%81%E5%AD%B8%E7%94%A8%E5%93%81%E5%9B%9E%E6%94%B6%E5%86%8D%E5%88%A9%E7%94%A8%E6%88%90%E6%9E%9C/ HTTP/1.1" 200 15846 "https://www.google.com/url?q=https://2blog.ilc.edu.tw/6418/2014/11/12/103_102%25E5%25AD%25B8%25E5%25B9%25B4%25E5%25BA%25A6%25E4%25BA%258C%25E6%2589%258B%25E5%2588%25B6%25E6%259C%258D%25E3%2580%2581%25E6%259B%25B8%25E7%25B1%258D%25E3%2580%2581%25E5%25AD%25B8%25E7%2594%25A8%25E5%2593%2581%25E5%259B%259E%25E6%2594%25B6%25E5%2586%258D%25E5%2588%25A9%25E7%2594%25A8%25E6%2588%2590%25E6%259E%259C/&sa=U&ved=2ahUKEwj15P2ftLqWAxXoi68BHTIyIrk4ChAWegQIOxAB&usg=AOvVaw3PQHXPkjwRnL37RFsSoFTx" "Mozilla/5.0 (iPhone; CPU iPhone OS 26_5_2 like Mac OS X) AppleWebKit/605.1.15 (KHTML, like Gecko) GSA/434.2.961627397 Mobile/15E148 Safari/604.1"
2402:7500:577:b22d:6938:2a36:2b02:3750 - - [25/Aug/2026:07:23:01 +0800] "GET /6418/wp-content/cache/2blog.ilc.edu.tw/wpfc-minified/qu4ju7rk/5wt6s.css HTTP/1.1" 200 45680 "https://2blog.ilc.edu.tw/6418/2014/11/12/103_102%E5%AD%B8%E5%B9%B4%E5%BA%A6%E4%BA%8C%E6%89%8B%E5%88%B6%E6%9C%8D%E3%80%81%E6%9B%B8%E7%B1%8D%E3%80%81%E5%AD%B8%E7%94%A8%E5%93%81%E5%9B%9E%E6%94%B6%E5%86%8D%E5%88%A9%E7%94%A8%E6%88%90%E6%9E%9C/" "Mozilla/5.0 (iPhone; CPU iPhone OS 26_5_2 like Mac OS X) AppleWebKit/605.1.15 (KHTML, like Gecko) GSA/434.2.961627397 Mobile/15E148 Safari/604.1"
2402:7500:577:b22d:6938:2a36:2b02:3750 - - [25/Aug/2026:07:23:01 +0800] "GET /6418/wp-content/cache/2blog.ilc.edu.tw/wpfc-minified/9lfni0s3/5wt6s.css HTTP/1.1" 200 15782 "https://2blog.ilc.edu.tw/6418/2014/11/12/103_102%E5%AD%B8%E5%B9%B4%E5%BA%A6%E4%BA%8C%E6%89%8B%E5%88%B6%E6%9C%8D%E3%80%81%E6%9B%B8%E7%B1%8D%E3%80%81%E5%AD%B8%E7%94%A8%E5%93%81%E5%9B%9E%E6%94%B6%E5%86%8D%E5%88%A9%E7%94%A8%E6%88%90%E6%9E%9C/" "Mozilla/5.0 (iPhone; CPU iPhone OS 26_5_2 like Mac OS X) AppleWebKit/605.1.15 (KHTML, like Gecko) GSA/434.2.961627397 Mobile/15E148 Safari/604.1"
140.111.67.10 - - [25/Aug/2026:07:23:02 +0800] "GET /" 301 273 "-" "-"
2402:7500:577:b22d:6938:2a36:2b02:3750 - - [25/Aug/2026:07:23:02 +0800] "GET /wp-content/uploads/sites/2542/6418/6418-2759123.jpg HTTP/1.1" 200 55636 "https://2blog.ilc.edu.tw/6418/2014/11/12/103_102%E5%AD%B8%E5%B9%B4%E5%BA%A6%E4%BA%8C%E6%89%8B%E5%88%B6%E6%9C%8D%E3%80%81%E6%9B%B8%E7%B1%8D%E3%80%81%E5%AD%B8%E7%94%A8%E5%93%81%E5%9B%9E%E6%94%B6%E5%86%8D%E5%88%A9%E7%94%A8%E6%88%90%E6%9E%9C/" "Mozilla/5.0 (iPhone; CPU iPhone OS 26_5_2 like Mac OS X) AppleWebKit/605.1.15 (KHTML, like Gecko) GSA/434.2.961627397 Mobile/15E148 Safari/604.1"
2402:7500:577:b22d:6938:2a36:2b02:3750 - - [25/Aug/2026:07:23:02 +0800] "GET /6418/wp-includes/js/hoverintent-js.min.js HTTP/1.1" 200 1597 "https://2blog.ilc.edu.tw/6418/2014/11/12/103_102%E5%AD%B8%E5%B9%B4%E5%BA%A6%E4%BA%8C%E6%89%8B%E5%88%B6%E6%9C%8D%E3%80%81%E6%9B%B8%E7%B1%8D%E3%80%81%E5%AD%B8%E7%94%A8%E5%93%81%E5%9B%9E%E6%94%B6%E5%86%8D%E5%88%A9%E7%94%A8%E6%88%90%E6%9E%9C/" "Mozilla/5.0 (iPhone; CPU iPhone OS 26_5_2 like Mac OS X) AppleWebKit/605.1.15 (KHTML, like Gecko) GSA/434.2.961627397 Mobile/15E148 Safari/604.1"
2402:7500:577:b22d:6938:2a36:2b02:3750 - - [25/Aug/2026:07:23:02 +0800] "GET /6418/wp-content/cache/2blog.ilc.edu.tw/wpfc-minified/lx9c4jc3/5wtjp.js HTTP/1.1" 200 6437 "https://2blog.ilc.edu.tw/6418/2014/11/12/103_102%E5%AD%B8%E5%B9%B4%E5%BA%A6%E4%BA%8C%E6%89%8B%E5%88%B6%E6%9C%8D%E3%80%81%E6%9B%B8%E7%B1%8D%E3%80%81%E5%AD%B8%E7%94%A8%E5%93%81%E5%9B%9E%E6%94%B6%E5%86%8D%E5%88%A9%E7%94%A8%E6%88%90%E6%9E%9C/" "Mozilla/5.0 (iPhone; CPU iPhone OS 26_5_2 like Mac OS X) AppleWebKit/605.1.15 (KHTML, like Gecko) GSA/434.2.961627397 Mobile/15E148 Safari/604.1"
2402:7500:577:b22d:6938:2a36:2b02:3750 - - [25/Aug/2026:07:23:02 +0800] "GET /6418/wp-content/cache/2blog.ilc.edu.tw/wpfc-minified/kayc8t4v/5wt6s.js HTTP/1.1" 200 40357 "https://2blog.ilc.edu.tw/6418/2014/11/12/103_102%E5%AD%B8%E5%B9%B4%E5%BA%A6%E4%BA%8C%E6%89%8B%E5%88%B6%E6%9C%8D%E3%80%81%E6%9B%B8%E7%B1%8D%E3%80%81%E5%AD%B8%E7%94%A8%E5%93%81%E5%9B%9E%E6%94%B6%E5%86%8D%E5%88%A9%E7%94%A8%E6%88%90%E6%9E%9C/" "Mozilla/5.0 (iPhone; CPU iPhone OS 26_5_2 like Mac OS X) AppleWebKit/605.1.15 (KHTML, like Gecko) GSA/434.2.961627397 Mobile/15E148 Safari/604.1"
2402:7500:577:b22d:6938:2a36:2b02:3750 - - [25/Aug/2026:07:23:02 +0800] "GET /6418/wp-content/cache/2blog.ilc.edu.tw/wpfc-minified/9hrq8ege/5wt6s.css HTTP/1.1" 200 58430 "https://2blog.ilc.edu.tw/6418/2014/11/12/103_102%E5%AD%B8%E5%B9%B4%E5%BA%A6%E4%BA%8C%E6%89%8B%E5%88%B6%E6%9C%8D%E3%80%81%E6%9B%B8%E7%B1%8D%E3%80%81%E5%AD%B8%E7%94%A8%E5%93%81%E5%9B%9E%E6%94%B6%E5%86%8D%E5%88%A9%E7%94%A8%E6%88%90%E6%9E%9C/" "Mozilla/5.0 (iPhone; CPU iPhone OS 26_5_2 like Mac OS X) AppleWebKit/605.1.15 (KHTML, like Gecko) GSA/434.2.961627397 Mobile/15E148 Safari/604.1"
2402:7500:577:b22d:6938:2a36:2b02:3750 - - [25/Aug/2026:07:23:02 +0800] "GET /6418/wp-content/cache/2blog.ilc.edu.tw/wpfc-minified/2q7b0774/5wt6s.css HTTP/1.1" 200 5951 "https://2blog.ilc.edu.tw/6418/2014/11/12/103_102%E5%AD%B8%E5%B9%B4%E5%BA%A6%E4%BA%8C%E6%89%8B%E5%88%B6%E6%9C%8D%E3%80%81%E6%9B%B8%E7%B1%8D%E3%80%81%E5%AD%B8%E7%94%A8%E5%93%81%E5%9B%9E%E6%94%B6%E5%86%8D%E5%88%A9%E7%94%A8%E6%88%90%E6%9E%9C/" "Mozilla/5.0 (iPhone; CPU iPhone OS 26_5_2 like Mac OS X) AppleWebKit/605.1.15 (KHTML, like Gecko) GSA/434.2.961627397 Mobile/15E148 Safari/604.1"
2402:7500:577:b22d:6938:2a36:2b02:3750 - - [25/Aug/2026:07:23:02 +0800] "GET /6418/wp-includes/js/admin-bar.min.js HTTP/1.1" 200 2237 "https://2blog.ilc.edu.tw/6418/2014/11/12/103_102%E5%AD%B8%E5%B9%B4%E5%BA%A6%E4%BA%8C%E6%89%8B%E5%88%B6%E6%9C%8D%E3%80%81%E6%9B%B8%E7%B1%8D%E3%80%81%E5%AD%B8%E7%94%A8%E5%93%81%E5%9B%9E%E6%94%B6%E5%86%8D%E5%88%A9%E7%94%A8%E6%88%90%E6%9E%9C/" "Mozilla/5.0 (iPhone; CPU iPhone OS 26_5_2 like Mac OS X) AppleWebKit/605.1.15 (KHTML, like Gecko) GSA/434.2.961627397 Mobile/15E148 Safari/604.1"
2402:7500:577:b22d:6938:2a36:2b02:3750 - - [25/Aug/2026:07:23:02 +0800] "GET /6418/wp-includes/js/imagesloaded.min.js HTTP/1.1" 200 2683 "https://2blog.ilc.edu.tw/6418/2014/11/12/103_102%E5%AD%B8%E5%B9%B4%E5%BA%A6%E4%BA%8C%E6%89%8B%E5%88%B6%E6%9C%8D%E3%80%81%E6%9B%B8%E7%B1%8D%E3%80%81%E5%AD%B8%E7%94%A8%E5%93%81%E5%9B%9E%E6%94%B6%E5%86%8D%E5%88%A9%E7%94%A8%E6%88%90%E6%9E%9C/" "Mozilla/5.0 (iPhone; CPU iPhone OS 26_5_2 like Mac OS X) AppleWebKit/605.1.15 (KHTML, like Gecko) GSA/434.2.961627397 Mobile/15E148 Safari/604.1"
2402:7500:577:b22d:6938:2a36:2b02:3750 - - [25/Aug/2026:07:23:02 +0800] "GET /6418/wp-content/themes/oceanwp/assets/js/theme.min.js HTTP/1.1" 200 5130 "https://2blog.ilc.edu.tw/6418/2014/11/12/103_102%E5%AD%B8%E5%B9%B4%E5%BA%A6%E4%BA%8C%E6%89%8B%E5%88%B6%E6%9C%8D%E3%80%81%E6%9B%B8%E7%B1%8D%E3%80%81%E5%AD%B8%E7%94%A8%E5%93%81%E5%9B%9E%E6%94%B6%E5%86%8D%E5%88%A9%E7%94%A8%E6%88%90%E6%9E%9C/" "Mozilla/5.0 (iPhone; CPU iPhone OS 26_5_2 like Mac OS X) AppleWebKit/605.1.15 (KHTML, like Gecko) GSA/434.2.961627397 Mobile/15E148 Safari/604.1"
2402:7500:577:b22d:6938:2a36:2b02:3750 - - [25/Aug/2026:07:23:02 +0800] "GET /6418/wp-content/themes/oceanwp/assets/js/drop-down-mobile-menu.min.js HTTP/1.1" 200 4663 "https://2blog.ilc.edu.tw/6418/2014/11/12/103_102%E5%AD%B8%E5%B9%B4%E5%BA%A6%E4%BA%8C%E6%89%8B%E5%88%B6%E6%9C%8D%E3%80%81%E6%9B%B8%E7%B1%8D%E3%80%81%E5%AD%B8%E7%94%A8%E5%93%81%E5%9B%9E%E6%94%B6%E5%86%8D%E5%88%A9%E7%94%A8%E6%88%90%E6%9E%9C/" "Mozilla/5.0 (iPhone; CPU iPhone OS 26_5_2 like Mac OS X) AppleWebKit/605.1.15 (KHTML, like Gecko) GSA/434.2.961627397 Mobile/15E148 Safari/604.1"
2402:7500:577:b22d:6938:2a36:2b02:3750 - - [25/Aug/2026:07:23:02 +0800] "GET /6418/wp-content/themes/oceanwp/assets/js/drop-down-search.min.js HTTP/1.1" 200 2968 "https://2blog.ilc.edu.tw/6418/2014/11/12/103_102%E5%AD%B8%E5%B9%B4%E5%BA%A6%E4%BA%8C%E6%89%8B%E5%88%B6%E6%9C%8D%E3%80%81%E6%9B%B8%E7%B1%8D%E3%80%81%E5%AD%B8%E7%94%A8%E5%93%81%E5%9B%9E%E6%94%B6%E5%86%8D%E5%88%A9%E7%94%A8%E6%88%90%E6%9E%9C/" "Mozilla/5.0 (iPhone; CPU iPhone OS 26_5_2 like Mac OS X) AppleWebKit/605.1.15 (KHTML, like Gecko) GSA/434.2.961627397 Mobile/15E148 Safari/604.1"
2402:7500:577:b22d:6938:2a36:2b02:3750 - - [25/Aug/2026:07:23:02 +0800] "GET /6418/wp-content/themes/oceanwp/assets/js/vendors/magnific-popup.min.js HTTP/1.1" 200 8270 "https://2blog.ilc.edu.tw/6418/2014/11/12/103_102%E5%AD%B8%E5%B9%B4%E5%BA%A6%E4%BA%8C%E6%89%8B%E5%88%B6%E6%9C%8D%E3%80%81%E6%9B%B8%E7%B1%8D%E3%80%81%E5%AD%B8%E7%94%A8%E5%93%81%E5%9B%9E%E6%94%B6%E5%86%8D%E5%88%A9%E7%94%A8%E6%88%90%E6%9E%9C/" "Mozilla/5.0 (iPhone; CPU iPhone OS 26_5_2 like Mac OS X) AppleWebKit/605.1.15 (KHTML, like Gecko) GSA/434.2.961627397 Mobile/15E148 Safari/604.1"
2402:7500:577:b22d:6938:2a36:2b02:3750 - - [25/Aug/2026:07:23:02 +0800] "GET /6418/wp-content/themes/oceanwp/assets/js/ow-lightbox.min.js HTTP/1.1" 200 2321 "https://2blog.ilc.edu.tw/6418/2014/11/12/103_102%E5%AD%B8%E5%B9%B4%E5%BA%A6%E4%BA%8C%E6%89%8B%E5%88%B6%E6%9C%8D%E3%80%81%E6%9B%B8%E7%B1%8D%E3%80%81%E5%AD%B8%E7%94%A8%E5%93%81%E5%9B%9E%E6%94%B6%E5%86%8D%E5%88%A9%E7%94%A8%E6%88%90%E6%9E%9C/" "Mozilla/5.0 (iPhone; CPU iPhone OS 26_5_2 like Mac OS X) AppleWebKit/605.1.15 (KHTML, like Gecko) GSA/434.2.961627397 Mobile/15E148 Safari/604.1"
2402:7500:577:b22d:6938:2a36:2b02:3750 - - [25/Aug/2026:07:23:02 +0800] "GET /6418/wp-content/themes/oceanwp/assets/js/ow-slider.min.js HTTP/1.1" 200 1761 "https://2blog.ilc.edu.tw/6418/2014/11/12/103_102%E5%AD%B8%E5%B9%B4%E5%BA%A6%E4%BA%8C%E6%89%8B%E5%88%B6%E6%9C%8D%E3%80%81%E6%9B%B8%E7%B1%8D%E3%80%81%E5%AD%B8%E7%94%A8%E5%93%81%E5%9B%9E%E6%94%B6%E5%86%8D%E5%88%A9%E7%94%A8%E6%88%90%E6%9E%9C/" "Mozilla/5.0 (iPhone; CPU iPhone OS 26_5_2 like Mac OS X) AppleWebKit/605.1.15 (KHTML, like Gecko) GSA/434.2.961627397 Mobile/15E148 Safari/604.1"
2402:7500:577:b22d:6938:2a36:2b02:3750 - - [25/Aug/2026:07:23:02 +0800] "GET /6418/wp-content/themes/oceanwp/assets/js/scroll-effect.min.js HTTP/1.1" 200 4127 "https://2blog.ilc.edu.tw/6418/2014/11/12/103_102%E5%AD%B8%E5%B9%B4%E5%BA%A6%E4%BA%8C%E6%89%8B%E5%88%B6%E6%9C%8D%E3%80%81%E6%9B%B8%E7%B1%8D%E3%80%81%E5%AD%B8%E7%94%A8%E5%93%81%E5%9B%9E%E6%94%B6%E5%86%8D%E5%88%A9%E7%94%A8%E6%88%90%E6%9E%9C/" "Mozilla/5.0 (iPhone; CPU iPhone OS 26_5_2 like Mac OS X) AppleWebKit/605.1.15 (KHTML, like Gecko) GSA/434.2.961627397 Mobile/15E148 Safari/604.1"
2402:7500:577:b22d:6938:2a36:2b02:3750 - - [25/Aug/2026:07:23:02 +0800] "GET /6418/wp-content/themes/oceanwp/assets/js/scroll-top.min.js HTTP/1.1" 200 3202 "https://2blog.ilc.edu.tw/6418/2014/11/12/103_102%E5%AD%B8%E5%B9%B4%E5%BA%A6%E4%BA%8C%E6%89%8B%E5%88%B6%E6%9C%8D%E3%80%81%E6%9B%B8%E7%B1%8D%E3%80%81%E5%AD%B8%E7%94%A8%E5%93%81%E5%9B%9E%E6%94%B6%E5%86%8D%E5%88%A9%E7%94%A8%E6%88%90%E6%9E%9C/" "Mozilla/5.0 (iPhone; CPU iPhone OS 26_5_2 like Mac OS X) AppleWebKit/605.1.15 (KHTML, like Gecko) GSA/434.2.961627397 Mobile/15E148 Safari/604.1"
2402:7500:577:b22d:6938:2a36:2b02:3750 - - [25/Aug/2026:07:23:02 +0800] "GET /6418/wp-content/themes/oceanwp/assets/js/select.min.js HTTP/1.1" 200 2408 "https://2blog.ilc.edu.tw/6418/2014/11/12/103_102%E5%AD%B8%E5%B9%B4%E5%BA%A6%E4%BA%8C%E6%89%8B%E5%88%B6%E6%9C%8D%E3%80%81%E6%9B%B8%E7%B1%8D%E3%80%81%E5%AD%B8%E7%94%A8%E5%93%81%E5%9B%9E%E6%94%B6%E5%86%8D%E5%88%A9%E7%94%A8%E6%88%90%E6%9E%9C/" "Mozilla/5.0 (iPhone; CPU iPhone OS 26_5_2 like Mac OS X) AppleWebKit/605.1.15 (KHTML, like Gecko) GSA/434.2.961627397 Mobile/15E148 Safari/604.1"
2402:7500:577:b22d:6938:2a36:2b02:3750 - - [25/Aug/2026:07:23:02 +0800] "GET /6418/wp-content/themes/oceanwp/assets/js/vendors/flickity.pkgd.min.js HTTP/1.1" 200 15048 "https://2blog.ilc.edu.tw/6418/2014/11/12/103_102%E5%AD%B8%E5%B9%B4%E5%BA%A6%E4%BA%8C%E6%89%8B%E5%88%B6%E6%9C%8D%E3%80%81%E6%9B%B8%E7%B1%8D%E3%80%81%E5%AD%B8%E7%94%A8%E5%93%81%E5%9B%9E%E6%94%B6%E5%86%8D%E5%88%A9%E7%94%A8%E6%88%90%E6%9E%9C/" "Mozilla/5.0 (iPhone; CPU iPhone OS 26_5_2 like Mac OS X) AppleWebKit/605.1.15 (KHTML, like Gecko) GSA/434.2.961627397 Mobile/15E148 Safari/604.1"
2402:7500:577:b22d:6938:2a36:2b02:3750 - - [25/Aug/2026:07:23:02 +0800] "GET /6418/wp-content/themes/oceanwp/assets/fonts/simple-line-icons/Simple-Line-Icons.woff2?v=2.4.0 HTTP/1.1" 200 30959 "https://2blog.ilc.edu.tw/6418/2014/11/12/103_102%E5%AD%B8%E5%B9%B4%E5%BA%A6%E4%BA%8C%E6%89%8B%E5%88%B6%E6%9C%8D%E3%80%81%E6%9B%B8%E7%B1%8D%E3%80%81%E5%AD%B8%E7%94%A8%E5%93%81%E5%9B%9E%E6%94%B6%E5%86%8D%E5%88%A9%E7%94%A8%E6%88%90%E6%9E%9C/" "Mozilla/5.0 (iPhone; CPU iPhone OS 26_5_2 like Mac OS X) AppleWebKit/605.1.15 (KHTML, like Gecko) GSA/434.2.961627397 Mobile/15E148 Safari/604.1"
2402:7500:577:b22d:6938:2a36:2b02:3750 - - [25/Aug/2026:07:23:02 +0800] "GET /wp-content/uploads/sites/2542/6418/6418-2759125.jpg HTTP/1.1" 200 60374 "https://2blog.ilc.edu.tw/6418/2014/11/12/103_102%E5%AD%B8%E5%B9%B4%E5%BA%A6%E4%BA%8C%E6%89%8B%E5%88%B6%E6%9C%8D%E3%80%81%E6%9B%B8%E7%B1%8D%E3%80%81%E5%AD%B8%E7%94%A8%E5%93%81%E5%9B%9E%E6%94%B6%E5%86%8D%E5%88%A9%E7%94%A8%E6%88%90%E6%9E%9C/" "Mozilla/5.0 (iPhone; CPU iPhone OS 26_5_2 like Mac OS X) AppleWebKit/605.1.15 (KHTML, like Gecko) GSA/434.2.961627397 Mobile/15E148 Safari/604.1"
2402:7500:577:b22d:6938:2a36:2b02:3750 - - [25/Aug/2026:07:23:02 +0800] "GET /6418/wp-content/themes/oceanwp/assets/fonts/fontawesome/webfonts/fa-solid-900.woff2 HTTP/1.1" 200 151246 "https://2blog.ilc.edu.tw/6418/2014/11/12/103_102%E5%AD%B8%E5%B9%B4%E5%BA%A6%E4%BA%8C%E6%89%8B%E5%88%B6%E6%9C%8D%E3%80%81%E6%9B%B8%E7%B1%8D%E3%80%81%E5%AD%B8%E7%94%A8%E5%93%81%E5%9B%9E%E6%94%B6%E5%86%8D%E5%88%A9%E7%94%A8%E6%88%90%E6%9E%9C/" "Mozilla/5.0 (iPhone; CPU iPhone OS 26_5_2 like Mac OS X) AppleWebKit/605.1.15 (KHTML, like Gecko) GSA/434.2.961627397 Mobile/15E148 Safari/604.1"
2402:7500:577:b22d:6938:2a36:2b02:3750 - - [25/Aug/2026:07:23:02 +0800] "POST /6418/wp-json/ilc-summary/v1/popular-posts HTTP/1.1" 201 1273 "https://2blog.ilc.edu.tw/6418/2014/11/12/103_102%E5%AD%B8%E5%B9%B4%E5%BA%A6%E4%BA%8C%E6%89%8B%E5%88%B6%E6%9C%8D%E3%80%81%E6%9B%B8%E7%B1%8D%E3%80%81%E5%AD%B8%E7%94%A8%E5%93%81%E5%9B%9E%E6%94%B6%E5%86%8D%E5%88%A9%E7%94%A8%E6%88%90%E6%9E%9C/" "Mozilla/5.0 (iPhone; CPU iPhone OS 26_5_2 like Mac OS X) AppleWebKit/605.1.15 (KHTML, like Gecko) GSA/434.2.961627397 Mobile/15E148 Safari/604.1"
2402:7500:577:b22d:6938:2a36:2b02:3750 - - [25/Aug/2026:07:23:02 +0800] "GET /wp-content/uploads/sites/2542/6418/6418-2759127.jpg HTTP/1.1" 200 59392 "https://2blog.ilc.edu.tw/6418/2014/11/12/103_102%E5%AD%B8%E5%B9%B4%E5%BA%A6%E4%BA%8C%E6%89%8B%E5%88%B6%E6%9C%8D%E3%80%81%E6%9B%B8%E7%B1%8D%E3%80%81%E5%AD%B8%E7%94%A8%E5%93%81%E5%9B%9E%E6%94%B6%E5%86%8D%E5%88%A9%E7%94%A8%E6%88%90%E6%9E%9C/" "Mozilla/5.0 (iPhone; CPU iPhone OS 26_5_2 like Mac OS X) AppleWebKit/605.1.15 (KHTML, like Gecko) GSA/434.2.961627397 Mobile/15E148 Safari/604.1"
2001:4860:7:b10::f6 - - [25/Aug/2026:07:23:03 +0800] "GET / HTTP/1.1" 200 31593 "https://www.google.com/" "Mozilla/5.0 (X11; Linux x86_64) AppleWebKit/537.36 (KHTML, like Gecko) Chrome/146.0.0.0 Safari/537.36"
::1 - - [25/Aug/2026:07:23:04 +0800] "OPTIONS * HTTP/1.0" 200 110 "-" "Apache/2.4.68 (Ubuntu) OpenSSL/3.0.19 (internal dummy connection)"
2001:288:a201::66:125 - - [25/Aug/2026:07:23:05 +0800] "GET /blog/active.php HTTP/1.1" 404 1084 "-" "-"
2001:288:a201::66:125 - - [25/Aug/2026:07:23:05 +0800] "GET /blog/active.php HTTP/1.1" 301 1026 "-" "-"
2a03:2880:f802:a:: - - [25/Aug/2026:07:23:03 +0800] "GET /wp-login.php?key=317wu381&_wpnonce=&action=ilc_logout&redirect_to=https%3A%2F%2Fwww.aayyy.com HTTP/1.1" 302 8250 "-" "Mozilla/5.0 (Macintosh; Intel Mac OS X 10_15_7) AppleWebKit/537.36 (KHTML, like Gecko) Chrome/145.0.0.0 Safari/537.36 (compatible; meta-externalagent/1.1 (+https://developers.facebook.com/docs/sharing/webmasters/crawler))"
::1 - - [25/Aug/2026:07:23:06 +0800] "OPTIONS * HTTP/1.0" 200 110 "-" "Apache/2.4.68 (Ubuntu) OpenSSL/3.0.19 (internal dummy connection)"
140.111.67.10 - - [25/Aug/2026:07:23:07 +0800] "GET /" 301 273 "-" "-"
2001:288:a201::66:125 - - [25/Aug/2026:07:23:10 +0800] "GET /blog/active.php HTTP/1.1" 301 1026 "-" "-"
2001:288:a201::66:125 - - [25/Aug/2026:07:23:10 +0800] "GET /blog/active.php HTTP/1.1" 404 1084 "-" "-"
140.111.67.10 - - [25/Aug/2026:07:23:12 +0800] "GET /" 301 273 "-" "-"
2401:e180:8860:67d2:d562:fc99:4522:a1e2 - - [25/Aug/2026:07:23:12 +0800] "GET /2013/01/15/%E6%9D%B1%E5%85%89%E6%96%B0%E7%94%9F%E5%88%86%E7%99%BC%E5%B0%88%E5%8D%80/ HTTP/1.1" 200 24310 "https://www.google.com/" "Mozilla/5.0 (iPhone; CPU iPhone OS 18_7 like Mac OS X) AppleWebKit/605.1.15 (KHTML, like Gecko) Version/26.6 Mobile/15E148 Safari/604.1"
2401:e180:8860:67d2:d562:fc99:4522:a1e2 - - [25/Aug/2026:07:23:13 +0800] "GET /wp-content/cache/www.tkjh.ilc.edu.tw/wpfc-minified/m1fh2l60/7x79.css HTTP/1.1" 200 20779 "https://www.tkjh.ilc.edu.tw/2013/01/15/%E6%9D%B1%E5%85%89%E6%96%B0%E7%94%9F%E5%88%86%E7%99%BC%E5%B0%88%E5%8D%80/" "Mozilla/5.0 (iPhone; CPU iPhone OS 18_7 like Mac OS X) AppleWebKit/605.1.15 (KHTML, like Gecko) Version/26.6 Mobile/15E148 Safari/604.1"
2401:e180:8860:67d2:d562:fc99:4522:a1e2 - - [25/Aug/2026:07:23:13 +0800] "GET /wp-content/cache/www.tkjh.ilc.edu.tw/wpfc-minified/q8eeum0g/6vyr.css HTTP/1.1" 200 12254 "https://www.tkjh.ilc.edu.tw/2013/01/15/%E6%9D%B1%E5%85%89%E6%96%B0%E7%94%9F%E5%88%86%E7%99%BC%E5%B0%88%E5%8D%80/" "Mozilla/5.0 (iPhone; CPU iPhone OS 18_7 like Mac OS X) AppleWebKit/605.1.15 (KHTML, like Gecko) Version/26.6 Mobile/15E148 Safari/604.1"
2401:e180:8860:67d2:d562:fc99:4522:a1e2 - - [25/Aug/2026:07:23:13 +0800] "GET /wp-content/cache/www.tkjh.ilc.edu.tw/wpfc-minified/lx7wk2a8/7x78.css HTTP/1.1" 200 14439 "https://www.tkjh.ilc.edu.tw/2013/01/15/%E6%9D%B1%E5%85%89%E6%96%B0%E7%94%9F%E5%88%86%E7%99%BC%E5%B0%88%E5%8D%80/" "Mozilla/5.0 (iPhone; CPU iPhone OS 18_7 like Mac OS X) AppleWebKit/605.1.15 (KHTML, like Gecko) Version/26.6 Mobile/15E148 Safari/604.1"
2401:e180:8860:67d2:d562:fc99:4522:a1e2 - - [25/Aug/2026:07:23:13 +0800] "GET /wp-content/cache/www.tkjh.ilc.edu.tw/wpfc-minified/qxbxpy9t/7x7s.js HTTP/1.1" 200 6442 "https://www.tkjh.ilc.edu.tw/2013/01/15/%E6%9D%B1%E5%85%89%E6%96%B0%E7%94%9F%E5%88%86%E7%99%BC%E5%B0%88%E5%8D%80/" "Mozilla/5.0 (iPhone; CPU iPhone OS 18_7 like Mac OS X) AppleWebKit/605.1.15 (KHTML, like Gecko) Version/26.6 Mobile/15E148 Safari/604.1"
2401:e180:8860:67d2:d562:fc99:4522:a1e2 - - [25/Aug/2026:07:23:13 +0800] "GET /wp-content/cache/www.tkjh.ilc.edu.tw/wpfc-minified/q9318eto/6vyr.css HTTP/1.1" 200 29896 "https://www.tkjh.ilc.edu.tw/2013/01/15/%E6%9D%B1%E5%85%89%E6%96%B0%E7%94%9F%E5%88%86%E7%99%BC%E5%B0%88%E5%8D%80/" "Mozilla/5.0 (iPhone; CPU iPhone OS 18_7 like Mac OS X) AppleWebKit/605.1.15 (KHTML, like Gecko) Version/26.6 Mobile/15E148 Safari/604.1"
2401:e180:8860:67d2:d562:fc99:4522:a1e2 - - [25/Aug/2026:07:23:13 +0800] "POST /wp-json/ilc-summary/v1/popular-posts HTTP/1.1" 201 1396 "https://www.tkjh.ilc.edu.tw/2013/01/15/%E6%9D%B1%E5%85%89%E6%96%B0%E7%94%9F%E5%88%86%E7%99%BC%E5%B0%88%E5%8D%80/" "Mozilla/5.0 (iPhone; CPU iPhone OS 18_7 like Mac OS X) AppleWebKit/605.1.15 (KHTML, like Gecko) Version/26.6 Mobile/15E148 Safari/604.1"
