2401:e180:8d6c:20d0:fc32:77a2:2f2a:fe08 - - [25/Aug/2026:07:23:14 +0800] "GET / HTTP/1.1" 200 31593 "https://www.google.com/" "Mozilla/5.0 (Linux; Android 10; K) AppleWebKit/537.36 (KHTML, like Gecko) Chrome/151.0.0.0 Mobile Safari/537.36"
2001:288:a201::66:125 - - [25/Aug/2026:07:23:15 +0800] "GET /blog/active.php HTTP/1.1" 404 1084 "-" "-"
2001:288:a201::66:125 - - [25/Aug/2026:07:23:15 +0800] "GET /blog/active.php HTTP/1.1" 301 1026 "-" "-"
140.111.67.10 - - [25/Aug/2026:07:23:17 +0800] "GET /" 301 273 "-" "-"
2600:3c0c::2000:96ff:fe8b:9e90 - - [25/Aug/2026:07:23:18 +0800] "GET /wp-admin/admin-ajax.php HTTP/1.1" 400 5735 "-" "Mozilla/5.0 (Windows NT 10.0; Win64; x64; rv:128.0) Gecko/20100101 Firefox/128.0"
2001:288:a201::66:125 - - [25/Aug/2026:07:23:20 +0800] "GET /blog/active.php HTTP/1.1" 301 1026 "-" "-"
2001:288:a201::66:125 - - [25/Aug/2026:07:23:20 +0800] "GET /blog/active.php HTTP/1.1" 404 1084 "-" "-"
140.111.67.10 - - [25/Aug/2026:07:23:22 +0800] "GET /" 301 273 "-" "-"
2a03:2880:f802:14:: - - [25/Aug/2026:07:23:23 +0800] "GET /6452/wp-content/cache/2blog.ilc.edu.tw/wpfc-minified/qh80idff/2m0d9.js HTTP/1.1" 200 6436 "https://2blog.ilc.edu.tw/6452/2011/12/05/4-7-%e5%bb%a2%e4%b9%be%e9%9b%bb%e6%b1%a0%e3%80%81%e5%bb%a2%e5%85%89%e7%a2%9f%e5%9b%9e%e6%94%b6%e8%a8%88%e7%95%ab/" "Mozilla/5.0 (Macintosh; Intel Mac OS X 10_15_7) AppleWebKit/537.36 (KHTML, like Gecko) Chrome/145.0.0.0 Safari/537.36 (compatible; meta-externalagent/1.1 (+https://developers.facebook.com/docs/sharing/webmasters/crawler))"
140.111.141.163 - - [25/Aug/2026:07:23:23 +0800] "POST /wp-json/wp-statistics/v2/hit HTTP/1.1" 200 6012 "https://www.gjes.ilc.edu.tw/" "Mozilla/5.0 (iPhone; CPU iPhone OS 17_0_3 like Mac OS X) AppleWebKit/605.1.15 (KHTML, like Gecko) CriOS/148.0.7778.166 Mobile/15E148 Safari/604.1"
140.111.140.44 - - [25/Aug/2026:07:23:25 +0800] "POST /wp-json/wp-statistics/v2/hit HTTP/1.1" 200 5883 "https://www.gjes.ilc.edu.tw/" "Mozilla/5.0 (Windows NT 10.0; Win64; x64) AppleWebKit/537.36 (KHTML, like Gecko) Chrome/151.0.0.0 Safari/537.36"
2001:288:a201::66:125 - - [25/Aug/2026:07:23:25 +0800] "GET /blog/active.php HTTP/1.1" 404 1084 "-" "-"
2001:288:a201::66:125 - - [25/Aug/2026:07:23:25 +0800] "GET /blog/active.php HTTP/1.1" 301 1026 "-" "-"
2402:7500:5e7:3a7:144a:8f42:66b0:b2 - - [25/Aug/2026:07:23:26 +0800] "GET / HTTP/1.1" 200 29675 "-" "Mozilla/5.0 (iPhone; CPU iPhone OS 18_7 like Mac OS X) AppleWebKit/605.1.15 (KHTML, like Gecko) Version/18.7.5 Mobile/15E148 Safari/604.1"
140.111.67.10 - - [25/Aug/2026:07:23:27 +0800] "GET /" 301 273 "-" "-"
2402:7500:5e7:3a7:144a:8f42:66b0:b2 - - [25/Aug/2026:07:23:26 +0800] "GET /wp-content/uploads/sites/1984/2024/04/2024-04-02_222323.png HTTP/1.1" 200 1108748 "https://www.dses.ilc.edu.tw/" "Mozilla/5.0 (iPhone; CPU iPhone OS 18_7 like Mac OS X) AppleWebKit/605.1.15 (KHTML, like Gecko) Version/18.7.5 Mobile/15E148 Safari/604.1"
2402:7500:5e7:3a7:144a:8f42:66b0:b2 - - [25/Aug/2026:07:23:26 +0800] "GET /wp-content/uploads/sites/1984/2023/09/IMG_7433-5-1-scaled.jpg HTTP/1.1" 200 1296712 "https://www.dses.ilc.edu.tw/" "Mozilla/5.0 (iPhone; CPU iPhone OS 18_7 like Mac OS X) AppleWebKit/605.1.15 (KHTML, like Gecko) Version/18.7.5 Mobile/15E148 Safari/604.1"
2a03:2880:f802:11:: - - [25/Aug/2026:07:23:27 +0800] "GET /6452/wp-content/themes/oceanwp/assets/fonts/fontawesome/webfonts/fa-solid-900.woff2 HTTP/1.1" 200 156040 "https://2blog.ilc.edu.tw/6452/wp-content/cache/2blog.ilc.edu.tw/wpfc-minified/1pbz15ui/7q78x.css" "Mozilla/5.0 (Macintosh; Intel Mac OS X 10_15_7) AppleWebKit/537.36 (KHTML, like Gecko) Chrome/145.0.0.0 Safari/537.36 (compatible; meta-externalagent/1.1 (+https://developers.facebook.com/docs/sharing/webmasters/crawler))"
::1 - - [25/Aug/2026:07:23:29 +0800] "OPTIONS * HTTP/1.0" 200 110 "-" "Apache/2.4.68 (Ubuntu) OpenSSL/3.0.19 (internal dummy connection)"
2001:288:a201::66:125 - - [25/Aug/2026:07:23:30 +0800] "GET /blog/active.php HTTP/1.1" 404 1084 "-" "-"
2001:288:a201::66:125 - - [25/Aug/2026:07:23:30 +0800] "GET /blog/active.php HTTP/1.1" 301 1026 "-" "-"
::1 - - [25/Aug/2026:07:23:31 +0800] "OPTIONS * HTTP/1.0" 200 110 "-" "Apache/2.4.68 (Ubuntu) OpenSSL/3.0.19 (internal dummy connection)"
140.111.67.10 - - [25/Aug/2026:07:23:31 +0800] "GET /" 301 273 "-" "-"
140.111.141.163 - - [25/Aug/2026:07:23:32 +0800] "POST /wp-json/wp-statistics/v2/hit HTTP/1.1" 200 5883 "https://www.gjes.ilc.edu.tw/" "Mozilla/5.0 (iPhone; CPU iPhone OS 17_0_3 like Mac OS X) AppleWebKit/605.1.15 (KHTML, like Gecko) CriOS/148.0.7778.166 Mobile/15E148 Safari/604.1"
2401:e180:8d6c:20d0:fc32:77a2:2f2a:fe08 - - [25/Aug/2026:07:23:34 +0800] "-" 408 339 "-" "-"
2001:288:a201::66:125 - - [25/Aug/2026:07:23:35 +0800] "GET /blog/active.php HTTP/1.1" 404 1084 "-" "-"
2001:288:a201::66:125 - - [25/Aug/2026:07:23:35 +0800] "GET /blog/active.php HTTP/1.1" 301 1026 "-" "-"
2401:e180:8d6c:20d0:fc32:77a2:2f2a:fe08 - - [25/Aug/2026:07:23:35 +0800] "-" 408 4791 "-" "-"
2a12:f540:2eb5:9fcd:8817:2b19:9b52:3790 - - [25/Aug/2026:07:23:36 +0800] "GET /2528/page/2/ HTTP/1.1" 200 42428 "-" "Mozilla/5.0 (Macintosh; Intel Mac OS X 10_15_7) AppleWebKit/537.36 (KHTML, like Gecko) Chrome/131.0.0.0 Safari/537.36"
2a13:f40:6559:b2d1:64e5:9da0:348d:2c8c - - [25/Aug/2026:07:23:36 +0800] "GET /yleerc/english-reading-book-lists/ HTTP/1.1" 200 22284 "-" "Mozilla/5.0 (Windows NT 10.0; Win64; x64) AppleWebKit/537.36 (KHTML, like Gecko) Chrome/110.0.0.0 Safari/537.36"
140.111.67.10 - - [25/Aug/2026:07:23:36 +0800] "GET /" 301 273 "-" "-"
2400:1a00:6b6e:34ca:45d0:fb9c:d43b:4ee8 - - [25/Aug/2026:07:23:37 +0800] "GET /2226/archives/304 HTTP/1.1" 200 16975 "-" "Mozilla/5.0 (Windows NT 10.0; Win64; x64) AppleWebKit/537.36 (KHTML, like Gecko) Chrome/110.0.0.0 Safari/537.36"
2409:8728:32f2:32:0:1:0:7 - - [25/Aug/2026:07:23:36 +0800] "GET /2018/11 HTTP/1.1" 301 5770 "-" "Mozilla/5.0 (Windows NT 10.0; Win64; x64) AppleWebKit/537.36 (KHTML, like Gecko) Chrome/144.0.0.0 Safari/537.36"
::1 - - [25/Aug/2026:07:23:38 +0800] "OPTIONS * HTTP/1.0" 200 110 "-" "Apache/2.4.68 (Ubuntu) OpenSSL/3.0.19 (internal dummy connection)"
2409:8728:32f2:32:0:1:0:7 - - [25/Aug/2026:07:23:38 +0800] "GET /2018/11/ HTTP/1.1" 200 18528 "-" "Mozilla/5.0 (Windows NT 10.0; Win64; x64) AppleWebKit/537.36 (KHTML, like Gecko) Chrome/144.0.0.0 Safari/537.36"
2409:8728:32f2:32:0:1:0:7 - - [25/Aug/2026:07:23:40 +0800] "GET /wp-content/cache/www.cwjh.ilc.edu.tw/wpfc-minified/2mrmz3dm/77dd.css HTTP/1.1" 200 40884 "https://www.cwjh.ilc.edu.tw/2018/11/" "Mozilla/5.0 (Windows NT 10.0; Win64; x64) AppleWebKit/537.36 (KHTML, like Gecko) Chrome/144.0.0.0 Safari/537.36"
2a01:f2c4:ae5b:af10:df00:4201:9f19:940 - - [25/Aug/2026:07:23:40 +0800] "GET /868/44555/ HTTP/1.1" 200 22143 "-" "Mozilla/5.0 (Windows NT 10.0; Win64; x64) AppleWebKit/537.36 (KHTML, like Gecko) Chrome/100.0.4896.75 Safari/537.36"
2001:288:a201::66:125 - - [25/Aug/2026:07:23:40 +0800] "GET /blog/active.php HTTP/1.1" 301 1026 "-" "-"
2001:288:a201::66:125 - - [25/Aug/2026:07:23:40 +0800] "GET /blog/active.php HTTP/1.1" 404 1084 "-" "-"
2404:8000:105f:555:d00e:b75b:dee6:2b0a - - [25/Aug/2026:07:23:40 +0800] "GET /24/2025/11/28/%E9%96%B1%E8%AE%80%E7%90%86%E8%A7%A3%E5%89%8D%E4%B8%80%E6%AD%A5-%E6%9C%97%E8%AE%80%E6%B5%81%E6%9A%A2%E5%BA%A6%E9%80%99%E6%A8%A3%E5%81%9A/ HTTP/1.1" 200 45401 "-" "Mozilla/5.0 (Windows NT 10.0; Win64; x64) AppleWebKit/537.36 (KHTML, like Gecko) Chrome/104.0.0.0 Safari/537.36"
2a12:da85:8eef:17b3:ab2e:9c63:17d9:6d45 - - [25/Aug/2026:07:23:40 +0800] "GET /chris1225/2025/04/17/1140417%E5%AD%97%E6%AF%8D%E7%9A%84%E5%B0%8B%E6%89%BE%E7%94%A2%E7%94%9F%E5%AD%B8%E7%BF%92%E7%9A%84%E5%8B%95%E6%A9%9F/ HTTP/1.1" 200 15415 "-" "Mozilla/5.0 (Macintosh; Intel Mac OS X 10.15; rv:147.0) Gecko/20100101 Firefox/147.0"
2001:b400:e454:9195:5c83:5b4b:71e2:4afc - - [25/Aug/2026:07:23:41 +0800] "-" 408 4794 "-" "-"
::1 - - [25/Aug/2026:07:23:41 +0800] "OPTIONS * HTTP/1.0" 200 110 "-" "Apache/2.4.68 (Ubuntu) OpenSSL/3.0.19 (internal dummy connection)"
140.111.67.10 - - [25/Aug/2026:07:23:42 +0800] "GET /" 301 273 "-" "-"
2a12:f540:ab90:f149:86d3:b372:b593:aa9b - - [25/Aug/2026:07:23:43 +0800] "GET /17281/2020/12/31/%E5%AD%A9%E5%AD%90%E7%9A%84%E7%AC%91%E5%AE%B9-%E6%88%91%E5%80%91%E7%9A%84%E5%83%B9%E5%80%BC%EF%BC%8C%E5%90%BF%E5%88%A5%E5%A4%9A%E4%BA%8B%E7%9A%842020%EF%BD%9E/ HTTP/1.1" 200 18371 "-" "Mozilla/5.0 (Windows NT 10.0; Win64; x64) AppleWebKit/537.36 (KHTML, like Gecko) Chrome/100.0.4896.75 Safari/537.36"
140.111.140.44 - - [25/Aug/2026:07:23:44 +0800] "-" 408 4800 "-" "-"
140.111.140.44 - - [25/Aug/2026:07:23:44 +0800] "-" 408 4800 "-" "-"
2a03:2880:f802:1b:: - - [25/Aug/2026:07:23:43 +0800] "GET /wp-login.php?key=g5fb5375&_wpnonce=&action=ilc_logout&redirect_to=https%3A%2F%2Fwww.linegames.org HTTP/1.1" 302 8254 "-" "Mozilla/5.0 (Windows NT 10.0; Win64; x64) AppleWebKit/537.36 (KHTML, like Gecko) Chrome/145.0.0.0 Safari/537.36 (compatible; meta-externalagent/1.1 (+https://developers.facebook.com/docs/sharing/webmasters/crawler))"
2001:288:a201::66:125 - - [25/Aug/2026:07:23:45 +0800] "GET /blog/active.php HTTP/1.1" 301 1026 "-" "-"
2001:288:a201::66:125 - - [25/Aug/2026:07:23:45 +0800] "GET /blog/active.php HTTP/1.1" 404 1084 "-" "-"
::1 - - [25/Aug/2026:07:23:46 +0800] "OPTIONS * HTTP/1.0" 200 110 "-" "Apache/2.4.68 (Ubuntu) OpenSSL/3.0.19 (internal dummy connection)"
140.111.67.10 - - [25/Aug/2026:07:23:47 +0800] "GET /" 301 273 "-" "-"
2a12:da80:c16b:eca4:1152:6e2d:398:3b76 - - [25/Aug/2026:07:23:47 +0800] "GET /17281/2012/02/02/%E6%AD%A6%E8%8D%96%E5%9D%91%E5%A4%A7%E7%9F%B3%E9%BC%93%EF%BC%8C%E9%98%BF%E5%85%BC%E5%9F%8E%E6%B0%B4%E6%9F%A5%E6%9F%90%E7%94%B1%E4%BE%86/ HTTP/1.1" 200 17836 "-" "Mozilla/5.0 (Macintosh; Intel Mac OS X 10_15_7) AppleWebKit/537.36 (KHTML, like Gecko) Chrome/124.0.0.0 Safari/537.36"
::1 - - [25/Aug/2026:07:23:47 +0800] "OPTIONS * HTTP/1.0" 200 110 "-" "Apache/2.4.68 (Ubuntu) OpenSSL/3.0.19 (internal dummy connection)"
2a12:f540:5bbe:ed87:d0db:b8df:de54:a1a3 - - [25/Aug/2026:07:23:48 +0800] "GET /1279/2016/04/04/05-4-scratch-2-0-%E3%80%8A%E7%B6%93%E5%85%B8%E5%B0%8F%E9%81%8A%E6%88%B2%E3%80%8B-%E5%B0%84%E6%93%8A%E9%81%8A%E6%88%B2-%E5%9F%BA%E6%9C%AC%E5%9E%8B-%E5%BD%B1%E9%9F%B3%E7%89%88/ HTTP/1.1" 200 18858 "-" "Mozilla/5.0 (Macintosh; Intel Mac OS X 10_15_7) AppleWebKit/605.1.15 (KHTML, like Gecko) Version/26.0 Safari/605.1.15"
2001:4860:7:410::f8 - - [25/Aug/2026:07:23:48 +0800] "GET / HTTP/1.1" 200 25122 "https://www.google.com/" "Mozilla/5.0 (Windows NT 10.0; Win64; x64) AppleWebKit/537.36 (KHTML, like Gecko) Chrome/151.0.0.0 Safari/537.36"
::1 - - [25/Aug/2026:07:23:49 +0800] "OPTIONS * HTTP/1.0" 200 110 "-" "Apache/2.4.68 (Ubuntu) OpenSSL/3.0.19 (internal dummy connection)"
2001:288:a201::66:125 - - [25/Aug/2026:07:23:50 +0800] "GET /blog/active.php HTTP/1.1" 301 1026 "-" "-"
2001:288:a201::66:125 - - [25/Aug/2026:07:23:50 +0800] "GET /blog/active.php HTTP/1.1" 404 1084 "-" "-"
140.111.67.10 - - [25/Aug/2026:07:23:52 +0800] "GET /" 301 273 "-" "-"
2601:704:981:6f10:cb82:eaf9:8e98:c267 - - [25/Aug/2026:07:23:52 +0800] "GET /2341/2011/04/17/%E5%B0%BA%E8%A6%8F%E4%BD%9C%E5%9C%96%EF%BC%9A%E7%B7%9A%E6%AE%B5%E5%88%86%E6%AF%94%E4%BE%8B%E4%B8%AD%E5%9E%82%E7%B7%9A%E7%9A%84%E6%87%89%E7%94%A8/ HTTP/1.1" 200 15635 "-" "Mozilla/5.0 (Macintosh; Intel Mac OS X 10_15_7) AppleWebKit/605.1.15 (KHTML, like Gecko) Version/15.3 Safari/605.1.15"
2a12:f540:48aa:222f:ceec:c095:7370:dbfa - - [25/Aug/2026:07:23:54 +0800] "GET /26064/%e5%8f%8b%e5%96%84%e6%a0%a1%e5%9c%92/ HTTP/1.1" 200 20540 "-" "Mozilla/5.0 (Macintosh; Intel Mac OS X 10.15; rv:135.0) Gecko/20100101 Firefox/135.0"
2001:288:a201::66:125 - - [25/Aug/2026:07:23:55 +0800] "GET /blog/active.php HTTP/1.1" 301 1026 "-" "-"
2001:288:a201::66:125 - - [25/Aug/2026:07:23:55 +0800] "GET /blog/active.php HTTP/1.1" 404 1084 "-" "-"
140.111.67.10 - - [25/Aug/2026:07:23:57 +0800] "GET /" 301 273 "-" "-"
2a12:da85:c9e8:ed94:c695:f479:d16a:60b2 - - [25/Aug/2026:07:23:56 +0800] "GET /26150/2020/07/02/%E6%AA%A2%E9%80%81109%E5%B9%B4%E5%BA%A6%E7%A5%96%E7%88%B6%E6%AF%8D%E7%AF%80%E3%80%8C%E7%A5%96%E5%AD%AB%E6%BA%AB%E9%A6%A8%E5%A5%BD%E6%99%82%E5%85%89%E3%80%8D%E7%9B%B8%E7%89%87%E5%BE%B5%E6%96%87/ HTTP/1.1" 200 24116 "-" "Mozilla/5.0 (Windows NT 10.0; Win64; x64) AppleWebKit/537.36 (KHTML, like Gecko) Chrome/99.0.4844.51 Safari/537.36"
2001:288:a201::66:125 - - [25/Aug/2026:07:24:00 +0800] "GET /blog/active.php HTTP/1.1" 301 1026 "-" "-"
2001:288:a201::66:125 - - [25/Aug/2026:07:24:00 +0800] "GET /blog/active.php HTTP/1.1" 404 1084 "-" "-"
2409:8a62:9a23:a4d1:5054:ff:fe08:18cd - - [25/Aug/2026:07:24:00 +0800] "GET /3860/category/c-105221 HTTP/1.1" 301 5747 "-" "Mozilla/5.0 (Windows NT 10.0; Win64; x64) AppleWebKit/537.36 (KHTML, like Gecko) Chrome/144.0.0.0 Safari/537.36"
2001:288:a201::67:85 - - [25/Aug/2026:07:24:01 +0800] "GET / HTTP/1.1" 200 56291 "-" "curl/7.81.0"
2001:288:a201::67:81 - - [25/Aug/2026:07:24:01 +0800] "GET / HTTP/1.1" 200 56291 "-" "curl/7.81.0"
2409:8a62:9a23:a4d1:5054:ff:fe08:18cd - - [25/Aug/2026:07:24:01 +0800] "GET /3860/category/c-105221/ HTTP/1.1" 200 9114 "-" "Mozilla/5.0 (Windows NT 10.0; Win64; x64) AppleWebKit/537.36 (KHTML, like Gecko) Chrome/144.0.0.0 Safari/537.36"
2409:8a62:9a23:a4d1:5054:ff:fe08:18cd - - [25/Aug/2026:07:24:01 +0800] "GET /3860/wp-content/cache/2blog.ilc.edu.tw/wpfc-minified/dsvp51ho/5woba.css HTTP/1.1" 200 40886 "https://2blog.ilc.edu.tw/3860/category/c-105221/" "Mozilla/5.0 (Windows NT 10.0; Win64; x64) AppleWebKit/537.36 (KHTML, like Gecko) Chrome/144.0.0.0 Safari/537.36"
2a03:2880:f802:11:: - - [25/Aug/2026:07:23:58 +0800] "GET /wp-login.php?key=jw82c375&_wpnonce=&action=ilc_logout&redirect_to=https%3A%2F%2Fgame.edu.kg HTTP/1.1" 302 8248 "-" "Mozilla/5.0 (Macintosh; Intel Mac OS X 10_15_7) AppleWebKit/537.36 (KHTML, like Gecko) Chrome/145.0.0.0 Safari/537.36 (compatible; meta-externalagent/1.1 (+https://developers.facebook.com/docs/sharing/webmasters/crawler))"
140.111.67.10 - - [25/Aug/2026:07:24:02 +0800] "GET /" 301 273 "-" "-"
2409:8a62:9a23:a4d1:5054:ff:fe08:18cd - - [25/Aug/2026:07:24:02 +0800] "GET /3860/wp-content/cache/2blog.ilc.edu.tw/wpfc-minified/6o39im4d/5woba.css HTTP/1.1" 200 15980 "https://2blog.ilc.edu.tw/3860/category/c-105221/" "Mozilla/5.0 (Windows NT 10.0; Win64; x64) AppleWebKit/537.36 (KHTML, like Gecko) Chrome/144.0.0.0 Safari/537.36"
2409:8a62:9a23:a4d1:5054:ff:fe08:18cd - - [25/Aug/2026:07:24:02 +0800] "GET /3860/wp-content/cache/2blog.ilc.edu.tw/wpfc-minified/2n9laxoh/5wolc.css HTTP/1.1" 200 30657 "https://2blog.ilc.edu.tw/3860/category/c-105221/" "Mozilla/5.0 (Windows NT 10.0; Win64; x64) AppleWebKit/537.36 (KHTML, like Gecko) Chrome/144.0.0.0 Safari/537.36"
2a01:f2c2:e5b8:798a:653c:cec2:b02:32b5 - - [25/Aug/2026:07:24:02 +0800] "GET /1003/2013/11/13/%E8%80%83%E8%A9%A6%E5%89%8D%E7%9A%84%E6%95%B8%E5%AD%B8%E8%A4%87%E7%BF%92%E7%AD%86%E8%A8%98/ HTTP/1.1" 200 19038 "-" "Mozilla/5.0 (Macintosh; Intel Mac OS X 10_15_7) AppleWebKit/605.1.15 (KHTML, like Gecko) Version/18.0 Safari/605.1.15"
2600:4041:58ee:400:8832:1b40:6c0a:8da0 - - [25/Aug/2026:07:24:02 +0800] "GET /868/44188/ HTTP/1.1" 200 20399 "-" "Mozilla/5.0 (Macintosh; Intel Mac OS X 10_15_7) AppleWebKit/605.1.15 (KHTML, like Gecko) Version/15.5 Safari/605.1.15"
2409:8a62:9a23:a4d1:5054:ff:fe08:18cd - - [25/Aug/2026:07:24:03 +0800] "GET /3860/wp-content/cache/2blog.ilc.edu.tw/wpfc-minified/ck0v2a7/5wolc.css HTTP/1.1" 200 13385 "https://2blog.ilc.edu.tw/3860/category/c-105221/" "Mozilla/5.0 (Windows NT 10.0; Win64; x64) AppleWebKit/537.36 (KHTML, like Gecko) Chrome/144.0.0.0 Safari/537.36"
2409:8a62:9a23:a4d1:5054:ff:fe08:18cd - - [25/Aug/2026:07:24:04 +0800] "GET /3860/wp-content/cache/2blog.ilc.edu.tw/wpfc-minified/dew18x1z/5wolc.js HTTP/1.1" 200 55787 "https://2blog.ilc.edu.tw/3860/category/c-105221/" "Mozilla/5.0 (Windows NT 10.0; Win64; x64) AppleWebKit/537.36 (KHTML, like Gecko) Chrome/144.0.0.0 Safari/537.36"
2409:8a62:9a23:a4d1:5054:ff:fe08:18cd - - [25/Aug/2026:07:24:05 +0800] "GET /3860/wp-includes/js/hoverintent-js.min.js HTTP/1.1" 200 1597 "https://2blog.ilc.edu.tw/3860/category/c-105221/" "Mozilla/5.0 (Windows NT 10.0; Win64; x64) AppleWebKit/537.36 (KHTML, like Gecko) Chrome/144.0.0.0 Safari/537.36"
2001:288:a201::66:125 - - [25/Aug/2026:07:24:05 +0800] "GET /blog/active.php HTTP/1.1" 404 1084 "-" "-"
2409:8a62:9a23:a4d1:5054:ff:fe08:18cd - - [25/Aug/2026:07:24:05 +0800] "GET /3860/wp-content/themes/mynote/assets/webfonts/fa-solid-900.woff2 HTTP/1.1" 200 60555 "https://2blog.ilc.edu.tw/3860/wp-content/cache/2blog.ilc.edu.tw/wpfc-minified/2n9laxoh/5wolc.css" "Mozilla/5.0 (Windows NT 10.0; Win64; x64) AppleWebKit/537.36 (KHTML, like Gecko) Chrome/144.0.0.0 Safari/537.36"
2001:288:a201::66:125 - - [25/Aug/2026:07:24:05 +0800] "GET /blog/active.php HTTP/1.1" 301 1026 "-" "-"
2405:4803:50b3:6960:4598:b487:e6f5:dff6 - - [25/Aug/2026:07:24:06 +0800] "GET /technology/2011/11/10/%E8%B3%87%E8%A8%8A%E5%AE%89%E5%85%A8%E7%9A%84%E5%BB%BA%E8%AD%B03%E5%B0%8F%E6%99%82%E8%AA%B2%E7%A8%8B%E9%A1%8C%E7%9B%AE%E8%88%87%E8%A7%A3%E7%AD%94/ HTTP/1.1" 200 25467 "-" "Mozilla/5.0 (Windows NT 10.0; Win64; x64) AppleWebKit/537.36 (KHTML, like Gecko) Chrome/99.0.4844.51 Safari/537.36 Edg/99.0.1150.30"
2409:8a62:9a23:a4d1:5054:ff:fe08:18cd - - [25/Aug/2026:07:24:06 +0800] "GET /3860/wp-content/uploads/sites/1494/2020/11/cropped-2020-11-16-1-32x32.png HTTP/1.1" 200 2260 "https://2blog.ilc.edu.tw/3860/category/c-105221/" "Mozilla/5.0 (Windows NT 10.0; Win64; x64) AppleWebKit/537.36 (KHTML, like Gecko) Chrome/144.0.0.0 Safari/537.36"
140.111.67.10 - - [25/Aug/2026:07:24:06 +0800] "GET /" 301 273 "-" "-"
2a03:2880:f802:25:: - - [25/Aug/2026:07:24:06 +0800] "GET /wp-login.php?key=wy5j9381&_wpnonce=&action=ilc_logout&redirect_to=https%3A%2F%2Fgame.edu.kg HTTP/1.1" 302 8248 "-" "Mozilla/5.0 (X11; Linux x86_64) AppleWebKit/537.36 (KHTML, like Gecko) Chrome/145.0.0.0 Safari/537.36 (compatible; meta-externalagent/1.1 (+https://developers.facebook.com/docs/sharing/webmasters/crawler))"
2001:288:a201::67:81 - - [25/Aug/2026:07:23:58 +0800] "POST /26150/2020/07/02/%E6%AA%A2%E9%80%81109%E5%B9%B4%E5%BA%A6%E7%A5%96%E7%88%B6%E6%AF%8D%E7%AF%80%E3%80%8C%E7%A5%96%E5%AD%AB%E6%BA%AB%E9%A6%A8%E5%A5%BD%E6%99%82%E5%85%89%E3%80%8D%E7%9B%B8%E7%89%87%E5%BE%B5%E6%96%87/?fsm_edd_37394=ad7e0f984b9ee8b7faff96c60c01a60d HTTP/1.1" 200 13008 "-" "WordPress/6.6.7; https://2blog.ilc.edu.tw/26150"
2001:288:a201::66:125 - - [25/Aug/2026:07:24:10 +0800] "GET /blog/active.php HTTP/1.1" 301 1026 "-" "-"
2001:288:a201::66:125 - - [25/Aug/2026:07:24:10 +0800] "GET /blog/active.php HTTP/1.1" 404 1084 "-" "-"
140.111.67.10 - - [25/Aug/2026:07:24:11 +0800] "GET /" 301 273 "-" "-"
2a12:f541:7c37:ac0b:383:e088:a726:34a5 - - [25/Aug/2026:07:24:14 +0800] "GET /34/2020/03/24/%E7%B7%9A%E4%B8%8A%E6%95%B8%E5%AD%B8%E6%95%99%E5%AD%B8%E8%88%87%E5%AD%B8%E7%BF%92%E8%B3%87%E6%BA%90/ HTTP/1.1" 200 21864 "-" "Mozilla/5.0 (Macintosh; Intel Mac OS X 10_15_7) AppleWebKit/605.1.15 (KHTML, like Gecko) Version/17.0 Safari/605.1.15"
2a02:8071:7020:7420:c520:9740:db46:db92 - - [25/Aug/2026:07:24:14 +0800] "GET /26151/2014/02/21/%E7%89%B9%E6%95%99%E8%B3%87%E6%BA%90%E4%B8%AD%E5%BF%83%E7%B0%A1%E4%BB%8B/ HTTP/1.1" 200 24435 "-" "Mozilla/5.0 (Macintosh; Intel Mac OS X 10.15; rv:144.0) Gecko/20100101 Firefox/144.0"
2407:54c0:1b29:ed7c:f4de:e046:beab:16df - - [25/Aug/2026:07:24:15 +0800] "GET /1003/2014/12/16/%E3%80%8C%E9%96%B1%E8%AE%80%E6%8E%A8%E8%96%A6%E3%80%8D%E9%87%8E%E6%9E%97%E5%AE%88%E8%AD%B7%E6%88%B0/ HTTP/1.1" 200 18521 "-" "Mozilla/5.0 (Macintosh; Intel Mac OS X 10_15_7) AppleWebKit/605.1.15 (KHTML, like Gecko) Version/15.5 Safari/605.1.15"
2001:288:a201::66:125 - - [25/Aug/2026:07:24:15 +0800] "GET /blog/active.php HTTP/1.1" 404 1084 "-" "-"
2001:288:a201::66:125 - - [25/Aug/2026:07:24:15 +0800] "GET /blog/active.php HTTP/1.1" 301 1026 "-" "-"
2a03:2880:f802:b:: - - [25/Aug/2026:07:24:13 +0800] "GET /wp-login.php?key=rgixo375&_wpnonce=&action=ilc_logout&redirect_to=https%3A%2F%2Fmushroom.joynetgame.com HTTP/1.1" 302 8260 "-" "Mozilla/5.0 (Windows NT 10.0; Win64; x64) AppleWebKit/537.36 (KHTML, like Gecko) Chrome/145.0.0.0 Safari/537.36 (compatible; meta-externalagent/1.1 (+https://developers.facebook.com/docs/sharing/webmasters/crawler))"
140.111.67.10 - - [25/Aug/2026:07:24:16 +0800] "GET /" 301 273 "-" "-"
2001:ee0:553b:3540:6a8f:c9ff:fe11:18f0 - - [25/Aug/2026:07:24:17 +0800] "GET /1003/2015/08/07/%E6%B3%A8%E9%9F%B3%E7%AC%A6%E8%99%9F%E6%95%99%E5%AD%B8%E5%95%8F%E9%A1%8C%E6%95%B4%E7%90%86/ HTTP/1.1" 200 20475 "-" "Mozilla/5.0 (Windows NT 10.0; Win64; x64) AppleWebKit/537.36 (KHTML, like Gecko) Chrome/101.0.4951.64 Safari/537.36 Edg/101.0.1210.47"
2a11:c41:2493:c958:b169:dce0:545a:dbd3 - - [25/Aug/2026:07:24:18 +0800] "GET /1003/2022/04/23/%E4%BA%94%E5%B9%B4%E7%B4%9A%E8%87%AA%E7%84%B6%E8%AA%B2%E4%BA%92%E5%8B%95%E5%BC%8F%E7%B7%9A%E4%B8%8A%E6%95%99%E5%AD%B8%E4%BD%BF%E7%94%A8hiteach-cc/ HTTP/1.1" 200 20276 "-" "Mozilla/5.0 (Macintosh; Intel Mac OS X 10_15_7) AppleWebKit/605.1.15 (KHTML, like Gecko) Version/15.5 Safari/605.1.15"
240e:97e:2000:900:1234:4321:0:2 - - [25/Aug/2026:07:24:19 +0800] "GET /wp-content/themes/oceanwp/assets/fonts/simple-line-icons/Simple-Line-Icons.woff2?v=2.4.0 HTTP/1.1" 200 35762 "https://www.cwjh.ilc.edu.tw/wp-content/cache/www.cwjh.ilc.edu.tw/wpfc-minified/dhutxct0/77dd.css" "Mozilla/5.0 (Windows NT 10.0; Win64; x64) AppleWebKit/537.36 (KHTML, like Gecko) Chrome/144.0.0.0 Safari/537.36"
240e:97e:2000:900:1234:4321:0:2 - - [25/Aug/2026:07:24:19 +0800] "GET /wp-includes/js/imagesloaded.min.js HTTP/1.1" 200 7486 "https://www.cwjh.ilc.edu.tw/category/c-8678/c-59702/page/9/" "Mozilla/5.0 (Windows NT 10.0; Win64; x64) AppleWebKit/537.36 (KHTML, like Gecko) Chrome/144.0.0.0 Safari/537.36"
240e:97e:2000:900:1234:4321:0:2 - - [25/Aug/2026:07:24:19 +0800] "GET /wp-content/themes/oceanwp/assets/js/theme.min.js HTTP/1.1" 200 9933 "https://www.cwjh.ilc.edu.tw/category/c-8678/c-59702/page/9/" "Mozilla/5.0 (Windows NT 10.0; Win64; x64) AppleWebKit/537.36 (KHTML, like Gecko) Chrome/144.0.0.0 Safari/537.36"
240e:97e:2000:900:1234:4321:0:2 - - [25/Aug/2026:07:24:19 +0800] "GET /wp-content/themes/oceanwp/assets/js/drop-down-mobile-menu.min.js HTTP/1.1" 200 9466 "https://www.cwjh.ilc.edu.tw/category/c-8678/c-59702/page/9/" "Mozilla/5.0 (Windows NT 10.0; Win64; x64) AppleWebKit/537.36 (KHTML, like Gecko) Chrome/144.0.0.0 Safari/537.36"
240e:97e:2000:900:1234:4321:0:2 - - [25/Aug/2026:07:24:19 +0800] "GET /wp-content/themes/oceanwp/assets/js/drop-down-search.min.js HTTP/1.1" 200 7771 "https://www.cwjh.ilc.edu.tw/category/c-8678/c-59702/page/9/" "Mozilla/5.0 (Windows NT 10.0; Win64; x64) AppleWebKit/537.36 (KHTML, like Gecko) Chrome/144.0.0.0 Safari/537.36"
240e:97e:2000:900:1234:4321:0:2 - - [25/Aug/2026:07:24:20 +0800] "GET /wp-content/themes/oceanwp/assets/js/ow-lightbox.min.js HTTP/1.1" 200 2321 "https://www.cwjh.ilc.edu.tw/category/c-8678/c-59702/page/9/" "Mozilla/5.0 (Windows NT 10.0; Win64; x64) AppleWebKit/537.36 (KHTML, like Gecko) Chrome/144.0.0.0 Safari/537.36"
240e:97e:2000:900:1234:4321:0:2 - - [25/Aug/2026:07:24:20 +0800] "GET /wp-content/themes/oceanwp/assets/js/ow-slider.min.js HTTP/1.1" 200 1761 "https://www.cwjh.ilc.edu.tw/category/c-8678/c-59702/page/9/" "Mozilla/5.0 (Windows NT 10.0; Win64; x64) AppleWebKit/537.36 (KHTML, like Gecko) Chrome/144.0.0.0 Safari/537.36"
240e:97e:2000:900:1234:4321:0:2 - - [25/Aug/2026:07:24:20 +0800] "GET /wp-content/themes/oceanwp/assets/js/vendors/flickity.pkgd.min.js HTTP/1.1" 200 15048 "https://www.cwjh.ilc.edu.tw/category/c-8678/c-59702/page/9/" "Mozilla/5.0 (Windows NT 10.0; Win64; x64) AppleWebKit/537.36 (KHTML, like Gecko) Chrome/144.0.0.0 Safari/537.36"
240e:97e:2000:900:1234:4321:0:2 - - [25/Aug/2026:07:24:20 +0800] "GET /wp-content/themes/oceanwp/assets/js/scroll-effect.min.js HTTP/1.1" 200 4127 "https://www.cwjh.ilc.edu.tw/category/c-8678/c-59702/page/9/" "Mozilla/5.0 (Windows NT 10.0; Win64; x64) AppleWebKit/537.36 (KHTML, like Gecko) Chrome/144.0.0.0 Safari/537.36"
240e:97e:2000:900:1234:4321:0:2 - - [25/Aug/2026:07:24:20 +0800] "GET /wp-content/themes/oceanwp/assets/js/select.min.js HTTP/1.1" 200 2408 "https://www.cwjh.ilc.edu.tw/category/c-8678/c-59702/page/9/" "Mozilla/5.0 (Windows NT 10.0; Win64; x64) AppleWebKit/537.36 (KHTML, like Gecko) Chrome/144.0.0.0 Safari/537.36"
240e:97e:2000:900:1234:4321:0:2 - - [25/Aug/2026:07:24:20 +0800] "GET /wp-content/plugins/ocean-extra/includes/widgets/js/flickr.min.js HTTP/1.1" 200 1319 "https://www.cwjh.ilc.edu.tw/category/c-8678/c-59702/page/9/" "Mozilla/5.0 (Windows NT 10.0; Win64; x64) AppleWebKit/537.36 (KHTML, like Gecko) Chrome/144.0.0.0 Safari/537.36"
2001:288:a201::66:125 - - [25/Aug/2026:07:24:20 +0800] "GET /blog/active.php HTTP/1.1" 404 1084 "-" "-"
2001:288:a201::66:125 - - [25/Aug/2026:07:24:20 +0800] "GET /blog/active.php HTTP/1.1" 301 1026 "-" "-"
240e:97e:2000:900:1234:4321:0:2 - - [25/Aug/2026:07:24:20 +0800] "GET /wp-content/uploads/sites/1364/2020/02/cropped-cwjh001-32x32.png HTTP/1.1" 200 3126 "https://www.cwjh.ilc.edu.tw/category/c-8678/c-59702/page/9/" "Mozilla/5.0 (Windows NT 10.0; Win64; x64) AppleWebKit/537.36 (KHTML, like Gecko) Chrome/144.0.0.0 Safari/537.36"
2a12:f541:4583:21f0:30fe:3c9f:4e51:85fd - - [25/Aug/2026:07:24:20 +0800] "GET /1003/2013/05/10/%E5%B0%8F%E4%B8%80%E4%B8%8B%E7%AC%AC12%E9%80%B1%E6%AF%8D%E8%A6%AA%E7%AF%80%E6%A2%94%E5%AD%90%E8%8A%B1%E5%AF%AB%E8%A9%A9%E3%80%81%E6%89%8B%E6%84%9B%E5%BF%83%E5%8D%A1%E7%89%87/ HTTP/1.1" 200 21418 "-" "Mozilla/5.0 (Windows NT 10.0; Win64; x64) AppleWebKit/537.36 (KHTML, like Gecko) Chrome/99.0.4844.51 Safari/537.36"
2a12:f540:3fc0:b3e3:7bc1:9029:383c:f62d - - [25/Aug/2026:07:24:21 +0800] "GET /1279/2015/06/05/12-2%E6%88%91%E7%B5%82%E6%96%BC%E6%9A%AB%E6%99%82%E5%BF%99%E5%AE%8C%E4%BA%86%EF%BC%81/ HTTP/1.1" 200 19166 "-" "Mozilla/5.0 (Macintosh; Intel Mac OS X 10_15_7) AppleWebKit/537.36 (KHTML, like Gecko) Chrome/145.0.0.0 Safari/537.36"
2a11:c40:5253:4740:f2e4:8224:5d2a:43b7 - - [25/Aug/2026:07:24:21 +0800] "GET /34/2006/01/19/%E6%95%B8%E5%AD%B8%E7%B9%AA%E6%9C%AC%E6%95%99%E5%AD%B8%E9%AD%94%E6%B3%95%E6%9B%B8-%E5%A5%BD%E7%8E%A9%E7%9A%84%E4%B8%80%E5%88%86%E9%90%98/ HTTP/1.1" 200 18569 "-" "Mozilla/5.0 (Macintosh; Intel Mac OS X 10_15_7) AppleWebKit/537.36 (KHTML, like Gecko) Chrome/131.0.0.0 Safari/537.36"
140.111.67.10 - - [25/Aug/2026:07:24:21 +0800] "GET /" 301 273 "-" "-"
2a03:2880:f802:: - - [25/Aug/2026:07:24:21 +0800] "GET /wp-login.php?key=bxkxh375&_wpnonce=&action=ilc_logout&redirect_to=https%3A%2F%2Fgame.edu.kg HTTP/1.1" 302 8248 "-" "Mozilla/5.0 (Windows NT 10.0; Win64; x64) AppleWebKit/537.36 (KHTML, like Gecko) Chrome/145.0.0.0 Safari/537.36 (compatible; meta-externalagent/1.1 (+https://developers.facebook.com/docs/sharing/webmasters/crawler))"
::1 - - [25/Aug/2026:07:24:25 +0800] "OPTIONS * HTTP/1.0" 200 110 "-" "Apache/2.4.68 (Ubuntu) OpenSSL/3.0.19 (internal dummy connection)"
2001:288:a201::66:125 - - [25/Aug/2026:07:24:25 +0800] "GET /blog/active.php HTTP/1.1" 404 1084 "-" "-"
2001:288:a201::66:125 - - [25/Aug/2026:07:24:25 +0800] "GET /blog/active.php HTTP/1.1" 301 1026 "-" "-"
::1 - - [25/Aug/2026:07:24:26 +0800] "OPTIONS * HTTP/1.0" 200 110 "-" "Apache/2.4.68 (Ubuntu) OpenSSL/3.0.19 (internal dummy connection)"
2001:288:a217:1:9fc:f4f1:76f:129a - - [25/Aug/2026:07:24:26 +0800] "GET / HTTP/1.1" 200 22308 "https://www.google.com/" "Mozilla/5.0 (Windows NT 10.0; Win64; x64) AppleWebKit/537.36 (KHTML, like Gecko) Chrome/151.0.0.0 Safari/537.36"
140.111.67.10 - - [25/Aug/2026:07:24:26 +0800] "GET /" 301 273 "-" "-"
2001:288:a217:1:9fc:f4f1:76f:129a - - [25/Aug/2026:07:24:27 +0800] "GET /wp-content/cache/www.lmes.ilc.edu.tw/wpfc-minified/7ntj1xq1/6vyc.css HTTP/1.1" 200 5958 "https://www.lmes.ilc.edu.tw/" "Mozilla/5.0 (Windows NT 10.0; Win64; x64) AppleWebKit/537.36 (KHTML, like Gecko) Chrome/151.0.0.0 Safari/537.36"
2001:288:a217:1:9fc:f4f1:76f:129a - - [25/Aug/2026:07:24:27 +0800] "GET /wp-content/cache/www.lmes.ilc.edu.tw/wpfc-minified/d4c2i71s/6vyc.css HTTP/1.1" 200 40884 "https://www.lmes.ilc.edu.tw/" "Mozilla/5.0 (Windows NT 10.0; Win64; x64) AppleWebKit/537.36 (KHTML, like Gecko) Chrome/151.0.0.0 Safari/537.36"
2001:288:a217:1:9fc:f4f1:76f:129a - - [25/Aug/2026:07:24:27 +0800] "GET /wp-content/uploads/sites/1155/elementor/css/post-216.css HTTP/1.1" 200 6070 "https://www.lmes.ilc.edu.tw/" "Mozilla/5.0 (Windows NT 10.0; Win64; x64) AppleWebKit/537.36 (KHTML, like Gecko) Chrome/151.0.0.0 Safari/537.36"
2001:288:a217:1:9fc:f4f1:76f:129a - - [25/Aug/2026:07:24:27 +0800] "GET /wp-content/cache/www.lmes.ilc.edu.tw/wpfc-minified/k9uw7qko/6vyd.js HTTP/1.1" 200 35557 "https://www.lmes.ilc.edu.tw/" "Mozilla/5.0 (Windows NT 10.0; Win64; x64) AppleWebKit/537.36 (KHTML, like Gecko) Chrome/151.0.0.0 Safari/537.36"
2001:288:a217:1:9fc:f4f1:76f:129a - - [25/Aug/2026:07:24:27 +0800] "GET /wp-content/cache/www.lmes.ilc.edu.tw/wpfc-minified/dscr9o8c/6vyc.css HTTP/1.1" 200 91605 "https://www.lmes.ilc.edu.tw/" "Mozilla/5.0 (Windows NT 10.0; Win64; x64) AppleWebKit/537.36 (KHTML, like Gecko) Chrome/151.0.0.0 Safari/537.36"
2001:288:a217:1:9fc:f4f1:76f:129a - - [25/Aug/2026:07:24:27 +0800] "GET /wp-content/cache/www.lmes.ilc.edu.tw/wpfc-minified/eivubsp8/6vyc.css HTTP/1.1" 200 58863 "https://www.lmes.ilc.edu.tw/" "Mozilla/5.0 (Windows NT 10.0; Win64; x64) AppleWebKit/537.36 (KHTML, like Gecko) Chrome/151.0.0.0 Safari/537.36"
2001:288:a217:1:9fc:f4f1:76f:129a - - [25/Aug/2026:07:24:27 +0800] "GET /wp-includes/js/hoverintent-js.min.js HTTP/1.1" 200 1597 "https://www.lmes.ilc.edu.tw/" "Mozilla/5.0 (Windows NT 10.0; Win64; x64) AppleWebKit/537.36 (KHTML, like Gecko) Chrome/151.0.0.0 Safari/537.36"
2001:288:a217:1:9fc:f4f1:76f:129a - - [25/Aug/2026:07:24:27 +0800] "GET /wp-includes/js/admin-bar.min.js HTTP/1.1" 200 2237 "https://www.lmes.ilc.edu.tw/" "Mozilla/5.0 (Windows NT 10.0; Win64; x64) AppleWebKit/537.36 (KHTML, like Gecko) Chrome/151.0.0.0 Safari/537.36"
2001:288:a217:1:9fc:f4f1:76f:129a - - [25/Aug/2026:07:24:27 +0800] "GET /wp-includes/js/imagesloaded.min.js HTTP/1.1" 200 2683 "https://www.lmes.ilc.edu.tw/" "Mozilla/5.0 (Windows NT 10.0; Win64; x64) AppleWebKit/537.36 (KHTML, like Gecko) Chrome/151.0.0.0 Safari/537.36"
2001:288:a217:1:9fc:f4f1:76f:129a - - [25/Aug/2026:07:24:27 +0800] "GET /wp-content/themes/oceanwp/assets/js/theme.min.js HTTP/1.1" 200 5130 "https://www.lmes.ilc.edu.tw/" "Mozilla/5.0 (Windows NT 10.0; Win64; x64) AppleWebKit/537.36 (KHTML, like Gecko) Chrome/151.0.0.0 Safari/537.36"
2001:288:a217:1:9fc:f4f1:76f:129a - - [25/Aug/2026:07:24:27 +0800] "GET /wp-content/themes/oceanwp/assets/js/drop-down-mobile-menu.min.js HTTP/1.1" 200 4663 "https://www.lmes.ilc.edu.tw/" "Mozilla/5.0 (Windows NT 10.0; Win64; x64) AppleWebKit/537.36 (KHTML, like Gecko) Chrome/151.0.0.0 Safari/537.36"
2001:288:a217:1:9fc:f4f1:76f:129a - - [25/Aug/2026:07:24:27 +0800] "GET /wp-content/themes/oceanwp/assets/js/drop-down-search.min.js HTTP/1.1" 200 2968 "https://www.lmes.ilc.edu.tw/" "Mozilla/5.0 (Windows NT 10.0; Win64; x64) AppleWebKit/537.36 (KHTML, like Gecko) Chrome/151.0.0.0 Safari/537.36"
2001:288:a217:1:9fc:f4f1:76f:129a - - [25/Aug/2026:07:24:27 +0800] "GET /wp-content/themes/oceanwp/assets/js/vendors/magnific-popup.min.js HTTP/1.1" 200 8270 "https://www.lmes.ilc.edu.tw/" "Mozilla/5.0 (Windows NT 10.0; Win64; x64) AppleWebKit/537.36 (KHTML, like Gecko) Chrome/151.0.0.0 Safari/537.36"
2001:288:a217:1:9fc:f4f1:76f:129a - - [25/Aug/2026:07:24:27 +0800] "GET /wp-content/themes/oceanwp/assets/js/ow-lightbox.min.js HTTP/1.1" 200 2321 "https://www.lmes.ilc.edu.tw/" "Mozilla/5.0 (Windows NT 10.0; Win64; x64) AppleWebKit/537.36 (KHTML, like Gecko) Chrome/151.0.0.0 Safari/537.36"
2001:288:a217:1:9fc:f4f1:76f:129a - - [25/Aug/2026:07:24:27 +0800] "GET /wp-content/themes/oceanwp/assets/js/vendors/flickity.pkgd.min.js HTTP/1.1" 200 15048 "https://www.lmes.ilc.edu.tw/" "Mozilla/5.0 (Windows NT 10.0; Win64; x64) AppleWebKit/537.36 (KHTML, like Gecko) Chrome/151.0.0.0 Safari/537.36"
2001:288:a217:1:9fc:f4f1:76f:129a - - [25/Aug/2026:07:24:27 +0800] "GET /wp-content/themes/oceanwp/assets/js/ow-slider.min.js HTTP/1.1" 200 1761 "https://www.lmes.ilc.edu.tw/" "Mozilla/5.0 (Windows NT 10.0; Win64; x64) AppleWebKit/537.36 (KHTML, like Gecko) Chrome/151.0.0.0 Safari/537.36"
2001:288:a217:1:9fc:f4f1:76f:129a - - [25/Aug/2026:07:24:27 +0800] "GET /wp-content/themes/oceanwp/assets/js/scroll-effect.min.js HTTP/1.1" 200 4127 "https://www.lmes.ilc.edu.tw/" "Mozilla/5.0 (Windows NT 10.0; Win64; x64) AppleWebKit/537.36 (KHTML, like Gecko) Chrome/151.0.0.0 Safari/537.36"
2001:288:a217:1:9fc:f4f1:76f:129a - - [25/Aug/2026:07:24:27 +0800] "GET /wp-content/themes/oceanwp/assets/js/scroll-top.min.js HTTP/1.1" 200 3202 "https://www.lmes.ilc.edu.tw/" "Mozilla/5.0 (Windows NT 10.0; Win64; x64) AppleWebKit/537.36 (KHTML, like Gecko) Chrome/151.0.0.0 Safari/537.36"
2001:288:a217:1:9fc:f4f1:76f:129a - - [25/Aug/2026:07:24:27 +0800] "GET /wp-content/themes/oceanwp/assets/js/select.min.js HTTP/1.1" 200 2408 "https://www.lmes.ilc.edu.tw/" "Mozilla/5.0 (Windows NT 10.0; Win64; x64) AppleWebKit/537.36 (KHTML, like Gecko) Chrome/151.0.0.0 Safari/537.36"
2001:288:a217:1:9fc:f4f1:76f:129a - - [25/Aug/2026:07:24:27 +0800] "GET /wp-content/plugins/ocean-extra/includes/widgets/js/flickr.min.js HTTP/1.1" 200 1319 "https://www.lmes.ilc.edu.tw/" "Mozilla/5.0 (Windows NT 10.0; Win64; x64) AppleWebKit/537.36 (KHTML, like Gecko) Chrome/151.0.0.0 Safari/537.36"
2001:288:a217:1:9fc:f4f1:76f:129a - - [25/Aug/2026:07:24:27 +0800] "GET /js/tab-view.js HTTP/1.1" 404 41734 "https://www.lmes.ilc.edu.tw/" "Mozilla/5.0 (Windows NT 10.0; Win64; x64) AppleWebKit/537.36 (KHTML, like Gecko) Chrome/151.0.0.0 Safari/537.36"
2001:288:a217:1:9fc:f4f1:76f:129a - - [25/Aug/2026:07:24:27 +0800] "GET /css/tab-view.css HTTP/1.1" 404 46535 "https://www.lmes.ilc.edu.tw/" "Mozilla/5.0 (Windows NT 10.0; Win64; x64) AppleWebKit/537.36 (KHTML, like Gecko) Chrome/151.0.0.0 Safari/537.36"
2001:288:a217:1:9fc:f4f1:76f:129a - - [25/Aug/2026:07:24:27 +0800] "GET /js/ajax.js HTTP/1.1" 404 41734 "https://www.lmes.ilc.edu.tw/" "Mozilla/5.0 (Windows NT 10.0; Win64; x64) AppleWebKit/537.36 (KHTML, like Gecko) Chrome/151.0.0.0 Safari/537.36"
2001:288:a217:1:9fc:f4f1:76f:129a - - [25/Aug/2026:07:24:27 +0800] "GET /wp-content/uploads/sites/1155/2022/03/34.png HTTP/1.1" 200 13096 "https://www.lmes.ilc.edu.tw/" "Mozilla/5.0 (Windows NT 10.0; Win64; x64) AppleWebKit/537.36 (KHTML, like Gecko) Chrome/151.0.0.0 Safari/537.36"
2001:288:a217:1:9fc:f4f1:76f:129a - - [25/Aug/2026:07:24:27 +0800] "GET /wp-content/uploads/sites/1155/2022/03/33.gif HTTP/1.1" 200 10358 "https://www.lmes.ilc.edu.tw/" "Mozilla/5.0 (Windows NT 10.0; Win64; x64) AppleWebKit/537.36 (KHTML, like Gecko) Chrome/151.0.0.0 Safari/537.36"
2001:288:a217:1:9fc:f4f1:76f:129a - - [25/Aug/2026:07:24:27 +0800] "GET /wp-content/uploads/sites/1155/2022/03/31.jpg HTTP/1.1" 200 32064 "https://www.lmes.ilc.edu.tw/" "Mozilla/5.0 (Windows NT 10.0; Win64; x64) AppleWebKit/537.36 (KHTML, like Gecko) Chrome/151.0.0.0 Safari/537.36"
2001:288:a217:1:9fc:f4f1:76f:129a - - [25/Aug/2026:07:24:27 +0800] "GET /wp-content/uploads/sites/1155/2024/10/cropped-%E9%BB%8E%E6%98%8E%E9%A6%96%E9%A0%81OK.png HTTP/1.1" 200 918403 "https://www.lmes.ilc.edu.tw/" "Mozilla/5.0 (Windows NT 10.0; Win64; x64) AppleWebKit/537.36 (KHTML, like Gecko) Chrome/151.0.0.0 Safari/537.36"
2001:288:a217:1:9fc:f4f1:76f:129a - - [25/Aug/2026:07:24:27 +0800] "GET /wp-content/themes/oceanwp/assets/fonts/fontawesome/webfonts/fa-solid-900.woff2 HTTP/1.1" 200 151246 "https://www.lmes.ilc.edu.tw/wp-content/cache/www.lmes.ilc.edu.tw/wpfc-minified/dscr9o8c/6vyc.css" "Mozilla/5.0 (Windows NT 10.0; Win64; x64) AppleWebKit/537.36 (KHTML, like Gecko) Chrome/151.0.0.0 Safari/537.36"
2001:288:a217:1:9fc:f4f1:76f:129a - - [25/Aug/2026:07:24:28 +0800] "GET /wp-content/uploads/sites/1155/2024/11/001-1.png HTTP/1.1" 200 186149 "https://www.lmes.ilc.edu.tw/" "Mozilla/5.0 (Windows NT 10.0; Win64; x64) AppleWebKit/537.36 (KHTML, like Gecko) Chrome/151.0.0.0 Safari/537.36"
2001:288:a217:1:9fc:f4f1:76f:129a - - [25/Aug/2026:07:24:28 +0800] "GET /wp-content/uploads/sites/1155/2022/03/12.jpg HTTP/1.1" 200 6124 "https://www.lmes.ilc.edu.tw/" "Mozilla/5.0 (Windows NT 10.0; Win64; x64) AppleWebKit/537.36 (KHTML, like Gecko) Chrome/151.0.0.0 Safari/537.36"
2001:288:a217:1:9fc:f4f1:76f:129a - - [25/Aug/2026:07:24:28 +0800] "GET /wp-content/uploads/sites/1155/2024/02/Image-003.png HTTP/1.1" 200 11116 "https://www.lmes.ilc.edu.tw/" "Mozilla/5.0 (Windows NT 10.0; Win64; x64) AppleWebKit/537.36 (KHTML, like Gecko) Chrome/151.0.0.0 Safari/537.36"
2001:288:a217:1:9fc:f4f1:76f:129a - - [25/Aug/2026:07:24:28 +0800] "GET /wp-content/uploads/sites/1155/2022/03/456.jpg HTTP/1.1" 200 6441 "https://www.lmes.ilc.edu.tw/" "Mozilla/5.0 (Windows NT 10.0; Win64; x64) AppleWebKit/537.36 (KHTML, like Gecko) Chrome/151.0.0.0 Safari/537.36"
2001:288:a217:1:9fc:f4f1:76f:129a - - [25/Aug/2026:07:24:28 +0800] "GET /wp-content/uploads/sites/1155/2022/03/13.jpg HTTP/1.1" 200 10017 "https://www.lmes.ilc.edu.tw/" "Mozilla/5.0 (Windows NT 10.0; Win64; x64) AppleWebKit/537.36 (KHTML, like Gecko) Chrome/151.0.0.0 Safari/537.36"
2001:288:a217:1:9fc:f4f1:76f:129a - - [25/Aug/2026:07:24:28 +0800] "GET /wp-content/uploads/sites/1155/2022/03/37.jpg HTTP/1.1" 200 6624 "https://www.lmes.ilc.edu.tw/" "Mozilla/5.0 (Windows NT 10.0; Win64; x64) AppleWebKit/537.36 (KHTML, like Gecko) Chrome/151.0.0.0 Safari/537.36"
2001:288:a217:1:9fc:f4f1:76f:129a - - [25/Aug/2026:07:24:28 +0800] "GET /wp-content/uploads/sites/1155/2022/03/adnuvtssfjij.gif HTTP/1.1" 200 10735 "https://www.lmes.ilc.edu.tw/" "Mozilla/5.0 (Windows NT 10.0; Win64; x64) AppleWebKit/537.36 (KHTML, like Gecko) Chrome/151.0.0.0 Safari/537.36"
2001:288:a217:1:9fc:f4f1:76f:129a - - [25/Aug/2026:07:24:28 +0800] "GET /wp-content/uploads/sites/1155/2022/03/green.png HTTP/1.1" 200 18351 "https://www.lmes.ilc.edu.tw/" "Mozilla/5.0 (Windows NT 10.0; Win64; x64) AppleWebKit/537.36 (KHTML, like Gecko) Chrome/151.0.0.0 Safari/537.36"
2001:288:a217:1:9fc:f4f1:76f:129a - - [25/Aug/2026:07:24:28 +0800] "GET /wp-content/uploads/sites/1155/2022/03/02.jpg HTTP/1.1" 200 15498 "https://www.lmes.ilc.edu.tw/" "Mozilla/5.0 (Windows NT 10.0; Win64; x64) AppleWebKit/537.36 (KHTML, like Gecko) Chrome/151.0.0.0 Safari/537.36"
2001:288:a217:1:9fc:f4f1:76f:129a - - [25/Aug/2026:07:24:28 +0800] "GET /wp-content/uploads/sites/1155/2022/03/05.jpg HTTP/1.1" 200 30730 "https://www.lmes.ilc.edu.tw/" "Mozilla/5.0 (Windows NT 10.0; Win64; x64) AppleWebKit/537.36 (KHTML, like Gecko) Chrome/151.0.0.0 Safari/537.36"
2001:288:a217:1:9fc:f4f1:76f:129a - - [25/Aug/2026:07:24:28 +0800] "GET /wp-content/uploads/sites/1155/2022/03/36.jpg HTTP/1.1" 200 7888 "https://www.lmes.ilc.edu.tw/" "Mozilla/5.0 (Windows NT 10.0; Win64; x64) AppleWebKit/537.36 (KHTML, like Gecko) Chrome/151.0.0.0 Safari/537.36"
2001:288:a217:1:9fc:f4f1:76f:129a - - [25/Aug/2026:07:24:28 +0800] "GET /wp-content/uploads/sites/1155/2022/03/07.jpg HTTP/1.1" 200 20359 "https://www.lmes.ilc.edu.tw/" "Mozilla/5.0 (Windows NT 10.0; Win64; x64) AppleWebKit/537.36 (KHTML, like Gecko) Chrome/151.0.0.0 Safari/537.36"
2001:288:a217:1:9fc:f4f1:76f:129a - - [25/Aug/2026:07:24:28 +0800] "GET /wp-content/uploads/sites/1155/2022/03/14.jpg HTTP/1.1" 200 15068 "https://www.lmes.ilc.edu.tw/" "Mozilla/5.0 (Windows NT 10.0; Win64; x64) AppleWebKit/537.36 (KHTML, like Gecko) Chrome/151.0.0.0 Safari/537.36"
2001:288:a217:1:9fc:f4f1:76f:129a - - [25/Aug/2026:07:24:28 +0800] "GET /wp-content/uploads/sites/1155/2022/03/10.jpg HTTP/1.1" 200 14335 "https://www.lmes.ilc.edu.tw/" "Mozilla/5.0 (Windows NT 10.0; Win64; x64) AppleWebKit/537.36 (KHTML, like Gecko) Chrome/151.0.0.0 Safari/537.36"
2001:e68:540f:5a97:4490:f9e1:dda9:7efa - - [25/Aug/2026:07:24:30 +0800] "GET /25222/2022/08/02/%E3%80%90%E7%AB%B6%E8%B3%BD%E8%B3%87%E8%A8%8A%E3%80%91%E6%9C%89%E9%97%9C%E3%80%8C%E4%B8%AD%E8%8F%AF%E6%B0%91%E5%9C%8B111%E5%B9%B4%E5%85%A8%E5%9C%8B%E8%AA%9E%E6%96%87%E7%AB%B6%E8%B3%BD%E8%A9%A6/ HTTP/1.1" 200 14628 "-" "Mozilla/5.0 (Windows NT 10.0; Win64; x64) AppleWebKit/537.36 (KHTML, like Gecko) Chrome/116.0.0.0 Safari/537.36"
2001:288:a201::66:125 - - [25/Aug/2026:07:24:30 +0800] "GET /blog/active.php HTTP/1.1" 404 1084 "-" "-"
2001:288:a201::66:125 - - [25/Aug/2026:07:24:30 +0800] "GET /blog/active.php HTTP/1.1" 301 1026 "-" "-"
140.111.67.10 - - [25/Aug/2026:07:24:31 +0800] "GET /" 301 273 "-" "-"
2a12:f540:79f3:4e06:ca34:9f85:661e:3a6c - - [25/Aug/2026:07:24:31 +0800] "GET /3226/2008/09/23/%E5%90%8D%E4%BA%BA%E8%BB%BC%E4%BA%8B-2/ HTTP/1.1" 200 23258 "-" "Mozilla/5.0 (Macintosh; Intel Mac OS X 10_15_7) AppleWebKit/537.36 (KHTML, like Gecko) Chrome/119.0.0.0 Safari/537.36"
2a03:2880:f80e:51:: - - [25/Aug/2026:07:24:30 +0800] "GET /wp-login.php?key=sxzpe375&_wpnonce=&action=ilc_logout&redirect_to=https%3A%2F%2Fplay.google.com%2Fstore%2Fapps%2Fdetails%3Fid%3Dcom.us.dyjycbt.google HTTP/1.1" 302 8296 "-" "Mozilla/5.0 (Windows NT 10.0; Win64; x64) AppleWebKit/537.36 (KHTML, like Gecko) Chrome/145.0.0.0 Safari/537.36 Edg/145.0.0.0 (compatible; meta-externalagent/1.1 (+https://developers.facebook.com/docs/sharing/webmasters/crawler))"
2a03:2880:16ff:5a:: - - [25/Aug/2026:07:24:32 +0800] "GET /25870/wp-content/cache/2blog.ilc.edu.tw/wpfc-minified/8wpid0gg/63oez.css HTTP/1.1" 200 5951 "https://2blog.ilc.edu.tw/25870/" "Mozilla/5.0 (Macintosh; Intel Mac OS X 10_15_7) AppleWebKit/537.36 (KHTML, like Gecko) Chrome/145.0.0.0 Safari/537.36 (compatible; meta-webindexer/1.1 (+https://developers.facebook.com/docs/sharing/webmasters/crawler))"
2a03:2880:16ff:1b:: - - [25/Aug/2026:07:24:32 +0800] "GET /25870/wp-content/themes/oceanwp/assets/js/drop-down-mobile-menu.min.js HTTP/1.1" 200 9457 "https://2blog.ilc.edu.tw/25870/" "Mozilla/5.0 (Macintosh; Intel Mac OS X 10_15_7) AppleWebKit/537.36 (KHTML, like Gecko) Chrome/145.0.0.0 Safari/537.36 (compatible; meta-webindexer/1.1 (+https://developers.facebook.com/docs/sharing/webmasters/crawler))"
2a03:2880:16ff:1b:: - - [25/Aug/2026:07:24:32 +0800] "GET /25870/wp-content/themes/oceanwp/assets/js/theme.min.js HTTP/1.1" 200 9924 "https://2blog.ilc.edu.tw/25870/" "Mozilla/5.0 (Macintosh; Intel Mac OS X 10_15_7) AppleWebKit/537.36 (KHTML, like Gecko) Chrome/145.0.0.0 Safari/537.36 (compatible; meta-webindexer/1.1 (+https://developers.facebook.com/docs/sharing/webmasters/crawler))"
2a12:f540:2681:79b2:2083:a50d:6561:f138 - - [25/Aug/2026:07:24:33 +0800] "GET /28/2017/02/15/sarah-%E6%AF%8F%E6%9C%88%E4%B8%80%E7%B6%B2-reading-bear/ HTTP/1.1" 200 15497 "-" "Mozilla/5.0 (Windows NT 10.0; Win64; x64) AppleWebKit/537.36 (KHTML, like Gecko) Chrome/104.0.0.0 Safari/537.36"
2001:4860:7:510::f8 - - [25/Aug/2026:07:24:33 +0800] "GET /?p=556 HTTP/1.1" 200 21566 "https://www.google.com/" "Mozilla/5.0 (Windows NT 10.0; Win64; x64) AppleWebKit/537.36 (KHTML, like Gecko) Chrome/151.0.0.0 Safari/537.36"
::1 - - [25/Aug/2026:07:24:35 +0800] "OPTIONS * HTTP/1.0" 200 110 "-" "Apache/2.4.68 (Ubuntu) OpenSSL/3.0.19 (internal dummy connection)"
2001:288:a201::66:125 - - [25/Aug/2026:07:24:35 +0800] "GET /blog/active.php HTTP/1.1" 301 1026 "-" "-"
2001:288:a201::66:125 - - [25/Aug/2026:07:24:35 +0800] "GET /blog/active.php HTTP/1.1" 404 1084 "-" "-"
2a10:4a01:ab92:e727:ab9b:dc79:5e7:b090 - - [25/Aug/2026:07:24:35 +0800] "GET /1909/2015/01/30/17%E5%80%8B%E6%94%B9%E8%AE%8A%E6%AD%B7%E5%8F%B2%E7%9A%84%E5%8C%96%E5%AD%B8%E6%95%85%E4%BA%8B%E7%AC%AC4%E7%AB%A0%E6%A3%89%E8%8A%B1%E8%88%87%E7%BA%96%E7%B6%AD%E7%B4%A0/ HTTP/1.1" 200 19589 "-" "Mozilla/5.0 (Macintosh; Intel Mac OS X 10_15_7) AppleWebKit/537.36 (KHTML, like Gecko) Chrome/123.0.0.0 Safari/537.36"
2a12:f540:45ba:b34:6f80:6420:7730:6e65 - - [25/Aug/2026:07:24:35 +0800] "GET /6377/2016/07/11/%E5%88%A9%E6%BE%A4%E5%9C%8B%E4%B8%AD104%E5%AD%B8%E5%B9%B4%E5%BA%A6%E7%AC%AC2%E5%AD%B8%E6%9C%9F%E7%AC%AC6%E6%AC%A1%E8%AA%B2%E7%A8%8B%E7%99%BC%E5%B1%95%E5%A7%94%E5%93%A1%E6%9C%83105-7-11/ HTTP/1.1" 200 17188 "-" "Mozilla/5.0 (Macintosh; Intel Mac OS X 10.15; rv:133.0) Gecko/20100101 Firefox/133.0"
2a01:f2c6:e40d:1e42:6c60:875c:7717:c528 - - [25/Aug/2026:07:24:36 +0800] "GET /3860/2012/01/26/1-%E6%8C%BE-gia%CC%8Dp-%E3%80%80-2-%E6%8C%BE-nge%CC%8Dh-%E3%80%80-%E5%A4%BE-%E9%9F%B3%E8%AE%80ngeh/ HTTP/1.1" 200 30632 "-" "Mozilla/5.0 (Windows NT 10.0; Win64; x64) AppleWebKit/537.36 (KHTML, like Gecko) Chrome/99.0.4844.51 Safari/537.36 Edg/99.0.1150.30"
::1 - - [25/Aug/2026:07:24:36 +0800] "OPTIONS * HTTP/1.0" 200 110 "-" "Apache/2.4.68 (Ubuntu) OpenSSL/3.0.19 (internal dummy connection)"
140.111.67.10 - - [25/Aug/2026:07:24:36 +0800] "GET /" 301 273 "-" "-"
::1 - - [25/Aug/2026:07:24:37 +0800] "OPTIONS * HTTP/1.0" 200 110 "-" "Apache/2.4.68 (Ubuntu) OpenSSL/3.0.19 (internal dummy connection)"
2a01:f2c4:63d8:75f5:9804:2381:5f84:9181 - - [25/Aug/2026:07:24:39 +0800] "GET /1909/2019/03/09/%E6%94%B9%E8%89%AF%E7%B6%AD%E4%BB%96%E5%91%BDc%E7%9A%84%E6%B8%AC%E5%AE%9A%E6%96%B9%E6%B3%95/ HTTP/1.1" 200 17767 "-" "Mozilla/5.0 (Macintosh; Intel Mac OS X 10_15_7) AppleWebKit/605.1.15 (KHTML, like Gecko) Version/26.0 Safari/605.1.15"
2001:288:a201::66:125 - - [25/Aug/2026:07:24:40 +0800] "GET /blog/active.php HTTP/1.1" 301 1026 "-" "-"
2001:288:a201::66:125 - - [25/Aug/2026:07:24:40 +0800] "GET /blog/active.php HTTP/1.1" 404 1084 "-" "-"
2a10:7b00:8a3c:7447:a48f:31bd:ec24:9824 - - [25/Aug/2026:07:24:40 +0800] "GET /868/48836/ HTTP/1.1" 200 21526 "-" "Mozilla/5.0 (Windows NT 10.0; Win64; x64) AppleWebKit/537.36 (KHTML, like Gecko) Chrome/110.0.0.0 Safari/537.36"
2a03:2880:f802:16:: - - [25/Aug/2026:07:24:38 +0800] "GET /wp-login.php?key=omx51378&_wpnonce=&action=ilc_logout&redirect_to=https%3A%2F%2Fplay.google.com%2Fstore%2Fapps%2Fdetails%3Fid%3Dcom.us.dyjycbt.google HTTP/1.1" 302 8296 "-" "Mozilla/5.0 (Windows NT 10.0; Win64; x64) AppleWebKit/537.36 (KHTML, like Gecko) Chrome/145.0.0.0 Safari/537.36 (compatible; meta-externalagent/1.1 (+https://developers.facebook.com/docs/sharing/webmasters/crawler))"
2a12:da85:810:f2c9:f8e3:b92b:c0de:516c - - [25/Aug/2026:07:24:40 +0800] "GET /5315/?p=2623 HTTP/1.1" 200 18373 "-" "Mozilla/5.0 (Macintosh; Intel Mac OS X 10.15; rv:135.0) Gecko/20100101 Firefox/135.0"
140.111.67.10 - - [25/Aug/2026:07:24:42 +0800] "GET /" 301 273 "-" "-"
::1 - - [25/Aug/2026:07:24:42 +0800] "OPTIONS * HTTP/1.0" 200 110 "-" "Apache/2.4.68 (Ubuntu) OpenSSL/3.0.19 (internal dummy connection)"
2a12:f540:aa1b:2dd8:ce34:7d68:a130:6b6c - - [25/Aug/2026:07:24:42 +0800] "GET /5798/2015/04/19/teach-less-learn-more-%E5%AD%B8%E6%9C%83%E6%AF%94%E6%95%99%E5%AE%8C%E9%87%8D%E8%A6%81/ HTTP/1.1" 200 20259 "-" "Mozilla/5.0 (Macintosh; Intel Mac OS X 10.15; rv:135.0) Gecko/20100101 Firefox/135.0"
2001:288:a201::66:125 - - [25/Aug/2026:07:24:45 +0800] "GET /blog/active.php HTTP/1.1" 301 1026 "-" "-"
2001:288:a201::66:125 - - [25/Aug/2026:07:24:45 +0800] "GET /blog/active.php HTTP/1.1" 404 1084 "-" "-"
2a03:2880:f802:10:: - - [25/Aug/2026:07:24:46 +0800] "GET /wp-content/uploads/sites/2616/6486/6486-4133935.odt HTTP/1.1" 200 29850 "-" "Mozilla/5.0 (Macintosh; Intel Mac OS X 10_15_7) AppleWebKit/537.36 (KHTML, like Gecko) Chrome/145.0.0.0 Safari/537.36 (compatible; meta-externalagent/1.1 (+https://developers.facebook.com/docs/sharing/webmasters/crawler))"
2a10:4a01:87aa:9e70:4601:c879:65df:2aae - - [25/Aug/2026:07:24:43 +0800] "GET /26150/2020/09/24/%E3%80%8C%E6%88%80%E6%88%80%E5%86%AC%E5%AD%A3fun%E5%B9%B8%E7%A6%8F%EF%BD%A3%E5%96%AE%E8%BA%AB%E7%94%B7%E5%A5%B3%E5%B7%A5%E4%BD%9C%E5%9D%8A%E5%AF%A6%E6%96%BD%E8%A8%88%E7%95%AB%E6%96%BC12%E6%9C%8812/ HTTP/1.1" 200 24458 "-" "Mozilla/5.0 (Macintosh; Intel Mac OS X 10.15; rv:147.0) Gecko/20100101 Firefox/147.0"
140.111.67.10 - - [25/Aug/2026:07:24:47 +0800] "GET /" 301 273 "-" "-"
2001:288:a21a:1:6d33:ddab:63fe:cc0b - - [25/Aug/2026:07:24:47 +0800] "GET / HTTP/1.1" 200 25998 "-" "Mozilla/5.0 (Windows NT 10.0; Win64; x64) AppleWebKit/537.36 (KHTML, like Gecko) Chrome/151.0.0.0 Safari/537.36"
2001:288:a21a:1:6d33:ddab:63fe:cc0b - - [25/Aug/2026:07:24:47 +0800] "GET /wp-content/uploads/sites/399/elementor/css/post-123.css HTTP/1.1" 304 790 "https://www.iljh.ilc.edu.tw/" "Mozilla/5.0 (Windows NT 10.0; Win64; x64) AppleWebKit/537.36 (KHTML, like Gecko) Chrome/151.0.0.0 Safari/537.36"
2001:288:a21a:1:6d33:ddab:63fe:cc0b - - [25/Aug/2026:07:24:47 +0800] "GET /wp-content/uploads/sites/399/2026/07/%E9%BB%83%E8%89%B2%E7%B4%85%E8%89%B2%E5%95%A1%E8%89%B2%E6%9C%89%E8%B6%A3%E7%9A%84%E6%85%B6%E5%85%B8%E5%BC%8F%E5%82%B3%E7%B5%B1%E7%95%A2%E6%A5%AD%E6%A9%AB%E9%A1%8D-2048x1024.png HTTP/1.1" 304 790 "https://www.iljh.ilc.edu.tw/" "Mozilla/5.0 (Windows NT 10.0; Win64; x64) AppleWebKit/537.36 (KHTML, like Gecko) Chrome/151.0.0.0 Safari/537.36"
2001:288:a21a:1:6d33:ddab:63fe:cc0b - - [25/Aug/2026:07:24:47 +0800] "GET /wp-content/uploads/sites/399/2026/06/c89be951-26ff-4770-a5e5-5df647053831.jpg HTTP/1.1" 304 790 "https://www.iljh.ilc.edu.tw/" "Mozilla/5.0 (Windows NT 10.0; Win64; x64) AppleWebKit/537.36 (KHTML, like Gecko) Chrome/151.0.0.0 Safari/537.36"
2001:288:a21a:1:6d33:ddab:63fe:cc0b - - [25/Aug/2026:07:24:47 +0800] "GET /wp-content/uploads/sites/399/2026/02/unnamed-12.jpg HTTP/1.1" 304 790 "https://www.iljh.ilc.edu.tw/" "Mozilla/5.0 (Windows NT 10.0; Win64; x64) AppleWebKit/537.36 (KHTML, like Gecko) Chrome/151.0.0.0 Safari/537.36"
2a03:2880:11ff:54:: - - [25/Aug/2026:07:24:49 +0800] "GET /blog/gallery/2344/previews-med/2344-226020.jpg HTTP/1.1" 404 25478 "-" "facebookexternalhit/1.1 (+http://www.facebook.com/externalhit_uatext.php)"
