240e:f7:8e00:530::b7 - - [25/Aug/2026:07:53:02 +0800] "GET /wp-content/themes/oceanwp/assets/fonts/simple-line-icons/Simple-Line-Icons.woff2?v=2.4.0 HTTP/1.1" 200 30959 "https://isupport.ilc.edu.tw/wp-content/cache/isupport.ilc.edu.tw/wpfc-minified/8jq1rsi9/ks8w.css" "Mozilla/5.0 (Windows NT 10.0; Win64; x64) AppleWebKit/537.36 (KHTML, like Gecko) Chrome/144.0.0.0 Safari/537.36"
240e:f7:8e00:530::b7 - - [25/Aug/2026:07:53:03 +0800] "GET /wp-content/plugins/elementor/assets/lib/eicons/fonts/eicons.woff2?5.30.0 HTTP/1.1" 200 98225 "https://isupport.ilc.edu.tw/wp-content/cache/isupport.ilc.edu.tw/wpfc-minified/drup3mak/ks8w.css" "Mozilla/5.0 (Windows NT 10.0; Win64; x64) AppleWebKit/537.36 (KHTML, like Gecko) Chrome/144.0.0.0 Safari/537.36"
240e:f7:8e00:530::b7 - - [25/Aug/2026:07:53:03 +0800] "GET /wp-includes/js/admin-bar.min.js HTTP/1.1" 200 2237 "https://isupport.ilc.edu.tw/11463/" "Mozilla/5.0 (Windows NT 10.0; Win64; x64) AppleWebKit/537.36 (KHTML, like Gecko) Chrome/144.0.0.0 Safari/537.36"
240e:f7:8e00:530::b7 - - [25/Aug/2026:07:53:03 +0800] "GET /wp-includes/js/imagesloaded.min.js HTTP/1.1" 200 2683 "https://isupport.ilc.edu.tw/11463/" "Mozilla/5.0 (Windows NT 10.0; Win64; x64) AppleWebKit/537.36 (KHTML, like Gecko) Chrome/144.0.0.0 Safari/537.36"
240e:f7:8e00:530::b7 - - [25/Aug/2026:07:53:04 +0800] "GET /wp-content/themes/oceanwp/assets/js/theme.min.js HTTP/1.1" 200 5130 "https://isupport.ilc.edu.tw/11463/" "Mozilla/5.0 (Windows NT 10.0; Win64; x64) AppleWebKit/537.36 (KHTML, like Gecko) Chrome/144.0.0.0 Safari/537.36"
240e:f7:8e00:530::b7 - - [25/Aug/2026:07:53:04 +0800] "GET /wp-content/themes/oceanwp/assets/js/vendors/sidr.js HTTP/1.1" 200 4102 "https://isupport.ilc.edu.tw/11463/" "Mozilla/5.0 (Windows NT 10.0; Win64; x64) AppleWebKit/537.36 (KHTML, like Gecko) Chrome/144.0.0.0 Safari/537.36"
240e:f7:8e00:530::b7 - - [25/Aug/2026:07:53:04 +0800] "GET /wp-content/themes/oceanwp/assets/js/sidebar-mobile-menu.min.js HTTP/1.1" 200 4731 "https://isupport.ilc.edu.tw/11463/" "Mozilla/5.0 (Windows NT 10.0; Win64; x64) AppleWebKit/537.36 (KHTML, like Gecko) Chrome/144.0.0.0 Safari/537.36"
240e:f7:8e00:530::b7 - - [25/Aug/2026:07:53:05 +0800] "GET /wp-content/themes/oceanwp/assets/js/drop-down-search.min.js HTTP/1.1" 200 2968 "https://isupport.ilc.edu.tw/11463/" "Mozilla/5.0 (Windows NT 10.0; Win64; x64) AppleWebKit/537.36 (KHTML, like Gecko) Chrome/144.0.0.0 Safari/537.36"
240e:f7:8e00:530::b7 - - [25/Aug/2026:07:53:05 +0800] "GET /wp-content/themes/oceanwp/assets/js/equal-height-elements.min.js HTTP/1.1" 200 2606 "https://isupport.ilc.edu.tw/11463/" "Mozilla/5.0 (Windows NT 10.0; Win64; x64) AppleWebKit/537.36 (KHTML, like Gecko) Chrome/144.0.0.0 Safari/537.36"
2001:288:a201::66:125 - - [25/Aug/2026:07:53:05 +0800] "GET /blog/active.php HTTP/1.1" 404 1084 "-" "-"
240e:f7:8e00:530::b7 - - [25/Aug/2026:07:53:05 +0800] "GET /wp-content/themes/oceanwp/assets/fonts/fontawesome/webfonts/fa-regular-400.woff2 HTTP/1.1" 200 25383 "https://isupport.ilc.edu.tw/wp-content/cache/isupport.ilc.edu.tw/wpfc-minified/8jq1rsi9/ks8w.css" "Mozilla/5.0 (Windows NT 10.0; Win64; x64) AppleWebKit/537.36 (KHTML, like Gecko) Chrome/144.0.0.0 Safari/537.36"
2001:288:a201::66:125 - - [25/Aug/2026:07:53:05 +0800] "GET /blog/active.php HTTP/1.1" 301 1026 "-" "-"
240e:f7:8e00:530::b7 - - [25/Aug/2026:07:53:05 +0800] "GET /wp-content/themes/oceanwp/assets/js/vendors/magnific-popup.min.js HTTP/1.1" 200 8270 "https://isupport.ilc.edu.tw/11463/" "Mozilla/5.0 (Windows NT 10.0; Win64; x64) AppleWebKit/537.36 (KHTML, like Gecko) Chrome/144.0.0.0 Safari/537.36"
240e:f7:8e00:530::b7 - - [25/Aug/2026:07:53:06 +0800] "GET /wp-content/themes/oceanwp/assets/js/ow-lightbox.min.js HTTP/1.1" 200 2321 "https://isupport.ilc.edu.tw/11463/" "Mozilla/5.0 (Windows NT 10.0; Win64; x64) AppleWebKit/537.36 (KHTML, like Gecko) Chrome/144.0.0.0 Safari/537.36"
2401:e180:8d22:8f21:20ee:2ff:fe39:e0d2 - - [25/Aug/2026:07:53:06 +0800] "-" 408 339 "-" "-"
2401:e180:8d22:8f21:20ee:2ff:fe39:e0d2 - - [25/Aug/2026:07:53:06 +0800] "-" 408 339 "-" "-"
140.111.67.10 - - [25/Aug/2026:07:53:06 +0800] "GET /" 301 273 "-" "-"
140.111.122.66 - - [25/Aug/2026:07:53:07 +0800] "-" 408 4804 "-" "-"
140.111.122.66 - - [25/Aug/2026:07:53:07 +0800] "-" 408 4804 "-" "-"
120.101.218.55 - - [25/Aug/2026:07:53:08 +0800] "GET / HTTP/1.1" 200 18677 "-" "Mozilla/5.0 (Windows NT 10.0; Win64; x64) AppleWebKit/537.36 (KHTML, like Gecko) Chrome/151.0.0.0 Safari/537.36"
::1 - - [25/Aug/2026:07:53:09 +0800] "OPTIONS * HTTP/1.0" 200 110 "-" "Apache/2.4.68 (Ubuntu) OpenSSL/3.0.19 (internal dummy connection)"
120.101.218.55 - - [25/Aug/2026:07:53:09 +0800] "GET /wp-content/uploads/sites/1252/elementor/css/post-277.css HTTP/1.1" 304 790 "https://www.dsjh.ilc.edu.tw/" "Mozilla/5.0 (Windows NT 10.0; Win64; x64) AppleWebKit/537.36 (KHTML, like Gecko) Chrome/151.0.0.0 Safari/537.36"
::1 - - [25/Aug/2026:07:53:10 +0800] "OPTIONS * HTTP/1.0" 200 110 "-" "Apache/2.4.68 (Ubuntu) OpenSSL/3.0.19 (internal dummy connection)"
140.111.122.66 - - [25/Aug/2026:07:53:10 +0800] "-" 408 0 "-" "-"
140.111.122.66 - - [25/Aug/2026:07:53:10 +0800] "-" 408 0 "-" "-"
2001:288:a201::66:125 - - [25/Aug/2026:07:53:10 +0800] "GET /blog/active.php HTTP/1.1" 301 1026 "-" "-"
2001:288:a201::66:125 - - [25/Aug/2026:07:53:10 +0800] "GET /blog/active.php HTTP/1.1" 404 1084 "-" "-"
2001:b011:7801:d950:e6:fd2:1812:93fc - - [25/Aug/2026:07:53:10 +0800] "GET / HTTP/1.1" 200 30637 "-" "Mozilla/5.0 (Windows NT 10.0; Win64; x64) AppleWebKit/537.36 (KHTML, like Gecko) Chrome/151.0.0.0 Safari/537.36"
::1 - - [25/Aug/2026:07:53:11 +0800] "OPTIONS * HTTP/1.0" 200 110 "-" "Apache/2.4.68 (Ubuntu) OpenSSL/3.0.19 (internal dummy connection)"
140.111.67.10 - - [25/Aug/2026:07:53:11 +0800] "GET /" 301 273 "-" "-"
2001:288:a201::66:125 - - [25/Aug/2026:07:53:15 +0800] "GET /blog/active.php HTTP/1.1" 404 1084 "-" "-"
2001:288:a201::66:125 - - [25/Aug/2026:07:53:15 +0800] "GET /blog/active.php HTTP/1.1" 301 1026 "-" "-"
140.111.67.10 - - [25/Aug/2026:07:53:17 +0800] "GET /" 301 273 "-" "-"
::1 - - [25/Aug/2026:07:53:17 +0800] "OPTIONS * HTTP/1.0" 200 110 "-" "Apache/2.4.68 (Ubuntu) OpenSSL/3.0.19 (internal dummy connection)"
::1 - - [25/Aug/2026:07:53:18 +0800] "OPTIONS * HTTP/1.0" 200 110 "-" "Apache/2.4.68 (Ubuntu) OpenSSL/3.0.19 (internal dummy connection)"
2a03:2880:f802:c:: - - [25/Aug/2026:07:53:16 +0800] "GET /wp-login.php?key=8oyum375&_wpnonce=&action=ilc_logout&redirect_to=https%3A%2F%2Fgame.edu.kg HTTP/1.1" 302 8248 "-" "Mozilla/5.0 (Windows NT 10.0; Win64; x64) AppleWebKit/537.36 (KHTML, like Gecko) Chrome/145.0.0.0 Safari/537.36 (compatible; meta-externalagent/1.1 (+https://developers.facebook.com/docs/sharing/webmasters/crawler))"
2001:b400:e2d7:ad4d:af3e:7e09:3dfb:95d4 - - [25/Aug/2026:07:53:18 +0800] "-" 408 339 "-" "-"
::1 - - [25/Aug/2026:07:53:19 +0800] "OPTIONS * HTTP/1.0" 200 110 "-" "Apache/2.4.68 (Ubuntu) OpenSSL/3.0.19 (internal dummy connection)"
2402:7500:4e7:4fc2:ac10:7ca9:9d9f:4558 - - [25/Aug/2026:07:53:19 +0800] "GET /26064/2023/02/02/111%E5%AD%B8%E5%B9%B4%E5%BA%A6%E5%AD%B8%E7%94%9F%E5%AD%B8%E6%9C%9F%E5%81%87%E6%9C%9F%E6%9A%A8%E8%A1%8C%E4%BA%8B%E6%9B%86/ HTTP/1.1" 200 19326 "https://www.google.com/url?q=https://2blog.ilc.edu.tw/26064/2023/02/02/111%25E5%25AD%25B8%25E5%25B9%25B4%25E5%25BA%25A6%25E5%25AD%25B8%25E7%2594%259F%25E5%25AD%25B8%25E6%259C%259F%25E5%2581%2587%25E6%259C%259F%25E6%259A%25A8%25E8%25A1%258C%25E4%25BA%258B%25E6%259B%2586/&sa=U&sqi=2&ved=2ahUKEwjFs-T0urqWAxUQkq8BHTfqDW8QFnoECCIQAQ&usg=AOvVaw1jYXJ2wpMMQ91t5qgs4-Ho" "Mozilla/5.0 (iPhone; CPU iPhone OS 26_5_2 like Mac OS X) AppleWebKit/605.1.15 (KHTML, like Gecko) GSA/434.2.961627397 Mobile/15E148 Safari/604.1"
2402:7500:4e7:4fc2:ac10:7ca9:9d9f:4558 - - [25/Aug/2026:07:53:19 +0800] "GET /26064/wp-content/cache/2blog.ilc.edu.tw/wpfc-minified/6l6unigp/5wyo0.css HTTP/1.1" 200 45682 "https://2blog.ilc.edu.tw/26064/2023/02/02/111%E5%AD%B8%E5%B9%B4%E5%BA%A6%E5%AD%B8%E7%94%9F%E5%AD%B8%E6%9C%9F%E5%81%87%E6%9C%9F%E6%9A%A8%E8%A1%8C%E4%BA%8B%E6%9B%86/" "Mozilla/5.0 (iPhone; CPU iPhone OS 26_5_2 like Mac OS X) AppleWebKit/605.1.15 (KHTML, like Gecko) GSA/434.2.961627397 Mobile/15E148 Safari/604.1"
2402:7500:4e7:4fc2:ac10:7ca9:9d9f:4558 - - [25/Aug/2026:07:53:19 +0800] "GET /26064/wp-content/cache/2blog.ilc.edu.tw/wpfc-minified/etggfdbp/5wyo0.js HTTP/1.1" 200 35567 "https://2blog.ilc.edu.tw/26064/2023/02/02/111%E5%AD%B8%E5%B9%B4%E5%BA%A6%E5%AD%B8%E7%94%9F%E5%AD%B8%E6%9C%9F%E5%81%87%E6%9C%9F%E6%9A%A8%E8%A1%8C%E4%BA%8B%E6%9B%86/" "Mozilla/5.0 (iPhone; CPU iPhone OS 26_5_2 like Mac OS X) AppleWebKit/605.1.15 (KHTML, like Gecko) GSA/434.2.961627397 Mobile/15E148 Safari/604.1"
2402:7500:4e7:4fc2:ac10:7ca9:9d9f:4558 - - [25/Aug/2026:07:53:20 +0800] "GET /26064/wp-content/cache/2blog.ilc.edu.tw/wpfc-minified/876zunss/5wyo0.css HTTP/1.1" 200 7620 "https://2blog.ilc.edu.tw/26064/2023/02/02/111%E5%AD%B8%E5%B9%B4%E5%BA%A6%E5%AD%B8%E7%94%9F%E5%AD%B8%E6%9C%9F%E5%81%87%E6%9C%9F%E6%9A%A8%E8%A1%8C%E4%BA%8B%E6%9B%86/" "Mozilla/5.0 (iPhone; CPU iPhone OS 26_5_2 like Mac OS X) AppleWebKit/605.1.15 (KHTML, like Gecko) GSA/434.2.961627397 Mobile/15E148 Safari/604.1"
2402:7500:4e7:4fc2:ac10:7ca9:9d9f:4558 - - [25/Aug/2026:07:53:20 +0800] "GET /26064/wp-content/cache/2blog.ilc.edu.tw/wpfc-minified/19osmmt/5wyo0.css HTTP/1.1" 200 7131 "https://2blog.ilc.edu.tw/26064/2023/02/02/111%E5%AD%B8%E5%B9%B4%E5%BA%A6%E5%AD%B8%E7%94%9F%E5%AD%B8%E6%9C%9F%E5%81%87%E6%9C%9F%E6%9A%A8%E8%A1%8C%E4%BA%8B%E6%9B%86/" "Mozilla/5.0 (iPhone; CPU iPhone OS 26_5_2 like Mac OS X) AppleWebKit/605.1.15 (KHTML, like Gecko) GSA/434.2.961627397 Mobile/15E148 Safari/604.1"
2402:7500:4e7:4fc2:ac10:7ca9:9d9f:4558 - - [25/Aug/2026:07:53:20 +0800] "GET /26064/wp-content/cache/2blog.ilc.edu.tw/wpfc-minified/2op7w7qj/5wyo0.js HTTP/1.1" 200 1643 "https://2blog.ilc.edu.tw/26064/2023/02/02/111%E5%AD%B8%E5%B9%B4%E5%BA%A6%E5%AD%B8%E7%94%9F%E5%AD%B8%E6%9C%9F%E5%81%87%E6%9C%9F%E6%9A%A8%E8%A1%8C%E4%BA%8B%E6%9B%86/" "Mozilla/5.0 (iPhone; CPU iPhone OS 26_5_2 like Mac OS X) AppleWebKit/605.1.15 (KHTML, like Gecko) GSA/434.2.961627397 Mobile/15E148 Safari/604.1"
2402:7500:4e7:4fc2:ac10:7ca9:9d9f:4558 - - [25/Aug/2026:07:53:20 +0800] "GET /26064/wp-content/cache/2blog.ilc.edu.tw/wpfc-minified/e5clb5h8/5wyo0.css HTTP/1.1" 200 16693 "https://2blog.ilc.edu.tw/26064/2023/02/02/111%E5%AD%B8%E5%B9%B4%E5%BA%A6%E5%AD%B8%E7%94%9F%E5%AD%B8%E6%9C%9F%E5%81%87%E6%9C%9F%E6%9A%A8%E8%A1%8C%E4%BA%8B%E6%9B%86/" "Mozilla/5.0 (iPhone; CPU iPhone OS 26_5_2 like Mac OS X) AppleWebKit/605.1.15 (KHTML, like Gecko) GSA/434.2.961627397 Mobile/15E148 Safari/604.1"
2402:7500:4e7:4fc2:ac10:7ca9:9d9f:4558 - - [25/Aug/2026:07:53:20 +0800] "GET /26064/wp-content/cache/2blog.ilc.edu.tw/wpfc-minified/g2qgsob0/5wyo0.css HTTP/1.1" 200 20774 "https://2blog.ilc.edu.tw/26064/2023/02/02/111%E5%AD%B8%E5%B9%B4%E5%BA%A6%E5%AD%B8%E7%94%9F%E5%AD%B8%E6%9C%9F%E5%81%87%E6%9C%9F%E6%9A%A8%E8%A1%8C%E4%BA%8B%E6%9B%86/" "Mozilla/5.0 (iPhone; CPU iPhone OS 26_5_2 like Mac OS X) AppleWebKit/605.1.15 (KHTML, like Gecko) GSA/434.2.961627397 Mobile/15E148 Safari/604.1"
2402:7500:4e7:4fc2:ac10:7ca9:9d9f:4558 - - [25/Aug/2026:07:53:20 +0800] "GET /26064/wp-includes/js/hoverintent-js.min.js HTTP/1.1" 200 1597 "https://2blog.ilc.edu.tw/26064/2023/02/02/111%E5%AD%B8%E5%B9%B4%E5%BA%A6%E5%AD%B8%E7%94%9F%E5%AD%B8%E6%9C%9F%E5%81%87%E6%9C%9F%E6%9A%A8%E8%A1%8C%E4%BA%8B%E6%9B%86/" "Mozilla/5.0 (iPhone; CPU iPhone OS 26_5_2 like Mac OS X) AppleWebKit/605.1.15 (KHTML, like Gecko) GSA/434.2.961627397 Mobile/15E148 Safari/604.1"
2402:7500:4e7:4fc2:ac10:7ca9:9d9f:4558 - - [25/Aug/2026:07:53:20 +0800] "GET /26064/wp-includes/js/admin-bar.min.js HTTP/1.1" 200 2237 "https://2blog.ilc.edu.tw/26064/2023/02/02/111%E5%AD%B8%E5%B9%B4%E5%BA%A6%E5%AD%B8%E7%94%9F%E5%AD%B8%E6%9C%9F%E5%81%87%E6%9C%9F%E6%9A%A8%E8%A1%8C%E4%BA%8B%E6%9B%86/" "Mozilla/5.0 (iPhone; CPU iPhone OS 26_5_2 like Mac OS X) AppleWebKit/605.1.15 (KHTML, like Gecko) GSA/434.2.961627397 Mobile/15E148 Safari/604.1"
2402:7500:4e7:4fc2:ac10:7ca9:9d9f:4558 - - [25/Aug/2026:07:53:20 +0800] "GET /26064/wp-content/themes/talon/js/skip-link-focus-fix.js HTTP/1.1" 200 1351 "https://2blog.ilc.edu.tw/26064/2023/02/02/111%E5%AD%B8%E5%B9%B4%E5%BA%A6%E5%AD%B8%E7%94%9F%E5%AD%B8%E6%9C%9F%E5%81%87%E6%9C%9F%E6%9A%A8%E8%A1%8C%E4%BA%8B%E6%9B%86/" "Mozilla/5.0 (iPhone; CPU iPhone OS 26_5_2 like Mac OS X) AppleWebKit/605.1.15 (KHTML, like Gecko) GSA/434.2.961627397 Mobile/15E148 Safari/604.1"
2402:7500:4e7:4fc2:ac10:7ca9:9d9f:4558 - - [25/Aug/2026:07:53:20 +0800] "GET /26064/wp-content/themes/talon/js/scripts.min.js HTTP/1.1" 200 23146 "https://2blog.ilc.edu.tw/26064/2023/02/02/111%E5%AD%B8%E5%B9%B4%E5%BA%A6%E5%AD%B8%E7%94%9F%E5%AD%B8%E6%9C%9F%E5%81%87%E6%9C%9F%E6%9A%A8%E8%A1%8C%E4%BA%8B%E6%9B%86/" "Mozilla/5.0 (iPhone; CPU iPhone OS 26_5_2 like Mac OS X) AppleWebKit/605.1.15 (KHTML, like Gecko) GSA/434.2.961627397 Mobile/15E148 Safari/604.1"
2402:7500:4e7:4fc2:ac10:7ca9:9d9f:4558 - - [25/Aug/2026:07:53:20 +0800] "GET /26064/wp-content/uploads/sites/1066/2026/03/%E5%87%B1%E6%97%8B%E5%9C%8B%E5%B0%8F-%E5%85%92%E7%AB%A5%E5%A4%A2%E5%B7%A5%E5%BB%A0.jpg HTTP/1.1" 200 783285 "https://2blog.ilc.edu.tw/26064/2023/02/02/111%E5%AD%B8%E5%B9%B4%E5%BA%A6%E5%AD%B8%E7%94%9F%E5%AD%B8%E6%9C%9F%E5%81%87%E6%9C%9F%E6%9A%A8%E8%A1%8C%E4%BA%8B%E6%9B%86/" "Mozilla/5.0 (iPhone; CPU iPhone OS 26_5_2 like Mac OS X) AppleWebKit/605.1.15 (KHTML, like Gecko) GSA/434.2.961627397 Mobile/15E148 Safari/604.1"
2402:7500:4e7:4fc2:ac10:7ca9:9d9f:4558 - - [25/Aug/2026:07:53:20 +0800] "GET /26064/wp-content/themes/talon/js/main.js HTTP/1.1" 200 2540 "https://2blog.ilc.edu.tw/26064/2023/02/02/111%E5%AD%B8%E5%B9%B4%E5%BA%A6%E5%AD%B8%E7%94%9F%E5%AD%B8%E6%9C%9F%E5%81%87%E6%9C%9F%E6%9A%A8%E8%A1%8C%E4%BA%8B%E6%9B%86/" "Mozilla/5.0 (iPhone; CPU iPhone OS 26_5_2 like Mac OS X) AppleWebKit/605.1.15 (KHTML, like Gecko) GSA/434.2.961627397 Mobile/15E148 Safari/604.1"
2402:7500:4e7:4fc2:ac10:7ca9:9d9f:4558 - - [25/Aug/2026:07:53:20 +0800] "GET /26064/wp-includes/js/imagesloaded.min.js HTTP/1.1" 200 2683 "https://2blog.ilc.edu.tw/26064/2023/02/02/111%E5%AD%B8%E5%B9%B4%E5%BA%A6%E5%AD%B8%E7%94%9F%E5%AD%B8%E6%9C%9F%E5%81%87%E6%9C%9F%E6%9A%A8%E8%A1%8C%E4%BA%8B%E6%9B%86/" "Mozilla/5.0 (iPhone; CPU iPhone OS 26_5_2 like Mac OS X) AppleWebKit/605.1.15 (KHTML, like Gecko) GSA/434.2.961627397 Mobile/15E148 Safari/604.1"
2402:7500:4e7:4fc2:ac10:7ca9:9d9f:4558 - - [25/Aug/2026:07:53:20 +0800] "GET /26064/wp-includes/js/masonry.min.js HTTP/1.1" 200 8306 "https://2blog.ilc.edu.tw/26064/2023/02/02/111%E5%AD%B8%E5%B9%B4%E5%BA%A6%E5%AD%B8%E7%94%9F%E5%AD%B8%E6%9C%9F%E5%81%87%E6%9C%9F%E6%9A%A8%E8%A1%8C%E4%BA%8B%E6%9B%86/" "Mozilla/5.0 (iPhone; CPU iPhone OS 26_5_2 like Mac OS X) AppleWebKit/605.1.15 (KHTML, like Gecko) GSA/434.2.961627397 Mobile/15E148 Safari/604.1"
2402:7500:4e7:4fc2:ac10:7ca9:9d9f:4558 - - [25/Aug/2026:07:53:20 +0800] "GET /26064/wp-content/uploads/sites/1066/2021/12/%E7%99%BD.jpg HTTP/1.1" 200 5471 "https://2blog.ilc.edu.tw/26064/2023/02/02/111%E5%AD%B8%E5%B9%B4%E5%BA%A6%E5%AD%B8%E7%94%9F%E5%AD%B8%E6%9C%9F%E5%81%87%E6%9C%9F%E6%9A%A8%E8%A1%8C%E4%BA%8B%E6%9B%86/" "Mozilla/5.0 (iPhone; CPU iPhone OS 26_5_2 like Mac OS X) AppleWebKit/605.1.15 (KHTML, like Gecko) GSA/434.2.961627397 Mobile/15E148 Safari/604.1"
2402:7500:4e7:4fc2:ac10:7ca9:9d9f:4558 - - [25/Aug/2026:07:53:20 +0800] "POST /26064/wp-json/ilc-summary/v1/popular-posts HTTP/1.1" 201 1402 "https://2blog.ilc.edu.tw/26064/2023/02/02/111%E5%AD%B8%E5%B9%B4%E5%BA%A6%E5%AD%B8%E7%94%9F%E5%AD%B8%E6%9C%9F%E5%81%87%E6%9C%9F%E6%9A%A8%E8%A1%8C%E4%BA%8B%E6%9B%86/" "Mozilla/5.0 (iPhone; CPU iPhone OS 26_5_2 like Mac OS X) AppleWebKit/605.1.15 (KHTML, like Gecko) GSA/434.2.961627397 Mobile/15E148 Safari/604.1"
2402:7500:4e7:4fc2:ac10:7ca9:9d9f:4558 - - [25/Aug/2026:07:53:20 +0800] "GET /26064/wp-content/uploads/sites/1066/2025/03/%E7%B6%A0%E8%89%B2%E5%8D%9A%E8%A6%BD%E6%9C%832.jpg HTTP/1.1" 200 12434 "https://2blog.ilc.edu.tw/26064/2023/02/02/111%E5%AD%B8%E5%B9%B4%E5%BA%A6%E5%AD%B8%E7%94%9F%E5%AD%B8%E6%9C%9F%E5%81%87%E6%9C%9F%E6%9A%A8%E8%A1%8C%E4%BA%8B%E6%9B%86/" "Mozilla/5.0 (iPhone; CPU iPhone OS 26_5_2 like Mac OS X) AppleWebKit/605.1.15 (KHTML, like Gecko) GSA/434.2.961627397 Mobile/15E148 Safari/604.1"
2001:288:a201::66:125 - - [25/Aug/2026:07:53:20 +0800] "GET /blog/active.php HTTP/1.1" 301 1026 "-" "-"
2001:288:a201::66:125 - - [25/Aug/2026:07:53:20 +0800] "GET /blog/active.php HTTP/1.1" 404 1084 "-" "-"
2402:7500:4e7:4fc2:ac10:7ca9:9d9f:4558 - - [25/Aug/2026:07:53:20 +0800] "GET /26064/wp-content/uploads/sites/1066/2023/05/051118.png HTTP/1.1" 200 602025 "https://2blog.ilc.edu.tw/26064/2023/02/02/111%E5%AD%B8%E5%B9%B4%E5%BA%A6%E5%AD%B8%E7%94%9F%E5%AD%B8%E6%9C%9F%E5%81%87%E6%9C%9F%E6%9A%A8%E8%A1%8C%E4%BA%8B%E6%9B%86/" "Mozilla/5.0 (iPhone; CPU iPhone OS 26_5_2 like Mac OS X) AppleWebKit/605.1.15 (KHTML, like Gecko) GSA/434.2.961627397 Mobile/15E148 Safari/604.1"
2001:288:a26f:1:b0f7:9722:573:f13 - - [25/Aug/2026:07:53:21 +0800] "GET /wp-content/uploads/sites/3846/2026/06/%E5%AE%A3%E5%82%B3%E5%9C%96%E7%89%87.png HTTP/1.1" 304 5581 "https://it.ilc.edu.tw/" "Mozilla/5.0 (Windows NT 10.0; Win64; x64) AppleWebKit/537.36 (KHTML, like Gecko) Chrome/150.0.0.0 Safari/537.36"
140.111.67.10 - - [25/Aug/2026:07:53:22 +0800] "GET /" 301 273 "-" "-"
2001:4860:7:510::ef - - [25/Aug/2026:07:53:22 +0800] "GET / HTTP/1.1" 200 31593 "https://www.google.com/" "Mozilla/5.0 (Windows NT 10.0; Win64; x64) AppleWebKit/537.36 (KHTML, like Gecko) Chrome/151.0.0.0 Safari/537.36"
2001:288:a201::66:125 - - [25/Aug/2026:07:53:25 +0800] "GET /blog/active.php HTTP/1.1" 404 1084 "-" "-"
2001:288:a201::66:125 - - [25/Aug/2026:07:53:25 +0800] "GET /blog/active.php HTTP/1.1" 301 1026 "-" "-"
140.111.67.10 - - [25/Aug/2026:07:53:27 +0800] "GET /" 301 273 "-" "-"
2001:288:a201::66:125 - - [25/Aug/2026:07:53:30 +0800] "GET /blog/active.php HTTP/1.1" 301 1026 "-" "-"
2001:288:a201::66:125 - - [25/Aug/2026:07:53:30 +0800] "GET /blog/active.php HTTP/1.1" 404 1084 "-" "-"
140.111.67.10 - - [25/Aug/2026:07:53:32 +0800] "GET /" 301 273 "-" "-"
2402:7500:4e7:4fc2:ac10:7ca9:9d9f:4558 - - [25/Aug/2026:07:53:32 +0800] "GET /wp-content/cache/www.chjh.ilc.edu.tw/wpfc-minified/9iyqo13s/6vy4.css HTTP/1.1" 200 23339 "https://www.chjh.ilc.edu.tw/" "Mozilla/5.0 (iPhone; CPU iPhone OS 26_5_2 like Mac OS X) AppleWebKit/605.1.15 (KHTML, like Gecko) GSA/434.2.961627397 Mobile/15E148 Safari/604.1"
2402:7500:4e7:4fc2:ac10:7ca9:9d9f:4558 - - [25/Aug/2026:07:53:32 +0800] "GET /wp-includes/js/jquery/ui/core.min.js HTTP/1.1" 200 12786 "https://www.chjh.ilc.edu.tw/" "Mozilla/5.0 (iPhone; CPU iPhone OS 26_5_2 like Mac OS X) AppleWebKit/605.1.15 (KHTML, like Gecko) GSA/434.2.961627397 Mobile/15E148 Safari/604.1"
2402:7500:4e7:4fc2:ac10:7ca9:9d9f:4558 - - [25/Aug/2026:07:53:32 +0800] "GET /wp-content/plugins/elementor/assets/js/frontend-modules.min.js HTTP/1.1" 200 24216 "https://www.chjh.ilc.edu.tw/" "Mozilla/5.0 (iPhone; CPU iPhone OS 26_5_2 like Mac OS X) AppleWebKit/605.1.15 (KHTML, like Gecko) GSA/434.2.961627397 Mobile/15E148 Safari/604.1"
2402:7500:4e7:4fc2:ac10:7ca9:9d9f:4558 - - [25/Aug/2026:07:53:32 +0800] "GET /wp-includes/js/admin-bar.min.js HTTP/1.1" 200 7037 "https://www.chjh.ilc.edu.tw/" "Mozilla/5.0 (iPhone; CPU iPhone OS 26_5_2 like Mac OS X) AppleWebKit/605.1.15 (KHTML, like Gecko) GSA/434.2.961627397 Mobile/15E148 Safari/604.1"
2402:7500:4e7:4fc2:ac10:7ca9:9d9f:4558 - - [25/Aug/2026:07:53:32 +0800] "GET /wp-content/cache/www.chjh.ilc.edu.tw/wpfc-minified/mc2crcdt/6vy4.js HTTP/1.1" 200 40359 "https://www.chjh.ilc.edu.tw/" "Mozilla/5.0 (iPhone; CPU iPhone OS 26_5_2 like Mac OS X) AppleWebKit/605.1.15 (KHTML, like Gecko) GSA/434.2.961627397 Mobile/15E148 Safari/604.1"
2402:7500:4e7:4fc2:ac10:7ca9:9d9f:4558 - - [25/Aug/2026:07:53:32 +0800] "GET /chjh2/wp-content/uploads/sites/1482/2020/02/cropped-Image2.png HTTP/1.1" 200 346217 "https://www.chjh.ilc.edu.tw/" "Mozilla/5.0 (iPhone; CPU iPhone OS 26_5_2 like Mac OS X) AppleWebKit/605.1.15 (KHTML, like Gecko) GSA/434.2.961627397 Mobile/15E148 Safari/604.1"
2402:7500:4e7:4fc2:ac10:7ca9:9d9f:4558 - - [25/Aug/2026:07:53:32 +0800] "GET /wp-content/uploads/sites/1482/2024/07/messageImage_1720946569567.jpg HTTP/1.1" 200 114602 "https://www.chjh.ilc.edu.tw/" "Mozilla/5.0 (iPhone; CPU iPhone OS 26_5_2 like Mac OS X) AppleWebKit/605.1.15 (KHTML, like Gecko) GSA/434.2.961627397 Mobile/15E148 Safari/604.1"
2402:7500:4e7:4fc2:ac10:7ca9:9d9f:4558 - - [25/Aug/2026:07:53:32 +0800] "GET /wp-content/uploads/sites/1482/2024/11/messageImage_1732607904017-1024x578.jpg HTTP/1.1" 200 107824 "https://www.chjh.ilc.edu.tw/" "Mozilla/5.0 (iPhone; CPU iPhone OS 26_5_2 like Mac OS X) AppleWebKit/605.1.15 (KHTML, like Gecko) GSA/434.2.961627397 Mobile/15E148 Safari/604.1"
2402:7500:4e7:4fc2:ac10:7ca9:9d9f:4558 - - [25/Aug/2026:07:53:32 +0800] "GET /wp-content/uploads/sites/1482/2025/11/114%E5%AD%B8%E5%B9%B4%E5%BA%A6%E5%AE%9C%E8%98%AD%E7%B8%A3%E5%AD%B8%E7%94%9F%E9%9F%B3%E6%A8%82%E6%9A%A8%E5%B8%AB%E7%94%9F%E9%84%89%E5%9C%9F%E6%AD%8C%E8%AC%A0%E6%AF%94%E8%B3%BD-%E6%88%90%E7%B8%BE%E5%85%AC%E5%91%8A%E5%9C%98%E9%AB%94_0-1024x576.jpg HTTP/1.1" 200 97332 "https://www.chjh.ilc.edu.tw/" "Mozilla/5.0 (iPhone; CPU iPhone OS 26_5_2 like Mac OS X) AppleWebKit/605.1.15 (KHTML, like Gecko) GSA/434.2.961627397 Mobile/15E148 Safari/604.1"
2402:7500:4e7:4fc2:ac10:7ca9:9d9f:4558 - - [25/Aug/2026:07:53:32 +0800] "GET /wp-content/uploads/sites/1482/2024/12/4_1-1024x647.png HTTP/1.1" 200 309706 "https://www.chjh.ilc.edu.tw/" "Mozilla/5.0 (iPhone; CPU iPhone OS 26_5_2 like Mac OS X) AppleWebKit/605.1.15 (KHTML, like Gecko) GSA/434.2.961627397 Mobile/15E148 Safari/604.1"
2402:7500:4e7:4fc2:ac10:7ca9:9d9f:4558 - - [25/Aug/2026:07:53:32 +0800] "GET /wp-content/uploads/sites/1482/2023/12/112%E5%AE%9C%E8%98%AD%E5%8D%80%E9%A0%90%E8%B3%BD%E6%88%90%E7%B8%BE.jpg HTTP/1.1" 200 124410 "https://www.chjh.ilc.edu.tw/" "Mozilla/5.0 (iPhone; CPU iPhone OS 26_5_2 like Mac OS X) AppleWebKit/605.1.15 (KHTML, like Gecko) GSA/434.2.961627397 Mobile/15E148 Safari/604.1"
2a03:2880:f80e:60:: - - [25/Aug/2026:07:53:32 +0800] "GET /wp-login.php?key=owdmc375&_wpnonce=&action=ilc_logout&redirect_to=https%3A%2F%2Fgame.edu.kg HTTP/1.1" 302 8248 "-" "Mozilla/5.0 (Macintosh; Intel Mac OS X 10_15_7) AppleWebKit/537.36 (KHTML, like Gecko) Chrome/145.0.0.0 Safari/537.36 (compatible; meta-externalagent/1.1 (+https://developers.facebook.com/docs/sharing/webmasters/crawler))"
2001:288:a201::66:125 - - [25/Aug/2026:07:53:35 +0800] "GET /blog/active.php HTTP/1.1" 404 1084 "-" "-"
2001:288:a201::66:125 - - [25/Aug/2026:07:53:35 +0800] "GET /blog/active.php HTTP/1.1" 301 1026 "-" "-"
140.111.67.10 - - [25/Aug/2026:07:53:37 +0800] "GET /" 301 273 "-" "-"
2001:b400:e2d7:ad4d:af3e:7e09:3dfb:95d4 - - [25/Aug/2026:07:53:39 +0800] "-" 408 339 "-" "-"
2001:b400:e2d7:ad4d:af3e:7e09:3dfb:95d4 - - [25/Aug/2026:07:53:39 +0800] "-" 408 339 "-" "-"
2001:288:a201::66:125 - - [25/Aug/2026:07:53:40 +0800] "GET /blog/active.php HTTP/1.1" 301 1026 "-" "-"
2001:288:a201::66:125 - - [25/Aug/2026:07:53:40 +0800] "GET /blog/active.php HTTP/1.1" 404 1084 "-" "-"
2402:7500:4e7:4fc2:ac10:7ca9:9d9f:4558 - - [25/Aug/2026:07:53:40 +0800] "GET /16946/ HTTP/1.1" 200 14772 "https://www.chjh.ilc.edu.tw/" "Mozilla/5.0 (iPhone; CPU iPhone OS 26_5_2 like Mac OS X) AppleWebKit/605.1.15 (KHTML, like Gecko) GSA/434.2.961627397 Mobile/15E148 Safari/604.1"
2402:7500:4e7:4fc2:ac10:7ca9:9d9f:4558 - - [25/Aug/2026:07:53:41 +0800] "GET /16946/wp-content/cache/2blog.ilc.edu.tw/wpfc-minified/moslzp4m/60lo8.css HTTP/1.1" 200 2826 "https://2blog.ilc.edu.tw/16946/" "Mozilla/5.0 (iPhone; CPU iPhone OS 26_5_2 like Mac OS X) AppleWebKit/605.1.15 (KHTML, like Gecko) GSA/434.2.961627397 Mobile/15E148 Safari/604.1"
2402:7500:4e7:4fc2:ac10:7ca9:9d9f:4558 - - [25/Aug/2026:07:53:41 +0800] "GET /16946/wp-content/cache/2blog.ilc.edu.tw/wpfc-minified/mckgjnju/60lo8.css HTTP/1.1" 200 45682 "https://2blog.ilc.edu.tw/16946/" "Mozilla/5.0 (iPhone; CPU iPhone OS 26_5_2 like Mac OS X) AppleWebKit/605.1.15 (KHTML, like Gecko) GSA/434.2.961627397 Mobile/15E148 Safari/604.1"
2402:7500:4e7:4fc2:ac10:7ca9:9d9f:4558 - - [25/Aug/2026:07:53:41 +0800] "GET /16946/wp-includes/js/hoverintent-js.min.js HTTP/1.1" 200 1597 "https://2blog.ilc.edu.tw/16946/" "Mozilla/5.0 (iPhone; CPU iPhone OS 26_5_2 like Mac OS X) AppleWebKit/605.1.15 (KHTML, like Gecko) GSA/434.2.961627397 Mobile/15E148 Safari/604.1"
2402:7500:4e7:4fc2:ac10:7ca9:9d9f:4558 - - [25/Aug/2026:07:53:41 +0800] "GET /16946/wp-includes/js/admin-bar.min.js HTTP/1.1" 200 2237 "https://2blog.ilc.edu.tw/16946/" "Mozilla/5.0 (iPhone; CPU iPhone OS 26_5_2 like Mac OS X) AppleWebKit/605.1.15 (KHTML, like Gecko) GSA/434.2.961627397 Mobile/15E148 Safari/604.1"
2402:7500:4e7:4fc2:ac10:7ca9:9d9f:4558 - - [25/Aug/2026:07:53:41 +0800] "GET /16946/wp-content/themes/talon/js/skip-link-focus-fix.js HTTP/1.1" 200 1351 "https://2blog.ilc.edu.tw/16946/" "Mozilla/5.0 (iPhone; CPU iPhone OS 26_5_2 like Mac OS X) AppleWebKit/605.1.15 (KHTML, like Gecko) GSA/434.2.961627397 Mobile/15E148 Safari/604.1"
2402:7500:4e7:4fc2:ac10:7ca9:9d9f:4558 - - [25/Aug/2026:07:53:41 +0800] "GET /16946/wp-content/cache/2blog.ilc.edu.tw/wpfc-minified/zfldgxh/60lo8.css HTTP/1.1" 200 20774 "https://2blog.ilc.edu.tw/16946/" "Mozilla/5.0 (iPhone; CPU iPhone OS 26_5_2 like Mac OS X) AppleWebKit/605.1.15 (KHTML, like Gecko) GSA/434.2.961627397 Mobile/15E148 Safari/604.1"
2402:7500:4e7:4fc2:ac10:7ca9:9d9f:4558 - - [25/Aug/2026:07:53:41 +0800] "GET /16946/wp-content/cache/2blog.ilc.edu.tw/wpfc-minified/jpfo0bss/60lo8.css HTTP/1.1" 200 16693 "https://2blog.ilc.edu.tw/16946/" "Mozilla/5.0 (iPhone; CPU iPhone OS 26_5_2 like Mac OS X) AppleWebKit/605.1.15 (KHTML, like Gecko) GSA/434.2.961627397 Mobile/15E148 Safari/604.1"
2402:7500:4e7:4fc2:ac10:7ca9:9d9f:4558 - - [25/Aug/2026:07:53:41 +0800] "GET /16946/wp-content/cache/2blog.ilc.edu.tw/wpfc-minified/k0x908j1/60lo8.css HTTP/1.1" 200 7131 "https://2blog.ilc.edu.tw/16946/" "Mozilla/5.0 (iPhone; CPU iPhone OS 26_5_2 like Mac OS X) AppleWebKit/605.1.15 (KHTML, like Gecko) GSA/434.2.961627397 Mobile/15E148 Safari/604.1"
2402:7500:4e7:4fc2:ac10:7ca9:9d9f:4558 - - [25/Aug/2026:07:53:41 +0800] "GET /16946/wp-content/cache/2blog.ilc.edu.tw/wpfc-minified/qk5oew4n/60lo8.js HTTP/1.1" 200 40361 "https://2blog.ilc.edu.tw/16946/" "Mozilla/5.0 (iPhone; CPU iPhone OS 26_5_2 like Mac OS X) AppleWebKit/605.1.15 (KHTML, like Gecko) GSA/434.2.961627397 Mobile/15E148 Safari/604.1"
2402:7500:4e7:4fc2:ac10:7ca9:9d9f:4558 - - [25/Aug/2026:07:53:41 +0800] "GET /16946/wp-content/themes/talon/js/scripts.min.js HTTP/1.1" 200 23146 "https://2blog.ilc.edu.tw/16946/" "Mozilla/5.0 (iPhone; CPU iPhone OS 26_5_2 like Mac OS X) AppleWebKit/605.1.15 (KHTML, like Gecko) GSA/434.2.961627397 Mobile/15E148 Safari/604.1"
2402:7500:4e7:4fc2:ac10:7ca9:9d9f:4558 - - [25/Aug/2026:07:53:41 +0800] "GET /16946/wp-content/themes/talon/js/main.js HTTP/1.1" 200 2540 "https://2blog.ilc.edu.tw/16946/" "Mozilla/5.0 (iPhone; CPU iPhone OS 26_5_2 like Mac OS X) AppleWebKit/605.1.15 (KHTML, like Gecko) GSA/434.2.961627397 Mobile/15E148 Safari/604.1"
2402:7500:4e7:4fc2:ac10:7ca9:9d9f:4558 - - [25/Aug/2026:07:53:41 +0800] "GET /16946/wp-includes/js/imagesloaded.min.js HTTP/1.1" 200 2683 "https://2blog.ilc.edu.tw/16946/" "Mozilla/5.0 (iPhone; CPU iPhone OS 26_5_2 like Mac OS X) AppleWebKit/605.1.15 (KHTML, like Gecko) GSA/434.2.961627397 Mobile/15E148 Safari/604.1"
2402:7500:4e7:4fc2:ac10:7ca9:9d9f:4558 - - [25/Aug/2026:07:53:41 +0800] "GET /16946/wp-includes/js/masonry.min.js HTTP/1.1" 200 8306 "https://2blog.ilc.edu.tw/16946/" "Mozilla/5.0 (iPhone; CPU iPhone OS 26_5_2 like Mac OS X) AppleWebKit/605.1.15 (KHTML, like Gecko) GSA/434.2.961627397 Mobile/15E148 Safari/604.1"
2402:7500:4e7:4fc2:ac10:7ca9:9d9f:4558 - - [25/Aug/2026:07:53:41 +0800] "GET /16946/wp-content/themes/talon/images/slider_1.jpg HTTP/1.1" 200 359493 "https://2blog.ilc.edu.tw/16946/" "Mozilla/5.0 (iPhone; CPU iPhone OS 26_5_2 like Mac OS X) AppleWebKit/605.1.15 (KHTML, like Gecko) GSA/434.2.961627397 Mobile/15E148 Safari/604.1"
2402:7500:4e7:4fc2:ac10:7ca9:9d9f:4558 - - [25/Aug/2026:07:53:41 +0800] "GET /16946/wp-content/themes/talon/images/slider_3.jpg HTTP/1.1" 200 487606 "https://2blog.ilc.edu.tw/16946/" "Mozilla/5.0 (iPhone; CPU iPhone OS 26_5_2 like Mac OS X) AppleWebKit/605.1.15 (KHTML, like Gecko) GSA/434.2.961627397 Mobile/15E148 Safari/604.1"
140.111.67.10 - - [25/Aug/2026:07:53:41 +0800] "GET /" 301 273 "-" "-"
2001:288:a272:1:fdf3:93f8:5bf5:3edc - - [25/Aug/2026:07:53:42 +0800] "-" 408 4803 "-" "-"
2001:288:a272:1:fdf3:93f8:5bf5:3edc - - [25/Aug/2026:07:53:42 +0800] "-" 408 339 "-" "-"
2402:7500:4e7:4fc2:ac10:7ca9:9d9f:4558 - - [25/Aug/2026:07:53:41 +0800] "GET /16946/wp-content/themes/talon/images/slider_2.jpg HTTP/1.1" 200 514416 "https://2blog.ilc.edu.tw/16946/" "Mozilla/5.0 (iPhone; CPU iPhone OS 26_5_2 like Mac OS X) AppleWebKit/605.1.15 (KHTML, like Gecko) GSA/434.2.961627397 Mobile/15E148 Safari/604.1"
::1 - - [25/Aug/2026:07:53:43 +0800] "OPTIONS * HTTP/1.0" 200 110 "-" "Apache/2.4.68 (Ubuntu) OpenSSL/3.0.19 (internal dummy connection)"
::1 - - [25/Aug/2026:07:53:44 +0800] "OPTIONS * HTTP/1.0" 200 110 "-" "Apache/2.4.68 (Ubuntu) OpenSSL/3.0.19 (internal dummy connection)"
::1 - - [25/Aug/2026:07:53:45 +0800] "OPTIONS * HTTP/1.0" 200 110 "-" "Apache/2.4.68 (Ubuntu) OpenSSL/3.0.19 (internal dummy connection)"
2001:288:a201::66:125 - - [25/Aug/2026:07:53:45 +0800] "GET /blog/active.php HTTP/1.1" 404 1084 "-" "-"
2001:288:a201::66:125 - - [25/Aug/2026:07:53:45 +0800] "GET /blog/active.php HTTP/1.1" 301 1026 "-" "-"
140.111.67.10 - - [25/Aug/2026:07:53:46 +0800] "GET /" 301 273 "-" "-"
2a09:bac1:76c0:480::11:1f8 - - [25/Aug/2026:07:53:48 +0800] "GET /3860/2010/11/14/%E6%96%B0%E5%A9%A6%E4%BB%94-sin-pu-a%E3%80%80%E8%AE%8A%E9%9F%B3sim-pu-a/ HTTP/1.1" 200 30298 "-" "Mozilla/5.0 (Macintosh; Intel Mac OS X 10_15_7) AppleWebKit/537.36 (KHTML, like Gecko) Chrome/140.0.0.0 Safari/537.36"
2a03:2880:f802:9:: - - [25/Aug/2026:07:53:47 +0800] "GET /wp-login.php?key=oow4a381&_wpnonce=&action=ilc_logout&redirect_to=https%3A%2F%2Fgame.edu.kg HTTP/1.1" 302 8248 "-" "Mozilla/5.0 (Macintosh; Intel Mac OS X 10_15_7) AppleWebKit/537.36 (KHTML, like Gecko) Chrome/145.0.0.0 Safari/537.36 (compatible; meta-externalagent/1.1 (+https://developers.facebook.com/docs/sharing/webmasters/crawler))"
2001:288:a201::66:125 - - [25/Aug/2026:07:53:50 +0800] "GET /blog/active.php HTTP/1.1" 301 1026 "-" "-"
2001:288:a201::66:125 - - [25/Aug/2026:07:53:50 +0800] "GET /blog/active.php HTTP/1.1" 404 1084 "-" "-"
2001:b011:e003:275:97f0:fb88:9aac:398b - - [25/Aug/2026:07:53:51 +0800] "GET / HTTP/1.1" 301 855 "-" "Mozilla/5.0 (Windows NT 10.0; Win64; x64) AppleWebKit/537.36 (KHTML, like Gecko) Chrome/69.0.3497.81 Safari/537.36"
2409:8057:2070::114:1308 - - [25/Aug/2026:07:53:51 +0800] "GET /6423/wp-content/cache/2blog.ilc.edu.tw/wpfc-minified/g5370n19/61mkk.css HTTP/1.1" 200 20774 "https://2blog.ilc.edu.tw/6423/category/c-21156/" "Mozilla/5.0 (Windows NT 10.0; Win64; x64) AppleWebKit/537.36 (KHTML, like Gecko) Chrome/144.0.0.0 Safari/537.36"
2409:8057:2070::114:1308 - - [25/Aug/2026:07:53:51 +0800] "GET /6423/wp-content/cache/2blog.ilc.edu.tw/wpfc-minified/klogenln/61mkk.css HTTP/1.1" 200 22430 "https://2blog.ilc.edu.tw/6423/category/c-21156/" "Mozilla/5.0 (Windows NT 10.0; Win64; x64) AppleWebKit/537.36 (KHTML, like Gecko) Chrome/144.0.0.0 Safari/537.36"
2409:8057:2070::114:1308 - - [25/Aug/2026:07:53:51 +0800] "GET /6423/wp-content/cache/2blog.ilc.edu.tw/wpfc-minified/lpq5e7kz/61mkk.css HTTP/1.1" 200 16345 "https://2blog.ilc.edu.tw/6423/category/c-21156/" "Mozilla/5.0 (Windows NT 10.0; Win64; x64) AppleWebKit/537.36 (KHTML, like Gecko) Chrome/144.0.0.0 Safari/537.36"
2409:8057:2070::114:1308 - - [25/Aug/2026:07:53:51 +0800] "GET /6423/wp-content/cache/2blog.ilc.edu.tw/wpfc-minified/g24ljy6v/61mkk.js HTTP/1.1" 200 40357 "https://2blog.ilc.edu.tw/6423/category/c-21156/" "Mozilla/5.0 (Windows NT 10.0; Win64; x64) AppleWebKit/537.36 (KHTML, like Gecko) Chrome/144.0.0.0 Safari/537.36"
240e:f7:e000:663::18 - - [25/Aug/2026:07:53:51 +0800] "GET /6537/wp-content/cache/2blog.ilc.edu.tw/wpfc-minified/216heugx/f3kh.css HTTP/1.1" 200 5951 "https://2blog.ilc.edu.tw/6537/2020/" "Mozilla/5.0 (Windows NT 10.0; Win64; x64) AppleWebKit/537.36 (KHTML, like Gecko) Chrome/144.0.0.0 Safari/537.36"
240e:f7:e000:663::18 - - [25/Aug/2026:07:53:51 +0800] "GET /6537/wp-content/cache/2blog.ilc.edu.tw/wpfc-minified/7ua80fxi/f3kg.css HTTP/1.1" 200 65516 "https://2blog.ilc.edu.tw/6537/2020/" "Mozilla/5.0 (Windows NT 10.0; Win64; x64) AppleWebKit/537.36 (KHTML, like Gecko) Chrome/144.0.0.0 Safari/537.36"
240e:f7:e000:663::18 - - [25/Aug/2026:07:53:51 +0800] "GET /6537/wp-includes/js/hoverintent-js.min.js HTTP/1.1" 200 6391 "https://2blog.ilc.edu.tw/6537/2020/" "Mozilla/5.0 (Windows NT 10.0; Win64; x64) AppleWebKit/537.36 (KHTML, like Gecko) Chrome/144.0.0.0 Safari/537.36"
140.111.67.10 - - [25/Aug/2026:07:53:51 +0800] "GET /" 301 273 "-" "-"
2409:8057:2070::114:1308 - - [25/Aug/2026:07:53:52 +0800] "GET /6423/wp-content/themes/dara/assets/js/skip-link-focus-fix.js HTTP/1.1" 200 1295 "https://2blog.ilc.edu.tw/6423/category/c-21156/" "Mozilla/5.0 (Windows NT 10.0; Win64; x64) AppleWebKit/537.36 (KHTML, like Gecko) Chrome/144.0.0.0 Safari/537.36"
240e:f7:e000:663::18 - - [25/Aug/2026:07:53:52 +0800] "GET /6537/wp-content/themes/oceanwp/assets/js/theme.min.js HTTP/1.1" 200 5130 "https://2blog.ilc.edu.tw/6537/2020/" "Mozilla/5.0 (Windows NT 10.0; Win64; x64) AppleWebKit/537.36 (KHTML, like Gecko) Chrome/144.0.0.0 Safari/537.36"
2602:ffe4:8:1001::5 - - [25/Aug/2026:07:53:52 +0800] "GET /112dongaopreschool/wp-content/uploads/sites/3905/2024/10/LINE_ALBUM_95%E5%85%A8%E5%9C%92%E6%80%A7%E6%B4%BB%E5%8B%95-%E6%80%A7%E5%B9%B3%E6%95%99%E8%82%B2_241018_14-300x225.jpg HTTP/1.1" 200 25854 "https://2blog.ilc.edu.tw/112dongaopreschool/2024/09/05/%E5%85%A8%E5%9C%92%E6%80%A7%E6%95%99%E8%82%B2%E8%AD%B0%E9%A1%8C-%E5%85%A9%E6%80%A7%E6%95%99%E8%82%B2" "Mozilla/5.0 (Linux; Android 5.0) AppleWebKit/537.36 (KHTML, like Gecko) Mobile Safari/537.36 (compatible; Bytespider; https://bytedance.sg.larkoffice.com/docx/K5bxdypulop3IIxrJb0lOjLVgFe)"
240e:f7:e000:663::18 - - [25/Aug/2026:07:53:52 +0800] "GET /6537/wp-content/themes/oceanwp/assets/js/drop-down-mobile-menu.min.js HTTP/1.1" 200 4663 "https://2blog.ilc.edu.tw/6537/2020/" "Mozilla/5.0 (Windows NT 10.0; Win64; x64) AppleWebKit/537.36 (KHTML, like Gecko) Chrome/144.0.0.0 Safari/537.36"
240e:f7:e000:663::18 - - [25/Aug/2026:07:53:52 +0800] "GET /6537/wp-content/themes/oceanwp/assets/js/ow-lightbox.min.js HTTP/1.1" 200 2321 "https://2blog.ilc.edu.tw/6537/2020/" "Mozilla/5.0 (Windows NT 10.0; Win64; x64) AppleWebKit/537.36 (KHTML, like Gecko) Chrome/144.0.0.0 Safari/537.36"
240e:f7:e000:663::18 - - [25/Aug/2026:07:53:52 +0800] "GET /6537/wp-content/themes/oceanwp/assets/js/ow-slider.min.js HTTP/1.1" 200 1761 "https://2blog.ilc.edu.tw/6537/2020/" "Mozilla/5.0 (Windows NT 10.0; Win64; x64) AppleWebKit/537.36 (KHTML, like Gecko) Chrome/144.0.0.0 Safari/537.36"
2409:8057:2070::114:1308 - - [25/Aug/2026:07:53:52 +0800] "GET /favicon.ico HTTP/1.1" 302 901 "https://2blog.ilc.edu.tw/6423/category/c-21156/" "Mozilla/5.0 (Windows NT 10.0; Win64; x64) AppleWebKit/537.36 (KHTML, like Gecko) Chrome/144.0.0.0 Safari/537.36"
240e:f7:e000:663::18 - - [25/Aug/2026:07:53:52 +0800] "GET /6537/wp-content/themes/oceanwp/assets/js/select.min.js HTTP/1.1" 200 2408 "https://2blog.ilc.edu.tw/6537/2020/" "Mozilla/5.0 (Windows NT 10.0; Win64; x64) AppleWebKit/537.36 (KHTML, like Gecko) Chrome/144.0.0.0 Safari/537.36"
240e:f7:e000:663::18 - - [25/Aug/2026:07:53:52 +0800] "GET /6537/wp-content/plugins/ocean-extra/includes/widgets/js/flickr.min.js HTTP/1.1" 200 1319 "https://2blog.ilc.edu.tw/6537/2020/" "Mozilla/5.0 (Windows NT 10.0; Win64; x64) AppleWebKit/537.36 (KHTML, like Gecko) Chrome/144.0.0.0 Safari/537.36"
2409:8057:2070::114:1308 - - [25/Aug/2026:07:53:53 +0800] "GET /wp-includes/images/w-logo-blue-white-bg.png HTTP/1.1" 200 4946 "https://2blog.ilc.edu.tw/6423/category/c-21156/" "Mozilla/5.0 (Windows NT 10.0; Win64; x64) AppleWebKit/537.36 (KHTML, like Gecko) Chrome/144.0.0.0 Safari/537.36"
240e:f7:e000:663::18 - - [25/Aug/2026:07:53:53 +0800] "GET /6537/wp-content/themes/oceanwp/assets/fonts/simple-line-icons/Simple-Line-Icons.woff2?v=2.4.0 HTTP/1.1" 200 30959 "https://2blog.ilc.edu.tw/6537/wp-content/cache/2blog.ilc.edu.tw/wpfc-minified/7ua80fxi/f3kg.css" "Mozilla/5.0 (Windows NT 10.0; Win64; x64) AppleWebKit/537.36 (KHTML, like Gecko) Chrome/144.0.0.0 Safari/537.36"
240e:f7:e000:663::18 - - [25/Aug/2026:07:53:53 +0800] "GET /6537/wp-content/themes/oceanwp/assets/fonts/fontawesome/webfonts/fa-solid-900.woff2 HTTP/1.1" 200 151246 "https://2blog.ilc.edu.tw/6537/wp-content/cache/2blog.ilc.edu.tw/wpfc-minified/7ua80fxi/f3kg.css" "Mozilla/5.0 (Windows NT 10.0; Win64; x64) AppleWebKit/537.36 (KHTML, like Gecko) Chrome/144.0.0.0 Safari/537.36"
2001:288:a218:1:7c67:11a6:db83:de97 - - [25/Aug/2026:07:53:54 +0800] "GET /css/tab-view.css HTTP/1.1" 404 46664 "https://www.lmes.ilc.edu.tw/" "Mozilla/5.0 (Windows NT 10.0; Win64; x64) AppleWebKit/537.36 (KHTML, like Gecko) Chrome/151.0.0.0 Safari/537.36"
2001:288:a218:1:7c67:11a6:db83:de97 - - [25/Aug/2026:07:53:54 +0800] "GET /js/ajax.js HTTP/1.1" 404 42202 "https://www.lmes.ilc.edu.tw/" "Mozilla/5.0 (Windows NT 10.0; Win64; x64) AppleWebKit/537.36 (KHTML, like Gecko) Chrome/151.0.0.0 Safari/537.36"
2001:288:a218:1:7c67:11a6:db83:de97 - - [25/Aug/2026:07:53:54 +0800] "GET /js/tab-view.js HTTP/1.1" 404 42202 "https://www.lmes.ilc.edu.tw/" "Mozilla/5.0 (Windows NT 10.0; Win64; x64) AppleWebKit/537.36 (KHTML, like Gecko) Chrome/151.0.0.0 Safari/537.36"
240e:f7:e000:663::18 - - [25/Aug/2026:07:53:54 +0800] "GET /favicon.ico HTTP/1.1" 302 901 "https://2blog.ilc.edu.tw/6537/2020/" "Mozilla/5.0 (Windows NT 10.0; Win64; x64) AppleWebKit/537.36 (KHTML, like Gecko) Chrome/144.0.0.0 Safari/537.36"
240e:f7:e000:663::18 - - [25/Aug/2026:07:53:54 +0800] "GET /wp-includes/images/w-logo-blue-white-bg.png HTTP/1.1" 200 4946 "https://2blog.ilc.edu.tw/6537/2020/" "Mozilla/5.0 (Windows NT 10.0; Win64; x64) AppleWebKit/537.36 (KHTML, like Gecko) Chrome/144.0.0.0 Safari/537.36"
2001:288:a201::66:125 - - [25/Aug/2026:07:53:55 +0800] "GET /blog/active.php HTTP/1.1" 301 1026 "-" "-"
2001:288:a201::66:125 - - [25/Aug/2026:07:53:55 +0800] "GET /blog/active.php HTTP/1.1" 404 1084 "-" "-"
2408:8648:1300:20:100::15 - - [25/Aug/2026:07:53:55 +0800] "GET /19905 HTTP/1.1" 301 5756 "-" "Mozilla/5.0 (Windows NT 10.0; Win64; x64) AppleWebKit/537.36 (KHTML, like Gecko) Chrome/144.0.0.0 Safari/537.36"
2408:8648:1300:20:100::15 - - [25/Aug/2026:07:53:56 +0800] "GET /19905/ HTTP/1.1" 200 9534 "-" "Mozilla/5.0 (Windows NT 10.0; Win64; x64) AppleWebKit/537.36 (KHTML, like Gecko) Chrome/144.0.0.0 Safari/537.36"
140.111.67.10 - - [25/Aug/2026:07:53:56 +0800] "GET /" 301 273 "-" "-"
2408:8648:1300:20:100::15 - - [25/Aug/2026:07:53:57 +0800] "GET /19905/wp-content/cache/2blog.ilc.edu.tw/wpfc-minified/6l2e90lk/7wvlc.css HTTP/1.1" 200 40888 "https://2blog.ilc.edu.tw/19905/" "Mozilla/5.0 (Windows NT 10.0; Win64; x64) AppleWebKit/537.36 (KHTML, like Gecko) Chrome/144.0.0.0 Safari/537.36"
2408:8648:1300:20:100::15 - - [25/Aug/2026:07:53:57 +0800] "GET /19905/wp-content/cache/2blog.ilc.edu.tw/wpfc-minified/qjly1zsk/7wvlc.css HTTP/1.1" 200 15782 "https://2blog.ilc.edu.tw/19905/" "Mozilla/5.0 (Windows NT 10.0; Win64; x64) AppleWebKit/537.36 (KHTML, like Gecko) Chrome/144.0.0.0 Safari/537.36"
2408:8648:1300:20:100::15 - - [25/Aug/2026:07:53:58 +0800] "GET /19905/wp-content/cache/2blog.ilc.edu.tw/wpfc-minified/9kl0gufs/7wvlc.css HTTP/1.1" 200 1157 "https://2blog.ilc.edu.tw/19905/" "Mozilla/5.0 (Windows NT 10.0; Win64; x64) AppleWebKit/537.36 (KHTML, like Gecko) Chrome/144.0.0.0 Safari/537.36"
2408:8648:1300:20:100::15 - - [25/Aug/2026:07:53:58 +0800] "GET /19905/wp-content/cache/2blog.ilc.edu.tw/wpfc-minified/9app27lo/7wvlc.css HTTP/1.1" 200 54290 "https://2blog.ilc.edu.tw/19905/" "Mozilla/5.0 (Windows NT 10.0; Win64; x64) AppleWebKit/537.36 (KHTML, like Gecko) Chrome/144.0.0.0 Safari/537.36"
2409:8728:90fe:1d04::86 - - [25/Aug/2026:07:53:59 +0800] "GET /nalangedu/wp-includes/js/hoverintent-js.min.js HTTP/1.1" 200 6391 "https://2blog.ilc.edu.tw/nalangedu/category/%E3%80%90%E8%A1%8C%E6%94%BF%E9%81%8B%E4%BD%9C%E3%80%91/%E2%97%86%E9%81%B8%E7%BF%92%E8%AA%BF%E6%9F%A5/" "Mozilla/5.0 (Windows NT 10.0; Win64; x64) AppleWebKit/537.36 (KHTML, like Gecko) Chrome/144.0.0.0 Safari/537.36"
2408:8648:1300:20:100::15 - - [25/Aug/2026:07:53:59 +0800] "GET /19905/wp-content/cache/2blog.ilc.edu.tw/wpfc-minified/7lgwyhiq/7wvlc.js HTTP/1.1" 200 35567 "https://2blog.ilc.edu.tw/19905/" "Mozilla/5.0 (Windows NT 10.0; Win64; x64) AppleWebKit/537.36 (KHTML, like Gecko) Chrome/144.0.0.0 Safari/537.36"
2408:8648:1300:20:100::15 - - [25/Aug/2026:07:53:59 +0800] "GET /19905/wp-includes/js/hoverintent-js.min.js HTTP/1.1" 200 1597 "https://2blog.ilc.edu.tw/19905/" "Mozilla/5.0 (Windows NT 10.0; Win64; x64) AppleWebKit/537.36 (KHTML, like Gecko) Chrome/144.0.0.0 Safari/537.36"
2409:8728:90fe:1d04::86 - - [25/Aug/2026:07:53:59 +0800] "GET /nalangedu/wp-includes/js/admin-bar.min.js HTTP/1.1" 200 7031 "https://2blog.ilc.edu.tw/nalangedu/category/%E3%80%90%E8%A1%8C%E6%94%BF%E9%81%8B%E4%BD%9C%E3%80%91/%E2%97%86%E9%81%B8%E7%BF%92%E8%AA%BF%E6%9F%A5/" "Mozilla/5.0 (Windows NT 10.0; Win64; x64) AppleWebKit/537.36 (KHTML, like Gecko) Chrome/144.0.0.0 Safari/537.36"
2408:8648:1300:20:100::15 - - [25/Aug/2026:07:53:59 +0800] "GET /19905/wp-content/themes/oceanwp/assets/fonts/simple-line-icons/Simple-Line-Icons.woff2?v=2.4.0 HTTP/1.1" 200 30959 "https://2blog.ilc.edu.tw/19905/wp-content/cache/2blog.ilc.edu.tw/wpfc-minified/9app27lo/7wvlc.css" "Mozilla/5.0 (Windows NT 10.0; Win64; x64) AppleWebKit/537.36 (KHTML, like Gecko) Chrome/144.0.0.0 Safari/537.36"
2409:8728:90fe:1d04::86 - - [25/Aug/2026:07:53:59 +0800] "GET /nalangedu/wp-content/themes/dara/assets/js/navigation.js HTTP/1.1" 200 1988 "https://2blog.ilc.edu.tw/nalangedu/category/%E3%80%90%E8%A1%8C%E6%94%BF%E9%81%8B%E4%BD%9C%E3%80%91/%E2%97%86%E9%81%B8%E7%BF%92%E8%AA%BF%E6%9F%A5/" "Mozilla/5.0 (Windows NT 10.0; Win64; x64) AppleWebKit/537.36 (KHTML, like Gecko) Chrome/144.0.0.0 Safari/537.36"
2402:7500:95e:566:d031:61f8:d2a3:8018 - - [25/Aug/2026:07:54:00 +0800] "GET /35/2022/09/06/%E5%B0%8F%E4%B8%80%E5%B0%8E%E5%B8%AB%E7%9A%84%E4%BA%94%E5%9B%9B%E4%B8%89%E5%BF%83%E5%BE%97%E5%88%86%E4%BA%AB/ HTTP/1.1" 200 19609 "https://www.google.com/url?q=https://2blog.ilc.edu.tw/35/2022/09/06/%25E5%25B0%258F%25E4%25B8%2580%25E5%25B0%258E%25E5%25B8%25AB%25E7%259A%2584%25E4%25BA%2594%25E5%259B%259B%25E4%25B8%2589%25E5%25BF%2583%25E5%25BE%2597%25E5%2588%2586%25E4%25BA%25AB/&sa=U&sqi=2&ved=2ahUKEwjs7OawubqWAxUeleEIHXdUN1sQFnoECEgQAQ&usg=AOvVaw1NZ_vmw8CW0ZvWeHf5A7Ld" "Mozilla/5.0 (iPhone; CPU iPhone OS 26_6_0 like Mac OS X) AppleWebKit/605.1.15 (KHTML, like Gecko) GSA/434.2.961627397 Mobile/15E148 Safari/604.1"
2402:7500:95e:566:d031:61f8:d2a3:8018 - - [25/Aug/2026:07:54:00 +0800] "GET /35/wp-content/cache/2blog.ilc.edu.tw/wpfc-minified/2qwx5el1/5wom0.js HTTP/1.1" 200 1640 "https://2blog.ilc.edu.tw/35/2022/09/06/%E5%B0%8F%E4%B8%80%E5%B0%8E%E5%B8%AB%E7%9A%84%E4%BA%94%E5%9B%9B%E4%B8%89%E5%BF%83%E5%BE%97%E5%88%86%E4%BA%AB/" "Mozilla/5.0 (iPhone; CPU iPhone OS 26_6_0 like Mac OS X) AppleWebKit/605.1.15 (KHTML, like Gecko) GSA/434.2.961627397 Mobile/15E148 Safari/604.1"
2402:7500:95e:566:d031:61f8:d2a3:8018 - - [25/Aug/2026:07:54:00 +0800] "GET /35/wp-content/cache/2blog.ilc.edu.tw/wpfc-minified/2qbp5foz/5wom0.css HTTP/1.1" 200 45677 "https://2blog.ilc.edu.tw/35/2022/09/06/%E5%B0%8F%E4%B8%80%E5%B0%8E%E5%B8%AB%E7%9A%84%E4%BA%94%E5%9B%9B%E4%B8%89%E5%BF%83%E5%BE%97%E5%88%86%E4%BA%AB/" "Mozilla/5.0 (iPhone; CPU iPhone OS 26_6_0 like Mac OS X) AppleWebKit/605.1.15 (KHTML, like Gecko) GSA/434.2.961627397 Mobile/15E148 Safari/604.1"
2408:8648:1300:20:100::15 - - [25/Aug/2026:07:54:00 +0800] "GET /19905/wp-content/themes/oceanwp/assets/fonts/fontawesome/webfonts/fa-solid-900.woff2 HTTP/1.1" 200 151246 "https://2blog.ilc.edu.tw/19905/wp-content/cache/2blog.ilc.edu.tw/wpfc-minified/9app27lo/7wvlc.css" "Mozilla/5.0 (Windows NT 10.0; Win64; x64) AppleWebKit/537.36 (KHTML, like Gecko) Chrome/144.0.0.0 Safari/537.36"
2402:7500:95e:566:d031:61f8:d2a3:8018 - - [25/Aug/2026:07:54:00 +0800] "GET /35/wp-content/uploads/sites/1161/2020/08/cropped-%E7%94%9F%E6%B4%BB%E5%9C%98%E6%B5%B7%E5%A0%B1-%E6%A9%AB%E5%9C%961.jpg HTTP/1.1" 200 92828 "https://2blog.ilc.edu.tw/35/2022/09/06/%E5%B0%8F%E4%B8%80%E5%B0%8E%E5%B8%AB%E7%9A%84%E4%BA%94%E5%9B%9B%E4%B8%89%E5%BF%83%E5%BE%97%E5%88%86%E4%BA%AB/" "Mozilla/5.0 (iPhone; CPU iPhone OS 26_6_0 like Mac OS X) AppleWebKit/605.1.15 (KHTML, like Gecko) GSA/434.2.961627397 Mobile/15E148 Safari/604.1"
2402:7500:95e:566:d031:61f8:d2a3:8018 - - [25/Aug/2026:07:54:00 +0800] "GET /35/wp-includes/js/hoverintent-js.min.js HTTP/1.1" 200 1597 "https://2blog.ilc.edu.tw/35/2022/09/06/%E5%B0%8F%E4%B8%80%E5%B0%8E%E5%B8%AB%E7%9A%84%E4%BA%94%E5%9B%9B%E4%B8%89%E5%BF%83%E5%BE%97%E5%88%86%E4%BA%AB/" "Mozilla/5.0 (iPhone; CPU iPhone OS 26_6_0 like Mac OS X) AppleWebKit/605.1.15 (KHTML, like Gecko) GSA/434.2.961627397 Mobile/15E148 Safari/604.1"
2402:7500:95e:566:d031:61f8:d2a3:8018 - - [25/Aug/2026:07:54:00 +0800] "GET /35/wp-content/cache/2blog.ilc.edu.tw/wpfc-minified/8nbvkij4/5wom0.css HTTP/1.1" 200 22428 "https://2blog.ilc.edu.tw/35/2022/09/06/%E5%B0%8F%E4%B8%80%E5%B0%8E%E5%B8%AB%E7%9A%84%E4%BA%94%E5%9B%9B%E4%B8%89%E5%BF%83%E5%BE%97%E5%88%86%E4%BA%AB/" "Mozilla/5.0 (iPhone; CPU iPhone OS 26_6_0 like Mac OS X) AppleWebKit/605.1.15 (KHTML, like Gecko) GSA/434.2.961627397 Mobile/15E148 Safari/604.1"
2402:7500:95e:566:d031:61f8:d2a3:8018 - - [25/Aug/2026:07:54:00 +0800] "GET /35/wp-content/cache/2blog.ilc.edu.tw/wpfc-minified/2dutu2lw/5wom0.css HTTP/1.1" 200 20774 "https://2blog.ilc.edu.tw/35/2022/09/06/%E5%B0%8F%E4%B8%80%E5%B0%8E%E5%B8%AB%E7%9A%84%E4%BA%94%E5%9B%9B%E4%B8%89%E5%BF%83%E5%BE%97%E5%88%86%E4%BA%AB/" "Mozilla/5.0 (iPhone; CPU iPhone OS 26_6_0 like Mac OS X) AppleWebKit/605.1.15 (KHTML, like Gecko) GSA/434.2.961627397 Mobile/15E148 Safari/604.1"
2402:7500:95e:566:d031:61f8:d2a3:8018 - - [25/Aug/2026:07:54:00 +0800] "GET /35/wp-content/cache/2blog.ilc.edu.tw/wpfc-minified/btnpd0t/5wom0.js HTTP/1.1" 200 40352 "https://2blog.ilc.edu.tw/35/2022/09/06/%E5%B0%8F%E4%B8%80%E5%B0%8E%E5%B8%AB%E7%9A%84%E4%BA%94%E5%9B%9B%E4%B8%89%E5%BF%83%E5%BE%97%E5%88%86%E4%BA%AB/" "Mozilla/5.0 (iPhone; CPU iPhone OS 26_6_0 like Mac OS X) AppleWebKit/605.1.15 (KHTML, like Gecko) GSA/434.2.961627397 Mobile/15E148 Safari/604.1"
2402:7500:95e:566:d031:61f8:d2a3:8018 - - [25/Aug/2026:07:54:00 +0800] "GET /35/wp-content/cache/2blog.ilc.edu.tw/wpfc-minified/7xdfbna9/5wom0.css HTTP/1.1" 200 16345 "https://2blog.ilc.edu.tw/35/2022/09/06/%E5%B0%8F%E4%B8%80%E5%B0%8E%E5%B8%AB%E7%9A%84%E4%BA%94%E5%9B%9B%E4%B8%89%E5%BF%83%E5%BE%97%E5%88%86%E4%BA%AB/" "Mozilla/5.0 (iPhone; CPU iPhone OS 26_6_0 like Mac OS X) AppleWebKit/605.1.15 (KHTML, like Gecko) GSA/434.2.961627397 Mobile/15E148 Safari/604.1"
2402:7500:95e:566:d031:61f8:d2a3:8018 - - [25/Aug/2026:07:54:00 +0800] "GET /35/wp-includes/js/admin-bar.min.js HTTP/1.1" 200 2237 "https://2blog.ilc.edu.tw/35/2022/09/06/%E5%B0%8F%E4%B8%80%E5%B0%8E%E5%B8%AB%E7%9A%84%E4%BA%94%E5%9B%9B%E4%B8%89%E5%BF%83%E5%BE%97%E5%88%86%E4%BA%AB/" "Mozilla/5.0 (iPhone; CPU iPhone OS 26_6_0 like Mac OS X) AppleWebKit/605.1.15 (KHTML, like Gecko) GSA/434.2.961627397 Mobile/15E148 Safari/604.1"
2402:7500:95e:566:d031:61f8:d2a3:8018 - - [25/Aug/2026:07:54:00 +0800] "GET /35/wp-content/themes/dara/assets/js/navigation.js HTTP/1.1" 200 1988 "https://2blog.ilc.edu.tw/35/2022/09/06/%E5%B0%8F%E4%B8%80%E5%B0%8E%E5%B8%AB%E7%9A%84%E4%BA%94%E5%9B%9B%E4%B8%89%E5%BF%83%E5%BE%97%E5%88%86%E4%BA%AB/" "Mozilla/5.0 (iPhone; CPU iPhone OS 26_6_0 like Mac OS X) AppleWebKit/605.1.15 (KHTML, like Gecko) GSA/434.2.961627397 Mobile/15E148 Safari/604.1"
2001:288:a201::66:125 - - [25/Aug/2026:07:54:00 +0800] "GET /blog/active.php HTTP/1.1" 301 1026 "-" "-"
2402:7500:95e:566:d031:61f8:d2a3:8018 - - [25/Aug/2026:07:54:00 +0800] "GET /35/wp-content/themes/dara/assets/js/skip-link-focus-fix.js HTTP/1.1" 200 1295 "https://2blog.ilc.edu.tw/35/2022/09/06/%E5%B0%8F%E4%B8%80%E5%B0%8E%E5%B8%AB%E7%9A%84%E4%BA%94%E5%9B%9B%E4%B8%89%E5%BF%83%E5%BE%97%E5%88%86%E4%BA%AB/" "Mozilla/5.0 (iPhone; CPU iPhone OS 26_6_0 like Mac OS X) AppleWebKit/605.1.15 (KHTML, like Gecko) GSA/434.2.961627397 Mobile/15E148 Safari/604.1"
2001:288:a201::66:125 - - [25/Aug/2026:07:54:00 +0800] "GET /blog/active.php HTTP/1.1" 404 1084 "-" "-"
2402:7500:95e:566:d031:61f8:d2a3:8018 - - [25/Aug/2026:07:54:00 +0800] "GET /35/wp-content/themes/dara/assets/genericons/Genericons.svg HTTP/1.1" 200 79304 "https://2blog.ilc.edu.tw/35/2022/09/06/%E5%B0%8F%E4%B8%80%E5%B0%8E%E5%B8%AB%E7%9A%84%E4%BA%94%E5%9B%9B%E4%B8%89%E5%BF%83%E5%BE%97%E5%88%86%E4%BA%AB/" "Mozilla/5.0 (iPhone; CPU iPhone OS 26_6_0 like Mac OS X) AppleWebKit/605.1.15 (KHTML, like Gecko) GSA/434.2.961627397 Mobile/15E148 Safari/604.1"
2402:7500:95e:566:d031:61f8:d2a3:8018 - - [25/Aug/2026:07:54:00 +0800] "GET /35/wp-content/uploads/sites/1161/2022/09/286025184_1813272209023410_103032167542030378_n.jpg HTTP/1.1" 200 34529 "https://2blog.ilc.edu.tw/35/2022/09/06/%E5%B0%8F%E4%B8%80%E5%B0%8E%E5%B8%AB%E7%9A%84%E4%BA%94%E5%9B%9B%E4%B8%89%E5%BF%83%E5%BE%97%E5%88%86%E4%BA%AB/" "Mozilla/5.0 (iPhone; CPU iPhone OS 26_6_0 like Mac OS X) AppleWebKit/605.1.15 (KHTML, like Gecko) GSA/434.2.961627397 Mobile/15E148 Safari/604.1"
