2001:b011:7807:f3cb:f43d:82c1:62eb:618b - - [25/Aug/2026:07:40:03 +0800] "GET /technology/wp-content/themes/oceanwp/assets/js/theme.min.js HTTP/1.1" 200 5130 "https://2blog.ilc.edu.tw/technology/2013/12/19/%E5%AE%9C%E8%98%AD%E7%B8%A3%E6%94%BF%E5%BA%9C%E7%B7%9A%E4%B8%8A%E5%B7%AE%E5%8B%A4%E7%B3%BB%E7%B5%B1%E8%AB%8B%E5%85%AC%E5%B7%AE%E5%81%87%E5%96%AE%E6%B5%81%E7%A8%8B/" "Mozilla/5.0 (Windows NT 10.0; Win64; x64) AppleWebKit/537.36 (KHTML, like Gecko) Chrome/151.0.0.0 Safari/537.36"
2001:b011:7807:f3cb:f43d:82c1:62eb:618b - - [25/Aug/2026:07:40:03 +0800] "GET /technology/wp-includes/js/admin-bar.min.js HTTP/1.1" 200 2237 "https://2blog.ilc.edu.tw/technology/2013/12/19/%E5%AE%9C%E8%98%AD%E7%B8%A3%E6%94%BF%E5%BA%9C%E7%B7%9A%E4%B8%8A%E5%B7%AE%E5%8B%A4%E7%B3%BB%E7%B5%B1%E8%AB%8B%E5%85%AC%E5%B7%AE%E5%81%87%E5%96%AE%E6%B5%81%E7%A8%8B/" "Mozilla/5.0 (Windows NT 10.0; Win64; x64) AppleWebKit/537.36 (KHTML, like Gecko) Chrome/151.0.0.0 Safari/537.36"
2001:b011:7807:f3cb:f43d:82c1:62eb:618b - - [25/Aug/2026:07:40:03 +0800] "GET /technology/wp-content/themes/oceanwp/assets/js/drop-down-mobile-menu.min.js HTTP/1.1" 200 4663 "https://2blog.ilc.edu.tw/technology/2013/12/19/%E5%AE%9C%E8%98%AD%E7%B8%A3%E6%94%BF%E5%BA%9C%E7%B7%9A%E4%B8%8A%E5%B7%AE%E5%8B%A4%E7%B3%BB%E7%B5%B1%E8%AB%8B%E5%85%AC%E5%B7%AE%E5%81%87%E5%96%AE%E6%B5%81%E7%A8%8B/" "Mozilla/5.0 (Windows NT 10.0; Win64; x64) AppleWebKit/537.36 (KHTML, like Gecko) Chrome/151.0.0.0 Safari/537.36"
2001:b011:7807:f3cb:f43d:82c1:62eb:618b - - [25/Aug/2026:07:40:03 +0800] "GET /technology/wp-content/themes/oceanwp/assets/js/vendors/magnific-popup.min.js HTTP/1.1" 200 8270 "https://2blog.ilc.edu.tw/technology/2013/12/19/%E5%AE%9C%E8%98%AD%E7%B8%A3%E6%94%BF%E5%BA%9C%E7%B7%9A%E4%B8%8A%E5%B7%AE%E5%8B%A4%E7%B3%BB%E7%B5%B1%E8%AB%8B%E5%85%AC%E5%B7%AE%E5%81%87%E5%96%AE%E6%B5%81%E7%A8%8B/" "Mozilla/5.0 (Windows NT 10.0; Win64; x64) AppleWebKit/537.36 (KHTML, like Gecko) Chrome/151.0.0.0 Safari/537.36"
2001:b011:7807:f3cb:f43d:82c1:62eb:618b - - [25/Aug/2026:07:40:03 +0800] "GET /technology/wp-content/themes/oceanwp/assets/js/ow-lightbox.min.js HTTP/1.1" 200 2321 "https://2blog.ilc.edu.tw/technology/2013/12/19/%E5%AE%9C%E8%98%AD%E7%B8%A3%E6%94%BF%E5%BA%9C%E7%B7%9A%E4%B8%8A%E5%B7%AE%E5%8B%A4%E7%B3%BB%E7%B5%B1%E8%AB%8B%E5%85%AC%E5%B7%AE%E5%81%87%E5%96%AE%E6%B5%81%E7%A8%8B/" "Mozilla/5.0 (Windows NT 10.0; Win64; x64) AppleWebKit/537.36 (KHTML, like Gecko) Chrome/151.0.0.0 Safari/537.36"
2001:b011:7807:f3cb:f43d:82c1:62eb:618b - - [25/Aug/2026:07:40:03 +0800] "GET /technology/wp-content/themes/oceanwp/assets/js/ow-slider.min.js HTTP/1.1" 200 1761 "https://2blog.ilc.edu.tw/technology/2013/12/19/%E5%AE%9C%E8%98%AD%E7%B8%A3%E6%94%BF%E5%BA%9C%E7%B7%9A%E4%B8%8A%E5%B7%AE%E5%8B%A4%E7%B3%BB%E7%B5%B1%E8%AB%8B%E5%85%AC%E5%B7%AE%E5%81%87%E5%96%AE%E6%B5%81%E7%A8%8B/" "Mozilla/5.0 (Windows NT 10.0; Win64; x64) AppleWebKit/537.36 (KHTML, like Gecko) Chrome/151.0.0.0 Safari/537.36"
2001:b011:7807:f3cb:f43d:82c1:62eb:618b - - [25/Aug/2026:07:40:03 +0800] "GET /technology/wp-content/themes/oceanwp/assets/js/vendors/flickity.pkgd.min.js HTTP/1.1" 200 15048 "https://2blog.ilc.edu.tw/technology/2013/12/19/%E5%AE%9C%E8%98%AD%E7%B8%A3%E6%94%BF%E5%BA%9C%E7%B7%9A%E4%B8%8A%E5%B7%AE%E5%8B%A4%E7%B3%BB%E7%B5%B1%E8%AB%8B%E5%85%AC%E5%B7%AE%E5%81%87%E5%96%AE%E6%B5%81%E7%A8%8B/" "Mozilla/5.0 (Windows NT 10.0; Win64; x64) AppleWebKit/537.36 (KHTML, like Gecko) Chrome/151.0.0.0 Safari/537.36"
2001:b011:7807:f3cb:f43d:82c1:62eb:618b - - [25/Aug/2026:07:40:03 +0800] "GET /technology/wp-content/themes/oceanwp/assets/js/scroll-effect.min.js HTTP/1.1" 200 4127 "https://2blog.ilc.edu.tw/technology/2013/12/19/%E5%AE%9C%E8%98%AD%E7%B8%A3%E6%94%BF%E5%BA%9C%E7%B7%9A%E4%B8%8A%E5%B7%AE%E5%8B%A4%E7%B3%BB%E7%B5%B1%E8%AB%8B%E5%85%AC%E5%B7%AE%E5%81%87%E5%96%AE%E6%B5%81%E7%A8%8B/" "Mozilla/5.0 (Windows NT 10.0; Win64; x64) AppleWebKit/537.36 (KHTML, like Gecko) Chrome/151.0.0.0 Safari/537.36"
2001:b011:7807:f3cb:f43d:82c1:62eb:618b - - [25/Aug/2026:07:40:03 +0800] "GET /technology/wp-content/themes/oceanwp/assets/js/scroll-top.min.js HTTP/1.1" 200 3202 "https://2blog.ilc.edu.tw/technology/2013/12/19/%E5%AE%9C%E8%98%AD%E7%B8%A3%E6%94%BF%E5%BA%9C%E7%B7%9A%E4%B8%8A%E5%B7%AE%E5%8B%A4%E7%B3%BB%E7%B5%B1%E8%AB%8B%E5%85%AC%E5%B7%AE%E5%81%87%E5%96%AE%E6%B5%81%E7%A8%8B/" "Mozilla/5.0 (Windows NT 10.0; Win64; x64) AppleWebKit/537.36 (KHTML, like Gecko) Chrome/151.0.0.0 Safari/537.36"
2001:b011:7807:f3cb:f43d:82c1:62eb:618b - - [25/Aug/2026:07:40:03 +0800] "GET /technology/wp-content/themes/oceanwp/assets/js/select.min.js HTTP/1.1" 200 2408 "https://2blog.ilc.edu.tw/technology/2013/12/19/%E5%AE%9C%E8%98%AD%E7%B8%A3%E6%94%BF%E5%BA%9C%E7%B7%9A%E4%B8%8A%E5%B7%AE%E5%8B%A4%E7%B3%BB%E7%B5%B1%E8%AB%8B%E5%85%AC%E5%B7%AE%E5%81%87%E5%96%AE%E6%B5%81%E7%A8%8B/" "Mozilla/5.0 (Windows NT 10.0; Win64; x64) AppleWebKit/537.36 (KHTML, like Gecko) Chrome/151.0.0.0 Safari/537.36"
2001:b011:7807:f3cb:f43d:82c1:62eb:618b - - [25/Aug/2026:07:40:03 +0800] "GET /technology/wp-content/plugins/ocean-extra/includes/widgets/js/flickr.min.js HTTP/1.1" 200 1319 "https://2blog.ilc.edu.tw/technology/2013/12/19/%E5%AE%9C%E8%98%AD%E7%B8%A3%E6%94%BF%E5%BA%9C%E7%B7%9A%E4%B8%8A%E5%B7%AE%E5%8B%A4%E7%B3%BB%E7%B5%B1%E8%AB%8B%E5%85%AC%E5%B7%AE%E5%81%87%E5%96%AE%E6%B5%81%E7%A8%8B/" "Mozilla/5.0 (Windows NT 10.0; Win64; x64) AppleWebKit/537.36 (KHTML, like Gecko) Chrome/151.0.0.0 Safari/537.36"
2001:b011:7807:f3cb:f43d:82c1:62eb:618b - - [25/Aug/2026:07:40:03 +0800] "GET /technology/wp-content/plugins/elementor-pro/assets/lib/sticky/jquery.sticky.min.js HTTP/1.1" 200 2422 "https://2blog.ilc.edu.tw/technology/2013/12/19/%E5%AE%9C%E8%98%AD%E7%B8%A3%E6%94%BF%E5%BA%9C%E7%B7%9A%E4%B8%8A%E5%B7%AE%E5%8B%A4%E7%B3%BB%E7%B5%B1%E8%AB%8B%E5%85%AC%E5%B7%AE%E5%81%87%E5%96%AE%E6%B5%81%E7%A8%8B/" "Mozilla/5.0 (Windows NT 10.0; Win64; x64) AppleWebKit/537.36 (KHTML, like Gecko) Chrome/151.0.0.0 Safari/537.36"
2001:b011:7807:f3cb:f43d:82c1:62eb:618b - - [25/Aug/2026:07:40:03 +0800] "GET /technology/wp-content/plugins/elementor-pro/assets/lib/smartmenus/jquery.smartmenus.min.js HTTP/1.1" 200 7967 "https://2blog.ilc.edu.tw/technology/2013/12/19/%E5%AE%9C%E8%98%AD%E7%B8%A3%E6%94%BF%E5%BA%9C%E7%B7%9A%E4%B8%8A%E5%B7%AE%E5%8B%A4%E7%B3%BB%E7%B5%B1%E8%AB%8B%E5%85%AC%E5%B7%AE%E5%81%87%E5%96%AE%E6%B5%81%E7%A8%8B/" "Mozilla/5.0 (Windows NT 10.0; Win64; x64) AppleWebKit/537.36 (KHTML, like Gecko) Chrome/151.0.0.0 Safari/537.36"
2001:b011:7807:f3cb:f43d:82c1:62eb:618b - - [25/Aug/2026:07:40:03 +0800] "GET /technology/wp-content/plugins/elementor/assets/js/webpack.runtime.min.js HTTP/1.1" 200 3095 "https://2blog.ilc.edu.tw/technology/2013/12/19/%E5%AE%9C%E8%98%AD%E7%B8%A3%E6%94%BF%E5%BA%9C%E7%B7%9A%E4%B8%8A%E5%B7%AE%E5%8B%A4%E7%B3%BB%E7%B5%B1%E8%AB%8B%E5%85%AC%E5%B7%AE%E5%81%87%E5%96%AE%E6%B5%81%E7%A8%8B/" "Mozilla/5.0 (Windows NT 10.0; Win64; x64) AppleWebKit/537.36 (KHTML, like Gecko) Chrome/151.0.0.0 Safari/537.36"
2001:b011:7807:f3cb:f43d:82c1:62eb:618b - - [25/Aug/2026:07:40:03 +0800] "GET /technology/wp-content/plugins/elementor/assets/lib/waypoints/waypoints.min.js HTTP/1.1" 200 3873 "https://2blog.ilc.edu.tw/technology/2013/12/19/%E5%AE%9C%E8%98%AD%E7%B8%A3%E6%94%BF%E5%BA%9C%E7%B7%9A%E4%B8%8A%E5%B7%AE%E5%8B%A4%E7%B3%BB%E7%B5%B1%E8%AB%8B%E5%85%AC%E5%B7%AE%E5%81%87%E5%96%AE%E6%B5%81%E7%A8%8B/" "Mozilla/5.0 (Windows NT 10.0; Win64; x64) AppleWebKit/537.36 (KHTML, like Gecko) Chrome/151.0.0.0 Safari/537.36"
2001:b011:7807:f3cb:f43d:82c1:62eb:618b - - [25/Aug/2026:07:40:03 +0800] "GET /technology/wp-content/plugins/elementor/assets/js/frontend-modules.min.js HTTP/1.1" 200 19416 "https://2blog.ilc.edu.tw/technology/2013/12/19/%E5%AE%9C%E8%98%AD%E7%B8%A3%E6%94%BF%E5%BA%9C%E7%B7%9A%E4%B8%8A%E5%B7%AE%E5%8B%A4%E7%B3%BB%E7%B5%B1%E8%AB%8B%E5%85%AC%E5%B7%AE%E5%81%87%E5%96%AE%E6%B5%81%E7%A8%8B/" "Mozilla/5.0 (Windows NT 10.0; Win64; x64) AppleWebKit/537.36 (KHTML, like Gecko) Chrome/151.0.0.0 Safari/537.36"
2001:b011:7807:f3cb:f43d:82c1:62eb:618b - - [25/Aug/2026:07:40:03 +0800] "GET /technology/wp-includes/js/jquery/ui/core.min.js HTTP/1.1" 200 7986 "https://2blog.ilc.edu.tw/technology/2013/12/19/%E5%AE%9C%E8%98%AD%E7%B8%A3%E6%94%BF%E5%BA%9C%E7%B7%9A%E4%B8%8A%E5%B7%AE%E5%8B%A4%E7%B3%BB%E7%B5%B1%E8%AB%8B%E5%85%AC%E5%B7%AE%E5%81%87%E5%96%AE%E6%B5%81%E7%A8%8B/" "Mozilla/5.0 (Windows NT 10.0; Win64; x64) AppleWebKit/537.36 (KHTML, like Gecko) Chrome/151.0.0.0 Safari/537.36"
2001:b011:7807:f3cb:f43d:82c1:62eb:618b - - [25/Aug/2026:07:40:03 +0800] "GET /technology/wp-content/plugins/elementor/assets/js/frontend.min.js HTTP/1.1" 200 13169 "https://2blog.ilc.edu.tw/technology/2013/12/19/%E5%AE%9C%E8%98%AD%E7%B8%A3%E6%94%BF%E5%BA%9C%E7%B7%9A%E4%B8%8A%E5%B7%AE%E5%8B%A4%E7%B3%BB%E7%B5%B1%E8%AB%8B%E5%85%AC%E5%B7%AE%E5%81%87%E5%96%AE%E6%B5%81%E7%A8%8B/" "Mozilla/5.0 (Windows NT 10.0; Win64; x64) AppleWebKit/537.36 (KHTML, like Gecko) Chrome/151.0.0.0 Safari/537.36"
2001:b011:7807:f3cb:f43d:82c1:62eb:618b - - [25/Aug/2026:07:40:03 +0800] "GET /technology/wp-content/plugins/ele-custom-skin-pro/assets/js/ecspro.js HTTP/1.1" 200 4445 "https://2blog.ilc.edu.tw/technology/2013/12/19/%E5%AE%9C%E8%98%AD%E7%B8%A3%E6%94%BF%E5%BA%9C%E7%B7%9A%E4%B8%8A%E5%B7%AE%E5%8B%A4%E7%B3%BB%E7%B5%B1%E8%AB%8B%E5%85%AC%E5%B7%AE%E5%81%87%E5%96%AE%E6%B5%81%E7%A8%8B/" "Mozilla/5.0 (Windows NT 10.0; Win64; x64) AppleWebKit/537.36 (KHTML, like Gecko) Chrome/151.0.0.0 Safari/537.36"
2001:b011:7807:f3cb:f43d:82c1:62eb:618b - - [25/Aug/2026:07:40:03 +0800] "GET /technology/wp-content/plugins/elementor-pro/assets/js/webpack-pro.runtime.min.js HTTP/1.1" 200 3562 "https://2blog.ilc.edu.tw/technology/2013/12/19/%E5%AE%9C%E8%98%AD%E7%B8%A3%E6%94%BF%E5%BA%9C%E7%B7%9A%E4%B8%8A%E5%B7%AE%E5%8B%A4%E7%B3%BB%E7%B5%B1%E8%AB%8B%E5%85%AC%E5%B7%AE%E5%81%87%E5%96%AE%E6%B5%81%E7%A8%8B/" "Mozilla/5.0 (Windows NT 10.0; Win64; x64) AppleWebKit/537.36 (KHTML, like Gecko) Chrome/151.0.0.0 Safari/537.36"
2001:b011:7807:f3cb:f43d:82c1:62eb:618b - - [25/Aug/2026:07:40:03 +0800] "GET /technology/wp-includes/js/dist/hooks.min.js HTTP/1.1" 200 2421 "https://2blog.ilc.edu.tw/technology/2013/12/19/%E5%AE%9C%E8%98%AD%E7%B8%A3%E6%94%BF%E5%BA%9C%E7%B7%9A%E4%B8%8A%E5%B7%AE%E5%8B%A4%E7%B3%BB%E7%B5%B1%E8%AB%8B%E5%85%AC%E5%B7%AE%E5%81%87%E5%96%AE%E6%B5%81%E7%A8%8B/" "Mozilla/5.0 (Windows NT 10.0; Win64; x64) AppleWebKit/537.36 (KHTML, like Gecko) Chrome/151.0.0.0 Safari/537.36"
2001:b011:7807:f3cb:f43d:82c1:62eb:618b - - [25/Aug/2026:07:40:03 +0800] "GET /technology/wp-includes/js/dist/i18n.min.js HTTP/1.1" 200 4547 "https://2blog.ilc.edu.tw/technology/2013/12/19/%E5%AE%9C%E8%98%AD%E7%B8%A3%E6%94%BF%E5%BA%9C%E7%B7%9A%E4%B8%8A%E5%B7%AE%E5%8B%A4%E7%B3%BB%E7%B5%B1%E8%AB%8B%E5%85%AC%E5%B7%AE%E5%81%87%E5%96%AE%E6%B5%81%E7%A8%8B/" "Mozilla/5.0 (Windows NT 10.0; Win64; x64) AppleWebKit/537.36 (KHTML, like Gecko) Chrome/151.0.0.0 Safari/537.36"
2001:b011:7807:f3cb:f43d:82c1:62eb:618b - - [25/Aug/2026:07:40:03 +0800] "GET /technology/wp-content/plugins/elementor-pro/assets/js/frontend.min.js HTTP/1.1" 200 7574 "https://2blog.ilc.edu.tw/technology/2013/12/19/%E5%AE%9C%E8%98%AD%E7%B8%A3%E6%94%BF%E5%BA%9C%E7%B7%9A%E4%B8%8A%E5%B7%AE%E5%8B%A4%E7%B3%BB%E7%B5%B1%E8%AB%8B%E5%85%AC%E5%B7%AE%E5%81%87%E5%96%AE%E6%B5%81%E7%A8%8B/" "Mozilla/5.0 (Windows NT 10.0; Win64; x64) AppleWebKit/537.36 (KHTML, like Gecko) Chrome/151.0.0.0 Safari/537.36"
2001:b011:7807:f3cb:f43d:82c1:62eb:618b - - [25/Aug/2026:07:40:03 +0800] "GET /technology/wp-content/plugins/elementor-pro/assets/js/elements-handlers.min.js HTTP/1.1" 200 10882 "https://2blog.ilc.edu.tw/technology/2013/12/19/%E5%AE%9C%E8%98%AD%E7%B8%A3%E6%94%BF%E5%BA%9C%E7%B7%9A%E4%B8%8A%E5%B7%AE%E5%8B%A4%E7%B3%BB%E7%B5%B1%E8%AB%8B%E5%85%AC%E5%B7%AE%E5%81%87%E5%96%AE%E6%B5%81%E7%A8%8B/" "Mozilla/5.0 (Windows NT 10.0; Win64; x64) AppleWebKit/537.36 (KHTML, like Gecko) Chrome/151.0.0.0 Safari/537.36"
2001:b011:7807:f3cb:f43d:82c1:62eb:618b - - [25/Aug/2026:07:40:03 +0800] "GET /technology/wp-content/themes/oceanwp/assets/fonts/fontawesome/webfonts/fa-brands-400.woff2 HTTP/1.1" 200 110924 "https://2blog.ilc.edu.tw/technology/wp-content/cache/2blog.ilc.edu.tw/wpfc-minified/89r52xig/5wom1.css" "Mozilla/5.0 (Windows NT 10.0; Win64; x64) AppleWebKit/537.36 (KHTML, like Gecko) Chrome/151.0.0.0 Safari/537.36"
2001:b011:7807:f3cb:f43d:82c1:62eb:618b - - [25/Aug/2026:07:40:03 +0800] "GET /technology/wp-content/uploads/sites/1308/2020/02/%E7%A7%91%E6%8A%80%E6%95%99%E8%82%B2%E7%B6%B2%E7%AB%99banner-01.png HTTP/1.1" 200 16428 "https://2blog.ilc.edu.tw/technology/2013/12/19/%E5%AE%9C%E8%98%AD%E7%B8%A3%E6%94%BF%E5%BA%9C%E7%B7%9A%E4%B8%8A%E5%B7%AE%E5%8B%A4%E7%B3%BB%E7%B5%B1%E8%AB%8B%E5%85%AC%E5%B7%AE%E5%81%87%E5%96%AE%E6%B5%81%E7%A8%8B/" "Mozilla/5.0 (Windows NT 10.0; Win64; x64) AppleWebKit/537.36 (KHTML, like Gecko) Chrome/151.0.0.0 Safari/537.36"
2001:b011:7807:f3cb:f43d:82c1:62eb:618b - - [25/Aug/2026:07:40:03 +0800] "GET /technology/wp-content/themes/oceanwp/assets/fonts/fontawesome/webfonts/fa-solid-900.woff2 HTTP/1.1" 200 151246 "https://2blog.ilc.edu.tw/technology/wp-content/cache/2blog.ilc.edu.tw/wpfc-minified/89r52xig/5wom1.css" "Mozilla/5.0 (Windows NT 10.0; Win64; x64) AppleWebKit/537.36 (KHTML, like Gecko) Chrome/151.0.0.0 Safari/537.36"
2001:b011:7807:f3cb:f43d:82c1:62eb:618b - - [25/Aug/2026:07:40:03 +0800] "GET /technology/wp-content/plugins/elementor-pro/assets/js/nav-menu.e65811186e94a386ba7b.bundle.min.js HTTP/1.1" 200 2690 "https://2blog.ilc.edu.tw/technology/2013/12/19/%E5%AE%9C%E8%98%AD%E7%B8%A3%E6%94%BF%E5%BA%9C%E7%B7%9A%E4%B8%8A%E5%B7%AE%E5%8B%A4%E7%B3%BB%E7%B5%B1%E8%AB%8B%E5%85%AC%E5%B7%AE%E5%81%87%E5%96%AE%E6%B5%81%E7%A8%8B/" "Mozilla/5.0 (Windows NT 10.0; Win64; x64) AppleWebKit/537.36 (KHTML, like Gecko) Chrome/151.0.0.0 Safari/537.36"
2001:b011:7807:f3cb:f43d:82c1:62eb:618b - - [25/Aug/2026:07:40:03 +0800] "GET /technology/wp-content/plugins/elementor/assets/lib/eicons/fonts/eicons.woff2?5.30.0 HTTP/1.1" 200 98225 "https://2blog.ilc.edu.tw/technology/wp-content/cache/2blog.ilc.edu.tw/wpfc-minified/89r52xig/5wom1.css" "Mozilla/5.0 (Windows NT 10.0; Win64; x64) AppleWebKit/537.36 (KHTML, like Gecko) Chrome/151.0.0.0 Safari/537.36"
2001:b011:7807:f3cb:f43d:82c1:62eb:618b - - [25/Aug/2026:07:40:03 +0800] "GET /favicon.ico HTTP/1.1" 302 901 "https://2blog.ilc.edu.tw/technology/2013/12/19/%E5%AE%9C%E8%98%AD%E7%B8%A3%E6%94%BF%E5%BA%9C%E7%B7%9A%E4%B8%8A%E5%B7%AE%E5%8B%A4%E7%B3%BB%E7%B5%B1%E8%AB%8B%E5%85%AC%E5%B7%AE%E5%81%87%E5%96%AE%E6%B5%81%E7%A8%8B/" "Mozilla/5.0 (Windows NT 10.0; Win64; x64) AppleWebKit/537.36 (KHTML, like Gecko) Chrome/151.0.0.0 Safari/537.36"
2001:b011:7807:f3cb:f43d:82c1:62eb:618b - - [25/Aug/2026:07:40:04 +0800] "GET /wp-includes/images/w-logo-blue-white-bg.png HTTP/1.1" 200 4946 "https://2blog.ilc.edu.tw/technology/2013/12/19/%E5%AE%9C%E8%98%AD%E7%B8%A3%E6%94%BF%E5%BA%9C%E7%B7%9A%E4%B8%8A%E5%B7%AE%E5%8B%A4%E7%B3%BB%E7%B5%B1%E8%AB%8B%E5%85%AC%E5%B7%AE%E5%81%87%E5%96%AE%E6%B5%81%E7%A8%8B/" "Mozilla/5.0 (Windows NT 10.0; Win64; x64) AppleWebKit/537.36 (KHTML, like Gecko) Chrome/151.0.0.0 Safari/537.36"
2001:288:a201::66:125 - - [25/Aug/2026:07:40:05 +0800] "GET /blog/active.php HTTP/1.1" 404 1084 "-" "-"
2001:288:a201::66:125 - - [25/Aug/2026:07:40:05 +0800] "GET /blog/active.php HTTP/1.1" 301 1026 "-" "-"
2001:b011:7807:f3cb:f43d:82c1:62eb:618b - - [25/Aug/2026:07:40:03 +0800] "POST /technology/wp-json/ilc-summary/v1/popular-posts HTTP/1.1" 201 1276 "https://2blog.ilc.edu.tw/technology/2013/12/19/%E5%AE%9C%E8%98%AD%E7%B8%A3%E6%94%BF%E5%BA%9C%E7%B7%9A%E4%B8%8A%E5%B7%AE%E5%8B%A4%E7%B3%BB%E7%B5%B1%E8%AB%8B%E5%85%AC%E5%B7%AE%E5%81%87%E5%96%AE%E6%B5%81%E7%A8%8B/" "Mozilla/5.0 (Windows NT 10.0; Win64; x64) AppleWebKit/537.36 (KHTML, like Gecko) Chrome/151.0.0.0 Safari/537.36"
140.111.67.10 - - [25/Aug/2026:07:40:06 +0800] "GET /" 301 273 "-" "-"
::1 - - [25/Aug/2026:07:40:09 +0800] "OPTIONS * HTTP/1.0" 200 110 "-" "Apache/2.4.68 (Ubuntu) OpenSSL/3.0.19 (internal dummy connection)"
2001:288:a201::66:125 - - [25/Aug/2026:07:40:10 +0800] "GET /blog/active.php HTTP/1.1" 404 1084 "-" "-"
2001:288:a201::66:125 - - [25/Aug/2026:07:40:10 +0800] "GET /blog/active.php HTTP/1.1" 301 1026 "-" "-"
::1 - - [25/Aug/2026:07:40:10 +0800] "OPTIONS * HTTP/1.0" 200 110 "-" "Apache/2.4.68 (Ubuntu) OpenSSL/3.0.19 (internal dummy connection)"
2001:288:a257:1:cb55:4825:dc44:8c36 - - [25/Aug/2026:07:40:11 +0800] "-" 408 339 "-" "-"
::1 - - [25/Aug/2026:07:40:11 +0800] "OPTIONS * HTTP/1.0" 200 110 "-" "Apache/2.4.68 (Ubuntu) OpenSSL/3.0.19 (internal dummy connection)"
140.111.67.10 - - [25/Aug/2026:07:40:11 +0800] "GET /" 301 273 "-" "-"
::1 - - [25/Aug/2026:07:40:12 +0800] "OPTIONS * HTTP/1.0" 200 110 "-" "Apache/2.4.68 (Ubuntu) OpenSSL/3.0.19 (internal dummy connection)"
::1 - - [25/Aug/2026:07:40:13 +0800] "OPTIONS * HTTP/1.0" 200 110 "-" "Apache/2.4.68 (Ubuntu) OpenSSL/3.0.19 (internal dummy connection)"
2001:4860:7:b10::f2 - - [25/Aug/2026:07:40:14 +0800] "GET / HTTP/1.1" 200 30144 "https://www.google.com/" "Mozilla/5.0 (Windows NT 10.0; Win64; x64) AppleWebKit/537.36 (KHTML, like Gecko) Chrome/151.0.0.0 Safari/537.36"
::1 - - [25/Aug/2026:07:40:14 +0800] "OPTIONS * HTTP/1.0" 200 110 "-" "Apache/2.4.68 (Ubuntu) OpenSSL/3.0.19 (internal dummy connection)"
2001:288:a201::66:125 - - [25/Aug/2026:07:40:15 +0800] "GET /blog/active.php HTTP/1.1" 301 1026 "-" "-"
2001:288:a201::66:125 - - [25/Aug/2026:07:40:15 +0800] "GET /blog/active.php HTTP/1.1" 404 1084 "-" "-"
140.111.67.10 - - [25/Aug/2026:07:40:16 +0800] "GET /" 301 273 "-" "-"
2a03:2880:f802:31:: - - [25/Aug/2026:07:40:15 +0800] "GET /wp-login.php?key=ol6ez375&_wpnonce=&action=ilc_logout&redirect_to=https%3A%2F%2Fplay.google.com%2Fstore%2Fapps%2Fdetails%3Fid%3Dcom.us.dyjycbt.google HTTP/1.1" 302 8296 "-" "Mozilla/5.0 (Macintosh; Intel Mac OS X 10_15_7) AppleWebKit/537.36 (KHTML, like Gecko) Chrome/145.0.0.0 Safari/537.36 (compatible; meta-externalagent/1.1 (+https://developers.facebook.com/docs/sharing/webmasters/crawler))"
2001:b011:7807:f3cb:f43d:82c1:62eb:618b - - [25/Aug/2026:07:40:20 +0800] "-" 408 4794 "-" "-"
2001:288:a201::66:125 - - [25/Aug/2026:07:40:20 +0800] "GET /blog/active.php HTTP/1.1" 404 1084 "-" "-"
2001:288:a201::66:125 - - [25/Aug/2026:07:40:20 +0800] "GET /blog/active.php HTTP/1.1" 301 1026 "-" "-"
::1 - - [25/Aug/2026:07:40:21 +0800] "OPTIONS * HTTP/1.0" 200 110 "-" "Apache/2.4.68 (Ubuntu) OpenSSL/3.0.19 (internal dummy connection)"
140.111.67.10 - - [25/Aug/2026:07:40:21 +0800] "GET /" 301 273 "-" "-"
::1 - - [25/Aug/2026:07:40:22 +0800] "OPTIONS * HTTP/1.0" 200 110 "-" "Apache/2.4.68 (Ubuntu) OpenSSL/3.0.19 (internal dummy connection)"
2001:288:a201::66:125 - - [25/Aug/2026:07:40:25 +0800] "GET /blog/active.php HTTP/1.1" 301 1026 "-" "-"
2001:288:a201::66:125 - - [25/Aug/2026:07:40:25 +0800] "GET /blog/active.php HTTP/1.1" 404 5511 "-" "-"
140.111.67.10 - - [25/Aug/2026:07:40:27 +0800] "GET /" 301 273 "-" "-"
2001:288:a201::66:125 - - [25/Aug/2026:07:40:30 +0800] "GET /blog/active.php HTTP/1.1" 301 1026 "-" "-"
2001:288:a201::66:125 - - [25/Aug/2026:07:40:30 +0800] "GET /blog/active.php HTTP/1.1" 404 1084 "-" "-"
140.111.67.10 - - [25/Aug/2026:07:40:32 +0800] "GET /" 301 273 "-" "-"
2001:288:a201::66:125 - - [25/Aug/2026:07:40:35 +0800] "GET /blog/active.php HTTP/1.1" 301 1026 "-" "-"
2001:288:a201::66:125 - - [25/Aug/2026:07:40:35 +0800] "GET /blog/active.php HTTP/1.1" 404 1084 "-" "-"
2402:7500:5e7:348a:d86:b12f:524d:9529 - - [25/Aug/2026:07:40:36 +0800] "GET / HTTP/1.1" 200 17084 "-" "Mozilla/5.0 (iPhone; CPU iPhone OS 17_5_1 like Mac OS X) AppleWebKit/605.1.15 (KHTML, like Gecko) Version/17.5 Mobile/15E148 Safari/604.1"
140.111.67.10 - - [25/Aug/2026:07:40:37 +0800] "GET /" 301 273 "-" "-"
2001:288:a201::66:125 - - [25/Aug/2026:07:40:40 +0800] "GET /blog/active.php HTTP/1.1" 301 1026 "-" "-"
2001:288:a201::66:125 - - [25/Aug/2026:07:40:40 +0800] "GET /blog/active.php HTTP/1.1" 404 1084 "-" "-"
140.111.67.10 - - [25/Aug/2026:07:40:42 +0800] "GET /" 301 273 "-" "-"
2001:288:a201::66:125 - - [25/Aug/2026:07:40:45 +0800] "GET /blog/active.php HTTP/1.1" 404 1084 "-" "-"
2001:288:a201::66:125 - - [25/Aug/2026:07:40:45 +0800] "GET /blog/active.php HTTP/1.1" 301 1026 "-" "-"
2a03:2880:f802:10:: - - [25/Aug/2026:07:40:44 +0800] "GET /wp-login.php?key=yjsu9374&_wpnonce=&action=ilc_logout&redirect_to=https%3A%2F%2Fgame.edu.kg HTTP/1.1" 302 8248 "-" "Mozilla/5.0 (Windows NT 10.0; Win64; x64) AppleWebKit/537.36 (KHTML, like Gecko) Chrome/145.0.0.0 Safari/537.36 (compatible; meta-externalagent/1.1 (+https://developers.facebook.com/docs/sharing/webmasters/crawler))"
140.111.67.10 - - [25/Aug/2026:07:40:46 +0800] "GET /" 301 273 "-" "-"
2001:288:a201::66:125 - - [25/Aug/2026:07:40:50 +0800] "GET /blog/active.php HTTP/1.1" 404 1084 "-" "-"
2001:288:a201::66:125 - - [25/Aug/2026:07:40:50 +0800] "GET /blog/active.php HTTP/1.1" 301 1026 "-" "-"
140.111.67.10 - - [25/Aug/2026:07:40:51 +0800] "GET /" 301 273 "-" "-"
2001:288:a201::66:125 - - [25/Aug/2026:07:40:55 +0800] "GET /blog/active.php HTTP/1.1" 404 1084 "-" "-"
2001:288:a201::66:125 - - [25/Aug/2026:07:40:55 +0800] "GET /blog/active.php HTTP/1.1" 301 1026 "-" "-"
140.111.67.10 - - [25/Aug/2026:07:40:56 +0800] "GET /" 301 273 "-" "-"
2001:288:a201::66:125 - - [25/Aug/2026:07:41:00 +0800] "GET /blog/active.php HTTP/1.1" 404 1084 "-" "-"
2001:288:a201::66:125 - - [25/Aug/2026:07:41:00 +0800] "GET /blog/active.php HTTP/1.1" 301 1026 "-" "-"
140.111.67.10 - - [25/Aug/2026:07:41:01 +0800] "GET /" 301 273 "-" "-"
2001:288:a201::66:125 - - [25/Aug/2026:07:41:05 +0800] "GET /blog/active.php HTTP/1.1" 404 1084 "-" "-"
2001:288:a201::66:125 - - [25/Aug/2026:07:41:05 +0800] "GET /blog/active.php HTTP/1.1" 301 1026 "-" "-"
140.111.67.10 - - [25/Aug/2026:07:41:06 +0800] "GET /" 301 273 "-" "-"
2a03:2880:f802:26:: - - [25/Aug/2026:07:41:06 +0800] "GET /26150/category/slug/c-78370/109%e5%b9%b4%e5%ba%a6/page/6/ HTTP/1.1" 200 22174 "-" "Mozilla/5.0 (X11; Linux x86_64) AppleWebKit/537.36 (KHTML, like Gecko) Chrome/145.0.0.0 Safari/537.36 (compatible; meta-webindexer/1.1 (+https://developers.facebook.com/docs/sharing/webmasters/crawler))"
2001:288:a201::66:125 - - [25/Aug/2026:07:41:10 +0800] "GET /blog/active.php HTTP/1.1" 404 1084 "-" "-"
2001:288:a201::66:125 - - [25/Aug/2026:07:41:10 +0800] "GET /blog/active.php HTTP/1.1" 301 1026 "-" "-"
140.111.67.10 - - [25/Aug/2026:07:41:11 +0800] "GET /" 301 273 "-" "-"
2001:288:a201::66:125 - - [25/Aug/2026:07:41:15 +0800] "GET /blog/active.php HTTP/1.1" 301 1026 "-" "-"
2001:288:a201::66:125 - - [25/Aug/2026:07:41:15 +0800] "GET /blog/active.php HTTP/1.1" 404 1084 "-" "-"
140.111.67.10 - - [25/Aug/2026:07:41:17 +0800] "GET /" 301 273 "-" "-"
140.111.67.195 - - [25/Aug/2026:07:41:17 +0800] "GET /wp-admin/admin-post.php?action=steps_ad HTTP/1.1" 200 6425 "-" "node-fetch/1.0 (+https://github.com/bitinn/node-fetch)"
2001:288:a201::67:81 - - [25/Aug/2026:07:41:08 +0800] "POST /26150/category/slug/c-78370/109%E5%B9%B4%E5%BA%A6/page/6/?fsm_edd_37394=8f8b808d5f61fc82659702b1f9a3013e HTTP/1.1" 200 13008 "-" "WordPress/6.6.7; https://2blog.ilc.edu.tw/26150"
2001:288:a201::66:125 - - [25/Aug/2026:07:41:20 +0800] "GET /blog/active.php HTTP/1.1" 301 1026 "-" "-"
2001:288:a201::66:125 - - [25/Aug/2026:07:41:20 +0800] "GET /blog/active.php HTTP/1.1" 404 1084 "-" "-"
140.111.67.10 - - [25/Aug/2026:07:41:22 +0800] "GET /" 301 273 "-" "-"
2001:4860:7:510::ed - - [25/Aug/2026:07:41:22 +0800] "GET / HTTP/1.1" 200 25122 "https://www.google.com/" "Mozilla/5.0 (Windows NT 10.0; Win64; x64) AppleWebKit/537.36 (KHTML, like Gecko) Chrome/151.0.0.0 Safari/537.36"
2402:7500:479:120e:ecfc:a5ff:feca:3eb2 - - [25/Aug/2026:07:41:24 +0800] "GET /wp-content/uploads/sites/888/elementor/thumbs/SOP-olmgzovjsrj04z4xra8qfxt1lx4n78ork0nxf7me1c.jpg HTTP/1.1" 200 9214 "https://www.tkjh.ilc.edu.tw/" "Mozilla/5.0 (Linux; Android 10; K) AppleWebKit/537.36 (KHTML, like Gecko) Chrome/151.0.0.0 Mobile Safari/537.36"
2402:7500:479:120e:ecfc:a5ff:feca:3eb2 - - [25/Aug/2026:07:41:24 +0800] "GET /wp-content/uploads/sites/888/elementor/thumbs/1-olh1a9h9hiv9lh0i3uy37ttd6b58c6ttke08uxy4cw.jpg HTTP/1.1" 200 9155 "https://www.tkjh.ilc.edu.tw/" "Mozilla/5.0 (Linux; Android 10; K) AppleWebKit/537.36 (KHTML, like Gecko) Chrome/151.0.0.0 Mobile Safari/537.36"
2402:7500:479:120e:ecfc:a5ff:feca:3eb2 - - [25/Aug/2026:07:41:24 +0800] "GET /wp-content/uploads/sites/888/elementor/thumbs/-olmgehmlnai69lxlk4bo7aer91mll0ipz2xnqj22ds.jpg HTTP/1.1" 200 8291 "https://www.tkjh.ilc.edu.tw/" "Mozilla/5.0 (Linux; Android 10; K) AppleWebKit/537.36 (KHTML, like Gecko) Chrome/151.0.0.0 Mobile Safari/537.36"
2402:7500:479:120e:ecfc:a5ff:feca:3eb2 - - [25/Aug/2026:07:41:24 +0800] "GET /wp-content/uploads/sites/888/elementor/thumbs/-olh1rqbahos3cln33wri1x4ql31sdp68yug2x21qq8.jpg HTTP/1.1" 200 8433 "https://www.tkjh.ilc.edu.tw/" "Mozilla/5.0 (Linux; Android 10; K) AppleWebKit/537.36 (KHTML, like Gecko) Chrome/151.0.0.0 Mobile Safari/537.36"
2402:7500:479:120e:ecfc:a5ff:feca:3eb2 - - [25/Aug/2026:07:41:25 +0800] "GET /wp-content/uploads/sites/888/elementor/thumbs/-olh1xqi65l01iwx21i7ozekr7pg7k30igkhrap56z4.jpg HTTP/1.1" 200 4535 "https://www.tkjh.ilc.edu.tw/" "Mozilla/5.0 (Linux; Android 10; K) AppleWebKit/537.36 (KHTML, like Gecko) Chrome/151.0.0.0 Mobile Safari/537.36"
2402:7500:479:120e:ecfc:a5ff:feca:3eb2 - - [25/Aug/2026:07:41:25 +0800] "GET /wp-content/uploads/sites/888/elementor/thumbs/-p7bscn7acnzskmqa9b4gfd3g6kmhp7ylzk5lbogxys.png HTTP/1.1" 200 12850 "https://www.tkjh.ilc.edu.tw/" "Mozilla/5.0 (Linux; Android 10; K) AppleWebKit/537.36 (KHTML, like Gecko) Chrome/151.0.0.0 Mobile Safari/537.36"
2402:7500:479:120e:ecfc:a5ff:feca:3eb2 - - [25/Aug/2026:07:41:25 +0800] "GET /wp-content/uploads/sites/888/elementor/thumbs/-onuqpleakkmhftmrme1gr2di5ktl2he2lkyqwk3lkk.png HTTP/1.1" 200 19152 "https://www.tkjh.ilc.edu.tw/" "Mozilla/5.0 (Linux; Android 10; K) AppleWebKit/537.36 (KHTML, like Gecko) Chrome/151.0.0.0 Mobile Safari/537.36"
2001:288:a201::66:125 - - [25/Aug/2026:07:41:25 +0800] "GET /blog/active.php HTTP/1.1" 404 1084 "-" "-"
2001:288:a201::66:125 - - [25/Aug/2026:07:41:25 +0800] "GET /blog/active.php HTTP/1.1" 301 1026 "-" "-"
140.111.67.10 - - [25/Aug/2026:07:41:27 +0800] "GET /" 301 273 "-" "-"
140.111.67.195 - - [25/Aug/2026:07:41:29 +0800] "GET /wp-admin/admin-post.php?action=steps_ad HTTP/1.1" 200 1973 "-" "node-fetch/1.0 (+https://github.com/bitinn/node-fetch)"
2408:8760:118:6::25 - - [25/Aug/2026:07:41:30 +0800] "GET /2373/wp-content/cache/2blog.ilc.edu.tw/wpfc-minified/f45q60y4/5wsy1.css HTTP/1.1" 200 20774 "https://2blog.ilc.edu.tw/2373/category/c-8574/c-58701/" "Mozilla/5.0 (Windows NT 10.0; Win64; x64) AppleWebKit/537.36 (KHTML, like Gecko) Chrome/144.0.0.0 Safari/537.36"
2408:8760:118:6::25 - - [25/Aug/2026:07:41:30 +0800] "GET /2373/wp-content/cache/2blog.ilc.edu.tw/wpfc-minified/9m0xv6uu/5wsy1.css HTTP/1.1" 200 23803 "https://2blog.ilc.edu.tw/2373/category/c-8574/c-58701/" "Mozilla/5.0 (Windows NT 10.0; Win64; x64) AppleWebKit/537.36 (KHTML, like Gecko) Chrome/144.0.0.0 Safari/537.36"
2408:8760:118:6::25 - - [25/Aug/2026:07:41:30 +0800] "GET /2373/wp-content/cache/2blog.ilc.edu.tw/wpfc-minified/2cobuy4f/5wsy1.css HTTP/1.1" 200 18666 "https://2blog.ilc.edu.tw/2373/category/c-8574/c-58701/" "Mozilla/5.0 (Windows NT 10.0; Win64; x64) AppleWebKit/537.36 (KHTML, like Gecko) Chrome/144.0.0.0 Safari/537.36"
2408:8760:118:6::25 - - [25/Aug/2026:07:41:30 +0800] "GET /2373/wp-content/cache/2blog.ilc.edu.tw/wpfc-minified/8tjetro8/5wsy1.js HTTP/1.1" 200 40356 "https://2blog.ilc.edu.tw/2373/category/c-8574/c-58701/" "Mozilla/5.0 (Windows NT 10.0; Win64; x64) AppleWebKit/537.36 (KHTML, like Gecko) Chrome/144.0.0.0 Safari/537.36"
2408:8760:118:6::25 - - [25/Aug/2026:07:41:30 +0800] "GET /2373/wp-content/themes/hueman/assets/front/webfonts/fa-brands-400.woff2?v=5.15.2 HTTP/1.1" 200 84293 "https://2blog.ilc.edu.tw/2373/category/c-8574/c-58701/" "Mozilla/5.0 (Windows NT 10.0; Win64; x64) AppleWebKit/537.36 (KHTML, like Gecko) Chrome/144.0.0.0 Safari/537.36"
2001:288:a201::66:125 - - [25/Aug/2026:07:41:30 +0800] "GET /blog/active.php HTTP/1.1" 404 1084 "-" "-"
2001:288:a201::66:125 - - [25/Aug/2026:07:41:30 +0800] "GET /blog/active.php HTTP/1.1" 301 1026 "-" "-"
2408:8760:118:6::25 - - [25/Aug/2026:07:41:31 +0800] "GET /2373/wp-includes/js/hoverintent-js.min.js HTTP/1.1" 200 1597 "https://2blog.ilc.edu.tw/2373/category/c-8574/c-58701/" "Mozilla/5.0 (Windows NT 10.0; Win64; x64) AppleWebKit/537.36 (KHTML, like Gecko) Chrome/144.0.0.0 Safari/537.36"
2408:8760:118:6::25 - - [25/Aug/2026:07:41:31 +0800] "GET /2373/wp-includes/js/admin-bar.min.js HTTP/1.1" 200 2237 "https://2blog.ilc.edu.tw/2373/category/c-8574/c-58701/" "Mozilla/5.0 (Windows NT 10.0; Win64; x64) AppleWebKit/537.36 (KHTML, like Gecko) Chrome/144.0.0.0 Safari/537.36"
2408:8760:118:6::25 - - [25/Aug/2026:07:41:31 +0800] "GET /2373/wp-content/themes/hueman/assets/front/js/scripts.min.js HTTP/1.1" 200 22643 "https://2blog.ilc.edu.tw/2373/category/c-8574/c-58701/" "Mozilla/5.0 (Windows NT 10.0; Win64; x64) AppleWebKit/537.36 (KHTML, like Gecko) Chrome/144.0.0.0 Safari/537.36"
2408:8760:118:6::25 - - [25/Aug/2026:07:41:31 +0800] "GET /2373/wp-includes/js/underscore.min.js HTTP/1.1" 200 8191 "https://2blog.ilc.edu.tw/2373/category/c-8574/c-58701/" "Mozilla/5.0 (Windows NT 10.0; Win64; x64) AppleWebKit/537.36 (KHTML, like Gecko) Chrome/144.0.0.0 Safari/537.36"
140.111.67.10 - - [25/Aug/2026:07:41:32 +0800] "GET /" 301 273 "-" "-"
2408:8760:118:6::25 - - [25/Aug/2026:07:41:32 +0800] "GET /favicon.ico HTTP/1.1" 302 1030 "https://2blog.ilc.edu.tw/2373/category/c-8574/c-58701/" "Mozilla/5.0 (Windows NT 10.0; Win64; x64) AppleWebKit/537.36 (KHTML, like Gecko) Chrome/144.0.0.0 Safari/537.36"
2408:8760:118:6::25 - - [25/Aug/2026:07:41:32 +0800] "GET /wp-includes/images/w-logo-blue-white-bg.png HTTP/1.1" 200 4946 "https://2blog.ilc.edu.tw/2373/category/c-8574/c-58701/" "Mozilla/5.0 (Windows NT 10.0; Win64; x64) AppleWebKit/537.36 (KHTML, like Gecko) Chrome/144.0.0.0 Safari/537.36"
140.111.67.195 - - [25/Aug/2026:07:41:33 +0800] "GET /wp-admin/admin-post.php?action=steps_ad HTTP/1.1" 200 1649 "-" "node-fetch/1.0 (+https://github.com/bitinn/node-fetch)"
2001:288:a274:1:bce2:88bf:bb74:6163 - - [25/Aug/2026:07:41:34 +0800] "GET /saesblog/wp-content/uploads/sites/1042/2019/09/cropped-%E8%98%87%E5%B0%8F%E6%A9%AB%E5%B9%85%E5%8A%A0%E5%AD%972000x200.jpg HTTP/1.1" 200 55054 "https://www.saes.ilc.edu.tw/" "Mozilla/5.0 (Windows NT 10.0; Win64; x64) AppleWebKit/537.36 (KHTML, like Gecko) Chrome/151.0.0.0 Safari/537.36"
2001:288:a201::66:125 - - [25/Aug/2026:07:41:35 +0800] "GET /blog/active.php HTTP/1.1" 301 1026 "-" "-"
2001:288:a201::66:125 - - [25/Aug/2026:07:41:35 +0800] "GET /blog/active.php HTTP/1.1" 404 1084 "-" "-"
::1 - - [25/Aug/2026:07:41:36 +0800] "OPTIONS * HTTP/1.0" 200 110 "-" "Apache/2.4.68 (Ubuntu) OpenSSL/3.0.19 (internal dummy connection)"
140.111.67.10 - - [25/Aug/2026:07:41:37 +0800] "GET /" 301 273 "-" "-"
::1 - - [25/Aug/2026:07:41:37 +0800] "OPTIONS * HTTP/1.0" 200 110 "-" "Apache/2.4.68 (Ubuntu) OpenSSL/3.0.19 (internal dummy connection)"
::1 - - [25/Aug/2026:07:41:38 +0800] "OPTIONS * HTTP/1.0" 200 110 "-" "Apache/2.4.68 (Ubuntu) OpenSSL/3.0.19 (internal dummy connection)"
2001:288:a201::66:125 - - [25/Aug/2026:07:41:40 +0800] "GET /blog/active.php HTTP/1.1" 404 1084 "-" "-"
2001:288:a201::66:125 - - [25/Aug/2026:07:41:40 +0800] "GET /blog/active.php HTTP/1.1" 301 1026 "-" "-"
::1 - - [25/Aug/2026:07:41:40 +0800] "OPTIONS * HTTP/1.0" 200 110 "-" "Apache/2.4.68 (Ubuntu) OpenSSL/3.0.19 (internal dummy connection)"
140.111.67.10 - - [25/Aug/2026:07:41:42 +0800] "GET /" 301 273 "-" "-"
2402:7500:479:120e:ecfc:a5ff:feca:3eb2 - - [25/Aug/2026:07:41:45 +0800] "-" 408 4803 "-" "-"
2001:b011:7800:3361:f175:4327:37cd:2b5a - - [25/Aug/2026:07:41:45 +0800] "-" 408 4800 "-" "-"
2001:288:a201::66:125 - - [25/Aug/2026:07:41:45 +0800] "GET /blog/active.php HTTP/1.1" 404 1084 "-" "-"
2001:288:a201::66:125 - - [25/Aug/2026:07:41:45 +0800] "GET /blog/active.php HTTP/1.1" 301 1026 "-" "-"
::1 - - [25/Aug/2026:07:41:45 +0800] "OPTIONS * HTTP/1.0" 200 110 "-" "Apache/2.4.68 (Ubuntu) OpenSSL/3.0.19 (internal dummy connection)"
140.111.67.10 - - [25/Aug/2026:07:41:47 +0800] "GET /" 301 273 "-" "-"
2a03:2880:f816:46:: - - [25/Aug/2026:07:41:47 +0800] "GET / HTTP/1.1" 200 15208 "-" "facebookexternalhit/1.1 (+http://www.facebook.com/externalhit_uatext.php)"
::1 - - [25/Aug/2026:07:41:47 +0800] "OPTIONS * HTTP/1.0" 200 110 "-" "Apache/2.4.68 (Ubuntu) OpenSSL/3.0.19 (internal dummy connection)"
2001:288:a26e:1:205b:5402:34a6:3816 - - [25/Aug/2026:07:41:48 +0800] "GET / HTTP/1.1" 200 31593 "-" "Mozilla/5.0 (Windows NT 10.0; Win64; x64) AppleWebKit/537.36 (KHTML, like Gecko) Chrome/151.0.0.0 Safari/537.36"
2001:288:a26e:1:205b:5402:34a6:3816 - - [25/Aug/2026:07:41:48 +0800] "GET /wp-content/uploads/sites/3846/elementor/css/post-19.css HTTP/1.1" 304 790 "https://www.ilc.edu.tw/" "Mozilla/5.0 (Windows NT 10.0; Win64; x64) AppleWebKit/537.36 (KHTML, like Gecko) Chrome/151.0.0.0 Safari/537.36"
2001:288:a26e:1:205b:5402:34a6:3816 - - [25/Aug/2026:07:41:48 +0800] "GET /wp-content/uploads/sites/3846/2026/08/%E8%BE%B2%E6%A5%AD%E9%83%A8%E5%BB%A3%E5%91%8A.jpg HTTP/1.1" 304 790 "https://www.ilc.edu.tw/" "Mozilla/5.0 (Windows NT 10.0; Win64; x64) AppleWebKit/537.36 (KHTML, like Gecko) Chrome/151.0.0.0 Safari/537.36"
2001:288:a26e:1:205b:5402:34a6:3816 - - [25/Aug/2026:07:41:48 +0800] "GET /wp-content/uploads/sites/3846/2026/06/2026%E5%AE%9C%E8%98%AD%E7%98%8B%E5%AD%B8%E7%BF%92-%E6%9A%91%E5%81%87_%E6%95%99%E8%82%B2%E8%99%95%E9%A6%96%E9%A0%81-1440-x-1080-%E5%83%8F%E7%B4%A0.png HTTP/1.1" 304 790 "https://www.ilc.edu.tw/" "Mozilla/5.0 (Windows NT 10.0; Win64; x64) AppleWebKit/537.36 (KHTML, like Gecko) Chrome/151.0.0.0 Safari/537.36"
2001:288:a26e:1:205b:5402:34a6:3816 - - [25/Aug/2026:07:41:48 +0800] "GET /wp-content/uploads/sites/3846/2026/06/%E5%AE%A3%E5%82%B3%E5%9C%96%E7%89%87.png HTTP/1.1" 304 1129 "https://www.ilc.edu.tw/" "Mozilla/5.0 (Windows NT 10.0; Win64; x64) AppleWebKit/537.36 (KHTML, like Gecko) Chrome/151.0.0.0 Safari/537.36"
2001:288:a26e:1:205b:5402:34a6:3816 - - [25/Aug/2026:07:41:48 +0800] "GET /wp-content/uploads/sites/3846/2024/08/%E8%9E%A2%E5%B9%95%E6%93%B7%E5%8F%96%E7%95%AB%E9%9D%A2-2024-08-07-151319.png HTTP/1.1" 304 790 "https://www.ilc.edu.tw/" "Mozilla/5.0 (Windows NT 10.0; Win64; x64) AppleWebKit/537.36 (KHTML, like Gecko) Chrome/151.0.0.0 Safari/537.36"
2001:288:a26e:1:205b:5402:34a6:3816 - - [25/Aug/2026:07:41:48 +0800] "GET /wp-content/uploads/sites/3846/2025/09/YT%E5%B0%81%E9%9D%A2-1.jpg HTTP/1.1" 304 790 "https://www.ilc.edu.tw/" "Mozilla/5.0 (Windows NT 10.0; Win64; x64) AppleWebKit/537.36 (KHTML, like Gecko) Chrome/151.0.0.0 Safari/537.36"
2001:288:a26e:1:205b:5402:34a6:3816 - - [25/Aug/2026:07:41:48 +0800] "GET /wp-content/uploads/sites/3846/2025/09/%E6%95%99%E8%82%B2%E8%99%95%E6%B4%BB%E5%8B%95%E5%B0%88%E5%8D%80%E5%B0%8F%E5%9C%96-4-2.png HTTP/1.1" 304 790 "https://www.ilc.edu.tw/" "Mozilla/5.0 (Windows NT 10.0; Win64; x64) AppleWebKit/537.36 (KHTML, like Gecko) Chrome/151.0.0.0 Safari/537.36"
2001:288:a26e:1:205b:5402:34a6:3816 - - [25/Aug/2026:07:41:48 +0800] "GET /wp-content/uploads/sites/3846/2025/09/%E6%95%99%E8%82%B2%E8%99%95%E6%B4%BB%E5%8B%95%E5%B0%88%E5%8D%80%E5%B0%8F%E5%9C%96-3.png HTTP/1.1" 304 790 "https://www.ilc.edu.tw/" "Mozilla/5.0 (Windows NT 10.0; Win64; x64) AppleWebKit/537.36 (KHTML, like Gecko) Chrome/151.0.0.0 Safari/537.36"
2001:288:a26e:1:205b:5402:34a6:3816 - - [25/Aug/2026:07:41:48 +0800] "GET /wp-content/uploads/sites/3846/2025/09/%E6%95%99%E8%82%B2%E8%99%95%E6%B4%BB%E5%8B%95%E5%B0%88%E5%8D%80%E5%B0%8F%E5%9C%96-2-3.png HTTP/1.1" 304 790 "https://www.ilc.edu.tw/" "Mozilla/5.0 (Windows NT 10.0; Win64; x64) AppleWebKit/537.36 (KHTML, like Gecko) Chrome/151.0.0.0 Safari/537.36"
2001:288:a26e:1:205b:5402:34a6:3816 - - [25/Aug/2026:07:41:49 +0800] "GET /wp-content/uploads/sites/3846/2023/05/cropped-%E6%95%99%E8%82%B2%E8%99%95logo-32x32.jpg HTTP/1.1" 200 1571 "https://www.ilc.edu.tw/" "Mozilla/5.0 (Windows NT 10.0; Win64; x64) AppleWebKit/537.36 (KHTML, like Gecko) Chrome/151.0.0.0 Safari/537.36"
2001:288:a201::66:125 - - [25/Aug/2026:07:41:50 +0800] "GET /blog/active.php HTTP/1.1" 404 1084 "-" "-"
2001:288:a201::66:125 - - [25/Aug/2026:07:41:50 +0800] "GET /blog/active.php HTTP/1.1" 301 1026 "-" "-"
2402:7500:5e8:415e:387f:20dc:8aed:ba23 - - [25/Aug/2026:07:41:50 +0800] "GET /wp-content/cache/www.ghjh.ilc.edu.tw/wpfc-minified/d6oxvho1/6vxl.js HTTP/1.1" 200 40361 "https://www.ghjh.ilc.edu.tw/" "Mozilla/5.0 (iPhone; CPU iPhone OS 17_5_1 like Mac OS X) AppleWebKit/605.1.15 (KHTML, like Gecko) Version/17.5 Mobile/15E148 Safari/604.1"
2402:7500:5e8:415e:387f:20dc:8aed:ba23 - - [25/Aug/2026:07:41:50 +0800] "GET /wp-includes/js/imagesloaded.min.js HTTP/1.1" 200 7485 "https://www.ghjh.ilc.edu.tw/" "Mozilla/5.0 (iPhone; CPU iPhone OS 17_5_1 like Mac OS X) AppleWebKit/605.1.15 (KHTML, like Gecko) Version/17.5 Mobile/15E148 Safari/604.1"
2402:7500:5e8:415e:387f:20dc:8aed:ba23 - - [25/Aug/2026:07:41:50 +0800] "GET /wp-content/themes/oceanwp/assets/js/scroll-effect.min.js HTTP/1.1" 200 4127 "https://www.ghjh.ilc.edu.tw/" "Mozilla/5.0 (iPhone; CPU iPhone OS 17_5_1 like Mac OS X) AppleWebKit/605.1.15 (KHTML, like Gecko) Version/17.5 Mobile/15E148 Safari/604.1"
2402:7500:5e8:415e:387f:20dc:8aed:ba23 - - [25/Aug/2026:07:41:50 +0800] "GET /wp-content/themes/oceanwp/assets/js/full-screen-menu.min.js HTTP/1.1" 200 8866 "https://www.ghjh.ilc.edu.tw/" "Mozilla/5.0 (iPhone; CPU iPhone OS 17_5_1 like Mac OS X) AppleWebKit/605.1.15 (KHTML, like Gecko) Version/17.5 Mobile/15E148 Safari/604.1"
2402:7500:5e8:415e:387f:20dc:8aed:ba23 - - [25/Aug/2026:07:41:50 +0800] "GET /wp-content/themes/oceanwp/assets/js/ow-lightbox.min.js HTTP/1.1" 200 7123 "https://www.ghjh.ilc.edu.tw/" "Mozilla/5.0 (iPhone; CPU iPhone OS 17_5_1 like Mac OS X) AppleWebKit/605.1.15 (KHTML, like Gecko) Version/17.5 Mobile/15E148 Safari/604.1"
2402:7500:5e8:415e:387f:20dc:8aed:ba23 - - [25/Aug/2026:07:41:50 +0800] "GET /wp-content/cache/www.ghjh.ilc.edu.tw/wpfc-minified/fqg4yllu/6vxl.css HTTP/1.1" 200 67590 "https://www.ghjh.ilc.edu.tw/" "Mozilla/5.0 (iPhone; CPU iPhone OS 17_5_1 like Mac OS X) AppleWebKit/605.1.15 (KHTML, like Gecko) Version/17.5 Mobile/15E148 Safari/604.1"
2402:7500:5e8:415e:387f:20dc:8aed:ba23 - - [25/Aug/2026:07:41:50 +0800] "GET /wp-content/themes/oceanwp/assets/js/scroll-top.min.js HTTP/1.1" 200 3202 "https://www.ghjh.ilc.edu.tw/" "Mozilla/5.0 (iPhone; CPU iPhone OS 17_5_1 like Mac OS X) AppleWebKit/605.1.15 (KHTML, like Gecko) Version/17.5 Mobile/15E148 Safari/604.1"
2402:7500:5e8:415e:387f:20dc:8aed:ba23 - - [25/Aug/2026:07:41:51 +0800] "GET /wp-includes/js/hoverintent-js.min.js HTTP/1.1" 200 6399 "https://www.ghjh.ilc.edu.tw/" "Mozilla/5.0 (iPhone; CPU iPhone OS 17_5_1 like Mac OS X) AppleWebKit/605.1.15 (KHTML, like Gecko) Version/17.5 Mobile/15E148 Safari/604.1"
2402:7500:5e8:415e:387f:20dc:8aed:ba23 - - [25/Aug/2026:07:41:51 +0800] "GET /wp-content/uploads/sites/3157/2021/04/m1_01t01.png HTTP/1.1" 200 12702 "https://www.ghjh.ilc.edu.tw/" "Mozilla/5.0 (iPhone; CPU iPhone OS 17_5_1 like Mac OS X) AppleWebKit/605.1.15 (KHTML, like Gecko) Version/17.5 Mobile/15E148 Safari/604.1"
2402:7500:5e8:415e:387f:20dc:8aed:ba23 - - [25/Aug/2026:07:41:51 +0800] "GET /wp-content/themes/oceanwp/assets/fonts/fontawesome/webfonts/fa-solid-900.woff2 HTTP/1.1" 200 151246 "https://www.ghjh.ilc.edu.tw/" "Mozilla/5.0 (iPhone; CPU iPhone OS 17_5_1 like Mac OS X) AppleWebKit/605.1.15 (KHTML, like Gecko) Version/17.5 Mobile/15E148 Safari/604.1"
2402:7500:5e8:415e:387f:20dc:8aed:ba23 - - [25/Aug/2026:07:41:51 +0800] "GET /wp-content/themes/oceanwp/assets/fonts/fontawesome/webfonts/fa-regular-400.woff2 HTTP/1.1" 200 25383 "https://www.ghjh.ilc.edu.tw/" "Mozilla/5.0 (iPhone; CPU iPhone OS 17_5_1 like Mac OS X) AppleWebKit/605.1.15 (KHTML, like Gecko) Version/17.5 Mobile/15E148 Safari/604.1"
2a03:2880:f802:3c:: - - [25/Aug/2026:07:41:49 +0800] "GET /wp-login.php?key=qxn3n375&_wpnonce=&action=ilc_logout&redirect_to=https%3A%2F%2Fgame.edu.kg HTTP/1.1" 302 8248 "-" "Mozilla/5.0 (Macintosh; Intel Mac OS X 10_15_7) AppleWebKit/537.36 (KHTML, like Gecko) Chrome/145.0.0.0 Safari/537.36 (compatible; meta-externalagent/1.1 (+https://developers.facebook.com/docs/sharing/webmasters/crawler))"
140.111.67.10 - - [25/Aug/2026:07:41:51 +0800] "GET /" 301 273 "-" "-"
::1 - - [25/Aug/2026:07:41:53 +0800] "OPTIONS * HTTP/1.0" 200 110 "-" "Apache/2.4.68 (Ubuntu) OpenSSL/3.0.19 (internal dummy connection)"
140.111.67.195 - - [25/Aug/2026:07:41:53 +0800] "GET /wp-admin/admin-post.php?action=steps_ad HTTP/1.1" 200 1973 "-" "node-fetch/1.0 (+https://github.com/bitinn/node-fetch)"
::1 - - [25/Aug/2026:07:41:54 +0800] "OPTIONS * HTTP/1.0" 200 110 "-" "Apache/2.4.68 (Ubuntu) OpenSSL/3.0.19 (internal dummy connection)"
2001:288:a247:1:d041:ce13:598e:db62 - - [25/Aug/2026:07:41:54 +0800] "GET /260601/2021/02/01/%e5%89%af%e8%99%95%e9%95%b7%e5%ae%a4%e6%88%90%e5%93%a1%e5%8f%8a%e5%b7%a5%e4%bd%9c%e5%9f%b7%e6%8e%8c/ HTTP/1.1" 200 14972 "https://2blog.ilc.edu.tw/260601/" "Mozilla/5.0 (Windows NT 10.0; Win64; x64) AppleWebKit/537.36 (KHTML, like Gecko) Chrome/151.0.0.0 Safari/537.36"
2001:288:a247:1:d041:ce13:598e:db62 - - [25/Aug/2026:07:41:54 +0800] "GET /260601/wp-includes/css/admin-bar.min.css HTTP/1.1" 200 9479 "https://2blog.ilc.edu.tw/260601/2021/02/01/%e5%89%af%e8%99%95%e9%95%b7%e5%ae%a4%e6%88%90%e5%93%a1%e5%8f%8a%e5%b7%a5%e4%bd%9c%e5%9f%b7%e6%8e%8c/" "Mozilla/5.0 (Windows NT 10.0; Win64; x64) AppleWebKit/537.36 (KHTML, like Gecko) Chrome/151.0.0.0 Safari/537.36"
2001:288:a247:1:d041:ce13:598e:db62 - - [25/Aug/2026:07:41:54 +0800] "GET /260601/wp-includes/css/dashicons.min.css HTTP/1.1" 200 36736 "https://2blog.ilc.edu.tw/260601/2021/02/01/%e5%89%af%e8%99%95%e9%95%b7%e5%ae%a4%e6%88%90%e5%93%a1%e5%8f%8a%e5%b7%a5%e4%bd%9c%e5%9f%b7%e6%8e%8c/" "Mozilla/5.0 (Windows NT 10.0; Win64; x64) AppleWebKit/537.36 (KHTML, like Gecko) Chrome/151.0.0.0 Safari/537.36"
2001:288:a247:1:d041:ce13:598e:db62 - - [25/Aug/2026:07:41:54 +0800] "GET /260601/wp-content/themes/talon/css/bootstrap/bootstrap.min.css HTTP/1.1" 200 3165 "https://2blog.ilc.edu.tw/260601/2021/02/01/%e5%89%af%e8%99%95%e9%95%b7%e5%ae%a4%e6%88%90%e5%93%a1%e5%8f%8a%e5%b7%a5%e4%bd%9c%e5%9f%b7%e6%8e%8c/" "Mozilla/5.0 (Windows NT 10.0; Win64; x64) AppleWebKit/537.36 (KHTML, like Gecko) Chrome/151.0.0.0 Safari/537.36"
2001:288:a247:1:d041:ce13:598e:db62 - - [25/Aug/2026:07:41:54 +0800] "GET /260601/wp-includes/css/dist/block-library/style.min.css HTTP/1.1" 200 16119 "https://2blog.ilc.edu.tw/260601/2021/02/01/%e5%89%af%e8%99%95%e9%95%b7%e5%ae%a4%e6%88%90%e5%93%a1%e5%8f%8a%e5%b7%a5%e4%bd%9c%e5%9f%b7%e6%8e%8c/" "Mozilla/5.0 (Windows NT 10.0; Win64; x64) AppleWebKit/537.36 (KHTML, like Gecko) Chrome/151.0.0.0 Safari/537.36"
2001:288:a247:1:d041:ce13:598e:db62 - - [25/Aug/2026:07:41:54 +0800] "GET /260601/wp-content/plugins/google-drive-embedder/css/gdm-blocks.css HTTP/1.1" 200 5954 "https://2blog.ilc.edu.tw/260601/2021/02/01/%e5%89%af%e8%99%95%e9%95%b7%e5%ae%a4%e6%88%90%e5%93%a1%e5%8f%8a%e5%b7%a5%e4%bd%9c%e5%9f%b7%e6%8e%8c/" "Mozilla/5.0 (Windows NT 10.0; Win64; x64) AppleWebKit/537.36 (KHTML, like Gecko) Chrome/151.0.0.0 Safari/537.36"
2001:288:a247:1:d041:ce13:598e:db62 - - [25/Aug/2026:07:41:54 +0800] "GET /260601/wp-content/themes/talon/icons/icons.min.css HTTP/1.1" 200 2291 "https://2blog.ilc.edu.tw/260601/2021/02/01/%e5%89%af%e8%99%95%e9%95%b7%e5%ae%a4%e6%88%90%e5%93%a1%e5%8f%8a%e5%b7%a5%e4%bd%9c%e5%9f%b7%e6%8e%8c/" "Mozilla/5.0 (Windows NT 10.0; Win64; x64) AppleWebKit/537.36 (KHTML, like Gecko) Chrome/151.0.0.0 Safari/537.36"
2001:288:a247:1:d041:ce13:598e:db62 - - [25/Aug/2026:07:41:54 +0800] "GET /260601/wp-includes/js/jquery/jquery-migrate.min.js HTTP/1.1" 200 6091 "https://2blog.ilc.edu.tw/260601/2021/02/01/%e5%89%af%e8%99%95%e9%95%b7%e5%ae%a4%e6%88%90%e5%93%a1%e5%8f%8a%e5%b7%a5%e4%bd%9c%e5%9f%b7%e6%8e%8c/" "Mozilla/5.0 (Windows NT 10.0; Win64; x64) AppleWebKit/537.36 (KHTML, like Gecko) Chrome/151.0.0.0 Safari/537.36"
2001:288:a247:1:d041:ce13:598e:db62 - - [25/Aug/2026:07:41:54 +0800] "GET /260601/wp-content/themes/talon/style.css HTTP/1.1" 200 11899 "https://2blog.ilc.edu.tw/260601/2021/02/01/%e5%89%af%e8%99%95%e9%95%b7%e5%ae%a4%e6%88%90%e5%93%a1%e5%8f%8a%e5%b7%a5%e4%bd%9c%e5%9f%b7%e6%8e%8c/" "Mozilla/5.0 (Windows NT 10.0; Win64; x64) AppleWebKit/537.36 (KHTML, like Gecko) Chrome/151.0.0.0 Safari/537.36"
2001:288:a247:1:d041:ce13:598e:db62 - - [25/Aug/2026:07:41:54 +0800] "GET /260601/wp-includes/js/jquery/jquery.min.js HTTP/1.1" 200 31359 "https://2blog.ilc.edu.tw/260601/2021/02/01/%e5%89%af%e8%99%95%e9%95%b7%e5%ae%a4%e6%88%90%e5%93%a1%e5%8f%8a%e5%b7%a5%e4%bd%9c%e5%9f%b7%e6%8e%8c/" "Mozilla/5.0 (Windows NT 10.0; Win64; x64) AppleWebKit/537.36 (KHTML, like Gecko) Chrome/151.0.0.0 Safari/537.36"
2001:288:a247:1:d041:ce13:598e:db62 - - [25/Aug/2026:07:41:54 +0800] "GET /260601/wp-content/plugins/ilc-summary/asset/js/popular.min.js HTTP/1.1" 200 1573 "https://2blog.ilc.edu.tw/260601/2021/02/01/%e5%89%af%e8%99%95%e9%95%b7%e5%ae%a4%e6%88%90%e5%93%a1%e5%8f%8a%e5%b7%a5%e4%bd%9c%e5%9f%b7%e6%8e%8c/" "Mozilla/5.0 (Windows NT 10.0; Win64; x64) AppleWebKit/537.36 (KHTML, like Gecko) Chrome/151.0.0.0 Safari/537.36"
2001:288:a247:1:d041:ce13:598e:db62 - - [25/Aug/2026:07:41:54 +0800] "GET /260601/wp-includes/js/hoverintent-js.min.js HTTP/1.1" 200 1597 "https://2blog.ilc.edu.tw/260601/2021/02/01/%e5%89%af%e8%99%95%e9%95%b7%e5%ae%a4%e6%88%90%e5%93%a1%e5%8f%8a%e5%b7%a5%e4%bd%9c%e5%9f%b7%e6%8e%8c/" "Mozilla/5.0 (Windows NT 10.0; Win64; x64) AppleWebKit/537.36 (KHTML, like Gecko) Chrome/151.0.0.0 Safari/537.36"
2001:288:a247:1:d041:ce13:598e:db62 - - [25/Aug/2026:07:41:54 +0800] "GET /260601/wp-includes/js/admin-bar.min.js HTTP/1.1" 200 2237 "https://2blog.ilc.edu.tw/260601/2021/02/01/%e5%89%af%e8%99%95%e9%95%b7%e5%ae%a4%e6%88%90%e5%93%a1%e5%8f%8a%e5%b7%a5%e4%bd%9c%e5%9f%b7%e6%8e%8c/" "Mozilla/5.0 (Windows NT 10.0; Win64; x64) AppleWebKit/537.36 (KHTML, like Gecko) Chrome/151.0.0.0 Safari/537.36"
2001:288:a247:1:d041:ce13:598e:db62 - - [25/Aug/2026:07:41:54 +0800] "GET /260601/wp-content/themes/talon/js/skip-link-focus-fix.js HTTP/1.1" 200 1351 "https://2blog.ilc.edu.tw/260601/2021/02/01/%e5%89%af%e8%99%95%e9%95%b7%e5%ae%a4%e6%88%90%e5%93%a1%e5%8f%8a%e5%b7%a5%e4%bd%9c%e5%9f%b7%e6%8e%8c/" "Mozilla/5.0 (Windows NT 10.0; Win64; x64) AppleWebKit/537.36 (KHTML, like Gecko) Chrome/151.0.0.0 Safari/537.36"
2001:288:a247:1:d041:ce13:598e:db62 - - [25/Aug/2026:07:41:54 +0800] "GET /260601/wp-content/themes/talon/js/main.js HTTP/1.1" 200 2540 "https://2blog.ilc.edu.tw/260601/2021/02/01/%e5%89%af%e8%99%95%e9%95%b7%e5%ae%a4%e6%88%90%e5%93%a1%e5%8f%8a%e5%b7%a5%e4%bd%9c%e5%9f%b7%e6%8e%8c/" "Mozilla/5.0 (Windows NT 10.0; Win64; x64) AppleWebKit/537.36 (KHTML, like Gecko) Chrome/151.0.0.0 Safari/537.36"
2001:288:a247:1:d041:ce13:598e:db62 - - [25/Aug/2026:07:41:54 +0800] "GET /260601/wp-includes/js/imagesloaded.min.js HTTP/1.1" 200 2683 "https://2blog.ilc.edu.tw/260601/2021/02/01/%e5%89%af%e8%99%95%e9%95%b7%e5%ae%a4%e6%88%90%e5%93%a1%e5%8f%8a%e5%b7%a5%e4%bd%9c%e5%9f%b7%e6%8e%8c/" "Mozilla/5.0 (Windows NT 10.0; Win64; x64) AppleWebKit/537.36 (KHTML, like Gecko) Chrome/151.0.0.0 Safari/537.36"
2001:288:a247:1:d041:ce13:598e:db62 - - [25/Aug/2026:07:41:54 +0800] "GET /260601/wp-content/themes/talon/js/scripts.min.js HTTP/1.1" 200 23146 "https://2blog.ilc.edu.tw/260601/2021/02/01/%e5%89%af%e8%99%95%e9%95%b7%e5%ae%a4%e6%88%90%e5%93%a1%e5%8f%8a%e5%b7%a5%e4%bd%9c%e5%9f%b7%e6%8e%8c/" "Mozilla/5.0 (Windows NT 10.0; Win64; x64) AppleWebKit/537.36 (KHTML, like Gecko) Chrome/151.0.0.0 Safari/537.36"
2001:288:a247:1:d041:ce13:598e:db62 - - [25/Aug/2026:07:41:54 +0800] "GET /260601/wp-includes/js/masonry.min.js HTTP/1.1" 200 8306 "https://2blog.ilc.edu.tw/260601/2021/02/01/%e5%89%af%e8%99%95%e9%95%b7%e5%ae%a4%e6%88%90%e5%93%a1%e5%8f%8a%e5%b7%a5%e4%bd%9c%e5%9f%b7%e6%8e%8c/" "Mozilla/5.0 (Windows NT 10.0; Win64; x64) AppleWebKit/537.36 (KHTML, like Gecko) Chrome/151.0.0.0 Safari/537.36"
2001:288:a247:1:d041:ce13:598e:db62 - - [25/Aug/2026:07:41:54 +0800] "GET /260601/wp-content/uploads/sites/1600/2021/12/%E5%89%AF%E8%99%95%E9%95%B7%E5%AE%A4banner-ok_%E5%B7%A5%E4%BD%9C%E5%8D%80%E5%9F%9F-1-1-scaled.jpg HTTP/1.1" 200 144670 "https://2blog.ilc.edu.tw/260601/2021/02/01/%e5%89%af%e8%99%95%e9%95%b7%e5%ae%a4%e6%88%90%e5%93%a1%e5%8f%8a%e5%b7%a5%e4%bd%9c%e5%9f%b7%e6%8e%8c/" "Mozilla/5.0 (Windows NT 10.0; Win64; x64) AppleWebKit/537.36 (KHTML, like Gecko) Chrome/151.0.0.0 Safari/537.36"
2001:288:a247:1:d041:ce13:598e:db62 - - [25/Aug/2026:07:41:54 +0800] "GET /260601/wp-content/uploads/sites/1600/2021/12/%E7%99%BD.jpg HTTP/1.1" 200 5471 "https://2blog.ilc.edu.tw/260601/2021/02/01/%e5%89%af%e8%99%95%e9%95%b7%e5%ae%a4%e6%88%90%e5%93%a1%e5%8f%8a%e5%b7%a5%e4%bd%9c%e5%9f%b7%e6%8e%8c/" "Mozilla/5.0 (Windows NT 10.0; Win64; x64) AppleWebKit/537.36 (KHTML, like Gecko) Chrome/151.0.0.0 Safari/537.36"
2001:288:a247:1:d041:ce13:598e:db62 - - [25/Aug/2026:07:41:54 +0800] "POST /260601/wp-json/ilc-summary/v1/popular-posts HTTP/1.1" 201 1272 "https://2blog.ilc.edu.tw/260601/2021/02/01/%e5%89%af%e8%99%95%e9%95%b7%e5%ae%a4%e6%88%90%e5%93%a1%e5%8f%8a%e5%b7%a5%e4%bd%9c%e5%9f%b7%e6%8e%8c/" "Mozilla/5.0 (Windows NT 10.0; Win64; x64) AppleWebKit/537.36 (KHTML, like Gecko) Chrome/151.0.0.0 Safari/537.36"
2001:288:a201::66:125 - - [25/Aug/2026:07:41:55 +0800] "GET /blog/active.php HTTP/1.1" 404 1084 "-" "-"
2001:288:a201::66:125 - - [25/Aug/2026:07:41:55 +0800] "GET /blog/active.php HTTP/1.1" 301 1026 "-" "-"
140.111.67.195 - - [25/Aug/2026:07:41:56 +0800] "GET /wp-admin/admin-post.php?action=steps_ad HTTP/1.1" 200 1649 "-" "node-fetch/1.0 (+https://github.com/bitinn/node-fetch)"
140.111.67.195 - - [25/Aug/2026:07:41:56 +0800] "GET /wp-admin/admin-post.php?action=steps_ad HTTP/1.1" 200 1649 "-" "node-fetch/1.0 (+https://github.com/bitinn/node-fetch)"
