210.69.149.166 - - [25/Aug/2026:07:25:32 +0800] "GET /wp-includes/js/imagesloaded.min.js HTTP/1.1" 200 2683 "https://www.pces.ilc.edu.tw/" "Mozilla/5.0 (Windows NT 10.0; Win64; x64) AppleWebKit/537.36 (KHTML, like Gecko) Chrome/151.0.0.0 Safari/537.36"
210.69.149.166 - - [25/Aug/2026:07:25:32 +0800] "GET /wp-content/themes/oceanwp/assets/js/theme.min.js HTTP/1.1" 200 5130 "https://www.pces.ilc.edu.tw/" "Mozilla/5.0 (Windows NT 10.0; Win64; x64) AppleWebKit/537.36 (KHTML, like Gecko) Chrome/151.0.0.0 Safari/537.36"
210.69.149.166 - - [25/Aug/2026:07:25:33 +0800] "GET /wp-content/themes/oceanwp/assets/js/drop-down-mobile-menu.min.js HTTP/1.1" 200 4663 "https://www.pces.ilc.edu.tw/" "Mozilla/5.0 (Windows NT 10.0; Win64; x64) AppleWebKit/537.36 (KHTML, like Gecko) Chrome/151.0.0.0 Safari/537.36"
210.69.149.166 - - [25/Aug/2026:07:25:33 +0800] "GET /wp-content/uploads/sites/1663/2020/11/cropped-90172194_212477336787811_8905758397861724160_o-01-1-scaled-1.jpg HTTP/1.1" 200 166692 "https://www.pces.ilc.edu.tw/" "Mozilla/5.0 (Windows NT 10.0; Win64; x64) AppleWebKit/537.36 (KHTML, like Gecko) Chrome/151.0.0.0 Safari/537.36"
210.69.149.166 - - [25/Aug/2026:07:25:33 +0800] "GET /wp-content/themes/oceanwp/assets/js/drop-down-search.min.js HTTP/1.1" 200 2968 "https://www.pces.ilc.edu.tw/" "Mozilla/5.0 (Windows NT 10.0; Win64; x64) AppleWebKit/537.36 (KHTML, like Gecko) Chrome/151.0.0.0 Safari/537.36"
210.69.149.166 - - [25/Aug/2026:07:25:33 +0800] "GET /wp-content/themes/oceanwp/assets/js/vendors/magnific-popup.min.js HTTP/1.1" 200 8270 "https://www.pces.ilc.edu.tw/" "Mozilla/5.0 (Windows NT 10.0; Win64; x64) AppleWebKit/537.36 (KHTML, like Gecko) Chrome/151.0.0.0 Safari/537.36"
210.69.149.166 - - [25/Aug/2026:07:25:33 +0800] "GET /wp-content/themes/oceanwp/assets/js/ow-lightbox.min.js HTTP/1.1" 200 2321 "https://www.pces.ilc.edu.tw/" "Mozilla/5.0 (Windows NT 10.0; Win64; x64) AppleWebKit/537.36 (KHTML, like Gecko) Chrome/151.0.0.0 Safari/537.36"
210.69.149.166 - - [25/Aug/2026:07:25:33 +0800] "GET /wp-content/themes/oceanwp/assets/js/vendors/flickity.pkgd.min.js HTTP/1.1" 200 15048 "https://www.pces.ilc.edu.tw/" "Mozilla/5.0 (Windows NT 10.0; Win64; x64) AppleWebKit/537.36 (KHTML, like Gecko) Chrome/151.0.0.0 Safari/537.36"
210.69.149.166 - - [25/Aug/2026:07:25:33 +0800] "GET /wp-content/themes/oceanwp/assets/js/ow-slider.min.js HTTP/1.1" 200 1761 "https://www.pces.ilc.edu.tw/" "Mozilla/5.0 (Windows NT 10.0; Win64; x64) AppleWebKit/537.36 (KHTML, like Gecko) Chrome/151.0.0.0 Safari/537.36"
210.69.149.166 - - [25/Aug/2026:07:25:33 +0800] "GET /wp-content/themes/oceanwp/assets/js/scroll-effect.min.js HTTP/1.1" 200 4127 "https://www.pces.ilc.edu.tw/" "Mozilla/5.0 (Windows NT 10.0; Win64; x64) AppleWebKit/537.36 (KHTML, like Gecko) Chrome/151.0.0.0 Safari/537.36"
210.69.149.166 - - [25/Aug/2026:07:25:33 +0800] "GET /wp-content/themes/oceanwp/assets/js/scroll-top.min.js HTTP/1.1" 200 3202 "https://www.pces.ilc.edu.tw/" "Mozilla/5.0 (Windows NT 10.0; Win64; x64) AppleWebKit/537.36 (KHTML, like Gecko) Chrome/151.0.0.0 Safari/537.36"
210.69.149.166 - - [25/Aug/2026:07:25:33 +0800] "GET /wp-content/themes/oceanwp/assets/js/select.min.js HTTP/1.1" 200 2408 "https://www.pces.ilc.edu.tw/" "Mozilla/5.0 (Windows NT 10.0; Win64; x64) AppleWebKit/537.36 (KHTML, like Gecko) Chrome/151.0.0.0 Safari/537.36"
210.69.149.166 - - [25/Aug/2026:07:25:33 +0800] "GET /wp-content/plugins/elementor-pro/assets/js/webpack-pro.runtime.min.js HTTP/1.1" 200 3562 "https://www.pces.ilc.edu.tw/" "Mozilla/5.0 (Windows NT 10.0; Win64; x64) AppleWebKit/537.36 (KHTML, like Gecko) Chrome/151.0.0.0 Safari/537.36"
210.69.149.166 - - [25/Aug/2026:07:25:35 +0800] "GET /wp-content/plugins/elementor/assets/js/webpack.runtime.min.js HTTP/1.1" 200 3095 "https://www.pces.ilc.edu.tw/" "Mozilla/5.0 (Windows NT 10.0; Win64; x64) AppleWebKit/537.36 (KHTML, like Gecko) Chrome/151.0.0.0 Safari/537.36"
210.69.149.166 - - [25/Aug/2026:07:25:35 +0800] "GET /wp-includes/js/dist/hooks.min.js HTTP/1.1" 200 2421 "https://www.pces.ilc.edu.tw/" "Mozilla/5.0 (Windows NT 10.0; Win64; x64) AppleWebKit/537.36 (KHTML, like Gecko) Chrome/151.0.0.0 Safari/537.36"
210.69.149.166 - - [25/Aug/2026:07:25:35 +0800] "GET /wp-content/plugins/elementor/assets/js/frontend-modules.min.js HTTP/1.1" 200 19416 "https://www.pces.ilc.edu.tw/" "Mozilla/5.0 (Windows NT 10.0; Win64; x64) AppleWebKit/537.36 (KHTML, like Gecko) Chrome/151.0.0.0 Safari/537.36"
2a13:f40:58fe:8593:5653:c9f0:142d:bfaa - - [25/Aug/2026:07:25:35 +0800] "GET /2341/2013/03/26/%E6%95%99%E5%B8%AB%E5%B8%B6%E9%9A%8A%E6%AF%94%E8%B3%BD%E7%9A%84%E7%9B%AE%E7%9A%84%E4%B9%8B%E7%82%BA%E4%BB%80%E9%BA%BC%E8%A6%81%E5%8F%83%E5%8A%A0/ HTTP/1.1" 200 17063 "-" "Mozilla/5.0 (Windows NT 10.0; Win64; x64) AppleWebKit/537.36 (KHTML, like Gecko) Chrome/101.0.4951.67 Safari/537.36"
210.69.149.166 - - [25/Aug/2026:07:25:35 +0800] "GET /wp-includes/js/dist/i18n.min.js HTTP/1.1" 200 4547 "https://www.pces.ilc.edu.tw/" "Mozilla/5.0 (Windows NT 10.0; Win64; x64) AppleWebKit/537.36 (KHTML, like Gecko) Chrome/151.0.0.0 Safari/537.36"
2001:288:a201::66:125 - - [25/Aug/2026:07:25:35 +0800] "GET /blog/active.php HTTP/1.1" 301 1026 "-" "-"
2001:288:a201::66:125 - - [25/Aug/2026:07:25:35 +0800] "GET /blog/active.php HTTP/1.1" 404 1084 "-" "-"
210.69.149.166 - - [25/Aug/2026:07:25:35 +0800] "GET /wp-content/plugins/elementor-pro/assets/js/frontend.min.js HTTP/1.1" 200 7574 "https://www.pces.ilc.edu.tw/" "Mozilla/5.0 (Windows NT 10.0; Win64; x64) AppleWebKit/537.36 (KHTML, like Gecko) Chrome/151.0.0.0 Safari/537.36"
210.69.149.166 - - [25/Aug/2026:07:25:36 +0800] "GET /wp-content/plugins/elementor/assets/lib/waypoints/waypoints.min.js HTTP/1.1" 200 3873 "https://www.pces.ilc.edu.tw/" "Mozilla/5.0 (Windows NT 10.0; Win64; x64) AppleWebKit/537.36 (KHTML, like Gecko) Chrome/151.0.0.0 Safari/537.36"
210.69.149.166 - - [25/Aug/2026:07:25:36 +0800] "GET /wp-includes/js/jquery/ui/core.min.js HTTP/1.1" 200 7986 "https://www.pces.ilc.edu.tw/" "Mozilla/5.0 (Windows NT 10.0; Win64; x64) AppleWebKit/537.36 (KHTML, like Gecko) Chrome/151.0.0.0 Safari/537.36"
210.69.149.166 - - [25/Aug/2026:07:25:36 +0800] "GET /wp-content/plugins/elementor/assets/js/frontend.min.js HTTP/1.1" 200 13169 "https://www.pces.ilc.edu.tw/" "Mozilla/5.0 (Windows NT 10.0; Win64; x64) AppleWebKit/537.36 (KHTML, like Gecko) Chrome/151.0.0.0 Safari/537.36"
140.111.67.10 - - [25/Aug/2026:07:25:37 +0800] "GET /" 301 273 "-" "-"
210.69.149.166 - - [25/Aug/2026:07:25:37 +0800] "GET /wp-content/plugins/elementor-pro/assets/js/elements-handlers.min.js HTTP/1.1" 200 10882 "https://www.pces.ilc.edu.tw/" "Mozilla/5.0 (Windows NT 10.0; Win64; x64) AppleWebKit/537.36 (KHTML, like Gecko) Chrome/151.0.0.0 Safari/537.36"
2001:ee0:46dd:9180:7547:1d8d:bfc5:c27 - - [25/Aug/2026:07:25:37 +0800] "GET /3226/2020/06/23/%E6%AA%A2%E9%80%81%E6%9C%AC%E7%B8%A3%E3%80%8C108%E5%AD%B8%E5%B9%B4%E5%BA%A6%E5%AE%A2%E5%AE%B6%E8%AA%9E%E4%B8%AD%E7%B4%9A%E5%8F%8A%E4%B8%AD%E9%AB%98%E7%B4%9A%E8%AA%8D%E8%AD%89%E7%A0%94%E7%BF%92/ HTTP/1.1" 200 22487 "-" "Mozilla/5.0 (Macintosh; Intel Mac OS X 10_15_7) AppleWebKit/605.1.15 (KHTML, like Gecko) Version/18.0 Safari/605.1.15"
210.69.149.166 - - [25/Aug/2026:07:25:37 +0800] "GET /wp-content/uploads/sites/1663/2020/08/002.jpg HTTP/1.1" 200 21887 "https://www.pces.ilc.edu.tw/" "Mozilla/5.0 (Windows NT 10.0; Win64; x64) AppleWebKit/537.36 (KHTML, like Gecko) Chrome/151.0.0.0 Safari/537.36"
210.69.149.166 - - [25/Aug/2026:07:25:37 +0800] "GET /wp-content/uploads/sites/1663/2025/12/929063F7-2A6F-4CC7-BC12-B0F502C6A1A7-300x225.jpg HTTP/1.1" 200 24099 "https://www.pces.ilc.edu.tw/" "Mozilla/5.0 (Windows NT 10.0; Win64; x64) AppleWebKit/537.36 (KHTML, like Gecko) Chrome/151.0.0.0 Safari/537.36"
210.69.149.166 - - [25/Aug/2026:07:25:37 +0800] "GET /wp-content/uploads/sites/1663/2024/10/%E6%88%AA%E5%9C%96-2024-10-31-%E6%99%9A%E4%B8%8A7.20.30-150x150.png HTTP/1.1" 200 8203 "https://www.pces.ilc.edu.tw/" "Mozilla/5.0 (Windows NT 10.0; Win64; x64) AppleWebKit/537.36 (KHTML, like Gecko) Chrome/151.0.0.0 Safari/537.36"
210.69.149.166 - - [25/Aug/2026:07:25:37 +0800] "GET /wp-content/uploads/sites/1663/2024/07/%E8%8B%B1%E6%96%87%E7%B6%B2%E7%AB%99LOGO1.png HTTP/1.1" 200 12388 "https://www.pces.ilc.edu.tw/" "Mozilla/5.0 (Windows NT 10.0; Win64; x64) AppleWebKit/537.36 (KHTML, like Gecko) Chrome/151.0.0.0 Safari/537.36"
210.69.149.166 - - [25/Aug/2026:07:25:37 +0800] "GET /wp-content/uploads/sites/1663/2020/09/36430-3651511.jpg HTTP/1.1" 200 24004 "https://www.pces.ilc.edu.tw/" "Mozilla/5.0 (Windows NT 10.0; Win64; x64) AppleWebKit/537.36 (KHTML, like Gecko) Chrome/151.0.0.0 Safari/537.36"
210.69.149.166 - - [25/Aug/2026:07:25:38 +0800] "GET /wp-content/uploads/sites/1663/2025/12/GOOGLE%E5%83%8F%E7%B0%BF%E5%B0%81%E9%9D%A2%E7%B8%AE%E5%9C%96-1-150x150.png HTTP/1.1" 200 19537 "https://www.pces.ilc.edu.tw/" "Mozilla/5.0 (Windows NT 10.0; Win64; x64) AppleWebKit/537.36 (KHTML, like Gecko) Chrome/151.0.0.0 Safari/537.36"
210.69.149.166 - - [25/Aug/2026:07:25:38 +0800] "GET /wp-content/uploads/sites/1663/2026/03/%E7%A5%A8%E9%81%B8%E7%A2%BA%E8%AA%8D-300x247.png HTTP/1.1" 200 27511 "https://www.pces.ilc.edu.tw/" "Mozilla/5.0 (Windows NT 10.0; Win64; x64) AppleWebKit/537.36 (KHTML, like Gecko) Chrome/151.0.0.0 Safari/537.36"
210.69.149.166 - - [25/Aug/2026:07:25:38 +0800] "GET /wp-content/uploads/sites/1663/2020/08/video-1.jpg HTTP/1.1" 200 8344 "https://www.pces.ilc.edu.tw/" "Mozilla/5.0 (Windows NT 10.0; Win64; x64) AppleWebKit/537.36 (KHTML, like Gecko) Chrome/151.0.0.0 Safari/537.36"
2a11:c46:ddc5:5440:3dff:7163:8dc2:45e2 - - [25/Aug/2026:07:25:38 +0800] "GET /868/44306/ HTTP/1.1" 200 22602 "-" "Mozilla/5.0 (Macintosh; Intel Mac OS X 10.15; rv:128.0) Gecko/20100101 Firefox/128.0"
2001:288:a201::66:125 - - [25/Aug/2026:07:25:40 +0800] "GET /blog/active.php HTTP/1.1" 301 1026 "-" "-"
2001:288:a201::66:125 - - [25/Aug/2026:07:25:40 +0800] "GET /blog/active.php HTTP/1.1" 404 1084 "-" "-"
140.111.67.10 - - [25/Aug/2026:07:25:42 +0800] "GET /" 301 273 "-" "-"
2405:4802:938d:6fc0:4182:ef9c:7a10:4805 - - [25/Aug/2026:07:25:43 +0800] "GET /17160/2020/12/24/%E3%80%90%E5%85%AD%E5%B9%B4%E7%B4%9A%E3%80%91%E6%8E%A8%E7%90%86%E6%95%B8%E5%AD%B8-%E7%89%9B%E5%90%83%E8%8D%89%E5%95%8F%E9%A1%8C/ HTTP/1.1" 200 20057 "-" "Mozilla/5.0 (Windows NT 10.0; Win64; x64) AppleWebKit/537.36 (KHTML, like Gecko) Chrome/99.0.4844.51 Safari/537.36"
2001:288:a201::66:125 - - [25/Aug/2026:07:25:45 +0800] "GET /blog/active.php HTTP/1.1" 301 1026 "-" "-"
2001:288:a201::66:125 - - [25/Aug/2026:07:25:45 +0800] "GET /blog/active.php HTTP/1.1" 404 1084 "-" "-"
::1 - - [25/Aug/2026:07:25:46 +0800] "OPTIONS * HTTP/1.0" 200 110 "-" "Apache/2.4.68 (Ubuntu) OpenSSL/3.0.19 (internal dummy connection)"
140.111.67.10 - - [25/Aug/2026:07:25:46 +0800] "GET /" 301 273 "-" "-"
::1 - - [25/Aug/2026:07:25:47 +0800] "OPTIONS * HTTP/1.0" 200 110 "-" "Apache/2.4.68 (Ubuntu) OpenSSL/3.0.19 (internal dummy connection)"
::1 - - [25/Aug/2026:07:25:48 +0800] "OPTIONS * HTTP/1.0" 200 110 "-" "Apache/2.4.68 (Ubuntu) OpenSSL/3.0.19 (internal dummy connection)"
2001:288:a201::66:125 - - [25/Aug/2026:07:25:50 +0800] "GET /blog/active.php HTTP/1.1" 301 1026 "-" "-"
2001:288:a201::66:125 - - [25/Aug/2026:07:25:50 +0800] "GET /blog/active.php HTTP/1.1" 404 1084 "-" "-"
140.111.67.10 - - [25/Aug/2026:07:25:51 +0800] "GET /" 301 273 "-" "-"
2a03:2880:f802:1e:: - - [25/Aug/2026:07:25:54 +0800] "GET /32745/2020/06/15/%e4%b8%8a%e5%a5%bd%e7%9a%84%e6%8f%9b%e5%b8%96/ HTTP/1.1" 200 91795 "-" "Mozilla/5.0 (Windows NT 10.0; Win64; x64) AppleWebKit/537.36 (KHTML, like Gecko) Chrome/145.0.0.0 Safari/537.36 (compatible; meta-externalagent/1.1 (+https://developers.facebook.com/docs/sharing/webmasters/crawler))"
2a12:da82:907a:f13d:c206:1ccb:bfae:e012 - - [25/Aug/2026:07:25:54 +0800] "GET /1003/2013/12/30/%E5%AD%B8%E7%BF%92%E7%AD%86%E8%A8%98%E7%AC%AC%E5%8D%81%E4%BA%8C%E5%B1%86%E5%85%A9%E5%B2%B8%E5%9B%9B%E5%9C%B0%E5%B0%8F%E5%AD%B8%E8%AA%9E%E6%96%87%E6%95%99%E5%AD%B8%E8%A7%80%E6%91%A9%E6%9A%A8%E7%A0%94/ HTTP/1.1" 200 22521 "-" "Mozilla/5.0 (Macintosh; Intel Mac OS X 10_15_7) AppleWebKit/605.1.15 (KHTML, like Gecko) Version/18.4 Safari/605.1.15"
2a03:2880:f802:14:: - - [25/Aug/2026:07:25:54 +0800] "GET /32745/wp-content/uploads/sites/1271/2020/06/%E4%B8%8B%E8%BC%89-3-8-182x245.jpg HTTP/1.1" 200 12202 "https://2blog.ilc.edu.tw/32745/2020/06/15/%e4%b8%8a%e5%a5%bd%e7%9a%84%e6%8f%9b%e5%b8%96/" "Mozilla/5.0 (Windows NT 10.0; Win64; x64) AppleWebKit/537.36 (KHTML, like Gecko) Chrome/145.0.0.0 Safari/537.36 (compatible; meta-externalagent/1.1 (+https://developers.facebook.com/docs/sharing/webmasters/crawler))"
2a03:2880:f80e:34:: - - [25/Aug/2026:07:25:54 +0800] "GET /32745/wp-content/uploads/sites/1271/2020/06/safe_image-22-9-520x245.jpg HTTP/1.1" 200 24824 "https://2blog.ilc.edu.tw/32745/2020/06/15/%e4%b8%8a%e5%a5%bd%e7%9a%84%e6%8f%9b%e5%b8%96/" "Mozilla/5.0 (Windows NT 10.0; Win64; x64) AppleWebKit/537.36 (KHTML, like Gecko) Chrome/145.0.0.0 Safari/537.36 (compatible; meta-externalagent/1.1 (+https://developers.facebook.com/docs/sharing/webmasters/crawler))"
2a03:2880:f802:24:: - - [25/Aug/2026:07:25:54 +0800] "GET /32745/wp-content/uploads/sites/1271/2020/06/safe_image-23-9-520x245.jpg HTTP/1.1" 200 24615 "https://2blog.ilc.edu.tw/32745/2020/06/15/%e4%b8%8a%e5%a5%bd%e7%9a%84%e6%8f%9b%e5%b8%96/" "Mozilla/5.0 (Windows NT 10.0; Win64; x64) AppleWebKit/537.36 (KHTML, like Gecko) Chrome/145.0.0.0 Safari/537.36 (compatible; meta-externalagent/1.1 (+https://developers.facebook.com/docs/sharing/webmasters/crawler))"
2a03:2880:f802:28:: - - [25/Aug/2026:07:25:55 +0800] "POST /32745/wp-json/ilc-summary/v1/popular-posts HTTP/1.1" 201 6197 "https://2blog.ilc.edu.tw/32745/2020/06/15/%e4%b8%8a%e5%a5%bd%e7%9a%84%e6%8f%9b%e5%b8%96/" "Mozilla/5.0 (Windows NT 10.0; Win64; x64) AppleWebKit/537.36 (KHTML, like Gecko) Chrome/145.0.0.0 Safari/537.36 (compatible; meta-externalagent/1.1 (+https://developers.facebook.com/docs/sharing/webmasters/crawler))"
2001:288:a201::66:125 - - [25/Aug/2026:07:25:55 +0800] "GET /blog/active.php HTTP/1.1" 301 1026 "-" "-"
2001:288:a201::66:125 - - [25/Aug/2026:07:25:55 +0800] "GET /blog/active.php HTTP/1.1" 404 1084 "-" "-"
140.111.67.10 - - [25/Aug/2026:07:25:57 +0800] "GET /" 301 273 "-" "-"
2a03:2880:f80e:20:: - - [25/Aug/2026:07:25:55 +0800] "GET /wp-login.php?key=e5z4y375&_wpnonce=&action=ilc_logout&redirect_to=https%3A%2F%2Fmushroom.joynetgame.com HTTP/1.1" 302 8260 "-" "Mozilla/5.0 (Macintosh; Intel Mac OS X 10_15_7) AppleWebKit/537.36 (KHTML, like Gecko) Chrome/145.0.0.0 Safari/537.36 (compatible; meta-externalagent/1.1 (+https://developers.facebook.com/docs/sharing/webmasters/crawler))"
2409:8057:2070::114:1089 - - [25/Aug/2026:07:26:00 +0800] "GET /2018/ HTTP/1.1" 200 22214 "-" "Mozilla/5.0 (Windows NT 10.0; Win64; x64) AppleWebKit/537.36 (KHTML, like Gecko) Chrome/144.0.0.0 Safari/537.36"
2001:288:a201::66:125 - - [25/Aug/2026:07:26:00 +0800] "GET /blog/active.php HTTP/1.1" 404 1084 "-" "-"
2001:288:a201::66:125 - - [25/Aug/2026:07:26:00 +0800] "GET /blog/active.php HTTP/1.1" 301 1026 "-" "-"
2a03:2880:f802:14:: - - [25/Aug/2026:07:26:00 +0800] "GET /1023aa/wp-content/cache/2blog.ilc.edu.tw/wpfc-minified/qjmothlw/8igrh.js HTTP/1.1" 200 6436 "https://2blog.ilc.edu.tw/1023aa/2020/11/02/%e5%bb%a3%e9%81%94%e9%81%8a%e6%96%bc%e8%97%9d%e3%80%8c%e5%90%91%e5%a4%a7%e5%b8%ab%e6%8c%96%e5%af%b6-%e7%b1%b3%e5%8b%92%e5%b7%a1%e8%bf%b4%e5%b1%95%e3%80%8d/" "Mozilla/5.0 (X11; Linux x86_64) AppleWebKit/537.36 (KHTML, like Gecko) Chrome/145.0.0.0 Safari/537.36 (compatible; meta-externalagent/1.1 (+https://developers.facebook.com/docs/sharing/webmasters/crawler))"
2a03:2880:f802:11:: - - [25/Aug/2026:07:26:00 +0800] "GET /1023aa/wp-content/uploads/sites/2861/2020/11/%E4%BB%8B%E7%B4%B9_1-300x240.jpg HTTP/1.1" 200 26407 "https://2blog.ilc.edu.tw/1023aa/2020/11/02/%e5%bb%a3%e9%81%94%e9%81%8a%e6%96%bc%e8%97%9d%e3%80%8c%e5%90%91%e5%a4%a7%e5%b8%ab%e6%8c%96%e5%af%b6-%e7%b1%b3%e5%8b%92%e5%b7%a1%e8%bf%b4%e5%b1%95%e3%80%8d/" "Mozilla/5.0 (X11; Linux x86_64) AppleWebKit/537.36 (KHTML, like Gecko) Chrome/145.0.0.0 Safari/537.36 (compatible; meta-externalagent/1.1 (+https://developers.facebook.com/docs/sharing/webmasters/crawler))"
2409:8057:2070::114:1089 - - [25/Aug/2026:07:26:01 +0800] "GET /wp-content/cache/www.sches.ilc.edu.tw/wpfc-minified/6zsms9b0/796y.css HTTP/1.1" 200 40896 "https://www.sches.ilc.edu.tw/2018/" "Mozilla/5.0 (Windows NT 10.0; Win64; x64) AppleWebKit/537.36 (KHTML, like Gecko) Chrome/144.0.0.0 Safari/537.36"
2a03:2880:f802:4a:: - - [25/Aug/2026:07:26:01 +0800] "GET /1023aa/wp-content/uploads/sites/2861/2020/11/%E6%AC%A3%E8%B3%9E3-1-300x240.jpg HTTP/1.1" 200 26586 "https://2blog.ilc.edu.tw/1023aa/2020/11/02/%e5%bb%a3%e9%81%94%e9%81%8a%e6%96%bc%e8%97%9d%e3%80%8c%e5%90%91%e5%a4%a7%e5%b8%ab%e6%8c%96%e5%af%b6-%e7%b1%b3%e5%8b%92%e5%b7%a1%e8%bf%b4%e5%b1%95%e3%80%8d/" "Mozilla/5.0 (X11; Linux x86_64) AppleWebKit/537.36 (KHTML, like Gecko) Chrome/145.0.0.0 Safari/537.36 (compatible; meta-externalagent/1.1 (+https://developers.facebook.com/docs/sharing/webmasters/crawler))"
2a03:2880:f802:22:: - - [25/Aug/2026:07:26:01 +0800] "GET /1023aa/wp-content/uploads/sites/2861/2020/11/%E7%94%9F%E5%B9%B32-2-300x240.jpg HTTP/1.1" 200 24794 "https://2blog.ilc.edu.tw/1023aa/2020/11/02/%e5%bb%a3%e9%81%94%e9%81%8a%e6%96%bc%e8%97%9d%e3%80%8c%e5%90%91%e5%a4%a7%e5%b8%ab%e6%8c%96%e5%af%b6-%e7%b1%b3%e5%8b%92%e5%b7%a1%e8%bf%b4%e5%b1%95%e3%80%8d/" "Mozilla/5.0 (X11; Linux x86_64) AppleWebKit/537.36 (KHTML, like Gecko) Chrome/145.0.0.0 Safari/537.36 (compatible; meta-externalagent/1.1 (+https://developers.facebook.com/docs/sharing/webmasters/crawler))"
2409:8057:2070::114:1089 - - [25/Aug/2026:07:26:01 +0800] "GET /wp-content/cache/www.sches.ilc.edu.tw/wpfc-minified/g0apozo0/796y.js HTTP/1.1" 200 3453 "https://www.sches.ilc.edu.tw/2018/" "Mozilla/5.0 (Windows NT 10.0; Win64; x64) AppleWebKit/537.36 (KHTML, like Gecko) Chrome/144.0.0.0 Safari/537.36"
2a03:2880:f802:15:: - - [25/Aug/2026:07:26:01 +0800] "GET /1023aa/wp-includes/js/mediaelement/renderers/vimeo.min.js HTTP/1.1" 200 7958 "https://2blog.ilc.edu.tw/1023aa/2020/11/02/%e5%bb%a3%e9%81%94%e9%81%8a%e6%96%bc%e8%97%9d%e3%80%8c%e5%90%91%e5%a4%a7%e5%b8%ab%e6%8c%96%e5%af%b6-%e7%b1%b3%e5%8b%92%e5%b7%a1%e8%bf%b4%e5%b1%95%e3%80%8d/" "Mozilla/5.0 (X11; Linux x86_64) AppleWebKit/537.36 (KHTML, like Gecko) Chrome/145.0.0.0 Safari/537.36 (compatible; meta-externalagent/1.1 (+https://developers.facebook.com/docs/sharing/webmasters/crawler))"
2a03:2880:f802:3d:: - - [25/Aug/2026:07:26:01 +0800] "GET /1023aa/wp-content/uploads/sites/2861/2020/11/%E6%AC%A3%E8%B3%9E4-1-300x240.jpg HTTP/1.1" 200 27758 "https://2blog.ilc.edu.tw/1023aa/2020/11/02/%e5%bb%a3%e9%81%94%e9%81%8a%e6%96%bc%e8%97%9d%e3%80%8c%e5%90%91%e5%a4%a7%e5%b8%ab%e6%8c%96%e5%af%b6-%e7%b1%b3%e5%8b%92%e5%b7%a1%e8%bf%b4%e5%b1%95%e3%80%8d/" "Mozilla/5.0 (X11; Linux x86_64) AppleWebKit/537.36 (KHTML, like Gecko) Chrome/145.0.0.0 Safari/537.36 (compatible; meta-externalagent/1.1 (+https://developers.facebook.com/docs/sharing/webmasters/crawler))"
2a03:2880:f802:2c:: - - [25/Aug/2026:07:26:01 +0800] "POST /1023aa/wp-json/ilc-summary/v1/popular-posts HTTP/1.1" 201 6067 "https://2blog.ilc.edu.tw/1023aa/2020/11/02/%e5%bb%a3%e9%81%94%e9%81%8a%e6%96%bc%e8%97%9d%e3%80%8c%e5%90%91%e5%a4%a7%e5%b8%ab%e6%8c%96%e5%af%b6-%e7%b1%b3%e5%8b%92%e5%b7%a1%e8%bf%b4%e5%b1%95%e3%80%8d/" "Mozilla/5.0 (X11; Linux x86_64) AppleWebKit/537.36 (KHTML, like Gecko) Chrome/145.0.0.0 Safari/537.36 (compatible; meta-externalagent/1.1 (+https://developers.facebook.com/docs/sharing/webmasters/crawler))"
2001:288:a201::67:81 - - [25/Aug/2026:07:26:01 +0800] "GET / HTTP/1.1" 200 56291 "-" "curl/7.81.0"
140.111.67.10 - - [25/Aug/2026:07:26:02 +0800] "GET /" 301 273 "-" "-"
2409:8057:2070::114:1089 - - [25/Aug/2026:07:26:02 +0800] "GET /wp-content/themes/oceanwp/assets/js/ow-lightbox.min.js HTTP/1.1" 200 2321 "https://www.sches.ilc.edu.tw/2018/" "Mozilla/5.0 (Windows NT 10.0; Win64; x64) AppleWebKit/537.36 (KHTML, like Gecko) Chrome/144.0.0.0 Safari/537.36"
2409:8057:2070::114:1089 - - [25/Aug/2026:07:26:02 +0800] "GET /wp-content/themes/oceanwp/assets/fonts/simple-line-icons/Simple-Line-Icons.woff2?v=2.4.0 HTTP/1.1" 200 30959 "https://www.sches.ilc.edu.tw/wp-content/cache/www.sches.ilc.edu.tw/wpfc-minified/qvhk4q78/c0c79.css" "Mozilla/5.0 (Windows NT 10.0; Win64; x64) AppleWebKit/537.36 (KHTML, like Gecko) Chrome/144.0.0.0 Safari/537.36"
2409:8057:2070::114:1089 - - [25/Aug/2026:07:26:02 +0800] "GET /wp-includes/js/dist/dom-ready.min.js HTTP/1.1" 200 1199 "https://www.sches.ilc.edu.tw/2018/" "Mozilla/5.0 (Windows NT 10.0; Win64; x64) AppleWebKit/537.36 (KHTML, like Gecko) Chrome/144.0.0.0 Safari/537.36"
2001:288:a201::66:125 - - [25/Aug/2026:07:26:05 +0800] "GET /blog/active.php HTTP/1.1" 404 1084 "-" "-"
2001:288:a201::66:125 - - [25/Aug/2026:07:26:05 +0800] "GET /blog/active.php HTTP/1.1" 301 1026 "-" "-"
2a03:2880:f802:19:: - - [25/Aug/2026:07:26:04 +0800] "GET /wp-login.php?key=wwlv6375&_wpnonce=&action=ilc_logout&redirect_to=https%3A%2F%2Fgame.edu.kg HTTP/1.1" 302 8248 "-" "Mozilla/5.0 (Windows NT 10.0; Win64; x64) AppleWebKit/537.36 (KHTML, like Gecko) Chrome/145.0.0.0 Safari/537.36 (compatible; meta-externalagent/1.1 (+https://developers.facebook.com/docs/sharing/webmasters/crawler))"
140.111.67.10 - - [25/Aug/2026:07:26:07 +0800] "GET /" 301 273 "-" "-"
2001:288:a201::66:125 - - [25/Aug/2026:07:26:10 +0800] "GET /blog/active.php HTTP/1.1" 404 1084 "-" "-"
2001:288:a201::66:125 - - [25/Aug/2026:07:26:10 +0800] "GET /blog/active.php HTTP/1.1" 301 1026 "-" "-"
140.111.67.10 - - [25/Aug/2026:07:26:12 +0800] "GET /" 301 273 "-" "-"
2401:e180:8ddc:8cb7:610a:6b20:b0ee:bdbe - - [25/Aug/2026:07:26:14 +0800] "GET /?s=%E5%9C%B0%E5%9C%96 HTTP/1.1" 200 19235 "https://www.whjh.ilc.edu.tw/%e6%a0%a1%e5%85%a7%e5%88%86%e6%a9%9f%e8%a1%a8/" "Mozilla/5.0 (iPhone; CPU iPhone OS 18_7 like Mac OS X) AppleWebKit/605.1.15 (KHTML, like Gecko) Version/26.6 Mobile/15E148 Safari/604.1"
2001:288:a201::66:125 - - [25/Aug/2026:07:26:15 +0800] "GET /blog/active.php HTTP/1.1" 404 1084 "-" "-"
2001:288:a201::66:125 - - [25/Aug/2026:07:26:15 +0800] "GET /blog/active.php HTTP/1.1" 301 1026 "-" "-"
140.111.67.10 - - [25/Aug/2026:07:26:16 +0800] "GET /" 301 273 "-" "-"
2001:288:a201::66:125 - - [25/Aug/2026:07:26:20 +0800] "GET /blog/active.php HTTP/1.1" 301 1026 "-" "-"
2001:288:a201::66:125 - - [25/Aug/2026:07:26:20 +0800] "GET /blog/active.php HTTP/1.1" 404 1084 "-" "-"
2402:7500:49a:37d:68c6:83aa:7d28:66b3 - - [25/Aug/2026:07:26:21 +0800] "GET / HTTP/1.1" 200 21196 "https://www.google.com/url?q=https://www.ltes.ilc.edu.tw/&sa=U&ved=2ahUKEwisiazqtLqWAxVunK8BHfNsMVQQFnoECAsQAQ&usg=AOvVaw1Y6nOPg-kKuNuEeH7t0mNV" "Mozilla/5.0 (iPhone; CPU iPhone OS 26_6_1 like Mac OS X) AppleWebKit/605.1.15 (KHTML, like Gecko) GSA/434.2.961627397 Mobile/15E148 Safari/604.1"
140.111.67.10 - - [25/Aug/2026:07:26:21 +0800] "GET /" 301 273 "-" "-"
2402:7500:49a:37d:68c6:83aa:7d28:66b3 - - [25/Aug/2026:07:26:22 +0800] "GET / HTTP/1.1" 200 21196 "https://www.google.com/url?q=https://www.ltes.ilc.edu.tw/&sa=U&ved=2ahUKEwisiazqtLqWAxVunK8BHfNsMVQQFnoECAsQAQ&usg=AOvVaw1Y6nOPg-kKuNuEeH7t0mNV" "Mozilla/5.0 (iPhone; CPU iPhone OS 26_6_1 like Mac OS X) AppleWebKit/605.1.15 (KHTML, like Gecko) GSA/434.2.961627397 Mobile/15E148 Safari/604.1"
2402:7500:49a:37d:68c6:83aa:7d28:66b3 - - [25/Aug/2026:07:26:23 +0800] "GET /wp-content/cache/www.ltes.ilc.edu.tw/wpfc-minified/fhmlibu1/6w60.css HTTP/1.1" 200 45686 "https://www.ltes.ilc.edu.tw/" "Mozilla/5.0 (iPhone; CPU iPhone OS 26_6_1 like Mac OS X) AppleWebKit/605.1.15 (KHTML, like Gecko) GSA/434.2.961627397 Mobile/15E148 Safari/604.1"
2402:7500:49a:37d:68c6:83aa:7d28:66b3 - - [25/Aug/2026:07:26:23 +0800] "GET /wp-content/cache/www.ltes.ilc.edu.tw/wpfc-minified/fsoeykdl/6w60.css HTTP/1.1" 200 8508 "https://www.ltes.ilc.edu.tw/" "Mozilla/5.0 (iPhone; CPU iPhone OS 26_6_1 like Mac OS X) AppleWebKit/605.1.15 (KHTML, like Gecko) GSA/434.2.961627397 Mobile/15E148 Safari/604.1"
2001:4860:7:510::fa - - [25/Aug/2026:07:26:23 +0800] "GET /yleerc/english/eeg-word/ HTTP/1.1" 200 23152 "https://www.google.com/" "Mozilla/5.0 (Windows NT 10.0; Win64; x64) AppleWebKit/537.36 (KHTML, like Gecko) Chrome/151.0.0.0 Safari/537.36"
2402:7500:49a:37d:68c6:83aa:7d28:66b3 - - [25/Aug/2026:07:26:23 +0800] "GET /wp-content/cache/www.ltes.ilc.edu.tw/wpfc-minified/e59oocir/6w60.js HTTP/1.1" 200 35557 "https://www.ltes.ilc.edu.tw/" "Mozilla/5.0 (iPhone; CPU iPhone OS 26_6_1 like Mac OS X) AppleWebKit/605.1.15 (KHTML, like Gecko) GSA/434.2.961627397 Mobile/15E148 Safari/604.1"
2402:7500:49a:37d:68c6:83aa:7d28:66b3 - - [25/Aug/2026:07:26:23 +0800] "GET /wp-content/uploads/sites/1983/2026/03/648290433_1480268493886085_2973398921430553808_n_0-700x400.jpg HTTP/1.1" 200 81899 "https://www.ltes.ilc.edu.tw/" "Mozilla/5.0 (iPhone; CPU iPhone OS 26_6_1 like Mac OS X) AppleWebKit/605.1.15 (KHTML, like Gecko) GSA/434.2.961627397 Mobile/15E148 Safari/604.1"
2402:7500:49a:37d:68c6:83aa:7d28:66b3 - - [25/Aug/2026:07:26:23 +0800] "GET /wp-content/cache/www.ltes.ilc.edu.tw/wpfc-minified/7cak74k2/6w60.css HTTP/1.1" 200 5959 "https://www.ltes.ilc.edu.tw/" "Mozilla/5.0 (iPhone; CPU iPhone OS 26_6_1 like Mac OS X) AppleWebKit/605.1.15 (KHTML, like Gecko) GSA/434.2.961627397 Mobile/15E148 Safari/604.1"
2402:7500:49a:37d:68c6:83aa:7d28:66b3 - - [25/Aug/2026:07:26:23 +0800] "GET /wp-content/uploads/sites/1983/elementor/css/post-1908.css HTTP/1.1" 200 6041 "https://www.ltes.ilc.edu.tw/" "Mozilla/5.0 (iPhone; CPU iPhone OS 26_6_1 like Mac OS X) AppleWebKit/605.1.15 (KHTML, like Gecko) GSA/434.2.961627397 Mobile/15E148 Safari/604.1"
2402:7500:49a:37d:68c6:83aa:7d28:66b3 - - [25/Aug/2026:07:26:23 +0800] "GET /wp-content/cache/www.ltes.ilc.edu.tw/wpfc-minified/1dmocsc8/5py9h.css HTTP/1.1" 200 4768 "https://www.ltes.ilc.edu.tw/" "Mozilla/5.0 (iPhone; CPU iPhone OS 26_6_1 like Mac OS X) AppleWebKit/605.1.15 (KHTML, like Gecko) GSA/434.2.961627397 Mobile/15E148 Safari/604.1"
2402:7500:49a:37d:68c6:83aa:7d28:66b3 - - [25/Aug/2026:07:26:23 +0800] "GET /wp-includes/js/hoverintent-js.min.js HTTP/1.1" 200 1597 "https://www.ltes.ilc.edu.tw/" "Mozilla/5.0 (iPhone; CPU iPhone OS 26_6_1 like Mac OS X) AppleWebKit/605.1.15 (KHTML, like Gecko) GSA/434.2.961627397 Mobile/15E148 Safari/604.1"
2402:7500:49a:37d:68c6:83aa:7d28:66b3 - - [25/Aug/2026:07:26:23 +0800] "GET /wp-includes/js/admin-bar.min.js HTTP/1.1" 200 2237 "https://www.ltes.ilc.edu.tw/" "Mozilla/5.0 (iPhone; CPU iPhone OS 26_6_1 like Mac OS X) AppleWebKit/605.1.15 (KHTML, like Gecko) GSA/434.2.961627397 Mobile/15E148 Safari/604.1"
2402:7500:49a:37d:68c6:83aa:7d28:66b3 - - [25/Aug/2026:07:26:23 +0800] "GET /wp-includes/js/imagesloaded.min.js HTTP/1.1" 200 2683 "https://www.ltes.ilc.edu.tw/" "Mozilla/5.0 (iPhone; CPU iPhone OS 26_6_1 like Mac OS X) AppleWebKit/605.1.15 (KHTML, like Gecko) GSA/434.2.961627397 Mobile/15E148 Safari/604.1"
2402:7500:49a:37d:68c6:83aa:7d28:66b3 - - [25/Aug/2026:07:26:23 +0800] "GET /wp-content/themes/oceanwp/assets/js/theme.min.js HTTP/1.1" 200 5130 "https://www.ltes.ilc.edu.tw/" "Mozilla/5.0 (iPhone; CPU iPhone OS 26_6_1 like Mac OS X) AppleWebKit/605.1.15 (KHTML, like Gecko) GSA/434.2.961627397 Mobile/15E148 Safari/604.1"
2402:7500:49a:37d:68c6:83aa:7d28:66b3 - - [25/Aug/2026:07:26:23 +0800] "GET /wp-content/cache/www.ltes.ilc.edu.tw/wpfc-minified/cmccqct/6w60.css HTTP/1.1" 200 92213 "https://www.ltes.ilc.edu.tw/" "Mozilla/5.0 (iPhone; CPU iPhone OS 26_6_1 like Mac OS X) AppleWebKit/605.1.15 (KHTML, like Gecko) GSA/434.2.961627397 Mobile/15E148 Safari/604.1"
2402:7500:49a:37d:68c6:83aa:7d28:66b3 - - [25/Aug/2026:07:26:24 +0800] "GET /wp-content/themes/oceanwp/assets/js/drop-down-mobile-menu.min.js HTTP/1.1" 200 4663 "https://www.ltes.ilc.edu.tw/" "Mozilla/5.0 (iPhone; CPU iPhone OS 26_6_1 like Mac OS X) AppleWebKit/605.1.15 (KHTML, like Gecko) GSA/434.2.961627397 Mobile/15E148 Safari/604.1"
2402:7500:49a:37d:68c6:83aa:7d28:66b3 - - [25/Aug/2026:07:26:24 +0800] "GET /wp-content/themes/oceanwp/assets/js/drop-down-search.min.js HTTP/1.1" 200 2968 "https://www.ltes.ilc.edu.tw/" "Mozilla/5.0 (iPhone; CPU iPhone OS 26_6_1 like Mac OS X) AppleWebKit/605.1.15 (KHTML, like Gecko) GSA/434.2.961627397 Mobile/15E148 Safari/604.1"
2402:7500:49a:37d:68c6:83aa:7d28:66b3 - - [25/Aug/2026:07:26:24 +0800] "GET /wp-content/themes/oceanwp/assets/js/vendors/magnific-popup.min.js HTTP/1.1" 200 8270 "https://www.ltes.ilc.edu.tw/" "Mozilla/5.0 (iPhone; CPU iPhone OS 26_6_1 like Mac OS X) AppleWebKit/605.1.15 (KHTML, like Gecko) GSA/434.2.961627397 Mobile/15E148 Safari/604.1"
2402:7500:49a:37d:68c6:83aa:7d28:66b3 - - [25/Aug/2026:07:26:24 +0800] "GET /wp-content/themes/oceanwp/assets/js/ow-lightbox.min.js HTTP/1.1" 200 2321 "https://www.ltes.ilc.edu.tw/" "Mozilla/5.0 (iPhone; CPU iPhone OS 26_6_1 like Mac OS X) AppleWebKit/605.1.15 (KHTML, like Gecko) GSA/434.2.961627397 Mobile/15E148 Safari/604.1"
2402:7500:49a:37d:68c6:83aa:7d28:66b3 - - [25/Aug/2026:07:26:24 +0800] "GET /wp-content/themes/oceanwp/assets/js/vendors/flickity.pkgd.min.js HTTP/1.1" 200 15048 "https://www.ltes.ilc.edu.tw/" "Mozilla/5.0 (iPhone; CPU iPhone OS 26_6_1 like Mac OS X) AppleWebKit/605.1.15 (KHTML, like Gecko) GSA/434.2.961627397 Mobile/15E148 Safari/604.1"
2402:7500:49a:37d:68c6:83aa:7d28:66b3 - - [25/Aug/2026:07:26:24 +0800] "GET /wp-content/themes/oceanwp/assets/js/ow-slider.min.js HTTP/1.1" 200 1761 "https://www.ltes.ilc.edu.tw/" "Mozilla/5.0 (iPhone; CPU iPhone OS 26_6_1 like Mac OS X) AppleWebKit/605.1.15 (KHTML, like Gecko) GSA/434.2.961627397 Mobile/15E148 Safari/604.1"
2402:7500:49a:37d:68c6:83aa:7d28:66b3 - - [25/Aug/2026:07:26:24 +0800] "GET /wp-content/themes/oceanwp/assets/js/scroll-effect.min.js HTTP/1.1" 200 4127 "https://www.ltes.ilc.edu.tw/" "Mozilla/5.0 (iPhone; CPU iPhone OS 26_6_1 like Mac OS X) AppleWebKit/605.1.15 (KHTML, like Gecko) GSA/434.2.961627397 Mobile/15E148 Safari/604.1"
2402:7500:49a:37d:68c6:83aa:7d28:66b3 - - [25/Aug/2026:07:26:24 +0800] "GET /wp-content/themes/oceanwp/assets/js/scroll-top.min.js HTTP/1.1" 200 3202 "https://www.ltes.ilc.edu.tw/" "Mozilla/5.0 (iPhone; CPU iPhone OS 26_6_1 like Mac OS X) AppleWebKit/605.1.15 (KHTML, like Gecko) GSA/434.2.961627397 Mobile/15E148 Safari/604.1"
2402:7500:49a:37d:68c6:83aa:7d28:66b3 - - [25/Aug/2026:07:26:24 +0800] "GET /wp-content/themes/oceanwp/assets/js/select.min.js HTTP/1.1" 200 2408 "https://www.ltes.ilc.edu.tw/" "Mozilla/5.0 (iPhone; CPU iPhone OS 26_6_1 like Mac OS X) AppleWebKit/605.1.15 (KHTML, like Gecko) GSA/434.2.961627397 Mobile/15E148 Safari/604.1"
2402:7500:49a:37d:68c6:83aa:7d28:66b3 - - [25/Aug/2026:07:26:24 +0800] "GET /wp-content/plugins/ocean-extra/includes/widgets/js/flickr.min.js HTTP/1.1" 200 1319 "https://www.ltes.ilc.edu.tw/" "Mozilla/5.0 (iPhone; CPU iPhone OS 26_6_1 like Mac OS X) AppleWebKit/605.1.15 (KHTML, like Gecko) GSA/434.2.961627397 Mobile/15E148 Safari/604.1"
2402:7500:49a:37d:68c6:83aa:7d28:66b3 - - [25/Aug/2026:07:26:24 +0800] "GET /wp-content/plugins/ml-slider/assets/sliders/flexslider/jquery.flexslider.min.js HTTP/1.1" 200 7603 "https://www.ltes.ilc.edu.tw/" "Mozilla/5.0 (iPhone; CPU iPhone OS 26_6_1 like Mac OS X) AppleWebKit/605.1.15 (KHTML, like Gecko) GSA/434.2.961627397 Mobile/15E148 Safari/604.1"
2402:7500:49a:37d:68c6:83aa:7d28:66b3 - - [25/Aug/2026:07:26:24 +0800] "GET /wp-content/plugins/ml-slider/assets/metaslider/script.min.js HTTP/1.1" 200 1261 "https://www.ltes.ilc.edu.tw/" "Mozilla/5.0 (iPhone; CPU iPhone OS 26_6_1 like Mac OS X) AppleWebKit/605.1.15 (KHTML, like Gecko) GSA/434.2.961627397 Mobile/15E148 Safari/604.1"
2402:7500:49a:37d:68c6:83aa:7d28:66b3 - - [25/Aug/2026:07:26:24 +0800] "GET /wp-content/themes/oceanwp/assets/fonts/fontawesome/webfonts/fa-solid-900.woff2 HTTP/1.1" 200 151246 "https://www.ltes.ilc.edu.tw/" "Mozilla/5.0 (iPhone; CPU iPhone OS 26_6_1 like Mac OS X) AppleWebKit/605.1.15 (KHTML, like Gecko) GSA/434.2.961627397 Mobile/15E148 Safari/604.1"
2402:7500:49a:37d:68c6:83aa:7d28:66b3 - - [25/Aug/2026:07:26:24 +0800] "GET /wp-content/plugins/ml-slider/assets/easing/jQuery.easing.min.js HTTP/1.1" 200 2647 "https://www.ltes.ilc.edu.tw/" "Mozilla/5.0 (iPhone; CPU iPhone OS 26_6_1 like Mac OS X) AppleWebKit/605.1.15 (KHTML, like Gecko) GSA/434.2.961627397 Mobile/15E148 Safari/604.1"
2402:7500:49a:37d:68c6:83aa:7d28:66b3 - - [25/Aug/2026:07:26:24 +0800] "GET /wp-content/uploads/sites/1983/2024/05/TWO_8611_%E5%89%AF%E6%9C%AC.jpg HTTP/1.1" 200 197110 "https://www.ltes.ilc.edu.tw/" "Mozilla/5.0 (iPhone; CPU iPhone OS 26_6_1 like Mac OS X) AppleWebKit/605.1.15 (KHTML, like Gecko) GSA/434.2.961627397 Mobile/15E148 Safari/604.1"
2001:288:a224:1:c089:1aa:22c0:5ee4 - - [25/Aug/2026:07:26:24 +0800] "-" 408 4801 "-" "-"
2402:7500:49a:37d:68c6:83aa:7d28:66b3 - - [25/Aug/2026:07:26:24 +0800] "GET /wp-content/plugins/ml-slider/assets/metaslider/bg_direction_nav.png HTTP/1.1" 200 3454 "https://www.ltes.ilc.edu.tw/" "Mozilla/5.0 (iPhone; CPU iPhone OS 26_6_1 like Mac OS X) AppleWebKit/605.1.15 (KHTML, like Gecko) GSA/434.2.961627397 Mobile/15E148 Safari/604.1"
2001:288:a201::66:125 - - [25/Aug/2026:07:26:25 +0800] "GET /blog/active.php HTTP/1.1" 301 1026 "-" "-"
2001:288:a201::66:125 - - [25/Aug/2026:07:26:25 +0800] "GET /blog/active.php HTTP/1.1" 404 1084 "-" "-"
2402:7500:49a:37d:68c6:83aa:7d28:66b3 - - [25/Aug/2026:07:26:24 +0800] "GET /wp-content/uploads/sites/1983/2026/05/%E5%AE%9C%E8%98%AD%E7%B8%A3%E9%BE%8D%E6%BD%AD%E5%9C%8B%E5%B0%8F%E6%9A%91%E6%9C%9F%E8%8B%B1%E8%AA%9E%E7%87%9F%E6%B5%B7%E5%A0%B103-700x400.png HTTP/1.1" 200 477010 "https://www.ltes.ilc.edu.tw/" "Mozilla/5.0 (iPhone; CPU iPhone OS 26_6_1 like Mac OS X) AppleWebKit/605.1.15 (KHTML, like Gecko) GSA/434.2.961627397 Mobile/15E148 Safari/604.1"
2402:7500:49a:37d:68c6:83aa:7d28:66b3 - - [25/Aug/2026:07:26:24 +0800] "GET /wp-content/uploads/sites/1983/2026/03/%E8%8F%B8%E5%AE%B3%E5%AE%A3%E5%B0%8E05-700x400.png HTTP/1.1" 200 511996 "https://www.ltes.ilc.edu.tw/" "Mozilla/5.0 (iPhone; CPU iPhone OS 26_6_1 like Mac OS X) AppleWebKit/605.1.15 (KHTML, like Gecko) GSA/434.2.961627397 Mobile/15E148 Safari/604.1"
2402:7500:49a:37d:68c6:83aa:7d28:66b3 - - [25/Aug/2026:07:26:24 +0800] "GET /wp-content/uploads/sites/1983/2026/03/%E8%8F%B8%E5%AE%B3%E5%AE%A3%E5%B0%8E04-700x400.png HTTP/1.1" 200 505103 "https://www.ltes.ilc.edu.tw/" "Mozilla/5.0 (iPhone; CPU iPhone OS 26_6_1 like Mac OS X) AppleWebKit/605.1.15 (KHTML, like Gecko) GSA/434.2.961627397 Mobile/15E148 Safari/604.1"
140.111.67.10 - - [25/Aug/2026:07:26:26 +0800] "GET /" 301 273 "-" "-"
2402:7500:49a:37d:68c6:83aa:7d28:66b3 - - [25/Aug/2026:07:26:27 +0800] "GET /wp-content/uploads/sites/1983/2024/06/300x100-%E5%AE%9C%E8%98%AD%E7%B8%A3%E6%95%99%E5%AD%B8%E5%B9%B3%E5%8F%B0.png HTTP/1.1" 200 10357 "https://www.ltes.ilc.edu.tw/" "Mozilla/5.0 (iPhone; CPU iPhone OS 26_6_1 like Mac OS X) AppleWebKit/605.1.15 (KHTML, like Gecko) GSA/434.2.961627397 Mobile/15E148 Safari/604.1"
2402:7500:49a:37d:68c6:83aa:7d28:66b3 - - [25/Aug/2026:07:26:27 +0800] "GET /wp-content/uploads/sites/1983/2024/06/300x100-%E8%8B%B1%E8%AA%9E400%E5%96%AE.png HTTP/1.1" 200 9505 "https://www.ltes.ilc.edu.tw/" "Mozilla/5.0 (iPhone; CPU iPhone OS 26_6_1 like Mac OS X) AppleWebKit/605.1.15 (KHTML, like Gecko) GSA/434.2.961627397 Mobile/15E148 Safari/604.1"
2402:7500:49a:37d:68c6:83aa:7d28:66b3 - - [25/Aug/2026:07:26:27 +0800] "GET /wp-content/uploads/sites/1983/2024/06/300x100-%E5%93%A1%E5%B7%A5%E5%8D%94%E5%8A%A9%E6%96%B9%E6%A1%88.png HTTP/1.1" 200 9741 "https://www.ltes.ilc.edu.tw/" "Mozilla/5.0 (iPhone; CPU iPhone OS 26_6_1 like Mac OS X) AppleWebKit/605.1.15 (KHTML, like Gecko) GSA/434.2.961627397 Mobile/15E148 Safari/604.1"
2402:7500:49a:37d:68c6:83aa:7d28:66b3 - - [25/Aug/2026:07:26:27 +0800] "GET /wp-content/uploads/sites/1983/2026/01/1234-300-x-100-%E5%83%8F%E7%B4%A0.png HTTP/1.1" 200 9846 "https://www.ltes.ilc.edu.tw/" "Mozilla/5.0 (iPhone; CPU iPhone OS 26_6_1 like Mac OS X) AppleWebKit/605.1.15 (KHTML, like Gecko) GSA/434.2.961627397 Mobile/15E148 Safari/604.1"
2402:7500:49a:37d:68c6:83aa:7d28:66b3 - - [25/Aug/2026:07:26:28 +0800] "GET /wp-content/uploads/sites/1983/2024/08/%E7%8F%AD%E7%B4%9A%E6%95%99%E5%AD%B8%E9%80%B2%E5%BA%A6%E8%88%87%E8%A9%95%E9%87%8F%E8%A6%8F%E5%8A%83%E5%B9%B3%E5%8F%B0300-x-100-%E5%83%8F%E7%B4%A0.png HTTP/1.1" 200 21023 "https://www.ltes.ilc.edu.tw/" "Mozilla/5.0 (iPhone; CPU iPhone OS 26_6_1 like Mac OS X) AppleWebKit/605.1.15 (KHTML, like Gecko) GSA/434.2.961627397 Mobile/15E148 Safari/604.1"
2402:7500:49a:37d:68c6:83aa:7d28:66b3 - - [25/Aug/2026:07:26:28 +0800] "GET /wp-content/uploads/sites/1983/2025/11/%E5%B0%8F%E7%B4%85%E6%9B%B8%E5%B0%88%E5%8D%80-300-x-100-%E5%83%8F%E7%B4%A0.png HTTP/1.1" 200 30726 "https://www.ltes.ilc.edu.tw/" "Mozilla/5.0 (iPhone; CPU iPhone OS 26_6_1 like Mac OS X) AppleWebKit/605.1.15 (KHTML, like Gecko) GSA/434.2.961627397 Mobile/15E148 Safari/604.1"
2402:7500:49a:37d:68c6:83aa:7d28:66b3 - - [25/Aug/2026:07:26:28 +0800] "GET /wp-content/uploads/sites/1983/2026/03/%E4%B8%BB%E8%A8%880324.2-700x400.png HTTP/1.1" 200 549442 "https://www.ltes.ilc.edu.tw/" "Mozilla/5.0 (iPhone; CPU iPhone OS 26_6_1 like Mac OS X) AppleWebKit/605.1.15 (KHTML, like Gecko) GSA/434.2.961627397 Mobile/15E148 Safari/604.1"
2001:288:a201::66:125 - - [25/Aug/2026:07:26:30 +0800] "GET /blog/active.php HTTP/1.1" 301 1026 "-" "-"
2001:288:a201::66:125 - - [25/Aug/2026:07:26:30 +0800] "GET /blog/active.php HTTP/1.1" 404 1084 "-" "-"
140.111.67.10 - - [25/Aug/2026:07:26:31 +0800] "GET /" 301 273 "-" "-"
2402:7500:49a:37d:68c6:83aa:7d28:66b3 - - [25/Aug/2026:07:26:31 +0800] "GET /wp-content/uploads/sites/1983/2026/05/%E5%8F%8D%E6%AF%92%E6%A9%AB%E5%BC%8F-700x400.png HTTP/1.1" 200 470457 "https://www.ltes.ilc.edu.tw/" "Mozilla/5.0 (iPhone; CPU iPhone OS 26_6_1 like Mac OS X) AppleWebKit/605.1.15 (KHTML, like Gecko) GSA/434.2.961627397 Mobile/15E148 Safari/604.1"
2401:e180:8dd0:2e58:6211:3776:3295:1e0e - - [25/Aug/2026:07:26:32 +0800] "-" 408 339 "-" "-"
2401:e180:8dd0:2e58:6211:3776:3295:1e0e - - [25/Aug/2026:07:26:32 +0800] "-" 408 339 "-" "-"
2402:7500:49a:37d:68c6:83aa:7d28:66b3 - - [25/Aug/2026:07:26:34 +0800] "GET /wp-content/uploads/sites/1983/2026/05/%E5%8F%8D%E6%AF%92%E6%A9%AB%E5%BC%8F02-700x400.png HTTP/1.1" 200 467586 "https://www.ltes.ilc.edu.tw/" "Mozilla/5.0 (iPhone; CPU iPhone OS 26_6_1 like Mac OS X) AppleWebKit/605.1.15 (KHTML, like Gecko) GSA/434.2.961627397 Mobile/15E148 Safari/604.1"
2001:288:a201::66:125 - - [25/Aug/2026:07:26:35 +0800] "GET /blog/active.php HTTP/1.1" 404 1084 "-" "-"
2001:288:a201::66:125 - - [25/Aug/2026:07:26:35 +0800] "GET /blog/active.php HTTP/1.1" 301 1026 "-" "-"
::1 - - [25/Aug/2026:07:26:35 +0800] "OPTIONS * HTTP/1.0" 200 110 "-" "Apache/2.4.68 (Ubuntu) OpenSSL/3.0.19 (internal dummy connection)"
::1 - - [25/Aug/2026:07:26:36 +0800] "OPTIONS * HTTP/1.0" 200 110 "-" "Apache/2.4.68 (Ubuntu) OpenSSL/3.0.19 (internal dummy connection)"
140.111.67.10 - - [25/Aug/2026:07:26:37 +0800] "GET /" 301 273 "-" "-"
2402:7500:49a:37d:68c6:83aa:7d28:66b3 - - [25/Aug/2026:07:26:37 +0800] "GET /wp-content/uploads/sites/1983/2026/05/%E9%BE%8D%E6%BD%AD%E5%9C%8B%E5%B0%8F%E6%9A%A8%E5%B9%BC%E5%85%92%E5%9C%92%E7%95%A2%E6%A5%AD%E5%85%B8%E7%A6%AE03-700x400.png HTTP/1.1" 200 494030 "https://www.ltes.ilc.edu.tw/" "Mozilla/5.0 (iPhone; CPU iPhone OS 26_6_1 like Mac OS X) AppleWebKit/605.1.15 (KHTML, like Gecko) GSA/434.2.961627397 Mobile/15E148 Safari/604.1"
2001:288:a201::66:125 - - [25/Aug/2026:07:26:40 +0800] "GET /blog/active.php HTTP/1.1" 404 1084 "-" "-"
2001:288:a201::66:125 - - [25/Aug/2026:07:26:40 +0800] "GET /blog/active.php HTTP/1.1" 301 1026 "-" "-"
140.111.67.10 - - [25/Aug/2026:07:26:42 +0800] "GET /" 301 273 "-" "-"
2001:288:a201::66:125 - - [25/Aug/2026:07:26:45 +0800] "GET /blog/active.php HTTP/1.1" 404 1084 "-" "-"
2001:288:a201::66:125 - - [25/Aug/2026:07:26:45 +0800] "GET /blog/active.php HTTP/1.1" 301 1026 "-" "-"
140.111.67.10 - - [25/Aug/2026:07:26:47 +0800] "GET /" 301 273 "-" "-"
2001:288:a224:1:7100:9452:5791:b3bf - - [25/Aug/2026:07:26:48 +0800] "-" 408 4791 "-" "-"
2402:7500:49a:37d:68c6:83aa:7d28:66b3 - - [25/Aug/2026:07:26:48 +0800] "GET /wp-content/themes/oceanwp/assets/fonts/simple-line-icons/Simple-Line-Icons.woff2?v=2.4.0 HTTP/1.1" 200 35761 "https://www.ltes.ilc.edu.tw/" "Mozilla/5.0 (iPhone; CPU iPhone OS 26_6_1 like Mac OS X) AppleWebKit/605.1.15 (KHTML, like Gecko) GSA/434.2.961627397 Mobile/15E148 Safari/604.1"
2001:4860:7:510::f3 - - [25/Aug/2026:07:26:50 +0800] "GET /2226/archives/3021 HTTP/1.1" 200 17321 "https://www.google.com/" "Mozilla/5.0 (Linux; Android 10; K) AppleWebKit/537.36 (KHTML, like Gecko) Chrome/151.0.0.0 Mobile Safari/537.36"
2001:288:a201::66:125 - - [25/Aug/2026:07:26:50 +0800] "GET /blog/active.php HTTP/1.1" 404 1084 "-" "-"
2001:288:a201::66:125 - - [25/Aug/2026:07:26:50 +0800] "GET /blog/active.php HTTP/1.1" 301 1026 "-" "-"
140.111.67.10 - - [25/Aug/2026:07:26:52 +0800] "GET /" 301 273 "-" "-"
2a03:2880:f802:9:: - - [25/Aug/2026:07:26:51 +0800] "GET /wp-login.php?key=tugg9381&_wpnonce=&action=ilc_logout&redirect_to=https%3A%2F%2Fmushroom.joynetgame.com HTTP/1.1" 302 8260 "-" "Mozilla/5.0 (Windows NT 10.0; Win64; x64) AppleWebKit/537.36 (KHTML, like Gecko) Chrome/145.0.0.0 Safari/537.36 (compatible; meta-externalagent/1.1 (+https://developers.facebook.com/docs/sharing/webmasters/crawler))"
2a03:2880:f802:2d:: - - [25/Aug/2026:07:26:52 +0800] "GET /wp-login.php?key=joq3t374&_wpnonce=&action=ilc_logout&redirect_to=https%3A%2F%2Fwww.aayyy.com HTTP/1.1" 302 8250 "-" "Mozilla/5.0 (Windows NT 10.0; Win64; x64) AppleWebKit/537.36 (KHTML, like Gecko) Chrome/145.0.0.0 Safari/537.36 (compatible; meta-externalagent/1.1 (+https://developers.facebook.com/docs/sharing/webmasters/crawler))"
::1 - - [25/Aug/2026:07:26:54 +0800] "OPTIONS * HTTP/1.0" 200 110 "-" "Apache/2.4.68 (Ubuntu) OpenSSL/3.0.19 (internal dummy connection)"
2001:288:a201::66:125 - - [25/Aug/2026:07:26:55 +0800] "GET /blog/active.php HTTP/1.1" 404 1084 "-" "-"
2001:288:a201::66:125 - - [25/Aug/2026:07:26:55 +0800] "GET /blog/active.php HTTP/1.1" 301 1026 "-" "-"
140.111.67.10 - - [25/Aug/2026:07:26:57 +0800] "GET /" 301 273 "-" "-"
2402:7500:49a:37d:68c6:83aa:7d28:66b3 - - [25/Aug/2026:07:27:00 +0800] "GET /2018/06/26/%e6%ad%b7%e4%bb%bb%e6%a0%a1%e9%95%b7/ HTTP/1.1" 200 22426 "https://www.ltes.ilc.edu.tw/" "Mozilla/5.0 (iPhone; CPU iPhone OS 26_6_1 like Mac OS X) AppleWebKit/605.1.15 (KHTML, like Gecko) GSA/434.2.961627397 Mobile/15E148 Safari/604.1"
2402:7500:49a:37d:68c6:83aa:7d28:66b3 - - [25/Aug/2026:07:27:00 +0800] "GET /wp-content/cache/www.ltes.ilc.edu.tw/wpfc-minified/8xtsiq89/6w65.css HTTP/1.1" 200 20579 "https://www.ltes.ilc.edu.tw/2018/06/26/%e6%ad%b7%e4%bb%bb%e6%a0%a1%e9%95%b7/" "Mozilla/5.0 (iPhone; CPU iPhone OS 26_6_1 like Mac OS X) AppleWebKit/605.1.15 (KHTML, like Gecko) GSA/434.2.961627397 Mobile/15E148 Safari/604.1"
2001:288:a201::66:125 - - [25/Aug/2026:07:27:00 +0800] "GET /blog/active.php HTTP/1.1" 404 1084 "-" "-"
2001:288:a201::66:125 - - [25/Aug/2026:07:27:00 +0800] "GET /blog/active.php HTTP/1.1" 301 1026 "-" "-"
2402:7500:49a:37d:68c6:83aa:7d28:66b3 - - [25/Aug/2026:07:27:00 +0800] "GET /wp-content/cache/www.ltes.ilc.edu.tw/wpfc-minified/2rj3ecjb/6w65.css HTTP/1.1" 200 66104 "https://www.ltes.ilc.edu.tw/2018/06/26/%e6%ad%b7%e4%bb%bb%e6%a0%a1%e9%95%b7/" "Mozilla/5.0 (iPhone; CPU iPhone OS 26_6_1 like Mac OS X) AppleWebKit/605.1.15 (KHTML, like Gecko) GSA/434.2.961627397 Mobile/15E148 Safari/604.1"
2402:7500:49a:37d:68c6:83aa:7d28:66b3 - - [25/Aug/2026:07:27:00 +0800] "GET /wp-content/cache/www.ltes.ilc.edu.tw/wpfc-minified/fokbtyh8/6w65.js HTTP/1.1" 200 6440 "https://www.ltes.ilc.edu.tw/2018/06/26/%e6%ad%b7%e4%bb%bb%e6%a0%a1%e9%95%b7/" "Mozilla/5.0 (iPhone; CPU iPhone OS 26_6_1 like Mac OS X) AppleWebKit/605.1.15 (KHTML, like Gecko) GSA/434.2.961627397 Mobile/15E148 Safari/604.1"
2402:7500:49a:37d:68c6:83aa:7d28:66b3 - - [25/Aug/2026:07:27:00 +0800] "GET /wp-content/uploads/sites/1983/886/previews/886-4078402.jpg HTTP/1.1" 200 27873 "https://www.ltes.ilc.edu.tw/2018/06/26/%e6%ad%b7%e4%bb%bb%e6%a0%a1%e9%95%b7/" "Mozilla/5.0 (iPhone; CPU iPhone OS 26_6_1 like Mac OS X) AppleWebKit/605.1.15 (KHTML, like Gecko) GSA/434.2.961627397 Mobile/15E148 Safari/604.1"
2402:7500:49a:37d:68c6:83aa:7d28:66b3 - - [25/Aug/2026:07:27:00 +0800] "GET /wp-content/uploads/sites/1983/2018/06/DSC01915_%E5%89%AF%E6%9C%AC-150x150.jpg HTTP/1.1" 200 41032 "https://www.ltes.ilc.edu.tw/2018/06/26/%e6%ad%b7%e4%bb%bb%e6%a0%a1%e9%95%b7/" "Mozilla/5.0 (iPhone; CPU iPhone OS 26_6_1 like Mac OS X) AppleWebKit/605.1.15 (KHTML, like Gecko) GSA/434.2.961627397 Mobile/15E148 Safari/604.1"
2402:7500:49a:37d:68c6:83aa:7d28:66b3 - - [25/Aug/2026:07:27:00 +0800] "GET /wp-content/uploads/sites/1983/886/previews/886-4078399.jpg HTTP/1.1" 200 22780 "https://www.ltes.ilc.edu.tw/2018/06/26/%e6%ad%b7%e4%bb%bb%e6%a0%a1%e9%95%b7/" "Mozilla/5.0 (iPhone; CPU iPhone OS 26_6_1 like Mac OS X) AppleWebKit/605.1.15 (KHTML, like Gecko) GSA/434.2.961627397 Mobile/15E148 Safari/604.1"
2402:7500:49a:37d:68c6:83aa:7d28:66b3 - - [25/Aug/2026:07:27:00 +0800] "GET /wp-content/uploads/sites/1983/886/previews/886-4078403.jpg HTTP/1.1" 200 28132 "https://www.ltes.ilc.edu.tw/2018/06/26/%e6%ad%b7%e4%bb%bb%e6%a0%a1%e9%95%b7/" "Mozilla/5.0 (iPhone; CPU iPhone OS 26_6_1 like Mac OS X) AppleWebKit/605.1.15 (KHTML, like Gecko) GSA/434.2.961627397 Mobile/15E148 Safari/604.1"
2402:7500:49a:37d:68c6:83aa:7d28:66b3 - - [25/Aug/2026:07:27:01 +0800] "POST /wp-json/ilc-summary/v1/popular-posts HTTP/1.1" 201 1399 "https://www.ltes.ilc.edu.tw/2018/06/26/%e6%ad%b7%e4%bb%bb%e6%a0%a1%e9%95%b7/" "Mozilla/5.0 (iPhone; CPU iPhone OS 26_6_1 like Mac OS X) AppleWebKit/605.1.15 (KHTML, like Gecko) GSA/434.2.961627397 Mobile/15E148 Safari/604.1"
2402:7500:49a:37d:68c6:83aa:7d28:66b3 - - [25/Aug/2026:07:27:01 +0800] "GET /wp-content/uploads/sites/1983/886/previews/886-4078400.jpg HTTP/1.1" 200 27124 "https://www.ltes.ilc.edu.tw/2018/06/26/%e6%ad%b7%e4%bb%bb%e6%a0%a1%e9%95%b7/" "Mozilla/5.0 (iPhone; CPU iPhone OS 26_6_1 like Mac OS X) AppleWebKit/605.1.15 (KHTML, like Gecko) GSA/434.2.961627397 Mobile/15E148 Safari/604.1"
2402:7500:49a:37d:68c6:83aa:7d28:66b3 - - [25/Aug/2026:07:27:01 +0800] "GET /wp-content/uploads/sites/1983/886/previews/886-694240.jpg HTTP/1.1" 200 31462 "https://www.ltes.ilc.edu.tw/2018/06/26/%e6%ad%b7%e4%bb%bb%e6%a0%a1%e9%95%b7/" "Mozilla/5.0 (iPhone; CPU iPhone OS 26_6_1 like Mac OS X) AppleWebKit/605.1.15 (KHTML, like Gecko) GSA/434.2.961627397 Mobile/15E148 Safari/604.1"
2402:7500:49a:37d:68c6:83aa:7d28:66b3 - - [25/Aug/2026:07:27:01 +0800] "GET /wp-content/uploads/sites/1983/886/previews/886-4078398.jpg HTTP/1.1" 200 27460 "https://www.ltes.ilc.edu.tw/2018/06/26/%e6%ad%b7%e4%bb%bb%e6%a0%a1%e9%95%b7/" "Mozilla/5.0 (iPhone; CPU iPhone OS 26_6_1 like Mac OS X) AppleWebKit/605.1.15 (KHTML, like Gecko) GSA/434.2.961627397 Mobile/15E148 Safari/604.1"
2402:7500:49a:37d:68c6:83aa:7d28:66b3 - - [25/Aug/2026:07:27:01 +0800] "GET /wp-content/uploads/sites/1983/886/previews/886-4078405.jpg HTTP/1.1" 200 25424 "https://www.ltes.ilc.edu.tw/2018/06/26/%e6%ad%b7%e4%bb%bb%e6%a0%a1%e9%95%b7/" "Mozilla/5.0 (iPhone; CPU iPhone OS 26_6_1 like Mac OS X) AppleWebKit/605.1.15 (KHTML, like Gecko) GSA/434.2.961627397 Mobile/15E148 Safari/604.1"
140.111.67.10 - - [25/Aug/2026:07:27:02 +0800] "GET /" 301 273 "-" "-"
::1 - - [25/Aug/2026:07:27:02 +0800] "OPTIONS * HTTP/1.0" 200 110 "-" "Apache/2.4.68 (Ubuntu) OpenSSL/3.0.19 (internal dummy connection)"
2001:288:a221:1:84c4:4348:328b:66f8 - - [25/Aug/2026:07:27:03 +0800] "GET / HTTP/1.1" 200 21196 "https://www.google.com/" "Mozilla/5.0 (Windows NT 10.0; Win64; x64) AppleWebKit/537.36 (KHTML, like Gecko) Chrome/151.0.0.0 Safari/537.36"
2001:288:a221:1:84c4:4348:328b:66f8 - - [25/Aug/2026:07:27:03 +0800] "GET /wp-content/cache/www.ltes.ilc.edu.tw/wpfc-minified/fhmlibu1/6w60.css HTTP/1.1" 200 40884 "https://www.ltes.ilc.edu.tw/" "Mozilla/5.0 (Windows NT 10.0; Win64; x64) AppleWebKit/537.36 (KHTML, like Gecko) Chrome/151.0.0.0 Safari/537.36"
2001:288:a221:1:84c4:4348:328b:66f8 - - [25/Aug/2026:07:27:03 +0800] "GET /wp-content/cache/www.ltes.ilc.edu.tw/wpfc-minified/7cak74k2/6w60.css HTTP/1.1" 200 1496 "https://www.ltes.ilc.edu.tw/" "Mozilla/5.0 (Windows NT 10.0; Win64; x64) AppleWebKit/537.36 (KHTML, like Gecko) Chrome/151.0.0.0 Safari/537.36"
2001:288:a221:1:84c4:4348:328b:66f8 - - [25/Aug/2026:07:27:03 +0800] "GET /wp-content/uploads/sites/1983/elementor/css/post-1908.css HTTP/1.1" 200 6041 "https://www.ltes.ilc.edu.tw/" "Mozilla/5.0 (Windows NT 10.0; Win64; x64) AppleWebKit/537.36 (KHTML, like Gecko) Chrome/151.0.0.0 Safari/537.36"
2001:288:a221:1:84c4:4348:328b:66f8 - - [25/Aug/2026:07:27:03 +0800] "GET /wp-content/cache/www.ltes.ilc.edu.tw/wpfc-minified/fsoeykdl/6w60.css HTTP/1.1" 200 8508 "https://www.ltes.ilc.edu.tw/" "Mozilla/5.0 (Windows NT 10.0; Win64; x64) AppleWebKit/537.36 (KHTML, like Gecko) Chrome/151.0.0.0 Safari/537.36"
2001:288:a221:1:84c4:4348:328b:66f8 - - [25/Aug/2026:07:27:03 +0800] "GET /wp-content/cache/www.ltes.ilc.edu.tw/wpfc-minified/e59oocir/6w60.js HTTP/1.1" 200 40359 "https://www.ltes.ilc.edu.tw/" "Mozilla/5.0 (Windows NT 10.0; Win64; x64) AppleWebKit/537.36 (KHTML, like Gecko) Chrome/151.0.0.0 Safari/537.36"
2001:288:a221:1:84c4:4348:328b:66f8 - - [25/Aug/2026:07:27:03 +0800] "GET /wp-content/uploads/sites/1983/2026/03/648290433_1480268493886085_2973398921430553808_n_0-700x400.jpg HTTP/1.1" 200 81899 "https://www.ltes.ilc.edu.tw/" "Mozilla/5.0 (Windows NT 10.0; Win64; x64) AppleWebKit/537.36 (KHTML, like Gecko) Chrome/151.0.0.0 Safari/537.36"
2001:288:a221:1:84c4:4348:328b:66f8 - - [25/Aug/2026:07:27:03 +0800] "GET /wp-content/cache/www.ltes.ilc.edu.tw/wpfc-minified/cmccqct/6w60.css HTTP/1.1" 200 87750 "https://www.ltes.ilc.edu.tw/" "Mozilla/5.0 (Windows NT 10.0; Win64; x64) AppleWebKit/537.36 (KHTML, like Gecko) Chrome/151.0.0.0 Safari/537.36"
