2001:288:a201::66:125 - - [25/Aug/2026:07:37:30 +0800] "GET /blog/active.php HTTP/1.1" 404 1084 "-" "-"
::1 - - [25/Aug/2026:07:37:31 +0800] "OPTIONS * HTTP/1.0" 200 110 "-" "Apache/2.4.68 (Ubuntu) OpenSSL/3.0.19 (internal dummy connection)"
140.111.67.10 - - [25/Aug/2026:07:37:31 +0800] "GET /" 301 273 "-" "-"
::1 - - [25/Aug/2026:07:37:32 +0800] "OPTIONS * HTTP/1.0" 200 110 "-" "Apache/2.4.68 (Ubuntu) OpenSSL/3.0.19 (internal dummy connection)"
::1 - - [25/Aug/2026:07:37:33 +0800] "OPTIONS * HTTP/1.0" 200 110 "-" "Apache/2.4.68 (Ubuntu) OpenSSL/3.0.19 (internal dummy connection)"
::1 - - [25/Aug/2026:07:37:34 +0800] "OPTIONS * HTTP/1.0" 200 110 "-" "Apache/2.4.68 (Ubuntu) OpenSSL/3.0.19 (internal dummy connection)"
120.101.211.196 - - [25/Aug/2026:07:37:35 +0800] "GET / HTTP/1.1" 200 25122 "-" "Mozilla/5.0 (Windows NT 10.0; Win64; x64) AppleWebKit/537.36 (KHTML, like Gecko) Chrome/151.0.0.0 Safari/537.36"
120.101.211.196 - - [25/Aug/2026:07:37:35 +0800] "GET /wp-content/cache/www.tkjh.ilc.edu.tw/wpfc-minified/mbw4bt68/6vyr.css HTTP/1.1" 200 5960 "https://www.tkjh.ilc.edu.tw/" "Mozilla/5.0 (Windows NT 10.0; Win64; x64) AppleWebKit/537.36 (KHTML, like Gecko) Chrome/151.0.0.0 Safari/537.36"
120.101.211.196 - - [25/Aug/2026:07:37:35 +0800] "GET /wp-content/cache/www.tkjh.ilc.edu.tw/wpfc-minified/lxbefab0/6vyr.css HTTP/1.1" 200 40884 "https://www.tkjh.ilc.edu.tw/" "Mozilla/5.0 (Windows NT 10.0; Win64; x64) AppleWebKit/537.36 (KHTML, like Gecko) Chrome/151.0.0.0 Safari/537.36"
120.101.211.196 - - [25/Aug/2026:07:37:35 +0800] "GET /wp-content/cache/www.tkjh.ilc.edu.tw/wpfc-minified/e5cup82p/6vyr.css HTTP/1.1" 200 18539 "https://www.tkjh.ilc.edu.tw/" "Mozilla/5.0 (Windows NT 10.0; Win64; x64) AppleWebKit/537.36 (KHTML, like Gecko) Chrome/151.0.0.0 Safari/537.36"
120.101.211.196 - - [25/Aug/2026:07:37:35 +0800] "GET /wp-content/cache/www.tkjh.ilc.edu.tw/wpfc-minified/8wjksvk0/6vyr.css HTTP/1.1" 200 45293 "https://www.tkjh.ilc.edu.tw/" "Mozilla/5.0 (Windows NT 10.0; Win64; x64) AppleWebKit/537.36 (KHTML, like Gecko) Chrome/151.0.0.0 Safari/537.36"
120.101.211.196 - - [25/Aug/2026:07:37:35 +0800] "GET /wp-content/uploads/sites/888/elementor/css/post-552.css HTTP/1.1" 200 1268 "https://www.tkjh.ilc.edu.tw/" "Mozilla/5.0 (Windows NT 10.0; Win64; x64) AppleWebKit/537.36 (KHTML, like Gecko) Chrome/151.0.0.0 Safari/537.36"
120.101.211.196 - - [25/Aug/2026:07:37:35 +0800] "GET /wp-content/uploads/sites/888/elementor/css/post-64.css HTTP/1.1" 200 6493 "https://www.tkjh.ilc.edu.tw/" "Mozilla/5.0 (Windows NT 10.0; Win64; x64) AppleWebKit/537.36 (KHTML, like Gecko) Chrome/151.0.0.0 Safari/537.36"
120.101.211.196 - - [25/Aug/2026:07:37:35 +0800] "GET /wp-content/cache/www.tkjh.ilc.edu.tw/wpfc-minified/k24nck6h/6vyr.js HTTP/1.1" 200 40362 "https://www.tkjh.ilc.edu.tw/" "Mozilla/5.0 (Windows NT 10.0; Win64; x64) AppleWebKit/537.36 (KHTML, like Gecko) Chrome/151.0.0.0 Safari/537.36"
120.101.211.196 - - [25/Aug/2026:07:37:35 +0800] "GET /wp-content/cache/www.tkjh.ilc.edu.tw/wpfc-minified/2dakbp7l/6vyr.css HTTP/1.1" 200 59372 "https://www.tkjh.ilc.edu.tw/" "Mozilla/5.0 (Windows NT 10.0; Win64; x64) AppleWebKit/537.36 (KHTML, like Gecko) Chrome/151.0.0.0 Safari/537.36"
120.101.211.196 - - [25/Aug/2026:07:37:35 +0800] "GET /wp-content/uploads/sites/888/2019/07/108.7.30-banner.jpg HTTP/1.1" 200 478174 "https://www.tkjh.ilc.edu.tw/" "Mozilla/5.0 (Windows NT 10.0; Win64; x64) AppleWebKit/537.36 (KHTML, like Gecko) Chrome/151.0.0.0 Safari/537.36"
120.101.211.196 - - [25/Aug/2026:07:37:35 +0800] "GET /wp-content/uploads/sites/888/2023/03/1111104-60-LOGO.jpg HTTP/1.1" 200 153512 "https://www.tkjh.ilc.edu.tw/" "Mozilla/5.0 (Windows NT 10.0; Win64; x64) AppleWebKit/537.36 (KHTML, like Gecko) Chrome/151.0.0.0 Safari/537.36"
120.101.211.196 - - [25/Aug/2026:07:37:35 +0800] "GET /wp-content/uploads/sites/888/2026/01/%E5%AE%9C%E8%98%AD%E5%8D%80%E6%A9%9F%E9%97%9C%E7%8E%8B%E5%A4%A7%E8%B3%BD.png HTTP/1.1" 200 415506 "https://www.tkjh.ilc.edu.tw/" "Mozilla/5.0 (Windows NT 10.0; Win64; x64) AppleWebKit/537.36 (KHTML, like Gecko) Chrome/151.0.0.0 Safari/537.36"
120.101.211.196 - - [25/Aug/2026:07:37:35 +0800] "GET /wp-content/cache/www.tkjh.ilc.edu.tw/wpfc-minified/6wws96go/6vyr.css HTTP/1.1" 200 3465 "https://www.tkjh.ilc.edu.tw/" "Mozilla/5.0 (Windows NT 10.0; Win64; x64) AppleWebKit/537.36 (KHTML, like Gecko) Chrome/151.0.0.0 Safari/537.36"
120.101.211.196 - - [25/Aug/2026:07:37:35 +0800] "GET /wp-content/uploads/sites/888/elementor/css/post-441.css HTTP/1.1" 200 1085 "https://www.tkjh.ilc.edu.tw/" "Mozilla/5.0 (Windows NT 10.0; Win64; x64) AppleWebKit/537.36 (KHTML, like Gecko) Chrome/151.0.0.0 Safari/537.36"
120.101.211.196 - - [25/Aug/2026:07:37:35 +0800] "GET /wp-includes/js/hoverintent-js.min.js HTTP/1.1" 200 1597 "https://www.tkjh.ilc.edu.tw/" "Mozilla/5.0 (Windows NT 10.0; Win64; x64) AppleWebKit/537.36 (KHTML, like Gecko) Chrome/151.0.0.0 Safari/537.36"
120.101.211.196 - - [25/Aug/2026:07:37:35 +0800] "GET /wp-includes/js/admin-bar.min.js HTTP/1.1" 200 2237 "https://www.tkjh.ilc.edu.tw/" "Mozilla/5.0 (Windows NT 10.0; Win64; x64) AppleWebKit/537.36 (KHTML, like Gecko) Chrome/151.0.0.0 Safari/537.36"
120.101.211.196 - - [25/Aug/2026:07:37:35 +0800] "GET /wp-includes/js/underscore.min.js HTTP/1.1" 200 8191 "https://www.tkjh.ilc.edu.tw/" "Mozilla/5.0 (Windows NT 10.0; Win64; x64) AppleWebKit/537.36 (KHTML, like Gecko) Chrome/151.0.0.0 Safari/537.36"
120.101.211.196 - - [25/Aug/2026:07:37:35 +0800] "GET /wp-content/plugins/elementor-pro/assets/js/webpack-pro.runtime.min.js HTTP/1.1" 200 3562 "https://www.tkjh.ilc.edu.tw/" "Mozilla/5.0 (Windows NT 10.0; Win64; x64) AppleWebKit/537.36 (KHTML, like Gecko) Chrome/151.0.0.0 Safari/537.36"
120.101.211.196 - - [25/Aug/2026:07:37:35 +0800] "GET /wp-includes/js/imagesloaded.min.js HTTP/1.1" 200 2683 "https://www.tkjh.ilc.edu.tw/" "Mozilla/5.0 (Windows NT 10.0; Win64; x64) AppleWebKit/537.36 (KHTML, like Gecko) Chrome/151.0.0.0 Safari/537.36"
120.101.211.196 - - [25/Aug/2026:07:37:35 +0800] "GET /wp-content/plugins/elementor/assets/js/webpack.runtime.min.js HTTP/1.1" 200 3095 "https://www.tkjh.ilc.edu.tw/" "Mozilla/5.0 (Windows NT 10.0; Win64; x64) AppleWebKit/537.36 (KHTML, like Gecko) Chrome/151.0.0.0 Safari/537.36"
120.101.211.196 - - [25/Aug/2026:07:37:35 +0800] "GET /wp-includes/js/dist/hooks.min.js HTTP/1.1" 200 2421 "https://www.tkjh.ilc.edu.tw/" "Mozilla/5.0 (Windows NT 10.0; Win64; x64) AppleWebKit/537.36 (KHTML, like Gecko) Chrome/151.0.0.0 Safari/537.36"
120.101.211.196 - - [25/Aug/2026:07:37:35 +0800] "GET /wp-content/themes/huemanilc/assets/front/js/scripts.min.js HTTP/1.1" 200 27001 "https://www.tkjh.ilc.edu.tw/" "Mozilla/5.0 (Windows NT 10.0; Win64; x64) AppleWebKit/537.36 (KHTML, like Gecko) Chrome/151.0.0.0 Safari/537.36"
120.101.211.196 - - [25/Aug/2026:07:37:35 +0800] "GET /wp-content/plugins/elementor/assets/js/frontend-modules.min.js HTTP/1.1" 200 19416 "https://www.tkjh.ilc.edu.tw/" "Mozilla/5.0 (Windows NT 10.0; Win64; x64) AppleWebKit/537.36 (KHTML, like Gecko) Chrome/151.0.0.0 Safari/537.36"
120.101.211.196 - - [25/Aug/2026:07:37:35 +0800] "GET /wp-includes/js/dist/i18n.min.js HTTP/1.1" 200 4547 "https://www.tkjh.ilc.edu.tw/" "Mozilla/5.0 (Windows NT 10.0; Win64; x64) AppleWebKit/537.36 (KHTML, like Gecko) Chrome/151.0.0.0 Safari/537.36"
120.101.211.196 - - [25/Aug/2026:07:37:35 +0800] "GET /wp-content/plugins/elementor/assets/lib/waypoints/waypoints.min.js HTTP/1.1" 200 3873 "https://www.tkjh.ilc.edu.tw/" "Mozilla/5.0 (Windows NT 10.0; Win64; x64) AppleWebKit/537.36 (KHTML, like Gecko) Chrome/151.0.0.0 Safari/537.36"
120.101.211.196 - - [25/Aug/2026:07:37:35 +0800] "GET /wp-content/plugins/elementor-pro/assets/js/frontend.min.js HTTP/1.1" 200 7574 "https://www.tkjh.ilc.edu.tw/" "Mozilla/5.0 (Windows NT 10.0; Win64; x64) AppleWebKit/537.36 (KHTML, like Gecko) Chrome/151.0.0.0 Safari/537.36"
120.101.211.196 - - [25/Aug/2026:07:37:35 +0800] "GET /wp-includes/js/jquery/ui/core.min.js HTTP/1.1" 200 7986 "https://www.tkjh.ilc.edu.tw/" "Mozilla/5.0 (Windows NT 10.0; Win64; x64) AppleWebKit/537.36 (KHTML, like Gecko) Chrome/151.0.0.0 Safari/537.36"
120.101.211.196 - - [25/Aug/2026:07:37:35 +0800] "GET /wp-content/plugins/elementor/assets/js/frontend.min.js HTTP/1.1" 200 13169 "https://www.tkjh.ilc.edu.tw/" "Mozilla/5.0 (Windows NT 10.0; Win64; x64) AppleWebKit/537.36 (KHTML, like Gecko) Chrome/151.0.0.0 Safari/537.36"
120.101.211.196 - - [25/Aug/2026:07:37:35 +0800] "GET /wp-content/plugins/elementor-pro/assets/js/elements-handlers.min.js HTTP/1.1" 200 10882 "https://www.tkjh.ilc.edu.tw/" "Mozilla/5.0 (Windows NT 10.0; Win64; x64) AppleWebKit/537.36 (KHTML, like Gecko) Chrome/151.0.0.0 Safari/537.36"
2001:288:a201::66:125 - - [25/Aug/2026:07:37:35 +0800] "GET /blog/active.php HTTP/1.1" 301 1026 "-" "-"
120.101.211.196 - - [25/Aug/2026:07:37:35 +0800] "GET /wp-content/uploads/sites/888/2026/05/114%E9%96%B1%E8%AE%80%E7%8D%8E.png HTTP/1.1" 200 1601192 "https://www.tkjh.ilc.edu.tw/wp-content/uploads/sites/888/elementor/css/post-64.css" "Mozilla/5.0 (Windows NT 10.0; Win64; x64) AppleWebKit/537.36 (KHTML, like Gecko) Chrome/151.0.0.0 Safari/537.36"
120.101.211.196 - - [25/Aug/2026:07:37:35 +0800] "GET /wp-content/uploads/sites/888/2026/07/115%E7%B7%9A%E4%B8%8A%E9%96%B1%E8%AE%80%E7%89%B9%E5%84%AA.png HTTP/1.1" 200 1605494 "https://www.tkjh.ilc.edu.tw/wp-content/uploads/sites/888/elementor/css/post-64.css" "Mozilla/5.0 (Windows NT 10.0; Win64; x64) AppleWebKit/537.36 (KHTML, like Gecko) Chrome/151.0.0.0 Safari/537.36"
120.101.211.196 - - [25/Aug/2026:07:37:35 +0800] "GET /wp-content/themes/huemanilc/assets/front/webfonts/fa-solid-900.woff2?v=5.5.0 HTTP/1.1" 200 74879 "https://www.tkjh.ilc.edu.tw/wp-content/cache/www.tkjh.ilc.edu.tw/wpfc-minified/8wjksvk0/6vyr.css" "Mozilla/5.0 (Windows NT 10.0; Win64; x64) AppleWebKit/537.36 (KHTML, like Gecko) Chrome/151.0.0.0 Safari/537.36"
120.101.211.196 - - [25/Aug/2026:07:37:35 +0800] "GET /wp-content/themes/huemanilc/assets/front/webfonts/fa-brands-400.woff2?v=5.5.0 HTTP/1.1" 200 70613 "https://www.tkjh.ilc.edu.tw/wp-content/cache/www.tkjh.ilc.edu.tw/wpfc-minified/8wjksvk0/6vyr.css" "Mozilla/5.0 (Windows NT 10.0; Win64; x64) AppleWebKit/537.36 (KHTML, like Gecko) Chrome/151.0.0.0 Safari/537.36"
120.101.211.196 - - [25/Aug/2026:07:37:35 +0800] "GET /wp-content/plugins/elementor/assets/lib/eicons/fonts/eicons.woff2?5.30.0 HTTP/1.1" 200 98225 "https://www.tkjh.ilc.edu.tw/wp-content/cache/www.tkjh.ilc.edu.tw/wpfc-minified/8wjksvk0/6vyr.css" "Mozilla/5.0 (Windows NT 10.0; Win64; x64) AppleWebKit/537.36 (KHTML, like Gecko) Chrome/151.0.0.0 Safari/537.36"
120.101.211.196 - - [25/Aug/2026:07:37:35 +0800] "GET /wp-content/uploads/sites/888/2026/07/115%E7%89%B9%E6%AE%8A%E5%84%AA%E8%89%AF%E6%95%99%E5%B8%AB.png HTTP/1.1" 200 1164955 "https://www.tkjh.ilc.edu.tw/wp-content/uploads/sites/888/elementor/css/post-64.css" "Mozilla/5.0 (Windows NT 10.0; Win64; x64) AppleWebKit/537.36 (KHTML, like Gecko) Chrome/151.0.0.0 Safari/537.36"
2001:288:a201::66:125 - - [25/Aug/2026:07:37:35 +0800] "GET /blog/active.php HTTP/1.1" 404 1084 "-" "-"
120.101.211.196 - - [25/Aug/2026:07:37:35 +0800] "GET /wp-content/uploads/sites/888/2026/04/114%E8%AE%80%E8%80%85%E5%8A%87%E5%A0%B4.png HTTP/1.1" 200 1708348 "https://www.tkjh.ilc.edu.tw/wp-content/uploads/sites/888/elementor/css/post-64.css" "Mozilla/5.0 (Windows NT 10.0; Win64; x64) AppleWebKit/537.36 (KHTML, like Gecko) Chrome/151.0.0.0 Safari/537.36"
120.101.211.196 - - [25/Aug/2026:07:37:35 +0800] "GET /wp-content/uploads/sites/888/2026/03/114%E5%8F%A3%E7%90%B4%E5%9B%9B%E9%87%8D%E5%A5%8F%E5%85%A8%E5%9C%8B%E7%89%B9%E5%84%AA.png HTTP/1.1" 200 1107473 "https://www.tkjh.ilc.edu.tw/wp-content/uploads/sites/888/elementor/css/post-64.css" "Mozilla/5.0 (Windows NT 10.0; Win64; x64) AppleWebKit/537.36 (KHTML, like Gecko) Chrome/151.0.0.0 Safari/537.36"
120.101.211.196 - - [25/Aug/2026:07:37:35 +0800] "GET /wp-content/uploads/sites/888/2026/08/115%E6%A6%AE%E8%AD%BD%E6%A6%9C%E6%A8%A1%E6%9D%BF-%E7%99%BC%E6%98%8E%E5%B1%95.png HTTP/1.1" 200 1582164 "https://www.tkjh.ilc.edu.tw/wp-content/uploads/sites/888/elementor/css/post-64.css" "Mozilla/5.0 (Windows NT 10.0; Win64; x64) AppleWebKit/537.36 (KHTML, like Gecko) Chrome/151.0.0.0 Safari/537.36"
120.101.211.196 - - [25/Aug/2026:07:37:35 +0800] "GET /wp-content/uploads/sites/888/2026/03/114%E8%88%9E%E8%B9%88%E5%85%A8%E5%9C%8B%E8%B3%BD.jpg HTTP/1.1" 200 883781 "https://www.tkjh.ilc.edu.tw/wp-content/uploads/sites/888/elementor/css/post-64.css" "Mozilla/5.0 (Windows NT 10.0; Win64; x64) AppleWebKit/537.36 (KHTML, like Gecko) Chrome/151.0.0.0 Safari/537.36"
120.101.211.196 - - [25/Aug/2026:07:37:35 +0800] "GET /wp-content/uploads/sites/888/2025/11/S__4079630_0.jpg HTTP/1.1" 200 415835 "https://www.tkjh.ilc.edu.tw/wp-content/uploads/sites/888/elementor/css/post-64.css" "Mozilla/5.0 (Windows NT 10.0; Win64; x64) AppleWebKit/537.36 (KHTML, like Gecko) Chrome/151.0.0.0 Safari/537.36"
120.101.211.196 - - [25/Aug/2026:07:37:35 +0800] "GET /wp-content/uploads/sites/888/2025/11/S__4079629_0.jpg HTTP/1.1" 200 339900 "https://www.tkjh.ilc.edu.tw/wp-content/uploads/sites/888/elementor/css/post-64.css" "Mozilla/5.0 (Windows NT 10.0; Win64; x64) AppleWebKit/537.36 (KHTML, like Gecko) Chrome/151.0.0.0 Safari/537.36"
120.101.211.196 - - [25/Aug/2026:07:37:35 +0800] "GET /wp-content/uploads/sites/888/2026/04/115%E7%A7%91%E5%B1%95%E7%8D%B2%E7%8D%8E.png HTTP/1.1" 200 2036911 "https://www.tkjh.ilc.edu.tw/wp-content/uploads/sites/888/elementor/css/post-64.css" "Mozilla/5.0 (Windows NT 10.0; Win64; x64) AppleWebKit/537.36 (KHTML, like Gecko) Chrome/151.0.0.0 Safari/537.36"
120.101.211.196 - - [25/Aug/2026:07:37:35 +0800] "GET /wp-content/uploads/sites/888/2026/01/115%E7%99%BC%E6%98%8E%E5%B1%95%E7%8D%B2%E7%8D%8E.png HTTP/1.1" 200 1949026 "https://www.tkjh.ilc.edu.tw/wp-content/uploads/sites/888/elementor/css/post-64.css" "Mozilla/5.0 (Windows NT 10.0; Win64; x64) AppleWebKit/537.36 (KHTML, like Gecko) Chrome/151.0.0.0 Safari/537.36"
120.101.211.196 - - [25/Aug/2026:07:37:36 +0800] "GET /wp-content/uploads/sites/888/2025/11/114%E5%85%AC%E7%9B%8A%E8%A1%8C%E5%8B%95.png HTTP/1.1" 200 1087798 "https://www.tkjh.ilc.edu.tw/wp-content/uploads/sites/888/elementor/css/post-64.css" "Mozilla/5.0 (Windows NT 10.0; Win64; x64) AppleWebKit/537.36 (KHTML, like Gecko) Chrome/151.0.0.0 Safari/537.36"
120.101.211.196 - - [25/Aug/2026:07:37:35 +0800] "GET /wp-content/uploads/sites/888/2026/03/114%E5%8F%A3%E7%90%B4%E5%90%88%E5%A5%8F%E5%85%A8%E5%9C%8B%E7%89%B9%E5%84%AA.png HTTP/1.1" 200 1566535 "https://www.tkjh.ilc.edu.tw/wp-content/uploads/sites/888/elementor/css/post-64.css" "Mozilla/5.0 (Windows NT 10.0; Win64; x64) AppleWebKit/537.36 (KHTML, like Gecko) Chrome/151.0.0.0 Safari/537.36"
120.101.211.196 - - [25/Aug/2026:07:37:35 +0800] "GET /wp-content/uploads/sites/888/2026/03/114%E7%A7%91%E6%8A%80%E7%AB%B6%E8%B3%BD.png HTTP/1.1" 200 1443585 "https://www.tkjh.ilc.edu.tw/wp-content/uploads/sites/888/elementor/css/post-64.css" "Mozilla/5.0 (Windows NT 10.0; Win64; x64) AppleWebKit/537.36 (KHTML, like Gecko) Chrome/151.0.0.0 Safari/537.36"
120.101.211.196 - - [25/Aug/2026:07:37:36 +0800] "GET /wp-content/uploads/sites/888/2025/11/114%E7%B5%B2%E7%AB%B9%E5%84%AA%E8%89%AF.png HTTP/1.1" 200 2404954 "https://www.tkjh.ilc.edu.tw/wp-content/uploads/sites/888/elementor/css/post-64.css" "Mozilla/5.0 (Windows NT 10.0; Win64; x64) AppleWebKit/537.36 (KHTML, like Gecko) Chrome/151.0.0.0 Safari/537.36"
::1 - - [25/Aug/2026:07:37:36 +0800] "OPTIONS * HTTP/1.0" 200 110 "-" "Apache/2.4.68 (Ubuntu) OpenSSL/3.0.19 (internal dummy connection)"
140.111.67.10 - - [25/Aug/2026:07:37:37 +0800] "GET /" 301 273 "-" "-"
::1 - - [25/Aug/2026:07:37:37 +0800] "OPTIONS * HTTP/1.0" 200 110 "-" "Apache/2.4.68 (Ubuntu) OpenSSL/3.0.19 (internal dummy connection)"
::1 - - [25/Aug/2026:07:37:38 +0800] "OPTIONS * HTTP/1.0" 200 110 "-" "Apache/2.4.68 (Ubuntu) OpenSSL/3.0.19 (internal dummy connection)"
2001:288:a201::66:125 - - [25/Aug/2026:07:37:40 +0800] "GET /blog/active.php HTTP/1.1" 301 1026 "-" "-"
2001:288:a201::66:125 - - [25/Aug/2026:07:37:40 +0800] "GET /blog/active.php HTTP/1.1" 404 1084 "-" "-"
2409:8a50:e0c:6a8:7997:ce10:b7c5:b64f - - [25/Aug/2026:07:37:40 +0800] "GET /classweb/001?paged=1 HTTP/1.1" 301 5782 "-" "Mozilla/5.0 (Windows NT 10.0; Win64; x64) AppleWebKit/537.36 (KHTML, like Gecko) Chrome/144.0.0.0 Safari/537.36"
120.101.211.212 - - [25/Aug/2026:07:37:41 +0800] "GET / HTTP/1.1" 200 25122 "-" "Mozilla/5.0 (Windows NT 10.0; Win64; x64) AppleWebKit/537.36 (KHTML, like Gecko) Chrome/151.0.0.0 Safari/537.36"
120.101.211.212 - - [25/Aug/2026:07:37:41 +0800] "GET /wp-content/uploads/sites/888/elementor/css/post-64.css HTTP/1.1" 304 790 "https://www.tkjh.ilc.edu.tw/" "Mozilla/5.0 (Windows NT 10.0; Win64; x64) AppleWebKit/537.36 (KHTML, like Gecko) Chrome/151.0.0.0 Safari/537.36"
2409:8a50:e0c:6a8:7997:ce10:b7c5:b64f - - [25/Aug/2026:07:37:41 +0800] "GET /classweb/001/?paged=1 HTTP/1.1" 200 23272 "-" "Mozilla/5.0 (Windows NT 10.0; Win64; x64) AppleWebKit/537.36 (KHTML, like Gecko) Chrome/144.0.0.0 Safari/537.36"
120.101.211.212 - - [25/Aug/2026:07:37:41 +0800] "GET /wp-content/uploads/sites/888/2026/07/115%E7%B7%9A%E4%B8%8A%E9%96%B1%E8%AE%80%E7%89%B9%E5%84%AA.png HTTP/1.1" 304 5593 "https://www.tkjh.ilc.edu.tw/wp-content/uploads/sites/888/elementor/css/post-64.css" "Mozilla/5.0 (Windows NT 10.0; Win64; x64) AppleWebKit/537.36 (KHTML, like Gecko) Chrome/151.0.0.0 Safari/537.36"
120.101.211.212 - - [25/Aug/2026:07:37:41 +0800] "GET /wp-content/uploads/sites/888/2026/07/115%E7%89%B9%E6%AE%8A%E5%84%AA%E8%89%AF%E6%95%99%E5%B8%AB.png HTTP/1.1" 304 5593 "https://www.tkjh.ilc.edu.tw/wp-content/uploads/sites/888/elementor/css/post-64.css" "Mozilla/5.0 (Windows NT 10.0; Win64; x64) AppleWebKit/537.36 (KHTML, like Gecko) Chrome/151.0.0.0 Safari/537.36"
120.101.211.212 - - [25/Aug/2026:07:37:41 +0800] "GET /wp-content/uploads/sites/888/2026/08/115%E6%A6%AE%E8%AD%BD%E6%A6%9C%E6%A8%A1%E6%9D%BF-%E7%99%BC%E6%98%8E%E5%B1%95.png HTTP/1.1" 200 1582164 "https://www.tkjh.ilc.edu.tw/wp-content/uploads/sites/888/elementor/css/post-64.css" "Mozilla/5.0 (Windows NT 10.0; Win64; x64) AppleWebKit/537.36 (KHTML, like Gecko) Chrome/151.0.0.0 Safari/537.36"
120.101.211.212 - - [25/Aug/2026:07:37:41 +0800] "GET /wp-content/uploads/sites/888/2025/11/114%E5%8E%9F%E4%BD%8F%E6%B0%91%E6%96%87%E5%8C%96%E7%A4%BE%E5%9C%98.png HTTP/1.1" 304 790 "https://www.tkjh.ilc.edu.tw/wp-content/uploads/sites/888/elementor/css/post-64.css" "Mozilla/5.0 (Windows NT 10.0; Win64; x64) AppleWebKit/537.36 (KHTML, like Gecko) Chrome/151.0.0.0 Safari/537.36"
2409:8a50:e0c:6a8:7997:ce10:b7c5:b64f - - [25/Aug/2026:07:37:41 +0800] "GET /wp-includes/css/dashicons.min.css HTTP/1.1" 200 36736 "https://www.nses.ilc.edu.tw/classweb/001/?paged=1" "Mozilla/5.0 (Windows NT 10.0; Win64; x64) AppleWebKit/537.36 (KHTML, like Gecko) Chrome/144.0.0.0 Safari/537.36"
140.111.67.10 - - [25/Aug/2026:07:37:42 +0800] "GET /" 301 273 "-" "-"
2409:8a50:e0c:6a8:7997:ce10:b7c5:b64f - - [25/Aug/2026:07:37:42 +0800] "GET /wp-includes/css/admin-bar.min.css HTTP/1.1" 200 4685 "https://www.nses.ilc.edu.tw/classweb/001/?paged=1" "Mozilla/5.0 (Windows NT 10.0; Win64; x64) AppleWebKit/537.36 (KHTML, like Gecko) Chrome/144.0.0.0 Safari/537.36"
2409:8a50:e0c:6a8:7997:ce10:b7c5:b64f - - [25/Aug/2026:07:37:42 +0800] "GET /wp-content/plugins/google-drive-embedder/css/gdm-blocks.css HTTP/1.1" 200 1160 "https://www.nses.ilc.edu.tw/classweb/001/?paged=1" "Mozilla/5.0 (Windows NT 10.0; Win64; x64) AppleWebKit/537.36 (KHTML, like Gecko) Chrome/144.0.0.0 Safari/537.36"
2409:8a50:e0c:6a8:7997:ce10:b7c5:b64f - - [25/Aug/2026:07:37:42 +0800] "GET /wp-content/themes/oceanwp/assets/css/style.min.css HTTP/1.1" 200 28200 "https://www.nses.ilc.edu.tw/classweb/001/?paged=1" "Mozilla/5.0 (Windows NT 10.0; Win64; x64) AppleWebKit/537.36 (KHTML, like Gecko) Chrome/144.0.0.0 Safari/537.36"
2a03:2880:f802:21:: - - [25/Aug/2026:07:37:40 +0800] "GET /wp-login.php?key=73plj375&_wpnonce=&action=ilc_logout&redirect_to=https%3A%2F%2Fgame.edu.kg HTTP/1.1" 302 8248 "-" "Mozilla/5.0 (Macintosh; Intel Mac OS X 10_15_7) AppleWebKit/537.36 (KHTML, like Gecko) Chrome/145.0.0.0 Safari/537.36 (compatible; meta-externalagent/1.1 (+https://developers.facebook.com/docs/sharing/webmasters/crawler))"
140.111.67.195 - - [25/Aug/2026:07:37:42 +0800] "GET /wp-admin/admin-post.php?action=steps_ad HTTP/1.1" 200 6425 "-" "node-fetch/1.0 (+https://github.com/bitinn/node-fetch)"
120.101.211.212 - - [25/Aug/2026:07:37:42 +0800] "GET /wp-content/uploads/sites/3846/2026/08/%E8%BE%B2%E6%A5%AD%E9%83%A8%E5%BB%A3%E5%91%8A.jpg HTTP/1.1" 304 5581 "https://it.ilc.edu.tw/" "Mozilla/5.0 (Windows NT 10.0; Win64; x64) AppleWebKit/537.36 (KHTML, like Gecko) Chrome/151.0.0.0 Safari/537.36"
120.101.211.212 - - [25/Aug/2026:07:37:42 +0800] "GET /wp-content/uploads/sites/3846/2026/02/%E9%81%BF%E5%85%8D%E8%AA%A4%E5%85%A5%E8%A9%90%E9%A8%99%E7%B6%B2%E7%AB%99APP%E5%B0%8F%E5%B8%B8%E8%AD%98.jpg HTTP/1.1" 304 5581 "https://it.ilc.edu.tw/" "Mozilla/5.0 (Windows NT 10.0; Win64; x64) AppleWebKit/537.36 (KHTML, like Gecko) Chrome/151.0.0.0 Safari/537.36"
2409:8a50:e0c:6a8:7997:ce10:b7c5:b64f - - [25/Aug/2026:07:37:42 +0800] "GET /wp-content/themes/oceanwp-child-theme-master3/style.css HTTP/1.1" 200 2093 "https://www.nses.ilc.edu.tw/classweb/001/?paged=1" "Mozilla/5.0 (Windows NT 10.0; Win64; x64) AppleWebKit/537.36 (KHTML, like Gecko) Chrome/144.0.0.0 Safari/537.36"
2409:8a50:e0c:6a8:7997:ce10:b7c5:b64f - - [25/Aug/2026:07:37:42 +0800] "GET /wp-content/themes/oceanwp/assets/fonts/fontawesome/css/all.min.css HTTP/1.1" 200 23385 "https://www.nses.ilc.edu.tw/classweb/001/?paged=1" "Mozilla/5.0 (Windows NT 10.0; Win64; x64) AppleWebKit/537.36 (KHTML, like Gecko) Chrome/144.0.0.0 Safari/537.36"
2409:8a50:e0c:6a8:7997:ce10:b7c5:b64f - - [25/Aug/2026:07:37:43 +0800] "GET /wp-content/themes/oceanwp/assets/css/third/simple-line-icons.min.css HTTP/1.1" 200 3321 "https://www.nses.ilc.edu.tw/classweb/001/?paged=1" "Mozilla/5.0 (Windows NT 10.0; Win64; x64) AppleWebKit/537.36 (KHTML, like Gecko) Chrome/144.0.0.0 Safari/537.36"
2409:8a50:e0c:6a8:7997:ce10:b7c5:b64f - - [25/Aug/2026:07:37:43 +0800] "GET /wp-includes/js/jquery/jquery.min.js HTTP/1.1" 200 31359 "https://www.nses.ilc.edu.tw/classweb/001/?paged=1" "Mozilla/5.0 (Windows NT 10.0; Win64; x64) AppleWebKit/537.36 (KHTML, like Gecko) Chrome/144.0.0.0 Safari/537.36"
2409:8a50:e0c:6a8:7997:ce10:b7c5:b64f - - [25/Aug/2026:07:37:43 +0800] "GET /wp-includes/js/jquery/jquery-migrate.min.js HTTP/1.1" 200 5752 "https://www.nses.ilc.edu.tw/classweb/001/?paged=1" "Mozilla/5.0 (Windows NT 10.0; Win64; x64) AppleWebKit/537.36 (KHTML, like Gecko) Chrome/144.0.0.0 Safari/537.36"
2409:8a50:e0c:6a8:7997:ce10:b7c5:b64f - - [25/Aug/2026:07:37:43 +0800] "GET /wp-includes/js/mediaelement/mediaelementplayer-legacy.min.css HTTP/1.1" 200 3465 "https://www.nses.ilc.edu.tw/classweb/001/?paged=1" "Mozilla/5.0 (Windows NT 10.0; Win64; x64) AppleWebKit/537.36 (KHTML, like Gecko) Chrome/144.0.0.0 Safari/537.36"
2409:8a50:e0c:6a8:7997:ce10:b7c5:b64f - - [25/Aug/2026:07:37:44 +0800] "GET /wp-content/themes/oceanwp/assets/fonts/fontawesome/webfonts/fa-solid-900.woff2 HTTP/1.1" 200 151246 "https://www.nses.ilc.edu.tw/wp-content/themes/oceanwp/assets/fonts/fontawesome/css/all.min.css" "Mozilla/5.0 (Windows NT 10.0; Win64; x64) AppleWebKit/537.36 (KHTML, like Gecko) Chrome/144.0.0.0 Safari/537.36"
140.111.67.195 - - [25/Aug/2026:07:37:44 +0800] "GET /wp-admin/admin-post.php?action=steps_ad HTTP/1.1" 200 1649 "-" "node-fetch/1.0 (+https://github.com/bitinn/node-fetch)"
120.101.211.212 - - [25/Aug/2026:07:37:44 +0800] "GET /wp-content/uploads/sites/3846/2026/06/2026%E5%AE%9C%E8%98%AD%E7%98%8B%E5%AD%B8%E7%BF%92-%E6%9A%91%E5%81%87_%E6%95%99%E8%82%B2%E8%99%95%E9%A6%96%E9%A0%81-1440-x-1080-%E5%83%8F%E7%B4%A0.png HTTP/1.1" 304 790 "https://it.ilc.edu.tw/" "Mozilla/5.0 (Windows NT 10.0; Win64; x64) AppleWebKit/537.36 (KHTML, like Gecko) Chrome/151.0.0.0 Safari/537.36"
120.101.211.212 - - [25/Aug/2026:07:37:44 +0800] "GET /wp-content/uploads/sites/3846/2026/06/%E5%AE%A3%E5%82%B3%E5%9C%96%E7%89%87.png HTTP/1.1" 304 790 "https://it.ilc.edu.tw/" "Mozilla/5.0 (Windows NT 10.0; Win64; x64) AppleWebKit/537.36 (KHTML, like Gecko) Chrome/151.0.0.0 Safari/537.36"
2409:8a50:e0c:6a8:7997:ce10:b7c5:b64f - - [25/Aug/2026:07:37:44 +0800] "GET /wp-content/themes/oceanwp/assets/js/ow-lightbox.min.js HTTP/1.1" 200 2321 "https://www.nses.ilc.edu.tw/classweb/001/?paged=1" "Mozilla/5.0 (Windows NT 10.0; Win64; x64) AppleWebKit/537.36 (KHTML, like Gecko) Chrome/144.0.0.0 Safari/537.36"
2409:8a50:e0c:6a8:7997:ce10:b7c5:b64f - - [25/Aug/2026:07:37:44 +0800] "GET /wp-includes/js/mediaelement/mediaelement-and-player.min.js HTTP/1.1" 200 39802 "https://www.nses.ilc.edu.tw/classweb/001/?paged=1" "Mozilla/5.0 (Windows NT 10.0; Win64; x64) AppleWebKit/537.36 (KHTML, like Gecko) Chrome/144.0.0.0 Safari/537.36"
120.101.211.146 - - [25/Aug/2026:07:37:45 +0800] "GET / HTTP/1.1" 200 25122 "-" "Mozilla/5.0 (Windows NT 10.0; Win64; x64) AppleWebKit/537.36 (KHTML, like Gecko) Chrome/151.0.0.0 Safari/537.36"
2001:288:a201::66:125 - - [25/Aug/2026:07:37:45 +0800] "GET /blog/active.php HTTP/1.1" 404 1084 "-" "-"
2001:288:a201::66:125 - - [25/Aug/2026:07:37:45 +0800] "GET /blog/active.php HTTP/1.1" 301 1026 "-" "-"
120.101.211.146 - - [25/Aug/2026:07:37:45 +0800] "GET /wp-content/uploads/sites/888/elementor/css/post-64.css HTTP/1.1" 304 790 "https://www.tkjh.ilc.edu.tw/" "Mozilla/5.0 (Windows NT 10.0; Win64; x64) AppleWebKit/537.36 (KHTML, like Gecko) Chrome/151.0.0.0 Safari/537.36"
120.101.211.146 - - [25/Aug/2026:07:37:45 +0800] "GET /wp-content/uploads/sites/888/2026/08/115%E6%A6%AE%E8%AD%BD%E6%A6%9C%E6%A8%A1%E6%9D%BF-%E7%99%BC%E6%98%8E%E5%B1%95.png HTTP/1.1" 304 790 "https://www.tkjh.ilc.edu.tw/wp-content/uploads/sites/888/elementor/css/post-64.css" "Mozilla/5.0 (Windows NT 10.0; Win64; x64) AppleWebKit/537.36 (KHTML, like Gecko) Chrome/151.0.0.0 Safari/537.36"
140.111.67.10 - - [25/Aug/2026:07:37:47 +0800] "GET /" 301 273 "-" "-"
2001:288:a201::66:125 - - [25/Aug/2026:07:37:50 +0800] "GET /blog/active.php HTTP/1.1" 301 1026 "-" "-"
2001:288:a201::66:125 - - [25/Aug/2026:07:37:50 +0800] "GET /blog/active.php HTTP/1.1" 404 1084 "-" "-"
140.111.67.10 - - [25/Aug/2026:07:37:52 +0800] "GET /" 301 273 "-" "-"
2001:288:a201::66:125 - - [25/Aug/2026:07:37:55 +0800] "GET /blog/active.php HTTP/1.1" 404 1084 "-" "-"
2001:288:a201::66:125 - - [25/Aug/2026:07:37:55 +0800] "GET /blog/active.php HTTP/1.1" 301 1026 "-" "-"
140.111.67.10 - - [25/Aug/2026:07:37:57 +0800] "GET /" 301 273 "-" "-"
2001:288:a201::66:125 - - [25/Aug/2026:07:38:00 +0800] "GET /blog/active.php HTTP/1.1" 301 1026 "-" "-"
2001:288:a201::66:125 - - [25/Aug/2026:07:38:00 +0800] "GET /blog/active.php HTTP/1.1" 404 1084 "-" "-"
2001:288:a201::67:81 - - [25/Aug/2026:07:38:01 +0800] "GET / HTTP/1.1" 200 56291 "-" "curl/7.81.0"
2001:288:a201::67:85 - - [25/Aug/2026:07:38:01 +0800] "GET / HTTP/1.1" 200 56291 "-" "curl/7.81.0"
140.111.67.10 - - [25/Aug/2026:07:38:01 +0800] "GET /" 301 273 "-" "-"
2001:288:a201::66:125 - - [25/Aug/2026:07:38:05 +0800] "GET /blog/active.php HTTP/1.1" 404 1084 "-" "-"
2001:288:a201::66:125 - - [25/Aug/2026:07:38:05 +0800] "GET /blog/active.php HTTP/1.1" 301 1026 "-" "-"
140.111.67.10 - - [25/Aug/2026:07:38:07 +0800] "GET /" 301 273 "-" "-"
2408:862e:ff:ff31::134 - - [25/Aug/2026:07:38:07 +0800] "GET /6425/2015/10/page/6 HTTP/1.1" 301 5770 "-" "Mozilla/5.0 (Windows NT 10.0; Win64; x64) AppleWebKit/537.36 (KHTML, like Gecko) Chrome/144.0.0.0 Safari/537.36"
2408:862e:ff:ff31::134 - - [25/Aug/2026:07:38:08 +0800] "GET /6425/2015/10/page/6/ HTTP/1.1" 200 10095 "-" "Mozilla/5.0 (Windows NT 10.0; Win64; x64) AppleWebKit/537.36 (KHTML, like Gecko) Chrome/144.0.0.0 Safari/537.36"
2408:862e:ff:ff31::134 - - [25/Aug/2026:07:38:08 +0800] "GET /6425/wp-content/cache/2blog.ilc.edu.tw/wpfc-minified/2bnaeuto/5wowf.css HTTP/1.1" 200 40885 "https://2blog.ilc.edu.tw/6425/2015/10/page/6/" "Mozilla/5.0 (Windows NT 10.0; Win64; x64) AppleWebKit/537.36 (KHTML, like Gecko) Chrome/144.0.0.0 Safari/537.36"
2408:862e:ff:ff31::134 - - [25/Aug/2026:07:38:09 +0800] "GET /6425/wp-content/cache/2blog.ilc.edu.tw/wpfc-minified/q967d2v1/5wowe.css HTTP/1.1" 200 15782 "https://2blog.ilc.edu.tw/6425/2015/10/page/6/" "Mozilla/5.0 (Windows NT 10.0; Win64; x64) AppleWebKit/537.36 (KHTML, like Gecko) Chrome/144.0.0.0 Safari/537.36"
2001:288:a212:1:85b3:2dbc:9729:99c0 - - [25/Aug/2026:07:38:09 +0800] "-" 408 339 "-" "-"
2408:862e:ff:ff31::134 - - [25/Aug/2026:07:38:09 +0800] "GET /6425/wp-includes/js/imagesloaded.min.js HTTP/1.1" 200 2683 "https://2blog.ilc.edu.tw/6425/2015/10/page/6/" "Mozilla/5.0 (Windows NT 10.0; Win64; x64) AppleWebKit/537.36 (KHTML, like Gecko) Chrome/144.0.0.0 Safari/537.36"
2408:862e:ff:ff31::134 - - [25/Aug/2026:07:38:09 +0800] "GET /6425/wp-content/themes/oceanwp/assets/js/vendors/magnific-popup.min.js HTTP/1.1" 200 8270 "https://2blog.ilc.edu.tw/6425/2015/10/page/6/" "Mozilla/5.0 (Windows NT 10.0; Win64; x64) AppleWebKit/537.36 (KHTML, like Gecko) Chrome/144.0.0.0 Safari/537.36"
2408:862e:ff:ff31::134 - - [25/Aug/2026:07:38:10 +0800] "GET /6425/wp-content/themes/oceanwp/assets/js/scroll-top.min.js HTTP/1.1" 200 3202 "https://2blog.ilc.edu.tw/6425/2015/10/page/6/" "Mozilla/5.0 (Windows NT 10.0; Win64; x64) AppleWebKit/537.36 (KHTML, like Gecko) Chrome/144.0.0.0 Safari/537.36"
2001:288:a201::66:125 - - [25/Aug/2026:07:38:10 +0800] "GET /blog/active.php HTTP/1.1" 301 1026 "-" "-"
2001:288:a201::66:125 - - [25/Aug/2026:07:38:10 +0800] "GET /blog/active.php HTTP/1.1" 404 1084 "-" "-"
2402:7500:a16:15e6::bebf:aaa3 - - [25/Aug/2026:07:38:11 +0800] "GET /3860/2017/06/21/%e6%84%9b%e8%ad%b7%e5%9c%b0%e7%90%83-%e5%a4%8f%e8%87%b3%e7%86%b1%e5%88%b0%e9%a2%a8%e9%a2%b1%e4%be%86%ef%bc%8c-%e6%84%9b%e8%ad%b7%e5%9c%b0%e7%90%83%e5%92%b1%e6%84%9b%e7%9f%a5%ef%bc%8c-%e5%8a%a0/ HTTP/1.1" 200 30190 "https://2blog.ilc.edu.tw/3860/category/c-838/c-25212/" "Mozilla/5.0 (Linux; Android 10; K) AppleWebKit/537.36 (KHTML, like Gecko) Chrome/137.0.0.0 Mobile Safari/537.36"
140.111.67.10 - - [25/Aug/2026:07:38:11 +0800] "GET /" 301 273 "-" "-"
2402:7500:a16:15e6::bebf:aaa3 - - [25/Aug/2026:07:38:12 +0800] "POST /3860/wp-json/ilc-summary/v1/popular-posts HTTP/1.1" 201 1273 "https://2blog.ilc.edu.tw/3860/2017/06/21/%e6%84%9b%e8%ad%b7%e5%9c%b0%e7%90%83-%e5%a4%8f%e8%87%b3%e7%86%b1%e5%88%b0%e9%a2%a8%e9%a2%b1%e4%be%86%ef%bc%8c-%e6%84%9b%e8%ad%b7%e5%9c%b0%e7%90%83%e5%92%b1%e6%84%9b%e7%9f%a5%ef%bc%8c-%e5%8a%a0/" "Mozilla/5.0 (Linux; Android 10; K) AppleWebKit/537.36 (KHTML, like Gecko) Chrome/137.0.0.0 Mobile Safari/537.36"
240e:968:7001:2:0:5:0:52 - - [25/Aug/2026:07:38:15 +0800] "GET /6292/wp-content/themes/dara/assets/js/skip-link-focus-fix.js HTTP/1.1" 200 6089 "https://2blog.ilc.edu.tw/6292/2020/05/" "Mozilla/5.0 (Windows NT 10.0; Win64; x64) AppleWebKit/537.36 (KHTML, like Gecko) Chrome/144.0.0.0 Safari/537.36"
240e:968:7001:2:0:5:0:52 - - [25/Aug/2026:07:38:15 +0800] "GET /6292/wp-content/themes/dara/assets/js/navigation.js HTTP/1.1" 200 6782 "https://2blog.ilc.edu.tw/6292/2020/05/" "Mozilla/5.0 (Windows NT 10.0; Win64; x64) AppleWebKit/537.36 (KHTML, like Gecko) Chrome/144.0.0.0 Safari/537.36"
2001:288:a201::66:125 - - [25/Aug/2026:07:38:15 +0800] "GET /blog/active.php HTTP/1.1" 301 1026 "-" "-"
2001:288:a201::66:125 - - [25/Aug/2026:07:38:15 +0800] "GET /blog/active.php HTTP/1.1" 404 1084 "-" "-"
240e:968:7001:2:0:5:0:52 - - [25/Aug/2026:07:38:15 +0800] "GET /favicon.ico HTTP/1.1" 302 901 "https://2blog.ilc.edu.tw/6292/2020/05/" "Mozilla/5.0 (Windows NT 10.0; Win64; x64) AppleWebKit/537.36 (KHTML, like Gecko) Chrome/144.0.0.0 Safari/537.36"
240e:968:7001:2:0:5:0:52 - - [25/Aug/2026:07:38:16 +0800] "GET /wp-includes/images/w-logo-blue-white-bg.png HTTP/1.1" 200 4946 "https://2blog.ilc.edu.tw/6292/2020/05/" "Mozilla/5.0 (Windows NT 10.0; Win64; x64) AppleWebKit/537.36 (KHTML, like Gecko) Chrome/144.0.0.0 Safari/537.36"
140.111.67.10 - - [25/Aug/2026:07:38:16 +0800] "GET /" 301 273 "-" "-"
2407:4b00:4c02:80df:41fd:7723:f913:4307 - - [25/Aug/2026:07:38:16 +0800] "GET /apple-touch-icon-precomposed.png HTTP/1.1" 404 25478 "-" "NetworkingExtension/8624.4.5.10.5 Network/5812.160.9 iOS/26.6"
2407:4b00:4c02:80df:41fd:7723:f913:4307 - - [25/Aug/2026:07:38:17 +0800] "GET /3589/ HTTP/1.1" 200 18289 "-" "Mozilla/5.0 (Macintosh; Intel Mac OS X 10_11_1) AppleWebKit/601.2.4 (KHTML, like Gecko) Version/9.0.1 Safari/601.2.4 facebookexternalhit/1.1 Facebot Twitterbot/1.0"
2407:4b00:4c02:80df:41fd:7723:f913:4307 - - [25/Aug/2026:07:38:17 +0800] "GET /favicon.ico HTTP/1.1" 302 5824 "-" "NetworkingExtension/8624.4.5.10.5 Network/5812.160.9 iOS/26.6"
2407:4b00:4c02:80df:41fd:7723:f913:4307 - - [25/Aug/2026:07:38:17 +0800] "GET /apple-touch-icon.png HTTP/1.1" 404 25478 "-" "NetworkingExtension/8624.4.5.10.5 Network/5812.160.9 iOS/26.6"
2407:4b00:4c02:80df:41fd:7723:f913:4307 - - [25/Aug/2026:07:38:17 +0800] "GET /wp-includes/images/w-logo-blue-white-bg.png HTTP/1.1" 200 4946 "-" "NetworkingExtension/8624.4.5.10.5 Network/5812.160.9 iOS/26.6"
2407:4b00:4c02:80df:41fd:7723:f913:4307 - - [25/Aug/2026:07:38:17 +0800] "GET /3589/ HTTP/1.1" 200 18289 "-" "Mozilla/5.0 (Macintosh; Intel Mac OS X 10_11_1) AppleWebKit/601.2.4 (KHTML, like Gecko) Version/9.0.1 Safari/601.2.4 facebookexternalhit/1.1 Facebot Twitterbot/1.0"
2407:4b00:4c02:80df:41fd:7723:f913:4307 - - [25/Aug/2026:07:38:17 +0800] "GET /apple-touch-icon-precomposed.png HTTP/1.1" 404 25478 "-" "NetworkingExtension/8624.4.5.10.5 Network/5812.160.9 iOS/26.6"
2407:4b00:4c02:80df:41fd:7723:f913:4307 - - [25/Aug/2026:07:38:17 +0800] "GET /apple-touch-icon-precomposed.png HTTP/1.1" 404 25478 "-" "NetworkingExtension/8624.4.5.10.5 Network/5812.160.9 iOS/26.6"
2407:4b00:4c02:80df:41fd:7723:f913:4307 - - [25/Aug/2026:07:38:17 +0800] "GET /apple-touch-icon.png HTTP/1.1" 404 25478 "-" "NetworkingExtension/8624.4.5.10.5 Network/5812.160.9 iOS/26.6"
2407:4b00:4c02:80df:41fd:7723:f913:4307 - - [25/Aug/2026:07:38:17 +0800] "GET /favicon.ico HTTP/1.1" 302 5824 "-" "NetworkingExtension/8624.4.5.10.5 Network/5812.160.9 iOS/26.6"
2407:4b00:4c02:80df:41fd:7723:f913:4307 - - [25/Aug/2026:07:38:18 +0800] "GET /favicon.ico HTTP/1.1" 302 5824 "-" "NetworkingExtension/8624.4.5.10.5 Network/5812.160.9 iOS/26.6"
2407:4b00:4c02:80df:41fd:7723:f913:4307 - - [25/Aug/2026:07:38:18 +0800] "GET /wp-includes/images/w-logo-blue-white-bg.png HTTP/1.1" 200 4946 "-" "NetworkingExtension/8624.4.5.10.5 Network/5812.160.9 iOS/26.6"
2407:4b00:4c02:80df:41fd:7723:f913:4307 - - [25/Aug/2026:07:38:18 +0800] "GET /wp-includes/images/w-logo-blue-white-bg.png HTTP/1.1" 200 4946 "-" "NetworkingExtension/8624.4.5.10.5 Network/5812.160.9 iOS/26.6"
2407:4b00:4c02:80df:41fd:7723:f913:4307 - - [25/Aug/2026:07:38:18 +0800] "GET /apple-touch-icon.png HTTP/1.1" 404 25478 "-" "NetworkingExtension/8624.4.5.10.5 Network/5812.160.9 iOS/26.6"
2407:4b00:4c02:80df:41fd:7723:f913:4307 - - [25/Aug/2026:07:38:18 +0800] "GET /3589/ HTTP/1.1" 200 18289 "-" "Mozilla/5.0 (Macintosh; Intel Mac OS X 10_11_1) AppleWebKit/601.2.4 (KHTML, like Gecko) Version/9.0.1 Safari/601.2.4 facebookexternalhit/1.1 Facebot Twitterbot/1.0"
::1 - - [25/Aug/2026:07:38:19 +0800] "OPTIONS * HTTP/1.0" 200 110 "-" "Apache/2.4.68 (Ubuntu) OpenSSL/3.0.19 (internal dummy connection)"
2001:288:a201::66:125 - - [25/Aug/2026:07:38:20 +0800] "GET /blog/active.php HTTP/1.1" 301 1026 "-" "-"
2001:288:a201::66:125 - - [25/Aug/2026:07:38:20 +0800] "GET /blog/active.php HTTP/1.1" 404 1084 "-" "-"
2402:7500:a16:15e6::bebf:aaa3 - - [25/Aug/2026:07:38:21 +0800] "GET /3860/2014/10/06/%e7%9d%8f%e9%86%92%e7%b2%be%e7%a5%9e%e5%bf%83%e7%a5%9e%e3%80%81%e7%99%bd%e5%bb%a2%e5%bf%83%e5%8a%9b%e3%80%81%e5%bf%83%e6%80%9d%e3%80%81%e6%83%85%e7%b7%92/ HTTP/1.1" 200 31325 "https://2blog.ilc.edu.tw/3860/category/c-838/c-25212/" "Mozilla/5.0 (Linux; Android 10; K) AppleWebKit/537.36 (KHTML, like Gecko) Chrome/137.0.0.0 Mobile Safari/537.36"
::1 - - [25/Aug/2026:07:38:21 +0800] "OPTIONS * HTTP/1.0" 200 110 "-" "Apache/2.4.68 (Ubuntu) OpenSSL/3.0.19 (internal dummy connection)"
140.111.67.10 - - [25/Aug/2026:07:38:21 +0800] "GET /" 301 273 "-" "-"
2402:7500:a16:15e6::bebf:aaa3 - - [25/Aug/2026:07:38:22 +0800] "POST /3860/wp-json/ilc-summary/v1/popular-posts HTTP/1.1" 201 1273 "https://2blog.ilc.edu.tw/3860/2014/10/06/%e7%9d%8f%e9%86%92%e7%b2%be%e7%a5%9e%e5%bf%83%e7%a5%9e%e3%80%81%e7%99%bd%e5%bb%a2%e5%bf%83%e5%8a%9b%e3%80%81%e5%bf%83%e6%80%9d%e3%80%81%e6%83%85%e7%b7%92/" "Mozilla/5.0 (Linux; Android 10; K) AppleWebKit/537.36 (KHTML, like Gecko) Chrome/137.0.0.0 Mobile Safari/537.36"
::1 - - [25/Aug/2026:07:38:22 +0800] "OPTIONS * HTTP/1.0" 200 110 "-" "Apache/2.4.68 (Ubuntu) OpenSSL/3.0.19 (internal dummy connection)"
::1 - - [25/Aug/2026:07:38:23 +0800] "OPTIONS * HTTP/1.0" 200 110 "-" "Apache/2.4.68 (Ubuntu) OpenSSL/3.0.19 (internal dummy connection)"
2001:288:a201::66:125 - - [25/Aug/2026:07:38:25 +0800] "GET /blog/active.php HTTP/1.1" 301 1026 "-" "-"
2001:288:a201::66:125 - - [25/Aug/2026:07:38:25 +0800] "GET /blog/active.php HTTP/1.1" 404 1084 "-" "-"
140.111.67.10 - - [25/Aug/2026:07:38:26 +0800] "GET /" 301 273 "-" "-"
2402:7500:a16:15e6::bebf:aaa3 - - [25/Aug/2026:07:38:28 +0800] "GET /3860/category/c-10770/c-14559/ HTTP/1.1" 200 28824 "https://2blog.ilc.edu.tw/3860/2014/01/23/%E7%AD%85%E9%BB%97tshing-thun/?hl=zh-TW" "Mozilla/5.0 (Linux; Android 10; K) AppleWebKit/537.36 (KHTML, like Gecko) Chrome/137.0.0.0 Mobile Safari/537.36"
2402:7500:a16:15e6::bebf:aaa3 - - [25/Aug/2026:07:38:28 +0800] "GET /3860/wp-content/uploads/sites/1494/2018/10/susing3-2.gif HTTP/1.1" 200 1279 "https://2blog.ilc.edu.tw/3860/category/c-10770/c-14559/" "Mozilla/5.0 (Linux; Android 10; K) AppleWebKit/537.36 (KHTML, like Gecko) Chrome/137.0.0.0 Mobile Safari/537.36"
2402:7500:a16:15e6::bebf:aaa3 - - [25/Aug/2026:07:38:28 +0800] "GET /3860/wp-content/uploads/sites/1494/2018/10/speaker-mp3-2.gif HTTP/1.1" 200 2246 "https://2blog.ilc.edu.tw/3860/category/c-10770/c-14559/" "Mozilla/5.0 (Linux; Android 10; K) AppleWebKit/537.36 (KHTML, like Gecko) Chrome/137.0.0.0 Mobile Safari/537.36"
2402:7500:a16:15e6::bebf:aaa3 - - [25/Aug/2026:07:38:29 +0800] "GET /3860/wp-includes/js/wp-embed.min.js HTTP/1.1" 200 1573 "https://2blog.ilc.edu.tw/3860/category/c-10770/c-14559/" "Mozilla/5.0 (Linux; Android 10; K) AppleWebKit/537.36 (KHTML, like Gecko) Chrome/137.0.0.0 Mobile Safari/537.36"
2a03:2880:f802:21:: - - [25/Aug/2026:07:38:28 +0800] "GET /wp-login.php?key=ir7qe375&_wpnonce=&action=ilc_logout&redirect_to=https%3A%2F%2Fmushroom.joynetgame.com HTTP/1.1" 302 8260 "-" "Mozilla/5.0 (Macintosh; Intel Mac OS X 10_15_7) AppleWebKit/537.36 (KHTML, like Gecko) Chrome/145.0.0.0 Safari/537.36 (compatible; meta-externalagent/1.1 (+https://developers.facebook.com/docs/sharing/webmasters/crawler))"
2001:288:a201::66:125 - - [25/Aug/2026:07:38:30 +0800] "GET /blog/active.php HTTP/1.1" 301 1026 "-" "-"
2001:288:a201::66:125 - - [25/Aug/2026:07:38:30 +0800] "GET /blog/active.php HTTP/1.1" 404 1084 "-" "-"
2001:b011:7806:7769:df82:66a0:4d27:3dce - - [25/Aug/2026:07:38:31 +0800] "-" 408 4802 "-" "-"
140.111.67.10 - - [25/Aug/2026:07:38:32 +0800] "GET /" 301 273 "-" "-"
2402:7500:a16:15e6::bebf:aaa3 - - [25/Aug/2026:07:38:32 +0800] "GET /3860/2025/11/03/%e5%a4%a7%e7%a6%8f%e5%9c%8b%e5%b0%8f%e5%8f%83%e5%8a%a0%e5%ae%9c%e8%98%ad%e7%b8%a3113%e5%b9%b4%e5%ba%a6%e6%9c%ac%e5%9c%9f%e8%aa%9e%e6%95%99%e5%ad%b8%e6%88%90%e6%9e%9c%e7%ab%b6%e8%b3%bd%e6%ad%8c/ HTTP/1.1" 200 24654 "https://2blog.ilc.edu.tw/3860/category/c-10770/c-14559/" "Mozilla/5.0 (Linux; Android 10; K) AppleWebKit/537.36 (KHTML, like Gecko) Chrome/137.0.0.0 Mobile Safari/537.36"
2402:7500:a16:15e6::bebf:aaa3 - - [25/Aug/2026:07:38:33 +0800] "GET /3860/2025/11/03/%e5%a4%a7%e7%a6%8f%e5%9c%8b%e5%b0%8f%e5%8f%83%e5%8a%a0%e5%ae%9c%e8%98%ad%e7%b8%a3113%e5%b9%b4%e5%ba%a6%e6%9c%ac%e5%9c%9f%e8%aa%9e%e6%95%99%e5%ad%b8%e6%88%90%e6%9e%9c%e7%ab%b6%e8%b3%bd%e6%ad%8c/ HTTP/1.1" 200 24655 "https://2blog.ilc.edu.tw/3860/category/c-10770/c-14559/" "Mozilla/5.0 (Linux; Android 10; K) AppleWebKit/537.36 (KHTML, like Gecko) Chrome/137.0.0.0 Mobile Safari/537.36"
2402:7500:a16:15e6::bebf:aaa3 - - [25/Aug/2026:07:38:33 +0800] "POST /3860/wp-json/ilc-summary/v1/popular-posts HTTP/1.1" 201 1273 "https://2blog.ilc.edu.tw/3860/2025/11/03/%e5%a4%a7%e7%a6%8f%e5%9c%8b%e5%b0%8f%e5%8f%83%e5%8a%a0%e5%ae%9c%e8%98%ad%e7%b8%a3113%e5%b9%b4%e5%ba%a6%e6%9c%ac%e5%9c%9f%e8%aa%9e%e6%95%99%e5%ad%b8%e6%88%90%e6%9e%9c%e7%ab%b6%e8%b3%bd%e6%ad%8c/" "Mozilla/5.0 (Linux; Android 10; K) AppleWebKit/537.36 (KHTML, like Gecko) Chrome/137.0.0.0 Mobile Safari/537.36"
2a03:2880:25ff:1:: - - [25/Aug/2026:07:38:34 +0800] "GET /blog/imgs/admin/icon_userprofile-16.png HTTP/1.1" 404 25478 "-" "facebookexternalhit/1.1 (+http://www.facebook.com/externalhit_uatext.php)"
2001:288:a201::66:125 - - [25/Aug/2026:07:38:35 +0800] "GET /blog/active.php HTTP/1.1" 301 1026 "-" "-"
2001:288:a201::66:125 - - [25/Aug/2026:07:38:35 +0800] "GET /blog/active.php HTTP/1.1" 404 1084 "-" "-"
::1 - - [25/Aug/2026:07:38:35 +0800] "OPTIONS * HTTP/1.0" 200 110 "-" "Apache/2.4.68 (Ubuntu) OpenSSL/3.0.19 (internal dummy connection)"
140.111.67.10 - - [25/Aug/2026:07:38:37 +0800] "GET /" 301 273 "-" "-"
2001:288:a201::66:125 - - [25/Aug/2026:07:38:40 +0800] "GET /blog/active.php HTTP/1.1" 301 1026 "-" "-"
2001:288:a201::66:125 - - [25/Aug/2026:07:38:40 +0800] "GET /blog/active.php HTTP/1.1" 404 1084 "-" "-"
::1 - - [25/Aug/2026:07:38:40 +0800] "OPTIONS * HTTP/1.0" 200 110 "-" "Apache/2.4.68 (Ubuntu) OpenSSL/3.0.19 (internal dummy connection)"
::1 - - [25/Aug/2026:07:38:41 +0800] "OPTIONS * HTTP/1.0" 200 110 "-" "Apache/2.4.68 (Ubuntu) OpenSSL/3.0.19 (internal dummy connection)"
140.111.67.10 - - [25/Aug/2026:07:38:42 +0800] "GET /" 301 273 "-" "-"
2402:7500:a16:15e6::bebf:aaa3 - - [25/Aug/2026:07:38:43 +0800] "GET /3860/2020/11/15/%e6%ad%a1%e5%96%9c%e7%9b%b8%e8%a4%92%e5%ad%b8%e8%87%ba%e8%aa%9e1%e8%8e%8a%e6%96%87%e9%be%8d%e4%b8%bb%e6%8c%81-%e8%87%ba%e8%aa%9e%e8%a3%9c%e7%a0%b4%e7%b6%b2/ HTTP/1.1" 200 24470 "https://2blog.ilc.edu.tw/3860/category/c-10770/c-14559/" "Mozilla/5.0 (Linux; Android 10; K) AppleWebKit/537.36 (KHTML, like Gecko) Chrome/137.0.0.0 Mobile Safari/537.36"
2402:7500:a16:15e6::bebf:aaa3 - - [25/Aug/2026:07:38:43 +0800] "POST /3860/wp-json/ilc-summary/v1/popular-posts HTTP/1.1" 201 1273 "https://2blog.ilc.edu.tw/3860/2020/11/15/%e6%ad%a1%e5%96%9c%e7%9b%b8%e8%a4%92%e5%ad%b8%e8%87%ba%e8%aa%9e1%e8%8e%8a%e6%96%87%e9%be%8d%e4%b8%bb%e6%8c%81-%e8%87%ba%e8%aa%9e%e8%a3%9c%e7%a0%b4%e7%b6%b2/" "Mozilla/5.0 (Linux; Android 10; K) AppleWebKit/537.36 (KHTML, like Gecko) Chrome/137.0.0.0 Mobile Safari/537.36"
2401:e180:8c80:6a96:fd0d:702:cf8e:e20b - - [25/Aug/2026:07:38:44 +0800] "GET / HTTP/1.1" 200 28987 "-" "Mozilla/5.0 (iPhone; CPU iPhone OS 18_5 like Mac OS X) AppleWebKit/605.1.15 (KHTML, like Gecko) Version/18.5 Mobile/15E148 Safari/604.1"
2401:e180:8c80:6a96:fd0d:702:cf8e:e20b - - [25/Aug/2026:07:38:44 +0800] "GET /wp-content/cache/www.gjes.ilc.edu.tw/wpfc-minified/loik9v0j/72cw.css HTTP/1.1" 200 1157 "https://www.gjes.ilc.edu.tw/" "Mozilla/5.0 (iPhone; CPU iPhone OS 18_5 like Mac OS X) AppleWebKit/605.1.15 (KHTML, like Gecko) Version/18.5 Mobile/15E148 Safari/604.1"
2401:e180:8c80:6a96:fd0d:702:cf8e:e20b - - [25/Aug/2026:07:38:44 +0800] "GET /wp-content/cache/www.gjes.ilc.edu.tw/wpfc-minified/fu08zcmx/72cw.css HTTP/1.1" 200 45684 "https://www.gjes.ilc.edu.tw/" "Mozilla/5.0 (iPhone; CPU iPhone OS 18_5 like Mac OS X) AppleWebKit/605.1.15 (KHTML, like Gecko) Version/18.5 Mobile/15E148 Safari/604.1"
2401:e180:8c80:6a96:fd0d:702:cf8e:e20b - - [25/Aug/2026:07:38:44 +0800] "GET /wp-content/cache/www.gjes.ilc.edu.tw/wpfc-minified/lnsg96io/72cw.js HTTP/1.1" 200 2359 "https://www.gjes.ilc.edu.tw/" "Mozilla/5.0 (iPhone; CPU iPhone OS 18_5 like Mac OS X) AppleWebKit/605.1.15 (KHTML, like Gecko) Version/18.5 Mobile/15E148 Safari/604.1"
2401:e180:8c80:6a96:fd0d:702:cf8e:e20b - - [25/Aug/2026:07:38:44 +0800] "GET /wp-content/cache/www.gjes.ilc.edu.tw/wpfc-minified/lw8arvsy/72cw.css HTTP/1.1" 200 59850 "https://www.gjes.ilc.edu.tw/" "Mozilla/5.0 (iPhone; CPU iPhone OS 18_5 like Mac OS X) AppleWebKit/605.1.15 (KHTML, like Gecko) Version/18.5 Mobile/15E148 Safari/604.1"
2401:e180:8c80:6a96:fd0d:702:cf8e:e20b - - [25/Aug/2026:07:38:44 +0800] "GET /wp-content/cache/www.gjes.ilc.edu.tw/wpfc-minified/jomxhdgo/72cw.css HTTP/1.1" 200 6815 "https://www.gjes.ilc.edu.tw/" "Mozilla/5.0 (iPhone; CPU iPhone OS 18_5 like Mac OS X) AppleWebKit/605.1.15 (KHTML, like Gecko) Version/18.5 Mobile/15E148 Safari/604.1"
2401:e180:8c80:6a96:fd0d:702:cf8e:e20b - - [25/Aug/2026:07:38:44 +0800] "GET /wp-content/uploads/sites/1664/elementor/css/post-2.css HTTP/1.1" 200 7396 "https://www.gjes.ilc.edu.tw/" "Mozilla/5.0 (iPhone; CPU iPhone OS 18_5 like Mac OS X) AppleWebKit/605.1.15 (KHTML, like Gecko) Version/18.5 Mobile/15E148 Safari/604.1"
2401:e180:8c80:6a96:fd0d:702:cf8e:e20b - - [25/Aug/2026:07:38:44 +0800] "GET /wp-content/cache/www.gjes.ilc.edu.tw/wpfc-minified/jp72otdk/72cw.js HTTP/1.1" 200 40358 "https://www.gjes.ilc.edu.tw/" "Mozilla/5.0 (iPhone; CPU iPhone OS 18_5 like Mac OS X) AppleWebKit/605.1.15 (KHTML, like Gecko) Version/18.5 Mobile/15E148 Safari/604.1"
2401:e180:8c80:6a96:fd0d:702:cf8e:e20b - - [25/Aug/2026:07:38:44 +0800] "GET /wp-content/uploads/sites/1664/2021/09/%E6%88%AA%E5%9C%96-2021-09-12-%E4%B8%8A%E5%8D%8811.55.37-1536x611.png HTTP/1.1" 200 232797 "https://www.gjes.ilc.edu.tw/" "Mozilla/5.0 (iPhone; CPU iPhone OS 18_5 like Mac OS X) AppleWebKit/605.1.15 (KHTML, like Gecko) Version/18.5 Mobile/15E148 Safari/604.1"
2401:e180:8c80:6a96:fd0d:702:cf8e:e20b - - [25/Aug/2026:07:38:44 +0800] "GET /wp-includes/js/hoverintent-js.min.js HTTP/1.1" 200 1597 "https://www.gjes.ilc.edu.tw/" "Mozilla/5.0 (iPhone; CPU iPhone OS 18_5 like Mac OS X) AppleWebKit/605.1.15 (KHTML, like Gecko) Version/18.5 Mobile/15E148 Safari/604.1"
2401:e180:8c80:6a96:fd0d:702:cf8e:e20b - - [25/Aug/2026:07:38:44 +0800] "GET /wp-includes/js/admin-bar.min.js HTTP/1.1" 200 2237 "https://www.gjes.ilc.edu.tw/" "Mozilla/5.0 (iPhone; CPU iPhone OS 18_5 like Mac OS X) AppleWebKit/605.1.15 (KHTML, like Gecko) Version/18.5 Mobile/15E148 Safari/604.1"
2401:e180:8c80:6a96:fd0d:702:cf8e:e20b - - [25/Aug/2026:07:38:44 +0800] "GET /wp-content/cache/www.gjes.ilc.edu.tw/wpfc-minified/d3mrt8qj/72cw.css HTTP/1.1" 200 85034 "https://www.gjes.ilc.edu.tw/" "Mozilla/5.0 (iPhone; CPU iPhone OS 18_5 like Mac OS X) AppleWebKit/605.1.15 (KHTML, like Gecko) Version/18.5 Mobile/15E148 Safari/604.1"
2401:e180:8c80:6a96:fd0d:702:cf8e:e20b - - [25/Aug/2026:07:38:44 +0800] "GET /wp-content/plugins/wp-statistics/assets/js/tracker.js HTTP/1.1" 200 2247 "https://www.gjes.ilc.edu.tw/" "Mozilla/5.0 (iPhone; CPU iPhone OS 18_5 like Mac OS X) AppleWebKit/605.1.15 (KHTML, like Gecko) Version/18.5 Mobile/15E148 Safari/604.1"
2401:e180:8c80:6a96:fd0d:702:cf8e:e20b - - [25/Aug/2026:07:38:44 +0800] "GET /wp-includes/js/imagesloaded.min.js HTTP/1.1" 200 2683 "https://www.gjes.ilc.edu.tw/" "Mozilla/5.0 (iPhone; CPU iPhone OS 18_5 like Mac OS X) AppleWebKit/605.1.15 (KHTML, like Gecko) Version/18.5 Mobile/15E148 Safari/604.1"
2401:e180:8c80:6a96:fd0d:702:cf8e:e20b - - [25/Aug/2026:07:38:44 +0800] "GET /wp-content/themes/oceanwp/assets/js/theme.min.js HTTP/1.1" 200 5130 "https://www.gjes.ilc.edu.tw/" "Mozilla/5.0 (iPhone; CPU iPhone OS 18_5 like Mac OS X) AppleWebKit/605.1.15 (KHTML, like Gecko) Version/18.5 Mobile/15E148 Safari/604.1"
2401:e180:8c80:6a96:fd0d:702:cf8e:e20b - - [25/Aug/2026:07:38:44 +0800] "GET /wp-content/themes/oceanwp/assets/js/drop-down-mobile-menu.min.js HTTP/1.1" 200 4663 "https://www.gjes.ilc.edu.tw/" "Mozilla/5.0 (iPhone; CPU iPhone OS 18_5 like Mac OS X) AppleWebKit/605.1.15 (KHTML, like Gecko) Version/18.5 Mobile/15E148 Safari/604.1"
2401:e180:8c80:6a96:fd0d:702:cf8e:e20b - - [25/Aug/2026:07:38:44 +0800] "GET /wp-content/themes/oceanwp/assets/js/drop-down-search.min.js HTTP/1.1" 200 2968 "https://www.gjes.ilc.edu.tw/" "Mozilla/5.0 (iPhone; CPU iPhone OS 18_5 like Mac OS X) AppleWebKit/605.1.15 (KHTML, like Gecko) Version/18.5 Mobile/15E148 Safari/604.1"
2401:e180:8c80:6a96:fd0d:702:cf8e:e20b - - [25/Aug/2026:07:38:44 +0800] "GET /wp-content/themes/oceanwp/assets/js/ow-lightbox.min.js HTTP/1.1" 200 2321 "https://www.gjes.ilc.edu.tw/" "Mozilla/5.0 (iPhone; CPU iPhone OS 18_5 like Mac OS X) AppleWebKit/605.1.15 (KHTML, like Gecko) Version/18.5 Mobile/15E148 Safari/604.1"
2401:e180:8c80:6a96:fd0d:702:cf8e:e20b - - [25/Aug/2026:07:38:44 +0800] "GET /wp-content/themes/oceanwp/assets/js/vendors/magnific-popup.min.js HTTP/1.1" 200 8270 "https://www.gjes.ilc.edu.tw/" "Mozilla/5.0 (iPhone; CPU iPhone OS 18_5 like Mac OS X) AppleWebKit/605.1.15 (KHTML, like Gecko) Version/18.5 Mobile/15E148 Safari/604.1"
2401:e180:8c80:6a96:fd0d:702:cf8e:e20b - - [25/Aug/2026:07:38:44 +0800] "GET /wp-content/themes/oceanwp/assets/js/vendors/flickity.pkgd.min.js HTTP/1.1" 200 15048 "https://www.gjes.ilc.edu.tw/" "Mozilla/5.0 (iPhone; CPU iPhone OS 18_5 like Mac OS X) AppleWebKit/605.1.15 (KHTML, like Gecko) Version/18.5 Mobile/15E148 Safari/604.1"
2401:e180:8c80:6a96:fd0d:702:cf8e:e20b - - [25/Aug/2026:07:38:44 +0800] "GET /wp-content/themes/oceanwp/assets/js/ow-slider.min.js HTTP/1.1" 200 1761 "https://www.gjes.ilc.edu.tw/" "Mozilla/5.0 (iPhone; CPU iPhone OS 18_5 like Mac OS X) AppleWebKit/605.1.15 (KHTML, like Gecko) Version/18.5 Mobile/15E148 Safari/604.1"
2401:e180:8c80:6a96:fd0d:702:cf8e:e20b - - [25/Aug/2026:07:38:44 +0800] "GET /wp-content/themes/oceanwp/assets/js/scroll-effect.min.js HTTP/1.1" 200 4127 "https://www.gjes.ilc.edu.tw/" "Mozilla/5.0 (iPhone; CPU iPhone OS 18_5 like Mac OS X) AppleWebKit/605.1.15 (KHTML, like Gecko) Version/18.5 Mobile/15E148 Safari/604.1"
