2409:8c02:21c:c0::42 - - [25/Aug/2026:07:47:27 +0800] "GET /kkestable/wp-content/themes/oceanwp/assets/js/drop-down-search.min.js HTTP/1.1" 200 2968 "https://2blog.ilc.edu.tw/kkestable/2023/" "Mozilla/5.0 (Windows NT 10.0; Win64; x64) AppleWebKit/537.36 (KHTML, like Gecko) Chrome/144.0.0.0 Safari/537.36"
2409:8c02:21c:c0::42 - - [25/Aug/2026:07:47:27 +0800] "GET /kkestable/wp-content/themes/oceanwp/assets/js/vendors/magnific-popup.min.js HTTP/1.1" 200 8270 "https://2blog.ilc.edu.tw/kkestable/2023/" "Mozilla/5.0 (Windows NT 10.0; Win64; x64) AppleWebKit/537.36 (KHTML, like Gecko) Chrome/144.0.0.0 Safari/537.36"
2409:8c02:21c:c0::42 - - [25/Aug/2026:07:47:28 +0800] "GET /kkestable/wp-content/themes/oceanwp/assets/js/ow-lightbox.min.js HTTP/1.1" 200 2321 "https://2blog.ilc.edu.tw/kkestable/2023/" "Mozilla/5.0 (Windows NT 10.0; Win64; x64) AppleWebKit/537.36 (KHTML, like Gecko) Chrome/144.0.0.0 Safari/537.36"
2409:8c02:21c:c0::42 - - [25/Aug/2026:07:47:28 +0800] "GET /kkestable/wp-content/themes/oceanwp/assets/js/vendors/flickity.pkgd.min.js HTTP/1.1" 200 15048 "https://2blog.ilc.edu.tw/kkestable/2023/" "Mozilla/5.0 (Windows NT 10.0; Win64; x64) AppleWebKit/537.36 (KHTML, like Gecko) Chrome/144.0.0.0 Safari/537.36"
2409:8c02:21c:c0::42 - - [25/Aug/2026:07:47:28 +0800] "GET /kkestable/wp-content/themes/oceanwp/assets/js/ow-slider.min.js HTTP/1.1" 200 1761 "https://2blog.ilc.edu.tw/kkestable/2023/" "Mozilla/5.0 (Windows NT 10.0; Win64; x64) AppleWebKit/537.36 (KHTML, like Gecko) Chrome/144.0.0.0 Safari/537.36"
2409:8c02:21c:c0::42 - - [25/Aug/2026:07:47:28 +0800] "GET /kkestable/wp-content/themes/oceanwp/assets/js/scroll-effect.min.js HTTP/1.1" 200 4127 "https://2blog.ilc.edu.tw/kkestable/2023/" "Mozilla/5.0 (Windows NT 10.0; Win64; x64) AppleWebKit/537.36 (KHTML, like Gecko) Chrome/144.0.0.0 Safari/537.36"
2409:8c02:21c:c0::42 - - [25/Aug/2026:07:47:28 +0800] "GET /kkestable/wp-content/themes/oceanwp/assets/js/scroll-top.min.js HTTP/1.1" 200 3202 "https://2blog.ilc.edu.tw/kkestable/2023/" "Mozilla/5.0 (Windows NT 10.0; Win64; x64) AppleWebKit/537.36 (KHTML, like Gecko) Chrome/144.0.0.0 Safari/537.36"
2409:8c02:21c:c0::42 - - [25/Aug/2026:07:47:28 +0800] "GET /kkestable/wp-content/themes/oceanwp/assets/js/select.min.js HTTP/1.1" 200 2408 "https://2blog.ilc.edu.tw/kkestable/2023/" "Mozilla/5.0 (Windows NT 10.0; Win64; x64) AppleWebKit/537.36 (KHTML, like Gecko) Chrome/144.0.0.0 Safari/537.36"
2409:8718:6c5a:11e1::2 - - [25/Aug/2026:07:47:29 +0800] "GET /wp-content/themes/oceanwp/assets/fonts/simple-line-icons/Simple-Line-Icons.woff2?v=2.4.0 HTTP/1.1" 200 35761 "https://www.tses.ilc.edu.tw/wp-content/cache/www.tses.ilc.edu.tw/wpfc-minified/kp2hksho/77b4.css" "Mozilla/5.0 (Windows NT 10.0; Win64; x64) AppleWebKit/537.36 (KHTML, like Gecko) Chrome/144.0.0.0 Safari/537.36"
2001:288:a201::66:125 - - [25/Aug/2026:07:47:30 +0800] "GET /blog/active.php HTTP/1.1" 404 1084 "-" "-"
2001:288:a201::66:125 - - [25/Aug/2026:07:47:30 +0800] "GET /blog/active.php HTTP/1.1" 301 1026 "-" "-"
2409:8c02:21c:c0::42 - - [25/Aug/2026:07:47:31 +0800] "GET /kkestable/wp-content/themes/oceanwp/assets/fonts/simple-line-icons/Simple-Line-Icons.woff2?v=2.4.0 HTTP/1.1" 200 30959 "https://2blog.ilc.edu.tw/kkestable/wp-content/cache/2blog.ilc.edu.tw/wpfc-minified/etdpj0r9/7uljf.css" "Mozilla/5.0 (Windows NT 10.0; Win64; x64) AppleWebKit/537.36 (KHTML, like Gecko) Chrome/144.0.0.0 Safari/537.36"
2409:8718:6c5a:11e1::2 - - [25/Aug/2026:07:47:31 +0800] "GET /wp-content/uploads/sites/1389/6055/6055-1751989.jpg HTTP/1.1" 200 20593 "https://www.tses.ilc.edu.tw/category/uncategorized/" "Mozilla/5.0 (Windows NT 10.0; Win64; x64) AppleWebKit/537.36 (KHTML, like Gecko) Chrome/144.0.0.0 Safari/537.36"
2a03:2880:f802:17:: - - [25/Aug/2026:07:47:30 +0800] "GET /wp-login.php?key=ludlv381&_wpnonce=&action=ilc_logout&redirect_to=https%3A%2F%2Fgame.edu.kg HTTP/1.1" 302 8248 "-" "Mozilla/5.0 (Windows NT 10.0; Win64; x64) AppleWebKit/537.36 (KHTML, like Gecko) Chrome/145.0.0.0 Safari/537.36 (compatible; meta-externalagent/1.1 (+https://developers.facebook.com/docs/sharing/webmasters/crawler))"
140.111.67.10 - - [25/Aug/2026:07:47:31 +0800] "GET /" 301 273 "-" "-"
140.111.67.195 - - [25/Aug/2026:07:47:32 +0800] "GET /wp-admin/admin-post.php?action=steps_ad HTTP/1.1" 200 6425 "-" "node-fetch/1.0 (+https://github.com/bitinn/node-fetch)"
140.111.67.195 - - [25/Aug/2026:07:47:32 +0800] "GET /wp-admin/admin-post.php?action=steps_ad HTTP/1.1" 200 1649 "-" "node-fetch/1.0 (+https://github.com/bitinn/node-fetch)"
120.101.218.55 - - [25/Aug/2026:07:47:33 +0800] "-" 408 4803 "-" "-"
::1 - - [25/Aug/2026:07:47:34 +0800] "OPTIONS * HTTP/1.0" 200 110 "-" "Apache/2.4.68 (Ubuntu) OpenSSL/3.0.19 (internal dummy connection)"
::1 - - [25/Aug/2026:07:47:35 +0800] "OPTIONS * HTTP/1.0" 200 110 "-" "Apache/2.4.68 (Ubuntu) OpenSSL/3.0.19 (internal dummy connection)"
2001:288:a201::66:125 - - [25/Aug/2026:07:47:35 +0800] "GET /blog/active.php HTTP/1.1" 404 1084 "-" "-"
2001:288:a201::66:125 - - [25/Aug/2026:07:47:35 +0800] "GET /blog/active.php HTTP/1.1" 301 1026 "-" "-"
::1 - - [25/Aug/2026:07:47:36 +0800] "OPTIONS * HTTP/1.0" 200 110 "-" "Apache/2.4.68 (Ubuntu) OpenSSL/3.0.19 (internal dummy connection)"
2409:8c02:21c:c0::42 - - [25/Aug/2026:07:47:31 +0800] "GET /kkestable/wp-content/themes/oceanwp/assets/fonts/fontawesome/webfonts/fa-solid-900.woff2 HTTP/1.1" 200 133920 "https://2blog.ilc.edu.tw/kkestable/wp-content/cache/2blog.ilc.edu.tw/wpfc-minified/etdpj0r9/7uljf.css" "Mozilla/5.0 (Windows NT 10.0; Win64; x64) AppleWebKit/537.36 (KHTML, like Gecko) Chrome/144.0.0.0 Safari/537.36"
140.111.67.10 - - [25/Aug/2026:07:47:37 +0800] "GET /" 301 273 "-" "-"
2a00:ccc0:ffff:ee8:ee8:bd64:ee8:bd64 - - [25/Aug/2026:07:47:36 +0800] "GET / HTTP/1.1" 200 84227 "-" "Mozilla/5.0 (Windows NT 10.0; Win64; x64; rv:148.0) Gecko/20100101 Firefox/148.0"
::1 - - [25/Aug/2026:07:47:37 +0800] "OPTIONS * HTTP/1.0" 200 110 "-" "Apache/2.4.68 (Ubuntu) OpenSSL/3.0.19 (internal dummy connection)"
240e:90e:2000:2006::1283 - - [25/Aug/2026:07:47:37 +0800] "GET /26148/wp-content/uploads/sites/1077/2026/08/%E3%80%8C%E7%AC%AC13%E5%B1%86%E7%AC%AC3%E6%AC%A1%E9%91%91%E8%BC%94%E6%9C%83%E8%AD%B0%E7%B4%80%E9%8C%84%E3%80%8D.pdf HTTP/1.1" 200 66081 "-" "Mozilla/5.0 (Windows NT 10.0; Win64; x64) AppleWebKit/537.36 (KHTML, like Gecko) Chrome/144.0.0.0 Safari/537.36"
140.111.67.195 - - [25/Aug/2026:07:47:38 +0800] "GET /wp-admin/admin-post.php?action=steps_ad HTTP/1.1" 200 1973 "-" "node-fetch/1.0 (+https://github.com/bitinn/node-fetch)"
::1 - - [25/Aug/2026:07:47:38 +0800] "OPTIONS * HTTP/1.0" 200 110 "-" "Apache/2.4.68 (Ubuntu) OpenSSL/3.0.19 (internal dummy connection)"
::1 - - [25/Aug/2026:07:47:39 +0800] "OPTIONS * HTTP/1.0" 200 110 "-" "Apache/2.4.68 (Ubuntu) OpenSSL/3.0.19 (internal dummy connection)"
::1 - - [25/Aug/2026:07:47:40 +0800] "OPTIONS * HTTP/1.0" 200 110 "-" "Apache/2.4.68 (Ubuntu) OpenSSL/3.0.19 (internal dummy connection)"
2001:288:a201::66:125 - - [25/Aug/2026:07:47:40 +0800] "GET /blog/active.php HTTP/1.1" 404 1084 "-" "-"
2001:288:a201::66:125 - - [25/Aug/2026:07:47:40 +0800] "GET /blog/active.php HTTP/1.1" 301 1026 "-" "-"
140.111.67.10 - - [25/Aug/2026:07:47:41 +0800] "GET /" 301 273 "-" "-"
140.111.67.195 - - [25/Aug/2026:07:47:43 +0800] "GET /wp-admin/admin-post.php?action=steps_ad HTTP/1.1" 200 1649 "-" "node-fetch/1.0 (+https://github.com/bitinn/node-fetch)"
2a03:2880:f814:2a:: - - [25/Aug/2026:07:47:41 +0800] "GET / HTTP/1.1" 200 28415 "-" "facebookexternalhit/1.1 (+http://www.facebook.com/externalhit_uatext.php)"
::1 - - [25/Aug/2026:07:47:44 +0800] "OPTIONS * HTTP/1.0" 200 110 "-" "Apache/2.4.68 (Ubuntu) OpenSSL/3.0.19 (internal dummy connection)"
2001:288:a201::66:125 - - [25/Aug/2026:07:47:45 +0800] "GET /blog/active.php HTTP/1.1" 404 1084 "-" "-"
2001:288:a201::66:125 - - [25/Aug/2026:07:47:45 +0800] "GET /blog/active.php HTTP/1.1" 301 1026 "-" "-"
140.111.67.10 - - [25/Aug/2026:07:47:46 +0800] "GET /" 301 273 "-" "-"
140.111.67.195 - - [25/Aug/2026:07:47:47 +0800] "GET /wp-admin/admin-post.php?action=steps_ad HTTP/1.1" 200 1649 "-" "node-fetch/1.0 (+https://github.com/bitinn/node-fetch)"
2a13:f40:25ef:49fa:919a:5720:8346:520e - - [25/Aug/2026:07:47:50 +0800] "GET /afterschool/ HTTP/1.1" 200 19757 "-" "Mozilla/5.0 (Macintosh; Intel Mac OS X 10_15_7) AppleWebKit/605.1.15 (KHTML, like Gecko) Version/26.0.1 Safari/605.1.15"
2001:288:a201::66:125 - - [25/Aug/2026:07:47:50 +0800] "GET /blog/active.php HTTP/1.1" 404 1084 "-" "-"
2001:288:a201::66:125 - - [25/Aug/2026:07:47:50 +0800] "GET /blog/active.php HTTP/1.1" 301 1026 "-" "-"
2409:8728:90fe:1c01::1d4 - - [25/Aug/2026:07:47:50 +0800] "GET /39664/2020/05 HTTP/1.1" 301 5764 "-" "Mozilla/5.0 (Windows NT 10.0; Win64; x64) AppleWebKit/537.36 (KHTML, like Gecko) Chrome/144.0.0.0 Safari/537.36"
2a03:2880:f802:1b:: - - [25/Aug/2026:07:47:50 +0800] "GET /wp-login.php?key=n8ubs375&_wpnonce=&action=ilc_logout&redirect_to=https%3A%2F%2Fgame.edu.kg HTTP/1.1" 302 8248 "-" "Mozilla/5.0 (Windows NT 10.0; Win64; x64) AppleWebKit/537.36 (KHTML, like Gecko) Chrome/145.0.0.0 Safari/537.36 (compatible; meta-externalagent/1.1 (+https://developers.facebook.com/docs/sharing/webmasters/crawler))"
140.111.67.10 - - [25/Aug/2026:07:47:52 +0800] "GET /" 301 273 "-" "-"
2001:288:a21a:1:d52:ea3b:b3b1:b9df - - [25/Aug/2026:07:47:53 +0800] "-" 408 4801 "-" "-"
2409:8728:90fe:1c01::1d4 - - [25/Aug/2026:07:47:53 +0800] "GET /39664/2020/05/ HTTP/1.1" 200 12762 "-" "Mozilla/5.0 (Windows NT 10.0; Win64; x64) AppleWebKit/537.36 (KHTML, like Gecko) Chrome/144.0.0.0 Safari/537.36"
2001:4860:7:510::f5 - - [25/Aug/2026:07:47:54 +0800] "GET / HTTP/1.1" 200 20466 "https://www.google.com/" "Mozilla/5.0 (Windows NT 10.0; Win64; x64) AppleWebKit/537.36 (KHTML, like Gecko) Chrome/151.0.0.0 Safari/537.36"
2409:8728:90fe:1c01::1d4 - - [25/Aug/2026:07:47:54 +0800] "GET /39664/wp-content/cache/2blog.ilc.edu.tw/wpfc-minified/qx4prmkh/5wp3s.css HTTP/1.1" 200 40888 "https://2blog.ilc.edu.tw/39664/2020/05/" "Mozilla/5.0 (Windows NT 10.0; Win64; x64) AppleWebKit/537.36 (KHTML, like Gecko) Chrome/144.0.0.0 Safari/537.36"
2001:288:a201::66:125 - - [25/Aug/2026:07:47:55 +0800] "GET /blog/active.php HTTP/1.1" 301 1026 "-" "-"
2001:288:a201::66:125 - - [25/Aug/2026:07:47:55 +0800] "GET /blog/active.php HTTP/1.1" 404 1084 "-" "-"
140.111.67.10 - - [25/Aug/2026:07:47:56 +0800] "GET /" 301 273 "-" "-"
::1 - - [25/Aug/2026:07:48:00 +0800] "OPTIONS * HTTP/1.0" 200 110 "-" "Apache/2.4.68 (Ubuntu) OpenSSL/3.0.19 (internal dummy connection)"
2001:288:a201::66:125 - - [25/Aug/2026:07:48:00 +0800] "GET /blog/active.php HTTP/1.1" 301 1026 "-" "-"
2001:288:a201::66:125 - - [25/Aug/2026:07:48:00 +0800] "GET /blog/active.php HTTP/1.1" 404 1084 "-" "-"
140.111.67.86 - - [25/Aug/2026:07:48:01 +0800] "GET / HTTP/1.1" 200 56291 "-" "curl/7.81.0"
2001:288:a201::67:81 - - [25/Aug/2026:07:48:01 +0800] "GET / HTTP/1.1" 200 56291 "-" "curl/7.81.0"
140.111.67.10 - - [25/Aug/2026:07:48:02 +0800] "GET /" 301 273 "-" "-"
2001:288:a217:1:c4e8:7f21:2064:113 - - [25/Aug/2026:07:48:03 +0800] "GET /wp-content/uploads/sites/3846/2026/08/%E8%BE%B2%E6%A5%AD%E9%83%A8%E5%BB%A3%E5%91%8A.jpg HTTP/1.1" 304 5581 "https://it.ilc.edu.tw/" "Mozilla/5.0 (Windows NT 10.0; Win64; x64) AppleWebKit/537.36 (KHTML, like Gecko) Chrome/151.0.0.0 Safari/537.36"
2001:288:a201::66:125 - - [25/Aug/2026:07:48:05 +0800] "GET /blog/active.php HTTP/1.1" 301 1026 "-" "-"
2001:288:a201::66:125 - - [25/Aug/2026:07:48:05 +0800] "GET /blog/active.php HTTP/1.1" 404 1084 "-" "-"
140.111.67.10 - - [25/Aug/2026:07:48:07 +0800] "GET /" 301 273 "-" "-"
2a03:2880:f802:11:: - - [25/Aug/2026:07:48:07 +0800] "GET /wp-login.php?key=gvvq5379&_wpnonce=&action=ilc_logout&redirect_to=https%3A%2F%2Fwww.aayyy.com HTTP/1.1" 302 8250 "-" "Mozilla/5.0 (Macintosh; Intel Mac OS X 10_15_7) AppleWebKit/537.36 (KHTML, like Gecko) Chrome/145.0.0.0 Safari/537.36 (compatible; meta-externalagent/1.1 (+https://developers.facebook.com/docs/sharing/webmasters/crawler))"
2001:288:a201::66:125 - - [25/Aug/2026:07:48:10 +0800] "GET /blog/active.php HTTP/1.1" 301 1026 "-" "-"
2001:288:a201::66:125 - - [25/Aug/2026:07:48:10 +0800] "GET /blog/active.php HTTP/1.1" 404 1084 "-" "-"
2a03:2880:11ff:: - - [25/Aug/2026:07:48:10 +0800] "GET /kses1113a/2024/05/17/113%e5%b9%b45%e6%9c%8820%e6%97%a5%e8%81%af%e7%b5%a1%e7%b0%bf/ HTTP/1.1" 200 17661 "-" "Mozilla/5.0 (Macintosh; Intel Mac OS X 10_15_7) AppleWebKit/537.36 (KHTML, like Gecko) Chrome/145.0.0.0 Safari/537.36 (compatible; meta-webindexer/1.1 (+https://developers.facebook.com/docs/sharing/webmasters/crawler))"
2a03:2880:18ff:42:: - - [25/Aug/2026:07:48:11 +0800] "GET /kses1113a/wp-content/cache/2blog.ilc.edu.tw/wpfc-minified/qhxntxve/5wp7o.js HTTP/1.1" 200 6439 "https://2blog.ilc.edu.tw/kses1113a/2024/05/17/113%e5%b9%b45%e6%9c%8820%e6%97%a5%e8%81%af%e7%b5%a1%e7%b0%bf/" "Mozilla/5.0 (Macintosh; Intel Mac OS X 10_15_7) AppleWebKit/537.36 (KHTML, like Gecko) Chrome/145.0.0.0 Safari/537.36 (compatible; meta-webindexer/1.1 (+https://developers.facebook.com/docs/sharing/webmasters/crawler))"
2001:b011:7807:f78f:d9ab:53d1:1cf9:9da9 - - [25/Aug/2026:07:48:11 +0800] "-" 408 4801 "-" "-"
140.111.67.10 - - [25/Aug/2026:07:48:12 +0800] "GET /" 301 273 "-" "-"
2001:288:a201::66:125 - - [25/Aug/2026:07:48:15 +0800] "GET /blog/active.php HTTP/1.1" 404 1084 "-" "-"
2001:288:a201::66:125 - - [25/Aug/2026:07:48:15 +0800] "GET /blog/active.php HTTP/1.1" 301 1026 "-" "-"
140.111.67.10 - - [25/Aug/2026:07:48:17 +0800] "GET /" 301 273 "-" "-"
2001:288:a201::66:125 - - [25/Aug/2026:07:48:20 +0800] "GET /blog/active.php HTTP/1.1" 404 1084 "-" "-"
2001:288:a201::66:125 - - [25/Aug/2026:07:48:20 +0800] "GET /blog/active.php HTTP/1.1" 301 1026 "-" "-"
2408:8678:e00:4:0:1:0:26 - - [25/Aug/2026:07:48:21 +0800] "GET /category/c-85648 HTTP/1.1" 301 5766 "-" "Mozilla/5.0 (Windows NT 10.0; Win64; x64) AppleWebKit/537.36 (KHTML, like Gecko) Chrome/144.0.0.0 Safari/537.36"
140.111.67.10 - - [25/Aug/2026:07:48:22 +0800] "GET /" 301 273 "-" "-"
2408:8678:e00:4:0:1:0:26 - - [25/Aug/2026:07:48:22 +0800] "GET /category/c-85648/ HTTP/1.1" 200 10235 "-" "Mozilla/5.0 (Windows NT 10.0; Win64; x64) AppleWebKit/537.36 (KHTML, like Gecko) Chrome/144.0.0.0 Safari/537.36"
2408:8678:e00:4:0:1:0:26 - - [25/Aug/2026:07:48:22 +0800] "GET /wp-content/cache/test.ilc.edu.tw/wpfc-minified/qsddbrkx/v9g6.css HTTP/1.1" 200 40877 "https://test.ilc.edu.tw/category/c-85648/" "Mozilla/5.0 (Windows NT 10.0; Win64; x64) AppleWebKit/537.36 (KHTML, like Gecko) Chrome/144.0.0.0 Safari/537.36"
2408:8678:e00:4:0:1:0:26 - - [25/Aug/2026:07:48:23 +0800] "GET /wp-content/cache/test.ilc.edu.tw/wpfc-minified/kaii29zg/v9g6.css HTTP/1.1" 200 15777 "https://test.ilc.edu.tw/category/c-85648/" "Mozilla/5.0 (Windows NT 10.0; Win64; x64) AppleWebKit/537.36 (KHTML, like Gecko) Chrome/144.0.0.0 Safari/537.36"
2408:8678:e00:4:0:1:0:26 - - [25/Aug/2026:07:48:23 +0800] "GET /wp-content/cache/test.ilc.edu.tw/wpfc-minified/e2vmcw1g/v9g6.css HTTP/1.1" 200 1157 "https://test.ilc.edu.tw/category/c-85648/" "Mozilla/5.0 (Windows NT 10.0; Win64; x64) AppleWebKit/537.36 (KHTML, like Gecko) Chrome/144.0.0.0 Safari/537.36"
2408:8678:e00:4:0:1:0:26 - - [25/Aug/2026:07:48:24 +0800] "GET /wp-content/cache/test.ilc.edu.tw/wpfc-minified/7ygmvh0g/v9g6.css HTTP/1.1" 200 54247 "https://test.ilc.edu.tw/category/c-85648/" "Mozilla/5.0 (Windows NT 10.0; Win64; x64) AppleWebKit/537.36 (KHTML, like Gecko) Chrome/144.0.0.0 Safari/537.36"
2a03:2880:16ff:16:: - - [25/Aug/2026:07:48:24 +0800] "GET /robots.txt HTTP/1.1" 200 5602 "-" "facebookexternalhit/1.1 (+http://www.facebook.com/externalhit_uatext.php)"
2408:8678:e00:4:0:1:0:26 - - [25/Aug/2026:07:48:24 +0800] "GET /wp-content/cache/test.ilc.edu.tw/wpfc-minified/1131a0d2/v9g6.js HTTP/1.1" 200 35547 "https://test.ilc.edu.tw/category/c-85648/" "Mozilla/5.0 (Windows NT 10.0; Win64; x64) AppleWebKit/537.36 (KHTML, like Gecko) Chrome/144.0.0.0 Safari/537.36"
2408:8678:e00:4:0:1:0:26 - - [25/Aug/2026:07:48:24 +0800] "GET /wp-includes/js/hoverintent-js.min.js HTTP/1.1" 200 1597 "https://test.ilc.edu.tw/category/c-85648/" "Mozilla/5.0 (Windows NT 10.0; Win64; x64) AppleWebKit/537.36 (KHTML, like Gecko) Chrome/144.0.0.0 Safari/537.36"
2408:8678:e00:4:0:1:0:26 - - [25/Aug/2026:07:48:25 +0800] "GET /wp-content/themes/oceanwp/assets/fonts/simple-line-icons/Simple-Line-Icons.woff2?v=2.4.0 HTTP/1.1" 200 30959 "https://test.ilc.edu.tw/wp-content/cache/test.ilc.edu.tw/wpfc-minified/7ygmvh0g/v9g6.css" "Mozilla/5.0 (Windows NT 10.0; Win64; x64) AppleWebKit/537.36 (KHTML, like Gecko) Chrome/144.0.0.0 Safari/537.36"
120.101.218.55 - - [25/Aug/2026:07:48:25 +0800] "-" 408 339 "-" "-"
2408:8678:e00:4:0:1:0:26 - - [25/Aug/2026:07:48:25 +0800] "GET /wp-content/themes/oceanwp/assets/fonts/fontawesome/webfonts/fa-solid-900.woff2 HTTP/1.1" 200 151246 "https://test.ilc.edu.tw/wp-content/cache/test.ilc.edu.tw/wpfc-minified/7ygmvh0g/v9g6.css" "Mozilla/5.0 (Windows NT 10.0; Win64; x64) AppleWebKit/537.36 (KHTML, like Gecko) Chrome/144.0.0.0 Safari/537.36"
2001:288:a201::66:125 - - [25/Aug/2026:07:48:25 +0800] "GET /blog/active.php HTTP/1.1" 404 1084 "-" "-"
2001:288:a201::66:125 - - [25/Aug/2026:07:48:25 +0800] "GET /blog/active.php HTTP/1.1" 301 1026 "-" "-"
2408:8678:e00:4:0:1:0:26 - - [25/Aug/2026:07:48:26 +0800] "GET /wp-includes/js/admin-bar.min.js HTTP/1.1" 200 2237 "https://test.ilc.edu.tw/category/c-85648/" "Mozilla/5.0 (Windows NT 10.0; Win64; x64) AppleWebKit/537.36 (KHTML, like Gecko) Chrome/144.0.0.0 Safari/537.36"
2408:8678:e00:4:0:1:0:26 - - [25/Aug/2026:07:48:26 +0800] "GET /wp-includes/js/imagesloaded.min.js HTTP/1.1" 200 2683 "https://test.ilc.edu.tw/category/c-85648/" "Mozilla/5.0 (Windows NT 10.0; Win64; x64) AppleWebKit/537.36 (KHTML, like Gecko) Chrome/144.0.0.0 Safari/537.36"
2408:8678:e00:4:0:1:0:26 - - [25/Aug/2026:07:48:26 +0800] "GET /wp-content/themes/oceanwp/assets/js/theme.min.js HTTP/1.1" 200 5130 "https://test.ilc.edu.tw/category/c-85648/" "Mozilla/5.0 (Windows NT 10.0; Win64; x64) AppleWebKit/537.36 (KHTML, like Gecko) Chrome/144.0.0.0 Safari/537.36"
140.111.67.10 - - [25/Aug/2026:07:48:27 +0800] "GET /" 301 273 "-" "-"
2408:8678:e00:4:0:1:0:26 - - [25/Aug/2026:07:48:27 +0800] "GET /wp-content/themes/oceanwp/assets/js/drop-down-mobile-menu.min.js HTTP/1.1" 200 4663 "https://test.ilc.edu.tw/category/c-85648/" "Mozilla/5.0 (Windows NT 10.0; Win64; x64) AppleWebKit/537.36 (KHTML, like Gecko) Chrome/144.0.0.0 Safari/537.36"
2408:8678:e00:4:0:1:0:26 - - [25/Aug/2026:07:48:27 +0800] "GET /wp-content/themes/oceanwp/assets/js/drop-down-search.min.js HTTP/1.1" 200 2968 "https://test.ilc.edu.tw/category/c-85648/" "Mozilla/5.0 (Windows NT 10.0; Win64; x64) AppleWebKit/537.36 (KHTML, like Gecko) Chrome/144.0.0.0 Safari/537.36"
2408:8678:e00:4:0:1:0:26 - - [25/Aug/2026:07:48:27 +0800] "GET /wp-content/themes/oceanwp/assets/js/vendors/magnific-popup.min.js HTTP/1.1" 200 8270 "https://test.ilc.edu.tw/category/c-85648/" "Mozilla/5.0 (Windows NT 10.0; Win64; x64) AppleWebKit/537.36 (KHTML, like Gecko) Chrome/144.0.0.0 Safari/537.36"
2408:8678:e00:4:0:1:0:26 - - [25/Aug/2026:07:48:28 +0800] "GET /wp-content/themes/oceanwp/assets/js/ow-lightbox.min.js HTTP/1.1" 200 2321 "https://test.ilc.edu.tw/category/c-85648/" "Mozilla/5.0 (Windows NT 10.0; Win64; x64) AppleWebKit/537.36 (KHTML, like Gecko) Chrome/144.0.0.0 Safari/537.36"
2408:8678:e00:4:0:1:0:26 - - [25/Aug/2026:07:48:28 +0800] "GET /wp-content/themes/oceanwp/assets/js/vendors/flickity.pkgd.min.js HTTP/1.1" 200 15048 "https://test.ilc.edu.tw/category/c-85648/" "Mozilla/5.0 (Windows NT 10.0; Win64; x64) AppleWebKit/537.36 (KHTML, like Gecko) Chrome/144.0.0.0 Safari/537.36"
2408:8678:e00:4:0:1:0:26 - - [25/Aug/2026:07:48:28 +0800] "GET /wp-content/themes/oceanwp/assets/js/ow-slider.min.js HTTP/1.1" 200 2100 "https://test.ilc.edu.tw/category/c-85648/" "Mozilla/5.0 (Windows NT 10.0; Win64; x64) AppleWebKit/537.36 (KHTML, like Gecko) Chrome/144.0.0.0 Safari/537.36"
2408:8678:e00:4:0:1:0:26 - - [25/Aug/2026:07:48:28 +0800] "GET /wp-content/themes/oceanwp/assets/js/scroll-effect.min.js HTTP/1.1" 200 4466 "https://test.ilc.edu.tw/category/c-85648/" "Mozilla/5.0 (Windows NT 10.0; Win64; x64) AppleWebKit/537.36 (KHTML, like Gecko) Chrome/144.0.0.0 Safari/537.36"
2408:8678:e00:4:0:1:0:26 - - [25/Aug/2026:07:48:28 +0800] "GET /wp-content/themes/oceanwp/assets/js/scroll-top.min.js HTTP/1.1" 200 7996 "https://test.ilc.edu.tw/category/c-85648/" "Mozilla/5.0 (Windows NT 10.0; Win64; x64) AppleWebKit/537.36 (KHTML, like Gecko) Chrome/144.0.0.0 Safari/537.36"
2408:8678:e00:4:0:1:0:26 - - [25/Aug/2026:07:48:28 +0800] "GET /wp-content/themes/oceanwp/assets/js/select.min.js HTTP/1.1" 200 7202 "https://test.ilc.edu.tw/category/c-85648/" "Mozilla/5.0 (Windows NT 10.0; Win64; x64) AppleWebKit/537.36 (KHTML, like Gecko) Chrome/144.0.0.0 Safari/537.36"
2001:288:a201::66:125 - - [25/Aug/2026:07:48:30 +0800] "GET /blog/active.php HTTP/1.1" 404 1084 "-" "-"
2001:288:a201::66:125 - - [25/Aug/2026:07:48:30 +0800] "GET /blog/active.php HTTP/1.1" 301 1026 "-" "-"
140.111.67.10 - - [25/Aug/2026:07:48:31 +0800] "GET /" 301 273 "-" "-"
::1 - - [25/Aug/2026:07:48:32 +0800] "OPTIONS * HTTP/1.0" 200 110 "-" "Apache/2.4.68 (Ubuntu) OpenSSL/3.0.19 (internal dummy connection)"
2001:4860:7:510::f - - [25/Aug/2026:07:48:32 +0800] "GET /admission/ HTTP/1.1" 200 22626 "https://www.google.com/" "Mozilla/5.0 (Windows NT 10.0; Win64; x64) AppleWebKit/537.36 (KHTML, like Gecko) Chrome/151.0.0.0 Safari/537.36"
::1 - - [25/Aug/2026:07:48:33 +0800] "OPTIONS * HTTP/1.0" 200 110 "-" "Apache/2.4.68 (Ubuntu) OpenSSL/3.0.19 (internal dummy connection)"
2409:8a00:780a:4dc7:c87:e9b1:740c:17b3 - - [25/Aug/2026:07:48:33 +0800] "GET /41799/2020/04/10 HTTP/1.1" 301 5767 "-" "Mozilla/5.0 (Windows NT 10.0; Win64; x64) AppleWebKit/537.36 (KHTML, like Gecko) Chrome/144.0.0.0 Safari/537.36"
::1 - - [25/Aug/2026:07:48:34 +0800] "OPTIONS * HTTP/1.0" 200 110 "-" "Apache/2.4.68 (Ubuntu) OpenSSL/3.0.19 (internal dummy connection)"
2409:8a00:780a:4dc7:c87:e9b1:740c:17b3 - - [25/Aug/2026:07:48:34 +0800] "GET /41799/2020/04/10/ HTTP/1.1" 200 12408 "-" "Mozilla/5.0 (Windows NT 10.0; Win64; x64) AppleWebKit/537.36 (KHTML, like Gecko) Chrome/144.0.0.0 Safari/537.36"
2409:8a00:780a:4dc7:c87:e9b1:740c:17b3 - - [25/Aug/2026:07:48:35 +0800] "GET /41799/wp-content/cache/2blog.ilc.edu.tw/wpfc-minified/dijcih3r/63vgq.css HTTP/1.1" 200 40888 "https://2blog.ilc.edu.tw/41799/2020/04/10/" "Mozilla/5.0 (Windows NT 10.0; Win64; x64) AppleWebKit/537.36 (KHTML, like Gecko) Chrome/144.0.0.0 Safari/537.36"
::1 - - [25/Aug/2026:07:48:35 +0800] "OPTIONS * HTTP/1.0" 200 110 "-" "Apache/2.4.68 (Ubuntu) OpenSSL/3.0.19 (internal dummy connection)"
2001:288:a201::66:125 - - [25/Aug/2026:07:48:35 +0800] "GET /blog/active.php HTTP/1.1" 404 1084 "-" "-"
2001:288:a201::66:125 - - [25/Aug/2026:07:48:35 +0800] "GET /blog/active.php HTTP/1.1" 301 1026 "-" "-"
2409:8a00:780a:4dc7:c87:e9b1:740c:17b3 - - [25/Aug/2026:07:48:36 +0800] "GET /41799/wp-content/cache/2blog.ilc.edu.tw/wpfc-minified/7c7hioei/63vgq.css HTTP/1.1" 200 15782 "https://2blog.ilc.edu.tw/41799/2020/04/10/" "Mozilla/5.0 (Windows NT 10.0; Win64; x64) AppleWebKit/537.36 (KHTML, like Gecko) Chrome/144.0.0.0 Safari/537.36"
2409:8a00:780a:4dc7:c87:e9b1:740c:17b3 - - [25/Aug/2026:07:48:36 +0800] "GET /41799/wp-content/cache/2blog.ilc.edu.tw/wpfc-minified/eu1mvptz/63vgq.css HTTP/1.1" 200 1157 "https://2blog.ilc.edu.tw/41799/2020/04/10/" "Mozilla/5.0 (Windows NT 10.0; Win64; x64) AppleWebKit/537.36 (KHTML, like Gecko) Chrome/144.0.0.0 Safari/537.36"
2409:8a00:780a:4dc7:c87:e9b1:740c:17b3 - - [25/Aug/2026:07:48:36 +0800] "GET /41799/wp-content/cache/2blog.ilc.edu.tw/wpfc-minified/lldjwzot/63vgq.js HTTP/1.1" 200 35905 "https://2blog.ilc.edu.tw/41799/2020/04/10/" "Mozilla/5.0 (Windows NT 10.0; Win64; x64) AppleWebKit/537.36 (KHTML, like Gecko) Chrome/144.0.0.0 Safari/537.36"
2409:8a00:780a:4dc7:c87:e9b1:740c:17b3 - - [25/Aug/2026:07:48:36 +0800] "GET /41799/wp-includes/js/admin-bar.min.js HTTP/1.1" 200 7031 "https://2blog.ilc.edu.tw/41799/2020/04/10/" "Mozilla/5.0 (Windows NT 10.0; Win64; x64) AppleWebKit/537.36 (KHTML, like Gecko) Chrome/144.0.0.0 Safari/537.36"
2001:b011:7801:d950:88a0:c7d0:c7a1:87a3 - - [25/Aug/2026:07:48:36 +0800] "GET / HTTP/1.1" 200 30637 "-" "Mozilla/5.0 (Windows NT 10.0; Win64; x64) AppleWebKit/537.36 (KHTML, like Gecko) Chrome/151.0.0.0 Safari/537.36"
2409:8a00:780a:4dc7:c87:e9b1:740c:17b3 - - [25/Aug/2026:07:48:36 +0800] "GET /41799/wp-includes/js/imagesloaded.min.js HTTP/1.1" 200 2683 "https://2blog.ilc.edu.tw/41799/2020/04/10/" "Mozilla/5.0 (Windows NT 10.0; Win64; x64) AppleWebKit/537.36 (KHTML, like Gecko) Chrome/144.0.0.0 Safari/537.36"
140.111.67.10 - - [25/Aug/2026:07:48:36 +0800] "GET /" 301 273 "-" "-"
2409:8a00:780a:4dc7:c87:e9b1:740c:17b3 - - [25/Aug/2026:07:48:37 +0800] "GET /41799/wp-content/themes/oceanwp/assets/js/drop-down-mobile-menu.min.js HTTP/1.1" 200 4663 "https://2blog.ilc.edu.tw/41799/2020/04/10/" "Mozilla/5.0 (Windows NT 10.0; Win64; x64) AppleWebKit/537.36 (KHTML, like Gecko) Chrome/144.0.0.0 Safari/537.36"
2409:8a00:780a:4dc7:c87:e9b1:740c:17b3 - - [25/Aug/2026:07:48:37 +0800] "GET /41799/wp-content/themes/oceanwp/assets/js/drop-down-search.min.js HTTP/1.1" 200 2968 "https://2blog.ilc.edu.tw/41799/2020/04/10/" "Mozilla/5.0 (Windows NT 10.0; Win64; x64) AppleWebKit/537.36 (KHTML, like Gecko) Chrome/144.0.0.0 Safari/537.36"
2409:8a00:780a:4dc7:c87:e9b1:740c:17b3 - - [25/Aug/2026:07:48:37 +0800] "GET /41799/wp-includes/js/hoverintent-js.min.js HTTP/1.1" 200 1936 "https://2blog.ilc.edu.tw/41799/2020/04/10/" "Mozilla/5.0 (Windows NT 10.0; Win64; x64) AppleWebKit/537.36 (KHTML, like Gecko) Chrome/144.0.0.0 Safari/537.36"
2409:8a00:780a:4dc7:c87:e9b1:740c:17b3 - - [25/Aug/2026:07:48:37 +0800] "GET /41799/wp-content/themes/oceanwp/assets/js/vendors/magnific-popup.min.js HTTP/1.1" 200 8270 "https://2blog.ilc.edu.tw/41799/2020/04/10/" "Mozilla/5.0 (Windows NT 10.0; Win64; x64) AppleWebKit/537.36 (KHTML, like Gecko) Chrome/144.0.0.0 Safari/537.36"
2409:8a00:780a:4dc7:c87:e9b1:740c:17b3 - - [25/Aug/2026:07:48:37 +0800] "GET /41799/wp-content/themes/oceanwp/assets/js/ow-lightbox.min.js HTTP/1.1" 200 2321 "https://2blog.ilc.edu.tw/41799/2020/04/10/" "Mozilla/5.0 (Windows NT 10.0; Win64; x64) AppleWebKit/537.36 (KHTML, like Gecko) Chrome/144.0.0.0 Safari/537.36"
2409:8a00:780a:4dc7:c87:e9b1:740c:17b3 - - [25/Aug/2026:07:48:37 +0800] "GET /41799/wp-content/cache/2blog.ilc.edu.tw/wpfc-minified/mbeftpft/63vgq.css HTTP/1.1" 200 59980 "https://2blog.ilc.edu.tw/41799/2020/04/10/" "Mozilla/5.0 (Windows NT 10.0; Win64; x64) AppleWebKit/537.36 (KHTML, like Gecko) Chrome/144.0.0.0 Safari/537.36"
2409:8a00:780a:4dc7:c87:e9b1:740c:17b3 - - [25/Aug/2026:07:48:37 +0800] "GET /41799/wp-content/themes/oceanwp/assets/js/vendors/flickity.pkgd.min.js HTTP/1.1" 200 15048 "https://2blog.ilc.edu.tw/41799/2020/04/10/" "Mozilla/5.0 (Windows NT 10.0; Win64; x64) AppleWebKit/537.36 (KHTML, like Gecko) Chrome/144.0.0.0 Safari/537.36"
2409:8a00:780a:4dc7:c87:e9b1:740c:17b3 - - [25/Aug/2026:07:48:37 +0800] "GET /41799/wp-content/themes/oceanwp/assets/js/ow-slider.min.js HTTP/1.1" 200 1761 "https://2blog.ilc.edu.tw/41799/2020/04/10/" "Mozilla/5.0 (Windows NT 10.0; Win64; x64) AppleWebKit/537.36 (KHTML, like Gecko) Chrome/144.0.0.0 Safari/537.36"
2409:8a00:780a:4dc7:c87:e9b1:740c:17b3 - - [25/Aug/2026:07:48:37 +0800] "GET /41799/wp-content/themes/oceanwp/assets/js/scroll-effect.min.js HTTP/1.1" 200 4127 "https://2blog.ilc.edu.tw/41799/2020/04/10/" "Mozilla/5.0 (Windows NT 10.0; Win64; x64) AppleWebKit/537.36 (KHTML, like Gecko) Chrome/144.0.0.0 Safari/537.36"
2409:8a00:780a:4dc7:c87:e9b1:740c:17b3 - - [25/Aug/2026:07:48:37 +0800] "GET /41799/wp-content/themes/oceanwp/assets/js/theme.min.js HTTP/1.1" 200 9924 "https://2blog.ilc.edu.tw/41799/2020/04/10/" "Mozilla/5.0 (Windows NT 10.0; Win64; x64) AppleWebKit/537.36 (KHTML, like Gecko) Chrome/144.0.0.0 Safari/537.36"
2409:8a00:780a:4dc7:c87:e9b1:740c:17b3 - - [25/Aug/2026:07:48:38 +0800] "GET /41799/wp-content/themes/oceanwp/assets/js/select.min.js HTTP/1.1" 200 2408 "https://2blog.ilc.edu.tw/41799/2020/04/10/" "Mozilla/5.0 (Windows NT 10.0; Win64; x64) AppleWebKit/537.36 (KHTML, like Gecko) Chrome/144.0.0.0 Safari/537.36"
2409:8a00:780a:4dc7:c87:e9b1:740c:17b3 - - [25/Aug/2026:07:48:38 +0800] "GET /41799/wp-content/themes/oceanwp/assets/js/scroll-top.min.js HTTP/1.1" 200 7996 "https://2blog.ilc.edu.tw/41799/2020/04/10/" "Mozilla/5.0 (Windows NT 10.0; Win64; x64) AppleWebKit/537.36 (KHTML, like Gecko) Chrome/144.0.0.0 Safari/537.36"
2409:8a00:780a:4dc7:c87:e9b1:740c:17b3 - - [25/Aug/2026:07:48:38 +0800] "GET /41799/wp-content/plugins/ocean-extra/includes/widgets/js/flickr.min.js HTTP/1.1" 200 1319 "https://2blog.ilc.edu.tw/41799/2020/04/10/" "Mozilla/5.0 (Windows NT 10.0; Win64; x64) AppleWebKit/537.36 (KHTML, like Gecko) Chrome/144.0.0.0 Safari/537.36"
2409:8a00:780a:4dc7:c87:e9b1:740c:17b3 - - [25/Aug/2026:07:48:39 +0800] "GET /41799/wp-content/themes/oceanwp/assets/fonts/simple-line-icons/Simple-Line-Icons.woff2?v=2.4.0 HTTP/1.1" 200 30959 "https://2blog.ilc.edu.tw/41799/wp-content/cache/2blog.ilc.edu.tw/wpfc-minified/mbeftpft/63vgq.css" "Mozilla/5.0 (Windows NT 10.0; Win64; x64) AppleWebKit/537.36 (KHTML, like Gecko) Chrome/144.0.0.0 Safari/537.36"
2409:8a00:780a:4dc7:c87:e9b1:740c:17b3 - - [25/Aug/2026:07:48:39 +0800] "GET /41799/wp-content/themes/oceanwp/assets/fonts/fontawesome/webfonts/fa-solid-900.woff2 HTTP/1.1" 200 151246 "https://2blog.ilc.edu.tw/41799/wp-content/cache/2blog.ilc.edu.tw/wpfc-minified/mbeftpft/63vgq.css" "Mozilla/5.0 (Windows NT 10.0; Win64; x64) AppleWebKit/537.36 (KHTML, like Gecko) Chrome/144.0.0.0 Safari/537.36"
2001:288:a201::66:125 - - [25/Aug/2026:07:48:40 +0800] "GET /blog/active.php HTTP/1.1" 301 1026 "-" "-"
2001:288:a201::66:125 - - [25/Aug/2026:07:48:40 +0800] "GET /blog/active.php HTTP/1.1" 404 1084 "-" "-"
140.111.67.10 - - [25/Aug/2026:07:48:41 +0800] "GET /" 301 273 "-" "-"
2408:862e:ff:ff0d::10dc - - [25/Aug/2026:07:48:42 +0800] "GET /%e8%98%ad%e4%b8%ad%e7%b0%a1%e4%bb%8b HTTP/1.1" 301 5797 "-" "Mozilla/5.0 (Windows NT 10.0; Win64; x64) AppleWebKit/537.36 (KHTML, like Gecko) Chrome/144.0.0.0 Safari/537.36"
2408:862e:ff:ff0d::10dc - - [25/Aug/2026:07:48:42 +0800] "GET /%e8%98%ad%e4%b8%ad%e7%b0%a1%e4%bb%8b/ HTTP/1.1" 200 17421 "-" "Mozilla/5.0 (Windows NT 10.0; Win64; x64) AppleWebKit/537.36 (KHTML, like Gecko) Chrome/144.0.0.0 Safari/537.36"
2408:862e:ff:ff0d::10dc - - [25/Aug/2026:07:48:43 +0800] "GET /wp-content/cache/www.iljh.ilc.edu.tw/wpfc-minified/g37rvqkn/6x5k.css HTTP/1.1" 200 40883 "https://www.iljh.ilc.edu.tw/%e8%98%ad%e4%b8%ad%e7%b0%a1%e4%bb%8b/" "Mozilla/5.0 (Windows NT 10.0; Win64; x64) AppleWebKit/537.36 (KHTML, like Gecko) Chrome/144.0.0.0 Safari/537.36"
::1 - - [25/Aug/2026:07:48:43 +0800] "OPTIONS * HTTP/1.0" 200 110 "-" "Apache/2.4.68 (Ubuntu) OpenSSL/3.0.19 (internal dummy connection)"
2408:862e:ff:ff0d::10dc - - [25/Aug/2026:07:48:43 +0800] "GET /wp-content/cache/www.iljh.ilc.edu.tw/wpfc-minified/6mf2o59z/6x5k.css HTTP/1.1" 200 15782 "https://www.iljh.ilc.edu.tw/%e8%98%ad%e4%b8%ad%e7%b0%a1%e4%bb%8b/" "Mozilla/5.0 (Windows NT 10.0; Win64; x64) AppleWebKit/537.36 (KHTML, like Gecko) Chrome/144.0.0.0 Safari/537.36"
2408:862e:ff:ff0d::10dc - - [25/Aug/2026:07:48:43 +0800] "GET /wp-content/cache/www.iljh.ilc.edu.tw/wpfc-minified/l08hupu6/6x5k.css HTTP/1.1" 200 1157 "https://www.iljh.ilc.edu.tw/%e8%98%ad%e4%b8%ad%e7%b0%a1%e4%bb%8b/" "Mozilla/5.0 (Windows NT 10.0; Win64; x64) AppleWebKit/537.36 (KHTML, like Gecko) Chrome/144.0.0.0 Safari/537.36"
2408:862e:ff:ff0d::10dc - - [25/Aug/2026:07:48:44 +0800] "GET /wp-content/cache/www.iljh.ilc.edu.tw/wpfc-minified/qiyhuxze/9jzf1.css HTTP/1.1" 200 61482 "https://www.iljh.ilc.edu.tw/%e8%98%ad%e4%b8%ad%e7%b0%a1%e4%bb%8b/" "Mozilla/5.0 (Windows NT 10.0; Win64; x64) AppleWebKit/537.36 (KHTML, like Gecko) Chrome/144.0.0.0 Safari/537.36"
2408:862e:ff:ff0d::10dc - - [25/Aug/2026:07:48:44 +0800] "GET /wp-content/cache/www.iljh.ilc.edu.tw/wpfc-minified/lpq7ontm/6x5k.js HTTP/1.1" 200 35557 "https://www.iljh.ilc.edu.tw/%e8%98%ad%e4%b8%ad%e7%b0%a1%e4%bb%8b/" "Mozilla/5.0 (Windows NT 10.0; Win64; x64) AppleWebKit/537.36 (KHTML, like Gecko) Chrome/144.0.0.0 Safari/537.36"
2408:862e:ff:ff0d::10dc - - [25/Aug/2026:07:48:44 +0800] "GET /wp-content/cache/www.iljh.ilc.edu.tw/wpfc-minified/f1u5yfdd/6x5k.js HTTP/1.1" 200 3452 "https://www.iljh.ilc.edu.tw/%e8%98%ad%e4%b8%ad%e7%b0%a1%e4%bb%8b/" "Mozilla/5.0 (Windows NT 10.0; Win64; x64) AppleWebKit/537.36 (KHTML, like Gecko) Chrome/144.0.0.0 Safari/537.36"
2408:862e:ff:ff0d::10dc - - [25/Aug/2026:07:48:45 +0800] "GET /wp-content/cache/www.iljh.ilc.edu.tw/wpfc-minified/qlyj1p0o/6x5k.css HTTP/1.1" 200 23116 "https://www.iljh.ilc.edu.tw/%e8%98%ad%e4%b8%ad%e7%b0%a1%e4%bb%8b/" "Mozilla/5.0 (Windows NT 10.0; Win64; x64) AppleWebKit/537.36 (KHTML, like Gecko) Chrome/144.0.0.0 Safari/537.36"
2408:862e:ff:ff0d::10dc - - [25/Aug/2026:07:48:45 +0800] "GET /wp-content/themes/oceanwp/assets/fonts/simple-line-icons/Simple-Line-Icons.woff2?v=2.4.0 HTTP/1.1" 200 30959 "https://www.iljh.ilc.edu.tw/wp-content/cache/www.iljh.ilc.edu.tw/wpfc-minified/qiyhuxze/9jzf1.css" "Mozilla/5.0 (Windows NT 10.0; Win64; x64) AppleWebKit/537.36 (KHTML, like Gecko) Chrome/144.0.0.0 Safari/537.36"
2001:288:a201::66:125 - - [25/Aug/2026:07:48:45 +0800] "GET /blog/active.php HTTP/1.1" 301 1026 "-" "-"
2001:288:a201::66:125 - - [25/Aug/2026:07:48:45 +0800] "GET /blog/active.php HTTP/1.1" 404 1084 "-" "-"
2408:862e:ff:ff0d::10dc - - [25/Aug/2026:07:48:45 +0800] "GET /wp-content/uploads/sites/399/elementor/css/post-177.css HTTP/1.1" 200 1268 "https://www.iljh.ilc.edu.tw/%e8%98%ad%e4%b8%ad%e7%b0%a1%e4%bb%8b/" "Mozilla/5.0 (Windows NT 10.0; Win64; x64) AppleWebKit/537.36 (KHTML, like Gecko) Chrome/144.0.0.0 Safari/537.36"
2408:862e:ff:ff0d::10dc - - [25/Aug/2026:07:48:46 +0800] "GET /wp-content/cache/www.iljh.ilc.edu.tw/wpfc-minified/kq8d2w4m/6x5k.css HTTP/1.1" 200 22541 "https://www.iljh.ilc.edu.tw/%e8%98%ad%e4%b8%ad%e7%b0%a1%e4%bb%8b/" "Mozilla/5.0 (Windows NT 10.0; Win64; x64) AppleWebKit/537.36 (KHTML, like Gecko) Chrome/144.0.0.0 Safari/537.36"
2408:862e:ff:ff0d::10dc - - [25/Aug/2026:07:48:46 +0800] "GET /wp-includes/js/hoverintent-js.min.js HTTP/1.1" 200 1597 "https://www.iljh.ilc.edu.tw/%e8%98%ad%e4%b8%ad%e7%b0%a1%e4%bb%8b/" "Mozilla/5.0 (Windows NT 10.0; Win64; x64) AppleWebKit/537.36 (KHTML, like Gecko) Chrome/144.0.0.0 Safari/537.36"
2408:862e:ff:ff0d::10dc - - [25/Aug/2026:07:48:46 +0800] "GET /wp-includes/js/admin-bar.min.js HTTP/1.1" 200 2237 "https://www.iljh.ilc.edu.tw/%e8%98%ad%e4%b8%ad%e7%b0%a1%e4%bb%8b/" "Mozilla/5.0 (Windows NT 10.0; Win64; x64) AppleWebKit/537.36 (KHTML, like Gecko) Chrome/144.0.0.0 Safari/537.36"
140.111.67.10 - - [25/Aug/2026:07:48:46 +0800] "GET /" 301 273 "-" "-"
2408:862e:ff:ff0d::10dc - - [25/Aug/2026:07:48:47 +0800] "GET /wp-content/themes/oceanwp/assets/js/drop-down-search.min.js HTTP/1.1" 200 2968 "https://www.iljh.ilc.edu.tw/%e8%98%ad%e4%b8%ad%e7%b0%a1%e4%bb%8b/" "Mozilla/5.0 (Windows NT 10.0; Win64; x64) AppleWebKit/537.36 (KHTML, like Gecko) Chrome/144.0.0.0 Safari/537.36"
2408:862e:ff:ff0d::10dc - - [25/Aug/2026:07:48:47 +0800] "GET /wp-content/themes/oceanwp/assets/js/scroll-top.min.js HTTP/1.1" 200 3202 "https://www.iljh.ilc.edu.tw/%e8%98%ad%e4%b8%ad%e7%b0%a1%e4%bb%8b/" "Mozilla/5.0 (Windows NT 10.0; Win64; x64) AppleWebKit/537.36 (KHTML, like Gecko) Chrome/144.0.0.0 Safari/537.36"
2408:862e:ff:ff0d::10dc - - [25/Aug/2026:07:48:47 +0800] "GET /wp-content/plugins/elementor/assets/js/webpack.runtime.min.js HTTP/1.1" 200 3095 "https://www.iljh.ilc.edu.tw/%e8%98%ad%e4%b8%ad%e7%b0%a1%e4%bb%8b/" "Mozilla/5.0 (Windows NT 10.0; Win64; x64) AppleWebKit/537.36 (KHTML, like Gecko) Chrome/144.0.0.0 Safari/537.36"
2408:862e:ff:ff0d::10dc - - [25/Aug/2026:07:48:47 +0800] "GET /wp-content/plugins/elementor/assets/lib/waypoints/waypoints.min.js HTTP/1.1" 200 3873 "https://www.iljh.ilc.edu.tw/%e8%98%ad%e4%b8%ad%e7%b0%a1%e4%bb%8b/" "Mozilla/5.0 (Windows NT 10.0; Win64; x64) AppleWebKit/537.36 (KHTML, like Gecko) Chrome/144.0.0.0 Safari/537.36"
140.111.181.33 - - [25/Aug/2026:07:48:48 +0800] "-" 408 4803 "-" "-"
140.111.181.33 - - [25/Aug/2026:07:48:48 +0800] "-" 408 4803 "-" "-"
140.111.181.33 - - [25/Aug/2026:07:48:48 +0800] "-" 408 4803 "-" "-"
2408:862e:ff:ff0d::10dc - - [25/Aug/2026:07:48:48 +0800] "GET /wp-content/plugins/elementor/assets/js/text-editor.2c35aafbe5bf0e127950.bundle.min.js HTTP/1.1" 200 1545 "https://www.iljh.ilc.edu.tw/%e8%98%ad%e4%b8%ad%e7%b0%a1%e4%bb%8b/" "Mozilla/5.0 (Windows NT 10.0; Win64; x64) AppleWebKit/537.36 (KHTML, like Gecko) Chrome/144.0.0.0 Safari/537.36"
2409:8a50:a0b:290c:c45:16cd:4ebf:b15d - - [25/Aug/2026:07:48:49 +0800] "GET /27417/2023/10/ HTTP/1.1" 200 16581 "-" "Mozilla/5.0 (Windows NT 10.0; Win64; x64) AppleWebKit/537.36 (KHTML, like Gecko) Chrome/144.0.0.0 Safari/537.36"
2409:8a50:a0b:290c:c45:16cd:4ebf:b15d - - [25/Aug/2026:07:48:50 +0800] "GET /27417/wp-content/cache/2blog.ilc.edu.tw/wpfc-minified/k2qr9uxx/5xbey.css HTTP/1.1" 200 40888 "https://2blog.ilc.edu.tw/27417/2023/10/" "Mozilla/5.0 (Windows NT 10.0; Win64; x64) AppleWebKit/537.36 (KHTML, like Gecko) Chrome/144.0.0.0 Safari/537.36"
2001:288:a201::66:125 - - [25/Aug/2026:07:48:50 +0800] "GET /blog/active.php HTTP/1.1" 301 1026 "-" "-"
::1 - - [25/Aug/2026:07:48:50 +0800] "OPTIONS * HTTP/1.0" 200 110 "-" "Apache/2.4.68 (Ubuntu) OpenSSL/3.0.19 (internal dummy connection)"
2001:288:a201::66:125 - - [25/Aug/2026:07:48:50 +0800] "GET /blog/active.php HTTP/1.1" 404 1084 "-" "-"
140.111.67.10 - - [25/Aug/2026:07:48:52 +0800] "GET /" 301 273 "-" "-"
2a03:2880:f802:3c:: - - [25/Aug/2026:07:48:51 +0800] "GET /wp-login.php?key=uow1w379&_wpnonce=&action=ilc_logout&redirect_to=https%3A%2F%2Fgame.edu.kg HTTP/1.1" 302 8248 "-" "Mozilla/5.0 (Windows NT 10.0; Win64; x64) AppleWebKit/537.36 (KHTML, like Gecko) Chrome/145.0.0.0 Safari/537.36 (compatible; meta-externalagent/1.1 (+https://developers.facebook.com/docs/sharing/webmasters/crawler))"
::1 - - [25/Aug/2026:07:48:54 +0800] "OPTIONS * HTTP/1.0" 200 110 "-" "Apache/2.4.68 (Ubuntu) OpenSSL/3.0.19 (internal dummy connection)"
2001:4860:7:410::f - - [25/Aug/2026:07:48:55 +0800] "GET / HTTP/1.1" 200 20973 "https://www.google.com/" "Mozilla/5.0 (Windows NT 10.0; Win64; x64) AppleWebKit/537.36 (KHTML, like Gecko) Chrome/151.0.0.0 Safari/537.36"
2001:288:a201::66:125 - - [25/Aug/2026:07:48:55 +0800] "GET /blog/active.php HTTP/1.1" 301 1026 "-" "-"
2001:288:a201::66:125 - - [25/Aug/2026:07:48:55 +0800] "GET /blog/active.php HTTP/1.1" 404 1084 "-" "-"
120.101.213.54 - - [25/Aug/2026:07:48:56 +0800] "GET / HTTP/1.1" 200 17084 "-" "Mozilla/5.0 (Windows NT 10.0; Win64; x64) AppleWebKit/537.36 (KHTML, like Gecko) Chrome/142.0.0.0 Safari/537.36"
2001:288:a215:1:a56d:8836:dc43:59a7 - - [25/Aug/2026:07:48:56 +0800] "GET /wp-content/uploads/sites/1366/2026/08/%E8%AA%B2%E7%A8%8B%E8%A8%88%E7%95%AB%E5%B0%88%E5%8D%80-2-5-300x114.png HTTP/1.1" 304 5595 "https://www.kases.ilc.edu.tw/" "Mozilla/5.0 (Windows NT 10.0; Win64; x64) AppleWebKit/537.36 (KHTML, like Gecko) Chrome/151.0.0.0 Safari/537.36"
2001:288:a215:1:a56d:8836:dc43:59a7 - - [25/Aug/2026:07:48:56 +0800] "GET /wp-content/uploads/sites/1366/2024/02/%E8%AA%B2%E7%A8%8B%E8%A8%88%E7%95%AB%E5%B0%88%E5%8D%80-2-1.png HTTP/1.1" 404 973 "https://www.kases.ilc.edu.tw/" "Mozilla/5.0 (Windows NT 10.0; Win64; x64) AppleWebKit/537.36 (KHTML, like Gecko) Chrome/151.0.0.0 Safari/537.36"
120.101.213.54 - - [25/Aug/2026:07:48:56 +0800] "GET /wp-content/cache/www.ghjh.ilc.edu.tw/wpfc-minified/9a7r7kpk/6vxl.css HTTP/1.1" 200 41233 "https://www.ghjh.ilc.edu.tw/" "Mozilla/5.0 (Windows NT 10.0; Win64; x64) AppleWebKit/537.36 (KHTML, like Gecko) Chrome/142.0.0.0 Safari/537.36"
120.101.213.54 - - [25/Aug/2026:07:48:56 +0800] "GET /wp-content/cache/www.ghjh.ilc.edu.tw/wpfc-minified/eenfdh94/6vxl.css HTTP/1.1" 200 16125 "https://www.ghjh.ilc.edu.tw/" "Mozilla/5.0 (Windows NT 10.0; Win64; x64) AppleWebKit/537.36 (KHTML, like Gecko) Chrome/142.0.0.0 Safari/537.36"
120.101.213.54 - - [25/Aug/2026:07:48:56 +0800] "GET /wp-content/cache/www.ghjh.ilc.edu.tw/wpfc-minified/qgo2hbb/6vxl.css HTTP/1.1" 200 5963 "https://www.ghjh.ilc.edu.tw/" "Mozilla/5.0 (Windows NT 10.0; Win64; x64) AppleWebKit/537.36 (KHTML, like Gecko) Chrome/142.0.0.0 Safari/537.36"
120.101.213.54 - - [25/Aug/2026:07:48:56 +0800] "GET /wp-content/cache/www.ghjh.ilc.edu.tw/wpfc-minified/d6oxvho1/6vxl.js HTTP/1.1" 200 35559 "https://www.ghjh.ilc.edu.tw/" "Mozilla/5.0 (Windows NT 10.0; Win64; x64) AppleWebKit/537.36 (KHTML, like Gecko) Chrome/142.0.0.0 Safari/537.36"
120.101.213.54 - - [25/Aug/2026:07:48:56 +0800] "GET /wp-content/cache/www.ghjh.ilc.edu.tw/wpfc-minified/fqg4yllu/6vxl.css HTTP/1.1" 200 62788 "https://www.ghjh.ilc.edu.tw/" "Mozilla/5.0 (Windows NT 10.0; Win64; x64) AppleWebKit/537.36 (KHTML, like Gecko) Chrome/142.0.0.0 Safari/537.36"
120.101.213.54 - - [25/Aug/2026:07:48:56 +0800] "GET /wp-content/cache/www.ghjh.ilc.edu.tw/wpfc-minified/7z1v8m27/6vxl.js HTTP/1.1" 200 3453 "https://www.ghjh.ilc.edu.tw/" "Mozilla/5.0 (Windows NT 10.0; Win64; x64) AppleWebKit/537.36 (KHTML, like Gecko) Chrome/142.0.0.0 Safari/537.36"
120.101.213.54 - - [25/Aug/2026:07:48:56 +0800] "GET /wp-content/uploads/sites/3157/2021/04/m1_01t01.png HTTP/1.1" 304 790 "https://www.ghjh.ilc.edu.tw/" "Mozilla/5.0 (Windows NT 10.0; Win64; x64) AppleWebKit/537.36 (KHTML, like Gecko) Chrome/142.0.0.0 Safari/537.36"
120.101.213.54 - - [25/Aug/2026:07:48:56 +0800] "GET /wp-content/uploads/sites/3157/2021/04/m1_01t02.png HTTP/1.1" 304 790 "https://www.ghjh.ilc.edu.tw/" "Mozilla/5.0 (Windows NT 10.0; Win64; x64) AppleWebKit/537.36 (KHTML, like Gecko) Chrome/142.0.0.0 Safari/537.36"
120.101.213.54 - - [25/Aug/2026:07:48:56 +0800] "GET /wp-includes/js/hoverintent-js.min.js HTTP/1.1" 200 1597 "https://www.ghjh.ilc.edu.tw/" "Mozilla/5.0 (Windows NT 10.0; Win64; x64) AppleWebKit/537.36 (KHTML, like Gecko) Chrome/142.0.0.0 Safari/537.36"
120.101.213.54 - - [25/Aug/2026:07:48:56 +0800] "GET /wp-includes/js/admin-bar.min.js HTTP/1.1" 200 2237 "https://www.ghjh.ilc.edu.tw/" "Mozilla/5.0 (Windows NT 10.0; Win64; x64) AppleWebKit/537.36 (KHTML, like Gecko) Chrome/142.0.0.0 Safari/537.36"
120.101.213.54 - - [25/Aug/2026:07:48:56 +0800] "GET /wp-includes/js/imagesloaded.min.js HTTP/1.1" 200 2683 "https://www.ghjh.ilc.edu.tw/" "Mozilla/5.0 (Windows NT 10.0; Win64; x64) AppleWebKit/537.36 (KHTML, like Gecko) Chrome/142.0.0.0 Safari/537.36"
120.101.213.54 - - [25/Aug/2026:07:48:56 +0800] "GET /wp-content/themes/oceanwp/assets/js/theme.min.js HTTP/1.1" 200 5130 "https://www.ghjh.ilc.edu.tw/" "Mozilla/5.0 (Windows NT 10.0; Win64; x64) AppleWebKit/537.36 (KHTML, like Gecko) Chrome/142.0.0.0 Safari/537.36"
120.101.213.54 - - [25/Aug/2026:07:48:56 +0800] "GET /wp-content/themes/oceanwp/assets/js/full-screen-menu.min.js HTTP/1.1" 200 4064 "https://www.ghjh.ilc.edu.tw/" "Mozilla/5.0 (Windows NT 10.0; Win64; x64) AppleWebKit/537.36 (KHTML, like Gecko) Chrome/142.0.0.0 Safari/537.36"
120.101.213.54 - - [25/Aug/2026:07:48:56 +0800] "GET /wp-content/themes/oceanwp/assets/js/drop-down-mobile-menu.min.js HTTP/1.1" 200 4663 "https://www.ghjh.ilc.edu.tw/" "Mozilla/5.0 (Windows NT 10.0; Win64; x64) AppleWebKit/537.36 (KHTML, like Gecko) Chrome/142.0.0.0 Safari/537.36"
120.101.213.54 - - [25/Aug/2026:07:48:56 +0800] "GET /wp-content/themes/oceanwp/assets/js/drop-down-search.min.js HTTP/1.1" 200 2968 "https://www.ghjh.ilc.edu.tw/" "Mozilla/5.0 (Windows NT 10.0; Win64; x64) AppleWebKit/537.36 (KHTML, like Gecko) Chrome/142.0.0.0 Safari/537.36"
120.101.213.54 - - [25/Aug/2026:07:48:57 +0800] "GET /wp-content/themes/oceanwp/assets/js/vendors/magnific-popup.min.js HTTP/1.1" 200 8270 "https://www.ghjh.ilc.edu.tw/" "Mozilla/5.0 (Windows NT 10.0; Win64; x64) AppleWebKit/537.36 (KHTML, like Gecko) Chrome/142.0.0.0 Safari/537.36"
140.111.67.10 - - [25/Aug/2026:07:48:57 +0800] "GET /" 301 273 "-" "-"
120.101.213.54 - - [25/Aug/2026:07:48:57 +0800] "GET /wp-content/themes/oceanwp/assets/js/ow-lightbox.min.js HTTP/1.1" 200 2660 "https://www.ghjh.ilc.edu.tw/" "Mozilla/5.0 (Windows NT 10.0; Win64; x64) AppleWebKit/537.36 (KHTML, like Gecko) Chrome/142.0.0.0 Safari/537.36"
120.101.213.54 - - [25/Aug/2026:07:48:57 +0800] "GET /wp-content/themes/oceanwp/assets/js/ow-slider.min.js HTTP/1.1" 200 6563 "https://www.ghjh.ilc.edu.tw/" "Mozilla/5.0 (Windows NT 10.0; Win64; x64) AppleWebKit/537.36 (KHTML, like Gecko) Chrome/142.0.0.0 Safari/537.36"
120.101.213.54 - - [25/Aug/2026:07:48:57 +0800] "GET /wp-content/themes/oceanwp/assets/js/vendors/flickity.pkgd.min.js HTTP/1.1" 200 15387 "https://www.ghjh.ilc.edu.tw/" "Mozilla/5.0 (Windows NT 10.0; Win64; x64) AppleWebKit/537.36 (KHTML, like Gecko) Chrome/142.0.0.0 Safari/537.36"
120.101.213.54 - - [25/Aug/2026:07:48:57 +0800] "GET /wp-content/themes/oceanwp/assets/js/scroll-effect.min.js HTTP/1.1" 200 4127 "https://www.ghjh.ilc.edu.tw/" "Mozilla/5.0 (Windows NT 10.0; Win64; x64) AppleWebKit/537.36 (KHTML, like Gecko) Chrome/142.0.0.0 Safari/537.36"
120.101.213.54 - - [25/Aug/2026:07:48:57 +0800] "GET /wp-content/themes/oceanwp/assets/js/scroll-top.min.js HTTP/1.1" 200 3202 "https://www.ghjh.ilc.edu.tw/" "Mozilla/5.0 (Windows NT 10.0; Win64; x64) AppleWebKit/537.36 (KHTML, like Gecko) Chrome/142.0.0.0 Safari/537.36"
120.101.213.54 - - [25/Aug/2026:07:48:57 +0800] "GET /wp-content/themes/oceanwp/assets/js/select.min.js HTTP/1.1" 200 2408 "https://www.ghjh.ilc.edu.tw/" "Mozilla/5.0 (Windows NT 10.0; Win64; x64) AppleWebKit/537.36 (KHTML, like Gecko) Chrome/142.0.0.0 Safari/537.36"
120.101.213.54 - - [25/Aug/2026:07:48:57 +0800] "GET /wp-content/plugins/ocean-extra/includes/widgets/js/flickr.min.js HTTP/1.1" 200 1319 "https://www.ghjh.ilc.edu.tw/" "Mozilla/5.0 (Windows NT 10.0; Win64; x64) AppleWebKit/537.36 (KHTML, like Gecko) Chrome/142.0.0.0 Safari/537.36"
120.101.213.54 - - [25/Aug/2026:07:48:57 +0800] "GET /wp-content/uploads/sites/3157/2021/04/cropped-ghjh01.jpg HTTP/1.1" 304 790 "https://www.ghjh.ilc.edu.tw/" "Mozilla/5.0 (Windows NT 10.0; Win64; x64) AppleWebKit/537.36 (KHTML, like Gecko) Chrome/142.0.0.0 Safari/537.36"
2001:288:a215:1:a56d:8836:dc43:59a7 - - [25/Aug/2026:07:48:58 +0800] "GET /wp-content/uploads/sites/1366/2026/06/%E8%AA%B2%E7%A8%8B%E8%A8%88%E7%95%AB%E5%B0%88%E5%8D%80-300x119.png HTTP/1.1" 304 790 "https://www.kases.ilc.edu.tw/" "Mozilla/5.0 (Windows NT 10.0; Win64; x64) AppleWebKit/537.36 (KHTML, like Gecko) Chrome/151.0.0.0 Safari/537.36"
2001:288:a215:1:a56d:8836:dc43:59a7 - - [25/Aug/2026:07:48:58 +0800] "GET /wp-content/uploads/sites/1366/2026/04/%E8%AA%B2%E7%A8%8B%E8%A8%88%E7%95%AB%E5%B0%88%E5%8D%80-19.png HTTP/1.1" 304 790 "https://www.kases.ilc.edu.tw/" "Mozilla/5.0 (Windows NT 10.0; Win64; x64) AppleWebKit/537.36 (KHTML, like Gecko) Chrome/151.0.0.0 Safari/537.36"
2001:288:a215:1:a56d:8836:dc43:59a7 - - [25/Aug/2026:07:48:58 +0800] "GET /wp-content/uploads/sites/1366/2026/06/%E8%AA%B2%E7%A8%8B%E8%A8%88%E7%95%AB%E5%B0%88%E5%8D%80-1-300x87.png HTTP/1.1" 304 790 "https://www.kases.ilc.edu.tw/" "Mozilla/5.0 (Windows NT 10.0; Win64; x64) AppleWebKit/537.36 (KHTML, like Gecko) Chrome/151.0.0.0 Safari/537.36"
2001:288:a215:1:a56d:8836:dc43:59a7 - - [25/Aug/2026:07:48:58 +0800] "GET /wp-content/uploads/sites/1366/2026/06/%E8%AA%B2%E7%A8%8B%E8%A8%88%E7%95%AB%E5%B0%88%E5%8D%80-2-300x87.png HTTP/1.1" 304 790 "https://www.kases.ilc.edu.tw/" "Mozilla/5.0 (Windows NT 10.0; Win64; x64) AppleWebKit/537.36 (KHTML, like Gecko) Chrome/151.0.0.0 Safari/537.36"
2001:288:a215:1:a56d:8836:dc43:59a7 - - [25/Aug/2026:07:48:58 +0800] "GET /wp-content/uploads/sites/1366/2025/10/%E8%AA%B2%E7%A8%8B%E8%A8%88%E7%95%AB%E5%B0%88%E5%8D%80-12-300x119.png HTTP/1.1" 304 790 "https://www.kases.ilc.edu.tw/" "Mozilla/5.0 (Windows NT 10.0; Win64; x64) AppleWebKit/537.36 (KHTML, like Gecko) Chrome/151.0.0.0 Safari/537.36"
2001:288:a215:1:a56d:8836:dc43:59a7 - - [25/Aug/2026:07:48:59 +0800] "GET /wp-content/uploads/sites/1366/2025/08/%E8%AA%B2%E7%A8%8B%E8%A8%88%E7%95%AB%E5%B0%88%E5%8D%80-4.png HTTP/1.1" 304 790 "https://www.kases.ilc.edu.tw/" "Mozilla/5.0 (Windows NT 10.0; Win64; x64) AppleWebKit/537.36 (KHTML, like Gecko) Chrome/151.0.0.0 Safari/537.36"
2001:288:a215:1:a56d:8836:dc43:59a7 - - [25/Aug/2026:07:48:59 +0800] "GET /wp-content/uploads/sites/1366/2025/08/%E8%AA%B2%E7%A8%8B%E8%A8%88%E7%95%AB%E5%B0%88%E5%8D%80-6-300x119.png HTTP/1.1" 304 790 "https://www.kases.ilc.edu.tw/" "Mozilla/5.0 (Windows NT 10.0; Win64; x64) AppleWebKit/537.36 (KHTML, like Gecko) Chrome/151.0.0.0 Safari/537.36"
2001:288:a215:1:a56d:8836:dc43:59a7 - - [25/Aug/2026:07:48:59 +0800] "GET /wp-content/uploads/sites/1366/2025/02/%E8%AA%B2%E7%A8%8B%E8%A8%88%E7%95%AB%E5%B0%88%E5%8D%80-2.png HTTP/1.1" 304 5595 "https://www.kases.ilc.edu.tw/" "Mozilla/5.0 (Windows NT 10.0; Win64; x64) AppleWebKit/537.36 (KHTML, like Gecko) Chrome/151.0.0.0 Safari/537.36"
2001:288:a215:1:a56d:8836:dc43:59a7 - - [25/Aug/2026:07:48:59 +0800] "GET /wp-content/uploads/sites/1366/2026/07/%E8%AA%B2%E7%A8%8B%E8%A8%88%E7%95%AB%E5%B0%88%E5%8D%80-23-300x58.png HTTP/1.1" 200 9636 "https://www.kases.ilc.edu.tw/" "Mozilla/5.0 (Windows NT 10.0; Win64; x64) AppleWebKit/537.36 (KHTML, like Gecko) Chrome/151.0.0.0 Safari/537.36"
2001:288:a215:1:a56d:8836:dc43:59a7 - - [25/Aug/2026:07:49:00 +0800] "GET /wp-content/uploads/sites/1366/2026/03/Gemini_Generated_Image_2noq592noq592noq-1-1024x559.png HTTP/1.1" 304 790 "https://www.kases.ilc.edu.tw/" "Mozilla/5.0 (Windows NT 10.0; Win64; x64) AppleWebKit/537.36 (KHTML, like Gecko) Chrome/151.0.0.0 Safari/537.36"
2001:288:a201::66:125 - - [25/Aug/2026:07:49:00 +0800] "GET /blog/active.php HTTP/1.1" 301 1026 "-" "-"
2001:288:a201::66:125 - - [25/Aug/2026:07:49:00 +0800] "GET /blog/active.php HTTP/1.1" 404 1084 "-" "-"
