140.111.67.10 - - [25/Aug/2026:07:41:56 +0800] "GET /" 301 273 "-" "-"
240e:640:140:2::3 - - [25/Aug/2026:07:41:57 +0800] "GET /wp-includes/js/hoverintent-js.min.js HTTP/1.1" 200 6392 "https://ilta.ilc.edu.tw/2010/03/page/3/" "Mozilla/5.0 (Windows NT 10.0; Win64; x64) AppleWebKit/537.36 (KHTML, like Gecko) Chrome/144.0.0.0 Safari/537.36"
240e:640:140:2::3 - - [25/Aug/2026:07:41:57 +0800] "GET /wp-content/cache/ilta.ilc.edu.tw/wpfc-minified/1qjpbzp9/6wvk.js HTTP/1.1" 200 40344 "https://ilta.ilc.edu.tw/2010/03/page/3/" "Mozilla/5.0 (Windows NT 10.0; Win64; x64) AppleWebKit/537.36 (KHTML, like Gecko) Chrome/144.0.0.0 Safari/537.36"
240e:640:140:2::3 - - [25/Aug/2026:07:41:57 +0800] "GET /wp-includes/js/admin-bar.min.js HTTP/1.1" 200 7032 "https://ilta.ilc.edu.tw/2010/03/page/3/" "Mozilla/5.0 (Windows NT 10.0; Win64; x64) AppleWebKit/537.36 (KHTML, like Gecko) Chrome/144.0.0.0 Safari/537.36"
240e:640:140:2::3 - - [25/Aug/2026:07:41:57 +0800] "GET /wp-content/themes/oceanwp/assets/js/theme.min.js HTTP/1.1" 200 9925 "https://ilta.ilc.edu.tw/2010/03/page/3/" "Mozilla/5.0 (Windows NT 10.0; Win64; x64) AppleWebKit/537.36 (KHTML, like Gecko) Chrome/144.0.0.0 Safari/537.36"
240e:640:140:2::3 - - [25/Aug/2026:07:41:57 +0800] "GET /wp-includes/js/imagesloaded.min.js HTTP/1.1" 200 7478 "https://ilta.ilc.edu.tw/2010/03/page/3/" "Mozilla/5.0 (Windows NT 10.0; Win64; x64) AppleWebKit/537.36 (KHTML, like Gecko) Chrome/144.0.0.0 Safari/537.36"
240e:640:140:2::3 - - [25/Aug/2026:07:41:58 +0800] "GET /wp-content/themes/oceanwp/assets/js/drop-down-search.min.js HTTP/1.1" 200 2968 "https://ilta.ilc.edu.tw/2010/03/page/3/" "Mozilla/5.0 (Windows NT 10.0; Win64; x64) AppleWebKit/537.36 (KHTML, like Gecko) Chrome/144.0.0.0 Safari/537.36"
240e:640:140:2::3 - - [25/Aug/2026:07:41:58 +0800] "GET /wp-content/themes/oceanwp/assets/js/vendors/magnific-popup.min.js HTTP/1.1" 200 8270 "https://ilta.ilc.edu.tw/2010/03/page/3/" "Mozilla/5.0 (Windows NT 10.0; Win64; x64) AppleWebKit/537.36 (KHTML, like Gecko) Chrome/144.0.0.0 Safari/537.36"
240e:640:140:2::3 - - [25/Aug/2026:07:41:58 +0800] "GET /wp-content/themes/oceanwp/assets/js/ow-lightbox.min.js HTTP/1.1" 200 2321 "https://ilta.ilc.edu.tw/2010/03/page/3/" "Mozilla/5.0 (Windows NT 10.0; Win64; x64) AppleWebKit/537.36 (KHTML, like Gecko) Chrome/144.0.0.0 Safari/537.36"
240e:640:140:2::3 - - [25/Aug/2026:07:41:58 +0800] "GET /wp-content/themes/oceanwp/assets/js/vendors/flickity.pkgd.min.js HTTP/1.1" 200 15048 "https://ilta.ilc.edu.tw/2010/03/page/3/" "Mozilla/5.0 (Windows NT 10.0; Win64; x64) AppleWebKit/537.36 (KHTML, like Gecko) Chrome/144.0.0.0 Safari/537.36"
240e:640:140:2::3 - - [25/Aug/2026:07:41:58 +0800] "GET /wp-content/themes/oceanwp/assets/js/scroll-effect.min.js HTTP/1.1" 200 4127 "https://ilta.ilc.edu.tw/2010/03/page/3/" "Mozilla/5.0 (Windows NT 10.0; Win64; x64) AppleWebKit/537.36 (KHTML, like Gecko) Chrome/144.0.0.0 Safari/537.36"
240e:640:140:2::3 - - [25/Aug/2026:07:41:58 +0800] "GET /wp-content/themes/oceanwp/assets/js/scroll-top.min.js HTTP/1.1" 200 3202 "https://ilta.ilc.edu.tw/2010/03/page/3/" "Mozilla/5.0 (Windows NT 10.0; Win64; x64) AppleWebKit/537.36 (KHTML, like Gecko) Chrome/144.0.0.0 Safari/537.36"
240e:640:140:2::3 - - [25/Aug/2026:07:41:58 +0800] "GET /wp-content/themes/oceanwp/assets/js/select.min.js HTTP/1.1" 200 2408 "https://ilta.ilc.edu.tw/2010/03/page/3/" "Mozilla/5.0 (Windows NT 10.0; Win64; x64) AppleWebKit/537.36 (KHTML, like Gecko) Chrome/144.0.0.0 Safari/537.36"
240e:640:140:2::3 - - [25/Aug/2026:07:41:58 +0800] "GET /wp-content/plugins/ocean-extra/includes/widgets/js/flickr.min.js HTTP/1.1" 200 1319 "https://ilta.ilc.edu.tw/2010/03/page/3/" "Mozilla/5.0 (Windows NT 10.0; Win64; x64) AppleWebKit/537.36 (KHTML, like Gecko) Chrome/144.0.0.0 Safari/537.36"
240e:640:140:2::3 - - [25/Aug/2026:07:41:58 +0800] "GET /wp-content/themes/oceanwp/assets/fonts/simple-line-icons/Simple-Line-Icons.woff2?v=2.4.0 HTTP/1.1" 200 30959 "https://ilta.ilc.edu.tw/wp-content/cache/ilta.ilc.edu.tw/wpfc-minified/7vo8n6iy/6wvk.css" "Mozilla/5.0 (Windows NT 10.0; Win64; x64) AppleWebKit/537.36 (KHTML, like Gecko) Chrome/144.0.0.0 Safari/537.36"
140.111.67.195 - - [25/Aug/2026:07:42:00 +0800] "GET /wp-admin/admin-post.php?action=steps_ad HTTP/1.1" 200 1649 "-" "node-fetch/1.0 (+https://github.com/bitinn/node-fetch)"
2001:288:a201::66:125 - - [25/Aug/2026:07:42:00 +0800] "GET /blog/active.php HTTP/1.1" 404 1084 "-" "-"
2001:288:a201::66:125 - - [25/Aug/2026:07:42:00 +0800] "GET /blog/active.php HTTP/1.1" 301 1026 "-" "-"
::1 - - [25/Aug/2026:07:42:01 +0800] "OPTIONS * HTTP/1.0" 200 110 "-" "Apache/2.4.68 (Ubuntu) OpenSSL/3.0.19 (internal dummy connection)"
2001:288:a201::67:81 - - [25/Aug/2026:07:42:01 +0800] "GET / HTTP/1.1" 200 56291 "-" "curl/7.81.0"
140.111.67.10 - - [25/Aug/2026:07:42:01 +0800] "GET /" 301 273 "-" "-"
140.111.67.195 - - [25/Aug/2026:07:42:01 +0800] "GET /wp-admin/admin-post.php?action=steps_ad HTTP/1.1" 200 1649 "-" "node-fetch/1.0 (+https://github.com/bitinn/node-fetch)"
::1 - - [25/Aug/2026:07:42:02 +0800] "OPTIONS * HTTP/1.0" 200 110 "-" "Apache/2.4.68 (Ubuntu) OpenSSL/3.0.19 (internal dummy connection)"
::1 - - [25/Aug/2026:07:42:03 +0800] "OPTIONS * HTTP/1.0" 200 110 "-" "Apache/2.4.68 (Ubuntu) OpenSSL/3.0.19 (internal dummy connection)"
::1 - - [25/Aug/2026:07:42:04 +0800] "OPTIONS * HTTP/1.0" 200 110 "-" "Apache/2.4.68 (Ubuntu) OpenSSL/3.0.19 (internal dummy connection)"
::1 - - [25/Aug/2026:07:42:05 +0800] "OPTIONS * HTTP/1.0" 200 110 "-" "Apache/2.4.68 (Ubuntu) OpenSSL/3.0.19 (internal dummy connection)"
2001:288:a201::66:125 - - [25/Aug/2026:07:42:05 +0800] "GET /blog/active.php HTTP/1.1" 301 1026 "-" "-"
2001:288:a201::66:125 - - [25/Aug/2026:07:42:05 +0800] "GET /blog/active.php HTTP/1.1" 404 1084 "-" "-"
::1 - - [25/Aug/2026:07:42:06 +0800] "OPTIONS * HTTP/1.0" 200 110 "-" "Apache/2.4.68 (Ubuntu) OpenSSL/3.0.19 (internal dummy connection)"
140.111.67.10 - - [25/Aug/2026:07:42:06 +0800] "GET /" 301 273 "-" "-"
::1 - - [25/Aug/2026:07:42:07 +0800] "OPTIONS * HTTP/1.0" 200 110 "-" "Apache/2.4.68 (Ubuntu) OpenSSL/3.0.19 (internal dummy connection)"
2a03:2880:32ff:9:: - - [25/Aug/2026:07:42:06 +0800] "GET /musicjoy/musicer/IMAGES/bach.JPG HTTP/1.1" 404 112942 "-" "facebookexternalhit/1.1 (+http://www.facebook.com/externalhit_uatext.php)"
::1 - - [25/Aug/2026:07:42:08 +0800] "OPTIONS * HTTP/1.0" 200 110 "-" "Apache/2.4.68 (Ubuntu) OpenSSL/3.0.19 (internal dummy connection)"
2001:288:a201::66:125 - - [25/Aug/2026:07:42:10 +0800] "GET /blog/active.php HTTP/1.1" 404 1084 "-" "-"
2001:288:a201::66:125 - - [25/Aug/2026:07:42:10 +0800] "GET /blog/active.php HTTP/1.1" 301 1026 "-" "-"
140.111.67.10 - - [25/Aug/2026:07:42:12 +0800] "GET /" 301 273 "-" "-"
::1 - - [25/Aug/2026:07:42:13 +0800] "OPTIONS * HTTP/1.0" 200 110 "-" "Apache/2.4.68 (Ubuntu) OpenSSL/3.0.19 (internal dummy connection)"
2001:288:a201::66:125 - - [25/Aug/2026:07:42:15 +0800] "GET /blog/active.php HTTP/1.1" 301 1026 "-" "-"
2001:288:a201::66:125 - - [25/Aug/2026:07:42:15 +0800] "GET /blog/active.php HTTP/1.1" 404 1084 "-" "-"
140.111.67.10 - - [25/Aug/2026:07:42:17 +0800] "GET /" 301 273 "-" "-"
2001:288:a201::66:125 - - [25/Aug/2026:07:42:20 +0800] "GET /blog/active.php HTTP/1.1" 301 1026 "-" "-"
2001:288:a201::66:125 - - [25/Aug/2026:07:42:20 +0800] "GET /blog/active.php HTTP/1.1" 404 1084 "-" "-"
140.111.67.10 - - [25/Aug/2026:07:42:22 +0800] "GET /" 301 273 "-" "-"
2a03:2880:f802:16:: - - [25/Aug/2026:07:42:20 +0800] "GET /wp-login.php?key=adiac375&_wpnonce=&action=ilc_logout&redirect_to=https%3A%2F%2Fwww.linegames.org HTTP/1.1" 302 8254 "-" "Mozilla/5.0 (Windows NT 10.0; Win64; x64) AppleWebKit/537.36 (KHTML, like Gecko) Chrome/145.0.0.0 Safari/537.36 (compatible; meta-externalagent/1.1 (+https://developers.facebook.com/docs/sharing/webmasters/crawler))"
140.111.67.195 - - [25/Aug/2026:07:42:22 +0800] "GET /wp-admin/admin-post.php?action=steps_ad HTTP/1.1" 200 1973 "-" "node-fetch/1.0 (+https://github.com/bitinn/node-fetch)"
140.111.67.195 - - [25/Aug/2026:07:42:23 +0800] "GET /wp-admin/admin-post.php?action=steps_ad HTTP/1.1" 200 1649 "-" "node-fetch/1.0 (+https://github.com/bitinn/node-fetch)"
2001:288:a201::66:125 - - [25/Aug/2026:07:42:25 +0800] "GET /blog/active.php HTTP/1.1" 404 1084 "-" "-"
2001:288:a201::66:125 - - [25/Aug/2026:07:42:25 +0800] "GET /blog/active.php HTTP/1.1" 301 1026 "-" "-"
140.111.67.10 - - [25/Aug/2026:07:42:27 +0800] "GET /" 301 273 "-" "-"
140.111.67.195 - - [25/Aug/2026:07:42:29 +0800] "GET /wp-admin/admin-post.php?action=steps_ad HTTP/1.1" 200 1973 "-" "node-fetch/1.0 (+https://github.com/bitinn/node-fetch)"
2001:288:a201::66:125 - - [25/Aug/2026:07:42:30 +0800] "GET /blog/active.php HTTP/1.1" 301 1026 "-" "-"
2001:288:a201::66:125 - - [25/Aug/2026:07:42:30 +0800] "GET /blog/active.php HTTP/1.1" 404 1084 "-" "-"
140.111.67.10 - - [25/Aug/2026:07:42:32 +0800] "GET /" 301 273 "-" "-"
2409:8c14:f22:1104:1::227 - - [25/Aug/2026:07:42:30 +0800] "GET /technology/category/learningandteaching/technology/lifetechology HTTP/1.1" 301 5814 "-" "Mozilla/5.0 (Windows NT 10.0; Win64; x64) AppleWebKit/537.36 (KHTML, like Gecko) Chrome/144.0.0.0 Safari/537.36"
2001:288:a221:1:600c:b54e:d580:cdf - - [25/Aug/2026:07:42:34 +0800] "-" 408 4791 "-" "-"
2409:8c14:f22:1104:1::227 - - [25/Aug/2026:07:42:33 +0800] "GET /technology/category/learningandteaching/technology/lifetechology/ HTTP/1.1" 200 16365 "-" "Mozilla/5.0 (Windows NT 10.0; Win64; x64) AppleWebKit/537.36 (KHTML, like Gecko) Chrome/144.0.0.0 Safari/537.36"
2001:288:a201::66:125 - - [25/Aug/2026:07:42:35 +0800] "GET /blog/active.php HTTP/1.1" 404 1084 "-" "-"
2001:288:a201::66:125 - - [25/Aug/2026:07:42:35 +0800] "GET /blog/active.php HTTP/1.1" 301 1026 "-" "-"
2409:8c14:f22:1104:1::227 - - [25/Aug/2026:07:42:36 +0800] "GET /technology/wp-content/cache/2blog.ilc.edu.tw/wpfc-minified/7cakikd2/5wohy.css HTTP/1.1" 200 41234 "https://2blog.ilc.edu.tw/technology/category/learningandteaching/technology/lifetechology/" "Mozilla/5.0 (Windows NT 10.0; Win64; x64) AppleWebKit/537.36 (KHTML, like Gecko) Chrome/144.0.0.0 Safari/537.36"
2409:8c14:f22:1104:1::227 - - [25/Aug/2026:07:42:36 +0800] "GET /technology/wp-content/cache/2blog.ilc.edu.tw/wpfc-minified/3226x8uj/5wohy.css HTTP/1.1" 200 16121 "https://2blog.ilc.edu.tw/technology/category/learningandteaching/technology/lifetechology/" "Mozilla/5.0 (Windows NT 10.0; Win64; x64) AppleWebKit/537.36 (KHTML, like Gecko) Chrome/144.0.0.0 Safari/537.36"
2409:8c14:f22:1104:1::227 - - [25/Aug/2026:07:42:36 +0800] "GET /technology/wp-content/cache/2blog.ilc.edu.tw/wpfc-minified/7jtn3kqh/5wom1.css HTTP/1.1" 200 5951 "https://2blog.ilc.edu.tw/technology/category/learningandteaching/technology/lifetechology/" "Mozilla/5.0 (Windows NT 10.0; Win64; x64) AppleWebKit/537.36 (KHTML, like Gecko) Chrome/144.0.0.0 Safari/537.36"
140.111.67.10 - - [25/Aug/2026:07:42:37 +0800] "GET /" 301 273 "-" "-"
2409:8c14:f22:1104:1::227 - - [25/Aug/2026:07:42:37 +0800] "GET /technology/wp-content/cache/2blog.ilc.edu.tw/wpfc-minified/89r52xig/5wom1.css HTTP/1.1" 200 86048 "https://2blog.ilc.edu.tw/technology/category/learningandteaching/technology/lifetechology/" "Mozilla/5.0 (Windows NT 10.0; Win64; x64) AppleWebKit/537.36 (KHTML, like Gecko) Chrome/144.0.0.0 Safari/537.36"
2409:8c14:f22:1104:1::227 - - [25/Aug/2026:07:42:37 +0800] "GET /technology/wp-content/uploads/sites/1308/elementor/css/post-3189.css HTTP/1.1" 200 1322 "https://2blog.ilc.edu.tw/technology/category/learningandteaching/technology/lifetechology/" "Mozilla/5.0 (Windows NT 10.0; Win64; x64) AppleWebKit/537.36 (KHTML, like Gecko) Chrome/144.0.0.0 Safari/537.36"
2409:8c14:f22:1104:1::227 - - [25/Aug/2026:07:42:37 +0800] "GET /technology/wp-content/uploads/sites/1308/elementor/css/post-2275.css HTTP/1.1" 200 2070 "https://2blog.ilc.edu.tw/technology/category/learningandteaching/technology/lifetechology/" "Mozilla/5.0 (Windows NT 10.0; Win64; x64) AppleWebKit/537.36 (KHTML, like Gecko) Chrome/144.0.0.0 Safari/537.36"
2409:8c14:f22:1104:1::227 - - [25/Aug/2026:07:42:37 +0800] "GET /technology/wp-content/uploads/sites/1308/elementor/css/post-2602.css HTTP/1.1" 200 1983 "https://2blog.ilc.edu.tw/technology/category/learningandteaching/technology/lifetechology/" "Mozilla/5.0 (Windows NT 10.0; Win64; x64) AppleWebKit/537.36 (KHTML, like Gecko) Chrome/144.0.0.0 Safari/537.36"
2409:8c14:f22:1104:1::227 - - [25/Aug/2026:07:42:37 +0800] "GET /technology/wp-content/cache/2blog.ilc.edu.tw/wpfc-minified/qtq1x9uj/5wohy.css HTTP/1.1" 200 10111 "https://2blog.ilc.edu.tw/technology/category/learningandteaching/technology/lifetechology/" "Mozilla/5.0 (Windows NT 10.0; Win64; x64) AppleWebKit/537.36 (KHTML, like Gecko) Chrome/144.0.0.0 Safari/537.36"
2409:8c14:f22:1104:1::227 - - [25/Aug/2026:07:42:37 +0800] "GET /technology/wp-content/cache/2blog.ilc.edu.tw/wpfc-minified/faimvau/5wohy.css HTTP/1.1" 200 132909 "https://2blog.ilc.edu.tw/technology/category/learningandteaching/technology/lifetechology/" "Mozilla/5.0 (Windows NT 10.0; Win64; x64) AppleWebKit/537.36 (KHTML, like Gecko) Chrome/144.0.0.0 Safari/537.36"
2409:8c14:f22:1104:1::227 - - [25/Aug/2026:07:42:38 +0800] "GET /technology/wp-content/uploads/sites/1308/elementor/css/post-2909.css HTTP/1.1" 200 1005 "https://2blog.ilc.edu.tw/technology/category/learningandteaching/technology/lifetechology/" "Mozilla/5.0 (Windows NT 10.0; Win64; x64) AppleWebKit/537.36 (KHTML, like Gecko) Chrome/144.0.0.0 Safari/537.36"
2409:8c14:f22:1104:1::227 - - [25/Aug/2026:07:42:38 +0800] "GET /technology/wp-content/cache/2blog.ilc.edu.tw/wpfc-minified/h9oxuv2/5wohy.js HTTP/1.1" 200 35568 "https://2blog.ilc.edu.tw/technology/category/learningandteaching/technology/lifetechology/" "Mozilla/5.0 (Windows NT 10.0; Win64; x64) AppleWebKit/537.36 (KHTML, like Gecko) Chrome/144.0.0.0 Safari/537.36"
240e:944:4:1::244 - - [25/Aug/2026:07:42:39 +0800] "GET /kkes101/2023/01/ HTTP/1.1" 200 14480 "-" "Mozilla/5.0 (Windows NT 10.0; Win64; x64) AppleWebKit/537.36 (KHTML, like Gecko) Chrome/144.0.0.0 Safari/537.36"
140.111.110.169 - - [25/Aug/2026:07:42:39 +0800] "-" 408 4791 "-" "-"
2409:8c14:f22:1104:1::227 - - [25/Aug/2026:07:42:39 +0800] "GET /technology/wp-content/cache/2blog.ilc.edu.tw/wpfc-minified/f2818dbe/5wohy.js HTTP/1.1" 200 2373 "https://2blog.ilc.edu.tw/technology/category/learningandteaching/technology/lifetechology/" "Mozilla/5.0 (Windows NT 10.0; Win64; x64) AppleWebKit/537.36 (KHTML, like Gecko) Chrome/144.0.0.0 Safari/537.36"
240e:944:4:1::244 - - [25/Aug/2026:07:42:39 +0800] "GET /kkes101/wp-content/cache/2blog.ilc.edu.tw/wpfc-minified/76uwzjzo/6aico.css HTTP/1.1" 200 40891 "https://2blog.ilc.edu.tw/kkes101/2023/01/" "Mozilla/5.0 (Windows NT 10.0; Win64; x64) AppleWebKit/537.36 (KHTML, like Gecko) Chrome/144.0.0.0 Safari/537.36"
2409:8c14:f22:1104:1::227 - - [25/Aug/2026:07:42:39 +0800] "GET /technology/wp-content/plugins/ele-custom-skin/assets/js/ecs_admin_bar_menu.js HTTP/1.1" 200 1099 "https://2blog.ilc.edu.tw/technology/category/learningandteaching/technology/lifetechology/" "Mozilla/5.0 (Windows NT 10.0; Win64; x64) AppleWebKit/537.36 (KHTML, like Gecko) Chrome/144.0.0.0 Safari/537.36"
2409:8c14:f22:1104:1::227 - - [25/Aug/2026:07:42:39 +0800] "GET /technology/wp-includes/js/hoverintent-js.min.js HTTP/1.1" 200 1597 "https://2blog.ilc.edu.tw/technology/category/learningandteaching/technology/lifetechology/" "Mozilla/5.0 (Windows NT 10.0; Win64; x64) AppleWebKit/537.36 (KHTML, like Gecko) Chrome/144.0.0.0 Safari/537.36"
240e:944:4:1::244 - - [25/Aug/2026:07:42:40 +0800] "GET /kkes101/wp-content/cache/2blog.ilc.edu.tw/wpfc-minified/6yofz14g/6aico.css HTTP/1.1" 200 15782 "https://2blog.ilc.edu.tw/kkes101/2023/01/" "Mozilla/5.0 (Windows NT 10.0; Win64; x64) AppleWebKit/537.36 (KHTML, like Gecko) Chrome/144.0.0.0 Safari/537.36"
2409:8c14:f22:1104:1::227 - - [25/Aug/2026:07:42:40 +0800] "GET /technology/wp-includes/js/admin-bar.min.js HTTP/1.1" 200 2237 "https://2blog.ilc.edu.tw/technology/category/learningandteaching/technology/lifetechology/" "Mozilla/5.0 (Windows NT 10.0; Win64; x64) AppleWebKit/537.36 (KHTML, like Gecko) Chrome/144.0.0.0 Safari/537.36"
2409:8c14:f22:1104:1::227 - - [25/Aug/2026:07:42:40 +0800] "GET /technology/wp-includes/js/imagesloaded.min.js HTTP/1.1" 200 2683 "https://2blog.ilc.edu.tw/technology/category/learningandteaching/technology/lifetechology/" "Mozilla/5.0 (Windows NT 10.0; Win64; x64) AppleWebKit/537.36 (KHTML, like Gecko) Chrome/144.0.0.0 Safari/537.36"
2001:288:a201::66:125 - - [25/Aug/2026:07:42:40 +0800] "GET /blog/active.php HTTP/1.1" 404 1084 "-" "-"
240e:944:4:1::244 - - [25/Aug/2026:07:42:40 +0800] "GET /kkes101/wp-content/cache/2blog.ilc.edu.tw/wpfc-minified/f2xiy8bw/6aico.css HTTP/1.1" 200 1157 "https://2blog.ilc.edu.tw/kkes101/2023/01/" "Mozilla/5.0 (Windows NT 10.0; Win64; x64) AppleWebKit/537.36 (KHTML, like Gecko) Chrome/144.0.0.0 Safari/537.36"
2001:288:a201::66:125 - - [25/Aug/2026:07:42:40 +0800] "GET /blog/active.php HTTP/1.1" 301 1026 "-" "-"
2409:8c14:f22:1104:1::227 - - [25/Aug/2026:07:42:40 +0800] "GET /technology/wp-content/themes/oceanwp/assets/js/theme.min.js HTTP/1.1" 200 5130 "https://2blog.ilc.edu.tw/technology/category/learningandteaching/technology/lifetechology/" "Mozilla/5.0 (Windows NT 10.0; Win64; x64) AppleWebKit/537.36 (KHTML, like Gecko) Chrome/144.0.0.0 Safari/537.36"
2409:8c14:f22:1104:1::227 - - [25/Aug/2026:07:42:40 +0800] "GET /technology/wp-content/themes/oceanwp/assets/js/drop-down-mobile-menu.min.js HTTP/1.1" 200 4663 "https://2blog.ilc.edu.tw/technology/category/learningandteaching/technology/lifetechology/" "Mozilla/5.0 (Windows NT 10.0; Win64; x64) AppleWebKit/537.36 (KHTML, like Gecko) Chrome/144.0.0.0 Safari/537.36"
240e:944:4:1::244 - - [25/Aug/2026:07:42:40 +0800] "GET /kkes101/wp-content/cache/2blog.ilc.edu.tw/wpfc-minified/2cam1wb2/6aico.css HTTP/1.1" 200 54294 "https://2blog.ilc.edu.tw/kkes101/2023/01/" "Mozilla/5.0 (Windows NT 10.0; Win64; x64) AppleWebKit/537.36 (KHTML, like Gecko) Chrome/144.0.0.0 Safari/537.36"
240e:944:4:1::244 - - [25/Aug/2026:07:42:41 +0800] "GET /kkes101/wp-content/cache/2blog.ilc.edu.tw/wpfc-minified/2egbikol/6aico.js HTTP/1.1" 200 35568 "https://2blog.ilc.edu.tw/kkes101/2023/01/" "Mozilla/5.0 (Windows NT 10.0; Win64; x64) AppleWebKit/537.36 (KHTML, like Gecko) Chrome/144.0.0.0 Safari/537.36"
240e:944:4:1::244 - - [25/Aug/2026:07:42:41 +0800] "GET /kkes101/wp-includes/js/hoverintent-js.min.js HTTP/1.1" 200 1597 "https://2blog.ilc.edu.tw/kkes101/2023/01/" "Mozilla/5.0 (Windows NT 10.0; Win64; x64) AppleWebKit/537.36 (KHTML, like Gecko) Chrome/144.0.0.0 Safari/537.36"
2409:8c14:f22:1104:1::227 - - [25/Aug/2026:07:42:41 +0800] "GET /technology/wp-content/themes/oceanwp/assets/js/vendors/magnific-popup.min.js HTTP/1.1" 200 8270 "https://2blog.ilc.edu.tw/technology/category/learningandteaching/technology/lifetechology/" "Mozilla/5.0 (Windows NT 10.0; Win64; x64) AppleWebKit/537.36 (KHTML, like Gecko) Chrome/144.0.0.0 Safari/537.36"
2409:8c14:f22:1104:1::227 - - [25/Aug/2026:07:42:41 +0800] "GET /technology/wp-content/themes/oceanwp/assets/js/ow-lightbox.min.js HTTP/1.1" 200 2321 "https://2blog.ilc.edu.tw/technology/category/learningandteaching/technology/lifetechology/" "Mozilla/5.0 (Windows NT 10.0; Win64; x64) AppleWebKit/537.36 (KHTML, like Gecko) Chrome/144.0.0.0 Safari/537.36"
240e:944:4:1::244 - - [25/Aug/2026:07:42:41 +0800] "GET /kkes101/wp-content/themes/oceanwp/assets/fonts/simple-line-icons/Simple-Line-Icons.woff2?v=2.4.0 HTTP/1.1" 200 30959 "https://2blog.ilc.edu.tw/kkes101/wp-content/cache/2blog.ilc.edu.tw/wpfc-minified/2cam1wb2/6aico.css" "Mozilla/5.0 (Windows NT 10.0; Win64; x64) AppleWebKit/537.36 (KHTML, like Gecko) Chrome/144.0.0.0 Safari/537.36"
140.111.67.10 - - [25/Aug/2026:07:42:42 +0800] "GET /" 301 273 "-" "-"
2409:8c14:f22:1104:1::227 - - [25/Aug/2026:07:42:42 +0800] "GET /technology/wp-content/themes/oceanwp/assets/js/vendors/flickity.pkgd.min.js HTTP/1.1" 200 15048 "https://2blog.ilc.edu.tw/technology/category/learningandteaching/technology/lifetechology/" "Mozilla/5.0 (Windows NT 10.0; Win64; x64) AppleWebKit/537.36 (KHTML, like Gecko) Chrome/144.0.0.0 Safari/537.36"
240e:944:4:1::244 - - [25/Aug/2026:07:42:42 +0800] "GET /kkes101/wp-content/themes/oceanwp/assets/fonts/fontawesome/webfonts/fa-solid-900.woff2 HTTP/1.1" 200 151246 "https://2blog.ilc.edu.tw/kkes101/wp-content/cache/2blog.ilc.edu.tw/wpfc-minified/2cam1wb2/6aico.css" "Mozilla/5.0 (Windows NT 10.0; Win64; x64) AppleWebKit/537.36 (KHTML, like Gecko) Chrome/144.0.0.0 Safari/537.36"
240e:944:4:1::244 - - [25/Aug/2026:07:42:42 +0800] "GET /kkes101/wp-content/themes/oceanwp/assets/js/vendors/magnific-popup.min.js HTTP/1.1" 200 8270 "https://2blog.ilc.edu.tw/kkes101/2023/01/" "Mozilla/5.0 (Windows NT 10.0; Win64; x64) AppleWebKit/537.36 (KHTML, like Gecko) Chrome/144.0.0.0 Safari/537.36"
240e:944:4:1::244 - - [25/Aug/2026:07:42:43 +0800] "GET /kkes101/wp-content/themes/oceanwp/assets/js/select.min.js HTTP/1.1" 200 2408 "https://2blog.ilc.edu.tw/kkes101/2023/01/" "Mozilla/5.0 (Windows NT 10.0; Win64; x64) AppleWebKit/537.36 (KHTML, like Gecko) Chrome/144.0.0.0 Safari/537.36"
::1 - - [25/Aug/2026:07:42:43 +0800] "OPTIONS * HTTP/1.0" 200 110 "-" "Apache/2.4.68 (Ubuntu) OpenSSL/3.0.19 (internal dummy connection)"
2409:8c14:f22:1104:1::227 - - [25/Aug/2026:07:42:43 +0800] "GET /technology/wp-content/themes/oceanwp/assets/js/ow-slider.min.js HTTP/1.1" 200 1761 "https://2blog.ilc.edu.tw/technology/category/learningandteaching/technology/lifetechology/" "Mozilla/5.0 (Windows NT 10.0; Win64; x64) AppleWebKit/537.36 (KHTML, like Gecko) Chrome/144.0.0.0 Safari/537.36"
2409:8c14:f22:1104:1::227 - - [25/Aug/2026:07:42:43 +0800] "GET /technology/wp-content/themes/oceanwp/assets/js/scroll-effect.min.js HTTP/1.1" 200 4127 "https://2blog.ilc.edu.tw/technology/category/learningandteaching/technology/lifetechology/" "Mozilla/5.0 (Windows NT 10.0; Win64; x64) AppleWebKit/537.36 (KHTML, like Gecko) Chrome/144.0.0.0 Safari/537.36"
2409:8c14:f22:1104:1::227 - - [25/Aug/2026:07:42:43 +0800] "GET /technology/wp-content/themes/oceanwp/assets/js/scroll-top.min.js HTTP/1.1" 200 3202 "https://2blog.ilc.edu.tw/technology/category/learningandteaching/technology/lifetechology/" "Mozilla/5.0 (Windows NT 10.0; Win64; x64) AppleWebKit/537.36 (KHTML, like Gecko) Chrome/144.0.0.0 Safari/537.36"
2402:7500:a16:15e6::bebf:aaa3 - - [25/Aug/2026:07:42:43 +0800] "GET /3860/2018/10/16/1%e8%aa%a0%e5%af%a6sing-si%cc%8dt%e3%80%80-2%e8%aa%a0%e5%af%a6tsiann-si%cc%8dt/ HTTP/1.1" 200 27074 "https://2blog.ilc.edu.tw/3860/category/c-10770/c-14559/" "Mozilla/5.0 (Linux; Android 10; K) AppleWebKit/537.36 (KHTML, like Gecko) Chrome/137.0.0.0 Mobile Safari/537.36"
::1 - - [25/Aug/2026:07:42:44 +0800] "OPTIONS * HTTP/1.0" 200 110 "-" "Apache/2.4.68 (Ubuntu) OpenSSL/3.0.19 (internal dummy connection)"
2402:7500:a16:15e6::bebf:aaa3 - - [25/Aug/2026:07:42:43 +0800] "POST /3860/wp-json/ilc-summary/v1/popular-posts HTTP/1.1" 201 1273 "https://2blog.ilc.edu.tw/3860/2018/10/16/1%e8%aa%a0%e5%af%a6sing-si%cc%8dt%e3%80%80-2%e8%aa%a0%e5%af%a6tsiann-si%cc%8dt/" "Mozilla/5.0 (Linux; Android 10; K) AppleWebKit/537.36 (KHTML, like Gecko) Chrome/137.0.0.0 Mobile Safari/537.36"
2409:8c14:f22:1104:1::227 - - [25/Aug/2026:07:42:44 +0800] "GET /technology/wp-content/themes/oceanwp/assets/fonts/fontawesome/webfonts/fa-brands-400.woff2 HTTP/1.1" 200 110924 "https://2blog.ilc.edu.tw/technology/wp-content/cache/2blog.ilc.edu.tw/wpfc-minified/89r52xig/5wom1.css" "Mozilla/5.0 (Windows NT 10.0; Win64; x64) AppleWebKit/537.36 (KHTML, like Gecko) Chrome/144.0.0.0 Safari/537.36"
2409:8c14:f22:1104:1::227 - - [25/Aug/2026:07:42:44 +0800] "GET /technology/wp-content/plugins/ocean-extra/includes/widgets/js/flickr.min.js HTTP/1.1" 200 1319 "https://2blog.ilc.edu.tw/technology/category/learningandteaching/technology/lifetechology/" "Mozilla/5.0 (Windows NT 10.0; Win64; x64) AppleWebKit/537.36 (KHTML, like Gecko) Chrome/144.0.0.0 Safari/537.36"
2409:8c14:f22:1104:1::227 - - [25/Aug/2026:07:42:44 +0800] "GET /technology/wp-content/themes/oceanwp/assets/js/select.min.js HTTP/1.1" 200 2408 "https://2blog.ilc.edu.tw/technology/category/learningandteaching/technology/lifetechology/" "Mozilla/5.0 (Windows NT 10.0; Win64; x64) AppleWebKit/537.36 (KHTML, like Gecko) Chrome/144.0.0.0 Safari/537.36"
2409:8c14:f22:1104:1::227 - - [25/Aug/2026:07:42:45 +0800] "GET /technology/wp-includes/js/jquery/ui/core.min.js HTTP/1.1" 200 7986 "https://2blog.ilc.edu.tw/technology/category/learningandteaching/technology/lifetechology/" "Mozilla/5.0 (Windows NT 10.0; Win64; x64) AppleWebKit/537.36 (KHTML, like Gecko) Chrome/144.0.0.0 Safari/537.36"
2001:288:a201::66:125 - - [25/Aug/2026:07:42:45 +0800] "GET /blog/active.php HTTP/1.1" 404 1084 "-" "-"
2001:288:a201::66:125 - - [25/Aug/2026:07:42:45 +0800] "GET /blog/active.php HTTP/1.1" 301 1026 "-" "-"
2409:8c14:f22:1104:1::227 - - [25/Aug/2026:07:42:46 +0800] "GET /technology/wp-content/plugins/ele-custom-skin-pro/assets/js/ecspro.js HTTP/1.1" 200 4445 "https://2blog.ilc.edu.tw/technology/category/learningandteaching/technology/lifetechology/" "Mozilla/5.0 (Windows NT 10.0; Win64; x64) AppleWebKit/537.36 (KHTML, like Gecko) Chrome/144.0.0.0 Safari/537.36"
140.111.67.10 - - [25/Aug/2026:07:42:46 +0800] "GET /" 301 273 "-" "-"
2409:8c14:f22:1104:1::227 - - [25/Aug/2026:07:42:49 +0800] "GET /technology/wp-content/plugins/elementor-pro/assets/js/social.2d2e44e8608690943f29.bundle.min.js HTTP/1.1" 200 1433 "https://2blog.ilc.edu.tw/technology/category/learningandteaching/technology/lifetechology/" "Mozilla/5.0 (Windows NT 10.0; Win64; x64) AppleWebKit/537.36 (KHTML, like Gecko) Chrome/144.0.0.0 Safari/537.36"
2409:8c02:21c:c0::42 - - [25/Aug/2026:07:42:49 +0800] "GET / HTTP/1.1" 200 20095 "-" "Mozilla/5.0 (Windows NT 10.0; Win64; x64) AppleWebKit/537.36 (KHTML, like Gecko) Chrome/144.0.0.0 Safari/537.36"
2409:8c14:f22:1104:1::227 - - [25/Aug/2026:07:42:49 +0800] "GET /technology/wp-content/plugins/elementor/assets/lib/eicons/fonts/eicons.woff2?5.30.0 HTTP/1.1" 200 98225 "https://2blog.ilc.edu.tw/technology/wp-content/cache/2blog.ilc.edu.tw/wpfc-minified/89r52xig/5wom1.css" "Mozilla/5.0 (Windows NT 10.0; Win64; x64) AppleWebKit/537.36 (KHTML, like Gecko) Chrome/144.0.0.0 Safari/537.36"
2001:288:a201::66:125 - - [25/Aug/2026:07:42:50 +0800] "GET /blog/active.php HTTP/1.1" 404 1084 "-" "-"
2001:288:a201::66:125 - - [25/Aug/2026:07:42:50 +0800] "GET /blog/active.php HTTP/1.1" 301 1026 "-" "-"
2001:b011:7802:1dd9:48f0:fe82:c436:ea04 - - [25/Aug/2026:07:42:50 +0800] "GET /wp-content/uploads/sites/3846/elementor/css/post-19.css HTTP/1.1" 304 5581 "https://www.ilc.edu.tw/" "Mozilla/5.0 (iPhone; CPU iPhone OS 18_7 like Mac OS X) AppleWebKit/605.1.15 (KHTML, like Gecko) Version/26.6 Mobile/15E148 Safari/604.1"
2001:b011:7802:1dd9:48f0:fe82:c436:ea04 - - [25/Aug/2026:07:42:50 +0800] "GET /wp-content/uploads/sites/3846/2026/08/%E8%BE%B2%E6%A5%AD%E9%83%A8%E5%BB%A3%E5%91%8A.jpg HTTP/1.1" 304 5581 "https://www.ilc.edu.tw/" "Mozilla/5.0 (iPhone; CPU iPhone OS 18_7 like Mac OS X) AppleWebKit/605.1.15 (KHTML, like Gecko) Version/26.6 Mobile/15E148 Safari/604.1"
2001:b011:7802:1dd9:48f0:fe82:c436:ea04 - - [25/Aug/2026:07:42:50 +0800] "GET /wp-content/uploads/sites/3846/2025/04/%E7%AB%A5%E5%BF%83%E7%AB%A5%E9%81%8A-%E6%AD%A1%E6%A8%82%E8%98%AD%E9%99%BD-%E5%85%92%E7%AB%A5%E7%AF%80%E5%BF%AB%E6%A8%82.jpg HTTP/1.1" 304 5581 "https://www.ilc.edu.tw/" "Mozilla/5.0 (iPhone; CPU iPhone OS 18_7 like Mac OS X) AppleWebKit/605.1.15 (KHTML, like Gecko) Version/26.6 Mobile/15E148 Safari/604.1"
140.111.67.10 - - [25/Aug/2026:07:42:51 +0800] "GET /" 301 273 "-" "-"
2a03:2880:f802:19:: - - [25/Aug/2026:07:42:51 +0800] "GET /wp-login.php?key=35w27379&_wpnonce=&action=ilc_logout&redirect_to=https%3A%2F%2Fgame.edu.kg HTTP/1.1" 302 8248 "-" "Mozilla/5.0 (Macintosh; Intel Mac OS X 10_15_7) AppleWebKit/537.36 (KHTML, like Gecko) Chrome/145.0.0.0 Safari/537.36 (compatible; meta-externalagent/1.1 (+https://developers.facebook.com/docs/sharing/webmasters/crawler))"
::1 - - [25/Aug/2026:07:42:53 +0800] "OPTIONS * HTTP/1.0" 200 110 "-" "Apache/2.4.68 (Ubuntu) OpenSSL/3.0.19 (internal dummy connection)"
2001:b011:7800:3361:f175:4327:37cd:2b5a - - [25/Aug/2026:07:42:54 +0800] "-" 408 4800 "-" "-"
::1 - - [25/Aug/2026:07:42:55 +0800] "OPTIONS * HTTP/1.0" 200 110 "-" "Apache/2.4.68 (Ubuntu) OpenSSL/3.0.19 (internal dummy connection)"
2001:288:a201::66:125 - - [25/Aug/2026:07:42:55 +0800] "GET /blog/active.php HTTP/1.1" 404 1084 "-" "-"
2001:288:a201::66:125 - - [25/Aug/2026:07:42:55 +0800] "GET /blog/active.php HTTP/1.1" 301 1026 "-" "-"
::1 - - [25/Aug/2026:07:42:56 +0800] "OPTIONS * HTTP/1.0" 200 110 "-" "Apache/2.4.68 (Ubuntu) OpenSSL/3.0.19 (internal dummy connection)"
140.111.67.10 - - [25/Aug/2026:07:42:56 +0800] "GET /" 301 273 "-" "-"
2a00:ccc0:ffff:113:113:6cd:113:6cd - - [25/Aug/2026:07:42:56 +0800] "GET / HTTP/1.1" 301 937 "-" "Mozilla/5.0 (Windows NT 10.0; Win64; x64; rv:148.0) Gecko/20100101 Firefox/148.0"
2001:b011:e003:275:97f0:fb88:9aac:398b - - [25/Aug/2026:07:42:59 +0800] "GET /%E5%AD%B8%E5%8B%99%E8%99%95/ HTTP/1.1" 200 80565 "-" "Mozilla/5.0 (Windows NT 10.0; Win64; x64) AppleWebKit/537.36 (KHTML, like Gecko) Chrome/69.0.3497.81 Safari/537.36"
2001:288:a201::66:125 - - [25/Aug/2026:07:43:00 +0800] "GET /blog/active.php HTTP/1.1" 301 1026 "-" "-"
2001:288:a201::66:125 - - [25/Aug/2026:07:43:00 +0800] "GET /blog/active.php HTTP/1.1" 404 1084 "-" "-"
140.111.67.10 - - [25/Aug/2026:07:43:01 +0800] "GET /" 301 273 "-" "-"
2a03:2880:f802:1b:: - - [25/Aug/2026:07:43:01 +0800] "GET /wp-login.php?key=mq52l375&_wpnonce=&action=ilc_logout&redirect_to=https%3A%2F%2Fgame.edu.kg HTTP/1.1" 302 8248 "-" "Mozilla/5.0 (Windows NT 10.0; Win64; x64) AppleWebKit/537.36 (KHTML, like Gecko) Chrome/145.0.0.0 Safari/537.36 (compatible; meta-externalagent/1.1 (+https://developers.facebook.com/docs/sharing/webmasters/crawler))"
140.111.67.195 - - [25/Aug/2026:07:43:04 +0800] "GET /wp-admin/admin-post.php?action=steps_ad HTTP/1.1" 200 1973 "-" "node-fetch/1.0 (+https://github.com/bitinn/node-fetch)"
2001:288:a201::67:81 - - [25/Aug/2026:07:42:56 +0800] "POST /?fsm_edd_37394=80997dcd1b511e2891788fe67ab7f0fd HTTP/1.1" 200 17796 "-" "WordPress/6.6.7; https://www.eces.ilc.edu.tw"
2001:288:a239:1:d44b:a23a:3d3e:85ce - - [25/Aug/2026:07:43:04 +0800] "GET /ysjhgsroom/ HTTP/1.1" 200 19748 "-" "Mozilla/5.0 (Windows NT 10.0; Win64; x64; rv:154.0) Gecko/20100101 Firefox/154.0"
2001:288:a239:1:d44b:a23a:3d3e:85ce - - [25/Aug/2026:07:43:05 +0800] "GET /ysjhgsroom/wp-content/cache/2blog.ilc.edu.tw/wpfc-minified/komeiz1g/5wurh.css HTTP/1.1" 200 40896 "https://2blog.ilc.edu.tw/ysjhgsroom/" "Mozilla/5.0 (Windows NT 10.0; Win64; x64; rv:154.0) Gecko/20100101 Firefox/154.0"
2001:288:a239:1:d44b:a23a:3d3e:85ce - - [25/Aug/2026:07:43:05 +0800] "GET /ysjhgsroom/wp-includes/js/hoverintent-js.min.js HTTP/1.1" 200 1597 "https://2blog.ilc.edu.tw/ysjhgsroom/" "Mozilla/5.0 (Windows NT 10.0; Win64; x64; rv:154.0) Gecko/20100101 Firefox/154.0"
2001:288:a239:1:d44b:a23a:3d3e:85ce - - [25/Aug/2026:07:43:05 +0800] "GET /ysjhgsroom/wp-includes/js/admin-bar.min.js HTTP/1.1" 200 2237 "https://2blog.ilc.edu.tw/ysjhgsroom/" "Mozilla/5.0 (Windows NT 10.0; Win64; x64; rv:154.0) Gecko/20100101 Firefox/154.0"
2001:288:a239:1:d44b:a23a:3d3e:85ce - - [25/Aug/2026:07:43:05 +0800] "GET /ysjhgsroom/wp-content/cache/2blog.ilc.edu.tw/wpfc-minified/7kgt4frx/5wurh.css HTTP/1.1" 200 16121 "https://2blog.ilc.edu.tw/ysjhgsroom/" "Mozilla/5.0 (Windows NT 10.0; Win64; x64; rv:154.0) Gecko/20100101 Firefox/154.0"
2001:288:a239:1:d44b:a23a:3d3e:85ce - - [25/Aug/2026:07:43:05 +0800] "GET /ysjhgsroom/wp-includes/js/imagesloaded.min.js HTTP/1.1" 200 2683 "https://2blog.ilc.edu.tw/ysjhgsroom/" "Mozilla/5.0 (Windows NT 10.0; Win64; x64; rv:154.0) Gecko/20100101 Firefox/154.0"
2001:288:a239:1:d44b:a23a:3d3e:85ce - - [25/Aug/2026:07:43:05 +0800] "GET /ysjhgsroom/wp-content/cache/2blog.ilc.edu.tw/wpfc-minified/e48h9f9/5wuri.js HTTP/1.1" 200 40367 "https://2blog.ilc.edu.tw/ysjhgsroom/" "Mozilla/5.0 (Windows NT 10.0; Win64; x64; rv:154.0) Gecko/20100101 Firefox/154.0"
2001:288:a239:1:d44b:a23a:3d3e:85ce - - [25/Aug/2026:07:43:05 +0800] "GET /ysjhgsroom/wp-content/themes/oceanwp/assets/js/full-screen-menu.min.js HTTP/1.1" 200 4064 "https://2blog.ilc.edu.tw/ysjhgsroom/" "Mozilla/5.0 (Windows NT 10.0; Win64; x64; rv:154.0) Gecko/20100101 Firefox/154.0"
2001:288:a239:1:d44b:a23a:3d3e:85ce - - [25/Aug/2026:07:43:05 +0800] "GET /ysjhgsroom/wp-content/themes/oceanwp/assets/js/theme.min.js HTTP/1.1" 200 5130 "https://2blog.ilc.edu.tw/ysjhgsroom/" "Mozilla/5.0 (Windows NT 10.0; Win64; x64; rv:154.0) Gecko/20100101 Firefox/154.0"
2001:288:a239:1:d44b:a23a:3d3e:85ce - - [25/Aug/2026:07:43:05 +0800] "GET /ysjhgsroom/wp-content/cache/2blog.ilc.edu.tw/wpfc-minified/djkhbhet/60fon.css HTTP/1.1" 200 5114 "https://2blog.ilc.edu.tw/ysjhgsroom/" "Mozilla/5.0 (Windows NT 10.0; Win64; x64; rv:154.0) Gecko/20100101 Firefox/154.0"
2001:288:a239:1:d44b:a23a:3d3e:85ce - - [25/Aug/2026:07:43:05 +0800] "GET /ysjhgsroom/wp-content/themes/oceanwp/assets/js/drop-down-search.min.js HTTP/1.1" 200 2968 "https://2blog.ilc.edu.tw/ysjhgsroom/" "Mozilla/5.0 (Windows NT 10.0; Win64; x64; rv:154.0) Gecko/20100101 Firefox/154.0"
2001:288:a239:1:d44b:a23a:3d3e:85ce - - [25/Aug/2026:07:43:05 +0800] "GET /ysjhgsroom/wp-content/cache/2blog.ilc.edu.tw/wpfc-minified/8n9ut9xq/5wurh.css HTTP/1.1" 200 5951 "https://2blog.ilc.edu.tw/ysjhgsroom/" "Mozilla/5.0 (Windows NT 10.0; Win64; x64; rv:154.0) Gecko/20100101 Firefox/154.0"
2001:288:a239:1:d44b:a23a:3d3e:85ce - - [25/Aug/2026:07:43:05 +0800] "GET /ysjhgsroom/wp-content/themes/oceanwp/assets/js/vendors/magnific-popup.min.js HTTP/1.1" 200 8270 "https://2blog.ilc.edu.tw/ysjhgsroom/" "Mozilla/5.0 (Windows NT 10.0; Win64; x64; rv:154.0) Gecko/20100101 Firefox/154.0"
2001:288:a239:1:d44b:a23a:3d3e:85ce - - [25/Aug/2026:07:43:05 +0800] "GET /ysjhgsroom/wp-content/themes/oceanwp/assets/js/drop-down-mobile-menu.min.js HTTP/1.1" 200 4663 "https://2blog.ilc.edu.tw/ysjhgsroom/" "Mozilla/5.0 (Windows NT 10.0; Win64; x64; rv:154.0) Gecko/20100101 Firefox/154.0"
2001:288:a239:1:d44b:a23a:3d3e:85ce - - [25/Aug/2026:07:43:05 +0800] "GET /ysjhgsroom/wp-content/themes/oceanwp/assets/js/ow-lightbox.min.js HTTP/1.1" 200 2321 "https://2blog.ilc.edu.tw/ysjhgsroom/" "Mozilla/5.0 (Windows NT 10.0; Win64; x64; rv:154.0) Gecko/20100101 Firefox/154.0"
2001:288:a239:1:d44b:a23a:3d3e:85ce - - [25/Aug/2026:07:43:05 +0800] "GET /ysjhgsroom/wp-content/cache/2blog.ilc.edu.tw/wpfc-minified/2awxjd7w/5wurh.css HTTP/1.1" 200 59091 "https://2blog.ilc.edu.tw/ysjhgsroom/" "Mozilla/5.0 (Windows NT 10.0; Win64; x64; rv:154.0) Gecko/20100101 Firefox/154.0"
2001:288:a239:1:d44b:a23a:3d3e:85ce - - [25/Aug/2026:07:43:05 +0800] "GET /ysjhgsroom/wp-content/themes/oceanwp/assets/js/ow-slider.min.js HTTP/1.1" 200 1761 "https://2blog.ilc.edu.tw/ysjhgsroom/" "Mozilla/5.0 (Windows NT 10.0; Win64; x64; rv:154.0) Gecko/20100101 Firefox/154.0"
2001:288:a239:1:d44b:a23a:3d3e:85ce - - [25/Aug/2026:07:43:05 +0800] "GET /ysjhgsroom/wp-content/themes/oceanwp/assets/js/scroll-top.min.js HTTP/1.1" 200 3202 "https://2blog.ilc.edu.tw/ysjhgsroom/" "Mozilla/5.0 (Windows NT 10.0; Win64; x64; rv:154.0) Gecko/20100101 Firefox/154.0"
2001:288:a239:1:d44b:a23a:3d3e:85ce - - [25/Aug/2026:07:43:05 +0800] "GET /ysjhgsroom/wp-content/themes/oceanwp/assets/js/scroll-effect.min.js HTTP/1.1" 200 4127 "https://2blog.ilc.edu.tw/ysjhgsroom/" "Mozilla/5.0 (Windows NT 10.0; Win64; x64; rv:154.0) Gecko/20100101 Firefox/154.0"
2001:288:a239:1:d44b:a23a:3d3e:85ce - - [25/Aug/2026:07:43:05 +0800] "GET /ysjhgsroom/wp-content/themes/oceanwp/assets/js/vendors/flickity.pkgd.min.js HTTP/1.1" 200 15048 "https://2blog.ilc.edu.tw/ysjhgsroom/" "Mozilla/5.0 (Windows NT 10.0; Win64; x64; rv:154.0) Gecko/20100101 Firefox/154.0"
2001:288:a239:1:d44b:a23a:3d3e:85ce - - [25/Aug/2026:07:43:05 +0800] "GET /ysjhgsroom/wp-content/themes/oceanwp/assets/js/select.min.js HTTP/1.1" 200 2408 "https://2blog.ilc.edu.tw/ysjhgsroom/" "Mozilla/5.0 (Windows NT 10.0; Win64; x64; rv:154.0) Gecko/20100101 Firefox/154.0"
2001:288:a239:1:d44b:a23a:3d3e:85ce - - [25/Aug/2026:07:43:05 +0800] "GET /ysjhgsroom/wp-content/plugins/ml-slider/assets/sliders/flexslider/jquery.flexslider.min.js HTTP/1.1" 200 7603 "https://2blog.ilc.edu.tw/ysjhgsroom/" "Mozilla/5.0 (Windows NT 10.0; Win64; x64; rv:154.0) Gecko/20100101 Firefox/154.0"
2001:288:a239:1:d44b:a23a:3d3e:85ce - - [25/Aug/2026:07:43:05 +0800] "GET /ysjhgsroom/wp-content/plugins/ml-slider/assets/metaslider/script.min.js HTTP/1.1" 200 1261 "https://2blog.ilc.edu.tw/ysjhgsroom/" "Mozilla/5.0 (Windows NT 10.0; Win64; x64; rv:154.0) Gecko/20100101 Firefox/154.0"
2001:288:a239:1:d44b:a23a:3d3e:85ce - - [25/Aug/2026:07:43:05 +0800] "GET /ysjhgsroom/wp-content/uploads/sites/2133/2020/09/%E6%96%B0%E7%94%B7%E5%BB%81_200917_50-622x266.jpg HTTP/1.1" 200 39058 "https://2blog.ilc.edu.tw/ysjhgsroom/" "Mozilla/5.0 (Windows NT 10.0; Win64; x64; rv:154.0) Gecko/20100101 Firefox/154.0"
2001:288:a239:1:d44b:a23a:3d3e:85ce - - [25/Aug/2026:07:43:05 +0800] "GET /ysjhgsroom/wp-content/uploads/sites/2133/2022/11/logo.jpg HTTP/1.1" 200 5499 "https://2blog.ilc.edu.tw/ysjhgsroom/" "Mozilla/5.0 (Windows NT 10.0; Win64; x64; rv:154.0) Gecko/20100101 Firefox/154.0"
2001:288:a239:1:d44b:a23a:3d3e:85ce - - [25/Aug/2026:07:43:05 +0800] "GET /ysjhgsroom/wp-content/uploads/sites/2133/2020/09/%E6%96%B0%E7%94%B7%E5%BB%81_200917_53-622x266.jpg HTTP/1.1" 200 42921 "https://2blog.ilc.edu.tw/ysjhgsroom/" "Mozilla/5.0 (Windows NT 10.0; Win64; x64; rv:154.0) Gecko/20100101 Firefox/154.0"
2001:288:a239:1:d44b:a23a:3d3e:85ce - - [25/Aug/2026:07:43:05 +0800] "GET /ysjhgsroom/wp-content/uploads/sites/2133/2020/11/cropped-%E5%9C%96%E7%89%87-31-700x300.png HTTP/1.1" 200 348855 "https://2blog.ilc.edu.tw/ysjhgsroom/" "Mozilla/5.0 (Windows NT 10.0; Win64; x64; rv:154.0) Gecko/20100101 Firefox/154.0"
2001:288:a239:1:d44b:a23a:3d3e:85ce - - [25/Aug/2026:07:43:05 +0800] "GET /ysjhgsroom/wp-content/themes/oceanwp/assets/fonts/simple-line-icons/Simple-Line-Icons.woff2?v=2.4.0 HTTP/1.1" 200 30959 "https://2blog.ilc.edu.tw/ysjhgsroom/wp-content/cache/2blog.ilc.edu.tw/wpfc-minified/2awxjd7w/5wurh.css" "Mozilla/5.0 (Windows NT 10.0; Win64; x64; rv:154.0) Gecko/20100101 Firefox/154.0"
2001:288:a239:1:d44b:a23a:3d3e:85ce - - [25/Aug/2026:07:43:05 +0800] "GET /ysjhgsroom/wp-content/themes/oceanwp/assets/fonts/fontawesome/webfonts/fa-solid-900.woff2 HTTP/1.1" 200 151246 "https://2blog.ilc.edu.tw/ysjhgsroom/wp-content/cache/2blog.ilc.edu.tw/wpfc-minified/2awxjd7w/5wurh.css" "Mozilla/5.0 (Windows NT 10.0; Win64; x64; rv:154.0) Gecko/20100101 Firefox/154.0"
2001:288:a239:1:d44b:a23a:3d3e:85ce - - [25/Aug/2026:07:43:05 +0800] "GET /ysjhgsroom/wp-content/themes/oceanwp/assets/fonts/fontawesome/webfonts/fa-solid-900.woff2 HTTP/1.1" 200 151246 "https://2blog.ilc.edu.tw/ysjhgsroom/wp-content/cache/2blog.ilc.edu.tw/wpfc-minified/2awxjd7w/5wurh.css" "Mozilla/5.0 (Windows NT 10.0; Win64; x64; rv:154.0) Gecko/20100101 Firefox/154.0"
2001:288:a201::66:125 - - [25/Aug/2026:07:43:05 +0800] "GET /blog/active.php HTTP/1.1" 404 1084 "-" "-"
2001:288:a201::66:125 - - [25/Aug/2026:07:43:05 +0800] "GET /blog/active.php HTTP/1.1" 301 1026 "-" "-"
2001:288:a239:1:d44b:a23a:3d3e:85ce - - [25/Aug/2026:07:43:06 +0800] "GET /ysjhgsroom/wp-content/uploads/sites/2133/2021/09/110%E5%B9%B46%E6%9C%888%E6%97%A5_%E8%A6%96%E8%81%BD%E6%95%99%E5%AE%A4%E6%94%B9%E5%BB%BA-700x300.jpg HTTP/1.1" 200 36139 "https://2blog.ilc.edu.tw/ysjhgsroom/" "Mozilla/5.0 (Windows NT 10.0; Win64; x64; rv:154.0) Gecko/20100101 Firefox/154.0"
2001:288:a239:1:d44b:a23a:3d3e:85ce - - [25/Aug/2026:07:43:06 +0800] "GET /ysjhgsroom/wp-content/uploads/sites/2133/2021/09/109%E5%B9%B49%E6%9C%8829%E6%97%A5_%E6%96%B0%E5%BB%81%E6%89%803-700x300.jpg HTTP/1.1" 200 60538 "https://2blog.ilc.edu.tw/ysjhgsroom/" "Mozilla/5.0 (Windows NT 10.0; Win64; x64; rv:154.0) Gecko/20100101 Firefox/154.0"
2001:288:a239:1:d44b:a23a:3d3e:85ce - - [25/Aug/2026:07:43:06 +0800] "GET /ysjhgsroom/wp-content/uploads/sites/2133/2024/10/IMG_2595-scaled-700x300.jpg HTTP/1.1" 200 69897 "https://2blog.ilc.edu.tw/ysjhgsroom/" "Mozilla/5.0 (Windows NT 10.0; Win64; x64; rv:154.0) Gecko/20100101 Firefox/154.0"
2001:288:a239:1:d44b:a23a:3d3e:85ce - - [25/Aug/2026:07:43:06 +0800] "GET /ysjhgsroom/wp-content/uploads/sites/2133/2021/09/cropped-110%E5%B9%B46%E6%9C%8815%E6%97%A5_%E8%80%90%E9%9C%87%E8%A3%9C%E5%BC%B7-700x300.jpg HTTP/1.1" 200 51061 "https://2blog.ilc.edu.tw/ysjhgsroom/" "Mozilla/5.0 (Windows NT 10.0; Win64; x64; rv:154.0) Gecko/20100101 Firefox/154.0"
2001:288:a239:1:d44b:a23a:3d3e:85ce - - [25/Aug/2026:07:43:06 +0800] "GET /ysjhgsroom/wp-content/uploads/sites/2133/2021/09/109%E5%B9%B49%E6%9C%8829%E6%97%A5_%E6%96%B0%E5%BB%81%E6%89%805-700x300.jpg HTTP/1.1" 200 56091 "https://2blog.ilc.edu.tw/ysjhgsroom/" "Mozilla/5.0 (Windows NT 10.0; Win64; x64; rv:154.0) Gecko/20100101 Firefox/154.0"
2001:288:a239:1:d44b:a23a:3d3e:85ce - - [25/Aug/2026:07:43:06 +0800] "GET /ysjhgsroom/wp-content/uploads/sites/2133/2021/09/110%E5%B9%B46%E6%9C%887%E6%97%A5_%E8%80%90%E9%9C%87%E8%A3%9C%E5%BC%B7-700x300.jpg HTTP/1.1" 200 53804 "https://2blog.ilc.edu.tw/ysjhgsroom/" "Mozilla/5.0 (Windows NT 10.0; Win64; x64; rv:154.0) Gecko/20100101 Firefox/154.0"
2001:288:a239:1:d44b:a23a:3d3e:85ce - - [25/Aug/2026:07:43:06 +0800] "GET /ysjhgsroom/wp-content/uploads/sites/2133/2020/09/%E6%96%B0%E7%94%B7%E5%BB%81_200917_49-622x266.jpg HTTP/1.1" 200 28142 "https://2blog.ilc.edu.tw/ysjhgsroom/" "Mozilla/5.0 (Windows NT 10.0; Win64; x64; rv:154.0) Gecko/20100101 Firefox/154.0"
2001:288:a239:1:d44b:a23a:3d3e:85ce - - [25/Aug/2026:07:43:06 +0800] "GET /ysjhgsroom/wp-content/uploads/sites/2133/2024/10/90359_0-700x300.jpg HTTP/1.1" 200 31212 "https://2blog.ilc.edu.tw/ysjhgsroom/" "Mozilla/5.0 (Windows NT 10.0; Win64; x64; rv:154.0) Gecko/20100101 Firefox/154.0"
2001:288:a239:1:d44b:a23a:3d3e:85ce - - [25/Aug/2026:07:43:06 +0800] "GET /ysjhgsroom/wp-content/uploads/sites/2133/2024/10/ysjh1-700x300.jpg HTTP/1.1" 200 51234 "https://2blog.ilc.edu.tw/ysjhgsroom/" "Mozilla/5.0 (Windows NT 10.0; Win64; x64; rv:154.0) Gecko/20100101 Firefox/154.0"
2001:288:a239:1:d44b:a23a:3d3e:85ce - - [25/Aug/2026:07:43:06 +0800] "GET /ysjhgsroom/wp-content/uploads/sites/2133/2021/09/110%E5%B9%B46%E6%9C%888%E6%97%A5_%E8%A6%96%E8%81%BD%E6%95%99%E5%AE%A4%E6%94%B9%E5%BB%BA2-700x300.jpg HTTP/1.1" 200 39557 "https://2blog.ilc.edu.tw/ysjhgsroom/" "Mozilla/5.0 (Windows NT 10.0; Win64; x64; rv:154.0) Gecko/20100101 Firefox/154.0"
2001:288:a239:1:d44b:a23a:3d3e:85ce - - [25/Aug/2026:07:43:06 +0800] "GET /ysjhgsroom/wp-content/uploads/sites/2133/2021/09/110%E5%B9%B46%E6%9C%8815%E6%97%A5_%E8%80%90%E9%9C%87%E8%A3%9C%E5%BC%B7-700x300.jpg HTTP/1.1" 200 52041 "https://2blog.ilc.edu.tw/ysjhgsroom/" "Mozilla/5.0 (Windows NT 10.0; Win64; x64; rv:154.0) Gecko/20100101 Firefox/154.0"
2001:288:a239:1:d44b:a23a:3d3e:85ce - - [25/Aug/2026:07:43:06 +0800] "GET /ysjhgsroom/wp-content/uploads/sites/2133/2024/10/90358_0-700x300.jpg HTTP/1.1" 200 61403 "https://2blog.ilc.edu.tw/ysjhgsroom/" "Mozilla/5.0 (Windows NT 10.0; Win64; x64; rv:154.0) Gecko/20100101 Firefox/154.0"
140.111.67.10 - - [25/Aug/2026:07:43:06 +0800] "GET /" 301 273 "-" "-"
2001:288:a201::66:125 - - [25/Aug/2026:07:43:10 +0800] "GET /blog/active.php HTTP/1.1" 301 1026 "-" "-"
2001:288:a201::66:125 - - [25/Aug/2026:07:43:10 +0800] "GET /blog/active.php HTTP/1.1" 404 1084 "-" "-"
140.111.67.10 - - [25/Aug/2026:07:43:11 +0800] "GET /" 301 273 "-" "-"
::1 - - [25/Aug/2026:07:43:12 +0800] "OPTIONS * HTTP/1.0" 200 110 "-" "Apache/2.4.68 (Ubuntu) OpenSSL/3.0.19 (internal dummy connection)"
::1 - - [25/Aug/2026:07:43:13 +0800] "OPTIONS * HTTP/1.0" 200 110 "-" "Apache/2.4.68 (Ubuntu) OpenSSL/3.0.19 (internal dummy connection)"
::1 - - [25/Aug/2026:07:43:14 +0800] "OPTIONS * HTTP/1.0" 200 110 "-" "Apache/2.4.68 (Ubuntu) OpenSSL/3.0.19 (internal dummy connection)"
2001:288:a201::66:125 - - [25/Aug/2026:07:43:15 +0800] "GET /blog/active.php HTTP/1.1" 301 1026 "-" "-"
2001:288:a201::66:125 - - [25/Aug/2026:07:43:15 +0800] "GET /blog/active.php HTTP/1.1" 404 1084 "-" "-"
140.111.67.10 - - [25/Aug/2026:07:43:16 +0800] "GET /" 301 273 "-" "-"
2402:7500:5fe:3b54:ad99:6178:cc83:9cb4 - - [25/Aug/2026:07:43:17 +0800] "-" 408 4802 "-" "-"
2a03:4000:2b:37f:c4e8:8aff:fe66:86 - - [25/Aug/2026:07:43:18 +0800] "GET / HTTP/1.1" 200 97947 "-" "Mozilla/5.0 (Windows NT 10.0; Win64; x64; rv:148.0) Gecko/20100101 Firefox/148.0"
2409:8715:5880:e0::8 - - [25/Aug/2026:07:43:18 +0800] "GET /suaohealthpromotion/ HTTP/1.1" 200 15609 "-" "Mozilla/5.0 (Windows NT 10.0; Win64; x64) AppleWebKit/537.36 (KHTML, like Gecko) Chrome/144.0.0.0 Safari/537.36"
2409:8715:5880:e0::8 - - [25/Aug/2026:07:43:19 +0800] "GET /suaohealthpromotion/wp-content/cache/2blog.ilc.edu.tw/wpfc-minified/g3cul2tz/6m7zl.css HTTP/1.1" 200 40908 "https://2blog.ilc.edu.tw/suaohealthpromotion/" "Mozilla/5.0 (Windows NT 10.0; Win64; x64) AppleWebKit/537.36 (KHTML, like Gecko) Chrome/144.0.0.0 Safari/537.36"
140.111.110.169 - - [25/Aug/2026:07:43:19 +0800] "-" 408 4791 "-" "-"
2409:8715:5880:e0::8 - - [25/Aug/2026:07:43:20 +0800] "GET /suaohealthpromotion/wp-content/cache/2blog.ilc.edu.tw/wpfc-minified/dtk947od/6m7zl.css HTTP/1.1" 200 16319 "https://2blog.ilc.edu.tw/suaohealthpromotion/" "Mozilla/5.0 (Windows NT 10.0; Win64; x64) AppleWebKit/537.36 (KHTML, like Gecko) Chrome/144.0.0.0 Safari/537.36"
2409:8715:5880:e0::8 - - [25/Aug/2026:07:43:20 +0800] "GET /suaohealthpromotion/wp-includes/js/hoverintent-js.min.js HTTP/1.1" 200 6391 "https://2blog.ilc.edu.tw/suaohealthpromotion/" "Mozilla/5.0 (Windows NT 10.0; Win64; x64) AppleWebKit/537.36 (KHTML, like Gecko) Chrome/144.0.0.0 Safari/537.36"
2001:288:a201::66:125 - - [25/Aug/2026:07:43:20 +0800] "GET /blog/active.php HTTP/1.1" 301 1026 "-" "-"
2001:288:a201::66:125 - - [25/Aug/2026:07:43:20 +0800] "GET /blog/active.php HTTP/1.1" 404 1084 "-" "-"
2409:8715:5880:e0::8 - - [25/Aug/2026:07:43:21 +0800] "GET /suaohealthpromotion/wp-content/themes/scratchpad/js/navigation.js HTTP/1.1" 200 1750 "https://2blog.ilc.edu.tw/suaohealthpromotion/" "Mozilla/5.0 (Windows NT 10.0; Win64; x64) AppleWebKit/537.36 (KHTML, like Gecko) Chrome/144.0.0.0 Safari/537.36"
2409:8715:5880:e0::8 - - [25/Aug/2026:07:43:21 +0800] "GET /suaohealthpromotion/wp-includes/js/masonry.min.js HTTP/1.1" 200 8306 "https://2blog.ilc.edu.tw/suaohealthpromotion/" "Mozilla/5.0 (Windows NT 10.0; Win64; x64) AppleWebKit/537.36 (KHTML, like Gecko) Chrome/144.0.0.0 Safari/537.36"
140.111.67.10 - - [25/Aug/2026:07:43:21 +0800] "GET /" 301 273 "-" "-"
2409:8715:5880:e0::8 - - [25/Aug/2026:07:43:22 +0800] "GET /suaohealthpromotion/wp-content/themes/scratchpad/js/skip-link-focus-fix.js HTTP/1.1" 200 1351 "https://2blog.ilc.edu.tw/suaohealthpromotion/" "Mozilla/5.0 (Windows NT 10.0; Win64; x64) AppleWebKit/537.36 (KHTML, like Gecko) Chrome/144.0.0.0 Safari/537.36"
2409:8715:5880:e0::8 - - [25/Aug/2026:07:43:23 +0800] "GET /suaohealthpromotion/wp-includes/js/mediaelement/mediaelement-migrate.min.js HTTP/1.1" 200 1419 "https://2blog.ilc.edu.tw/suaohealthpromotion/" "Mozilla/5.0 (Windows NT 10.0; Win64; x64) AppleWebKit/537.36 (KHTML, like Gecko) Chrome/144.0.0.0 Safari/537.36"
2409:8715:5880:e0::8 - - [25/Aug/2026:07:43:24 +0800] "GET /suaohealthpromotion/wp-includes/js/mediaelement/wp-mediaelement.min.js HTTP/1.1" 200 1417 "https://2blog.ilc.edu.tw/suaohealthpromotion/" "Mozilla/5.0 (Windows NT 10.0; Win64; x64) AppleWebKit/537.36 (KHTML, like Gecko) Chrome/144.0.0.0 Safari/537.36"
2409:8715:5880:e0::8 - - [25/Aug/2026:07:43:24 +0800] "GET /suaohealthpromotion/wp-includes/js/mediaelement/renderers/vimeo.min.js HTTP/1.1" 200 3164 "https://2blog.ilc.edu.tw/suaohealthpromotion/" "Mozilla/5.0 (Windows NT 10.0; Win64; x64) AppleWebKit/537.36 (KHTML, like Gecko) Chrome/144.0.0.0 Safari/537.36"
2001:288:a240:1:bdcf:d184:b88e:800d - - [25/Aug/2026:07:43:24 +0800] "POST /wp-json/wp-statistics/v2/hit HTTP/1.1" 200 5883 "https://www.gjes.ilc.edu.tw/" "Mozilla/5.0 (Windows NT 10.0; Win64; x64) AppleWebKit/537.36 (KHTML, like Gecko) Chrome/151.0.0.0 Safari/537.36"
2001:288:a201::66:125 - - [25/Aug/2026:07:43:25 +0800] "GET /blog/active.php HTTP/1.1" 301 1026 "-" "-"
2001:288:a201::66:125 - - [25/Aug/2026:07:43:25 +0800] "GET /blog/active.php HTTP/1.1" 404 1084 "-" "-"
140.111.67.10 - - [25/Aug/2026:07:43:27 +0800] "GET /" 301 273 "-" "-"
2001:288:a201::66:125 - - [25/Aug/2026:07:43:30 +0800] "GET /blog/active.php HTTP/1.1" 301 1026 "-" "-"
2001:288:a201::66:125 - - [25/Aug/2026:07:43:30 +0800] "GET /blog/active.php HTTP/1.1" 404 1084 "-" "-"
::1 - - [25/Aug/2026:07:43:31 +0800] "OPTIONS * HTTP/1.0" 200 110 "-" "Apache/2.4.68 (Ubuntu) OpenSSL/3.0.19 (internal dummy connection)"
140.111.67.10 - - [25/Aug/2026:07:43:32 +0800] "GET /" 301 273 "-" "-"
2001:288:a22e:1:4694:804f:e28b:f885 - - [25/Aug/2026:07:43:35 +0800] "GET /wp-content/uploads/sites/3846/2023/07/%E6%95%99%E8%82%B2%E8%99%95%E5%85%AB%E5%A4%A7%E6%96%B9%E9%87%9D.png HTTP/1.1" 200 200327 "https://it.ilc.edu.tw/" "Mozilla/5.0 (Windows NT 10.0; Win64; x64) AppleWebKit/537.36 (KHTML, like Gecko) Chrome/151.0.0.0 Safari/537.36 Edg/151.0.0.0"
140.111.111.89 - - [25/Aug/2026:07:43:35 +0800] "GET / HTTP/1.1" 200 20252 "-" "Mozilla/5.0 (Windows NT 10.0; Win64; x64) AppleWebKit/537.36 (KHTML, like Gecko) Chrome/151.0.0.0 Safari/537.36"
2001:288:a201::66:125 - - [25/Aug/2026:07:43:35 +0800] "GET /blog/active.php HTTP/1.1" 404 1084 "-" "-"
2001:288:a201::66:125 - - [25/Aug/2026:07:43:35 +0800] "GET /blog/active.php HTTP/1.1" 301 1026 "-" "-"
140.111.67.10 - - [25/Aug/2026:07:43:37 +0800] "GET /" 301 273 "-" "-"
