2001:288:a215:1:a56d:8836:dc43:59a7 - - [25/Aug/2026:07:49:00 +0800] "GET /wp-content/uploads/sites/1366/2025/11/376420000A_1140189696_ATTACH1.png HTTP/1.1" 304 790 "https://www.kases.ilc.edu.tw/" "Mozilla/5.0 (Windows NT 10.0; Win64; x64) AppleWebKit/537.36 (KHTML, like Gecko) Chrome/151.0.0.0 Safari/537.36"
140.111.67.10 - - [25/Aug/2026:07:49:02 +0800] "GET /" 301 273 "-" "-"
140.111.119.44 - - [25/Aug/2026:07:49:02 +0800] "GET /wp-content/uploads/sites/3846/2023/07/%E6%95%99%E8%82%B2%E8%99%95%E5%85%AB%E5%A4%A7%E6%96%B9%E9%87%9D.png HTTP/1.1" 200 200327 "https://it.ilc.edu.tw/" "Mozilla/5.0 (Windows NT 10.0; Win64; x64) AppleWebKit/537.36 (KHTML, like Gecko) Chrome/151.0.0.0 Safari/537.36"
120.101.213.54 - - [25/Aug/2026:07:49:04 +0800] "GET /wp-content/themes/oceanwp/assets/fonts/simple-line-icons/Simple-Line-Icons.woff2?v=2.4.0 HTTP/1.1" 304 1129 "https://www.ghjh.ilc.edu.tw/wp-content/cache/www.ghjh.ilc.edu.tw/wpfc-minified/fqg4yllu/6vxl.css" "Mozilla/5.0 (Windows NT 10.0; Win64; x64) AppleWebKit/537.36 (KHTML, like Gecko) Chrome/142.0.0.0 Safari/537.36"
120.101.213.54 - - [25/Aug/2026:07:49:04 +0800] "GET /wp-content/themes/oceanwp/assets/fonts/fontawesome/webfonts/fa-solid-900.woff2 HTTP/1.1" 304 1129 "https://www.ghjh.ilc.edu.tw/wp-content/cache/www.ghjh.ilc.edu.tw/wpfc-minified/fqg4yllu/6vxl.css" "Mozilla/5.0 (Windows NT 10.0; Win64; x64) AppleWebKit/537.36 (KHTML, like Gecko) Chrome/142.0.0.0 Safari/537.36"
2001:288:a201::66:125 - - [25/Aug/2026:07:49:05 +0800] "GET /blog/active.php HTTP/1.1" 404 1084 "-" "-"
2001:288:a201::66:125 - - [25/Aug/2026:07:49:05 +0800] "GET /blog/active.php HTTP/1.1" 301 1026 "-" "-"
140.111.67.10 - - [25/Aug/2026:07:49:07 +0800] "GET /" 301 273 "-" "-"
2a03:2880:12ff:74:: - - [25/Aug/2026:07:49:08 +0800] "GET /21820/wp-content/uploads/sites/449/2020/05/21820-4239927.jpg HTTP/1.1" 200 9021 "-" "facebookexternalhit/1.1 (+http://www.facebook.com/externalhit_uatext.php)"
140.111.111.89 - - [25/Aug/2026:07:49:08 +0800] "-" 408 4804 "-" "-"
140.111.111.89 - - [25/Aug/2026:07:49:08 +0800] "-" 408 4804 "-" "-"
120.101.213.54 - - [25/Aug/2026:07:49:08 +0800] "GET /wp-content/uploads/sites/3157/2021/04/cropped-ghjhnew02-32x32.png HTTP/1.1" 304 1129 "https://www.ghjh.ilc.edu.tw/" "Mozilla/5.0 (Windows NT 10.0; Win64; x64) AppleWebKit/537.36 (KHTML, like Gecko) Chrome/142.0.0.0 Safari/537.36"
2001:b011:7801:51c0:957c:4b10:c5ed:5e43 - - [25/Aug/2026:07:49:10 +0800] "GET /apple-touch-icon-precomposed.png HTTP/1.1" 404 56351 "-" "NetworkingExtension/8624.4.5.10.5 Network/5812.160.9 iOS/26.6"
2001:288:a201::66:125 - - [25/Aug/2026:07:49:10 +0800] "GET /blog/active.php HTTP/1.1" 404 1084 "-" "-"
2001:288:a201::66:125 - - [25/Aug/2026:07:49:10 +0800] "GET /blog/active.php HTTP/1.1" 301 1026 "-" "-"
2001:b011:7801:51c0:957c:4b10:c5ed:5e43 - - [25/Aug/2026:07:49:11 +0800] "GET / HTTP/1.1" 200 30518 "-" "Mozilla/5.0 (Macintosh; Intel Mac OS X 10_11_1) AppleWebKit/601.2.4 (KHTML, like Gecko) Version/9.0.1 Safari/601.2.4 facebookexternalhit/1.1 Facebot Twitterbot/1.0"
2001:b011:7801:51c0:957c:4b10:c5ed:5e43 - - [25/Aug/2026:07:49:11 +0800] "GET /favicon.ico HTTP/1.1" 302 5863 "-" "NetworkingExtension/8624.4.5.10.5 Network/5812.160.9 iOS/26.6"
2001:b011:7801:51c0:957c:4b10:c5ed:5e43 - - [25/Aug/2026:07:49:11 +0800] "GET /wp-includes/images/w-logo-blue-white-bg.png HTTP/1.1" 200 4946 "-" "NetworkingExtension/8624.4.5.10.5 Network/5812.160.9 iOS/26.6"
2001:b011:7801:51c0:957c:4b10:c5ed:5e43 - - [25/Aug/2026:07:49:11 +0800] "GET /wp-content/uploads/sites/1663/2020/08/%E7%89%A9%E4%BB%B6-3.jpg HTTP/1.1" 200 101501 "-" "NetworkingExtension/8624.4.5.10.5 Network/5812.160.9 iOS/26.6"
2001:b011:7801:51c0:957c:4b10:c5ed:5e43 - - [25/Aug/2026:07:49:11 +0800] "GET /apple-touch-icon.png HTTP/1.1" 404 56351 "-" "NetworkingExtension/8624.4.5.10.5 Network/5812.160.9 iOS/26.6"
2001:b011:7801:51c0:957c:4b10:c5ed:5e43 - - [25/Aug/2026:07:49:11 +0800] "GET /wp-content/uploads/sites/1663/2020/08/%E5%8C%97%E6%88%90%E5%9C%8B%E5%B0%8F%E7%92%B0%E5%A2%83%E6%95%99%E8%82%B2%E7%B6%B2-1024x317.png HTTP/1.1" 200 479801 "-" "NetworkingExtension/8624.4.5.10.5 Network/5812.160.9 iOS/26.6"
140.111.67.10 - - [25/Aug/2026:07:49:12 +0800] "GET /" 301 273 "-" "-"
2001:288:a240:1:74f0:8aa8:a9ec:4b40 - - [25/Aug/2026:07:49:11 +0800] "POST /wp-json/wp-statistics/v2/hit HTTP/1.1" 200 6012 "https://www.gjes.ilc.edu.tw/" "Mozilla/5.0 (iPhone; CPU iPhone OS 17_0_3 like Mac OS X) AppleWebKit/605.1.15 (KHTML, like Gecko) CriOS/148.0.7778.166 Mobile/15E148 Safari/604.1"
2a03:2880:f802:1f:: - - [25/Aug/2026:07:49:10 +0800] "GET /wp-login.php?key=ea1gc375&_wpnonce=&action=ilc_logout&redirect_to=https%3A%2F%2Fgame.edu.kg HTTP/1.1" 302 8248 "-" "Mozilla/5.0 (Windows NT 10.0; Win64; x64) AppleWebKit/537.36 (KHTML, like Gecko) Chrome/145.0.0.0 Safari/537.36 (compatible; meta-externalagent/1.1 (+https://developers.facebook.com/docs/sharing/webmasters/crawler))"
::1 - - [25/Aug/2026:07:49:13 +0800] "OPTIONS * HTTP/1.0" 200 110 "-" "Apache/2.4.68 (Ubuntu) OpenSSL/3.0.19 (internal dummy connection)"
2001:288:a201::66:125 - - [25/Aug/2026:07:49:15 +0800] "GET /blog/active.php HTTP/1.1" 404 1084 "-" "-"
2001:288:a201::66:125 - - [25/Aug/2026:07:49:15 +0800] "GET /blog/active.php HTTP/1.1" 301 1026 "-" "-"
140.111.67.10 - - [25/Aug/2026:07:49:17 +0800] "GET /" 301 273 "-" "-"
::1 - - [25/Aug/2026:07:49:17 +0800] "OPTIONS * HTTP/1.0" 200 110 "-" "Apache/2.4.68 (Ubuntu) OpenSSL/3.0.19 (internal dummy connection)"
2001:288:a201::66:125 - - [25/Aug/2026:07:49:20 +0800] "GET /blog/active.php HTTP/1.1" 301 1026 "-" "-"
2001:288:a201::66:125 - - [25/Aug/2026:07:49:20 +0800] "GET /blog/active.php HTTP/1.1" 404 1084 "-" "-"
140.111.119.44 - - [25/Aug/2026:07:49:21 +0800] "-" 408 4802 "-" "-"
140.111.67.10 - - [25/Aug/2026:07:49:22 +0800] "GET /" 301 273 "-" "-"
140.111.119.44 - - [25/Aug/2026:07:49:22 +0800] "-" 408 339 "-" "-"
2607:fb90:5304:e42:54c1:bbc0:904d:140d - - [25/Aug/2026:07:49:23 +0800] "GET /2018/01/16/%e3%80%90%e4%bb%a3%e8%bd%89%e8%a8%8a%e6%81%af%e3%80%91%e5%8d%b0%e5%b0%bc%e6%b3%97%e6%b0%b4%e8%87%ba%e7%81%a3%e5%ad%b8%e6%a0%a1106%e5%ad%b8%e5%b9%b4%e5%ba%a6%e7%ac%ac%e4%ba%8c%e5%ad%b8%e6%9c%9f/ HTTP/1.1" 200 16818 "-" "Mozilla/5.0 (X11; Linux x86_64) AppleWebKit/537.36 (KHTML, like Gecko) Chrome/150.0.0.0 Safari/537.36"
140.111.67.195 - - [25/Aug/2026:07:49:23 +0800] "GET /wp-admin/admin-post.php?action=steps_ad HTTP/1.1" 200 6425 "-" "node-fetch/1.0 (+https://github.com/bitinn/node-fetch)"
2607:fb90:5304:e42:54c1:bbc0:904d:140d - - [25/Aug/2026:07:49:24 +0800] "GET /wp-content/themes/oceanwp/assets/js/ow-lightbox.min.js HTTP/1.1" 200 2321 "https://ilta.ilc.edu.tw/2018/01/16/%e3%80%90%e4%bb%a3%e8%bd%89%e8%a8%8a%e6%81%af%e3%80%91%e5%8d%b0%e5%b0%bc%e6%b3%97%e6%b0%b4%e8%87%ba%e7%81%a3%e5%ad%b8%e6%a0%a1106%e5%ad%b8%e5%b9%b4%e5%ba%a6%e7%ac%ac%e4%ba%8c%e5%ad%b8%e6%9c%9f/" "Mozilla/5.0 (X11; Linux x86_64) AppleWebKit/537.36 (KHTML, like Gecko) Chrome/150.0.0.0 Safari/537.36"
140.111.119.44 - - [25/Aug/2026:07:49:24 +0800] "GET /wp-content/uploads/sites/3846/2026/08/%E8%BE%B2%E6%A5%AD%E9%83%A8%E5%BB%A3%E5%91%8A.jpg HTTP/1.1" 200 236462 "https://it.ilc.edu.tw/" "Mozilla/5.0 (Windows NT 10.0; Win64; x64) AppleWebKit/537.36 (KHTML, like Gecko) Chrome/151.0.0.0 Safari/537.36"
140.111.119.44 - - [25/Aug/2026:07:49:24 +0800] "GET /wp-content/uploads/sites/3846/2026/02/%E9%81%BF%E5%85%8D%E8%AA%A4%E5%85%A5%E8%A9%90%E9%A8%99%E7%B6%B2%E7%AB%99APP%E5%B0%8F%E5%B8%B8%E8%AD%98.jpg HTTP/1.1" 200 455172 "https://it.ilc.edu.tw/" "Mozilla/5.0 (Windows NT 10.0; Win64; x64) AppleWebKit/537.36 (KHTML, like Gecko) Chrome/151.0.0.0 Safari/537.36"
140.111.119.44 - - [25/Aug/2026:07:49:24 +0800] "GET /wp-content/uploads/sites/3846/2026/06/2026%E5%AE%9C%E8%98%AD%E7%98%8B%E5%AD%B8%E7%BF%92-%E6%9A%91%E5%81%87_%E6%95%99%E8%82%B2%E8%99%95%E9%A6%96%E9%A0%81-1440-x-1080-%E5%83%8F%E7%B4%A0.png HTTP/1.1" 200 2050723 "https://it.ilc.edu.tw/" "Mozilla/5.0 (Windows NT 10.0; Win64; x64) AppleWebKit/537.36 (KHTML, like Gecko) Chrome/151.0.0.0 Safari/537.36"
140.111.119.44 - - [25/Aug/2026:07:49:24 +0800] "GET /wp-content/uploads/sites/3846/2026/06/%E5%AE%A3%E5%82%B3%E5%9C%96%E7%89%87.png HTTP/1.1" 200 1048321 "https://it.ilc.edu.tw/" "Mozilla/5.0 (Windows NT 10.0; Win64; x64) AppleWebKit/537.36 (KHTML, like Gecko) Chrome/151.0.0.0 Safari/537.36"
2607:fb90:5304:e42:54c1:bbc0:904d:140d - - [25/Aug/2026:07:49:24 +0800] "POST /wp-json/ilc-summary/v1/popular-posts HTTP/1.1" 201 1396 "https://ilta.ilc.edu.tw/2018/01/16/%e3%80%90%e4%bb%a3%e8%bd%89%e8%a8%8a%e6%81%af%e3%80%91%e5%8d%b0%e5%b0%bc%e6%b3%97%e6%b0%b4%e8%87%ba%e7%81%a3%e5%ad%b8%e6%a0%a1106%e5%ad%b8%e5%b9%b4%e5%ba%a6%e7%ac%ac%e4%ba%8c%e5%ad%b8%e6%9c%9f/" "Mozilla/5.0 (X11; Linux x86_64) AppleWebKit/537.36 (KHTML, like Gecko) Chrome/150.0.0.0 Safari/537.36"
2607:fb90:5304:e42:54c1:bbc0:904d:140d - - [25/Aug/2026:07:49:25 +0800] "GET /favicon.ico HTTP/1.1" 302 1054 "https://ilta.ilc.edu.tw/2018/01/16/%e3%80%90%e4%bb%a3%e8%bd%89%e8%a8%8a%e6%81%af%e3%80%91%e5%8d%b0%e5%b0%bc%e6%b3%97%e6%b0%b4%e8%87%ba%e7%81%a3%e5%ad%b8%e6%a0%a1106%e5%ad%b8%e5%b9%b4%e5%ba%a6%e7%ac%ac%e4%ba%8c%e5%ad%b8%e6%9c%9f/" "Mozilla/5.0 (X11; Linux x86_64) AppleWebKit/537.36 (KHTML, like Gecko) Chrome/150.0.0.0 Safari/537.36"
2001:288:a201::66:125 - - [25/Aug/2026:07:49:25 +0800] "GET /blog/active.php HTTP/1.1" 404 1084 "-" "-"
2001:288:a201::66:125 - - [25/Aug/2026:07:49:25 +0800] "GET /blog/active.php HTTP/1.1" 301 1026 "-" "-"
2607:fb90:5304:e42:54c1:bbc0:904d:140d - - [25/Aug/2026:07:49:25 +0800] "GET /wp-includes/images/w-logo-blue-white-bg.png HTTP/1.1" 200 4946 "https://ilta.ilc.edu.tw/2018/01/16/%e3%80%90%e4%bb%a3%e8%bd%89%e8%a8%8a%e6%81%af%e3%80%91%e5%8d%b0%e5%b0%bc%e6%b3%97%e6%b0%b4%e8%87%ba%e7%81%a3%e5%ad%b8%e6%a0%a1106%e5%ad%b8%e5%b9%b4%e5%ba%a6%e7%ac%ac%e4%ba%8c%e5%ad%b8%e6%9c%9f/" "Mozilla/5.0 (X11; Linux x86_64) AppleWebKit/537.36 (KHTML, like Gecko) Chrome/150.0.0.0 Safari/537.36"
140.111.67.10 - - [25/Aug/2026:07:49:26 +0800] "GET /" 301 273 "-" "-"
2001:288:a201::66:125 - - [25/Aug/2026:07:49:30 +0800] "GET /blog/active.php HTTP/1.1" 404 1084 "-" "-"
2001:288:a201::66:125 - - [25/Aug/2026:07:49:30 +0800] "GET /blog/active.php HTTP/1.1" 301 1026 "-" "-"
2001:b011:7801:d4af:9131:eb6:c79c:b5fb - - [25/Aug/2026:07:49:30 +0800] "GET / HTTP/1.1" 200 31593 "-" "Mozilla/5.0 (Windows NT 10.0; Win64; x64) AppleWebKit/537.36 (KHTML, like Gecko) Chrome/151.0.0.0 Safari/537.36 Edg/151.0.0.0"
2409:8c14:f22:1104:1::235 - - [25/Aug/2026:07:49:31 +0800] "GET /6448/page/4 HTTP/1.1" 301 5762 "-" "Mozilla/5.0 (Windows NT 10.0; Win64; x64) AppleWebKit/537.36 (KHTML, like Gecko) Chrome/144.0.0.0 Safari/537.36"
2409:8c14:f22:1104:1::235 - - [25/Aug/2026:07:49:31 +0800] "GET /6448/page/4/ HTTP/1.1" 200 11014 "-" "Mozilla/5.0 (Windows NT 10.0; Win64; x64) AppleWebKit/537.36 (KHTML, like Gecko) Chrome/144.0.0.0 Safari/537.36"
140.111.67.10 - - [25/Aug/2026:07:49:31 +0800] "GET /" 301 273 "-" "-"
2001:b011:7801:d4af:9131:eb6:c79c:b5fb - - [25/Aug/2026:07:49:31 +0800] "GET /wp-content/uploads/sites/3846/elementor/css/post-19.css HTTP/1.1" 304 790 "https://www.ilc.edu.tw/" "Mozilla/5.0 (Windows NT 10.0; Win64; x64) AppleWebKit/537.36 (KHTML, like Gecko) Chrome/151.0.0.0 Safari/537.36 Edg/151.0.0.0"
2001:b011:7801:d4af:9131:eb6:c79c:b5fb - - [25/Aug/2026:07:49:32 +0800] "GET /wp-content/uploads/sites/3846/2026/05/05bfd164-030e-448f-b83b-37c7dcb01eec.png HTTP/1.1" 304 790 "https://www.ilc.edu.tw/" "Mozilla/5.0 (Windows NT 10.0; Win64; x64) AppleWebKit/537.36 (KHTML, like Gecko) Chrome/151.0.0.0 Safari/537.36 Edg/151.0.0.0"
2001:b011:7801:d4af:9131:eb6:c79c:b5fb - - [25/Aug/2026:07:49:32 +0800] "GET /wp-content/uploads/sites/3846/2026/08/%E8%BE%B2%E6%A5%AD%E9%83%A8%E5%BB%A3%E5%91%8A.jpg HTTP/1.1" 304 790 "https://www.ilc.edu.tw/" "Mozilla/5.0 (Windows NT 10.0; Win64; x64) AppleWebKit/537.36 (KHTML, like Gecko) Chrome/151.0.0.0 Safari/537.36 Edg/151.0.0.0"
2001:b011:7801:d4af:9131:eb6:c79c:b5fb - - [25/Aug/2026:07:49:32 +0800] "GET /wp-content/uploads/sites/3846/2026/06/2026%E5%AE%9C%E8%98%AD%E7%98%8B%E5%AD%B8%E7%BF%92-%E6%9A%91%E5%81%87_%E6%95%99%E8%82%B2%E8%99%95%E9%A6%96%E9%A0%81-1440-x-1080-%E5%83%8F%E7%B4%A0.png HTTP/1.1" 304 5581 "https://www.ilc.edu.tw/" "Mozilla/5.0 (Windows NT 10.0; Win64; x64) AppleWebKit/537.36 (KHTML, like Gecko) Chrome/151.0.0.0 Safari/537.36 Edg/151.0.0.0"
2001:b011:7801:d4af:9131:eb6:c79c:b5fb - - [25/Aug/2026:07:49:32 +0800] "GET /wp-content/uploads/sites/3846/2026/06/%E5%AE%A3%E5%82%B3%E5%9C%96%E7%89%87.png HTTP/1.1" 304 790 "https://www.ilc.edu.tw/" "Mozilla/5.0 (Windows NT 10.0; Win64; x64) AppleWebKit/537.36 (KHTML, like Gecko) Chrome/151.0.0.0 Safari/537.36 Edg/151.0.0.0"
2001:b011:7801:d4af:9131:eb6:c79c:b5fb - - [25/Aug/2026:07:49:32 +0800] "GET /wp-content/uploads/sites/3846/2026/05/%E8%9E%A2%E5%B9%95%E6%93%B7%E5%8F%96%E7%95%AB%E9%9D%A2-2026-05-07-100749.png HTTP/1.1" 304 790 "https://www.ilc.edu.tw/" "Mozilla/5.0 (Windows NT 10.0; Win64; x64) AppleWebKit/537.36 (KHTML, like Gecko) Chrome/151.0.0.0 Safari/537.36 Edg/151.0.0.0"
2001:b011:7801:d4af:9131:eb6:c79c:b5fb - - [25/Aug/2026:07:49:32 +0800] "GET /wp-content/uploads/sites/3846/2026/02/%E8%9E%A2%E5%B9%95%E6%93%B7%E5%8F%96%E7%95%AB%E9%9D%A2-2026-02-24-081359.png HTTP/1.1" 304 790 "https://www.ilc.edu.tw/" "Mozilla/5.0 (Windows NT 10.0; Win64; x64) AppleWebKit/537.36 (KHTML, like Gecko) Chrome/151.0.0.0 Safari/537.36 Edg/151.0.0.0"
2001:b011:7801:d4af:9131:eb6:c79c:b5fb - - [25/Aug/2026:07:49:32 +0800] "GET /wp-content/uploads/sites/3846/2025/09/YT%E5%B0%81%E9%9D%A2-1.jpg HTTP/1.1" 304 790 "https://www.ilc.edu.tw/" "Mozilla/5.0 (Windows NT 10.0; Win64; x64) AppleWebKit/537.36 (KHTML, like Gecko) Chrome/151.0.0.0 Safari/537.36 Edg/151.0.0.0"
2001:b011:7801:d4af:9131:eb6:c79c:b5fb - - [25/Aug/2026:07:49:32 +0800] "GET /wp-content/uploads/sites/3846/2025/09/%E6%95%99%E8%82%B2%E8%99%95%E6%B4%BB%E5%8B%95%E5%B0%88%E5%8D%80%E5%B0%8F%E5%9C%96-3.png HTTP/1.1" 304 790 "https://www.ilc.edu.tw/" "Mozilla/5.0 (Windows NT 10.0; Win64; x64) AppleWebKit/537.36 (KHTML, like Gecko) Chrome/151.0.0.0 Safari/537.36 Edg/151.0.0.0"
2001:b011:7801:d4af:9131:eb6:c79c:b5fb - - [25/Aug/2026:07:49:32 +0800] "GET /wp-content/uploads/sites/3846/2025/09/%E6%95%99%E8%82%B2%E8%99%95%E6%B4%BB%E5%8B%95%E5%B0%88%E5%8D%80%E5%B0%8F%E5%9C%96-4-2.png HTTP/1.1" 304 790 "https://www.ilc.edu.tw/" "Mozilla/5.0 (Windows NT 10.0; Win64; x64) AppleWebKit/537.36 (KHTML, like Gecko) Chrome/151.0.0.0 Safari/537.36 Edg/151.0.0.0"
2001:b011:7801:d4af:9131:eb6:c79c:b5fb - - [25/Aug/2026:07:49:32 +0800] "GET /wp-content/uploads/sites/3846/2025/09/%E6%95%99%E8%82%B2%E8%99%95%E6%B4%BB%E5%8B%95%E5%B0%88%E5%8D%80%E5%B0%8F%E5%9C%96-2-3.png HTTP/1.1" 304 5581 "https://www.ilc.edu.tw/" "Mozilla/5.0 (Windows NT 10.0; Win64; x64) AppleWebKit/537.36 (KHTML, like Gecko) Chrome/151.0.0.0 Safari/537.36 Edg/151.0.0.0"
2409:8c14:f22:1104:1::235 - - [25/Aug/2026:07:49:32 +0800] "GET /6448/wp-content/cache/2blog.ilc.edu.tw/wpfc-minified/kn9jt1gs/6ep2s.css HTTP/1.1" 200 40886 "https://2blog.ilc.edu.tw/6448/page/4/" "Mozilla/5.0 (Windows NT 10.0; Win64; x64) AppleWebKit/537.36 (KHTML, like Gecko) Chrome/144.0.0.0 Safari/537.36"
2409:8c14:f22:1104:1::235 - - [25/Aug/2026:07:49:33 +0800] "GET /6448/wp-content/cache/2blog.ilc.edu.tw/wpfc-minified/1qjj8j3k/6ep2s.css HTTP/1.1" 200 16121 "https://2blog.ilc.edu.tw/6448/page/4/" "Mozilla/5.0 (Windows NT 10.0; Win64; x64) AppleWebKit/537.36 (KHTML, like Gecko) Chrome/144.0.0.0 Safari/537.36"
2409:8c14:f22:1104:1::235 - - [25/Aug/2026:07:49:33 +0800] "GET /6448/wp-content/cache/2blog.ilc.edu.tw/wpfc-minified/2mck5ejj/6ep2s.css HTTP/1.1" 200 1496 "https://2blog.ilc.edu.tw/6448/page/4/" "Mozilla/5.0 (Windows NT 10.0; Win64; x64) AppleWebKit/537.36 (KHTML, like Gecko) Chrome/144.0.0.0 Safari/537.36"
2409:8c14:f22:1104:1::235 - - [25/Aug/2026:07:49:33 +0800] "GET /6448/wp-content/cache/2blog.ilc.edu.tw/wpfc-minified/7l25i50w/6ep2s.css HTTP/1.1" 200 58430 "https://2blog.ilc.edu.tw/6448/page/4/" "Mozilla/5.0 (Windows NT 10.0; Win64; x64) AppleWebKit/537.36 (KHTML, like Gecko) Chrome/144.0.0.0 Safari/537.36"
2409:8c14:f22:1104:1::235 - - [25/Aug/2026:07:49:33 +0800] "GET /6448/wp-content/cache/2blog.ilc.edu.tw/wpfc-minified/lbiu23hv/6ep2s.js HTTP/1.1" 200 35564 "https://2blog.ilc.edu.tw/6448/page/4/" "Mozilla/5.0 (Windows NT 10.0; Win64; x64) AppleWebKit/537.36 (KHTML, like Gecko) Chrome/144.0.0.0 Safari/537.36"
2409:8c14:f22:1104:1::235 - - [25/Aug/2026:07:49:34 +0800] "GET /6448/wp-includes/js/hoverintent-js.min.js HTTP/1.1" 200 1597 "https://2blog.ilc.edu.tw/6448/page/4/" "Mozilla/5.0 (Windows NT 10.0; Win64; x64) AppleWebKit/537.36 (KHTML, like Gecko) Chrome/144.0.0.0 Safari/537.36"
2409:8c14:f22:1104:1::235 - - [25/Aug/2026:07:49:34 +0800] "GET /6448/wp-includes/js/admin-bar.min.js HTTP/1.1" 200 2237 "https://2blog.ilc.edu.tw/6448/page/4/" "Mozilla/5.0 (Windows NT 10.0; Win64; x64) AppleWebKit/537.36 (KHTML, like Gecko) Chrome/144.0.0.0 Safari/537.36"
140.111.111.89 - - [25/Aug/2026:07:49:34 +0800] "-" 408 4804 "-" "-"
140.111.111.89 - - [25/Aug/2026:07:49:34 +0800] "-" 408 4804 "-" "-"
2409:8c14:f22:1104:1::235 - - [25/Aug/2026:07:49:34 +0800] "GET /6448/wp-includes/js/imagesloaded.min.js HTTP/1.1" 200 2683 "https://2blog.ilc.edu.tw/6448/page/4/" "Mozilla/5.0 (Windows NT 10.0; Win64; x64) AppleWebKit/537.36 (KHTML, like Gecko) Chrome/144.0.0.0 Safari/537.36"
2409:8c14:f22:1104:1::235 - - [25/Aug/2026:07:49:34 +0800] "GET /6448/wp-content/themes/oceanwp/assets/js/theme.min.js HTTP/1.1" 200 5130 "https://2blog.ilc.edu.tw/6448/page/4/" "Mozilla/5.0 (Windows NT 10.0; Win64; x64) AppleWebKit/537.36 (KHTML, like Gecko) Chrome/144.0.0.0 Safari/537.36"
2409:8c14:f22:1104:1::235 - - [25/Aug/2026:07:49:34 +0800] "GET /6448/wp-content/themes/oceanwp/assets/js/drop-down-mobile-menu.min.js HTTP/1.1" 200 4663 "https://2blog.ilc.edu.tw/6448/page/4/" "Mozilla/5.0 (Windows NT 10.0; Win64; x64) AppleWebKit/537.36 (KHTML, like Gecko) Chrome/144.0.0.0 Safari/537.36"
2409:8c14:f22:1104:1::235 - - [25/Aug/2026:07:49:34 +0800] "GET /6448/wp-content/themes/oceanwp/assets/js/drop-down-search.min.js HTTP/1.1" 200 2968 "https://2blog.ilc.edu.tw/6448/page/4/" "Mozilla/5.0 (Windows NT 10.0; Win64; x64) AppleWebKit/537.36 (KHTML, like Gecko) Chrome/144.0.0.0 Safari/537.36"
2409:8c14:f22:1104:1::235 - - [25/Aug/2026:07:49:34 +0800] "GET /6448/wp-content/themes/oceanwp/assets/js/vendors/magnific-popup.min.js HTTP/1.1" 200 8270 "https://2blog.ilc.edu.tw/6448/page/4/" "Mozilla/5.0 (Windows NT 10.0; Win64; x64) AppleWebKit/537.36 (KHTML, like Gecko) Chrome/144.0.0.0 Safari/537.36"
2409:8c14:f22:1104:1::235 - - [25/Aug/2026:07:49:34 +0800] "GET /6448/wp-content/themes/oceanwp/assets/js/ow-lightbox.min.js HTTP/1.1" 200 2321 "https://2blog.ilc.edu.tw/6448/page/4/" "Mozilla/5.0 (Windows NT 10.0; Win64; x64) AppleWebKit/537.36 (KHTML, like Gecko) Chrome/144.0.0.0 Safari/537.36"
240e:910:e000:811::1462 - - [25/Aug/2026:07:49:34 +0800] "GET /6509/2013/11/28 HTTP/1.1" 301 5766 "-" "Mozilla/5.0 (Windows NT 10.0; Win64; x64) AppleWebKit/537.36 (KHTML, like Gecko) Chrome/144.0.0.0 Safari/537.36"
2409:8c14:f22:1104:1::235 - - [25/Aug/2026:07:49:35 +0800] "GET /6448/wp-content/themes/oceanwp/assets/fonts/simple-line-icons/Simple-Line-Icons.woff2?v=2.4.0 HTTP/1.1" 200 30959 "https://2blog.ilc.edu.tw/6448/wp-content/cache/2blog.ilc.edu.tw/wpfc-minified/7l25i50w/6ep2s.css" "Mozilla/5.0 (Windows NT 10.0; Win64; x64) AppleWebKit/537.36 (KHTML, like Gecko) Chrome/144.0.0.0 Safari/537.36"
2409:8c14:f22:1104:1::235 - - [25/Aug/2026:07:49:35 +0800] "GET /6448/wp-content/themes/oceanwp/assets/js/vendors/flickity.pkgd.min.js HTTP/1.1" 200 15048 "https://2blog.ilc.edu.tw/6448/page/4/" "Mozilla/5.0 (Windows NT 10.0; Win64; x64) AppleWebKit/537.36 (KHTML, like Gecko) Chrome/144.0.0.0 Safari/537.36"
2409:8c14:f22:1104:1::235 - - [25/Aug/2026:07:49:35 +0800] "GET /6448/wp-content/themes/oceanwp/assets/js/ow-slider.min.js HTTP/1.1" 200 1761 "https://2blog.ilc.edu.tw/6448/page/4/" "Mozilla/5.0 (Windows NT 10.0; Win64; x64) AppleWebKit/537.36 (KHTML, like Gecko) Chrome/144.0.0.0 Safari/537.36"
2409:8c14:f22:1104:1::235 - - [25/Aug/2026:07:49:35 +0800] "GET /6448/wp-content/themes/oceanwp/assets/js/scroll-effect.min.js HTTP/1.1" 200 4466 "https://2blog.ilc.edu.tw/6448/page/4/" "Mozilla/5.0 (Windows NT 10.0; Win64; x64) AppleWebKit/537.36 (KHTML, like Gecko) Chrome/144.0.0.0 Safari/537.36"
2001:288:a201::66:125 - - [25/Aug/2026:07:49:35 +0800] "GET /blog/active.php HTTP/1.1" 301 1026 "-" "-"
2001:288:a201::66:125 - - [25/Aug/2026:07:49:35 +0800] "GET /blog/active.php HTTP/1.1" 404 1084 "-" "-"
2409:8c14:f22:1104:1::235 - - [25/Aug/2026:07:49:35 +0800] "GET /6448/wp-content/themes/oceanwp/assets/js/scroll-top.min.js HTTP/1.1" 200 3202 "https://2blog.ilc.edu.tw/6448/page/4/" "Mozilla/5.0 (Windows NT 10.0; Win64; x64) AppleWebKit/537.36 (KHTML, like Gecko) Chrome/144.0.0.0 Safari/537.36"
240e:910:e000:811::1462 - - [25/Aug/2026:07:49:35 +0800] "GET /6509/2013/11/28/ HTTP/1.1" 200 10545 "-" "Mozilla/5.0 (Windows NT 10.0; Win64; x64) AppleWebKit/537.36 (KHTML, like Gecko) Chrome/144.0.0.0 Safari/537.36"
140.111.67.195 - - [25/Aug/2026:07:49:35 +0800] "GET /wp-admin/admin-post.php?action=steps_ad HTTP/1.1" 200 1973 "-" "node-fetch/1.0 (+https://github.com/bitinn/node-fetch)"
2409:8c14:f22:1104:1::235 - - [25/Aug/2026:07:49:36 +0800] "GET /6448/wp-content/themes/oceanwp/assets/js/select.min.js HTTP/1.1" 200 7202 "https://2blog.ilc.edu.tw/6448/page/4/" "Mozilla/5.0 (Windows NT 10.0; Win64; x64) AppleWebKit/537.36 (KHTML, like Gecko) Chrome/144.0.0.0 Safari/537.36"
2001:288:a22d:1:e545:b022:67f2:7b37 - - [25/Aug/2026:07:49:36 +0800] "GET /wp-content/uploads/sites/3846/elementor/css/post-19.css HTTP/1.1" 304 5581 "https://www.ilc.edu.tw/" "Mozilla/5.0 (Windows NT 10.0; Win64; x64) AppleWebKit/537.36 (KHTML, like Gecko) Chrome/151.0.0.0 Safari/537.36"
240e:910:e000:811::1462 - - [25/Aug/2026:07:49:36 +0800] "GET /6509/wp-content/cache/2blog.ilc.edu.tw/wpfc-minified/kxx2sy16/5wokb.css HTTP/1.1" 200 40886 "https://2blog.ilc.edu.tw/6509/2013/11/28/" "Mozilla/5.0 (Windows NT 10.0; Win64; x64) AppleWebKit/537.36 (KHTML, like Gecko) Chrome/144.0.0.0 Safari/537.36"
140.111.67.10 - - [25/Aug/2026:07:49:36 +0800] "GET /" 301 273 "-" "-"
240e:910:e000:811::1462 - - [25/Aug/2026:07:49:37 +0800] "GET /6509/wp-content/cache/2blog.ilc.edu.tw/wpfc-minified/7mvjm7vk/5wokb.css HTTP/1.1" 200 15782 "https://2blog.ilc.edu.tw/6509/2013/11/28/" "Mozilla/5.0 (Windows NT 10.0; Win64; x64) AppleWebKit/537.36 (KHTML, like Gecko) Chrome/144.0.0.0 Safari/537.36"
2409:8c14:f22:1104:1::235 - - [25/Aug/2026:07:49:35 +0800] "GET /6448/wp-content/themes/oceanwp/assets/fonts/fontawesome/webfonts/fa-solid-900.woff2 HTTP/1.1" 200 151246 "https://2blog.ilc.edu.tw/6448/wp-content/cache/2blog.ilc.edu.tw/wpfc-minified/7l25i50w/6ep2s.css" "Mozilla/5.0 (Windows NT 10.0; Win64; x64) AppleWebKit/537.36 (KHTML, like Gecko) Chrome/144.0.0.0 Safari/537.36"
140.111.67.195 - - [25/Aug/2026:07:49:37 +0800] "GET /wp-admin/admin-post.php?action=steps_ad HTTP/1.1" 200 1649 "-" "node-fetch/1.0 (+https://github.com/bitinn/node-fetch)"
240e:910:e000:811::1462 - - [25/Aug/2026:07:49:37 +0800] "GET /6509/wp-includes/js/imagesloaded.min.js HTTP/1.1" 200 2683 "https://2blog.ilc.edu.tw/6509/2013/11/28/" "Mozilla/5.0 (Windows NT 10.0; Win64; x64) AppleWebKit/537.36 (KHTML, like Gecko) Chrome/144.0.0.0 Safari/537.36"
240e:910:e000:811::1462 - - [25/Aug/2026:07:49:37 +0800] "GET /6509/wp-content/themes/oceanwp/assets/js/vendors/magnific-popup.min.js HTTP/1.1" 200 8270 "https://2blog.ilc.edu.tw/6509/2013/11/28/" "Mozilla/5.0 (Windows NT 10.0; Win64; x64) AppleWebKit/537.36 (KHTML, like Gecko) Chrome/144.0.0.0 Safari/537.36"
140.111.67.195 - - [25/Aug/2026:07:49:38 +0800] "GET /wp-admin/admin-post.php?action=steps_ad HTTP/1.1" 200 1649 "-" "node-fetch/1.0 (+https://github.com/bitinn/node-fetch)"
240e:910:e000:811::1462 - - [25/Aug/2026:07:49:38 +0800] "GET /6509/wp-content/themes/oceanwp/assets/js/scroll-top.min.js HTTP/1.1" 200 3202 "https://2blog.ilc.edu.tw/6509/2013/11/28/" "Mozilla/5.0 (Windows NT 10.0; Win64; x64) AppleWebKit/537.36 (KHTML, like Gecko) Chrome/144.0.0.0 Safari/537.36"
2001:288:a201::66:125 - - [25/Aug/2026:07:49:40 +0800] "GET /blog/active.php HTTP/1.1" 301 1026 "-" "-"
::1 - - [25/Aug/2026:07:49:40 +0800] "OPTIONS * HTTP/1.0" 200 110 "-" "Apache/2.4.68 (Ubuntu) OpenSSL/3.0.19 (internal dummy connection)"
2001:288:a201::66:125 - - [25/Aug/2026:07:49:40 +0800] "GET /blog/active.php HTTP/1.1" 404 1084 "-" "-"
::1 - - [25/Aug/2026:07:49:41 +0800] "OPTIONS * HTTP/1.0" 200 110 "-" "Apache/2.4.68 (Ubuntu) OpenSSL/3.0.19 (internal dummy connection)"
140.111.67.10 - - [25/Aug/2026:07:49:41 +0800] "GET /" 301 273 "-" "-"
::1 - - [25/Aug/2026:07:49:42 +0800] "OPTIONS * HTTP/1.0" 200 110 "-" "Apache/2.4.68 (Ubuntu) OpenSSL/3.0.19 (internal dummy connection)"
::1 - - [25/Aug/2026:07:49:43 +0800] "OPTIONS * HTTP/1.0" 200 110 "-" "Apache/2.4.68 (Ubuntu) OpenSSL/3.0.19 (internal dummy connection)"
140.111.119.44 - - [25/Aug/2026:07:49:44 +0800] "-" 408 339 "-" "-"
::1 - - [25/Aug/2026:07:49:44 +0800] "OPTIONS * HTTP/1.0" 200 110 "-" "Apache/2.4.68 (Ubuntu) OpenSSL/3.0.19 (internal dummy connection)"
2001:288:a201::66:125 - - [25/Aug/2026:07:49:45 +0800] "GET /blog/active.php HTTP/1.1" 404 1084 "-" "-"
2001:288:a201::66:125 - - [25/Aug/2026:07:49:45 +0800] "GET /blog/active.php HTTP/1.1" 301 1026 "-" "-"
::1 - - [25/Aug/2026:07:49:45 +0800] "OPTIONS * HTTP/1.0" 200 110 "-" "Apache/2.4.68 (Ubuntu) OpenSSL/3.0.19 (internal dummy connection)"
::1 - - [25/Aug/2026:07:49:46 +0800] "OPTIONS * HTTP/1.0" 200 110 "-" "Apache/2.4.68 (Ubuntu) OpenSSL/3.0.19 (internal dummy connection)"
140.111.67.10 - - [25/Aug/2026:07:49:47 +0800] "GET /" 301 273 "-" "-"
120.101.218.55 - - [25/Aug/2026:07:49:48 +0800] "-" 408 339 "-" "-"
140.111.67.195 - - [25/Aug/2026:07:49:49 +0800] "GET /wp-admin/admin-post.php?action=steps_ad HTTP/1.1" 200 1973 "-" "node-fetch/1.0 (+https://github.com/bitinn/node-fetch)"
140.111.67.195 - - [25/Aug/2026:07:49:49 +0800] "GET /wp-admin/admin-post.php?action=steps_ad HTTP/1.1" 200 1649 "-" "node-fetch/1.0 (+https://github.com/bitinn/node-fetch)"
2001:288:a201::66:125 - - [25/Aug/2026:07:49:50 +0800] "GET /blog/active.php HTTP/1.1" 404 1084 "-" "-"
2001:288:a201::66:125 - - [25/Aug/2026:07:49:50 +0800] "GET /blog/active.php HTTP/1.1" 301 1026 "-" "-"
140.111.67.10 - - [25/Aug/2026:07:49:52 +0800] "GET /" 301 273 "-" "-"
2001:b011:7801:d4af:9131:eb6:c79c:b5fb - - [25/Aug/2026:07:49:52 +0800] "-" 408 4791 "-" "-"
2001:b011:7801:d4af:9131:eb6:c79c:b5fb - - [25/Aug/2026:07:49:52 +0800] "-" 408 4791 "-" "-"
140.111.67.195 - - [25/Aug/2026:07:49:53 +0800] "GET /wp-admin/admin-post.php?action=steps_ad HTTP/1.1" 200 1649 "-" "node-fetch/1.0 (+https://github.com/bitinn/node-fetch)"
2001:4860:7:810::e1 - - [25/Aug/2026:07:49:53 +0800] "GET / HTTP/1.1" 200 22438 "https://www.google.com/" "Mozilla/5.0 (Windows NT 10.0; Win64; x64) AppleWebKit/537.36 (KHTML, like Gecko) Chrome/151.0.0.0 Safari/537.36"
2001:288:a222:1:f1c7:288f:5adc:17b3 - - [25/Aug/2026:07:49:54 +0800] "GET / HTTP/1.1" 200 30144 "-" "Mozilla/5.0 (Windows NT 10.0; Win64; x64) AppleWebKit/537.36 (KHTML, like Gecko) Chrome/151.0.0.0 Safari/537.36 Edg/151.0.0.0"
2001:288:a222:1:f1c7:288f:5adc:17b3 - - [25/Aug/2026:07:49:54 +0800] "GET /wp-content/uploads/sites/980/elementor/css/post-1985.css HTTP/1.1" 304 790 "https://www.csjh.ilc.edu.tw/" "Mozilla/5.0 (Windows NT 10.0; Win64; x64) AppleWebKit/537.36 (KHTML, like Gecko) Chrome/151.0.0.0 Safari/537.36 Edg/151.0.0.0"
2001:288:a222:1:f1c7:288f:5adc:17b3 - - [25/Aug/2026:07:49:54 +0800] "GET /wp-content/uploads/sites/980/2025/12/%E6%A0%A1%E7%B6%B2%E9%A6%96%E9%A0%81%E5%85%AC%E5%91%8A%E5%9C%96-800-x-600-px-1-768x576.png HTTP/1.1" 304 790 "https://www.csjh.ilc.edu.tw/" "Mozilla/5.0 (Windows NT 10.0; Win64; x64) AppleWebKit/537.36 (KHTML, like Gecko) Chrome/151.0.0.0 Safari/537.36 Edg/151.0.0.0"
140.111.67.195 - - [25/Aug/2026:07:49:54 +0800] "GET /wp-admin/admin-post.php?action=steps_ad HTTP/1.1" 200 1649 "-" "node-fetch/1.0 (+https://github.com/bitinn/node-fetch)"
2001:288:a201::66:125 - - [25/Aug/2026:07:49:55 +0800] "GET /blog/active.php HTTP/1.1" 404 1084 "-" "-"
2001:288:a201::66:125 - - [25/Aug/2026:07:49:55 +0800] "GET /blog/active.php HTTP/1.1" 301 1026 "-" "-"
2001:288:a202:0:1bfb:40bd:cba7:5829 - - [25/Aug/2026:07:49:56 +0800] "GET /wp-content/uploads/sites/3846/2023/07/%E6%95%99%E8%82%B2%E8%99%95%E5%85%AB%E5%A4%A7%E6%96%B9%E9%87%9D.png HTTP/1.1" 200 200327 "https://it.ilc.edu.tw/" "Mozilla/5.0 (Windows NT 10.0; Win64; x64) AppleWebKit/537.36 (KHTML, like Gecko) Chrome/151.0.0.0 Safari/537.36"
140.111.111.94 - - [25/Aug/2026:07:49:56 +0800] "GET / HTTP/1.1" 200 20252 "-" "Mozilla/5.0 (Windows NT 10.0; Win64; x64) AppleWebKit/537.36 (KHTML, like Gecko) Chrome/151.0.0.0 Safari/537.36"
140.111.67.195 - - [25/Aug/2026:07:49:56 +0800] "GET /wp-admin/admin-post.php?action=steps_ad HTTP/1.1" 200 1649 "-" "node-fetch/1.0 (+https://github.com/bitinn/node-fetch)"
140.111.67.10 - - [25/Aug/2026:07:49:57 +0800] "GET /" 301 273 "-" "-"
140.111.67.195 - - [25/Aug/2026:07:49:56 +0800] "GET /wp-admin/admin-post.php?action=steps_ad HTTP/1.1" 200 1649 "-" "node-fetch/1.0 (+https://github.com/bitinn/node-fetch)"
140.111.67.195 - - [25/Aug/2026:07:49:57 +0800] "GET /wp-admin/admin-post.php?action=steps_ad HTTP/1.1" 200 1649 "-" "node-fetch/1.0 (+https://github.com/bitinn/node-fetch)"
2001:288:a202:0:1bfb:40bd:cba7:5829 - - [25/Aug/2026:07:49:57 +0800] "GET /wp-content/uploads/sites/3846/2026/02/%E9%81%BF%E5%85%8D%E8%AA%A4%E5%85%A5%E8%A9%90%E9%A8%99%E7%B6%B2%E7%AB%99APP%E5%B0%8F%E5%B8%B8%E8%AD%98.jpg HTTP/1.1" 200 454833 "https://it.ilc.edu.tw/" "Mozilla/5.0 (Windows NT 10.0; Win64; x64) AppleWebKit/537.36 (KHTML, like Gecko) Chrome/151.0.0.0 Safari/537.36"
2001:288:a202:0:1bfb:40bd:cba7:5829 - - [25/Aug/2026:07:49:57 +0800] "GET /wp-content/uploads/sites/3846/2026/08/%E8%BE%B2%E6%A5%AD%E9%83%A8%E5%BB%A3%E5%91%8A.jpg HTTP/1.1" 200 236123 "https://it.ilc.edu.tw/" "Mozilla/5.0 (Windows NT 10.0; Win64; x64) AppleWebKit/537.36 (KHTML, like Gecko) Chrome/151.0.0.0 Safari/537.36"
2001:288:a202:0:1bfb:40bd:cba7:5829 - - [25/Aug/2026:07:49:57 +0800] "GET /wp-content/uploads/sites/3846/2026/06/%E5%AE%A3%E5%82%B3%E5%9C%96%E7%89%87.png HTTP/1.1" 200 1053112 "https://it.ilc.edu.tw/" "Mozilla/5.0 (Windows NT 10.0; Win64; x64) AppleWebKit/537.36 (KHTML, like Gecko) Chrome/151.0.0.0 Safari/537.36"
2001:288:a202:0:1bfb:40bd:cba7:5829 - - [25/Aug/2026:07:49:57 +0800] "GET /wp-content/uploads/sites/3846/2026/06/2026%E5%AE%9C%E8%98%AD%E7%98%8B%E5%AD%B8%E7%BF%92-%E6%9A%91%E5%81%87_%E6%95%99%E8%82%B2%E8%99%95%E9%A6%96%E9%A0%81-1440-x-1080-%E5%83%8F%E7%B4%A0.png HTTP/1.1" 200 2050723 "https://it.ilc.edu.tw/" "Mozilla/5.0 (Windows NT 10.0; Win64; x64) AppleWebKit/537.36 (KHTML, like Gecko) Chrome/151.0.0.0 Safari/537.36"
2401:e180:8d22:8f21:20ee:2ff:fe39:e0d2 - - [25/Aug/2026:07:49:58 +0800] "GET /wp-content/uploads/sites/233/1003/1003-3509322.jpg HTTP/1.1" 200 53377 "https://www.google.com/" "Mozilla/5.0 (Linux; Android 16; V2343 Build/BP2A.250605.031.A3; wv) AppleWebKit/537.36 (KHTML, like Gecko) Version/4.0 Chrome/150.0.7871.181 Mobile Safari/537.36 GoogleApp/17.50.14.ve.arm64"
2001:288:a201::66:125 - - [25/Aug/2026:07:50:00 +0800] "GET /blog/active.php HTTP/1.1" 404 1084 "-" "-"
2001:288:a201::66:125 - - [25/Aug/2026:07:50:00 +0800] "GET /blog/active.php HTTP/1.1" 301 1026 "-" "-"
2001:288:a201::67:81 - - [25/Aug/2026:07:50:01 +0800] "GET / HTTP/1.1" 200 56291 "-" "curl/7.81.0"
140.111.67.86 - - [25/Aug/2026:07:50:01 +0800] "GET / HTTP/1.1" 200 56291 "-" "curl/7.81.0"
140.111.67.10 - - [25/Aug/2026:07:50:02 +0800] "GET /" 301 273 "-" "-"
2001:288:a201::67:84 - - [25/Aug/2026:07:50:02 +0800] "GET / HTTP/1.1" 200 56291 "-" "curl/7.81.0"
140.111.67.195 - - [25/Aug/2026:07:50:04 +0800] "GET /wp-admin/admin-post.php?action=steps_ad HTTP/1.1" 200 1973 "-" "node-fetch/1.0 (+https://github.com/bitinn/node-fetch)"
140.111.67.195 - - [25/Aug/2026:07:50:04 +0800] "GET /wp-admin/admin-post.php?action=steps_ad HTTP/1.1" 200 1649 "-" "node-fetch/1.0 (+https://github.com/bitinn/node-fetch)"
2001:288:a201::66:125 - - [25/Aug/2026:07:50:05 +0800] "GET /blog/active.php HTTP/1.1" 404 1084 "-" "-"
2001:288:a201::66:125 - - [25/Aug/2026:07:50:05 +0800] "GET /blog/active.php HTTP/1.1" 301 1026 "-" "-"
::1 - - [25/Aug/2026:07:50:05 +0800] "OPTIONS * HTTP/1.0" 200 110 "-" "Apache/2.4.68 (Ubuntu) OpenSSL/3.0.19 (internal dummy connection)"
::1 - - [25/Aug/2026:07:50:06 +0800] "OPTIONS * HTTP/1.0" 200 110 "-" "Apache/2.4.68 (Ubuntu) OpenSSL/3.0.19 (internal dummy connection)"
140.111.67.10 - - [25/Aug/2026:07:50:07 +0800] "GET /" 301 273 "-" "-"
2001:288:a26e:1:205b:5402:34a6:3816 - - [25/Aug/2026:07:50:07 +0800] "-" 408 4791 "-" "-"
2001:288:a26e:1:205b:5402:34a6:3816 - - [25/Aug/2026:07:50:07 +0800] "-" 408 4791 "-" "-"
2001:288:a26e:1:205b:5402:34a6:3816 - - [25/Aug/2026:07:50:07 +0800] "-" 408 4791 "-" "-"
140.111.67.195 - - [25/Aug/2026:07:50:06 +0800] "GET /wp-admin/admin-post.php?action=steps_ad HTTP/1.1" 200 1649 "-" "node-fetch/1.0 (+https://github.com/bitinn/node-fetch)"
2a03:2880:f802:11:: - - [25/Aug/2026:07:50:05 +0800] "GET /wp-login.php?key=mdn3c381&_wpnonce=&action=ilc_logout&redirect_to=https%3A%2F%2Fgame.edu.kg HTTP/1.1" 302 8248 "-" "Mozilla/5.0 (Windows NT 10.0; Win64; x64) AppleWebKit/537.36 (KHTML, like Gecko) Chrome/145.0.0.0 Safari/537.36 (compatible; meta-externalagent/1.1 (+https://developers.facebook.com/docs/sharing/webmasters/crawler))"
2401:e180:8c60:befd:f0e7:63ff:fe36:6007 - - [25/Aug/2026:07:50:07 +0800] "POST /wp-json/wp-statistics/v2/hit HTTP/1.1" 200 5886 "https://www.iles.ilc.edu.tw/" "Mozilla/5.0 (Linux; Android 10; K) AppleWebKit/537.36 (KHTML, like Gecko) Chrome/140.0.0.0 Mobile Safari/537.36"
::1 - - [25/Aug/2026:07:50:09 +0800] "OPTIONS * HTTP/1.0" 200 110 "-" "Apache/2.4.68 (Ubuntu) OpenSSL/3.0.19 (internal dummy connection)"
140.111.67.195 - - [25/Aug/2026:07:50:09 +0800] "GET /wp-admin/admin-post.php?action=steps_ad HTTP/1.1" 200 1649 "-" "node-fetch/1.0 (+https://github.com/bitinn/node-fetch)"
140.111.67.195 - - [25/Aug/2026:07:50:10 +0800] "GET /wp-admin/admin-post.php?action=steps_ad HTTP/1.1" 200 1649 "-" "node-fetch/1.0 (+https://github.com/bitinn/node-fetch)"
2001:288:a216:1:3541:802f:9302:e136 - - [25/Aug/2026:07:50:10 +0800] "GET /wp-content/uploads/sites/3846/2026/06/%E5%AE%A3%E5%82%B3%E5%9C%96%E7%89%87.png HTTP/1.1" 304 5581 "https://it.ilc.edu.tw/" "Mozilla/5.0 (Windows NT 10.0; Win64; x64) AppleWebKit/537.36 (KHTML, like Gecko) Chrome/151.0.0.0 Safari/537.36"
2001:288:a201::66:125 - - [25/Aug/2026:07:50:10 +0800] "GET /blog/active.php HTTP/1.1" 404 1084 "-" "-"
2001:288:a201::66:125 - - [25/Aug/2026:07:50:10 +0800] "GET /blog/active.php HTTP/1.1" 301 1026 "-" "-"
140.111.67.10 - - [25/Aug/2026:07:50:12 +0800] "GET /" 301 273 "-" "-"
140.111.67.195 - - [25/Aug/2026:07:50:12 +0800] "GET /wp-admin/admin-post.php?action=steps_ad HTTP/1.1" 200 1649 "-" "node-fetch/1.0 (+https://github.com/bitinn/node-fetch)"
2001:288:a257:1:940d:d189:1fe6:95f9 - - [25/Aug/2026:07:50:13 +0800] "GET /wp-content/uploads/sites/3846/2023/07/%E6%95%99%E8%82%B2%E8%99%95%E5%85%AB%E5%A4%A7%E6%96%B9%E9%87%9D.png HTTP/1.1" 200 200327 "https://it.ilc.edu.tw/" "Mozilla/5.0 (Windows NT 10.0; Win64; x64) AppleWebKit/537.36 (KHTML, like Gecko) Chrome/151.0.0.0 Safari/537.36"
::1 - - [25/Aug/2026:07:50:13 +0800] "OPTIONS * HTTP/1.0" 200 110 "-" "Apache/2.4.68 (Ubuntu) OpenSSL/3.0.19 (internal dummy connection)"
2001:288:a222:1:f1c7:288f:5adc:17b3 - - [25/Aug/2026:07:50:14 +0800] "-" 408 4801 "-" "-"
140.111.67.195 - - [25/Aug/2026:07:50:14 +0800] "GET /wp-admin/admin-post.php?action=steps_ad HTTP/1.1" 200 1649 "-" "node-fetch/1.0 (+https://github.com/bitinn/node-fetch)"
2001:288:a201::66:125 - - [25/Aug/2026:07:50:15 +0800] "GET /blog/active.php HTTP/1.1" 301 1026 "-" "-"
2001:288:a201::66:125 - - [25/Aug/2026:07:50:15 +0800] "GET /blog/active.php HTTP/1.1" 404 1084 "-" "-"
140.111.67.195 - - [25/Aug/2026:07:50:15 +0800] "GET /wp-admin/admin-post.php?action=steps_ad HTTP/1.1" 200 1649 "-" "node-fetch/1.0 (+https://github.com/bitinn/node-fetch)"
2001:288:a257:1:940d:d189:1fe6:95f9 - - [25/Aug/2026:07:50:16 +0800] "GET /wp-content/uploads/sites/3846/2026/02/%E9%81%BF%E5%85%8D%E8%AA%A4%E5%85%A5%E8%A9%90%E9%A8%99%E7%B6%B2%E7%AB%99APP%E5%B0%8F%E5%B8%B8%E8%AD%98.jpg HTTP/1.1" 200 454833 "https://it.ilc.edu.tw/" "Mozilla/5.0 (Windows NT 10.0; Win64; x64) AppleWebKit/537.36 (KHTML, like Gecko) Chrome/151.0.0.0 Safari/537.36"
2001:288:a257:1:940d:d189:1fe6:95f9 - - [25/Aug/2026:07:50:16 +0800] "GET /wp-content/uploads/sites/3846/2026/08/%E8%BE%B2%E6%A5%AD%E9%83%A8%E5%BB%A3%E5%91%8A.jpg HTTP/1.1" 200 236123 "https://it.ilc.edu.tw/" "Mozilla/5.0 (Windows NT 10.0; Win64; x64) AppleWebKit/537.36 (KHTML, like Gecko) Chrome/151.0.0.0 Safari/537.36"
2001:288:a257:1:940d:d189:1fe6:95f9 - - [25/Aug/2026:07:50:16 +0800] "GET /wp-content/uploads/sites/3846/2026/06/2026%E5%AE%9C%E8%98%AD%E7%98%8B%E5%AD%B8%E7%BF%92-%E6%9A%91%E5%81%87_%E6%95%99%E8%82%B2%E8%99%95%E9%A6%96%E9%A0%81-1440-x-1080-%E5%83%8F%E7%B4%A0.png HTTP/1.1" 200 2045932 "https://it.ilc.edu.tw/" "Mozilla/5.0 (Windows NT 10.0; Win64; x64) AppleWebKit/537.36 (KHTML, like Gecko) Chrome/151.0.0.0 Safari/537.36"
2001:288:a257:1:940d:d189:1fe6:95f9 - - [25/Aug/2026:07:50:16 +0800] "GET /wp-content/uploads/sites/3846/2026/06/%E5%AE%A3%E5%82%B3%E5%9C%96%E7%89%87.png HTTP/1.1" 200 1048321 "https://it.ilc.edu.tw/" "Mozilla/5.0 (Windows NT 10.0; Win64; x64) AppleWebKit/537.36 (KHTML, like Gecko) Chrome/151.0.0.0 Safari/537.36"
140.111.111.94 - - [25/Aug/2026:07:50:16 +0800] "-" 408 339 "-" "-"
::1 - - [25/Aug/2026:07:50:16 +0800] "OPTIONS * HTTP/1.0" 200 110 "-" "Apache/2.4.68 (Ubuntu) OpenSSL/3.0.19 (internal dummy connection)"
140.111.111.94 - - [25/Aug/2026:07:50:16 +0800] "-" 408 339 "-" "-"
140.111.67.10 - - [25/Aug/2026:07:50:16 +0800] "GET /" 301 273 "-" "-"
::1 - - [25/Aug/2026:07:50:17 +0800] "OPTIONS * HTTP/1.0" 200 110 "-" "Apache/2.4.68 (Ubuntu) OpenSSL/3.0.19 (internal dummy connection)"
2001:288:a202:0:1bfb:40bd:cba7:5829 - - [25/Aug/2026:07:50:17 +0800] "-" 408 4791 "-" "-"
::1 - - [25/Aug/2026:07:50:18 +0800] "OPTIONS * HTTP/1.0" 200 110 "-" "Apache/2.4.68 (Ubuntu) OpenSSL/3.0.19 (internal dummy connection)"
::1 - - [25/Aug/2026:07:50:19 +0800] "OPTIONS * HTTP/1.0" 200 110 "-" "Apache/2.4.68 (Ubuntu) OpenSSL/3.0.19 (internal dummy connection)"
2001:288:a201::66:125 - - [25/Aug/2026:07:50:20 +0800] "GET /blog/active.php HTTP/1.1" 301 1026 "-" "-"
2001:288:a201::66:125 - - [25/Aug/2026:07:50:20 +0800] "GET /blog/active.php HTTP/1.1" 404 1084 "-" "-"
140.111.67.10 - - [25/Aug/2026:07:50:21 +0800] "GET /" 301 273 "-" "-"
2001:288:a27b:1:103a:c0e0:4bae:92e4 - - [25/Aug/2026:07:50:23 +0800] "GET /wp-content/uploads/sites/3846/2023/05/%E9%A6%96%E9%A0%81%E5%B0%8F%E6%A8%99_%E6%B4%BB%E5%8B%95%E5%B0%88%E5%8D%80.png HTTP/1.1" 200 7336 "https://www.ilc.edu.tw/" "Mozilla/5.0 (Windows NT 10.0; Win64; x64) AppleWebKit/537.36 (KHTML, like Gecko) Chrome/151.0.0.0 Safari/537.36"
2001:288:a27b:1:103a:c0e0:4bae:92e4 - - [25/Aug/2026:07:50:23 +0800] "GET /wp-content/uploads/sites/3846/2023/05/%E9%A6%96%E9%A0%81%E5%B0%8F%E6%A8%99_%E5%BD%B1%E9%9F%B3.png HTTP/1.1" 200 7253 "https://www.ilc.edu.tw/" "Mozilla/5.0 (Windows NT 10.0; Win64; x64) AppleWebKit/537.36 (KHTML, like Gecko) Chrome/151.0.0.0 Safari/537.36"
2001:288:a27b:1:103a:c0e0:4bae:92e4 - - [25/Aug/2026:07:50:23 +0800] "GET /wp-content/uploads/sites/3846/2023/05/%E6%95%B8%E4%BD%8D%E5%AD%B8%E7%BF%92%E6%94%AF%E6%8C%81%E5%B9%B3%E5%8F%B0-Banner.png HTTP/1.1" 200 21380 "https://www.ilc.edu.tw/" "Mozilla/5.0 (Windows NT 10.0; Win64; x64) AppleWebKit/537.36 (KHTML, like Gecko) Chrome/151.0.0.0 Safari/537.36"
2001:288:a27b:1:103a:c0e0:4bae:92e4 - - [25/Aug/2026:07:50:23 +0800] "GET /wp-content/uploads/sites/3846/2023/05/%E6%94%BF%E7%AD%96%E6%A5%AD%E5%8B%99%E5%AE%A3%E5%B0%8E-banner.png HTTP/1.1" 200 24176 "https://www.ilc.edu.tw/" "Mozilla/5.0 (Windows NT 10.0; Win64; x64) AppleWebKit/537.36 (KHTML, like Gecko) Chrome/151.0.0.0 Safari/537.36"
2001:288:a27b:1:103a:c0e0:4bae:92e4 - - [25/Aug/2026:07:50:23 +0800] "GET /wp-content/uploads/sites/3846/2024/01/%E7%A7%91%E6%8A%80%E9%A0%98%E5%9F%9F%E6%87%89%E7%94%A8%E7%AB%B6%E8%B3%BD.png HTTP/1.1" 200 25117 "https://www.ilc.edu.tw/" "Mozilla/5.0 (Windows NT 10.0; Win64; x64) AppleWebKit/537.36 (KHTML, like Gecko) Chrome/151.0.0.0 Safari/537.36"
2001:288:a27b:1:103a:c0e0:4bae:92e4 - - [25/Aug/2026:07:50:23 +0800] "GET /wp-content/uploads/sites/3846/2025/09/%E6%95%99%E8%82%B2%E8%99%95%E6%B4%BB%E5%8B%95%E5%B0%88%E5%8D%80%E5%B0%8F%E5%9C%96-3.png HTTP/1.1" 304 790 "https://www.ilc.edu.tw/" "Mozilla/5.0 (Windows NT 10.0; Win64; x64) AppleWebKit/537.36 (KHTML, like Gecko) Chrome/151.0.0.0 Safari/537.36"
2001:288:a27b:1:103a:c0e0:4bae:92e4 - - [25/Aug/2026:07:50:23 +0800] "GET /wp-content/uploads/sites/3846/2025/09/%E6%95%99%E8%82%B2%E8%99%95%E6%B4%BB%E5%8B%95%E5%B0%88%E5%8D%80%E5%B0%8F%E5%9C%96-2-3.png HTTP/1.1" 304 790 "https://www.ilc.edu.tw/" "Mozilla/5.0 (Windows NT 10.0; Win64; x64) AppleWebKit/537.36 (KHTML, like Gecko) Chrome/151.0.0.0 Safari/537.36"
::1 - - [25/Aug/2026:07:50:24 +0800] "OPTIONS * HTTP/1.0" 200 110 "-" "Apache/2.4.68 (Ubuntu) OpenSSL/3.0.19 (internal dummy connection)"
2001:288:a201::66:125 - - [25/Aug/2026:07:50:25 +0800] "GET /blog/active.php HTTP/1.1" 301 1026 "-" "-"
2001:288:a201::66:125 - - [25/Aug/2026:07:50:25 +0800] "GET /blog/active.php HTTP/1.1" 404 5511 "-" "-"
140.111.67.10 - - [25/Aug/2026:07:50:26 +0800] "GET /" 301 273 "-" "-"
2001:288:a240:1:bdcf:d184:b88e:800d - - [25/Aug/2026:07:50:27 +0800] "GET / HTTP/1.1" 200 28987 "http://140.111.140.9/" "Mozilla/5.0 (Windows NT 10.0; Win64; x64) AppleWebKit/537.36 (KHTML, like Gecko) Chrome/151.0.0.0 Safari/537.36"
2001:288:a240:1:bdcf:d184:b88e:800d - - [25/Aug/2026:07:50:27 +0800] "GET /wp-content/uploads/sites/1664/elementor/css/post-2.css HTTP/1.1" 304 790 "https://www.gjes.ilc.edu.tw/" "Mozilla/5.0 (Windows NT 10.0; Win64; x64) AppleWebKit/537.36 (KHTML, like Gecko) Chrome/151.0.0.0 Safari/537.36"
2001:288:a240:1:bdcf:d184:b88e:800d - - [25/Aug/2026:07:50:28 +0800] "POST /wp-json/wp-statistics/v2/hit HTTP/1.1" 200 1083 "https://www.gjes.ilc.edu.tw/" "Mozilla/5.0 (Windows NT 10.0; Win64; x64) AppleWebKit/537.36 (KHTML, like Gecko) Chrome/151.0.0.0 Safari/537.36"
2001:288:a27b:1:103a:c0e0:4bae:92e4 - - [25/Aug/2026:07:50:29 +0800] "GET / HTTP/1.1" 200 20459 "-" "Mozilla/5.0 (Windows NT 10.0; Win64; x64) AppleWebKit/537.36 (KHTML, like Gecko) Chrome/151.0.0.0 Safari/537.36"
2001:288:a27b:1:103a:c0e0:4bae:92e4 - - [25/Aug/2026:07:50:29 +0800] "GET /wp-content/cache/www.nojh.ilc.edu.tw/wpfc-minified/lcph9ky1/72xy.css HTTP/1.1" 200 40884 "https://www.nojh.ilc.edu.tw/" "Mozilla/5.0 (Windows NT 10.0; Win64; x64) AppleWebKit/537.36 (KHTML, like Gecko) Chrome/151.0.0.0 Safari/537.36"
2001:288:a27b:1:103a:c0e0:4bae:92e4 - - [25/Aug/2026:07:50:29 +0800] "GET /wp-content/cache/www.nojh.ilc.edu.tw/wpfc-minified/fghjj8wa/72xy.css HTTP/1.1" 200 1496 "https://www.nojh.ilc.edu.tw/" "Mozilla/5.0 (Windows NT 10.0; Win64; x64) AppleWebKit/537.36 (KHTML, like Gecko) Chrome/151.0.0.0 Safari/537.36"
2001:288:a27b:1:103a:c0e0:4bae:92e4 - - [25/Aug/2026:07:50:29 +0800] "GET /wp-content/cache/www.nojh.ilc.edu.tw/wpfc-minified/6me3b0wj/72xy.js HTTP/1.1" 200 35557 "https://www.nojh.ilc.edu.tw/" "Mozilla/5.0 (Windows NT 10.0; Win64; x64) AppleWebKit/537.36 (KHTML, like Gecko) Chrome/151.0.0.0 Safari/537.36"
2001:288:a27b:1:103a:c0e0:4bae:92e4 - - [25/Aug/2026:07:50:29 +0800] "GET /wp-content/uploads/sites/859/4907/4907-4051438.png HTTP/1.1" 200 67344 "https://www.nojh.ilc.edu.tw/" "Mozilla/5.0 (Windows NT 10.0; Win64; x64) AppleWebKit/537.36 (KHTML, like Gecko) Chrome/151.0.0.0 Safari/537.36"
2001:288:a27b:1:103a:c0e0:4bae:92e4 - - [25/Aug/2026:07:50:29 +0800] "GET /wp-content/uploads/sites/859/4907/4907-4051442.png HTTP/1.1" 200 108417 "https://www.nojh.ilc.edu.tw/" "Mozilla/5.0 (Windows NT 10.0; Win64; x64) AppleWebKit/537.36 (KHTML, like Gecko) Chrome/151.0.0.0 Safari/537.36"
2001:288:a27b:1:103a:c0e0:4bae:92e4 - - [25/Aug/2026:07:50:29 +0800] "GET /wp-content/uploads/sites/859/2022/04/antidrug-logo.jpg HTTP/1.1" 200 32459 "https://www.nojh.ilc.edu.tw/" "Mozilla/5.0 (Windows NT 10.0; Win64; x64) AppleWebKit/537.36 (KHTML, like Gecko) Chrome/151.0.0.0 Safari/537.36"
2001:288:a27b:1:103a:c0e0:4bae:92e4 - - [25/Aug/2026:07:50:29 +0800] "GET /wp-content/cache/www.nojh.ilc.edu.tw/wpfc-minified/f5x8hg78/7fy4.css HTTP/1.1" 200 139808 "https://www.nojh.ilc.edu.tw/" "Mozilla/5.0 (Windows NT 10.0; Win64; x64) AppleWebKit/537.36 (KHTML, like Gecko) Chrome/151.0.0.0 Safari/537.36"
2001:288:a27b:1:103a:c0e0:4bae:92e4 - - [25/Aug/2026:07:50:29 +0800] "GET /wp-includes/js/hoverintent-js.min.js HTTP/1.1" 200 1597 "https://www.nojh.ilc.edu.tw/" "Mozilla/5.0 (Windows NT 10.0; Win64; x64) AppleWebKit/537.36 (KHTML, like Gecko) Chrome/151.0.0.0 Safari/537.36"
2001:288:a27b:1:103a:c0e0:4bae:92e4 - - [25/Aug/2026:07:50:29 +0800] "GET /wp-includes/js/admin-bar.min.js HTTP/1.1" 200 2237 "https://www.nojh.ilc.edu.tw/" "Mozilla/5.0 (Windows NT 10.0; Win64; x64) AppleWebKit/537.36 (KHTML, like Gecko) Chrome/151.0.0.0 Safari/537.36"
2001:288:a27b:1:103a:c0e0:4bae:92e4 - - [25/Aug/2026:07:50:29 +0800] "GET /wp-includes/js/imagesloaded.min.js HTTP/1.1" 200 2683 "https://www.nojh.ilc.edu.tw/" "Mozilla/5.0 (Windows NT 10.0; Win64; x64) AppleWebKit/537.36 (KHTML, like Gecko) Chrome/151.0.0.0 Safari/537.36"
2001:288:a27b:1:103a:c0e0:4bae:92e4 - - [25/Aug/2026:07:50:29 +0800] "GET /wp-content/themes/oceanwp/assets/js/theme.min.js HTTP/1.1" 200 5130 "https://www.nojh.ilc.edu.tw/" "Mozilla/5.0 (Windows NT 10.0; Win64; x64) AppleWebKit/537.36 (KHTML, like Gecko) Chrome/151.0.0.0 Safari/537.36"
2001:288:a27b:1:103a:c0e0:4bae:92e4 - - [25/Aug/2026:07:50:29 +0800] "GET /wp-content/themes/oceanwp/assets/js/drop-down-mobile-menu.min.js HTTP/1.1" 200 4663 "https://www.nojh.ilc.edu.tw/" "Mozilla/5.0 (Windows NT 10.0; Win64; x64) AppleWebKit/537.36 (KHTML, like Gecko) Chrome/151.0.0.0 Safari/537.36"
2001:288:a27b:1:103a:c0e0:4bae:92e4 - - [25/Aug/2026:07:50:29 +0800] "GET /wp-content/themes/oceanwp/assets/js/drop-down-search.min.js HTTP/1.1" 200 2968 "https://www.nojh.ilc.edu.tw/" "Mozilla/5.0 (Windows NT 10.0; Win64; x64) AppleWebKit/537.36 (KHTML, like Gecko) Chrome/151.0.0.0 Safari/537.36"
2001:288:a27b:1:103a:c0e0:4bae:92e4 - - [25/Aug/2026:07:50:29 +0800] "GET /wp-content/themes/oceanwp/assets/js/vendors/magnific-popup.min.js HTTP/1.1" 200 8270 "https://www.nojh.ilc.edu.tw/" "Mozilla/5.0 (Windows NT 10.0; Win64; x64) AppleWebKit/537.36 (KHTML, like Gecko) Chrome/151.0.0.0 Safari/537.36"
2001:288:a27b:1:103a:c0e0:4bae:92e4 - - [25/Aug/2026:07:50:29 +0800] "GET /wp-content/themes/oceanwp/assets/js/ow-lightbox.min.js HTTP/1.1" 200 2321 "https://www.nojh.ilc.edu.tw/" "Mozilla/5.0 (Windows NT 10.0; Win64; x64) AppleWebKit/537.36 (KHTML, like Gecko) Chrome/151.0.0.0 Safari/537.36"
2001:288:a27b:1:103a:c0e0:4bae:92e4 - - [25/Aug/2026:07:50:29 +0800] "GET /wp-content/themes/oceanwp/assets/js/ow-slider.min.js HTTP/1.1" 200 1761 "https://www.nojh.ilc.edu.tw/" "Mozilla/5.0 (Windows NT 10.0; Win64; x64) AppleWebKit/537.36 (KHTML, like Gecko) Chrome/151.0.0.0 Safari/537.36"
2001:288:a27b:1:103a:c0e0:4bae:92e4 - - [25/Aug/2026:07:50:29 +0800] "GET /wp-content/themes/oceanwp/assets/js/vendors/flickity.pkgd.min.js HTTP/1.1" 200 15048 "https://www.nojh.ilc.edu.tw/" "Mozilla/5.0 (Windows NT 10.0; Win64; x64) AppleWebKit/537.36 (KHTML, like Gecko) Chrome/151.0.0.0 Safari/537.36"
2001:288:a27b:1:103a:c0e0:4bae:92e4 - - [25/Aug/2026:07:50:29 +0800] "GET /wp-content/themes/oceanwp/assets/js/scroll-effect.min.js HTTP/1.1" 200 4127 "https://www.nojh.ilc.edu.tw/" "Mozilla/5.0 (Windows NT 10.0; Win64; x64) AppleWebKit/537.36 (KHTML, like Gecko) Chrome/151.0.0.0 Safari/537.36"
2001:288:a27b:1:103a:c0e0:4bae:92e4 - - [25/Aug/2026:07:50:29 +0800] "GET /wp-content/themes/oceanwp/assets/js/scroll-top.min.js HTTP/1.1" 200 3202 "https://www.nojh.ilc.edu.tw/" "Mozilla/5.0 (Windows NT 10.0; Win64; x64) AppleWebKit/537.36 (KHTML, like Gecko) Chrome/151.0.0.0 Safari/537.36"
2001:288:a27b:1:103a:c0e0:4bae:92e4 - - [25/Aug/2026:07:50:29 +0800] "GET /wp-content/themes/oceanwp/assets/js/select.min.js HTTP/1.1" 200 2408 "https://www.nojh.ilc.edu.tw/" "Mozilla/5.0 (Windows NT 10.0; Win64; x64) AppleWebKit/537.36 (KHTML, like Gecko) Chrome/151.0.0.0 Safari/537.36"
2001:288:a27b:1:103a:c0e0:4bae:92e4 - - [25/Aug/2026:07:50:29 +0800] "GET /wp-content/plugins/ocean-extra/includes/widgets/js/flickr.min.js HTTP/1.1" 200 1319 "https://www.nojh.ilc.edu.tw/" "Mozilla/5.0 (Windows NT 10.0; Win64; x64) AppleWebKit/537.36 (KHTML, like Gecko) Chrome/151.0.0.0 Safari/537.36"
2001:288:a27b:1:103a:c0e0:4bae:92e4 - - [25/Aug/2026:07:50:29 +0800] "GET /wp-content/plugins/elementor-pro/assets/js/webpack-pro.runtime.min.js HTTP/1.1" 200 3562 "https://www.nojh.ilc.edu.tw/" "Mozilla/5.0 (Windows NT 10.0; Win64; x64) AppleWebKit/537.36 (KHTML, like Gecko) Chrome/151.0.0.0 Safari/537.36"
2001:288:a27b:1:103a:c0e0:4bae:92e4 - - [25/Aug/2026:07:50:29 +0800] "GET /wp-content/plugins/elementor/assets/js/webpack.runtime.min.js HTTP/1.1" 200 3095 "https://www.nojh.ilc.edu.tw/" "Mozilla/5.0 (Windows NT 10.0; Win64; x64) AppleWebKit/537.36 (KHTML, like Gecko) Chrome/151.0.0.0 Safari/537.36"
2001:288:a27b:1:103a:c0e0:4bae:92e4 - - [25/Aug/2026:07:50:29 +0800] "GET /wp-includes/js/dist/hooks.min.js HTTP/1.1" 200 2421 "https://www.nojh.ilc.edu.tw/" "Mozilla/5.0 (Windows NT 10.0; Win64; x64) AppleWebKit/537.36 (KHTML, like Gecko) Chrome/151.0.0.0 Safari/537.36"
