2401:e180:8d22:8f21:20ee:2ff:fe39:e0d2 - - [25/Aug/2026:07:51:45 +0800] "GET /1003/wp-content/cache/2blog.ilc.edu.tw/wpfc-minified/lx5sg0nx/5wohd.css HTTP/1.1" 200 18290 "https://2blog.ilc.edu.tw/1003/2016/04/26/%E6%95%99%E5%AD%B8%E7%B4%80%E9%8C%84%E5%85%AC%E6%96%A4%E7%A7%A4%E5%88%BB%E5%BA%A6%E6%80%8E%E9%BA%BC%E7%9F%A5%E9%81%93%E7%9A%84%EF%BC%9F/" "Mozilla/5.0 (Linux; Android 10; K) AppleWebKit/537.36 (KHTML, like Gecko) Chrome/151.0.0.0 Mobile Safari/537.36"
2401:e180:8d22:8f21:20ee:2ff:fe39:e0d2 - - [25/Aug/2026:07:51:45 +0800] "GET /1003/wp-content/cache/2blog.ilc.edu.tw/wpfc-minified/7jci0eqx/5woub.js HTTP/1.1" 200 35562 "https://2blog.ilc.edu.tw/1003/2016/04/26/%E6%95%99%E5%AD%B8%E7%B4%80%E9%8C%84%E5%85%AC%E6%96%A4%E7%A7%A4%E5%88%BB%E5%BA%A6%E6%80%8E%E9%BA%BC%E7%9F%A5%E9%81%93%E7%9A%84%EF%BC%9F/" "Mozilla/5.0 (Linux; Android 10; K) AppleWebKit/537.36 (KHTML, like Gecko) Chrome/151.0.0.0 Mobile Safari/537.36"
2401:e180:8d22:8f21:20ee:2ff:fe39:e0d2 - - [25/Aug/2026:07:51:45 +0800] "GET /1003/wp-content/cache/2blog.ilc.edu.tw/wpfc-minified/q8iljgfz/5woub.js HTTP/1.1" 200 3455 "https://2blog.ilc.edu.tw/1003/2016/04/26/%E6%95%99%E5%AD%B8%E7%B4%80%E9%8C%84%E5%85%AC%E6%96%A4%E7%A7%A4%E5%88%BB%E5%BA%A6%E6%80%8E%E9%BA%BC%E7%9F%A5%E9%81%93%E7%9A%84%EF%BC%9F/" "Mozilla/5.0 (Linux; Android 10; K) AppleWebKit/537.36 (KHTML, like Gecko) Chrome/151.0.0.0 Mobile Safari/537.36"
2401:e180:8d22:8f21:20ee:2ff:fe39:e0d2 - - [25/Aug/2026:07:51:45 +0800] "GET /1003/wp-content/cache/2blog.ilc.edu.tw/wpfc-minified/6jx87ldu/5wohd.js HTTP/1.1" 200 1641 "https://2blog.ilc.edu.tw/1003/2016/04/26/%E6%95%99%E5%AD%B8%E7%B4%80%E9%8C%84%E5%85%AC%E6%96%A4%E7%A7%A4%E5%88%BB%E5%BA%A6%E6%80%8E%E9%BA%BC%E7%9F%A5%E9%81%93%E7%9A%84%EF%BC%9F/" "Mozilla/5.0 (Linux; Android 10; K) AppleWebKit/537.36 (KHTML, like Gecko) Chrome/151.0.0.0 Mobile Safari/537.36"
2401:e180:8d22:8f21:20ee:2ff:fe39:e0d2 - - [25/Aug/2026:07:51:45 +0800] "GET /wp-content/uploads/sites/233/1003/1003-3509300.jpg HTTP/1.1" 200 43559 "https://2blog.ilc.edu.tw/1003/2016/04/26/%E6%95%99%E5%AD%B8%E7%B4%80%E9%8C%84%E5%85%AC%E6%96%A4%E7%A7%A4%E5%88%BB%E5%BA%A6%E6%80%8E%E9%BA%BC%E7%9F%A5%E9%81%93%E7%9A%84%EF%BC%9F/" "Mozilla/5.0 (Linux; Android 10; K) AppleWebKit/537.36 (KHTML, like Gecko) Chrome/151.0.0.0 Mobile Safari/537.36"
2401:e180:8d22:8f21:20ee:2ff:fe39:e0d2 - - [25/Aug/2026:07:51:45 +0800] "GET /wp-content/uploads/sites/233/1003/1003-3509301.jpg HTTP/1.1" 200 55226 "https://2blog.ilc.edu.tw/1003/2016/04/26/%E6%95%99%E5%AD%B8%E7%B4%80%E9%8C%84%E5%85%AC%E6%96%A4%E7%A7%A4%E5%88%BB%E5%BA%A6%E6%80%8E%E9%BA%BC%E7%9F%A5%E9%81%93%E7%9A%84%EF%BC%9F/" "Mozilla/5.0 (Linux; Android 10; K) AppleWebKit/537.36 (KHTML, like Gecko) Chrome/151.0.0.0 Mobile Safari/537.36"
2401:e180:8d22:8f21:20ee:2ff:fe39:e0d2 - - [25/Aug/2026:07:51:45 +0800] "GET /wp-content/uploads/sites/233/1003/1003-3509302.jpg HTTP/1.1" 200 52892 "https://2blog.ilc.edu.tw/1003/2016/04/26/%E6%95%99%E5%AD%B8%E7%B4%80%E9%8C%84%E5%85%AC%E6%96%A4%E7%A7%A4%E5%88%BB%E5%BA%A6%E6%80%8E%E9%BA%BC%E7%9F%A5%E9%81%93%E7%9A%84%EF%BC%9F/" "Mozilla/5.0 (Linux; Android 10; K) AppleWebKit/537.36 (KHTML, like Gecko) Chrome/151.0.0.0 Mobile Safari/537.36"
2401:e180:8d22:8f21:20ee:2ff:fe39:e0d2 - - [25/Aug/2026:07:51:45 +0800] "GET /1003/wp-content/uploads/sites/233/2023/04/338250713_886939739267121_7258247398763374813_n-768x768.jpg HTTP/1.1" 200 68515 "https://2blog.ilc.edu.tw/1003/2016/04/26/%E6%95%99%E5%AD%B8%E7%B4%80%E9%8C%84%E5%85%AC%E6%96%A4%E7%A7%A4%E5%88%BB%E5%BA%A6%E6%80%8E%E9%BA%BC%E7%9F%A5%E9%81%93%E7%9A%84%EF%BC%9F/" "Mozilla/5.0 (Linux; Android 10; K) AppleWebKit/537.36 (KHTML, like Gecko) Chrome/151.0.0.0 Mobile Safari/537.36"
2401:e180:8d22:8f21:20ee:2ff:fe39:e0d2 - - [25/Aug/2026:07:51:45 +0800] "GET /1003/wp-includes/js/hoverintent-js.min.js HTTP/1.1" 200 1597 "https://2blog.ilc.edu.tw/1003/2016/04/26/%E6%95%99%E5%AD%B8%E7%B4%80%E9%8C%84%E5%85%AC%E6%96%A4%E7%A7%A4%E5%88%BB%E5%BA%A6%E6%80%8E%E9%BA%BC%E7%9F%A5%E9%81%93%E7%9A%84%EF%BC%9F/" "Mozilla/5.0 (Linux; Android 10; K) AppleWebKit/537.36 (KHTML, like Gecko) Chrome/151.0.0.0 Mobile Safari/537.36"
2401:e180:8d22:8f21:20ee:2ff:fe39:e0d2 - - [25/Aug/2026:07:51:45 +0800] "GET /1003/wp-includes/js/admin-bar.min.js HTTP/1.1" 200 2237 "https://2blog.ilc.edu.tw/1003/2016/04/26/%E6%95%99%E5%AD%B8%E7%B4%80%E9%8C%84%E5%85%AC%E6%96%A4%E7%A7%A4%E5%88%BB%E5%BA%A6%E6%80%8E%E9%BA%BC%E7%9F%A5%E9%81%93%E7%9A%84%EF%BC%9F/" "Mozilla/5.0 (Linux; Android 10; K) AppleWebKit/537.36 (KHTML, like Gecko) Chrome/151.0.0.0 Mobile Safari/537.36"
2401:e180:8d22:8f21:20ee:2ff:fe39:e0d2 - - [25/Aug/2026:07:51:45 +0800] "GET /1003/wp-content/themes/textbook/assets/js/jquery.flexslider.js HTTP/1.1" 200 12801 "https://2blog.ilc.edu.tw/1003/2016/04/26/%E6%95%99%E5%AD%B8%E7%B4%80%E9%8C%84%E5%85%AC%E6%96%A4%E7%A7%A4%E5%88%BB%E5%BA%A6%E6%80%8E%E9%BA%BC%E7%9F%A5%E9%81%93%E7%9A%84%EF%BC%9F/" "Mozilla/5.0 (Linux; Android 10; K) AppleWebKit/537.36 (KHTML, like Gecko) Chrome/151.0.0.0 Mobile Safari/537.36"
2401:e180:8d22:8f21:20ee:2ff:fe39:e0d2 - - [25/Aug/2026:07:51:45 +0800] "GET /1003/wp-content/uploads/sites/233/2024/03/Snipaste_2024-03-11_23-36-51-768x536.png HTTP/1.1" 200 435058 "https://2blog.ilc.edu.tw/1003/2016/04/26/%E6%95%99%E5%AD%B8%E7%B4%80%E9%8C%84%E5%85%AC%E6%96%A4%E7%A7%A4%E5%88%BB%E5%BA%A6%E6%80%8E%E9%BA%BC%E7%9F%A5%E9%81%93%E7%9A%84%EF%BC%9F/" "Mozilla/5.0 (Linux; Android 10; K) AppleWebKit/537.36 (KHTML, like Gecko) Chrome/151.0.0.0 Mobile Safari/537.36"
2401:e180:8d22:8f21:20ee:2ff:fe39:e0d2 - - [25/Aug/2026:07:51:45 +0800] "GET /1003/wp-content/themes/textbook/assets/js/skip-link-focus-fix.js HTTP/1.1" 200 1351 "https://2blog.ilc.edu.tw/1003/2016/04/26/%E6%95%99%E5%AD%B8%E7%B4%80%E9%8C%84%E5%85%AC%E6%96%A4%E7%A7%A4%E5%88%BB%E5%BA%A6%E6%80%8E%E9%BA%BC%E7%9F%A5%E9%81%93%E7%9A%84%EF%BC%9F/" "Mozilla/5.0 (Linux; Android 10; K) AppleWebKit/537.36 (KHTML, like Gecko) Chrome/151.0.0.0 Mobile Safari/537.36"
2401:e180:8d22:8f21:20ee:2ff:fe39:e0d2 - - [25/Aug/2026:07:51:45 +0800] "GET /1003/wp-content/themes/textbook/assets/js/functions.js HTTP/1.1" 200 1934 "https://2blog.ilc.edu.tw/1003/2016/04/26/%E6%95%99%E5%AD%B8%E7%B4%80%E9%8C%84%E5%85%AC%E6%96%A4%E7%A7%A4%E5%88%BB%E5%BA%A6%E6%80%8E%E9%BA%BC%E7%9F%A5%E9%81%93%E7%9A%84%EF%BC%9F/" "Mozilla/5.0 (Linux; Android 10; K) AppleWebKit/537.36 (KHTML, like Gecko) Chrome/151.0.0.0 Mobile Safari/537.36"
2401:e180:8d22:8f21:20ee:2ff:fe39:e0d2 - - [25/Aug/2026:07:51:45 +0800] "GET /1003/wp-content/themes/textbook/assets/js/navigation.js HTTP/1.1" 200 2931 "https://2blog.ilc.edu.tw/1003/2016/04/26/%E6%95%99%E5%AD%B8%E7%B4%80%E9%8C%84%E5%85%AC%E6%96%A4%E7%A7%A4%E5%88%BB%E5%BA%A6%E6%80%8E%E9%BA%BC%E7%9F%A5%E9%81%93%E7%9A%84%EF%BC%9F/" "Mozilla/5.0 (Linux; Android 10; K) AppleWebKit/537.36 (KHTML, like Gecko) Chrome/151.0.0.0 Mobile Safari/537.36"
2401:e180:8d22:8f21:20ee:2ff:fe39:e0d2 - - [25/Aug/2026:07:51:45 +0800] "GET /1003/wp-content/uploads/sites/233/2019/08/Snipaste_2019-08-25_21-24-17-1-768x381.jpg HTTP/1.1" 200 41004 "https://2blog.ilc.edu.tw/1003/2016/04/26/%E6%95%99%E5%AD%B8%E7%B4%80%E9%8C%84%E5%85%AC%E6%96%A4%E7%A7%A4%E5%88%BB%E5%BA%A6%E6%80%8E%E9%BA%BC%E7%9F%A5%E9%81%93%E7%9A%84%EF%BC%9F/" "Mozilla/5.0 (Linux; Android 10; K) AppleWebKit/537.36 (KHTML, like Gecko) Chrome/151.0.0.0 Mobile Safari/537.36"
2401:e180:8d22:8f21:20ee:2ff:fe39:e0d2 - - [25/Aug/2026:07:51:45 +0800] "GET /1003/wp-content/uploads/sites/233/2019/05/84-768x768.png HTTP/1.1" 200 143126 "https://2blog.ilc.edu.tw/1003/2016/04/26/%E6%95%99%E5%AD%B8%E7%B4%80%E9%8C%84%E5%85%AC%E6%96%A4%E7%A7%A4%E5%88%BB%E5%BA%A6%E6%80%8E%E9%BA%BC%E7%9F%A5%E9%81%93%E7%9A%84%EF%BC%9F/" "Mozilla/5.0 (Linux; Android 10; K) AppleWebKit/537.36 (KHTML, like Gecko) Chrome/151.0.0.0 Mobile Safari/537.36"
2001:288:a201::66:125 - - [25/Aug/2026:07:51:45 +0800] "GET /blog/active.php HTTP/1.1" 301 1026 "-" "-"
2401:e180:8d22:8f21:20ee:2ff:fe39:e0d2 - - [25/Aug/2026:07:51:45 +0800] "POST /1003/wp-json/ilc-summary/v1/popular-posts HTTP/1.1" 201 1401 "https://2blog.ilc.edu.tw/1003/2016/04/26/%E6%95%99%E5%AD%B8%E7%B4%80%E9%8C%84%E5%85%AC%E6%96%A4%E7%A7%A4%E5%88%BB%E5%BA%A6%E6%80%8E%E9%BA%BC%E7%9F%A5%E9%81%93%E7%9A%84%EF%BC%9F/" "Mozilla/5.0 (Linux; Android 10; K) AppleWebKit/537.36 (KHTML, like Gecko) Chrome/151.0.0.0 Mobile Safari/537.36"
2001:288:a201::66:125 - - [25/Aug/2026:07:51:45 +0800] "GET /blog/active.php HTTP/1.1" 404 1084 "-" "-"
2401:e180:8d22:8f21:20ee:2ff:fe39:e0d2 - - [25/Aug/2026:07:51:46 +0800] "GET /1003/wp-content/uploads/sites/233/2019/05/cropped-1-192x192.png HTTP/1.1" 200 37703 "https://2blog.ilc.edu.tw/1003/2016/04/26/%E6%95%99%E5%AD%B8%E7%B4%80%E9%8C%84%E5%85%AC%E6%96%A4%E7%A7%A4%E5%88%BB%E5%BA%A6%E6%80%8E%E9%BA%BC%E7%9F%A5%E9%81%93%E7%9A%84%EF%BC%9F/" "Mozilla/5.0 (Linux; Android 10; K) AppleWebKit/537.36 (KHTML, like Gecko) Chrome/151.0.0.0 Mobile Safari/537.36"
2401:e180:8d22:8f21:20ee:2ff:fe39:e0d2 - - [25/Aug/2026:07:51:46 +0800] "GET /1003/wp-content/uploads/sites/233/2019/05/cropped-1-180x180.png HTTP/1.1" 200 40029 "https://2blog.ilc.edu.tw/1003/2016/04/26/%E6%95%99%E5%AD%B8%E7%B4%80%E9%8C%84%E5%85%AC%E6%96%A4%E7%A7%A4%E5%88%BB%E5%BA%A6%E6%80%8E%E9%BA%BC%E7%9F%A5%E9%81%93%E7%9A%84%EF%BC%9F/" "Mozilla/5.0 (Linux; Android 10; K) AppleWebKit/537.36 (KHTML, like Gecko) Chrome/151.0.0.0 Mobile Safari/537.36"
140.111.67.10 - - [25/Aug/2026:07:51:47 +0800] "GET /" 301 273 "-" "-"
2001:4860:7:410::f4 - - [25/Aug/2026:07:51:47 +0800] "GET /6043/2011/12/06/%E8%A8%93%E7%B7%B4%E8%B3%87%E5%84%AA%E7%94%9F%E5%95%8F%E5%95%8F%E9%A1%8C-%E5%9F%B9%E9%A4%8A%E9%AB%98%E5%B1%A4%E6%AC%A1%E6%80%9D%E8%80%83/ HTTP/1.1" 200 17909 "https://www.google.com/" "Mozilla/5.0 (Macintosh; Intel Mac OS X 10_15_7) AppleWebKit/537.36 (KHTML, like Gecko) Chrome/151.0.0.0 Safari/537.36"
2401:e180:8d22:8f21:20ee:2ff:fe39:e0d2 - - [25/Aug/2026:07:51:49 +0800] "GET /wp-content/uploads/sites/233/1003/1003-3509303.jpg HTTP/1.1" 200 56823 "https://2blog.ilc.edu.tw/1003/2016/04/26/%E6%95%99%E5%AD%B8%E7%B4%80%E9%8C%84%E5%85%AC%E6%96%A4%E7%A7%A4%E5%88%BB%E5%BA%A6%E6%80%8E%E9%BA%BC%E7%9F%A5%E9%81%93%E7%9A%84%EF%BC%9F/" "Mozilla/5.0 (Linux; Android 10; K) AppleWebKit/537.36 (KHTML, like Gecko) Chrome/151.0.0.0 Mobile Safari/537.36"
2401:e180:8d22:8f21:20ee:2ff:fe39:e0d2 - - [25/Aug/2026:07:51:49 +0800] "GET /wp-content/uploads/sites/233/1003/1003-3509304.jpg HTTP/1.1" 200 40364 "https://2blog.ilc.edu.tw/1003/2016/04/26/%E6%95%99%E5%AD%B8%E7%B4%80%E9%8C%84%E5%85%AC%E6%96%A4%E7%A7%A4%E5%88%BB%E5%BA%A6%E6%80%8E%E9%BA%BC%E7%9F%A5%E9%81%93%E7%9A%84%EF%BC%9F/" "Mozilla/5.0 (Linux; Android 10; K) AppleWebKit/537.36 (KHTML, like Gecko) Chrome/151.0.0.0 Mobile Safari/537.36"
2401:e180:8d22:8f21:20ee:2ff:fe39:e0d2 - - [25/Aug/2026:07:51:49 +0800] "GET /wp-content/uploads/sites/233/1003/1003-3509305.jpg HTTP/1.1" 200 57191 "https://2blog.ilc.edu.tw/1003/2016/04/26/%E6%95%99%E5%AD%B8%E7%B4%80%E9%8C%84%E5%85%AC%E6%96%A4%E7%A7%A4%E5%88%BB%E5%BA%A6%E6%80%8E%E9%BA%BC%E7%9F%A5%E9%81%93%E7%9A%84%EF%BC%9F/" "Mozilla/5.0 (Linux; Android 10; K) AppleWebKit/537.36 (KHTML, like Gecko) Chrome/151.0.0.0 Mobile Safari/537.36"
2001:288:a201::66:125 - - [25/Aug/2026:07:51:50 +0800] "GET /blog/active.php HTTP/1.1" 301 1026 "-" "-"
2001:288:a201::66:125 - - [25/Aug/2026:07:51:50 +0800] "GET /blog/active.php HTTP/1.1" 404 1084 "-" "-"
140.111.67.10 - - [25/Aug/2026:07:51:52 +0800] "GET /" 301 273 "-" "-"
::1 - - [25/Aug/2026:07:51:52 +0800] "OPTIONS * HTTP/1.0" 200 110 "-" "Apache/2.4.68 (Ubuntu) OpenSSL/3.0.19 (internal dummy connection)"
::1 - - [25/Aug/2026:07:51:53 +0800] "OPTIONS * HTTP/1.0" 200 110 "-" "Apache/2.4.68 (Ubuntu) OpenSSL/3.0.19 (internal dummy connection)"
2001:b400:e2d7:ad4d:af3e:7e09:3dfb:95d4 - - [25/Aug/2026:07:51:55 +0800] "-" 408 339 "-" "-"
2001:288:a201::66:125 - - [25/Aug/2026:07:51:55 +0800] "GET /blog/active.php HTTP/1.1" 404 1084 "-" "-"
2001:288:a201::66:125 - - [25/Aug/2026:07:51:55 +0800] "GET /blog/active.php HTTP/1.1" 301 1026 "-" "-"
2001:b400:e285:df1e:610a:e5d:8ec9:a7b3 - - [25/Aug/2026:07:51:56 +0800] "GET / HTTP/1.1" 200 23353 "-" "Mozilla/5.0 (Windows NT 10.0; Win64; x64) AppleWebKit/537.36 (KHTML, like Gecko) Chrome/151.0.0.0 Safari/537.36"
140.111.67.10 - - [25/Aug/2026:07:51:57 +0800] "GET /" 301 273 "-" "-"
2401:e180:8d22:8f21:20ee:2ff:fe39:e0d2 - - [25/Aug/2026:07:51:59 +0800] "GET /wp-content/uploads/sites/233/1003/1003-3509306.jpg HTTP/1.1" 200 39468 "https://2blog.ilc.edu.tw/1003/2016/04/26/%E6%95%99%E5%AD%B8%E7%B4%80%E9%8C%84%E5%85%AC%E6%96%A4%E7%A7%A4%E5%88%BB%E5%BA%A6%E6%80%8E%E9%BA%BC%E7%9F%A5%E9%81%93%E7%9A%84%EF%BC%9F/" "Mozilla/5.0 (Linux; Android 10; K) AppleWebKit/537.36 (KHTML, like Gecko) Chrome/151.0.0.0 Mobile Safari/537.36"
2408:872f:d00:c:0:3:0:a - - [25/Aug/2026:07:52:00 +0800] "GET /4604?p=257 HTTP/1.1" 301 5854 "-" "Mozilla/5.0 (Windows NT 10.0; Win64; x64) AppleWebKit/537.36 (KHTML, like Gecko) Chrome/144.0.0.0 Safari/537.36"
120.101.207.89 - - [25/Aug/2026:07:52:00 +0800] "GET / HTTP/1.1" 200 20466 "-" "Mozilla/5.0 (Windows NT 10.0; Win64; x64) AppleWebKit/537.36 (KHTML, like Gecko) Chrome/151.0.0.0 Safari/537.36"
120.101.207.89 - - [25/Aug/2026:07:52:00 +0800] "GET /wp-content/cache/www.ltjh.ilc.edu.tw/wpfc-minified/7ll1qgx3/6vwn.css HTTP/1.1" 200 40884 "https://www.ltjh.ilc.edu.tw/" "Mozilla/5.0 (Windows NT 10.0; Win64; x64) AppleWebKit/537.36 (KHTML, like Gecko) Chrome/151.0.0.0 Safari/537.36"
120.101.207.89 - - [25/Aug/2026:07:52:00 +0800] "GET /wp-content/cache/www.ltjh.ilc.edu.tw/wpfc-minified/e5uoopy9/6vwn.css HTTP/1.1" 200 5958 "https://www.ltjh.ilc.edu.tw/" "Mozilla/5.0 (Windows NT 10.0; Win64; x64) AppleWebKit/537.36 (KHTML, like Gecko) Chrome/151.0.0.0 Safari/537.36"
120.101.207.89 - - [25/Aug/2026:07:52:00 +0800] "GET /wp-content/cache/www.ltjh.ilc.edu.tw/wpfc-minified/lojpp9tb/6vwn.css HTTP/1.1" 200 18616 "https://www.ltjh.ilc.edu.tw/" "Mozilla/5.0 (Windows NT 10.0; Win64; x64) AppleWebKit/537.36 (KHTML, like Gecko) Chrome/151.0.0.0 Safari/537.36"
120.101.207.89 - - [25/Aug/2026:07:52:00 +0800] "GET /wp-content/uploads/sites/411/elementor/css/post-880.css HTTP/1.1" 200 6070 "https://www.ltjh.ilc.edu.tw/" "Mozilla/5.0 (Windows NT 10.0; Win64; x64) AppleWebKit/537.36 (KHTML, like Gecko) Chrome/151.0.0.0 Safari/537.36"
120.101.207.89 - - [25/Aug/2026:07:52:00 +0800] "GET /wp-content/cache/www.ltjh.ilc.edu.tw/wpfc-minified/7z2n64hl/6vwn.css HTTP/1.1" 200 56877 "https://www.ltjh.ilc.edu.tw/" "Mozilla/5.0 (Windows NT 10.0; Win64; x64) AppleWebKit/537.36 (KHTML, like Gecko) Chrome/151.0.0.0 Safari/537.36"
120.101.207.89 - - [25/Aug/2026:07:52:00 +0800] "GET /wp-content/cache/www.ltjh.ilc.edu.tw/wpfc-minified/21qwfrah/6vwn.css HTTP/1.1" 200 59369 "https://www.ltjh.ilc.edu.tw/" "Mozilla/5.0 (Windows NT 10.0; Win64; x64) AppleWebKit/537.36 (KHTML, like Gecko) Chrome/151.0.0.0 Safari/537.36"
120.101.207.89 - - [25/Aug/2026:07:52:00 +0800] "GET /wp-content/uploads/sites/411/elementor/css/post-182.css HTTP/1.1" 200 958 "https://www.ltjh.ilc.edu.tw/" "Mozilla/5.0 (Windows NT 10.0; Win64; x64) AppleWebKit/537.36 (KHTML, like Gecko) Chrome/151.0.0.0 Safari/537.36"
120.101.207.89 - - [25/Aug/2026:07:52:00 +0800] "GET /wp-content/cache/www.ltjh.ilc.edu.tw/wpfc-minified/ladi6hp7/6vwn.js HTTP/1.1" 200 35558 "https://www.ltjh.ilc.edu.tw/" "Mozilla/5.0 (Windows NT 10.0; Win64; x64) AppleWebKit/537.36 (KHTML, like Gecko) Chrome/151.0.0.0 Safari/537.36"
120.101.207.89 - - [25/Aug/2026:07:52:00 +0800] "GET /wp-content/uploads/sites/411/2026/08/1150729_science-2-768x432.png HTTP/1.1" 200 653635 "https://www.ltjh.ilc.edu.tw/" "Mozilla/5.0 (Windows NT 10.0; Win64; x64) AppleWebKit/537.36 (KHTML, like Gecko) Chrome/151.0.0.0 Safari/537.36"
120.101.207.89 - - [25/Aug/2026:07:52:00 +0800] "GET /wp-content/uploads/sites/411/2026/08/1150729_%E6%97%85%E9%81%8A%E8%B6%A3-1-768x432.png HTTP/1.1" 200 672861 "https://www.ltjh.ilc.edu.tw/" "Mozilla/5.0 (Windows NT 10.0; Win64; x64) AppleWebKit/537.36 (KHTML, like Gecko) Chrome/151.0.0.0 Safari/537.36"
2408:872f:d00:c:0:3:0:a - - [25/Aug/2026:07:52:00 +0800] "GET /4604/01-15/ HTTP/1.1" 200 14204 "-" "Mozilla/5.0 (Windows NT 10.0; Win64; x64) AppleWebKit/537.36 (KHTML, like Gecko) Chrome/144.0.0.0 Safari/537.36"
120.101.207.89 - - [25/Aug/2026:07:52:00 +0800] "GET /wp-content/uploads/sites/411/2026/06/4-768x528.jpg HTTP/1.1" 200 69768 "https://www.ltjh.ilc.edu.tw/" "Mozilla/5.0 (Windows NT 10.0; Win64; x64) AppleWebKit/537.36 (KHTML, like Gecko) Chrome/151.0.0.0 Safari/537.36"
120.101.207.89 - - [25/Aug/2026:07:52:00 +0800] "GET /wp-includes/js/hoverintent-js.min.js HTTP/1.1" 200 1597 "https://www.ltjh.ilc.edu.tw/" "Mozilla/5.0 (Windows NT 10.0; Win64; x64) AppleWebKit/537.36 (KHTML, like Gecko) Chrome/151.0.0.0 Safari/537.36"
120.101.207.89 - - [25/Aug/2026:07:52:00 +0800] "GET /wp-includes/js/admin-bar.min.js HTTP/1.1" 200 2237 "https://www.ltjh.ilc.edu.tw/" "Mozilla/5.0 (Windows NT 10.0; Win64; x64) AppleWebKit/537.36 (KHTML, like Gecko) Chrome/151.0.0.0 Safari/537.36"
120.101.207.89 - - [25/Aug/2026:07:52:00 +0800] "GET /wp-content/uploads/sites/411/2026/08/1150729_%E9%BB%9B%E8%90%8C%E4%B8%8D%E5%91%86-1-768x576.png HTTP/1.1" 200 868113 "https://www.ltjh.ilc.edu.tw/" "Mozilla/5.0 (Windows NT 10.0; Win64; x64) AppleWebKit/537.36 (KHTML, like Gecko) Chrome/151.0.0.0 Safari/537.36"
120.101.207.89 - - [25/Aug/2026:07:52:00 +0800] "GET /wp-content/themes/toujours/js/jquery.flexslider.js HTTP/1.1" 200 12795 "https://www.ltjh.ilc.edu.tw/" "Mozilla/5.0 (Windows NT 10.0; Win64; x64) AppleWebKit/537.36 (KHTML, like Gecko) Chrome/151.0.0.0 Safari/537.36"
2001:288:a201::66:125 - - [25/Aug/2026:07:52:00 +0800] "GET /blog/active.php HTTP/1.1" 404 1084 "-" "-"
2001:288:a201::66:125 - - [25/Aug/2026:07:52:00 +0800] "GET /blog/active.php HTTP/1.1" 301 1026 "-" "-"
120.101.207.89 - - [25/Aug/2026:07:52:00 +0800] "GET /wp-includes/js/imagesloaded.min.js HTTP/1.1" 200 2683 "https://www.ltjh.ilc.edu.tw/" "Mozilla/5.0 (Windows NT 10.0; Win64; x64) AppleWebKit/537.36 (KHTML, like Gecko) Chrome/151.0.0.0 Safari/537.36"
120.101.207.89 - - [25/Aug/2026:07:52:00 +0800] "GET /wp-content/themes/toujours/js/navigation.js HTTP/1.1" 200 1748 "https://www.ltjh.ilc.edu.tw/" "Mozilla/5.0 (Windows NT 10.0; Win64; x64) AppleWebKit/537.36 (KHTML, like Gecko) Chrome/151.0.0.0 Safari/537.36"
120.101.207.89 - - [25/Aug/2026:07:52:00 +0800] "GET /wp-content/themes/toujours/js/skip-link-focus-fix.js HTTP/1.1" 200 1344 "https://www.ltjh.ilc.edu.tw/" "Mozilla/5.0 (Windows NT 10.0; Win64; x64) AppleWebKit/537.36 (KHTML, like Gecko) Chrome/151.0.0.0 Safari/537.36"
120.101.207.89 - - [25/Aug/2026:07:52:00 +0800] "GET /wp-includes/js/masonry.min.js HTTP/1.1" 200 8306 "https://www.ltjh.ilc.edu.tw/" "Mozilla/5.0 (Windows NT 10.0; Win64; x64) AppleWebKit/537.36 (KHTML, like Gecko) Chrome/151.0.0.0 Safari/537.36"
120.101.207.89 - - [25/Aug/2026:07:52:00 +0800] "GET /wp-content/themes/toujours/js/global.js HTTP/1.1" 200 2171 "https://www.ltjh.ilc.edu.tw/" "Mozilla/5.0 (Windows NT 10.0; Win64; x64) AppleWebKit/537.36 (KHTML, like Gecko) Chrome/151.0.0.0 Safari/537.36"
120.101.207.89 - - [25/Aug/2026:07:52:00 +0800] "GET /wp-content/plugins/elementor-pro/assets/js/webpack-pro.runtime.min.js HTTP/1.1" 200 3562 "https://www.ltjh.ilc.edu.tw/" "Mozilla/5.0 (Windows NT 10.0; Win64; x64) AppleWebKit/537.36 (KHTML, like Gecko) Chrome/151.0.0.0 Safari/537.36"
120.101.207.89 - - [25/Aug/2026:07:52:00 +0800] "GET /wp-content/plugins/elementor/assets/js/webpack.runtime.min.js HTTP/1.1" 200 3095 "https://www.ltjh.ilc.edu.tw/" "Mozilla/5.0 (Windows NT 10.0; Win64; x64) AppleWebKit/537.36 (KHTML, like Gecko) Chrome/151.0.0.0 Safari/537.36"
120.101.207.89 - - [25/Aug/2026:07:52:00 +0800] "GET /wp-content/plugins/elementor/assets/js/frontend-modules.min.js HTTP/1.1" 200 19416 "https://www.ltjh.ilc.edu.tw/" "Mozilla/5.0 (Windows NT 10.0; Win64; x64) AppleWebKit/537.36 (KHTML, like Gecko) Chrome/151.0.0.0 Safari/537.36"
120.101.207.89 - - [25/Aug/2026:07:52:00 +0800] "GET /wp-includes/js/dist/hooks.min.js HTTP/1.1" 200 2421 "https://www.ltjh.ilc.edu.tw/" "Mozilla/5.0 (Windows NT 10.0; Win64; x64) AppleWebKit/537.36 (KHTML, like Gecko) Chrome/151.0.0.0 Safari/537.36"
120.101.207.89 - - [25/Aug/2026:07:52:00 +0800] "GET /wp-includes/js/dist/i18n.min.js HTTP/1.1" 200 4547 "https://www.ltjh.ilc.edu.tw/" "Mozilla/5.0 (Windows NT 10.0; Win64; x64) AppleWebKit/537.36 (KHTML, like Gecko) Chrome/151.0.0.0 Safari/537.36"
120.101.207.89 - - [25/Aug/2026:07:52:00 +0800] "GET /wp-content/plugins/elementor-pro/assets/js/frontend.min.js HTTP/1.1" 200 7574 "https://www.ltjh.ilc.edu.tw/" "Mozilla/5.0 (Windows NT 10.0; Win64; x64) AppleWebKit/537.36 (KHTML, like Gecko) Chrome/151.0.0.0 Safari/537.36"
120.101.207.89 - - [25/Aug/2026:07:52:00 +0800] "GET /wp-content/plugins/elementor/assets/lib/waypoints/waypoints.min.js HTTP/1.1" 200 3873 "https://www.ltjh.ilc.edu.tw/" "Mozilla/5.0 (Windows NT 10.0; Win64; x64) AppleWebKit/537.36 (KHTML, like Gecko) Chrome/151.0.0.0 Safari/537.36"
120.101.207.89 - - [25/Aug/2026:07:52:00 +0800] "GET /wp-includes/js/jquery/ui/core.min.js HTTP/1.1" 200 7986 "https://www.ltjh.ilc.edu.tw/" "Mozilla/5.0 (Windows NT 10.0; Win64; x64) AppleWebKit/537.36 (KHTML, like Gecko) Chrome/151.0.0.0 Safari/537.36"
120.101.207.89 - - [25/Aug/2026:07:52:00 +0800] "GET /wp-content/plugins/elementor/assets/js/frontend.min.js HTTP/1.1" 200 13169 "https://www.ltjh.ilc.edu.tw/" "Mozilla/5.0 (Windows NT 10.0; Win64; x64) AppleWebKit/537.36 (KHTML, like Gecko) Chrome/151.0.0.0 Safari/537.36"
120.101.207.89 - - [25/Aug/2026:07:52:01 +0800] "GET /wp-content/plugins/elementor-pro/assets/js/elements-handlers.min.js HTTP/1.1" 200 10882 "https://www.ltjh.ilc.edu.tw/" "Mozilla/5.0 (Windows NT 10.0; Win64; x64) AppleWebKit/537.36 (KHTML, like Gecko) Chrome/151.0.0.0 Safari/537.36"
2408:872f:d00:c:0:3:0:a - - [25/Aug/2026:07:52:01 +0800] "GET /4604/wp-content/cache/2blog.ilc.edu.tw/wpfc-minified/d4e4isx4/5wtuu.css HTTP/1.1" 200 40886 "https://2blog.ilc.edu.tw/4604/01-15/" "Mozilla/5.0 (Windows NT 10.0; Win64; x64) AppleWebKit/537.36 (KHTML, like Gecko) Chrome/144.0.0.0 Safari/537.36"
2401:e180:8d22:8f21:20ee:2ff:fe39:e0d2 - - [25/Aug/2026:07:52:01 +0800] "GET /wp-content/uploads/sites/233/1003/1003-3509307.jpg HTTP/1.1" 200 43315 "https://2blog.ilc.edu.tw/1003/2016/04/26/%E6%95%99%E5%AD%B8%E7%B4%80%E9%8C%84%E5%85%AC%E6%96%A4%E7%A7%A4%E5%88%BB%E5%BA%A6%E6%80%8E%E9%BA%BC%E7%9F%A5%E9%81%93%E7%9A%84%EF%BC%9F/" "Mozilla/5.0 (Linux; Android 10; K) AppleWebKit/537.36 (KHTML, like Gecko) Chrome/151.0.0.0 Mobile Safari/537.36"
2001:288:a201::67:84 - - [25/Aug/2026:07:52:01 +0800] "GET / HTTP/1.1" 200 56291 "-" "curl/7.81.0"
120.101.207.89 - - [25/Aug/2026:07:52:01 +0800] "GET /wp-content/uploads/sites/411/2026/06/%E5%AD%B8%E6%A0%A1LED%E7%9C%8B%E6%9D%BF-1.png HTTP/1.1" 200 317195 "https://www.ltjh.ilc.edu.tw/" "Mozilla/5.0 (Windows NT 10.0; Win64; x64) AppleWebKit/537.36 (KHTML, like Gecko) Chrome/151.0.0.0 Safari/537.36"
120.101.207.89 - - [25/Aug/2026:07:52:01 +0800] "GET /wp-content/uploads/sites/411/2026/06/6-768x528.jpg HTTP/1.1" 200 76801 "https://www.ltjh.ilc.edu.tw/" "Mozilla/5.0 (Windows NT 10.0; Win64; x64) AppleWebKit/537.36 (KHTML, like Gecko) Chrome/151.0.0.0 Safari/537.36"
120.101.207.89 - - [25/Aug/2026:07:52:01 +0800] "GET /wp-content/uploads/sites/411/2026/06/3-768x528.jpg HTTP/1.1" 200 130385 "https://www.ltjh.ilc.edu.tw/" "Mozilla/5.0 (Windows NT 10.0; Win64; x64) AppleWebKit/537.36 (KHTML, like Gecko) Chrome/151.0.0.0 Safari/537.36"
120.101.207.89 - - [25/Aug/2026:07:52:01 +0800] "GET /wp-content/uploads/sites/411/2026/06/7-768x528.jpg HTTP/1.1" 200 74069 "https://www.ltjh.ilc.edu.tw/" "Mozilla/5.0 (Windows NT 10.0; Win64; x64) AppleWebKit/537.36 (KHTML, like Gecko) Chrome/151.0.0.0 Safari/537.36"
120.101.207.89 - - [25/Aug/2026:07:52:01 +0800] "GET /wp-content/uploads/sites/411/2026/06/8-768x528.jpg HTTP/1.1" 200 123588 "https://www.ltjh.ilc.edu.tw/" "Mozilla/5.0 (Windows NT 10.0; Win64; x64) AppleWebKit/537.36 (KHTML, like Gecko) Chrome/151.0.0.0 Safari/537.36"
120.101.207.89 - - [25/Aug/2026:07:52:01 +0800] "GET /wp-content/uploads/sites/411/2026/06/9-768x528.jpg HTTP/1.1" 200 114799 "https://www.ltjh.ilc.edu.tw/" "Mozilla/5.0 (Windows NT 10.0; Win64; x64) AppleWebKit/537.36 (KHTML, like Gecko) Chrome/151.0.0.0 Safari/537.36"
120.101.207.89 - - [25/Aug/2026:07:52:01 +0800] "GET /wp-content/uploads/sites/411/2026/06/10-768x528.jpg HTTP/1.1" 200 109168 "https://www.ltjh.ilc.edu.tw/" "Mozilla/5.0 (Windows NT 10.0; Win64; x64) AppleWebKit/537.36 (KHTML, like Gecko) Chrome/151.0.0.0 Safari/537.36"
120.101.207.89 - - [25/Aug/2026:07:52:01 +0800] "GET /wp-content/uploads/sites/411/2025/06/%E9%98%B2%E6%B2%BB%E6%80%A7%E9%A8%B7.png HTTP/1.1" 200 196010 "https://www.ltjh.ilc.edu.tw/" "Mozilla/5.0 (Windows NT 10.0; Win64; x64) AppleWebKit/537.36 (KHTML, like Gecko) Chrome/151.0.0.0 Safari/537.36"
120.101.207.89 - - [25/Aug/2026:07:52:01 +0800] "GET /wp-content/uploads/sites/411/2025/11/376420000A_1140189696_ATTACH1.png HTTP/1.1" 200 18436 "https://www.ltjh.ilc.edu.tw/" "Mozilla/5.0 (Windows NT 10.0; Win64; x64) AppleWebKit/537.36 (KHTML, like Gecko) Chrome/151.0.0.0 Safari/537.36"
120.101.207.89 - - [25/Aug/2026:07:52:01 +0800] "GET /wp-content/themes/toujours/images/toujoursbackground20160105.png HTTP/1.1" 200 1387 "https://www.ltjh.ilc.edu.tw/" "Mozilla/5.0 (Windows NT 10.0; Win64; x64) AppleWebKit/537.36 (KHTML, like Gecko) Chrome/151.0.0.0 Safari/537.36"
120.101.207.89 - - [25/Aug/2026:07:52:01 +0800] "GET /wp-content/plugins/elementor/assets/lib/eicons/fonts/eicons.woff2?5.30.0 HTTP/1.1" 200 98225 "https://www.ltjh.ilc.edu.tw/wp-content/cache/www.ltjh.ilc.edu.tw/wpfc-minified/7z2n64hl/6vwn.css" "Mozilla/5.0 (Windows NT 10.0; Win64; x64) AppleWebKit/537.36 (KHTML, like Gecko) Chrome/151.0.0.0 Safari/537.36"
2408:872f:d00:c:0:3:0:a - - [25/Aug/2026:07:52:01 +0800] "GET /4604/wp-content/cache/2blog.ilc.edu.tw/wpfc-minified/13eqqja1/5wtuu.css HTTP/1.1" 200 15782 "https://2blog.ilc.edu.tw/4604/01-15/" "Mozilla/5.0 (Windows NT 10.0; Win64; x64) AppleWebKit/537.36 (KHTML, like Gecko) Chrome/144.0.0.0 Safari/537.36"
2408:872f:d00:c:0:3:0:a - - [25/Aug/2026:07:52:02 +0800] "GET /4604/wp-content/cache/2blog.ilc.edu.tw/wpfc-minified/epflfzh8/5wtuu.css HTTP/1.1" 200 5951 "https://2blog.ilc.edu.tw/4604/01-15/" "Mozilla/5.0 (Windows NT 10.0; Win64; x64) AppleWebKit/537.36 (KHTML, like Gecko) Chrome/144.0.0.0 Safari/537.36"
2408:872f:d00:c:0:3:0:a - - [25/Aug/2026:07:52:02 +0800] "GET /4604/wp-content/cache/2blog.ilc.edu.tw/wpfc-minified/lb244bju/5wtuu.css HTTP/1.1" 200 61684 "https://2blog.ilc.edu.tw/4604/01-15/" "Mozilla/5.0 (Windows NT 10.0; Win64; x64) AppleWebKit/537.36 (KHTML, like Gecko) Chrome/144.0.0.0 Safari/537.36"
2408:872f:d00:c:0:3:0:a - - [25/Aug/2026:07:52:02 +0800] "GET /4604/wp-content/cache/2blog.ilc.edu.tw/wpfc-minified/qua7dtbu/5wtuu.js HTTP/1.1" 200 35903 "https://2blog.ilc.edu.tw/4604/01-15/" "Mozilla/5.0 (Windows NT 10.0; Win64; x64) AppleWebKit/537.36 (KHTML, like Gecko) Chrome/144.0.0.0 Safari/537.36"
2408:872f:d00:c:0:3:0:a - - [25/Aug/2026:07:52:02 +0800] "GET /4604/wp-content/cache/2blog.ilc.edu.tw/wpfc-minified/2luxz4/5wtuu.css HTTP/1.1" 200 9116 "https://2blog.ilc.edu.tw/4604/01-15/" "Mozilla/5.0 (Windows NT 10.0; Win64; x64) AppleWebKit/537.36 (KHTML, like Gecko) Chrome/144.0.0.0 Safari/537.36"
2408:872f:d00:c:0:3:0:a - - [25/Aug/2026:07:52:02 +0800] "GET /4604/wp-includes/js/hoverintent-js.min.js HTTP/1.1" 200 1597 "https://2blog.ilc.edu.tw/4604/01-15/" "Mozilla/5.0 (Windows NT 10.0; Win64; x64) AppleWebKit/537.36 (KHTML, like Gecko) Chrome/144.0.0.0 Safari/537.36"
2408:872f:d00:c:0:3:0:a - - [25/Aug/2026:07:52:02 +0800] "GET /4604/wp-includes/js/admin-bar.min.js HTTP/1.1" 200 2237 "https://2blog.ilc.edu.tw/4604/01-15/" "Mozilla/5.0 (Windows NT 10.0; Win64; x64) AppleWebKit/537.36 (KHTML, like Gecko) Chrome/144.0.0.0 Safari/537.36"
2408:872f:d00:c:0:3:0:a - - [25/Aug/2026:07:52:02 +0800] "GET /4604/wp-includes/js/imagesloaded.min.js HTTP/1.1" 200 2683 "https://2blog.ilc.edu.tw/4604/01-15/" "Mozilla/5.0 (Windows NT 10.0; Win64; x64) AppleWebKit/537.36 (KHTML, like Gecko) Chrome/144.0.0.0 Safari/537.36"
140.111.67.10 - - [25/Aug/2026:07:52:02 +0800] "GET /" 301 273 "-" "-"
2001:288:a201::67:81 - - [25/Aug/2026:07:52:02 +0800] "GET / HTTP/1.1" 200 56291 "-" "curl/7.81.0"
140.111.67.86 - - [25/Aug/2026:07:52:02 +0800] "GET / HTTP/1.1" 200 56291 "-" "curl/7.81.0"
2408:872f:d00:c:0:3:0:a - - [25/Aug/2026:07:52:03 +0800] "GET /4604/wp-content/themes/oceanwp/assets/js/drop-down-mobile-menu.min.js HTTP/1.1" 200 4663 "https://2blog.ilc.edu.tw/4604/01-15/" "Mozilla/5.0 (Windows NT 10.0; Win64; x64) AppleWebKit/537.36 (KHTML, like Gecko) Chrome/144.0.0.0 Safari/537.36"
2408:872f:d00:c:0:3:0:a - - [25/Aug/2026:07:52:03 +0800] "GET /4604/wp-content/themes/oceanwp/assets/js/drop-down-search.min.js HTTP/1.1" 200 2968 "https://2blog.ilc.edu.tw/4604/01-15/" "Mozilla/5.0 (Windows NT 10.0; Win64; x64) AppleWebKit/537.36 (KHTML, like Gecko) Chrome/144.0.0.0 Safari/537.36"
2408:872f:d00:c:0:3:0:a - - [25/Aug/2026:07:52:03 +0800] "GET /4604/wp-content/themes/oceanwp/assets/js/theme.min.js HTTP/1.1" 200 5130 "https://2blog.ilc.edu.tw/4604/01-15/" "Mozilla/5.0 (Windows NT 10.0; Win64; x64) AppleWebKit/537.36 (KHTML, like Gecko) Chrome/144.0.0.0 Safari/537.36"
2408:872f:d00:c:0:3:0:a - - [25/Aug/2026:07:52:03 +0800] "GET /4604/wp-content/themes/oceanwp/assets/js/ow-lightbox.min.js HTTP/1.1" 200 2321 "https://2blog.ilc.edu.tw/4604/01-15/" "Mozilla/5.0 (Windows NT 10.0; Win64; x64) AppleWebKit/537.36 (KHTML, like Gecko) Chrome/144.0.0.0 Safari/537.36"
2408:872f:d00:c:0:3:0:a - - [25/Aug/2026:07:52:03 +0800] "GET /4604/wp-content/themes/oceanwp/assets/js/vendors/magnific-popup.min.js HTTP/1.1" 200 8270 "https://2blog.ilc.edu.tw/4604/01-15/" "Mozilla/5.0 (Windows NT 10.0; Win64; x64) AppleWebKit/537.36 (KHTML, like Gecko) Chrome/144.0.0.0 Safari/537.36"
2408:872f:d00:c:0:3:0:a - - [25/Aug/2026:07:52:03 +0800] "GET /4604/wp-content/themes/oceanwp/assets/js/vendors/flickity.pkgd.min.js HTTP/1.1" 200 19842 "https://2blog.ilc.edu.tw/4604/01-15/" "Mozilla/5.0 (Windows NT 10.0; Win64; x64) AppleWebKit/537.36 (KHTML, like Gecko) Chrome/144.0.0.0 Safari/537.36"
120.101.207.89 - - [25/Aug/2026:07:52:03 +0800] "GET /wp-content/plugins/elementor/assets/js/image-carousel.4455c6362492d9067512.bundle.min.js HTTP/1.1" 200 1176 "https://www.ltjh.ilc.edu.tw/" "Mozilla/5.0 (Windows NT 10.0; Win64; x64) AppleWebKit/537.36 (KHTML, like Gecko) Chrome/151.0.0.0 Safari/537.36"
120.101.207.89 - - [25/Aug/2026:07:52:03 +0800] "GET /wp-content/plugins/elementor/assets/lib/swiper/v8/swiper.min.js?ver=8.4.5 HTTP/1.1" 200 40708 "https://www.ltjh.ilc.edu.tw/" "Mozilla/5.0 (Windows NT 10.0; Win64; x64) AppleWebKit/537.36 (KHTML, like Gecko) Chrome/151.0.0.0 Safari/537.36"
2408:872f:d00:c:0:3:0:a - - [25/Aug/2026:07:52:03 +0800] "GET /4604/wp-content/themes/oceanwp/assets/fonts/simple-line-icons/Simple-Line-Icons.woff2?v=2.4.0 HTTP/1.1" 200 30959 "https://2blog.ilc.edu.tw/4604/wp-content/cache/2blog.ilc.edu.tw/wpfc-minified/lb244bju/5wtuu.css" "Mozilla/5.0 (Windows NT 10.0; Win64; x64) AppleWebKit/537.36 (KHTML, like Gecko) Chrome/144.0.0.0 Safari/537.36"
2408:872f:d00:c:0:3:0:a - - [25/Aug/2026:07:52:03 +0800] "GET /4604/wp-content/themes/oceanwp/assets/js/scroll-effect.min.js HTTP/1.1" 200 4127 "https://2blog.ilc.edu.tw/4604/01-15/" "Mozilla/5.0 (Windows NT 10.0; Win64; x64) AppleWebKit/537.36 (KHTML, like Gecko) Chrome/144.0.0.0 Safari/537.36"
2408:872f:d00:c:0:3:0:a - - [25/Aug/2026:07:52:03 +0800] "GET /4604/wp-content/themes/oceanwp/assets/fonts/fontawesome/webfonts/fa-solid-900.woff2 HTTP/1.1" 200 151246 "https://2blog.ilc.edu.tw/4604/wp-content/cache/2blog.ilc.edu.tw/wpfc-minified/lb244bju/5wtuu.css" "Mozilla/5.0 (Windows NT 10.0; Win64; x64) AppleWebKit/537.36 (KHTML, like Gecko) Chrome/144.0.0.0 Safari/537.36"
2408:872f:d00:c:0:3:0:a - - [25/Aug/2026:07:52:03 +0800] "GET /4604/wp-content/themes/oceanwp/assets/js/scroll-top.min.js HTTP/1.1" 200 3202 "https://2blog.ilc.edu.tw/4604/01-15/" "Mozilla/5.0 (Windows NT 10.0; Win64; x64) AppleWebKit/537.36 (KHTML, like Gecko) Chrome/144.0.0.0 Safari/537.36"
2408:872f:d00:c:0:3:0:a - - [25/Aug/2026:07:52:03 +0800] "GET /4604/wp-content/themes/oceanwp/assets/js/ow-slider.min.js HTTP/1.1" 200 1761 "https://2blog.ilc.edu.tw/4604/01-15/" "Mozilla/5.0 (Windows NT 10.0; Win64; x64) AppleWebKit/537.36 (KHTML, like Gecko) Chrome/144.0.0.0 Safari/537.36"
2001:4860:7:810::de - - [25/Aug/2026:07:52:03 +0800] "GET / HTTP/1.1" 200 20466 "https://www.google.com/" "Mozilla/5.0 (Windows NT 10.0; Win64; x64) AppleWebKit/537.36 (KHTML, like Gecko) Chrome/151.0.0.0 Safari/537.36"
2408:872f:d00:c:0:3:0:a - - [25/Aug/2026:07:52:04 +0800] "GET /4604/wp-content/plugins/ocean-extra/includes/widgets/js/flickr.min.js HTTP/1.1" 200 1319 "https://2blog.ilc.edu.tw/4604/01-15/" "Mozilla/5.0 (Windows NT 10.0; Win64; x64) AppleWebKit/537.36 (KHTML, like Gecko) Chrome/144.0.0.0 Safari/537.36"
2408:872f:d00:c:0:3:0:a - - [25/Aug/2026:07:52:04 +0800] "GET /4604/wp-content/themes/oceanwp/assets/js/select.min.js HTTP/1.1" 200 2408 "https://2blog.ilc.edu.tw/4604/01-15/" "Mozilla/5.0 (Windows NT 10.0; Win64; x64) AppleWebKit/537.36 (KHTML, like Gecko) Chrome/144.0.0.0 Safari/537.36"
2408:872f:d00:c:0:3:0:a - - [25/Aug/2026:07:52:04 +0800] "GET /4604/wp-includes/js/mediaelement/mediaelement-migrate.min.js HTTP/1.1" 200 1419 "https://2blog.ilc.edu.tw/4604/01-15/" "Mozilla/5.0 (Windows NT 10.0; Win64; x64) AppleWebKit/537.36 (KHTML, like Gecko) Chrome/144.0.0.0 Safari/537.36"
2408:872f:d00:c:0:3:0:a - - [25/Aug/2026:07:52:04 +0800] "GET /4604/wp-includes/js/mediaelement/mediaelement-and-player.min.js HTTP/1.1" 200 39802 "https://2blog.ilc.edu.tw/4604/01-15/" "Mozilla/5.0 (Windows NT 10.0; Win64; x64) AppleWebKit/537.36 (KHTML, like Gecko) Chrome/144.0.0.0 Safari/537.36"
2408:872f:d00:c:0:3:0:a - - [25/Aug/2026:07:52:04 +0800] "GET /4604/wp-includes/js/mediaelement/wp-mediaelement.min.js HTTP/1.1" 200 1417 "https://2blog.ilc.edu.tw/4604/01-15/" "Mozilla/5.0 (Windows NT 10.0; Win64; x64) AppleWebKit/537.36 (KHTML, like Gecko) Chrome/144.0.0.0 Safari/537.36"
2408:872f:d00:c:0:3:0:a - - [25/Aug/2026:07:52:04 +0800] "GET /4604/wp-includes/js/mediaelement/renderers/vimeo.min.js HTTP/1.1" 200 3164 "https://2blog.ilc.edu.tw/4604/01-15/" "Mozilla/5.0 (Windows NT 10.0; Win64; x64) AppleWebKit/537.36 (KHTML, like Gecko) Chrome/144.0.0.0 Safari/537.36"
2408:872f:d00:c:0:3:0:a - - [25/Aug/2026:07:52:04 +0800] "GET /4604/wp-content/uploads/sites/1749/2020/10/cropped-kkes-new-1-32x32.jpg HTTP/1.1" 200 16516 "https://2blog.ilc.edu.tw/4604/01-15/" "Mozilla/5.0 (Windows NT 10.0; Win64; x64) AppleWebKit/537.36 (KHTML, like Gecko) Chrome/144.0.0.0 Safari/537.36"
::1 - - [25/Aug/2026:07:52:04 +0800] "OPTIONS * HTTP/1.0" 200 110 "-" "Apache/2.4.68 (Ubuntu) OpenSSL/3.0.19 (internal dummy connection)"
2001:288:a201::66:125 - - [25/Aug/2026:07:52:05 +0800] "GET /blog/active.php HTTP/1.1" 404 1084 "-" "-"
2001:288:a201::66:125 - - [25/Aug/2026:07:52:05 +0800] "GET /blog/active.php HTTP/1.1" 301 1026 "-" "-"
140.111.67.10 - - [25/Aug/2026:07:52:06 +0800] "GET /" 301 273 "-" "-"
2001:288:a218:1:a0e2:9ae7:912:2ed0 - - [25/Aug/2026:07:52:07 +0800] "-" 408 4801 "-" "-"
2001:288:a218:1:a0e2:9ae7:912:2ed0 - - [25/Aug/2026:07:52:07 +0800] "-" 408 4801 "-" "-"
2001:288:a218:1:a0e2:9ae7:912:2ed0 - - [25/Aug/2026:07:52:07 +0800] "-" 408 339 "-" "-"
::1 - - [25/Aug/2026:07:52:07 +0800] "OPTIONS * HTTP/1.0" 200 110 "-" "Apache/2.4.68 (Ubuntu) OpenSSL/3.0.19 (internal dummy connection)"
2001:b011:e003:275:97f0:fb88:9aac:398b - - [25/Aug/2026:07:52:08 +0800] "GET /page/4/ HTTP/1.1" 200 139832 "-" "Mozilla/5.0 (Windows NT 10.0; Win64; x64) AppleWebKit/537.36 (KHTML, like Gecko) Chrome/69.0.3497.81 Safari/537.36"
::1 - - [25/Aug/2026:07:52:08 +0800] "OPTIONS * HTTP/1.0" 200 110 "-" "Apache/2.4.68 (Ubuntu) OpenSSL/3.0.19 (internal dummy connection)"
::1 - - [25/Aug/2026:07:52:09 +0800] "OPTIONS * HTTP/1.0" 200 110 "-" "Apache/2.4.68 (Ubuntu) OpenSSL/3.0.19 (internal dummy connection)"
2001:288:a201::66:125 - - [25/Aug/2026:07:52:10 +0800] "GET /blog/active.php HTTP/1.1" 301 1026 "-" "-"
2001:288:a201::66:125 - - [25/Aug/2026:07:52:10 +0800] "GET /blog/active.php HTTP/1.1" 404 1084 "-" "-"
::1 - - [25/Aug/2026:07:52:10 +0800] "OPTIONS * HTTP/1.0" 200 110 "-" "Apache/2.4.68 (Ubuntu) OpenSSL/3.0.19 (internal dummy connection)"
::1 - - [25/Aug/2026:07:52:11 +0800] "OPTIONS * HTTP/1.0" 200 110 "-" "Apache/2.4.68 (Ubuntu) OpenSSL/3.0.19 (internal dummy connection)"
140.111.67.10 - - [25/Aug/2026:07:52:11 +0800] "GET /" 301 273 "-" "-"
::1 - - [25/Aug/2026:07:52:12 +0800] "OPTIONS * HTTP/1.0" 200 110 "-" "Apache/2.4.68 (Ubuntu) OpenSSL/3.0.19 (internal dummy connection)"
::1 - - [25/Aug/2026:07:52:13 +0800] "OPTIONS * HTTP/1.0" 200 110 "-" "Apache/2.4.68 (Ubuntu) OpenSSL/3.0.19 (internal dummy connection)"
2a09:bac2:6359:1232::1d0:b6 - - [25/Aug/2026:07:52:14 +0800] "GET /wp-content/cache/www.waldorf.ilc.edu.tw/wpfc-minified/ff80h2zh/6xg3.css HTTP/1.1" 200 45695 "https://www.waldorf.ilc.edu.tw/" "Mozilla/5.0 (iPhone; CPU iPhone OS 18_7 like Mac OS X) AppleWebKit/605.1.15 (KHTML, like Gecko) Mobile/15E148"
2a09:bac2:6359:1232::1d0:b6 - - [25/Aug/2026:07:52:14 +0800] "GET /wp-content/cache/www.waldorf.ilc.edu.tw/wpfc-minified/3pjp17l/6xg3.css HTTP/1.1" 200 13906 "https://www.waldorf.ilc.edu.tw/" "Mozilla/5.0 (iPhone; CPU iPhone OS 18_7 like Mac OS X) AppleWebKit/605.1.15 (KHTML, like Gecko) Mobile/15E148"
::1 - - [25/Aug/2026:07:52:14 +0800] "OPTIONS * HTTP/1.0" 200 110 "-" "Apache/2.4.68 (Ubuntu) OpenSSL/3.0.19 (internal dummy connection)"
2a09:bac2:6359:1232::1d0:b6 - - [25/Aug/2026:07:52:15 +0800] "GET /wp-content/themes/hueman/assets/front/webfonts/fa-regular-400.woff2?v=5.15.2 HTTP/1.1" 200 14439 "https://www.waldorf.ilc.edu.tw/" "Mozilla/5.0 (iPhone; CPU iPhone OS 18_7 like Mac OS X) AppleWebKit/605.1.15 (KHTML, like Gecko) Mobile/15E148"
2a09:bac2:6359:1232::1d0:b6 - - [25/Aug/2026:07:52:15 +0800] "GET /wp-content/cache/www.waldorf.ilc.edu.tw/wpfc-minified/g1ne7hpx/6xg3.css HTTP/1.1" 200 53165 "https://www.waldorf.ilc.edu.tw/" "Mozilla/5.0 (iPhone; CPU iPhone OS 18_7 like Mac OS X) AppleWebKit/605.1.15 (KHTML, like Gecko) Mobile/15E148"
2a09:bac2:6359:1232::1d0:b6 - - [25/Aug/2026:07:52:15 +0800] "GET /wp-content/themes/hueman/assets/front/fonts/titillium-light-webfont.woff HTTP/1.1" 200 25606 "https://www.waldorf.ilc.edu.tw/" "Mozilla/5.0 (iPhone; CPU iPhone OS 18_7 like Mac OS X) AppleWebKit/605.1.15 (KHTML, like Gecko) Mobile/15E148"
2a09:bac2:6359:1232::1d0:b6 - - [25/Aug/2026:07:52:15 +0800] "GET /wp-content/themes/hueman/assets/front/fonts/titillium-semibold-webfont.woff HTTP/1.1" 200 25626 "https://www.waldorf.ilc.edu.tw/" "Mozilla/5.0 (iPhone; CPU iPhone OS 18_7 like Mac OS X) AppleWebKit/605.1.15 (KHTML, like Gecko) Mobile/15E148"
2001:288:a201::66:125 - - [25/Aug/2026:07:52:15 +0800] "GET /blog/active.php HTTP/1.1" 404 1084 "-" "-"
2a09:bac2:6359:1232::1d0:b6 - - [25/Aug/2026:07:52:15 +0800] "GET /wp-content/plugins/elementor/assets/lib/font-awesome/webfonts/fa-solid-900.woff2 HTTP/1.1" 200 79223 "https://www.waldorf.ilc.edu.tw/" "Mozilla/5.0 (iPhone; CPU iPhone OS 18_7 like Mac OS X) AppleWebKit/605.1.15 (KHTML, like Gecko) Mobile/15E148"
2001:288:a201::66:125 - - [25/Aug/2026:07:52:15 +0800] "GET /blog/active.php HTTP/1.1" 301 1026 "-" "-"
::1 - - [25/Aug/2026:07:52:15 +0800] "OPTIONS * HTTP/1.0" 200 110 "-" "Apache/2.4.68 (Ubuntu) OpenSSL/3.0.19 (internal dummy connection)"
2a09:bac2:6359:1232::1d0:b6 - - [25/Aug/2026:07:52:15 +0800] "GET /wp-content/uploads/sites/1517/2024/03/%E5%8F%8B%E5%96%84%E6%A0%A1%E5%9C%92%E5%B0%88%E5%8D%80.png HTTP/1.1" 200 10591 "https://www.waldorf.ilc.edu.tw/" "Mozilla/5.0 (iPhone; CPU iPhone OS 18_7 like Mac OS X) AppleWebKit/605.1.15 (KHTML, like Gecko) Mobile/15E148"
2001:b400:e285:df1e:610a:e5d:8ec9:a7b3 - - [25/Aug/2026:07:52:16 +0800] "-" 408 4801 "-" "-"
::1 - - [25/Aug/2026:07:52:16 +0800] "OPTIONS * HTTP/1.0" 200 110 "-" "Apache/2.4.68 (Ubuntu) OpenSSL/3.0.19 (internal dummy connection)"
140.111.67.10 - - [25/Aug/2026:07:52:16 +0800] "GET /" 301 273 "-" "-"
::1 - - [25/Aug/2026:07:52:17 +0800] "OPTIONS * HTTP/1.0" 200 110 "-" "Apache/2.4.68 (Ubuntu) OpenSSL/3.0.19 (internal dummy connection)"
::1 - - [25/Aug/2026:07:52:18 +0800] "OPTIONS * HTTP/1.0" 200 110 "-" "Apache/2.4.68 (Ubuntu) OpenSSL/3.0.19 (internal dummy connection)"
::1 - - [25/Aug/2026:07:52:19 +0800] "OPTIONS * HTTP/1.0" 200 110 "-" "Apache/2.4.68 (Ubuntu) OpenSSL/3.0.19 (internal dummy connection)"
120.101.207.89 - - [25/Aug/2026:07:52:20 +0800] "-" 408 4801 "-" "-"
120.101.207.89 - - [25/Aug/2026:07:52:20 +0800] "-" 408 4801 "-" "-"
2001:288:a201::66:125 - - [25/Aug/2026:07:52:20 +0800] "GET /blog/active.php HTTP/1.1" 301 1026 "-" "-"
2001:288:a201::66:125 - - [25/Aug/2026:07:52:20 +0800] "GET /blog/active.php HTTP/1.1" 404 1084 "-" "-"
::1 - - [25/Aug/2026:07:52:20 +0800] "OPTIONS * HTTP/1.0" 200 110 "-" "Apache/2.4.68 (Ubuntu) OpenSSL/3.0.19 (internal dummy connection)"
::1 - - [25/Aug/2026:07:52:21 +0800] "OPTIONS * HTTP/1.0" 200 110 "-" "Apache/2.4.68 (Ubuntu) OpenSSL/3.0.19 (internal dummy connection)"
140.111.67.10 - - [25/Aug/2026:07:52:21 +0800] "GET /" 301 273 "-" "-"
::1 - - [25/Aug/2026:07:52:22 +0800] "OPTIONS * HTTP/1.0" 200 110 "-" "Apache/2.4.68 (Ubuntu) OpenSSL/3.0.19 (internal dummy connection)"
::1 - - [25/Aug/2026:07:52:23 +0800] "OPTIONS * HTTP/1.0" 200 110 "-" "Apache/2.4.68 (Ubuntu) OpenSSL/3.0.19 (internal dummy connection)"
2001:288:a201::66:125 - - [25/Aug/2026:07:52:25 +0800] "GET /blog/active.php HTTP/1.1" 301 1026 "-" "-"
2001:288:a201::66:125 - - [25/Aug/2026:07:52:25 +0800] "GET /blog/active.php HTTP/1.1" 404 1084 "-" "-"
2a03:2880:f802:49:: - - [25/Aug/2026:07:52:24 +0800] "GET /wp-login.php?key=nrpvl375&_wpnonce=&action=ilc_logout&redirect_to=https%3A%2F%2Fmushroom.joynetgame.com HTTP/1.1" 302 8260 "-" "Mozilla/5.0 (Windows NT 10.0; Win64; x64) AppleWebKit/537.36 (KHTML, like Gecko) Chrome/145.0.0.0 Safari/537.36 (compatible; meta-externalagent/1.1 (+https://developers.facebook.com/docs/sharing/webmasters/crawler))"
2001:4860:7:810::fd - - [25/Aug/2026:07:52:26 +0800] "GET / HTTP/1.1" 200 29126 "https://www.google.com/" "Mozilla/5.0 (Windows NT 10.0; Win64; x64) AppleWebKit/537.36 (KHTML, like Gecko) Chrome/151.0.0.0 Safari/537.36"
140.111.67.10 - - [25/Aug/2026:07:52:27 +0800] "GET /" 301 273 "-" "-"
2001:288:a27a:1:6015:8898:119f:bea - - [25/Aug/2026:07:52:27 +0800] "GET /wp-content/uploads/sites/3846/2026/06/%E5%AE%A3%E5%82%B3%E5%9C%96%E7%89%87.png HTTP/1.1" 304 5581 "https://it.ilc.edu.tw/" "Mozilla/5.0 (Windows NT 10.0; Win64; x64) AppleWebKit/537.36 (KHTML, like Gecko) Chrome/131.0.0.0 Safari/537.36"
2001:288:a201::66:125 - - [25/Aug/2026:07:52:30 +0800] "GET /blog/active.php HTTP/1.1" 301 1026 "-" "-"
2001:288:a201::66:125 - - [25/Aug/2026:07:52:30 +0800] "GET /blog/active.php HTTP/1.1" 404 1084 "-" "-"
140.111.67.10 - - [25/Aug/2026:07:52:32 +0800] "GET /" 301 273 "-" "-"
2001:288:a201::66:125 - - [25/Aug/2026:07:52:35 +0800] "GET /blog/active.php HTTP/1.1" 404 1084 "-" "-"
2001:288:a201::66:125 - - [25/Aug/2026:07:52:35 +0800] "GET /blog/active.php HTTP/1.1" 301 1026 "-" "-"
2001:b011:7807:13ad:d088:b6d7:1d7c:604c - - [25/Aug/2026:07:52:36 +0800] "-" 408 4801 "-" "-"
140.111.67.10 - - [25/Aug/2026:07:52:37 +0800] "GET /" 301 273 "-" "-"
2001:288:a201::66:125 - - [25/Aug/2026:07:52:40 +0800] "GET /blog/active.php HTTP/1.1" 301 1026 "-" "-"
2001:288:a201::66:125 - - [25/Aug/2026:07:52:40 +0800] "GET /blog/active.php HTTP/1.1" 404 1084 "-" "-"
2a03:2880:f802:7:: - - [25/Aug/2026:07:52:39 +0800] "GET /wp-login.php?key=pxtn2375&_wpnonce=&action=ilc_logout&redirect_to=https%3A%2F%2Fgame.edu.kg HTTP/1.1" 302 8248 "-" "Mozilla/5.0 (Windows NT 10.0; Win64; x64) AppleWebKit/537.36 (KHTML, like Gecko) Chrome/145.0.0.0 Safari/537.36 (compatible; meta-externalagent/1.1 (+https://developers.facebook.com/docs/sharing/webmasters/crawler))"
140.111.67.10 - - [25/Aug/2026:07:52:42 +0800] "GET /" 301 273 "-" "-"
120.101.218.55 - - [25/Aug/2026:07:52:42 +0800] "-" 408 339 "-" "-"
2001:288:a222:1:175:3b0c:d61c:8cd6 - - [25/Aug/2026:07:52:44 +0800] "-" 408 4801 "-" "-"
2001:288:a201::66:125 - - [25/Aug/2026:07:52:45 +0800] "GET /blog/active.php HTTP/1.1" 301 1026 "-" "-"
2001:288:a201::66:125 - - [25/Aug/2026:07:52:45 +0800] "GET /blog/active.php HTTP/1.1" 404 1084 "-" "-"
140.111.67.10 - - [25/Aug/2026:07:52:47 +0800] "GET /" 301 273 "-" "-"
2a03:2880:f802:1e:: - - [25/Aug/2026:07:52:47 +0800] "GET /wp-login.php?key=81875375&_wpnonce=&action=ilc_logout&redirect_to=https%3A%2F%2Fgame.edu.kg HTTP/1.1" 302 8248 "-" "Mozilla/5.0 (Macintosh; Intel Mac OS X 10_15_7) AppleWebKit/537.36 (KHTML, like Gecko) Chrome/145.0.0.0 Safari/537.36 (compatible; meta-externalagent/1.1 (+https://developers.facebook.com/docs/sharing/webmasters/crawler))"
2402:7500:4e7:4fc2:ac10:7ca9:9d9f:4558 - - [25/Aug/2026:07:52:48 +0800] "GET / HTTP/1.1" 200 32483 "https://www.google.com/url?q=https://www.chjh.ilc.edu.tw/&sa=U&sqi=2&ved=2ahUKEwjFs-T0urqWAxUQkq8BHTfqDW8QFnoECCcQAQ&usg=AOvVaw2C8dNQ9uQpJNnOOEU5M7bT" "Mozilla/5.0 (iPhone; CPU iPhone OS 26_5_2 like Mac OS X) AppleWebKit/605.1.15 (KHTML, like Gecko) GSA/434.2.961627397 Mobile/15E148 Safari/604.1"
2402:7500:4e7:4fc2:ac10:7ca9:9d9f:4558 - - [25/Aug/2026:07:52:49 +0800] "GET /wp-content/cache/www.chjh.ilc.edu.tw/wpfc-minified/ee8a0dvs/6vy4.css HTTP/1.1" 200 45684 "https://www.chjh.ilc.edu.tw/" "Mozilla/5.0 (iPhone; CPU iPhone OS 26_5_2 like Mac OS X) AppleWebKit/605.1.15 (KHTML, like Gecko) GSA/434.2.961627397 Mobile/15E148 Safari/604.1"
2402:7500:4e7:4fc2:ac10:7ca9:9d9f:4558 - - [25/Aug/2026:07:52:49 +0800] "GET /wp-content/cache/www.chjh.ilc.edu.tw/wpfc-minified/4uxh7t9/6vy4.css HTTP/1.1" 200 1711 "https://www.chjh.ilc.edu.tw/" "Mozilla/5.0 (iPhone; CPU iPhone OS 26_5_2 like Mac OS X) AppleWebKit/605.1.15 (KHTML, like Gecko) GSA/434.2.961627397 Mobile/15E148 Safari/604.1"
2402:7500:4e7:4fc2:ac10:7ca9:9d9f:4558 - - [25/Aug/2026:07:52:49 +0800] "GET /wp-content/uploads/sites/1482/elementor/css/post-2.css HTTP/1.1" 200 1150 "https://www.chjh.ilc.edu.tw/" "Mozilla/5.0 (iPhone; CPU iPhone OS 26_5_2 like Mac OS X) AppleWebKit/605.1.15 (KHTML, like Gecko) GSA/434.2.961627397 Mobile/15E148 Safari/604.1"
2402:7500:4e7:4fc2:ac10:7ca9:9d9f:4558 - - [25/Aug/2026:07:52:49 +0800] "GET /wp-includes/js/hoverintent-js.min.js HTTP/1.1" 200 1597 "https://www.chjh.ilc.edu.tw/" "Mozilla/5.0 (iPhone; CPU iPhone OS 26_5_2 like Mac OS X) AppleWebKit/605.1.15 (KHTML, like Gecko) GSA/434.2.961627397 Mobile/15E148 Safari/604.1"
2402:7500:4e7:4fc2:ac10:7ca9:9d9f:4558 - - [25/Aug/2026:07:52:49 +0800] "GET /wp-content/cache/www.chjh.ilc.edu.tw/wpfc-minified/mc2crcdt/6vy4.js HTTP/1.1" 200 35559 "https://www.chjh.ilc.edu.tw/" "Mozilla/5.0 (iPhone; CPU iPhone OS 26_5_2 like Mac OS X) AppleWebKit/605.1.15 (KHTML, like Gecko) GSA/434.2.961627397 Mobile/15E148 Safari/604.1"
2402:7500:4e7:4fc2:ac10:7ca9:9d9f:4558 - - [25/Aug/2026:07:52:49 +0800] "GET /wp-content/cache/www.chjh.ilc.edu.tw/wpfc-minified/9iyqo13s/6vy4.css HTTP/1.1" 200 23339 "https://www.chjh.ilc.edu.tw/" "Mozilla/5.0 (iPhone; CPU iPhone OS 26_5_2 like Mac OS X) AppleWebKit/605.1.15 (KHTML, like Gecko) GSA/434.2.961627397 Mobile/15E148 Safari/604.1"
2402:7500:4e7:4fc2:ac10:7ca9:9d9f:4558 - - [25/Aug/2026:07:52:49 +0800] "GET /wp-content/cache/www.chjh.ilc.edu.tw/wpfc-minified/e1voqedy/6vy4.css HTTP/1.1" 200 50093 "https://www.chjh.ilc.edu.tw/" "Mozilla/5.0 (iPhone; CPU iPhone OS 26_5_2 like Mac OS X) AppleWebKit/605.1.15 (KHTML, like Gecko) GSA/434.2.961627397 Mobile/15E148 Safari/604.1"
2402:7500:4e7:4fc2:ac10:7ca9:9d9f:4558 - - [25/Aug/2026:07:52:49 +0800] "GET /wp-content/uploads/sites/1482/elementor/css/post-309.css HTTP/1.1" 200 6092 "https://www.chjh.ilc.edu.tw/" "Mozilla/5.0 (iPhone; CPU iPhone OS 26_5_2 like Mac OS X) AppleWebKit/605.1.15 (KHTML, like Gecko) GSA/434.2.961627397 Mobile/15E148 Safari/604.1"
2402:7500:4e7:4fc2:ac10:7ca9:9d9f:4558 - - [25/Aug/2026:07:52:49 +0800] "GET /wp-content/cache/www.chjh.ilc.edu.tw/wpfc-minified/78jy2wn7/6vy4.css HTTP/1.1" 200 5957 "https://www.chjh.ilc.edu.tw/" "Mozilla/5.0 (iPhone; CPU iPhone OS 26_5_2 like Mac OS X) AppleWebKit/605.1.15 (KHTML, like Gecko) GSA/434.2.961627397 Mobile/15E148 Safari/604.1"
2402:7500:4e7:4fc2:ac10:7ca9:9d9f:4558 - - [25/Aug/2026:07:52:49 +0800] "GET /wp-includes/js/admin-bar.min.js HTTP/1.1" 200 2237 "https://www.chjh.ilc.edu.tw/" "Mozilla/5.0 (iPhone; CPU iPhone OS 26_5_2 like Mac OS X) AppleWebKit/605.1.15 (KHTML, like Gecko) GSA/434.2.961627397 Mobile/15E148 Safari/604.1"
2402:7500:4e7:4fc2:ac10:7ca9:9d9f:4558 - - [25/Aug/2026:07:52:49 +0800] "GET /wp-includes/js/underscore.min.js HTTP/1.1" 200 8191 "https://www.chjh.ilc.edu.tw/" "Mozilla/5.0 (iPhone; CPU iPhone OS 26_5_2 like Mac OS X) AppleWebKit/605.1.15 (KHTML, like Gecko) GSA/434.2.961627397 Mobile/15E148 Safari/604.1"
2402:7500:4e7:4fc2:ac10:7ca9:9d9f:4558 - - [25/Aug/2026:07:52:49 +0800] "GET /wp-content/themes/huemanilc/assets/front/js/scripts.min.js HTTP/1.1" 200 27001 "https://www.chjh.ilc.edu.tw/" "Mozilla/5.0 (iPhone; CPU iPhone OS 26_5_2 like Mac OS X) AppleWebKit/605.1.15 (KHTML, like Gecko) GSA/434.2.961627397 Mobile/15E148 Safari/604.1"
2402:7500:4e7:4fc2:ac10:7ca9:9d9f:4558 - - [25/Aug/2026:07:52:49 +0800] "GET /wp-content/plugins/elementor/assets/js/webpack.runtime.min.js HTTP/1.1" 200 3095 "https://www.chjh.ilc.edu.tw/" "Mozilla/5.0 (iPhone; CPU iPhone OS 26_5_2 like Mac OS X) AppleWebKit/605.1.15 (KHTML, like Gecko) GSA/434.2.961627397 Mobile/15E148 Safari/604.1"
2402:7500:4e7:4fc2:ac10:7ca9:9d9f:4558 - - [25/Aug/2026:07:52:49 +0800] "GET /wp-content/plugins/elementor/assets/js/frontend-modules.min.js HTTP/1.1" 200 19416 "https://www.chjh.ilc.edu.tw/" "Mozilla/5.0 (iPhone; CPU iPhone OS 26_5_2 like Mac OS X) AppleWebKit/605.1.15 (KHTML, like Gecko) GSA/434.2.961627397 Mobile/15E148 Safari/604.1"
