2409:8a6a:3c03:3d3b:8027:e8ad:749f:a061 - - [25/Aug/2026:07:33:46 +0800] "GET /3226/wp-content/cache/2blog.ilc.edu.tw/wpfc-minified/87wnkqd5/5wsxh.css HTTP/1.1" 200 5951 "https://2blog.ilc.edu.tw/3226/category/c-416/c-9146/" "Mozilla/5.0 (Windows NT 10.0; Win64; x64) AppleWebKit/537.36 (KHTML, like Gecko) Chrome/144.0.0.0 Safari/537.36"
140.111.67.10 - - [25/Aug/2026:07:33:46 +0800] "GET /" 301 273 "-" "-"
2409:8a6a:3c03:3d3b:8027:e8ad:749f:a061 - - [25/Aug/2026:07:33:47 +0800] "GET /3226/wp-content/cache/2blog.ilc.edu.tw/wpfc-minified/31kvc0ac/5wsxh.js HTTP/1.1" 200 35563 "https://2blog.ilc.edu.tw/3226/category/c-416/c-9146/" "Mozilla/5.0 (Windows NT 10.0; Win64; x64) AppleWebKit/537.36 (KHTML, like Gecko) Chrome/144.0.0.0 Safari/537.36"
2409:8a6a:3c03:3d3b:8027:e8ad:749f:a061 - - [25/Aug/2026:07:33:48 +0800] "GET /3226/wp-includes/js/admin-bar.min.js HTTP/1.1" 200 7031 "https://2blog.ilc.edu.tw/3226/category/c-416/c-9146/" "Mozilla/5.0 (Windows NT 10.0; Win64; x64) AppleWebKit/537.36 (KHTML, like Gecko) Chrome/144.0.0.0 Safari/537.36"
2a03:2880:f802:12:: - - [25/Aug/2026:07:33:46 +0800] "GET /wp-login.php?key=4orpk375&_wpnonce=&action=ilc_logout&redirect_to=https%3A%2F%2Fgame.edu.kg HTTP/1.1" 302 8248 "-" "Mozilla/5.0 (Windows NT 10.0; Win64; x64) AppleWebKit/537.36 (KHTML, like Gecko) Chrome/145.0.0.0 Safari/537.36 (compatible; meta-externalagent/1.1 (+https://developers.facebook.com/docs/sharing/webmasters/crawler))"
2409:8a6a:3c03:3d3b:8027:e8ad:749f:a061 - - [25/Aug/2026:07:33:49 +0800] "GET /3226/wp-includes/js/imagesloaded.min.js HTTP/1.1" 200 2683 "https://2blog.ilc.edu.tw/3226/category/c-416/c-9146/" "Mozilla/5.0 (Windows NT 10.0; Win64; x64) AppleWebKit/537.36 (KHTML, like Gecko) Chrome/144.0.0.0 Safari/537.36"
2409:8a6a:3c03:3d3b:8027:e8ad:749f:a061 - - [25/Aug/2026:07:33:49 +0800] "GET /3226/wp-content/themes/oceanwp/assets/js/drop-down-search.min.js HTTP/1.1" 200 2968 "https://2blog.ilc.edu.tw/3226/category/c-416/c-9146/" "Mozilla/5.0 (Windows NT 10.0; Win64; x64) AppleWebKit/537.36 (KHTML, like Gecko) Chrome/144.0.0.0 Safari/537.36"
2409:8a6a:3c03:3d3b:8027:e8ad:749f:a061 - - [25/Aug/2026:07:33:49 +0800] "GET /3226/wp-content/themes/oceanwp/assets/js/ow-lightbox.min.js HTTP/1.1" 200 2321 "https://2blog.ilc.edu.tw/3226/category/c-416/c-9146/" "Mozilla/5.0 (Windows NT 10.0; Win64; x64) AppleWebKit/537.36 (KHTML, like Gecko) Chrome/144.0.0.0 Safari/537.36"
2001:288:a201::66:125 - - [25/Aug/2026:07:33:50 +0800] "GET /blog/active.php HTTP/1.1" 301 1026 "-" "-"
2001:288:a201::66:125 - - [25/Aug/2026:07:33:50 +0800] "GET /blog/active.php HTTP/1.1" 404 1084 "-" "-"
2409:8a6a:3c03:3d3b:8027:e8ad:749f:a061 - - [25/Aug/2026:07:33:50 +0800] "GET /3226/wp-content/themes/oceanwp/assets/js/ow-slider.min.js HTTP/1.1" 200 1761 "https://2blog.ilc.edu.tw/3226/category/c-416/c-9146/" "Mozilla/5.0 (Windows NT 10.0; Win64; x64) AppleWebKit/537.36 (KHTML, like Gecko) Chrome/144.0.0.0 Safari/537.36"
2001:288:a212:1:85b3:2dbc:9729:99c0 - - [25/Aug/2026:07:33:50 +0800] "-" 408 4791 "-" "-"
2409:8a6a:3c03:3d3b:8027:e8ad:749f:a061 - - [25/Aug/2026:07:33:51 +0800] "GET /3226/wp-content/themes/oceanwp/assets/js/scroll-effect.min.js HTTP/1.1" 200 4127 "https://2blog.ilc.edu.tw/3226/category/c-416/c-9146/" "Mozilla/5.0 (Windows NT 10.0; Win64; x64) AppleWebKit/537.36 (KHTML, like Gecko) Chrome/144.0.0.0 Safari/537.36"
2409:8a6a:3c03:3d3b:8027:e8ad:749f:a061 - - [25/Aug/2026:07:33:51 +0800] "GET /3226/wp-content/themes/oceanwp/assets/js/scroll-top.min.js HTTP/1.1" 200 3202 "https://2blog.ilc.edu.tw/3226/category/c-416/c-9146/" "Mozilla/5.0 (Windows NT 10.0; Win64; x64) AppleWebKit/537.36 (KHTML, like Gecko) Chrome/144.0.0.0 Safari/537.36"
140.111.67.10 - - [25/Aug/2026:07:33:51 +0800] "GET /" 301 273 "-" "-"
2a03:2880:16ff:71:: - - [25/Aug/2026:07:33:52 +0800] "GET /blog/gallery/29301/previews/29301-2645002.jpg HTTP/1.1" 301 1123 "-" "facebookexternalhit/1.1 (+http://www.facebook.com/externalhit_uatext.php)"
2a03:2880:29ff:72:: - - [25/Aug/2026:07:33:52 +0800] "GET /blog/gallery/29301/previews/29301-2645002.jpg HTTP/1.1" 404 25478 "-" "facebookexternalhit/1.1 (+http://www.facebook.com/externalhit_uatext.php)"
2409:8a6a:3c03:3d3b:8027:e8ad:749f:a061 - - [25/Aug/2026:07:33:52 +0800] "GET /3226/wp-content/plugins/ocean-extra/includes/widgets/js/flickr.min.js HTTP/1.1" 200 1319 "https://2blog.ilc.edu.tw/3226/category/c-416/c-9146/" "Mozilla/5.0 (Windows NT 10.0; Win64; x64) AppleWebKit/537.36 (KHTML, like Gecko) Chrome/144.0.0.0 Safari/537.36"
2001:288:a201::66:125 - - [25/Aug/2026:07:33:55 +0800] "GET /blog/active.php HTTP/1.1" 301 1026 "-" "-"
2001:288:a201::66:125 - - [25/Aug/2026:07:33:55 +0800] "GET /blog/active.php HTTP/1.1" 404 1084 "-" "-"
140.111.67.10 - - [25/Aug/2026:07:33:56 +0800] "GET /" 301 273 "-" "-"
2409:8a6a:3c03:3d3b:8027:e8ad:749f:a061 - - [25/Aug/2026:07:33:53 +0800] "GET /3226/wp-content/themes/oceanwp/assets/fonts/fontawesome/webfonts/fa-solid-900.woff2 HTTP/1.1" 200 137472 "https://2blog.ilc.edu.tw/3226/wp-content/cache/2blog.ilc.edu.tw/wpfc-minified/mb9qfym0/5wsxh.css" "Mozilla/5.0 (Windows NT 10.0; Win64; x64) AppleWebKit/537.36 (KHTML, like Gecko) Chrome/144.0.0.0 Safari/537.36"
::1 - - [25/Aug/2026:07:33:57 +0800] "OPTIONS * HTTP/1.0" 200 110 "-" "Apache/2.4.68 (Ubuntu) OpenSSL/3.0.19 (internal dummy connection)"
2001:288:a201::66:125 - - [25/Aug/2026:07:34:00 +0800] "GET /blog/active.php HTTP/1.1" 301 1026 "-" "-"
2001:288:a201::66:125 - - [25/Aug/2026:07:34:00 +0800] "GET /blog/active.php HTTP/1.1" 404 1084 "-" "-"
2001:288:a201::67:81 - - [25/Aug/2026:07:34:01 +0800] "GET / HTTP/1.1" 200 56291 "-" "curl/7.81.0"
140.111.67.10 - - [25/Aug/2026:07:34:02 +0800] "GET /" 301 273 "-" "-"
2001:288:a201::66:125 - - [25/Aug/2026:07:34:05 +0800] "GET /blog/active.php HTTP/1.1" 301 1026 "-" "-"
2001:288:a201::66:125 - - [25/Aug/2026:07:34:05 +0800] "GET /blog/active.php HTTP/1.1" 404 1084 "-" "-"
140.111.67.10 - - [25/Aug/2026:07:34:07 +0800] "GET /" 301 273 "-" "-"
2001:288:a220:1:f10a:6d67:3402:ca13 - - [25/Aug/2026:07:34:09 +0800] "-" 408 4809 "-" "-"
2001:4860:7:410::f6 - - [25/Aug/2026:07:34:10 +0800] "GET /1003/2012/05/10/%E8%AA%9E%E6%96%87%E8%AA%B2%E4%B9%9F%E4%BE%86%E5%80%8B%E5%89%AF%E8%A9%9E%E6%A1%8C%E9%81%8A/ HTTP/1.1" 200 19253 "https://www.google.com/" "Mozilla/5.0 (Linux; Android 10; K) AppleWebKit/537.36 (KHTML, like Gecko) Chrome/151.0.0.0 Mobile Safari/537.36"
2001:288:a201::66:125 - - [25/Aug/2026:07:34:10 +0800] "GET /blog/active.php HTTP/1.1" 301 1026 "-" "-"
2001:288:a201::66:125 - - [25/Aug/2026:07:34:10 +0800] "GET /blog/active.php HTTP/1.1" 404 1084 "-" "-"
140.111.67.10 - - [25/Aug/2026:07:34:12 +0800] "GET /" 301 273 "-" "-"
2a03:2880:f802:31:: - - [25/Aug/2026:07:34:12 +0800] "GET /wp-login.php?key=ystay381&_wpnonce=&action=ilc_logout&redirect_to=https%3A%2F%2Fo-edu.pp.ua HTTP/1.1" 302 8248 "-" "Mozilla/5.0 (Macintosh; Intel Mac OS X 10_15_7) AppleWebKit/537.36 (KHTML, like Gecko) Chrome/145.0.0.0 Safari/537.36 (compatible; meta-externalagent/1.1 (+https://developers.facebook.com/docs/sharing/webmasters/crawler))"
2001:288:a201::66:125 - - [25/Aug/2026:07:34:15 +0800] "GET /blog/active.php HTTP/1.1" 301 1026 "-" "-"
2001:288:a201::66:125 - - [25/Aug/2026:07:34:15 +0800] "GET /blog/active.php HTTP/1.1" 404 1084 "-" "-"
140.111.67.10 - - [25/Aug/2026:07:34:17 +0800] "GET /" 301 273 "-" "-"
2001:288:a201::66:125 - - [25/Aug/2026:07:34:20 +0800] "GET /blog/active.php HTTP/1.1" 301 1026 "-" "-"
2001:288:a201::66:125 - - [25/Aug/2026:07:34:20 +0800] "GET /blog/active.php HTTP/1.1" 404 1084 "-" "-"
140.111.67.10 - - [25/Aug/2026:07:34:22 +0800] "GET /" 301 273 "-" "-"
2409:877c:8a0:e:0:1:0:101 - - [25/Aug/2026:07:34:22 +0800] "-" 408 4794 "-" "-"
2a03:2880:f802:c:: - - [25/Aug/2026:07:34:22 +0800] "GET /wp-login.php?key=sfl8j378&_wpnonce=&action=ilc_logout&redirect_to=https%3A%2F%2Fgame.edu.kg HTTP/1.1" 302 8248 "-" "Mozilla/5.0 (Windows NT 10.0; Win64; x64) AppleWebKit/537.36 (KHTML, like Gecko) Chrome/145.0.0.0 Safari/537.36 (compatible; meta-externalagent/1.1 (+https://developers.facebook.com/docs/sharing/webmasters/crawler))"
::1 - - [25/Aug/2026:07:34:25 +0800] "OPTIONS * HTTP/1.0" 200 110 "-" "Apache/2.4.68 (Ubuntu) OpenSSL/3.0.19 (internal dummy connection)"
2001:288:a201::66:125 - - [25/Aug/2026:07:34:25 +0800] "GET /blog/active.php HTTP/1.1" 404 1084 "-" "-"
2001:288:a201::66:125 - - [25/Aug/2026:07:34:25 +0800] "GET /blog/active.php HTTP/1.1" 301 1026 "-" "-"
140.111.67.10 - - [25/Aug/2026:07:34:27 +0800] "GET /" 301 273 "-" "-"
2001:288:a201::66:125 - - [25/Aug/2026:07:34:30 +0800] "GET /blog/active.php HTTP/1.1" 301 1026 "-" "-"
2001:288:a201::66:125 - - [25/Aug/2026:07:34:30 +0800] "GET /blog/active.php HTTP/1.1" 404 1084 "-" "-"
140.111.67.10 - - [25/Aug/2026:07:34:31 +0800] "GET /" 301 273 "-" "-"
2a03:2880:f802:24:: - - [25/Aug/2026:07:34:31 +0800] "GET /wp-login.php?key=eli1l375&_wpnonce=&action=ilc_logout&redirect_to=https%3A%2F%2Fgame.edu.kg HTTP/1.1" 302 8248 "-" "Mozilla/5.0 (Macintosh; Intel Mac OS X 10_15_7) AppleWebKit/537.36 (KHTML, like Gecko) Chrome/145.0.0.0 Safari/537.36 (compatible; meta-externalagent/1.1 (+https://developers.facebook.com/docs/sharing/webmasters/crawler))"
2001:288:a201::66:125 - - [25/Aug/2026:07:34:35 +0800] "GET /blog/active.php HTTP/1.1" 404 1084 "-" "-"
2001:288:a201::66:125 - - [25/Aug/2026:07:34:35 +0800] "GET /blog/active.php HTTP/1.1" 301 1026 "-" "-"
140.111.67.10 - - [25/Aug/2026:07:34:36 +0800] "GET /" 301 273 "-" "-"
2001:288:a201::66:125 - - [25/Aug/2026:07:34:40 +0800] "GET /blog/active.php HTTP/1.1" 404 1084 "-" "-"
2001:288:a201::66:125 - - [25/Aug/2026:07:34:40 +0800] "GET /blog/active.php HTTP/1.1" 301 1026 "-" "-"
140.111.67.10 - - [25/Aug/2026:07:34:41 +0800] "GET /" 301 273 "-" "-"
2a03:2880:f802:24:: - - [25/Aug/2026:07:34:42 +0800] "GET /wp-login.php?key=kl4th374&_wpnonce=&action=ilc_logout&redirect_to=https%3A%2F%2Fgame.edu.kg HTTP/1.1" 302 8248 "-" "Mozilla/5.0 (X11; Linux x86_64) AppleWebKit/537.36 (KHTML, like Gecko) Chrome/145.0.0.0 Safari/537.36 (compatible; meta-externalagent/1.1 (+https://developers.facebook.com/docs/sharing/webmasters/crawler))"
2001:288:a201::66:125 - - [25/Aug/2026:07:34:45 +0800] "GET /blog/active.php HTTP/1.1" 404 1084 "-" "-"
2001:288:a201::66:125 - - [25/Aug/2026:07:34:45 +0800] "GET /blog/active.php HTTP/1.1" 301 1026 "-" "-"
140.111.67.10 - - [25/Aug/2026:07:34:46 +0800] "GET /" 301 273 "-" "-"
2001:4860:7:810::e6 - - [25/Aug/2026:07:34:48 +0800] "GET / HTTP/1.1" 200 29749 "https://www.google.com/" "Mozilla/5.0 (Windows NT 10.0; Win64; x64) AppleWebKit/537.36 (KHTML, like Gecko) Chrome/148.0.0.0 Safari/537.36"
2001:288:a201::66:125 - - [25/Aug/2026:07:34:50 +0800] "GET /blog/active.php HTTP/1.1" 301 1026 "-" "-"
2001:288:a201::66:125 - - [25/Aug/2026:07:34:50 +0800] "GET /blog/active.php HTTP/1.1" 404 1084 "-" "-"
140.111.67.10 - - [25/Aug/2026:07:34:51 +0800] "GET /" 301 273 "-" "-"
2408:864e:b000:5::12 - - [25/Aug/2026:07:34:53 +0800] "GET /2981/wp-content/cache/2blog.ilc.edu.tw/wpfc-minified/egj5molx/hid0.css HTTP/1.1" 200 20774 "https://2blog.ilc.edu.tw/2981/" "Mozilla/5.0 (Windows NT 10.0; Win64; x64) AppleWebKit/537.36 (KHTML, like Gecko) Chrome/144.0.0.0 Safari/537.36"
2408:864e:b000:5::12 - - [25/Aug/2026:07:34:53 +0800] "GET /2981/wp-content/cache/2blog.ilc.edu.tw/wpfc-minified/fpyggd78/hid0.css HTTP/1.1" 200 16345 "https://2blog.ilc.edu.tw/2981/" "Mozilla/5.0 (Windows NT 10.0; Win64; x64) AppleWebKit/537.36 (KHTML, like Gecko) Chrome/144.0.0.0 Safari/537.36"
2408:864e:b000:5::12 - - [25/Aug/2026:07:34:54 +0800] "GET /2981/wp-includes/js/hoverintent-js.min.js HTTP/1.1" 200 1597 "https://2blog.ilc.edu.tw/2981/" "Mozilla/5.0 (Windows NT 10.0; Win64; x64) AppleWebKit/537.36 (KHTML, like Gecko) Chrome/144.0.0.0 Safari/537.36"
2001:288:a201::66:125 - - [25/Aug/2026:07:34:55 +0800] "GET /blog/active.php HTTP/1.1" 301 1026 "-" "-"
2001:288:a201::66:125 - - [25/Aug/2026:07:34:55 +0800] "GET /blog/active.php HTTP/1.1" 404 1084 "-" "-"
2409:8774:202f::13d - - [25/Aug/2026:07:34:55 +0800] "GET /35/wp-content/cache/2blog.ilc.edu.tw/wpfc-minified/2dutu2lw/5wom0.css HTTP/1.1" 200 20774 "https://2blog.ilc.edu.tw/35/author/peisan/" "Mozilla/5.0 (Windows NT 10.0; Win64; x64) AppleWebKit/537.36 (KHTML, like Gecko) Chrome/144.0.0.0 Safari/537.36"
2409:8774:202f::13d - - [25/Aug/2026:07:34:55 +0800] "GET /35/wp-content/cache/2blog.ilc.edu.tw/wpfc-minified/7xdfbna9/5wom0.css HTTP/1.1" 200 16345 "https://2blog.ilc.edu.tw/35/author/peisan/" "Mozilla/5.0 (Windows NT 10.0; Win64; x64) AppleWebKit/537.36 (KHTML, like Gecko) Chrome/144.0.0.0 Safari/537.36"
2409:8774:202f::13d - - [25/Aug/2026:07:34:56 +0800] "GET /35/wp-content/cache/2blog.ilc.edu.tw/wpfc-minified/btnpd0t/5wom0.js HTTP/1.1" 200 35558 "https://2blog.ilc.edu.tw/35/author/peisan/" "Mozilla/5.0 (Windows NT 10.0; Win64; x64) AppleWebKit/537.36 (KHTML, like Gecko) Chrome/144.0.0.0 Safari/537.36"
140.111.67.10 - - [25/Aug/2026:07:34:56 +0800] "GET /" 301 273 "-" "-"
2001:288:a201::66:125 - - [25/Aug/2026:07:35:00 +0800] "GET /blog/active.php HTTP/1.1" 301 1026 "-" "-"
2001:288:a201::66:125 - - [25/Aug/2026:07:35:00 +0800] "GET /blog/active.php HTTP/1.1" 404 1084 "-" "-"
140.111.67.10 - - [25/Aug/2026:07:35:02 +0800] "GET /" 301 273 "-" "-"
2001:288:a000:192:250:56ff:feae:a27e - - [25/Aug/2026:07:35:03 +0800] "HEAD / HTTP/1.1" 200 5485 "-" "Mozilla/5.0 (compatible; phpservermon/3.5.2; +https://github.com/phpservermon/phpservermon)"
2409:8774:202f::13d - - [25/Aug/2026:07:35:03 +0800] "GET /favicon.ico HTTP/1.1" 302 5695 "https://2blog.ilc.edu.tw/35/author/peisan/" "Mozilla/5.0 (Windows NT 10.0; Win64; x64) AppleWebKit/537.36 (KHTML, like Gecko) Chrome/144.0.0.0 Safari/537.36"
2a03:2880:f802:25:: - - [25/Aug/2026:07:35:01 +0800] "GET /wp-login.php?key=73jjb375&_wpnonce=&action=ilc_logout&redirect_to=https%3A%2F%2Fgame.edu.kg HTTP/1.1" 302 8248 "-" "Mozilla/5.0 (Windows NT 10.0; Win64; x64) AppleWebKit/537.36 (KHTML, like Gecko) Chrome/145.0.0.0 Safari/537.36 (compatible; meta-externalagent/1.1 (+https://developers.facebook.com/docs/sharing/webmasters/crawler))"
2001:288:a201::66:125 - - [25/Aug/2026:07:35:05 +0800] "GET /blog/active.php HTTP/1.1" 404 1084 "-" "-"
2001:288:a201::66:125 - - [25/Aug/2026:07:35:05 +0800] "GET /blog/active.php HTTP/1.1" 301 1026 "-" "-"
2409:8774:202f::13d - - [25/Aug/2026:07:35:05 +0800] "GET /wp-includes/images/w-logo-blue-white-bg.png HTTP/1.1" 200 4946 "https://2blog.ilc.edu.tw/35/author/peisan/" "Mozilla/5.0 (Windows NT 10.0; Win64; x64) AppleWebKit/537.36 (KHTML, like Gecko) Chrome/144.0.0.0 Safari/537.36"
140.111.67.10 - - [25/Aug/2026:07:35:07 +0800] "GET /" 301 273 "-" "-"
2001:288:a201::66:125 - - [25/Aug/2026:07:35:10 +0800] "GET /blog/active.php HTTP/1.1" 301 1026 "-" "-"
2001:288:a201::66:125 - - [25/Aug/2026:07:35:10 +0800] "GET /blog/active.php HTTP/1.1" 404 1084 "-" "-"
140.111.67.10 - - [25/Aug/2026:07:35:12 +0800] "GET /" 301 273 "-" "-"
2001:4860:7:b10::fe - - [25/Aug/2026:07:35:08 +0800] "GET /technology/2014/05/09/%E5%B9%ABepub%E9%9B%BB%E5%AD%90%E6%9B%B8%E5%8A%A0%E5%B0%81%E9%9D%A2/ HTTP/1.1" 200 20876 "https://www.google.com/" "Mozilla/5.0 (Macintosh; Intel Mac OS X 10_15_7) AppleWebKit/537.36 (KHTML, like Gecko) Chrome/150.0.0.0 Safari/537.36"
140.111.119.43 - - [25/Aug/2026:07:35:13 +0800] "-" 408 4791 "-" "-"
140.111.119.43 - - [25/Aug/2026:07:35:13 +0800] "-" 408 4791 "-" "-"
140.111.119.43 - - [25/Aug/2026:07:35:13 +0800] "-" 408 4791 "-" "-"
::1 - - [25/Aug/2026:07:35:14 +0800] "OPTIONS * HTTP/1.0" 200 110 "-" "Apache/2.4.68 (Ubuntu) OpenSSL/3.0.19 (internal dummy connection)"
140.111.119.43 - - [25/Aug/2026:07:35:14 +0800] "GET /wp-content/uploads/sites/3846/2026/08/%E8%BE%B2%E6%A5%AD%E9%83%A8%E5%BB%A3%E5%91%8A.jpg HTTP/1.1" 200 236462 "https://it.ilc.edu.tw/" "Mozilla/5.0 (Windows NT 10.0; Win64; x64) AppleWebKit/537.36 (KHTML, like Gecko) Chrome/151.0.0.0 Safari/537.36"
140.111.119.43 - - [25/Aug/2026:07:35:14 +0800] "GET /wp-content/uploads/sites/3846/2026/06/2026%E5%AE%9C%E8%98%AD%E7%98%8B%E5%AD%B8%E7%BF%92-%E6%9A%91%E5%81%87_%E6%95%99%E8%82%B2%E8%99%95%E9%A6%96%E9%A0%81-1440-x-1080-%E5%83%8F%E7%B4%A0.png HTTP/1.1" 200 2046271 "https://it.ilc.edu.tw/" "Mozilla/5.0 (Windows NT 10.0; Win64; x64) AppleWebKit/537.36 (KHTML, like Gecko) Chrome/151.0.0.0 Safari/537.36"
140.111.119.43 - - [25/Aug/2026:07:35:14 +0800] "GET /wp-content/uploads/sites/3846/2026/06/%E5%AE%A3%E5%82%B3%E5%9C%96%E7%89%87.png HTTP/1.1" 200 1053112 "https://it.ilc.edu.tw/" "Mozilla/5.0 (Windows NT 10.0; Win64; x64) AppleWebKit/537.36 (KHTML, like Gecko) Chrome/151.0.0.0 Safari/537.36"
2001:288:a201::66:125 - - [25/Aug/2026:07:35:15 +0800] "GET /blog/active.php HTTP/1.1" 404 1084 "-" "-"
2001:288:a201::66:125 - - [25/Aug/2026:07:35:15 +0800] "GET /blog/active.php HTTP/1.1" 301 1026 "-" "-"
140.111.67.10 - - [25/Aug/2026:07:35:17 +0800] "GET /" 301 273 "-" "-"
2001:288:a201::66:125 - - [25/Aug/2026:07:35:20 +0800] "GET /blog/active.php HTTP/1.1" 301 1026 "-" "-"
2001:288:a201::66:125 - - [25/Aug/2026:07:35:20 +0800] "GET /blog/active.php HTTP/1.1" 404 1084 "-" "-"
::1 - - [25/Aug/2026:07:35:21 +0800] "OPTIONS * HTTP/1.0" 200 110 "-" "Apache/2.4.68 (Ubuntu) OpenSSL/3.0.19 (internal dummy connection)"
140.111.67.10 - - [25/Aug/2026:07:35:22 +0800] "GET /" 301 273 "-" "-"
2408:8719:c900:1002:0:fffe:0:230 - - [25/Aug/2026:07:35:25 +0800] "GET /wp-content/themes/oceanwp/assets/fonts/simple-line-icons/Simple-Line-Icons.woff2?v=2.4.0 HTTP/1.1" 200 35760 "https://www.sches.ilc.edu.tw/wp-content/cache/www.sches.ilc.edu.tw/wpfc-minified/qvhk4q78/c0c79.css" "Mozilla/5.0 (Windows NT 10.0; Win64; x64) AppleWebKit/537.36 (KHTML, like Gecko) Chrome/144.0.0.0 Safari/537.36"
2001:288:a201::66:125 - - [25/Aug/2026:07:35:25 +0800] "GET /blog/active.php HTTP/1.1" 404 5511 "-" "-"
2408:8719:c900:1002:0:fffe:0:230 - - [25/Aug/2026:07:35:25 +0800] "GET /wp-includes/js/admin-bar.min.js HTTP/1.1" 200 7038 "https://www.sches.ilc.edu.tw/2016/" "Mozilla/5.0 (Windows NT 10.0; Win64; x64) AppleWebKit/537.36 (KHTML, like Gecko) Chrome/144.0.0.0 Safari/537.36"
2001:288:a201::66:125 - - [25/Aug/2026:07:35:25 +0800] "GET /blog/active.php HTTP/1.1" 301 1026 "-" "-"
2408:8719:c900:1002:0:fffe:0:230 - - [25/Aug/2026:07:35:25 +0800] "GET /wp-includes/js/imagesloaded.min.js HTTP/1.1" 200 7484 "https://www.sches.ilc.edu.tw/2016/" "Mozilla/5.0 (Windows NT 10.0; Win64; x64) AppleWebKit/537.36 (KHTML, like Gecko) Chrome/144.0.0.0 Safari/537.36"
2408:8719:c900:1002:0:fffe:0:230 - - [25/Aug/2026:07:35:25 +0800] "GET /wp-content/themes/oceanwp/assets/js/theme.min.js HTTP/1.1" 200 9931 "https://www.sches.ilc.edu.tw/2016/" "Mozilla/5.0 (Windows NT 10.0; Win64; x64) AppleWebKit/537.36 (KHTML, like Gecko) Chrome/144.0.0.0 Safari/537.36"
2408:8719:c900:1002:0:fffe:0:230 - - [25/Aug/2026:07:35:25 +0800] "GET /wp-content/themes/oceanwp/assets/js/drop-down-search.min.js HTTP/1.1" 200 2968 "https://www.sches.ilc.edu.tw/2016/" "Mozilla/5.0 (Windows NT 10.0; Win64; x64) AppleWebKit/537.36 (KHTML, like Gecko) Chrome/144.0.0.0 Safari/537.36"
2408:8719:c900:1002:0:fffe:0:230 - - [25/Aug/2026:07:35:25 +0800] "GET /wp-content/themes/oceanwp/assets/fonts/fontawesome/webfonts/fa-solid-900.woff2 HTTP/1.1" 200 156047 "https://www.sches.ilc.edu.tw/wp-content/cache/www.sches.ilc.edu.tw/wpfc-minified/qvhk4q78/c0c79.css" "Mozilla/5.0 (Windows NT 10.0; Win64; x64) AppleWebKit/537.36 (KHTML, like Gecko) Chrome/144.0.0.0 Safari/537.36"
2408:8719:c900:1002:0:fffe:0:230 - - [25/Aug/2026:07:35:26 +0800] "GET /wp-content/themes/oceanwp/assets/js/ow-lightbox.min.js HTTP/1.1" 200 2321 "https://www.sches.ilc.edu.tw/2016/" "Mozilla/5.0 (Windows NT 10.0; Win64; x64) AppleWebKit/537.36 (KHTML, like Gecko) Chrome/144.0.0.0 Safari/537.36"
2408:8719:c900:1002:0:fffe:0:230 - - [25/Aug/2026:07:35:26 +0800] "GET /wp-content/themes/oceanwp/assets/js/vendors/flickity.pkgd.min.js HTTP/1.1" 200 15048 "https://www.sches.ilc.edu.tw/2016/" "Mozilla/5.0 (Windows NT 10.0; Win64; x64) AppleWebKit/537.36 (KHTML, like Gecko) Chrome/144.0.0.0 Safari/537.36"
2408:8719:c900:1002:0:fffe:0:230 - - [25/Aug/2026:07:35:26 +0800] "GET /wp-content/themes/oceanwp/assets/js/ow-slider.min.js HTTP/1.1" 200 1761 "https://www.sches.ilc.edu.tw/2016/" "Mozilla/5.0 (Windows NT 10.0; Win64; x64) AppleWebKit/537.36 (KHTML, like Gecko) Chrome/144.0.0.0 Safari/537.36"
2408:8719:c900:1002:0:fffe:0:230 - - [25/Aug/2026:07:35:26 +0800] "GET /wp-content/themes/oceanwp/assets/js/scroll-effect.min.js HTTP/1.1" 200 4127 "https://www.sches.ilc.edu.tw/2016/" "Mozilla/5.0 (Windows NT 10.0; Win64; x64) AppleWebKit/537.36 (KHTML, like Gecko) Chrome/144.0.0.0 Safari/537.36"
2408:8719:c900:1002:0:fffe:0:230 - - [25/Aug/2026:07:35:26 +0800] "GET /wp-content/themes/oceanwp/assets/js/select.min.js HTTP/1.1" 200 2408 "https://www.sches.ilc.edu.tw/2016/" "Mozilla/5.0 (Windows NT 10.0; Win64; x64) AppleWebKit/537.36 (KHTML, like Gecko) Chrome/144.0.0.0 Safari/537.36"
2408:8719:c900:1002:0:fffe:0:230 - - [25/Aug/2026:07:35:26 +0800] "GET /wp-includes/js/dist/dom-ready.min.js HTTP/1.1" 200 1199 "https://www.sches.ilc.edu.tw/2016/" "Mozilla/5.0 (Windows NT 10.0; Win64; x64) AppleWebKit/537.36 (KHTML, like Gecko) Chrome/144.0.0.0 Safari/537.36"
2408:8719:c900:1002:0:fffe:0:230 - - [25/Aug/2026:07:35:26 +0800] "GET /wp-includes/js/dist/hooks.min.js HTTP/1.1" 200 2421 "https://www.sches.ilc.edu.tw/2016/" "Mozilla/5.0 (Windows NT 10.0; Win64; x64) AppleWebKit/537.36 (KHTML, like Gecko) Chrome/144.0.0.0 Safari/537.36"
2408:8719:c900:1002:0:fffe:0:230 - - [25/Aug/2026:07:35:26 +0800] "GET /wp-includes/js/dist/i18n.min.js HTTP/1.1" 200 4547 "https://www.sches.ilc.edu.tw/2016/" "Mozilla/5.0 (Windows NT 10.0; Win64; x64) AppleWebKit/537.36 (KHTML, like Gecko) Chrome/144.0.0.0 Safari/537.36"
2408:8719:c900:1002:0:fffe:0:230 - - [25/Aug/2026:07:35:26 +0800] "GET /wp-includes/js/dist/a11y.min.js HTTP/1.1" 200 1829 "https://www.sches.ilc.edu.tw/2016/" "Mozilla/5.0 (Windows NT 10.0; Win64; x64) AppleWebKit/537.36 (KHTML, like Gecko) Chrome/144.0.0.0 Safari/537.36"
2408:8719:c900:1002:0:fffe:0:230 - - [25/Aug/2026:07:35:26 +0800] "GET /wp-includes/js/wp-custom-header.min.js HTTP/1.1" 200 2488 "https://www.sches.ilc.edu.tw/2016/" "Mozilla/5.0 (Windows NT 10.0; Win64; x64) AppleWebKit/537.36 (KHTML, like Gecko) Chrome/144.0.0.0 Safari/537.36"
140.111.67.10 - - [25/Aug/2026:07:35:27 +0800] "GET /" 301 273 "-" "-"
2001:288:a201::66:125 - - [25/Aug/2026:07:35:30 +0800] "GET /blog/active.php HTTP/1.1" 404 1084 "-" "-"
2001:288:a201::66:125 - - [25/Aug/2026:07:35:30 +0800] "GET /blog/active.php HTTP/1.1" 301 1026 "-" "-"
140.111.67.10 - - [25/Aug/2026:07:35:31 +0800] "GET /" 301 273 "-" "-"
140.111.119.43 - - [25/Aug/2026:07:35:34 +0800] "-" 408 339 "-" "-"
2001:288:a201::66:125 - - [25/Aug/2026:07:35:35 +0800] "GET /blog/active.php HTTP/1.1" 404 1084 "-" "-"
2001:288:a201::66:125 - - [25/Aug/2026:07:35:35 +0800] "GET /blog/active.php HTTP/1.1" 301 1026 "-" "-"
::1 - - [25/Aug/2026:07:35:36 +0800] "OPTIONS * HTTP/1.0" 200 110 "-" "Apache/2.4.68 (Ubuntu) OpenSSL/3.0.19 (internal dummy connection)"
140.111.67.10 - - [25/Aug/2026:07:35:36 +0800] "GET /" 301 273 "-" "-"
2001:288:a201::66:125 - - [25/Aug/2026:07:35:40 +0800] "GET /blog/active.php HTTP/1.1" 404 1084 "-" "-"
2001:288:a201::66:125 - - [25/Aug/2026:07:35:40 +0800] "GET /blog/active.php HTTP/1.1" 301 1026 "-" "-"
140.111.67.10 - - [25/Aug/2026:07:35:41 +0800] "GET /" 301 273 "-" "-"
2001:288:a201::66:125 - - [25/Aug/2026:07:35:45 +0800] "GET /blog/active.php HTTP/1.1" 301 1026 "-" "-"
2001:288:a201::66:125 - - [25/Aug/2026:07:35:45 +0800] "GET /blog/active.php HTTP/1.1" 404 1084 "-" "-"
140.111.67.10 - - [25/Aug/2026:07:35:47 +0800] "GET /" 301 273 "-" "-"
2001:288:a201::66:125 - - [25/Aug/2026:07:35:50 +0800] "GET /blog/active.php HTTP/1.1" 301 1026 "-" "-"
2001:288:a201::66:125 - - [25/Aug/2026:07:35:50 +0800] "GET /blog/active.php HTTP/1.1" 404 1084 "-" "-"
140.111.67.10 - - [25/Aug/2026:07:35:52 +0800] "GET /" 301 273 "-" "-"
2401:e180:8c40:632f:2418:9a0a:9526:2fc2 - - [25/Aug/2026:07:35:52 +0800] "GET /apple-touch-icon-precomposed.png HTTP/1.1" 404 25478 "-" "NetworkingExtension/8624.4.5.10.5 Network/5812.160.9 iOS/26.6"
2401:e180:8c40:632f:2418:9a0a:9526:2fc2 - - [25/Aug/2026:07:35:52 +0800] "GET /favicon.ico HTTP/1.1" 302 5824 "-" "NetworkingExtension/8624.4.5.10.5 Network/5812.160.9 iOS/26.6"
2401:e180:8c40:632f:2418:9a0a:9526:2fc2 - - [25/Aug/2026:07:35:52 +0800] "GET /wp-includes/images/w-logo-blue-white-bg.png HTTP/1.1" 200 4946 "-" "NetworkingExtension/8624.4.5.10.5 Network/5812.160.9 iOS/26.6"
2401:e180:8c40:632f:2418:9a0a:9526:2fc2 - - [25/Aug/2026:07:35:52 +0800] "GET /apple-touch-icon.png HTTP/1.1" 404 25478 "-" "NetworkingExtension/8624.4.5.10.5 Network/5812.160.9 iOS/26.6"
2401:e180:8c40:632f:2418:9a0a:9526:2fc2 - - [25/Aug/2026:07:35:52 +0800] "GET /3589/ HTTP/1.1" 200 18289 "-" "Mozilla/5.0 (Macintosh; Intel Mac OS X 10_11_1) AppleWebKit/601.2.4 (KHTML, like Gecko) Version/9.0.1 Safari/601.2.4 facebookexternalhit/1.1 Facebot Twitterbot/1.0"
2001:288:a201::66:125 - - [25/Aug/2026:07:35:55 +0800] "GET /blog/active.php HTTP/1.1" 301 1026 "-" "-"
2001:288:a201::66:125 - - [25/Aug/2026:07:35:55 +0800] "GET /blog/active.php HTTP/1.1" 404 1084 "-" "-"
::1 - - [25/Aug/2026:07:35:56 +0800] "OPTIONS * HTTP/1.0" 200 110 "-" "Apache/2.4.68 (Ubuntu) OpenSSL/3.0.19 (internal dummy connection)"
140.111.67.10 - - [25/Aug/2026:07:35:57 +0800] "GET /" 301 273 "-" "-"
2001:288:a242:2:79e1:2610:f0cf:42d0 - - [25/Aug/2026:07:35:59 +0800] "GET / HTTP/1.1" 200 23353 "-" "Mozilla/5.0 (Windows NT 10.0; Win64; x64) AppleWebKit/537.36 (KHTML, like Gecko) Chrome/151.0.0.0 Safari/537.36"
2001:288:a242:2:79e1:2610:f0cf:42d0 - - [25/Aug/2026:07:35:59 +0800] "GET /wp-content/uploads/sites/1393/elementor/css/post-189.css HTTP/1.1" 200 1527 "https://www.cges.ilc.edu.tw/" "Mozilla/5.0 (Windows NT 10.0; Win64; x64) AppleWebKit/537.36 (KHTML, like Gecko) Chrome/151.0.0.0 Safari/537.36"
2001:288:a242:2:79e1:2610:f0cf:42d0 - - [25/Aug/2026:07:36:00 +0800] "GET /wp-content/uploads/sites/1393/2019/11/2026-06-15-16-37-19.jpg HTTP/1.1" 304 5591 "https://www.cges.ilc.edu.tw/wp-content/uploads/sites/1393/elementor/css/post-189.css" "Mozilla/5.0 (Windows NT 10.0; Win64; x64) AppleWebKit/537.36 (KHTML, like Gecko) Chrome/151.0.0.0 Safari/537.36"
2001:288:a242:2:79e1:2610:f0cf:42d0 - - [25/Aug/2026:07:36:00 +0800] "GET /wp-content/uploads/sites/1393/2019/11/2026-06-15-16-53-16.jpg HTTP/1.1" 304 5591 "https://www.cges.ilc.edu.tw/wp-content/uploads/sites/1393/elementor/css/post-189.css" "Mozilla/5.0 (Windows NT 10.0; Win64; x64) AppleWebKit/537.36 (KHTML, like Gecko) Chrome/151.0.0.0 Safari/537.36"
2001:288:a242:2:79e1:2610:f0cf:42d0 - - [25/Aug/2026:07:36:00 +0800] "GET /wp-content/uploads/sites/1393/2019/11/2026-05-09-12-39-46.jpg HTTP/1.1" 304 5591 "https://www.cges.ilc.edu.tw/wp-content/uploads/sites/1393/elementor/css/post-189.css" "Mozilla/5.0 (Windows NT 10.0; Win64; x64) AppleWebKit/537.36 (KHTML, like Gecko) Chrome/151.0.0.0 Safari/537.36"
2001:288:a242:2:79e1:2610:f0cf:42d0 - - [25/Aug/2026:07:36:00 +0800] "GET /wp-content/uploads/sites/1393/2019/11/%E8%BF%94%E6%A0%A1%E6%97%A5-1-1.jpg HTTP/1.1" 200 125613 "https://www.cges.ilc.edu.tw/wp-content/uploads/sites/1393/elementor/css/post-189.css" "Mozilla/5.0 (Windows NT 10.0; Win64; x64) AppleWebKit/537.36 (KHTML, like Gecko) Chrome/151.0.0.0 Safari/537.36"
2001:288:a242:2:79e1:2610:f0cf:42d0 - - [25/Aug/2026:07:36:00 +0800] "GET /wp-content/uploads/sites/1393/2019/11/%E8%BF%94%E6%A0%A1%E6%97%A5-2-1.jpg HTTP/1.1" 200 100351 "https://www.cges.ilc.edu.tw/wp-content/uploads/sites/1393/elementor/css/post-189.css" "Mozilla/5.0 (Windows NT 10.0; Win64; x64) AppleWebKit/537.36 (KHTML, like Gecko) Chrome/151.0.0.0 Safari/537.36"
2001:288:a242:2:79e1:2610:f0cf:42d0 - - [25/Aug/2026:07:36:00 +0800] "GET /wp-content/uploads/sites/1393/2019/11/%E6%96%B0%E8%81%9E_115%E6%8B%9B%E7%94%9F%E5%AE%A3%E5%82%B3%E5%9C%96_OK-scaled.jpg HTTP/1.1" 304 790 "https://www.cges.ilc.edu.tw/wp-content/uploads/sites/1393/elementor/css/post-189.css" "Mozilla/5.0 (Windows NT 10.0; Win64; x64) AppleWebKit/537.36 (KHTML, like Gecko) Chrome/151.0.0.0 Safari/537.36"
2001:288:a242:2:79e1:2610:f0cf:42d0 - - [25/Aug/2026:07:36:00 +0800] "GET /wp-content/uploads/sites/1393/2019/11/%E8%BF%94%E6%A0%A1%E6%97%A5-5.jpg HTTP/1.1" 200 167823 "https://www.cges.ilc.edu.tw/wp-content/uploads/sites/1393/elementor/css/post-189.css" "Mozilla/5.0 (Windows NT 10.0; Win64; x64) AppleWebKit/537.36 (KHTML, like Gecko) Chrome/151.0.0.0 Safari/537.36"
2001:288:a201::66:125 - - [25/Aug/2026:07:36:00 +0800] "GET /blog/active.php HTTP/1.1" 301 1026 "-" "-"
2001:288:a201::66:125 - - [25/Aug/2026:07:36:00 +0800] "GET /blog/active.php HTTP/1.1" 404 1084 "-" "-"
2001:288:a201::67:85 - - [25/Aug/2026:07:36:01 +0800] "GET / HTTP/1.1" 200 56291 "-" "curl/7.81.0"
140.111.67.10 - - [25/Aug/2026:07:36:02 +0800] "GET /" 301 273 "-" "-"
2001:288:a201::67:81 - - [25/Aug/2026:07:36:02 +0800] "GET / HTTP/1.1" 200 56291 "-" "curl/7.81.0"
2001:288:a201::66:125 - - [25/Aug/2026:07:36:05 +0800] "GET /blog/active.php HTTP/1.1" 301 1026 "-" "-"
2001:288:a201::66:125 - - [25/Aug/2026:07:36:05 +0800] "GET /blog/active.php HTTP/1.1" 404 1084 "-" "-"
140.111.67.10 - - [25/Aug/2026:07:36:07 +0800] "GET /" 301 273 "-" "-"
2001:288:a201::66:125 - - [25/Aug/2026:07:36:10 +0800] "GET /blog/active.php HTTP/1.1" 404 1084 "-" "-"
2001:288:a201::66:125 - - [25/Aug/2026:07:36:10 +0800] "GET /blog/active.php HTTP/1.1" 301 1026 "-" "-"
140.111.67.10 - - [25/Aug/2026:07:36:11 +0800] "GET /" 301 273 "-" "-"
2001:288:a201::66:125 - - [25/Aug/2026:07:36:15 +0800] "GET /blog/active.php HTTP/1.1" 404 1084 "-" "-"
2001:288:a201::66:125 - - [25/Aug/2026:07:36:15 +0800] "GET /blog/active.php HTTP/1.1" 301 1026 "-" "-"
2a00:ccc0:ffff:6bc2:6bc2:6156:6bc2:6156 - - [25/Aug/2026:07:36:16 +0800] "GET / HTTP/1.1" 200 86467 "-" "Mozilla/5.0 (Windows NT 10.0; Win64; x64; rv:148.0) Gecko/20100101 Firefox/148.0"
140.111.67.10 - - [25/Aug/2026:07:36:16 +0800] "GET /" 301 273 "-" "-"
2001:288:a201::66:125 - - [25/Aug/2026:07:36:20 +0800] "GET /blog/active.php HTTP/1.1" 404 1084 "-" "-"
2001:288:a201::66:125 - - [25/Aug/2026:07:36:20 +0800] "GET /blog/active.php HTTP/1.1" 301 1026 "-" "-"
140.111.67.10 - - [25/Aug/2026:07:36:21 +0800] "GET /" 301 273 "-" "-"
2001:288:a257:1:cb55:4825:dc44:8c36 - - [25/Aug/2026:07:36:24 +0800] "-" 408 4802 "-" "-"
2001:288:a201::66:125 - - [25/Aug/2026:07:36:25 +0800] "GET /blog/active.php HTTP/1.1" 404 1084 "-" "-"
2001:288:a201::66:125 - - [25/Aug/2026:07:36:25 +0800] "GET /blog/active.php HTTP/1.1" 301 1026 "-" "-"
140.111.67.10 - - [25/Aug/2026:07:36:27 +0800] "GET /" 301 273 "-" "-"
::1 - - [25/Aug/2026:07:36:27 +0800] "OPTIONS * HTTP/1.0" 200 110 "-" "Apache/2.4.68 (Ubuntu) OpenSSL/3.0.19 (internal dummy connection)"
2001:288:a201::66:125 - - [25/Aug/2026:07:36:30 +0800] "GET /blog/active.php HTTP/1.1" 404 1084 "-" "-"
2001:288:a201::66:125 - - [25/Aug/2026:07:36:30 +0800] "GET /blog/active.php HTTP/1.1" 301 1026 "-" "-"
2a03:4000:2b:9f1:9420:aff:fe34:32d5 - - [25/Aug/2026:07:36:31 +0800] "GET / HTTP/1.1" 200 66084 "-" "Mozilla/5.0 (Windows NT 10.0; Win64; x64; rv:148.0) Gecko/20100101 Firefox/148.0"
140.111.67.10 - - [25/Aug/2026:07:36:31 +0800] "GET /" 301 273 "-" "-"
2001:288:a201::66:125 - - [25/Aug/2026:07:36:35 +0800] "GET /blog/active.php HTTP/1.1" 404 1084 "-" "-"
240e:338:7874:e6e0:ded8:7cff:fe59:a514 - - [25/Aug/2026:07:36:35 +0800] "GET /wp-content/cache/www.cwjh.ilc.edu.tw/wpfc-minified/7957u2ji/77dd.css HTTP/1.1" 200 20585 "https://www.cwjh.ilc.edu.tw/2025/05/" "Mozilla/5.0 (Windows NT 10.0; Win64; x64) AppleWebKit/537.36 (KHTML, like Gecko) Chrome/144.0.0.0 Safari/537.36"
2001:288:a201::66:125 - - [25/Aug/2026:07:36:35 +0800] "GET /blog/active.php HTTP/1.1" 301 1026 "-" "-"
140.111.67.10 - - [25/Aug/2026:07:36:36 +0800] "GET /" 301 273 "-" "-"
240e:338:7874:e6e0:ded8:7cff:fe59:a514 - - [25/Aug/2026:07:36:37 +0800] "GET /wp-content/themes/oceanwp/assets/js/drop-down-search.min.js HTTP/1.1" 200 2968 "https://www.cwjh.ilc.edu.tw/2025/05/" "Mozilla/5.0 (Windows NT 10.0; Win64; x64) AppleWebKit/537.36 (KHTML, like Gecko) Chrome/144.0.0.0 Safari/537.36"
240e:338:7874:e6e0:ded8:7cff:fe59:a514 - - [25/Aug/2026:07:36:38 +0800] "GET /wp-content/themes/oceanwp/assets/js/scroll-top.min.js HTTP/1.1" 200 3202 "https://www.cwjh.ilc.edu.tw/2025/05/" "Mozilla/5.0 (Windows NT 10.0; Win64; x64) AppleWebKit/537.36 (KHTML, like Gecko) Chrome/144.0.0.0 Safari/537.36"
2001:288:a201::66:125 - - [25/Aug/2026:07:36:40 +0800] "GET /blog/active.php HTTP/1.1" 301 1026 "-" "-"
2001:288:a201::66:125 - - [25/Aug/2026:07:36:40 +0800] "GET /blog/active.php HTTP/1.1" 404 1084 "-" "-"
2a13:7c00:5:37:f816:3eff:fe6c:dfe1 - - [25/Aug/2026:07:36:40 +0800] "GET / HTTP/1.1" 200 71627 "-" "Mozilla/5.0 (compatible; CT-WP-Probe/1.2)"
140.111.67.10 - - [25/Aug/2026:07:36:41 +0800] "GET /" 301 273 "-" "-"
2001:288:a201::66:125 - - [25/Aug/2026:07:36:45 +0800] "GET /blog/active.php HTTP/1.1" 301 1026 "-" "-"
2001:288:a201::66:125 - - [25/Aug/2026:07:36:45 +0800] "GET /blog/active.php HTTP/1.1" 404 1084 "-" "-"
140.111.67.10 - - [25/Aug/2026:07:36:46 +0800] "GET /" 301 273 "-" "-"
2001:288:a201::66:125 - - [25/Aug/2026:07:36:50 +0800] "GET /blog/active.php HTTP/1.1" 301 1026 "-" "-"
2001:288:a201::66:125 - - [25/Aug/2026:07:36:50 +0800] "GET /blog/active.php HTTP/1.1" 404 1084 "-" "-"
140.111.67.10 - - [25/Aug/2026:07:36:52 +0800] "GET /" 301 273 "-" "-"
2001:288:a201::66:125 - - [25/Aug/2026:07:36:55 +0800] "GET /blog/active.php HTTP/1.1" 404 1084 "-" "-"
2001:288:a201::66:125 - - [25/Aug/2026:07:36:55 +0800] "GET /blog/active.php HTTP/1.1" 301 1026 "-" "-"
140.111.67.10 - - [25/Aug/2026:07:36:57 +0800] "GET /" 301 273 "-" "-"
2001:288:a201::66:125 - - [25/Aug/2026:07:37:00 +0800] "GET /blog/active.php HTTP/1.1" 404 1084 "-" "-"
2001:288:a201::66:125 - - [25/Aug/2026:07:37:00 +0800] "GET /blog/active.php HTTP/1.1" 301 1026 "-" "-"
2001:288:a27b:1:d17:ac0d:60aa:b897 - - [25/Aug/2026:07:37:01 +0800] "GET /wp-content/uploads/sites/3846/elementor/css/post-19.css HTTP/1.1" 304 5581 "https://www.ilc.edu.tw/" "Mozilla/5.0 (Windows NT 10.0; Win64; x64) AppleWebKit/537.36 (KHTML, like Gecko) Chrome/151.0.0.0 Safari/537.36"
140.111.67.10 - - [25/Aug/2026:07:37:02 +0800] "GET /" 301 273 "-" "-"
2001:4860:7:110e::9b - - [25/Aug/2026:07:37:02 +0800] "GET / HTTP/1.1" 200 22438 "https://www.google.com/" "Mozilla/5.0 (Macintosh; Intel Mac OS X 10_15_7) AppleWebKit/537.36 (KHTML, like Gecko) Chrome/150.0.0.0 Safari/537.36"
2a03:2880:f812:4e:: - - [25/Aug/2026:07:37:00 +0800] "GET / HTTP/1.1" 200 28415 "-" "facebookexternalhit/1.1 (+http://www.facebook.com/externalhit_uatext.php)"
2001:288:a201::66:125 - - [25/Aug/2026:07:37:05 +0800] "GET /blog/active.php HTTP/1.1" 404 1084 "-" "-"
2001:288:a201::66:125 - - [25/Aug/2026:07:37:05 +0800] "GET /blog/active.php HTTP/1.1" 301 1026 "-" "-"
2001:288:a27b:1:dd4e:936a:bc9d:2237 - - [25/Aug/2026:07:37:06 +0800] "GET /wp-content/uploads/sites/3846/2026/06/%E5%AE%A3%E5%82%B3%E5%9C%96%E7%89%87.png HTTP/1.1" 304 5581 "https://www.ilc.edu.tw/" "Mozilla/5.0 (Windows NT 10.0; Win64; x64) AppleWebKit/537.36 (KHTML, like Gecko) Chrome/151.0.0.0 Safari/537.36"
140.111.67.10 - - [25/Aug/2026:07:37:07 +0800] "GET /" 301 273 "-" "-"
2001:b011:7806:7769:df82:66a0:4d27:3dce - - [25/Aug/2026:07:37:08 +0800] "-" 408 4804 "-" "-"
2a03:2880:f802:1b:: - - [25/Aug/2026:07:37:07 +0800] "GET /wp-login.php?key=3n5mr374&_wpnonce=&action=ilc_logout&redirect_to=https%3A%2F%2Fgame.edu.kg HTTP/1.1" 302 8248 "-" "Mozilla/5.0 (Macintosh; Intel Mac OS X 10_15_7) AppleWebKit/537.36 (KHTML, like Gecko) Chrome/145.0.0.0 Safari/537.36 (compatible; meta-externalagent/1.1 (+https://developers.facebook.com/docs/sharing/webmasters/crawler))"
2806:101e:9:2260:8807:1f5:b9d7:56f6 - - [25/Aug/2026:07:37:09 +0800] "GET /27438/2025/05/08/1804/ HTTP/1.1" 200 17604 "-" "Mozilla/5.0 (Macintosh; Intel Mac OS X 10_15_7) AppleWebKit/537.36 (KHTML, like Gecko) Chrome/133.0.0.0 Safari/537.36"
2001:288:a201::66:125 - - [25/Aug/2026:07:37:10 +0800] "GET /blog/active.php HTTP/1.1" 404 1084 "-" "-"
2001:288:a201::66:125 - - [25/Aug/2026:07:37:10 +0800] "GET /blog/active.php HTTP/1.1" 301 1026 "-" "-"
140.111.67.10 - - [25/Aug/2026:07:37:12 +0800] "GET /" 301 273 "-" "-"
2001:4860:7:810::fa - - [25/Aug/2026:07:37:14 +0800] "GET / HTTP/1.1" 200 31593 "https://www.google.com/" "Mozilla/5.0 (Windows NT 10.0; Win64; x64) AppleWebKit/537.36 (KHTML, like Gecko) Chrome/151.0.0.0 Safari/537.36"
2001:288:a201::66:125 - - [25/Aug/2026:07:37:15 +0800] "GET /blog/active.php HTTP/1.1" 404 1084 "-" "-"
2001:288:a201::66:125 - - [25/Aug/2026:07:37:15 +0800] "GET /blog/active.php HTTP/1.1" 301 1026 "-" "-"
140.111.67.10 - - [25/Aug/2026:07:37:16 +0800] "GET /" 301 273 "-" "-"
240e:938:a08:1900::15 - - [25/Aug/2026:07:37:17 +0800] "GET /4950/author/az8312 HTTP/1.1" 301 5743 "-" "Mozilla/5.0 (Windows NT 10.0; Win64; x64) AppleWebKit/537.36 (KHTML, like Gecko) Chrome/144.0.0.0 Safari/537.36"
240e:938:a08:1900::15 - - [25/Aug/2026:07:37:17 +0800] "GET /4950/author/az8312/ HTTP/1.1" 200 12298 "-" "Mozilla/5.0 (Windows NT 10.0; Win64; x64) AppleWebKit/537.36 (KHTML, like Gecko) Chrome/144.0.0.0 Safari/537.36"
240e:938:a08:1900::15 - - [25/Aug/2026:07:37:18 +0800] "GET /4950/wp-content/cache/2blog.ilc.edu.tw/wpfc-minified/loyv2q48/5wtrx.css HTTP/1.1" 200 40886 "https://2blog.ilc.edu.tw/4950/author/az8312/" "Mozilla/5.0 (Windows NT 10.0; Win64; x64) AppleWebKit/537.36 (KHTML, like Gecko) Chrome/144.0.0.0 Safari/537.36"
240e:938:a08:1900::15 - - [25/Aug/2026:07:37:19 +0800] "GET /4950/wp-content/cache/2blog.ilc.edu.tw/wpfc-minified/1uousgp/5wtrx.css HTTP/1.1" 200 15782 "https://2blog.ilc.edu.tw/4950/author/az8312/" "Mozilla/5.0 (Windows NT 10.0; Win64; x64) AppleWebKit/537.36 (KHTML, like Gecko) Chrome/144.0.0.0 Safari/537.36"
2408:8719:64:201:15:: - - [25/Aug/2026:07:37:18 +0800] "GET /39664/category/23-slug HTTP/1.1" 301 5773 "-" "Mozilla/5.0 (Windows NT 10.0; Win64; x64) AppleWebKit/537.36 (KHTML, like Gecko) Chrome/144.0.0.0 Safari/537.36"
240e:938:a08:1900::15 - - [25/Aug/2026:07:37:19 +0800] "GET /4950/wp-content/cache/2blog.ilc.edu.tw/wpfc-minified/32p1gk86/5wtrx.css HTTP/1.1" 200 1496 "https://2blog.ilc.edu.tw/4950/author/az8312/" "Mozilla/5.0 (Windows NT 10.0; Win64; x64) AppleWebKit/537.36 (KHTML, like Gecko) Chrome/144.0.0.0 Safari/537.36"
240e:938:a08:1900::15 - - [25/Aug/2026:07:37:19 +0800] "GET /4950/wp-content/cache/2blog.ilc.edu.tw/wpfc-minified/7yktl70c/5wtrx.css HTTP/1.1" 200 37028 "https://2blog.ilc.edu.tw/4950/author/az8312/" "Mozilla/5.0 (Windows NT 10.0; Win64; x64) AppleWebKit/537.36 (KHTML, like Gecko) Chrome/144.0.0.0 Safari/537.36"
240e:938:a08:1900::15 - - [25/Aug/2026:07:37:19 +0800] "GET /4950/wp-content/cache/2blog.ilc.edu.tw/wpfc-minified/ftfxkgln/5wtrx.js HTTP/1.1" 200 35903 "https://2blog.ilc.edu.tw/4950/author/az8312/" "Mozilla/5.0 (Windows NT 10.0; Win64; x64) AppleWebKit/537.36 (KHTML, like Gecko) Chrome/144.0.0.0 Safari/537.36"
240e:938:a08:1900::15 - - [25/Aug/2026:07:37:19 +0800] "GET /4950/wp-includes/js/hoverintent-js.min.js HTTP/1.1" 200 6391 "https://2blog.ilc.edu.tw/4950/author/az8312/" "Mozilla/5.0 (Windows NT 10.0; Win64; x64) AppleWebKit/537.36 (KHTML, like Gecko) Chrome/144.0.0.0 Safari/537.36"
240e:938:a08:1900::15 - - [25/Aug/2026:07:37:19 +0800] "GET /4950/wp-includes/js/admin-bar.min.js HTTP/1.1" 200 7031 "https://2blog.ilc.edu.tw/4950/author/az8312/" "Mozilla/5.0 (Windows NT 10.0; Win64; x64) AppleWebKit/537.36 (KHTML, like Gecko) Chrome/144.0.0.0 Safari/537.36"
2408:8719:64:201:15:: - - [25/Aug/2026:07:37:19 +0800] "GET /39664/category/23-slug/ HTTP/1.1" 200 14172 "-" "Mozilla/5.0 (Windows NT 10.0; Win64; x64) AppleWebKit/537.36 (KHTML, like Gecko) Chrome/144.0.0.0 Safari/537.36"
2408:8719:64:201:15:: - - [25/Aug/2026:07:37:20 +0800] "GET /39664/wp-content/cache/2blog.ilc.edu.tw/wpfc-minified/qx4prmkh/5wp3s.css HTTP/1.1" 200 40888 "https://2blog.ilc.edu.tw/39664/category/23-slug/" "Mozilla/5.0 (Windows NT 10.0; Win64; x64) AppleWebKit/537.36 (KHTML, like Gecko) Chrome/144.0.0.0 Safari/537.36"
240e:938:a08:1900::15 - - [25/Aug/2026:07:37:20 +0800] "GET /4950/wp-content/cache/2blog.ilc.edu.tw/wpfc-minified/l26emh1f/5wtrx.css HTTP/1.1" 200 2095 "https://2blog.ilc.edu.tw/4950/author/az8312/" "Mozilla/5.0 (Windows NT 10.0; Win64; x64) AppleWebKit/537.36 (KHTML, like Gecko) Chrome/144.0.0.0 Safari/537.36"
2408:8719:64:201:15:: - - [25/Aug/2026:07:37:20 +0800] "GET /39664/wp-content/cache/2blog.ilc.edu.tw/wpfc-minified/f5943mn4/5wp3s.css HTTP/1.1" 200 15782 "https://2blog.ilc.edu.tw/39664/category/23-slug/" "Mozilla/5.0 (Windows NT 10.0; Win64; x64) AppleWebKit/537.36 (KHTML, like Gecko) Chrome/144.0.0.0 Safari/537.36"
2001:288:a201::66:125 - - [25/Aug/2026:07:37:20 +0800] "GET /blog/active.php HTTP/1.1" 404 1084 "-" "-"
2001:288:a201::66:125 - - [25/Aug/2026:07:37:20 +0800] "GET /blog/active.php HTTP/1.1" 301 1026 "-" "-"
2408:8719:64:201:15:: - - [25/Aug/2026:07:37:20 +0800] "GET /39664/wp-content/cache/2blog.ilc.edu.tw/wpfc-minified/7m6biq18/5wp3s.css HTTP/1.1" 200 1496 "https://2blog.ilc.edu.tw/39664/category/23-slug/" "Mozilla/5.0 (Windows NT 10.0; Win64; x64) AppleWebKit/537.36 (KHTML, like Gecko) Chrome/144.0.0.0 Safari/537.36"
2408:8719:64:201:15:: - - [25/Aug/2026:07:37:20 +0800] "GET /39664/wp-content/cache/2blog.ilc.edu.tw/wpfc-minified/kcv8g84j/5wp3s.css HTTP/1.1" 200 53976 "https://2blog.ilc.edu.tw/39664/category/23-slug/" "Mozilla/5.0 (Windows NT 10.0; Win64; x64) AppleWebKit/537.36 (KHTML, like Gecko) Chrome/144.0.0.0 Safari/537.36"
2408:8719:64:201:15:: - - [25/Aug/2026:07:37:20 +0800] "GET /39664/wp-content/cache/2blog.ilc.edu.tw/wpfc-minified/9915ilob/5wp3s.js HTTP/1.1" 200 40360 "https://2blog.ilc.edu.tw/39664/category/23-slug/" "Mozilla/5.0 (Windows NT 10.0; Win64; x64) AppleWebKit/537.36 (KHTML, like Gecko) Chrome/144.0.0.0 Safari/537.36"
2408:8719:64:201:15:: - - [25/Aug/2026:07:37:20 +0800] "GET /39664/wp-includes/js/hoverintent-js.min.js HTTP/1.1" 200 6391 "https://2blog.ilc.edu.tw/39664/category/23-slug/" "Mozilla/5.0 (Windows NT 10.0; Win64; x64) AppleWebKit/537.36 (KHTML, like Gecko) Chrome/144.0.0.0 Safari/537.36"
2408:8719:64:201:15:: - - [25/Aug/2026:07:37:20 +0800] "GET /39664/wp-includes/js/admin-bar.min.js HTTP/1.1" 200 2237 "https://2blog.ilc.edu.tw/39664/category/23-slug/" "Mozilla/5.0 (Windows NT 10.0; Win64; x64) AppleWebKit/537.36 (KHTML, like Gecko) Chrome/144.0.0.0 Safari/537.36"
2408:8719:64:201:15:: - - [25/Aug/2026:07:37:21 +0800] "GET /39664/wp-includes/js/imagesloaded.min.js HTTP/1.1" 200 2683 "https://2blog.ilc.edu.tw/39664/category/23-slug/" "Mozilla/5.0 (Windows NT 10.0; Win64; x64) AppleWebKit/537.36 (KHTML, like Gecko) Chrome/144.0.0.0 Safari/537.36"
240e:938:a08:1900::15 - - [25/Aug/2026:07:37:21 +0800] "GET /favicon.ico HTTP/1.1" 302 901 "https://2blog.ilc.edu.tw/4950/author/az8312/" "Mozilla/5.0 (Windows NT 10.0; Win64; x64) AppleWebKit/537.36 (KHTML, like Gecko) Chrome/144.0.0.0 Safari/537.36"
2408:8719:64:201:15:: - - [25/Aug/2026:07:37:21 +0800] "GET /39664/wp-content/themes/oceanwp/assets/js/theme.min.js HTTP/1.1" 200 5130 "https://2blog.ilc.edu.tw/39664/category/23-slug/" "Mozilla/5.0 (Windows NT 10.0; Win64; x64) AppleWebKit/537.36 (KHTML, like Gecko) Chrome/144.0.0.0 Safari/537.36"
240e:938:a08:1900::15 - - [25/Aug/2026:07:37:21 +0800] "GET /wp-includes/images/w-logo-blue-white-bg.png HTTP/1.1" 200 4946 "https://2blog.ilc.edu.tw/4950/author/az8312/" "Mozilla/5.0 (Windows NT 10.0; Win64; x64) AppleWebKit/537.36 (KHTML, like Gecko) Chrome/144.0.0.0 Safari/537.36"
140.111.67.10 - - [25/Aug/2026:07:37:21 +0800] "GET /" 301 273 "-" "-"
2408:8719:64:201:15:: - - [25/Aug/2026:07:37:22 +0800] "GET /39664/wp-content/themes/oceanwp/assets/js/vendors/flickity.pkgd.min.js HTTP/1.1" 200 15048 "https://2blog.ilc.edu.tw/39664/category/23-slug/" "Mozilla/5.0 (Windows NT 10.0; Win64; x64) AppleWebKit/537.36 (KHTML, like Gecko) Chrome/144.0.0.0 Safari/537.36"
2408:8719:64:201:15:: - - [25/Aug/2026:07:37:22 +0800] "GET /39664/wp-content/themes/oceanwp/assets/js/vendors/magnific-popup.min.js HTTP/1.1" 200 8270 "https://2blog.ilc.edu.tw/39664/category/23-slug/" "Mozilla/5.0 (Windows NT 10.0; Win64; x64) AppleWebKit/537.36 (KHTML, like Gecko) Chrome/144.0.0.0 Safari/537.36"
2408:8719:64:201:15:: - - [25/Aug/2026:07:37:22 +0800] "GET /39664/wp-content/themes/oceanwp/assets/js/drop-down-search.min.js HTTP/1.1" 200 2968 "https://2blog.ilc.edu.tw/39664/category/23-slug/" "Mozilla/5.0 (Windows NT 10.0; Win64; x64) AppleWebKit/537.36 (KHTML, like Gecko) Chrome/144.0.0.0 Safari/537.36"
2408:8719:64:201:15:: - - [25/Aug/2026:07:37:22 +0800] "GET /39664/wp-content/themes/oceanwp/assets/js/drop-down-mobile-menu.min.js HTTP/1.1" 200 4663 "https://2blog.ilc.edu.tw/39664/category/23-slug/" "Mozilla/5.0 (Windows NT 10.0; Win64; x64) AppleWebKit/537.36 (KHTML, like Gecko) Chrome/144.0.0.0 Safari/537.36"
2408:8719:64:201:15:: - - [25/Aug/2026:07:37:22 +0800] "GET /39664/wp-content/themes/oceanwp/assets/js/ow-lightbox.min.js HTTP/1.1" 200 2321 "https://2blog.ilc.edu.tw/39664/category/23-slug/" "Mozilla/5.0 (Windows NT 10.0; Win64; x64) AppleWebKit/537.36 (KHTML, like Gecko) Chrome/144.0.0.0 Safari/537.36"
2408:8719:64:201:15:: - - [25/Aug/2026:07:37:22 +0800] "GET /39664/wp-content/themes/oceanwp/assets/js/ow-slider.min.js HTTP/1.1" 200 6555 "https://2blog.ilc.edu.tw/39664/category/23-slug/" "Mozilla/5.0 (Windows NT 10.0; Win64; x64) AppleWebKit/537.36 (KHTML, like Gecko) Chrome/144.0.0.0 Safari/537.36"
2408:8719:64:201:15:: - - [25/Aug/2026:07:37:23 +0800] "GET /39664/wp-content/themes/oceanwp/assets/fonts/simple-line-icons/Simple-Line-Icons.woff2?v=2.4.0 HTTP/1.1" 200 30959 "https://2blog.ilc.edu.tw/39664/wp-content/cache/2blog.ilc.edu.tw/wpfc-minified/kcv8g84j/5wp3s.css" "Mozilla/5.0 (Windows NT 10.0; Win64; x64) AppleWebKit/537.36 (KHTML, like Gecko) Chrome/144.0.0.0 Safari/537.36"
2408:8719:64:201:15:: - - [25/Aug/2026:07:37:23 +0800] "GET /39664/wp-content/themes/oceanwp/assets/js/scroll-effect.min.js HTTP/1.1" 200 4127 "https://2blog.ilc.edu.tw/39664/category/23-slug/" "Mozilla/5.0 (Windows NT 10.0; Win64; x64) AppleWebKit/537.36 (KHTML, like Gecko) Chrome/144.0.0.0 Safari/537.36"
2408:8719:64:201:15:: - - [25/Aug/2026:07:37:23 +0800] "GET /39664/wp-content/themes/oceanwp/assets/js/scroll-top.min.js HTTP/1.1" 200 3202 "https://2blog.ilc.edu.tw/39664/category/23-slug/" "Mozilla/5.0 (Windows NT 10.0; Win64; x64) AppleWebKit/537.36 (KHTML, like Gecko) Chrome/144.0.0.0 Safari/537.36"
2408:8719:64:201:15:: - - [25/Aug/2026:07:37:23 +0800] "GET /39664/wp-content/themes/oceanwp/assets/js/select.min.js HTTP/1.1" 200 2408 "https://2blog.ilc.edu.tw/39664/category/23-slug/" "Mozilla/5.0 (Windows NT 10.0; Win64; x64) AppleWebKit/537.36 (KHTML, like Gecko) Chrome/144.0.0.0 Safari/537.36"
2408:8719:64:201:15:: - - [25/Aug/2026:07:37:23 +0800] "GET /39664/wp-content/themes/oceanwp/assets/fonts/fontawesome/webfonts/fa-solid-900.woff2 HTTP/1.1" 200 151246 "https://2blog.ilc.edu.tw/39664/wp-content/cache/2blog.ilc.edu.tw/wpfc-minified/kcv8g84j/5wp3s.css" "Mozilla/5.0 (Windows NT 10.0; Win64; x64) AppleWebKit/537.36 (KHTML, like Gecko) Chrome/144.0.0.0 Safari/537.36"
::1 - - [25/Aug/2026:07:37:23 +0800] "OPTIONS * HTTP/1.0" 200 110 "-" "Apache/2.4.68 (Ubuntu) OpenSSL/3.0.19 (internal dummy connection)"
2a03:2880:f802:19:: - - [25/Aug/2026:07:37:22 +0800] "GET /wp-login.php?key=qzkw4375&_wpnonce=&action=ilc_logout&redirect_to=https%3A%2F%2Fgame.edu.kg HTTP/1.1" 302 8248 "-" "Mozilla/5.0 (Windows NT 10.0; Win64; x64) AppleWebKit/537.36 (KHTML, like Gecko) Chrome/145.0.0.0 Safari/537.36 (compatible; meta-externalagent/1.1 (+https://developers.facebook.com/docs/sharing/webmasters/crawler))"
2408:8719:64:201:15:: - - [25/Aug/2026:07:37:24 +0800] "GET /favicon.ico HTTP/1.1" 302 901 "https://2blog.ilc.edu.tw/39664/category/23-slug/" "Mozilla/5.0 (Windows NT 10.0; Win64; x64) AppleWebKit/537.36 (KHTML, like Gecko) Chrome/144.0.0.0 Safari/537.36"
::1 - - [25/Aug/2026:07:37:24 +0800] "OPTIONS * HTTP/1.0" 200 110 "-" "Apache/2.4.68 (Ubuntu) OpenSSL/3.0.19 (internal dummy connection)"
2408:8719:64:201:15:: - - [25/Aug/2026:07:37:25 +0800] "GET /wp-includes/images/w-logo-blue-white-bg.png HTTP/1.1" 200 4946 "https://2blog.ilc.edu.tw/39664/category/23-slug/" "Mozilla/5.0 (Windows NT 10.0; Win64; x64) AppleWebKit/537.36 (KHTML, like Gecko) Chrome/144.0.0.0 Safari/537.36"
::1 - - [25/Aug/2026:07:37:25 +0800] "OPTIONS * HTTP/1.0" 200 110 "-" "Apache/2.4.68 (Ubuntu) OpenSSL/3.0.19 (internal dummy connection)"
2001:288:a201::66:125 - - [25/Aug/2026:07:37:25 +0800] "GET /blog/active.php HTTP/1.1" 301 1026 "-" "-"
2001:288:a201::66:125 - - [25/Aug/2026:07:37:25 +0800] "GET /blog/active.php HTTP/1.1" 404 1084 "-" "-"
::1 - - [25/Aug/2026:07:37:26 +0800] "OPTIONS * HTTP/1.0" 200 110 "-" "Apache/2.4.68 (Ubuntu) OpenSSL/3.0.19 (internal dummy connection)"
140.111.67.10 - - [25/Aug/2026:07:37:26 +0800] "GET /" 301 273 "-" "-"
::1 - - [25/Aug/2026:07:37:27 +0800] "OPTIONS * HTTP/1.0" 200 110 "-" "Apache/2.4.68 (Ubuntu) OpenSSL/3.0.19 (internal dummy connection)"
::1 - - [25/Aug/2026:07:37:28 +0800] "OPTIONS * HTTP/1.0" 200 110 "-" "Apache/2.4.68 (Ubuntu) OpenSSL/3.0.19 (internal dummy connection)"
::1 - - [25/Aug/2026:07:37:29 +0800] "OPTIONS * HTTP/1.0" 200 110 "-" "Apache/2.4.68 (Ubuntu) OpenSSL/3.0.19 (internal dummy connection)"
2001:41d0:601:1100::2080 - - [25/Aug/2026:07:37:29 +0800] "GET /17248/wp-content/uploads/sites/1459/2024/04/DSC_0102-1-1024x768.jpg HTTP/1.1" 200 129866 "-" "Mozilla/5.0 (Windows NT 10.0; Win64; x64) AppleWebKit/537.36 (KHTML, like Gecko) Chrome/148.0.0.0 Safari/537.36"
::1 - - [25/Aug/2026:07:37:30 +0800] "OPTIONS * HTTP/1.0" 200 110 "-" "Apache/2.4.68 (Ubuntu) OpenSSL/3.0.19 (internal dummy connection)"
2001:288:a201::66:125 - - [25/Aug/2026:07:37:30 +0800] "GET /blog/active.php HTTP/1.1" 301 1026 "-" "-"
