2001:288:a27b:1:103a:c0e0:4bae:92e4 - - [25/Aug/2026:07:50:29 +0800] "GET /wp-content/plugins/elementor/assets/js/frontend-modules.min.js HTTP/1.1" 200 19416 "https://www.nojh.ilc.edu.tw/" "Mozilla/5.0 (Windows NT 10.0; Win64; x64) AppleWebKit/537.36 (KHTML, like Gecko) Chrome/151.0.0.0 Safari/537.36"
2001:288:a27b:1:103a:c0e0:4bae:92e4 - - [25/Aug/2026:07:50:29 +0800] "GET /wp-includes/js/dist/i18n.min.js HTTP/1.1" 200 4547 "https://www.nojh.ilc.edu.tw/" "Mozilla/5.0 (Windows NT 10.0; Win64; x64) AppleWebKit/537.36 (KHTML, like Gecko) Chrome/151.0.0.0 Safari/537.36"
2001:288:a27b:1:103a:c0e0:4bae:92e4 - - [25/Aug/2026:07:50:29 +0800] "GET /wp-content/plugins/elementor-pro/assets/js/frontend.min.js HTTP/1.1" 200 7574 "https://www.nojh.ilc.edu.tw/" "Mozilla/5.0 (Windows NT 10.0; Win64; x64) AppleWebKit/537.36 (KHTML, like Gecko) Chrome/151.0.0.0 Safari/537.36"
2001:288:a27b:1:103a:c0e0:4bae:92e4 - - [25/Aug/2026:07:50:29 +0800] "GET /wp-content/plugins/elementor/assets/lib/waypoints/waypoints.min.js HTTP/1.1" 200 3873 "https://www.nojh.ilc.edu.tw/" "Mozilla/5.0 (Windows NT 10.0; Win64; x64) AppleWebKit/537.36 (KHTML, like Gecko) Chrome/151.0.0.0 Safari/537.36"
2001:288:a27b:1:103a:c0e0:4bae:92e4 - - [25/Aug/2026:07:50:29 +0800] "GET /wp-includes/js/jquery/ui/core.min.js HTTP/1.1" 200 7986 "https://www.nojh.ilc.edu.tw/" "Mozilla/5.0 (Windows NT 10.0; Win64; x64) AppleWebKit/537.36 (KHTML, like Gecko) Chrome/151.0.0.0 Safari/537.36"
2001:288:a27b:1:103a:c0e0:4bae:92e4 - - [25/Aug/2026:07:50:29 +0800] "GET /wp-content/plugins/elementor/assets/js/frontend.min.js HTTP/1.1" 200 13169 "https://www.nojh.ilc.edu.tw/" "Mozilla/5.0 (Windows NT 10.0; Win64; x64) AppleWebKit/537.36 (KHTML, like Gecko) Chrome/151.0.0.0 Safari/537.36"
2001:288:a27b:1:103a:c0e0:4bae:92e4 - - [25/Aug/2026:07:50:29 +0800] "GET /wp-content/plugins/elementor-pro/assets/js/elements-handlers.min.js HTTP/1.1" 200 10882 "https://www.nojh.ilc.edu.tw/" "Mozilla/5.0 (Windows NT 10.0; Win64; x64) AppleWebKit/537.36 (KHTML, like Gecko) Chrome/151.0.0.0 Safari/537.36"
2001:288:a27b:1:103a:c0e0:4bae:92e4 - - [25/Aug/2026:07:50:29 +0800] "GET /wp-content/uploads/sites/859/2026/04/%E6%95%99%E5%B8%AB%E5%BE%B5%E6%89%8Dlogo.jpg HTTP/1.1" 200 26893 "https://www.nojh.ilc.edu.tw/" "Mozilla/5.0 (Windows NT 10.0; Win64; x64) AppleWebKit/537.36 (KHTML, like Gecko) Chrome/151.0.0.0 Safari/537.36"
2001:288:a27b:1:103a:c0e0:4bae:92e4 - - [25/Aug/2026:07:50:29 +0800] "GET /wp-content/uploads/sites/859/2022/04/%E9%98%B2%E7%96%AB%E5%B0%88%E5%8D%80-01-01.png HTTP/1.1" 200 7785 "https://www.nojh.ilc.edu.tw/" "Mozilla/5.0 (Windows NT 10.0; Win64; x64) AppleWebKit/537.36 (KHTML, like Gecko) Chrome/151.0.0.0 Safari/537.36"
2001:288:a27b:1:103a:c0e0:4bae:92e4 - - [25/Aug/2026:07:50:29 +0800] "GET /wp-content/uploads/sites/859/2023/12/%E6%80%A7%E5%B9%B3%E5%B0%88%E5%8D%80-2.jpg HTTP/1.1" 200 99831 "https://www.nojh.ilc.edu.tw/" "Mozilla/5.0 (Windows NT 10.0; Win64; x64) AppleWebKit/537.36 (KHTML, like Gecko) Chrome/151.0.0.0 Safari/537.36"
2001:288:a27b:1:103a:c0e0:4bae:92e4 - - [25/Aug/2026:07:50:29 +0800] "GET /wp-content/uploads/sites/859/2022/04/Greenliving_Logo.png HTTP/1.1" 200 10055 "https://www.nojh.ilc.edu.tw/" "Mozilla/5.0 (Windows NT 10.0; Win64; x64) AppleWebKit/537.36 (KHTML, like Gecko) Chrome/151.0.0.0 Safari/537.36"
2001:288:a27b:1:103a:c0e0:4bae:92e4 - - [25/Aug/2026:07:50:29 +0800] "GET /wp-content/uploads/sites/859/2022/04/%E5%A4%A7%E5%AD%B8%E5%95%8Flogo.png HTTP/1.1" 200 11441 "https://www.nojh.ilc.edu.tw/" "Mozilla/5.0 (Windows NT 10.0; Win64; x64) AppleWebKit/537.36 (KHTML, like Gecko) Chrome/151.0.0.0 Safari/537.36"
2001:288:a27b:1:103a:c0e0:4bae:92e4 - - [25/Aug/2026:07:50:29 +0800] "GET /wp-content/uploads/sites/859/2022/04/noexamLogo3.jpg HTTP/1.1" 200 14746 "https://www.nojh.ilc.edu.tw/" "Mozilla/5.0 (Windows NT 10.0; Win64; x64) AppleWebKit/537.36 (KHTML, like Gecko) Chrome/151.0.0.0 Safari/537.36"
2001:288:a27b:1:103a:c0e0:4bae:92e4 - - [25/Aug/2026:07:50:29 +0800] "GET /wp-content/uploads/sites/859/2022/08/1953%E5%8F%8D%E9%9C%B8%E5%87%8C%E5%B0%88%E7%B7%9A-1.png HTTP/1.1" 200 8531 "https://www.nojh.ilc.edu.tw/" "Mozilla/5.0 (Windows NT 10.0; Win64; x64) AppleWebKit/537.36 (KHTML, like Gecko) Chrome/151.0.0.0 Safari/537.36"
2001:288:a27b:1:103a:c0e0:4bae:92e4 - - [25/Aug/2026:07:50:29 +0800] "GET /wp-content/uploads/sites/859/4907/4907-706798.jpg HTTP/1.1" 200 10901 "https://www.nojh.ilc.edu.tw/" "Mozilla/5.0 (Windows NT 10.0; Win64; x64) AppleWebKit/537.36 (KHTML, like Gecko) Chrome/151.0.0.0 Safari/537.36"
2001:288:a27b:1:103a:c0e0:4bae:92e4 - - [25/Aug/2026:07:50:29 +0800] "GET /wp-content/uploads/sites/859/2022/04/165logo.png HTTP/1.1" 200 44849 "https://www.nojh.ilc.edu.tw/" "Mozilla/5.0 (Windows NT 10.0; Win64; x64) AppleWebKit/537.36 (KHTML, like Gecko) Chrome/151.0.0.0 Safari/537.36"
2001:288:a27b:1:103a:c0e0:4bae:92e4 - - [25/Aug/2026:07:50:29 +0800] "GET /wp-content/uploads/sites/859/4907/4907-4050619.png HTTP/1.1" 200 160979 "https://www.nojh.ilc.edu.tw/" "Mozilla/5.0 (Windows NT 10.0; Win64; x64) AppleWebKit/537.36 (KHTML, like Gecko) Chrome/151.0.0.0 Safari/537.36"
2001:288:a27b:1:103a:c0e0:4bae:92e4 - - [25/Aug/2026:07:50:29 +0800] "GET /wp-content/uploads/sites/859/2022/04/%E6%95%99%E5%B8%AB%E5%B0%88%E6%A5%AD%E7%99%BC%E5%B1%95logo1.png HTTP/1.1" 200 6615 "https://www.nojh.ilc.edu.tw/" "Mozilla/5.0 (Windows NT 10.0; Win64; x64) AppleWebKit/537.36 (KHTML, like Gecko) Chrome/151.0.0.0 Safari/537.36"
2001:288:a27b:1:103a:c0e0:4bae:92e4 - - [25/Aug/2026:07:50:29 +0800] "GET /wp-content/uploads/sites/859/4907/4907-843105.gif HTTP/1.1" 200 6609 "https://www.nojh.ilc.edu.tw/" "Mozilla/5.0 (Windows NT 10.0; Win64; x64) AppleWebKit/537.36 (KHTML, like Gecko) Chrome/151.0.0.0 Safari/537.36"
2001:288:a27b:1:103a:c0e0:4bae:92e4 - - [25/Aug/2026:07:50:29 +0800] "GET /wp-content/uploads/sites/859/4907/4907-892983.jpg HTTP/1.1" 200 3237 "https://www.nojh.ilc.edu.tw/" "Mozilla/5.0 (Windows NT 10.0; Win64; x64) AppleWebKit/537.36 (KHTML, like Gecko) Chrome/151.0.0.0 Safari/537.36"
2001:288:a27b:1:103a:c0e0:4bae:92e4 - - [25/Aug/2026:07:50:29 +0800] "GET /wp-content/uploads/sites/859/2019/07/nojh.png HTTP/1.1" 200 3984 "https://www.nojh.ilc.edu.tw/" "Mozilla/5.0 (Windows NT 10.0; Win64; x64) AppleWebKit/537.36 (KHTML, like Gecko) Chrome/151.0.0.0 Safari/537.36"
2001:288:a27b:1:103a:c0e0:4bae:92e4 - - [25/Aug/2026:07:50:30 +0800] "GET /wp-content/uploads/sites/859/2021/09/%E5%8D%97%E6%BE%B3%E9%AB%98%E4%B8%AD%E5%A4%A7%E9%96%805.jpg HTTP/1.1" 200 388550 "https://www.nojh.ilc.edu.tw/" "Mozilla/5.0 (Windows NT 10.0; Win64; x64) AppleWebKit/537.36 (KHTML, like Gecko) Chrome/151.0.0.0 Safari/537.36"
2001:288:a27b:1:103a:c0e0:4bae:92e4 - - [25/Aug/2026:07:50:30 +0800] "GET /wp-content/themes/oceanwp/assets/fonts/fontawesome/webfonts/fa-solid-900.woff2 HTTP/1.1" 200 151246 "https://www.nojh.ilc.edu.tw/wp-content/cache/www.nojh.ilc.edu.tw/wpfc-minified/f5x8hg78/7fy4.css" "Mozilla/5.0 (Windows NT 10.0; Win64; x64) AppleWebKit/537.36 (KHTML, like Gecko) Chrome/151.0.0.0 Safari/537.36"
2001:288:a27b:1:103a:c0e0:4bae:92e4 - - [25/Aug/2026:07:50:30 +0800] "GET /wp-content/plugins/elementor/assets/lib/dialog/dialog.min.js?ver=4.9.0 HTTP/1.1" 200 4368 "https://www.nojh.ilc.edu.tw/" "Mozilla/5.0 (Windows NT 10.0; Win64; x64) AppleWebKit/537.36 (KHTML, like Gecko) Chrome/151.0.0.0 Safari/537.36"
2001:288:a27b:1:103a:c0e0:4bae:92e4 - - [25/Aug/2026:07:50:30 +0800] "GET /wp-content/plugins/elementor/assets/js/lightbox.94b920846d1e37cafb78.bundle.min.js HTTP/1.1" 200 10857 "https://www.nojh.ilc.edu.tw/" "Mozilla/5.0 (Windows NT 10.0; Win64; x64) AppleWebKit/537.36 (KHTML, like Gecko) Chrome/151.0.0.0 Safari/537.36"
2001:288:a27b:1:103a:c0e0:4bae:92e4 - - [25/Aug/2026:07:50:30 +0800] "GET /wp-content/plugins/elementor/assets/lib/share-link/share-link.min.js?ver=3.22.3 HTTP/1.1" 200 2049 "https://www.nojh.ilc.edu.tw/" "Mozilla/5.0 (Windows NT 10.0; Win64; x64) AppleWebKit/537.36 (KHTML, like Gecko) Chrome/151.0.0.0 Safari/537.36"
2001:288:a201::66:125 - - [25/Aug/2026:07:50:30 +0800] "GET /blog/active.php HTTP/1.1" 301 1026 "-" "-"
2001:288:a201::66:125 - - [25/Aug/2026:07:50:30 +0800] "GET /blog/active.php HTTP/1.1" 404 1084 "-" "-"
140.111.67.10 - - [25/Aug/2026:07:50:32 +0800] "GET /" 301 273 "-" "-"
2001:288:a27b:1:103a:c0e0:4bae:92e4 - - [25/Aug/2026:07:50:34 +0800] "GET /wp-content/uploads/sites/859/2019/07/Logo-150x150.jpg HTTP/1.1" 200 5597 "https://www.nojh.ilc.edu.tw/" "Mozilla/5.0 (Windows NT 10.0; Win64; x64) AppleWebKit/537.36 (KHTML, like Gecko) Chrome/151.0.0.0 Safari/537.36"
2001:288:a201::66:125 - - [25/Aug/2026:07:50:35 +0800] "GET /blog/active.php HTTP/1.1" 404 1084 "-" "-"
2001:288:a201::66:125 - - [25/Aug/2026:07:50:35 +0800] "GET /blog/active.php HTTP/1.1" 301 1026 "-" "-"
2a03:2880:f802:1a:: - - [25/Aug/2026:07:50:33 +0800] "GET /wp-login.php?key=3141d381&_wpnonce=&action=ilc_logout&redirect_to=https%3A%2F%2Fmushroom.joynetgame.com HTTP/1.1" 302 8260 "-" "Mozilla/5.0 (Windows NT 10.0; Win64; x64) AppleWebKit/537.36 (KHTML, like Gecko) Chrome/145.0.0.0 Safari/537.36 (compatible; meta-externalagent/1.1 (+https://developers.facebook.com/docs/sharing/webmasters/crawler))"
140.111.67.10 - - [25/Aug/2026:07:50:37 +0800] "GET /" 301 273 "-" "-"
2001:288:a201::66:125 - - [25/Aug/2026:07:50:40 +0800] "GET /blog/active.php HTTP/1.1" 301 1026 "-" "-"
2001:288:a201::66:125 - - [25/Aug/2026:07:50:40 +0800] "GET /blog/active.php HTTP/1.1" 404 1084 "-" "-"
2001:b011:7801:d4af:9131:eb6:c79c:b5fb - - [25/Aug/2026:07:50:41 +0800] "-" 408 4791 "-" "-"
140.111.67.10 - - [25/Aug/2026:07:50:42 +0800] "GET /" 301 273 "-" "-"
2407:4b00:4c05:82e8:392b:f301:4030:a9df - - [25/Aug/2026:07:50:42 +0800] "GET /868/wp-content/uploads/sites/268/2021/05/01.png HTTP/1.1" 200 165145 "-" "com.google.GoogleMobile/434.2 iPhone/26.6 hw/iPhone12_1"
2a03:2880:f802:47:: - - [25/Aug/2026:07:50:41 +0800] "GET /wp-login.php?key=m28xn375&_wpnonce=&action=ilc_logout&redirect_to=https%3A%2F%2Fgame.edu.kg HTTP/1.1" 302 8248 "-" "Mozilla/5.0 (Macintosh; Intel Mac OS X 10_15_7) AppleWebKit/537.36 (KHTML, like Gecko) Chrome/145.0.0.0 Safari/537.36 (compatible; meta-externalagent/1.1 (+https://developers.facebook.com/docs/sharing/webmasters/crawler))"
2001:288:a201::66:125 - - [25/Aug/2026:07:50:45 +0800] "GET /blog/active.php HTTP/1.1" 404 1084 "-" "-"
2001:288:a201::66:125 - - [25/Aug/2026:07:50:45 +0800] "GET /blog/active.php HTTP/1.1" 301 1026 "-" "-"
140.111.67.10 - - [25/Aug/2026:07:50:47 +0800] "GET /" 301 273 "-" "-"
2401:e180:8d22:8f21:20ee:2ff:fe39:e0d2 - - [25/Aug/2026:07:50:47 +0800] "GET /wp-content/uploads/sites/233/1003/1003-3509313.jpg HTTP/1.1" 200 61404 "https://www.google.com/" "Mozilla/5.0 (Linux; Android 16; V2343 Build/BP2A.250605.031.A3; wv) AppleWebKit/537.36 (KHTML, like Gecko) Version/4.0 Chrome/150.0.7871.181 Mobile Safari/537.36 GoogleApp/17.50.14.ve.arm64"
140.111.140.32 - - [25/Aug/2026:07:50:47 +0800] "-" 408 4800 "-" "-"
140.111.140.32 - - [25/Aug/2026:07:50:47 +0800] "-" 408 4800 "-" "-"
::1 - - [25/Aug/2026:07:50:49 +0800] "OPTIONS * HTTP/1.0" 200 110 "-" "Apache/2.4.68 (Ubuntu) OpenSSL/3.0.19 (internal dummy connection)"
240e:960:3601:4::102 - - [25/Aug/2026:07:50:49 +0800] "GET /yilankindergartentest/wp-content/uploads/sites/3484/2025/09/114%E5%B9%B4%E5%BA%A6%E9%98%B2%E7%81%BD%E6%95%99%E8%82%B2%E5%B7%A5%E4%BD%9C%E8%87%AA%E8%A9%95%E8%A1%A8-1.odt HTTP/1.1" 200 19373 "-" "Mozilla/5.0 (Windows NT 10.0; Win64; x64) AppleWebKit/537.36 (KHTML, like Gecko) Chrome/144.0.0.0 Safari/537.36"
2001:288:a201::66:125 - - [25/Aug/2026:07:50:50 +0800] "GET /blog/active.php HTTP/1.1" 301 1026 "-" "-"
2001:288:a201::66:125 - - [25/Aug/2026:07:50:50 +0800] "GET /blog/active.php HTTP/1.1" 404 1084 "-" "-"
240e:910:e000:811::11af - - [25/Aug/2026:07:50:51 +0800] "GET /6093/wp-content/cache/2blog.ilc.edu.tw/wpfc-minified/6wsjmytt/5wosg.css HTTP/1.1" 200 20576 "https://2blog.ilc.edu.tw/6093/2020/11/page/2/" "Mozilla/5.0 (Windows NT 10.0; Win64; x64) AppleWebKit/537.36 (KHTML, like Gecko) Chrome/144.0.0.0 Safari/537.36"
240e:910:e000:811::11af - - [25/Aug/2026:07:50:51 +0800] "GET /6093/wp-content/cache/2blog.ilc.edu.tw/wpfc-minified/kehe5gf7/5wosg.css HTTP/1.1" 200 5951 "https://2blog.ilc.edu.tw/6093/2020/11/page/2/" "Mozilla/5.0 (Windows NT 10.0; Win64; x64) AppleWebKit/537.36 (KHTML, like Gecko) Chrome/144.0.0.0 Safari/537.36"
240e:910:e000:811::11af - - [25/Aug/2026:07:50:51 +0800] "GET /6093/wp-content/cache/2blog.ilc.edu.tw/wpfc-minified/7m6bix8t/5wosg.css HTTP/1.1" 200 58430 "https://2blog.ilc.edu.tw/6093/2020/11/page/2/" "Mozilla/5.0 (Windows NT 10.0; Win64; x64) AppleWebKit/537.36 (KHTML, like Gecko) Chrome/144.0.0.0 Safari/537.36"
240e:910:e000:811::11af - - [25/Aug/2026:07:50:51 +0800] "GET /6093/wp-includes/js/hoverintent-js.min.js HTTP/1.1" 200 6391 "https://2blog.ilc.edu.tw/6093/2020/11/page/2/" "Mozilla/5.0 (Windows NT 10.0; Win64; x64) AppleWebKit/537.36 (KHTML, like Gecko) Chrome/144.0.0.0 Safari/537.36"
240e:910:e000:811::11af - - [25/Aug/2026:07:50:51 +0800] "GET /6093/wp-content/cache/2blog.ilc.edu.tw/wpfc-minified/86vam1yv/5wosg.js HTTP/1.1" 200 40357 "https://2blog.ilc.edu.tw/6093/2020/11/page/2/" "Mozilla/5.0 (Windows NT 10.0; Win64; x64) AppleWebKit/537.36 (KHTML, like Gecko) Chrome/144.0.0.0 Safari/537.36"
240e:910:e000:811::11af - - [25/Aug/2026:07:50:51 +0800] "GET /6093/wp-includes/js/imagesloaded.min.js HTTP/1.1" 200 2683 "https://2blog.ilc.edu.tw/6093/2020/11/page/2/" "Mozilla/5.0 (Windows NT 10.0; Win64; x64) AppleWebKit/537.36 (KHTML, like Gecko) Chrome/144.0.0.0 Safari/537.36"
140.111.67.10 - - [25/Aug/2026:07:50:51 +0800] "GET /" 301 273 "-" "-"
240e:910:e000:811::11af - - [25/Aug/2026:07:50:51 +0800] "GET /6093/wp-content/themes/oceanwp/assets/js/drop-down-mobile-menu.min.js HTTP/1.1" 200 4663 "https://2blog.ilc.edu.tw/6093/2020/11/page/2/" "Mozilla/5.0 (Windows NT 10.0; Win64; x64) AppleWebKit/537.36 (KHTML, like Gecko) Chrome/144.0.0.0 Safari/537.36"
2001:4860:7:410::f0 - - [25/Aug/2026:07:50:52 +0800] "GET / HTTP/1.1" 200 29126 "https://www.google.com/" "Mozilla/5.0 (Windows NT 10.0; Win64; x64) AppleWebKit/537.36 (KHTML, like Gecko) Chrome/151.0.0.0 Safari/537.36"
240e:910:e000:811::11af - - [25/Aug/2026:07:50:53 +0800] "GET /6093/wp-content/themes/oceanwp/assets/js/drop-down-search.min.js HTTP/1.1" 200 2968 "https://2blog.ilc.edu.tw/6093/2020/11/page/2/" "Mozilla/5.0 (Windows NT 10.0; Win64; x64) AppleWebKit/537.36 (KHTML, like Gecko) Chrome/144.0.0.0 Safari/537.36"
240e:910:e000:811::11af - - [25/Aug/2026:07:50:53 +0800] "GET /6093/wp-content/themes/oceanwp/assets/js/vendors/magnific-popup.min.js HTTP/1.1" 200 8270 "https://2blog.ilc.edu.tw/6093/2020/11/page/2/" "Mozilla/5.0 (Windows NT 10.0; Win64; x64) AppleWebKit/537.36 (KHTML, like Gecko) Chrome/144.0.0.0 Safari/537.36"
240e:910:e000:811::11af - - [25/Aug/2026:07:50:53 +0800] "GET /6093/wp-content/themes/oceanwp/assets/js/ow-slider.min.js HTTP/1.1" 200 1761 "https://2blog.ilc.edu.tw/6093/2020/11/page/2/" "Mozilla/5.0 (Windows NT 10.0; Win64; x64) AppleWebKit/537.36 (KHTML, like Gecko) Chrome/144.0.0.0 Safari/537.36"
240e:910:e000:811::11af - - [25/Aug/2026:07:50:53 +0800] "GET /6093/wp-content/themes/oceanwp/assets/js/vendors/flickity.pkgd.min.js HTTP/1.1" 200 15048 "https://2blog.ilc.edu.tw/6093/2020/11/page/2/" "Mozilla/5.0 (Windows NT 10.0; Win64; x64) AppleWebKit/537.36 (KHTML, like Gecko) Chrome/144.0.0.0 Safari/537.36"
240e:910:e000:811::11af - - [25/Aug/2026:07:50:53 +0800] "GET /6093/wp-content/themes/oceanwp/assets/js/scroll-effect.min.js HTTP/1.1" 200 4127 "https://2blog.ilc.edu.tw/6093/2020/11/page/2/" "Mozilla/5.0 (Windows NT 10.0; Win64; x64) AppleWebKit/537.36 (KHTML, like Gecko) Chrome/144.0.0.0 Safari/537.36"
240e:910:e000:811::11af - - [25/Aug/2026:07:50:53 +0800] "GET /6093/wp-content/themes/oceanwp/assets/fonts/simple-line-icons/Simple-Line-Icons.woff2?v=2.4.0 HTTP/1.1" 200 30959 "https://2blog.ilc.edu.tw/6093/wp-content/cache/2blog.ilc.edu.tw/wpfc-minified/7m6bix8t/5wosg.css" "Mozilla/5.0 (Windows NT 10.0; Win64; x64) AppleWebKit/537.36 (KHTML, like Gecko) Chrome/144.0.0.0 Safari/537.36"
240e:910:e000:811::11af - - [25/Aug/2026:07:50:53 +0800] "GET /6093/wp-content/themes/oceanwp/assets/js/scroll-top.min.js HTTP/1.1" 200 3202 "https://2blog.ilc.edu.tw/6093/2020/11/page/2/" "Mozilla/5.0 (Windows NT 10.0; Win64; x64) AppleWebKit/537.36 (KHTML, like Gecko) Chrome/144.0.0.0 Safari/537.36"
2409:8714:e95:31::230 - - [25/Aug/2026:07:50:52 +0800] "GET /17160/tag/md/page/2 HTTP/1.1" 301 5770 "-" "Mozilla/5.0 (Windows NT 10.0; Win64; x64) AppleWebKit/537.36 (KHTML, like Gecko) Chrome/144.0.0.0 Safari/537.36"
240e:910:e000:811::11af - - [25/Aug/2026:07:50:53 +0800] "GET /6093/wp-content/themes/oceanwp/assets/fonts/fontawesome/webfonts/fa-solid-900.woff2 HTTP/1.1" 200 151246 "https://2blog.ilc.edu.tw/6093/wp-content/cache/2blog.ilc.edu.tw/wpfc-minified/7m6bix8t/5wosg.css" "Mozilla/5.0 (Windows NT 10.0; Win64; x64) AppleWebKit/537.36 (KHTML, like Gecko) Chrome/144.0.0.0 Safari/537.36"
240e:910:e000:811::11af - - [25/Aug/2026:07:50:54 +0800] "GET /6093/wp-content/uploads/sites/2823/2020/11/cropped-%E5%A4%A7%E9%87%8C%E7%92%B0%E6%95%99Banner-10-32x32.png HTTP/1.1" 200 2477 "https://2blog.ilc.edu.tw/6093/2020/11/page/2/" "Mozilla/5.0 (Windows NT 10.0; Win64; x64) AppleWebKit/537.36 (KHTML, like Gecko) Chrome/144.0.0.0 Safari/537.36"
2409:8714:e95:31::230 - - [25/Aug/2026:07:50:54 +0800] "GET /17160/tag/md/page/2/ HTTP/1.1" 200 15386 "-" "Mozilla/5.0 (Windows NT 10.0; Win64; x64) AppleWebKit/537.36 (KHTML, like Gecko) Chrome/144.0.0.0 Safari/537.36"
2001:288:a201::66:125 - - [25/Aug/2026:07:50:55 +0800] "GET /blog/active.php HTTP/1.1" 404 1084 "-" "-"
2001:288:a201::66:125 - - [25/Aug/2026:07:50:55 +0800] "GET /blog/active.php HTTP/1.1" 301 1026 "-" "-"
2409:8714:e95:31::230 - - [25/Aug/2026:07:50:56 +0800] "GET /17160/wp-includes/css/dashicons.min.css HTTP/1.1" 200 37075 "https://2blog.ilc.edu.tw/17160/tag/md/page/2/" "Mozilla/5.0 (Windows NT 10.0; Win64; x64) AppleWebKit/537.36 (KHTML, like Gecko) Chrome/144.0.0.0 Safari/537.36"
2409:8714:e95:31::230 - - [25/Aug/2026:07:50:56 +0800] "GET /17160/wp-includes/css/admin-bar.min.css HTTP/1.1" 200 5024 "https://2blog.ilc.edu.tw/17160/tag/md/page/2/" "Mozilla/5.0 (Windows NT 10.0; Win64; x64) AppleWebKit/537.36 (KHTML, like Gecko) Chrome/144.0.0.0 Safari/537.36"
2409:8714:e95:31::230 - - [25/Aug/2026:07:50:56 +0800] "GET /17160/wp-includes/css/dist/block-library/style.min.css HTTP/1.1" 200 20574 "https://2blog.ilc.edu.tw/17160/tag/md/page/2/" "Mozilla/5.0 (Windows NT 10.0; Win64; x64) AppleWebKit/537.36 (KHTML, like Gecko) Chrome/144.0.0.0 Safari/537.36"
2409:8714:e95:31::230 - - [25/Aug/2026:07:50:56 +0800] "GET /17160/wp-content/plugins/google-drive-embedder/css/gdm-blocks.css HTTP/1.1" 200 5954 "https://2blog.ilc.edu.tw/17160/tag/md/page/2/" "Mozilla/5.0 (Windows NT 10.0; Win64; x64) AppleWebKit/537.36 (KHTML, like Gecko) Chrome/144.0.0.0 Safari/537.36"
140.111.67.10 - - [25/Aug/2026:07:50:56 +0800] "GET /" 301 273 "-" "-"
2409:8714:e95:31::230 - - [25/Aug/2026:07:50:57 +0800] "GET /17160/wp-content/themes/oceanwp/assets/css/style.min.css HTTP/1.1" 200 28200 "https://2blog.ilc.edu.tw/17160/tag/md/page/2/" "Mozilla/5.0 (Windows NT 10.0; Win64; x64) AppleWebKit/537.36 (KHTML, like Gecko) Chrome/144.0.0.0 Safari/537.36"
2409:8714:e95:31::230 - - [25/Aug/2026:07:50:57 +0800] "GET /17160/wp-content/themes/oceanwp-child-theme-master2/style.css HTTP/1.1" 200 1376 "https://2blog.ilc.edu.tw/17160/tag/md/page/2/" "Mozilla/5.0 (Windows NT 10.0; Win64; x64) AppleWebKit/537.36 (KHTML, like Gecko) Chrome/144.0.0.0 Safari/537.36"
2409:8714:e95:31::230 - - [25/Aug/2026:07:50:57 +0800] "GET /17160/wp-content/themes/oceanwp/assets/fonts/fontawesome/css/all.min.css HTTP/1.1" 200 23385 "https://2blog.ilc.edu.tw/17160/tag/md/page/2/" "Mozilla/5.0 (Windows NT 10.0; Win64; x64) AppleWebKit/537.36 (KHTML, like Gecko) Chrome/144.0.0.0 Safari/537.36"
2409:8714:e95:31::230 - - [25/Aug/2026:07:50:57 +0800] "GET /17160/wp-content/themes/oceanwp/assets/css/third/simple-line-icons.min.css HTTP/1.1" 200 3321 "https://2blog.ilc.edu.tw/17160/tag/md/page/2/" "Mozilla/5.0 (Windows NT 10.0; Win64; x64) AppleWebKit/537.36 (KHTML, like Gecko) Chrome/144.0.0.0 Safari/537.36"
2409:8714:e95:31::230 - - [25/Aug/2026:07:50:57 +0800] "GET /17160/wp-includes/js/jquery/jquery.min.js HTTP/1.1" 200 31359 "https://2blog.ilc.edu.tw/17160/tag/md/page/2/" "Mozilla/5.0 (Windows NT 10.0; Win64; x64) AppleWebKit/537.36 (KHTML, like Gecko) Chrome/144.0.0.0 Safari/537.36"
2409:8714:e95:31::230 - - [25/Aug/2026:07:50:57 +0800] "GET /17160/wp-includes/js/jquery/jquery-migrate.min.js HTTP/1.1" 200 5752 "https://2blog.ilc.edu.tw/17160/tag/md/page/2/" "Mozilla/5.0 (Windows NT 10.0; Win64; x64) AppleWebKit/537.36 (KHTML, like Gecko) Chrome/144.0.0.0 Safari/537.36"
2409:8714:e95:31::230 - - [25/Aug/2026:07:50:58 +0800] "GET /17160/wp-includes/js/hoverintent-js.min.js HTTP/1.1" 200 6391 "https://2blog.ilc.edu.tw/17160/tag/md/page/2/" "Mozilla/5.0 (Windows NT 10.0; Win64; x64) AppleWebKit/537.36 (KHTML, like Gecko) Chrome/144.0.0.0 Safari/537.36"
2a03:2880:f802:1e:: - - [25/Aug/2026:07:50:56 +0800] "GET /wp-login.php?key=2prow375&_wpnonce=&action=ilc_logout&redirect_to=https%3A%2F%2Fgame.edu.kg HTTP/1.1" 302 8248 "-" "Mozilla/5.0 (Macintosh; Intel Mac OS X 10_15_7) AppleWebKit/537.36 (KHTML, like Gecko) Chrome/145.0.0.0 Safari/537.36 (compatible; meta-externalagent/1.1 (+https://developers.facebook.com/docs/sharing/webmasters/crawler))"
2409:8714:e95:31::230 - - [25/Aug/2026:07:50:58 +0800] "GET /17160/wp-includes/js/admin-bar.min.js HTTP/1.1" 200 2237 "https://2blog.ilc.edu.tw/17160/tag/md/page/2/" "Mozilla/5.0 (Windows NT 10.0; Win64; x64) AppleWebKit/537.36 (KHTML, like Gecko) Chrome/144.0.0.0 Safari/537.36"
2409:8714:e95:31::230 - - [25/Aug/2026:07:50:58 +0800] "GET /17160/wp-includes/js/imagesloaded.min.js HTTP/1.1" 200 2683 "https://2blog.ilc.edu.tw/17160/tag/md/page/2/" "Mozilla/5.0 (Windows NT 10.0; Win64; x64) AppleWebKit/537.36 (KHTML, like Gecko) Chrome/144.0.0.0 Safari/537.36"
2409:8714:e95:31::230 - - [25/Aug/2026:07:50:58 +0800] "GET /17160/wp-content/themes/oceanwp/assets/js/theme.min.js HTTP/1.1" 200 5130 "https://2blog.ilc.edu.tw/17160/tag/md/page/2/" "Mozilla/5.0 (Windows NT 10.0; Win64; x64) AppleWebKit/537.36 (KHTML, like Gecko) Chrome/144.0.0.0 Safari/537.36"
2409:8714:e95:31::230 - - [25/Aug/2026:07:50:59 +0800] "GET /17160/wp-content/themes/oceanwp/assets/js/drop-down-mobile-menu.min.js HTTP/1.1" 200 4663 "https://2blog.ilc.edu.tw/17160/tag/md/page/2/" "Mozilla/5.0 (Windows NT 10.0; Win64; x64) AppleWebKit/537.36 (KHTML, like Gecko) Chrome/144.0.0.0 Safari/537.36"
2001:288:a201::66:125 - - [25/Aug/2026:07:51:00 +0800] "GET /blog/active.php HTTP/1.1" 404 1084 "-" "-"
2001:288:a201::66:125 - - [25/Aug/2026:07:51:00 +0800] "GET /blog/active.php HTTP/1.1" 301 1026 "-" "-"
2409:8714:e95:31::230 - - [25/Aug/2026:07:51:00 +0800] "GET /17160/wp-content/themes/oceanwp/assets/js/drop-down-search.min.js HTTP/1.1" 200 2968 "https://2blog.ilc.edu.tw/17160/tag/md/page/2/" "Mozilla/5.0 (Windows NT 10.0; Win64; x64) AppleWebKit/537.36 (KHTML, like Gecko) Chrome/144.0.0.0 Safari/537.36"
2409:8714:e95:31::230 - - [25/Aug/2026:07:51:00 +0800] "GET /17160/wp-content/themes/oceanwp/assets/js/vendors/flickity.pkgd.min.js HTTP/1.1" 200 15048 "https://2blog.ilc.edu.tw/17160/tag/md/page/2/" "Mozilla/5.0 (Windows NT 10.0; Win64; x64) AppleWebKit/537.36 (KHTML, like Gecko) Chrome/144.0.0.0 Safari/537.36"
2409:8714:e95:31::230 - - [25/Aug/2026:07:51:00 +0800] "GET /17160/wp-content/themes/oceanwp/assets/js/vendors/magnific-popup.min.js HTTP/1.1" 200 8270 "https://2blog.ilc.edu.tw/17160/tag/md/page/2/" "Mozilla/5.0 (Windows NT 10.0; Win64; x64) AppleWebKit/537.36 (KHTML, like Gecko) Chrome/144.0.0.0 Safari/537.36"
2409:8714:e95:31::230 - - [25/Aug/2026:07:51:00 +0800] "GET /17160/wp-content/themes/oceanwp/assets/js/ow-lightbox.min.js HTTP/1.1" 200 2321 "https://2blog.ilc.edu.tw/17160/tag/md/page/2/" "Mozilla/5.0 (Windows NT 10.0; Win64; x64) AppleWebKit/537.36 (KHTML, like Gecko) Chrome/144.0.0.0 Safari/537.36"
2409:8714:e95:31::230 - - [25/Aug/2026:07:51:01 +0800] "GET /17160/wp-content/themes/oceanwp/assets/fonts/simple-line-icons/Simple-Line-Icons.woff2?v=2.4.0 HTTP/1.1" 200 30959 "https://2blog.ilc.edu.tw/17160/wp-content/themes/oceanwp/assets/css/third/simple-line-icons.min.css" "Mozilla/5.0 (Windows NT 10.0; Win64; x64) AppleWebKit/537.36 (KHTML, like Gecko) Chrome/144.0.0.0 Safari/537.36"
2409:8714:e95:31::230 - - [25/Aug/2026:07:51:01 +0800] "GET /17160/wp-content/themes/oceanwp/assets/js/ow-slider.min.js HTTP/1.1" 200 1761 "https://2blog.ilc.edu.tw/17160/tag/md/page/2/" "Mozilla/5.0 (Windows NT 10.0; Win64; x64) AppleWebKit/537.36 (KHTML, like Gecko) Chrome/144.0.0.0 Safari/537.36"
2409:8714:e95:31::230 - - [25/Aug/2026:07:51:01 +0800] "GET /17160/wp-content/themes/oceanwp/assets/js/scroll-effect.min.js HTTP/1.1" 200 4127 "https://2blog.ilc.edu.tw/17160/tag/md/page/2/" "Mozilla/5.0 (Windows NT 10.0; Win64; x64) AppleWebKit/537.36 (KHTML, like Gecko) Chrome/144.0.0.0 Safari/537.36"
140.111.67.10 - - [25/Aug/2026:07:51:01 +0800] "GET /" 301 273 "-" "-"
2409:8714:e95:31::230 - - [25/Aug/2026:07:51:02 +0800] "GET /17160/wp-content/themes/oceanwp/assets/js/scroll-top.min.js HTTP/1.1" 200 3202 "https://2blog.ilc.edu.tw/17160/tag/md/page/2/" "Mozilla/5.0 (Windows NT 10.0; Win64; x64) AppleWebKit/537.36 (KHTML, like Gecko) Chrome/144.0.0.0 Safari/537.36"
2409:8714:e95:31::230 - - [25/Aug/2026:07:51:02 +0800] "GET /17160/wp-content/themes/oceanwp/assets/js/select.min.js HTTP/1.1" 200 2408 "https://2blog.ilc.edu.tw/17160/tag/md/page/2/" "Mozilla/5.0 (Windows NT 10.0; Win64; x64) AppleWebKit/537.36 (KHTML, like Gecko) Chrome/144.0.0.0 Safari/537.36"
2001:4860:7:810::f0 - - [25/Aug/2026:07:51:04 +0800] "GET / HTTP/1.1" 200 29126 "https://www.google.com/" "Mozilla/5.0 (Windows NT 10.0; Win64; x64) AppleWebKit/537.36 (KHTML, like Gecko) Chrome/151.0.0.0 Safari/537.36"
2001:288:a201::66:125 - - [25/Aug/2026:07:51:05 +0800] "GET /blog/active.php HTTP/1.1" 404 1084 "-" "-"
2001:288:a201::66:125 - - [25/Aug/2026:07:51:05 +0800] "GET /blog/active.php HTTP/1.1" 301 1026 "-" "-"
2409:8714:e95:31::230 - - [25/Aug/2026:07:51:01 +0800] "GET /17160/wp-content/themes/oceanwp/assets/fonts/fontawesome/webfonts/fa-solid-900.woff2 HTTP/1.1" 200 151246 "https://2blog.ilc.edu.tw/17160/wp-content/themes/oceanwp/assets/fonts/fontawesome/css/all.min.css" "Mozilla/5.0 (Windows NT 10.0; Win64; x64) AppleWebKit/537.36 (KHTML, like Gecko) Chrome/144.0.0.0 Safari/537.36"
2a03:2880:f802:19:: - - [25/Aug/2026:07:51:04 +0800] "GET /wp-login.php?key=4luml375&_wpnonce=&action=ilc_logout&redirect_to=https%3A%2F%2Fmushroom.joynetgame.com HTTP/1.1" 302 8260 "-" "Mozilla/5.0 (Windows NT 10.0; Win64; x64) AppleWebKit/537.36 (KHTML, like Gecko) Chrome/145.0.0.0 Safari/537.36 (compatible; meta-externalagent/1.1 (+https://developers.facebook.com/docs/sharing/webmasters/crawler))"
140.111.67.10 - - [25/Aug/2026:07:51:06 +0800] "GET /" 301 273 "-" "-"
140.111.178.189 - - [25/Aug/2026:07:51:07 +0800] "GET /wp-content/uploads/sites/3846/2023/07/%E6%95%99%E8%82%B2%E8%99%95%E5%85%AB%E5%A4%A7%E6%96%B9%E9%87%9D.png HTTP/1.1" 200 200327 "https://it.ilc.edu.tw/" "Mozilla/5.0 (Windows NT 10.0; Win64; x64) AppleWebKit/537.36 (KHTML, like Gecko) Chrome/151.0.0.0 Safari/537.36 Edg/151.0.0.0"
2001:4860:7:410::f6 - - [25/Aug/2026:07:51:07 +0800] "GET / HTTP/1.1" 200 29126 "https://www.google.com/" "Mozilla/5.0 (Windows NT 10.0; Win64; x64) AppleWebKit/537.36 (KHTML, like Gecko) Chrome/151.0.0.0 Safari/537.36"
::1 - - [25/Aug/2026:07:51:07 +0800] "OPTIONS * HTTP/1.0" 200 110 "-" "Apache/2.4.68 (Ubuntu) OpenSSL/3.0.19 (internal dummy connection)"
::1 - - [25/Aug/2026:07:51:08 +0800] "OPTIONS * HTTP/1.0" 200 110 "-" "Apache/2.4.68 (Ubuntu) OpenSSL/3.0.19 (internal dummy connection)"
::1 - - [25/Aug/2026:07:51:09 +0800] "OPTIONS * HTTP/1.0" 200 110 "-" "Apache/2.4.68 (Ubuntu) OpenSSL/3.0.19 (internal dummy connection)"
2001:b400:e2d7:ad4d:af3e:7e09:3dfb:95d4 - - [25/Aug/2026:07:51:10 +0800] "GET / HTTP/1.1" 200 23795 "https://www.google.com/" "Mozilla/5.0 (Linux; Android 10; K) AppleWebKit/537.36 (KHTML, like Gecko) Chrome/151.0.0.0 Mobile Safari/537.36"
2001:288:a201::66:125 - - [25/Aug/2026:07:51:10 +0800] "GET /blog/active.php HTTP/1.1" 301 1026 "-" "-"
2001:288:a201::66:125 - - [25/Aug/2026:07:51:10 +0800] "GET /blog/active.php HTTP/1.1" 404 1084 "-" "-"
::1 - - [25/Aug/2026:07:51:10 +0800] "OPTIONS * HTTP/1.0" 200 110 "-" "Apache/2.4.68 (Ubuntu) OpenSSL/3.0.19 (internal dummy connection)"
140.111.67.10 - - [25/Aug/2026:07:51:11 +0800] "GET /" 301 273 "-" "-"
2a09:bac5:4ad:30c8::4dc:d - - [25/Aug/2026:07:51:13 +0800] "POST /wp-login.php HTTP/1.1" 200 11214 "-" "Mozilla/5.0 (Linux; Android 7.0; SM-G892A Build/NRD90M; wv) AppleWebKit/537.36 (KHTML, like Gecko) Version/4.0 Chrome/60.0.3112.107 Mobile Safari/537.36"
2a09:bac5:4ad:30c8::4dc:d - - [25/Aug/2026:07:51:14 +0800] "GET /wp-admin/plugin-install.php?tab=upload HTTP/1.1" 302 993 "-" "Mozilla/5.0 (Linux; Android 7.0; SM-G892A Build/NRD90M; wv) AppleWebKit/537.36 (KHTML, like Gecko) Version/4.0 Chrome/60.0.3112.107 Mobile Safari/537.36"
2a09:bac5:4ad:30c8::4dc:d - - [25/Aug/2026:07:51:14 +0800] "GET /wp-login.php?redirect_to=https%3A%2F%2F2blog.ilc.edu.tw%2Fwp-admin%2Fplugin-install.php%3Ftab%3Dupload&reauth=1 HTTP/1.1" 200 8525 "-" "Mozilla/5.0 (Linux; Android 7.0; SM-G892A Build/NRD90M; wv) AppleWebKit/537.36 (KHTML, like Gecko) Version/4.0 Chrome/60.0.3112.107 Mobile Safari/537.36"
2001:288:a25c:1:581:bc2f:2f81:1415 - - [25/Aug/2026:07:51:14 +0800] "GET /?playlist=9e1be85&video=48cb1df HTTP/1.1" 200 21212 "-" "Mozilla/5.0 (Windows NT 10.0; Win64; x64) AppleWebKit/537.36 (KHTML, like Gecko) Chrome/151.0.0.0 Safari/537.36 Edg/151.0.0.0"
2001:288:a25c:1:581:bc2f:2f81:1415 - - [25/Aug/2026:07:51:15 +0800] "GET /wp-content/themes/oceanwp/assets/fonts/fontawesome/css/all.min.css HTTP/1.1" 304 5590 "https://www.saps.ilc.edu.tw/?playlist=9e1be85&video=48cb1df" "Mozilla/5.0 (Windows NT 10.0; Win64; x64) AppleWebKit/537.36 (KHTML, like Gecko) Chrome/151.0.0.0 Safari/537.36 Edg/151.0.0.0"
2001:288:a25c:1:581:bc2f:2f81:1415 - - [25/Aug/2026:07:51:15 +0800] "GET /wp-content/themes/oceanwp-child-theme-master2/style.css HTTP/1.1" 304 5590 "https://www.saps.ilc.edu.tw/?playlist=9e1be85&video=48cb1df" "Mozilla/5.0 (Windows NT 10.0; Win64; x64) AppleWebKit/537.36 (KHTML, like Gecko) Chrome/151.0.0.0 Safari/537.36 Edg/151.0.0.0"
2001:288:a25c:1:581:bc2f:2f81:1415 - - [25/Aug/2026:07:51:15 +0800] "GET /wp-content/themes/oceanwp/assets/css/style.min.css HTTP/1.1" 304 5590 "https://www.saps.ilc.edu.tw/?playlist=9e1be85&video=48cb1df" "Mozilla/5.0 (Windows NT 10.0; Win64; x64) AppleWebKit/537.36 (KHTML, like Gecko) Chrome/151.0.0.0 Safari/537.36 Edg/151.0.0.0"
2001:288:a25c:1:581:bc2f:2f81:1415 - - [25/Aug/2026:07:51:15 +0800] "GET /wp-content/plugins/ocean-extra/includes/admin-bar/assets/css/admin-bar.css HTTP/1.1" 304 790 "https://www.saps.ilc.edu.tw/?playlist=9e1be85&video=48cb1df" "Mozilla/5.0 (Windows NT 10.0; Win64; x64) AppleWebKit/537.36 (KHTML, like Gecko) Chrome/151.0.0.0 Safari/537.36 Edg/151.0.0.0"
2001:288:a25c:1:581:bc2f:2f81:1415 - - [25/Aug/2026:07:51:15 +0800] "GET /wp-content/plugins/elementor/assets/css/frontend.min.css HTTP/1.1" 304 790 "https://www.saps.ilc.edu.tw/?playlist=9e1be85&video=48cb1df" "Mozilla/5.0 (Windows NT 10.0; Win64; x64) AppleWebKit/537.36 (KHTML, like Gecko) Chrome/151.0.0.0 Safari/537.36 Edg/151.0.0.0"
2001:288:a25c:1:581:bc2f:2f81:1415 - - [25/Aug/2026:07:51:15 +0800] "GET /wp-content/plugins/elementor/assets/lib/eicons/css/elementor-icons.min.css HTTP/1.1" 304 790 "https://www.saps.ilc.edu.tw/?playlist=9e1be85&video=48cb1df" "Mozilla/5.0 (Windows NT 10.0; Win64; x64) AppleWebKit/537.36 (KHTML, like Gecko) Chrome/151.0.0.0 Safari/537.36 Edg/151.0.0.0"
2001:288:a25c:1:581:bc2f:2f81:1415 - - [25/Aug/2026:07:51:15 +0800] "GET /wp-content/plugins/elementor/assets/lib/swiper/v8/css/swiper.min.css HTTP/1.1" 304 790 "https://www.saps.ilc.edu.tw/?playlist=9e1be85&video=48cb1df" "Mozilla/5.0 (Windows NT 10.0; Win64; x64) AppleWebKit/537.36 (KHTML, like Gecko) Chrome/151.0.0.0 Safari/537.36 Edg/151.0.0.0"
2001:288:a25c:1:581:bc2f:2f81:1415 - - [25/Aug/2026:07:51:15 +0800] "GET /wp-content/plugins/elementor-pro/assets/css/frontend.min.css HTTP/1.1" 304 790 "https://www.saps.ilc.edu.tw/?playlist=9e1be85&video=48cb1df" "Mozilla/5.0 (Windows NT 10.0; Win64; x64) AppleWebKit/537.36 (KHTML, like Gecko) Chrome/151.0.0.0 Safari/537.36 Edg/151.0.0.0"
2001:288:a25c:1:581:bc2f:2f81:1415 - - [25/Aug/2026:07:51:15 +0800] "GET /wp-content/uploads/sites/223/elementor/css/post-715.css HTTP/1.1" 304 790 "https://www.saps.ilc.edu.tw/?playlist=9e1be85&video=48cb1df" "Mozilla/5.0 (Windows NT 10.0; Win64; x64) AppleWebKit/537.36 (KHTML, like Gecko) Chrome/151.0.0.0 Safari/537.36 Edg/151.0.0.0"
2001:288:a25c:1:581:bc2f:2f81:1415 - - [25/Aug/2026:07:51:15 +0800] "GET /wp-content/plugins/ocean-extra/assets/css/widgets.css HTTP/1.1" 304 790 "https://www.saps.ilc.edu.tw/?playlist=9e1be85&video=48cb1df" "Mozilla/5.0 (Windows NT 10.0; Win64; x64) AppleWebKit/537.36 (KHTML, like Gecko) Chrome/151.0.0.0 Safari/537.36 Edg/151.0.0.0"
2001:288:a25c:1:581:bc2f:2f81:1415 - - [25/Aug/2026:07:51:15 +0800] "GET /wp-content/uploads/sites/223/elementor/css/post-152.css HTTP/1.1" 304 790 "https://www.saps.ilc.edu.tw/?playlist=9e1be85&video=48cb1df" "Mozilla/5.0 (Windows NT 10.0; Win64; x64) AppleWebKit/537.36 (KHTML, like Gecko) Chrome/151.0.0.0 Safari/537.36 Edg/151.0.0.0"
2001:288:a25c:1:581:bc2f:2f81:1415 - - [25/Aug/2026:07:51:15 +0800] "GET /wp-content/uploads/sites/223/elementor/css/global.css HTTP/1.1" 304 790 "https://www.saps.ilc.edu.tw/?playlist=9e1be85&video=48cb1df" "Mozilla/5.0 (Windows NT 10.0; Win64; x64) AppleWebKit/537.36 (KHTML, like Gecko) Chrome/151.0.0.0 Safari/537.36 Edg/151.0.0.0"
2001:288:a25c:1:581:bc2f:2f81:1415 - - [25/Aug/2026:07:51:15 +0800] "GET /wp-content/plugins/elementor/assets/lib/font-awesome/js/v4-shims.min.js HTTP/1.1" 304 790 "https://www.saps.ilc.edu.tw/?playlist=9e1be85&video=48cb1df" "Mozilla/5.0 (Windows NT 10.0; Win64; x64) AppleWebKit/537.36 (KHTML, like Gecko) Chrome/151.0.0.0 Safari/537.36 Edg/151.0.0.0"
2001:288:a25c:1:581:bc2f:2f81:1415 - - [25/Aug/2026:07:51:15 +0800] "GET /wp-content/themes/oceanwp/assets/js/theme.min.js HTTP/1.1" 304 790 "https://www.saps.ilc.edu.tw/?playlist=9e1be85&video=48cb1df" "Mozilla/5.0 (Windows NT 10.0; Win64; x64) AppleWebKit/537.36 (KHTML, like Gecko) Chrome/151.0.0.0 Safari/537.36 Edg/151.0.0.0"
2001:288:a25c:1:581:bc2f:2f81:1415 - - [25/Aug/2026:07:51:15 +0800] "GET /wp-content/themes/oceanwp/assets/js/drop-down-mobile-menu.min.js HTTP/1.1" 304 790 "https://www.saps.ilc.edu.tw/?playlist=9e1be85&video=48cb1df" "Mozilla/5.0 (Windows NT 10.0; Win64; x64) AppleWebKit/537.36 (KHTML, like Gecko) Chrome/151.0.0.0 Safari/537.36 Edg/151.0.0.0"
2001:288:a25c:1:581:bc2f:2f81:1415 - - [25/Aug/2026:07:51:15 +0800] "GET /wp-content/themes/oceanwp/assets/js/drop-down-search.min.js HTTP/1.1" 304 790 "https://www.saps.ilc.edu.tw/?playlist=9e1be85&video=48cb1df" "Mozilla/5.0 (Windows NT 10.0; Win64; x64) AppleWebKit/537.36 (KHTML, like Gecko) Chrome/151.0.0.0 Safari/537.36 Edg/151.0.0.0"
2001:288:a25c:1:581:bc2f:2f81:1415 - - [25/Aug/2026:07:51:15 +0800] "GET /wp-content/themes/oceanwp/assets/js/vendors/magnific-popup.min.js HTTP/1.1" 304 790 "https://www.saps.ilc.edu.tw/?playlist=9e1be85&video=48cb1df" "Mozilla/5.0 (Windows NT 10.0; Win64; x64) AppleWebKit/537.36 (KHTML, like Gecko) Chrome/151.0.0.0 Safari/537.36 Edg/151.0.0.0"
2001:288:a25c:1:581:bc2f:2f81:1415 - - [25/Aug/2026:07:51:15 +0800] "GET /wp-content/themes/oceanwp/assets/js/ow-lightbox.min.js HTTP/1.1" 304 790 "https://www.saps.ilc.edu.tw/?playlist=9e1be85&video=48cb1df" "Mozilla/5.0 (Windows NT 10.0; Win64; x64) AppleWebKit/537.36 (KHTML, like Gecko) Chrome/151.0.0.0 Safari/537.36 Edg/151.0.0.0"
2001:288:a25c:1:581:bc2f:2f81:1415 - - [25/Aug/2026:07:51:15 +0800] "GET /wp-content/themes/oceanwp/assets/js/vendors/flickity.pkgd.min.js HTTP/1.1" 304 790 "https://www.saps.ilc.edu.tw/?playlist=9e1be85&video=48cb1df" "Mozilla/5.0 (Windows NT 10.0; Win64; x64) AppleWebKit/537.36 (KHTML, like Gecko) Chrome/151.0.0.0 Safari/537.36 Edg/151.0.0.0"
2001:288:a25c:1:581:bc2f:2f81:1415 - - [25/Aug/2026:07:51:15 +0800] "GET /wp-content/themes/oceanwp/assets/js/scroll-effect.min.js HTTP/1.1" 304 790 "https://www.saps.ilc.edu.tw/?playlist=9e1be85&video=48cb1df" "Mozilla/5.0 (Windows NT 10.0; Win64; x64) AppleWebKit/537.36 (KHTML, like Gecko) Chrome/151.0.0.0 Safari/537.36 Edg/151.0.0.0"
2001:288:a25c:1:581:bc2f:2f81:1415 - - [25/Aug/2026:07:51:15 +0800] "GET /wp-content/themes/oceanwp/assets/js/ow-slider.min.js HTTP/1.1" 304 790 "https://www.saps.ilc.edu.tw/?playlist=9e1be85&video=48cb1df" "Mozilla/5.0 (Windows NT 10.0; Win64; x64) AppleWebKit/537.36 (KHTML, like Gecko) Chrome/151.0.0.0 Safari/537.36 Edg/151.0.0.0"
2001:288:a25c:1:581:bc2f:2f81:1415 - - [25/Aug/2026:07:51:15 +0800] "GET /wp-content/themes/oceanwp/assets/js/scroll-top.min.js HTTP/1.1" 304 790 "https://www.saps.ilc.edu.tw/?playlist=9e1be85&video=48cb1df" "Mozilla/5.0 (Windows NT 10.0; Win64; x64) AppleWebKit/537.36 (KHTML, like Gecko) Chrome/151.0.0.0 Safari/537.36 Edg/151.0.0.0"
2001:288:a25c:1:581:bc2f:2f81:1415 - - [25/Aug/2026:07:51:15 +0800] "GET /wp-content/themes/oceanwp/assets/js/select.min.js HTTP/1.1" 304 790 "https://www.saps.ilc.edu.tw/?playlist=9e1be85&video=48cb1df" "Mozilla/5.0 (Windows NT 10.0; Win64; x64) AppleWebKit/537.36 (KHTML, like Gecko) Chrome/151.0.0.0 Safari/537.36 Edg/151.0.0.0"
2001:288:a25c:1:581:bc2f:2f81:1415 - - [25/Aug/2026:07:51:15 +0800] "GET /wp-content/plugins/ocean-extra/includes/widgets/js/flickr.min.js HTTP/1.1" 304 790 "https://www.saps.ilc.edu.tw/?playlist=9e1be85&video=48cb1df" "Mozilla/5.0 (Windows NT 10.0; Win64; x64) AppleWebKit/537.36 (KHTML, like Gecko) Chrome/151.0.0.0 Safari/537.36 Edg/151.0.0.0"
2001:288:a25c:1:581:bc2f:2f81:1415 - - [25/Aug/2026:07:51:15 +0800] "GET /wp-content/plugins/elementor-pro/assets/lib/smartmenus/jquery.smartmenus.min.js HTTP/1.1" 304 790 "https://www.saps.ilc.edu.tw/?playlist=9e1be85&video=48cb1df" "Mozilla/5.0 (Windows NT 10.0; Win64; x64) AppleWebKit/537.36 (KHTML, like Gecko) Chrome/151.0.0.0 Safari/537.36 Edg/151.0.0.0"
2001:288:a25c:1:581:bc2f:2f81:1415 - - [25/Aug/2026:07:51:15 +0800] "GET /wp-content/plugins/elementor/assets/js/webpack.runtime.min.js HTTP/1.1" 304 790 "https://www.saps.ilc.edu.tw/?playlist=9e1be85&video=48cb1df" "Mozilla/5.0 (Windows NT 10.0; Win64; x64) AppleWebKit/537.36 (KHTML, like Gecko) Chrome/151.0.0.0 Safari/537.36 Edg/151.0.0.0"
2001:288:a25c:1:581:bc2f:2f81:1415 - - [25/Aug/2026:07:51:15 +0800] "GET /wp-content/plugins/elementor-pro/assets/js/webpack-pro.runtime.min.js HTTP/1.1" 304 790 "https://www.saps.ilc.edu.tw/?playlist=9e1be85&video=48cb1df" "Mozilla/5.0 (Windows NT 10.0; Win64; x64) AppleWebKit/537.36 (KHTML, like Gecko) Chrome/151.0.0.0 Safari/537.36 Edg/151.0.0.0"
2001:288:a25c:1:581:bc2f:2f81:1415 - - [25/Aug/2026:07:51:15 +0800] "GET /wp-content/plugins/elementor/assets/js/frontend-modules.min.js HTTP/1.1" 304 790 "https://www.saps.ilc.edu.tw/?playlist=9e1be85&video=48cb1df" "Mozilla/5.0 (Windows NT 10.0; Win64; x64) AppleWebKit/537.36 (KHTML, like Gecko) Chrome/151.0.0.0 Safari/537.36 Edg/151.0.0.0"
2001:288:a25c:1:581:bc2f:2f81:1415 - - [25/Aug/2026:07:51:15 +0800] "GET /wp-content/plugins/elementor-pro/assets/js/frontend.min.js HTTP/1.1" 304 790 "https://www.saps.ilc.edu.tw/?playlist=9e1be85&video=48cb1df" "Mozilla/5.0 (Windows NT 10.0; Win64; x64) AppleWebKit/537.36 (KHTML, like Gecko) Chrome/151.0.0.0 Safari/537.36 Edg/151.0.0.0"
2001:288:a201::66:125 - - [25/Aug/2026:07:51:15 +0800] "GET /blog/active.php HTTP/1.1" 404 1084 "-" "-"
2001:288:a25c:1:581:bc2f:2f81:1415 - - [25/Aug/2026:07:51:15 +0800] "GET /wp-content/plugins/elementor/assets/js/frontend.min.js HTTP/1.1" 304 790 "https://www.saps.ilc.edu.tw/?playlist=9e1be85&video=48cb1df" "Mozilla/5.0 (Windows NT 10.0; Win64; x64) AppleWebKit/537.36 (KHTML, like Gecko) Chrome/151.0.0.0 Safari/537.36 Edg/151.0.0.0"
2001:288:a25c:1:581:bc2f:2f81:1415 - - [25/Aug/2026:07:51:15 +0800] "GET /wp-content/plugins/elementor-pro/assets/js/elements-handlers.min.js HTTP/1.1" 304 790 "https://www.saps.ilc.edu.tw/?playlist=9e1be85&video=48cb1df" "Mozilla/5.0 (Windows NT 10.0; Win64; x64) AppleWebKit/537.36 (KHTML, like Gecko) Chrome/151.0.0.0 Safari/537.36 Edg/151.0.0.0"
2001:288:a201::66:125 - - [25/Aug/2026:07:51:15 +0800] "GET /blog/active.php HTTP/1.1" 301 1026 "-" "-"
2001:288:a25c:1:581:bc2f:2f81:1415 - - [25/Aug/2026:07:51:15 +0800] "GET /wp-content/uploads/sites/223/2026/08/%E5%8A%A0%E7%A2%BC%E5%9B%9E%E9%A5%8B1900_700.jpg HTTP/1.1" 304 790 "https://www.saps.ilc.edu.tw/wp-content/uploads/sites/223/elementor/css/post-152.css" "Mozilla/5.0 (Windows NT 10.0; Win64; x64) AppleWebKit/537.36 (KHTML, like Gecko) Chrome/151.0.0.0 Safari/537.36 Edg/151.0.0.0"
2001:288:a25c:1:581:bc2f:2f81:1415 - - [25/Aug/2026:07:51:15 +0800] "GET /wp-content/plugins/elementor/assets/lib/eicons/fonts/eicons.woff2?5.30.0 HTTP/1.1" 304 790 "https://www.saps.ilc.edu.tw/wp-content/plugins/elementor/assets/lib/eicons/css/elementor-icons.min.css" "Mozilla/5.0 (Windows NT 10.0; Win64; x64) AppleWebKit/537.36 (KHTML, like Gecko) Chrome/151.0.0.0 Safari/537.36 Edg/151.0.0.0"
2001:288:a25c:1:581:bc2f:2f81:1415 - - [25/Aug/2026:07:51:15 +0800] "GET /wp-content/uploads/sites/223/2026/06/115%E7%95%A2%E6%A5%AD%E5%85%B8%E8%85%A6.jpg HTTP/1.1" 304 790 "https://www.saps.ilc.edu.tw/wp-content/uploads/sites/223/elementor/css/post-152.css" "Mozilla/5.0 (Windows NT 10.0; Win64; x64) AppleWebKit/537.36 (KHTML, like Gecko) Chrome/151.0.0.0 Safari/537.36 Edg/151.0.0.0"
2001:288:a25c:1:581:bc2f:2f81:1415 - - [25/Aug/2026:07:51:16 +0800] "GET /wp-content/uploads/sites/223/2026/06/615.jpg HTTP/1.1" 304 790 "https://www.saps.ilc.edu.tw/wp-content/uploads/sites/223/elementor/css/post-152.css" "Mozilla/5.0 (Windows NT 10.0; Win64; x64) AppleWebKit/537.36 (KHTML, like Gecko) Chrome/151.0.0.0 Safari/537.36 Edg/151.0.0.0"
2001:288:a25c:1:581:bc2f:2f81:1415 - - [25/Aug/2026:07:51:16 +0800] "GET /wp-content/plugins/elementor-pro/assets/js/nav-menu.e65811186e94a386ba7b.bundle.min.js HTTP/1.1" 304 790 "https://www.saps.ilc.edu.tw/?playlist=9e1be85&video=48cb1df" "Mozilla/5.0 (Windows NT 10.0; Win64; x64) AppleWebKit/537.36 (KHTML, like Gecko) Chrome/151.0.0.0 Safari/537.36 Edg/151.0.0.0"
2001:288:a25c:1:581:bc2f:2f81:1415 - - [25/Aug/2026:07:51:16 +0800] "GET /wp-content/plugins/elementor-pro/assets/js/slides.fb6b9afd278bb9c5e75b.bundle.min.js HTTP/1.1" 304 790 "https://www.saps.ilc.edu.tw/?playlist=9e1be85&video=48cb1df" "Mozilla/5.0 (Windows NT 10.0; Win64; x64) AppleWebKit/537.36 (KHTML, like Gecko) Chrome/151.0.0.0 Safari/537.36 Edg/151.0.0.0"
2001:288:a25c:1:581:bc2f:2f81:1415 - - [25/Aug/2026:07:51:16 +0800] "GET /wp-content/plugins/elementor-pro/assets/js/social.2d2e44e8608690943f29.bundle.min.js HTTP/1.1" 304 790 "https://www.saps.ilc.edu.tw/?playlist=9e1be85&video=48cb1df" "Mozilla/5.0 (Windows NT 10.0; Win64; x64) AppleWebKit/537.36 (KHTML, like Gecko) Chrome/151.0.0.0 Safari/537.36 Edg/151.0.0.0"
2001:288:a25c:1:581:bc2f:2f81:1415 - - [25/Aug/2026:07:51:16 +0800] "GET /wp-content/plugins/elementor/assets/js/text-editor.2c35aafbe5bf0e127950.bundle.min.js HTTP/1.1" 304 790 "https://www.saps.ilc.edu.tw/?playlist=9e1be85&video=48cb1df" "Mozilla/5.0 (Windows NT 10.0; Win64; x64) AppleWebKit/537.36 (KHTML, like Gecko) Chrome/151.0.0.0 Safari/537.36 Edg/151.0.0.0"
2001:288:a25c:1:581:bc2f:2f81:1415 - - [25/Aug/2026:07:51:16 +0800] "GET /wp-content/plugins/elementor/assets/lib/swiper/v8/swiper.min.js?ver=8.4.5 HTTP/1.1" 304 790 "https://www.saps.ilc.edu.tw/?playlist=9e1be85&video=48cb1df" "Mozilla/5.0 (Windows NT 10.0; Win64; x64) AppleWebKit/537.36 (KHTML, like Gecko) Chrome/151.0.0.0 Safari/537.36 Edg/151.0.0.0"
::1 - - [25/Aug/2026:07:51:16 +0800] "OPTIONS * HTTP/1.0" 200 110 "-" "Apache/2.4.68 (Ubuntu) OpenSSL/3.0.19 (internal dummy connection)"
140.111.67.10 - - [25/Aug/2026:07:51:16 +0800] "GET /" 301 273 "-" "-"
2001:288:a201::66:125 - - [25/Aug/2026:07:51:20 +0800] "GET /blog/active.php HTTP/1.1" 404 1084 "-" "-"
2001:288:a201::66:125 - - [25/Aug/2026:07:51:20 +0800] "GET /blog/active.php HTTP/1.1" 301 1026 "-" "-"
2a03:2880:f802:5:: - - [25/Aug/2026:07:51:20 +0800] "GET /25287/category/%e6%ad%8c%e6%9b%b2%e5%94%b1%e8%b7%b3/feed/ HTTP/1.1" 200 7595 "-" "Mozilla/5.0 (Macintosh; Intel Mac OS X 10_15_7) AppleWebKit/537.36 (KHTML, like Gecko) Chrome/145.0.0.0 Safari/537.36 (compatible; meta-webindexer/1.1 (+https://developers.facebook.com/docs/sharing/webmasters/crawler))"
140.111.67.10 - - [25/Aug/2026:07:51:21 +0800] "GET /" 301 273 "-" "-"
2001:288:a201::66:125 - - [25/Aug/2026:07:51:25 +0800] "GET /blog/active.php HTTP/1.1" 301 1026 "-" "-"
2001:288:a201::66:125 - - [25/Aug/2026:07:51:25 +0800] "GET /blog/active.php HTTP/1.1" 404 1084 "-" "-"
140.111.67.10 - - [25/Aug/2026:07:51:27 +0800] "GET /" 301 273 "-" "-"
140.111.178.189 - - [25/Aug/2026:07:51:28 +0800] "GET /wp-content/uploads/sites/3846/2026/08/%E8%BE%B2%E6%A5%AD%E9%83%A8%E5%BB%A3%E5%91%8A.jpg HTTP/1.1" 200 236462 "https://it.ilc.edu.tw/" "Mozilla/5.0 (Windows NT 10.0; Win64; x64) AppleWebKit/537.36 (KHTML, like Gecko) Chrome/151.0.0.0 Safari/537.36 Edg/151.0.0.0"
140.111.178.189 - - [25/Aug/2026:07:51:28 +0800] "GET /wp-content/uploads/sites/3846/2026/02/%E9%81%BF%E5%85%8D%E8%AA%A4%E5%85%A5%E8%A9%90%E9%A8%99%E7%B6%B2%E7%AB%99APP%E5%B0%8F%E5%B8%B8%E8%AD%98.jpg HTTP/1.1" 200 455172 "https://it.ilc.edu.tw/" "Mozilla/5.0 (Windows NT 10.0; Win64; x64) AppleWebKit/537.36 (KHTML, like Gecko) Chrome/151.0.0.0 Safari/537.36 Edg/151.0.0.0"
140.111.178.189 - - [25/Aug/2026:07:51:28 +0800] "GET /wp-content/uploads/sites/3846/2026/06/%E5%AE%A3%E5%82%B3%E5%9C%96%E7%89%87.png HTTP/1.1" 200 1053112 "https://it.ilc.edu.tw/" "Mozilla/5.0 (Windows NT 10.0; Win64; x64) AppleWebKit/537.36 (KHTML, like Gecko) Chrome/151.0.0.0 Safari/537.36 Edg/151.0.0.0"
140.111.178.189 - - [25/Aug/2026:07:51:28 +0800] "GET /wp-content/uploads/sites/3846/2026/06/2026%E5%AE%9C%E8%98%AD%E7%98%8B%E5%AD%B8%E7%BF%92-%E6%9A%91%E5%81%87_%E6%95%99%E8%82%B2%E8%99%95%E9%A6%96%E9%A0%81-1440-x-1080-%E5%83%8F%E7%B4%A0.png HTTP/1.1" 200 2050723 "https://it.ilc.edu.tw/" "Mozilla/5.0 (Windows NT 10.0; Win64; x64) AppleWebKit/537.36 (KHTML, like Gecko) Chrome/151.0.0.0 Safari/537.36 Edg/151.0.0.0"
2001:288:a201::66:125 - - [25/Aug/2026:07:51:30 +0800] "GET /blog/active.php HTTP/1.1" 301 1026 "-" "-"
2001:288:a201::66:125 - - [25/Aug/2026:07:51:30 +0800] "GET /blog/active.php HTTP/1.1" 404 1084 "-" "-"
140.111.67.10 - - [25/Aug/2026:07:51:32 +0800] "GET /" 301 273 "-" "-"
2001:b400:e2d1:7b45:e53e:dfe2:dbdc:d2c9 - - [25/Aug/2026:07:51:35 +0800] "GET / HTTP/1.1" 200 20252 "-" "Mozilla/5.0 (Linux; Android 16; SM-S9010 Build/BP2A.250605.031.A3; wv) AppleWebKit/537.36 (KHTML, like Gecko) Version/4.0 Chrome/151.0.7922.169 Mobile Safari/537.36 Line/26.11.0/IAB"
2001:b400:e2d7:ad4d:af3e:7e09:3dfb:95d4 - - [25/Aug/2026:07:51:35 +0800] "GET /2025/12/23/%E9%AB%94%E8%82%B2%E9%A2%A8%E9%9B%B2%E6%A6%9C/ HTTP/1.1" 200 22136 "https://www.ljjh.ilc.edu.tw/" "Mozilla/5.0 (Linux; Android 10; K) AppleWebKit/537.36 (KHTML, like Gecko) Chrome/151.0.0.0 Mobile Safari/537.36"
2001:288:a201::66:125 - - [25/Aug/2026:07:51:35 +0800] "GET /blog/active.php HTTP/1.1" 301 1026 "-" "-"
2001:288:a201::66:125 - - [25/Aug/2026:07:51:35 +0800] "GET /blog/active.php HTTP/1.1" 404 1084 "-" "-"
2001:b400:e2d7:ad4d:af3e:7e09:3dfb:95d4 - - [25/Aug/2026:07:51:35 +0800] "POST /wp-json/ilc-summary/v1/popular-posts HTTP/1.1" 201 1397 "https://www.ljjh.ilc.edu.tw/2025/12/23/%E9%AB%94%E8%82%B2%E9%A2%A8%E9%9B%B2%E6%A6%9C/" "Mozilla/5.0 (Linux; Android 10; K) AppleWebKit/537.36 (KHTML, like Gecko) Chrome/151.0.0.0 Mobile Safari/537.36"
140.111.67.10 - - [25/Aug/2026:07:51:37 +0800] "GET /" 301 273 "-" "-"
2401:e180:8d22:8f21:20ee:2ff:fe39:e0d2 - - [25/Aug/2026:07:51:37 +0800] "GET /wp-content/uploads/sites/233/1003/1003-3509312.jpg HTTP/1.1" 200 57483 "https://www.google.com/" "Mozilla/5.0 (Linux; Android 16; V2343 Build/BP2A.250605.031.A3; wv) AppleWebKit/537.36 (KHTML, like Gecko) Version/4.0 Chrome/150.0.7871.181 Mobile Safari/537.36 GoogleApp/17.50.14.ve.arm64"
2001:288:a201::66:125 - - [25/Aug/2026:07:51:40 +0800] "GET /blog/active.php HTTP/1.1" 301 1026 "-" "-"
2001:288:a201::66:125 - - [25/Aug/2026:07:51:40 +0800] "GET /blog/active.php HTTP/1.1" 404 1084 "-" "-"
140.111.67.10 - - [25/Aug/2026:07:51:42 +0800] "GET /" 301 273 "-" "-"
2401:e180:8d22:8f21:20ee:2ff:fe39:e0d2 - - [25/Aug/2026:07:51:45 +0800] "GET /1003/2016/04/26/%E6%95%99%E5%AD%B8%E7%B4%80%E9%8C%84%E5%85%AC%E6%96%A4%E7%A7%A4%E5%88%BB%E5%BA%A6%E6%80%8E%E9%BA%BC%E7%9F%A5%E9%81%93%E7%9A%84%EF%BC%9F/ HTTP/1.1" 200 20809 "https://www.google.com/" "Mozilla/5.0 (Linux; Android 10; K) AppleWebKit/537.36 (KHTML, like Gecko) Chrome/151.0.0.0 Mobile Safari/537.36"
2401:e180:8d22:8f21:20ee:2ff:fe39:e0d2 - - [25/Aug/2026:07:51:45 +0800] "GET /1003/wp-content/cache/2blog.ilc.edu.tw/wpfc-minified/mknpejql/5woub.css HTTP/1.1" 200 45680 "-" "Mozilla/5.0 (Linux; Android 10; K) AppleWebKit/537.36 (KHTML, like Gecko) Chrome/151.0.0.0 Mobile Safari/537.36"
2401:e180:8d22:8f21:20ee:2ff:fe39:e0d2 - - [25/Aug/2026:07:51:45 +0800] "GET /1003/wp-content/cache/2blog.ilc.edu.tw/wpfc-minified/8x7tn0v6/5wohd.css HTTP/1.1" 200 16319 "-" "Mozilla/5.0 (Linux; Android 10; K) AppleWebKit/537.36 (KHTML, like Gecko) Chrome/151.0.0.0 Mobile Safari/537.36"
