2409:8718:271a:1075::10 - - [25/Aug/2026:07:45:36 +0800] "GET /44198/wp-includes/js/hoverintent-js.min.js HTTP/1.1" 200 6391 "https://2blog.ilc.edu.tw/44198/page/2/" "Mozilla/5.0 (Windows NT 10.0; Win64; x64) AppleWebKit/537.36 (KHTML, like Gecko) Chrome/144.0.0.0 Safari/537.36"
2409:8718:271a:1075::10 - - [25/Aug/2026:07:45:36 +0800] "GET /44198/wp-content/cache/2blog.ilc.edu.tw/wpfc-minified/7bgvvf42/88b3n.js HTTP/1.1" 200 40360 "https://2blog.ilc.edu.tw/44198/page/2/" "Mozilla/5.0 (Windows NT 10.0; Win64; x64) AppleWebKit/537.36 (KHTML, like Gecko) Chrome/144.0.0.0 Safari/537.36"
2409:8718:271a:1075::10 - - [25/Aug/2026:07:45:36 +0800] "GET /44198/wp-includes/js/admin-bar.min.js HTTP/1.1" 200 7031 "https://2blog.ilc.edu.tw/44198/page/2/" "Mozilla/5.0 (Windows NT 10.0; Win64; x64) AppleWebKit/537.36 (KHTML, like Gecko) Chrome/144.0.0.0 Safari/537.36"
240e:90e:2000:2006::1283 - - [25/Aug/2026:07:45:36 +0800] "GET /5888/wp-content/themes/textbook/assets/js/functions.js HTTP/1.1" 200 1934 "https://2blog.ilc.edu.tw/5888/2015/06/" "Mozilla/5.0 (Windows NT 10.0; Win64; x64) AppleWebKit/537.36 (KHTML, like Gecko) Chrome/144.0.0.0 Safari/537.36"
2409:8718:271a:1075::10 - - [25/Aug/2026:07:45:36 +0800] "GET /44198/wp-includes/js/underscore.min.js HTTP/1.1" 200 8191 "https://2blog.ilc.edu.tw/44198/page/2/" "Mozilla/5.0 (Windows NT 10.0; Win64; x64) AppleWebKit/537.36 (KHTML, like Gecko) Chrome/144.0.0.0 Safari/537.36"
2409:8718:271a:1075::10 - - [25/Aug/2026:07:45:36 +0800] "GET /44198/wp-content/themes/huemanilc/assets/front/js/scripts.min.js HTTP/1.1" 200 27001 "https://2blog.ilc.edu.tw/44198/page/2/" "Mozilla/5.0 (Windows NT 10.0; Win64; x64) AppleWebKit/537.36 (KHTML, like Gecko) Chrome/144.0.0.0 Safari/537.36"
140.111.67.10 - - [25/Aug/2026:07:45:37 +0800] "GET /" 301 273 "-" "-"
2409:8718:271a:1075::10 - - [25/Aug/2026:07:45:37 +0800] "GET /44198/wp-content/themes/huemanilc/assets/front/webfonts/fa-brands-400.woff2?v=5.5.0 HTTP/1.1" 200 70613 "https://2blog.ilc.edu.tw/44198/wp-content/cache/2blog.ilc.edu.tw/wpfc-minified/8lb1mpsv/88b3n.css" "Mozilla/5.0 (Windows NT 10.0; Win64; x64) AppleWebKit/537.36 (KHTML, like Gecko) Chrome/144.0.0.0 Safari/537.36"
2409:8718:271a:1075::10 - - [25/Aug/2026:07:45:37 +0800] "GET /44198/wp-content/themes/huemanilc/assets/front/webfonts/fa-solid-900.woff2?v=5.5.0 HTTP/1.1" 200 74879 "https://2blog.ilc.edu.tw/44198/wp-content/cache/2blog.ilc.edu.tw/wpfc-minified/8lb1mpsv/88b3n.css" "Mozilla/5.0 (Windows NT 10.0; Win64; x64) AppleWebKit/537.36 (KHTML, like Gecko) Chrome/144.0.0.0 Safari/537.36"
2409:8718:271a:1075::10 - - [25/Aug/2026:07:45:38 +0800] "GET /favicon.ico HTTP/1.1" 302 901 "https://2blog.ilc.edu.tw/44198/page/2/" "Mozilla/5.0 (Windows NT 10.0; Win64; x64) AppleWebKit/537.36 (KHTML, like Gecko) Chrome/144.0.0.0 Safari/537.36"
2409:8718:271a:1075::10 - - [25/Aug/2026:07:45:38 +0800] "GET /wp-includes/images/w-logo-blue-white-bg.png HTTP/1.1" 200 4946 "https://2blog.ilc.edu.tw/44198/page/2/" "Mozilla/5.0 (Windows NT 10.0; Win64; x64) AppleWebKit/537.36 (KHTML, like Gecko) Chrome/144.0.0.0 Safari/537.36"
2001:288:a201::66:125 - - [25/Aug/2026:07:45:40 +0800] "GET /blog/active.php HTTP/1.1" 301 1026 "-" "-"
2001:288:a201::66:125 - - [25/Aug/2026:07:45:40 +0800] "GET /blog/active.php HTTP/1.1" 404 1084 "-" "-"
::1 - - [25/Aug/2026:07:45:41 +0800] "OPTIONS * HTTP/1.0" 200 110 "-" "Apache/2.4.68 (Ubuntu) OpenSSL/3.0.19 (internal dummy connection)"
140.111.67.10 - - [25/Aug/2026:07:45:41 +0800] "GET /" 301 273 "-" "-"
240e:f7:4f00:2509:0:1:0:4 - - [25/Aug/2026:07:45:42 +0800] "GET /17160/wp-includes/css/admin-bar.min.css HTTP/1.1" 200 9479 "https://2blog.ilc.edu.tw/17160/2019/page/5/" "Mozilla/5.0 (Windows NT 10.0; Win64; x64) AppleWebKit/537.36 (KHTML, like Gecko) Chrome/144.0.0.0 Safari/537.36"
240e:f7:4f00:2509:0:1:0:4 - - [25/Aug/2026:07:45:42 +0800] "GET /17160/wp-includes/css/dist/block-library/style.min.css HTTP/1.1" 200 20574 "https://2blog.ilc.edu.tw/17160/2019/page/5/" "Mozilla/5.0 (Windows NT 10.0; Win64; x64) AppleWebKit/537.36 (KHTML, like Gecko) Chrome/144.0.0.0 Safari/537.36"
240e:f7:4f00:2509:0:1:0:4 - - [25/Aug/2026:07:45:42 +0800] "GET /17160/wp-content/plugins/google-drive-embedder/css/gdm-blocks.css HTTP/1.1" 200 5954 "https://2blog.ilc.edu.tw/17160/2019/page/5/" "Mozilla/5.0 (Windows NT 10.0; Win64; x64) AppleWebKit/537.36 (KHTML, like Gecko) Chrome/144.0.0.0 Safari/537.36"
240e:f7:4f00:2509:0:1:0:4 - - [25/Aug/2026:07:45:42 +0800] "GET /17160/wp-content/themes/oceanwp/assets/css/style.min.css HTTP/1.1" 200 32994 "https://2blog.ilc.edu.tw/17160/2019/page/5/" "Mozilla/5.0 (Windows NT 10.0; Win64; x64) AppleWebKit/537.36 (KHTML, like Gecko) Chrome/144.0.0.0 Safari/537.36"
240e:f7:4f00:2509:0:1:0:4 - - [25/Aug/2026:07:45:42 +0800] "GET /17160/wp-content/themes/oceanwp-child-theme-master2/style.css HTTP/1.1" 200 6170 "https://2blog.ilc.edu.tw/17160/2019/page/5/" "Mozilla/5.0 (Windows NT 10.0; Win64; x64) AppleWebKit/537.36 (KHTML, like Gecko) Chrome/144.0.0.0 Safari/537.36"
240e:f7:4f00:2509:0:1:0:4 - - [25/Aug/2026:07:45:42 +0800] "GET /17160/wp-content/themes/oceanwp/assets/css/third/simple-line-icons.min.css HTTP/1.1" 200 3321 "https://2blog.ilc.edu.tw/17160/2019/page/5/" "Mozilla/5.0 (Windows NT 10.0; Win64; x64) AppleWebKit/537.36 (KHTML, like Gecko) Chrome/144.0.0.0 Safari/537.36"
240e:f7:4f00:2509:0:1:0:4 - - [25/Aug/2026:07:45:42 +0800] "GET /17160/wp-includes/js/jquery/jquery.min.js HTTP/1.1" 200 31359 "https://2blog.ilc.edu.tw/17160/2019/page/5/" "Mozilla/5.0 (Windows NT 10.0; Win64; x64) AppleWebKit/537.36 (KHTML, like Gecko) Chrome/144.0.0.0 Safari/537.36"
240e:f7:4f00:2509:0:1:0:4 - - [25/Aug/2026:07:45:42 +0800] "GET /17160/wp-includes/js/jquery/jquery-migrate.min.js HTTP/1.1" 200 5752 "https://2blog.ilc.edu.tw/17160/2019/page/5/" "Mozilla/5.0 (Windows NT 10.0; Win64; x64) AppleWebKit/537.36 (KHTML, like Gecko) Chrome/144.0.0.0 Safari/537.36"
2407:4b00:4c04:86ef:8058:a484:64d7:8772 - - [25/Aug/2026:07:45:42 +0800] "GET / HTTP/1.1" 200 31593 "-" "Mozilla/5.0 (Macintosh; Intel Mac OS X 10_15_7) AppleWebKit/537.36 (KHTML, like Gecko) Chrome/151.0.0.0 Safari/537.36"
240e:f7:4f00:2509:0:1:0:4 - - [25/Aug/2026:07:45:42 +0800] "GET /17160/wp-includes/js/admin-bar.min.js HTTP/1.1" 200 2237 "https://2blog.ilc.edu.tw/17160/2019/page/5/" "Mozilla/5.0 (Windows NT 10.0; Win64; x64) AppleWebKit/537.36 (KHTML, like Gecko) Chrome/144.0.0.0 Safari/537.36"
240e:f7:4f00:2509:0:1:0:4 - - [25/Aug/2026:07:45:42 +0800] "GET /17160/wp-includes/js/imagesloaded.min.js HTTP/1.1" 200 2683 "https://2blog.ilc.edu.tw/17160/2019/page/5/" "Mozilla/5.0 (Windows NT 10.0; Win64; x64) AppleWebKit/537.36 (KHTML, like Gecko) Chrome/144.0.0.0 Safari/537.36"
240e:f7:4f00:2509:0:1:0:4 - - [25/Aug/2026:07:45:43 +0800] "GET /17160/wp-content/themes/oceanwp/assets/js/theme.min.js HTTP/1.1" 200 5130 "https://2blog.ilc.edu.tw/17160/2019/page/5/" "Mozilla/5.0 (Windows NT 10.0; Win64; x64) AppleWebKit/537.36 (KHTML, like Gecko) Chrome/144.0.0.0 Safari/537.36"
240e:f7:4f00:2509:0:1:0:4 - - [25/Aug/2026:07:45:43 +0800] "GET /17160/wp-content/themes/oceanwp/assets/js/drop-down-mobile-menu.min.js HTTP/1.1" 200 4663 "https://2blog.ilc.edu.tw/17160/2019/page/5/" "Mozilla/5.0 (Windows NT 10.0; Win64; x64) AppleWebKit/537.36 (KHTML, like Gecko) Chrome/144.0.0.0 Safari/537.36"
2407:4b00:4c04:86ef:8058:a484:64d7:8772 - - [25/Aug/2026:07:45:43 +0800] "GET /wp-content/uploads/sites/3846/elementor/css/post-19.css HTTP/1.1" 304 790 "https://www.ilc.edu.tw/" "Mozilla/5.0 (Macintosh; Intel Mac OS X 10_15_7) AppleWebKit/537.36 (KHTML, like Gecko) Chrome/151.0.0.0 Safari/537.36"
2407:4b00:4c04:86ef:8058:a484:64d7:8772 - - [25/Aug/2026:07:45:43 +0800] "GET /wp-includes/js/imagesloaded.min.js HTTP/1.1" 304 790 "https://www.ilc.edu.tw/" "Mozilla/5.0 (Macintosh; Intel Mac OS X 10_15_7) AppleWebKit/537.36 (KHTML, like Gecko) Chrome/151.0.0.0 Safari/537.36"
240e:f7:4f00:2509:0:1:0:4 - - [25/Aug/2026:07:45:43 +0800] "GET /17160/wp-content/themes/oceanwp/assets/js/vendors/magnific-popup.min.js HTTP/1.1" 200 8270 "https://2blog.ilc.edu.tw/17160/2019/page/5/" "Mozilla/5.0 (Windows NT 10.0; Win64; x64) AppleWebKit/537.36 (KHTML, like Gecko) Chrome/144.0.0.0 Safari/537.36"
240e:f7:4f00:2509:0:1:0:4 - - [25/Aug/2026:07:45:43 +0800] "GET /17160/wp-content/themes/oceanwp/assets/js/ow-lightbox.min.js HTTP/1.1" 200 2321 "https://2blog.ilc.edu.tw/17160/2019/page/5/" "Mozilla/5.0 (Windows NT 10.0; Win64; x64) AppleWebKit/537.36 (KHTML, like Gecko) Chrome/144.0.0.0 Safari/537.36"
2407:4b00:4c04:86ef:8058:a484:64d7:8772 - - [25/Aug/2026:07:45:43 +0800] "GET /wp-includes/js/dist/i18n.min.js HTTP/1.1" 304 790 "https://www.ilc.edu.tw/" "Mozilla/5.0 (Macintosh; Intel Mac OS X 10_15_7) AppleWebKit/537.36 (KHTML, like Gecko) Chrome/151.0.0.0 Safari/537.36"
240e:f7:4f00:2509:0:1:0:4 - - [25/Aug/2026:07:45:43 +0800] "GET /17160/wp-content/themes/oceanwp/assets/js/vendors/flickity.pkgd.min.js HTTP/1.1" 200 15048 "https://2blog.ilc.edu.tw/17160/2019/page/5/" "Mozilla/5.0 (Windows NT 10.0; Win64; x64) AppleWebKit/537.36 (KHTML, like Gecko) Chrome/144.0.0.0 Safari/537.36"
240e:f7:4f00:2509:0:1:0:4 - - [25/Aug/2026:07:45:43 +0800] "GET /17160/wp-content/themes/oceanwp/assets/js/ow-slider.min.js HTTP/1.1" 200 1761 "https://2blog.ilc.edu.tw/17160/2019/page/5/" "Mozilla/5.0 (Windows NT 10.0; Win64; x64) AppleWebKit/537.36 (KHTML, like Gecko) Chrome/144.0.0.0 Safari/537.36"
240e:f7:4f00:2509:0:1:0:4 - - [25/Aug/2026:07:45:43 +0800] "GET /17160/wp-content/themes/oceanwp/assets/js/scroll-effect.min.js HTTP/1.1" 200 4127 "https://2blog.ilc.edu.tw/17160/2019/page/5/" "Mozilla/5.0 (Windows NT 10.0; Win64; x64) AppleWebKit/537.36 (KHTML, like Gecko) Chrome/144.0.0.0 Safari/537.36"
2407:4b00:4c04:86ef:8058:a484:64d7:8772 - - [25/Aug/2026:07:45:43 +0800] "GET /wp-content/uploads/sites/3846/2025/11/%E8%9E%A2%E5%B9%95%E6%93%B7%E5%8F%96%E7%95%AB%E9%9D%A2-2025-11-27-141357.png HTTP/1.1" 200 216496 "https://www.ilc.edu.tw/" "Mozilla/5.0 (Macintosh; Intel Mac OS X 10_15_7) AppleWebKit/537.36 (KHTML, like Gecko) Chrome/151.0.0.0 Safari/537.36"
240e:f7:4f00:2509:0:1:0:4 - - [25/Aug/2026:07:45:43 +0800] "GET /17160/wp-content/themes/oceanwp/assets/fonts/simple-line-icons/Simple-Line-Icons.woff2?v=2.4.0 HTTP/1.1" 200 30959 "https://2blog.ilc.edu.tw/17160/wp-content/themes/oceanwp/assets/css/third/simple-line-icons.min.css" "Mozilla/5.0 (Windows NT 10.0; Win64; x64) AppleWebKit/537.36 (KHTML, like Gecko) Chrome/144.0.0.0 Safari/537.36"
2407:4b00:4c04:86ef:8058:a484:64d7:8772 - - [25/Aug/2026:07:45:43 +0800] "GET /wp-content/uploads/sites/3846/2026/02/%E8%9E%A2%E5%B9%95%E6%93%B7%E5%8F%96%E7%95%AB%E9%9D%A2-2026-02-24-081359.png HTTP/1.1" 200 1572728 "https://www.ilc.edu.tw/" "Mozilla/5.0 (Macintosh; Intel Mac OS X 10_15_7) AppleWebKit/537.36 (KHTML, like Gecko) Chrome/151.0.0.0 Safari/537.36"
240e:f7:4f00:2509:0:1:0:4 - - [25/Aug/2026:07:45:43 +0800] "GET /17160/wp-content/themes/oceanwp/assets/js/scroll-top.min.js HTTP/1.1" 200 3202 "https://2blog.ilc.edu.tw/17160/2019/page/5/" "Mozilla/5.0 (Windows NT 10.0; Win64; x64) AppleWebKit/537.36 (KHTML, like Gecko) Chrome/144.0.0.0 Safari/537.36"
2407:4b00:4c04:86ef:8058:a484:64d7:8772 - - [25/Aug/2026:07:45:43 +0800] "GET /wp-content/themes/oceanwp/assets/fonts/fontawesome/webfonts/fa-solid-900.woff2 HTTP/1.1" 200 151585 "https://www.ilc.edu.tw/wp-content/cache/www.ilc.edu.tw/wpfc-minified/fdlul8k0/8141l.css" "Mozilla/5.0 (Macintosh; Intel Mac OS X 10_15_7) AppleWebKit/537.36 (KHTML, like Gecko) Chrome/151.0.0.0 Safari/537.36"
240e:f7:4f00:2509:0:1:0:4 - - [25/Aug/2026:07:45:43 +0800] "GET /17160/wp-content/themes/oceanwp/assets/js/select.min.js HTTP/1.1" 200 2408 "https://2blog.ilc.edu.tw/17160/2019/page/5/" "Mozilla/5.0 (Windows NT 10.0; Win64; x64) AppleWebKit/537.36 (KHTML, like Gecko) Chrome/144.0.0.0 Safari/537.36"
2407:4b00:4c04:86ef:8058:a484:64d7:8772 - - [25/Aug/2026:07:45:43 +0800] "GET /wp-content/uploads/sites/3846/2026/06/%E5%AE%A3%E5%82%B3%E5%9C%96%E7%89%87.png HTTP/1.1" 200 1048321 "https://www.ilc.edu.tw/" "Mozilla/5.0 (Macintosh; Intel Mac OS X 10_15_7) AppleWebKit/537.36 (KHTML, like Gecko) Chrome/151.0.0.0 Safari/537.36"
2407:4b00:4c04:86ef:8058:a484:64d7:8772 - - [25/Aug/2026:07:45:43 +0800] "GET /wp-content/uploads/sites/3846/2026/08/%E8%BE%B2%E6%A5%AD%E9%83%A8%E5%BB%A3%E5%91%8A.jpg HTTP/1.1" 304 790 "https://www.ilc.edu.tw/" "Mozilla/5.0 (Macintosh; Intel Mac OS X 10_15_7) AppleWebKit/537.36 (KHTML, like Gecko) Chrome/151.0.0.0 Safari/537.36"
2407:4b00:4c04:86ef:8058:a484:64d7:8772 - - [25/Aug/2026:07:45:43 +0800] "GET /wp-content/uploads/sites/3846/2026/05/%E8%9E%A2%E5%B9%95%E6%93%B7%E5%8F%96%E7%95%AB%E9%9D%A2-2026-05-07-100749.png HTTP/1.1" 200 1349539 "https://www.ilc.edu.tw/" "Mozilla/5.0 (Macintosh; Intel Mac OS X 10_15_7) AppleWebKit/537.36 (KHTML, like Gecko) Chrome/151.0.0.0 Safari/537.36"
2407:4b00:4c04:86ef:8058:a484:64d7:8772 - - [25/Aug/2026:07:45:44 +0800] "GET /wp-content/uploads/sites/3846/2025/04/%E7%AB%A5%E5%BF%83%E7%AB%A5%E9%81%8A-%E6%AD%A1%E6%A8%82%E8%98%AD%E9%99%BD-%E5%85%92%E7%AB%A5%E7%AF%80%E5%BF%AB%E6%A8%82.jpg HTTP/1.1" 200 126952 "https://www.ilc.edu.tw/" "Mozilla/5.0 (Macintosh; Intel Mac OS X 10_15_7) AppleWebKit/537.36 (KHTML, like Gecko) Chrome/151.0.0.0 Safari/537.36"
2407:4b00:4c04:86ef:8058:a484:64d7:8772 - - [25/Aug/2026:07:45:44 +0800] "GET /wp-content/uploads/sites/3846/2025/11/%E8%9E%A2%E5%B9%95%E6%93%B7%E5%8F%96%E7%95%AB%E9%9D%A2-2025-11-10-141501.png HTTP/1.1" 200 2445011 "https://www.ilc.edu.tw/" "Mozilla/5.0 (Macintosh; Intel Mac OS X 10_15_7) AppleWebKit/537.36 (KHTML, like Gecko) Chrome/151.0.0.0 Safari/537.36"
2407:4b00:4c04:86ef:8058:a484:64d7:8772 - - [25/Aug/2026:07:45:44 +0800] "GET /wp-content/uploads/sites/3846/2024/09/%E6%95%99%E5%B8%AB%E7%AF%80%E5%BD%B1%E7%89%87.jpg HTTP/1.1" 200 72504 "https://www.ilc.edu.tw/" "Mozilla/5.0 (Macintosh; Intel Mac OS X 10_15_7) AppleWebKit/537.36 (KHTML, like Gecko) Chrome/151.0.0.0 Safari/537.36"
2407:4b00:4c04:86ef:8058:a484:64d7:8772 - - [25/Aug/2026:07:45:44 +0800] "GET /wp-content/uploads/sites/3846/2024/08/%E8%9E%A2%E5%B9%95%E6%93%B7%E5%8F%96%E7%95%AB%E9%9D%A2-2024-08-07-151319.png HTTP/1.1" 200 2714068 "https://www.ilc.edu.tw/" "Mozilla/5.0 (Macintosh; Intel Mac OS X 10_15_7) AppleWebKit/537.36 (KHTML, like Gecko) Chrome/151.0.0.0 Safari/537.36"
2407:4b00:4c04:86ef:8058:a484:64d7:8772 - - [25/Aug/2026:07:45:43 +0800] "GET /wp-content/uploads/sites/3846/2025/11/%E8%9E%A2%E5%B9%95%E6%93%B7%E5%8F%96%E7%95%AB%E9%9D%A2-2025-11-13-131522.png HTTP/1.1" 200 3761926 "https://www.ilc.edu.tw/" "Mozilla/5.0 (Macintosh; Intel Mac OS X 10_15_7) AppleWebKit/537.36 (KHTML, like Gecko) Chrome/151.0.0.0 Safari/537.36"
2407:4b00:4c04:86ef:8058:a484:64d7:8772 - - [25/Aug/2026:07:45:44 +0800] "GET /wp-content/uploads/sites/3846/2023/10/C3.png HTTP/1.1" 200 192155 "https://www.ilc.edu.tw/" "Mozilla/5.0 (Macintosh; Intel Mac OS X 10_15_7) AppleWebKit/537.36 (KHTML, like Gecko) Chrome/151.0.0.0 Safari/537.36"
2407:4b00:4c04:86ef:8058:a484:64d7:8772 - - [25/Aug/2026:07:45:44 +0800] "GET /wp-content/uploads/sites/3846/2023/10/C1.png HTTP/1.1" 200 347000 "https://www.ilc.edu.tw/" "Mozilla/5.0 (Macintosh; Intel Mac OS X 10_15_7) AppleWebKit/537.36 (KHTML, like Gecko) Chrome/151.0.0.0 Safari/537.36"
2001:288:a239:1:d57d:24a3:b2b0:10ff - - [25/Aug/2026:07:45:45 +0800] "-" 408 339 "-" "-"
2407:4b00:4c04:86ef:8058:a484:64d7:8772 - - [25/Aug/2026:07:45:45 +0800] "GET /wp-content/uploads/sites/3846/2023/10/C4.png HTTP/1.1" 200 139328 "https://www.ilc.edu.tw/" "Mozilla/5.0 (Macintosh; Intel Mac OS X 10_15_7) AppleWebKit/537.36 (KHTML, like Gecko) Chrome/151.0.0.0 Safari/537.36"
2407:4b00:4c04:86ef:8058:a484:64d7:8772 - - [25/Aug/2026:07:45:45 +0800] "GET /wp-content/uploads/sites/3846/2023/10/C5.png HTTP/1.1" 200 267535 "https://www.ilc.edu.tw/" "Mozilla/5.0 (Macintosh; Intel Mac OS X 10_15_7) AppleWebKit/537.36 (KHTML, like Gecko) Chrome/151.0.0.0 Safari/537.36"
2407:4b00:4c04:86ef:8058:a484:64d7:8772 - - [25/Aug/2026:07:45:45 +0800] "GET /wp-content/uploads/sites/3846/2023/05/%E8%B7%A8%E9%96%B1%E5%88%9D%E8%A1%B7YT.jpg HTTP/1.1" 200 579849 "https://www.ilc.edu.tw/" "Mozilla/5.0 (Macintosh; Intel Mac OS X 10_15_7) AppleWebKit/537.36 (KHTML, like Gecko) Chrome/151.0.0.0 Safari/537.36"
2407:4b00:4c04:86ef:8058:a484:64d7:8772 - - [25/Aug/2026:07:45:45 +0800] "GET /wp-content/uploads/sites/3846/2023/05/%E5%8E%9F%E6%B0%91%E6%95%99%E8%82%B2%E5%9C%A8%E5%AE%9C%E8%98%ADYT.jpg HTTP/1.1" 200 607016 "https://www.ilc.edu.tw/" "Mozilla/5.0 (Macintosh; Intel Mac OS X 10_15_7) AppleWebKit/537.36 (KHTML, like Gecko) Chrome/151.0.0.0 Safari/537.36"
2407:4b00:4c04:86ef:8058:a484:64d7:8772 - - [25/Aug/2026:07:45:45 +0800] "GET /wp-content/uploads/sites/3846/2023/05/%E5%B9%BC%E8%A6%8B%E5%B9%B8%E7%A6%8FYT.jpg HTTP/1.1" 200 664803 "https://www.ilc.edu.tw/" "Mozilla/5.0 (Macintosh; Intel Mac OS X 10_15_7) AppleWebKit/537.36 (KHTML, like Gecko) Chrome/151.0.0.0 Safari/537.36"
2407:4b00:4c04:86ef:8058:a484:64d7:8772 - - [25/Aug/2026:07:45:45 +0800] "GET /wp-content/uploads/sites/3846/2023/05/%E6%84%9BEnglishYT.jpg HTTP/1.1" 200 245320 "https://www.ilc.edu.tw/" "Mozilla/5.0 (Macintosh; Intel Mac OS X 10_15_7) AppleWebKit/537.36 (KHTML, like Gecko) Chrome/151.0.0.0 Safari/537.36"
2407:4b00:4c04:86ef:8058:a484:64d7:8772 - - [25/Aug/2026:07:45:45 +0800] "GET /wp-content/uploads/sites/3846/2023/05/%E6%B0%B4%E5%9F%9F%E5%AE%89%E5%85%A8%E5%AE%A3%E5%B0%8EYT.jpg HTTP/1.1" 200 809930 "https://www.ilc.edu.tw/" "Mozilla/5.0 (Macintosh; Intel Mac OS X 10_15_7) AppleWebKit/537.36 (KHTML, like Gecko) Chrome/151.0.0.0 Safari/537.36"
2001:288:a201::66:125 - - [25/Aug/2026:07:45:45 +0800] "GET /blog/active.php HTTP/1.1" 404 1084 "-" "-"
2001:288:a201::66:125 - - [25/Aug/2026:07:45:45 +0800] "GET /blog/active.php HTTP/1.1" 301 1026 "-" "-"
2407:4b00:4c04:86ef:8058:a484:64d7:8772 - - [25/Aug/2026:07:45:45 +0800] "GET /wp-content/uploads/sites/3846/2023/05/%E5%A6%82%E6%9E%9C%E9%9B%A8%E7%9F%A5%E9%81%93YT.jpg HTTP/1.1" 200 529331 "https://www.ilc.edu.tw/" "Mozilla/5.0 (Macintosh; Intel Mac OS X 10_15_7) AppleWebKit/537.36 (KHTML, like Gecko) Chrome/151.0.0.0 Safari/537.36"
2407:4b00:4c04:86ef:8058:a484:64d7:8772 - - [25/Aug/2026:07:45:45 +0800] "GET /wp-content/uploads/sites/3846/2025/09/YT%E5%B0%81%E9%9D%A2-1.jpg HTTP/1.1" 200 173035 "https://www.ilc.edu.tw/" "Mozilla/5.0 (Macintosh; Intel Mac OS X 10_15_7) AppleWebKit/537.36 (KHTML, like Gecko) Chrome/151.0.0.0 Safari/537.36"
2001:288:a21a:1:fdd9:baa2:9e09:3b3f - - [25/Aug/2026:07:45:45 +0800] "-" 408 4801 "-" "-"
2407:4b00:4c04:86ef:8058:a484:64d7:8772 - - [25/Aug/2026:07:45:46 +0800] "GET /wp-content/uploads/sites/3846/2024/05/%E8%9E%A2%E5%B9%95%E6%93%B7%E5%8F%96%E7%95%AB%E9%9D%A2-2024-05-16-103456.png HTTP/1.1" 200 2702922 "https://www.ilc.edu.tw/" "Mozilla/5.0 (Macintosh; Intel Mac OS X 10_15_7) AppleWebKit/537.36 (KHTML, like Gecko) Chrome/151.0.0.0 Safari/537.36"
2407:4b00:4c04:86ef:8058:a484:64d7:8772 - - [25/Aug/2026:07:45:44 +0800] "GET /wp-content/uploads/sites/3846/2023/10/C2.png HTTP/1.1" 200 264437 "https://www.ilc.edu.tw/" "Mozilla/5.0 (Macintosh; Intel Mac OS X 10_15_7) AppleWebKit/537.36 (KHTML, like Gecko) Chrome/151.0.0.0 Safari/537.36"
140.111.67.10 - - [25/Aug/2026:07:45:46 +0800] "GET /" 301 273 "-" "-"
::1 - - [25/Aug/2026:07:45:47 +0800] "OPTIONS * HTTP/1.0" 200 110 "-" "Apache/2.4.68 (Ubuntu) OpenSSL/3.0.19 (internal dummy connection)"
::1 - - [25/Aug/2026:07:45:48 +0800] "OPTIONS * HTTP/1.0" 200 110 "-" "Apache/2.4.68 (Ubuntu) OpenSSL/3.0.19 (internal dummy connection)"
2407:4b00:4c04:86ef:8058:a484:64d7:8772 - - [25/Aug/2026:07:45:43 +0800] "GET /wp-content/uploads/sites/3846/2026/06/2026%E5%AE%9C%E8%98%AD%E7%98%8B%E5%AD%B8%E7%BF%92-%E6%9A%91%E5%81%87_%E6%95%99%E8%82%B2%E8%99%95%E9%A6%96%E9%A0%81-1440-x-1080-%E5%83%8F%E7%B4%A0.png HTTP/1.1" 200 2050723 "https://www.ilc.edu.tw/" "Mozilla/5.0 (Macintosh; Intel Mac OS X 10_15_7) AppleWebKit/537.36 (KHTML, like Gecko) Chrome/151.0.0.0 Safari/537.36"
::1 - - [25/Aug/2026:07:45:49 +0800] "OPTIONS * HTTP/1.0" 200 110 "-" "Apache/2.4.68 (Ubuntu) OpenSSL/3.0.19 (internal dummy connection)"
::1 - - [25/Aug/2026:07:45:50 +0800] "OPTIONS * HTTP/1.0" 200 110 "-" "Apache/2.4.68 (Ubuntu) OpenSSL/3.0.19 (internal dummy connection)"
2001:288:a201::66:125 - - [25/Aug/2026:07:45:50 +0800] "GET /blog/active.php HTTP/1.1" 404 1084 "-" "-"
2001:288:a201::66:125 - - [25/Aug/2026:07:45:50 +0800] "GET /blog/active.php HTTP/1.1" 301 1026 "-" "-"
::1 - - [25/Aug/2026:07:45:51 +0800] "OPTIONS * HTTP/1.0" 200 110 "-" "Apache/2.4.68 (Ubuntu) OpenSSL/3.0.19 (internal dummy connection)"
140.111.67.10 - - [25/Aug/2026:07:45:51 +0800] "GET /" 301 273 "-" "-"
::1 - - [25/Aug/2026:07:45:52 +0800] "OPTIONS * HTTP/1.0" 200 110 "-" "Apache/2.4.68 (Ubuntu) OpenSSL/3.0.19 (internal dummy connection)"
::1 - - [25/Aug/2026:07:45:53 +0800] "OPTIONS * HTTP/1.0" 200 110 "-" "Apache/2.4.68 (Ubuntu) OpenSSL/3.0.19 (internal dummy connection)"
140.111.122.171 - - [25/Aug/2026:07:45:54 +0800] "GET / HTTP/1.1" 200 19321 "-" "Mozilla/5.0 (Windows NT 10.0; Win64; x64) AppleWebKit/537.36 (KHTML, like Gecko) Chrome/151.0.0.0 Safari/537.36"
::1 - - [25/Aug/2026:07:45:54 +0800] "OPTIONS * HTTP/1.0" 200 110 "-" "Apache/2.4.68 (Ubuntu) OpenSSL/3.0.19 (internal dummy connection)"
2a03:2880:f802:1b:: - - [25/Aug/2026:07:45:52 +0800] "GET /wp-login.php?key=uysvv381&_wpnonce=&action=ilc_logout&redirect_to=https%3A%2F%2Fchatgpt.com%2F%3Fq%3DPlease+provide+only+the+clickable+link+for+https%3A%2F%2Fwww.aayyy.com+and+without+any+extra+content HTTP/1.1" 302 8370 "-" "Mozilla/5.0 (Windows NT 10.0; Win64; x64) AppleWebKit/537.36 (KHTML, like Gecko) Chrome/145.0.0.0 Safari/537.36 (compatible; meta-externalagent/1.1 (+https://developers.facebook.com/docs/sharing/webmasters/crawler))"
::1 - - [25/Aug/2026:07:45:55 +0800] "OPTIONS * HTTP/1.0" 200 110 "-" "Apache/2.4.68 (Ubuntu) OpenSSL/3.0.19 (internal dummy connection)"
2001:288:a201::66:125 - - [25/Aug/2026:07:45:55 +0800] "GET /blog/active.php HTTP/1.1" 404 1084 "-" "-"
2001:288:a201::66:125 - - [25/Aug/2026:07:45:55 +0800] "GET /blog/active.php HTTP/1.1" 301 1026 "-" "-"
::1 - - [25/Aug/2026:07:45:56 +0800] "OPTIONS * HTTP/1.0" 200 110 "-" "Apache/2.4.68 (Ubuntu) OpenSSL/3.0.19 (internal dummy connection)"
140.111.67.10 - - [25/Aug/2026:07:45:56 +0800] "GET /" 301 273 "-" "-"
::1 - - [25/Aug/2026:07:45:57 +0800] "OPTIONS * HTTP/1.0" 200 110 "-" "Apache/2.4.68 (Ubuntu) OpenSSL/3.0.19 (internal dummy connection)"
::1 - - [25/Aug/2026:07:45:58 +0800] "OPTIONS * HTTP/1.0" 200 110 "-" "Apache/2.4.68 (Ubuntu) OpenSSL/3.0.19 (internal dummy connection)"
2402:7500:95e:566:d031:61f8:d2a3:8018 - - [25/Aug/2026:07:45:59 +0800] "GET /1003/2013/07/29/%E7%8F%AD%E7%B4%9A%E7%B6%93%E7%87%9F%E5%B0%8F%E4%B8%80%E9%96%8B%E5%AD%B8%E7%9A%84%E7%9C%89%E7%9C%89%E8%A7%92%E8%A7%92/ HTTP/1.1" 200 23128 "https://www.google.com/url?q=https://2blog.ilc.edu.tw/1003/2013/07/29/%25E7%258F%25AD%25E7%25B4%259A%25E7%25B6%2593%25E7%2587%259F%25E5%25B0%258F%25E4%25B8%2580%25E9%2596%258B%25E5%25AD%25B8%25E7%259A%2584%25E7%259C%2589%25E7%259C%2589%25E8%25A7%2592%25E8%25A7%2592/&sa=U&sqi=2&ved=2ahUKEwjs7OawubqWAxUeleEIHXdUN1sQFnoECCQQAQ&usg=AOvVaw004BDBDXjXPncroyWoTpWn" "Mozilla/5.0 (iPhone; CPU iPhone OS 26_6_0 like Mac OS X) AppleWebKit/605.1.15 (KHTML, like Gecko) GSA/434.2.961627397 Mobile/15E148 Safari/604.1"
2402:7500:95e:566:d031:61f8:d2a3:8018 - - [25/Aug/2026:07:45:59 +0800] "GET /1003/wp-content/cache/2blog.ilc.edu.tw/wpfc-minified/mknpejql/5woub.css HTTP/1.1" 200 45680 "https://2blog.ilc.edu.tw/1003/2013/07/29/%E7%8F%AD%E7%B4%9A%E7%B6%93%E7%87%9F%E5%B0%8F%E4%B8%80%E9%96%8B%E5%AD%B8%E7%9A%84%E7%9C%89%E7%9C%89%E8%A7%92%E8%A7%92/" "Mozilla/5.0 (iPhone; CPU iPhone OS 26_6_0 like Mac OS X) AppleWebKit/605.1.15 (KHTML, like Gecko) GSA/434.2.961627397 Mobile/15E148 Safari/604.1"
2402:7500:95e:566:d031:61f8:d2a3:8018 - - [25/Aug/2026:07:45:59 +0800] "GET /1003/wp-content/cache/2blog.ilc.edu.tw/wpfc-minified/q8iljgfz/5woub.js HTTP/1.1" 200 3455 "https://2blog.ilc.edu.tw/1003/2013/07/29/%E7%8F%AD%E7%B4%9A%E7%B6%93%E7%87%9F%E5%B0%8F%E4%B8%80%E9%96%8B%E5%AD%B8%E7%9A%84%E7%9C%89%E7%9C%89%E8%A7%92%E8%A7%92/" "Mozilla/5.0 (iPhone; CPU iPhone OS 26_6_0 like Mac OS X) AppleWebKit/605.1.15 (KHTML, like Gecko) GSA/434.2.961627397 Mobile/15E148 Safari/604.1"
2402:7500:95e:566:d031:61f8:d2a3:8018 - - [25/Aug/2026:07:45:59 +0800] "GET /wp-content/uploads/sites/233/1003/1003-1976655.jpg HTTP/1.1" 200 85456 "https://2blog.ilc.edu.tw/1003/2013/07/29/%E7%8F%AD%E7%B4%9A%E7%B6%93%E7%87%9F%E5%B0%8F%E4%B8%80%E9%96%8B%E5%AD%B8%E7%9A%84%E7%9C%89%E7%9C%89%E8%A7%92%E8%A7%92/" "Mozilla/5.0 (iPhone; CPU iPhone OS 26_6_0 like Mac OS X) AppleWebKit/605.1.15 (KHTML, like Gecko) GSA/434.2.961627397 Mobile/15E148 Safari/604.1"
2402:7500:95e:566:d031:61f8:d2a3:8018 - - [25/Aug/2026:07:45:59 +0800] "GET /1003/wp-content/cache/2blog.ilc.edu.tw/wpfc-minified/lx5sg0nx/5wohd.css HTTP/1.1" 200 23084 "https://2blog.ilc.edu.tw/1003/2013/07/29/%E7%8F%AD%E7%B4%9A%E7%B6%93%E7%87%9F%E5%B0%8F%E4%B8%80%E9%96%8B%E5%AD%B8%E7%9A%84%E7%9C%89%E7%9C%89%E8%A7%92%E8%A7%92/" "Mozilla/5.0 (iPhone; CPU iPhone OS 26_6_0 like Mac OS X) AppleWebKit/605.1.15 (KHTML, like Gecko) GSA/434.2.961627397 Mobile/15E148 Safari/604.1"
2402:7500:95e:566:d031:61f8:d2a3:8018 - - [25/Aug/2026:07:45:59 +0800] "GET /1003/wp-includes/js/hoverintent-js.min.js HTTP/1.1" 200 1597 "https://2blog.ilc.edu.tw/1003/2013/07/29/%E7%8F%AD%E7%B4%9A%E7%B6%93%E7%87%9F%E5%B0%8F%E4%B8%80%E9%96%8B%E5%AD%B8%E7%9A%84%E7%9C%89%E7%9C%89%E8%A7%92%E8%A7%92/" "Mozilla/5.0 (iPhone; CPU iPhone OS 26_6_0 like Mac OS X) AppleWebKit/605.1.15 (KHTML, like Gecko) GSA/434.2.961627397 Mobile/15E148 Safari/604.1"
2402:7500:95e:566:d031:61f8:d2a3:8018 - - [25/Aug/2026:07:45:59 +0800] "GET /1003/wp-content/cache/2blog.ilc.edu.tw/wpfc-minified/7jci0eqx/5woub.js HTTP/1.1" 200 40356 "https://2blog.ilc.edu.tw/1003/2013/07/29/%E7%8F%AD%E7%B4%9A%E7%B6%93%E7%87%9F%E5%B0%8F%E4%B8%80%E9%96%8B%E5%AD%B8%E7%9A%84%E7%9C%89%E7%9C%89%E8%A7%92%E8%A7%92/" "Mozilla/5.0 (iPhone; CPU iPhone OS 26_6_0 like Mac OS X) AppleWebKit/605.1.15 (KHTML, like Gecko) GSA/434.2.961627397 Mobile/15E148 Safari/604.1"
2402:7500:95e:566:d031:61f8:d2a3:8018 - - [25/Aug/2026:07:45:59 +0800] "GET /1003/wp-content/cache/2blog.ilc.edu.tw/wpfc-minified/6jx87ldu/5wohd.js HTTP/1.1" 200 6435 "https://2blog.ilc.edu.tw/1003/2013/07/29/%E7%8F%AD%E7%B4%9A%E7%B6%93%E7%87%9F%E5%B0%8F%E4%B8%80%E9%96%8B%E5%AD%B8%E7%9A%84%E7%9C%89%E7%9C%89%E8%A7%92%E8%A7%92/" "Mozilla/5.0 (iPhone; CPU iPhone OS 26_6_0 like Mac OS X) AppleWebKit/605.1.15 (KHTML, like Gecko) GSA/434.2.961627397 Mobile/15E148 Safari/604.1"
2402:7500:95e:566:d031:61f8:d2a3:8018 - - [25/Aug/2026:07:45:59 +0800] "GET /1003/wp-content/cache/2blog.ilc.edu.tw/wpfc-minified/8x7tn0v6/5wohd.css HTTP/1.1" 200 20774 "https://2blog.ilc.edu.tw/1003/2013/07/29/%E7%8F%AD%E7%B4%9A%E7%B6%93%E7%87%9F%E5%B0%8F%E4%B8%80%E9%96%8B%E5%AD%B8%E7%9A%84%E7%9C%89%E7%9C%89%E8%A7%92%E8%A7%92/" "Mozilla/5.0 (iPhone; CPU iPhone OS 26_6_0 like Mac OS X) AppleWebKit/605.1.15 (KHTML, like Gecko) GSA/434.2.961627397 Mobile/15E148 Safari/604.1"
2402:7500:95e:566:d031:61f8:d2a3:8018 - - [25/Aug/2026:07:45:59 +0800] "GET /1003/wp-includes/js/admin-bar.min.js HTTP/1.1" 200 2237 "https://2blog.ilc.edu.tw/1003/2013/07/29/%E7%8F%AD%E7%B4%9A%E7%B6%93%E7%87%9F%E5%B0%8F%E4%B8%80%E9%96%8B%E5%AD%B8%E7%9A%84%E7%9C%89%E7%9C%89%E8%A7%92%E8%A7%92/" "Mozilla/5.0 (iPhone; CPU iPhone OS 26_6_0 like Mac OS X) AppleWebKit/605.1.15 (KHTML, like Gecko) GSA/434.2.961627397 Mobile/15E148 Safari/604.1"
2402:7500:95e:566:d031:61f8:d2a3:8018 - - [25/Aug/2026:07:45:59 +0800] "GET /1003/wp-content/themes/textbook/assets/js/jquery.flexslider.js HTTP/1.1" 200 12801 "https://2blog.ilc.edu.tw/1003/2013/07/29/%E7%8F%AD%E7%B4%9A%E7%B6%93%E7%87%9F%E5%B0%8F%E4%B8%80%E9%96%8B%E5%AD%B8%E7%9A%84%E7%9C%89%E7%9C%89%E8%A7%92%E8%A7%92/" "Mozilla/5.0 (iPhone; CPU iPhone OS 26_6_0 like Mac OS X) AppleWebKit/605.1.15 (KHTML, like Gecko) GSA/434.2.961627397 Mobile/15E148 Safari/604.1"
2402:7500:95e:566:d031:61f8:d2a3:8018 - - [25/Aug/2026:07:45:59 +0800] "GET /1003/wp-content/themes/textbook/assets/js/functions.js HTTP/1.1" 200 1934 "https://2blog.ilc.edu.tw/1003/2013/07/29/%E7%8F%AD%E7%B4%9A%E7%B6%93%E7%87%9F%E5%B0%8F%E4%B8%80%E9%96%8B%E5%AD%B8%E7%9A%84%E7%9C%89%E7%9C%89%E8%A7%92%E8%A7%92/" "Mozilla/5.0 (iPhone; CPU iPhone OS 26_6_0 like Mac OS X) AppleWebKit/605.1.15 (KHTML, like Gecko) GSA/434.2.961627397 Mobile/15E148 Safari/604.1"
2402:7500:95e:566:d031:61f8:d2a3:8018 - - [25/Aug/2026:07:45:59 +0800] "GET /1003/wp-content/themes/textbook/assets/js/skip-link-focus-fix.js HTTP/1.1" 200 1351 "https://2blog.ilc.edu.tw/1003/2013/07/29/%E7%8F%AD%E7%B4%9A%E7%B6%93%E7%87%9F%E5%B0%8F%E4%B8%80%E9%96%8B%E5%AD%B8%E7%9A%84%E7%9C%89%E7%9C%89%E8%A7%92%E8%A7%92/" "Mozilla/5.0 (iPhone; CPU iPhone OS 26_6_0 like Mac OS X) AppleWebKit/605.1.15 (KHTML, like Gecko) GSA/434.2.961627397 Mobile/15E148 Safari/604.1"
2402:7500:95e:566:d031:61f8:d2a3:8018 - - [25/Aug/2026:07:45:59 +0800] "GET /1003/wp-content/themes/textbook/assets/js/navigation.js HTTP/1.1" 200 2931 "https://2blog.ilc.edu.tw/1003/2013/07/29/%E7%8F%AD%E7%B4%9A%E7%B6%93%E7%87%9F%E5%B0%8F%E4%B8%80%E9%96%8B%E5%AD%B8%E7%9A%84%E7%9C%89%E7%9C%89%E8%A7%92%E8%A7%92/" "Mozilla/5.0 (iPhone; CPU iPhone OS 26_6_0 like Mac OS X) AppleWebKit/605.1.15 (KHTML, like Gecko) GSA/434.2.961627397 Mobile/15E148 Safari/604.1"
2402:7500:95e:566:d031:61f8:d2a3:8018 - - [25/Aug/2026:07:45:59 +0800] "GET /wp-content/uploads/sites/233/1003/1003-1976656.jpg HTTP/1.1" 200 95699 "https://2blog.ilc.edu.tw/1003/2013/07/29/%E7%8F%AD%E7%B4%9A%E7%B6%93%E7%87%9F%E5%B0%8F%E4%B8%80%E9%96%8B%E5%AD%B8%E7%9A%84%E7%9C%89%E7%9C%89%E8%A7%92%E8%A7%92/" "Mozilla/5.0 (iPhone; CPU iPhone OS 26_6_0 like Mac OS X) AppleWebKit/605.1.15 (KHTML, like Gecko) GSA/434.2.961627397 Mobile/15E148 Safari/604.1"
2402:7500:95e:566:d031:61f8:d2a3:8018 - - [25/Aug/2026:07:45:59 +0800] "POST /1003/wp-json/ilc-summary/v1/popular-posts HTTP/1.1" 201 1401 "https://2blog.ilc.edu.tw/1003/2013/07/29/%E7%8F%AD%E7%B4%9A%E7%B6%93%E7%87%9F%E5%B0%8F%E4%B8%80%E9%96%8B%E5%AD%B8%E7%9A%84%E7%9C%89%E7%9C%89%E8%A7%92%E8%A7%92/" "Mozilla/5.0 (iPhone; CPU iPhone OS 26_6_0 like Mac OS X) AppleWebKit/605.1.15 (KHTML, like Gecko) GSA/434.2.961627397 Mobile/15E148 Safari/604.1"
2402:7500:95e:566:d031:61f8:d2a3:8018 - - [25/Aug/2026:07:46:00 +0800] "GET /1003/wp-content/uploads/sites/233/2023/04/338250713_886939739267121_7258247398763374813_n.jpg HTTP/1.1" 200 101554 "https://2blog.ilc.edu.tw/1003/2013/07/29/%E7%8F%AD%E7%B4%9A%E7%B6%93%E7%87%9F%E5%B0%8F%E4%B8%80%E9%96%8B%E5%AD%B8%E7%9A%84%E7%9C%89%E7%9C%89%E8%A7%92%E8%A7%92/" "Mozilla/5.0 (iPhone; CPU iPhone OS 26_6_0 like Mac OS X) AppleWebKit/605.1.15 (KHTML, like Gecko) GSA/434.2.961627397 Mobile/15E148 Safari/604.1"
2402:7500:95e:566:d031:61f8:d2a3:8018 - - [25/Aug/2026:07:46:00 +0800] "GET /wp-content/uploads/sites/233/1003/1003-1976657.jpg HTTP/1.1" 200 152477 "https://2blog.ilc.edu.tw/1003/2013/07/29/%E7%8F%AD%E7%B4%9A%E7%B6%93%E7%87%9F%E5%B0%8F%E4%B8%80%E9%96%8B%E5%AD%B8%E7%9A%84%E7%9C%89%E7%9C%89%E8%A7%92%E8%A7%92/" "Mozilla/5.0 (iPhone; CPU iPhone OS 26_6_0 like Mac OS X) AppleWebKit/605.1.15 (KHTML, like Gecko) GSA/434.2.961627397 Mobile/15E148 Safari/604.1"
2001:288:a201::66:125 - - [25/Aug/2026:07:46:00 +0800] "GET /blog/active.php HTTP/1.1" 301 1026 "-" "-"
2001:288:a201::66:125 - - [25/Aug/2026:07:46:00 +0800] "GET /blog/active.php HTTP/1.1" 404 1084 "-" "-"
2402:7500:95e:566:d031:61f8:d2a3:8018 - - [25/Aug/2026:07:46:00 +0800] "GET /1003/wp-content/uploads/sites/233/2019/05/84-1024x1024.png HTTP/1.1" 200 352663 "https://2blog.ilc.edu.tw/1003/2013/07/29/%E7%8F%AD%E7%B4%9A%E7%B6%93%E7%87%9F%E5%B0%8F%E4%B8%80%E9%96%8B%E5%AD%B8%E7%9A%84%E7%9C%89%E7%9C%89%E8%A7%92%E8%A7%92/" "Mozilla/5.0 (iPhone; CPU iPhone OS 26_6_0 like Mac OS X) AppleWebKit/605.1.15 (KHTML, like Gecko) GSA/434.2.961627397 Mobile/15E148 Safari/604.1"
2402:7500:95e:566:d031:61f8:d2a3:8018 - - [25/Aug/2026:07:46:00 +0800] "GET /1003/wp-content/uploads/sites/233/2024/03/Snipaste_2024-03-11_23-36-51.png HTTP/1.1" 200 452199 "https://2blog.ilc.edu.tw/1003/2013/07/29/%E7%8F%AD%E7%B4%9A%E7%B6%93%E7%87%9F%E5%B0%8F%E4%B8%80%E9%96%8B%E5%AD%B8%E7%9A%84%E7%9C%89%E7%9C%89%E8%A7%92%E8%A7%92/" "Mozilla/5.0 (iPhone; CPU iPhone OS 26_6_0 like Mac OS X) AppleWebKit/605.1.15 (KHTML, like Gecko) GSA/434.2.961627397 Mobile/15E148 Safari/604.1"
2402:7500:95e:566:d031:61f8:d2a3:8018 - - [25/Aug/2026:07:46:00 +0800] "GET /1003/wp-content/uploads/sites/233/2019/08/Snipaste_2019-08-25_21-24-17-1-1024x508.jpg HTTP/1.1" 200 59683 "https://2blog.ilc.edu.tw/1003/2013/07/29/%E7%8F%AD%E7%B4%9A%E7%B6%93%E7%87%9F%E5%B0%8F%E4%B8%80%E9%96%8B%E5%AD%B8%E7%9A%84%E7%9C%89%E7%9C%89%E8%A7%92%E8%A7%92/" "Mozilla/5.0 (iPhone; CPU iPhone OS 26_6_0 like Mac OS X) AppleWebKit/605.1.15 (KHTML, like Gecko) GSA/434.2.961627397 Mobile/15E148 Safari/604.1"
2001:288:a201::67:81 - - [25/Aug/2026:07:46:01 +0800] "GET / HTTP/1.1" 200 56291 "-" "curl/7.81.0"
140.111.67.10 - - [25/Aug/2026:07:46:01 +0800] "GET /" 301 273 "-" "-"
140.111.67.86 - - [25/Aug/2026:07:46:02 +0800] "GET / HTTP/1.1" 200 56291 "-" "curl/7.81.0"
::1 - - [25/Aug/2026:07:46:02 +0800] "OPTIONS * HTTP/1.0" 200 110 "-" "Apache/2.4.68 (Ubuntu) OpenSSL/3.0.19 (internal dummy connection)"
2407:4b00:4c04:86ef:8058:a484:64d7:8772 - - [25/Aug/2026:07:46:03 +0800] "-" 408 4791 "-" "-"
::1 - - [25/Aug/2026:07:46:03 +0800] "OPTIONS * HTTP/1.0" 200 110 "-" "Apache/2.4.68 (Ubuntu) OpenSSL/3.0.19 (internal dummy connection)"
2407:4b00:4c04:86ef:8058:a484:64d7:8772 - - [25/Aug/2026:07:46:03 +0800] "-" 408 4791 "-" "-"
::1 - - [25/Aug/2026:07:46:05 +0800] "OPTIONS * HTTP/1.0" 200 110 "-" "Apache/2.4.68 (Ubuntu) OpenSSL/3.0.19 (internal dummy connection)"
2001:288:a201::66:125 - - [25/Aug/2026:07:46:05 +0800] "GET /blog/active.php HTTP/1.1" 301 1026 "-" "-"
2001:288:a201::66:125 - - [25/Aug/2026:07:46:05 +0800] "GET /blog/active.php HTTP/1.1" 404 1084 "-" "-"
::1 - - [25/Aug/2026:07:46:06 +0800] "OPTIONS * HTTP/1.0" 200 110 "-" "Apache/2.4.68 (Ubuntu) OpenSSL/3.0.19 (internal dummy connection)"
140.111.67.10 - - [25/Aug/2026:07:46:06 +0800] "GET /" 301 273 "-" "-"
2001:288:a201::66:125 - - [25/Aug/2026:07:46:10 +0800] "GET /blog/active.php HTTP/1.1" 301 1026 "-" "-"
2001:288:a201::66:125 - - [25/Aug/2026:07:46:10 +0800] "GET /blog/active.php HTTP/1.1" 404 1084 "-" "-"
140.111.67.10 - - [25/Aug/2026:07:46:12 +0800] "GET /" 301 273 "-" "-"
2001:b400:e2d7:ad4d:af3e:7e09:3dfb:95d4 - - [25/Aug/2026:07:46:14 +0800] "GET / HTTP/1.1" 200 23795 "-" "Mozilla/5.0 (Linux; Android 15; SH-M32 Build/S5127; wv) AppleWebKit/537.36 (KHTML, like Gecko) Version/4.0 Chrome/151.0.7922.85 Mobile Safari/537.36 Line/26.11.0/IAB"
140.111.122.171 - - [25/Aug/2026:07:46:14 +0800] "-" 408 4804 "-" "-"
140.111.122.171 - - [25/Aug/2026:07:46:14 +0800] "-" 408 339 "-" "-"
2001:288:a201::66:125 - - [25/Aug/2026:07:46:15 +0800] "GET /blog/active.php HTTP/1.1" 404 1084 "-" "-"
2001:288:a201::66:125 - - [25/Aug/2026:07:46:15 +0800] "GET /blog/active.php HTTP/1.1" 301 1026 "-" "-"
140.111.67.10 - - [25/Aug/2026:07:46:17 +0800] "GET /" 301 273 "-" "-"
2001:288:a201::66:125 - - [25/Aug/2026:07:46:20 +0800] "GET /blog/active.php HTTP/1.1" 404 1084 "-" "-"
2001:288:a201::66:125 - - [25/Aug/2026:07:46:20 +0800] "GET /blog/active.php HTTP/1.1" 301 1026 "-" "-"
2a03:2880:f802:14:: - - [25/Aug/2026:07:46:21 +0800] "GET /6460/2013/11/25/102_%e6%9c%ac%e6%a0%a1%e7%94%a8%e6%b0%b4%e8%bc%83%e5%8e%bb%e5%b9%b4%e5%ba%a6%e8%b2%a0%e6%88%90%e9%95%b7%e9%81%9416-05/ HTTP/1.1" 200 16545 "-" "Mozilla/5.0 (Windows NT 10.0; Win64; x64) AppleWebKit/537.36 (KHTML, like Gecko) Chrome/145.0.0.0 Safari/537.36 (compatible; meta-externalagent/1.1 (+https://developers.facebook.com/docs/sharing/webmasters/crawler))"
140.111.67.10 - - [25/Aug/2026:07:46:22 +0800] "GET /" 301 273 "-" "-"
2001:288:a201::66:125 - - [25/Aug/2026:07:46:25 +0800] "GET /blog/active.php HTTP/1.1" 404 1084 "-" "-"
2001:288:a201::66:125 - - [25/Aug/2026:07:46:25 +0800] "GET /blog/active.php HTTP/1.1" 301 1026 "-" "-"
140.111.67.10 - - [25/Aug/2026:07:46:27 +0800] "GET /" 301 273 "-" "-"
2001:288:a239:1:d57d:24a3:b2b0:10ff - - [25/Aug/2026:07:46:27 +0800] "-" 408 339 "-" "-"
2001:288:a201::66:125 - - [25/Aug/2026:07:46:30 +0800] "GET /blog/active.php HTTP/1.1" 404 1084 "-" "-"
2001:288:a201::66:125 - - [25/Aug/2026:07:46:30 +0800] "GET /blog/active.php HTTP/1.1" 301 1026 "-" "-"
140.111.67.10 - - [25/Aug/2026:07:46:32 +0800] "GET /" 301 273 "-" "-"
140.111.111.9 - - [25/Aug/2026:07:46:33 +0800] "-" 408 4804 "-" "-"
2001:288:a201::66:125 - - [25/Aug/2026:07:46:35 +0800] "GET /blog/active.php HTTP/1.1" 404 1084 "-" "-"
2001:288:a201::66:125 - - [25/Aug/2026:07:46:35 +0800] "GET /blog/active.php HTTP/1.1" 301 1026 "-" "-"
::1 - - [25/Aug/2026:07:46:36 +0800] "OPTIONS * HTTP/1.0" 200 110 "-" "Apache/2.4.68 (Ubuntu) OpenSSL/3.0.19 (internal dummy connection)"
2001:288:a26d:1:7892:111:3219:7171 - - [25/Aug/2026:07:46:36 +0800] "-" 408 4794 "-" "-"
140.111.67.10 - - [25/Aug/2026:07:46:37 +0800] "GET /" 301 273 "-" "-"
2a03:2880:f802:10:: - - [25/Aug/2026:07:46:38 +0800] "GET /wp-login.php?key=if4hl378&_wpnonce=&action=ilc_logout&redirect_to=https%3A%2F%2Fgame.edu.kg HTTP/1.1" 302 8248 "-" "Mozilla/5.0 (Windows NT 10.0; Win64; x64) AppleWebKit/537.36 (KHTML, like Gecko) Chrome/145.0.0.0 Safari/537.36 (compatible; meta-externalagent/1.1 (+https://developers.facebook.com/docs/sharing/webmasters/crawler))"
2001:288:a201::66:125 - - [25/Aug/2026:07:46:40 +0800] "GET /blog/active.php HTTP/1.1" 404 1084 "-" "-"
2001:288:a201::66:125 - - [25/Aug/2026:07:46:40 +0800] "GET /blog/active.php HTTP/1.1" 301 1026 "-" "-"
::1 - - [25/Aug/2026:07:46:41 +0800] "OPTIONS * HTTP/1.0" 200 110 "-" "Apache/2.4.68 (Ubuntu) OpenSSL/3.0.19 (internal dummy connection)"
140.111.67.10 - - [25/Aug/2026:07:46:41 +0800] "GET /" 301 273 "-" "-"
2401:e180:8d60:b811:e583:228:15f5:5f13 - - [25/Aug/2026:07:46:42 +0800] "GET /%E5%8E%9F%E4%BD%8F%E6%B0%91%E6%95%99%E8%82%B2%E6%96%87%E6%9C%AC%E7%B4%A0%E6%9D%90%E6%B3%B0%E9%9B%85%E6%97%8F110%E5%B9%B4%E5%85%A8%E5%9C%8B%E5%8E%9F%E4%BD%8F%E6%B0%91%E6%97%8F%E8%AA%9E%E6%96%87/ HTTP/1.1" 200 22520 "https://www.google.com/url?q=https://www.iedu.ilc.edu.tw/%25E5%258E%259F%25E4%25BD%258F%25E6%25B0%2591%25E6%2595%2599%25E8%2582%25B2%25E6%2596%2587%25E6%259C%25AC%25E7%25B4%25A0%25E6%259D%2590%25E6%25B3%25B0%25E9%259B%2585%25E6%2597%258F110%25E5%25B9%25B4%25E5%2585%25A8%25E5%259C%258B%25E5%258E%259F%25E4%25BD%258F%25E6%25B0%2591%25E6%2597%258F%25E8%25AA%259E%25E6%2596%2587/&sa=U&sqi=2&ved=2ahUKEwiFsa_HubqWAxVTjOEIHZWmPYoQFnoECCEQAQ&usg=AOvVaw2JfXnVz-jr6tQhkxYPgB0p" "Mozilla/5.0 (iPhone; CPU iPhone OS 26_6_0 like Mac OS X) AppleWebKit/605.1.15 (KHTML, like Gecko) GSA/434.2.961627397 Mobile/15E148 Safari/604.1"
2401:e180:8d60:b811:e583:228:15f5:5f13 - - [25/Aug/2026:07:46:42 +0800] "POST /wp-json/ilc-summary/v1/popular-posts HTTP/1.1" 201 6201 "https://www.iedu.ilc.edu.tw/%E5%8E%9F%E4%BD%8F%E6%B0%91%E6%95%99%E8%82%B2%E6%96%87%E6%9C%AC%E7%B4%A0%E6%9D%90%E6%B3%B0%E9%9B%85%E6%97%8F110%E5%B9%B4%E5%85%A8%E5%9C%8B%E5%8E%9F%E4%BD%8F%E6%B0%91%E6%97%8F%E8%AA%9E%E6%96%87/" "Mozilla/5.0 (iPhone; CPU iPhone OS 26_6_0 like Mac OS X) AppleWebKit/605.1.15 (KHTML, like Gecko) GSA/434.2.961627397 Mobile/15E148 Safari/604.1"
2001:288:a201::66:125 - - [25/Aug/2026:07:46:45 +0800] "GET /blog/active.php HTTP/1.1" 404 1084 "-" "-"
2001:288:a201::66:125 - - [25/Aug/2026:07:46:45 +0800] "GET /blog/active.php HTTP/1.1" 301 1026 "-" "-"
140.111.67.10 - - [25/Aug/2026:07:46:46 +0800] "GET /" 301 273 "-" "-"
2001:288:a201::66:125 - - [25/Aug/2026:07:46:50 +0800] "GET /blog/active.php HTTP/1.1" 404 1084 "-" "-"
2001:288:a201::66:125 - - [25/Aug/2026:07:46:50 +0800] "GET /blog/active.php HTTP/1.1" 301 1026 "-" "-"
140.111.67.10 - - [25/Aug/2026:07:46:51 +0800] "GET /" 301 273 "-" "-"
2001:288:a201::66:125 - - [25/Aug/2026:07:46:55 +0800] "GET /blog/active.php HTTP/1.1" 301 1026 "-" "-"
2001:288:a201::66:125 - - [25/Aug/2026:07:46:55 +0800] "GET /blog/active.php HTTP/1.1" 404 1084 "-" "-"
140.111.67.10 - - [25/Aug/2026:07:46:56 +0800] "GET /" 301 273 "-" "-"
2001:4860:7:810::db - - [25/Aug/2026:07:47:00 +0800] "GET /2023/10/31/%E5%85%A8%E5%9C%8B%E8%AA%9E%E6%96%87%E7%AB%B6%E8%B3%BD-%E5%9C%8B%E5%B0%8F%E7%B5%84%E5%9C%8B%E8%AA%9E%E5%AD%97%E9%9F%B3%E5%AD%97%E5%BD%A2%E8%80%83%E5%8F%A4%E9%A1%8C100111/ HTTP/1.1" 200 31856 "https://www.google.com/" "Mozilla/5.0 (Windows NT 10.0; Win64; x64) AppleWebKit/537.36 (KHTML, like Gecko) Chrome/151.0.0.0 Safari/537.36"
2001:288:a201::66:125 - - [25/Aug/2026:07:47:00 +0800] "GET /blog/active.php HTTP/1.1" 301 1026 "-" "-"
2001:288:a201::66:125 - - [25/Aug/2026:07:47:00 +0800] "GET /blog/active.php HTTP/1.1" 404 1084 "-" "-"
140.111.67.10 - - [25/Aug/2026:07:47:02 +0800] "GET /" 301 273 "-" "-"
2001:288:a201::66:125 - - [25/Aug/2026:07:47:05 +0800] "GET /blog/active.php HTTP/1.1" 301 1026 "-" "-"
2001:288:a201::66:125 - - [25/Aug/2026:07:47:05 +0800] "GET /blog/active.php HTTP/1.1" 404 1084 "-" "-"
140.111.67.10 - - [25/Aug/2026:07:47:07 +0800] "GET /" 301 273 "-" "-"
2001:288:a201::66:125 - - [25/Aug/2026:07:47:10 +0800] "GET /blog/active.php HTTP/1.1" 301 1026 "-" "-"
2001:288:a201::66:125 - - [25/Aug/2026:07:47:10 +0800] "GET /blog/active.php HTTP/1.1" 404 1084 "-" "-"
140.111.67.10 - - [25/Aug/2026:07:47:12 +0800] "GET /" 301 273 "-" "-"
2001:288:a201::66:125 - - [25/Aug/2026:07:47:15 +0800] "GET /blog/active.php HTTP/1.1" 404 1084 "-" "-"
2001:288:a201::66:125 - - [25/Aug/2026:07:47:15 +0800] "GET /blog/active.php HTTP/1.1" 301 1026 "-" "-"
140.111.67.10 - - [25/Aug/2026:07:47:17 +0800] "GET /" 301 273 "-" "-"
2001:288:a201::66:125 - - [25/Aug/2026:07:47:20 +0800] "GET /blog/active.php HTTP/1.1" 301 1026 "-" "-"
2001:288:a201::66:125 - - [25/Aug/2026:07:47:20 +0800] "GET /blog/active.php HTTP/1.1" 404 1084 "-" "-"
2409:8754:5630:1f0::1:1d - - [25/Aug/2026:07:47:21 +0800] "GET /6422/wp-content/cache/2blog.ilc.edu.tw/wpfc-minified/efvibgk7/5wv1k.css HTTP/1.1" 200 5951 "https://2blog.ilc.edu.tw/6422/2020/10/25/" "Mozilla/5.0 (Windows NT 10.0; Win64; x64) AppleWebKit/537.36 (KHTML, like Gecko) Chrome/144.0.0.0 Safari/537.36"
2409:8754:5630:1f0::1:1d - - [25/Aug/2026:07:47:21 +0800] "GET /6422/wp-includes/js/admin-bar.min.js HTTP/1.1" 200 7031 "https://2blog.ilc.edu.tw/6422/2020/10/25/" "Mozilla/5.0 (Windows NT 10.0; Win64; x64) AppleWebKit/537.36 (KHTML, like Gecko) Chrome/144.0.0.0 Safari/537.36"
2409:8754:5630:1f0::1:1d - - [25/Aug/2026:07:47:21 +0800] "GET /6422/wp-content/cache/2blog.ilc.edu.tw/wpfc-minified/d2nkh48v/5wv1k.js HTTP/1.1" 200 40358 "https://2blog.ilc.edu.tw/6422/2020/10/25/" "Mozilla/5.0 (Windows NT 10.0; Win64; x64) AppleWebKit/537.36 (KHTML, like Gecko) Chrome/144.0.0.0 Safari/537.36"
2409:8754:5630:1f0::1:1d - - [25/Aug/2026:07:47:21 +0800] "GET /6422/wp-includes/js/hoverintent-js.min.js HTTP/1.1" 200 6391 "https://2blog.ilc.edu.tw/6422/2020/10/25/" "Mozilla/5.0 (Windows NT 10.0; Win64; x64) AppleWebKit/537.36 (KHTML, like Gecko) Chrome/144.0.0.0 Safari/537.36"
2409:8754:5630:1f0::1:1d - - [25/Aug/2026:07:47:21 +0800] "GET /6422/wp-content/cache/2blog.ilc.edu.tw/wpfc-minified/2zp8v9b7/5wv1k.css HTTP/1.1" 200 58430 "https://2blog.ilc.edu.tw/6422/2020/10/25/" "Mozilla/5.0 (Windows NT 10.0; Win64; x64) AppleWebKit/537.36 (KHTML, like Gecko) Chrome/144.0.0.0 Safari/537.36"
2409:8754:5630:1f0::1:1d - - [25/Aug/2026:07:47:21 +0800] "GET /6422/wp-content/themes/oceanwp/assets/js/theme.min.js HTTP/1.1" 200 5130 "https://2blog.ilc.edu.tw/6422/2020/10/25/" "Mozilla/5.0 (Windows NT 10.0; Win64; x64) AppleWebKit/537.36 (KHTML, like Gecko) Chrome/144.0.0.0 Safari/537.36"
2409:8754:5630:1f0::1:1d - - [25/Aug/2026:07:47:21 +0800] "GET /6422/wp-content/themes/oceanwp/assets/js/drop-down-search.min.js HTTP/1.1" 200 2968 "https://2blog.ilc.edu.tw/6422/2020/10/25/" "Mozilla/5.0 (Windows NT 10.0; Win64; x64) AppleWebKit/537.36 (KHTML, like Gecko) Chrome/144.0.0.0 Safari/537.36"
2409:8754:5630:1f0::1:1d - - [25/Aug/2026:07:47:21 +0800] "GET /6422/wp-content/themes/oceanwp/assets/js/drop-down-mobile-menu.min.js HTTP/1.1" 200 4663 "https://2blog.ilc.edu.tw/6422/2020/10/25/" "Mozilla/5.0 (Windows NT 10.0; Win64; x64) AppleWebKit/537.36 (KHTML, like Gecko) Chrome/144.0.0.0 Safari/537.36"
2409:8754:5630:1f0::1:1d - - [25/Aug/2026:07:47:21 +0800] "GET /6422/wp-content/themes/oceanwp/assets/js/ow-lightbox.min.js HTTP/1.1" 200 2321 "https://2blog.ilc.edu.tw/6422/2020/10/25/" "Mozilla/5.0 (Windows NT 10.0; Win64; x64) AppleWebKit/537.36 (KHTML, like Gecko) Chrome/144.0.0.0 Safari/537.36"
2409:8754:5630:1f0::1:1d - - [25/Aug/2026:07:47:21 +0800] "GET /6422/wp-content/themes/oceanwp/assets/js/vendors/flickity.pkgd.min.js HTTP/1.1" 200 15048 "https://2blog.ilc.edu.tw/6422/2020/10/25/" "Mozilla/5.0 (Windows NT 10.0; Win64; x64) AppleWebKit/537.36 (KHTML, like Gecko) Chrome/144.0.0.0 Safari/537.36"
2409:8754:5630:1f0::1:1d - - [25/Aug/2026:07:47:21 +0800] "GET /6422/wp-content/themes/oceanwp/assets/js/ow-slider.min.js HTTP/1.1" 200 1761 "https://2blog.ilc.edu.tw/6422/2020/10/25/" "Mozilla/5.0 (Windows NT 10.0; Win64; x64) AppleWebKit/537.36 (KHTML, like Gecko) Chrome/144.0.0.0 Safari/537.36"
2409:8754:5630:1f0::1:1d - - [25/Aug/2026:07:47:21 +0800] "GET /6422/wp-content/themes/oceanwp/assets/js/scroll-effect.min.js HTTP/1.1" 200 4127 "https://2blog.ilc.edu.tw/6422/2020/10/25/" "Mozilla/5.0 (Windows NT 10.0; Win64; x64) AppleWebKit/537.36 (KHTML, like Gecko) Chrome/144.0.0.0 Safari/537.36"
2409:8754:5630:1f0::1:1d - - [25/Aug/2026:07:47:21 +0800] "GET /6422/wp-content/themes/oceanwp/assets/js/select.min.js HTTP/1.1" 200 2408 "https://2blog.ilc.edu.tw/6422/2020/10/25/" "Mozilla/5.0 (Windows NT 10.0; Win64; x64) AppleWebKit/537.36 (KHTML, like Gecko) Chrome/144.0.0.0 Safari/537.36"
140.111.67.10 - - [25/Aug/2026:07:47:22 +0800] "GET /" 301 273 "-" "-"
2409:8c02:21c:c0::42 - - [25/Aug/2026:07:47:24 +0800] "GET /kkestable/2023 HTTP/1.1" 301 5765 "-" "Mozilla/5.0 (Windows NT 10.0; Win64; x64) AppleWebKit/537.36 (KHTML, like Gecko) Chrome/144.0.0.0 Safari/537.36"
2409:8c02:21c:c0::42 - - [25/Aug/2026:07:47:24 +0800] "GET /kkestable/2023/ HTTP/1.1" 200 10175 "-" "Mozilla/5.0 (Windows NT 10.0; Win64; x64) AppleWebKit/537.36 (KHTML, like Gecko) Chrome/144.0.0.0 Safari/537.36"
2001:288:a201::66:125 - - [25/Aug/2026:07:47:25 +0800] "GET /blog/active.php HTTP/1.1" 404 1084 "-" "-"
2001:288:a201::66:125 - - [25/Aug/2026:07:47:25 +0800] "GET /blog/active.php HTTP/1.1" 301 1026 "-" "-"
2409:8c02:21c:c0::42 - - [25/Aug/2026:07:47:25 +0800] "GET /kkestable/wp-content/cache/2blog.ilc.edu.tw/wpfc-minified/7b1ylgnc/7uljg.css HTTP/1.1" 200 40894 "https://2blog.ilc.edu.tw/kkestable/2023/" "Mozilla/5.0 (Windows NT 10.0; Win64; x64) AppleWebKit/537.36 (KHTML, like Gecko) Chrome/144.0.0.0 Safari/537.36"
2a03:2880:f808:2f:: - - [25/Aug/2026:07:47:26 +0800] "GET / HTTP/1.1" 200 15208 "-" "facebookexternalhit/1.1 (+http://www.facebook.com/externalhit_uatext.php)"
2409:8c02:21c:c0::42 - - [25/Aug/2026:07:47:26 +0800] "GET /kkestable/wp-content/cache/2blog.ilc.edu.tw/wpfc-minified/7uwchnt1/7uljg.css HTTP/1.1" 200 16121 "https://2blog.ilc.edu.tw/kkestable/2023/" "Mozilla/5.0 (Windows NT 10.0; Win64; x64) AppleWebKit/537.36 (KHTML, like Gecko) Chrome/144.0.0.0 Safari/537.36"
2409:8c02:21c:c0::42 - - [25/Aug/2026:07:47:26 +0800] "GET /kkestable/wp-content/cache/2blog.ilc.edu.tw/wpfc-minified/97av15i9/7uljg.css HTTP/1.1" 200 1496 "https://2blog.ilc.edu.tw/kkestable/2023/" "Mozilla/5.0 (Windows NT 10.0; Win64; x64) AppleWebKit/537.36 (KHTML, like Gecko) Chrome/144.0.0.0 Safari/537.36"
2409:8c02:21c:c0::42 - - [25/Aug/2026:07:47:26 +0800] "GET /kkestable/wp-content/cache/2blog.ilc.edu.tw/wpfc-minified/etdpj0r9/7uljf.css HTTP/1.1" 200 59089 "https://2blog.ilc.edu.tw/kkestable/2023/" "Mozilla/5.0 (Windows NT 10.0; Win64; x64) AppleWebKit/537.36 (KHTML, like Gecko) Chrome/144.0.0.0 Safari/537.36"
2409:8c02:21c:c0::42 - - [25/Aug/2026:07:47:26 +0800] "GET /kkestable/wp-content/cache/2blog.ilc.edu.tw/wpfc-minified/g5l6hkwc/7uljg.js HTTP/1.1" 200 40363 "https://2blog.ilc.edu.tw/kkestable/2023/" "Mozilla/5.0 (Windows NT 10.0; Win64; x64) AppleWebKit/537.36 (KHTML, like Gecko) Chrome/144.0.0.0 Safari/537.36"
140.111.67.10 - - [25/Aug/2026:07:47:26 +0800] "GET /" 301 273 "-" "-"
2409:8c02:21c:c0::42 - - [25/Aug/2026:07:47:27 +0800] "GET /kkestable/wp-includes/js/hoverintent-js.min.js HTTP/1.1" 200 1597 "https://2blog.ilc.edu.tw/kkestable/2023/" "Mozilla/5.0 (Windows NT 10.0; Win64; x64) AppleWebKit/537.36 (KHTML, like Gecko) Chrome/144.0.0.0 Safari/537.36"
2409:8c02:21c:c0::42 - - [25/Aug/2026:07:47:27 +0800] "GET /kkestable/wp-includes/js/admin-bar.min.js HTTP/1.1" 200 2237 "https://2blog.ilc.edu.tw/kkestable/2023/" "Mozilla/5.0 (Windows NT 10.0; Win64; x64) AppleWebKit/537.36 (KHTML, like Gecko) Chrome/144.0.0.0 Safari/537.36"
2409:8c02:21c:c0::42 - - [25/Aug/2026:07:47:27 +0800] "GET /kkestable/wp-includes/js/imagesloaded.min.js HTTP/1.1" 200 2683 "https://2blog.ilc.edu.tw/kkestable/2023/" "Mozilla/5.0 (Windows NT 10.0; Win64; x64) AppleWebKit/537.36 (KHTML, like Gecko) Chrome/144.0.0.0 Safari/537.36"
2409:8c02:21c:c0::42 - - [25/Aug/2026:07:47:27 +0800] "GET /kkestable/wp-content/themes/oceanwp/assets/js/theme.min.js HTTP/1.1" 200 9924 "https://2blog.ilc.edu.tw/kkestable/2023/" "Mozilla/5.0 (Windows NT 10.0; Win64; x64) AppleWebKit/537.36 (KHTML, like Gecko) Chrome/144.0.0.0 Safari/537.36"
2409:8c02:21c:c0::42 - - [25/Aug/2026:07:47:27 +0800] "GET /kkestable/wp-content/themes/oceanwp/assets/js/drop-down-mobile-menu.min.js HTTP/1.1" 200 4663 "https://2blog.ilc.edu.tw/kkestable/2023/" "Mozilla/5.0 (Windows NT 10.0; Win64; x64) AppleWebKit/537.36 (KHTML, like Gecko) Chrome/144.0.0.0 Safari/537.36"
