2409:8754:8450:10:193::163 - - [25/Aug/2026:07:30:00 +0800] "GET /wp-content/cache/ilta.ilc.edu.tw/wpfc-minified/7vo8n6iy/6wvk.css HTTP/1.1" 200 61047 "https://ilta.ilc.edu.tw/2014/04/" "Mozilla/5.0 (Windows NT 10.0; Win64; x64) AppleWebKit/537.36 (KHTML, like Gecko) Chrome/144.0.0.0 Safari/537.36"
2409:8754:8450:10:193::163 - - [25/Aug/2026:07:30:00 +0800] "GET /wp-includes/js/hoverintent-js.min.js HTTP/1.1" 200 6392 "https://ilta.ilc.edu.tw/2014/04/" "Mozilla/5.0 (Windows NT 10.0; Win64; x64) AppleWebKit/537.36 (KHTML, like Gecko) Chrome/144.0.0.0 Safari/537.36"
2409:8c54:3810:d:203:0:200:114 - - [25/Aug/2026:07:30:00 +0800] "GET /2022/12/14/ HTTP/1.1" 200 42092 "-" "Mozilla/5.0 (Windows NT 10.0; Win64; x64) AppleWebKit/537.36 (KHTML, like Gecko) Chrome/144.0.0.0 Safari/537.36"
2409:8754:8450:10:193::163 - - [25/Aug/2026:07:30:00 +0800] "GET /wp-includes/js/admin-bar.min.js HTTP/1.1" 200 2237 "https://ilta.ilc.edu.tw/2014/04/" "Mozilla/5.0 (Windows NT 10.0; Win64; x64) AppleWebKit/537.36 (KHTML, like Gecko) Chrome/144.0.0.0 Safari/537.36"
2409:8754:8450:10:193::163 - - [25/Aug/2026:07:30:01 +0800] "GET /wp-includes/js/imagesloaded.min.js HTTP/1.1" 200 2683 "https://ilta.ilc.edu.tw/2014/04/" "Mozilla/5.0 (Windows NT 10.0; Win64; x64) AppleWebKit/537.36 (KHTML, like Gecko) Chrome/144.0.0.0 Safari/537.36"
2409:8754:8450:10:193::163 - - [25/Aug/2026:07:30:01 +0800] "GET /wp-content/themes/oceanwp/assets/js/theme.min.js HTTP/1.1" 200 5130 "https://ilta.ilc.edu.tw/2014/04/" "Mozilla/5.0 (Windows NT 10.0; Win64; x64) AppleWebKit/537.36 (KHTML, like Gecko) Chrome/144.0.0.0 Safari/537.36"
2409:8754:8450:10:193::163 - - [25/Aug/2026:07:30:01 +0800] "GET /wp-content/themes/oceanwp/assets/js/drop-down-mobile-menu.min.js HTTP/1.1" 200 4663 "https://ilta.ilc.edu.tw/2014/04/" "Mozilla/5.0 (Windows NT 10.0; Win64; x64) AppleWebKit/537.36 (KHTML, like Gecko) Chrome/144.0.0.0 Safari/537.36"
2409:8c54:3810:d:203:0:200:114 - - [25/Aug/2026:07:30:01 +0800] "GET /wp-content/cache/www.najh.ilc.edu.tw/wpfc-minified/1f13uvw/6wh9.css HTTP/1.1" 200 40884 "https://www.najh.ilc.edu.tw/2022/12/14/" "Mozilla/5.0 (Windows NT 10.0; Win64; x64) AppleWebKit/537.36 (KHTML, like Gecko) Chrome/144.0.0.0 Safari/537.36"
2409:8754:8450:10:193::163 - - [25/Aug/2026:07:30:01 +0800] "GET /wp-content/themes/oceanwp/assets/js/vendors/magnific-popup.min.js HTTP/1.1" 200 8270 "https://ilta.ilc.edu.tw/2014/04/" "Mozilla/5.0 (Windows NT 10.0; Win64; x64) AppleWebKit/537.36 (KHTML, like Gecko) Chrome/144.0.0.0 Safari/537.36"
2409:8754:8450:10:193::163 - - [25/Aug/2026:07:30:01 +0800] "GET /wp-content/themes/oceanwp/assets/js/ow-lightbox.min.js HTTP/1.1" 200 2321 "https://ilta.ilc.edu.tw/2014/04/" "Mozilla/5.0 (Windows NT 10.0; Win64; x64) AppleWebKit/537.36 (KHTML, like Gecko) Chrome/144.0.0.0 Safari/537.36"
2409:8754:8450:10:193::163 - - [25/Aug/2026:07:30:01 +0800] "GET /wp-content/themes/oceanwp/assets/js/drop-down-search.min.js HTTP/1.1" 200 7763 "https://ilta.ilc.edu.tw/2014/04/" "Mozilla/5.0 (Windows NT 10.0; Win64; x64) AppleWebKit/537.36 (KHTML, like Gecko) Chrome/144.0.0.0 Safari/537.36"
2409:8754:8450:10:193::163 - - [25/Aug/2026:07:30:01 +0800] "GET /wp-content/themes/oceanwp/assets/js/vendors/flickity.pkgd.min.js HTTP/1.1" 200 15048 "https://ilta.ilc.edu.tw/2014/04/" "Mozilla/5.0 (Windows NT 10.0; Win64; x64) AppleWebKit/537.36 (KHTML, like Gecko) Chrome/144.0.0.0 Safari/537.36"
2409:8c54:3810:d:203:0:200:114 - - [25/Aug/2026:07:30:01 +0800] "GET /wp-content/cache/www.najh.ilc.edu.tw/wpfc-minified/4ybahoo/6wh9.css HTTP/1.1" 200 15782 "https://www.najh.ilc.edu.tw/2022/12/14/" "Mozilla/5.0 (Windows NT 10.0; Win64; x64) AppleWebKit/537.36 (KHTML, like Gecko) Chrome/144.0.0.0 Safari/537.36"
2409:8754:8450:10:193::163 - - [25/Aug/2026:07:30:01 +0800] "GET /wp-content/themes/oceanwp/assets/js/ow-slider.min.js HTTP/1.1" 200 1761 "https://ilta.ilc.edu.tw/2014/04/" "Mozilla/5.0 (Windows NT 10.0; Win64; x64) AppleWebKit/537.36 (KHTML, like Gecko) Chrome/144.0.0.0 Safari/537.36"
2409:8754:8450:10:193::163 - - [25/Aug/2026:07:30:01 +0800] "GET /wp-content/themes/oceanwp/assets/js/scroll-effect.min.js HTTP/1.1" 200 4127 "https://ilta.ilc.edu.tw/2014/04/" "Mozilla/5.0 (Windows NT 10.0; Win64; x64) AppleWebKit/537.36 (KHTML, like Gecko) Chrome/144.0.0.0 Safari/537.36"
2409:8754:8450:10:193::163 - - [25/Aug/2026:07:30:01 +0800] "GET /wp-content/themes/oceanwp/assets/js/scroll-top.min.js HTTP/1.1" 200 3202 "https://ilta.ilc.edu.tw/2014/04/" "Mozilla/5.0 (Windows NT 10.0; Win64; x64) AppleWebKit/537.36 (KHTML, like Gecko) Chrome/144.0.0.0 Safari/537.36"
2409:8754:8450:10:193::163 - - [25/Aug/2026:07:30:01 +0800] "GET /wp-content/plugins/ocean-extra/includes/widgets/js/flickr.min.js HTTP/1.1" 200 1319 "https://ilta.ilc.edu.tw/2014/04/" "Mozilla/5.0 (Windows NT 10.0; Win64; x64) AppleWebKit/537.36 (KHTML, like Gecko) Chrome/144.0.0.0 Safari/537.36"
2409:8754:8450:10:193::163 - - [25/Aug/2026:07:30:01 +0800] "GET /wp-content/themes/oceanwp/assets/js/select.min.js HTTP/1.1" 200 2408 "https://ilta.ilc.edu.tw/2014/04/" "Mozilla/5.0 (Windows NT 10.0; Win64; x64) AppleWebKit/537.36 (KHTML, like Gecko) Chrome/144.0.0.0 Safari/537.36"
2409:8c54:3810:d:203:0:200:114 - - [25/Aug/2026:07:30:01 +0800] "GET /wp-content/cache/www.najh.ilc.edu.tw/wpfc-minified/kz7ju7r3/6wh9.css HTTP/1.1" 200 1157 "https://www.najh.ilc.edu.tw/2022/12/14/" "Mozilla/5.0 (Windows NT 10.0; Win64; x64) AppleWebKit/537.36 (KHTML, like Gecko) Chrome/144.0.0.0 Safari/537.36"
2409:8c54:3810:d:203:0:200:114 - - [25/Aug/2026:07:30:01 +0800] "GET /wp-content/cache/www.najh.ilc.edu.tw/wpfc-minified/kcxb236g/6wh9.css HTTP/1.1" 200 61345 "https://www.najh.ilc.edu.tw/2022/12/14/" "Mozilla/5.0 (Windows NT 10.0; Win64; x64) AppleWebKit/537.36 (KHTML, like Gecko) Chrome/144.0.0.0 Safari/537.36"
2001:288:a201::66:125 - - [25/Aug/2026:07:30:02 +0800] "GET /blog/active.php HTTP/1.1" 404 1084 "-" "-"
2001:288:a201::66:125 - - [25/Aug/2026:07:30:02 +0800] "GET /blog/active.php HTTP/1.1" 301 1026 "-" "-"
2409:8c54:3810:d:203:0:200:114 - - [25/Aug/2026:07:30:02 +0800] "GET /wp-content/cache/www.najh.ilc.edu.tw/wpfc-minified/k0kc5650/6wh9.js HTTP/1.1" 200 35558 "https://www.najh.ilc.edu.tw/2022/12/14/" "Mozilla/5.0 (Windows NT 10.0; Win64; x64) AppleWebKit/537.36 (KHTML, like Gecko) Chrome/144.0.0.0 Safari/537.36"
2409:8c54:3810:d:203:0:200:114 - - [25/Aug/2026:07:30:02 +0800] "GET /wp-includes/js/hoverintent-js.min.js HTTP/1.1" 200 1936 "https://www.najh.ilc.edu.tw/2022/12/14/" "Mozilla/5.0 (Windows NT 10.0; Win64; x64) AppleWebKit/537.36 (KHTML, like Gecko) Chrome/144.0.0.0 Safari/537.36"
2409:8c54:3810:d:203:0:200:114 - - [25/Aug/2026:07:30:02 +0800] "GET /wp-content/cache/www.najh.ilc.edu.tw/wpfc-minified/87xhsi2d/6wh9.css HTTP/1.1" 200 4661 "https://www.najh.ilc.edu.tw/2022/12/14/" "Mozilla/5.0 (Windows NT 10.0; Win64; x64) AppleWebKit/537.36 (KHTML, like Gecko) Chrome/144.0.0.0 Safari/537.36"
2409:8c54:3810:d:203:0:200:114 - - [25/Aug/2026:07:30:02 +0800] "GET /wp-includes/js/admin-bar.min.js HTTP/1.1" 200 2237 "https://www.najh.ilc.edu.tw/2022/12/14/" "Mozilla/5.0 (Windows NT 10.0; Win64; x64) AppleWebKit/537.36 (KHTML, like Gecko) Chrome/144.0.0.0 Safari/537.36"
2409:8c54:3810:d:203:0:200:114 - - [25/Aug/2026:07:30:02 +0800] "GET /wp-includes/js/imagesloaded.min.js HTTP/1.1" 200 2683 "https://www.najh.ilc.edu.tw/2022/12/14/" "Mozilla/5.0 (Windows NT 10.0; Win64; x64) AppleWebKit/537.36 (KHTML, like Gecko) Chrome/144.0.0.0 Safari/537.36"
2409:8c54:3810:d:203:0:200:114 - - [25/Aug/2026:07:30:02 +0800] "GET /wp-content/themes/oceanwp/assets/js/theme.min.js HTTP/1.1" 200 5130 "https://www.najh.ilc.edu.tw/2022/12/14/" "Mozilla/5.0 (Windows NT 10.0; Win64; x64) AppleWebKit/537.36 (KHTML, like Gecko) Chrome/144.0.0.0 Safari/537.36"
2001:288:a201::67:81 - - [25/Aug/2026:07:30:03 +0800] "GET / HTTP/1.1" 200 56291 "-" "curl/7.81.0"
140.111.67.10 - - [25/Aug/2026:07:30:03 +0800] "GET /" 301 273 "-" "-"
2001:288:a201::67:84 - - [25/Aug/2026:07:30:03 +0800] "GET / HTTP/1.1" 200 56291 "-" "curl/7.81.0"
140.111.67.86 - - [25/Aug/2026:07:30:03 +0800] "GET / HTTP/1.1" 200 56291 "-" "curl/7.81.0"
2409:8c54:3810:d:203:0:200:114 - - [25/Aug/2026:07:30:03 +0800] "GET /wp-content/themes/oceanwp/assets/js/drop-down-mobile-menu.min.js HTTP/1.1" 200 4663 "https://www.najh.ilc.edu.tw/2022/12/14/" "Mozilla/5.0 (Windows NT 10.0; Win64; x64) AppleWebKit/537.36 (KHTML, like Gecko) Chrome/144.0.0.0 Safari/537.36"
2409:8c54:3810:d:203:0:200:114 - - [25/Aug/2026:07:30:03 +0800] "GET /wp-content/themes/oceanwp/assets/js/vendors/magnific-popup.min.js HTTP/1.1" 200 8270 "https://www.najh.ilc.edu.tw/2022/12/14/" "Mozilla/5.0 (Windows NT 10.0; Win64; x64) AppleWebKit/537.36 (KHTML, like Gecko) Chrome/144.0.0.0 Safari/537.36"
2409:8c54:3810:d:203:0:200:114 - - [25/Aug/2026:07:30:03 +0800] "GET /wp-content/themes/oceanwp/assets/js/drop-down-search.min.js HTTP/1.1" 200 2968 "https://www.najh.ilc.edu.tw/2022/12/14/" "Mozilla/5.0 (Windows NT 10.0; Win64; x64) AppleWebKit/537.36 (KHTML, like Gecko) Chrome/144.0.0.0 Safari/537.36"
2409:8c54:3810:d:203:0:200:114 - - [25/Aug/2026:07:30:03 +0800] "GET /wp-content/themes/oceanwp/assets/js/ow-lightbox.min.js HTTP/1.1" 200 7123 "https://www.najh.ilc.edu.tw/2022/12/14/" "Mozilla/5.0 (Windows NT 10.0; Win64; x64) AppleWebKit/537.36 (KHTML, like Gecko) Chrome/144.0.0.0 Safari/537.36"
2409:8c54:3810:d:203:0:200:114 - - [25/Aug/2026:07:30:03 +0800] "GET /wp-content/themes/oceanwp/assets/js/vendors/flickity.pkgd.min.js HTTP/1.1" 200 19850 "https://www.najh.ilc.edu.tw/2022/12/14/" "Mozilla/5.0 (Windows NT 10.0; Win64; x64) AppleWebKit/537.36 (KHTML, like Gecko) Chrome/144.0.0.0 Safari/537.36"
2409:8c54:3810:d:203:0:200:114 - - [25/Aug/2026:07:30:03 +0800] "GET /wp-content/themes/oceanwp/assets/js/ow-slider.min.js HTTP/1.1" 200 6563 "https://www.najh.ilc.edu.tw/2022/12/14/" "Mozilla/5.0 (Windows NT 10.0; Win64; x64) AppleWebKit/537.36 (KHTML, like Gecko) Chrome/144.0.0.0 Safari/537.36"
2001:288:a000:192:250:56ff:feae:a27e - - [25/Aug/2026:07:30:03 +0800] "HEAD / HTTP/1.1" 200 5485 "-" "Mozilla/5.0 (compatible; phpservermon/3.5.2; +https://github.com/phpservermon/phpservermon)"
2409:8c54:3810:d:203:0:200:114 - - [25/Aug/2026:07:30:03 +0800] "GET /wp-content/themes/oceanwp/assets/fonts/simple-line-icons/Simple-Line-Icons.woff2?v=2.4.0 HTTP/1.1" 200 30959 "https://www.najh.ilc.edu.tw/wp-content/cache/www.najh.ilc.edu.tw/wpfc-minified/kcxb236g/6wh9.css" "Mozilla/5.0 (Windows NT 10.0; Win64; x64) AppleWebKit/537.36 (KHTML, like Gecko) Chrome/144.0.0.0 Safari/537.36"
2409:8c54:3810:d:203:0:200:114 - - [25/Aug/2026:07:30:03 +0800] "GET /wp-content/themes/oceanwp/assets/js/scroll-effect.min.js HTTP/1.1" 200 4127 "https://www.najh.ilc.edu.tw/2022/12/14/" "Mozilla/5.0 (Windows NT 10.0; Win64; x64) AppleWebKit/537.36 (KHTML, like Gecko) Chrome/144.0.0.0 Safari/537.36"
2409:8c54:3810:d:203:0:200:114 - - [25/Aug/2026:07:30:03 +0800] "GET /wp-content/themes/oceanwp/assets/js/scroll-top.min.js HTTP/1.1" 200 3202 "https://www.najh.ilc.edu.tw/2022/12/14/" "Mozilla/5.0 (Windows NT 10.0; Win64; x64) AppleWebKit/537.36 (KHTML, like Gecko) Chrome/144.0.0.0 Safari/537.36"
2409:8c54:3810:d:203:0:200:114 - - [25/Aug/2026:07:30:03 +0800] "GET /wp-content/themes/oceanwp/assets/js/select.min.js HTTP/1.1" 200 2408 "https://www.najh.ilc.edu.tw/2022/12/14/" "Mozilla/5.0 (Windows NT 10.0; Win64; x64) AppleWebKit/537.36 (KHTML, like Gecko) Chrome/144.0.0.0 Safari/537.36"
2409:8c54:3810:d:203:0:200:114 - - [25/Aug/2026:07:30:03 +0800] "GET /wp-content/plugins/ocean-extra/includes/widgets/js/flickr.min.js HTTP/1.1" 200 1319 "https://www.najh.ilc.edu.tw/2022/12/14/" "Mozilla/5.0 (Windows NT 10.0; Win64; x64) AppleWebKit/537.36 (KHTML, like Gecko) Chrome/144.0.0.0 Safari/537.36"
2409:8c54:3810:d:203:0:200:114 - - [25/Aug/2026:07:30:03 +0800] "GET /wp-includes/js/mediaelement/mediaelement-and-player.min.js HTTP/1.1" 200 39802 "https://www.najh.ilc.edu.tw/2022/12/14/" "Mozilla/5.0 (Windows NT 10.0; Win64; x64) AppleWebKit/537.36 (KHTML, like Gecko) Chrome/144.0.0.0 Safari/537.36"
2409:8c54:3810:d:203:0:200:114 - - [25/Aug/2026:07:30:03 +0800] "GET /wp-includes/js/mediaelement/mediaelement-migrate.min.js HTTP/1.1" 200 1419 "https://www.najh.ilc.edu.tw/2022/12/14/" "Mozilla/5.0 (Windows NT 10.0; Win64; x64) AppleWebKit/537.36 (KHTML, like Gecko) Chrome/144.0.0.0 Safari/537.36"
2409:8c54:3810:d:203:0:200:114 - - [25/Aug/2026:07:30:03 +0800] "GET /wp-includes/js/mediaelement/wp-mediaelement.min.js HTTP/1.1" 200 1417 "https://www.najh.ilc.edu.tw/2022/12/14/" "Mozilla/5.0 (Windows NT 10.0; Win64; x64) AppleWebKit/537.36 (KHTML, like Gecko) Chrome/144.0.0.0 Safari/537.36"
2409:8c54:3810:d:203:0:200:114 - - [25/Aug/2026:07:30:03 +0800] "GET /wp-includes/js/mediaelement/renderers/vimeo.min.js HTTP/1.1" 200 3164 "https://www.najh.ilc.edu.tw/2022/12/14/" "Mozilla/5.0 (Windows NT 10.0; Win64; x64) AppleWebKit/537.36 (KHTML, like Gecko) Chrome/144.0.0.0 Safari/537.36"
2409:8c54:3810:d:203:0:200:114 - - [25/Aug/2026:07:30:03 +0800] "GET /wp-content/themes/oceanwp/assets/fonts/fontawesome/webfonts/fa-solid-900.woff2 HTTP/1.1" 200 151246 "https://www.najh.ilc.edu.tw/wp-content/cache/www.najh.ilc.edu.tw/wpfc-minified/kcxb236g/6wh9.css" "Mozilla/5.0 (Windows NT 10.0; Win64; x64) AppleWebKit/537.36 (KHTML, like Gecko) Chrome/144.0.0.0 Safari/537.36"
2a03:2880:f802:16:: - - [25/Aug/2026:07:30:00 +0800] "GET /wp-login.php?key=sv7ag374&_wpnonce=&action=ilc_logout&redirect_to=https%3A%2F%2Fwww.aayyy.com HTTP/1.1" 302 8250 "-" "Mozilla/5.0 (Windows NT 10.0; Win64; x64) AppleWebKit/537.36 (KHTML, like Gecko) Chrome/145.0.0.0 Safari/537.36 (compatible; meta-externalagent/1.1 (+https://developers.facebook.com/docs/sharing/webmasters/crawler))"
2001:288:a201::66:125 - - [25/Aug/2026:07:30:05 +0800] "GET /blog/active.php HTTP/1.1" 404 1084 "-" "-"
2001:288:a201::66:125 - - [25/Aug/2026:07:30:05 +0800] "GET /blog/active.php HTTP/1.1" 301 1026 "-" "-"
140.111.67.10 - - [25/Aug/2026:07:30:06 +0800] "GET /" 301 273 "-" "-"
::1 - - [25/Aug/2026:07:30:07 +0800] "OPTIONS * HTTP/1.0" 200 110 "-" "Apache/2.4.68 (Ubuntu) OpenSSL/3.0.19 (internal dummy connection)"
::1 - - [25/Aug/2026:07:30:08 +0800] "OPTIONS * HTTP/1.0" 200 110 "-" "Apache/2.4.68 (Ubuntu) OpenSSL/3.0.19 (internal dummy connection)"
::1 - - [25/Aug/2026:07:30:09 +0800] "OPTIONS * HTTP/1.0" 200 110 "-" "Apache/2.4.68 (Ubuntu) OpenSSL/3.0.19 (internal dummy connection)"
::1 - - [25/Aug/2026:07:30:10 +0800] "OPTIONS * HTTP/1.0" 200 110 "-" "Apache/2.4.68 (Ubuntu) OpenSSL/3.0.19 (internal dummy connection)"
2001:288:a201::66:125 - - [25/Aug/2026:07:30:10 +0800] "GET /blog/active.php HTTP/1.1" 301 1026 "-" "-"
2001:288:a201::66:125 - - [25/Aug/2026:07:30:10 +0800] "GET /blog/active.php HTTP/1.1" 404 1084 "-" "-"
::1 - - [25/Aug/2026:07:30:11 +0800] "OPTIONS * HTTP/1.0" 200 110 "-" "Apache/2.4.68 (Ubuntu) OpenSSL/3.0.19 (internal dummy connection)"
140.111.67.10 - - [25/Aug/2026:07:30:11 +0800] "GET /" 301 273 "-" "-"
::1 - - [25/Aug/2026:07:30:12 +0800] "OPTIONS * HTTP/1.0" 200 110 "-" "Apache/2.4.68 (Ubuntu) OpenSSL/3.0.19 (internal dummy connection)"
2407:4b00:4c0d:851d:85df:3df8:2a67:aff4 - - [25/Aug/2026:07:30:12 +0800] "-" 408 4791 "-" "-"
::1 - - [25/Aug/2026:07:30:13 +0800] "OPTIONS * HTTP/1.0" 200 110 "-" "Apache/2.4.68 (Ubuntu) OpenSSL/3.0.19 (internal dummy connection)"
::1 - - [25/Aug/2026:07:30:14 +0800] "OPTIONS * HTTP/1.0" 200 110 "-" "Apache/2.4.68 (Ubuntu) OpenSSL/3.0.19 (internal dummy connection)"
2409:8c54:3810:d:203:0:200:114 - - [25/Aug/2026:07:30:14 +0800] "GET /wp-content/uploads/sites/1148/2026/08/cropped-%E6%A0%A1%E5%BE%BD-609x1024-1-32x32.png HTTP/1.1" 200 2560 "https://www.najh.ilc.edu.tw/2022/12/14/" "Mozilla/5.0 (Windows NT 10.0; Win64; x64) AppleWebKit/537.36 (KHTML, like Gecko) Chrome/144.0.0.0 Safari/537.36"
2001:b400:e2da:92e:692b:8b7d:45c2:90aa - - [25/Aug/2026:07:30:14 +0800] "-" 408 339 "-" "-"
2001:b400:e2da:92e:692b:8b7d:45c2:90aa - - [25/Aug/2026:07:30:14 +0800] "-" 408 339 "-" "-"
::1 - - [25/Aug/2026:07:30:15 +0800] "OPTIONS * HTTP/1.0" 200 110 "-" "Apache/2.4.68 (Ubuntu) OpenSSL/3.0.19 (internal dummy connection)"
2001:288:a201::66:125 - - [25/Aug/2026:07:30:15 +0800] "GET /blog/active.php HTTP/1.1" 301 1026 "-" "-"
2001:288:a201::66:125 - - [25/Aug/2026:07:30:15 +0800] "GET /blog/active.php HTTP/1.1" 404 1084 "-" "-"
2409:8a6a:3c03:3d04:1807:e653:e0d3:14b - - [25/Aug/2026:07:30:15 +0800] "GET /32745/2025/02/02/%e5%bf%83%e8%8a%b1%e7%82%ba%e4%bd%a0%e9%96%8b HTTP/1.1" 301 5787 "-" "Mozilla/5.0 (Windows NT 10.0; Win64; x64) AppleWebKit/537.36 (KHTML, like Gecko) Chrome/144.0.0.0 Safari/537.36"
2408:8719:64:9f::12 - - [25/Aug/2026:07:30:15 +0800] "GET /32745/2024/07/07/%e7%82%ba%e6%83%85%e7%82%ba%e6%84%9b HTTP/1.1" 301 5778 "-" "Mozilla/5.0 (Windows NT 10.0; Win64; x64) AppleWebKit/537.36 (KHTML, like Gecko) Chrome/144.0.0.0 Safari/537.36"
::1 - - [25/Aug/2026:07:30:16 +0800] "OPTIONS * HTTP/1.0" 200 110 "-" "Apache/2.4.68 (Ubuntu) OpenSSL/3.0.19 (internal dummy connection)"
2408:8719:64:9f::12 - - [25/Aug/2026:07:30:16 +0800] "GET /32745/2024/07/07/%e7%82%ba%e6%83%85%e7%82%ba%e6%84%9b/ HTTP/1.1" 200 87286 "-" "Mozilla/5.0 (Windows NT 10.0; Win64; x64) AppleWebKit/537.36 (KHTML, like Gecko) Chrome/144.0.0.0 Safari/537.36"
140.111.67.10 - - [25/Aug/2026:07:30:16 +0800] "GET /" 301 273 "-" "-"
::1 - - [25/Aug/2026:07:30:17 +0800] "OPTIONS * HTTP/1.0" 200 110 "-" "Apache/2.4.68 (Ubuntu) OpenSSL/3.0.19 (internal dummy connection)"
2408:8719:64:9f::12 - - [25/Aug/2026:07:30:17 +0800] "GET /32745/wp-content/cache/2blog.ilc.edu.tw/wpfc-minified/f2uhad48/5wowx.css HTTP/1.1" 200 40888 "https://2blog.ilc.edu.tw/32745/2024/07/07/%e7%82%ba%e6%83%85%e7%82%ba%e6%84%9b/" "Mozilla/5.0 (Windows NT 10.0; Win64; x64) AppleWebKit/537.36 (KHTML, like Gecko) Chrome/144.0.0.0 Safari/537.36"
2408:8719:64:9f::12 - - [25/Aug/2026:07:30:17 +0800] "GET /32745/wp-content/cache/2blog.ilc.edu.tw/wpfc-minified/g0brenjo/5wowx.css HTTP/1.1" 200 16319 "https://2blog.ilc.edu.tw/32745/2024/07/07/%e7%82%ba%e6%83%85%e7%82%ba%e6%84%9b/" "Mozilla/5.0 (Windows NT 10.0; Win64; x64) AppleWebKit/537.36 (KHTML, like Gecko) Chrome/144.0.0.0 Safari/537.36"
2408:8719:64:9f::12 - - [25/Aug/2026:07:30:17 +0800] "GET /32745/wp-content/cache/2blog.ilc.edu.tw/wpfc-minified/qhgmkf5a/5wowx.css HTTP/1.1" 200 18880 "https://2blog.ilc.edu.tw/32745/2024/07/07/%e7%82%ba%e6%83%85%e7%82%ba%e6%84%9b/" "Mozilla/5.0 (Windows NT 10.0; Win64; x64) AppleWebKit/537.36 (KHTML, like Gecko) Chrome/144.0.0.0 Safari/537.36"
2408:8719:64:9f::12 - - [25/Aug/2026:07:30:17 +0800] "GET /32745/wp-content/cache/2blog.ilc.edu.tw/wpfc-minified/eqzk2ee8/5wowx.css HTTP/1.1" 200 18665 "https://2blog.ilc.edu.tw/32745/2024/07/07/%e7%82%ba%e6%83%85%e7%82%ba%e6%84%9b/" "Mozilla/5.0 (Windows NT 10.0; Win64; x64) AppleWebKit/537.36 (KHTML, like Gecko) Chrome/144.0.0.0 Safari/537.36"
2408:8719:64:9f::12 - - [25/Aug/2026:07:30:17 +0800] "GET /32745/wp-content/cache/2blog.ilc.edu.tw/wpfc-minified/1z935gih/5wowx.js HTTP/1.1" 200 40359 "https://2blog.ilc.edu.tw/32745/2024/07/07/%e7%82%ba%e6%83%85%e7%82%ba%e6%84%9b/" "Mozilla/5.0 (Windows NT 10.0; Win64; x64) AppleWebKit/537.36 (KHTML, like Gecko) Chrome/144.0.0.0 Safari/537.36"
2408:8719:64:9f::12 - - [25/Aug/2026:07:30:17 +0800] "GET /32745/wp-content/cache/2blog.ilc.edu.tw/wpfc-minified/239wfshr/5wp46.js HTTP/1.1" 200 6438 "https://2blog.ilc.edu.tw/32745/2024/07/07/%e7%82%ba%e6%83%85%e7%82%ba%e6%84%9b/" "Mozilla/5.0 (Windows NT 10.0; Win64; x64) AppleWebKit/537.36 (KHTML, like Gecko) Chrome/144.0.0.0 Safari/537.36"
2408:8719:64:9f::12 - - [25/Aug/2026:07:30:17 +0800] "GET /32745/wp-content/cache/2blog.ilc.edu.tw/wpfc-minified/f3ifmbuo/5wowx.js HTTP/1.1" 200 3458 "https://2blog.ilc.edu.tw/32745/2024/07/07/%e7%82%ba%e6%83%85%e7%82%ba%e6%84%9b/" "Mozilla/5.0 (Windows NT 10.0; Win64; x64) AppleWebKit/537.36 (KHTML, like Gecko) Chrome/144.0.0.0 Safari/537.36"
2408:8719:64:9f::12 - - [25/Aug/2026:07:30:18 +0800] "GET /32745/wp-content/cache/2blog.ilc.edu.tw/wpfc-minified/eh58b1lb/5wowx.css HTTP/1.1" 200 4324 "https://2blog.ilc.edu.tw/32745/2024/07/07/%e7%82%ba%e6%83%85%e7%82%ba%e6%84%9b/" "Mozilla/5.0 (Windows NT 10.0; Win64; x64) AppleWebKit/537.36 (KHTML, like Gecko) Chrome/144.0.0.0 Safari/537.36"
2408:8719:64:9f::12 - - [25/Aug/2026:07:30:18 +0800] "GET /32745/wp-includes/js/hoverintent-js.min.js HTTP/1.1" 200 1597 "https://2blog.ilc.edu.tw/32745/2024/07/07/%e7%82%ba%e6%83%85%e7%82%ba%e6%84%9b/" "Mozilla/5.0 (Windows NT 10.0; Win64; x64) AppleWebKit/537.36 (KHTML, like Gecko) Chrome/144.0.0.0 Safari/537.36"
2408:8719:64:9f::12 - - [25/Aug/2026:07:30:18 +0800] "GET /32745/wp-includes/js/underscore.min.js HTTP/1.1" 200 8191 "https://2blog.ilc.edu.tw/32745/2024/07/07/%e7%82%ba%e6%83%85%e7%82%ba%e6%84%9b/" "Mozilla/5.0 (Windows NT 10.0; Win64; x64) AppleWebKit/537.36 (KHTML, like Gecko) Chrome/144.0.0.0 Safari/537.36"
2408:8719:64:9f::12 - - [25/Aug/2026:07:30:18 +0800] "GET /32745/wp-content/themes/huemanilc/assets/front/js/scripts.min.js HTTP/1.1" 200 27001 "https://2blog.ilc.edu.tw/32745/2024/07/07/%e7%82%ba%e6%83%85%e7%82%ba%e6%84%9b/" "Mozilla/5.0 (Windows NT 10.0; Win64; x64) AppleWebKit/537.36 (KHTML, like Gecko) Chrome/144.0.0.0 Safari/537.36"
2408:8719:64:9f::12 - - [25/Aug/2026:07:30:18 +0800] "GET /32745/wp-includes/js/admin-bar.min.js HTTP/1.1" 200 2237 "https://2blog.ilc.edu.tw/32745/2024/07/07/%e7%82%ba%e6%83%85%e7%82%ba%e6%84%9b/" "Mozilla/5.0 (Windows NT 10.0; Win64; x64) AppleWebKit/537.36 (KHTML, like Gecko) Chrome/144.0.0.0 Safari/537.36"
2408:8719:64:9f::12 - - [25/Aug/2026:07:30:18 +0800] "GET /32745/wp-includes/js/mediaelement/mediaelement-and-player.min.js HTTP/1.1" 200 39802 "https://2blog.ilc.edu.tw/32745/2024/07/07/%e7%82%ba%e6%83%85%e7%82%ba%e6%84%9b/" "Mozilla/5.0 (Windows NT 10.0; Win64; x64) AppleWebKit/537.36 (KHTML, like Gecko) Chrome/144.0.0.0 Safari/537.36"
2408:8719:64:9f::12 - - [25/Aug/2026:07:30:18 +0800] "GET /32745/wp-content/themes/huemanilc/assets/front/webfonts/fa-solid-900.woff2?v=5.5.0 HTTP/1.1" 200 74879 "https://2blog.ilc.edu.tw/32745/wp-content/cache/2blog.ilc.edu.tw/wpfc-minified/eqzk2ee8/5wowx.css" "Mozilla/5.0 (Windows NT 10.0; Win64; x64) AppleWebKit/537.36 (KHTML, like Gecko) Chrome/144.0.0.0 Safari/537.36"
2409:8a6a:3c03:3d04:1807:e653:e0d3:14b - - [25/Aug/2026:07:30:18 +0800] "GET /32745/2025/02/02/%e5%bf%83%e8%8a%b1%e7%82%ba%e4%bd%a0%e9%96%8b/ HTTP/1.1" 200 87063 "-" "Mozilla/5.0 (Windows NT 10.0; Win64; x64) AppleWebKit/537.36 (KHTML, like Gecko) Chrome/144.0.0.0 Safari/537.36"
2408:8719:64:9f::12 - - [25/Aug/2026:07:30:18 +0800] "POST /32745/wp-json/ilc-summary/v1/popular-posts HTTP/1.1" 201 1274 "https://2blog.ilc.edu.tw/32745/2024/07/07/%e7%82%ba%e6%83%85%e7%82%ba%e6%84%9b/" "Mozilla/5.0 (Windows NT 10.0; Win64; x64) AppleWebKit/537.36 (KHTML, like Gecko) Chrome/144.0.0.0 Safari/537.36"
2408:8719:64:9f::12 - - [25/Aug/2026:07:30:18 +0800] "GET /32745/wp-content/themes/huemanilc/assets/front/webfonts/fa-brands-400.woff2?v=5.5.0 HTTP/1.1" 200 70613 "https://2blog.ilc.edu.tw/32745/wp-content/cache/2blog.ilc.edu.tw/wpfc-minified/eqzk2ee8/5wowx.css" "Mozilla/5.0 (Windows NT 10.0; Win64; x64) AppleWebKit/537.36 (KHTML, like Gecko) Chrome/144.0.0.0 Safari/537.36"
2408:8719:64:9f::12 - - [25/Aug/2026:07:30:18 +0800] "GET /32745/wp-content/themes/huemanilc/assets/front/webfonts/fa-regular-400.woff2?v=5.5.0 HTTP/1.1" 200 15695 "https://2blog.ilc.edu.tw/32745/wp-content/cache/2blog.ilc.edu.tw/wpfc-minified/eqzk2ee8/5wowx.css" "Mozilla/5.0 (Windows NT 10.0; Win64; x64) AppleWebKit/537.36 (KHTML, like Gecko) Chrome/144.0.0.0 Safari/537.36"
2408:8719:64:9f::12 - - [25/Aug/2026:07:30:18 +0800] "GET /32745/wp-includes/js/mediaelement/mediaelement-migrate.min.js HTTP/1.1" 200 1419 "https://2blog.ilc.edu.tw/32745/2024/07/07/%e7%82%ba%e6%83%85%e7%82%ba%e6%84%9b/" "Mozilla/5.0 (Windows NT 10.0; Win64; x64) AppleWebKit/537.36 (KHTML, like Gecko) Chrome/144.0.0.0 Safari/537.36"
2408:8719:64:9f::12 - - [25/Aug/2026:07:30:19 +0800] "GET /32745/wp-includes/js/mediaelement/wp-mediaelement.min.js HTTP/1.1" 200 1417 "https://2blog.ilc.edu.tw/32745/2024/07/07/%e7%82%ba%e6%83%85%e7%82%ba%e6%84%9b/" "Mozilla/5.0 (Windows NT 10.0; Win64; x64) AppleWebKit/537.36 (KHTML, like Gecko) Chrome/144.0.0.0 Safari/537.36"
2408:8719:64:9f::12 - - [25/Aug/2026:07:30:19 +0800] "GET /32745/wp-includes/js/mediaelement/renderers/vimeo.min.js HTTP/1.1" 200 3164 "https://2blog.ilc.edu.tw/32745/2024/07/07/%e7%82%ba%e6%83%85%e7%82%ba%e6%84%9b/" "Mozilla/5.0 (Windows NT 10.0; Win64; x64) AppleWebKit/537.36 (KHTML, like Gecko) Chrome/144.0.0.0 Safari/537.36"
2001:288:a201::66:125 - - [25/Aug/2026:07:30:20 +0800] "GET /blog/active.php HTTP/1.1" 301 1026 "-" "-"
2001:288:a201::66:125 - - [25/Aug/2026:07:30:20 +0800] "GET /blog/active.php HTTP/1.1" 404 1084 "-" "-"
140.111.67.10 - - [25/Aug/2026:07:30:22 +0800] "GET /" 301 273 "-" "-"
2a03:2880:25ff:41:: - - [25/Aug/2026:07:30:22 +0800] "POST /wp-json/ilc-summary/v1/popular-posts HTTP/1.1" 201 6191 "https://ilta.ilc.edu.tw/2011/09/29/%e3%80%90%e6%96%87%e7%ab%a0%e3%80%91%e4%b9%9d%e4%ba%8c%e5%85%ab%e6%95%ac%e5%b8%ab%e9%87%91-%e6%87%89%e5%85%a8%e5%9c%8b%e7%b5%b1%e4%b8%80/" "Mozilla/5.0 (Macintosh; Intel Mac OS X 10_15_7) AppleWebKit/537.36 (KHTML, like Gecko) Chrome/145.0.0.0 Safari/537.36 (compatible; meta-webindexer/1.1 (+https://developers.facebook.com/docs/sharing/webmasters/crawler))"
2001:288:a201::66:125 - - [25/Aug/2026:07:30:25 +0800] "GET /blog/active.php HTTP/1.1" 301 1026 "-" "-"
2001:288:a201::66:125 - - [25/Aug/2026:07:30:25 +0800] "GET /blog/active.php HTTP/1.1" 404 5511 "-" "-"
240e:90e:2000:2006::12ca - - [25/Aug/2026:07:30:26 +0800] "GET /526/category/%E5%AE%9C%E8%98%AD%E7%B8%A3%E7%A7%91%E5%AD%B8%E6%8E%A2%E7%A9%B6%E6%95%99%E5%AD%B8%E6%95%99%E5%B8%AB%E5%B0%88%E6%A5%AD%E7%A4%BE%E7%BE%A4%E6%9A%A8%E7%A7%91%E5%AD%B8%E6%95%99%E8%82%B2%E6%88%90%E6%9E%9C/page/5 HTTP/1.1" 301 5943 "-" "Mozilla/5.0 (Windows NT 10.0; Win64; x64) AppleWebKit/537.36 (KHTML, like Gecko) Chrome/144.0.0.0 Safari/537.36"
240e:90e:2000:2006::12ca - - [25/Aug/2026:07:30:26 +0800] "GET /526/category/%E5%AE%9C%E8%98%AD%E7%B8%A3%E7%A7%91%E5%AD%B8%E6%8E%A2%E7%A9%B6%E6%95%99%E5%AD%B8%E6%95%99%E5%B8%AB%E5%B0%88%E6%A5%AD%E7%A4%BE%E7%BE%A4%E6%9A%A8%E7%A7%91%E5%AD%B8%E6%95%99%E8%82%B2%E6%88%90%E6%9E%9C/page/5/ HTTP/1.1" 200 34780 "-" "Mozilla/5.0 (Windows NT 10.0; Win64; x64) AppleWebKit/537.36 (KHTML, like Gecko) Chrome/144.0.0.0 Safari/537.36"
140.111.67.10 - - [25/Aug/2026:07:30:27 +0800] "GET /" 301 273 "-" "-"
240e:90e:2000:2006::12ca - - [25/Aug/2026:07:30:27 +0800] "GET /526/wp-content/cache/2blog.ilc.edu.tw/wpfc-minified/g5l8llaa/5wskt.css HTTP/1.1" 200 40884 "https://2blog.ilc.edu.tw/526/category/%E5%AE%9C%E8%98%AD%E7%B8%A3%E7%A7%91%E5%AD%B8%E6%8E%A2%E7%A9%B6%E6%95%99%E5%AD%B8%E6%95%99%E5%B8%AB%E5%B0%88%E6%A5%AD%E7%A4%BE%E7%BE%A4%E6%9A%A8%E7%A7%91%E5%AD%B8%E6%95%99%E8%82%B2%E6%88%90%E6%9E%9C/page/5/" "Mozilla/5.0 (Windows NT 10.0; Win64; x64) AppleWebKit/537.36 (KHTML, like Gecko) Chrome/144.0.0.0 Safari/537.36"
240e:90e:2000:2006::12ca - - [25/Aug/2026:07:30:28 +0800] "GET /526/wp-content/cache/2blog.ilc.edu.tw/wpfc-minified/8lhgdiu1/5wskt.css HTTP/1.1" 200 15782 "https://2blog.ilc.edu.tw/526/category/%E5%AE%9C%E8%98%AD%E7%B8%A3%E7%A7%91%E5%AD%B8%E6%8E%A2%E7%A9%B6%E6%95%99%E5%AD%B8%E6%95%99%E5%B8%AB%E5%B0%88%E6%A5%AD%E7%A4%BE%E7%BE%A4%E6%9A%A8%E7%A7%91%E5%AD%B8%E6%95%99%E8%82%B2%E6%88%90%E6%9E%9C/page/5/" "Mozilla/5.0 (Windows NT 10.0; Win64; x64) AppleWebKit/537.36 (KHTML, like Gecko) Chrome/144.0.0.0 Safari/537.36"
2409:8c20:bea1:a::4:18 - - [25/Aug/2026:07:30:27 +0800] "GET /32745/2025/02/02/%e5%bf%83%e8%8a%b1%e7%82%ba%e4%bd%a0%e9%96%8b HTTP/1.1" 301 5787 "-" "Mozilla/5.0 (Windows NT 10.0; Win64; x64) AppleWebKit/537.36 (KHTML, like Gecko) Chrome/144.0.0.0 Safari/537.36"
2409:8c20:bea1:a::4:18 - - [25/Aug/2026:07:30:28 +0800] "GET /32745/2025/02/02/%e5%bf%83%e8%8a%b1%e7%82%ba%e4%bd%a0%e9%96%8b/ HTTP/1.1" 200 87063 "-" "Mozilla/5.0 (Windows NT 10.0; Win64; x64) AppleWebKit/537.36 (KHTML, like Gecko) Chrome/144.0.0.0 Safari/537.36"
2409:8c20:bea1:a::4:18 - - [25/Aug/2026:07:30:29 +0800] "GET /32745/wp-content/cache/2blog.ilc.edu.tw/wpfc-minified/f2uhad48/5wowx.css HTTP/1.1" 200 40888 "https://2blog.ilc.edu.tw/32745/2025/02/02/%e5%bf%83%e8%8a%b1%e7%82%ba%e4%bd%a0%e9%96%8b/" "Mozilla/5.0 (Windows NT 10.0; Win64; x64) AppleWebKit/537.36 (KHTML, like Gecko) Chrome/144.0.0.0 Safari/537.36"
2409:8c20:bea1:a::4:18 - - [25/Aug/2026:07:30:29 +0800] "GET /32745/wp-content/cache/2blog.ilc.edu.tw/wpfc-minified/g0brenjo/5wowx.css HTTP/1.1" 200 15980 "https://2blog.ilc.edu.tw/32745/2025/02/02/%e5%bf%83%e8%8a%b1%e7%82%ba%e4%bd%a0%e9%96%8b/" "Mozilla/5.0 (Windows NT 10.0; Win64; x64) AppleWebKit/537.36 (KHTML, like Gecko) Chrome/144.0.0.0 Safari/537.36"
2001:288:a201::66:125 - - [25/Aug/2026:07:30:30 +0800] "GET /blog/active.php HTTP/1.1" 301 1026 "-" "-"
2409:8c20:bea1:a::4:18 - - [25/Aug/2026:07:30:30 +0800] "GET /32745/wp-content/cache/2blog.ilc.edu.tw/wpfc-minified/qhgmkf5a/5wowx.css HTTP/1.1" 200 18541 "https://2blog.ilc.edu.tw/32745/2025/02/02/%e5%bf%83%e8%8a%b1%e7%82%ba%e4%bd%a0%e9%96%8b/" "Mozilla/5.0 (Windows NT 10.0; Win64; x64) AppleWebKit/537.36 (KHTML, like Gecko) Chrome/144.0.0.0 Safari/537.36"
2001:288:a201::66:125 - - [25/Aug/2026:07:30:30 +0800] "GET /blog/active.php HTTP/1.1" 404 1084 "-" "-"
2409:8c20:bea1:a::4:18 - - [25/Aug/2026:07:30:30 +0800] "GET /32745/wp-content/cache/2blog.ilc.edu.tw/wpfc-minified/1z935gih/5wowx.js HTTP/1.1" 200 35565 "https://2blog.ilc.edu.tw/32745/2025/02/02/%e5%bf%83%e8%8a%b1%e7%82%ba%e4%bd%a0%e9%96%8b/" "Mozilla/5.0 (Windows NT 10.0; Win64; x64) AppleWebKit/537.36 (KHTML, like Gecko) Chrome/144.0.0.0 Safari/537.36"
2409:8c20:bea1:a::4:18 - - [25/Aug/2026:07:30:31 +0800] "GET /32745/wp-includes/js/hoverintent-js.min.js HTTP/1.1" 200 1597 "https://2blog.ilc.edu.tw/32745/2025/02/02/%e5%bf%83%e8%8a%b1%e7%82%ba%e4%bd%a0%e9%96%8b/" "Mozilla/5.0 (Windows NT 10.0; Win64; x64) AppleWebKit/537.36 (KHTML, like Gecko) Chrome/144.0.0.0 Safari/537.36"
2409:8c54:1000:26:120:232:94:50 - - [25/Aug/2026:07:30:31 +0800] "GET /4950/wp-content/cache/2blog.ilc.edu.tw/wpfc-minified/32p1gk86/5wtrx.css HTTP/1.1" 200 5951 "https://2blog.ilc.edu.tw/4950/author/simi/" "Mozilla/5.0 (Windows NT 10.0; Win64; x64) AppleWebKit/537.36 (KHTML, like Gecko) Chrome/144.0.0.0 Safari/537.36"
2409:8c54:1000:26:120:232:94:50 - - [25/Aug/2026:07:30:31 +0800] "GET /4950/wp-content/cache/2blog.ilc.edu.tw/wpfc-minified/7yktl70c/5wtrx.css HTTP/1.1" 200 37028 "https://2blog.ilc.edu.tw/4950/author/simi/" "Mozilla/5.0 (Windows NT 10.0; Win64; x64) AppleWebKit/537.36 (KHTML, like Gecko) Chrome/144.0.0.0 Safari/537.36"
2409:8c54:1000:26:120:232:94:50 - - [25/Aug/2026:07:30:31 +0800] "GET /4950/wp-content/cache/2blog.ilc.edu.tw/wpfc-minified/ftfxkgln/5wtrx.js HTTP/1.1" 200 40358 "https://2blog.ilc.edu.tw/4950/author/simi/" "Mozilla/5.0 (Windows NT 10.0; Win64; x64) AppleWebKit/537.36 (KHTML, like Gecko) Chrome/144.0.0.0 Safari/537.36"
2409:8c54:1000:26:120:232:94:50 - - [25/Aug/2026:07:30:31 +0800] "GET /4950/wp-includes/js/admin-bar.min.js HTTP/1.1" 200 7031 "https://2blog.ilc.edu.tw/4950/author/simi/" "Mozilla/5.0 (Windows NT 10.0; Win64; x64) AppleWebKit/537.36 (KHTML, like Gecko) Chrome/144.0.0.0 Safari/537.36"
2409:8c54:1000:26:120:232:94:50 - - [25/Aug/2026:07:30:31 +0800] "GET /4950/wp-includes/js/hoverintent-js.min.js HTTP/1.1" 200 6391 "https://2blog.ilc.edu.tw/4950/author/simi/" "Mozilla/5.0 (Windows NT 10.0; Win64; x64) AppleWebKit/537.36 (KHTML, like Gecko) Chrome/144.0.0.0 Safari/537.36"
2409:8c20:bea1:a::4:18 - - [25/Aug/2026:07:30:31 +0800] "GET /32745/wp-includes/js/admin-bar.min.js HTTP/1.1" 200 2237 "https://2blog.ilc.edu.tw/32745/2025/02/02/%e5%bf%83%e8%8a%b1%e7%82%ba%e4%bd%a0%e9%96%8b/" "Mozilla/5.0 (Windows NT 10.0; Win64; x64) AppleWebKit/537.36 (KHTML, like Gecko) Chrome/144.0.0.0 Safari/537.36"
2409:8c20:bea1:a::4:18 - - [25/Aug/2026:07:30:31 +0800] "GET /32745/wp-includes/js/mediaelement/wp-mediaelement.min.js HTTP/1.1" 200 1417 "https://2blog.ilc.edu.tw/32745/2025/02/02/%e5%bf%83%e8%8a%b1%e7%82%ba%e4%bd%a0%e9%96%8b/" "Mozilla/5.0 (Windows NT 10.0; Win64; x64) AppleWebKit/537.36 (KHTML, like Gecko) Chrome/144.0.0.0 Safari/537.36"
140.111.67.10 - - [25/Aug/2026:07:30:32 +0800] "GET /" 301 273 "-" "-"
2409:8c54:1000:26:120:232:94:50 - - [25/Aug/2026:07:30:32 +0800] "GET /4950/wp-content/cache/2blog.ilc.edu.tw/wpfc-minified/l26emh1f/5wtrx.css HTTP/1.1" 200 2095 "https://2blog.ilc.edu.tw/4950/author/simi/" "Mozilla/5.0 (Windows NT 10.0; Win64; x64) AppleWebKit/537.36 (KHTML, like Gecko) Chrome/144.0.0.0 Safari/537.36"
2409:8c20:bea1:a::4:18 - - [25/Aug/2026:07:30:32 +0800] "GET /32745/wp-includes/js/mediaelement/renderers/vimeo.min.js HTTP/1.1" 200 3164 "https://2blog.ilc.edu.tw/32745/2025/02/02/%e5%bf%83%e8%8a%b1%e7%82%ba%e4%bd%a0%e9%96%8b/" "Mozilla/5.0 (Windows NT 10.0; Win64; x64) AppleWebKit/537.36 (KHTML, like Gecko) Chrome/144.0.0.0 Safari/537.36"
::1 - - [25/Aug/2026:07:30:35 +0800] "OPTIONS * HTTP/1.0" 200 110 "-" "Apache/2.4.68 (Ubuntu) OpenSSL/3.0.19 (internal dummy connection)"
2001:288:a201::66:125 - - [25/Aug/2026:07:30:35 +0800] "GET /blog/active.php HTTP/1.1" 404 1084 "-" "-"
2001:288:a201::66:125 - - [25/Aug/2026:07:30:35 +0800] "GET /blog/active.php HTTP/1.1" 301 1026 "-" "-"
140.111.67.10 - - [25/Aug/2026:07:30:37 +0800] "GET /" 301 273 "-" "-"
2a03:2880:f802:19:: - - [25/Aug/2026:07:30:37 +0800] "GET / HTTP/1.1" 200 28415 "-" "facebookexternalhit/1.1 (+http://www.facebook.com/externalhit_uatext.php)"
2001:288:a201::66:125 - - [25/Aug/2026:07:30:40 +0800] "GET /blog/active.php HTTP/1.1" 301 1026 "-" "-"
2001:288:a201::66:125 - - [25/Aug/2026:07:30:40 +0800] "GET /blog/active.php HTTP/1.1" 404 1084 "-" "-"
2a03:2880:f802:25:: - - [25/Aug/2026:07:30:38 +0800] "GET /wp-login.php?key=w879d375&_wpnonce=&action=ilc_logout&redirect_to=https%3A%2F%2Fgame.edu.kg HTTP/1.1" 302 8248 "-" "Mozilla/5.0 (Windows NT 10.0; Win64; x64) AppleWebKit/537.36 (KHTML, like Gecko) Chrome/145.0.0.0 Safari/537.36 (compatible; meta-externalagent/1.1 (+https://developers.facebook.com/docs/sharing/webmasters/crawler))"
140.111.67.10 - - [25/Aug/2026:07:30:41 +0800] "GET /" 301 273 "-" "-"
2001:4860:7:410::f - - [25/Aug/2026:07:30:43 +0800] "GET /2011/07/28/%E6%AD%A1%E8%BF%8E%E5%85%89%E8%87%A8%E5%AE%9C%E8%98%AD%E7%B8%A3%E5%AE%9C%E8%98%AD%E5%B8%82%E9%BB%8E%E6%98%8E%E5%9C%8B%E6%B0%91%E5%B0%8F%E5%AD%B8/ HTTP/1.1" 200 22126 "https://www.google.com/" "Mozilla/5.0 (Windows NT 10.0; Win64; x64) AppleWebKit/537.36 (KHTML, like Gecko) Chrome/151.0.0.0 Safari/537.36"
2409:8a6a:3c03:3d04:1807:e653:e0d3:14b - - [25/Aug/2026:07:30:44 +0800] "-" 408 4794 "-" "-"
2409:8a6a:3c03:3d04:1807:e653:e0d3:14b - - [25/Aug/2026:07:30:44 +0800] "-" 408 4794 "-" "-"
2409:8a6a:3c03:3d04:1807:e653:e0d3:14b - - [25/Aug/2026:07:30:44 +0800] "-" 408 4794 "-" "-"
::1 - - [25/Aug/2026:07:30:45 +0800] "OPTIONS * HTTP/1.0" 200 110 "-" "Apache/2.4.68 (Ubuntu) OpenSSL/3.0.19 (internal dummy connection)"
2001:288:a201::66:125 - - [25/Aug/2026:07:30:45 +0800] "GET /blog/active.php HTTP/1.1" 404 1084 "-" "-"
2001:288:a201::66:125 - - [25/Aug/2026:07:30:45 +0800] "GET /blog/active.php HTTP/1.1" 301 1026 "-" "-"
::1 - - [25/Aug/2026:07:30:46 +0800] "OPTIONS * HTTP/1.0" 200 110 "-" "Apache/2.4.68 (Ubuntu) OpenSSL/3.0.19 (internal dummy connection)"
2409:8a6a:3c03:3d04:1807:e653:e0d3:14b - - [25/Aug/2026:07:30:46 +0800] "-" 408 4794 "-" "-"
2409:8a6a:3c03:3d04:1807:e653:e0d3:14b - - [25/Aug/2026:07:30:46 +0800] "-" 408 4794 "-" "-"
2409:8a6a:3c03:3d04:1807:e653:e0d3:14b - - [25/Aug/2026:07:30:46 +0800] "-" 408 4794 "-" "-"
140.111.67.10 - - [25/Aug/2026:07:30:46 +0800] "GET /" 301 273 "-" "-"
::1 - - [25/Aug/2026:07:30:47 +0800] "OPTIONS * HTTP/1.0" 200 110 "-" "Apache/2.4.68 (Ubuntu) OpenSSL/3.0.19 (internal dummy connection)"
::1 - - [25/Aug/2026:07:30:48 +0800] "OPTIONS * HTTP/1.0" 200 110 "-" "Apache/2.4.68 (Ubuntu) OpenSSL/3.0.19 (internal dummy connection)"
2a03:2880:16ff:3:: - - [25/Aug/2026:07:30:48 +0800] "GET /27438/2016/10/13/105%e5%ad%b8%e5%b9%b4%e5%ba%a6%e6%9c%ac%e5%9c%9f%e8%aa%9e%e8%a8%80%e6%97%a5%e8%aa%b2%e8%a1%a8-%e4%b8%8a%e5%ad%b8%e6%9c%9f/ HTTP/1.1" 200 20564 "-" "Mozilla/5.0 (Windows NT 10.0; Win64; x64) AppleWebKit/537.36 (KHTML, like Gecko) Chrome/145.0.0.0 Safari/537.36 (compatible; meta-webindexer/1.1 (+https://developers.facebook.com/docs/sharing/webmasters/crawler))"
::1 - - [25/Aug/2026:07:30:49 +0800] "OPTIONS * HTTP/1.0" 200 110 "-" "Apache/2.4.68 (Ubuntu) OpenSSL/3.0.19 (internal dummy connection)"
2a03:2880:f802:19:: - - [25/Aug/2026:07:30:49 +0800] "POST /27438/wp-json/ilc-summary/v1/popular-posts HTTP/1.1" 201 6065 "https://2blog.ilc.edu.tw/27438/2016/10/13/105%e5%ad%b8%e5%b9%b4%e5%ba%a6%e6%9c%ac%e5%9c%9f%e8%aa%9e%e8%a8%80%e6%97%a5%e8%aa%b2%e8%a1%a8-%e4%b8%8a%e5%ad%b8%e6%9c%9f/" "Mozilla/5.0 (Windows NT 10.0; Win64; x64) AppleWebKit/537.36 (KHTML, like Gecko) Chrome/145.0.0.0 Safari/537.36 (compatible; meta-webindexer/1.1 (+https://developers.facebook.com/docs/sharing/webmasters/crawler))"
2001:288:a201::66:125 - - [25/Aug/2026:07:30:50 +0800] "GET /blog/active.php HTTP/1.1" 301 1026 "-" "-"
2001:288:a201::66:125 - - [25/Aug/2026:07:30:50 +0800] "GET /blog/active.php HTTP/1.1" 404 1084 "-" "-"
2a03:2880:18ff:28:: - - [25/Aug/2026:07:30:50 +0800] "GET /27438/wp-content/uploads/sites/2358/2020/12/cropped-Banner.jpg HTTP/1.1" 200 168985 "https://2blog.ilc.edu.tw/27438/2016/10/13/105%e5%ad%b8%e5%b9%b4%e5%ba%a6%e6%9c%ac%e5%9c%9f%e8%aa%9e%e8%a8%80%e6%97%a5%e8%aa%b2%e8%a1%a8-%e4%b8%8a%e5%ad%b8%e6%9c%9f/" "Mozilla/5.0 (Windows NT 10.0; Win64; x64) AppleWebKit/537.36 (KHTML, like Gecko) Chrome/145.0.0.0 Safari/537.36 (compatible; meta-webindexer/1.1 (+https://developers.facebook.com/docs/sharing/webmasters/crawler))"
140.111.67.10 - - [25/Aug/2026:07:30:51 +0800] "GET /" 301 273 "-" "-"
2001:288:a201::66:125 - - [25/Aug/2026:07:30:55 +0800] "GET /blog/active.php HTTP/1.1" 301 1026 "-" "-"
2001:288:a201::66:125 - - [25/Aug/2026:07:30:55 +0800] "GET /blog/active.php HTTP/1.1" 404 1084 "-" "-"
140.111.67.10 - - [25/Aug/2026:07:30:56 +0800] "GET /" 301 273 "-" "-"
2a03:2880:f802:2b:: - - [25/Aug/2026:07:30:55 +0800] "GET /wp-login.php?key=wkaq7375&_wpnonce=&action=ilc_logout&redirect_to=https%3A%2F%2Fmushroom.joynetgame.com HTTP/1.1" 302 8260 "-" "Mozilla/5.0 (Macintosh; Intel Mac OS X 10_15_7) AppleWebKit/537.36 (KHTML, like Gecko) Chrome/145.0.0.0 Safari/537.36 (compatible; meta-externalagent/1.1 (+https://developers.facebook.com/docs/sharing/webmasters/crawler))"
2001:288:a201::66:125 - - [25/Aug/2026:07:31:00 +0800] "GET /blog/active.php HTTP/1.1" 404 1084 "-" "-"
2001:288:a201::66:125 - - [25/Aug/2026:07:31:00 +0800] "GET /blog/active.php HTTP/1.1" 301 1026 "-" "-"
140.111.67.10 - - [25/Aug/2026:07:31:01 +0800] "GET /" 301 273 "-" "-"
2001:288:a25e:1:4c13:5f33:56c4:2afd - - [25/Aug/2026:07:31:02 +0800] "GET /wp-content/uploads/sites/3846/2023/07/%E6%95%99%E8%82%B2%E8%99%95%E5%85%AB%E5%A4%A7%E6%96%B9%E9%87%9D.png HTTP/1.1" 200 200327 "https://it.ilc.edu.tw/" "Mozilla/5.0 (Windows NT 10.0; Win64; x64) AppleWebKit/537.36 (KHTML, like Gecko) Chrome/151.0.0.0 Safari/537.36"
2001:b400:e282:dbbb:58d7:4c97:a3f3:c6a5 - - [25/Aug/2026:07:31:02 +0800] "GET / HTTP/1.1" 200 25122 "https://www.google.com/" "Mozilla/5.0 (iPhone; CPU iPhone OS 18_7 like Mac OS X) AppleWebKit/605.1.15 (KHTML, like Gecko) Version/26.4 Mobile/15E148 Safari/604.1"
2001:b400:e282:dbbb:58d7:4c97:a3f3:c6a5 - - [25/Aug/2026:07:31:02 +0800] "GET /wp-content/cache/www.tkjh.ilc.edu.tw/wpfc-minified/lxbefab0/6vyr.css HTTP/1.1" 200 45687 "https://www.tkjh.ilc.edu.tw/" "Mozilla/5.0 (iPhone; CPU iPhone OS 18_7 like Mac OS X) AppleWebKit/605.1.15 (KHTML, like Gecko) Version/26.4 Mobile/15E148 Safari/604.1"
2001:b400:e282:dbbb:58d7:4c97:a3f3:c6a5 - - [25/Aug/2026:07:31:02 +0800] "GET /wp-content/cache/www.tkjh.ilc.edu.tw/wpfc-minified/2dakbp7l/6vyr.css HTTP/1.1" 200 54569 "https://www.tkjh.ilc.edu.tw/" "Mozilla/5.0 (iPhone; CPU iPhone OS 18_7 like Mac OS X) AppleWebKit/605.1.15 (KHTML, like Gecko) Version/26.4 Mobile/15E148 Safari/604.1"
2001:b400:e282:dbbb:58d7:4c97:a3f3:c6a5 - - [25/Aug/2026:07:31:02 +0800] "GET /wp-content/uploads/sites/888/elementor/css/post-64.css HTTP/1.1" 200 1690 "https://www.tkjh.ilc.edu.tw/" "Mozilla/5.0 (iPhone; CPU iPhone OS 18_7 like Mac OS X) AppleWebKit/605.1.15 (KHTML, like Gecko) Version/26.4 Mobile/15E148 Safari/604.1"
2001:b400:e282:dbbb:58d7:4c97:a3f3:c6a5 - - [25/Aug/2026:07:31:02 +0800] "GET /wp-content/cache/www.tkjh.ilc.edu.tw/wpfc-minified/mbw4bt68/6vyr.css HTTP/1.1" 200 5960 "https://www.tkjh.ilc.edu.tw/" "Mozilla/5.0 (iPhone; CPU iPhone OS 18_7 like Mac OS X) AppleWebKit/605.1.15 (KHTML, like Gecko) Version/26.4 Mobile/15E148 Safari/604.1"
2001:b400:e282:dbbb:58d7:4c97:a3f3:c6a5 - - [25/Aug/2026:07:31:02 +0800] "GET /wp-content/uploads/sites/888/elementor/css/post-552.css HTTP/1.1" 200 6071 "https://www.tkjh.ilc.edu.tw/" "Mozilla/5.0 (iPhone; CPU iPhone OS 18_7 like Mac OS X) AppleWebKit/605.1.15 (KHTML, like Gecko) Version/26.4 Mobile/15E148 Safari/604.1"
2001:b400:e282:dbbb:58d7:4c97:a3f3:c6a5 - - [25/Aug/2026:07:31:02 +0800] "GET /wp-content/cache/www.tkjh.ilc.edu.tw/wpfc-minified/e5cup82p/6vyr.css HTTP/1.1" 200 23342 "https://www.tkjh.ilc.edu.tw/" "Mozilla/5.0 (iPhone; CPU iPhone OS 18_7 like Mac OS X) AppleWebKit/605.1.15 (KHTML, like Gecko) Version/26.4 Mobile/15E148 Safari/604.1"
2001:b400:e282:dbbb:58d7:4c97:a3f3:c6a5 - - [25/Aug/2026:07:31:02 +0800] "GET /wp-content/cache/www.tkjh.ilc.edu.tw/wpfc-minified/8wjksvk0/6vyr.css HTTP/1.1" 200 50096 "https://www.tkjh.ilc.edu.tw/" "Mozilla/5.0 (iPhone; CPU iPhone OS 18_7 like Mac OS X) AppleWebKit/605.1.15 (KHTML, like Gecko) Version/26.4 Mobile/15E148 Safari/604.1"
2001:b400:e282:dbbb:58d7:4c97:a3f3:c6a5 - - [25/Aug/2026:07:31:02 +0800] "GET /wp-content/cache/www.tkjh.ilc.edu.tw/wpfc-minified/k24nck6h/6vyr.js HTTP/1.1" 200 35559 "https://www.tkjh.ilc.edu.tw/" "Mozilla/5.0 (iPhone; CPU iPhone OS 18_7 like Mac OS X) AppleWebKit/605.1.15 (KHTML, like Gecko) Version/26.4 Mobile/15E148 Safari/604.1"
2001:b400:e282:dbbb:58d7:4c97:a3f3:c6a5 - - [25/Aug/2026:07:31:02 +0800] "GET /wp-content/uploads/sites/888/elementor/css/post-441.css HTTP/1.1" 200 1085 "https://www.tkjh.ilc.edu.tw/" "Mozilla/5.0 (iPhone; CPU iPhone OS 18_7 like Mac OS X) AppleWebKit/605.1.15 (KHTML, like Gecko) Version/26.4 Mobile/15E148 Safari/604.1"
2001:b400:e282:dbbb:58d7:4c97:a3f3:c6a5 - - [25/Aug/2026:07:31:02 +0800] "GET /wp-content/cache/www.tkjh.ilc.edu.tw/wpfc-minified/6wws96go/6vyr.css HTTP/1.1" 200 3465 "https://www.tkjh.ilc.edu.tw/" "Mozilla/5.0 (iPhone; CPU iPhone OS 18_7 like Mac OS X) AppleWebKit/605.1.15 (KHTML, like Gecko) Version/26.4 Mobile/15E148 Safari/604.1"
2001:b400:e282:dbbb:58d7:4c97:a3f3:c6a5 - - [25/Aug/2026:07:31:02 +0800] "GET /wp-includes/js/hoverintent-js.min.js HTTP/1.1" 200 1597 "https://www.tkjh.ilc.edu.tw/" "Mozilla/5.0 (iPhone; CPU iPhone OS 18_7 like Mac OS X) AppleWebKit/605.1.15 (KHTML, like Gecko) Version/26.4 Mobile/15E148 Safari/604.1"
2001:b400:e282:dbbb:58d7:4c97:a3f3:c6a5 - - [25/Aug/2026:07:31:02 +0800] "GET /wp-includes/js/admin-bar.min.js HTTP/1.1" 200 2237 "https://www.tkjh.ilc.edu.tw/" "Mozilla/5.0 (iPhone; CPU iPhone OS 18_7 like Mac OS X) AppleWebKit/605.1.15 (KHTML, like Gecko) Version/26.4 Mobile/15E148 Safari/604.1"
2001:b400:e282:dbbb:58d7:4c97:a3f3:c6a5 - - [25/Aug/2026:07:31:02 +0800] "GET /wp-content/uploads/sites/888/2026/01/%E5%AE%9C%E8%98%AD%E5%8D%80%E6%A9%9F%E9%97%9C%E7%8E%8B%E5%A4%A7%E8%B3%BD.png HTTP/1.1" 200 410703 "https://www.tkjh.ilc.edu.tw/" "Mozilla/5.0 (iPhone; CPU iPhone OS 18_7 like Mac OS X) AppleWebKit/605.1.15 (KHTML, like Gecko) Version/26.4 Mobile/15E148 Safari/604.1"
2001:b400:e282:dbbb:58d7:4c97:a3f3:c6a5 - - [25/Aug/2026:07:31:02 +0800] "GET /wp-includes/js/imagesloaded.min.js HTTP/1.1" 200 2683 "https://www.tkjh.ilc.edu.tw/" "Mozilla/5.0 (iPhone; CPU iPhone OS 18_7 like Mac OS X) AppleWebKit/605.1.15 (KHTML, like Gecko) Version/26.4 Mobile/15E148 Safari/604.1"
2001:b400:e282:dbbb:58d7:4c97:a3f3:c6a5 - - [25/Aug/2026:07:31:02 +0800] "GET /wp-includes/js/underscore.min.js HTTP/1.1" 200 8191 "https://www.tkjh.ilc.edu.tw/" "Mozilla/5.0 (iPhone; CPU iPhone OS 18_7 like Mac OS X) AppleWebKit/605.1.15 (KHTML, like Gecko) Version/26.4 Mobile/15E148 Safari/604.1"
2001:b400:e282:dbbb:58d7:4c97:a3f3:c6a5 - - [25/Aug/2026:07:31:02 +0800] "GET /wp-content/themes/huemanilc/assets/front/js/scripts.min.js HTTP/1.1" 200 27001 "https://www.tkjh.ilc.edu.tw/" "Mozilla/5.0 (iPhone; CPU iPhone OS 18_7 like Mac OS X) AppleWebKit/605.1.15 (KHTML, like Gecko) Version/26.4 Mobile/15E148 Safari/604.1"
2001:b400:e282:dbbb:58d7:4c97:a3f3:c6a5 - - [25/Aug/2026:07:31:02 +0800] "GET /wp-content/plugins/elementor-pro/assets/js/webpack-pro.runtime.min.js HTTP/1.1" 200 3562 "https://www.tkjh.ilc.edu.tw/" "Mozilla/5.0 (iPhone; CPU iPhone OS 18_7 like Mac OS X) AppleWebKit/605.1.15 (KHTML, like Gecko) Version/26.4 Mobile/15E148 Safari/604.1"
2001:b400:e282:dbbb:58d7:4c97:a3f3:c6a5 - - [25/Aug/2026:07:31:02 +0800] "GET /wp-content/plugins/elementor/assets/js/webpack.runtime.min.js HTTP/1.1" 200 3095 "https://www.tkjh.ilc.edu.tw/" "Mozilla/5.0 (iPhone; CPU iPhone OS 18_7 like Mac OS X) AppleWebKit/605.1.15 (KHTML, like Gecko) Version/26.4 Mobile/15E148 Safari/604.1"
2001:b400:e282:dbbb:58d7:4c97:a3f3:c6a5 - - [25/Aug/2026:07:31:02 +0800] "GET /wp-includes/js/dist/hooks.min.js HTTP/1.1" 200 2421 "https://www.tkjh.ilc.edu.tw/" "Mozilla/5.0 (iPhone; CPU iPhone OS 18_7 like Mac OS X) AppleWebKit/605.1.15 (KHTML, like Gecko) Version/26.4 Mobile/15E148 Safari/604.1"
2001:b400:e282:dbbb:58d7:4c97:a3f3:c6a5 - - [25/Aug/2026:07:31:02 +0800] "GET /wp-includes/js/dist/i18n.min.js HTTP/1.1" 200 4547 "https://www.tkjh.ilc.edu.tw/" "Mozilla/5.0 (iPhone; CPU iPhone OS 18_7 like Mac OS X) AppleWebKit/605.1.15 (KHTML, like Gecko) Version/26.4 Mobile/15E148 Safari/604.1"
2001:b400:e282:dbbb:58d7:4c97:a3f3:c6a5 - - [25/Aug/2026:07:31:02 +0800] "GET /wp-content/plugins/elementor/assets/js/frontend-modules.min.js HTTP/1.1" 200 19416 "https://www.tkjh.ilc.edu.tw/" "Mozilla/5.0 (iPhone; CPU iPhone OS 18_7 like Mac OS X) AppleWebKit/605.1.15 (KHTML, like Gecko) Version/26.4 Mobile/15E148 Safari/604.1"
2001:b400:e282:dbbb:58d7:4c97:a3f3:c6a5 - - [25/Aug/2026:07:31:02 +0800] "GET /wp-content/plugins/elementor-pro/assets/js/frontend.min.js HTTP/1.1" 200 7574 "https://www.tkjh.ilc.edu.tw/" "Mozilla/5.0 (iPhone; CPU iPhone OS 18_7 like Mac OS X) AppleWebKit/605.1.15 (KHTML, like Gecko) Version/26.4 Mobile/15E148 Safari/604.1"
2001:b400:e282:dbbb:58d7:4c97:a3f3:c6a5 - - [25/Aug/2026:07:31:02 +0800] "GET /wp-content/plugins/elementor/assets/lib/waypoints/waypoints.min.js HTTP/1.1" 200 3873 "https://www.tkjh.ilc.edu.tw/" "Mozilla/5.0 (iPhone; CPU iPhone OS 18_7 like Mac OS X) AppleWebKit/605.1.15 (KHTML, like Gecko) Version/26.4 Mobile/15E148 Safari/604.1"
2001:b400:e282:dbbb:58d7:4c97:a3f3:c6a5 - - [25/Aug/2026:07:31:02 +0800] "GET /wp-includes/js/jquery/ui/core.min.js HTTP/1.1" 200 7986 "https://www.tkjh.ilc.edu.tw/" "Mozilla/5.0 (iPhone; CPU iPhone OS 18_7 like Mac OS X) AppleWebKit/605.1.15 (KHTML, like Gecko) Version/26.4 Mobile/15E148 Safari/604.1"
2001:b400:e282:dbbb:58d7:4c97:a3f3:c6a5 - - [25/Aug/2026:07:31:02 +0800] "GET /wp-content/plugins/elementor-pro/assets/js/elements-handlers.min.js HTTP/1.1" 200 10882 "https://www.tkjh.ilc.edu.tw/" "Mozilla/5.0 (iPhone; CPU iPhone OS 18_7 like Mac OS X) AppleWebKit/605.1.15 (KHTML, like Gecko) Version/26.4 Mobile/15E148 Safari/604.1"
2001:b400:e282:dbbb:58d7:4c97:a3f3:c6a5 - - [25/Aug/2026:07:31:02 +0800] "GET /wp-content/plugins/elementor/assets/js/frontend.min.js HTTP/1.1" 200 13169 "https://www.tkjh.ilc.edu.tw/" "Mozilla/5.0 (iPhone; CPU iPhone OS 18_7 like Mac OS X) AppleWebKit/605.1.15 (KHTML, like Gecko) Version/26.4 Mobile/15E148 Safari/604.1"
2001:b400:e282:dbbb:58d7:4c97:a3f3:c6a5 - - [25/Aug/2026:07:31:03 +0800] "GET /wp-content/uploads/sites/888/2019/07/108.7.30-banner.jpg HTTP/1.1" 200 478174 "https://www.tkjh.ilc.edu.tw/" "Mozilla/5.0 (iPhone; CPU iPhone OS 18_7 like Mac OS X) AppleWebKit/605.1.15 (KHTML, like Gecko) Version/26.4 Mobile/15E148 Safari/604.1"
2001:b400:e282:dbbb:58d7:4c97:a3f3:c6a5 - - [25/Aug/2026:07:31:03 +0800] "GET /wp-content/uploads/sites/888/2023/03/1111104-60-LOGO.jpg HTTP/1.1" 200 153512 "https://www.tkjh.ilc.edu.tw/" "Mozilla/5.0 (iPhone; CPU iPhone OS 18_7 like Mac OS X) AppleWebKit/605.1.15 (KHTML, like Gecko) Version/26.4 Mobile/15E148 Safari/604.1"
2001:b400:e282:dbbb:58d7:4c97:a3f3:c6a5 - - [25/Aug/2026:07:31:03 +0800] "GET /wp-content/plugins/elementor/assets/lib/eicons/fonts/eicons.woff2?5.30.0 HTTP/1.1" 200 98225 "https://www.tkjh.ilc.edu.tw/" "Mozilla/5.0 (iPhone; CPU iPhone OS 18_7 like Mac OS X) AppleWebKit/605.1.15 (KHTML, like Gecko) Version/26.4 Mobile/15E148 Safari/604.1"
2001:b400:e282:dbbb:58d7:4c97:a3f3:c6a5 - - [25/Aug/2026:07:31:03 +0800] "GET /wp-content/themes/huemanilc/assets/front/webfonts/fa-solid-900.woff2?v=5.5.0 HTTP/1.1" 200 74879 "https://www.tkjh.ilc.edu.tw/" "Mozilla/5.0 (iPhone; CPU iPhone OS 18_7 like Mac OS X) AppleWebKit/605.1.15 (KHTML, like Gecko) Version/26.4 Mobile/15E148 Safari/604.1"
2001:b400:e282:dbbb:58d7:4c97:a3f3:c6a5 - - [25/Aug/2026:07:31:03 +0800] "GET /wp-content/themes/huemanilc/assets/front/webfonts/fa-brands-400.woff2?v=5.5.0 HTTP/1.1" 200 70613 "https://www.tkjh.ilc.edu.tw/" "Mozilla/5.0 (iPhone; CPU iPhone OS 18_7 like Mac OS X) AppleWebKit/605.1.15 (KHTML, like Gecko) Version/26.4 Mobile/15E148 Safari/604.1"
2001:b400:e282:dbbb:58d7:4c97:a3f3:c6a5 - - [25/Aug/2026:07:31:03 +0800] "GET /wp-content/plugins/elementor-pro/assets/js/slides.fb6b9afd278bb9c5e75b.bundle.min.js HTTP/1.1" 200 2348 "https://www.tkjh.ilc.edu.tw/" "Mozilla/5.0 (iPhone; CPU iPhone OS 18_7 like Mac OS X) AppleWebKit/605.1.15 (KHTML, like Gecko) Version/26.4 Mobile/15E148 Safari/604.1"
