2001:b011:7806:7f17:41d8:6b0b:4eff:8129 - - [25/Aug/2026:07:27:49 +0800] "GET /wp-content/uploads/sites/944/2019/10/IMG_2185_resized-150x150.jpg HTTP/1.1" 200 10009 "https://www.whjh.ilc.edu.tw/" "Mozilla/5.0 (Linux; Android 10; K) AppleWebKit/537.36 (KHTML, like Gecko) Chrome/151.0.0.0 Mobile Safari/537.36"
2001:b011:7806:7f17:41d8:6b0b:4eff:8129 - - [25/Aug/2026:07:27:49 +0800] "GET /wp-content/plugins/elementor/assets/lib/eicons/fonts/eicons.woff2?5.30.0 HTTP/1.1" 200 98225 "https://www.whjh.ilc.edu.tw/wp-content/cache/www.whjh.ilc.edu.tw/wpfc-minified/kyohlat9/6w61.css" "Mozilla/5.0 (Linux; Android 10; K) AppleWebKit/537.36 (KHTML, like Gecko) Chrome/151.0.0.0 Mobile Safari/537.36"
2001:b011:7806:7f17:41d8:6b0b:4eff:8129 - - [25/Aug/2026:07:27:49 +0800] "GET /wp-content/plugins/elementor/assets/lib/font-awesome/webfonts/fa-solid-900.woff2 HTTP/1.1" 200 79223 "https://www.whjh.ilc.edu.tw/wp-content/cache/www.whjh.ilc.edu.tw/wpfc-minified/qjmkpdpq/6w61.css" "Mozilla/5.0 (Linux; Android 10; K) AppleWebKit/537.36 (KHTML, like Gecko) Chrome/151.0.0.0 Mobile Safari/537.36"
2001:b011:7806:7f17:41d8:6b0b:4eff:8129 - - [25/Aug/2026:07:27:49 +0800] "GET /wp-content/plugins/elementor/assets/lib/font-awesome/webfonts/fa-brands-400.woff2 HTTP/1.1" 200 82661 "https://www.whjh.ilc.edu.tw/wp-content/cache/www.whjh.ilc.edu.tw/wpfc-minified/qjmkpdpq/6w61.css" "Mozilla/5.0 (Linux; Android 10; K) AppleWebKit/537.36 (KHTML, like Gecko) Chrome/151.0.0.0 Mobile Safari/537.36"
2001:b011:7806:7f17:41d8:6b0b:4eff:8129 - - [25/Aug/2026:07:27:49 +0800] "GET /wp-content/uploads/sites/944/2019/10/IMG_0762_resized-150x150.jpg HTTP/1.1" 200 10691 "https://www.whjh.ilc.edu.tw/" "Mozilla/5.0 (Linux; Android 10; K) AppleWebKit/537.36 (KHTML, like Gecko) Chrome/151.0.0.0 Mobile Safari/537.36"
2001:b011:7806:7f17:41d8:6b0b:4eff:8129 - - [25/Aug/2026:07:27:49 +0800] "GET /wp-content/uploads/sites/944/2019/10/IMG_1962_resized-150x150.jpg HTTP/1.1" 200 7818 "https://www.whjh.ilc.edu.tw/" "Mozilla/5.0 (Linux; Android 10; K) AppleWebKit/537.36 (KHTML, like Gecko) Chrome/151.0.0.0 Mobile Safari/537.36"
2001:b011:7806:7f17:41d8:6b0b:4eff:8129 - - [25/Aug/2026:07:27:49 +0800] "GET /wp-content/uploads/sites/944/2019/10/IMG_1528_resized-150x150.jpg HTTP/1.1" 200 9758 "https://www.whjh.ilc.edu.tw/" "Mozilla/5.0 (Linux; Android 10; K) AppleWebKit/537.36 (KHTML, like Gecko) Chrome/151.0.0.0 Mobile Safari/537.36"
2001:b011:7806:7f17:41d8:6b0b:4eff:8129 - - [25/Aug/2026:07:27:49 +0800] "GET /wp-content/uploads/sites/944/2019/10/IMG_0121_resized-150x150.jpg HTTP/1.1" 200 11185 "https://www.whjh.ilc.edu.tw/" "Mozilla/5.0 (Linux; Android 10; K) AppleWebKit/537.36 (KHTML, like Gecko) Chrome/151.0.0.0 Mobile Safari/537.36"
2001:b011:7806:7f17:41d8:6b0b:4eff:8129 - - [25/Aug/2026:07:27:49 +0800] "GET /wp-content/uploads/sites/944/2019/10/IMG_0309_resized-150x150.jpg HTTP/1.1" 200 10421 "https://www.whjh.ilc.edu.tw/" "Mozilla/5.0 (Linux; Android 10; K) AppleWebKit/537.36 (KHTML, like Gecko) Chrome/151.0.0.0 Mobile Safari/537.36"
2001:b011:7806:7f17:41d8:6b0b:4eff:8129 - - [25/Aug/2026:07:27:49 +0800] "GET /wp-content/uploads/sites/944/2019/10/IMG_0122_resized-150x150.jpg HTTP/1.1" 200 8553 "https://www.whjh.ilc.edu.tw/" "Mozilla/5.0 (Linux; Android 10; K) AppleWebKit/537.36 (KHTML, like Gecko) Chrome/151.0.0.0 Mobile Safari/537.36"
2001:b011:7806:7f17:41d8:6b0b:4eff:8129 - - [25/Aug/2026:07:27:49 +0800] "GET /wp-content/uploads/sites/944/2019/10/DSCN2419_resized-150x150.jpg HTTP/1.1" 200 5116 "https://www.whjh.ilc.edu.tw/" "Mozilla/5.0 (Linux; Android 10; K) AppleWebKit/537.36 (KHTML, like Gecko) Chrome/151.0.0.0 Mobile Safari/537.36"
2001:b011:7806:7f17:41d8:6b0b:4eff:8129 - - [25/Aug/2026:07:27:49 +0800] "GET /wp-content/uploads/sites/944/2019/10/DSC_6937_resized-150x150.jpg HTTP/1.1" 200 7796 "https://www.whjh.ilc.edu.tw/" "Mozilla/5.0 (Linux; Android 10; K) AppleWebKit/537.36 (KHTML, like Gecko) Chrome/151.0.0.0 Mobile Safari/537.36"
2001:b011:7806:7f17:41d8:6b0b:4eff:8129 - - [25/Aug/2026:07:27:49 +0800] "GET /wp-content/uploads/sites/944/2019/10/DSC_6512_resized-150x150.jpg HTTP/1.1" 200 8238 "https://www.whjh.ilc.edu.tw/" "Mozilla/5.0 (Linux; Android 10; K) AppleWebKit/537.36 (KHTML, like Gecko) Chrome/151.0.0.0 Mobile Safari/537.36"
2001:b011:7806:7f17:41d8:6b0b:4eff:8129 - - [25/Aug/2026:07:27:49 +0800] "GET /wp-content/uploads/sites/944/2019/10/IMG_0245-1_resized-150x150.jpg HTTP/1.1" 200 9296 "https://www.whjh.ilc.edu.tw/" "Mozilla/5.0 (Linux; Android 10; K) AppleWebKit/537.36 (KHTML, like Gecko) Chrome/151.0.0.0 Mobile Safari/537.36"
2001:b011:7806:7f17:41d8:6b0b:4eff:8129 - - [25/Aug/2026:07:27:49 +0800] "GET /wp-content/uploads/sites/944/2019/10/DSC_5907_resized-150x150.jpg HTTP/1.1" 200 10636 "https://www.whjh.ilc.edu.tw/" "Mozilla/5.0 (Linux; Android 10; K) AppleWebKit/537.36 (KHTML, like Gecko) Chrome/151.0.0.0 Mobile Safari/537.36"
2001:b011:7806:7f17:41d8:6b0b:4eff:8129 - - [25/Aug/2026:07:27:49 +0800] "GET /wp-content/uploads/sites/944/2019/10/DAY2_171204_0059_resized-150x150.jpg HTTP/1.1" 200 7539 "https://www.whjh.ilc.edu.tw/" "Mozilla/5.0 (Linux; Android 10; K) AppleWebKit/537.36 (KHTML, like Gecko) Chrome/151.0.0.0 Mobile Safari/537.36"
2001:b011:7806:7f17:41d8:6b0b:4eff:8129 - - [25/Aug/2026:07:27:49 +0800] "GET /wp-content/uploads/sites/944/2019/10/AJN_7271_resized-150x150.jpg HTTP/1.1" 200 9173 "https://www.whjh.ilc.edu.tw/" "Mozilla/5.0 (Linux; Android 10; K) AppleWebKit/537.36 (KHTML, like Gecko) Chrome/151.0.0.0 Mobile Safari/537.36"
2001:b011:7806:7f17:41d8:6b0b:4eff:8129 - - [25/Aug/2026:07:27:49 +0800] "GET /wp-content/uploads/sites/944/2019/10/AJN_2042_resized-150x150.jpg HTTP/1.1" 200 5625 "https://www.whjh.ilc.edu.tw/" "Mozilla/5.0 (Linux; Android 10; K) AppleWebKit/537.36 (KHTML, like Gecko) Chrome/151.0.0.0 Mobile Safari/537.36"
2001:b011:7806:7f17:41d8:6b0b:4eff:8129 - - [25/Aug/2026:07:27:49 +0800] "GET /wp-content/uploads/sites/944/2019/10/12299265_1070712212948165_2090299834551627172_n_resized-150x150.jpg HTTP/1.1" 200 10126 "https://www.whjh.ilc.edu.tw/" "Mozilla/5.0 (Linux; Android 10; K) AppleWebKit/537.36 (KHTML, like Gecko) Chrome/151.0.0.0 Mobile Safari/537.36"
2001:b011:7806:7f17:41d8:6b0b:4eff:8129 - - [25/Aug/2026:07:27:49 +0800] "GET /wp-content/uploads/sites/944/2019/10/1121a0083_resized-150x150.jpg HTTP/1.1" 200 8417 "https://www.whjh.ilc.edu.tw/" "Mozilla/5.0 (Linux; Android 10; K) AppleWebKit/537.36 (KHTML, like Gecko) Chrome/151.0.0.0 Mobile Safari/537.36"
2001:b011:7806:7f17:41d8:6b0b:4eff:8129 - - [25/Aug/2026:07:27:49 +0800] "GET /wp-content/uploads/sites/944/2019/10/2017.3.10-a004_resized-150x150.jpg HTTP/1.1" 200 10910 "https://www.whjh.ilc.edu.tw/" "Mozilla/5.0 (Linux; Android 10; K) AppleWebKit/537.36 (KHTML, like Gecko) Chrome/151.0.0.0 Mobile Safari/537.36"
2001:b011:7806:7f17:41d8:6b0b:4eff:8129 - - [25/Aug/2026:07:27:49 +0800] "GET /wp-content/uploads/sites/944/2019/10/064_resized-150x150.jpg HTTP/1.1" 200 8351 "https://www.whjh.ilc.edu.tw/" "Mozilla/5.0 (Linux; Android 10; K) AppleWebKit/537.36 (KHTML, like Gecko) Chrome/151.0.0.0 Mobile Safari/537.36"
2001:b011:7806:7f17:41d8:6b0b:4eff:8129 - - [25/Aug/2026:07:27:49 +0800] "GET /wp-includes/images/rss.png HTTP/1.1" 200 1434 "https://www.whjh.ilc.edu.tw/" "Mozilla/5.0 (Linux; Android 10; K) AppleWebKit/537.36 (KHTML, like Gecko) Chrome/151.0.0.0 Mobile Safari/537.36"
2001:b011:7806:7f17:41d8:6b0b:4eff:8129 - - [25/Aug/2026:07:27:49 +0800] "GET /wp-content/themes/hueman/assets/front/js/scripts.min.js HTTP/1.1" 200 22643 "https://www.whjh.ilc.edu.tw/" "Mozilla/5.0 (Linux; Android 10; K) AppleWebKit/537.36 (KHTML, like Gecko) Chrome/151.0.0.0 Mobile Safari/537.36"
2001:b011:7806:7f17:41d8:6b0b:4eff:8129 - - [25/Aug/2026:07:27:49 +0800] "GET /wp-content/plugins/elementor/assets/js/image-carousel.4455c6362492d9067512.bundle.min.js HTTP/1.1" 200 1176 "https://www.whjh.ilc.edu.tw/" "Mozilla/5.0 (Linux; Android 10; K) AppleWebKit/537.36 (KHTML, like Gecko) Chrome/151.0.0.0 Mobile Safari/537.36"
2001:b011:7806:7f17:41d8:6b0b:4eff:8129 - - [25/Aug/2026:07:27:49 +0800] "GET /wp-content/plugins/elementor-pro/assets/js/social.2d2e44e8608690943f29.bundle.min.js HTTP/1.1" 200 1433 "https://www.whjh.ilc.edu.tw/" "Mozilla/5.0 (Linux; Android 10; K) AppleWebKit/537.36 (KHTML, like Gecko) Chrome/151.0.0.0 Mobile Safari/537.36"
2001:b011:7806:7f17:41d8:6b0b:4eff:8129 - - [25/Aug/2026:07:27:49 +0800] "GET /wp-content/plugins/elementor/assets/lib/swiper/v8/swiper.min.js?ver=8.4.5 HTTP/1.1" 200 40708 "https://www.whjh.ilc.edu.tw/" "Mozilla/5.0 (Linux; Android 10; K) AppleWebKit/537.36 (KHTML, like Gecko) Chrome/151.0.0.0 Mobile Safari/537.36"
2001:b011:7806:7f17:41d8:6b0b:4eff:8129 - - [25/Aug/2026:07:27:49 +0800] "GET /wp-content/uploads/sites/944/2019/10/DJI_0110.jpg HTTP/1.1" 200 4944839 "https://www.whjh.ilc.edu.tw/" "Mozilla/5.0 (Linux; Android 10; K) AppleWebKit/537.36 (KHTML, like Gecko) Chrome/151.0.0.0 Mobile Safari/537.36"
2001:288:a201::66:125 - - [25/Aug/2026:07:27:50 +0800] "GET /blog/active.php HTTP/1.1" 301 1026 "-" "-"
2001:288:a201::66:125 - - [25/Aug/2026:07:27:50 +0800] "GET /blog/active.php HTTP/1.1" 404 1084 "-" "-"
140.111.67.10 - - [25/Aug/2026:07:27:52 +0800] "GET /" 301 273 "-" "-"
::1 - - [25/Aug/2026:07:27:54 +0800] "OPTIONS * HTTP/1.0" 200 110 "-" "Apache/2.4.68 (Ubuntu) OpenSSL/3.0.19 (internal dummy connection)"
2001:288:a201::66:125 - - [25/Aug/2026:07:27:55 +0800] "GET /blog/active.php HTTP/1.1" 404 1084 "-" "-"
2001:288:a201::66:125 - - [25/Aug/2026:07:27:55 +0800] "GET /blog/active.php HTTP/1.1" 301 1026 "-" "-"
::1 - - [25/Aug/2026:07:27:55 +0800] "OPTIONS * HTTP/1.0" 200 110 "-" "Apache/2.4.68 (Ubuntu) OpenSSL/3.0.19 (internal dummy connection)"
::1 - - [25/Aug/2026:07:27:56 +0800] "OPTIONS * HTTP/1.0" 200 110 "-" "Apache/2.4.68 (Ubuntu) OpenSSL/3.0.19 (internal dummy connection)"
140.111.67.10 - - [25/Aug/2026:07:27:56 +0800] "GET /" 301 273 "-" "-"
::1 - - [25/Aug/2026:07:27:57 +0800] "OPTIONS * HTTP/1.0" 200 110 "-" "Apache/2.4.68 (Ubuntu) OpenSSL/3.0.19 (internal dummy connection)"
::1 - - [25/Aug/2026:07:27:58 +0800] "OPTIONS * HTTP/1.0" 200 110 "-" "Apache/2.4.68 (Ubuntu) OpenSSL/3.0.19 (internal dummy connection)"
2408:8726:1001:19d:0:1:0:12 - - [25/Aug/2026:07:27:59 +0800] "GET /2022/06 HTTP/1.1" 301 5769 "-" "Mozilla/5.0 (Windows NT 10.0; Win64; x64) AppleWebKit/537.36 (KHTML, like Gecko) Chrome/144.0.0.0 Safari/537.36"
::1 - - [25/Aug/2026:07:27:59 +0800] "OPTIONS * HTTP/1.0" 200 110 "-" "Apache/2.4.68 (Ubuntu) OpenSSL/3.0.19 (internal dummy connection)"
2408:8726:1001:19d:0:1:0:12 - - [25/Aug/2026:07:27:59 +0800] "GET /2022/06/ HTTP/1.1" 200 42217 "-" "Mozilla/5.0 (Windows NT 10.0; Win64; x64) AppleWebKit/537.36 (KHTML, like Gecko) Chrome/144.0.0.0 Safari/537.36"
2408:8726:1001:19d:0:1:0:12 - - [25/Aug/2026:07:28:00 +0800] "GET /wp-content/cache/www.najh.ilc.edu.tw/wpfc-minified/1f13uvw/6wh9.css HTTP/1.1" 200 40884 "https://www.najh.ilc.edu.tw/2022/06/" "Mozilla/5.0 (Windows NT 10.0; Win64; x64) AppleWebKit/537.36 (KHTML, like Gecko) Chrome/144.0.0.0 Safari/537.36"
2001:288:a201::66:125 - - [25/Aug/2026:07:28:00 +0800] "GET /blog/active.php HTTP/1.1" 301 1026 "-" "-"
2001:288:a201::66:125 - - [25/Aug/2026:07:28:00 +0800] "GET /blog/active.php HTTP/1.1" 404 1084 "-" "-"
2408:8726:1001:19d:0:1:0:12 - - [25/Aug/2026:07:28:00 +0800] "GET /wp-content/cache/www.najh.ilc.edu.tw/wpfc-minified/4ybahoo/6wh9.css HTTP/1.1" 200 15782 "https://www.najh.ilc.edu.tw/2022/06/" "Mozilla/5.0 (Windows NT 10.0; Win64; x64) AppleWebKit/537.36 (KHTML, like Gecko) Chrome/144.0.0.0 Safari/537.36"
::1 - - [25/Aug/2026:07:28:00 +0800] "OPTIONS * HTTP/1.0" 200 110 "-" "Apache/2.4.68 (Ubuntu) OpenSSL/3.0.19 (internal dummy connection)"
2408:8726:1001:19d:0:1:0:12 - - [25/Aug/2026:07:28:01 +0800] "GET /wp-content/cache/www.najh.ilc.edu.tw/wpfc-minified/kz7ju7r3/6wh9.css HTTP/1.1" 200 1157 "https://www.najh.ilc.edu.tw/2022/06/" "Mozilla/5.0 (Windows NT 10.0; Win64; x64) AppleWebKit/537.36 (KHTML, like Gecko) Chrome/144.0.0.0 Safari/537.36"
2408:8726:1001:19d:0:1:0:12 - - [25/Aug/2026:07:28:01 +0800] "GET /wp-content/cache/www.najh.ilc.edu.tw/wpfc-minified/kcxb236g/6wh9.css HTTP/1.1" 200 61345 "https://www.najh.ilc.edu.tw/2022/06/" "Mozilla/5.0 (Windows NT 10.0; Win64; x64) AppleWebKit/537.36 (KHTML, like Gecko) Chrome/144.0.0.0 Safari/537.36"
2001:288:a201::67:85 - - [25/Aug/2026:07:28:01 +0800] "GET / HTTP/1.1" 200 56291 "-" "curl/7.81.0"
2001:288:a201::67:81 - - [25/Aug/2026:07:28:01 +0800] "GET / HTTP/1.1" 200 56291 "-" "curl/7.81.0"
2001:288:a201::67:84 - - [25/Aug/2026:07:28:01 +0800] "GET / HTTP/1.1" 200 56291 "-" "curl/7.81.0"
2408:8726:1001:19d:0:1:0:12 - - [25/Aug/2026:07:28:01 +0800] "GET /wp-content/cache/www.najh.ilc.edu.tw/wpfc-minified/k0kc5650/6wh9.js HTTP/1.1" 200 35558 "https://www.najh.ilc.edu.tw/2022/06/" "Mozilla/5.0 (Windows NT 10.0; Win64; x64) AppleWebKit/537.36 (KHTML, like Gecko) Chrome/144.0.0.0 Safari/537.36"
::1 - - [25/Aug/2026:07:28:01 +0800] "OPTIONS * HTTP/1.0" 200 110 "-" "Apache/2.4.68 (Ubuntu) OpenSSL/3.0.19 (internal dummy connection)"
140.111.67.10 - - [25/Aug/2026:07:28:02 +0800] "GET /" 301 273 "-" "-"
2408:8726:1001:19d:0:1:0:12 - - [25/Aug/2026:07:28:02 +0800] "GET /wp-content/cache/www.najh.ilc.edu.tw/wpfc-minified/87xhsi2d/6wh9.css HTTP/1.1" 200 4322 "https://www.najh.ilc.edu.tw/2022/06/" "Mozilla/5.0 (Windows NT 10.0; Win64; x64) AppleWebKit/537.36 (KHTML, like Gecko) Chrome/144.0.0.0 Safari/537.36"
2408:8726:1001:19d:0:1:0:12 - - [25/Aug/2026:07:28:02 +0800] "GET /wp-content/themes/oceanwp/assets/fonts/fontawesome/webfonts/fa-solid-900.woff2 HTTP/1.1" 200 151246 "https://www.najh.ilc.edu.tw/wp-content/cache/www.najh.ilc.edu.tw/wpfc-minified/kcxb236g/6wh9.css" "Mozilla/5.0 (Windows NT 10.0; Win64; x64) AppleWebKit/537.36 (KHTML, like Gecko) Chrome/144.0.0.0 Safari/537.36"
::1 - - [25/Aug/2026:07:28:02 +0800] "OPTIONS * HTTP/1.0" 200 110 "-" "Apache/2.4.68 (Ubuntu) OpenSSL/3.0.19 (internal dummy connection)"
2408:8726:1001:19d:0:1:0:12 - - [25/Aug/2026:07:28:03 +0800] "GET /wp-content/themes/oceanwp/assets/fonts/simple-line-icons/Simple-Line-Icons.woff2?v=2.4.0 HTTP/1.1" 200 30959 "https://www.najh.ilc.edu.tw/wp-content/cache/www.najh.ilc.edu.tw/wpfc-minified/kcxb236g/6wh9.css" "Mozilla/5.0 (Windows NT 10.0; Win64; x64) AppleWebKit/537.36 (KHTML, like Gecko) Chrome/144.0.0.0 Safari/537.36"
2408:8726:1001:19d:0:1:0:12 - - [25/Aug/2026:07:28:03 +0800] "GET /wp-includes/js/hoverintent-js.min.js HTTP/1.1" 200 1597 "https://www.najh.ilc.edu.tw/2022/06/" "Mozilla/5.0 (Windows NT 10.0; Win64; x64) AppleWebKit/537.36 (KHTML, like Gecko) Chrome/144.0.0.0 Safari/537.36"
2408:8726:1001:19d:0:1:0:12 - - [25/Aug/2026:07:28:03 +0800] "GET /wp-includes/js/admin-bar.min.js HTTP/1.1" 200 2237 "https://www.najh.ilc.edu.tw/2022/06/" "Mozilla/5.0 (Windows NT 10.0; Win64; x64) AppleWebKit/537.36 (KHTML, like Gecko) Chrome/144.0.0.0 Safari/537.36"
2408:8726:1001:19d:0:1:0:12 - - [25/Aug/2026:07:28:03 +0800] "GET /wp-includes/js/imagesloaded.min.js HTTP/1.1" 200 2683 "https://www.najh.ilc.edu.tw/2022/06/" "Mozilla/5.0 (Windows NT 10.0; Win64; x64) AppleWebKit/537.36 (KHTML, like Gecko) Chrome/144.0.0.0 Safari/537.36"
2408:8726:1001:19d:0:1:0:12 - - [25/Aug/2026:07:28:04 +0800] "GET /wp-content/themes/oceanwp/assets/js/theme.min.js HTTP/1.1" 200 5469 "https://www.najh.ilc.edu.tw/2022/06/" "Mozilla/5.0 (Windows NT 10.0; Win64; x64) AppleWebKit/537.36 (KHTML, like Gecko) Chrome/144.0.0.0 Safari/537.36"
2408:8726:1001:19d:0:1:0:12 - - [25/Aug/2026:07:28:04 +0800] "GET /wp-content/themes/oceanwp/assets/js/drop-down-mobile-menu.min.js HTTP/1.1" 200 5002 "https://www.najh.ilc.edu.tw/2022/06/" "Mozilla/5.0 (Windows NT 10.0; Win64; x64) AppleWebKit/537.36 (KHTML, like Gecko) Chrome/144.0.0.0 Safari/537.36"
2408:8726:1001:19d:0:1:0:12 - - [25/Aug/2026:07:28:04 +0800] "GET /wp-content/themes/oceanwp/assets/js/drop-down-search.min.js HTTP/1.1" 200 7770 "https://www.najh.ilc.edu.tw/2022/06/" "Mozilla/5.0 (Windows NT 10.0; Win64; x64) AppleWebKit/537.36 (KHTML, like Gecko) Chrome/144.0.0.0 Safari/537.36"
2408:8726:1001:19d:0:1:0:12 - - [25/Aug/2026:07:28:04 +0800] "GET /wp-content/themes/oceanwp/assets/js/vendors/magnific-popup.min.js HTTP/1.1" 200 13072 "https://www.najh.ilc.edu.tw/2022/06/" "Mozilla/5.0 (Windows NT 10.0; Win64; x64) AppleWebKit/537.36 (KHTML, like Gecko) Chrome/144.0.0.0 Safari/537.36"
2408:8726:1001:19d:0:1:0:12 - - [25/Aug/2026:07:28:04 +0800] "GET /wp-content/themes/oceanwp/assets/js/ow-lightbox.min.js HTTP/1.1" 200 7123 "https://www.najh.ilc.edu.tw/2022/06/" "Mozilla/5.0 (Windows NT 10.0; Win64; x64) AppleWebKit/537.36 (KHTML, like Gecko) Chrome/144.0.0.0 Safari/537.36"
2408:8726:1001:19d:0:1:0:12 - - [25/Aug/2026:07:28:04 +0800] "GET /wp-content/themes/oceanwp/assets/js/vendors/flickity.pkgd.min.js HTTP/1.1" 200 15048 "https://www.najh.ilc.edu.tw/2022/06/" "Mozilla/5.0 (Windows NT 10.0; Win64; x64) AppleWebKit/537.36 (KHTML, like Gecko) Chrome/144.0.0.0 Safari/537.36"
2408:8726:1001:19d:0:1:0:12 - - [25/Aug/2026:07:28:04 +0800] "GET /wp-content/themes/oceanwp/assets/js/ow-slider.min.js HTTP/1.1" 200 1761 "https://www.najh.ilc.edu.tw/2022/06/" "Mozilla/5.0 (Windows NT 10.0; Win64; x64) AppleWebKit/537.36 (KHTML, like Gecko) Chrome/144.0.0.0 Safari/537.36"
2408:8726:1001:19d:0:1:0:12 - - [25/Aug/2026:07:28:04 +0800] "GET /wp-content/themes/oceanwp/assets/js/scroll-effect.min.js HTTP/1.1" 200 4127 "https://www.najh.ilc.edu.tw/2022/06/" "Mozilla/5.0 (Windows NT 10.0; Win64; x64) AppleWebKit/537.36 (KHTML, like Gecko) Chrome/144.0.0.0 Safari/537.36"
2408:8726:1001:19d:0:1:0:12 - - [25/Aug/2026:07:28:04 +0800] "GET /wp-content/themes/oceanwp/assets/js/scroll-top.min.js HTTP/1.1" 200 3202 "https://www.najh.ilc.edu.tw/2022/06/" "Mozilla/5.0 (Windows NT 10.0; Win64; x64) AppleWebKit/537.36 (KHTML, like Gecko) Chrome/144.0.0.0 Safari/537.36"
2408:8726:1001:19d:0:1:0:12 - - [25/Aug/2026:07:28:04 +0800] "GET /wp-content/themes/oceanwp/assets/js/select.min.js HTTP/1.1" 200 2408 "https://www.najh.ilc.edu.tw/2022/06/" "Mozilla/5.0 (Windows NT 10.0; Win64; x64) AppleWebKit/537.36 (KHTML, like Gecko) Chrome/144.0.0.0 Safari/537.36"
2408:8726:1001:19d:0:1:0:12 - - [25/Aug/2026:07:28:04 +0800] "GET /wp-content/plugins/ocean-extra/includes/widgets/js/flickr.min.js HTTP/1.1" 200 1319 "https://www.najh.ilc.edu.tw/2022/06/" "Mozilla/5.0 (Windows NT 10.0; Win64; x64) AppleWebKit/537.36 (KHTML, like Gecko) Chrome/144.0.0.0 Safari/537.36"
2408:8726:1001:19d:0:1:0:12 - - [25/Aug/2026:07:28:04 +0800] "GET /wp-includes/js/mediaelement/mediaelement-and-player.min.js HTTP/1.1" 200 39802 "https://www.najh.ilc.edu.tw/2022/06/" "Mozilla/5.0 (Windows NT 10.0; Win64; x64) AppleWebKit/537.36 (KHTML, like Gecko) Chrome/144.0.0.0 Safari/537.36"
2408:8726:1001:19d:0:1:0:12 - - [25/Aug/2026:07:28:04 +0800] "GET /wp-includes/js/mediaelement/mediaelement-migrate.min.js HTTP/1.1" 200 1419 "https://www.najh.ilc.edu.tw/2022/06/" "Mozilla/5.0 (Windows NT 10.0; Win64; x64) AppleWebKit/537.36 (KHTML, like Gecko) Chrome/144.0.0.0 Safari/537.36"
2408:8726:1001:19d:0:1:0:12 - - [25/Aug/2026:07:28:04 +0800] "GET /wp-includes/js/mediaelement/renderers/vimeo.min.js HTTP/1.1" 200 3164 "https://www.najh.ilc.edu.tw/2022/06/" "Mozilla/5.0 (Windows NT 10.0; Win64; x64) AppleWebKit/537.36 (KHTML, like Gecko) Chrome/144.0.0.0 Safari/537.36"
2408:8726:1001:19d:0:1:0:12 - - [25/Aug/2026:07:28:04 +0800] "GET /wp-includes/js/mediaelement/wp-mediaelement.min.js HTTP/1.1" 200 1417 "https://www.najh.ilc.edu.tw/2022/06/" "Mozilla/5.0 (Windows NT 10.0; Win64; x64) AppleWebKit/537.36 (KHTML, like Gecko) Chrome/144.0.0.0 Safari/537.36"
2001:288:a201::66:125 - - [25/Aug/2026:07:28:05 +0800] "GET /blog/active.php HTTP/1.1" 301 1026 "-" "-"
2001:288:a201::66:125 - - [25/Aug/2026:07:28:05 +0800] "GET /blog/active.php HTTP/1.1" 404 1084 "-" "-"
140.111.67.10 - - [25/Aug/2026:07:28:06 +0800] "GET /" 301 273 "-" "-"
2001:288:a201::66:125 - - [25/Aug/2026:07:28:10 +0800] "GET /blog/active.php HTTP/1.1" 301 1026 "-" "-"
2001:288:a201::66:125 - - [25/Aug/2026:07:28:10 +0800] "GET /blog/active.php HTTP/1.1" 404 1084 "-" "-"
::1 - - [25/Aug/2026:07:28:10 +0800] "OPTIONS * HTTP/1.0" 200 110 "-" "Apache/2.4.68 (Ubuntu) OpenSSL/3.0.19 (internal dummy connection)"
::1 - - [25/Aug/2026:07:28:11 +0800] "OPTIONS * HTTP/1.0" 200 110 "-" "Apache/2.4.68 (Ubuntu) OpenSSL/3.0.19 (internal dummy connection)"
140.111.67.10 - - [25/Aug/2026:07:28:11 +0800] "GET /" 301 273 "-" "-"
2a03:2880:f802:11:: - - [25/Aug/2026:07:28:12 +0800] "GET /wp-login.php?key=lh5er375&_wpnonce=&action=ilc_logout&redirect_to=https%3A%2F%2Fgame.edu.kg HTTP/1.1" 302 8248 "-" "Mozilla/5.0 (Windows NT 10.0; Win64; x64) AppleWebKit/537.36 (KHTML, like Gecko) Chrome/145.0.0.0 Safari/537.36 (compatible; meta-externalagent/1.1 (+https://developers.facebook.com/docs/sharing/webmasters/crawler))"
2001:288:a201::66:125 - - [25/Aug/2026:07:28:15 +0800] "GET /blog/active.php HTTP/1.1" 301 1026 "-" "-"
2001:288:a201::66:125 - - [25/Aug/2026:07:28:15 +0800] "GET /blog/active.php HTTP/1.1" 404 1084 "-" "-"
140.111.67.10 - - [25/Aug/2026:07:28:17 +0800] "GET /" 301 273 "-" "-"
2001:288:a201::66:125 - - [25/Aug/2026:07:28:20 +0800] "GET /blog/active.php HTTP/1.1" 301 1026 "-" "-"
2001:288:a201::66:125 - - [25/Aug/2026:07:28:20 +0800] "GET /blog/active.php HTTP/1.1" 404 1084 "-" "-"
140.111.67.10 - - [25/Aug/2026:07:28:22 +0800] "GET /" 301 273 "-" "-"
2001:b011:7806:7f17:41d8:6b0b:4eff:8129 - - [25/Aug/2026:07:28:22 +0800] "GET /?s=%E4%BA%BA%E4%BA%8B HTTP/1.1" 200 14923 "https://www.whjh.ilc.edu.tw/" "Mozilla/5.0 (Linux; Android 10; K) AppleWebKit/537.36 (KHTML, like Gecko) Chrome/151.0.0.0 Mobile Safari/537.36"
2001:b011:7806:7f17:41d8:6b0b:4eff:8129 - - [25/Aug/2026:07:28:22 +0800] "GET /wp-includes/css/dashicons.min.css HTTP/1.1" 200 36736 "https://www.whjh.ilc.edu.tw/?s=%E4%BA%BA%E4%BA%8B" "Mozilla/5.0 (Linux; Android 10; K) AppleWebKit/537.36 (KHTML, like Gecko) Chrome/151.0.0.0 Mobile Safari/537.36"
2001:b011:7806:7f17:41d8:6b0b:4eff:8129 - - [25/Aug/2026:07:28:22 +0800] "GET /wp-includes/css/admin-bar.min.css HTTP/1.1" 200 5024 "https://www.whjh.ilc.edu.tw/?s=%E4%BA%BA%E4%BA%8B" "Mozilla/5.0 (Linux; Android 10; K) AppleWebKit/537.36 (KHTML, like Gecko) Chrome/151.0.0.0 Mobile Safari/537.36"
2001:b011:7806:7f17:41d8:6b0b:4eff:8129 - - [25/Aug/2026:07:28:22 +0800] "GET /wp-content/plugins/google-drive-embedder/css/gdm-blocks.css HTTP/1.1" 200 1499 "https://www.whjh.ilc.edu.tw/?s=%E4%BA%BA%E4%BA%8B" "Mozilla/5.0 (Linux; Android 10; K) AppleWebKit/537.36 (KHTML, like Gecko) Chrome/151.0.0.0 Mobile Safari/537.36"
2001:b011:7806:7f17:41d8:6b0b:4eff:8129 - - [25/Aug/2026:07:28:22 +0800] "GET /wp-includes/css/dist/block-library/style.min.css HTTP/1.1" 200 15780 "https://www.whjh.ilc.edu.tw/?s=%E4%BA%BA%E4%BA%8B" "Mozilla/5.0 (Linux; Android 10; K) AppleWebKit/537.36 (KHTML, like Gecko) Chrome/151.0.0.0 Mobile Safari/537.36"
2001:b011:7806:7f17:41d8:6b0b:4eff:8129 - - [25/Aug/2026:07:28:22 +0800] "GET /wp-content/themes/hueman/assets/front/css/font-awesome.min.css HTTP/1.1" 200 18625 "https://www.whjh.ilc.edu.tw/?s=%E4%BA%BA%E4%BA%8B" "Mozilla/5.0 (Linux; Android 10; K) AppleWebKit/537.36 (KHTML, like Gecko) Chrome/151.0.0.0 Mobile Safari/537.36"
2001:b011:7806:7f17:41d8:6b0b:4eff:8129 - - [25/Aug/2026:07:28:22 +0800] "GET /wp-content/themes/hueman/assets/front/css/main.min.css HTTP/1.1" 200 23763 "https://www.whjh.ilc.edu.tw/?s=%E4%BA%BA%E4%BA%8B" "Mozilla/5.0 (Linux; Android 10; K) AppleWebKit/537.36 (KHTML, like Gecko) Chrome/151.0.0.0 Mobile Safari/537.36"
2001:b011:7806:7f17:41d8:6b0b:4eff:8129 - - [25/Aug/2026:07:28:22 +0800] "GET /wp-content/themes/hueman/assets/front/img/thumb-medium-empty.png HTTP/1.1" 200 936 "https://www.whjh.ilc.edu.tw/?s=%E4%BA%BA%E4%BA%8B" "Mozilla/5.0 (Linux; Android 10; K) AppleWebKit/537.36 (KHTML, like Gecko) Chrome/151.0.0.0 Mobile Safari/537.36"
2001:b011:7806:7f17:41d8:6b0b:4eff:8129 - - [25/Aug/2026:07:28:22 +0800] "GET /wp-includes/js/jquery/jquery-migrate.min.js HTTP/1.1" 200 5752 "https://www.whjh.ilc.edu.tw/?s=%E4%BA%BA%E4%BA%8B" "Mozilla/5.0 (Linux; Android 10; K) AppleWebKit/537.36 (KHTML, like Gecko) Chrome/151.0.0.0 Mobile Safari/537.36"
2001:b011:7806:7f17:41d8:6b0b:4eff:8129 - - [25/Aug/2026:07:28:22 +0800] "GET /wp-includes/js/jquery/jquery.min.js HTTP/1.1" 200 36163 "https://www.whjh.ilc.edu.tw/?s=%E4%BA%BA%E4%BA%8B" "Mozilla/5.0 (Linux; Android 10; K) AppleWebKit/537.36 (KHTML, like Gecko) Chrome/151.0.0.0 Mobile Safari/537.36"
2001:b011:7806:7f17:41d8:6b0b:4eff:8129 - - [25/Aug/2026:07:28:22 +0800] "GET /wp-content/themes/hueman/assets/front/js/libs/mobile-detect.min.js HTTP/1.1" 200 17271 "https://www.whjh.ilc.edu.tw/?s=%E4%BA%BA%E4%BA%8B" "Mozilla/5.0 (Linux; Android 10; K) AppleWebKit/537.36 (KHTML, like Gecko) Chrome/151.0.0.0 Mobile Safari/537.36"
2001:288:a201::66:125 - - [25/Aug/2026:07:28:25 +0800] "GET /blog/active.php HTTP/1.1" 404 1084 "-" "-"
2001:288:a201::66:125 - - [25/Aug/2026:07:28:25 +0800] "GET /blog/active.php HTTP/1.1" 301 1026 "-" "-"
140.111.67.10 - - [25/Aug/2026:07:28:27 +0800] "GET /" 301 273 "-" "-"
2408:821a:6c19:60f0:b4c:58d1:6c0e:4b49 - - [25/Aug/2026:07:28:29 +0800] "GET /2009/12/09/ HTTP/1.1" 200 15568 "-" "Mozilla/5.0 (Windows NT 10.0; Win64; x64) AppleWebKit/537.36 (KHTML, like Gecko) Chrome/120.0.0.0 Safari/537.36"
::1 - - [25/Aug/2026:07:28:29 +0800] "OPTIONS * HTTP/1.0" 200 110 "-" "Apache/2.4.68 (Ubuntu) OpenSSL/3.0.19 (internal dummy connection)"
2001:288:a201::66:125 - - [25/Aug/2026:07:28:30 +0800] "GET /blog/active.php HTTP/1.1" 301 1026 "-" "-"
2001:288:a201::66:125 - - [25/Aug/2026:07:28:30 +0800] "GET /blog/active.php HTTP/1.1" 404 1084 "-" "-"
::1 - - [25/Aug/2026:07:28:30 +0800] "OPTIONS * HTTP/1.0" 200 110 "-" "Apache/2.4.68 (Ubuntu) OpenSSL/3.0.19 (internal dummy connection)"
2001:b011:7802:1bfb:e0d3:38e6:d583:9739 - - [25/Aug/2026:07:28:32 +0800] "-" 408 0 "-" "-"
2001:b011:7802:1bfb:e0d3:38e6:d583:9739 - - [25/Aug/2026:07:28:32 +0800] "-" 408 0 "-" "-"
140.111.67.10 - - [25/Aug/2026:07:28:32 +0800] "GET /" 301 273 "-" "-"
2a03:2880:f802:2b:: - - [25/Aug/2026:07:28:31 +0800] "GET /wp-login.php?key=exzcm378&_wpnonce=&action=ilc_logout&redirect_to=https%3A%2F%2Fwww.aayyy.com HTTP/1.1" 302 8250 "-" "Mozilla/5.0 (Windows NT 10.0; Win64; x64) AppleWebKit/537.36 (KHTML, like Gecko) Chrome/145.0.0.0 Safari/537.36 (compatible; meta-externalagent/1.1 (+https://developers.facebook.com/docs/sharing/webmasters/crawler))"
2a03:2880:11ff:5f:: - - [25/Aug/2026:07:28:32 +0800] "GET / HTTP/1.1" 200 97716 "-" "facebookexternalhit/1.1 (+http://www.facebook.com/externalhit_uatext.php)"
2a03:2880:f802:1e:: - - [25/Aug/2026:07:28:32 +0800] "GET /wp-login.php?key=thvki375&_wpnonce=&action=ilc_logout&redirect_to=https%3A%2F%2Fgame.edu.kg HTTP/1.1" 302 8248 "-" "Mozilla/5.0 (Windows NT 10.0; Win64; x64) AppleWebKit/537.36 (KHTML, like Gecko) Chrome/145.0.0.0 Safari/537.36 (compatible; meta-externalagent/1.1 (+https://developers.facebook.com/docs/sharing/webmasters/crawler))"
2001:288:a201::66:125 - - [25/Aug/2026:07:28:35 +0800] "GET /blog/active.php HTTP/1.1" 404 1084 "-" "-"
2001:288:a201::66:125 - - [25/Aug/2026:07:28:35 +0800] "GET /blog/active.php HTTP/1.1" 301 1026 "-" "-"
140.111.67.10 - - [25/Aug/2026:07:28:37 +0800] "GET /" 301 273 "-" "-"
2001:288:a201::66:125 - - [25/Aug/2026:07:28:40 +0800] "GET /blog/active.php HTTP/1.1" 301 1026 "-" "-"
2001:288:a201::66:125 - - [25/Aug/2026:07:28:40 +0800] "GET /blog/active.php HTTP/1.1" 404 1084 "-" "-"
140.111.67.10 - - [25/Aug/2026:07:28:42 +0800] "GET /" 301 273 "-" "-"
2408:872f:c00:403::2b3 - - [25/Aug/2026:07:28:43 +0800] "GET /category/c-8680/c-59714/page/1 HTTP/1.1" 301 5786 "-" "Mozilla/5.0 (Windows NT 10.0; Win64; x64) AppleWebKit/537.36 (KHTML, like Gecko) Chrome/144.0.0.0 Safari/537.36"
2001:288:a201::66:125 - - [25/Aug/2026:07:28:45 +0800] "GET /blog/active.php HTTP/1.1" 404 1084 "-" "-"
2001:288:a201::66:125 - - [25/Aug/2026:07:28:45 +0800] "GET /blog/active.php HTTP/1.1" 301 1026 "-" "-"
2408:872f:c00:403::2b3 - - [25/Aug/2026:07:28:45 +0800] "GET /category/c-8680/c-59714/ HTTP/1.1" 200 18321 "-" "Mozilla/5.0 (Windows NT 10.0; Win64; x64) AppleWebKit/537.36 (KHTML, like Gecko) Chrome/144.0.0.0 Safari/537.36"
2408:872f:c00:403::2b3 - - [25/Aug/2026:07:28:46 +0800] "GET /wp-content/cache/www.cwjh.ilc.edu.tw/wpfc-minified/2mrmz3dm/77dd.css HTTP/1.1" 200 40884 "https://www.cwjh.ilc.edu.tw/category/c-8680/c-59714/" "Mozilla/5.0 (Windows NT 10.0; Win64; x64) AppleWebKit/537.36 (KHTML, like Gecko) Chrome/144.0.0.0 Safari/537.36"
140.111.67.10 - - [25/Aug/2026:07:28:46 +0800] "GET /" 301 273 "-" "-"
2408:872f:c00:403::2b3 - - [25/Aug/2026:07:28:47 +0800] "GET /wp-content/cache/www.cwjh.ilc.edu.tw/wpfc-minified/7957u2ji/77dd.css HTTP/1.1" 200 15782 "https://www.cwjh.ilc.edu.tw/category/c-8680/c-59714/" "Mozilla/5.0 (Windows NT 10.0; Win64; x64) AppleWebKit/537.36 (KHTML, like Gecko) Chrome/144.0.0.0 Safari/537.36"
2408:872f:c00:403::2b3 - - [25/Aug/2026:07:28:47 +0800] "GET /wp-content/cache/www.cwjh.ilc.edu.tw/wpfc-minified/8wopko65/77dd.css HTTP/1.1" 200 1157 "https://www.cwjh.ilc.edu.tw/category/c-8680/c-59714/" "Mozilla/5.0 (Windows NT 10.0; Win64; x64) AppleWebKit/537.36 (KHTML, like Gecko) Chrome/144.0.0.0 Safari/537.36"
2408:872f:c00:403::2b3 - - [25/Aug/2026:07:28:47 +0800] "GET /wp-content/cache/www.cwjh.ilc.edu.tw/wpfc-minified/dhutxct0/77dd.css HTTP/1.1" 200 61345 "https://www.cwjh.ilc.edu.tw/category/c-8680/c-59714/" "Mozilla/5.0 (Windows NT 10.0; Win64; x64) AppleWebKit/537.36 (KHTML, like Gecko) Chrome/144.0.0.0 Safari/537.36"
2408:872f:c00:403::2b3 - - [25/Aug/2026:07:28:48 +0800] "GET /wp-content/cache/www.cwjh.ilc.edu.tw/wpfc-minified/f11u7byj/77dd.js HTTP/1.1" 200 35559 "https://www.cwjh.ilc.edu.tw/category/c-8680/c-59714/" "Mozilla/5.0 (Windows NT 10.0; Win64; x64) AppleWebKit/537.36 (KHTML, like Gecko) Chrome/144.0.0.0 Safari/537.36"
2408:872f:c00:403::2b3 - - [25/Aug/2026:07:28:48 +0800] "GET /wp-includes/js/hoverintent-js.min.js HTTP/1.1" 200 1597 "https://www.cwjh.ilc.edu.tw/category/c-8680/c-59714/" "Mozilla/5.0 (Windows NT 10.0; Win64; x64) AppleWebKit/537.36 (KHTML, like Gecko) Chrome/144.0.0.0 Safari/537.36"
2408:872f:c00:403::2b3 - - [25/Aug/2026:07:28:48 +0800] "GET /wp-includes/js/admin-bar.min.js HTTP/1.1" 200 2237 "https://www.cwjh.ilc.edu.tw/category/c-8680/c-59714/" "Mozilla/5.0 (Windows NT 10.0; Win64; x64) AppleWebKit/537.36 (KHTML, like Gecko) Chrome/144.0.0.0 Safari/537.36"
2408:872f:c00:403::2b3 - - [25/Aug/2026:07:28:49 +0800] "GET /wp-includes/js/imagesloaded.min.js HTTP/1.1" 200 3022 "https://www.cwjh.ilc.edu.tw/category/c-8680/c-59714/" "Mozilla/5.0 (Windows NT 10.0; Win64; x64) AppleWebKit/537.36 (KHTML, like Gecko) Chrome/144.0.0.0 Safari/537.36"
2408:872f:c00:403::2b3 - - [25/Aug/2026:07:28:49 +0800] "GET /wp-content/themes/oceanwp/assets/js/theme.min.js HTTP/1.1" 200 5469 "https://www.cwjh.ilc.edu.tw/category/c-8680/c-59714/" "Mozilla/5.0 (Windows NT 10.0; Win64; x64) AppleWebKit/537.36 (KHTML, like Gecko) Chrome/144.0.0.0 Safari/537.36"
2408:872f:c00:403::2b3 - - [25/Aug/2026:07:28:49 +0800] "GET /wp-content/themes/oceanwp/assets/js/drop-down-mobile-menu.min.js HTTP/1.1" 200 9466 "https://www.cwjh.ilc.edu.tw/category/c-8680/c-59714/" "Mozilla/5.0 (Windows NT 10.0; Win64; x64) AppleWebKit/537.36 (KHTML, like Gecko) Chrome/144.0.0.0 Safari/537.36"
2408:872f:c00:403::2b3 - - [25/Aug/2026:07:28:49 +0800] "GET /wp-content/themes/oceanwp/assets/js/drop-down-search.min.js HTTP/1.1" 200 7771 "https://www.cwjh.ilc.edu.tw/category/c-8680/c-59714/" "Mozilla/5.0 (Windows NT 10.0; Win64; x64) AppleWebKit/537.36 (KHTML, like Gecko) Chrome/144.0.0.0 Safari/537.36"
2408:872f:c00:403::2b3 - - [25/Aug/2026:07:28:49 +0800] "GET /wp-content/themes/oceanwp/assets/js/vendors/magnific-popup.min.js HTTP/1.1" 200 13073 "https://www.cwjh.ilc.edu.tw/category/c-8680/c-59714/" "Mozilla/5.0 (Windows NT 10.0; Win64; x64) AppleWebKit/537.36 (KHTML, like Gecko) Chrome/144.0.0.0 Safari/537.36"
2408:872f:c00:403::2b3 - - [25/Aug/2026:07:28:49 +0800] "GET /wp-content/themes/oceanwp/assets/fonts/fontawesome/webfonts/fa-solid-900.woff2 HTTP/1.1" 200 151246 "https://www.cwjh.ilc.edu.tw/wp-content/cache/www.cwjh.ilc.edu.tw/wpfc-minified/dhutxct0/77dd.css" "Mozilla/5.0 (Windows NT 10.0; Win64; x64) AppleWebKit/537.36 (KHTML, like Gecko) Chrome/144.0.0.0 Safari/537.36"
2408:872f:c00:403::2b3 - - [25/Aug/2026:07:28:49 +0800] "GET /wp-content/themes/oceanwp/assets/fonts/simple-line-icons/Simple-Line-Icons.woff2?v=2.4.0 HTTP/1.1" 200 30959 "https://www.cwjh.ilc.edu.tw/wp-content/cache/www.cwjh.ilc.edu.tw/wpfc-minified/dhutxct0/77dd.css" "Mozilla/5.0 (Windows NT 10.0; Win64; x64) AppleWebKit/537.36 (KHTML, like Gecko) Chrome/144.0.0.0 Safari/537.36"
2408:872f:c00:403::2b3 - - [25/Aug/2026:07:28:49 +0800] "GET /wp-content/themes/oceanwp/assets/js/ow-lightbox.min.js HTTP/1.1" 200 2321 "https://www.cwjh.ilc.edu.tw/category/c-8680/c-59714/" "Mozilla/5.0 (Windows NT 10.0; Win64; x64) AppleWebKit/537.36 (KHTML, like Gecko) Chrome/144.0.0.0 Safari/537.36"
2408:872f:c00:403::2b3 - - [25/Aug/2026:07:28:49 +0800] "GET /wp-content/themes/oceanwp/assets/js/vendors/flickity.pkgd.min.js HTTP/1.1" 200 15048 "https://www.cwjh.ilc.edu.tw/category/c-8680/c-59714/" "Mozilla/5.0 (Windows NT 10.0; Win64; x64) AppleWebKit/537.36 (KHTML, like Gecko) Chrome/144.0.0.0 Safari/537.36"
2408:872f:c00:403::2b3 - - [25/Aug/2026:07:28:49 +0800] "GET /wp-content/themes/oceanwp/assets/js/ow-slider.min.js HTTP/1.1" 200 1761 "https://www.cwjh.ilc.edu.tw/category/c-8680/c-59714/" "Mozilla/5.0 (Windows NT 10.0; Win64; x64) AppleWebKit/537.36 (KHTML, like Gecko) Chrome/144.0.0.0 Safari/537.36"
240e:640:196:2::3 - - [25/Aug/2026:07:28:49 +0800] "GET /author/fleetly/page/2/ HTTP/1.1" 200 19164 "-" "Mozilla/5.0 (Windows NT 10.0; Win64; x64) AppleWebKit/537.36 (KHTML, like Gecko) Chrome/144.0.0.0 Safari/537.36"
2408:872f:c00:403::2b3 - - [25/Aug/2026:07:28:49 +0800] "GET /wp-content/themes/oceanwp/assets/js/scroll-effect.min.js HTTP/1.1" 200 4127 "https://www.cwjh.ilc.edu.tw/category/c-8680/c-59714/" "Mozilla/5.0 (Windows NT 10.0; Win64; x64) AppleWebKit/537.36 (KHTML, like Gecko) Chrome/144.0.0.0 Safari/537.36"
2001:b011:7802:1bfb:e0d3:38e6:d583:9739 - - [25/Aug/2026:07:28:49 +0800] "GET /blog/blog/886 HTTP/1.1" 404 21023 "-" "Mozilla/5.0 (Windows NT 10.0; Win64; x64) AppleWebKit/537.36 (KHTML, like Gecko) Chrome/146.0.0.0 Safari/537.36 Edg/146.0.0.0"
2408:872f:c00:403::2b3 - - [25/Aug/2026:07:28:49 +0800] "GET /wp-content/themes/oceanwp/assets/js/scroll-top.min.js HTTP/1.1" 200 3202 "https://www.cwjh.ilc.edu.tw/category/c-8680/c-59714/" "Mozilla/5.0 (Windows NT 10.0; Win64; x64) AppleWebKit/537.36 (KHTML, like Gecko) Chrome/144.0.0.0 Safari/537.36"
2408:872f:c00:403::2b3 - - [25/Aug/2026:07:28:49 +0800] "GET /wp-content/themes/oceanwp/assets/js/select.min.js HTTP/1.1" 200 2408 "https://www.cwjh.ilc.edu.tw/category/c-8680/c-59714/" "Mozilla/5.0 (Windows NT 10.0; Win64; x64) AppleWebKit/537.36 (KHTML, like Gecko) Chrome/144.0.0.0 Safari/537.36"
2408:872f:c00:403::2b3 - - [25/Aug/2026:07:28:49 +0800] "GET /wp-content/plugins/ocean-extra/includes/widgets/js/flickr.min.js HTTP/1.1" 200 1319 "https://www.cwjh.ilc.edu.tw/category/c-8680/c-59714/" "Mozilla/5.0 (Windows NT 10.0; Win64; x64) AppleWebKit/537.36 (KHTML, like Gecko) Chrome/144.0.0.0 Safari/537.36"
240e:640:196:2::3 - - [25/Aug/2026:07:28:49 +0800] "GET /wp-content/cache/www.ssjh.ilc.edu.tw/wpfc-minified/7m4b5ed4/6xsa.css HTTP/1.1" 200 40884 "https://www.ssjh.ilc.edu.tw/author/fleetly/page/2/" "Mozilla/5.0 (Windows NT 10.0; Win64; x64) AppleWebKit/537.36 (KHTML, like Gecko) Chrome/144.0.0.0 Safari/537.36"
2408:872f:c00:403::2b3 - - [25/Aug/2026:07:28:50 +0800] "GET /wp-content/uploads/sites/1364/2020/02/cropped-cwjh001-32x32.png HTTP/1.1" 200 3126 "https://www.cwjh.ilc.edu.tw/category/c-8680/c-59714/" "Mozilla/5.0 (Windows NT 10.0; Win64; x64) AppleWebKit/537.36 (KHTML, like Gecko) Chrome/144.0.0.0 Safari/537.36"
240e:640:196:2::3 - - [25/Aug/2026:07:28:50 +0800] "GET /wp-content/cache/www.ssjh.ilc.edu.tw/wpfc-minified/7io1ij5w/lih4.css HTTP/1.1" 200 15782 "https://www.ssjh.ilc.edu.tw/author/fleetly/page/2/" "Mozilla/5.0 (Windows NT 10.0; Win64; x64) AppleWebKit/537.36 (KHTML, like Gecko) Chrome/144.0.0.0 Safari/537.36"
2001:288:a201::66:125 - - [25/Aug/2026:07:28:50 +0800] "GET /blog/active.php HTTP/1.1" 301 1026 "-" "-"
2001:288:a201::66:125 - - [25/Aug/2026:07:28:50 +0800] "GET /blog/active.php HTTP/1.1" 404 1084 "-" "-"
240e:640:196:2::3 - - [25/Aug/2026:07:28:50 +0800] "GET /wp-content/cache/www.ssjh.ilc.edu.tw/wpfc-minified/dsjd4rl6/6xsa.css HTTP/1.1" 200 1157 "https://www.ssjh.ilc.edu.tw/author/fleetly/page/2/" "Mozilla/5.0 (Windows NT 10.0; Win64; x64) AppleWebKit/537.36 (KHTML, like Gecko) Chrome/144.0.0.0 Safari/537.36"
240e:640:196:2::3 - - [25/Aug/2026:07:28:51 +0800] "GET /wp-content/cache/www.ssjh.ilc.edu.tw/wpfc-minified/d4b76a5b/6xsa.css HTTP/1.1" 200 54756 "https://www.ssjh.ilc.edu.tw/author/fleetly/page/2/" "Mozilla/5.0 (Windows NT 10.0; Win64; x64) AppleWebKit/537.36 (KHTML, like Gecko) Chrome/144.0.0.0 Safari/537.36"
140.111.67.10 - - [25/Aug/2026:07:28:51 +0800] "GET /" 301 273 "-" "-"
240e:640:196:2::3 - - [25/Aug/2026:07:28:52 +0800] "GET /wp-content/themes/oceanwp/assets/js/vendors/magnific-popup.min.js HTTP/1.1" 200 8270 "https://www.ssjh.ilc.edu.tw/author/fleetly/page/2/" "Mozilla/5.0 (Windows NT 10.0; Win64; x64) AppleWebKit/537.36 (KHTML, like Gecko) Chrome/144.0.0.0 Safari/537.36"
240e:640:196:2::3 - - [25/Aug/2026:07:28:52 +0800] "GET /wp-content/themes/oceanwp/assets/js/scroll-effect.min.js HTTP/1.1" 200 4127 "https://www.ssjh.ilc.edu.tw/author/fleetly/page/2/" "Mozilla/5.0 (Windows NT 10.0; Win64; x64) AppleWebKit/537.36 (KHTML, like Gecko) Chrome/144.0.0.0 Safari/537.36"
240e:640:196:2::3 - - [25/Aug/2026:07:28:52 +0800] "GET /wp-content/plugins/ocean-extra/includes/widgets/js/flickr.min.js HTTP/1.1" 200 1319 "https://www.ssjh.ilc.edu.tw/author/fleetly/page/2/" "Mozilla/5.0 (Windows NT 10.0; Win64; x64) AppleWebKit/537.36 (KHTML, like Gecko) Chrome/144.0.0.0 Safari/537.36"
2001:b011:7802:1bfb:e0d3:38e6:d583:9739 - - [25/Aug/2026:07:28:53 +0800] "GET /wp-content/uploads/sites/3846/2023/05/cropped-%E6%95%99%E8%82%B2%E8%99%95logo-32x32.jpg HTTP/1.1" 200 1910 "https://www.ilc.edu.tw/" "Mozilla/5.0 (Windows NT 10.0; Win64; x64) AppleWebKit/537.36 (KHTML, like Gecko) Chrome/146.0.0.0 Safari/537.36 Edg/146.0.0.0"
2a03:2880:f802:16:: - - [25/Aug/2026:07:28:52 +0800] "GET /wp-login.php?key=kgnba379&_wpnonce=&action=ilc_logout&redirect_to=https%3A%2F%2Fwww.aayyy.com HTTP/1.1" 302 8250 "-" "Mozilla/5.0 (Macintosh; Intel Mac OS X 10_15_7) AppleWebKit/537.36 (KHTML, like Gecko) Chrome/145.0.0.0 Safari/537.36 (compatible; meta-externalagent/1.1 (+https://developers.facebook.com/docs/sharing/webmasters/crawler))"
2001:288:a27b:1:cc5a:1df3:4629:4360 - - [25/Aug/2026:07:28:54 +0800] "-" 408 4791 "-" "-"
2001:288:a27b:1:cc5a:1df3:4629:4360 - - [25/Aug/2026:07:28:54 +0800] "-" 408 4791 "-" "-"
2001:288:a201::66:125 - - [25/Aug/2026:07:28:55 +0800] "GET /blog/active.php HTTP/1.1" 404 1084 "-" "-"
2001:288:a201::66:125 - - [25/Aug/2026:07:28:55 +0800] "GET /blog/active.php HTTP/1.1" 301 1026 "-" "-"
::1 - - [25/Aug/2026:07:28:55 +0800] "OPTIONS * HTTP/1.0" 200 110 "-" "Apache/2.4.68 (Ubuntu) OpenSSL/3.0.19 (internal dummy connection)"
::1 - - [25/Aug/2026:07:28:56 +0800] "OPTIONS * HTTP/1.0" 200 110 "-" "Apache/2.4.68 (Ubuntu) OpenSSL/3.0.19 (internal dummy connection)"
140.111.67.10 - - [25/Aug/2026:07:28:57 +0800] "GET /" 301 273 "-" "-"
::1 - - [25/Aug/2026:07:28:57 +0800] "OPTIONS * HTTP/1.0" 200 110 "-" "Apache/2.4.68 (Ubuntu) OpenSSL/3.0.19 (internal dummy connection)"
::1 - - [25/Aug/2026:07:28:58 +0800] "OPTIONS * HTTP/1.0" 200 110 "-" "Apache/2.4.68 (Ubuntu) OpenSSL/3.0.19 (internal dummy connection)"
2a03:2880:11ff:2:: - - [25/Aug/2026:07:28:59 +0800] "GET /wp-content/uploads/sites/1849/10889/10889-4045119.pdf HTTP/1.1" 200 60492 "-" "Mozilla/5.0 (Windows NT 10.0; Win64; x64) AppleWebKit/537.36 (KHTML, like Gecko) Chrome/145.0.0.0 Safari/537.36 (compatible; meta-webindexer/1.1 (+https://developers.facebook.com/docs/sharing/webmasters/crawler))"
::1 - - [25/Aug/2026:07:28:59 +0800] "OPTIONS * HTTP/1.0" 200 110 "-" "Apache/2.4.68 (Ubuntu) OpenSSL/3.0.19 (internal dummy connection)"
2001:288:a201::66:125 - - [25/Aug/2026:07:29:00 +0800] "GET /blog/active.php HTTP/1.1" 404 1084 "-" "-"
2001:288:a201::66:125 - - [25/Aug/2026:07:29:00 +0800] "GET /blog/active.php HTTP/1.1" 301 1026 "-" "-"
::1 - - [25/Aug/2026:07:29:00 +0800] "OPTIONS * HTTP/1.0" 200 110 "-" "Apache/2.4.68 (Ubuntu) OpenSSL/3.0.19 (internal dummy connection)"
::1 - - [25/Aug/2026:07:29:01 +0800] "OPTIONS * HTTP/1.0" 200 110 "-" "Apache/2.4.68 (Ubuntu) OpenSSL/3.0.19 (internal dummy connection)"
140.111.67.10 - - [25/Aug/2026:07:29:01 +0800] "GET /" 301 273 "-" "-"
::1 - - [25/Aug/2026:07:29:02 +0800] "OPTIONS * HTTP/1.0" 200 110 "-" "Apache/2.4.68 (Ubuntu) OpenSSL/3.0.19 (internal dummy connection)"
2001:288:a201::66:125 - - [25/Aug/2026:07:29:05 +0800] "GET /blog/active.php HTTP/1.1" 404 1084 "-" "-"
2001:288:a201::66:125 - - [25/Aug/2026:07:29:05 +0800] "GET /blog/active.php HTTP/1.1" 301 1026 "-" "-"
140.111.67.10 - - [25/Aug/2026:07:29:06 +0800] "GET /" 301 273 "-" "-"
2001:b011:7802:1bfb:e0d3:38e6:d583:9739 - - [25/Aug/2026:07:29:09 +0800] "-" 408 4791 "-" "-"
2001:b011:7802:1bfb:e0d3:38e6:d583:9739 - - [25/Aug/2026:07:29:09 +0800] "-" 408 4791 "-" "-"
2001:288:a201::66:125 - - [25/Aug/2026:07:29:10 +0800] "GET /blog/active.php HTTP/1.1" 301 1026 "-" "-"
2001:288:a201::66:125 - - [25/Aug/2026:07:29:10 +0800] "GET /blog/active.php HTTP/1.1" 404 1084 "-" "-"
::1 - - [25/Aug/2026:07:29:11 +0800] "OPTIONS * HTTP/1.0" 200 110 "-" "Apache/2.4.68 (Ubuntu) OpenSSL/3.0.19 (internal dummy connection)"
140.111.67.10 - - [25/Aug/2026:07:29:11 +0800] "GET /" 301 273 "-" "-"
2001:288:a201::66:125 - - [25/Aug/2026:07:29:15 +0800] "GET /blog/active.php HTTP/1.1" 301 1026 "-" "-"
2001:288:a201::66:125 - - [25/Aug/2026:07:29:15 +0800] "GET /blog/active.php HTTP/1.1" 404 1084 "-" "-"
140.111.67.10 - - [25/Aug/2026:07:29:16 +0800] "GET /" 301 273 "-" "-"
2001:288:a201::66:125 - - [25/Aug/2026:07:29:20 +0800] "GET /blog/active.php HTTP/1.1" 301 1026 "-" "-"
2001:288:a201::66:125 - - [25/Aug/2026:07:29:20 +0800] "GET /blog/active.php HTTP/1.1" 404 1084 "-" "-"
2001:b400:e78c:440a:ed8a:7989:72bf:acb - - [25/Aug/2026:07:29:21 +0800] "GET /yceec/wp-content/uploads/sites/200/2025/12/%E6%95%99%E8%82%B2%E8%99%95-4137-768x292%E5%8E%BB%E8%83%8C.png HTTP/1.1" 200 87703 "https://myactivity.google.com/" "Mozilla/5.0 (Windows NT 10.0; Win64; x64) AppleWebKit/537.36 (KHTML, like Gecko) Chrome/151.0.0.0 Safari/537.36"
140.111.67.10 - - [25/Aug/2026:07:29:22 +0800] "GET /" 301 273 "-" "-"
2001:b011:7807:13ad:d088:b6d7:1d7c:604c - - [25/Aug/2026:07:29:24 +0800] "-" 408 4801 "-" "-"
2001:288:a201::66:125 - - [25/Aug/2026:07:29:25 +0800] "GET /blog/active.php HTTP/1.1" 404 1084 "-" "-"
2001:288:a201::66:125 - - [25/Aug/2026:07:29:25 +0800] "GET /blog/active.php HTTP/1.1" 301 1026 "-" "-"
2402:7500:568:f482:5da3:4fa2:e3ba:5ca2 - - [25/Aug/2026:07:29:25 +0800] "GET /apple-touch-icon-precomposed.png HTTP/1.1" 404 25349 "-" "NetworkingExtension/8624.4.5.10.5 Network/5812.160.9 iOS/26.6"
2402:7500:568:f482:5da3:4fa2:e3ba:5ca2 - - [25/Aug/2026:07:29:26 +0800] "GET /26064/wp-content/uploads/sites/1066/2021/12/cropped-%E7%B6%B2%E7%AB%99%E8%AD%98%E5%88%A5-32x32.png HTTP/1.1" 200 7130 "-" "NetworkingExtension/8624.4.5.10.5 Network/5812.160.9 iOS/26.6"
2402:7500:568:f482:5da3:4fa2:e3ba:5ca2 - - [25/Aug/2026:07:29:26 +0800] "GET /apple-touch-icon.png HTTP/1.1" 404 25349 "-" "NetworkingExtension/8624.4.5.10.5 Network/5812.160.9 iOS/26.6"
2402:7500:568:f482:5da3:4fa2:e3ba:5ca2 - - [25/Aug/2026:07:29:26 +0800] "GET /favicon.ico HTTP/1.1" 302 5695 "-" "NetworkingExtension/8624.4.5.10.5 Network/5812.160.9 iOS/26.6"
2402:7500:568:f482:5da3:4fa2:e3ba:5ca2 - - [25/Aug/2026:07:29:26 +0800] "GET /26064/wp-content/uploads/sites/1066/2021/12/cropped-%E7%B6%B2%E7%AB%99%E8%AD%98%E5%88%A5-180x180.png HTTP/1.1" 200 17738 "-" "NetworkingExtension/8624.4.5.10.5 Network/5812.160.9 iOS/26.6"
2402:7500:568:f482:5da3:4fa2:e3ba:5ca2 - - [25/Aug/2026:07:29:26 +0800] "GET /wp-includes/images/w-logo-blue-white-bg.png HTTP/1.1" 200 4946 "-" "NetworkingExtension/8624.4.5.10.5 Network/5812.160.9 iOS/26.6"
2402:7500:568:f482:5da3:4fa2:e3ba:5ca2 - - [25/Aug/2026:07:29:26 +0800] "GET /26064/wp-content/uploads/sites/1066/2021/12/cropped-%E7%B6%B2%E7%AB%99%E8%AD%98%E5%88%A5-192x192.png HTTP/1.1" 200 24007 "-" "NetworkingExtension/8624.4.5.10.5 Network/5812.160.9 iOS/26.6"
2402:7500:568:f482:5da3:4fa2:e3ba:5ca2 - - [25/Aug/2026:07:29:26 +0800] "GET /26064/wp-content/uploads/sites/1066/2026/03/%E5%87%B1%E6%97%8B%E5%9C%8B%E5%B0%8F-%E5%85%92%E7%AB%A5%E5%A4%A2%E5%B7%A5%E5%BB%A0.jpg HTTP/1.1" 200 788079 "-" "NetworkingExtension/8624.4.5.10.5 Network/5812.160.9 iOS/26.6"
2402:7500:568:f482:5da3:4fa2:e3ba:5ca2 - - [25/Aug/2026:07:29:26 +0800] "GET /26064/wp-content/uploads/sites/1066/2023/05/051118.png HTTP/1.1" 200 606819 "-" "NetworkingExtension/8624.4.5.10.5 Network/5812.160.9 iOS/26.6"
140.111.67.10 - - [25/Aug/2026:07:29:27 +0800] "GET /" 301 273 "-" "-"
2408:8221:871c:88c0:6231:3bff:fe0c:c672 - - [25/Aug/2026:07:29:29 +0800] "GET /cew123452000/wp-json/oembed/1.0/embed?format=xml&url=https%3A%2F%2F2blog.ilc.edu.tw%2Fcew123452000%2F2020%2F06%2F06%2F%25e7%25b2%25be%25e9%2580%25b2%25e6%2595%2599%25e5%25ad%25b8%25e9%25a0%2586%25e5%25ae%2589%25e5%259c%258b%25e5%25b0%258f%25e5%259c%258b%25e8%25aa%259e%25e6%2596%2587%25e7%25a4%25be%25e7%25be%25a4109-4-8%2F HTTP/1.1" 200 7206 "-" "Mozilla/5.0 (Windows NT 10.0; Win64; x64) AppleWebKit/537.36 (KHTML, like Gecko) Chrome/117.0.0.0 Safari/537.36"
2001:288:a201::66:125 - - [25/Aug/2026:07:29:30 +0800] "GET /blog/active.php HTTP/1.1" 301 1026 "-" "-"
2001:288:a201::66:125 - - [25/Aug/2026:07:29:30 +0800] "GET /blog/active.php HTTP/1.1" 404 1084 "-" "-"
140.111.67.10 - - [25/Aug/2026:07:29:32 +0800] "GET /" 301 273 "-" "-"
2001:b400:e2da:92e:692b:8b7d:45c2:90aa - - [25/Aug/2026:07:29:35 +0800] "-" 408 339 "-" "-"
2001:b400:e2da:92e:692b:8b7d:45c2:90aa - - [25/Aug/2026:07:29:35 +0800] "-" 408 339 "-" "-"
2001:288:a201::66:125 - - [25/Aug/2026:07:29:35 +0800] "GET /blog/active.php HTTP/1.1" 404 1084 "-" "-"
2001:288:a201::66:125 - - [25/Aug/2026:07:29:35 +0800] "GET /blog/active.php HTTP/1.1" 301 1026 "-" "-"
140.111.67.10 - - [25/Aug/2026:07:29:37 +0800] "GET /" 301 273 "-" "-"
::1 - - [25/Aug/2026:07:29:37 +0800] "OPTIONS * HTTP/1.0" 200 110 "-" "Apache/2.4.68 (Ubuntu) OpenSSL/3.0.19 (internal dummy connection)"
::1 - - [25/Aug/2026:07:29:38 +0800] "OPTIONS * HTTP/1.0" 200 110 "-" "Apache/2.4.68 (Ubuntu) OpenSSL/3.0.19 (internal dummy connection)"
2001:288:a201::66:125 - - [25/Aug/2026:07:29:40 +0800] "GET /blog/active.php HTTP/1.1" 301 1026 "-" "-"
2001:288:a201::66:125 - - [25/Aug/2026:07:29:40 +0800] "GET /blog/active.php HTTP/1.1" 404 1084 "-" "-"
140.111.67.10 - - [25/Aug/2026:07:29:42 +0800] "GET /" 301 273 "-" "-"
2001:288:a201::66:125 - - [25/Aug/2026:07:29:45 +0800] "GET /blog/active.php HTTP/1.1" 404 1084 "-" "-"
2001:288:a201::66:125 - - [25/Aug/2026:07:29:45 +0800] "GET /blog/active.php HTTP/1.1" 301 1026 "-" "-"
140.111.67.10 - - [25/Aug/2026:07:29:47 +0800] "GET /" 301 273 "-" "-"
2001:288:a201::66:125 - - [25/Aug/2026:07:29:50 +0800] "GET /blog/active.php HTTP/1.1" 301 1026 "-" "-"
2001:288:a201::66:125 - - [25/Aug/2026:07:29:50 +0800] "GET /blog/active.php HTTP/1.1" 404 1084 "-" "-"
140.111.67.10 - - [25/Aug/2026:07:29:52 +0800] "GET /" 301 273 "-" "-"
2001:288:a201::66:125 - - [25/Aug/2026:07:29:55 +0800] "GET /blog/active.php HTTP/1.1" 404 1084 "-" "-"
2001:288:a201::66:125 - - [25/Aug/2026:07:29:55 +0800] "GET /blog/active.php HTTP/1.1" 301 1026 "-" "-"
140.111.67.10 - - [25/Aug/2026:07:29:56 +0800] "GET /" 301 273 "-" "-"
2409:8754:8450:10:193::163 - - [25/Aug/2026:07:29:59 +0800] "GET /2014/04 HTTP/1.1" 301 5758 "-" "Mozilla/5.0 (Windows NT 10.0; Win64; x64) AppleWebKit/537.36 (KHTML, like Gecko) Chrome/144.0.0.0 Safari/537.36"
2409:8754:8450:10:193::163 - - [25/Aug/2026:07:29:59 +0800] "GET /2014/04/ HTTP/1.1" 200 12189 "-" "Mozilla/5.0 (Windows NT 10.0; Win64; x64) AppleWebKit/537.36 (KHTML, like Gecko) Chrome/144.0.0.0 Safari/537.36"
2409:8754:8450:10:193::163 - - [25/Aug/2026:07:30:00 +0800] "GET /wp-content/cache/ilta.ilc.edu.tw/wpfc-minified/30cml7nx/6wvk.css HTTP/1.1" 200 40877 "https://ilta.ilc.edu.tw/2014/04/" "Mozilla/5.0 (Windows NT 10.0; Win64; x64) AppleWebKit/537.36 (KHTML, like Gecko) Chrome/144.0.0.0 Safari/537.36"
2409:8c54:3810:d:203:0:200:114 - - [25/Aug/2026:07:30:00 +0800] "GET /2022/12/14 HTTP/1.1" 301 5772 "-" "Mozilla/5.0 (Windows NT 10.0; Win64; x64) AppleWebKit/537.36 (KHTML, like Gecko) Chrome/144.0.0.0 Safari/537.36"
2409:8754:8450:10:193::163 - - [25/Aug/2026:07:30:00 +0800] "GET /wp-content/cache/ilta.ilc.edu.tw/wpfc-minified/l07fx5lw/6wvk.css HTTP/1.1" 200 15782 "https://ilta.ilc.edu.tw/2014/04/" "Mozilla/5.0 (Windows NT 10.0; Win64; x64) AppleWebKit/537.36 (KHTML, like Gecko) Chrome/144.0.0.0 Safari/537.36"
2409:8754:8450:10:193::163 - - [25/Aug/2026:07:30:00 +0800] "GET /wp-content/cache/ilta.ilc.edu.tw/wpfc-minified/qm0ohmet/6wvk.css HTTP/1.1" 200 1496 "https://ilta.ilc.edu.tw/2014/04/" "Mozilla/5.0 (Windows NT 10.0; Win64; x64) AppleWebKit/537.36 (KHTML, like Gecko) Chrome/144.0.0.0 Safari/537.36"
2409:8754:8450:10:193::163 - - [25/Aug/2026:07:30:00 +0800] "GET /wp-content/cache/ilta.ilc.edu.tw/wpfc-minified/1qjpbzp9/6wvk.js HTTP/1.1" 200 40344 "https://ilta.ilc.edu.tw/2014/04/" "Mozilla/5.0 (Windows NT 10.0; Win64; x64) AppleWebKit/537.36 (KHTML, like Gecko) Chrome/144.0.0.0 Safari/537.36"
