2402:7500:95e:566:d031:61f8:d2a3:8018 - - [25/Aug/2026:07:54:00 +0800] "POST /35/wp-json/ilc-summary/v1/popular-posts HTTP/1.1" 201 1271 "https://2blog.ilc.edu.tw/35/2022/09/06/%E5%B0%8F%E4%B8%80%E5%B0%8E%E5%B8%AB%E7%9A%84%E4%BA%94%E5%9B%9B%E4%B8%89%E5%BF%83%E5%BE%97%E5%88%86%E4%BA%AB/" "Mozilla/5.0 (iPhone; CPU iPhone OS 26_6_0 like Mac OS X) AppleWebKit/605.1.15 (KHTML, like Gecko) GSA/434.2.961627397 Mobile/15E148 Safari/604.1"
2409:8728:90fe:1d04::86 - - [25/Aug/2026:07:54:00 +0800] "GET /nalangedu/wp-content/themes/dara/assets/js/skip-link-focus-fix.js HTTP/1.1" 200 1295 "https://2blog.ilc.edu.tw/nalangedu/category/%E3%80%90%E8%A1%8C%E6%94%BF%E9%81%8B%E4%BD%9C%E3%80%91/%E2%97%86%E9%81%B8%E7%BF%92%E8%AA%BF%E6%9F%A5/" "Mozilla/5.0 (Windows NT 10.0; Win64; x64) AppleWebKit/537.36 (KHTML, like Gecko) Chrome/144.0.0.0 Safari/537.36"
2408:8648:1300:20:100::15 - - [25/Aug/2026:07:54:01 +0800] "GET /19905/wp-content/themes/oceanwp/assets/js/drop-down-mobile-menu.min.js HTTP/1.1" 200 4663 "https://2blog.ilc.edu.tw/19905/" "Mozilla/5.0 (Windows NT 10.0; Win64; x64) AppleWebKit/537.36 (KHTML, like Gecko) Chrome/144.0.0.0 Safari/537.36"
2402:7500:95e:566:d031:61f8:d2a3:8018 - - [25/Aug/2026:07:54:00 +0800] "GET /35/wp-content/uploads/sites/1161/2022/09/2022-09-06_081446.png HTTP/1.1" 200 391075 "https://2blog.ilc.edu.tw/35/2022/09/06/%E5%B0%8F%E4%B8%80%E5%B0%8E%E5%B8%AB%E7%9A%84%E4%BA%94%E5%9B%9B%E4%B8%89%E5%BF%83%E5%BE%97%E5%88%86%E4%BA%AB/" "Mozilla/5.0 (iPhone; CPU iPhone OS 26_6_0 like Mac OS X) AppleWebKit/605.1.15 (KHTML, like Gecko) GSA/434.2.961627397 Mobile/15E148 Safari/604.1"
2408:8648:1300:20:100::15 - - [25/Aug/2026:07:54:01 +0800] "GET /19905/wp-content/themes/oceanwp/assets/js/vendors/flickity.pkgd.min.js HTTP/1.1" 200 15048 "https://2blog.ilc.edu.tw/19905/" "Mozilla/5.0 (Windows NT 10.0; Win64; x64) AppleWebKit/537.36 (KHTML, like Gecko) Chrome/144.0.0.0 Safari/537.36"
2001:288:a201::67:81 - - [25/Aug/2026:07:54:01 +0800] "GET / HTTP/1.1" 200 56291 "-" "curl/7.81.0"
2001:288:a201::67:85 - - [25/Aug/2026:07:54:01 +0800] "GET / HTTP/1.1" 200 56291 "-" "curl/7.81.0"
140.111.67.10 - - [25/Aug/2026:07:54:01 +0800] "GET /" 301 273 "-" "-"
140.111.111.84 - - [25/Aug/2026:07:54:03 +0800] "GET / HTTP/1.1" 200 20252 "-" "Mozilla/5.0 (Windows NT 10.0; Win64; x64) AppleWebKit/537.36 (KHTML, like Gecko) Chrome/151.0.0.0 Safari/537.36"
2001:288:a201::66:125 - - [25/Aug/2026:07:54:05 +0800] "GET /blog/active.php HTTP/1.1" 404 1084 "-" "-"
2001:288:a201::66:125 - - [25/Aug/2026:07:54:05 +0800] "GET /blog/active.php HTTP/1.1" 301 1026 "-" "-"
::1 - - [25/Aug/2026:07:54:06 +0800] "OPTIONS * HTTP/1.0" 200 110 "-" "Apache/2.4.68 (Ubuntu) OpenSSL/3.0.19 (internal dummy connection)"
140.111.67.10 - - [25/Aug/2026:07:54:06 +0800] "GET /" 301 273 "-" "-"
2001:288:a20f:1:b1d3:5d4:6e92:bf80 - - [25/Aug/2026:07:54:08 +0800] "-" 408 4800 "-" "-"
2001:288:a201::66:125 - - [25/Aug/2026:07:54:10 +0800] "GET /blog/active.php HTTP/1.1" 301 1026 "-" "-"
2001:288:a201::66:125 - - [25/Aug/2026:07:54:10 +0800] "GET /blog/active.php HTTP/1.1" 404 1084 "-" "-"
::1 - - [25/Aug/2026:07:54:11 +0800] "OPTIONS * HTTP/1.0" 200 110 "-" "Apache/2.4.68 (Ubuntu) OpenSSL/3.0.19 (internal dummy connection)"
140.111.67.10 - - [25/Aug/2026:07:54:12 +0800] "GET /" 301 273 "-" "-"
2001:288:a201::66:125 - - [25/Aug/2026:07:54:15 +0800] "GET /blog/active.php HTTP/1.1" 404 1084 "-" "-"
2001:288:a201::66:125 - - [25/Aug/2026:07:54:15 +0800] "GET /blog/active.php HTTP/1.1" 301 1026 "-" "-"
140.111.67.195 - - [25/Aug/2026:07:54:15 +0800] "GET /wp-admin/admin-post.php?action=steps_ad HTTP/1.1" 200 6425 "-" "node-fetch/1.0 (+https://github.com/bitinn/node-fetch)"
210.69.149.166 - - [25/Aug/2026:07:54:16 +0800] "GET / HTTP/1.1" 200 30637 "-" "Mozilla/5.0 (Windows NT 10.0; Win64; x64) AppleWebKit/537.36 (KHTML, like Gecko) Chrome/151.0.0.0 Safari/537.36"
140.111.67.10 - - [25/Aug/2026:07:54:17 +0800] "GET /" 301 273 "-" "-"
2001:288:a201::66:125 - - [25/Aug/2026:07:54:20 +0800] "GET /blog/active.php HTTP/1.1" 301 1026 "-" "-"
2001:288:a201::66:125 - - [25/Aug/2026:07:54:20 +0800] "GET /blog/active.php HTTP/1.1" 404 1084 "-" "-"
140.111.67.195 - - [25/Aug/2026:07:54:21 +0800] "GET /wp-admin/admin-post.php?action=steps_ad HTTP/1.1" 200 1973 "-" "node-fetch/1.0 (+https://github.com/bitinn/node-fetch)"
140.111.67.10 - - [25/Aug/2026:07:54:22 +0800] "GET /" 301 273 "-" "-"
2a03:2880:f802:18:: - - [25/Aug/2026:07:54:20 +0800] "GET /wp-login.php?key=emaks375&_wpnonce=&action=ilc_logout&redirect_to=https%3A%2F%2Fgame.edu.kg HTTP/1.1" 302 8248 "-" "Mozilla/5.0 (Windows NT 10.0; Win64; x64) AppleWebKit/537.36 (KHTML, like Gecko) Chrome/145.0.0.0 Safari/537.36 (compatible; meta-externalagent/1.1 (+https://developers.facebook.com/docs/sharing/webmasters/crawler))"
140.111.111.84 - - [25/Aug/2026:07:54:23 +0800] "-" 408 4804 "-" "-"
140.111.111.84 - - [25/Aug/2026:07:54:23 +0800] "-" 408 339 "-" "-"
140.111.67.195 - - [25/Aug/2026:07:54:23 +0800] "GET /wp-admin/admin-post.php?action=steps_ad HTTP/1.1" 200 1649 "-" "node-fetch/1.0 (+https://github.com/bitinn/node-fetch)"
2001:288:a201::66:125 - - [25/Aug/2026:07:54:25 +0800] "GET /blog/active.php HTTP/1.1" 301 1026 "-" "-"
2001:288:a201::66:125 - - [25/Aug/2026:07:54:25 +0800] "GET /blog/active.php HTTP/1.1" 404 1084 "-" "-"
::1 - - [25/Aug/2026:07:54:26 +0800] "OPTIONS * HTTP/1.0" 200 110 "-" "Apache/2.4.68 (Ubuntu) OpenSSL/3.0.19 (internal dummy connection)"
2409:8a55:721:3c81:d48f:a29a:49cd:2 - - [25/Aug/2026:07:54:26 +0800] "GET /24973/2019/12/03/%e5%9c%93%e8%91%89%e8%92%b2%e8%91%b5/ HTTP/1.1" 200 16534 "-" "Mozilla/5.0 (Windows NT 10.0; Win64; x64) AppleWebKit/537.36 (KHTML, like Gecko) Chrome/144.0.0.0 Safari/537.36"
2409:8a55:721:3c81:d48f:a29a:49cd:2 - - [25/Aug/2026:07:54:26 +0800] "GET /24973/wp-content/cache/2blog.ilc.edu.tw/wpfc-minified/9aqfkg1z/7y8z0.css HTTP/1.1" 200 40888 "https://2blog.ilc.edu.tw/24973/2019/12/03/%e5%9c%93%e8%91%89%e8%92%b2%e8%91%b5/" "Mozilla/5.0 (Windows NT 10.0; Win64; x64) AppleWebKit/537.36 (KHTML, like Gecko) Chrome/144.0.0.0 Safari/537.36"
140.111.67.10 - - [25/Aug/2026:07:54:27 +0800] "GET /" 301 273 "-" "-"
2409:8a55:721:3c81:d48f:a29a:49cd:2 - - [25/Aug/2026:07:54:27 +0800] "GET /24973/wp-content/cache/2blog.ilc.edu.tw/wpfc-minified/g4du8pva/7y8z0.css HTTP/1.1" 200 16319 "https://2blog.ilc.edu.tw/24973/2019/12/03/%e5%9c%93%e8%91%89%e8%92%b2%e8%91%b5/" "Mozilla/5.0 (Windows NT 10.0; Win64; x64) AppleWebKit/537.36 (KHTML, like Gecko) Chrome/144.0.0.0 Safari/537.36"
2409:8a55:721:3c81:d48f:a29a:49cd:2 - - [25/Aug/2026:07:54:27 +0800] "GET /24973/wp-content/cache/2blog.ilc.edu.tw/wpfc-minified/fxaay/7y8z0.css HTTP/1.1" 200 18880 "https://2blog.ilc.edu.tw/24973/2019/12/03/%e5%9c%93%e8%91%89%e8%92%b2%e8%91%b5/" "Mozilla/5.0 (Windows NT 10.0; Win64; x64) AppleWebKit/537.36 (KHTML, like Gecko) Chrome/144.0.0.0 Safari/537.36"
2409:8a55:721:3c81:d48f:a29a:49cd:2 - - [25/Aug/2026:07:54:27 +0800] "GET /24973/wp-content/cache/2blog.ilc.edu.tw/wpfc-minified/2ah2663r/7y8z0.css HTTP/1.1" 200 12255 "https://2blog.ilc.edu.tw/24973/2019/12/03/%e5%9c%93%e8%91%89%e8%92%b2%e8%91%b5/" "Mozilla/5.0 (Windows NT 10.0; Win64; x64) AppleWebKit/537.36 (KHTML, like Gecko) Chrome/144.0.0.0 Safari/537.36"
2409:8a55:721:3c81:d48f:a29a:49cd:2 - - [25/Aug/2026:07:54:27 +0800] "GET /24973/wp-content/cache/2blog.ilc.edu.tw/wpfc-minified/fpv6p5j6/7y8z0.js HTTP/1.1" 200 40359 "https://2blog.ilc.edu.tw/24973/2019/12/03/%e5%9c%93%e8%91%89%e8%92%b2%e8%91%b5/" "Mozilla/5.0 (Windows NT 10.0; Win64; x64) AppleWebKit/537.36 (KHTML, like Gecko) Chrome/144.0.0.0 Safari/537.36"
2409:8a55:721:3c81:d48f:a29a:49cd:2 - - [25/Aug/2026:07:54:27 +0800] "GET /24973/wp-includes/js/hoverintent-js.min.js HTTP/1.1" 200 6391 "https://2blog.ilc.edu.tw/24973/2019/12/03/%e5%9c%93%e8%91%89%e8%92%b2%e8%91%b5/" "Mozilla/5.0 (Windows NT 10.0; Win64; x64) AppleWebKit/537.36 (KHTML, like Gecko) Chrome/144.0.0.0 Safari/537.36"
2409:8a55:721:3c81:d48f:a29a:49cd:2 - - [25/Aug/2026:07:54:27 +0800] "GET /24973/wp-content/cache/2blog.ilc.edu.tw/wpfc-minified/mbubxjpc/7y8z0.js HTTP/1.1" 200 6438 "https://2blog.ilc.edu.tw/24973/2019/12/03/%e5%9c%93%e8%91%89%e8%92%b2%e8%91%b5/" "Mozilla/5.0 (Windows NT 10.0; Win64; x64) AppleWebKit/537.36 (KHTML, like Gecko) Chrome/144.0.0.0 Safari/537.36"
2402:7500:95e:566:d031:61f8:d2a3:8018 - - [25/Aug/2026:07:54:27 +0800] "GET /35/wp-content/uploads/sites/1161/2022/09/2022-09-06_081424.png HTTP/1.1" 200 599293 "https://2blog.ilc.edu.tw/35/2022/09/06/%E5%B0%8F%E4%B8%80%E5%B0%8E%E5%B8%AB%E7%9A%84%E4%BA%94%E5%9B%9B%E4%B8%89%E5%BF%83%E5%BE%97%E5%88%86%E4%BA%AB/" "Mozilla/5.0 (iPhone; CPU iPhone OS 26_6_0 like Mac OS X) AppleWebKit/605.1.15 (KHTML, like Gecko) GSA/434.2.961627397 Mobile/15E148 Safari/604.1"
2409:8a55:721:3c81:d48f:a29a:49cd:2 - - [25/Aug/2026:07:54:27 +0800] "GET /24973/wp-includes/js/admin-bar.min.js HTTP/1.1" 200 2237 "https://2blog.ilc.edu.tw/24973/2019/12/03/%e5%9c%93%e8%91%89%e8%92%b2%e8%91%b5/" "Mozilla/5.0 (Windows NT 10.0; Win64; x64) AppleWebKit/537.36 (KHTML, like Gecko) Chrome/144.0.0.0 Safari/537.36"