2001:b400:e282:dbbb:58d7:4c97:a3f3:c6a5 - - [25/Aug/2026:07:31:03 +0800] "GET /wp-content/uploads/sites/888/2026/08/115%E6%A6%AE%E8%AD%BD%E6%A6%9C%E6%A8%A1%E6%9D%BF-%E7%99%BC%E6%98%8E%E5%B1%95.png HTTP/1.1" 200 1582164 "https://www.tkjh.ilc.edu.tw/" "Mozilla/5.0 (iPhone; CPU iPhone OS 18_7 like Mac OS X) AppleWebKit/605.1.15 (KHTML, like Gecko) Version/26.4 Mobile/15E148 Safari/604.1"
2001:b400:e282:dbbb:58d7:4c97:a3f3:c6a5 - - [25/Aug/2026:07:31:03 +0800] "GET /wp-content/themes/huemanilc/assets/front/webfonts/fa-regular-400.woff2?v=5.5.0 HTTP/1.1" 200 15695 "https://www.tkjh.ilc.edu.tw/" "Mozilla/5.0 (iPhone; CPU iPhone OS 18_7 like Mac OS X) AppleWebKit/605.1.15 (KHTML, like Gecko) Version/26.4 Mobile/15E148 Safari/604.1"
2001:b400:e282:dbbb:58d7:4c97:a3f3:c6a5 - - [25/Aug/2026:07:31:03 +0800] "GET /wp-content/plugins/elementor/assets/lib/swiper/v8/swiper.min.js?ver=8.4.5 HTTP/1.1" 200 40708 "https://www.tkjh.ilc.edu.tw/" "Mozilla/5.0 (iPhone; CPU iPhone OS 18_7 like Mac OS X) AppleWebKit/605.1.15 (KHTML, like Gecko) Version/26.4 Mobile/15E148 Safari/604.1"
2001:b400:e282:dbbb:58d7:4c97:a3f3:c6a5 - - [25/Aug/2026:07:31:03 +0800] "GET /wp-content/uploads/sites/888/2026/07/115%E7%89%B9%E6%AE%8A%E5%84%AA%E8%89%AF%E6%95%99%E5%B8%AB.png HTTP/1.1" 200 1164955 "https://www.tkjh.ilc.edu.tw/" "Mozilla/5.0 (iPhone; CPU iPhone OS 18_7 like Mac OS X) AppleWebKit/605.1.15 (KHTML, like Gecko) Version/26.4 Mobile/15E148 Safari/604.1"
2001:b400:e282:dbbb:58d7:4c97:a3f3:c6a5 - - [25/Aug/2026:07:31:03 +0800] "GET /wp-content/uploads/sites/888/2026/05/114%E9%96%B1%E8%AE%80%E7%8D%8E.png HTTP/1.1" 200 1601192 "https://www.tkjh.ilc.edu.tw/" "Mozilla/5.0 (iPhone; CPU iPhone OS 18_7 like Mac OS X) AppleWebKit/605.1.15 (KHTML, like Gecko) Version/26.4 Mobile/15E148 Safari/604.1"
2001:b400:e282:dbbb:58d7:4c97:a3f3:c6a5 - - [25/Aug/2026:07:31:03 +0800] "GET /wp-content/uploads/sites/888/2026/03/114%E5%8F%A3%E7%90%B4%E5%90%88%E5%A5%8F%E5%85%A8%E5%9C%8B%E7%89%B9%E5%84%AA.png HTTP/1.1" 200 1566535 "https://www.tkjh.ilc.edu.tw/" "Mozilla/5.0 (iPhone; CPU iPhone OS 18_7 like Mac OS X) AppleWebKit/605.1.15 (KHTML, like Gecko) Version/26.4 Mobile/15E148 Safari/604.1"
2001:b400:e282:dbbb:58d7:4c97:a3f3:c6a5 - - [25/Aug/2026:07:31:03 +0800] "GET /wp-content/uploads/sites/888/2026/03/114%E5%8F%A3%E7%90%B4%E5%9B%9B%E9%87%8D%E5%A5%8F%E5%85%A8%E5%9C%8B%E7%89%B9%E5%84%AA.png HTTP/1.1" 200 1107473 "https://www.tkjh.ilc.edu.tw/" "Mozilla/5.0 (iPhone; CPU iPhone OS 18_7 like Mac OS X) AppleWebKit/605.1.15 (KHTML, like Gecko) Version/26.4 Mobile/15E148 Safari/604.1"
2001:b400:e282:dbbb:58d7:4c97:a3f3:c6a5 - - [25/Aug/2026:07:31:03 +0800] "GET /wp-content/uploads/sites/888/2026/04/114%E8%AE%80%E8%80%85%E5%8A%87%E5%A0%B4.png HTTP/1.1" 200 1708348 "https://www.tkjh.ilc.edu.tw/" "Mozilla/5.0 (iPhone; CPU iPhone OS 18_7 like Mac OS X) AppleWebKit/605.1.15 (KHTML, like Gecko) Version/26.4 Mobile/15E148 Safari/604.1"
2001:b400:e282:dbbb:58d7:4c97:a3f3:c6a5 - - [25/Aug/2026:07:31:03 +0800] "GET /wp-content/uploads/sites/888/2026/03/114%E8%88%9E%E8%B9%88%E5%85%A8%E5%9C%8B%E8%B3%BD.jpg HTTP/1.1" 200 883781 "https://www.tkjh.ilc.edu.tw/" "Mozilla/5.0 (iPhone; CPU iPhone OS 18_7 like Mac OS X) AppleWebKit/605.1.15 (KHTML, like Gecko) Version/26.4 Mobile/15E148 Safari/604.1"
2001:b400:e282:dbbb:58d7:4c97:a3f3:c6a5 - - [25/Aug/2026:07:31:03 +0800] "GET /wp-content/uploads/sites/888/2026/03/114%E7%A7%91%E6%8A%80%E7%AB%B6%E8%B3%BD.png HTTP/1.1" 200 1443585 "https://www.tkjh.ilc.edu.tw/" "Mozilla/5.0 (iPhone; CPU iPhone OS 18_7 like Mac OS X) AppleWebKit/605.1.15 (KHTML, like Gecko) Version/26.4 Mobile/15E148 Safari/604.1"
2001:b400:e282:dbbb:58d7:4c97:a3f3:c6a5 - - [25/Aug/2026:07:31:03 +0800] "GET /wp-content/uploads/sites/888/2026/01/115%E7%99%BC%E6%98%8E%E5%B1%95%E7%8D%B2%E7%8D%8E.png HTTP/1.1" 200 1949026 "https://www.tkjh.ilc.edu.tw/" "Mozilla/5.0 (iPhone; CPU iPhone OS 18_7 like Mac OS X) AppleWebKit/605.1.15 (KHTML, like Gecko) Version/26.4 Mobile/15E148 Safari/604.1"
2001:b400:e282:dbbb:58d7:4c97:a3f3:c6a5 - - [25/Aug/2026:07:31:03 +0800] "GET /wp-content/uploads/sites/888/2026/04/115%E7%A7%91%E5%B1%95%E7%8D%B2%E7%8D%8E.png HTTP/1.1" 200 2036911 "https://www.tkjh.ilc.edu.tw/" "Mozilla/5.0 (iPhone; CPU iPhone OS 18_7 like Mac OS X) AppleWebKit/605.1.15 (KHTML, like Gecko) Version/26.4 Mobile/15E148 Safari/604.1"
2001:b400:e282:dbbb:58d7:4c97:a3f3:c6a5 - - [25/Aug/2026:07:31:03 +0800] "GET /wp-content/uploads/sites/888/2026/07/115%E7%B7%9A%E4%B8%8A%E9%96%B1%E8%AE%80%E7%89%B9%E5%84%AA.png HTTP/1.1" 200 1605494 "https://www.tkjh.ilc.edu.tw/" "Mozilla/5.0 (iPhone; CPU iPhone OS 18_7 like Mac OS X) AppleWebKit/605.1.15 (KHTML, like Gecko) Version/26.4 Mobile/15E148 Safari/604.1"
2001:b400:e282:dbbb:58d7:4c97:a3f3:c6a5 - - [25/Aug/2026:07:31:03 +0800] "GET /wp-content/uploads/sites/888/2025/11/S__4079630_0.jpg HTTP/1.1" 200 415835 "https://www.tkjh.ilc.edu.tw/" "Mozilla/5.0 (iPhone; CPU iPhone OS 18_7 like Mac OS X) AppleWebKit/605.1.15 (KHTML, like Gecko) Version/26.4 Mobile/15E148 Safari/604.1"
2001:b400:e282:dbbb:58d7:4c97:a3f3:c6a5 - - [25/Aug/2026:07:31:03 +0800] "GET /wp-content/uploads/sites/888/2025/11/S__4079629_0.jpg HTTP/1.1" 200 339900 "https://www.tkjh.ilc.edu.tw/" "Mozilla/5.0 (iPhone; CPU iPhone OS 18_7 like Mac OS X) AppleWebKit/605.1.15 (KHTML, like Gecko) Version/26.4 Mobile/15E148 Safari/604.1"
2001:b400:e282:dbbb:58d7:4c97:a3f3:c6a5 - - [25/Aug/2026:07:31:03 +0800] "GET /wp-content/uploads/sites/888/2025/11/114%E5%85%AC%E7%9B%8A%E8%A1%8C%E5%8B%95.png HTTP/1.1" 200 1087798 "https://www.tkjh.ilc.edu.tw/" "Mozilla/5.0 (iPhone; CPU iPhone OS 18_7 like Mac OS X) AppleWebKit/605.1.15 (KHTML, like Gecko) Version/26.4 Mobile/15E148 Safari/604.1"
2001:b400:e282:dbbb:58d7:4c97:a3f3:c6a5 - - [25/Aug/2026:07:31:03 +0800] "GET /wp-content/uploads/sites/888/2025/11/114%E5%8E%9F%E4%BD%8F%E6%B0%91%E6%96%87%E5%8C%96%E7%A4%BE%E5%9C%98.png HTTP/1.1" 200 2999353 "https://www.tkjh.ilc.edu.tw/" "Mozilla/5.0 (iPhone; CPU iPhone OS 18_7 like Mac OS X) AppleWebKit/605.1.15 (KHTML, like Gecko) Version/26.4 Mobile/15E148 Safari/604.1"
2001:b400:e282:dbbb:58d7:4c97:a3f3:c6a5 - - [25/Aug/2026:07:31:03 +0800] "GET /wp-content/uploads/sites/888/2025/11/114%E7%99%BC%E6%98%8E%E5%B1%95.png HTTP/1.1" 200 2408247 "https://www.tkjh.ilc.edu.tw/" "Mozilla/5.0 (iPhone; CPU iPhone OS 18_7 like Mac OS X) AppleWebKit/605.1.15 (KHTML, like Gecko) Version/26.4 Mobile/15E148 Safari/604.1"
2001:b400:e282:dbbb:58d7:4c97:a3f3:c6a5 - - [25/Aug/2026:07:31:03 +0800] "GET /wp-content/uploads/sites/888/2025/11/114%E5%AE%9C%E8%98%AD%E7%B8%A3%E8%88%9E%E8%B9%88%E6%AF%94%E8%B3%BD.png HTTP/1.1" 200 2317899 "https://www.tkjh.ilc.edu.tw/" "Mozilla/5.0 (iPhone; CPU iPhone OS 18_7 like Mac OS X) AppleWebKit/605.1.15 (KHTML, like Gecko) Version/26.4 Mobile/15E148 Safari/604.1"
2001:b400:e282:dbbb:58d7:4c97:a3f3:c6a5 - - [25/Aug/2026:07:31:03 +0800] "GET /wp-content/uploads/sites/888/2025/11/114%E7%B5%B2%E7%AB%B9%E5%84%AA%E8%89%AF.png HTTP/1.1" 200 2404954 "https://www.tkjh.ilc.edu.tw/" "Mozilla/5.0 (iPhone; CPU iPhone OS 18_7 like Mac OS X) AppleWebKit/605.1.15 (KHTML, like Gecko) Version/26.4 Mobile/15E148 Safari/604.1"
2001:b400:e282:dbbb:58d7:4c97:a3f3:c6a5 - - [25/Aug/2026:07:31:03 +0800] "GET /wp-content/uploads/sites/888/2025/11/114%E5%9C%8B%E6%A8%82%E5%84%AA%E8%89%AF.png HTTP/1.1" 200 2621059 "https://www.tkjh.ilc.edu.tw/" "Mozilla/5.0 (iPhone; CPU iPhone OS 18_7 like Mac OS X) AppleWebKit/605.1.15 (KHTML, like Gecko) Version/26.4 Mobile/15E148 Safari/604.1"
2001:288:a201::66:125 - - [25/Aug/2026:07:31:05 +0800] "GET /blog/active.php HTTP/1.1" 301 1026 "-" "-"
2001:288:a201::66:125 - - [25/Aug/2026:07:31:05 +0800] "GET /blog/active.php HTTP/1.1" 404 1084 "-" "-"
140.111.67.10 - - [25/Aug/2026:07:31:07 +0800] "GET /" 301 273 "-" "-"
2a03:2880:f802:47:: - - [25/Aug/2026:07:31:04 +0800] "GET /wp-login.php?key=6vtc1381&_wpnonce=&action=ilc_logout&redirect_to=https%3A%2F%2Fwww.aayyy.com HTTP/1.1" 302 8250 "-" "Mozilla/5.0 (Windows NT 10.0; Win64; x64) AppleWebKit/537.36 (KHTML, like Gecko) Chrome/145.0.0.0 Safari/537.36 (compatible; meta-externalagent/1.1 (+https://developers.facebook.com/docs/sharing/webmasters/crawler))"
140.111.67.195 - - [25/Aug/2026:07:31:07 +0800] "GET /wp-admin/admin-post.php?action=steps_ad HTTP/1.1" 200 6425 "-" "node-fetch/1.0 (+https://github.com/bitinn/node-fetch)"
2001:4860:7:810::ff - - [25/Aug/2026:07:31:07 +0800] "GET /26151/2025/07/04/%E6%95%99%E5%B8%AB%E5%8F%8A%E5%AD%B8%E7%94%9F%E5%8A%A9%E7%90%86%E4%BA%BA%E5%93%A1%E6%95%99%E8%82%B2%E9%83%A8%E7%B7%9A%E4%B8%8A%E7%A0%94%E7%BF%92%E8%B3%87%E8%A8%8A/ HTTP/1.1" 200 22731 "https://www.google.com/" "Mozilla/5.0 (Linux; Android 10; K) AppleWebKit/537.36 (KHTML, like Gecko) Chrome/151.0.0.0 Mobile Safari/537.36"
140.111.67.195 - - [25/Aug/2026:07:31:07 +0800] "GET /wp-admin/admin-post.php?action=steps_ad HTTP/1.1" 200 1649 "-" "node-fetch/1.0 (+https://github.com/bitinn/node-fetch)"
::1 - - [25/Aug/2026:07:31:09 +0800] "OPTIONS * HTTP/1.0" 200 110 "-" "Apache/2.4.68 (Ubuntu) OpenSSL/3.0.19 (internal dummy connection)"
2401:e180:8d6c:20d0:fc32:77a2:2f2a:fe08 - - [25/Aug/2026:07:31:09 +0800] "-" 408 339 "-" "-"
2401:e180:8d6c:20d0:fc32:77a2:2f2a:fe08 - - [25/Aug/2026:07:31:09 +0800] "-" 408 339 "-" "-"
2001:288:a201::66:125 - - [25/Aug/2026:07:31:10 +0800] "GET /blog/active.php HTTP/1.1" 301 1026 "-" "-"
2001:288:a201::66:125 - - [25/Aug/2026:07:31:10 +0800] "GET /blog/active.php HTTP/1.1" 404 1084 "-" "-"
140.111.67.10 - - [25/Aug/2026:07:31:12 +0800] "GET /" 301 273 "-" "-"
::1 - - [25/Aug/2026:07:31:12 +0800] "OPTIONS * HTTP/1.0" 200 110 "-" "Apache/2.4.68 (Ubuntu) OpenSSL/3.0.19 (internal dummy connection)"
::1 - - [25/Aug/2026:07:31:13 +0800] "OPTIONS * HTTP/1.0" 200 110 "-" "Apache/2.4.68 (Ubuntu) OpenSSL/3.0.19 (internal dummy connection)"
::1 - - [25/Aug/2026:07:31:14 +0800] "OPTIONS * HTTP/1.0" 200 110 "-" "Apache/2.4.68 (Ubuntu) OpenSSL/3.0.19 (internal dummy connection)"
2001:288:a201::66:125 - - [25/Aug/2026:07:31:15 +0800] "GET /blog/active.php HTTP/1.1" 404 1084 "-" "-"
2001:288:a201::66:125 - - [25/Aug/2026:07:31:15 +0800] "GET /blog/active.php HTTP/1.1" 301 1026 "-" "-"
140.111.67.195 - - [25/Aug/2026:07:31:16 +0800] "GET /wp-admin/admin-post.php?action=steps_ad HTTP/1.1" 200 1973 "-" "node-fetch/1.0 (+https://github.com/bitinn/node-fetch)"
140.111.67.10 - - [25/Aug/2026:07:31:17 +0800] "GET /" 301 273 "-" "-"
2001:288:a201::66:125 - - [25/Aug/2026:07:31:20 +0800] "GET /blog/active.php HTTP/1.1" 301 1026 "-" "-"
2001:288:a201::66:125 - - [25/Aug/2026:07:31:20 +0800] "GET /blog/active.php HTTP/1.1" 404 1084 "-" "-"
140.111.67.10 - - [25/Aug/2026:07:31:22 +0800] "GET /" 301 273 "-" "-"
120.101.192.120 - - [25/Aug/2026:07:31:25 +0800] "GET / HTTP/1.1" 200 23547 "-" "Mozilla/5.0 (Windows NT 10.0; Win64; x64) AppleWebKit/537.36 (KHTML, like Gecko) Chrome/151.0.0.0 Safari/537.36"
2001:288:a201::66:125 - - [25/Aug/2026:07:31:25 +0800] "GET /blog/active.php HTTP/1.1" 404 1084 "-" "-"
2001:288:a201::66:125 - - [25/Aug/2026:07:31:25 +0800] "GET /blog/active.php HTTP/1.1" 301 1026 "-" "-"
140.111.67.10 - - [25/Aug/2026:07:31:26 +0800] "GET /" 301 273 "-" "-"
2a03:2880:f802:9:: - - [25/Aug/2026:07:31:27 +0800] "GET /wp-login.php?key=i5c5s375&_wpnonce=&action=ilc_logout&redirect_to=https%3A%2F%2Fwww.aayyy.com HTTP/1.1" 302 8250 "-" "Mozilla/5.0 (X11; Linux x86_64) AppleWebKit/537.36 (KHTML, like Gecko) Chrome/145.0.0.0 Safari/537.36 (compatible; meta-externalagent/1.1 (+https://developers.facebook.com/docs/sharing/webmasters/crawler))"
2001:288:a201::66:125 - - [25/Aug/2026:07:31:30 +0800] "GET /blog/active.php HTTP/1.1" 404 1084 "-" "-"
2001:288:a201::66:125 - - [25/Aug/2026:07:31:30 +0800] "GET /blog/active.php HTTP/1.1" 301 1026 "-" "-"
140.111.67.10 - - [25/Aug/2026:07:31:31 +0800] "GET /" 301 273 "-" "-"
2001:288:a201::66:125 - - [25/Aug/2026:07:31:35 +0800] "GET /blog/active.php HTTP/1.1" 404 1084 "-" "-"
2001:288:a201::66:125 - - [25/Aug/2026:07:31:35 +0800] "GET /blog/active.php HTTP/1.1" 301 1026 "-" "-"
140.111.67.10 - - [25/Aug/2026:07:31:37 +0800] "GET /" 301 273 "-" "-"
2001:288:a201::66:125 - - [25/Aug/2026:07:31:40 +0800] "GET /blog/active.php HTTP/1.1" 404 1084 "-" "-"
2001:288:a201::66:125 - - [25/Aug/2026:07:31:40 +0800] "GET /blog/active.php HTTP/1.1" 301 1026 "-" "-"
140.111.67.10 - - [25/Aug/2026:07:31:41 +0800] "GET /" 301 273 "-" "-"
2a03:2880:16ff:70:: - - [25/Aug/2026:07:31:44 +0800] "GET /kses1113a/wp-content/themes/oceanwp/assets/js/vendors/flickity.pkgd.min.js HTTP/1.1" 200 19842 "https://2blog.ilc.edu.tw/kses1113a/2023/11/24/" "Mozilla/5.0 (Macintosh; Intel Mac OS X 10_15_7) AppleWebKit/537.36 (KHTML, like Gecko) Chrome/145.0.0.0 Safari/537.36 (compatible; meta-webindexer/1.1 (+https://developers.facebook.com/docs/sharing/webmasters/crawler))"
2001:288:a201::66:125 - - [25/Aug/2026:07:31:45 +0800] "GET /blog/active.php HTTP/1.1" 404 1084 "-" "-"
2001:288:a201::66:125 - - [25/Aug/2026:07:31:45 +0800] "GET /blog/active.php HTTP/1.1" 301 1026 "-" "-"
2a03:2880:f802:47:: - - [25/Aug/2026:07:31:44 +0800] "GET /wp-login.php?key=2t5ia374&_wpnonce=&action=ilc_logout&redirect_to=https%3A%2F%2Fgame.edu.kg HTTP/1.1" 302 8248 "-" "Mozilla/5.0 (Windows NT 10.0; Win64; x64) AppleWebKit/537.36 (KHTML, like Gecko) Chrome/145.0.0.0 Safari/537.36 (compatible; meta-externalagent/1.1 (+https://developers.facebook.com/docs/sharing/webmasters/crawler))"
140.111.67.10 - - [25/Aug/2026:07:31:46 +0800] "GET /" 301 273 "-" "-"
2001:288:a201::66:125 - - [25/Aug/2026:07:31:50 +0800] "GET /blog/active.php HTTP/1.1" 404 1084 "-" "-"
2001:288:a201::66:125 - - [25/Aug/2026:07:31:50 +0800] "GET /blog/active.php HTTP/1.1" 301 1026 "-" "-"
140.111.67.10 - - [25/Aug/2026:07:31:51 +0800] "GET /" 301 273 "-" "-"
2001:288:a201::66:125 - - [25/Aug/2026:07:31:55 +0800] "GET /blog/active.php HTTP/1.1" 301 1026 "-" "-"
2001:288:a201::66:125 - - [25/Aug/2026:07:31:55 +0800] "GET /blog/active.php HTTP/1.1" 404 1084 "-" "-"
140.111.67.10 - - [25/Aug/2026:07:31:56 +0800] "GET /" 301 273 "-" "-"
2001:288:a201::66:125 - - [25/Aug/2026:07:32:00 +0800] "GET /blog/active.php HTTP/1.1" 301 1026 "-" "-"
2001:288:a201::66:125 - - [25/Aug/2026:07:32:00 +0800] "GET /blog/active.php HTTP/1.1" 404 1084 "-" "-"
2001:288:a201::67:84 - - [25/Aug/2026:07:32:01 +0800] "GET / HTTP/1.1" 200 56291 "-" "curl/7.81.0"
2001:288:a201::67:81 - - [25/Aug/2026:07:32:01 +0800] "GET / HTTP/1.1" 200 56291 "-" "curl/7.81.0"
140.111.67.10 - - [25/Aug/2026:07:32:02 +0800] "GET /" 301 273 "-" "-"
2a03:2880:f802:c:: - - [25/Aug/2026:07:31:59 +0800] "GET /wp-login.php?key=s59t3375&_wpnonce=&action=ilc_logout&redirect_to=https%3A%2F%2Fplay.google.com%2Fstore%2Fapps%2Fdetails%3Fid%3Dcom.us.dyjycbt.google HTTP/1.1" 302 8296 "-" "Mozilla/5.0 (Windows NT 10.0; Win64; x64) AppleWebKit/537.36 (KHTML, like Gecko) Chrome/145.0.0.0 Safari/537.36 (compatible; meta-externalagent/1.1 (+https://developers.facebook.com/docs/sharing/webmasters/crawler))"
2401:e180:8d6c:20d0:fc32:77a2:2f2a:fe08 - - [25/Aug/2026:07:32:02 +0800] "-" 408 4791 "-" "-"
2401:e180:8d6c:20d0:fc32:77a2:2f2a:fe08 - - [25/Aug/2026:07:32:02 +0800] "-" 408 4791 "-" "-"
2401:e180:8d6c:20d0:fc32:77a2:2f2a:fe08 - - [25/Aug/2026:07:32:02 +0800] "-" 408 339 "-" "-"
2001:b011:7802:1dd9:48f0:fe82:c436:ea04 - - [25/Aug/2026:07:32:03 +0800] "POST /wp-json/ilc-summary/v1/popular-posts HTTP/1.1" 201 6198 "https://www.tkjh.ilc.edu.tw/2010/12/13/%e8%99%95%e5%ae%a4%e9%9b%bb%e8%a9%b1/" "Mozilla/5.0 (iPhone; CPU iPhone OS 18_7 like Mac OS X) AppleWebKit/605.1.15 (KHTML, like Gecko) Version/26.6 Mobile/15E148 Safari/604.1"
2001:288:a201::66:125 - - [25/Aug/2026:07:32:05 +0800] "GET /blog/active.php HTTP/1.1" 301 1026 "-" "-"
2001:288:a201::66:125 - - [25/Aug/2026:07:32:05 +0800] "GET /blog/active.php HTTP/1.1" 404 1084 "-" "-"
140.111.67.10 - - [25/Aug/2026:07:32:07 +0800] "GET /" 301 273 "-" "-"
2001:288:a201::66:125 - - [25/Aug/2026:07:32:10 +0800] "GET /blog/active.php HTTP/1.1" 301 1026 "-" "-"
2001:288:a201::66:125 - - [25/Aug/2026:07:32:10 +0800] "GET /blog/active.php HTTP/1.1" 404 1084 "-" "-"
140.111.67.10 - - [25/Aug/2026:07:32:12 +0800] "GET /" 301 273 "-" "-"
2001:b400:e2f0:6fd6:294b:81d6:c734:22d9 - - [25/Aug/2026:07:32:14 +0800] "POST /wp-json/wp-statistics/v2/hit HTTP/1.1" 200 6012 "https://www.gjes.ilc.edu.tw/" "Mozilla/5.0 (iPhone; CPU iPhone OS 26_6_0 like Mac OS X) AppleWebKit/605.1.15 (KHTML, like Gecko) CriOS/151.0.7922.112 Mobile/15E148 Safari/604.1"
2001:288:a201::66:125 - - [25/Aug/2026:07:32:15 +0800] "GET /blog/active.php HTTP/1.1" 404 1084 "-" "-"
2001:288:a201::66:125 - - [25/Aug/2026:07:32:15 +0800] "GET /blog/active.php HTTP/1.1" 301 1026 "-" "-"
140.111.67.10 - - [25/Aug/2026:07:32:17 +0800] "GET /" 301 273 "-" "-"
2001:288:a201::66:125 - - [25/Aug/2026:07:32:20 +0800] "GET /blog/active.php HTTP/1.1" 404 1084 "-" "-"
2001:288:a201::66:125 - - [25/Aug/2026:07:32:20 +0800] "GET /blog/active.php HTTP/1.1" 301 1026 "-" "-"
140.111.67.10 - - [25/Aug/2026:07:32:22 +0800] "GET /" 301 273 "-" "-"
2a03:2880:f802:1e:: - - [25/Aug/2026:07:32:21 +0800] "GET /wp-login.php?key=hhh4j375&_wpnonce=&action=ilc_logout&redirect_to=https%3A%2F%2Fgame.edu.kg HTTP/1.1" 302 8248 "-" "Mozilla/5.0 (Windows NT 10.0; Win64; x64) AppleWebKit/537.36 (KHTML, like Gecko) Chrome/145.0.0.0 Safari/537.36 (compatible; meta-externalagent/1.1 (+https://developers.facebook.com/docs/sharing/webmasters/crawler))"
2001:288:a201::66:125 - - [25/Aug/2026:07:32:25 +0800] "GET /blog/active.php HTTP/1.1" 404 1084 "-" "-"
2001:288:a201::66:125 - - [25/Aug/2026:07:32:25 +0800] "GET /blog/active.php HTTP/1.1" 301 1026 "-" "-"
140.111.67.10 - - [25/Aug/2026:07:32:27 +0800] "GET /" 301 273 "-" "-"
2001:288:a201::66:125 - - [25/Aug/2026:07:32:30 +0800] "GET /blog/active.php HTTP/1.1" 404 1084 "-" "-"
2001:288:a201::66:125 - - [25/Aug/2026:07:32:30 +0800] "GET /blog/active.php HTTP/1.1" 301 1026 "-" "-"
140.111.67.10 - - [25/Aug/2026:07:32:31 +0800] "GET /" 301 273 "-" "-"
2001:288:a201::66:125 - - [25/Aug/2026:07:32:35 +0800] "GET /blog/active.php HTTP/1.1" 404 1084 "-" "-"
2001:288:a201::66:125 - - [25/Aug/2026:07:32:35 +0800] "GET /blog/active.php HTTP/1.1" 301 1026 "-" "-"
140.111.67.10 - - [25/Aug/2026:07:32:36 +0800] "GET /" 301 273 "-" "-"
2001:288:a201::66:125 - - [25/Aug/2026:07:32:40 +0800] "GET /blog/active.php HTTP/1.1" 404 1084 "-" "-"
2001:288:a201::66:125 - - [25/Aug/2026:07:32:40 +0800] "GET /blog/active.php HTTP/1.1" 301 1026 "-" "-"
140.111.67.10 - - [25/Aug/2026:07:32:41 +0800] "GET /" 301 273 "-" "-"
2a03:2880:f810:6b:: - - [25/Aug/2026:07:32:42 +0800] "GET / HTTP/1.1" 200 15208 "-" "facebookexternalhit/1.1 (+http://www.facebook.com/externalhit_uatext.php)"
2408:8719:64:203:33:: - - [25/Aug/2026:07:32:39 +0800] "GET /26150/2023/07 HTTP/1.1" 301 5764 "-" "Mozilla/5.0 (Windows NT 10.0; Win64; x64) AppleWebKit/537.36 (KHTML, like Gecko) Chrome/144.0.0.0 Safari/537.36"
2a03:2880:f802:14:: - - [25/Aug/2026:07:32:44 +0800] "GET /6571/2013/11/30/3-2-%e8%90%bd%e5%af%a6%e5%9f%b7%e8%a1%8c%e8%b3%87%e6%ba%90%e5%9b%9e%e6%94%b6%e3%80%81%e5%9e%83%e5%9c%be%e6%b8%9b%e9%87%8f%e6%83%85%e5%bd%a2%e3%80%82/ HTTP/1.1" 200 31392 "-" "Mozilla/5.0 (Windows NT 10.0; Win64; x64) AppleWebKit/537.36 (KHTML, like Gecko) Chrome/145.0.0.0 Safari/537.36 (compatible; meta-webindexer/1.1 (+https://developers.facebook.com/docs/sharing/webmasters/crawler))"
2001:288:a201::67:81 - - [25/Aug/2026:07:32:42 +0800] "POST /26150/2023/07?fsm_edd_37394=40ed39632a6e60f21bf8878d05e4d8ff HTTP/1.1" 200 13008 "-" "WordPress/6.6.7; https://2blog.ilc.edu.tw/26150"
2001:288:a201::66:125 - - [25/Aug/2026:07:32:45 +0800] "GET /blog/active.php HTTP/1.1" 301 1026 "-" "-"
2001:288:a201::66:125 - - [25/Aug/2026:07:32:45 +0800] "GET /blog/active.php HTTP/1.1" 404 1084 "-" "-"
140.111.67.10 - - [25/Aug/2026:07:32:46 +0800] "GET /" 301 273 "-" "-"
2408:8719:64:203:33:: - - [25/Aug/2026:07:32:44 +0800] "GET /26150/2023/07/ HTTP/1.1" 200 18921 "-" "Mozilla/5.0 (Windows NT 10.0; Win64; x64) AppleWebKit/537.36 (KHTML, like Gecko) Chrome/144.0.0.0 Safari/537.36"
2001:4860:7:b10::f8 - - [25/Aug/2026:07:32:47 +0800] "GET /2226/archives/3021 HTTP/1.1" 200 17321 "https://www.google.com/" "Mozilla/5.0 (Linux; Android 10; K) AppleWebKit/537.36 (KHTML, like Gecko) Chrome/151.0.0.0 Mobile Safari/537.36"
2408:8719:64:203:33:: - - [25/Aug/2026:07:32:47 +0800] "GET /26150/wp-content/cache/2blog.ilc.edu.tw/wpfc-minified/1r2kskm2/5wols.css HTTP/1.1" 200 40888 "https://2blog.ilc.edu.tw/26150/2023/07/" "Mozilla/5.0 (Windows NT 10.0; Win64; x64) AppleWebKit/537.36 (KHTML, like Gecko) Chrome/144.0.0.0 Safari/537.36"
2408:8719:64:203:33:: - - [25/Aug/2026:07:32:48 +0800] "GET /26150/wp-content/uploads/sites/67/elementor/css/post-2148.css HTTP/1.1" 200 1519 "https://2blog.ilc.edu.tw/26150/2023/07/" "Mozilla/5.0 (Windows NT 10.0; Win64; x64) AppleWebKit/537.36 (KHTML, like Gecko) Chrome/144.0.0.0 Safari/537.36"
2408:8719:64:203:33:: - - [25/Aug/2026:07:32:48 +0800] "GET /26150/wp-includes/js/hoverintent-js.min.js HTTP/1.1" 200 1597 "https://2blog.ilc.edu.tw/26150/2023/07/" "Mozilla/5.0 (Windows NT 10.0; Win64; x64) AppleWebKit/537.36 (KHTML, like Gecko) Chrome/144.0.0.0 Safari/537.36"
2a03:2880:f806:7:: - - [25/Aug/2026:07:32:45 +0800] "GET / HTTP/1.1" 200 28415 "-" "facebookexternalhit/1.1 (+http://www.facebook.com/externalhit_uatext.php)"
2409:8720:2000:1::111 - - [25/Aug/2026:07:32:48 +0800] "GET /3753/2018/09 HTTP/1.1" 301 5737 "-" "Mozilla/5.0 (Windows NT 10.0; Win64; x64) AppleWebKit/537.36 (KHTML, like Gecko) Chrome/144.0.0.0 Safari/537.36"
2408:8719:64:203:33:: - - [25/Aug/2026:07:32:49 +0800] "GET /26150/wp-includes/js/imagesloaded.min.js HTTP/1.1" 200 2683 "https://2blog.ilc.edu.tw/26150/2023/07/" "Mozilla/5.0 (Windows NT 10.0; Win64; x64) AppleWebKit/537.36 (KHTML, like Gecko) Chrome/144.0.0.0 Safari/537.36"
240e:910:e000:811::11bd - - [25/Aug/2026:07:32:49 +0800] "GET /6418/2010/10/page/3 HTTP/1.1" 301 5770 "-" "Mozilla/5.0 (Windows NT 10.0; Win64; x64) AppleWebKit/537.36 (KHTML, like Gecko) Chrome/144.0.0.0 Safari/537.36"
2408:8719:64:203:33:: - - [25/Aug/2026:07:32:49 +0800] "GET /26150/wp-content/themes/oceanwp/assets/fonts/fontawesome/webfonts/fa-solid-900.woff2 HTTP/1.1" 200 151246 "https://2blog.ilc.edu.tw/26150/wp-content/cache/2blog.ilc.edu.tw/wpfc-minified/kc6fgvop/5wols.css" "Mozilla/5.0 (Windows NT 10.0; Win64; x64) AppleWebKit/537.36 (KHTML, like Gecko) Chrome/144.0.0.0 Safari/537.36"
2409:8720:2000:1::111 - - [25/Aug/2026:07:32:49 +0800] "GET /3753/2018/09/ HTTP/1.1" 200 24746 "-" "Mozilla/5.0 (Windows NT 10.0; Win64; x64) AppleWebKit/537.36 (KHTML, like Gecko) Chrome/144.0.0.0 Safari/537.36"
2409:8720:2000:1::111 - - [25/Aug/2026:07:32:49 +0800] "GET /3753/wp-content/cache/2blog.ilc.edu.tw/wpfc-minified/9j359wwg/7ta0p.css HTTP/1.1" 200 40886 "https://2blog.ilc.edu.tw/3753/2018/09/" "Mozilla/5.0 (Windows NT 10.0; Win64; x64) AppleWebKit/537.36 (KHTML, like Gecko) Chrome/144.0.0.0 Safari/537.36"
2408:8719:64:203:33:: - - [25/Aug/2026:07:32:50 +0800] "GET /26150/wp-content/plugins/elementor/assets/js/frontend-modules.min.js HTTP/1.1" 200 19416 "https://2blog.ilc.edu.tw/26150/2023/07/" "Mozilla/5.0 (Windows NT 10.0; Win64; x64) AppleWebKit/537.36 (KHTML, like Gecko) Chrome/144.0.0.0 Safari/537.36"
240e:910:e000:811::11bd - - [25/Aug/2026:07:32:49 +0800] "GET /6418/2010/10/page/3/ HTTP/1.1" 200 11604 "-" "Mozilla/5.0 (Windows NT 10.0; Win64; x64) AppleWebKit/537.36 (KHTML, like Gecko) Chrome/144.0.0.0 Safari/537.36"
2409:8754:8450:10:193::170 - - [25/Aug/2026:07:32:50 +0800] "GET /read1/wp-content/cache/2blog.ilc.edu.tw/wpfc-minified/8m1eu12w/5wzn7.css HTTP/1.1" 200 22430 "https://2blog.ilc.edu.tw/read1/2023/09/18/%e4%b9%9d%e6%9c%88%e8%ae%80%e5%a0%b1%e6%9c%89%e7%8d%8e%e5%be%b5%e7%ad%94-%e9%ab%98%e5%b9%b4%e7%b4%9a/" "Mozilla/5.0 (Windows NT 10.0; Win64; x64) AppleWebKit/537.36 (KHTML, like Gecko) Chrome/144.0.0.0 Safari/537.36"
2409:8754:8450:10:193::170 - - [25/Aug/2026:07:32:50 +0800] "GET /read1/wp-content/cache/2blog.ilc.edu.tw/wpfc-minified/die9nbdq/5wzn7.css HTTP/1.1" 200 16345 "https://2blog.ilc.edu.tw/read1/2023/09/18/%e4%b9%9d%e6%9c%88%e8%ae%80%e5%a0%b1%e6%9c%89%e7%8d%8e%e5%be%b5%e7%ad%94-%e9%ab%98%e5%b9%b4%e7%b4%9a/" "Mozilla/5.0 (Windows NT 10.0; Win64; x64) AppleWebKit/537.36 (KHTML, like Gecko) Chrome/144.0.0.0 Safari/537.36"
2409:8754:8450:10:193::170 - - [25/Aug/2026:07:32:50 +0800] "GET /read1/wp-content/cache/2blog.ilc.edu.tw/wpfc-minified/10l15not/5wzn7.js HTTP/1.1" 200 40354 "https://2blog.ilc.edu.tw/read1/2023/09/18/%e4%b9%9d%e6%9c%88%e8%ae%80%e5%a0%b1%e6%9c%89%e7%8d%8e%e5%be%b5%e7%ad%94-%e9%ab%98%e5%b9%b4%e7%b4%9a/" "Mozilla/5.0 (Windows NT 10.0; Win64; x64) AppleWebKit/537.36 (KHTML, like Gecko) Chrome/144.0.0.0 Safari/537.36"
2409:8754:8450:10:193::170 - - [25/Aug/2026:07:32:50 +0800] "GET /read1/wp-content/cache/2blog.ilc.edu.tw/wpfc-minified/d61e1rag/5wzn7.js HTTP/1.1" 200 6435 "https://2blog.ilc.edu.tw/read1/2023/09/18/%e4%b9%9d%e6%9c%88%e8%ae%80%e5%a0%b1%e6%9c%89%e7%8d%8e%e5%be%b5%e7%ad%94-%e9%ab%98%e5%b9%b4%e7%b4%9a/" "Mozilla/5.0 (Windows NT 10.0; Win64; x64) AppleWebKit/537.36 (KHTML, like Gecko) Chrome/144.0.0.0 Safari/537.36"
2409:8754:8450:10:193::170 - - [25/Aug/2026:07:32:50 +0800] "GET /read1/wp-includes/js/hoverintent-js.min.js HTTP/1.1" 200 6391 "https://2blog.ilc.edu.tw/read1/2023/09/18/%e4%b9%9d%e6%9c%88%e8%ae%80%e5%a0%b1%e6%9c%89%e7%8d%8e%e5%be%b5%e7%ad%94-%e9%ab%98%e5%b9%b4%e7%b4%9a/" "Mozilla/5.0 (Windows NT 10.0; Win64; x64) AppleWebKit/537.36 (KHTML, like Gecko) Chrome/144.0.0.0 Safari/537.36"
2409:8720:2000:1::111 - - [25/Aug/2026:07:32:50 +0800] "GET /3753/wp-content/cache/2blog.ilc.edu.tw/wpfc-minified/femsby88/7ta0p.css HTTP/1.1" 200 16121 "https://2blog.ilc.edu.tw/3753/2018/09/" "Mozilla/5.0 (Windows NT 10.0; Win64; x64) AppleWebKit/537.36 (KHTML, like Gecko) Chrome/144.0.0.0 Safari/537.36"
2408:8719:64:203:33:: - - [25/Aug/2026:07:32:50 +0800] "GET /26150/wp-content/plugins/elementor/assets/js/frontend.min.js HTTP/1.1" 200 13169 "https://2blog.ilc.edu.tw/26150/2023/07/" "Mozilla/5.0 (Windows NT 10.0; Win64; x64) AppleWebKit/537.36 (KHTML, like Gecko) Chrome/144.0.0.0 Safari/537.36"
2409:8720:2000:1::111 - - [25/Aug/2026:07:32:50 +0800] "GET /3753/wp-content/cache/2blog.ilc.edu.tw/wpfc-minified/d2hdzb3m/7ta0p.css HTTP/1.1" 200 1157 "https://2blog.ilc.edu.tw/3753/2018/09/" "Mozilla/5.0 (Windows NT 10.0; Win64; x64) AppleWebKit/537.36 (KHTML, like Gecko) Chrome/144.0.0.0 Safari/537.36"
2409:8720:2000:1::111 - - [25/Aug/2026:07:32:50 +0800] "GET /3753/wp-content/cache/2blog.ilc.edu.tw/wpfc-minified/jr1hpszz/7ta0p.css HTTP/1.1" 200 23112 "https://2blog.ilc.edu.tw/3753/2018/09/" "Mozilla/5.0 (Windows NT 10.0; Win64; x64) AppleWebKit/537.36 (KHTML, like Gecko) Chrome/144.0.0.0 Safari/537.36"
2409:8720:2000:1::111 - - [25/Aug/2026:07:32:50 +0800] "GET /3753/wp-content/cache/2blog.ilc.edu.tw/wpfc-minified/lz4uoq0r/7ta0p.js HTTP/1.1" 200 35562 "https://2blog.ilc.edu.tw/3753/2018/09/" "Mozilla/5.0 (Windows NT 10.0; Win64; x64) AppleWebKit/537.36 (KHTML, like Gecko) Chrome/144.0.0.0 Safari/537.36"
2409:8754:8450:10:193::170 - - [25/Aug/2026:07:32:50 +0800] "GET /read1/wp-content/themes/dara/assets/js/navigation.js HTTP/1.1" 200 1988 "https://2blog.ilc.edu.tw/read1/2023/09/18/%e4%b9%9d%e6%9c%88%e8%ae%80%e5%a0%b1%e6%9c%89%e7%8d%8e%e5%be%b5%e7%ad%94-%e9%ab%98%e5%b9%b4%e7%b4%9a/" "Mozilla/5.0 (Windows NT 10.0; Win64; x64) AppleWebKit/537.36 (KHTML, like Gecko) Chrome/144.0.0.0 Safari/537.36"
240e:910:e000:811::11bd - - [25/Aug/2026:07:32:50 +0800] "GET /6418/wp-content/cache/2blog.ilc.edu.tw/wpfc-minified/qu4ju7rk/5wt6s.css HTTP/1.1" 200 40886 "https://2blog.ilc.edu.tw/6418/2010/10/page/3/" "Mozilla/5.0 (Windows NT 10.0; Win64; x64) AppleWebKit/537.36 (KHTML, like Gecko) Chrome/144.0.0.0 Safari/537.36"
2409:8754:8450:10:193::170 - - [25/Aug/2026:07:32:50 +0800] "GET /read1/wp-content/themes/dara/assets/js/skip-link-focus-fix.js HTTP/1.1" 200 1295 "https://2blog.ilc.edu.tw/read1/2023/09/18/%e4%b9%9d%e6%9c%88%e8%ae%80%e5%a0%b1%e6%9c%89%e7%8d%8e%e5%be%b5%e7%ad%94-%e9%ab%98%e5%b9%b4%e7%b4%9a/" "Mozilla/5.0 (Windows NT 10.0; Win64; x64) AppleWebKit/537.36 (KHTML, like Gecko) Chrome/144.0.0.0 Safari/537.36"
2409:8720:2000:1::111 - - [25/Aug/2026:07:32:50 +0800] "GET /3753/wp-includes/js/hoverintent-js.min.js HTTP/1.1" 200 1597 "https://2blog.ilc.edu.tw/3753/2018/09/" "Mozilla/5.0 (Windows NT 10.0; Win64; x64) AppleWebKit/537.36 (KHTML, like Gecko) Chrome/144.0.0.0 Safari/537.36"
2409:8720:2000:1::111 - - [25/Aug/2026:07:32:50 +0800] "GET /3753/wp-includes/js/admin-bar.min.js HTTP/1.1" 200 2237 "https://2blog.ilc.edu.tw/3753/2018/09/" "Mozilla/5.0 (Windows NT 10.0; Win64; x64) AppleWebKit/537.36 (KHTML, like Gecko) Chrome/144.0.0.0 Safari/537.36"
2409:8720:2000:1::111 - - [25/Aug/2026:07:32:51 +0800] "GET /3753/wp-content/themes/twentyseventeen/assets/js/skip-link-focus-fix.js HTTP/1.1" 200 1295 "https://2blog.ilc.edu.tw/3753/2018/09/" "Mozilla/5.0 (Windows NT 10.0; Win64; x64) AppleWebKit/537.36 (KHTML, like Gecko) Chrome/144.0.0.0 Safari/537.36"
2409:8720:2000:1::111 - - [25/Aug/2026:07:32:51 +0800] "GET /3753/wp-content/themes/twentyseventeen/assets/js/global.js HTTP/1.1" 200 3495 "https://2blog.ilc.edu.tw/3753/2018/09/" "Mozilla/5.0 (Windows NT 10.0; Win64; x64) AppleWebKit/537.36 (KHTML, like Gecko) Chrome/144.0.0.0 Safari/537.36"
2409:8720:2000:1::111 - - [25/Aug/2026:07:32:51 +0800] "GET /3753/wp-content/themes/twentyseventeen/assets/js/jquery.scrollTo.js HTTP/1.1" 200 3289 "https://2blog.ilc.edu.tw/3753/2018/09/" "Mozilla/5.0 (Windows NT 10.0; Win64; x64) AppleWebKit/537.36 (KHTML, like Gecko) Chrome/144.0.0.0 Safari/537.36"
240e:910:e000:811::11bd - - [25/Aug/2026:07:32:51 +0800] "GET /6418/wp-content/cache/2blog.ilc.edu.tw/wpfc-minified/9lfni0s3/5wt6s.css HTTP/1.1" 200 15782 "https://2blog.ilc.edu.tw/6418/2010/10/page/3/" "Mozilla/5.0 (Windows NT 10.0; Win64; x64) AppleWebKit/537.36 (KHTML, like Gecko) Chrome/144.0.0.0 Safari/537.36"
240e:910:e000:811::11bd - - [25/Aug/2026:07:32:51 +0800] "GET /6418/wp-content/cache/2blog.ilc.edu.tw/wpfc-minified/2q7b0774/5wt6s.css HTTP/1.1" 200 1157 "https://2blog.ilc.edu.tw/6418/2010/10/page/3/" "Mozilla/5.0 (Windows NT 10.0; Win64; x64) AppleWebKit/537.36 (KHTML, like Gecko) Chrome/144.0.0.0 Safari/537.36"
240e:910:e000:811::11bd - - [25/Aug/2026:07:32:51 +0800] "GET /6418/wp-content/cache/2blog.ilc.edu.tw/wpfc-minified/9hrq8ege/5wt6s.css HTTP/1.1" 200 53636 "https://2blog.ilc.edu.tw/6418/2010/10/page/3/" "Mozilla/5.0 (Windows NT 10.0; Win64; x64) AppleWebKit/537.36 (KHTML, like Gecko) Chrome/144.0.0.0 Safari/537.36"
2001:288:a201::66:125 - - [25/Aug/2026:07:32:52 +0800] "GET /blog/active.php HTTP/1.1" 404 1084 "-" "-"
2001:288:a201::66:125 - - [25/Aug/2026:07:32:52 +0800] "GET /blog/active.php HTTP/1.1" 301 1026 "-" "-"
240e:910:e000:811::11bd - - [25/Aug/2026:07:32:52 +0800] "GET /6418/wp-content/cache/2blog.ilc.edu.tw/wpfc-minified/kayc8t4v/5wt6s.js HTTP/1.1" 200 35563 "https://2blog.ilc.edu.tw/6418/2010/10/page/3/" "Mozilla/5.0 (Windows NT 10.0; Win64; x64) AppleWebKit/537.36 (KHTML, like Gecko) Chrome/144.0.0.0 Safari/537.36"
240e:910:e000:811::11bd - - [25/Aug/2026:07:32:52 +0800] "GET /6418/wp-includes/js/hoverintent-js.min.js HTTP/1.1" 200 1936 "https://2blog.ilc.edu.tw/6418/2010/10/page/3/" "Mozilla/5.0 (Windows NT 10.0; Win64; x64) AppleWebKit/537.36 (KHTML, like Gecko) Chrome/144.0.0.0 Safari/537.36"
240e:910:e000:811::11bd - - [25/Aug/2026:07:32:52 +0800] "GET /6418/wp-includes/js/admin-bar.min.js HTTP/1.1" 200 2576 "https://2blog.ilc.edu.tw/6418/2010/10/page/3/" "Mozilla/5.0 (Windows NT 10.0; Win64; x64) AppleWebKit/537.36 (KHTML, like Gecko) Chrome/144.0.0.0 Safari/537.36"
240e:910:e000:811::11bd - - [25/Aug/2026:07:32:52 +0800] "GET /6418/wp-includes/js/imagesloaded.min.js HTTP/1.1" 200 7477 "https://2blog.ilc.edu.tw/6418/2010/10/page/3/" "Mozilla/5.0 (Windows NT 10.0; Win64; x64) AppleWebKit/537.36 (KHTML, like Gecko) Chrome/144.0.0.0 Safari/537.36"
240e:910:e000:811::11bd - - [25/Aug/2026:07:32:52 +0800] "GET /6418/wp-content/themes/oceanwp/assets/js/theme.min.js HTTP/1.1" 200 5130 "https://2blog.ilc.edu.tw/6418/2010/10/page/3/" "Mozilla/5.0 (Windows NT 10.0; Win64; x64) AppleWebKit/537.36 (KHTML, like Gecko) Chrome/144.0.0.0 Safari/537.36"
240e:910:e000:811::11bd - - [25/Aug/2026:07:32:52 +0800] "GET /6418/wp-content/themes/oceanwp/assets/js/drop-down-mobile-menu.min.js HTTP/1.1" 200 4663 "https://2blog.ilc.edu.tw/6418/2010/10/page/3/" "Mozilla/5.0 (Windows NT 10.0; Win64; x64) AppleWebKit/537.36 (KHTML, like Gecko) Chrome/144.0.0.0 Safari/537.36"
240e:910:e000:811::11bd - - [25/Aug/2026:07:32:52 +0800] "GET /6418/wp-content/themes/oceanwp/assets/js/drop-down-search.min.js HTTP/1.1" 200 2968 "https://2blog.ilc.edu.tw/6418/2010/10/page/3/" "Mozilla/5.0 (Windows NT 10.0; Win64; x64) AppleWebKit/537.36 (KHTML, like Gecko) Chrome/144.0.0.0 Safari/537.36"
240e:910:e000:811::11bd - - [25/Aug/2026:07:32:52 +0800] "GET /6418/wp-content/themes/oceanwp/assets/js/ow-lightbox.min.js HTTP/1.1" 200 2321 "https://2blog.ilc.edu.tw/6418/2010/10/page/3/" "Mozilla/5.0 (Windows NT 10.0; Win64; x64) AppleWebKit/537.36 (KHTML, like Gecko) Chrome/144.0.0.0 Safari/537.36"
240e:910:e000:811::11bd - - [25/Aug/2026:07:32:52 +0800] "GET /6418/wp-content/themes/oceanwp/assets/js/vendors/magnific-popup.min.js HTTP/1.1" 200 8270 "https://2blog.ilc.edu.tw/6418/2010/10/page/3/" "Mozilla/5.0 (Windows NT 10.0; Win64; x64) AppleWebKit/537.36 (KHTML, like Gecko) Chrome/144.0.0.0 Safari/537.36"
240e:910:e000:811::11bd - - [25/Aug/2026:07:32:53 +0800] "GET /6418/wp-content/themes/oceanwp/assets/js/vendors/flickity.pkgd.min.js HTTP/1.1" 200 15048 "https://2blog.ilc.edu.tw/6418/2010/10/page/3/" "Mozilla/5.0 (Windows NT 10.0; Win64; x64) AppleWebKit/537.36 (KHTML, like Gecko) Chrome/144.0.0.0 Safari/537.36"
140.111.67.10 - - [25/Aug/2026:07:32:53 +0800] "GET /" 301 273 "-" "-"
240e:910:e000:811::11bd - - [25/Aug/2026:07:32:53 +0800] "GET /6418/wp-content/themes/oceanwp/assets/fonts/simple-line-icons/Simple-Line-Icons.woff2?v=2.4.0 HTTP/1.1" 200 30959 "https://2blog.ilc.edu.tw/6418/wp-content/cache/2blog.ilc.edu.tw/wpfc-minified/9hrq8ege/5wt6s.css" "Mozilla/5.0 (Windows NT 10.0; Win64; x64) AppleWebKit/537.36 (KHTML, like Gecko) Chrome/144.0.0.0 Safari/537.36"
240e:910:e000:811::11bd - - [25/Aug/2026:07:32:53 +0800] "GET /6418/wp-content/themes/oceanwp/assets/js/ow-slider.min.js HTTP/1.1" 200 1761 "https://2blog.ilc.edu.tw/6418/2010/10/page/3/" "Mozilla/5.0 (Windows NT 10.0; Win64; x64) AppleWebKit/537.36 (KHTML, like Gecko) Chrome/144.0.0.0 Safari/537.36"
2409:8754:8450:10:193::170 - - [25/Aug/2026:07:32:53 +0800] "POST /read1/wp-json/ilc-summary/v1/popular-posts HTTP/1.1" 201 1272 "https://2blog.ilc.edu.tw/read1/2023/09/18/%e4%b9%9d%e6%9c%88%e8%ae%80%e5%a0%b1%e6%9c%89%e7%8d%8e%e5%be%b5%e7%ad%94-%e9%ab%98%e5%b9%b4%e7%b4%9a/" "Mozilla/5.0 (Windows NT 10.0; Win64; x64) AppleWebKit/537.36 (KHTML, like Gecko) Chrome/144.0.0.0 Safari/537.36"
2409:8754:8450:10:193::170 - - [25/Aug/2026:07:32:53 +0800] "GET /favicon.ico HTTP/1.1" 302 901 "https://2blog.ilc.edu.tw/read1/2023/09/18/%e4%b9%9d%e6%9c%88%e8%ae%80%e5%a0%b1%e6%9c%89%e7%8d%8e%e5%be%b5%e7%ad%94-%e9%ab%98%e5%b9%b4%e7%b4%9a/" "Mozilla/5.0 (Windows NT 10.0; Win64; x64) AppleWebKit/537.36 (KHTML, like Gecko) Chrome/144.0.0.0 Safari/537.36"
240e:910:e000:811::11bd - - [25/Aug/2026:07:32:53 +0800] "GET /6418/wp-content/themes/oceanwp/assets/js/scroll-effect.min.js HTTP/1.1" 200 8921 "https://2blog.ilc.edu.tw/6418/2010/10/page/3/" "Mozilla/5.0 (Windows NT 10.0; Win64; x64) AppleWebKit/537.36 (KHTML, like Gecko) Chrome/144.0.0.0 Safari/537.36"
240e:910:e000:811::11bd - - [25/Aug/2026:07:32:53 +0800] "GET /6418/wp-content/themes/oceanwp/assets/js/scroll-top.min.js HTTP/1.1" 200 7996 "https://2blog.ilc.edu.tw/6418/2010/10/page/3/" "Mozilla/5.0 (Windows NT 10.0; Win64; x64) AppleWebKit/537.36 (KHTML, like Gecko) Chrome/144.0.0.0 Safari/537.36"
240e:910:e000:811::11bd - - [25/Aug/2026:07:32:53 +0800] "GET /6418/wp-content/themes/oceanwp/assets/js/select.min.js HTTP/1.1" 200 2408 "https://2blog.ilc.edu.tw/6418/2010/10/page/3/" "Mozilla/5.0 (Windows NT 10.0; Win64; x64) AppleWebKit/537.36 (KHTML, like Gecko) Chrome/144.0.0.0 Safari/537.36"
2409:8754:8450:10:193::170 - - [25/Aug/2026:07:32:53 +0800] "GET /wp-includes/images/w-logo-blue-white-bg.png HTTP/1.1" 200 4946 "https://2blog.ilc.edu.tw/read1/2023/09/18/%e4%b9%9d%e6%9c%88%e8%ae%80%e5%a0%b1%e6%9c%89%e7%8d%8e%e5%be%b5%e7%ad%94-%e9%ab%98%e5%b9%b4%e7%b4%9a/" "Mozilla/5.0 (Windows NT 10.0; Win64; x64) AppleWebKit/537.36 (KHTML, like Gecko) Chrome/144.0.0.0 Safari/537.36"
240e:910:e000:811::11bd - - [25/Aug/2026:07:32:53 +0800] "GET /6418/wp-content/themes/oceanwp/assets/fonts/fontawesome/webfonts/fa-solid-900.woff2 HTTP/1.1" 200 151246 "https://2blog.ilc.edu.tw/6418/wp-content/cache/2blog.ilc.edu.tw/wpfc-minified/9hrq8ege/5wt6s.css" "Mozilla/5.0 (Windows NT 10.0; Win64; x64) AppleWebKit/537.36 (KHTML, like Gecko) Chrome/144.0.0.0 Safari/537.36"
2409:8720:2000:1::111 - - [25/Aug/2026:07:32:53 +0800] "GET /favicon.ico HTTP/1.1" 302 901 "https://2blog.ilc.edu.tw/3753/2018/09/" "Mozilla/5.0 (Windows NT 10.0; Win64; x64) AppleWebKit/537.36 (KHTML, like Gecko) Chrome/144.0.0.0 Safari/537.36"
2409:8720:2000:1::111 - - [25/Aug/2026:07:32:54 +0800] "GET /wp-includes/images/w-logo-blue-white-bg.png HTTP/1.1" 200 4946 "https://2blog.ilc.edu.tw/3753/2018/09/" "Mozilla/5.0 (Windows NT 10.0; Win64; x64) AppleWebKit/537.36 (KHTML, like Gecko) Chrome/144.0.0.0 Safari/537.36"
240e:910:e000:811::11bd - - [25/Aug/2026:07:32:54 +0800] "GET /favicon.ico HTTP/1.1" 302 901 "https://2blog.ilc.edu.tw/6418/2010/10/page/3/" "Mozilla/5.0 (Windows NT 10.0; Win64; x64) AppleWebKit/537.36 (KHTML, like Gecko) Chrome/144.0.0.0 Safari/537.36"
240e:910:e000:811::11bd - - [25/Aug/2026:07:32:55 +0800] "GET /wp-includes/images/w-logo-blue-white-bg.png HTTP/1.1" 200 4946 "https://2blog.ilc.edu.tw/6418/2010/10/page/3/" "Mozilla/5.0 (Windows NT 10.0; Win64; x64) AppleWebKit/537.36 (KHTML, like Gecko) Chrome/144.0.0.0 Safari/537.36"
2001:288:a201::66:125 - - [25/Aug/2026:07:32:55 +0800] "GET /blog/active.php HTTP/1.1" 301 1026 "-" "-"
2001:288:a201::66:125 - - [25/Aug/2026:07:32:55 +0800] "GET /blog/active.php HTTP/1.1" 404 1084 "-" "-"
::1 - - [25/Aug/2026:07:32:56 +0800] "OPTIONS * HTTP/1.0" 200 110 "-" "Apache/2.4.68 (Ubuntu) OpenSSL/3.0.19 (internal dummy connection)"
140.111.67.10 - - [25/Aug/2026:07:32:56 +0800] "GET /" 301 273 "-" "-"
::1 - - [25/Aug/2026:07:32:57 +0800] "OPTIONS * HTTP/1.0" 200 110 "-" "Apache/2.4.68 (Ubuntu) OpenSSL/3.0.19 (internal dummy connection)"
::1 - - [25/Aug/2026:07:32:58 +0800] "OPTIONS * HTTP/1.0" 200 110 "-" "Apache/2.4.68 (Ubuntu) OpenSSL/3.0.19 (internal dummy connection)"
::1 - - [25/Aug/2026:07:32:59 +0800] "OPTIONS * HTTP/1.0" 200 110 "-" "Apache/2.4.68 (Ubuntu) OpenSSL/3.0.19 (internal dummy connection)"
2001:288:a24c:1:8104:b830:ab9:96d7 - - [25/Aug/2026:07:32:59 +0800] "-" 408 4802 "-" "-"
::1 - - [25/Aug/2026:07:33:00 +0800] "OPTIONS * HTTP/1.0" 200 110 "-" "Apache/2.4.68 (Ubuntu) OpenSSL/3.0.19 (internal dummy connection)"
2001:288:a201::66:125 - - [25/Aug/2026:07:33:00 +0800] "GET /blog/active.php HTTP/1.1" 301 1026 "-" "-"
2001:288:a201::66:125 - - [25/Aug/2026:07:33:00 +0800] "GET /blog/active.php HTTP/1.1" 404 1084 "-" "-"
::1 - - [25/Aug/2026:07:33:01 +0800] "OPTIONS * HTTP/1.0" 200 110 "-" "Apache/2.4.68 (Ubuntu) OpenSSL/3.0.19 (internal dummy connection)"
140.111.67.10 - - [25/Aug/2026:07:33:02 +0800] "GET /" 301 273 "-" "-"
::1 - - [25/Aug/2026:07:33:02 +0800] "OPTIONS * HTTP/1.0" 200 110 "-" "Apache/2.4.68 (Ubuntu) OpenSSL/3.0.19 (internal dummy connection)"
::1 - - [25/Aug/2026:07:33:03 +0800] "OPTIONS * HTTP/1.0" 200 110 "-" "Apache/2.4.68 (Ubuntu) OpenSSL/3.0.19 (internal dummy connection)"
::1 - - [25/Aug/2026:07:33:04 +0800] "OPTIONS * HTTP/1.0" 200 110 "-" "Apache/2.4.68 (Ubuntu) OpenSSL/3.0.19 (internal dummy connection)"
::1 - - [25/Aug/2026:07:33:05 +0800] "OPTIONS * HTTP/1.0" 200 110 "-" "Apache/2.4.68 (Ubuntu) OpenSSL/3.0.19 (internal dummy connection)"
2001:288:a201::66:125 - - [25/Aug/2026:07:33:05 +0800] "GET /blog/active.php HTTP/1.1" 404 1084 "-" "-"
2001:288:a201::66:125 - - [25/Aug/2026:07:33:05 +0800] "GET /blog/active.php HTTP/1.1" 301 1026 "-" "-"
::1 - - [25/Aug/2026:07:33:06 +0800] "OPTIONS * HTTP/1.0" 200 110 "-" "Apache/2.4.68 (Ubuntu) OpenSSL/3.0.19 (internal dummy connection)"
140.111.67.10 - - [25/Aug/2026:07:33:07 +0800] "GET /" 301 273 "-" "-"
::1 - - [25/Aug/2026:07:33:07 +0800] "OPTIONS * HTTP/1.0" 200 110 "-" "Apache/2.4.68 (Ubuntu) OpenSSL/3.0.19 (internal dummy connection)"
::1 - - [25/Aug/2026:07:33:08 +0800] "OPTIONS * HTTP/1.0" 200 110 "-" "Apache/2.4.68 (Ubuntu) OpenSSL/3.0.19 (internal dummy connection)"
::1 - - [25/Aug/2026:07:33:09 +0800] "OPTIONS * HTTP/1.0" 200 110 "-" "Apache/2.4.68 (Ubuntu) OpenSSL/3.0.19 (internal dummy connection)"
::1 - - [25/Aug/2026:07:33:10 +0800] "OPTIONS * HTTP/1.0" 200 110 "-" "Apache/2.4.68 (Ubuntu) OpenSSL/3.0.19 (internal dummy connection)"
2001:288:a201::66:125 - - [25/Aug/2026:07:33:10 +0800] "GET /blog/active.php HTTP/1.1" 301 1026 "-" "-"
2001:288:a201::66:125 - - [25/Aug/2026:07:33:10 +0800] "GET /blog/active.php HTTP/1.1" 404 1084 "-" "-"
140.111.67.10 - - [25/Aug/2026:07:33:12 +0800] "GET /" 301 273 "-" "-"
2001:288:a201::66:125 - - [25/Aug/2026:07:33:15 +0800] "GET /blog/active.php HTTP/1.1" 404 1084 "-" "-"
2001:288:a201::66:125 - - [25/Aug/2026:07:33:15 +0800] "GET /blog/active.php HTTP/1.1" 301 1026 "-" "-"
140.111.67.10 - - [25/Aug/2026:07:33:17 +0800] "GET /" 301 273 "-" "-"
2001:288:a201::66:125 - - [25/Aug/2026:07:33:20 +0800] "GET /blog/active.php HTTP/1.1" 301 1026 "-" "-"
2001:288:a201::66:125 - - [25/Aug/2026:07:33:20 +0800] "GET /blog/active.php HTTP/1.1" 404 1084 "-" "-"
140.111.67.10 - - [25/Aug/2026:07:33:21 +0800] "GET /" 301 273 "-" "-"
2001:288:a242:1:dd40:ae9b:bc80:1f72 - - [25/Aug/2026:07:33:23 +0800] "GET / HTTP/1.1" 200 23353 "-" "Mozilla/5.0 (Windows NT 10.0; Win64; x64) AppleWebKit/537.36 (KHTML, like Gecko) Chrome/151.0.0.0 Safari/537.36"
2001:288:a201::66:125 - - [25/Aug/2026:07:33:25 +0800] "GET /blog/active.php HTTP/1.1" 404 1084 "-" "-"
2001:288:a201::66:125 - - [25/Aug/2026:07:33:25 +0800] "GET /blog/active.php HTTP/1.1" 301 1026 "-" "-"
2a03:2880:f802:e:: - - [25/Aug/2026:07:33:24 +0800] "GET /wp-login.php?key=bqewr375&_wpnonce=&action=ilc_logout&redirect_to=https%3A%2F%2Fmushroom.joynetgame.com HTTP/1.1" 302 8260 "-" "Mozilla/5.0 (Macintosh; Intel Mac OS X 10_15_7) AppleWebKit/537.36 (KHTML, like Gecko) Chrome/145.0.0.0 Safari/537.36 (compatible; meta-externalagent/1.1 (+https://developers.facebook.com/docs/sharing/webmasters/crawler))"
140.111.67.10 - - [25/Aug/2026:07:33:27 +0800] "GET /" 301 273 "-" "-"
2001:288:a201::66:125 - - [25/Aug/2026:07:33:30 +0800] "GET /blog/active.php HTTP/1.1" 301 1026 "-" "-"
2001:288:a201::66:125 - - [25/Aug/2026:07:33:30 +0800] "GET /blog/active.php HTTP/1.1" 404 1084 "-" "-"
140.111.67.10 - - [25/Aug/2026:07:33:31 +0800] "GET /" 301 273 "-" "-"
2001:288:a201::66:125 - - [25/Aug/2026:07:33:35 +0800] "GET /blog/active.php HTTP/1.1" 404 1084 "-" "-"
2001:288:a201::66:125 - - [25/Aug/2026:07:33:35 +0800] "GET /blog/active.php HTTP/1.1" 301 1026 "-" "-"
140.111.67.10 - - [25/Aug/2026:07:33:36 +0800] "GET /" 301 273 "-" "-"
2001:4860:7:410::f2 - - [25/Aug/2026:07:33:38 +0800] "GET / HTTP/1.1" 200 22308 "https://www.google.com/" "Mozilla/5.0 (Windows NT 10.0; Win64; x64) AppleWebKit/537.36 (KHTML, like Gecko) Chrome/151.0.0.0 Safari/537.36"
2409:8a6a:3c03:3d3b:8027:e8ad:749f:a061 - - [25/Aug/2026:07:33:40 +0800] "GET /3226/category/c-416/c-9146 HTTP/1.1" 301 5777 "-" "Mozilla/5.0 (Windows NT 10.0; Win64; x64) AppleWebKit/537.36 (KHTML, like Gecko) Chrome/144.0.0.0 Safari/537.36"
2408:8220:1901:8467:1db5:806d:8bbc:5e59 - - [25/Aug/2026:07:33:40 +0800] "GET /2012/10/page/2 HTTP/1.1" 301 5765 "-" "Mozilla/5.0 (Windows NT 10.0; Win64; x64) AppleWebKit/537.36 (KHTML, like Gecko) Chrome/144.0.0.0 Safari/537.36"
2001:288:a201::66:125 - - [25/Aug/2026:07:33:40 +0800] "GET /blog/active.php HTTP/1.1" 301 1026 "-" "-"
2001:288:a201::66:125 - - [25/Aug/2026:07:33:40 +0800] "GET /blog/active.php HTTP/1.1" 404 1084 "-" "-"
2408:8220:1901:8467:1db5:806d:8bbc:5e59 - - [25/Aug/2026:07:33:40 +0800] "GET /2012/10/page/2/ HTTP/1.1" 200 11410 "-" "Mozilla/5.0 (Windows NT 10.0; Win64; x64) AppleWebKit/537.36 (KHTML, like Gecko) Chrome/144.0.0.0 Safari/537.36"
2408:8220:1901:8467:1db5:806d:8bbc:5e59 - - [25/Aug/2026:07:33:41 +0800] "GET /wp-content/cache/ilta.ilc.edu.tw/wpfc-minified/30cml7nx/6wvk.css HTTP/1.1" 200 40877 "https://ilta.ilc.edu.tw/2012/10/page/2/" "Mozilla/5.0 (Windows NT 10.0; Win64; x64) AppleWebKit/537.36 (KHTML, like Gecko) Chrome/144.0.0.0 Safari/537.36"
140.111.67.10 - - [25/Aug/2026:07:33:41 +0800] "GET /" 301 273 "-" "-"
2408:8220:1901:8467:1db5:806d:8bbc:5e59 - - [25/Aug/2026:07:33:41 +0800] "GET /wp-includes/js/hoverintent-js.min.js HTTP/1.1" 200 6392 "https://ilta.ilc.edu.tw/2012/10/page/2/" "Mozilla/5.0 (Windows NT 10.0; Win64; x64) AppleWebKit/537.36 (KHTML, like Gecko) Chrome/144.0.0.0 Safari/537.36"
2408:8220:1901:8467:1db5:806d:8bbc:5e59 - - [25/Aug/2026:07:33:41 +0800] "GET /wp-content/cache/ilta.ilc.edu.tw/wpfc-minified/7vo8n6iy/6wvk.css HTTP/1.1" 200 65503 "https://ilta.ilc.edu.tw/2012/10/page/2/" "Mozilla/5.0 (Windows NT 10.0; Win64; x64) AppleWebKit/537.36 (KHTML, like Gecko) Chrome/144.0.0.0 Safari/537.36"
2408:8220:1901:8467:1db5:806d:8bbc:5e59 - - [25/Aug/2026:07:33:41 +0800] "GET /wp-content/cache/ilta.ilc.edu.tw/wpfc-minified/1qjpbzp9/6wvk.js HTTP/1.1" 200 40344 "https://ilta.ilc.edu.tw/2012/10/page/2/" "Mozilla/5.0 (Windows NT 10.0; Win64; x64) AppleWebKit/537.36 (KHTML, like Gecko) Chrome/144.0.0.0 Safari/537.36"
2408:8220:1901:8467:1db5:806d:8bbc:5e59 - - [25/Aug/2026:07:33:42 +0800] "GET /wp-includes/js/admin-bar.min.js HTTP/1.1" 200 2237 "https://ilta.ilc.edu.tw/2012/10/page/2/" "Mozilla/5.0 (Windows NT 10.0; Win64; x64) AppleWebKit/537.36 (KHTML, like Gecko) Chrome/144.0.0.0 Safari/537.36"
2409:8a6a:3c03:3d3b:8027:e8ad:749f:a061 - - [25/Aug/2026:07:33:41 +0800] "GET /3226/category/c-416/c-9146/ HTTP/1.1" 200 16528 "-" "Mozilla/5.0 (Windows NT 10.0; Win64; x64) AppleWebKit/537.36 (KHTML, like Gecko) Chrome/144.0.0.0 Safari/537.36"
2408:8220:1901:8467:1db5:806d:8bbc:5e59 - - [25/Aug/2026:07:33:42 +0800] "GET /wp-content/themes/oceanwp/assets/js/theme.min.js HTTP/1.1" 200 5130 "https://ilta.ilc.edu.tw/2012/10/page/2/" "Mozilla/5.0 (Windows NT 10.0; Win64; x64) AppleWebKit/537.36 (KHTML, like Gecko) Chrome/144.0.0.0 Safari/537.36"
2408:8220:1901:8467:1db5:806d:8bbc:5e59 - - [25/Aug/2026:07:33:42 +0800] "GET /wp-content/themes/oceanwp/assets/js/drop-down-mobile-menu.min.js HTTP/1.1" 200 4663 "https://ilta.ilc.edu.tw/2012/10/page/2/" "Mozilla/5.0 (Windows NT 10.0; Win64; x64) AppleWebKit/537.36 (KHTML, like Gecko) Chrome/144.0.0.0 Safari/537.36"
2408:8220:1901:8467:1db5:806d:8bbc:5e59 - - [25/Aug/2026:07:33:42 +0800] "GET /wp-content/themes/oceanwp/assets/js/ow-lightbox.min.js HTTP/1.1" 200 2321 "https://ilta.ilc.edu.tw/2012/10/page/2/" "Mozilla/5.0 (Windows NT 10.0; Win64; x64) AppleWebKit/537.36 (KHTML, like Gecko) Chrome/144.0.0.0 Safari/537.36"
2408:8220:1901:8467:1db5:806d:8bbc:5e59 - - [25/Aug/2026:07:33:42 +0800] "GET /wp-content/themes/oceanwp/assets/js/vendors/flickity.pkgd.min.js HTTP/1.1" 200 15048 "https://ilta.ilc.edu.tw/2012/10/page/2/" "Mozilla/5.0 (Windows NT 10.0; Win64; x64) AppleWebKit/537.36 (KHTML, like Gecko) Chrome/144.0.0.0 Safari/537.36"
2408:8220:1901:8467:1db5:806d:8bbc:5e59 - - [25/Aug/2026:07:33:42 +0800] "GET /wp-content/themes/oceanwp/assets/js/ow-slider.min.js HTTP/1.1" 200 1761 "https://ilta.ilc.edu.tw/2012/10/page/2/" "Mozilla/5.0 (Windows NT 10.0; Win64; x64) AppleWebKit/537.36 (KHTML, like Gecko) Chrome/144.0.0.0 Safari/537.36"
2408:8220:1901:8467:1db5:806d:8bbc:5e59 - - [25/Aug/2026:07:33:42 +0800] "GET /wp-content/themes/oceanwp/assets/js/select.min.js HTTP/1.1" 200 2408 "https://ilta.ilc.edu.tw/2012/10/page/2/" "Mozilla/5.0 (Windows NT 10.0; Win64; x64) AppleWebKit/537.36 (KHTML, like Gecko) Chrome/144.0.0.0 Safari/537.36"
2408:8220:1901:8467:1db5:806d:8bbc:5e59 - - [25/Aug/2026:07:33:42 +0800] "GET /wp-content/plugins/ocean-extra/includes/widgets/js/flickr.min.js HTTP/1.1" 200 1319 "https://ilta.ilc.edu.tw/2012/10/page/2/" "Mozilla/5.0 (Windows NT 10.0; Win64; x64) AppleWebKit/537.36 (KHTML, like Gecko) Chrome/144.0.0.0 Safari/537.36"
2408:8220:1901:8467:1db5:806d:8bbc:5e59 - - [25/Aug/2026:07:33:43 +0800] "GET /wp-content/themes/oceanwp/assets/fonts/simple-line-icons/Simple-Line-Icons.woff2?v=2.4.0 HTTP/1.1" 200 30959 "https://ilta.ilc.edu.tw/wp-content/cache/ilta.ilc.edu.tw/wpfc-minified/7vo8n6iy/6wvk.css" "Mozilla/5.0 (Windows NT 10.0; Win64; x64) AppleWebKit/537.36 (KHTML, like Gecko) Chrome/144.0.0.0 Safari/537.36"
2001:288:a201::66:125 - - [25/Aug/2026:07:33:45 +0800] "GET /blog/active.php HTTP/1.1" 404 1084 "-" "-"
2001:288:a201::66:125 - - [25/Aug/2026:07:33:45 +0800] "GET /blog/active.php HTTP/1.1" 301 1026 "-" "-"
2409:8a6a:3c03:3d3b:8027:e8ad:749f:a061 - - [25/Aug/2026:07:33:46 +0800] "GET /3226/wp-content/cache/2blog.ilc.edu.tw/wpfc-minified/6wark3is/5wsxh.css HTTP/1.1" 200 41225 "https://2blog.ilc.edu.tw/3226/category/c-416/c-9146/" "Mozilla/5.0 (Windows NT 10.0; Win64; x64) AppleWebKit/537.36 (KHTML, like Gecko) Chrome/144.0.0.0 Safari/537.36"
2409:8a6a:3c03:3d3b:8027:e8ad:749f:a061 - - [25/Aug/2026:07:33:46 +0800] "GET /3226/wp-content/cache/2blog.ilc.edu.tw/wpfc-minified/7w0kxg7o/5wsxh.css HTTP/1.1" 200 15782 "https://2blog.ilc.edu.tw/3226/category/c-416/c-9146/" "Mozilla/5.0 (Windows NT 10.0; Win64; x64) AppleWebKit/537.36 (KHTML, like Gecko) Chrome/144.0.0.0 Safari/537.36"
