[Mon Aug 24 08:50:05.636531 2026] [php7:error] [pid 3443015:tid 3443015] [client 2001:288:a201::66:125:34412] script '/var/www/html/2blog/active.php' not found or unable to stat
[Mon Aug 24 08:50:10.619233 2026] [php7:error] [pid 3443022:tid 3443022] [client 2001:288:a201::66:125:41823] script '/var/www/html/2blog/active.php' not found or unable to stat
[Mon Aug 24 08:50:15.599272 2026] [php7:error] [pid 3442800:tid 3442800] [client 2001:288:a201::66:125:7588] script '/var/www/html/2blog/active.php' not found or unable to stat
[Mon Aug 24 08:50:17.089871 2026] [authz_core:error] [pid 3443099:tid 3443099] [client 146.190.63.248:48138] AH01630: client denied by server configuration: /var/www/html/2blog/server-status
[Mon Aug 24 08:50:20.684033 2026] [php7:error] [pid 3443060:tid 3443060] [client 2001:288:a201::66:125:34521] script '/var/www/html/2blog/active.php' not found or unable to stat
[Mon Aug 24 08:50:25.600270 2026] [php7:error] [pid 3443090:tid 3443090] [client 2001:288:a201::66:125:32080] script '/var/www/html/2blog/active.php' not found or unable to stat
[Mon Aug 24 08:50:26.295423 2026] [autoindex:error] [pid 3443022:tid 3443022] [client 49.51.195.195:51472] AH01276: Cannot serve directory /var/www/html/2blog/wp-content/uploads/2019/09/: No matching DirectoryIndex (index.html,index.cgi,index.pl,index.php,index.xhtml,index.htm) found, and server-generated directory index forbidden by Options directive
[Mon Aug 24 08:50:30.677487 2026] [php7:error] [pid 3443104:tid 3443104] [client 2001:288:a201::66:125:1073] script '/var/www/html/2blog/active.php' not found or unable to stat
[Mon Aug 24 08:50:34.193385 2026] [php7:error] [pid 3443104:tid 3443104] [client 52.1.106.130:54461] script '/var/www/html/2blog/booksindex.php' not found or unable to stat
[Mon Aug 24 08:50:35.695375 2026] [php7:error] [pid 3443063:tid 3443063] [client 2001:288:a201::66:125:1116] script '/var/www/html/2blog/active.php' not found or unable to stat
[Mon Aug 24 08:50:39.611108 2026] [core:error] [pid 3442892:tid 3442892] [client 74.7.242.54:53632] AH00124: Request exceeded the limit of 10 internal redirects due to probable configuration error. Use 'LimitInternalRecursion' to increase the limit if necessary. Use 'LogLevel debug' to get a backtrace., referer: http://2blog.ilc.edu.tw
[Mon Aug 24 08:50:40.465299 2026] [core:error] [pid 3443025:tid 3443025] [client 74.7.242.54:40022] AH00124: Request exceeded the limit of 10 internal redirects due to probable configuration error. Use 'LimitInternalRecursion' to increase the limit if necessary. Use 'LogLevel debug' to get a backtrace., referer: http://2blog.ilc.edu.tw
[Mon Aug 24 08:50:40.683339 2026] [php7:error] [pid 3442800:tid 3442800] [client 2001:288:a201::66:125:41298] script '/var/www/html/2blog/active.php' not found or unable to stat
[Mon Aug 24 08:50:41.374880 2026] [core:error] [pid 3443078:tid 3443078] [client 74.7.242.54:40030] AH00124: Request exceeded the limit of 10 internal redirects due to probable configuration error. Use 'LimitInternalRecursion' to increase the limit if necessary. Use 'LogLevel debug' to get a backtrace., referer: http://2blog.ilc.edu.tw
[Mon Aug 24 08:50:41.627851 2026] [php7:error] [pid 3443080:tid 3443080] [client 146.190.63.248:50642] script '/var/www/html/2blog/info.php' not found or unable to stat
[Mon Aug 24 08:50:42.485805 2026] [core:error] [pid 3443025:tid 3443025] [client 74.7.242.54:40038] AH00124: Request exceeded the limit of 10 internal redirects due to probable configuration error. Use 'LimitInternalRecursion' to increase the limit if necessary. Use 'LogLevel debug' to get a backtrace., referer: http://2blog.ilc.edu.tw
[Mon Aug 24 08:50:44.279389 2026] [core:error] [pid 3443038:tid 3443038] [client 74.7.242.54:40068] AH00124: Request exceeded the limit of 10 internal redirects due to probable configuration error. Use 'LimitInternalRecursion' to increase the limit if necessary. Use 'LogLevel debug' to get a backtrace., referer: http://2blog.ilc.edu.tw
[Mon Aug 24 08:50:45.597546 2026] [php7:error] [pid 3442957:tid 3442957] [client 2001:288:a201::66:125:1183] script '/var/www/html/2blog/active.php' not found or unable to stat
[Mon Aug 24 08:50:46.916501 2026] [core:error] [pid 3443090:tid 3443090] [client 74.7.242.54:40084] AH00124: Request exceeded the limit of 10 internal redirects due to probable configuration error. Use 'LimitInternalRecursion' to increase the limit if necessary. Use 'LogLevel debug' to get a backtrace., referer: http://2blog.ilc.edu.tw
[Mon Aug 24 08:50:49.602710 2026] [php7:error] [pid 3443094:tid 3443094] [client 146.190.63.248:51598] PHP Fatal error: Uncaught Error: Call to undefined method WP_Error::get_method() in /var/www/html/2blog/wp-includes/rest-api/class-wp-rest-server.php:1091\nStack trace:\n#0 /var/www/html/2blog/wp-includes/rest-api/class-wp-rest-server.php(1691): WP_REST_Server->match_request_to_handler()\n#1 /var/www/html/2blog/wp-includes/rest-api/class-wp-rest-server.php(1230): WP_REST_Server->serve_batch_request_v1()\n#2 /var/www/html/2blog/wp-includes/rest-api/class-wp-rest-server.php(1063): WP_REST_Server->respond_to_request()\n#3 /var/www/html/2blog/wp-includes/rest-api/class-wp-rest-server.php(439): WP_REST_Server->dispatch()\n#4 /var/www/html/2blog/wp-includes/rest-api.php(420): WP_REST_Server->serve_request()\n#5 /var/www/html/2blog/wp-includes/class-wp-hook.php(324): rest_api_loaded()\n#6 /var/www/html/2blog/wp-includes/class-wp-hook.php(348): WP_Hook->apply_filters()\n#7 /var/www/html/2blog/wp-includes/plugin.php(565): WP_Hook->do_action()\n#8 /var/www/html/2blog/wp-includes/class-wp.php(418): do_action_ref_array()\n#9 /var/www/html/2blog/wp- in /var/www/html/2blog/wp-includes/rest-api/class-wp-rest-server.php on line 1091
[Mon Aug 24 08:50:50.683684 2026] [php7:error] [pid 3443090:tid 3443090] [client 2001:288:a201::66:125:5868] script '/var/www/html/2blog/active.php' not found or unable to stat
[Mon Aug 24 08:50:50.813908 2026] [core:error] [pid 3447666:tid 3447666] [client 74.7.242.54:60316] AH00124: Request exceeded the limit of 10 internal redirects due to probable configuration error. Use 'LimitInternalRecursion' to increase the limit if necessary. Use 'LogLevel debug' to get a backtrace., referer: http://2blog.ilc.edu.tw
[Mon Aug 24 08:50:50.939656 2026] [php7:error] [pid 3447667:tid 3447667] [client 146.190.63.248:51612] PHP Fatal error: Uncaught Error: Call to undefined method WP_Error::get_method() in /var/www/html/2blog/wp-includes/rest-api/class-wp-rest-server.php:1091\nStack trace:\n#0 /var/www/html/2blog/wp-includes/rest-api/class-wp-rest-server.php(1691): WP_REST_Server->match_request_to_handler()\n#1 /var/www/html/2blog/wp-includes/rest-api/class-wp-rest-server.php(1230): WP_REST_Server->serve_batch_request_v1()\n#2 /var/www/html/2blog/wp-includes/rest-api/class-wp-rest-server.php(1063): WP_REST_Server->respond_to_request()\n#3 /var/www/html/2blog/wp-includes/rest-api/class-wp-rest-server.php(439): WP_REST_Server->dispatch()\n#4 /var/www/html/2blog/wp-includes/rest-api.php(420): WP_REST_Server->serve_request()\n#5 /var/www/html/2blog/wp-includes/class-wp-hook.php(324): rest_api_loaded()\n#6 /var/www/html/2blog/wp-includes/class-wp-hook.php(348): WP_Hook->apply_filters()\n#7 /var/www/html/2blog/wp-includes/plugin.php(565): WP_Hook->do_action()\n#8 /var/www/html/2blog/wp-includes/class-wp.php(418): do_action_ref_array()\n#9 /var/www/html/2blog/wp- in /var/www/html/2blog/wp-includes/rest-api/class-wp-rest-server.php on line 1091
[Mon Aug 24 08:50:51.746090 2026] [php7:error] [pid 3442800:tid 3442800] [client 146.190.63.248:51622] PHP Fatal error: Uncaught Error: Call to undefined method WP_Error::get_method() in /var/www/html/2blog/wp-includes/rest-api/class-wp-rest-server.php:1091\nStack trace:\n#0 /var/www/html/2blog/wp-includes/rest-api/class-wp-rest-server.php(1691): WP_REST_Server->match_request_to_handler()\n#1 /var/www/html/2blog/wp-includes/rest-api/class-wp-rest-server.php(1230): WP_REST_Server->serve_batch_request_v1()\n#2 /var/www/html/2blog/wp-includes/rest-api/class-wp-rest-server.php(1063): WP_REST_Server->respond_to_request()\n#3 /var/www/html/2blog/wp-includes/rest-api/class-wp-rest-server.php(439): WP_REST_Server->dispatch()\n#4 /var/www/html/2blog/wp-includes/rest-api.php(420): WP_REST_Server->serve_request()\n#5 /var/www/html/2blog/wp-includes/class-wp-hook.php(324): rest_api_loaded()\n#6 /var/www/html/2blog/wp-includes/class-wp-hook.php(348): WP_Hook->apply_filters()\n#7 /var/www/html/2blog/wp-includes/plugin.php(565): WP_Hook->do_action()\n#8 /var/www/html/2blog/wp-includes/class-wp.php(418): do_action_ref_array()\n#9 /var/www/html/2blog/wp- in /var/www/html/2blog/wp-includes/rest-api/class-wp-rest-server.php on line 1091
[Mon Aug 24 08:50:53.282373 2026] [php7:error] [pid 3447666:tid 3447666] [client 146.190.63.248:51630] PHP Fatal error: Uncaught Error: Call to undefined method WP_Error::get_method() in /var/www/html/2blog/wp-includes/rest-api/class-wp-rest-server.php:1091\nStack trace:\n#0 /var/www/html/2blog/wp-includes/rest-api/class-wp-rest-server.php(1691): WP_REST_Server->match_request_to_handler()\n#1 /var/www/html/2blog/wp-includes/rest-api/class-wp-rest-server.php(1230): WP_REST_Server->serve_batch_request_v1()\n#2 /var/www/html/2blog/wp-includes/rest-api/class-wp-rest-server.php(1063): WP_REST_Server->respond_to_request()\n#3 /var/www/html/2blog/wp-includes/rest-api/class-wp-rest-server.php(439): WP_REST_Server->dispatch()\n#4 /var/www/html/2blog/wp-includes/rest-api.php(420): WP_REST_Server->serve_request()\n#5 /var/www/html/2blog/wp-includes/class-wp-hook.php(324): rest_api_loaded()\n#6 /var/www/html/2blog/wp-includes/class-wp-hook.php(348): WP_Hook->apply_filters()\n#7 /var/www/html/2blog/wp-includes/plugin.php(565): WP_Hook->do_action()\n#8 /var/www/html/2blog/wp-includes/class-wp.php(418): do_action_ref_array()\n#9 /var/www/html/2blog/wp- in /var/www/html/2blog/wp-includes/rest-api/class-wp-rest-server.php on line 1091
[Mon Aug 24 08:50:55.597965 2026] [php7:error] [pid 3443038:tid 3443038] [client 2001:288:a201::66:125:42295] script '/var/www/html/2blog/active.php' not found or unable to stat
[Mon Aug 24 08:50:56.782738 2026] [core:error] [pid 3443078:tid 3443078] [client 74.7.242.54:60320] AH00124: Request exceeded the limit of 10 internal redirects due to probable configuration error. Use 'LimitInternalRecursion' to increase the limit if necessary. Use 'LogLevel debug' to get a backtrace., referer: http://2blog.ilc.edu.tw
[Mon Aug 24 08:51:00.679617 2026] [php7:error] [pid 3443038:tid 3443038] [client 2001:288:a201::66:125:35020] script '/var/www/html/2blog/active.php' not found or unable to stat
[Mon Aug 24 08:51:05.688756 2026] [core:error] [pid 3443104:tid 3443104] [client 74.7.242.54:39536] AH00124: Request exceeded the limit of 10 internal redirects due to probable configuration error. Use 'LimitInternalRecursion' to increase the limit if necessary. Use 'LogLevel debug' to get a backtrace., referer: http://2blog.ilc.edu.tw
[Mon Aug 24 08:51:05.692485 2026] [php7:error] [pid 3443025:tid 3443025] [client 2001:288:a201::66:125:42391] script '/var/www/html/2blog/active.php' not found or unable to stat
[Mon Aug 24 08:51:10.687075 2026] [php7:error] [pid 3443093:tid 3443093] [client 2001:288:a201::66:125:6119] script '/var/www/html/2blog/active.php' not found or unable to stat
[Mon Aug 24 08:51:15.694853 2026] [php7:error] [pid 3447704:tid 3447704] [client 2001:288:a201::66:125:8110] script '/var/www/html/2blog/active.php' not found or unable to stat
[Mon Aug 24 08:51:18.490826 2026] [core:error] [pid 3447701:tid 3447701] [client 74.7.242.54:39738] AH00124: Request exceeded the limit of 10 internal redirects due to probable configuration error. Use 'LimitInternalRecursion' to increase the limit if necessary. Use 'LogLevel debug' to get a backtrace., referer: http://2blog.ilc.edu.tw
[Mon Aug 24 08:51:20.687951 2026] [php7:error] [pid 3447661:tid 3447661] [client 2001:288:a201::66:125:32629] script '/var/www/html/2blog/active.php' not found or unable to stat
[Mon Aug 24 08:51:25.617071 2026] [php7:error] [pid 3447721:tid 3447721] [client 2001:288:a201::66:125:35235] script '/var/www/html/2blog/active.php' not found or unable to stat
[Mon Aug 24 08:51:28.402786 2026] [php7:error] [pid 3447720:tid 3447720] [client 185.191.171.12:43004] script '/var/www/html/2blog/admin.php' not found or unable to stat
[Mon Aug 24 08:51:30.650887 2026] [php7:error] [pid 3447718:tid 3447718] [client 2001:288:a201::66:125:8206] script '/var/www/html/2blog/active.php' not found or unable to stat
[Mon Aug 24 08:51:35.666732 2026] [php7:error] [pid 3447702:tid 3447702] [client 2001:288:a201::66:125:32756] script '/var/www/html/2blog/active.php' not found or unable to stat
[Mon Aug 24 08:51:39.227007 2026] [core:error] [pid 3443025:tid 3443025] [client 74.7.242.54:44982] AH00124: Request exceeded the limit of 10 internal redirects due to probable configuration error. Use 'LimitInternalRecursion' to increase the limit if necessary. Use 'LogLevel debug' to get a backtrace., referer: http://2blog.ilc.edu.tw
[Mon Aug 24 08:51:40.653292 2026] [php7:error] [pid 3447713:tid 3447713] [client 2001:288:a201::66:125:32828] script '/var/www/html/2blog/active.php' not found or unable to stat
[Mon Aug 24 08:51:45.676720 2026] [php7:error] [pid 3447661:tid 3447661] [client 2001:288:a201::66:125:32863] script '/var/www/html/2blog/active.php' not found or unable to stat
[Mon Aug 24 08:51:50.659917 2026] [php7:error] [pid 3443025:tid 3443025] [client 2001:288:a201::66:125:6531] script '/var/www/html/2blog/active.php' not found or unable to stat
[Mon Aug 24 08:51:55.601661 2026] [php7:error] [pid 3447718:tid 3447718] [client 2001:288:a201::66:125:48980] script '/var/www/html/2blog/active.php' not found or unable to stat
[Mon Aug 24 08:51:59.804595 2026] [core:error] [pid 3443025:tid 3443025] [client 74.7.242.54:37884] AH00124: Request exceeded the limit of 10 internal redirects due to probable configuration error. Use 'LimitInternalRecursion' to increase the limit if necessary. Use 'LogLevel debug' to get a backtrace., referer: http://2blog.ilc.edu.tw
[Mon Aug 24 08:52:00.688558 2026] [php7:error] [pid 3447664:tid 3447664] [client 2001:288:a201::66:125:6652] script '/var/www/html/2blog/active.php' not found or unable to stat
[Mon Aug 24 08:52:05.606181 2026] [php7:error] [pid 3443094:tid 3443094] [client 2001:288:a201::66:125:33046] script '/var/www/html/2blog/active.php' not found or unable to stat
[Mon Aug 24 08:52:10.689378 2026] [php7:error] [pid 3447712:tid 3447712] [client 2001:288:a201::66:125:8521] script '/var/www/html/2blog/active.php' not found or unable to stat
[Mon Aug 24 08:52:15.613456 2026] [php7:error] [pid 3447720:tid 3447720] [client 2001:288:a201::66:125:6888] script '/var/www/html/2blog/active.php' not found or unable to stat
[Mon Aug 24 08:52:20.254855 2026] [core:error] [pid 3447694:tid 3447694] [client 74.7.242.54:40170] AH00124: Request exceeded the limit of 10 internal redirects due to probable configuration error. Use 'LimitInternalRecursion' to increase the limit if necessary. Use 'LogLevel debug' to get a backtrace., referer: http://2blog.ilc.edu.tw
[Mon Aug 24 08:52:20.690473 2026] [php7:error] [pid 3447702:tid 3447702] [client 2001:288:a201::66:125:33223] script '/var/www/html/2blog/active.php' not found or unable to stat
[Mon Aug 24 08:52:25.609821 2026] [php7:error] [pid 3447806:tid 3447806] [client 2001:288:a201::66:125:43206] script '/var/www/html/2blog/active.php' not found or unable to stat
[Mon Aug 24 08:52:30.599384 2026] [php7:error] [pid 3447709:tid 3447709] [client 2001:288:a201::66:125:35873] script '/var/www/html/2blog/active.php' not found or unable to stat
[Mon Aug 24 08:52:33.705346 2026] [php7:notice] [pid 3447713:tid 3447713] [client 2409:8a62:2003:7968:fce1:cabf:a464:fe08:42184] [WP STATISTICS] [ERROR]: Error opening database file (/var/www/html/2blog/wp-content/uploads/sites/1249/wp-statistics/GeoLite2-City.mmdb). Is this a valid MaxMind DB file?
[Mon Aug 24 08:52:33.881450 2026] [php7:notice] [pid 3447713:tid 3447713] [client 2409:8a62:2003:7968:fce1:cabf:a464:fe08:42184] [WP STATISTICS] [ERROR]: Error opening database file (/var/www/html/2blog/wp-content/uploads/sites/1249/wp-statistics/GeoLite2-City.mmdb). Is this a valid MaxMind DB file?
[Mon Aug 24 08:52:34.361303 2026] [php7:notice] [pid 3447813:tid 3447813] [client 34.171.68.95:37888] [WP STATISTICS] [ERROR]: Error opening database file (/var/www/html/2blog/wp-content/uploads/sites/1249/wp-statistics/GeoLite2-City.mmdb). Is this a valid MaxMind DB file?
[Mon Aug 24 08:52:34.574890 2026] [php7:notice] [pid 3447713:tid 3447713] [client 2409:8a62:2003:7968:fce1:cabf:a464:fe08:42184] [WP STATISTICS] [ERROR]: Error opening database file (/var/www/html/2blog/wp-content/uploads/sites/1249/wp-statistics/GeoLite2-City.mmdb). Is this a valid MaxMind DB file?
[Mon Aug 24 08:52:34.679178 2026] [php7:notice] [pid 3447813:tid 3447813] [client 34.171.68.95:37888] [WP STATISTICS] [ERROR]: Error opening database file (/var/www/html/2blog/wp-content/uploads/sites/1249/wp-statistics/GeoLite2-City.mmdb). Is this a valid MaxMind DB file?
[Mon Aug 24 08:52:35.606334 2026] [php7:error] [pid 3447820:tid 3447820] [client 2001:288:a201::66:125:33430] script '/var/www/html/2blog/active.php' not found or unable to stat
[Mon Aug 24 08:52:40.611995 2026] [php7:error] [pid 3443075:tid 3443075] [client 2001:288:a201::66:125:43282] script '/var/www/html/2blog/active.php' not found or unable to stat
[Mon Aug 24 08:52:42.739971 2026] [core:error] [pid 3447694:tid 3447694] [client 74.7.242.54:51264] AH00124: Request exceeded the limit of 10 internal redirects due to probable configuration error. Use 'LimitInternalRecursion' to increase the limit if necessary. Use 'LogLevel debug' to get a backtrace., referer: http://2blog.ilc.edu.tw
[Mon Aug 24 08:52:45.608646 2026] [php7:error] [pid 3447705:tid 3447705] [client 2001:288:a201::66:125:36000] script '/var/www/html/2blog/active.php' not found or unable to stat
[Mon Aug 24 08:52:50.691501 2026] [php7:error] [pid 3447807:tid 3447807] [client 2001:288:a201::66:125:43340] script '/var/www/html/2blog/active.php' not found or unable to stat
[Mon Aug 24 08:52:55.616758 2026] [php7:error] [pid 3447689:tid 3447689] [client 2001:288:a201::66:125:43469] script '/var/www/html/2blog/active.php' not found or unable to stat
[Mon Aug 24 08:53:00.598337 2026] [php7:error] [pid 3447806:tid 3447806] [client 2001:288:a201::66:125:36159] script '/var/www/html/2blog/active.php' not found or unable to stat
[Mon Aug 24 08:53:04.063315 2026] [core:error] [pid 3447806:tid 3447806] [client 74.7.242.54:37454] AH00124: Request exceeded the limit of 10 internal redirects due to probable configuration error. Use 'LimitInternalRecursion' to increase the limit if necessary. Use 'LogLevel debug' to get a backtrace., referer: http://2blog.ilc.edu.tw
[Mon Aug 24 08:53:05.622281 2026] [php7:error] [pid 3447702:tid 3447702] [client 2001:288:a201::66:125:36193] script '/var/www/html/2blog/active.php' not found or unable to stat
[Mon Aug 24 08:53:11.856036 2026] [php7:error] [pid 3447664:tid 3447664] [client 2001:288:a201::66:125:36255] script '/var/www/html/2blog/active.php' not found or unable to stat
[Mon Aug 24 08:53:15.627143 2026] [php7:error] [pid 3447819:tid 3447819] [client 2001:288:a201::66:125:57262] script '/var/www/html/2blog/active.php' not found or unable to stat
[Mon Aug 24 08:53:20.604648 2026] [php7:error] [pid 3447835:tid 3447835] [client 2001:288:a201::66:125:43699] script '/var/www/html/2blog/active.php' not found or unable to stat
[Mon Aug 24 08:53:24.823376 2026] [core:error] [pid 3447849:tid 3447849] [client 74.7.242.54:38574] AH00124: Request exceeded the limit of 10 internal redirects due to probable configuration error. Use 'LimitInternalRecursion' to increase the limit if necessary. Use 'LogLevel debug' to get a backtrace., referer: http://2blog.ilc.edu.tw
[Mon Aug 24 08:53:25.630755 2026] [php7:error] [pid 3447839:tid 3447839] [client 2001:288:a201::66:125:33988] script '/var/www/html/2blog/active.php' not found or unable to stat
[Mon Aug 24 08:53:30.611407 2026] [php7:error] [pid 3447859:tid 3447859] [client 2001:288:a201::66:125:36596] script '/var/www/html/2blog/active.php' not found or unable to stat
[Mon Aug 24 08:53:34.177134 2026] [php7:error] [pid 3443071:tid 3443071] [client 216.244.66.226:53746] script '/var/www/html/2blog/rss.php' not found or unable to stat
[Mon Aug 24 08:53:35.627184 2026] [php7:error] [pid 3447846:tid 3447846] [client 2001:288:a201::66:125:2276] script '/var/www/html/2blog/active.php' not found or unable to stat
[Mon Aug 24 08:53:40.619912 2026] [php7:error] [pid 3447817:tid 3447817] [client 2001:288:a201::66:125:34133] script '/var/www/html/2blog/active.php' not found or unable to stat
[Mon Aug 24 08:53:45.628838 2026] [php7:error] [pid 3447841:tid 3447841] [client 2001:288:a201::66:125:9149] script '/var/www/html/2blog/active.php' not found or unable to stat
[Mon Aug 24 08:53:50.609172 2026] [php7:error] [pid 3447719:tid 3447719] [client 2001:288:a201::66:125:34286] script '/var/www/html/2blog/active.php' not found or unable to stat
[Mon Aug 24 08:53:55.608685 2026] [php7:error] [pid 3447878:tid 3447878] [client 2001:288:a201::66:125:43977] script '/var/www/html/2blog/active.php' not found or unable to stat
[Mon Aug 24 08:53:57.366847 2026] [php7:notice] [pid 3447840:tid 3447840] [client 34.42.229.145:36864] [WP STATISTICS] [ERROR]: Error opening database file (/var/www/html/2blog/wp-content/uploads/sites/1249/wp-statistics/GeoLite2-City.mmdb). Is this a valid MaxMind DB file?
[Mon Aug 24 08:53:57.547376 2026] [php7:notice] [pid 3447840:tid 3447840] [client 34.42.229.145:36864] [WP STATISTICS] [ERROR]: Error opening database file (/var/www/html/2blog/wp-content/uploads/sites/1249/wp-statistics/GeoLite2-City.mmdb). Is this a valid MaxMind DB file?
[Mon Aug 24 08:54:00.697595 2026] [php7:error] [pid 3447855:tid 3447855] [client 2001:288:a201::66:125:44006] script '/var/www/html/2blog/active.php' not found or unable to stat
[Mon Aug 24 08:54:05.609891 2026] [php7:error] [pid 3447840:tid 3447840] [client 2001:288:a201::66:125:44049] script '/var/www/html/2blog/active.php' not found or unable to stat
[Mon Aug 24 08:54:10.690027 2026] [php7:error] [pid 3447884:tid 3447884] [client 2001:288:a201::66:125:8117] script '/var/www/html/2blog/active.php' not found or unable to stat
[Mon Aug 24 08:54:13.152615 2026] [php7:notice] [pid 3447872:tid 3447872] [client 34.57.162.91:31744] [WP STATISTICS] [ERROR]: Error opening database file (/var/www/html/2blog/wp-content/uploads/sites/1249/wp-statistics/GeoLite2-City.mmdb). Is this a valid MaxMind DB file?
[Mon Aug 24 08:54:13.539108 2026] [php7:notice] [pid 3447872:tid 3447872] [client 34.57.162.91:31744] [WP STATISTICS] [ERROR]: Error opening database file (/var/www/html/2blog/wp-content/uploads/sites/1249/wp-statistics/GeoLite2-City.mmdb). Is this a valid MaxMind DB file?
[Mon Aug 24 08:54:15.608951 2026] [php7:error] [pid 3447855:tid 3447855] [client 2001:288:a201::66:125:9269] script '/var/www/html/2blog/active.php' not found or unable to stat
[Mon Aug 24 08:54:20.597386 2026] [php7:error] [pid 3447880:tid 3447880] [client 2001:288:a201::66:125:35704] script '/var/www/html/2blog/active.php' not found or unable to stat
[Mon Aug 24 08:54:25.610807 2026] [php7:error] [pid 3447835:tid 3447835] [client 2001:288:a201::66:125:8230] script '/var/www/html/2blog/active.php' not found or unable to stat
[Mon Aug 24 08:54:30.694830 2026] [php7:error] [pid 3447859:tid 3447859] [client 2001:288:a201::66:125:2701] script '/var/www/html/2blog/active.php' not found or unable to stat
[Mon Aug 24 08:54:35.612105 2026] [php7:error] [pid 3447880:tid 3447880] [client 2001:288:a201::66:125:9419] script '/var/www/html/2blog/active.php' not found or unable to stat
[Mon Aug 24 08:54:40.596962 2026] [php7:error] [pid 3447837:tid 3447837] [client 2001:288:a201::66:125:8406] script '/var/www/html/2blog/active.php' not found or unable to stat
[Mon Aug 24 08:54:45.616204 2026] [php7:error] [pid 3447881:tid 3447881] [client 2001:288:a201::66:125:37318] script '/var/www/html/2blog/active.php' not found or unable to stat
[Mon Aug 24 08:54:50.597365 2026] [php7:error] [pid 3447951:tid 3447951] [client 2001:288:a201::66:125:9516] script '/var/www/html/2blog/active.php' not found or unable to stat
[Mon Aug 24 08:54:53.771164 2026] [php7:error] [pid 3447956:tid 3447956] [client 85.208.96.200:22942] script '/var/www/html/2blog/admin.php' not found or unable to stat
[Mon Aug 24 08:54:55.614700 2026] [php7:error] [pid 3447976:tid 3447976] [client 2001:288:a201::66:125:44430] script '/var/www/html/2blog/active.php' not found or unable to stat
[Mon Aug 24 08:55:00.696217 2026] [php7:error] [pid 3447835:tid 3447835] [client 2001:288:a201::66:125:35111] script '/var/www/html/2blog/active.php' not found or unable to stat
[Mon Aug 24 08:55:05.620684 2026] [php7:error] [pid 3447884:tid 3447884] [client 2001:288:a201::66:125:8748] script '/var/www/html/2blog/active.php' not found or unable to stat
[Mon Aug 24 08:55:10.603131 2026] [php7:error] [pid 3447835:tid 3447835] [client 2001:288:a201::66:125:8877] script '/var/www/html/2blog/active.php' not found or unable to stat
[Mon Aug 24 08:55:15.609984 2026] [php7:error] [pid 3447988:tid 3447988] [client 2001:288:a201::66:125:9692] script '/var/www/html/2blog/active.php' not found or unable to stat
[Mon Aug 24 08:55:20.688312 2026] [php7:error] [pid 3447958:tid 3447958] [client 2001:288:a201::66:125:9758] script '/var/www/html/2blog/active.php' not found or unable to stat
[Mon Aug 24 08:55:25.602898 2026] [php7:error] [pid 3448165:tid 3448165] [client 2001:288:a201::66:125:44596] script '/var/www/html/2blog/active.php' not found or unable to stat
[Mon Aug 24 08:55:29.303236 2026] [php7:notice] [pid 3448426:tid 3448426] [client 34.10.180.98:13312] [WP STATISTICS] [ERROR]: Error opening database file (/var/www/html/2blog/wp-content/uploads/sites/1249/wp-statistics/GeoLite2-City.mmdb). Is this a valid MaxMind DB file?
[Mon Aug 24 08:55:29.730176 2026] [php7:notice] [pid 3448426:tid 3448426] [client 34.10.180.98:13312] [WP STATISTICS] [ERROR]: Error opening database file (/var/www/html/2blog/wp-content/uploads/sites/1249/wp-statistics/GeoLite2-City.mmdb). Is this a valid MaxMind DB file?
[Mon Aug 24 08:55:30.602335 2026] [php7:error] [pid 3447808:tid 3447808] [client 2001:288:a201::66:125:3215] script '/var/www/html/2blog/active.php' not found or unable to stat
[Mon Aug 24 08:55:35.602247 2026] [php7:error] [pid 3447951:tid 3447951] [client 2001:288:a201::66:125:9900] script '/var/www/html/2blog/active.php' not found or unable to stat
[Mon Aug 24 08:55:40.684429 2026] [php7:error] [pid 3447846:tid 3447846] [client 2001:288:a201::66:125:3260] script '/var/www/html/2blog/active.php' not found or unable to stat
[Mon Aug 24 08:55:45.606846 2026] [php7:error] [pid 3447835:tid 3447835] [client 2001:288:a201::66:125:3312] script '/var/www/html/2blog/active.php' not found or unable to stat
[Mon Aug 24 08:55:50.698009 2026] [php7:error] [pid 3448161:tid 3448161] [client 2001:288:a201::66:125:9391] script '/var/www/html/2blog/active.php' not found or unable to stat
[Mon Aug 24 08:55:54.482901 2026] [core:error] [pid 3447956:tid 3447956] [client 74.7.242.54:58072] AH00124: Request exceeded the limit of 10 internal redirects due to probable configuration error. Use 'LimitInternalRecursion' to increase the limit if necessary. Use 'LogLevel debug' to get a backtrace., referer: http://2blog.ilc.edu.tw
[Mon Aug 24 08:55:55.561573 2026] [core:error] [pid 3452528:tid 3452528] [client 74.7.242.54:46940] AH00124: Request exceeded the limit of 10 internal redirects due to probable configuration error. Use 'LimitInternalRecursion' to increase the limit if necessary. Use 'LogLevel debug' to get a backtrace., referer: http://2blog.ilc.edu.tw
[Mon Aug 24 08:55:55.610859 2026] [php7:error] [pid 3452530:tid 3452530] [client 2001:288:a201::66:125:35596] script '/var/www/html/2blog/active.php' not found or unable to stat
[Mon Aug 24 08:55:56.393283 2026] [core:error] [pid 3452528:tid 3452528] [client 74.7.242.54:46946] AH00124: Request exceeded the limit of 10 internal redirects due to probable configuration error. Use 'LimitInternalRecursion' to increase the limit if necessary. Use 'LogLevel debug' to get a backtrace., referer: http://2blog.ilc.edu.tw
[Mon Aug 24 08:55:57.591308 2026] [core:error] [pid 3452534:tid 3452534] [client 74.7.242.54:46948] AH00124: Request exceeded the limit of 10 internal redirects due to probable configuration error. Use 'LimitInternalRecursion' to increase the limit if necessary. Use 'LogLevel debug' to get a backtrace., referer: http://2blog.ilc.edu.tw
[Mon Aug 24 08:55:59.371743 2026] [core:error] [pid 3452538:tid 3452538] [client 74.7.242.54:45212] AH00124: Request exceeded the limit of 10 internal redirects due to probable configuration error. Use 'LimitInternalRecursion' to increase the limit if necessary. Use 'LogLevel debug' to get a backtrace., referer: http://2blog.ilc.edu.tw
[Mon Aug 24 08:56:00.688851 2026] [php7:error] [pid 3452537:tid 3452537] [client 2001:288:a201::66:125:10118] script '/var/www/html/2blog/active.php' not found or unable to stat
[Mon Aug 24 08:56:05.601277 2026] [php7:error] [pid 3452525:tid 3452525] [client 2001:288:a201::66:125:35760] script '/var/www/html/2blog/active.php' not found or unable to stat
[Mon Aug 24 08:56:10.678348 2026] [php7:error] [pid 3447808:tid 3447808] [client 2001:288:a201::66:125:35791] script '/var/www/html/2blog/active.php' not found or unable to stat
[Mon Aug 24 08:56:15.605605 2026] [php7:error] [pid 3447976:tid 3447976] [client 2001:288:a201::66:125:10219] script '/var/www/html/2blog/active.php' not found or unable to stat
[Mon Aug 24 08:56:20.598913 2026] [php7:error] [pid 3452610:tid 3452610] [client 2001:288:a201::66:125:9722] script '/var/www/html/2blog/active.php' not found or unable to stat
[Mon Aug 24 08:56:25.604966 2026] [php7:error] [pid 3447957:tid 3447957] [client 2001:288:a201::66:125:9770] script '/var/www/html/2blog/active.php' not found or unable to stat
[Mon Aug 24 08:56:30.684112 2026] [php7:error] [pid 3452530:tid 3452530] [client 2001:288:a201::66:125:3687] script '/var/www/html/2blog/active.php' not found or unable to stat
[Mon Aug 24 08:56:35.610048 2026] [php7:error] [pid 3452535:tid 3452535] [client 2001:288:a201::66:125:10399] script '/var/www/html/2blog/active.php' not found or unable to stat
[Mon Aug 24 08:56:37.045775 2026] [core:error] [pid 3447835:tid 3447835] [client 74.7.242.54:45222] AH00124: Request exceeded the limit of 10 internal redirects due to probable configuration error. Use 'LimitInternalRecursion' to increase the limit if necessary. Use 'LogLevel debug' to get a backtrace., referer: http://2blog.ilc.edu.tw
[Mon Aug 24 08:56:37.952956 2026] [core:error] [pid 3447988:tid 3447988] [client 74.7.242.54:60950] AH00124: Request exceeded the limit of 10 internal redirects due to probable configuration error. Use 'LimitInternalRecursion' to increase the limit if necessary. Use 'LogLevel debug' to get a backtrace., referer: http://2blog.ilc.edu.tw
[Mon Aug 24 08:56:40.683630 2026] [core:error] [pid 3448164:tid 3448164] [client 74.7.242.54:60964] AH00124: Request exceeded the limit of 10 internal redirects due to probable configuration error. Use 'LimitInternalRecursion' to increase the limit if necessary. Use 'LogLevel debug' to get a backtrace., referer: http://2blog.ilc.edu.tw
[Mon Aug 24 08:56:40.694560 2026] [php7:error] [pid 3447846:tid 3447846] [client 2001:288:a201::66:125:10416] script '/var/www/html/2blog/active.php' not found or unable to stat
[Mon Aug 24 08:56:41.851891 2026] [core:error] [pid 3452509:tid 3452509] [client 74.7.242.54:60166] AH00124: Request exceeded the limit of 10 internal redirects due to probable configuration error. Use 'LimitInternalRecursion' to increase the limit if necessary. Use 'LogLevel debug' to get a backtrace., referer: http://2blog.ilc.edu.tw
[Mon Aug 24 08:56:42.969310 2026] [core:error] [pid 3448421:tid 3448421] [client 74.7.242.54:60182] AH00124: Request exceeded the limit of 10 internal redirects due to probable configuration error. Use 'LimitInternalRecursion' to increase the limit if necessary. Use 'LogLevel debug' to get a backtrace., referer: http://2blog.ilc.edu.tw
[Mon Aug 24 08:56:44.724554 2026] [core:error] [pid 3452532:tid 3452532] [client 74.7.242.54:60198] AH00124: Request exceeded the limit of 10 internal redirects due to probable configuration error. Use 'LimitInternalRecursion' to increase the limit if necessary. Use 'LogLevel debug' to get a backtrace., referer: http://2blog.ilc.edu.tw
[Mon Aug 24 08:56:45.608827 2026] [php7:error] [pid 3448121:tid 3448121] [client 2001:288:a201::66:125:38590] script '/var/www/html/2blog/active.php' not found or unable to stat
[Mon Aug 24 08:56:47.357747 2026] [core:error] [pid 3452528:tid 3452528] [client 74.7.242.54:60204] AH00124: Request exceeded the limit of 10 internal redirects due to probable configuration error. Use 'LimitInternalRecursion' to increase the limit if necessary. Use 'LogLevel debug' to get a backtrace., referer: http://2blog.ilc.edu.tw
[Mon Aug 24 08:56:50.694968 2026] [php7:error] [pid 3452631:tid 3452631] [client 2001:288:a201::66:125:10523] script '/var/www/html/2blog/active.php' not found or unable to stat
[Mon Aug 24 08:56:51.187409 2026] [core:error] [pid 3447986:tid 3447986] [client 74.7.242.54:35596] AH00124: Request exceeded the limit of 10 internal redirects due to probable configuration error. Use 'LimitInternalRecursion' to increase the limit if necessary. Use 'LogLevel debug' to get a backtrace., referer: http://2blog.ilc.edu.tw
[Mon Aug 24 08:56:55.606804 2026] [php7:error] [pid 3447846:tid 3447846] [client 2001:288:a201::66:125:45447] script '/var/www/html/2blog/active.php' not found or unable to stat
[Mon Aug 24 08:56:56.861069 2026] [core:error] [pid 3447990:tid 3447990] [client 74.7.242.54:35612] AH00124: Request exceeded the limit of 10 internal redirects due to probable configuration error. Use 'LimitInternalRecursion' to increase the limit if necessary. Use 'LogLevel debug' to get a backtrace., referer: http://2blog.ilc.edu.tw
[Mon Aug 24 08:57:00.692017 2026] [php7:error] [pid 3448427:tid 3448427] [client 2001:288:a201::66:125:36216] script '/var/www/html/2blog/active.php' not found or unable to stat
[Mon Aug 24 08:57:05.602588 2026] [php7:error] [pid 3452611:tid 3452611] [client 2001:288:a201::66:125:45553] script '/var/www/html/2blog/active.php' not found or unable to stat
[Mon Aug 24 08:57:05.834654 2026] [core:error] [pid 3452631:tid 3452631] [client 74.7.242.54:41510] AH00124: Request exceeded the limit of 10 internal redirects due to probable configuration error. Use 'LimitInternalRecursion' to increase the limit if necessary. Use 'LogLevel debug' to get a backtrace., referer: http://2blog.ilc.edu.tw
[Mon Aug 24 08:57:10.597039 2026] [php7:error] [pid 3447835:tid 3447835] [client 2001:288:a201::66:125:10127] script '/var/www/html/2blog/active.php' not found or unable to stat
[Mon Aug 24 08:57:15.604373 2026] [php7:error] [pid 3452528:tid 3452528] [client 2001:288:a201::66:125:38843] script '/var/www/html/2blog/active.php' not found or unable to stat
[Mon Aug 24 08:57:19.340844 2026] [core:error] [pid 3452653:tid 3452653] [client 74.7.242.54:42148] AH00124: Request exceeded the limit of 10 internal redirects due to probable configuration error. Use 'LimitInternalRecursion' to increase the limit if necessary. Use 'LogLevel debug' to get a backtrace., referer: http://2blog.ilc.edu.tw
[Mon Aug 24 08:57:21.248144 2026] [php7:error] [pid 3452632:tid 3452632] [client 2001:288:a201::66:125:4202] script '/var/www/html/2blog/active.php' not found or unable to stat
[Mon Aug 24 08:57:25.602915 2026] [php7:error] [pid 3452535:tid 3452535] [client 2001:288:a201::66:125:45804] script '/var/www/html/2blog/active.php' not found or unable to stat
[Mon Aug 24 08:57:30.685214 2026] [php7:error] [pid 3452616:tid 3452616] [client 2001:288:a201::66:125:4331] script '/var/www/html/2blog/active.php' not found or unable to stat
[Mon Aug 24 08:57:35.602640 2026] [php7:error] [pid 3452637:tid 3452637] [client 2001:288:a201::66:125:55702] script '/var/www/html/2blog/active.php' not found or unable to stat
[Mon Aug 24 08:57:39.161793 2026] [core:error] [pid 3452675:tid 3452675] [client 74.7.242.54:38754] AH00124: Request exceeded the limit of 10 internal redirects due to probable configuration error. Use 'LimitInternalRecursion' to increase the limit if necessary. Use 'LogLevel debug' to get a backtrace., referer: http://2blog.ilc.edu.tw
[Mon Aug 24 08:57:40.686064 2026] [php7:error] [pid 3447957:tid 3447957] [client 2001:288:a201::66:125:39034] script '/var/www/html/2blog/active.php' not found or unable to stat
[Mon Aug 24 08:57:45.604992 2026] [php7:error] [pid 3452530:tid 3452530] [client 2001:288:a201::66:125:56704] script '/var/www/html/2blog/active.php' not found or unable to stat
[Mon Aug 24 08:57:50.611929 2026] [php7:error] [pid 3452530:tid 3452530] [client 2001:288:a201::66:125:46085] script '/var/www/html/2blog/active.php' not found or unable to stat
[Mon Aug 24 08:57:55.598548 2026] [php7:error] [pid 3447990:tid 3447990] [client 2001:288:a201::66:125:4524] script '/var/www/html/2blog/active.php' not found or unable to stat
[Mon Aug 24 08:58:00.683434 2026] [php7:error] [pid 3452630:tid 3452630] [client 2001:288:a201::66:125:39257] script '/var/www/html/2blog/active.php' not found or unable to stat
[Mon Aug 24 08:58:03.711134 2026] [core:error] [pid 3447874:tid 3447874] [client 74.7.242.54:39596] AH00124: Request exceeded the limit of 10 internal redirects due to probable configuration error. Use 'LimitInternalRecursion' to increase the limit if necessary. Use 'LogLevel debug' to get a backtrace., referer: http://2blog.ilc.edu.tw
[Mon Aug 24 08:58:05.597268 2026] [php7:error] [pid 3452656:tid 3452656] [client 2001:288:a201::66:125:58732] script '/var/www/html/2blog/active.php' not found or unable to stat
[Mon Aug 24 08:58:10.687845 2026] [php7:error] [pid 3452743:tid 3452743] [client 2001:288:a201::66:125:10960] script '/var/www/html/2blog/active.php' not found or unable to stat
[Mon Aug 24 08:58:15.605010 2026] [php7:error] [pid 3447874:tid 3447874] [client 2001:288:a201::66:125:11021] script '/var/www/html/2blog/active.php' not found or unable to stat
[Mon Aug 24 08:58:20.693127 2026] [php7:error] [pid 3452616:tid 3452616] [client 2001:288:a201::66:125:11039] script '/var/www/html/2blog/active.php' not found or unable to stat
[Mon Aug 24 08:58:22.868271 2026] [core:error] [pid 3452616:tid 3452616] [client 74.7.242.54:34204] AH00124: Request exceeded the limit of 10 internal redirects due to probable configuration error. Use 'LimitInternalRecursion' to increase the limit if necessary. Use 'LogLevel debug' to get a backtrace., referer: http://2blog.ilc.edu.tw
[Mon Aug 24 08:58:25.606582 2026] [php7:error] [pid 3452656:tid 3452656] [client 2001:288:a201::66:125:39573] script '/var/www/html/2blog/active.php' not found or unable to stat
[Mon Aug 24 08:58:30.598098 2026] [php7:error] [pid 3452738:tid 3452738] [client 2001:288:a201::66:125:11104] script '/var/www/html/2blog/active.php' not found or unable to stat
[Mon Aug 24 08:58:35.601276 2026] [php7:error] [pid 3452663:tid 3452663] [client 2001:288:a201::66:125:46545] script '/var/www/html/2blog/active.php' not found or unable to stat
[Mon Aug 24 08:58:40.695185 2026] [php7:error] [pid 3447990:tid 3447990] [client 2001:288:a201::66:125:39803] script '/var/www/html/2blog/active.php' not found or unable to stat
[Mon Aug 24 08:58:43.350928 2026] [core:error] [pid 3452742:tid 3452742] [client 74.7.242.54:33578] AH00124: Request exceeded the limit of 10 internal redirects due to probable configuration error. Use 'LimitInternalRecursion' to increase the limit if necessary. Use 'LogLevel debug' to get a backtrace., referer: http://2blog.ilc.edu.tw
[Mon Aug 24 08:58:45.612594 2026] [php7:error] [pid 3452743:tid 3452743] [client 2001:288:a201::66:125:46651] script '/var/www/html/2blog/active.php' not found or unable to stat
[Mon Aug 24 08:58:50.597069 2026] [php7:error] [pid 3452743:tid 3452743] [client 2001:288:a201::66:125:39919] script '/var/www/html/2blog/active.php' not found or unable to stat
[Mon Aug 24 08:58:55.608220 2026] [php7:error] [pid 3452742:tid 3452742] [client 2001:288:a201::66:125:37402] script '/var/www/html/2blog/active.php' not found or unable to stat
[Mon Aug 24 08:59:00.626669 2026] [php7:error] [pid 3452530:tid 3452530] [client 2001:288:a201::66:125:39993] script '/var/www/html/2blog/active.php' not found or unable to stat
[Mon Aug 24 08:59:05.295439 2026] [core:error] [pid 3452740:tid 3452740] [client 74.7.242.54:57442] AH00124: Request exceeded the limit of 10 internal redirects due to probable configuration error. Use 'LimitInternalRecursion' to increase the limit if necessary. Use 'LogLevel debug' to get a backtrace., referer: http://2blog.ilc.edu.tw
[Mon Aug 24 08:59:05.606443 2026] [php7:error] [pid 3452762:tid 3452762] [client 2001:288:a201::66:125:37556] script '/var/www/html/2blog/active.php' not found or unable to stat
[Mon Aug 24 08:59:10.693880 2026] [php7:error] [pid 3452824:tid 3452824] [client 2001:288:a201::66:125:37604] script '/var/www/html/2blog/active.php' not found or unable to stat
[Mon Aug 24 08:59:15.602745 2026] [php7:error] [pid 3452814:tid 3452814] [client 2001:288:a201::66:125:46958] script '/var/www/html/2blog/active.php' not found or unable to stat
[Mon Aug 24 08:59:20.682467 2026] [php7:error] [pid 3452781:tid 3452781] [client 2001:288:a201::66:125:5262] script '/var/www/html/2blog/active.php' not found or unable to stat
[Mon Aug 24 08:59:25.417977 2026] [core:error] [pid 3452817:tid 3452817] [client 74.7.242.54:45452] AH00124: Request exceeded the limit of 10 internal redirects due to probable configuration error. Use 'LimitInternalRecursion' to increase the limit if necessary. Use 'LogLevel debug' to get a backtrace., referer: http://2blog.ilc.edu.tw
[Mon Aug 24 08:59:26.005739 2026] [php7:error] [pid 3452656:tid 3452656] [client 2001:288:a201::66:125:47087] script '/var/www/html/2blog/active.php' not found or unable to stat
[Mon Aug 24 08:59:30.603040 2026] [php7:error] [pid 3452813:tid 3452813] [client 2001:288:a201::66:125:47163] script '/var/www/html/2blog/active.php' not found or unable to stat
[Mon Aug 24 08:59:35.613492 2026] [php7:error] [pid 3452657:tid 3452657] [client 2001:288:a201::66:125:40440] script '/var/www/html/2blog/active.php' not found or unable to stat
[Mon Aug 24 08:59:40.603113 2026] [php7:error] [pid 3452663:tid 3452663] [client 2001:288:a201::66:125:11508] script '/var/www/html/2blog/active.php' not found or unable to stat
[Mon Aug 24 08:59:42.113227 2026] [php7:error] [pid 3447990:tid 3447990] [client 34.73.59.67:57414] script '/var/www/html/2blog/phpinfo.php' not found or unable to stat
[Mon Aug 24 08:59:42.201681 2026] [php7:error] [pid 3452802:tid 3452802] [client 34.73.59.67:57450] script '/var/www/html/2blog/info.php' not found or unable to stat
[Mon Aug 24 08:59:42.253450 2026] [php7:error] [pid 3452762:tid 3452762] [client 34.73.59.67:57388] script '/var/www/html/2blog/pi.php' not found or unable to stat
[Mon Aug 24 08:59:42.312562 2026] [php7:error] [pid 3452839:tid 3452839] [client 34.73.59.67:57402] script '/var/www/html/2blog/i.php' not found or unable to stat
[Mon Aug 24 08:59:42.321136 2026] [php7:error] [pid 3447990:tid 3447990] [client 34.73.59.67:57414] script '/var/www/html/2blog/test.php' not found or unable to stat
[Mon Aug 24 08:59:42.426581 2026] [php7:error] [pid 3452802:tid 3452802] [client 34.73.59.67:57450] script '/var/www/html/2blog/app_dev.php' not found or unable to stat
[Mon Aug 24 08:59:42.891238 2026] [authz_core:error] [pid 3452839:tid 3452839] [client 34.73.59.67:57402] AH01630: client denied by server configuration: /var/www/html/2blog/server-status
[Mon Aug 24 08:59:44.770311 2026] [authz_core:error] [pid 3452762:tid 3452762] [client 34.73.59.67:57388] AH01630: client denied by server configuration: /var/www/html/2blog/.htpasswd
[Mon Aug 24 08:59:45.612898 2026] [php7:error] [pid 3447874:tid 3447874] [client 2001:288:a201::66:125:11570] script '/var/www/html/2blog/active.php' not found or unable to stat
[Mon Aug 24 08:59:46.227367 2026] [core:error] [pid 3452781:tid 3452781] [client 74.7.242.54:39838] AH00124: Request exceeded the limit of 10 internal redirects due to probable configuration error. Use 'LimitInternalRecursion' to increase the limit if necessary. Use 'LogLevel debug' to get a backtrace., referer: http://2blog.ilc.edu.tw
[Mon Aug 24 08:59:50.599044 2026] [php7:error] [pid 3452663:tid 3452663] [client 2001:288:a201::66:125:38041] script '/var/www/html/2blog/active.php' not found or unable to stat
[Mon Aug 24 08:59:55.608385 2026] [php7:error] [pid 3447874:tid 3447874] [client 2001:288:a201::66:125:38118] script '/var/www/html/2blog/active.php' not found or unable to stat
[Mon Aug 24 09:00:00.687007 2026] [php7:error] [pid 3452865:tid 3452865] [client 2001:288:a201::66:125:47391] script '/var/www/html/2blog/active.php' not found or unable to stat
[Mon Aug 24 09:00:03.034430 2026] [php7:notice] [pid 3452865:tid 3452865] [client 2408:864e:8000:109::7d:59886] [WP STATISTICS] [ERROR]: Error opening database file (/var/www/html/2blog/wp-content/uploads/sites/1249/wp-statistics/GeoLite2-City.mmdb). Is this a valid MaxMind DB file?
[Mon Aug 24 09:00:03.246332 2026] [php7:notice] [pid 3452865:tid 3452865] [client 2408:864e:8000:109::7d:59886] [WP STATISTICS] [ERROR]: Error opening database file (/var/www/html/2blog/wp-content/uploads/sites/1249/wp-statistics/GeoLite2-City.mmdb). Is this a valid MaxMind DB file?
[Mon Aug 24 09:00:04.313060 2026] [php7:notice] [pid 3452865:tid 3452865] [client 2408:864e:8000:109::7d:59886] [WP STATISTICS] [ERROR]: Error opening database file (/var/www/html/2blog/wp-content/uploads/sites/1249/wp-statistics/GeoLite2-City.mmdb). Is this a valid MaxMind DB file?