[Sun Aug 23 07:30:00.601724 2026] [php7:error] [pid 1949531:tid 1949531] [client 2001:288:a201::66:125:27499] script '/var/www/html/2blog/active.php' not found or unable to stat
[Sun Aug 23 07:30:04.091340 2026] [core:error] [pid 1949531:tid 1949531] [client 74.7.242.54:48826] AH00124: Request exceeded the limit of 10 internal redirects due to probable configuration error. Use 'LimitInternalRecursion' to increase the limit if necessary. Use 'LogLevel debug' to get a backtrace., referer: http://2blog.ilc.edu.tw
[Sun Aug 23 07:30:05.627597 2026] [php7:error] [pid 1949495:tid 1949495] [client 2001:288:a201::66:125:13803] script '/var/www/html/2blog/active.php' not found or unable to stat
[Sun Aug 23 07:30:10.614571 2026] [php7:error] [pid 1949525:tid 1949525] [client 2001:288:a201::66:125:7527] script '/var/www/html/2blog/active.php' not found or unable to stat
[Sun Aug 23 07:30:15.624915 2026] [php7:error] [pid 1949495:tid 1949495] [client 2001:288:a201::66:125:40981] script '/var/www/html/2blog/active.php' not found or unable to stat
[Sun Aug 23 07:30:20.622436 2026] [php7:error] [pid 1952827:tid 1952827] [client 2001:288:a201::66:125:13961] script '/var/www/html/2blog/active.php' not found or unable to stat
[Sun Aug 23 07:30:25.007189 2026] [core:error] [pid 1949472:tid 1949472] [client 74.7.242.54:45518] AH00124: Request exceeded the limit of 10 internal redirects due to probable configuration error. Use 'LimitInternalRecursion' to increase the limit if necessary. Use 'LogLevel debug' to get a backtrace., referer: http://2blog.ilc.edu.tw
[Sun Aug 23 07:30:25.625708 2026] [php7:error] [pid 1949547:tid 1949547] [client 2001:288:a201::66:125:41066] script '/var/www/html/2blog/active.php' not found or unable to stat
[Sun Aug 23 07:30:30.606231 2026] [php7:error] [pid 1949494:tid 1949494] [client 2001:288:a201::66:125:59822] script '/var/www/html/2blog/active.php' not found or unable to stat
[Sun Aug 23 07:30:35.624647 2026] [php7:error] [pid 1949494:tid 1949494] [client 2001:288:a201::66:125:39886] script '/var/www/html/2blog/active.php' not found or unable to stat
[Sun Aug 23 07:30:40.631317 2026] [php7:error] [pid 1949525:tid 1949525] [client 2001:288:a201::66:125:39958] script '/var/www/html/2blog/active.php' not found or unable to stat
[Sun Aug 23 07:30:45.631229 2026] [php7:error] [pid 1949411:tid 1949411] [client 2001:288:a201::66:125:49742] script '/var/www/html/2blog/active.php' not found or unable to stat
[Sun Aug 23 07:30:46.052630 2026] [core:error] [pid 1949489:tid 1949489] [client 74.7.242.54:33784] AH00124: Request exceeded the limit of 10 internal redirects due to probable configuration error. Use 'LimitInternalRecursion' to increase the limit if necessary. Use 'LogLevel debug' to get a backtrace., referer: http://2blog.ilc.edu.tw
[Sun Aug 23 07:30:50.616001 2026] [php7:error] [pid 1952827:tid 1952827] [client 2001:288:a201::66:125:59964] script '/var/www/html/2blog/active.php' not found or unable to stat
[Sun Aug 23 07:30:52.123836 2026] [php7:notice] [pid 1949526:tid 1949526] [client 2409:8c54:3810:d:203:0:200:25:58124] [WP STATISTICS] [ERROR]: Error opening database file (/var/www/html/2blog/wp-content/uploads/sites/428/wp-statistics/GeoLite2-City.mmdb). Is this a valid MaxMind DB file?
[Sun Aug 23 07:30:52.283995 2026] [php7:notice] [pid 1949526:tid 1949526] [client 2409:8c54:3810:d:203:0:200:25:58124] [WP STATISTICS] [ERROR]: Error opening database file (/var/www/html/2blog/wp-content/uploads/sites/428/wp-statistics/GeoLite2-City.mmdb). Is this a valid MaxMind DB file?
[Sun Aug 23 07:30:55.754682 2026] [php7:error] [pid 1954144:tid 1954144] [client 2001:288:a201::66:125:27997] script '/var/www/html/2blog/active.php' not found or unable to stat
[Sun Aug 23 07:31:00.639848 2026] [php7:error] [pid 1952827:tid 1952827] [client 2001:288:a201::66:125:40198] script '/var/www/html/2blog/active.php' not found or unable to stat
[Sun Aug 23 07:31:04.495391 2026] [php7:notice] [pid 1949411:tid 1949411] [client 240e:914:b001:3:7fff:ffff:ffff:ffee:24506] [WP STATISTICS] [ERROR]: Error opening database file (/var/www/html/2blog/wp-content/uploads/sites/428/wp-statistics/GeoLite2-City.mmdb). Is this a valid MaxMind DB file?
[Sun Aug 23 07:31:04.647747 2026] [php7:notice] [pid 1949411:tid 1949411] [client 240e:914:b001:3:7fff:ffff:ffff:ffee:24506] [WP STATISTICS] [ERROR]: Error opening database file (/var/www/html/2blog/wp-content/uploads/sites/428/wp-statistics/GeoLite2-City.mmdb). Is this a valid MaxMind DB file?
[Sun Aug 23 07:31:05.649484 2026] [php7:error] [pid 1949525:tid 1949525] [client 2001:288:a201::66:125:7845] script '/var/www/html/2blog/active.php' not found or unable to stat
[Sun Aug 23 07:31:06.599370 2026] [core:error] [pid 1954134:tid 1954134] [client 74.7.242.54:58012] AH00124: Request exceeded the limit of 10 internal redirects due to probable configuration error. Use 'LimitInternalRecursion' to increase the limit if necessary. Use 'LogLevel debug' to get a backtrace., referer: http://2blog.ilc.edu.tw
[Sun Aug 23 07:31:10.627307 2026] [php7:error] [pid 1949405:tid 1949405] [client 2001:288:a201::66:125:40300] script '/var/www/html/2blog/active.php' not found or unable to stat
[Sun Aug 23 07:31:15.612437 2026] [php7:error] [pid 1949526:tid 1949526] [client 2001:288:a201::66:125:52832] script '/var/www/html/2blog/active.php' not found or unable to stat
[Sun Aug 23 07:31:20.689895 2026] [php7:error] [pid 1954155:tid 1954155] [client 2001:288:a201::66:125:14375] script '/var/www/html/2blog/active.php' not found or unable to stat
[Sun Aug 23 07:31:25.618796 2026] [php7:error] [pid 1954144:tid 1954144] [client 2001:288:a201::66:125:28264] script '/var/www/html/2blog/active.php' not found or unable to stat
[Sun Aug 23 07:31:27.682977 2026] [core:error] [pid 1954155:tid 1954155] [client 74.7.242.54:40044] AH00124: Request exceeded the limit of 10 internal redirects due to probable configuration error. Use 'LimitInternalRecursion' to increase the limit if necessary. Use 'LogLevel debug' to get a backtrace., referer: http://2blog.ilc.edu.tw
[Sun Aug 23 07:31:30.693095 2026] [php7:error] [pid 1954157:tid 1954157] [client 2001:288:a201::66:125:14455] script '/var/www/html/2blog/active.php' not found or unable to stat
[Sun Aug 23 07:31:35.609798 2026] [php7:error] [pid 1954132:tid 1954132] [client 2001:288:a201::66:125:41725] script '/var/www/html/2blog/active.php' not found or unable to stat
[Sun Aug 23 07:31:38.753489 2026] [php7:error] [pid 1954132:tid 1954132] [client 85.208.96.194:35792] script '/var/www/html/2blog/summary.php' not found or unable to stat
[Sun Aug 23 07:31:40.687745 2026] [php7:error] [pid 1954157:tid 1954157] [client 2001:288:a201::66:125:8079] script '/var/www/html/2blog/active.php' not found or unable to stat
[Sun Aug 23 07:31:45.606476 2026] [php7:error] [pid 1954141:tid 1954141] [client 2001:288:a201::66:125:28550] script '/var/www/html/2blog/active.php' not found or unable to stat
[Sun Aug 23 07:31:49.240255 2026] [core:error] [pid 1949525:tid 1949525] [client 74.7.242.54:47460] AH00124: Request exceeded the limit of 10 internal redirects due to probable configuration error. Use 'LimitInternalRecursion' to increase the limit if necessary. Use 'LogLevel debug' to get a backtrace., referer: http://2blog.ilc.edu.tw
[Sun Aug 23 07:31:50.597825 2026] [php7:error] [pid 1949494:tid 1949494] [client 2001:288:a201::66:125:60263] script '/var/www/html/2blog/active.php' not found or unable to stat
[Sun Aug 23 07:31:53.472832 2026] [php7:notice] [pid 1949529:tid 1949529] [client 2409:877c:8a0:e:0:1:0:101:10232] [WP STATISTICS] [ERROR]: Error opening database file (/var/www/html/2blog/wp-content/uploads/sites/428/wp-statistics/GeoLite2-City.mmdb). Is this a valid MaxMind DB file?
[Sun Aug 23 07:31:53.626707 2026] [php7:notice] [pid 1949529:tid 1949529] [client 2409:877c:8a0:e:0:1:0:101:10232] [WP STATISTICS] [ERROR]: Error opening database file (/var/www/html/2blog/wp-content/uploads/sites/428/wp-statistics/GeoLite2-City.mmdb). Is this a valid MaxMind DB file?
[Sun Aug 23 07:31:55.600909 2026] [php7:error] [pid 1949525:tid 1949525] [client 2001:288:a201::66:125:40653] script '/var/www/html/2blog/active.php' not found or unable to stat
[Sun Aug 23 07:32:00.677087 2026] [php7:error] [pid 1949526:tid 1949526] [client 2001:288:a201::66:125:8176] script '/var/www/html/2blog/active.php' not found or unable to stat
[Sun Aug 23 07:32:05.601609 2026] [php7:error] [pid 1954153:tid 1954153] [client 2001:288:a201::66:125:28732] script '/var/www/html/2blog/active.php' not found or unable to stat
[Sun Aug 23 07:32:10.689637 2026] [php7:error] [pid 1954241:tid 1954241] [client 2001:288:a201::66:125:40786] script '/var/www/html/2blog/active.php' not found or unable to stat
[Sun Aug 23 07:32:15.607033 2026] [php7:error] [pid 1954247:tid 1954247] [client 2001:288:a201::66:125:14831] script '/var/www/html/2blog/active.php' not found or unable to stat
[Sun Aug 23 07:32:20.687189 2026] [php7:error] [pid 1954145:tid 1954145] [client 2001:288:a201::66:125:59588] script '/var/www/html/2blog/active.php' not found or unable to stat
[Sun Aug 23 07:32:25.609869 2026] [php7:error] [pid 1954153:tid 1954153] [client 2001:288:a201::66:125:60460] script '/var/www/html/2blog/active.php' not found or unable to stat
[Sun Aug 23 07:32:30.688401 2026] [php7:error] [pid 1949529:tid 1949529] [client 2001:288:a201::66:125:60530] script '/var/www/html/2blog/active.php' not found or unable to stat
[Sun Aug 23 07:32:35.599349 2026] [php7:error] [pid 1954135:tid 1954135] [client 2001:288:a201::66:125:8401] script '/var/www/html/2blog/active.php' not found or unable to stat
[Sun Aug 23 07:32:40.680085 2026] [php7:error] [pid 1954250:tid 1954250] [client 2001:288:a201::66:125:60607] script '/var/www/html/2blog/active.php' not found or unable to stat
[Sun Aug 23 07:32:45.696723 2026] [php7:error] [pid 1949529:tid 1949529] [client 2001:288:a201::66:125:60692] script '/var/www/html/2blog/active.php' not found or unable to stat
[Sun Aug 23 07:32:50.684085 2026] [php7:error] [pid 1954250:tid 1954250] [client 2001:288:a201::66:125:42295] script '/var/www/html/2blog/active.php' not found or unable to stat
[Sun Aug 23 07:32:55.603466 2026] [php7:error] [pid 1954250:tid 1954250] [client 2001:288:a201::66:125:60746] script '/var/www/html/2blog/active.php' not found or unable to stat
[Sun Aug 23 07:33:00.688163 2026] [php7:error] [pid 1954282:tid 1954282] [client 2001:288:a201::66:125:8539] script '/var/www/html/2blog/active.php' not found or unable to stat
[Sun Aug 23 07:33:05.598567 2026] [php7:error] [pid 1954252:tid 1954252] [client 2001:288:a201::66:125:29269] script '/var/www/html/2blog/active.php' not found or unable to stat
[Sun Aug 23 07:33:10.618001 2026] [php7:error] [pid 1949411:tid 1949411] [client 2001:288:a201::66:125:41092] script '/var/www/html/2blog/active.php' not found or unable to stat
[Sun Aug 23 07:33:15.617051 2026] [php7:error] [pid 1954296:tid 1954296] [client 2001:288:a201::66:125:41131] script '/var/www/html/2blog/active.php' not found or unable to stat
[Sun Aug 23 07:33:20.694780 2026] [php7:error] [pid 1954135:tid 1954135] [client 2001:288:a201::66:125:60949] script '/var/www/html/2blog/active.php' not found or unable to stat
[Sun Aug 23 07:33:25.614567 2026] [php7:error] [pid 1954250:tid 1954250] [client 2001:288:a201::66:125:15387] script '/var/www/html/2blog/active.php' not found or unable to stat
[Sun Aug 23 07:33:26.246859 2026] [php7:error] [pid 1949526:tid 1949526] [client 44.201.18.32:60278] script '/var/www/html/2blog/phpinfo.php' not found or unable to stat
[Sun Aug 23 07:33:26.479720 2026] [php7:error] [pid 1949526:tid 1949526] [client 44.201.18.32:60278] script '/var/www/html/2blog/info.php' not found or unable to stat
[Sun Aug 23 07:33:26.712450 2026] [php7:error] [pid 1949526:tid 1949526] [client 44.201.18.32:60278] script '/var/www/html/2blog/php.php' not found or unable to stat
[Sun Aug 23 07:33:26.945182 2026] [php7:error] [pid 1949526:tid 1949526] [client 44.201.18.32:60278] script '/var/www/html/2blog/i.php' not found or unable to stat
[Sun Aug 23 07:33:27.178418 2026] [php7:error] [pid 1949526:tid 1949526] [client 44.201.18.32:60278] script '/var/www/html/2blog/pi.php' not found or unable to stat
[Sun Aug 23 07:33:27.411313 2026] [php7:error] [pid 1949526:tid 1949526] [client 44.201.18.32:60278] script '/var/www/html/2blog/pinfo.php' not found or unable to stat
[Sun Aug 23 07:33:27.644224 2026] [php7:error] [pid 1949526:tid 1949526] [client 44.201.18.32:60278] script '/var/www/html/2blog/test.php' not found or unable to stat
[Sun Aug 23 07:33:28.252745 2026] [php7:error] [pid 1949526:tid 1949526] [client 44.201.18.32:60278] script '/var/www/html/2blog/p.php' not found or unable to stat
[Sun Aug 23 07:33:28.485748 2026] [php7:error] [pid 1949526:tid 1949526] [client 44.201.18.32:60278] script '/var/www/html/2blog/debug.php' not found or unable to stat
[Sun Aug 23 07:33:28.718608 2026] [php7:error] [pid 1949526:tid 1949526] [client 44.201.18.32:60278] script '/var/www/html/2blog/phpinfo.php' not found or unable to stat
[Sun Aug 23 07:33:28.951718 2026] [php7:error] [pid 1949526:tid 1949526] [client 44.201.18.32:60278] script '/var/www/html/2blog/phpinfo.php' not found or unable to stat
[Sun Aug 23 07:33:29.184661 2026] [php7:error] [pid 1949526:tid 1949526] [client 44.201.18.32:60278] script '/var/www/html/2blog/phpinfo.php' not found or unable to stat
[Sun Aug 23 07:33:29.418456 2026] [php7:error] [pid 1949526:tid 1949526] [client 44.201.18.32:60278] script '/var/www/html/2blog/phpinfo.php' not found or unable to stat
[Sun Aug 23 07:33:29.651544 2026] [php7:error] [pid 1949526:tid 1949526] [client 44.201.18.32:60278] script '/var/www/html/2blog/phpinfo.php' not found or unable to stat
[Sun Aug 23 07:33:29.884584 2026] [php7:error] [pid 1949526:tid 1949526] [client 44.201.18.32:60278] script '/var/www/html/2blog/phpinfo.php' not found or unable to stat
[Sun Aug 23 07:33:30.492525 2026] [php7:error] [pid 1949526:tid 1949526] [client 44.201.18.32:60278] script '/var/www/html/2blog/php-info.php' not found or unable to stat
[Sun Aug 23 07:33:30.694059 2026] [php7:error] [pid 1954252:tid 1954252] [client 2001:288:a201::66:125:29515] script '/var/www/html/2blog/active.php' not found or unable to stat
[Sun Aug 23 07:33:30.725787 2026] [php7:error] [pid 1949526:tid 1949526] [client 44.201.18.32:60278] script '/var/www/html/2blog/phpversion.php' not found or unable to stat
[Sun Aug 23 07:33:30.959154 2026] [php7:error] [pid 1949526:tid 1949526] [client 44.201.18.32:60278] script '/var/www/html/2blog/_phpinfo.php' not found or unable to stat
[Sun Aug 23 07:33:31.193373 2026] [php7:error] [pid 1949526:tid 1949526] [client 44.201.18.32:60278] script '/var/www/html/2blog/old_phpinfo.php' not found or unable to stat
[Sun Aug 23 07:33:31.426297 2026] [php7:error] [pid 1949526:tid 1949526] [client 44.201.18.32:60278] script '/var/www/html/2blog/server-info.php' not found or unable to stat
[Sun Aug 23 07:33:31.659196 2026] [php7:error] [pid 1949526:tid 1949526] [client 44.201.18.32:60278] script '/var/www/html/2blog/server-status.php' not found or unable to stat
[Sun Aug 23 07:33:33.288783 2026] [php7:error] [pid 1949526:tid 1949526] [client 44.201.18.32:60278] script '/var/www/html/2blog/phpinfo.php' not found or unable to stat
[Sun Aug 23 07:33:33.521831 2026] [php7:error] [pid 1949526:tid 1949526] [client 44.201.18.32:60278] script '/var/www/html/2blog/phpinfo.php' not found or unable to stat
[Sun Aug 23 07:33:33.755000 2026] [php7:error] [pid 1949526:tid 1949526] [client 44.201.18.32:60278] script '/var/www/html/2blog/phpinfo.php' not found or unable to stat
[Sun Aug 23 07:33:33.988426 2026] [php7:error] [pid 1949526:tid 1949526] [client 44.201.18.32:60278] script '/var/www/html/2blog/phpinfo.php' not found or unable to stat
[Sun Aug 23 07:33:34.221302 2026] [php7:error] [pid 1949526:tid 1949526] [client 44.201.18.32:60278] script '/var/www/html/2blog/phpinfo.php' not found or unable to stat
[Sun Aug 23 07:33:35.612193 2026] [php7:error] [pid 1949525:tid 1949525] [client 2001:288:a201::66:125:42957] script '/var/www/html/2blog/active.php' not found or unable to stat
[Sun Aug 23 07:33:36.367414 2026] [php7:error] [pid 1949526:tid 1949526] [client 44.201.18.32:60278] script '/var/www/html/2blog/phpinfo.php' not found or unable to stat
[Sun Aug 23 07:33:36.600745 2026] [php7:error] [pid 1949526:tid 1949526] [client 44.201.18.32:60278] script '/var/www/html/2blog/phpinfo.php' not found or unable to stat
[Sun Aug 23 07:33:36.833678 2026] [php7:error] [pid 1949526:tid 1949526] [client 44.201.18.32:60278] script '/var/www/html/2blog/phpinfo.php' not found or unable to stat
[Sun Aug 23 07:33:37.066823 2026] [php7:error] [pid 1949526:tid 1949526] [client 44.201.18.32:60278] script '/var/www/html/2blog/phpinfo.php' not found or unable to stat
[Sun Aug 23 07:33:37.299714 2026] [php7:error] [pid 1949526:tid 1949526] [client 44.201.18.32:60278] script '/var/www/html/2blog/phpinfo.php' not found or unable to stat
[Sun Aug 23 07:33:37.532994 2026] [php7:error] [pid 1949526:tid 1949526] [client 44.201.18.32:60278] script '/var/www/html/2blog/phpinfo.php' not found or unable to stat
[Sun Aug 23 07:33:37.765894 2026] [php7:error] [pid 1949526:tid 1949526] [client 44.201.18.32:60278] script '/var/www/html/2blog/phpinfo.php' not found or unable to stat
[Sun Aug 23 07:33:37.999204 2026] [php7:error] [pid 1949526:tid 1949526] [client 44.201.18.32:60278] script '/var/www/html/2blog/phpinfo.php' not found or unable to stat
[Sun Aug 23 07:33:38.232107 2026] [php7:error] [pid 1949526:tid 1949526] [client 44.201.18.32:60278] script '/var/www/html/2blog/phpinfo.php' not found or unable to stat
[Sun Aug 23 07:33:38.465113 2026] [php7:error] [pid 1949526:tid 1949526] [client 44.201.18.32:60278] script '/var/www/html/2blog/phpinfo.php' not found or unable to stat
[Sun Aug 23 07:33:38.698053 2026] [php7:error] [pid 1949526:tid 1949526] [client 44.201.18.32:60278] script '/var/www/html/2blog/wp-admin/phpinfo.php' not found or unable to stat
[Sun Aug 23 07:33:38.931061 2026] [php7:error] [pid 1949526:tid 1949526] [client 44.201.18.32:60278] script '/var/www/html/2blog/phpinfo.php' not found or unable to stat
[Sun Aug 23 07:33:39.164072 2026] [php7:error] [pid 1949526:tid 1949526] [client 44.201.18.32:60278] script '/var/www/html/2blog/phpinfo.php' not found or unable to stat
[Sun Aug 23 07:33:39.397408 2026] [php7:error] [pid 1949526:tid 1949526] [client 44.201.18.32:60278] script '/var/www/html/2blog/phpinfo.php' not found or unable to stat
[Sun Aug 23 07:33:40.696126 2026] [php7:error] [pid 1949411:tid 1949411] [client 2001:288:a201::66:125:39730] script '/var/www/html/2blog/active.php' not found or unable to stat
[Sun Aug 23 07:33:45.392979 2026] [core:error] [pid 1954240:tid 1954240] [client 74.7.242.54:55184] AH00124: Request exceeded the limit of 10 internal redirects due to probable configuration error. Use 'LimitInternalRecursion' to increase the limit if necessary. Use 'LogLevel debug' to get a backtrace., referer: http://2blog.ilc.edu.tw
[Sun Aug 23 07:33:45.612150 2026] [php7:error] [pid 1954311:tid 1954311] [client 2001:288:a201::66:125:43062] script '/var/www/html/2blog/active.php' not found or unable to stat
[Sun Aug 23 07:33:50.689788 2026] [php7:error] [pid 1954153:tid 1954153] [client 2001:288:a201::66:125:29680] script '/var/www/html/2blog/active.php' not found or unable to stat
[Sun Aug 23 07:33:53.603270 2026] [core:error] [pid 1954254:tid 1954254] [client 74.7.242.54:47542] AH00124: Request exceeded the limit of 10 internal redirects due to probable configuration error. Use 'LimitInternalRecursion' to increase the limit if necessary. Use 'LogLevel debug' to get a backtrace., referer: http://2blog.ilc.edu.tw
[Sun Aug 23 07:33:55.410290 2026] [core:error] [pid 1954285:tid 1954285] [client 74.7.242.54:33908] AH00124: Request exceeded the limit of 10 internal redirects due to probable configuration error. Use 'LimitInternalRecursion' to increase the limit if necessary. Use 'LogLevel debug' to get a backtrace., referer: http://2blog.ilc.edu.tw
[Sun Aug 23 07:33:55.604353 2026] [php7:error] [pid 1954153:tid 1954153] [client 2001:288:a201::66:125:41470] script '/var/www/html/2blog/active.php' not found or unable to stat
[Sun Aug 23 07:33:57.385731 2026] [core:error] [pid 1954254:tid 1954254] [client 74.7.242.54:33914] AH00124: Request exceeded the limit of 10 internal redirects due to probable configuration error. Use 'LimitInternalRecursion' to increase the limit if necessary. Use 'LogLevel debug' to get a backtrace., referer: http://2blog.ilc.edu.tw
[Sun Aug 23 07:34:00.471828 2026] [core:error] [pid 1954254:tid 1954254] [client 74.7.242.54:59560] AH00124: Request exceeded the limit of 10 internal redirects due to probable configuration error. Use 'LimitInternalRecursion' to increase the limit if necessary. Use 'LogLevel debug' to get a backtrace., referer: http://2blog.ilc.edu.tw
[Sun Aug 23 07:34:00.689061 2026] [php7:error] [pid 1954293:tid 1954293] [client 2001:288:a201::66:125:43239] script '/var/www/html/2blog/active.php' not found or unable to stat
[Sun Aug 23 07:34:05.350973 2026] [core:error] [pid 1954240:tid 1954240] [client 74.7.242.54:59564] AH00124: Request exceeded the limit of 10 internal redirects due to probable configuration error. Use 'LimitInternalRecursion' to increase the limit if necessary. Use 'LogLevel debug' to get a backtrace., referer: http://2blog.ilc.edu.tw
[Sun Aug 23 07:34:05.601355 2026] [php7:error] [pid 1954254:tid 1954254] [client 2001:288:a201::66:125:29736] script '/var/www/html/2blog/active.php' not found or unable to stat
[Sun Aug 23 07:34:10.685061 2026] [php7:error] [pid 1949529:tid 1949529] [client 2001:288:a201::66:125:43282] script '/var/www/html/2blog/active.php' not found or unable to stat
[Sun Aug 23 07:34:12.579826 2026] [core:error] [pid 1954293:tid 1954293] [client 74.7.242.54:45508] AH00124: Request exceeded the limit of 10 internal redirects due to probable configuration error. Use 'LimitInternalRecursion' to increase the limit if necessary. Use 'LogLevel debug' to get a backtrace., referer: http://2blog.ilc.edu.tw
[Sun Aug 23 07:34:15.632480 2026] [php7:error] [pid 1949411:tid 1949411] [client 2001:288:a201::66:125:61299] script '/var/www/html/2blog/active.php' not found or unable to stat
[Sun Aug 23 07:34:20.616612 2026] [php7:error] [pid 1949525:tid 1949525] [client 2001:288:a201::66:125:43353] script '/var/www/html/2blog/active.php' not found or unable to stat
[Sun Aug 23 07:34:22.838713 2026] [core:error] [pid 1954145:tid 1954145] [client 74.7.242.54:36632] AH00124: Request exceeded the limit of 10 internal redirects due to probable configuration error. Use 'LimitInternalRecursion' to increase the limit if necessary. Use 'LogLevel debug' to get a backtrace., referer: http://2blog.ilc.edu.tw
[Sun Aug 23 07:34:25.621263 2026] [php7:error] [pid 1954252:tid 1954252] [client 2001:288:a201::66:125:41727] script '/var/www/html/2blog/active.php' not found or unable to stat
[Sun Aug 23 07:34:30.600656 2026] [php7:error] [pid 1954375:tid 1954375] [client 2001:288:a201::66:125:43442] script '/var/www/html/2blog/active.php' not found or unable to stat
[Sun Aug 23 07:34:35.616947 2026] [php7:error] [pid 1954376:tid 1954376] [client 2001:288:a201::66:125:41845] script '/var/www/html/2blog/active.php' not found or unable to stat
[Sun Aug 23 07:34:38.837276 2026] [core:error] [pid 1954399:tid 1954399] [client 74.7.242.54:46254] AH00124: Request exceeded the limit of 10 internal redirects due to probable configuration error. Use 'LimitInternalRecursion' to increase the limit if necessary. Use 'LogLevel debug' to get a backtrace., referer: http://2blog.ilc.edu.tw
[Sun Aug 23 07:34:40.610916 2026] [php7:error] [pid 1954398:tid 1954398] [client 2001:288:a201::66:125:45852] script '/var/www/html/2blog/active.php' not found or unable to stat
[Sun Aug 23 07:34:45.622568 2026] [php7:error] [pid 1954396:tid 1954396] [client 2001:288:a201::66:125:43666] script '/var/www/html/2blog/active.php' not found or unable to stat
[Sun Aug 23 07:34:46.395636 2026] [php7:notice] [pid 1954296:tid 1954296] [client 34.10.180.98:15872] [WP STATISTICS] [ERROR]: Error opening database file (/var/www/html/2blog/wp-content/uploads/sites/1249/wp-statistics/GeoLite2-City.mmdb). Is this a valid MaxMind DB file?
[Sun Aug 23 07:34:50.608840 2026] [php7:error] [pid 1954398:tid 1954398] [client 2001:288:a201::66:125:16270] script '/var/www/html/2blog/active.php' not found or unable to stat
[Sun Aug 23 07:34:55.612108 2026] [php7:error] [pid 1954396:tid 1954396] [client 2001:288:a201::66:125:16283] script '/var/www/html/2blog/active.php' not found or unable to stat
[Sun Aug 23 07:35:00.231863 2026] [core:error] [pid 1954396:tid 1954396] [client 74.7.242.54:56210] AH00124: Request exceeded the limit of 10 internal redirects due to probable configuration error. Use 'LimitInternalRecursion' to increase the limit if necessary. Use 'LogLevel debug' to get a backtrace., referer: http://2blog.ilc.edu.tw
[Sun Aug 23 07:35:00.694129 2026] [php7:error] [pid 1954377:tid 1954377] [client 2001:288:a201::66:125:30194] script '/var/www/html/2blog/active.php' not found or unable to stat
[Sun Aug 23 07:35:05.619875 2026] [php7:error] [pid 1954296:tid 1954296] [client 2001:288:a201::66:125:42080] script '/var/www/html/2blog/active.php' not found or unable to stat
[Sun Aug 23 07:35:10.601860 2026] [php7:error] [pid 1954412:tid 1954412] [client 2001:288:a201::66:125:42108] script '/var/www/html/2blog/active.php' not found or unable to stat
[Sun Aug 23 07:35:15.610921 2026] [php7:error] [pid 1954297:tid 1954297] [client 2001:288:a201::66:125:16437] script '/var/www/html/2blog/active.php' not found or unable to stat
[Sun Aug 23 07:35:20.599685 2026] [php7:error] [pid 1954322:tid 1954322] [client 2001:288:a201::66:125:44063] script '/var/www/html/2blog/active.php' not found or unable to stat
[Sun Aug 23 07:35:22.236283 2026] [core:error] [pid 1954413:tid 1954413] [client 74.7.242.54:38348] AH00124: Request exceeded the limit of 10 internal redirects due to probable configuration error. Use 'LimitInternalRecursion' to increase the limit if necessary. Use 'LogLevel debug' to get a backtrace., referer: http://2blog.ilc.edu.tw
[Sun Aug 23 07:35:25.610431 2026] [php7:error] [pid 1954412:tid 1954412] [client 2001:288:a201::66:125:42204] script '/var/www/html/2blog/active.php' not found or unable to stat
[Sun Aug 23 07:35:28.254088 2026] [php7:notice] [pid 1954375:tid 1954375] [client 34.10.180.98:55296] [WP STATISTICS] [ERROR]: Error opening database file (/var/www/html/2blog/wp-content/uploads/sites/1249/wp-statistics/GeoLite2-City.mmdb). Is this a valid MaxMind DB file?
[Sun Aug 23 07:35:30.601522 2026] [php7:error] [pid 1954285:tid 1954285] [client 2001:288:a201::66:125:30399] script '/var/www/html/2blog/active.php' not found or unable to stat
[Sun Aug 23 07:35:35.618713 2026] [php7:error] [pid 1954414:tid 1954414] [client 2001:288:a201::66:125:16564] script '/var/www/html/2blog/active.php' not found or unable to stat
[Sun Aug 23 07:35:40.695177 2026] [php7:error] [pid 1954414:tid 1954414] [client 2001:288:a201::66:125:16578] script '/var/www/html/2blog/active.php' not found or unable to stat
[Sun Aug 23 07:35:42.273263 2026] [core:error] [pid 1954412:tid 1954412] [client 74.7.242.54:40206] AH00124: Request exceeded the limit of 10 internal redirects due to probable configuration error. Use 'LimitInternalRecursion' to increase the limit if necessary. Use 'LogLevel debug' to get a backtrace., referer: http://2blog.ilc.edu.tw
[Sun Aug 23 07:35:45.618566 2026] [php7:error] [pid 1958943:tid 1958943] [client 2001:288:a201::66:125:52494] script '/var/www/html/2blog/active.php' not found or unable to stat
[Sun Aug 23 07:35:50.597381 2026] [php7:error] [pid 1954285:tid 1954285] [client 2001:288:a201::66:125:61923] script '/var/www/html/2blog/active.php' not found or unable to stat
[Sun Aug 23 07:35:55.613270 2026] [php7:error] [pid 1958942:tid 1958942] [client 2001:288:a201::66:125:30691] script '/var/www/html/2blog/active.php' not found or unable to stat
[Sun Aug 23 07:35:56.466057 2026] [php7:notice] [pid 1954417:tid 1954417] [client 136.119.35.120:10240] [WP STATISTICS] [ERROR]: Error opening database file (/var/www/html/2blog/wp-content/uploads/sites/1249/wp-statistics/GeoLite2-City.mmdb). Is this a valid MaxMind DB file?
[Sun Aug 23 07:35:56.639429 2026] [php7:notice] [pid 1954417:tid 1954417] [client 136.119.35.120:10240] [WP STATISTICS] [ERROR]: Error opening database file (/var/www/html/2blog/wp-content/uploads/sites/1249/wp-statistics/GeoLite2-City.mmdb). Is this a valid MaxMind DB file?
[Sun Aug 23 07:35:57.736945 2026] [php7:notice] [pid 1954402:tid 1954402] [client 34.10.180.98:40962] [WP STATISTICS] [ERROR]: Error opening database file (/var/www/html/2blog/wp-content/uploads/sites/1249/wp-statistics/GeoLite2-City.mmdb). Is this a valid MaxMind DB file?
[Sun Aug 23 07:36:00.613932 2026] [php7:error] [pid 1958964:tid 1958964] [client 2001:288:a201::66:125:42630] script '/var/www/html/2blog/active.php' not found or unable to stat
[Sun Aug 23 07:36:03.377938 2026] [core:error] [pid 1958933:tid 1958933] [client 74.7.242.54:52872] AH00124: Request exceeded the limit of 10 internal redirects due to probable configuration error. Use 'LimitInternalRecursion' to increase the limit if necessary. Use 'LogLevel debug' to get a backtrace., referer: http://2blog.ilc.edu.tw
[Sun Aug 23 07:36:05.612302 2026] [php7:error] [pid 1958933:tid 1958933] [client 2001:288:a201::66:125:42665] script '/var/www/html/2blog/active.php' not found or unable to stat
[Sun Aug 23 07:36:10.696725 2026] [php7:error] [pid 1958968:tid 1958968] [client 2001:288:a201::66:125:42743] script '/var/www/html/2blog/active.php' not found or unable to stat
[Sun Aug 23 07:36:15.617000 2026] [php7:error] [pid 1958945:tid 1958945] [client 2001:288:a201::66:125:62178] script '/var/www/html/2blog/active.php' not found or unable to stat
[Sun Aug 23 07:36:20.613179 2026] [php7:error] [pid 1954417:tid 1954417] [client 2001:288:a201::66:125:9649] script '/var/www/html/2blog/active.php' not found or unable to stat
[Sun Aug 23 07:36:23.364917 2026] [core:error] [pid 1959031:tid 1959031] [client 74.7.242.54:50422] AH00124: Request exceeded the limit of 10 internal redirects due to probable configuration error. Use 'LimitInternalRecursion' to increase the limit if necessary. Use 'LogLevel debug' to get a backtrace., referer: http://2blog.ilc.edu.tw
[Sun Aug 23 07:36:25.597961 2026] [php7:error] [pid 1959031:tid 1959031] [client 2001:288:a201::66:125:9715] script '/var/www/html/2blog/active.php' not found or unable to stat
[Sun Aug 23 07:36:30.597577 2026] [php7:error] [pid 1954417:tid 1954417] [client 2001:288:a201::66:125:9758] script '/var/www/html/2blog/active.php' not found or unable to stat
[Sun Aug 23 07:36:35.606050 2026] [php7:error] [pid 1959036:tid 1959036] [client 2001:288:a201::66:125:57602] script '/var/www/html/2blog/active.php' not found or unable to stat
[Sun Aug 23 07:36:40.693130 2026] [php7:error] [pid 1958940:tid 1958940] [client 2001:288:a201::66:125:9843] script '/var/www/html/2blog/active.php' not found or unable to stat
[Sun Aug 23 07:36:44.209647 2026] [core:error] [pid 1954375:tid 1954375] [client 74.7.242.54:56254] AH00124: Request exceeded the limit of 10 internal redirects due to probable configuration error. Use 'LimitInternalRecursion' to increase the limit if necessary. Use 'LogLevel debug' to get a backtrace., referer: http://2blog.ilc.edu.tw
[Sun Aug 23 07:36:45.598954 2026] [php7:error] [pid 1958963:tid 1958963] [client 2001:288:a201::66:125:62358] script '/var/www/html/2blog/active.php' not found or unable to stat
[Sun Aug 23 07:36:50.677643 2026] [php7:error] [pid 1958940:tid 1958940] [client 2001:288:a201::66:125:9887] script '/var/www/html/2blog/active.php' not found or unable to stat
[Sun Aug 23 07:36:55.597682 2026] [php7:error] [pid 1959048:tid 1959048] [client 2001:288:a201::66:125:44746] script '/var/www/html/2blog/active.php' not found or unable to stat
[Sun Aug 23 07:37:00.681585 2026] [php7:error] [pid 1958963:tid 1958963] [client 2001:288:a201::66:125:43108] script '/var/www/html/2blog/active.php' not found or unable to stat
[Sun Aug 23 07:37:04.416322 2026] [core:error] [pid 1959059:tid 1959059] [client 74.7.242.54:37406] AH00124: Request exceeded the limit of 10 internal redirects due to probable configuration error. Use 'LimitInternalRecursion' to increase the limit if necessary. Use 'LogLevel debug' to get a backtrace., referer: http://2blog.ilc.edu.tw
[Sun Aug 23 07:37:05.599072 2026] [php7:error] [pid 1959039:tid 1959039] [client 2001:288:a201::66:125:43175] script '/var/www/html/2blog/active.php' not found or unable to stat
[Sun Aug 23 07:37:10.679705 2026] [php7:error] [pid 1959059:tid 1959059] [client 2001:288:a201::66:125:62575] script '/var/www/html/2blog/active.php' not found or unable to stat
[Sun Aug 23 07:37:15.601706 2026] [php7:error] [pid 1959082:tid 1959082] [client 2001:288:a201::66:125:44959] script '/var/www/html/2blog/active.php' not found or unable to stat
[Sun Aug 23 07:37:20.601491 2026] [php7:error] [pid 1954402:tid 1954402] [client 2001:288:a201::66:125:62654] script '/var/www/html/2blog/active.php' not found or unable to stat
[Sun Aug 23 07:37:25.616814 2026] [php7:error] [pid 1959078:tid 1959078] [client 2001:288:a201::66:125:43313] script '/var/www/html/2blog/active.php' not found or unable to stat
[Sun Aug 23 07:37:26.176301 2026] [core:error] [pid 1959063:tid 1959063] [client 74.7.242.54:51804] AH00124: Request exceeded the limit of 10 internal redirects due to probable configuration error. Use 'LimitInternalRecursion' to increase the limit if necessary. Use 'LogLevel debug' to get a backtrace., referer: http://2blog.ilc.edu.tw
[Sun Aug 23 07:37:30.694644 2026] [php7:error] [pid 1959102:tid 1959102] [client 2001:288:a201::66:125:35120] script '/var/www/html/2blog/active.php' not found or unable to stat
[Sun Aug 23 07:37:35.608909 2026] [php7:error] [pid 1958944:tid 1958944] [client 2001:288:a201::66:125:43405] script '/var/www/html/2blog/active.php' not found or unable to stat
[Sun Aug 23 07:37:40.692350 2026] [php7:error] [pid 1959110:tid 1959110] [client 2001:288:a201::66:125:36160] script '/var/www/html/2blog/active.php' not found or unable to stat
[Sun Aug 23 07:37:45.606498 2026] [php7:error] [pid 1958965:tid 1958965] [client 2001:288:a201::66:125:17617] script '/var/www/html/2blog/active.php' not found or unable to stat
[Sun Aug 23 07:37:46.233134 2026] [php7:notice] [pid 1959073:tid 1959073] [client 34.56.53.225:15360] [WP STATISTICS] [ERROR]: Error opening database file (/var/www/html/2blog/wp-content/uploads/sites/1249/wp-statistics/GeoLite2-City.mmdb). Is this a valid MaxMind DB file?
[Sun Aug 23 07:37:46.420015 2026] [php7:notice] [pid 1959073:tid 1959073] [client 34.56.53.225:15360] [WP STATISTICS] [ERROR]: Error opening database file (/var/www/html/2blog/wp-content/uploads/sites/1249/wp-statistics/GeoLite2-City.mmdb). Is this a valid MaxMind DB file?
[Sun Aug 23 07:37:48.606656 2026] [core:error] [pid 1958965:tid 1958965] [client 74.7.242.54:56080] AH00124: Request exceeded the limit of 10 internal redirects due to probable configuration error. Use 'LimitInternalRecursion' to increase the limit if necessary. Use 'LogLevel debug' to get a backtrace., referer: http://2blog.ilc.edu.tw
[Sun Aug 23 07:37:50.687888 2026] [php7:error] [pid 1959116:tid 1959116] [client 2001:288:a201::66:125:10318] script '/var/www/html/2blog/active.php' not found or unable to stat
[Sun Aug 23 07:37:55.606115 2026] [php7:error] [pid 1959125:tid 1959125] [client 2001:288:a201::66:125:43533] script '/var/www/html/2blog/active.php' not found or unable to stat
[Sun Aug 23 07:38:00.686561 2026] [php7:error] [pid 1959081:tid 1959081] [client 2001:288:a201::66:125:17706] script '/var/www/html/2blog/active.php' not found or unable to stat
[Sun Aug 23 07:38:05.599799 2026] [php7:error] [pid 1959115:tid 1959115] [client 2001:288:a201::66:125:17727] script '/var/www/html/2blog/active.php' not found or unable to stat
[Sun Aug 23 07:38:09.155849 2026] [core:error] [pid 1959124:tid 1959124] [client 74.7.242.54:40218] AH00124: Request exceeded the limit of 10 internal redirects due to probable configuration error. Use 'LimitInternalRecursion' to increase the limit if necessary. Use 'LogLevel debug' to get a backtrace., referer: http://2blog.ilc.edu.tw
[Sun Aug 23 07:38:10.597761 2026] [php7:error] [pid 1959075:tid 1959075] [client 2001:288:a201::66:125:45458] script '/var/www/html/2blog/active.php' not found or unable to stat
[Sun Aug 23 07:38:15.597763 2026] [php7:error] [pid 1959054:tid 1959054] [client 2001:288:a201::66:125:39766] script '/var/www/html/2blog/active.php' not found or unable to stat
[Sun Aug 23 07:38:20.679891 2026] [php7:error] [pid 1959063:tid 1959063] [client 2001:288:a201::66:125:31860] script '/var/www/html/2blog/active.php' not found or unable to stat
[Sun Aug 23 07:38:25.598002 2026] [php7:error] [pid 1959196:tid 1959196] [client 2001:288:a201::66:125:40798] script '/var/www/html/2blog/active.php' not found or unable to stat
[Sun Aug 23 07:38:27.294230 2026] [php7:notice] [pid 1959112:tid 1959112] [client 111.185.146.188:33434] [WP STATISTICS] [ERROR]: Error opening database file (/var/www/html/2blog/wp-content/uploads/sites/897/wp-statistics/GeoLite2-City.mmdb). Is this a valid MaxMind DB file?
[Sun Aug 23 07:38:27.316433 2026] [php7:notice] [pid 1959112:tid 1959112] [client 111.185.146.188:33434] [WP STATISTICS] [ERROR]: Error opening database file (/var/www/html/2blog/wp-content/uploads/sites/897/wp-statistics/GeoLite2-City.mmdb). Is this a valid MaxMind DB file?
[Sun Aug 23 07:38:30.580913 2026] [core:error] [pid 1959196:tid 1959196] [client 74.7.242.54:51792] AH00124: Request exceeded the limit of 10 internal redirects due to probable configuration error. Use 'LimitInternalRecursion' to increase the limit if necessary. Use 'LogLevel debug' to get a backtrace., referer: http://2blog.ilc.edu.tw
[Sun Aug 23 07:38:30.678400 2026] [php7:error] [pid 1959131:tid 1959131] [client 2001:288:a201::66:125:63156] script '/var/www/html/2blog/active.php' not found or unable to stat
[Sun Aug 23 07:38:35.598217 2026] [php7:error] [pid 1959122:tid 1959122] [client 2001:288:a201::66:125:10632] script '/var/www/html/2blog/active.php' not found or unable to stat
[Sun Aug 23 07:38:40.680836 2026] [php7:error] [pid 1959075:tid 1959075] [client 2001:288:a201::66:125:45681] script '/var/www/html/2blog/active.php' not found or unable to stat
[Sun Aug 23 07:38:45.601012 2026] [php7:error] [pid 1959131:tid 1959131] [client 2001:288:a201::66:125:63210] script '/var/www/html/2blog/active.php' not found or unable to stat
[Sun Aug 23 07:38:47.700718 2026] [access_compat:error] [pid 1959222:tid 1959222] [client 216.73.217.167:38098] AH01797: client denied by server configuration: /var/www/html/2blog/xmlrpc.php
[Sun Aug 23 07:38:47.813789 2026] [access_compat:error] [pid 1959216:tid 1959216] [client 216.73.217.167:40005] AH01797: client denied by server configuration: /var/www/html/2blog/xmlrpc.php
[Sun Aug 23 07:38:47.902547 2026] [access_compat:error] [pid 1959221:tid 1959221] [client 216.73.217.167:10690] AH01797: client denied by server configuration: /var/www/html/2blog/xmlrpc.php
[Sun Aug 23 07:38:48.014277 2026] [access_compat:error] [pid 1959225:tid 1959225] [client 216.73.217.167:56271] AH01797: client denied by server configuration: /var/www/html/2blog/xmlrpc.php
[Sun Aug 23 07:38:50.687939 2026] [php7:error] [pid 1959111:tid 1959111] [client 2001:288:a201::66:125:43991] script '/var/www/html/2blog/active.php' not found or unable to stat
[Sun Aug 23 07:38:51.287530 2026] [core:error] [pid 1959226:tid 1959226] [client 74.7.242.54:33284] AH00124: Request exceeded the limit of 10 internal redirects due to probable configuration error. Use 'LimitInternalRecursion' to increase the limit if necessary. Use 'LogLevel debug' to get a backtrace., referer: http://2blog.ilc.edu.tw
[Sun Aug 23 07:38:55.695588 2026] [php7:error] [pid 1959225:tid 1959225] [client 2001:288:a201::66:125:43934] script '/var/www/html/2blog/active.php' not found or unable to stat
[Sun Aug 23 07:39:00.677094 2026] [php7:error] [pid 1959240:tid 1959240] [client 2001:288:a201::66:125:45906] script '/var/www/html/2blog/active.php' not found or unable to stat
[Sun Aug 23 07:39:05.608907 2026] [php7:error] [pid 1959219:tid 1959219] [client 2001:288:a201::66:125:10805] script '/var/www/html/2blog/active.php' not found or unable to stat
[Sun Aug 23 07:39:10.686491 2026] [php7:error] [pid 1959224:tid 1959224] [client 2001:288:a201::66:125:63405] script '/var/www/html/2blog/active.php' not found or unable to stat
[Sun Aug 23 07:39:11.675393 2026] [core:error] [pid 1959239:tid 1959239] [client 74.7.242.54:36862] AH00124: Request exceeded the limit of 10 internal redirects due to probable configuration error. Use 'LimitInternalRecursion' to increase the limit if necessary. Use 'LogLevel debug' to get a backtrace., referer: http://2blog.ilc.edu.tw
[Sun Aug 23 07:39:15.604252 2026] [php7:error] [pid 1958965:tid 1958965] [client 2001:288:a201::66:125:44158] script '/var/www/html/2blog/active.php' not found or unable to stat
[Sun Aug 23 07:39:20.680544 2026] [php7:error] [pid 1959239:tid 1959239] [client 2001:288:a201::66:125:46085] script '/var/www/html/2blog/active.php' not found or unable to stat
[Sun Aug 23 07:39:25.609711 2026] [php7:error] [pid 1959220:tid 1959220] [client 2001:288:a201::66:125:18398] script '/var/www/html/2blog/active.php' not found or unable to stat
[Sun Aug 23 07:39:30.696755 2026] [php7:error] [pid 1958965:tid 1958965] [client 2001:288:a201::66:125:32676] script '/var/www/html/2blog/active.php' not found or unable to stat
[Sun Aug 23 07:39:35.618034 2026] [php7:error] [pid 1958965:tid 1958965] [client 2001:288:a201::66:125:18535] script '/var/www/html/2blog/active.php' not found or unable to stat
[Sun Aug 23 07:39:40.600637 2026] [php7:error] [pid 1959375:tid 1959375] [client 2001:288:a201::66:125:48462] script '/var/www/html/2blog/active.php' not found or unable to stat
[Sun Aug 23 07:39:42.563412 2026] [core:error] [pid 1959382:tid 1959382] [client 168.62.48.100:1066] AH00124: Request exceeded the limit of 10 internal redirects due to probable configuration error. Use 'LimitInternalRecursion' to increase the limit if necessary. Use 'LogLevel debug' to get a backtrace.
[Sun Aug 23 07:39:43.346424 2026] [php7:error] [pid 1959223:tid 1959223] [client 168.62.48.100:1082] script '/var/www/html/2blog/this_is_a_new_hello_world.php' not found or unable to stat
[Sun Aug 23 07:39:43.735886 2026] [php7:error] [pid 1959223:tid 1959223] [client 168.62.48.100:1082] script '/var/www/html/2blog/wp-includes/blocks/missing/index.php' not found or unable to stat
[Sun Aug 23 07:39:44.123558 2026] [access_compat:error] [pid 1959223:tid 1959223] [client 168.62.48.100:1082] AH01797: client denied by server configuration: /var/www/html/2blog/wp-includes/fonts/about.php
[Sun Aug 23 07:39:44.505360 2026] [php7:error] [pid 1959223:tid 1959223] [client 168.62.48.100:1082] script '/var/www/html/2blog/wp-includes/js/tinymce/index.php' not found or unable to stat
[Sun Aug 23 07:39:44.888788 2026] [php7:error] [pid 1959223:tid 1959223] [client 168.62.48.100:1082] script '/var/www/html/2blog/wp-includes/interactivity-api/index.php' not found or unable to stat
[Sun Aug 23 07:39:45.270970 2026] [php7:error] [pid 1959223:tid 1959223] [client 168.62.48.100:1082] script '/var/www/html/2blog/wp-includes/blocks/post-date/index.php' not found or unable to stat
[Sun Aug 23 07:39:45.619770 2026] [php7:error] [pid 1959380:tid 1959380] [client 2001:288:a201::66:125:18596] script '/var/www/html/2blog/active.php' not found or unable to stat
[Sun Aug 23 07:39:45.655243 2026] [access_compat:error] [pid 1959223:tid 1959223] [client 168.62.48.100:1082] AH01797: client denied by server configuration: /var/www/html/2blog/wp-includes/IXR/class-IXR-client-merge.php
[Sun Aug 23 07:39:46.037108 2026] [php7:error] [pid 1959223:tid 1959223] [client 168.62.48.100:1082] script '/var/www/html/2blog/info.php' not found or unable to stat
[Sun Aug 23 07:39:46.419386 2026] [php7:error] [pid 1959223:tid 1959223] [client 168.62.48.100:1082] script '/var/www/html/2blog/wp-includes/js/tinymce/index.php' not found or unable to stat
[Sun Aug 23 07:39:46.801383 2026] [core:error] [pid 1959223:tid 1959223] [client 168.62.48.100:1082] AH00124: Request exceeded the limit of 10 internal redirects due to probable configuration error. Use 'LimitInternalRecursion' to increase the limit if necessary. Use 'LogLevel debug' to get a backtrace.
[Sun Aug 23 07:39:47.585955 2026] [php7:error] [pid 1959222:tid 1959222] [client 168.62.48.100:1042] script '/var/www/html/2blog/xiugai.php' not found or unable to stat
[Sun Aug 23 07:39:47.976379 2026] [php7:error] [pid 1959222:tid 1959222] [client 168.62.48.100:1042] script '/var/www/html/2blog/wp-includes/Text/index.php' not found or unable to stat
[Sun Aug 23 07:39:48.361127 2026] [php7:error] [pid 1959222:tid 1959222] [client 168.62.48.100:1042] script '/var/www/html/2blog/wp-includes/block-patterns/index.php' not found or unable to stat
[Sun Aug 23 07:39:49.578250 2026] [php7:error] [pid 1959222:tid 1959222] [client 168.62.48.100:1042] script '/var/www/html/2blog/file.php' not found or unable to stat
[Sun Aug 23 07:39:49.974378 2026] [php7:error] [pid 1959222:tid 1959222] [client 168.62.48.100:1042] script '/var/www/html/2blog/shell20211028.php' not found or unable to stat
[Sun Aug 23 07:39:50.357419 2026] [php7:error] [pid 1959222:tid 1959222] [client 168.62.48.100:1042] script '/var/www/html/2blog/ws.php' not found or unable to stat
[Sun Aug 23 07:39:50.601133 2026] [php7:error] [pid 1959388:tid 1959388] [client 2001:288:a201::66:125:46357] script '/var/www/html/2blog/active.php' not found or unable to stat
[Sun Aug 23 07:39:50.738869 2026] [php7:error] [pid 1959222:tid 1959222] [client 168.62.48.100:1042] script '/var/www/html/2blog/wp-includes/images/media/index.php' not found or unable to stat
[Sun Aug 23 07:39:51.131946 2026] [php7:error] [pid 1959222:tid 1959222] [client 168.62.48.100:1042] script '/var/www/html/2blog/wp-admin/css/colors/about.php' not found or unable to stat
[Sun Aug 23 07:39:51.514670 2026] [php7:error] [pid 1959222:tid 1959222] [client 168.62.48.100:1042] script '/var/www/html/2blog/mona.php' not found or unable to stat
[Sun Aug 23 07:39:51.900091 2026] [php7:error] [pid 1959222:tid 1959222] [client 168.62.48.100:1042] script '/var/www/html/2blog/dex.php' not found or unable to stat
[Sun Aug 23 07:39:52.281755 2026] [php7:error] [pid 1959222:tid 1959222] [client 168.62.48.100:1042] script '/var/www/html/2blog/ws45.php' not found or unable to stat
[Sun Aug 23 07:39:52.663065 2026] [access_compat:error] [pid 1959222:tid 1959222] [client 168.62.48.100:1042] AH01797: client denied by server configuration: /var/www/html/2blog/wp-includes/Ipv6.php
[Sun Aug 23 07:39:53.949676 2026] [php7:error] [pid 1959222:tid 1959222] [client 168.62.48.100:1042] script '/var/www/html/2blog/.well-known/wp-links-opml.php' not found or unable to stat
[Sun Aug 23 07:39:54.332730 2026] [core:error] [pid 1959222:tid 1959222] [client 168.62.48.100:1042] AH00124: Request exceeded the limit of 10 internal redirects due to probable configuration error. Use 'LimitInternalRecursion' to increase the limit if necessary. Use 'LogLevel debug' to get a backtrace.
[Sun Aug 23 07:39:55.161366 2026] [php7:error] [pid 1959220:tid 1959220] [client 168.62.48.100:1055] script '/var/www/html/2blog/wp-admin/css/colors/coffee/index.php' not found or unable to stat
[Sun Aug 23 07:39:55.613507 2026] [php7:error] [pid 1959118:tid 1959118] [client 2001:288:a201::66:125:63656] script '/var/www/html/2blog/active.php' not found or unable to stat
[Sun Aug 23 07:39:56.440035 2026] [php7:error] [pid 1959220:tid 1959220] [client 168.62.48.100:1055] script '/var/www/html/2blog/UuAFIYGYKdefault.php' not found or unable to stat
[Sun Aug 23 07:39:56.821377 2026] [php7:error] [pid 1959220:tid 1959220] [client 168.62.48.100:1055] script '/var/www/html/2blog/wp-includes/blocks/list-item/index.php' not found or unable to stat
[Sun Aug 23 07:39:57.208645 2026] [php7:error] [pid 1959220:tid 1959220] [client 168.62.48.100:1055] script '/var/www/html/2blog/wp-content/uploads/2023/index.php' not found or unable to stat
[Sun Aug 23 07:39:57.594558 2026] [php7:error] [pid 1959220:tid 1959220] [client 168.62.48.100:1055] script '/var/www/html/2blog/wp-admin/css/colors/blue/admin.php' not found or unable to stat
[Sun Aug 23 07:39:57.975621 2026] [php7:error] [pid 1959220:tid 1959220] [client 168.62.48.100:1055] script '/var/www/html/2blog/wp-content/plugins/admin.php' not found or unable to stat
[Sun Aug 23 07:39:59.343598 2026] [core:error] [pid 1959220:tid 1959220] [client 168.62.48.100:1055] AH00124: Request exceeded the limit of 10 internal redirects due to probable configuration error. Use 'LimitInternalRecursion' to increase the limit if necessary. Use 'LogLevel debug' to get a backtrace.
[Sun Aug 23 07:40:00.239628 2026] [core:error] [pid 1959388:tid 1959388] [client 168.62.48.100:1102] AH00124: Request exceeded the limit of 10 internal redirects due to probable configuration error. Use 'LimitInternalRecursion' to increase the limit if necessary. Use 'LogLevel debug' to get a backtrace.
[Sun Aug 23 07:40:00.690646 2026] [php7:error] [pid 1959367:tid 1959367] [client 2001:288:a201::66:125:46442] script '/var/www/html/2blog/active.php' not found or unable to stat
[Sun Aug 23 07:40:01.008901 2026] [php7:error] [pid 1959389:tid 1959389] [client 168.62.48.100:1061] script '/var/www/html/2blog/wp-includes/index.php' not found or unable to stat
