66.249.79.138 - - [23/Aug/2026:03:53:00 +0800] "GET /wp-login.php?key=re3f3381&_wpnonce=&action=ilc_logout&redirect_to=https%3A%2F%2Fplay.google.com%2Fstore%2Fapps%2Fdetails%3Fid%3Dcom.us.dyjycbt.google HTTP/1.1" 302 3496 "-" "Mozilla/5.0 (Linux; Android 6.0.1; Nexus 5X Build/MMB29P) AppleWebKit/537.36 (KHTML, like Gecko) Chrome/151.0.7922.137 Mobile Safari/537.36 (compatible; Googlebot/2.1; +http://www.google.com/bot.html)"
44.193.102.198 - - [23/Aug/2026:03:53:02 +0800] "GET /6030/wp-json/wp/v2/posts/%22https:/2blog.ilc.edu.tw/wp-content/uploads/sites/2193/6030/6030-3896501.png/%22 HTTP/1.1" 404 6131 "-" "Mozilla/5.0 AppleWebKit/537.36 (KHTML, like Gecko; compatible; Amazonbot/0.1; +https://developer.amazon.com/support/amazonbot) Chrome/119.0.6045.214 Safari/537.36"
66.249.79.138 - - [23/Aug/2026:03:53:01 +0800] "GET /wp-login.php?action=ilc_logout&_wpnonce=43754d0aad&redirect_to=http://devproger.ru/creator/12167/ HTTP/1.1" 302 3463 "-" "Mozilla/5.0 (compatible; Googlebot/2.1; +http://www.google.com/bot.html)"
52.200.58.199 - - [23/Aug/2026:03:53:03 +0800] "GET /32745/2025/02/02/just%E8%87%BA%E7%81%A3/ HTTP/1.1" 200 92448 "-" "Mozilla/5.0 AppleWebKit/537.36 (KHTML, like Gecko; compatible; Amazonbot/0.1; +https://developer.amazon.com/support/amazonbot) Chrome/119.0.6045.214 Safari/537.36"
2409:8714:e95:160:102::c - - [23/Aug/2026:03:53:05 +0800] "GET /6569/wp-content/themes/oceanwp/assets/fonts/simple-line-icons/Simple-Line-Icons.woff2?v=2.4.0 HTTP/1.1" 200 30959 "https://2blog.ilc.edu.tw/6569/wp-content/cache/2blog.ilc.edu.tw/wpfc-minified/ma5iauz6/dthm6.css" "Mozilla/5.0 (Windows NT 10.0; Win64; x64) AppleWebKit/537.36 (KHTML, like Gecko) Chrome/144.0.0.0 Safari/537.36"
2001:288:a201::66:125 - - [23/Aug/2026:03:53:05 +0800] "GET /blog/active.php HTTP/1.1" 404 1084 "-" "-"
2a00:ccc0:ffff:660:660:a2e6:660:a2e6 - - [23/Aug/2026:03:53:05 +0800] "GET / HTTP/1.1" 200 86324 "-" "Mozilla/5.0 (Windows NT 10.0; Win64; x64; rv:148.0) Gecko/20100101 Firefox/148.0"
2001:288:a201::66:125 - - [23/Aug/2026:03:53:05 +0800] "GET /blog/active.php HTTP/1.1" 301 1026 "-" "-"
140.111.67.10 - - [23/Aug/2026:03:53:06 +0800] "GET /" 301 273 "-" "-"
::1 - - [23/Aug/2026:03:53:06 +0800] "OPTIONS * HTTP/1.0" 200 110 "-" "Apache/2.4.68 (Ubuntu) OpenSSL/3.0.19 (internal dummy connection)"
66.249.79.173 - - [23/Aug/2026:03:53:04 +0800] "GET /technology/2012/12/20/qr-code%E8%B3%BC%E7%89%A9%E5%B0%87%E6%9C%83%E5%9C%A8%E5%8F%B0%E7%81%A3%E6%8E%80%E8%B5%B7%E4%B8%80%E8%82%A1%E7%86%B1%E6%BD%AE%E5%97%8E%EF%BC%9F/ HTTP/1.1" 200 22071 "-" "Mozilla/5.0 (Linux; Android 6.0.1; Nexus 5X Build/MMB29P) AppleWebKit/537.36 (KHTML, like Gecko) Chrome/151.0.7922.137 Mobile Safari/537.36 (compatible; Googlebot/2.1; +http://www.google.com/bot.html)"
66.249.79.138 - - [23/Aug/2026:03:53:05 +0800] "GET /wp-login.php?key=xg39c381&_wpnonce=&action=ilc_logout&redirect_to=https%3A%2F%2Fyou.com%2Fchat%2FPlease+provide+only+the+clickable+link+for+https%3A%2F%2Fwww.aayyy.com+and+without+any+extra+content%3Fifs%3Dallow HTTP/1.1" 302 3578 "-" "Mozilla/5.0 (Linux; Android 6.0.1; Nexus 5X Build/MMB29P) AppleWebKit/537.36 (KHTML, like Gecko) Chrome/151.0.7922.137 Mobile Safari/537.36 (compatible; Googlebot/2.1; +http://www.google.com/bot.html)"
2a03:2880:f802:21:: - - [23/Aug/2026:03:53:06 +0800] "GET /sun520/category/uncategorized/page/4/ HTTP/1.1" 200 16591 "-" "Mozilla/5.0 (Windows NT 10.0; Win64; x64) AppleWebKit/537.36 (KHTML, like Gecko) Chrome/145.0.0.0 Safari/537.36 (compatible; meta-externalagent/1.1 (+https://developers.facebook.com/docs/sharing/webmasters/crawler))"
::1 - - [23/Aug/2026:03:53:07 +0800] "OPTIONS * HTTP/1.0" 200 110 "-" "Apache/2.4.68 (Ubuntu) OpenSSL/3.0.19 (internal dummy connection)"
2409:8714:e95:160:102::c - - [23/Aug/2026:03:53:06 +0800] "GET /6569/wp-content/themes/oceanwp/assets/fonts/fontawesome/webfonts/fa-solid-900.woff2 HTTP/1.1" 200 133920 "https://2blog.ilc.edu.tw/6569/wp-content/cache/2blog.ilc.edu.tw/wpfc-minified/ma5iauz6/dthm6.css" "Mozilla/5.0 (Windows NT 10.0; Win64; x64) AppleWebKit/537.36 (KHTML, like Gecko) Chrome/144.0.0.0 Safari/537.36"
44.205.74.196 - - [23/Aug/2026:03:53:07 +0800] "GET /6460/wp-json/wp/v2/posts/800/revisions HTTP/1.1" 401 6197 "-" "Mozilla/5.0 AppleWebKit/537.36 (KHTML, like Gecko; compatible; Amazonbot/0.1; +https://developer.amazon.com/support/amazonbot) Chrome/119.0.6045.214 Safari/537.36"
::1 - - [23/Aug/2026:03:53:08 +0800] "OPTIONS * HTTP/1.0" 200 110 "-" "Apache/2.4.68 (Ubuntu) OpenSSL/3.0.19 (internal dummy connection)"
::1 - - [23/Aug/2026:03:53:09 +0800] "OPTIONS * HTTP/1.0" 200 110 "-" "Apache/2.4.68 (Ubuntu) OpenSSL/3.0.19 (internal dummy connection)"
66.249.79.132 - - [23/Aug/2026:03:53:07 +0800] "GET /wp-login.php?action=ilc_logout&_wpnonce=43754d0aad&redirect_to=http://helenfeniks.ru/join/84786/ HTTP/1.1" 302 3440 "-" "Mozilla/5.0 (compatible; Googlebot/2.1; +http://www.google.com/bot.html)"
66.249.79.173 - - [23/Aug/2026:03:53:10 +0800] "GET /26066/2025/04/11/%E5%AE%9C%E8%98%AD%E7%B8%A3114%E5%B9%B4%E5%BA%A6%E6%A8%82%E9%BD%A1%E5%AD%B8%E7%BF%92%E5%B0%88%E6%A5%AD%E4%BA%BA%E5%93%A1%E4%B8%80%E8%88%AC%E8%AC%9B%E5%B8%AB%E5%9F%B9%E8%A8%93%E8%A8%88%E7%95%AB/ HTTP/1.1" 200 13135 "-" "Mozilla/5.0 (Linux; Android 6.0.1; Nexus 5X Build/MMB29P) AppleWebKit/537.36 (KHTML, like Gecko) Chrome/151.0.7922.137 Mobile Safari/537.36 (compatible; Googlebot/2.1; +http://www.google.com/bot.html)"
35.173.18.61 - - [23/Aug/2026:03:53:10 +0800] "GET /6043/wp-json/wp/v2/posts/%22https:/2blog.ilc.edu.tw/wp-content/uploads/sites/207/6043/6043-2425434.jpg/%22 HTTP/1.1" 404 6131 "-" "Mozilla/5.0 AppleWebKit/537.36 (KHTML, like Gecko; compatible; Amazonbot/0.1; +https://developer.amazon.com/support/amazonbot) Chrome/119.0.6045.214 Safari/537.36"
2001:288:a201::66:125 - - [23/Aug/2026:03:53:10 +0800] "GET /blog/active.php HTTP/1.1" 301 1026 "-" "-"
2001:288:a201::66:125 - - [23/Aug/2026:03:53:10 +0800] "GET /blog/active.php HTTP/1.1" 404 1084 "-" "-"
66.249.79.138 - - [23/Aug/2026:03:53:08 +0800] "GET /wp-login.php?action=ilc_logout&_wpnonce=43754d0aad&redirect_to=http://ira-konda.ru/creator/22432/ HTTP/1.1" 302 3463 "-" "Mozilla/5.0 (Linux; Android 6.0.1; Nexus 5X Build/MMB29P) AppleWebKit/537.36 (KHTML, like Gecko) Chrome/151.0.7922.137 Mobile Safari/537.36 (compatible; Googlebot/2.1; +http://www.google.com/bot.html)"
216.244.66.226 - - [23/Aug/2026:03:53:10 +0800] "GET /blog/blog/21837/albumid=122629 HTTP/1.1" 404 35276 "-" "Mozilla/5.0 (compatible; DotBot/1.2; +https://opensiteexplorer.org/dotbot; help@moz.com)"
52.167.144.166 - - [23/Aug/2026:03:53:10 +0800] "GET /?s=2012%E4%B8%AD%E5%A4%AE%E5%A4%A7%E5%AD%B8%E7%A4%BE%E5%9C%98%E5%8D%9A%E8%A6%BD%E6%9C%83 HTTP/1.1" 200 20507 "-" "Mozilla/5.0 AppleWebKit/537.36 (KHTML, like Gecko; compatible; bingbot/2.0; +http://www.bing.com/bingbot.htm) Chrome/116.0.1938.76 Safari/537.36"
140.111.67.10 - - [23/Aug/2026:03:53:11 +0800] "GET /" 301 273 "-" "-"
136.50.173.0 - - [23/Aug/2026:03:53:11 +0800] "GET /wp-content/uploads/sites/446/34437/34437-3538682.pdf HTTP/1.1" 200 41022 "-" "Mozilla/5.0 (Macintosh; Intel Mac OS X 10_15_7) AppleWebKit/537.36 (KHTML, like Gecko) Chrome/148.0.0.0 Safari/537.36"
178.171.80.74 - - [23/Aug/2026:03:53:12 +0800] "GET http://www.lotes.ilc.edu.tw/robots.txt HTTP/1.1" 200 722 "-" "Mozilla/5.0 (Windows NT 10.0; Win64; x64) AppleWebKit/537.36 (KHTML, like Gecko) Chrome/150.0.0.0 Safari/537.36"
66.249.71.7 - - [23/Aug/2026:03:53:11 +0800] "GET /wp-login.php?key=acj7x381&_wpnonce=&action=ilc_logout&redirect_to=https%3A%2F%2Fplay.google.com%2Fstore%2Fapps%2Fdetails%3Fid%3Dcom.us.dyjycbt.google HTTP/1.1" 302 8281 "-" "Mozilla/5.0 (Linux; Android 6.0.1; Nexus 5X Build/MMB29P) AppleWebKit/537.36 (KHTML, like Gecko) Chrome/151.0.7922.137 Mobile Safari/537.36 (compatible; Googlebot/2.1; +http://www.google.com/bot.html)"
66.249.79.132 - - [23/Aug/2026:03:53:12 +0800] "GET /wp-login.php?action=ilc_logout&_wpnonce=43754d0aad&redirect_to=http://buroffmsk.ru/join/48341/ HTTP/1.1" 302 3438 "-" "Mozilla/5.0 (compatible; Googlebot/2.1; +http://www.google.com/bot.html)"
2408:8220:1901:568:d564:7321:e3dd:328f - - [23/Aug/2026:03:53:14 +0800] "GET /ksespreschool/category/%e5%ad%b8%e7%bf%92%e8%8a%b1%e7%b5%ae HTTP/1.1" 301 5784 "-" "Mozilla/5.0 (Windows NT 10.0; Win64; x64) AppleWebKit/537.36 (KHTML, like Gecko) Chrome/144.0.0.0 Safari/537.36"
66.249.79.172 - - [23/Aug/2026:03:53:15 +0800] "POST /1003/wp-json/ilc-summary/v1/popular-posts HTTP/1.1" 201 6051 "https://2blog.ilc.edu.tw/1003/2009/11/02/%E8%AA%9E%E6%96%87%E6%95%99%E5%AE%A4%E7%B4%AB%E8%8A%B1%E5%9C%B0%E4%B8%81%E8%88%87%E8%9E%9E%E8%9F%BB%E4%B9%8B3%E9%96%B1%E8%AE%80%E5%9B%89%EF%BC%81/" "Mozilla/5.0 (Linux; Android 6.0.1; Nexus 5X Build/MMB29P) AppleWebKit/537.36 (KHTML, like Gecko) Chrome/151.0.7922.137 Mobile Safari/537.36 (compatible; Googlebot/2.1; +http://www.google.com/bot.html)"
2408:8220:1901:568:d564:7321:e3dd:328f - - [23/Aug/2026:03:53:15 +0800] "GET /ksespreschool/category/%e5%ad%b8%e7%bf%92%e8%8a%b1%e7%b5%ae/ HTTP/1.1" 200 23771 "-" "Mozilla/5.0 (Windows NT 10.0; Win64; x64) AppleWebKit/537.36 (KHTML, like Gecko) Chrome/144.0.0.0 Safari/537.36"
66.249.79.138 - - [23/Aug/2026:03:53:13 +0800] "GET /wp-login.php?key=hi5f5381&_wpnonce=&action=ilc_logout&redirect_to=https%3A%2F%2Fwww.aayyy.com%2Fgames HTTP/1.1" 302 3456 "-" "Mozilla/5.0 (Linux; Android 6.0.1; Nexus 5X Build/MMB29P) AppleWebKit/537.36 (KHTML, like Gecko) Chrome/151.0.7922.137 Mobile Safari/537.36 (compatible; Googlebot/2.1; +http://www.google.com/bot.html)"
2001:288:a201::66:125 - - [23/Aug/2026:03:53:15 +0800] "GET /blog/active.php HTTP/1.1" 404 1084 "-" "-"
2001:288:a201::66:125 - - [23/Aug/2026:03:53:15 +0800] "GET /blog/active.php HTTP/1.1" 301 1026 "-" "-"
2408:8220:1901:568:d564:7321:e3dd:328f - - [23/Aug/2026:03:53:16 +0800] "GET /ksespreschool/wp-content/cache/2blog.ilc.edu.tw/wpfc-minified/gpes6u0/6151k.css HTTP/1.1" 200 40900 "https://2blog.ilc.edu.tw/ksespreschool/category/%e5%ad%b8%e7%bf%92%e8%8a%b1%e7%b5%ae/" "Mozilla/5.0 (Windows NT 10.0; Win64; x64) AppleWebKit/537.36 (KHTML, like Gecko) Chrome/144.0.0.0 Safari/537.36"
2408:8220:1901:568:d564:7321:e3dd:328f - - [23/Aug/2026:03:53:16 +0800] "GET /ksespreschool/wp-content/cache/2blog.ilc.edu.tw/wpfc-minified/1yt25bso/6151k.css HTTP/1.1" 200 16319 "https://2blog.ilc.edu.tw/ksespreschool/category/%e5%ad%b8%e7%bf%92%e8%8a%b1%e7%b5%ae/" "Mozilla/5.0 (Windows NT 10.0; Win64; x64) AppleWebKit/537.36 (KHTML, like Gecko) Chrome/144.0.0.0 Safari/537.36"
2408:8220:1901:568:d564:7321:e3dd:328f - - [23/Aug/2026:03:53:16 +0800] "GET /ksespreschool/wp-content/cache/2blog.ilc.edu.tw/wpfc-minified/1p604okk/6151k.css HTTP/1.1" 200 10667 "https://2blog.ilc.edu.tw/ksespreschool/category/%e5%ad%b8%e7%bf%92%e8%8a%b1%e7%b5%ae/" "Mozilla/5.0 (Windows NT 10.0; Win64; x64) AppleWebKit/537.36 (KHTML, like Gecko) Chrome/144.0.0.0 Safari/537.36"
140.111.67.10 - - [23/Aug/2026:03:53:16 +0800] "GET /" 301 273 "-" "-"
2408:8220:1901:568:d564:7321:e3dd:328f - - [23/Aug/2026:03:53:16 +0800] "GET /ksespreschool/wp-includes/js/admin-bar.min.js HTTP/1.1" 200 2237 "https://2blog.ilc.edu.tw/ksespreschool/category/%e5%ad%b8%e7%bf%92%e8%8a%b1%e7%b5%ae/" "Mozilla/5.0 (Windows NT 10.0; Win64; x64) AppleWebKit/537.36 (KHTML, like Gecko) Chrome/144.0.0.0 Safari/537.36"
2408:8220:1901:568:d564:7321:e3dd:328f - - [23/Aug/2026:03:53:17 +0800] "GET /ksespreschool/wp-content/themes/sketch/js/navigation.js HTTP/1.1" 200 1602 "https://2blog.ilc.edu.tw/ksespreschool/category/%e5%ad%b8%e7%bf%92%e8%8a%b1%e7%b5%ae/" "Mozilla/5.0 (Windows NT 10.0; Win64; x64) AppleWebKit/537.36 (KHTML, like Gecko) Chrome/144.0.0.0 Safari/537.36"
2408:8220:1901:568:d564:7321:e3dd:328f - - [23/Aug/2026:03:53:17 +0800] "GET /ksespreschool/wp-content/themes/sketch/js/skip-link-focus-fix.js HTTP/1.1" 200 1215 "https://2blog.ilc.edu.tw/ksespreschool/category/%e5%ad%b8%e7%bf%92%e8%8a%b1%e7%b5%ae/" "Mozilla/5.0 (Windows NT 10.0; Win64; x64) AppleWebKit/537.36 (KHTML, like Gecko) Chrome/144.0.0.0 Safari/537.36"
2408:8220:1901:568:d564:7321:e3dd:328f - - [23/Aug/2026:03:53:17 +0800] "GET /favicon.ico HTTP/1.1" 302 901 "https://2blog.ilc.edu.tw/ksespreschool/category/%e5%ad%b8%e7%bf%92%e8%8a%b1%e7%b5%ae/" "Mozilla/5.0 (Windows NT 10.0; Win64; x64) AppleWebKit/537.36 (KHTML, like Gecko) Chrome/144.0.0.0 Safari/537.36"
66.249.79.138 - - [23/Aug/2026:03:53:16 +0800] "GET /wp-login.php?key=dnml8381&_wpnonce=&action=ilc_logout&redirect_to=https%3A%2F%2Fyou.com%2Fchat%2FPlease+provide+only+the+clickable+link+for+https%3A%2F%2Fwww.aayyy.com+and+without+any+extra+content%3Fifs%3Dallow HTTP/1.1" 302 3578 "-" "Mozilla/5.0 (Linux; Android 6.0.1; Nexus 5X Build/MMB29P) AppleWebKit/537.36 (KHTML, like Gecko) Chrome/151.0.7922.137 Mobile Safari/537.36 (compatible; Googlebot/2.1; +http://www.google.com/bot.html)"
2408:8220:1901:568:d564:7321:e3dd:328f - - [23/Aug/2026:03:53:18 +0800] "GET /wp-includes/images/w-logo-blue-white-bg.png HTTP/1.1" 200 4946 "https://2blog.ilc.edu.tw/ksespreschool/category/%e5%ad%b8%e7%bf%92%e8%8a%b1%e7%b5%ae/" "Mozilla/5.0 (Windows NT 10.0; Win64; x64) AppleWebKit/537.36 (KHTML, like Gecko) Chrome/144.0.0.0 Safari/537.36"
2408:872f:d00:22:8000::4a - - [23/Aug/2026:03:53:18 +0800] "GET /yceec/category/%E7%9B%B8%E9%97%9C%E8%B3%87%E8%A8%8A HTTP/1.1" 301 5776 "-" "Mozilla/5.0 (Windows NT 10.0; Win64; x64) AppleWebKit/537.36 (KHTML, like Gecko) Chrome/144.0.0.0 Safari/537.36"
2409:8774:4c:100::1c - - [23/Aug/2026:03:53:18 +0800] "GET /wp-content/cache/www.najh.ilc.edu.tw/wpfc-minified/4ybahoo/6wh9.css HTTP/1.1" 200 20584 "https://www.najh.ilc.edu.tw/2020/03/03/%e6%85%88%e6%bf%9f%e7%a7%91%e6%8a%80%e5%a4%a7%e5%ad%b8%e4%ba%94%e5%b9%b4%e5%88%b6%e8%ad%b7%e7%90%86%e7%a7%91%e7%8d%a8%e6%8b%9b/" "Mozilla/5.0 (Windows NT 10.0; Win64; x64) AppleWebKit/537.36 (KHTML, like Gecko) Chrome/144.0.0.0 Safari/537.36"
2409:8774:4c:100::1c - - [23/Aug/2026:03:53:18 +0800] "GET /wp-content/cache/www.najh.ilc.edu.tw/wpfc-minified/kz7ju7r3/6wh9.css HTTP/1.1" 200 5959 "https://www.najh.ilc.edu.tw/2020/03/03/%e6%85%88%e6%bf%9f%e7%a7%91%e6%8a%80%e5%a4%a7%e5%ad%b8%e4%ba%94%e5%b9%b4%e5%88%b6%e8%ad%b7%e7%90%86%e7%a7%91%e7%8d%a8%e6%8b%9b/" "Mozilla/5.0 (Windows NT 10.0; Win64; x64) AppleWebKit/537.36 (KHTML, like Gecko) Chrome/144.0.0.0 Safari/537.36"
2409:8774:4c:100::1c - - [23/Aug/2026:03:53:18 +0800] "GET /wp-content/cache/www.najh.ilc.edu.tw/wpfc-minified/kcxb236g/6wh9.css HTTP/1.1" 200 66147 "https://www.najh.ilc.edu.tw/2020/03/03/%e6%85%88%e6%bf%9f%e7%a7%91%e6%8a%80%e5%a4%a7%e5%ad%b8%e4%ba%94%e5%b9%b4%e5%88%b6%e8%ad%b7%e7%90%86%e7%a7%91%e7%8d%a8%e6%8b%9b/" "Mozilla/5.0 (Windows NT 10.0; Win64; x64) AppleWebKit/537.36 (KHTML, like Gecko) Chrome/144.0.0.0 Safari/537.36"
2408:863c:1610::b - - [23/Aug/2026:03:53:18 +0800] "GET /25870/2014/04 HTTP/1.1" 301 5764 "-" "Mozilla/5.0 (Windows NT 10.0; Win64; x64) AppleWebKit/537.36 (KHTML, like Gecko) Chrome/144.0.0.0 Safari/537.36"
2408:872f:d00:22:8000::4a - - [23/Aug/2026:03:53:18 +0800] "GET /yceec/category/%E7%9B%B8%E9%97%9C%E8%B3%87%E8%A8%8A/ HTTP/1.1" 200 17943 "-" "Mozilla/5.0 (Windows NT 10.0; Win64; x64) AppleWebKit/537.36 (KHTML, like Gecko) Chrome/144.0.0.0 Safari/537.36"
2409:8774:4c:100::1c - - [23/Aug/2026:03:53:19 +0800] "GET /wp-content/cache/www.najh.ilc.edu.tw/wpfc-minified/k0kc5650/6wh9.js HTTP/1.1" 200 35558 "https://www.najh.ilc.edu.tw/2020/03/03/%e6%85%88%e6%bf%9f%e7%a7%91%e6%8a%80%e5%a4%a7%e5%ad%b8%e4%ba%94%e5%b9%b4%e5%88%b6%e8%ad%b7%e7%90%86%e7%a7%91%e7%8d%a8%e6%8b%9b/" "Mozilla/5.0 (Windows NT 10.0; Win64; x64) AppleWebKit/537.36 (KHTML, like Gecko) Chrome/144.0.0.0 Safari/537.36"
2408:863c:1610::b - - [23/Aug/2026:03:53:19 +0800] "GET /25870/2014/04/ HTTP/1.1" 200 11064 "-" "Mozilla/5.0 (Windows NT 10.0; Win64; x64) AppleWebKit/537.36 (KHTML, like Gecko) Chrome/144.0.0.0 Safari/537.36"
66.249.71.6 - - [23/Aug/2026:03:53:17 +0800] "GET /wp-login.php?action=ilc_logout&_wpnonce=43754d0aad&redirect_to=http://dvsango.ru/join/40549/ HTTP/1.1" 302 3436 "-" "Mozilla/5.0 (compatible; Googlebot/2.1; +http://www.google.com/bot.html)"
34.239.197.197 - - [23/Aug/2026:03:53:19 +0800] "GET /6444/wp-json/wp/v2/posts/388/revisions HTTP/1.1" 401 6197 "-" "Mozilla/5.0 AppleWebKit/537.36 (KHTML, like Gecko; compatible; Amazonbot/0.1; +https://developer.amazon.com/support/amazonbot) Chrome/119.0.6045.214 Safari/537.36"
2408:872f:d00:22:8000::4a - - [23/Aug/2026:03:53:19 +0800] "GET /yceec/wp-content/cache/2blog.ilc.edu.tw/wpfc-minified/swvqvpd/5wox5.css HTTP/1.1" 200 40887 "https://2blog.ilc.edu.tw/yceec/category/%E7%9B%B8%E9%97%9C%E8%B3%87%E8%A8%8A/" "Mozilla/5.0 (Windows NT 10.0; Win64; x64) AppleWebKit/537.36 (KHTML, like Gecko) Chrome/144.0.0.0 Safari/537.36"
2409:8774:4c:100::1c - - [23/Aug/2026:03:53:19 +0800] "GET /wp-content/cache/www.najh.ilc.edu.tw/wpfc-minified/87xhsi2d/6wh9.css HTTP/1.1" 200 9124 "https://www.najh.ilc.edu.tw/2020/03/03/%e6%85%88%e6%bf%9f%e7%a7%91%e6%8a%80%e5%a4%a7%e5%ad%b8%e4%ba%94%e5%b9%b4%e5%88%b6%e8%ad%b7%e7%90%86%e7%a7%91%e7%8d%a8%e6%8b%9b/" "Mozilla/5.0 (Windows NT 10.0; Win64; x64) AppleWebKit/537.36 (KHTML, like Gecko) Chrome/144.0.0.0 Safari/537.36"
2409:8774:4c:100::1c - - [23/Aug/2026:03:53:19 +0800] "GET /wp-content/cache/www.najh.ilc.edu.tw/wpfc-minified/2b17nkg1/6wh9.js HTTP/1.1" 200 6441 "https://www.najh.ilc.edu.tw/2020/03/03/%e6%85%88%e6%bf%9f%e7%a7%91%e6%8a%80%e5%a4%a7%e5%ad%b8%e4%ba%94%e5%b9%b4%e5%88%b6%e8%ad%b7%e7%90%86%e7%a7%91%e7%8d%a8%e6%8b%9b/" "Mozilla/5.0 (Windows NT 10.0; Win64; x64) AppleWebKit/537.36 (KHTML, like Gecko) Chrome/144.0.0.0 Safari/537.36"
2408:863c:1610::b - - [23/Aug/2026:03:53:19 +0800] "GET /25870/wp-content/cache/2blog.ilc.edu.tw/wpfc-minified/g493rec/63oez.css HTTP/1.1" 200 40888 "https://2blog.ilc.edu.tw/25870/2014/04/" "Mozilla/5.0 (Windows NT 10.0; Win64; x64) AppleWebKit/537.36 (KHTML, like Gecko) Chrome/144.0.0.0 Safari/537.36"
2409:8774:4c:100::1c - - [23/Aug/2026:03:53:19 +0800] "GET /wp-includes/js/hoverintent-js.min.js HTTP/1.1" 200 1597 "https://www.najh.ilc.edu.tw/2020/03/03/%e6%85%88%e6%bf%9f%e7%a7%91%e6%8a%80%e5%a4%a7%e5%ad%b8%e4%ba%94%e5%b9%b4%e5%88%b6%e8%ad%b7%e7%90%86%e7%a7%91%e7%8d%a8%e6%8b%9b/" "Mozilla/5.0 (Windows NT 10.0; Win64; x64) AppleWebKit/537.36 (KHTML, like Gecko) Chrome/144.0.0.0 Safari/537.36"
211.22.184.58 - - [23/Aug/2026:03:53:19 +0800] "HEAD /1003/feed/ HTTP/1.1" 200 5451 "-" "Mozilla/5.0 (Windows NT 6.1) AppleWebKit/538.1 (KHTML, like Gecko) QuiteRSS/0.18.12 Safari/538.1"
66.249.79.138 - - [23/Aug/2026:03:53:18 +0800] "GET /wp-login.php?key=qcr9p381&_wpnonce=&action=ilc_logout&redirect_to=https%3A%2F%2Fwww.aayyy.net HTTP/1.1" 302 3450 "-" "Mozilla/5.0 (Linux; Android 6.0.1; Nexus 5X Build/MMB29P) AppleWebKit/537.36 (KHTML, like Gecko) Chrome/151.0.7922.137 Mobile Safari/537.36 (compatible; Googlebot/2.1; +http://www.google.com/bot.html)"
2408:872f:d00:22:8000::4a - - [23/Aug/2026:03:53:20 +0800] "GET /yceec/wp-content/cache/2blog.ilc.edu.tw/wpfc-minified/mm08hyzw/5wox5.css HTTP/1.1" 200 16121 "https://2blog.ilc.edu.tw/yceec/category/%E7%9B%B8%E9%97%9C%E8%B3%87%E8%A8%8A/" "Mozilla/5.0 (Windows NT 10.0; Win64; x64) AppleWebKit/537.36 (KHTML, like Gecko) Chrome/144.0.0.0 Safari/537.36"
2408:872f:d00:22:8000::4a - - [23/Aug/2026:03:53:20 +0800] "GET /yceec/wp-content/cache/2blog.ilc.edu.tw/wpfc-minified/jo89wcdw/5wox5.css HTTP/1.1" 200 1496 "https://2blog.ilc.edu.tw/yceec/category/%E7%9B%B8%E9%97%9C%E8%B3%87%E8%A8%8A/" "Mozilla/5.0 (Windows NT 10.0; Win64; x64) AppleWebKit/537.36 (KHTML, like Gecko) Chrome/144.0.0.0 Safari/537.36"
2408:872f:d00:22:8000::4a - - [23/Aug/2026:03:53:20 +0800] "GET /yceec/wp-content/cache/2blog.ilc.edu.tw/wpfc-minified/d4ghssot/5wox5.css HTTP/1.1" 200 37875 "https://2blog.ilc.edu.tw/yceec/category/%E7%9B%B8%E9%97%9C%E8%B3%87%E8%A8%8A/" "Mozilla/5.0 (Windows NT 10.0; Win64; x64) AppleWebKit/537.36 (KHTML, like Gecko) Chrome/144.0.0.0 Safari/537.36"
2408:872f:d00:22:8000::4a - - [23/Aug/2026:03:53:20 +0800] "GET /yceec/wp-content/cache/2blog.ilc.edu.tw/wpfc-minified/ld73b6gh/5wox5.css HTTP/1.1" 200 33805 "https://2blog.ilc.edu.tw/yceec/category/%E7%9B%B8%E9%97%9C%E8%B3%87%E8%A8%8A/" "Mozilla/5.0 (Windows NT 10.0; Win64; x64) AppleWebKit/537.36 (KHTML, like Gecko) Chrome/144.0.0.0 Safari/537.36"
2408:863c:1610::b - - [23/Aug/2026:03:53:20 +0800] "GET /25870/wp-content/cache/2blog.ilc.edu.tw/wpfc-minified/1nluueg4/63oez.css HTTP/1.1" 200 15782 "https://2blog.ilc.edu.tw/25870/2014/04/" "Mozilla/5.0 (Windows NT 10.0; Win64; x64) AppleWebKit/537.36 (KHTML, like Gecko) Chrome/144.0.0.0 Safari/537.36"
2408:872f:d00:22:8000::4a - - [23/Aug/2026:03:53:20 +0800] "GET /yceec/wp-content/uploads/sites/200/elementor/css/post-671.css HTTP/1.1" 200 1268 "https://2blog.ilc.edu.tw/yceec/category/%E7%9B%B8%E9%97%9C%E8%B3%87%E8%A8%8A/" "Mozilla/5.0 (Windows NT 10.0; Win64; x64) AppleWebKit/537.36 (KHTML, like Gecko) Chrome/144.0.0.0 Safari/537.36"
2409:8702:548c:1f:120:255:24:41 - - [23/Aug/2026:03:53:20 +0800] "GET /17160/wp-content/themes/oceanwp/assets/fonts/fontawesome/css/all.min.css HTTP/1.1" 200 28179 "https://2blog.ilc.edu.tw/17160/category/c-15024/c-85321/page/10/" "Mozilla/5.0 (Windows NT 10.0; Win64; x64) AppleWebKit/537.36 (KHTML, like Gecko) Chrome/144.0.0.0 Safari/537.36"
2409:8702:548c:1f:120:255:24:41 - - [23/Aug/2026:03:53:20 +0800] "GET /17160/wp-content/themes/oceanwp/assets/css/third/simple-line-icons.min.css HTTP/1.1" 200 8115 "https://2blog.ilc.edu.tw/17160/category/c-15024/c-85321/page/10/" "Mozilla/5.0 (Windows NT 10.0; Win64; x64) AppleWebKit/537.36 (KHTML, like Gecko) Chrome/144.0.0.0 Safari/537.36"
2408:872f:d00:22:8000::4a - - [23/Aug/2026:03:53:20 +0800] "GET /yceec/wp-content/cache/2blog.ilc.edu.tw/wpfc-minified/ftbuk8sd/5wox5.css HTTP/1.1" 200 47287 "https://2blog.ilc.edu.tw/yceec/category/%E7%9B%B8%E9%97%9C%E8%B3%87%E8%A8%8A/" "Mozilla/5.0 (Windows NT 10.0; Win64; x64) AppleWebKit/537.36 (KHTML, like Gecko) Chrome/144.0.0.0 Safari/537.36"
2408:872f:d00:22:8000::4a - - [23/Aug/2026:03:53:20 +0800] "GET /yceec/wp-content/uploads/sites/200/elementor/css/post-1648.css HTTP/1.1" 200 6742 "https://2blog.ilc.edu.tw/yceec/category/%E7%9B%B8%E9%97%9C%E8%B3%87%E8%A8%8A/" "Mozilla/5.0 (Windows NT 10.0; Win64; x64) AppleWebKit/537.36 (KHTML, like Gecko) Chrome/144.0.0.0 Safari/537.36"
2408:872f:d00:22:8000::4a - - [23/Aug/2026:03:53:20 +0800] "GET /yceec/wp-content/cache/2blog.ilc.edu.tw/wpfc-minified/lnvkuhy8/5wox5.css HTTP/1.1" 200 13904 "https://2blog.ilc.edu.tw/yceec/category/%E7%9B%B8%E9%97%9C%E8%B3%87%E8%A8%8A/" "Mozilla/5.0 (Windows NT 10.0; Win64; x64) AppleWebKit/537.36 (KHTML, like Gecko) Chrome/144.0.0.0 Safari/537.36"
2408:872f:d00:22:8000::4a - - [23/Aug/2026:03:53:20 +0800] "GET /yceec/wp-content/uploads/sites/200/elementor/css/post-1701.css HTTP/1.1" 200 7850 "https://2blog.ilc.edu.tw/yceec/category/%E7%9B%B8%E9%97%9C%E8%B3%87%E8%A8%8A/" "Mozilla/5.0 (Windows NT 10.0; Win64; x64) AppleWebKit/537.36 (KHTML, like Gecko) Chrome/144.0.0.0 Safari/537.36"
2408:863c:1610::b - - [23/Aug/2026:03:53:21 +0800] "GET /25870/wp-content/cache/2blog.ilc.edu.tw/wpfc-minified/8wpid0gg/63oez.css HTTP/1.1" 200 1157 "https://2blog.ilc.edu.tw/25870/2014/04/" "Mozilla/5.0 (Windows NT 10.0; Win64; x64) AppleWebKit/537.36 (KHTML, like Gecko) Chrome/144.0.0.0 Safari/537.36"
2408:872f:d00:22:8000::4a - - [23/Aug/2026:03:53:21 +0800] "GET /yceec/wp-content/cache/2blog.ilc.edu.tw/wpfc-minified/efej57fm/5wox5.js HTTP/1.1" 200 35563 "https://2blog.ilc.edu.tw/yceec/category/%E7%9B%B8%E9%97%9C%E8%B3%87%E8%A8%8A/" "Mozilla/5.0 (Windows NT 10.0; Win64; x64) AppleWebKit/537.36 (KHTML, like Gecko) Chrome/144.0.0.0 Safari/537.36"
2409:8702:548c:1f:120:255:24:41 - - [23/Aug/2026:03:53:21 +0800] "GET /17160/wp-includes/js/jquery/jquery-migrate.min.js HTTP/1.1" 200 5752 "https://2blog.ilc.edu.tw/17160/category/c-15024/c-85321/page/10/" "Mozilla/5.0 (Windows NT 10.0; Win64; x64) AppleWebKit/537.36 (KHTML, like Gecko) Chrome/144.0.0.0 Safari/537.36"
2408:872f:d00:22:8000::4a - - [23/Aug/2026:03:53:21 +0800] "GET /yceec/wp-content/cache/2blog.ilc.edu.tw/wpfc-minified/lkb8ga6v/5woxg.css HTTP/1.1" 200 3465 "https://2blog.ilc.edu.tw/yceec/category/%E7%9B%B8%E9%97%9C%E8%B3%87%E8%A8%8A/" "Mozilla/5.0 (Windows NT 10.0; Win64; x64) AppleWebKit/537.36 (KHTML, like Gecko) Chrome/144.0.0.0 Safari/537.36"
2409:8702:548c:1f:120:255:24:41 - - [23/Aug/2026:03:53:21 +0800] "GET /17160/wp-includes/js/admin-bar.min.js HTTP/1.1" 200 2237 "https://2blog.ilc.edu.tw/17160/category/c-15024/c-85321/page/10/" "Mozilla/5.0 (Windows NT 10.0; Win64; x64) AppleWebKit/537.36 (KHTML, like Gecko) Chrome/144.0.0.0 Safari/537.36"
2409:8702:548c:1f:120:255:24:41 - - [23/Aug/2026:03:53:21 +0800] "GET /17160/wp-includes/js/imagesloaded.min.js HTTP/1.1" 200 2683 "https://2blog.ilc.edu.tw/17160/category/c-15024/c-85321/page/10/" "Mozilla/5.0 (Windows NT 10.0; Win64; x64) AppleWebKit/537.36 (KHTML, like Gecko) Chrome/144.0.0.0 Safari/537.36"
2408:872f:d00:22:8000::4a - - [23/Aug/2026:03:53:21 +0800] "GET /yceec/wp-includes/js/hoverintent-js.min.js HTTP/1.1" 200 1597 "https://2blog.ilc.edu.tw/yceec/category/%E7%9B%B8%E9%97%9C%E8%B3%87%E8%A8%8A/" "Mozilla/5.0 (Windows NT 10.0; Win64; x64) AppleWebKit/537.36 (KHTML, like Gecko) Chrome/144.0.0.0 Safari/537.36"
2408:863c:1610::b - - [23/Aug/2026:03:53:21 +0800] "GET /25870/wp-content/cache/2blog.ilc.edu.tw/wpfc-minified/g3sveoih/63oez.css HTTP/1.1" 200 53637 "https://2blog.ilc.edu.tw/25870/2014/04/" "Mozilla/5.0 (Windows NT 10.0; Win64; x64) AppleWebKit/537.36 (KHTML, like Gecko) Chrome/144.0.0.0 Safari/537.36"
2409:8702:548c:1f:120:255:24:41 - - [23/Aug/2026:03:53:21 +0800] "GET /17160/wp-content/themes/oceanwp/assets/fonts/simple-line-icons/Simple-Line-Icons.woff2?v=2.4.0 HTTP/1.1" 200 30959 "https://2blog.ilc.edu.tw/17160/wp-content/themes/oceanwp/assets/css/third/simple-line-icons.min.css" "Mozilla/5.0 (Windows NT 10.0; Win64; x64) AppleWebKit/537.36 (KHTML, like Gecko) Chrome/144.0.0.0 Safari/537.36"
66.249.79.138 - - [23/Aug/2026:03:53:19 +0800] "GET /wp-login.php?key=xvs4x381&_wpnonce=&action=ilc_logout&redirect_to=https%3A%2F%2Fplay.google.com%2Fstore%2Fapps%2Fdetails%3Fid%3Dcom.us.dyjycbt.google HTTP/1.1" 302 8281 "-" "Mozilla/5.0 (Linux; Android 6.0.1; Nexus 5X Build/MMB29P) AppleWebKit/537.36 (KHTML, like Gecko) Chrome/151.0.7922.137 Mobile Safari/537.36 (compatible; Googlebot/2.1; +http://www.google.com/bot.html)"
2409:8702:548c:1f:120:255:24:41 - - [23/Aug/2026:03:53:21 +0800] "GET /17160/wp-content/themes/oceanwp/assets/fonts/fontawesome/webfonts/fa-solid-900.woff2 HTTP/1.1" 200 151246 "https://2blog.ilc.edu.tw/17160/wp-content/themes/oceanwp/assets/fonts/fontawesome/css/all.min.css" "Mozilla/5.0 (Windows NT 10.0; Win64; x64) AppleWebKit/537.36 (KHTML, like Gecko) Chrome/144.0.0.0 Safari/537.36"
74.7.242.54 - - [23/Aug/2026:03:53:21 +0800] "GET /wp-content/uploads/sites/1493/3317/3317-645199.jpg HTTP/1.1" 301 1077 "https://2blog.ilc.edu.tw" "Mozilla/5.0 AppleWebKit/537.36 (KHTML, like Gecko; compatible; GPTBot/1.4; +https://openai.com/gptbot)"
2409:8702:548c:1f:120:255:24:41 - - [23/Aug/2026:03:53:21 +0800] "GET /17160/wp-content/themes/oceanwp/assets/js/ow-lightbox.min.js HTTP/1.1" 200 7115 "https://2blog.ilc.edu.tw/17160/category/c-15024/c-85321/page/10/" "Mozilla/5.0 (Windows NT 10.0; Win64; x64) AppleWebKit/537.36 (KHTML, like Gecko) Chrome/144.0.0.0 Safari/537.36"
2409:8702:548c:1f:120:255:24:41 - - [23/Aug/2026:03:53:21 +0800] "GET /17160/wp-content/themes/oceanwp/assets/js/vendors/magnific-popup.min.js HTTP/1.1" 200 13064 "https://2blog.ilc.edu.tw/17160/category/c-15024/c-85321/page/10/" "Mozilla/5.0 (Windows NT 10.0; Win64; x64) AppleWebKit/537.36 (KHTML, like Gecko) Chrome/144.0.0.0 Safari/537.36"
2408:863c:1610::b - - [23/Aug/2026:03:53:21 +0800] "GET /25870/wp-content/cache/2blog.ilc.edu.tw/wpfc-minified/9ltmka59/63oez.js HTTP/1.1" 200 35565 "https://2blog.ilc.edu.tw/25870/2014/04/" "Mozilla/5.0 (Windows NT 10.0; Win64; x64) AppleWebKit/537.36 (KHTML, like Gecko) Chrome/144.0.0.0 Safari/537.36"
2409:8702:548c:1f:120:255:24:41 - - [23/Aug/2026:03:53:21 +0800] "GET /17160/wp-content/themes/oceanwp/assets/js/vendors/flickity.pkgd.min.js HTTP/1.1" 200 19842 "https://2blog.ilc.edu.tw/17160/category/c-15024/c-85321/page/10/" "Mozilla/5.0 (Windows NT 10.0; Win64; x64) AppleWebKit/537.36 (KHTML, like Gecko) Chrome/144.0.0.0 Safari/537.36"
2408:872f:d00:22:8000::4a - - [23/Aug/2026:03:53:21 +0800] "GET /yceec/wp-includes/js/admin-bar.min.js HTTP/1.1" 200 2237 "https://2blog.ilc.edu.tw/yceec/category/%E7%9B%B8%E9%97%9C%E8%B3%87%E8%A8%8A/" "Mozilla/5.0 (Windows NT 10.0; Win64; x64) AppleWebKit/537.36 (KHTML, like Gecko) Chrome/144.0.0.0 Safari/537.36"
2408:872f:d00:22:8000::4a - - [23/Aug/2026:03:53:21 +0800] "GET /yceec/wp-includes/js/imagesloaded.min.js HTTP/1.1" 200 2683 "https://2blog.ilc.edu.tw/yceec/category/%E7%9B%B8%E9%97%9C%E8%B3%87%E8%A8%8A/" "Mozilla/5.0 (Windows NT 10.0; Win64; x64) AppleWebKit/537.36 (KHTML, like Gecko) Chrome/144.0.0.0 Safari/537.36"
2408:872f:d00:22:8000::4a - - [23/Aug/2026:03:53:21 +0800] "GET /yceec/wp-content/themes/primer/assets/js/navigation.min.js HTTP/1.1" 200 1144 "https://2blog.ilc.edu.tw/yceec/category/%E7%9B%B8%E9%97%9C%E8%B3%87%E8%A8%8A/" "Mozilla/5.0 (Windows NT 10.0; Win64; x64) AppleWebKit/537.36 (KHTML, like Gecko) Chrome/144.0.0.0 Safari/537.36"
2408:872f:d00:22:8000::4a - - [23/Aug/2026:03:53:21 +0800] "GET /yceec/wp-content/plugins/elementor-pro/assets/lib/smartmenus/jquery.smartmenus.min.js HTTP/1.1" 200 7967 "https://2blog.ilc.edu.tw/yceec/category/%E7%9B%B8%E9%97%9C%E8%B3%87%E8%A8%8A/" "Mozilla/5.0 (Windows NT 10.0; Win64; x64) AppleWebKit/537.36 (KHTML, like Gecko) Chrome/144.0.0.0 Safari/537.36"
2408:872f:d00:22:8000::4a - - [23/Aug/2026:03:53:21 +0800] "GET /yceec/wp-content/plugins/elementor/assets/js/webpack.runtime.min.js HTTP/1.1" 200 3095 "https://2blog.ilc.edu.tw/yceec/category/%E7%9B%B8%E9%97%9C%E8%B3%87%E8%A8%8A/" "Mozilla/5.0 (Windows NT 10.0; Win64; x64) AppleWebKit/537.36 (KHTML, like Gecko) Chrome/144.0.0.0 Safari/537.36"
2408:872f:d00:22:8000::4a - - [23/Aug/2026:03:53:21 +0800] "GET /yceec/wp-content/plugins/elementor-pro/assets/js/webpack-pro.runtime.min.js HTTP/1.1" 200 3562 "https://2blog.ilc.edu.tw/yceec/category/%E7%9B%B8%E9%97%9C%E8%B3%87%E8%A8%8A/" "Mozilla/5.0 (Windows NT 10.0; Win64; x64) AppleWebKit/537.36 (KHTML, like Gecko) Chrome/144.0.0.0 Safari/537.36"
2409:8702:548c:1f:120:255:24:41 - - [23/Aug/2026:03:53:21 +0800] "GET /17160/wp-content/themes/oceanwp/assets/js/ow-slider.min.js HTTP/1.1" 200 1761 "https://2blog.ilc.edu.tw/17160/category/c-15024/c-85321/page/10/" "Mozilla/5.0 (Windows NT 10.0; Win64; x64) AppleWebKit/537.36 (KHTML, like Gecko) Chrome/144.0.0.0 Safari/537.36"
216.244.66.226 - - [23/Aug/2026:03:53:21 +0800] "GET /blog/blog/16771/albumid=74699 HTTP/1.1" 404 35276 "-" "Mozilla/5.0 (compatible; DotBot/1.2; +https://opensiteexplorer.org/dotbot; help@moz.com)"
2408:863c:1610::b - - [23/Aug/2026:03:53:22 +0800] "GET /25870/wp-includes/js/hoverintent-js.min.js HTTP/1.1" 200 1936 "https://2blog.ilc.edu.tw/25870/2014/04/" "Mozilla/5.0 (Windows NT 10.0; Win64; x64) AppleWebKit/537.36 (KHTML, like Gecko) Chrome/144.0.0.0 Safari/537.36"
2408:863c:1610::b - - [23/Aug/2026:03:53:22 +0800] "GET /25870/wp-includes/js/admin-bar.min.js HTTP/1.1" 200 2576 "https://2blog.ilc.edu.tw/25870/2014/04/" "Mozilla/5.0 (Windows NT 10.0; Win64; x64) AppleWebKit/537.36 (KHTML, like Gecko) Chrome/144.0.0.0 Safari/537.36"
2408:863c:1610::b - - [23/Aug/2026:03:53:22 +0800] "GET /25870/wp-content/themes/oceanwp/assets/js/theme.min.js HTTP/1.1" 200 9924 "https://2blog.ilc.edu.tw/25870/2014/04/" "Mozilla/5.0 (Windows NT 10.0; Win64; x64) AppleWebKit/537.36 (KHTML, like Gecko) Chrome/144.0.0.0 Safari/537.36"
2408:863c:1610::b - - [23/Aug/2026:03:53:22 +0800] "GET /25870/wp-includes/js/imagesloaded.min.js HTTP/1.1" 200 7477 "https://2blog.ilc.edu.tw/25870/2014/04/" "Mozilla/5.0 (Windows NT 10.0; Win64; x64) AppleWebKit/537.36 (KHTML, like Gecko) Chrome/144.0.0.0 Safari/537.36"
2409:8702:548c:1f:120:255:24:41 - - [23/Aug/2026:03:53:22 +0800] "GET /17160/wp-content/themes/oceanwp/assets/js/select.min.js HTTP/1.1" 200 2408 "https://2blog.ilc.edu.tw/17160/category/c-15024/c-85321/page/10/" "Mozilla/5.0 (Windows NT 10.0; Win64; x64) AppleWebKit/537.36 (KHTML, like Gecko) Chrome/144.0.0.0 Safari/537.36"
2409:8702:548c:1f:120:255:24:41 - - [23/Aug/2026:03:53:22 +0800] "GET /17160/wp-content/themes/oceanwp/assets/js/scroll-top.min.js HTTP/1.1" 200 3202 "https://2blog.ilc.edu.tw/17160/category/c-15024/c-85321/page/10/" "Mozilla/5.0 (Windows NT 10.0; Win64; x64) AppleWebKit/537.36 (KHTML, like Gecko) Chrome/144.0.0.0 Safari/537.36"
2001:288:a201::66:125 - - [23/Aug/2026:03:53:22 +0800] "GET /blog/active.php HTTP/1.1" 301 1026 "-" "-"
2408:872f:d00:22:8000::4a - - [23/Aug/2026:03:53:22 +0800] "GET /yceec/wp-content/plugins/elementor/assets/js/frontend-modules.min.js HTTP/1.1" 200 19416 "https://2blog.ilc.edu.tw/yceec/category/%E7%9B%B8%E9%97%9C%E8%B3%87%E8%A8%8A/" "Mozilla/5.0 (Windows NT 10.0; Win64; x64) AppleWebKit/537.36 (KHTML, like Gecko) Chrome/144.0.0.0 Safari/537.36"
2408:872f:d00:22:8000::4a - - [23/Aug/2026:03:53:22 +0800] "GET /yceec/wp-includes/js/dist/hooks.min.js HTTP/1.1" 200 2421 "https://2blog.ilc.edu.tw/yceec/category/%E7%9B%B8%E9%97%9C%E8%B3%87%E8%A8%8A/" "Mozilla/5.0 (Windows NT 10.0; Win64; x64) AppleWebKit/537.36 (KHTML, like Gecko) Chrome/144.0.0.0 Safari/537.36"
2408:872f:d00:22:8000::4a - - [23/Aug/2026:03:53:22 +0800] "GET /yceec/wp-includes/js/dist/i18n.min.js HTTP/1.1" 200 4547 "https://2blog.ilc.edu.tw/yceec/category/%E7%9B%B8%E9%97%9C%E8%B3%87%E8%A8%8A/" "Mozilla/5.0 (Windows NT 10.0; Win64; x64) AppleWebKit/537.36 (KHTML, like Gecko) Chrome/144.0.0.0 Safari/537.36"
2408:872f:d00:22:8000::4a - - [23/Aug/2026:03:53:22 +0800] "GET /yceec/wp-content/plugins/elementor-pro/assets/js/frontend.min.js HTTP/1.1" 200 7574 "https://2blog.ilc.edu.tw/yceec/category/%E7%9B%B8%E9%97%9C%E8%B3%87%E8%A8%8A/" "Mozilla/5.0 (Windows NT 10.0; Win64; x64) AppleWebKit/537.36 (KHTML, like Gecko) Chrome/144.0.0.0 Safari/537.36"
2408:872f:d00:22:8000::4a - - [23/Aug/2026:03:53:22 +0800] "GET /yceec/wp-content/plugins/elementor/assets/lib/waypoints/waypoints.min.js HTTP/1.1" 200 3873 "https://2blog.ilc.edu.tw/yceec/category/%E7%9B%B8%E9%97%9C%E8%B3%87%E8%A8%8A/" "Mozilla/5.0 (Windows NT 10.0; Win64; x64) AppleWebKit/537.36 (KHTML, like Gecko) Chrome/144.0.0.0 Safari/537.36"
2408:872f:d00:22:8000::4a - - [23/Aug/2026:03:53:22 +0800] "GET /yceec/wp-includes/js/jquery/ui/core.min.js HTTP/1.1" 200 7986 "https://2blog.ilc.edu.tw/yceec/category/%E7%9B%B8%E9%97%9C%E8%B3%87%E8%A8%8A/" "Mozilla/5.0 (Windows NT 10.0; Win64; x64) AppleWebKit/537.36 (KHTML, like Gecko) Chrome/144.0.0.0 Safari/537.36"
2409:8702:548c:1f:120:255:24:41 - - [23/Aug/2026:03:53:22 +0800] "GET /17160/wp-content/uploads/sites/1249/2019/11/cropped-logo1-32x32.png HTTP/1.1" 200 3652 "https://2blog.ilc.edu.tw/17160/category/c-15024/c-85321/page/10/" "Mozilla/5.0 (Windows NT 10.0; Win64; x64) AppleWebKit/537.36 (KHTML, like Gecko) Chrome/144.0.0.0 Safari/537.36"
2408:863c:1610::b - - [23/Aug/2026:03:53:22 +0800] "GET /25870/wp-content/themes/oceanwp/assets/js/drop-down-mobile-menu.min.js HTTP/1.1" 200 4663 "https://2blog.ilc.edu.tw/25870/2014/04/" "Mozilla/5.0 (Windows NT 10.0; Win64; x64) AppleWebKit/537.36 (KHTML, like Gecko) Chrome/144.0.0.0 Safari/537.36"
2408:863c:1610::b - - [23/Aug/2026:03:53:22 +0800] "GET /25870/wp-content/themes/oceanwp/assets/js/drop-down-search.min.js HTTP/1.1" 200 2968 "https://2blog.ilc.edu.tw/25870/2014/04/" "Mozilla/5.0 (Windows NT 10.0; Win64; x64) AppleWebKit/537.36 (KHTML, like Gecko) Chrome/144.0.0.0 Safari/537.36"
2408:863c:1610::b - - [23/Aug/2026:03:53:22 +0800] "GET /25870/wp-content/themes/oceanwp/assets/js/ow-lightbox.min.js HTTP/1.1" 200 2321 "https://2blog.ilc.edu.tw/25870/2014/04/" "Mozilla/5.0 (Windows NT 10.0; Win64; x64) AppleWebKit/537.36 (KHTML, like Gecko) Chrome/144.0.0.0 Safari/537.36"
2408:863c:1610::b - - [23/Aug/2026:03:53:22 +0800] "GET /25870/wp-content/themes/oceanwp/assets/js/vendors/magnific-popup.min.js HTTP/1.1" 200 8270 "https://2blog.ilc.edu.tw/25870/2014/04/" "Mozilla/5.0 (Windows NT 10.0; Win64; x64) AppleWebKit/537.36 (KHTML, like Gecko) Chrome/144.0.0.0 Safari/537.36"
140.111.67.10 - - [23/Aug/2026:03:53:22 +0800] "GET /" 301 273 "-" "-"
66.249.79.138 - - [23/Aug/2026:03:53:20 +0800] "GET /wp-login.php?action=ilc_logout&_wpnonce=43754d0aad&redirect_to=http://devproger.ru/job/85576/ HTTP/1.1" 302 3459 "-" "Mozilla/5.0 (Linux; Android 6.0.1; Nexus 5X Build/MMB29P) AppleWebKit/537.36 (KHTML, like Gecko) Chrome/151.0.7922.137 Mobile Safari/537.36 (compatible; Googlebot/2.1; +http://www.google.com/bot.html)"
2408:872f:d00:22:8000::4a - - [23/Aug/2026:03:53:22 +0800] "GET /yceec/wp-content/plugins/elementor-pro/assets/js/elements-handlers.min.js HTTP/1.1" 200 10882 "https://2blog.ilc.edu.tw/yceec/category/%E7%9B%B8%E9%97%9C%E8%B3%87%E8%A8%8A/" "Mozilla/5.0 (Windows NT 10.0; Win64; x64) AppleWebKit/537.36 (KHTML, like Gecko) Chrome/144.0.0.0 Safari/537.36"
2408:872f:d00:22:8000::4a - - [23/Aug/2026:03:53:22 +0800] "GET /yceec/wp-content/plugins/elementor/assets/js/frontend.min.js HTTP/1.1" 200 13169 "https://2blog.ilc.edu.tw/yceec/category/%E7%9B%B8%E9%97%9C%E8%B3%87%E8%A8%8A/" "Mozilla/5.0 (Windows NT 10.0; Win64; x64) AppleWebKit/537.36 (KHTML, like Gecko) Chrome/144.0.0.0 Safari/537.36"
2408:863c:1610::b - - [23/Aug/2026:03:53:22 +0800] "GET /25870/wp-content/themes/oceanwp/assets/js/vendors/flickity.pkgd.min.js HTTP/1.1" 200 19842 "https://2blog.ilc.edu.tw/25870/2014/04/" "Mozilla/5.0 (Windows NT 10.0; Win64; x64) AppleWebKit/537.36 (KHTML, like Gecko) Chrome/144.0.0.0 Safari/537.36"
2001:288:a201::66:125 - - [23/Aug/2026:03:53:22 +0800] "GET /blog/active.php HTTP/1.1" 404 1084 "-" "-"
2408:863c:1610::b - - [23/Aug/2026:03:53:22 +0800] "GET /25870/wp-content/themes/oceanwp/assets/js/ow-slider.min.js HTTP/1.1" 200 1761 "https://2blog.ilc.edu.tw/25870/2014/04/" "Mozilla/5.0 (Windows NT 10.0; Win64; x64) AppleWebKit/537.36 (KHTML, like Gecko) Chrome/144.0.0.0 Safari/537.36"
2408:863c:1610::b - - [23/Aug/2026:03:53:22 +0800] "GET /25870/wp-content/themes/oceanwp/assets/fonts/simple-line-icons/Simple-Line-Icons.woff2?v=2.4.0 HTTP/1.1" 200 30959 "https://2blog.ilc.edu.tw/25870/wp-content/cache/2blog.ilc.edu.tw/wpfc-minified/g3sveoih/63oez.css" "Mozilla/5.0 (Windows NT 10.0; Win64; x64) AppleWebKit/537.36 (KHTML, like Gecko) Chrome/144.0.0.0 Safari/537.36"
2408:863c:1610::b - - [23/Aug/2026:03:53:22 +0800] "GET /25870/wp-content/themes/oceanwp/assets/js/scroll-effect.min.js HTTP/1.1" 200 4127 "https://2blog.ilc.edu.tw/25870/2014/04/" "Mozilla/5.0 (Windows NT 10.0; Win64; x64) AppleWebKit/537.36 (KHTML, like Gecko) Chrome/144.0.0.0 Safari/537.36"
2408:863c:1610::b - - [23/Aug/2026:03:53:22 +0800] "GET /25870/wp-content/themes/oceanwp/assets/js/scroll-top.min.js HTTP/1.1" 200 3202 "https://2blog.ilc.edu.tw/25870/2014/04/" "Mozilla/5.0 (Windows NT 10.0; Win64; x64) AppleWebKit/537.36 (KHTML, like Gecko) Chrome/144.0.0.0 Safari/537.36"
74.7.242.54 - - [23/Aug/2026:03:53:22 +0800] "GET /wp-content/uploads/sites/1493/3317/3317-645199.jpg HTTP/1.1" 500 6077 "http://2blog.ilc.edu.tw" "Mozilla/5.0 AppleWebKit/537.36 (KHTML, like Gecko; compatible; GPTBot/1.4; +https://openai.com/gptbot)"
2409:8774:4c:100::1c - - [23/Aug/2026:03:53:22 +0800] "GET /wp-includes/js/imagesloaded.min.js HTTP/1.1" 200 2683 "https://www.najh.ilc.edu.tw/2020/03/03/%e6%85%88%e6%bf%9f%e7%a7%91%e6%8a%80%e5%a4%a7%e5%ad%b8%e4%ba%94%e5%b9%b4%e5%88%b6%e8%ad%b7%e7%90%86%e7%a7%91%e7%8d%a8%e6%8b%9b/" "Mozilla/5.0 (Windows NT 10.0; Win64; x64) AppleWebKit/537.36 (KHTML, like Gecko) Chrome/144.0.0.0 Safari/537.36"
2408:872f:c00:408::162 - - [23/Aug/2026:03:53:22 +0800] "GET /2010/10/15/ HTTP/1.1" 200 15363 "-" "Mozilla/5.0 (Windows NT 10.0; Win64; x64) AppleWebKit/537.36 (KHTML, like Gecko) Chrome/144.0.0.0 Safari/537.36"
2409:8774:4c:100::1c - - [23/Aug/2026:03:53:22 +0800] "GET /wp-content/themes/oceanwp/assets/js/theme.min.js HTTP/1.1" 200 5130 "https://www.najh.ilc.edu.tw/2020/03/03/%e6%85%88%e6%bf%9f%e7%a7%91%e6%8a%80%e5%a4%a7%e5%ad%b8%e4%ba%94%e5%b9%b4%e5%88%b6%e8%ad%b7%e7%90%86%e7%a7%91%e7%8d%a8%e6%8b%9b/" "Mozilla/5.0 (Windows NT 10.0; Win64; x64) AppleWebKit/537.36 (KHTML, like Gecko) Chrome/144.0.0.0 Safari/537.36"
2409:8774:4c:100::1c - - [23/Aug/2026:03:53:22 +0800] "GET /wp-content/themes/oceanwp/assets/js/drop-down-mobile-menu.min.js HTTP/1.1" 200 4663 "https://www.najh.ilc.edu.tw/2020/03/03/%e6%85%88%e6%bf%9f%e7%a7%91%e6%8a%80%e5%a4%a7%e5%ad%b8%e4%ba%94%e5%b9%b4%e5%88%b6%e8%ad%b7%e7%90%86%e7%a7%91%e7%8d%a8%e6%8b%9b/" "Mozilla/5.0 (Windows NT 10.0; Win64; x64) AppleWebKit/537.36 (KHTML, like Gecko) Chrome/144.0.0.0 Safari/537.36"
2409:8774:4c:100::1c - - [23/Aug/2026:03:53:22 +0800] "GET /wp-content/themes/oceanwp/assets/js/drop-down-search.min.js HTTP/1.1" 200 2968 "https://www.najh.ilc.edu.tw/2020/03/03/%e6%85%88%e6%bf%9f%e7%a7%91%e6%8a%80%e5%a4%a7%e5%ad%b8%e4%ba%94%e5%b9%b4%e5%88%b6%e8%ad%b7%e7%90%86%e7%a7%91%e7%8d%a8%e6%8b%9b/" "Mozilla/5.0 (Windows NT 10.0; Win64; x64) AppleWebKit/537.36 (KHTML, like Gecko) Chrome/144.0.0.0 Safari/537.36"
2409:8774:4c:100::1c - - [23/Aug/2026:03:53:22 +0800] "POST /wp-json/ilc-summary/v1/popular-posts HTTP/1.1" 201 1270 "https://www.najh.ilc.edu.tw/2020/03/03/%e6%85%88%e6%bf%9f%e7%a7%91%e6%8a%80%e5%a4%a7%e5%ad%b8%e4%ba%94%e5%b9%b4%e5%88%b6%e8%ad%b7%e7%90%86%e7%a7%91%e7%8d%a8%e6%8b%9b/" "Mozilla/5.0 (Windows NT 10.0; Win64; x64) AppleWebKit/537.36 (KHTML, like Gecko) Chrome/144.0.0.0 Safari/537.36"
2408:863c:1610::b - - [23/Aug/2026:03:53:23 +0800] "GET /25870/wp-content/themes/oceanwp/assets/js/select.min.js HTTP/1.1" 200 2408 "https://2blog.ilc.edu.tw/25870/2014/04/" "Mozilla/5.0 (Windows NT 10.0; Win64; x64) AppleWebKit/537.36 (KHTML, like Gecko) Chrome/144.0.0.0 Safari/537.36"
2408:872f:c00:408::162 - - [23/Aug/2026:03:53:23 +0800] "GET /wp-content/cache/ilta.ilc.edu.tw/wpfc-minified/30cml7nx/6wvk.css HTTP/1.1" 200 40877 "https://ilta.ilc.edu.tw/2010/10/15/" "Mozilla/5.0 (Windows NT 10.0; Win64; x64) AppleWebKit/537.36 (KHTML, like Gecko) Chrome/144.0.0.0 Safari/537.36"
2409:8774:4c:100::1c - - [23/Aug/2026:03:53:23 +0800] "GET /wp-content/themes/oceanwp/assets/js/vendors/magnific-popup.min.js HTTP/1.1" 200 8270 "https://www.najh.ilc.edu.tw/2020/03/03/%e6%85%88%e6%bf%9f%e7%a7%91%e6%8a%80%e5%a4%a7%e5%ad%b8%e4%ba%94%e5%b9%b4%e5%88%b6%e8%ad%b7%e7%90%86%e7%a7%91%e7%8d%a8%e6%8b%9b/" "Mozilla/5.0 (Windows NT 10.0; Win64; x64) AppleWebKit/537.36 (KHTML, like Gecko) Chrome/144.0.0.0 Safari/537.36"
2409:8774:4c:100::1c - - [23/Aug/2026:03:53:23 +0800] "GET /wp-content/themes/oceanwp/assets/js/ow-lightbox.min.js HTTP/1.1" 200 2321 "https://www.najh.ilc.edu.tw/2020/03/03/%e6%85%88%e6%bf%9f%e7%a7%91%e6%8a%80%e5%a4%a7%e5%ad%b8%e4%ba%94%e5%b9%b4%e5%88%b6%e8%ad%b7%e7%90%86%e7%a7%91%e7%8d%a8%e6%8b%9b/" "Mozilla/5.0 (Windows NT 10.0; Win64; x64) AppleWebKit/537.36 (KHTML, like Gecko) Chrome/144.0.0.0 Safari/537.36"
2408:863c:1610::b - - [23/Aug/2026:03:53:22 +0800] "GET /25870/wp-content/themes/oceanwp/assets/fonts/fontawesome/webfonts/fa-solid-900.woff2 HTTP/1.1" 200 151246 "https://2blog.ilc.edu.tw/25870/wp-content/cache/2blog.ilc.edu.tw/wpfc-minified/g3sveoih/63oez.css" "Mozilla/5.0 (Windows NT 10.0; Win64; x64) AppleWebKit/537.36 (KHTML, like Gecko) Chrome/144.0.0.0 Safari/537.36"
2409:8774:4c:100::1c - - [23/Aug/2026:03:53:23 +0800] "GET /wp-content/themes/oceanwp/assets/js/vendors/flickity.pkgd.min.js HTTP/1.1" 200 15048 "https://www.najh.ilc.edu.tw/2020/03/03/%e6%85%88%e6%bf%9f%e7%a7%91%e6%8a%80%e5%a4%a7%e5%ad%b8%e4%ba%94%e5%b9%b4%e5%88%b6%e8%ad%b7%e7%90%86%e7%a7%91%e7%8d%a8%e6%8b%9b/" "Mozilla/5.0 (Windows NT 10.0; Win64; x64) AppleWebKit/537.36 (KHTML, like Gecko) Chrome/144.0.0.0 Safari/537.36"
2409:8774:4c:100::1c - - [23/Aug/2026:03:53:23 +0800] "GET /wp-content/themes/oceanwp/assets/js/ow-slider.min.js HTTP/1.1" 200 1761 "https://www.najh.ilc.edu.tw/2020/03/03/%e6%85%88%e6%bf%9f%e7%a7%91%e6%8a%80%e5%a4%a7%e5%ad%b8%e4%ba%94%e5%b9%b4%e5%88%b6%e8%ad%b7%e7%90%86%e7%a7%91%e7%8d%a8%e6%8b%9b/" "Mozilla/5.0 (Windows NT 10.0; Win64; x64) AppleWebKit/537.36 (KHTML, like Gecko) Chrome/144.0.0.0 Safari/537.36"
2409:8774:4c:100::1c - - [23/Aug/2026:03:53:23 +0800] "GET /wp-content/themes/oceanwp/assets/js/scroll-top.min.js HTTP/1.1" 200 3202 "https://www.najh.ilc.edu.tw/2020/03/03/%e6%85%88%e6%bf%9f%e7%a7%91%e6%8a%80%e5%a4%a7%e5%ad%b8%e4%ba%94%e5%b9%b4%e5%88%b6%e8%ad%b7%e7%90%86%e7%a7%91%e7%8d%a8%e6%8b%9b/" "Mozilla/5.0 (Windows NT 10.0; Win64; x64) AppleWebKit/537.36 (KHTML, like Gecko) Chrome/144.0.0.0 Safari/537.36"
2409:8774:4c:100::1c - - [23/Aug/2026:03:53:23 +0800] "GET /wp-content/themes/oceanwp/assets/js/scroll-effect.min.js HTTP/1.1" 200 4127 "https://www.najh.ilc.edu.tw/2020/03/03/%e6%85%88%e6%bf%9f%e7%a7%91%e6%8a%80%e5%a4%a7%e5%ad%b8%e4%ba%94%e5%b9%b4%e5%88%b6%e8%ad%b7%e7%90%86%e7%a7%91%e7%8d%a8%e6%8b%9b/" "Mozilla/5.0 (Windows NT 10.0; Win64; x64) AppleWebKit/537.36 (KHTML, like Gecko) Chrome/144.0.0.0 Safari/537.36"
::1 - - [23/Aug/2026:03:53:23 +0800] "OPTIONS * HTTP/1.0" 200 110 "-" "Apache/2.4.68 (Ubuntu) OpenSSL/3.0.19 (internal dummy connection)"
2408:872f:c00:408::162 - - [23/Aug/2026:03:53:23 +0800] "GET /wp-content/cache/ilta.ilc.edu.tw/wpfc-minified/l07fx5lw/6wvk.css HTTP/1.1" 200 15782 "https://ilta.ilc.edu.tw/2010/10/15/" "Mozilla/5.0 (Windows NT 10.0; Win64; x64) AppleWebKit/537.36 (KHTML, like Gecko) Chrome/144.0.0.0 Safari/537.36"
54.145.82.217 - - [23/Aug/2026:03:53:23 +0800] "GET /2446/wp-json/wp/v2/categories?post=886 HTTP/1.1" 200 6664 "-" "Mozilla/5.0 AppleWebKit/537.36 (KHTML, like Gecko; compatible; Amazonbot/0.1; +https://developer.amazon.com/support/amazonbot) Chrome/119.0.6045.214 Safari/537.36"
2409:8774:4c:100::1c - - [23/Aug/2026:03:53:24 +0800] "GET /wp-content/themes/oceanwp/assets/js/select.min.js HTTP/1.1" 200 2408 "https://www.najh.ilc.edu.tw/2020/03/03/%e6%85%88%e6%bf%9f%e7%a7%91%e6%8a%80%e5%a4%a7%e5%ad%b8%e4%ba%94%e5%b9%b4%e5%88%b6%e8%ad%b7%e7%90%86%e7%a7%91%e7%8d%a8%e6%8b%9b/" "Mozilla/5.0 (Windows NT 10.0; Win64; x64) AppleWebKit/537.36 (KHTML, like Gecko) Chrome/144.0.0.0 Safari/537.36"
2409:8774:4c:100::1c - - [23/Aug/2026:03:53:24 +0800] "GET /wp-content/plugins/ocean-extra/includes/widgets/js/flickr.min.js HTTP/1.1" 200 1319 "https://www.najh.ilc.edu.tw/2020/03/03/%e6%85%88%e6%bf%9f%e7%a7%91%e6%8a%80%e5%a4%a7%e5%ad%b8%e4%ba%94%e5%b9%b4%e5%88%b6%e8%ad%b7%e7%90%86%e7%a7%91%e7%8d%a8%e6%8b%9b/" "Mozilla/5.0 (Windows NT 10.0; Win64; x64) AppleWebKit/537.36 (KHTML, like Gecko) Chrome/144.0.0.0 Safari/537.36"
2409:8774:4c:100::1c - - [23/Aug/2026:03:53:24 +0800] "GET /wp-includes/js/mediaelement/mediaelement-and-player.min.js HTTP/1.1" 200 39802 "https://www.najh.ilc.edu.tw/2020/03/03/%e6%85%88%e6%bf%9f%e7%a7%91%e6%8a%80%e5%a4%a7%e5%ad%b8%e4%ba%94%e5%b9%b4%e5%88%b6%e8%ad%b7%e7%90%86%e7%a7%91%e7%8d%a8%e6%8b%9b/" "Mozilla/5.0 (Windows NT 10.0; Win64; x64) AppleWebKit/537.36 (KHTML, like Gecko) Chrome/144.0.0.0 Safari/537.36"
2408:863c:1610::b - - [23/Aug/2026:03:53:24 +0800] "GET /favicon.ico HTTP/1.1" 302 901 "https://2blog.ilc.edu.tw/25870/2014/04/" "Mozilla/5.0 (Windows NT 10.0; Win64; x64) AppleWebKit/537.36 (KHTML, like Gecko) Chrome/144.0.0.0 Safari/537.36"
2408:872f:c00:408::162 - - [23/Aug/2026:03:53:24 +0800] "GET /wp-content/cache/ilta.ilc.edu.tw/wpfc-minified/qm0ohmet/6wvk.css HTTP/1.1" 200 1157 "https://ilta.ilc.edu.tw/2010/10/15/" "Mozilla/5.0 (Windows NT 10.0; Win64; x64) AppleWebKit/537.36 (KHTML, like Gecko) Chrome/144.0.0.0 Safari/537.36"
2409:8774:4c:100::1c - - [23/Aug/2026:03:53:24 +0800] "GET /wp-includes/js/mediaelement/wp-mediaelement.min.js HTTP/1.1" 200 1417 "https://www.najh.ilc.edu.tw/2020/03/03/%e6%85%88%e6%bf%9f%e7%a7%91%e6%8a%80%e5%a4%a7%e5%ad%b8%e4%ba%94%e5%b9%b4%e5%88%b6%e8%ad%b7%e7%90%86%e7%a7%91%e7%8d%a8%e6%8b%9b/" "Mozilla/5.0 (Windows NT 10.0; Win64; x64) AppleWebKit/537.36 (KHTML, like Gecko) Chrome/144.0.0.0 Safari/537.36"
66.249.71.7 - - [23/Aug/2026:03:53:22 +0800] "GET /wp-login.php?action=ilc_logout&_wpnonce=43754d0aad&redirect_to=http://listyapavlina.ru/job/25440/ HTTP/1.1" 302 8248 "-" "Mozilla/5.0 (compatible; Googlebot/2.1; +http://www.google.com/bot.html)"
2409:8774:4c:100::1c - - [23/Aug/2026:03:53:24 +0800] "GET /wp-includes/js/mediaelement/renderers/vimeo.min.js HTTP/1.1" 200 3164 "https://www.najh.ilc.edu.tw/2020/03/03/%e6%85%88%e6%bf%9f%e7%a7%91%e6%8a%80%e5%a4%a7%e5%ad%b8%e4%ba%94%e5%b9%b4%e5%88%b6%e8%ad%b7%e7%90%86%e7%a7%91%e7%8d%a8%e6%8b%9b/" "Mozilla/5.0 (Windows NT 10.0; Win64; x64) AppleWebKit/537.36 (KHTML, like Gecko) Chrome/144.0.0.0 Safari/537.36"
2408:872f:c00:408::162 - - [23/Aug/2026:03:53:24 +0800] "GET /wp-content/cache/ilta.ilc.edu.tw/wpfc-minified/7vo8n6iy/6wvk.css HTTP/1.1" 200 60708 "https://ilta.ilc.edu.tw/2010/10/15/" "Mozilla/5.0 (Windows NT 10.0; Win64; x64) AppleWebKit/537.36 (KHTML, like Gecko) Chrome/144.0.0.0 Safari/537.36"
2408:863c:1610::b - - [23/Aug/2026:03:53:24 +0800] "GET /wp-includes/images/w-logo-blue-white-bg.png HTTP/1.1" 200 4946 "https://2blog.ilc.edu.tw/25870/2014/04/" "Mozilla/5.0 (Windows NT 10.0; Win64; x64) AppleWebKit/537.36 (KHTML, like Gecko) Chrome/144.0.0.0 Safari/537.36"
2408:872f:d00:22:8000::4a - - [23/Aug/2026:03:53:24 +0800] "GET /yceec/wp-content/plugins/elementor/assets/lib/font-awesome/webfonts/fa-solid-900.woff2 HTTP/1.1" 200 79223 "https://2blog.ilc.edu.tw/yceec/wp-content/cache/2blog.ilc.edu.tw/wpfc-minified/lnvkuhy8/5wox5.css" "Mozilla/5.0 (Windows NT 10.0; Win64; x64) AppleWebKit/537.36 (KHTML, like Gecko) Chrome/144.0.0.0 Safari/537.36"
::1 - - [23/Aug/2026:03:53:24 +0800] "OPTIONS * HTTP/1.0" 200 110 "-" "Apache/2.4.68 (Ubuntu) OpenSSL/3.0.19 (internal dummy connection)"
