66.249.79.138 - - [23/Aug/2026:03:58:52 +0800] "GET /wp-login.php?action=ilc_logout&_wpnonce=43754d0aad&redirect_to=http://lotos11.ru/join/63014/ HTTP/1.1" 302 8243 "-" "Mozilla/5.0 (compatible; Googlebot/2.1; +http://www.google.com/bot.html)"
2001:288:a201::67:81 - - [23/Aug/2026:03:58:54 +0800] "POST /scweb/NEWS/NEWS.ASP?nickname=0929&offset=16&fsm_edd_37394=b155be9407e9ebe7220ae6582fc5f9aa HTTP/1.1" 404 77451 "-" "WordPress/6.6.7; https://www.gtes.ilc.edu.tw"
3.89.176.255 - - [23/Aug/2026:03:58:55 +0800] "GET /wp-content/uploads/sites/233/1003/1003-4081691.jpg HTTP/1.1" 200 85573 "-" "Mozilla/5.0 AppleWebKit/537.36 (KHTML, like Gecko; compatible; Amazonbot/0.1; +https://developer.amazon.com/support/amazonbot) Chrome/119.0.6045.214 Safari/537.36"
66.249.79.8 - - [23/Aug/2026:03:58:54 +0800] "GET /scweb/NEWS/NEWS.ASP?nickname=0929&offset=16 HTTP/1.1" 404 77495 "-" "Mozilla/5.0 (Linux; Android 6.0.1; Nexus 5X Build/MMB29P) AppleWebKit/537.36 (KHTML, like Gecko) Chrome/151.0.7922.137 Mobile Safari/537.36 (compatible; Googlebot/2.1; +http://www.google.com/bot.html)"
2001:288:a201::66:125 - - [23/Aug/2026:03:58:55 +0800] "GET /blog/active.php HTTP/1.1" 404 1084 "-" "-"
2001:288:a201::66:125 - - [23/Aug/2026:03:58:55 +0800] "GET /blog/active.php HTTP/1.1" 301 1026 "-" "-"
140.111.67.10 - - [23/Aug/2026:03:58:56 +0800] "GET /" 301 273 "-" "-"
52.202.52.82 - - [23/Aug/2026:03:58:56 +0800] "GET /wp-json/oembed/1.0/embed?format=xml&url=https://www.cwjh.ilc.edu.tw/2019/01/28/107%25e4%25b8%258a%25e7%25ac%25ac%25e4%25b8%2589%25e6%25ac%25a1%25e6%25ae%25b5%25e8%2580%2583%25e6%25a6%25ae%25e8%25ad%25bd%25e6%25a6%259c%25e5%2590%258d%25e5%2596%25ae/ HTTP/1.1" 200 7255 "-" "Mozilla/5.0 AppleWebKit/537.36 (KHTML, like Gecko; compatible; Amazonbot/0.1; +https://developer.amazon.com/support/amazonbot) Chrome/119.0.6045.214 Safari/537.36"
34.239.197.197 - - [23/Aug/2026:03:58:58 +0800] "GET /wp-content/uploads/sites/233/1003/1003-4081701.png HTTP/1.1" 200 137641 "-" "Mozilla/5.0 AppleWebKit/537.36 (KHTML, like Gecko; compatible; Amazonbot/0.1; +https://developer.amazon.com/support/amazonbot) Chrome/119.0.6045.214 Safari/537.36"
2409:8c44:1:ff18:183:204:41:20 - - [23/Aug/2026:03:58:58 +0800] "GET /26151/wp-content/themes/oceanwp/assets/fonts/simple-line-icons/Simple-Line-Icons.woff2?v=2.4.0 HTTP/1.1" 200 35753 "https://2blog.ilc.edu.tw/26151/wp-content/cache/2blog.ilc.edu.tw/wpfc-minified/klk42qct/5wowj.css" "Mozilla/5.0 (Windows NT 10.0; Win64; x64) AppleWebKit/537.36 (KHTML, like Gecko) Chrome/144.0.0.0 Safari/537.36"
2409:8c44:1:ff18:183:204:41:20 - - [23/Aug/2026:03:58:58 +0800] "GET /26151/wp-content/plugins/elementor/assets/lib/font-awesome/webfonts/fa-solid-900.woff2 HTTP/1.1" 200 84017 "https://2blog.ilc.edu.tw/26151/wp-content/cache/2blog.ilc.edu.tw/wpfc-minified/zab1kgf/5wowi.css" "Mozilla/5.0 (Windows NT 10.0; Win64; x64) AppleWebKit/537.36 (KHTML, like Gecko) Chrome/144.0.0.0 Safari/537.36"
66.249.79.201 - - [23/Aug/2026:03:58:58 +0800] "GET /wp-content/uploads/sites/859/2009/12/%E9%99%84%E5%89%877-2%E6%95%99%E8%81%B7%E5%B8%AB%E5%96%AE%E8%BA%AB%E5%AE%BF%E8%88%8D%E5%80%9F%E7%94%A8%E7%BA%8C%E5%80%9F%E5%AE%BF%E8%88%8D%E7%94%B3%E8%AB%8B%E8%A1%A8-1.docx HTTP/1.1" 200 14784 "-" "Mozilla/5.0 (Linux; Android 6.0.1; Nexus 5X Build/MMB29P) AppleWebKit/537.36 (KHTML, like Gecko) Chrome/151.0.7922.137 Mobile Safari/537.36 (compatible; Googlebot/2.1; +http://www.google.com/bot.html)"
66.249.79.138 - - [23/Aug/2026:03:58:57 +0800] "GET /wp-login.php?action=ilc_logout&_wpnonce=43754d0aad&redirect_to=http://ladstroy.ru/job/505/ HTTP/1.1" 302 3456 "-" "Mozilla/5.0 (Linux; Android 6.0.1; Nexus 5X Build/MMB29P) AppleWebKit/537.36 (KHTML, like Gecko) Chrome/151.0.7922.137 Mobile Safari/537.36 (compatible; Googlebot/2.1; +http://www.google.com/bot.html)"
2409:8c44:1:ff18:183:204:41:20 - - [23/Aug/2026:03:58:59 +0800] "GET /26151/wp-content/plugins/elementor-pro/assets/js/nav-menu.e65811186e94a386ba7b.bundle.min.js HTTP/1.1" 200 2690 "https://2blog.ilc.edu.tw/26151/2016/" "Mozilla/5.0 (Windows NT 10.0; Win64; x64) AppleWebKit/537.36 (KHTML, like Gecko) Chrome/144.0.0.0 Safari/537.36"
2409:8c44:1:ff18:183:204:41:20 - - [23/Aug/2026:03:58:59 +0800] "GET /26151/wp-content/plugins/elementor/assets/js/video.d11c91c1b2b642a34601.bundle.min.js HTTP/1.1" 200 2500 "https://2blog.ilc.edu.tw/26151/2016/" "Mozilla/5.0 (Windows NT 10.0; Win64; x64) AppleWebKit/537.36 (KHTML, like Gecko) Chrome/144.0.0.0 Safari/537.36"
2409:8c44:1:ff18:183:204:41:20 - - [23/Aug/2026:03:58:59 +0800] "GET /26151/wp-content/plugins/elementor/assets/lib/eicons/fonts/eicons.woff2?5.30.0 HTTP/1.1" 200 98225 "https://2blog.ilc.edu.tw/26151/wp-content/cache/2blog.ilc.edu.tw/wpfc-minified/klk42qct/5wowj.css" "Mozilla/5.0 (Windows NT 10.0; Win64; x64) AppleWebKit/537.36 (KHTML, like Gecko) Chrome/144.0.0.0 Safari/537.36"
2001:288:a201::66:125 - - [23/Aug/2026:03:59:00 +0800] "GET /blog/active.php HTTP/1.1" 301 1026 "-" "-"
2001:288:a201::66:125 - - [23/Aug/2026:03:59:00 +0800] "GET /blog/active.php HTTP/1.1" 404 1084 "-" "-"
140.111.67.10 - - [23/Aug/2026:03:59:01 +0800] "GET /" 301 273 "-" "-"
66.249.79.138 - - [23/Aug/2026:03:58:59 +0800] "GET /wp-login.php?key=ks8en381&_wpnonce=&action=ilc_logout&redirect_to=https%3A%2F%2Fwww.aayyy.com%2Fguides HTTP/1.1" 302 3457 "-" "Mozilla/5.0 (Linux; Android 6.0.1; Nexus 5X Build/MMB29P) AppleWebKit/537.36 (KHTML, like Gecko) Chrome/151.0.7922.137 Mobile Safari/537.36 (compatible; Googlebot/2.1; +http://www.google.com/bot.html)"
::1 - - [23/Aug/2026:03:59:02 +0800] "OPTIONS * HTTP/1.0" 200 110 "-" "Apache/2.4.68 (Ubuntu) OpenSSL/3.0.19 (internal dummy connection)"
66.249.79.138 - - [23/Aug/2026:03:59:01 +0800] "GET /wp-login.php?key=7rng9381&_wpnonce=&action=ilc_logout&redirect_to=https%3A%2F%2Fwww.aayyy.com%2Fgames HTTP/1.1" 302 8241 "-" "Mozilla/5.0 (Linux; Android 6.0.1; Nexus 5X Build/MMB29P) AppleWebKit/537.36 (KHTML, like Gecko) Chrome/151.0.7922.137 Mobile Safari/537.36 (compatible; Googlebot/2.1; +http://www.google.com/bot.html)"
151.197.56.74 - - [23/Aug/2026:03:59:03 +0800] "GET /2012/01/12/%e3%80%90%e5%85%a8%e6%95%99%e7%b8%bd%e3%80%91%e8%bf%91%e6%9c%9f%e9%87%8d%e5%a4%a7%e6%95%99%e8%82%b2%e8%ad%b0%e9%a1%8c%e7%99%bc%e5%b1%95%e8%aa%aa%e6%98%8e20120110/ HTTP/1.1" 200 63060 "-" "Mozilla/5.0 (Macintosh; Intel Mac OS X 10_15_7) AppleWebKit/537.36 (KHTML, like Gecko) Chrome/148.0.0.0 Safari/537.36"
34.206.212.24 - - [23/Aug/2026:03:59:04 +0800] "GET /32745/2020/06/14/%E5%B0%91%E5%A5%B3%E6%87%B7%E6%83%B3%E6%9B%B2/ HTTP/1.1" 200 92327 "-" "Mozilla/5.0 AppleWebKit/537.36 (KHTML, like Gecko; compatible; Amazonbot/0.1; +https://developer.amazon.com/support/amazonbot) Chrome/119.0.6045.214 Safari/537.36"
66.249.71.7 - - [23/Aug/2026:03:59:03 +0800] "GET /wp-login.php?action=ilc_logout&_wpnonce=43754d0aad&redirect_to=http://mainkink.ru/join/5103/ HTTP/1.1" 302 8243 "-" "Mozilla/5.0 (Linux; Android 6.0.1; Nexus 5X Build/MMB29P) AppleWebKit/537.36 (KHTML, like Gecko) Chrome/151.0.7922.137 Mobile Safari/537.36 (compatible; Googlebot/2.1; +http://www.google.com/bot.html)"
2001:288:a201::66:125 - - [23/Aug/2026:03:59:05 +0800] "GET /blog/active.php HTTP/1.1" 404 1084 "-" "-"
2001:288:a201::66:125 - - [23/Aug/2026:03:59:05 +0800] "GET /blog/active.php HTTP/1.1" 301 1026 "-" "-"
52.71.218.25 - - [23/Aug/2026:03:59:03 +0800] "GET /wp-json/oembed/1.0/embed?url=https://www.cwjh.ilc.edu.tw/2023/07/05/111%25e4%25b8%258b%25e7%25ac%25ac%25e4%25b8%2589%25e6%25ac%25a1%25e6%25ae%25b5%25e8%2580%2583%25e6%25a6%25ae%25e8%25ad%25bd%25e6%25a6%259c%25e5%2590%258d%25e5%2596%25ae/ HTTP/1.1" 200 8553 "-" "Mozilla/5.0 AppleWebKit/537.36 (KHTML, like Gecko; compatible; Amazonbot/0.1; +https://developer.amazon.com/support/amazonbot) Chrome/119.0.6045.214 Safari/537.36"
2409:8738:816:20::9 - - [23/Aug/2026:03:59:05 +0800] "GET /wp-content/uploads/sites/1493/19020/19020-1056396.png HTTP/1.1" 500 6077 "-" "Mozilla/5.0 (Windows NT 10.0; Win64; x64) AppleWebKit/537.36 (KHTML, like Gecko) Chrome/144.0.0.0 Safari/537.36"
2409:876c:2b34::24 - - [23/Aug/2026:03:59:06 +0800] "GET /wp-content/uploads/sites/1493/19020/19020-1056386.png HTTP/1.1" 500 6077 "-" "Mozilla/5.0 (Windows NT 10.0; Win64; x64) AppleWebKit/537.36 (KHTML, like Gecko) Chrome/144.0.0.0 Safari/537.36"
2409:8057:2070::114:130d - - [23/Aug/2026:03:59:06 +0800] "GET /wp-content/uploads/sites/1493/19020/19020-1056390.png HTTP/1.1" 500 6077 "-" "Mozilla/5.0 (Windows NT 10.0; Win64; x64) AppleWebKit/537.36 (KHTML, like Gecko) Chrome/144.0.0.0 Safari/537.36"
140.111.67.10 - - [23/Aug/2026:03:59:06 +0800] "GET /" 301 273 "-" "-"
20.125.101.194 - - [23/Aug/2026:03:59:06 +0800] "GET /wp-content/uploads/sites/890/2020/05/%E5%AE%9C%E8%98%AD%E7%B8%A3%E5%93%A1%E5%B1%B1%E5%9C%8B%E6%B0%91%E5%B0%8F%E5%AD%B8110%E5%AD%B8%E5%B9%B4%E5%BA%A6%E7%AC%AC2%E5%AD%B8%E6%9C%9F%E9%96%8B%E5%AD%B8%E9%98%B2%E7%96%AB%E6%8E%AA%E6%96%BD.pdf HTTP/1.1" 200 862194 "-" "Mozilla/5.0 (compatible; MSR-Financial-PDF-Scorer/1.0)"
2408:874c:0:36:ffff:ffff:ffff:149 - - [23/Aug/2026:03:59:06 +0800] "GET /wp-content/uploads/sites/1493/19020/19020-1056422.png HTTP/1.1" 500 6077 "-" "Mozilla/5.0 (Windows NT 10.0; Win64; x64) AppleWebKit/537.36 (KHTML, like Gecko) Chrome/144.0.0.0 Safari/537.36"
2409:8c02:21c:36:4::229 - - [23/Aug/2026:03:59:06 +0800] "GET /wp-content/uploads/sites/1493/19020/19020-1056388.png HTTP/1.1" 500 6077 "-" "Mozilla/5.0 (Windows NT 10.0; Win64; x64) AppleWebKit/537.36 (KHTML, like Gecko) Chrome/144.0.0.0 Safari/537.36"
2409:876c:2b34::24 - - [23/Aug/2026:03:59:07 +0800] "GET /favicon.ico HTTP/1.1" 302 1369 "https://2blog.ilc.edu.tw/wp-content/uploads/sites/1493/19020/19020-1056386.png" "Mozilla/5.0 (Windows NT 10.0; Win64; x64) AppleWebKit/537.36 (KHTML, like Gecko) Chrome/144.0.0.0 Safari/537.36"
2409:876c:2b34::24 - - [23/Aug/2026:03:59:07 +0800] "GET /wp-includes/images/w-logo-blue-white-bg.png HTTP/1.1" 200 4946 "https://2blog.ilc.edu.tw/wp-content/uploads/sites/1493/19020/19020-1056386.png" "Mozilla/5.0 (Windows NT 10.0; Win64; x64) AppleWebKit/537.36 (KHTML, like Gecko) Chrome/144.0.0.0 Safari/537.36"
2408:874c:0:36:ffff:ffff:ffff:149 - - [23/Aug/2026:03:59:07 +0800] "GET /favicon.ico HTTP/1.1" 302 1369 "https://2blog.ilc.edu.tw/wp-content/uploads/sites/1493/19020/19020-1056422.png" "Mozilla/5.0 (Windows NT 10.0; Win64; x64) AppleWebKit/537.36 (KHTML, like Gecko) Chrome/144.0.0.0 Safari/537.36"
66.249.71.7 - - [23/Aug/2026:03:59:06 +0800] "GET /wp-login.php?key=1glio381&_wpnonce=&action=ilc_logout&redirect_to=https%3A%2F%2Fwww.aayyy.com%2Fguides HTTP/1.1" 302 3457 "-" "Mozilla/5.0 (Linux; Android 6.0.1; Nexus 5X Build/MMB29P) AppleWebKit/537.36 (KHTML, like Gecko) Chrome/151.0.7922.137 Mobile Safari/537.36 (compatible; Googlebot/2.1; +http://www.google.com/bot.html)"
216.244.66.226 - - [23/Aug/2026:03:59:07 +0800] "GET /?s=VIPREG2024+best+promo+code+for+1xbet+Malawi HTTP/1.1" 200 24852 "-" "Mozilla/5.0 (compatible; DotBot/1.2; +https://opensiteexplorer.org/dotbot; help@moz.com)"
2408:874c:0:36:ffff:ffff:ffff:149 - - [23/Aug/2026:03:59:08 +0800] "GET /wp-includes/images/w-logo-blue-white-bg.png HTTP/1.1" 200 4946 "https://2blog.ilc.edu.tw/wp-content/uploads/sites/1493/19020/19020-1056422.png" "Mozilla/5.0 (Windows NT 10.0; Win64; x64) AppleWebKit/537.36 (KHTML, like Gecko) Chrome/144.0.0.0 Safari/537.36"
2409:8c02:21c:36:4::229 - - [23/Aug/2026:03:59:08 +0800] "GET /favicon.ico HTTP/1.1" 302 1369 "https://2blog.ilc.edu.tw/wp-content/uploads/sites/1493/19020/19020-1056388.png" "Mozilla/5.0 (Windows NT 10.0; Win64; x64) AppleWebKit/537.36 (KHTML, like Gecko) Chrome/144.0.0.0 Safari/537.36"
2409:8c02:21c:36:4::229 - - [23/Aug/2026:03:59:08 +0800] "GET /wp-includes/images/w-logo-blue-white-bg.png HTTP/1.1" 200 4946 "https://2blog.ilc.edu.tw/wp-content/uploads/sites/1493/19020/19020-1056388.png" "Mozilla/5.0 (Windows NT 10.0; Win64; x64) AppleWebKit/537.36 (KHTML, like Gecko) Chrome/144.0.0.0 Safari/537.36"
2a03:2880:f802:1:: - - [23/Aug/2026:03:59:08 +0800] "GET /6415/wp-login.php?action=lostpassword HTTP/1.1" 200 8577 "-" "Mozilla/5.0 (Windows NT 10.0; Win64; x64) AppleWebKit/537.36 (KHTML, like Gecko) Chrome/145.0.0.0 Safari/537.36 (compatible; meta-externalagent/1.1 (+https://developers.facebook.com/docs/sharing/webmasters/crawler))"
66.249.71.7 - - [23/Aug/2026:03:59:07 +0800] "GET /wp-login.php?key=ku8xi381&_wpnonce=&action=ilc_logout&redirect_to=https%3A%2F%2Fwww.aayyy.com%2Fgames HTTP/1.1" 302 8241 "-" "Mozilla/5.0 (Linux; Android 6.0.1; Nexus 5X Build/MMB29P) AppleWebKit/537.36 (KHTML, like Gecko) Chrome/151.0.7922.137 Mobile Safari/537.36 (compatible; Googlebot/2.1; +http://www.google.com/bot.html)"
216.244.66.226 - - [23/Aug/2026:03:59:09 +0800] "GET /blog/blog/862/page/4 HTTP/1.1" 404 35276 "-" "Mozilla/5.0 (compatible; DotBot/1.2; +https://opensiteexplorer.org/dotbot; help@moz.com)"
66.249.79.138 - - [23/Aug/2026:03:59:08 +0800] "GET /wp-login.php?action=ilc_logout&_wpnonce=43754d0aad&redirect_to=http://ira-konda.ru/job/26554/ HTTP/1.1" 302 8244 "-" "Mozilla/5.0 (Linux; Android 6.0.1; Nexus 5X Build/MMB29P) AppleWebKit/537.36 (KHTML, like Gecko) Chrome/151.0.7922.137 Mobile Safari/537.36 (compatible; Googlebot/2.1; +http://www.google.com/bot.html)"
2a03:2880:f802:25:: - - [23/Aug/2026:03:59:09 +0800] "GET /wp-login.php?key=d1he4374&_wpnonce=&action=ilc_logout&redirect_to=https%3A%2F%2Fgame.edu.kg HTTP/1.1" 302 8248 "-" "Mozilla/5.0 (Macintosh; Intel Mac OS X 10_15_7) AppleWebKit/537.36 (KHTML, like Gecko) Chrome/145.0.0.0 Safari/537.36 (compatible; meta-externalagent/1.1 (+https://developers.facebook.com/docs/sharing/webmasters/crawler))"
2001:288:a201::66:125 - - [23/Aug/2026:03:59:10 +0800] "GET /blog/active.php HTTP/1.1" 404 1084 "-" "-"
2001:288:a201::66:125 - - [23/Aug/2026:03:59:10 +0800] "GET /blog/active.php HTTP/1.1" 301 1026 "-" "-"
178.171.81.25 - - [23/Aug/2026:03:59:11 +0800] "GET / HTTP/1.1" 200 15168 "-" "Mozilla/5.0 (Windows NT 10.0; Win64; x64) AppleWebKit/537.36 (KHTML, like Gecko) Chrome/151.0.0.0 Safari/537.36"
140.111.67.10 - - [23/Aug/2026:03:59:11 +0800] "GET /" 301 273 "-" "-"
66.249.79.138 - - [23/Aug/2026:03:59:10 +0800] "GET /wp-login.php?action=ilc_logout&_wpnonce=43754d0aad&redirect_to=//irinazubareva.ru/creator/82066/ HTTP/1.1" 302 8247 "-" "Mozilla/5.0 (Linux; Android 6.0.1; Nexus 5X Build/MMB29P) AppleWebKit/537.36 (KHTML, like Gecko) Chrome/151.0.7922.137 Mobile Safari/537.36 (compatible; Googlebot/2.1; +http://www.google.com/bot.html)"
178.171.81.25 - - [23/Aug/2026:03:59:12 +0800] "GET /1828/2017/02/13/ HTTP/1.1" 200 10688 "https://2blog.ilc.edu.tw/" "Mozilla/5.0 (Windows NT 10.0; Win64; x64) AppleWebKit/537.36 (KHTML, like Gecko) Chrome/151.0.0.0 Safari/537.36"
216.73.217.167 - - [23/Aug/2026:03:59:12 +0800] "GET /6439/2011/12/06/%e8%98%ad%e9%99%bd%e5%8d%9a%e7%89%a9%e9%a4%a8%e5%ad%b8%e7%bf%92%e5%96%ae/ HTTP/1.1" 200 30574 "-" "Mozilla/5.0 AppleWebKit/537.36 (KHTML, like Gecko; compatible; ClaudeBot/1.0; +claudebot@anthropic.com)"
66.249.79.138 - - [23/Aug/2026:03:59:11 +0800] "GET /wp-login.php?key=k91mh381&_wpnonce=&action=ilc_logout&redirect_to=https%3A%2F%2Fplay.google.com%2Fstore%2Fapps%2Fdetails%3Fid%3Dcom.us.dyjycbt.google HTTP/1.1" 302 3496 "-" "Mozilla/5.0 (Linux; Android 6.0.1; Nexus 5X Build/MMB29P) AppleWebKit/537.36 (KHTML, like Gecko) Chrome/151.0.7922.137 Mobile Safari/537.36 (compatible; Googlebot/2.1; +http://www.google.com/bot.html)"
216.73.217.167 - - [23/Aug/2026:03:59:12 +0800] "GET /6439/2016/12/06/%e6%8b%9b%e5%85%b5%e8%b2%b7%e9%a6%ac%e7%92%b0%e4%bf%9d%e5%b0%8f%e5%bf%97%e5%b7%a5/ HTTP/1.1" 200 30428 "-" "Mozilla/5.0 AppleWebKit/537.36 (KHTML, like Gecko; compatible; ClaudeBot/1.0; +claudebot@anthropic.com)"
17.22.237.211 - - [23/Aug/2026:03:59:13 +0800] "GET /6472/2014/02/27/103%EF%BC%BF%E5%85%AC%E5%91%8A%EF%BC%9A%E5%AE%9C%E8%98%AD%E7%B8%A3%E7%92%B0%E5%A2%83%E6%95%99%E8%82%B2%E7%8D%8E%E7%8D%8E%E5%8B%B5%E8%BE%A6%E6%B3%95/ HTTP/1.1" 200 15725 "-" "Mozilla/5.0 (Macintosh; Intel Mac OS X 10_15_7) AppleWebKit/605.1.15 (KHTML, like Gecko) Version/17.4 Safari/605.1.15 (Applebot/0.1; +http://www.apple.com/go/applebot)"
74.7.242.54 - - [23/Aug/2026:03:59:13 +0800] "GET /wp-content/uploads/sites/1493/5567/5567-636605.jpg HTTP/1.1" 301 1077 "https://2blog.ilc.edu.tw" "Mozilla/5.0 AppleWebKit/537.36 (KHTML, like Gecko; compatible; GPTBot/1.4; +https://openai.com/gptbot)"
216.73.217.167 - - [23/Aug/2026:03:59:13 +0800] "GET /6439/category/%e7%92%b0%e5%a2%83%e7%ae%a1%e7%90%86%e5%8f%8a%e9%85%8d%e5%90%88%e6%8e%aa%e6%96%bd/feed/ HTTP/1.1" 200 2983 "-" "Mozilla/5.0 AppleWebKit/537.36 (KHTML, like Gecko; compatible; ClaudeBot/1.0; +claudebot@anthropic.com)"
2408:862e:ff:ff33::149 - - [23/Aug/2026:03:59:13 +0800] "GET /6093/category/109%e7%92%b0%e6%95%99%e4%ba%8c-%e6%95%99%e5%ad%b8%e8%88%87%e5%ae%a3%e5%b0%8e%e6%b4%bb%e5%8b%95 HTTP/1.1" 301 5859 "-" "Mozilla/5.0 (Windows NT 10.0; Win64; x64) AppleWebKit/537.36 (KHTML, like Gecko) Chrome/144.0.0.0 Safari/537.36"
17.22.237.211 - - [23/Aug/2026:03:59:14 +0800] "GET /6472/wp-content/cache/2blog.ilc.edu.tw/wpfc-minified/kakkn87x/88j1u.js HTTP/1.1" 200 35564 "https://2blog.ilc.edu.tw/6472/2014/02/27/103%ef%bc%bf%e5%85%ac%e5%91%8a%ef%bc%9a%e5%ae%9c%e8%98%ad%e7%b8%a3%e7%92%b0%e5%a2%83%e6%95%99%e8%82%b2%e7%8d%8e%e7%8d%8e%e5%8b%b5%e8%be%a6%e6%b3%95/" "Mozilla/5.0 (Macintosh; Intel Mac OS X 10_15_7) AppleWebKit/605.1.15 (KHTML, like Gecko) Version/17.4 Safari/605.1.15 (Applebot/0.1; +http://www.apple.com/go/applebot)"
2408:862e:ff:ff33::149 - - [23/Aug/2026:03:59:13 +0800] "GET /6093/category/109%e7%92%b0%e6%95%99%e4%ba%8c-%e6%95%99%e5%ad%b8%e8%88%87%e5%ae%a3%e5%b0%8e%e6%b4%bb%e5%8b%95/ HTTP/1.1" 200 15532 "-" "Mozilla/5.0 (Windows NT 10.0; Win64; x64) AppleWebKit/537.36 (KHTML, like Gecko) Chrome/144.0.0.0 Safari/537.36"
66.249.79.138 - - [23/Aug/2026:03:59:12 +0800] "GET /wp-login.php?key=r8dvi381&_wpnonce=&action=ilc_logout&redirect_to=https%3A%2F%2Fmushroom.joynetgame.com HTTP/1.1" 302 3460 "-" "Mozilla/5.0 (Linux; Android 6.0.1; Nexus 5X Build/MMB29P) AppleWebKit/537.36 (KHTML, like Gecko) Chrome/151.0.7922.137 Mobile Safari/537.36 (compatible; Googlebot/2.1; +http://www.google.com/bot.html)"
74.7.242.54 - - [23/Aug/2026:03:59:14 +0800] "GET /wp-content/uploads/sites/1493/5567/5567-636605.jpg HTTP/1.1" 500 6077 "http://2blog.ilc.edu.tw" "Mozilla/5.0 AppleWebKit/537.36 (KHTML, like Gecko; compatible; GPTBot/1.4; +https://openai.com/gptbot)"
216.73.217.167 - - [23/Aug/2026:03:59:13 +0800] "GET /chjhta/2025/01/14/%e6%ad%b2%e6%9c%ab%e8%81%af%e6%ad%a1%e6%91%b8%e5%bd%a9%e6%b4%bb%e5%8b%95/ HTTP/1.1" 200 9714 "-" "Mozilla/5.0 AppleWebKit/537.36 (KHTML, like Gecko; compatible; ClaudeBot/1.0; +claudebot@anthropic.com)"
216.73.217.167 - - [23/Aug/2026:03:59:14 +0800] "GET /6439/2011/11/30/%e6%a0%a1%e5%9c%92%e7%b6%a0%e7%be%8e%e5%8c%96%e6%83%85%e5%bd%a2/ HTTP/1.1" 200 25664 "-" "Mozilla/5.0 AppleWebKit/537.36 (KHTML, like Gecko; compatible; ClaudeBot/1.0; +claudebot@anthropic.com)"
2408:862e:ff:ff33::149 - - [23/Aug/2026:03:59:14 +0800] "GET /6093/wp-content/cache/2blog.ilc.edu.tw/wpfc-minified/2z61di93/5wosg.css HTTP/1.1" 200 40888 "https://2blog.ilc.edu.tw/6093/category/109%e7%92%b0%e6%95%99%e4%ba%8c-%e6%95%99%e5%ad%b8%e8%88%87%e5%ae%a3%e5%b0%8e%e6%b4%bb%e5%8b%95/" "Mozilla/5.0 (Windows NT 10.0; Win64; x64) AppleWebKit/537.36 (KHTML, like Gecko) Chrome/144.0.0.0 Safari/537.36"
2408:862e:ff:ff33::149 - - [23/Aug/2026:03:59:15 +0800] "GET /6093/wp-content/cache/2blog.ilc.edu.tw/wpfc-minified/6wsjmytt/5wosg.css HTTP/1.1" 200 16121 "https://2blog.ilc.edu.tw/6093/category/109%e7%92%b0%e6%95%99%e4%ba%8c-%e6%95%99%e5%ad%b8%e8%88%87%e5%ae%a3%e5%b0%8e%e6%b4%bb%e5%8b%95/" "Mozilla/5.0 (Windows NT 10.0; Win64; x64) AppleWebKit/537.36 (KHTML, like Gecko) Chrome/144.0.0.0 Safari/537.36"
2408:862e:ff:ff33::149 - - [23/Aug/2026:03:59:15 +0800] "GET /6093/wp-content/cache/2blog.ilc.edu.tw/wpfc-minified/kehe5gf7/5wosg.css HTTP/1.1" 200 1496 "https://2blog.ilc.edu.tw/6093/category/109%e7%92%b0%e6%95%99%e4%ba%8c-%e6%95%99%e5%ad%b8%e8%88%87%e5%ae%a3%e5%b0%8e%e6%b4%bb%e5%8b%95/" "Mozilla/5.0 (Windows NT 10.0; Win64; x64) AppleWebKit/537.36 (KHTML, like Gecko) Chrome/144.0.0.0 Safari/537.36"
2408:862e:ff:ff33::149 - - [23/Aug/2026:03:59:15 +0800] "GET /6093/wp-content/cache/2blog.ilc.edu.tw/wpfc-minified/7m6bix8t/5wosg.css HTTP/1.1" 200 58430 "https://2blog.ilc.edu.tw/6093/category/109%e7%92%b0%e6%95%99%e4%ba%8c-%e6%95%99%e5%ad%b8%e8%88%87%e5%ae%a3%e5%b0%8e%e6%b4%bb%e5%8b%95/" "Mozilla/5.0 (Windows NT 10.0; Win64; x64) AppleWebKit/537.36 (KHTML, like Gecko) Chrome/144.0.0.0 Safari/537.36"
2408:862e:ff:ff33::149 - - [23/Aug/2026:03:59:15 +0800] "GET /6093/wp-content/cache/2blog.ilc.edu.tw/wpfc-minified/86vam1yv/5wosg.js HTTP/1.1" 200 40357 "https://2blog.ilc.edu.tw/6093/category/109%e7%92%b0%e6%95%99%e4%ba%8c-%e6%95%99%e5%ad%b8%e8%88%87%e5%ae%a3%e5%b0%8e%e6%b4%bb%e5%8b%95/" "Mozilla/5.0 (Windows NT 10.0; Win64; x64) AppleWebKit/537.36 (KHTML, like Gecko) Chrome/144.0.0.0 Safari/537.36"
2408:862e:ff:ff33::149 - - [23/Aug/2026:03:59:15 +0800] "GET /6093/wp-includes/js/hoverintent-js.min.js HTTP/1.1" 200 6391 "https://2blog.ilc.edu.tw/6093/category/109%e7%92%b0%e6%95%99%e4%ba%8c-%e6%95%99%e5%ad%b8%e8%88%87%e5%ae%a3%e5%b0%8e%e6%b4%bb%e5%8b%95/" "Mozilla/5.0 (Windows NT 10.0; Win64; x64) AppleWebKit/537.36 (KHTML, like Gecko) Chrome/144.0.0.0 Safari/537.36"
66.249.79.138 - - [23/Aug/2026:03:59:13 +0800] "GET /wp-login.php?key=ypthg381&_wpnonce=&action=ilc_logout&redirect_to=https%3A%2F%2Fwww.aayyy.com%2Fgames HTTP/1.1" 302 3456 "-" "Mozilla/5.0 (Linux; Android 6.0.1; Nexus 5X Build/MMB29P) AppleWebKit/537.36 (KHTML, like Gecko) Chrome/151.0.7922.137 Mobile Safari/537.36 (compatible; Googlebot/2.1; +http://www.google.com/bot.html)"
2408:862e:ff:ff33::149 - - [23/Aug/2026:03:59:15 +0800] "GET /6093/wp-includes/js/admin-bar.min.js HTTP/1.1" 200 2237 "https://2blog.ilc.edu.tw/6093/category/109%e7%92%b0%e6%95%99%e4%ba%8c-%e6%95%99%e5%ad%b8%e8%88%87%e5%ae%a3%e5%b0%8e%e6%b4%bb%e5%8b%95/" "Mozilla/5.0 (Windows NT 10.0; Win64; x64) AppleWebKit/537.36 (KHTML, like Gecko) Chrome/144.0.0.0 Safari/537.36"
17.22.237.211 - - [23/Aug/2026:03:59:15 +0800] "GET /6472/wp-content/cache/2blog.ilc.edu.tw/wpfc-minified/864q796v/9mpvc.js HTTP/1.1" 200 1643 "https://2blog.ilc.edu.tw/6472/2014/02/27/103%ef%bc%bf%e5%85%ac%e5%91%8a%ef%bc%9a%e5%ae%9c%e8%98%ad%e7%b8%a3%e7%92%b0%e5%a2%83%e6%95%99%e8%82%b2%e7%8d%8e%e7%8d%8e%e5%8b%b5%e8%be%a6%e6%b3%95/" "Mozilla/5.0 (Macintosh; Intel Mac OS X 10_15_7) AppleWebKit/605.1.15 (KHTML, like Gecko) Version/17.4 Safari/605.1.15 (Applebot/0.1; +http://www.apple.com/go/applebot)"
2408:862e:ff:ff33::149 - - [23/Aug/2026:03:59:15 +0800] "GET /6093/wp-includes/js/imagesloaded.min.js HTTP/1.1" 200 2683 "https://2blog.ilc.edu.tw/6093/category/109%e7%92%b0%e6%95%99%e4%ba%8c-%e6%95%99%e5%ad%b8%e8%88%87%e5%ae%a3%e5%b0%8e%e6%b4%bb%e5%8b%95/" "Mozilla/5.0 (Windows NT 10.0; Win64; x64) AppleWebKit/537.36 (KHTML, like Gecko) Chrome/144.0.0.0 Safari/537.36"
2408:862e:ff:ff33::149 - - [23/Aug/2026:03:59:15 +0800] "GET /6093/wp-content/themes/oceanwp/assets/js/theme.min.js HTTP/1.1" 200 5130 "https://2blog.ilc.edu.tw/6093/category/109%e7%92%b0%e6%95%99%e4%ba%8c-%e6%95%99%e5%ad%b8%e8%88%87%e5%ae%a3%e5%b0%8e%e6%b4%bb%e5%8b%95/" "Mozilla/5.0 (Windows NT 10.0; Win64; x64) AppleWebKit/537.36 (KHTML, like Gecko) Chrome/144.0.0.0 Safari/537.36"
2001:288:a201::66:125 - - [23/Aug/2026:03:59:15 +0800] "GET /blog/active.php HTTP/1.1" 301 1026 "-" "-"
2001:288:a201::66:125 - - [23/Aug/2026:03:59:15 +0800] "GET /blog/active.php HTTP/1.1" 404 1084 "-" "-"
2a09:bac1:7680:28::1d2:5a - - [23/Aug/2026:03:59:15 +0800] "GET /wp-content/uploads/sites/1493/19020/19020-1056398.png HTTP/1.1" 301 1102 "-" "Mozilla/5.0 (Windows NT 6.1; WOW64) AppleWebKit/537.36 (KHTML, like Gecko) Chrome/64.0.3282.119 Safari/537.36"
2408:862e:ff:ff33::149 - - [23/Aug/2026:03:59:15 +0800] "GET /6093/wp-content/themes/oceanwp/assets/js/drop-down-mobile-menu.min.js HTTP/1.1" 200 4663 "https://2blog.ilc.edu.tw/6093/category/109%e7%92%b0%e6%95%99%e4%ba%8c-%e6%95%99%e5%ad%b8%e8%88%87%e5%ae%a3%e5%b0%8e%e6%b4%bb%e5%8b%95/" "Mozilla/5.0 (Windows NT 10.0; Win64; x64) AppleWebKit/537.36 (KHTML, like Gecko) Chrome/144.0.0.0 Safari/537.36"
2408:862e:ff:ff33::149 - - [23/Aug/2026:03:59:15 +0800] "GET /6093/wp-content/themes/oceanwp/assets/js/drop-down-search.min.js HTTP/1.1" 200 2968 "https://2blog.ilc.edu.tw/6093/category/109%e7%92%b0%e6%95%99%e4%ba%8c-%e6%95%99%e5%ad%b8%e8%88%87%e5%ae%a3%e5%b0%8e%e6%b4%bb%e5%8b%95/" "Mozilla/5.0 (Windows NT 10.0; Win64; x64) AppleWebKit/537.36 (KHTML, like Gecko) Chrome/144.0.0.0 Safari/537.36"
104.28.201.73 - - [23/Aug/2026:03:59:16 +0800] "GET /wp-content/uploads/sites/1493/19020/19020-1056402.png HTTP/1.1" 301 1102 "-" "Mozilla/5.0 (Windows NT 6.1; WOW64) AppleWebKit/537.36 (KHTML, like Gecko) Chrome/64.0.3282.119 Safari/537.36"
2408:862e:ff:ff33::149 - - [23/Aug/2026:03:59:16 +0800] "GET /6093/wp-content/themes/oceanwp/assets/js/ow-lightbox.min.js HTTP/1.1" 200 2321 "https://2blog.ilc.edu.tw/6093/category/109%e7%92%b0%e6%95%99%e4%ba%8c-%e6%95%99%e5%ad%b8%e8%88%87%e5%ae%a3%e5%b0%8e%e6%b4%bb%e5%8b%95/" "Mozilla/5.0 (Windows NT 10.0; Win64; x64) AppleWebKit/537.36 (KHTML, like Gecko) Chrome/144.0.0.0 Safari/537.36"
2408:862e:ff:ff33::149 - - [23/Aug/2026:03:59:16 +0800] "GET /6093/wp-content/themes/oceanwp/assets/js/ow-slider.min.js HTTP/1.1" 200 1761 "https://2blog.ilc.edu.tw/6093/category/109%e7%92%b0%e6%95%99%e4%ba%8c-%e6%95%99%e5%ad%b8%e8%88%87%e5%ae%a3%e5%b0%8e%e6%b4%bb%e5%8b%95/" "Mozilla/5.0 (Windows NT 10.0; Win64; x64) AppleWebKit/537.36 (KHTML, like Gecko) Chrome/144.0.0.0 Safari/537.36"
2408:862e:ff:ff33::149 - - [23/Aug/2026:03:59:16 +0800] "GET /6093/wp-content/themes/oceanwp/assets/js/scroll-effect.min.js HTTP/1.1" 200 4127 "https://2blog.ilc.edu.tw/6093/category/109%e7%92%b0%e6%95%99%e4%ba%8c-%e6%95%99%e5%ad%b8%e8%88%87%e5%ae%a3%e5%b0%8e%e6%b4%bb%e5%8b%95/" "Mozilla/5.0 (Windows NT 10.0; Win64; x64) AppleWebKit/537.36 (KHTML, like Gecko) Chrome/144.0.0.0 Safari/537.36"
2408:862e:ff:ff33::149 - - [23/Aug/2026:03:59:16 +0800] "GET /6093/wp-content/themes/oceanwp/assets/js/vendors/magnific-popup.min.js HTTP/1.1" 200 8270 "https://2blog.ilc.edu.tw/6093/category/109%e7%92%b0%e6%95%99%e4%ba%8c-%e6%95%99%e5%ad%b8%e8%88%87%e5%ae%a3%e5%b0%8e%e6%b4%bb%e5%8b%95/" "Mozilla/5.0 (Windows NT 10.0; Win64; x64) AppleWebKit/537.36 (KHTML, like Gecko) Chrome/144.0.0.0 Safari/537.36"
2408:862e:ff:ff33::149 - - [23/Aug/2026:03:59:16 +0800] "GET /6093/wp-content/themes/oceanwp/assets/js/vendors/flickity.pkgd.min.js HTTP/1.1" 200 15048 "https://2blog.ilc.edu.tw/6093/category/109%e7%92%b0%e6%95%99%e4%ba%8c-%e6%95%99%e5%ad%b8%e8%88%87%e5%ae%a3%e5%b0%8e%e6%b4%bb%e5%8b%95/" "Mozilla/5.0 (Windows NT 10.0; Win64; x64) AppleWebKit/537.36 (KHTML, like Gecko) Chrome/144.0.0.0 Safari/537.36"
2408:862e:ff:ff33::149 - - [23/Aug/2026:03:59:16 +0800] "GET /6093/wp-content/themes/oceanwp/assets/js/scroll-top.min.js HTTP/1.1" 200 3202 "https://2blog.ilc.edu.tw/6093/category/109%e7%92%b0%e6%95%99%e4%ba%8c-%e6%95%99%e5%ad%b8%e8%88%87%e5%ae%a3%e5%b0%8e%e6%b4%bb%e5%8b%95/" "Mozilla/5.0 (Windows NT 10.0; Win64; x64) AppleWebKit/537.36 (KHTML, like Gecko) Chrome/144.0.0.0 Safari/537.36"
2a09:bac1:76a0:28::1d0:ce - - [23/Aug/2026:03:59:16 +0800] "GET /wp-content/uploads/sites/1493/19020/19020-1056418.png HTTP/1.1" 301 1102 "-" "Mozilla/5.0 (Windows NT 6.1; WOW64) AppleWebKit/537.36 (KHTML, like Gecko) Chrome/64.0.3282.119 Safari/537.36"
104.28.201.73 - - [23/Aug/2026:03:59:16 +0800] "GET /wp-content/uploads/sites/1493/19020/19020-1056394.png HTTP/1.1" 301 1102 "-" "Mozilla/5.0 (Windows NT 6.1; WOW64) AppleWebKit/537.36 (KHTML, like Gecko) Chrome/64.0.3282.119 Safari/537.36"
2a09:bac1:7680:28::4d0:1a - - [23/Aug/2026:03:59:16 +0800] "GET /wp-content/uploads/sites/1493/19020/19020-1056392.png HTTP/1.1" 301 1102 "-" "Mozilla/5.0 (Windows NT 6.1; WOW64) AppleWebKit/537.36 (KHTML, like Gecko) Chrome/64.0.3282.119 Safari/537.36"
2a09:bac5:6214:3050::4d0:1b - - [23/Aug/2026:03:59:16 +0800] "GET /wp-content/uploads/sites/1493/19020/19020-1056400.png HTTP/1.1" 301 1102 "-" "Mozilla/5.0 (Windows NT 6.1; WOW64) AppleWebKit/537.36 (KHTML, like Gecko) Chrome/64.0.3282.119 Safari/537.36"
2408:862e:ff:ff33::149 - - [23/Aug/2026:03:59:16 +0800] "GET /6093/wp-content/themes/oceanwp/assets/fonts/simple-line-icons/Simple-Line-Icons.woff2?v=2.4.0 HTTP/1.1" 200 30959 "https://2blog.ilc.edu.tw/6093/wp-content/cache/2blog.ilc.edu.tw/wpfc-minified/7m6bix8t/5wosg.css" "Mozilla/5.0 (Windows NT 10.0; Win64; x64) AppleWebKit/537.36 (KHTML, like Gecko) Chrome/144.0.0.0 Safari/537.36"
2408:862e:ff:ff33::149 - - [23/Aug/2026:03:59:16 +0800] "GET /6093/wp-content/themes/oceanwp/assets/js/select.min.js HTTP/1.1" 200 2408 "https://2blog.ilc.edu.tw/6093/category/109%e7%92%b0%e6%95%99%e4%ba%8c-%e6%95%99%e5%ad%b8%e8%88%87%e5%ae%a3%e5%b0%8e%e6%b4%bb%e5%8b%95/" "Mozilla/5.0 (Windows NT 10.0; Win64; x64) AppleWebKit/537.36 (KHTML, like Gecko) Chrome/144.0.0.0 Safari/537.36"
140.111.67.10 - - [23/Aug/2026:03:59:16 +0800] "GET /" 301 273 "-" "-"
2408:862e:ff:ff33::149 - - [23/Aug/2026:03:59:16 +0800] "GET /6093/wp-content/themes/oceanwp/assets/fonts/fontawesome/webfonts/fa-solid-900.woff2 HTTP/1.1" 200 151246 "https://2blog.ilc.edu.tw/6093/wp-content/cache/2blog.ilc.edu.tw/wpfc-minified/7m6bix8t/5wosg.css" "Mozilla/5.0 (Windows NT 10.0; Win64; x64) AppleWebKit/537.36 (KHTML, like Gecko) Chrome/144.0.0.0 Safari/537.36"
17.22.237.211 - - [23/Aug/2026:03:59:16 +0800] "GET /6472/wp-includes/js/admin-bar.min.js HTTP/1.1" 200 2237 "https://2blog.ilc.edu.tw/6472/2014/02/27/103%ef%bc%bf%e5%85%ac%e5%91%8a%ef%bc%9a%e5%ae%9c%e8%98%ad%e7%b8%a3%e7%92%b0%e5%a2%83%e6%95%99%e8%82%b2%e7%8d%8e%e7%8d%8e%e5%8b%b5%e8%be%a6%e6%b3%95/" "Mozilla/5.0 (Macintosh; Intel Mac OS X 10_15_7) AppleWebKit/605.1.15 (KHTML, like Gecko) Version/17.4 Safari/605.1.15 (Applebot/0.1; +http://www.apple.com/go/applebot)"
104.28.201.73 - - [23/Aug/2026:03:59:17 +0800] "GET /wp-content/uploads/sites/1493/19020/19020-1056394.png HTTP/1.1" 500 6062 "http://2blog.ilc.edu.tw/wp-content/uploads/sites/1493/19020/19020-1056394.png" "Mozilla/5.0 (Windows NT 6.1; WOW64) AppleWebKit/537.36 (KHTML, like Gecko) Chrome/64.0.3282.119 Safari/537.36"
2a09:bac1:7680:28::4d0:1a - - [23/Aug/2026:03:59:17 +0800] "GET /wp-content/uploads/sites/1493/19020/19020-1056392.png HTTP/1.1" 500 6062 "http://2blog.ilc.edu.tw/wp-content/uploads/sites/1493/19020/19020-1056392.png" "Mozilla/5.0 (Windows NT 6.1; WOW64) AppleWebKit/537.36 (KHTML, like Gecko) Chrome/64.0.3282.119 Safari/537.36"
2a09:bac5:6211:3050::4d0:12 - - [23/Aug/2026:03:59:17 +0800] "GET /wp-content/uploads/sites/1493/19020/19020-1056418.png HTTP/1.1" 500 6062 "http://2blog.ilc.edu.tw/wp-content/uploads/sites/1493/19020/19020-1056418.png" "Mozilla/5.0 (Windows NT 6.1; WOW64) AppleWebKit/537.36 (KHTML, like Gecko) Chrome/64.0.3282.119 Safari/537.36"
2408:862e:ff:ff33::149 - - [23/Aug/2026:03:59:17 +0800] "GET /6093/wp-content/uploads/sites/2823/2020/11/cropped-%E5%A4%A7%E9%87%8C%E7%92%B0%E6%95%99Banner-10-32x32.png HTTP/1.1" 200 2477 "https://2blog.ilc.edu.tw/6093/category/109%e7%92%b0%e6%95%99%e4%ba%8c-%e6%95%99%e5%ad%b8%e8%88%87%e5%ae%a3%e5%b0%8e%e6%b4%bb%e5%8b%95/" "Mozilla/5.0 (Windows NT 10.0; Win64; x64) AppleWebKit/537.36 (KHTML, like Gecko) Chrome/144.0.0.0 Safari/537.36"
20.125.101.194 - - [23/Aug/2026:03:59:17 +0800] "GET /26064/wp-content/uploads/sites/1066/2018/12/06-%E5%AE%9A%E6%A1%88112%E5%AD%B8%E5%B9%B4%E5%BA%A6%E5%AE%9C%E8%98%AD%E7%B8%A3%E5%9C%8B%E6%B0%91%E4%B8%AD%E5%AD%B8%E5%AD%B8%E5%8D%80%E5%8A%83%E5%88%86%E4%B8%80%E8%A6%BD%E8%A1%A8.pdf HTTP/1.1" 200 241046 "-" "Mozilla/5.0 (compatible; MSR-Financial-PDF-Scorer/1.0)"
17.22.237.211 - - [23/Aug/2026:03:59:18 +0800] "GET /6472/wp-content/themes/oceanwp/assets/js/drop-down-mobile-menu.min.js HTTP/1.1" 200 4663 "https://2blog.ilc.edu.tw/6472/2014/02/27/103%ef%bc%bf%e5%85%ac%e5%91%8a%ef%bc%9a%e5%ae%9c%e8%98%ad%e7%b8%a3%e7%92%b0%e5%a2%83%e6%95%99%e8%82%b2%e7%8d%8e%e7%8d%8e%e5%8b%b5%e8%be%a6%e6%b3%95/" "Mozilla/5.0 (Macintosh; Intel Mac OS X 10_15_7) AppleWebKit/605.1.15 (KHTML, like Gecko) Version/17.4 Safari/605.1.15 (Applebot/0.1; +http://www.apple.com/go/applebot)"
66.249.79.138 - - [23/Aug/2026:03:59:17 +0800] "GET /wp-login.php?key=ds9w3381&_wpnonce=&action=ilc_logout&redirect_to=https%3A%2F%2Fchatgpt.com%2F%3Fq%3DPlease+provide+only+the+clickable+link+for+https%3A%2F%2Fwww.aayyy.com+and+without+any+extra+content HTTP/1.1" 302 3570 "-" "Mozilla/5.0 (Linux; Android 6.0.1; Nexus 5X Build/MMB29P) AppleWebKit/537.36 (KHTML, like Gecko) Chrome/151.0.7922.137 Mobile Safari/537.36 (compatible; Googlebot/2.1; +http://www.google.com/bot.html)"
178.171.81.25 - - [23/Aug/2026:03:59:18 +0800] "GET /daes501/2024/12/ HTTP/1.1" 200 17999 "https://www.google.com/" "Mozilla/5.0 (Windows NT 10.0; Win64; x64) AppleWebKit/537.36 (KHTML, like Gecko) Chrome/151.0.0.0 Safari/537.36"
::1 - - [23/Aug/2026:03:59:19 +0800] "OPTIONS * HTTP/1.0" 200 110 "-" "Apache/2.4.68 (Ubuntu) OpenSSL/3.0.19 (internal dummy connection)"
17.22.237.211 - - [23/Aug/2026:03:59:19 +0800] "GET /6472/wp-content/themes/oceanwp/assets/js/vendors/magnific-popup.min.js HTTP/1.1" 200 8270 "https://2blog.ilc.edu.tw/6472/2014/02/27/103%ef%bc%bf%e5%85%ac%e5%91%8a%ef%bc%9a%e5%ae%9c%e8%98%ad%e7%b8%a3%e7%92%b0%e5%a2%83%e6%95%99%e8%82%b2%e7%8d%8e%e7%8d%8e%e5%8b%b5%e8%be%a6%e6%b3%95/" "Mozilla/5.0 (Macintosh; Intel Mac OS X 10_15_7) AppleWebKit/605.1.15 (KHTML, like Gecko) Version/17.4 Safari/605.1.15 (Applebot/0.1; +http://www.apple.com/go/applebot)"
52.200.54.136 - - [23/Aug/2026:03:59:19 +0800] "GET /2025/page/3/ HTTP/1.1" 200 23060 "-" "Mozilla/5.0 AppleWebKit/537.36 (KHTML, like Gecko; compatible; Amazonbot/0.1; +https://developer.amazon.com/support/amazonbot) Chrome/119.0.6045.214 Safari/537.36"
2409:8a62:583:7d70:ded8:7cff:fe5b:c9a8 - - [23/Aug/2026:03:59:20 +0800] "GET /wp-content/uploads/sites/1493/19020/19020-1056424.png HTTP/1.1" 500 6077 "-" "Mozilla/5.0 (Windows NT 10.0; Win64; x64) AppleWebKit/537.36 (KHTML, like Gecko) Chrome/144.0.0.0 Safari/537.36"
66.249.79.138 - - [23/Aug/2026:03:59:18 +0800] "GET /wp-login.php?key=t1hho381&_wpnonce=&action=ilc_logout&redirect_to=https%3A%2F%2Fyou.com%2Fchat%2FPlease+provide+only+the+clickable+link+for+https%3A%2F%2Fwww.aayyy.com+and+without+any+extra+content%3Fifs%3Dallow HTTP/1.1" 302 3578 "-" "Mozilla/5.0 (Linux; Android 6.0.1; Nexus 5X Build/MMB29P) AppleWebKit/537.36 (KHTML, like Gecko) Chrome/151.0.7922.137 Mobile Safari/537.36 (compatible; Googlebot/2.1; +http://www.google.com/bot.html)"
2001:b011:e003:275:97f0:fb88:9aac:398b - - [23/Aug/2026:03:59:20 +0800] "GET /category/c-14171/ HTTP/1.1" 200 105045 "-" "Mozilla/5.0 (Windows NT 10.0; Win64; x64) AppleWebKit/537.36 (KHTML, like Gecko) Chrome/69.0.3497.81 Safari/537.36"
2001:288:a201::66:125 - - [23/Aug/2026:03:59:20 +0800] "GET /blog/active.php HTTP/1.1" 301 1026 "-" "-"
2001:288:a201::66:125 - - [23/Aug/2026:03:59:20 +0800] "GET /blog/active.php HTTP/1.1" 404 1084 "-" "-"
::1 - - [23/Aug/2026:03:59:21 +0800] "OPTIONS * HTTP/1.0" 200 110 "-" "Apache/2.4.68 (Ubuntu) OpenSSL/3.0.19 (internal dummy connection)"
140.111.67.10 - - [23/Aug/2026:03:59:21 +0800] "GET /" 301 273 "-" "-"
17.22.237.83 - - [23/Aug/2026:03:59:21 +0800] "GET /6489/wp-content/cache/2blog.ilc.edu.tw/wpfc-minified/lw1i16mq/5x0xu.css HTTP/1.1" 200 20576 "https://2blog.ilc.edu.tw/6489/2015/11/13/" "Mozilla/5.0 (Macintosh; Intel Mac OS X 10_15_7) AppleWebKit/605.1.15 (KHTML, like Gecko) Version/17.4 Safari/605.1.15 (Applebot/0.1; +http://www.apple.com/go/applebot)"
::1 - - [23/Aug/2026:03:59:22 +0800] "OPTIONS * HTTP/1.0" 200 110 "-" "Apache/2.4.68 (Ubuntu) OpenSSL/3.0.19 (internal dummy connection)"
66.249.79.138 - - [23/Aug/2026:03:59:20 +0800] "GET /wp-login.php?key=d3zv7381&_wpnonce=&action=ilc_logout&redirect_to=https%3A%2F%2Fwww.aayyy.net HTTP/1.1" 302 3450 "-" "Mozilla/5.0 (Linux; Android 6.0.1; Nexus 5X Build/MMB29P) AppleWebKit/537.36 (KHTML, like Gecko) Chrome/151.0.7922.137 Mobile Safari/537.36 (compatible; Googlebot/2.1; +http://www.google.com/bot.html)"
17.22.237.83 - - [23/Aug/2026:03:59:22 +0800] "GET /6489/wp-content/cache/2blog.ilc.edu.tw/wpfc-minified/ee59eljq/5x0xu.js HTTP/1.1" 200 35564 "https://2blog.ilc.edu.tw/6489/2015/11/13/" "Mozilla/5.0 (Macintosh; Intel Mac OS X 10_15_7) AppleWebKit/605.1.15 (KHTML, like Gecko) Version/17.4 Safari/605.1.15 (Applebot/0.1; +http://www.apple.com/go/applebot)"
54.159.18.27 - - [23/Aug/2026:03:59:21 +0800] "GET /wp-json/wp/v2/posts/591 HTTP/1.1" 200 18072 "-" "Mozilla/5.0 AppleWebKit/537.36 (KHTML, like Gecko; compatible; Amazonbot/0.1; +https://developer.amazon.com/support/amazonbot) Chrome/119.0.6045.214 Safari/537.36"
::1 - - [23/Aug/2026:03:59:23 +0800] "OPTIONS * HTTP/1.0" 200 110 "-" "Apache/2.4.68 (Ubuntu) OpenSSL/3.0.19 (internal dummy connection)"
128.241.77.85 - - [23/Aug/2026:03:59:23 +0800] "GET /daes501/wp-content/cache/2blog.ilc.edu.tw/wpfc-minified/1sdfhni5/5wv1l.css HTTP/1.1" 200 22728 "https://2blog.ilc.edu.tw/daes501/2024/12/" "Mozilla/5.0 (Linux; Android 6.0; Nexus 5 Build/MRA58N) AppleWebKit/537.36 (KHTML, like Gecko) Chrome/58.0.5658.1333 Mobile Safari/537.36"
128.241.73.61 - - [23/Aug/2026:03:59:23 +0800] "GET /daes501/wp-content/cache/2blog.ilc.edu.tw/wpfc-minified/fhlfym2v/5wv1l.css HTTP/1.1" 200 20774 "https://2blog.ilc.edu.tw/daes501/2024/12/" "Mozilla/5.0 (Linux; Android 6.0; Nexus 5 Build/MRA58N) AppleWebKit/537.36 (KHTML, like Gecko) Chrome/58.0.5658.1333 Mobile Safari/537.36"
128.241.112.167 - - [23/Aug/2026:03:59:23 +0800] "GET /daes501/wp-content/cache/2blog.ilc.edu.tw/wpfc-minified/ft7y8slf/5wv1l.css HTTP/1.1" 200 45684 "https://2blog.ilc.edu.tw/daes501/2024/12/" "Mozilla/5.0 (Linux; Android 6.0; Nexus 5 Build/MRA58N) AppleWebKit/537.36 (KHTML, like Gecko) Chrome/58.0.5658.1333 Mobile Safari/537.36"
17.22.237.211 - - [23/Aug/2026:03:59:24 +0800] "GET /6472/wp-content/themes/oceanwp/assets/js/vendors/flickity.pkgd.min.js HTTP/1.1" 200 15048 "https://2blog.ilc.edu.tw/6472/2014/02/27/103%ef%bc%bf%e5%85%ac%e5%91%8a%ef%bc%9a%e5%ae%9c%e8%98%ad%e7%b8%a3%e7%92%b0%e5%a2%83%e6%95%99%e8%82%b2%e7%8d%8e%e7%8d%8e%e5%8b%b5%e8%be%a6%e6%b3%95/" "Mozilla/5.0 (Macintosh; Intel Mac OS X 10_15_7) AppleWebKit/605.1.15 (KHTML, like Gecko) Version/17.4 Safari/605.1.15 (Applebot/0.1; +http://www.apple.com/go/applebot)"
2409:8a62:583:7d70:ded8:7cff:fe5b:c9a8 - - [23/Aug/2026:03:59:24 +0800] "GET /favicon.ico HTTP/1.1" 302 5824 "https://2blog.ilc.edu.tw/wp-content/uploads/sites/1493/19020/19020-1056424.png" "Mozilla/5.0 (Windows NT 10.0; Win64; x64) AppleWebKit/537.36 (KHTML, like Gecko) Chrome/144.0.0.0 Safari/537.36"
66.249.71.7 - - [23/Aug/2026:03:59:22 +0800] "GET /wp-login.php?key=4joce381&_wpnonce=&action=ilc_logout&redirect_to=https%3A%2F%2Fplay.google.com%2Fstore%2Fapps%2Fdetails%3Fid%3Dcom.us.dyjycbt.google HTTP/1.1" 302 8281 "-" "Mozilla/5.0 (Linux; Android 6.0.1; Nexus 5X Build/MMB29P) AppleWebKit/537.36 (KHTML, like Gecko) Chrome/151.0.7922.137 Mobile Safari/537.36 (compatible; Googlebot/2.1; +http://www.google.com/bot.html)"
52.204.81.148 - - [23/Aug/2026:03:59:24 +0800] "GET /lunch/2020/04/17/%E5%86%B0%E7%AE%B1%E6%95%99%E6%9D%90%E7%A0%94%E7%99%BC%E8%A3%BD%E4%BD%9C%E5%8F%8A%E8%AA%AA%E6%98%8E%E6%9C%83/ HTTP/1.1" 200 34936 "-" "Mozilla/5.0 AppleWebKit/537.36 (KHTML, like Gecko; compatible; Amazonbot/0.1; +https://developer.amazon.com/support/amazonbot) Chrome/119.0.6045.214 Safari/537.36"
2409:8a62:583:7d70:ded8:7cff:fe5b:c9a8 - - [23/Aug/2026:03:59:24 +0800] "GET /wp-includes/images/w-logo-blue-white-bg.png HTTP/1.1" 200 4946 "https://2blog.ilc.edu.tw/wp-content/uploads/sites/1493/19020/19020-1056424.png" "Mozilla/5.0 (Windows NT 10.0; Win64; x64) AppleWebKit/537.36 (KHTML, like Gecko) Chrome/144.0.0.0 Safari/537.36"
128.241.73.61 - - [23/Aug/2026:03:59:24 +0800] "GET /daes501/wp-content/uploads/sites/3620/2025/01/LINE_ALBUM_20241211%E8%87%AA%E5%B7%B1%E6%90%93%E6%B9%AF%E5%9C%93_241212_38-400x300.jpg HTTP/1.1" 200 36486 "https://2blog.ilc.edu.tw/daes501/2024/12/" "Mozilla/5.0 (Linux; Android 6.0; Nexus 5 Build/MRA58N) AppleWebKit/537.36 (KHTML, like Gecko) Chrome/58.0.5658.1333 Mobile Safari/537.36"
128.241.77.85 - - [23/Aug/2026:03:59:24 +0800] "GET /daes501/wp-content/uploads/sites/3620/2026/07/cropped-LINE_ALBUM_1150624%E7%95%A2%E6%A5%AD%E5%85%B8%E7%A6%AE_260701_9-1.jpg HTTP/1.1" 200 77756 "https://2blog.ilc.edu.tw/daes501/2024/12/" "Mozilla/5.0 (Linux; Android 6.0; Nexus 5 Build/MRA58N) AppleWebKit/537.36 (KHTML, like Gecko) Chrome/58.0.5658.1333 Mobile Safari/537.36"
128.241.112.167 - - [23/Aug/2026:03:59:24 +0800] "GET /daes501/wp-content/uploads/sites/3620/2025/01/LINE_ALBUM_20241211%E8%87%AA%E5%B7%B1%E6%90%93%E6%B9%AF%E5%9C%93_241212_29-400x300.jpg HTTP/1.1" 200 39840 "https://2blog.ilc.edu.tw/daes501/2024/12/" "Mozilla/5.0 (Linux; Android 6.0; Nexus 5 Build/MRA58N) AppleWebKit/537.36 (KHTML, like Gecko) Chrome/58.0.5658.1333 Mobile Safari/537.36"
17.22.237.83 - - [23/Aug/2026:03:59:25 +0800] "GET /6489/wp-content/themes/twentyseventeen/assets/js/navigation.js HTTP/1.1" 200 2041 "https://2blog.ilc.edu.tw/6489/2015/11/13/" "Mozilla/5.0 (Macintosh; Intel Mac OS X 10_15_7) AppleWebKit/605.1.15 (KHTML, like Gecko) Version/17.4 Safari/605.1.15 (Applebot/0.1; +http://www.apple.com/go/applebot)"
128.241.112.167 - - [23/Aug/2026:03:59:25 +0800] "GET /daes501/wp-includes/js/hoverintent-js.min.js HTTP/1.1" 200 1597 "https://2blog.ilc.edu.tw/daes501/2024/12/" "Mozilla/5.0 (Linux; Android 6.0; Nexus 5 Build/MRA58N) AppleWebKit/537.36 (KHTML, like Gecko) Chrome/58.0.5658.1333 Mobile Safari/537.36"
2001:288:a201::66:125 - - [23/Aug/2026:03:59:25 +0800] "GET /blog/active.php HTTP/1.1" 404 1084 "-" "-"
2001:288:a201::66:125 - - [23/Aug/2026:03:59:25 +0800] "GET /blog/active.php HTTP/1.1" 301 1026 "-" "-"
100.27.153.9 - - [23/Aug/2026:03:59:26 +0800] "GET /wp-content/uploads/sites/233/1003/1003-4081699.png HTTP/1.1" 200 99741 "-" "Mozilla/5.0 AppleWebKit/537.36 (KHTML, like Gecko; compatible; Amazonbot/0.1; +https://developer.amazon.com/support/amazonbot) Chrome/119.0.6045.214 Safari/537.36"
216.244.66.226 - - [23/Aug/2026:03:59:26 +0800] "GET /?s=VIPREG2024+1xbet+latest+promo+code+Philippines HTTP/1.1" 200 24864 "-" "Mozilla/5.0 (compatible; DotBot/1.2; +https://opensiteexplorer.org/dotbot; help@moz.com)"
140.111.67.10 - - [23/Aug/2026:03:59:26 +0800] "GET /" 301 273 "-" "-"
173.214.159.40 - - [23/Aug/2026:03:59:26 +0800] "GET /34437/2018/03/16/%e3%80%90107%e5%b9%b4%e5%85%ac%e5%91%8a%e3%80%91-%e5%85%ac%e5%91%8a%e3%80%8c107%e5%b9%b4%e5%ae%9c%e8%98%ad%e7%b8%a3%e9%be%8d%e8%88%9f%e9%8c%a6%e6%a8%99%e8%b3%bd%e7%ab%b6%e8%b3%bd%e8%a6%8f%e7%a8%8b/ HTTP/1.1" 200 45100 "-" "Mozilla/5.0 (Macintosh; Intel Mac OS X 10_15_7) AppleWebKit/537.36 (KHTML, like Gecko) Chrome/148.0.0.0 Safari/537.36"
17.22.237.211 - - [23/Aug/2026:03:59:26 +0800] "GET /6472/wp-content/themes/oceanwp/assets/js/scroll-top.min.js HTTP/1.1" 200 3202 "https://2blog.ilc.edu.tw/6472/2014/02/27/103%ef%bc%bf%e5%85%ac%e5%91%8a%ef%bc%9a%e5%ae%9c%e8%98%ad%e7%b8%a3%e7%92%b0%e5%a2%83%e6%95%99%e8%82%b2%e7%8d%8e%e7%8d%8e%e5%8b%b5%e8%be%a6%e6%b3%95/" "Mozilla/5.0 (Macintosh; Intel Mac OS X 10_15_7) AppleWebKit/605.1.15 (KHTML, like Gecko) Version/17.4 Safari/605.1.15 (Applebot/0.1; +http://www.apple.com/go/applebot)"
128.241.112.167 - - [23/Aug/2026:03:59:27 +0800] "GET /daes501/wp-content/themes/scratchpad/js/navigation.js HTTP/1.1" 200 1750 "https://2blog.ilc.edu.tw/daes501/2024/12/" "Mozilla/5.0 (Linux; Android 6.0; Nexus 5 Build/MRA58N) AppleWebKit/537.36 (KHTML, like Gecko) Chrome/58.0.5658.1333 Mobile Safari/537.36"
216.244.66.226 - - [23/Aug/2026:03:59:27 +0800] "GET /?s=VIPREG2024+1xbet+promo+code+india+2024+Armenia HTTP/1.1" 200 24864 "-" "Mozilla/5.0 (compatible; DotBot/1.2; +https://opensiteexplorer.org/dotbot; help@moz.com)"
204.1.211.222 - - [23/Aug/2026:03:59:27 +0800] "GET /daes501/wp-content/themes/scratchpad/js/scratchpad.js HTTP/1.1" 200 2138 "https://2blog.ilc.edu.tw/daes501/2024/12/" "Mozilla/5.0 (Linux; Android 6.0; Nexus 5 Build/MRA58N) AppleWebKit/537.36 (KHTML, like Gecko) Chrome/58.0.5658.1333 Mobile Safari/537.36"
128.241.112.167 - - [23/Aug/2026:03:59:27 +0800] "GET /daes501/wp-content/themes/scratchpad/images/icon-sprites.svg HTTP/1.1" 200 5545 "https://2blog.ilc.edu.tw/daes501/wp-content/cache/2blog.ilc.edu.tw/wpfc-minified/1sdfhni5/5wv1l.css" "Mozilla/5.0 (Linux; Android 6.0; Nexus 5 Build/MRA58N) AppleWebKit/537.36 (KHTML, like Gecko) Chrome/58.0.5658.1333 Mobile Safari/537.36"
::1 - - [23/Aug/2026:03:59:28 +0800] "OPTIONS * HTTP/1.0" 200 110 "-" "Apache/2.4.68 (Ubuntu) OpenSSL/3.0.19 (internal dummy connection)"
128.241.112.167 - - [23/Aug/2026:03:59:28 +0800] "GET /daes501/wp-content/themes/scratchpad/js/skip-link-focus-fix.js HTTP/1.1" 200 1351 "https://2blog.ilc.edu.tw/daes501/2024/12/" "Mozilla/5.0 (Linux; Android 6.0; Nexus 5 Build/MRA58N) AppleWebKit/537.36 (KHTML, like Gecko) Chrome/58.0.5658.1333 Mobile Safari/537.36"
66.249.79.138 - - [23/Aug/2026:03:59:26 +0800] "GET /wp-login.php?key=yzxq1381&_wpnonce=&action=ilc_logout&redirect_to=https%3A%2F%2Fwww.aayyy.net HTTP/1.1" 302 3450 "-" "Mozilla/5.0 (Linux; Android 6.0.1; Nexus 5X Build/MMB29P) AppleWebKit/537.36 (KHTML, like Gecko) Chrome/151.0.7922.137 Mobile Safari/537.36 (compatible; Googlebot/2.1; +http://www.google.com/bot.html)"
17.22.237.211 - - [23/Aug/2026:03:59:28 +0800] "POST /6472/wp-json/ilc-summary/v1/popular-posts HTTP/1.1" 201 1402 "https://2blog.ilc.edu.tw/6472/2014/02/27/103%ef%bc%bf%e5%85%ac%e5%91%8a%ef%bc%9a%e5%ae%9c%e8%98%ad%e7%b8%a3%e7%92%b0%e5%a2%83%e6%95%99%e8%82%b2%e7%8d%8e%e7%8d%8e%e5%8b%b5%e8%be%a6%e6%b3%95/" "Mozilla/5.0 (Macintosh; Intel Mac OS X 10_15_7) AppleWebKit/605.1.15 (KHTML, like Gecko) Version/17.4 Safari/605.1.15 (Applebot/0.1; +http://www.apple.com/go/applebot)"
128.241.112.167 - - [23/Aug/2026:03:59:28 +0800] "GET /daes501/wp-content/uploads/sites/3620/2025/01/LINE_ALBUM_20241211%E8%87%AA%E5%B7%B1%E6%90%93%E6%B9%AF%E5%9C%93_241212_30-400x300.jpg HTTP/1.1" 200 29762 "https://2blog.ilc.edu.tw/daes501/2024/12/" "Mozilla/5.0 (Linux; Android 6.0; Nexus 5 Build/MRA58N) AppleWebKit/537.36 (KHTML, like Gecko) Chrome/58.0.5658.1333 Mobile Safari/537.36"
204.1.211.222 - - [23/Aug/2026:03:59:28 +0800] "GET /daes501/wp-content/uploads/sites/3620/2025/01/LINE_ALBUM_20241211%E8%87%AA%E5%B7%B1%E6%90%93%E6%B9%AF%E5%9C%93_241212_33-400x300.jpg HTTP/1.1" 200 36794 "https://2blog.ilc.edu.tw/daes501/2024/12/" "Mozilla/5.0 (Linux; Android 6.0; Nexus 5 Build/MRA58N) AppleWebKit/537.36 (KHTML, like Gecko) Chrome/58.0.5658.1333 Mobile Safari/537.36"
216.244.66.226 - - [23/Aug/2026:03:59:28 +0800] "GET /blog/blog/527/post/1441/641321 HTTP/1.1" 404 35276 "-" "Mozilla/5.0 (compatible; DotBot/1.2; +https://opensiteexplorer.org/dotbot; help@moz.com)"
128.241.98.7 - - [23/Aug/2026:03:59:29 +0800] "GET /daes501/wp-content/uploads/sites/3620/2025/01/LINE_ALBUM_20241211%E8%87%AA%E5%B7%B1%E6%90%93%E6%B9%AF%E5%9C%93_241212_4-400x300.jpg HTTP/1.1" 200 28985 "https://2blog.ilc.edu.tw/daes501/2024/12/" "Mozilla/5.0 (Linux; Android 6.0; Nexus 5 Build/MRA58N) AppleWebKit/537.36 (KHTML, like Gecko) Chrome/58.0.5658.1333 Mobile Safari/537.36"
17.22.237.83 - - [23/Aug/2026:03:59:29 +0800] "GET /6489/wp-content/themes/twentyseventeen/assets/js/jquery.scrollTo.js HTTP/1.1" 200 3289 "https://2blog.ilc.edu.tw/6489/2015/11/13/" "Mozilla/5.0 (Macintosh; Intel Mac OS X 10_15_7) AppleWebKit/605.1.15 (KHTML, like Gecko) Version/17.4 Safari/605.1.15 (Applebot/0.1; +http://www.apple.com/go/applebot)"
2001:288:a201::66:125 - - [23/Aug/2026:03:59:30 +0800] "GET /blog/active.php HTTP/1.1" 301 1026 "-" "-"
2001:288:a201::66:125 - - [23/Aug/2026:03:59:30 +0800] "GET /blog/active.php HTTP/1.1" 404 1084 "-" "-"
52.167.144.229 - - [23/Aug/2026:03:59:31 +0800] "GET /25948/2026/04/19/ai%E6%B2%89%E6%B5%B8%E5%BC%8F%E4%B8%BB%E9%A1%8C%E8%A8%AD%E8%A8%88%E8%AA%B2%EF%BC%9Agemini%E5%9C%A8%E9%81%8A%E6%88%B2%E5%8C%96%E6%95%99%E5%AD%B8%E7%9A%84%E6%87%89%E7%94%A8/ HTTP/1.1" 200 15975 "-" "Mozilla/5.0 AppleWebKit/537.36 (KHTML, like Gecko; compatible; bingbot/2.0; +http://www.bing.com/bingbot.htm) Chrome/116.0.1938.76 Safari/537.36"
128.241.98.7 - - [23/Aug/2026:03:59:31 +0800] "GET /daes501/wp-content/uploads/sites/3620/2025/01/LINE_ALBUM_20241211%E8%87%AA%E5%B7%B1%E6%90%93%E6%B9%AF%E5%9C%93_241212_21-400x300.jpg HTTP/1.1" 200 37513 "https://2blog.ilc.edu.tw/daes501/2024/12/" "Mozilla/5.0 (Linux; Android 6.0; Nexus 5 Build/MRA58N) AppleWebKit/537.36 (KHTML, like Gecko) Chrome/58.0.5658.1333 Mobile Safari/537.36"
45.89.209.152 - - [23/Aug/2026:03:59:31 +0800] "GET /wp-content/uploads/sites/1434/2020/10/108%E5%AD%B8%E5%B9%B4%E5%BA%A6%E9%98%B2%E7%81%BD%E5%9B%9B%E6%A0%BC%E6%BC%AB%E7%95%AB%E5%8F%8A%E5%89%B5%E6%84%8F%E6%9D%AF%E5%A2%8A%E4%BD%9C%E5%93%81%E7%85%A7%E7%89%87_201013_1-768x576.jpg HTTP/1.1" 200 49712 "https://de.ilc.edu.tw/2020/10/13/108%E5%AD%B8%E5%B9%B4%E5%BA%A6%E5%AE%9C%E8%98%AD%E7%B8%A3%E9%98%B2%E7%81%BD%E5%9B%9B%E6%A0%BC%E6%BC%AB%E7%95%AB%E5%8F%8A%E5%89%B5%E6%84%8F%E6%9D%AF%E5%A2%8A%E6%88%90%E6%9E%9C/" "Mozilla/5.0 (Macintosh; Intel Mac OS X 10_15_7) AppleWebKit/537.36 (KHTML, like Gecko) Chrome/131.0.0.0 Safari/537.36"
9.142.186.211 - - [23/Aug/2026:03:59:31 +0800] "GET /sunsun/wp-content/uploads/sites/2607/2023/03/IMG_9265-300x225.jpg HTTP/1.1" 200 20707 "-" "Mozilla/5.0 (compatible; crawler)"
140.111.67.10 - - [23/Aug/2026:03:59:31 +0800] "GET /" 301 273 "-" "-"
66.249.79.138 - - [23/Aug/2026:03:59:30 +0800] "GET /wp-login.php?key=qsgzb381&_wpnonce=&action=ilc_logout&redirect_to=https%3A%2F%2Fplay.google.com%2Fstore%2Fapps%2Fdetails%3Fid%3Dcom.us.dyjycbt.google HTTP/1.1" 302 3496 "-" "Mozilla/5.0 (Linux; Android 6.0.1; Nexus 5X Build/MMB29P) AppleWebKit/537.36 (KHTML, like Gecko) Chrome/151.0.7922.137 Mobile Safari/537.36 (compatible; Googlebot/2.1; +http://www.google.com/bot.html)"
::1 - - [23/Aug/2026:03:59:33 +0800] "OPTIONS * HTTP/1.0" 200 110 "-" "Apache/2.4.68 (Ubuntu) OpenSSL/3.0.19 (internal dummy connection)"
