2408:872f:d00:22:8000::4a - - [23/Aug/2026:03:53:24 +0800] "GET /yceec/wp-content/plugins/elementor/assets/lib/eicons/fonts/eicons.woff2?5.30.0 HTTP/1.1" 200 98225 "https://2blog.ilc.edu.tw/yceec/wp-content/cache/2blog.ilc.edu.tw/wpfc-minified/ld73b6gh/5wox5.css" "Mozilla/5.0 (Windows NT 10.0; Win64; x64) AppleWebKit/537.36 (KHTML, like Gecko) Chrome/144.0.0.0 Safari/537.36"
2408:872f:d00:22:8000::4a - - [23/Aug/2026:03:53:24 +0800] "GET /yceec/wp-content/plugins/elementor-pro/assets/js/table-of-contents.8fd1a0cc520a3fc67bd8.bundle.min.js HTTP/1.1" 200 3684 "https://2blog.ilc.edu.tw/yceec/category/%E7%9B%B8%E9%97%9C%E8%B3%87%E8%A8%8A/" "Mozilla/5.0 (Windows NT 10.0; Win64; x64) AppleWebKit/537.36 (KHTML, like Gecko) Chrome/144.0.0.0 Safari/537.36"
2408:872f:d00:22:8000::4a - - [23/Aug/2026:03:53:24 +0800] "GET /yceec/wp-content/plugins/elementor-pro/assets/js/slides.fb6b9afd278bb9c5e75b.bundle.min.js HTTP/1.1" 200 2348 "https://2blog.ilc.edu.tw/yceec/category/%E7%9B%B8%E9%97%9C%E8%B3%87%E8%A8%8A/" "Mozilla/5.0 (Windows NT 10.0; Win64; x64) AppleWebKit/537.36 (KHTML, like Gecko) Chrome/144.0.0.0 Safari/537.36"
2408:872f:d00:22:8000::4a - - [23/Aug/2026:03:53:24 +0800] "GET /yceec/wp-content/plugins/elementor-pro/assets/js/60745ddf42fde6647dbc.bundle.min.js HTTP/1.1" 200 9219 "https://2blog.ilc.edu.tw/yceec/category/%E7%9B%B8%E9%97%9C%E8%B3%87%E8%A8%8A/" "Mozilla/5.0 (Windows NT 10.0; Win64; x64) AppleWebKit/537.36 (KHTML, like Gecko) Chrome/144.0.0.0 Safari/537.36"
2408:872f:d00:22:8000::4a - - [23/Aug/2026:03:53:24 +0800] "GET /yceec/wp-content/plugins/elementor-pro/assets/js/nav-menu.e65811186e94a386ba7b.bundle.min.js HTTP/1.1" 200 2690 "https://2blog.ilc.edu.tw/yceec/category/%E7%9B%B8%E9%97%9C%E8%B3%87%E8%A8%8A/" "Mozilla/5.0 (Windows NT 10.0; Win64; x64) AppleWebKit/537.36 (KHTML, like Gecko) Chrome/144.0.0.0 Safari/537.36"
2408:872f:c00:408::162 - - [23/Aug/2026:03:53:24 +0800] "GET /wp-content/cache/ilta.ilc.edu.tw/wpfc-minified/1qjpbzp9/6wvk.js HTTP/1.1" 200 35549 "https://ilta.ilc.edu.tw/2010/10/15/" "Mozilla/5.0 (Windows NT 10.0; Win64; x64) AppleWebKit/537.36 (KHTML, like Gecko) Chrome/144.0.0.0 Safari/537.36"
66.249.71.6 - - [23/Aug/2026:03:53:23 +0800] "GET /wp-login.php?action=ilc_logout&_wpnonce=43754d0aad&redirect_to=http://devproger.ru/creator/47841/ HTTP/1.1" 302 3441 "-" "Mozilla/5.0 (compatible; Googlebot/2.1; +http://www.google.com/bot.html)"
2408:872f:d00:22:8000::4a - - [23/Aug/2026:03:53:25 +0800] "GET /yceec/wp-content/plugins/elementor-pro/assets/js/search-form.a25a87283d08dad12f18.bundle.min.js HTTP/1.1" 200 1700 "https://2blog.ilc.edu.tw/yceec/category/%E7%9B%B8%E9%97%9C%E8%B3%87%E8%A8%8A/" "Mozilla/5.0 (Windows NT 10.0; Win64; x64) AppleWebKit/537.36 (KHTML, like Gecko) Chrome/144.0.0.0 Safari/537.36"
2408:872f:d00:22:8000::4a - - [23/Aug/2026:03:53:25 +0800] "GET /yceec/wp-content/plugins/elementor-pro/assets/js/social.2d2e44e8608690943f29.bundle.min.js HTTP/1.1" 200 1433 "https://2blog.ilc.edu.tw/yceec/category/%E7%9B%B8%E9%97%9C%E8%B3%87%E8%A8%8A/" "Mozilla/5.0 (Windows NT 10.0; Win64; x64) AppleWebKit/537.36 (KHTML, like Gecko) Chrome/144.0.0.0 Safari/537.36"
2408:872f:d00:22:8000::4a - - [23/Aug/2026:03:53:25 +0800] "GET /yceec/wp-content/plugins/elementor-pro/assets/js/archive-posts.d30c917134774f65dd6d.bundle.min.js HTTP/1.1" 200 3190 "https://2blog.ilc.edu.tw/yceec/category/%E7%9B%B8%E9%97%9C%E8%B3%87%E8%A8%8A/" "Mozilla/5.0 (Windows NT 10.0; Win64; x64) AppleWebKit/537.36 (KHTML, like Gecko) Chrome/144.0.0.0 Safari/537.36"
2408:872f:c00:408::162 - - [23/Aug/2026:03:53:25 +0800] "GET /wp-includes/js/hoverintent-js.min.js HTTP/1.1" 200 1597 "https://ilta.ilc.edu.tw/2010/10/15/" "Mozilla/5.0 (Windows NT 10.0; Win64; x64) AppleWebKit/537.36 (KHTML, like Gecko) Chrome/144.0.0.0 Safari/537.36"
2408:872f:d00:22:8000::4a - - [23/Aug/2026:03:53:25 +0800] "GET /yceec/wp-content/plugins/elementor/assets/lib/swiper/v8/swiper.min.js?ver=8.4.5 HTTP/1.1" 200 40708 "https://2blog.ilc.edu.tw/yceec/category/%E7%9B%B8%E9%97%9C%E8%B3%87%E8%A8%8A/" "Mozilla/5.0 (Windows NT 10.0; Win64; x64) AppleWebKit/537.36 (KHTML, like Gecko) Chrome/144.0.0.0 Safari/537.36"
2409:8774:4c:100::1c - - [23/Aug/2026:03:53:25 +0800] "GET /wp-content/themes/oceanwp/assets/fonts/simple-line-icons/Simple-Line-Icons.woff2?v=2.4.0 HTTP/1.1" 200 30959 "https://www.najh.ilc.edu.tw/wp-content/cache/www.najh.ilc.edu.tw/wpfc-minified/kcxb236g/6wh9.css" "Mozilla/5.0 (Windows NT 10.0; Win64; x64) AppleWebKit/537.36 (KHTML, like Gecko) Chrome/144.0.0.0 Safari/537.36"
2001:288:a201::66:125 - - [23/Aug/2026:03:53:25 +0800] "GET /blog/active.php HTTP/1.1" 404 1084 "-" "-"
2001:288:a201::66:125 - - [23/Aug/2026:03:53:25 +0800] "GET /blog/active.php HTTP/1.1" 301 1026 "-" "-"
2408:872f:c00:408::162 - - [23/Aug/2026:03:53:25 +0800] "GET /wp-content/themes/oceanwp/assets/fonts/simple-line-icons/Simple-Line-Icons.woff2?v=2.4.0 HTTP/1.1" 200 30959 "https://ilta.ilc.edu.tw/wp-content/cache/ilta.ilc.edu.tw/wpfc-minified/7vo8n6iy/6wvk.css" "Mozilla/5.0 (Windows NT 10.0; Win64; x64) AppleWebKit/537.36 (KHTML, like Gecko) Chrome/144.0.0.0 Safari/537.36"
::1 - - [23/Aug/2026:03:53:25 +0800] "OPTIONS * HTTP/1.0" 200 110 "-" "Apache/2.4.68 (Ubuntu) OpenSSL/3.0.19 (internal dummy connection)"
2408:872f:c00:408::162 - - [23/Aug/2026:03:53:26 +0800] "GET /wp-content/themes/oceanwp/assets/fonts/fontawesome/webfonts/fa-solid-900.woff2 HTTP/1.1" 200 151246 "https://ilta.ilc.edu.tw/wp-content/cache/ilta.ilc.edu.tw/wpfc-minified/7vo8n6iy/6wvk.css" "Mozilla/5.0 (Windows NT 10.0; Win64; x64) AppleWebKit/537.36 (KHTML, like Gecko) Chrome/144.0.0.0 Safari/537.36"
66.249.79.138 - - [23/Aug/2026:03:53:24 +0800] "GET /wp-login.php?key=y853b381&_wpnonce=&action=ilc_logout&redirect_to=https%3A%2F%2Fmushroom.joynetgame.com HTTP/1.1" 302 3460 "-" "Mozilla/5.0 (Linux; Android 6.0.1; Nexus 5X Build/MMB29P) AppleWebKit/537.36 (KHTML, like Gecko) Chrome/151.0.7922.137 Mobile Safari/537.36 (compatible; Googlebot/2.1; +http://www.google.com/bot.html)"
2408:872f:c00:408::162 - - [23/Aug/2026:03:53:26 +0800] "GET /wp-includes/js/admin-bar.min.js HTTP/1.1" 200 2576 "https://ilta.ilc.edu.tw/2010/10/15/" "Mozilla/5.0 (Windows NT 10.0; Win64; x64) AppleWebKit/537.36 (KHTML, like Gecko) Chrome/144.0.0.0 Safari/537.36"
2408:872f:c00:408::162 - - [23/Aug/2026:03:53:26 +0800] "GET /wp-includes/js/imagesloaded.min.js HTTP/1.1" 200 3022 "https://ilta.ilc.edu.tw/2010/10/15/" "Mozilla/5.0 (Windows NT 10.0; Win64; x64) AppleWebKit/537.36 (KHTML, like Gecko) Chrome/144.0.0.0 Safari/537.36"
2408:872f:c00:408::162 - - [23/Aug/2026:03:53:26 +0800] "GET /wp-content/themes/oceanwp/assets/js/theme.min.js HTTP/1.1" 200 9925 "https://ilta.ilc.edu.tw/2010/10/15/" "Mozilla/5.0 (Windows NT 10.0; Win64; x64) AppleWebKit/537.36 (KHTML, like Gecko) Chrome/144.0.0.0 Safari/537.36"
2408:872f:c00:408::162 - - [23/Aug/2026:03:53:26 +0800] "GET /wp-content/themes/oceanwp/assets/js/drop-down-search.min.js HTTP/1.1" 200 7763 "https://ilta.ilc.edu.tw/2010/10/15/" "Mozilla/5.0 (Windows NT 10.0; Win64; x64) AppleWebKit/537.36 (KHTML, like Gecko) Chrome/144.0.0.0 Safari/537.36"
2408:872f:c00:408::162 - - [23/Aug/2026:03:53:26 +0800] "GET /wp-content/themes/oceanwp/assets/js/drop-down-mobile-menu.min.js HTTP/1.1" 200 9458 "https://ilta.ilc.edu.tw/2010/10/15/" "Mozilla/5.0 (Windows NT 10.0; Win64; x64) AppleWebKit/537.36 (KHTML, like Gecko) Chrome/144.0.0.0 Safari/537.36"
2408:872f:c00:408::162 - - [23/Aug/2026:03:53:26 +0800] "GET /wp-content/themes/oceanwp/assets/js/vendors/magnific-popup.min.js HTTP/1.1" 200 8270 "https://ilta.ilc.edu.tw/2010/10/15/" "Mozilla/5.0 (Windows NT 10.0; Win64; x64) AppleWebKit/537.36 (KHTML, like Gecko) Chrome/144.0.0.0 Safari/537.36"
140.111.67.10 - - [23/Aug/2026:03:53:26 +0800] "GET /" 301 273 "-" "-"
2408:872f:c00:408::162 - - [23/Aug/2026:03:53:26 +0800] "GET /wp-content/themes/oceanwp/assets/js/ow-lightbox.min.js HTTP/1.1" 200 2321 "https://ilta.ilc.edu.tw/2010/10/15/" "Mozilla/5.0 (Windows NT 10.0; Win64; x64) AppleWebKit/537.36 (KHTML, like Gecko) Chrome/144.0.0.0 Safari/537.36"
2408:872f:c00:408::162 - - [23/Aug/2026:03:53:26 +0800] "GET /wp-content/themes/oceanwp/assets/js/vendors/flickity.pkgd.min.js HTTP/1.1" 200 15048 "https://ilta.ilc.edu.tw/2010/10/15/" "Mozilla/5.0 (Windows NT 10.0; Win64; x64) AppleWebKit/537.36 (KHTML, like Gecko) Chrome/144.0.0.0 Safari/537.36"
184.72.95.195 - - [23/Aug/2026:03:53:26 +0800] "GET /6030/wp-json/wp/v2/posts/%22https:/2blog.ilc.edu.tw/wp-content/uploads/sites/2193/6030/6030-3896494.png/%22 HTTP/1.1" 404 6131 "-" "Mozilla/5.0 AppleWebKit/537.36 (KHTML, like Gecko; compatible; Amazonbot/0.1; +https://developer.amazon.com/support/amazonbot) Chrome/119.0.6045.214 Safari/537.36"
2408:872f:c00:408::162 - - [23/Aug/2026:03:53:26 +0800] "GET /wp-content/themes/oceanwp/assets/js/ow-slider.min.js HTTP/1.1" 200 1761 "https://ilta.ilc.edu.tw/2010/10/15/" "Mozilla/5.0 (Windows NT 10.0; Win64; x64) AppleWebKit/537.36 (KHTML, like Gecko) Chrome/144.0.0.0 Safari/537.36"
::1 - - [23/Aug/2026:03:53:26 +0800] "OPTIONS * HTTP/1.0" 200 110 "-" "Apache/2.4.68 (Ubuntu) OpenSSL/3.0.19 (internal dummy connection)"
2408:872f:c00:408::162 - - [23/Aug/2026:03:53:26 +0800] "GET /wp-content/themes/oceanwp/assets/js/scroll-effect.min.js HTTP/1.1" 200 4127 "https://ilta.ilc.edu.tw/2010/10/15/" "Mozilla/5.0 (Windows NT 10.0; Win64; x64) AppleWebKit/537.36 (KHTML, like Gecko) Chrome/144.0.0.0 Safari/537.36"
2408:872f:c00:408::162 - - [23/Aug/2026:03:53:26 +0800] "GET /wp-content/themes/oceanwp/assets/js/scroll-top.min.js HTTP/1.1" 200 3202 "https://ilta.ilc.edu.tw/2010/10/15/" "Mozilla/5.0 (Windows NT 10.0; Win64; x64) AppleWebKit/537.36 (KHTML, like Gecko) Chrome/144.0.0.0 Safari/537.36"
2408:872f:c00:408::162 - - [23/Aug/2026:03:53:26 +0800] "GET /wp-content/themes/oceanwp/assets/js/select.min.js HTTP/1.1" 200 2408 "https://ilta.ilc.edu.tw/2010/10/15/" "Mozilla/5.0 (Windows NT 10.0; Win64; x64) AppleWebKit/537.36 (KHTML, like Gecko) Chrome/144.0.0.0 Safari/537.36"
2408:872f:c00:408::162 - - [23/Aug/2026:03:53:26 +0800] "GET /wp-content/plugins/ocean-extra/includes/widgets/js/flickr.min.js HTTP/1.1" 200 1319 "https://ilta.ilc.edu.tw/2010/10/15/" "Mozilla/5.0 (Windows NT 10.0; Win64; x64) AppleWebKit/537.36 (KHTML, like Gecko) Chrome/144.0.0.0 Safari/537.36"
2408:872f:c00:408::162 - - [23/Aug/2026:03:53:27 +0800] "GET /favicon.ico HTTP/1.1" 302 1054 "https://ilta.ilc.edu.tw/2010/10/15/" "Mozilla/5.0 (Windows NT 10.0; Win64; x64) AppleWebKit/537.36 (KHTML, like Gecko) Chrome/144.0.0.0 Safari/537.36"
::1 - - [23/Aug/2026:03:53:27 +0800] "OPTIONS * HTTP/1.0" 200 110 "-" "Apache/2.4.68 (Ubuntu) OpenSSL/3.0.19 (internal dummy connection)"
2408:872f:c00:408::162 - - [23/Aug/2026:03:53:27 +0800] "GET /wp-includes/images/w-logo-blue-white-bg.png HTTP/1.1" 200 4946 "https://ilta.ilc.edu.tw/2010/10/15/" "Mozilla/5.0 (Windows NT 10.0; Win64; x64) AppleWebKit/537.36 (KHTML, like Gecko) Chrome/144.0.0.0 Safari/537.36"
66.249.79.138 - - [23/Aug/2026:03:53:25 +0800] "GET /wp-login.php?key=8thv4381&_wpnonce=&action=ilc_logout&redirect_to=https%3A%2F%2Fplay.google.com%2Fstore%2Fapps%2Fdetails%3Fid%3Dcom.us.dyjycbt.google HTTP/1.1" 302 3496 "-" "Mozilla/5.0 (Linux; Android 6.0.1; Nexus 5X Build/MMB29P) AppleWebKit/537.36 (KHTML, like Gecko) Chrome/151.0.7922.137 Mobile Safari/537.36 (compatible; Googlebot/2.1; +http://www.google.com/bot.html)"
::1 - - [23/Aug/2026:03:53:28 +0800] "OPTIONS * HTTP/1.0" 200 110 "-" "Apache/2.4.68 (Ubuntu) OpenSSL/3.0.19 (internal dummy connection)"
66.249.71.7 - - [23/Aug/2026:03:53:26 +0800] "GET /wp-login.php?key=sr9t6381&_wpnonce=&action=ilc_logout&redirect_to=https%3A%2F%2Fplay.google.com%2Fstore%2Fapps%2Fdetails%3Fid%3Dcom.us.dyjycbt.google HTTP/1.1" 302 3496 "-" "Mozilla/5.0 (Linux; Android 6.0.1; Nexus 5X Build/MMB29P) AppleWebKit/537.36 (KHTML, like Gecko) Chrome/151.0.7922.137 Mobile Safari/537.36 (compatible; Googlebot/2.1; +http://www.google.com/bot.html)"
216.73.217.167 - - [23/Aug/2026:03:53:28 +0800] "GET /wp-admin/admin.php?page=oceanwp HTTP/1.1" 302 5846 "-" "Mozilla/5.0 AppleWebKit/537.36 (KHTML, like Gecko; compatible; ClaudeBot/1.0; +claudebot@anthropic.com)"
40.77.167.150 - - [23/Aug/2026:03:53:26 +0800] "GET /26150/2024/09/04/ HTTP/1.1" 200 21442 "-" "Mozilla/5.0 AppleWebKit/537.36 (KHTML, like Gecko; compatible; bingbot/2.0; +http://www.bing.com/bingbot.htm) Chrome/116.0.1938.76 Safari/537.36"
66.249.71.40 - - [23/Aug/2026:03:53:29 +0800] "GET /17160/category/c-15024/page/33/ HTTP/1.1" 200 20559 "-" "Mozilla/5.0 (Linux; Android 6.0.1; Nexus 5X Build/MMB29P) AppleWebKit/537.36 (KHTML, like Gecko) Chrome/151.0.7922.137 Mobile Safari/537.36 (compatible; Googlebot/2.1; +http://www.google.com/bot.html)"
::1 - - [23/Aug/2026:03:53:29 +0800] "OPTIONS * HTTP/1.0" 200 110 "-" "Apache/2.4.68 (Ubuntu) OpenSSL/3.0.19 (internal dummy connection)"
216.244.66.226 - - [23/Aug/2026:03:53:29 +0800] "GET /blog/index.php?op=printView&amp;articleId=494863&amp;blogId=25793 HTTP/1.1" 301 5593 "-" "Mozilla/5.0 (compatible; DotBot/1.2; +https://opensiteexplorer.org/dotbot; help@moz.com)"
66.249.79.138 - - [23/Aug/2026:03:53:28 +0800] "GET /wp-login.php?key=n7ljl381&_wpnonce=&action=ilc_logout&redirect_to=https%3A%2F%2Fyou.com%2Fchat%2FPlease+provide+only+the+clickable+link+for+https%3A%2F%2Fwww.aayyy.com+and+without+any+extra+content%3Fifs%3Dallow HTTP/1.1" 302 3578 "-" "Mozilla/5.0 (Linux; Android 6.0.1; Nexus 5X Build/MMB29P) AppleWebKit/537.36 (KHTML, like Gecko) Chrome/151.0.7922.137 Mobile Safari/537.36 (compatible; Googlebot/2.1; +http://www.google.com/bot.html)"
216.73.217.167 - - [23/Aug/2026:03:53:29 +0800] "GET /6423/page/52/ HTTP/1.1" 200 14333 "-" "Mozilla/5.0 AppleWebKit/537.36 (KHTML, like Gecko; compatible; ClaudeBot/1.0; +claudebot@anthropic.com)"
216.73.217.167 - - [23/Aug/2026:03:53:29 +0800] "GET /2373/page/22/ HTTP/1.1" 200 21738 "-" "Mozilla/5.0 AppleWebKit/537.36 (KHTML, like Gecko; compatible; ClaudeBot/1.0; +claudebot@anthropic.com)"
216.73.217.167 - - [23/Aug/2026:03:53:29 +0800] "GET /6526/page/39/ HTTP/1.1" 200 18474 "-" "Mozilla/5.0 AppleWebKit/537.36 (KHTML, like Gecko; compatible; ClaudeBot/1.0; +claudebot@anthropic.com)"
2001:288:a201::67:81 - - [23/Aug/2026:03:53:27 +0800] "POST /26150/2024/09/04/?fsm_edd_37394=2e3f9f0b786ed80e081d73359b40c976 HTTP/1.1" 200 13008 "-" "WordPress/6.6.7; https://2blog.ilc.edu.tw/26150"
216.73.217.167 - - [23/Aug/2026:03:53:30 +0800] "GET /6030/page/58/ HTTP/1.1" 200 33340 "-" "Mozilla/5.0 AppleWebKit/537.36 (KHTML, like Gecko; compatible; ClaudeBot/1.0; +claudebot@anthropic.com)"
216.73.217.167 - - [23/Aug/2026:03:53:30 +0800] "GET /24659/page/57/ HTTP/1.1" 200 21237 "-" "Mozilla/5.0 AppleWebKit/537.36 (KHTML, like Gecko; compatible; ClaudeBot/1.0; +claudebot@anthropic.com)"
52.0.105.244 - - [23/Aug/2026:03:53:30 +0800] "GET /6030/wp-json/wp/v2/posts/%22https:/2blog.ilc.edu.tw/wp-content/uploads/sites/2193/6030/6030-3896487.png/%22 HTTP/1.1" 404 6131 "-" "Mozilla/5.0 AppleWebKit/537.36 (KHTML, like Gecko; compatible; Amazonbot/0.1; +https://developer.amazon.com/support/amazonbot) Chrome/119.0.6045.214 Safari/537.36"
216.73.217.167 - - [23/Aug/2026:03:53:30 +0800] "GET /25138/page/22/ HTTP/1.1" 200 18638 "-" "Mozilla/5.0 AppleWebKit/537.36 (KHTML, like Gecko; compatible; ClaudeBot/1.0; +claudebot@anthropic.com)"
216.73.217.167 - - [23/Aug/2026:03:53:30 +0800] "GET /5798/page/44/ HTTP/1.1" 200 25378 "-" "Mozilla/5.0 AppleWebKit/537.36 (KHTML, like Gecko; compatible; ClaudeBot/1.0; +claudebot@anthropic.com)"
2001:288:a201::66:125 - - [23/Aug/2026:03:53:30 +0800] "GET /blog/active.php HTTP/1.1" 301 1026 "-" "-"
::1 - - [23/Aug/2026:03:53:30 +0800] "OPTIONS * HTTP/1.0" 200 110 "-" "Apache/2.4.68 (Ubuntu) OpenSSL/3.0.19 (internal dummy connection)"
2001:288:a201::66:125 - - [23/Aug/2026:03:53:30 +0800] "GET /blog/active.php HTTP/1.1" 404 1084 "-" "-"
66.249.79.172 - - [23/Aug/2026:03:53:30 +0800] "GET /5798/page/27/ HTTP/1.1" 200 22064 "-" "Mozilla/5.0 (Linux; Android 6.0.1; Nexus 5X Build/MMB29P) AppleWebKit/537.36 (KHTML, like Gecko) Chrome/151.0.7922.137 Mobile Safari/537.36 (compatible; Googlebot/2.1; +http://www.google.com/bot.html)"
2409:8774:4c:100::1c - - [23/Aug/2026:03:53:25 +0800] "GET /wp-content/themes/oceanwp/assets/fonts/fontawesome/webfonts/fa-solid-900.woff2 HTTP/1.1" 200 151246 "https://www.najh.ilc.edu.tw/wp-content/cache/www.najh.ilc.edu.tw/wpfc-minified/kcxb236g/6wh9.css" "Mozilla/5.0 (Windows NT 10.0; Win64; x64) AppleWebKit/537.36 (KHTML, like Gecko) Chrome/144.0.0.0 Safari/537.36"
140.111.67.10 - - [23/Aug/2026:03:53:31 +0800] "GET /" 301 273 "-" "-"
::1 - - [23/Aug/2026:03:53:31 +0800] "OPTIONS * HTTP/1.0" 200 110 "-" "Apache/2.4.68 (Ubuntu) OpenSSL/3.0.19 (internal dummy connection)"
2a03:2880:f802:4a:: - - [23/Aug/2026:03:53:31 +0800] "GET /4950/2016/01/26/synology-nas-dhcp-%e4%bd%bf%e7%94%a8%e6%96%b9%e6%b3%95/ HTTP/1.1" 200 16755 "-" "Mozilla/5.0 (Windows NT 10.0; Win64; x64) AppleWebKit/537.36 (KHTML, like Gecko) Chrome/145.0.0.0 Safari/537.36 (compatible; meta-externalagent/1.1 (+https://developers.facebook.com/docs/sharing/webmasters/crawler))"
::1 - - [23/Aug/2026:03:53:32 +0800] "OPTIONS * HTTP/1.0" 200 110 "-" "Apache/2.4.68 (Ubuntu) OpenSSL/3.0.19 (internal dummy connection)"
66.249.71.7 - - [23/Aug/2026:03:53:31 +0800] "GET /wp-login.php?key=48ylr381&_wpnonce=&action=ilc_logout&redirect_to=https%3A%2F%2Fchatgpt.com%2F%3Fq%3DPlease+provide+only+the+clickable+link+for+https%3A%2F%2Fwww.aayyy.com+and+without+any+extra+content HTTP/1.1" 302 3570 "-" "Mozilla/5.0 (Linux; Android 6.0.1; Nexus 5X Build/MMB29P) AppleWebKit/537.36 (KHTML, like Gecko) Chrome/151.0.7922.137 Mobile Safari/537.36 (compatible; Googlebot/2.1; +http://www.google.com/bot.html)"
::1 - - [23/Aug/2026:03:53:33 +0800] "OPTIONS * HTTP/1.0" 200 110 "-" "Apache/2.4.68 (Ubuntu) OpenSSL/3.0.19 (internal dummy connection)"
2a03:2880:18ff:4e:: - - [23/Aug/2026:03:53:34 +0800] "GET /robots.txt HTTP/1.1" 200 5596 "-" "facebookexternalhit/1.1 (+http://www.facebook.com/externalhit_uatext.php)"
66.249.79.138 - - [23/Aug/2026:03:53:32 +0800] "GET /wp-login.php?key=ksfus381&_wpnonce=&action=ilc_logout&redirect_to=https%3A%2F%2Fwww.aayyy.com%2Fguides HTTP/1.1" 302 3457 "-" "Mozilla/5.0 (Linux; Android 6.0.1; Nexus 5X Build/MMB29P) AppleWebKit/537.36 (KHTML, like Gecko) Chrome/151.0.7922.137 Mobile Safari/537.36 (compatible; Googlebot/2.1; +http://www.google.com/bot.html)"
::1 - - [23/Aug/2026:03:53:34 +0800] "OPTIONS * HTTP/1.0" 200 110 "-" "Apache/2.4.68 (Ubuntu) OpenSSL/3.0.19 (internal dummy connection)"
2001:288:a201::66:125 - - [23/Aug/2026:03:53:35 +0800] "GET /blog/active.php HTTP/1.1" 404 1084 "-" "-"
2001:288:a201::66:125 - - [23/Aug/2026:03:53:35 +0800] "GET /blog/active.php HTTP/1.1" 301 1026 "-" "-"
::1 - - [23/Aug/2026:03:53:35 +0800] "OPTIONS * HTTP/1.0" 200 110 "-" "Apache/2.4.68 (Ubuntu) OpenSSL/3.0.19 (internal dummy connection)"
66.249.79.138 - - [23/Aug/2026:03:53:34 +0800] "GET /wp-login.php?key=26ljn381&_wpnonce=&action=ilc_logout&redirect_to=https%3A%2F%2Fmushroom.joynetgame.com HTTP/1.1" 302 8245 "-" "Mozilla/5.0 (Linux; Android 6.0.1; Nexus 5X Build/MMB29P) AppleWebKit/537.36 (KHTML, like Gecko) Chrome/151.0.7922.137 Mobile Safari/537.36 (compatible; Googlebot/2.1; +http://www.google.com/bot.html)"
140.111.67.10 - - [23/Aug/2026:03:53:36 +0800] "GET /" 301 273 "-" "-"
216.244.66.226 - - [23/Aug/2026:03:53:36 +0800] "GET /blog/blog/2406/archives/201209 HTTP/1.1" 404 35276 "-" "Mozilla/5.0 (compatible; DotBot/1.2; +https://opensiteexplorer.org/dotbot; help@moz.com)"
::1 - - [23/Aug/2026:03:53:36 +0800] "OPTIONS * HTTP/1.0" 200 110 "-" "Apache/2.4.68 (Ubuntu) OpenSSL/3.0.19 (internal dummy connection)"
66.249.79.172 - - [23/Aug/2026:03:53:36 +0800] "GET /5798/wp-includes/js/hoverintent-js.min.js HTTP/1.1" 200 6376 "https://2blog.ilc.edu.tw/5798/page/27/" "Mozilla/5.0 (Linux; Android 6.0.1; Nexus 5X Build/MMB29P) AppleWebKit/537.36 (KHTML, like Gecko) Chrome/151.0.7922.137 Mobile Safari/537.36 (compatible; Googlebot/2.1; +http://www.google.com/bot.html)"
66.249.79.138 - - [23/Aug/2026:03:53:35 +0800] "GET /wp-login.php?key=4khd6381&_wpnonce=&action=ilc_logout&redirect_to=https%3A%2F%2Fplay.google.com%2Fstore%2Fapps%2Fdetails%3Fid%3Dcom.us.dyjycbt.google HTTP/1.1" 302 3496 "-" "Mozilla/5.0 (Linux; Android 6.0.1; Nexus 5X Build/MMB29P) AppleWebKit/537.36 (KHTML, like Gecko) Chrome/151.0.7922.137 Mobile Safari/537.36 (compatible; Googlebot/2.1; +http://www.google.com/bot.html)"
66.249.79.172 - - [23/Aug/2026:03:53:37 +0800] "GET /5798/wp-content/themes/sela/js/sela.js HTTP/1.1" 200 1150 "https://2blog.ilc.edu.tw/5798/page/27/" "Mozilla/5.0 (Linux; Android 6.0.1; Nexus 5X Build/MMB29P) AppleWebKit/537.36 (KHTML, like Gecko) Chrome/151.0.7922.137 Mobile Safari/537.36 (compatible; Googlebot/2.1; +http://www.google.com/bot.html)"
::1 - - [23/Aug/2026:03:53:37 +0800] "OPTIONS * HTTP/1.0" 200 110 "-" "Apache/2.4.68 (Ubuntu) OpenSSL/3.0.19 (internal dummy connection)"
::1 - - [23/Aug/2026:03:53:38 +0800] "OPTIONS * HTTP/1.0" 200 110 "-" "Apache/2.4.68 (Ubuntu) OpenSSL/3.0.19 (internal dummy connection)"
::1 - - [23/Aug/2026:03:53:39 +0800] "OPTIONS * HTTP/1.0" 200 110 "-" "Apache/2.4.68 (Ubuntu) OpenSSL/3.0.19 (internal dummy connection)"
2a03:2880:13ff:5:: - - [23/Aug/2026:03:53:39 +0800] "GET /robots.txt HTTP/1.1" 200 778 "-" "facebookexternalhit/1.1 (+http://www.facebook.com/externalhit_uatext.php)"
34.236.41.241 - - [23/Aug/2026:03:53:39 +0800] "GET /6460/wp-json/wp/v2/posts/792 HTTP/1.1" 200 10426 "-" "Mozilla/5.0 AppleWebKit/537.36 (KHTML, like Gecko; compatible; Amazonbot/0.1; +https://developer.amazon.com/support/amazonbot) Chrome/119.0.6045.214 Safari/537.36"
66.249.79.138 - - [23/Aug/2026:03:53:38 +0800] "GET /wp-login.php?key=g79ae381&_wpnonce=&action=ilc_logout&redirect_to=https%3A%2F%2Fmushroom.joynetgame.com HTTP/1.1" 302 3460 "-" "Mozilla/5.0 (Linux; Android 6.0.1; Nexus 5X Build/MMB29P) AppleWebKit/537.36 (KHTML, like Gecko) Chrome/151.0.7922.137 Mobile Safari/537.36 (compatible; Googlebot/2.1; +http://www.google.com/bot.html)"
74.7.242.54 - - [23/Aug/2026:03:53:40 +0800] "GET /wp-content/uploads/sites/1493/6646/6646-610225.jpg HTTP/1.1" 301 1077 "https://2blog.ilc.edu.tw" "Mozilla/5.0 AppleWebKit/537.36 (KHTML, like Gecko; compatible; GPTBot/1.4; +https://openai.com/gptbot)"
2001:288:a201::66:125 - - [23/Aug/2026:03:53:40 +0800] "GET /blog/active.php HTTP/1.1" 301 1026 "-" "-"
2001:288:a201::66:125 - - [23/Aug/2026:03:53:40 +0800] "GET /blog/active.php HTTP/1.1" 404 1084 "-" "-"
::1 - - [23/Aug/2026:03:53:40 +0800] "OPTIONS * HTTP/1.0" 200 110 "-" "Apache/2.4.68 (Ubuntu) OpenSSL/3.0.19 (internal dummy connection)"
74.7.242.54 - - [23/Aug/2026:03:53:41 +0800] "GET /wp-content/uploads/sites/1493/6646/6646-610225.jpg HTTP/1.1" 500 6077 "http://2blog.ilc.edu.tw" "Mozilla/5.0 AppleWebKit/537.36 (KHTML, like Gecko; compatible; GPTBot/1.4; +https://openai.com/gptbot)"
140.111.67.10 - - [23/Aug/2026:03:53:41 +0800] "GET /" 301 273 "-" "-"
::1 - - [23/Aug/2026:03:53:41 +0800] "OPTIONS * HTTP/1.0" 200 110 "-" "Apache/2.4.68 (Ubuntu) OpenSSL/3.0.19 (internal dummy connection)"
66.249.71.7 - - [23/Aug/2026:03:53:40 +0800] "GET /wp-login.php?key=99r79381&_wpnonce=&action=ilc_logout&redirect_to=https%3A%2F%2Fwww.aayyy.com%2Fgames HTTP/1.1" 302 8241 "-" "Mozilla/5.0 (Linux; Android 6.0.1; Nexus 5X Build/MMB29P) AppleWebKit/537.36 (KHTML, like Gecko) Chrome/151.0.7922.137 Mobile Safari/537.36 (compatible; Googlebot/2.1; +http://www.google.com/bot.html)"
44.212.131.50 - - [23/Aug/2026:03:53:42 +0800] "GET /6460/wp-json/wp/v2/posts/%22https:/2blog.ilc.edu.tw/wp-content/uploads/sites/2300/6460/6460-4216145.jpg/%22 HTTP/1.1" 404 6131 "-" "Mozilla/5.0 AppleWebKit/537.36 (KHTML, like Gecko; compatible; Amazonbot/0.1; +https://developer.amazon.com/support/amazonbot) Chrome/119.0.6045.214 Safari/537.36"
216.244.66.226 - - [23/Aug/2026:03:53:42 +0800] "GET /blog/blog/6440/trackbacks/345169 HTTP/1.1" 404 35276 "-" "Mozilla/5.0 (compatible; DotBot/1.2; +https://opensiteexplorer.org/dotbot; help@moz.com)"
::1 - - [23/Aug/2026:03:53:42 +0800] "OPTIONS * HTTP/1.0" 200 110 "-" "Apache/2.4.68 (Ubuntu) OpenSSL/3.0.19 (internal dummy connection)"
2a03:2880:f802:28:: - - [23/Aug/2026:03:53:40 +0800] "GET /wp-login.php?key=i341b374&_wpnonce=&action=ilc_logout&redirect_to=https%3A%2F%2Fmushroom.joynetgame.com HTTP/1.1" 302 8260 "-" "Mozilla/5.0 (Macintosh; Intel Mac OS X 10_15_7) AppleWebKit/537.36 (KHTML, like Gecko) Chrome/145.0.0.0 Safari/537.36 (compatible; meta-externalagent/1.1 (+https://developers.facebook.com/docs/sharing/webmasters/crawler))"
66.249.71.7 - - [23/Aug/2026:03:53:41 +0800] "GET /wp-login.php?action=ilc_logout&_wpnonce=43754d0aad&redirect_to=//devproger.ru/job/7187/ HTTP/1.1" 302 8238 "-" "Mozilla/5.0 (Linux; Android 6.0.1; Nexus 5X Build/MMB29P) AppleWebKit/537.36 (KHTML, like Gecko) Chrome/151.0.7922.137 Mobile Safari/537.36 (compatible; Googlebot/2.1; +http://www.google.com/bot.html)"
::1 - - [23/Aug/2026:03:53:43 +0800] "OPTIONS * HTTP/1.0" 200 110 "-" "Apache/2.4.68 (Ubuntu) OpenSSL/3.0.19 (internal dummy connection)"
66.249.71.7 - - [23/Aug/2026:03:53:42 +0800] "GET /wp-login.php?action=ilc_logout&_wpnonce=43754d0aad&redirect_to=//irinazubareva.ru/job/31981/ HTTP/1.1" 302 3458 "-" "Mozilla/5.0 (Linux; Android 6.0.1; Nexus 5X Build/MMB29P) AppleWebKit/537.36 (KHTML, like Gecko) Chrome/151.0.7922.137 Mobile Safari/537.36 (compatible; Googlebot/2.1; +http://www.google.com/bot.html)"
::1 - - [23/Aug/2026:03:53:44 +0800] "OPTIONS * HTTP/1.0" 200 110 "-" "Apache/2.4.68 (Ubuntu) OpenSSL/3.0.19 (internal dummy connection)"
66.249.71.7 - - [23/Aug/2026:03:53:43 +0800] "GET /wp-login.php?key=2enh5381&_wpnonce=&action=ilc_logout&redirect_to=https%3A%2F%2Fwww.aayyy.com%2Fgames HTTP/1.1" 302 3456 "-" "Mozilla/5.0 (Linux; Android 6.0.1; Nexus 5X Build/MMB29P) AppleWebKit/537.36 (KHTML, like Gecko) Chrome/151.0.7922.137 Mobile Safari/537.36 (compatible; Googlebot/2.1; +http://www.google.com/bot.html)"
2001:288:a201::66:125 - - [23/Aug/2026:03:53:45 +0800] "GET /blog/active.php HTTP/1.1" 404 1084 "-" "-"
2001:288:a201::66:125 - - [23/Aug/2026:03:53:45 +0800] "GET /blog/active.php HTTP/1.1" 301 1026 "-" "-"
::1 - - [23/Aug/2026:03:53:45 +0800] "OPTIONS * HTTP/1.0" 200 110 "-" "Apache/2.4.68 (Ubuntu) OpenSSL/3.0.19 (internal dummy connection)"
66.249.79.138 - - [23/Aug/2026:03:53:44 +0800] "GET /wp-login.php?key=svhan381&_wpnonce=&action=ilc_logout&redirect_to=https%3A%2F%2Fwww.aayyy.net HTTP/1.1" 302 3450 "-" "Mozilla/5.0 (Linux; Android 6.0.1; Nexus 5X Build/MMB29P) AppleWebKit/537.36 (KHTML, like Gecko) Chrome/151.0.7922.137 Mobile Safari/537.36 (compatible; Googlebot/2.1; +http://www.google.com/bot.html)"
140.111.67.10 - - [23/Aug/2026:03:53:46 +0800] "GET /" 301 273 "-" "-"
::1 - - [23/Aug/2026:03:53:46 +0800] "OPTIONS * HTTP/1.0" 200 110 "-" "Apache/2.4.68 (Ubuntu) OpenSSL/3.0.19 (internal dummy connection)"
216.244.66.226 - - [23/Aug/2026:03:53:47 +0800] "GET /blog/?op=printView&articleId=635264&blogId=29113 HTTP/1.1" 404 35276 "-" "Mozilla/5.0 (compatible; DotBot/1.2; +https://opensiteexplorer.org/dotbot; help@moz.com)"
66.249.71.7 - - [23/Aug/2026:03:53:45 +0800] "GET /wp-login.php?key=umowi381&_wpnonce=&action=ilc_logout&redirect_to=https%3A%2F%2Fwww.aayyy.net HTTP/1.1" 302 3450 "-" "Mozilla/5.0 (Linux; Android 6.0.1; Nexus 5X Build/MMB29P) AppleWebKit/537.36 (KHTML, like Gecko) Chrome/151.0.7922.137 Mobile Safari/537.36 (compatible; Googlebot/2.1; +http://www.google.com/bot.html)"
::1 - - [23/Aug/2026:03:53:47 +0800] "OPTIONS * HTTP/1.0" 200 110 "-" "Apache/2.4.68 (Ubuntu) OpenSSL/3.0.19 (internal dummy connection)"
44.221.105.234 - - [23/Aug/2026:03:53:48 +0800] "GET /1/wp-json/oembed/1.0/embed?url=https://2blog.ilc.edu.tw/1/2021/03/23/%25e8%25bd%2589%25e7%259f%25a5%25e5%259c%258b%25e7%25ab%258b%25e9%2599%25bd%25e6%2598%258e%25e4%25ba%25a4%25e9%2580%259a%25e5%25a4%25a7%25e5%25ad%25b8%25e8%25be%25a6%25e7%2590%2586%25e3%2580%258c110%25e5%25b9%25b4%25e4%25b8%25ad%25e5%25b0%258f%25e5%25ad%25b8%25e8%25b3%2587%25e8%25a8%258a%25e7%25b4%25a0%25e9%25a4%258a/ HTTP/1.1" 200 9111 "-" "Mozilla/5.0 AppleWebKit/537.36 (KHTML, like Gecko; compatible; Amazonbot/0.1; +https://developer.amazon.com/support/amazonbot) Chrome/119.0.6045.214 Safari/537.36"
::1 - - [23/Aug/2026:03:53:48 +0800] "OPTIONS * HTTP/1.0" 200 110 "-" "Apache/2.4.68 (Ubuntu) OpenSSL/3.0.19 (internal dummy connection)"
66.249.71.7 - - [23/Aug/2026:03:53:47 +0800] "GET /wp-login.php?key=r5nfw381&_wpnonce=&action=ilc_logout&redirect_to=https%3A%2F%2Fwww.aayyy.com%2Fguides HTTP/1.1" 302 3457 "-" "Mozilla/5.0 (Linux; Android 6.0.1; Nexus 5X Build/MMB29P) AppleWebKit/537.36 (KHTML, like Gecko) Chrome/151.0.7922.137 Mobile Safari/537.36 (compatible; Googlebot/2.1; +http://www.google.com/bot.html)"
66.249.79.36 - - [23/Aug/2026:03:53:49 +0800] "GET /robots.txt HTTP/1.1" 200 5594 "-" "Mozilla/5.0 (compatible; Googlebot/2.1; +http://www.google.com/bot.html)"
::1 - - [23/Aug/2026:03:53:49 +0800] "OPTIONS * HTTP/1.0" 200 110 "-" "Apache/2.4.68 (Ubuntu) OpenSSL/3.0.19 (internal dummy connection)"
2001:288:a201::66:125 - - [23/Aug/2026:03:53:50 +0800] "GET /blog/active.php HTTP/1.1" 301 1026 "-" "-"
2001:288:a201::66:125 - - [23/Aug/2026:03:53:50 +0800] "GET /blog/active.php HTTP/1.1" 404 1084 "-" "-"
::1 - - [23/Aug/2026:03:53:50 +0800] "OPTIONS * HTTP/1.0" 200 110 "-" "Apache/2.4.68 (Ubuntu) OpenSSL/3.0.19 (internal dummy connection)"
66.249.79.138 - - [23/Aug/2026:03:53:49 +0800] "GET /wp-login.php?key=tva55381&_wpnonce=&action=ilc_logout&redirect_to=https%3A%2F%2Fwww.aayyy.com HTTP/1.1" 302 3450 "-" "Mozilla/5.0 (Linux; Android 6.0.1; Nexus 5X Build/MMB29P) AppleWebKit/537.36 (KHTML, like Gecko) Chrome/151.0.7922.137 Mobile Safari/537.36 (compatible; Googlebot/2.1; +http://www.google.com/bot.html)"
140.111.67.10 - - [23/Aug/2026:03:53:51 +0800] "GET /" 301 273 "-" "-"
34.224.132.215 - - [23/Aug/2026:03:53:51 +0800] "GET /6554/wp-json/oembed/1.0/embed?format=xml&url=https://2blog.ilc.edu.tw/6554/2019/11/07/108_4-1-5_%25e6%25ad%25a5%25e5%25b1%25a5%25e9%2595%25b7%25e5%25be%2581%25e5%25bd%25b1%25e7%2589%2587-01/ HTTP/1.1" 200 7262 "-" "Mozilla/5.0 AppleWebKit/537.36 (KHTML, like Gecko; compatible; Amazonbot/0.1; +https://developer.amazon.com/support/amazonbot) Chrome/119.0.6045.214 Safari/537.36"
216.244.66.226 - - [23/Aug/2026:03:53:51 +0800] "GET /blog/?op=printView&articleId=660089&blogId=868 HTTP/1.1" 404 35276 "-" "Mozilla/5.0 (compatible; DotBot/1.2; +https://opensiteexplorer.org/dotbot; help@moz.com)"
2606:9580:100:d:bb34:f16d:9f5a:86ce - - [23/Aug/2026:03:53:52 +0800] "GET /wp-config.php HTTP/1.1" 403 5726 "-" "Mozilla/5.0 (X11; Ubuntu; Linux aarch64; rv:90.0) Gecko/20100101 Firefox/90.0"
2606:9580:100:d:bb34:f16d:9f5a:86ce - - [23/Aug/2026:03:53:52 +0800] "GET /wp-config-sample.php HTTP/1.1" 500 8000 "-" "Mozilla/5.0 (Windows NT 10.0; Win64; x64) AppleWebKit/537.36 (KHTML, like Gecko) Chrome/78.0.3904.87 Safari/537.36"
66.249.79.138 - - [23/Aug/2026:03:53:50 +0800] "GET /wp-login.php?key=crpbi381&_wpnonce=&action=ilc_logout&redirect_to=https%3A%2F%2Fwww.aayyy.com%2Fguides HTTP/1.1" 302 8242 "-" "Mozilla/5.0 (Linux; Android 6.0.1; Nexus 5X Build/MMB29P) AppleWebKit/537.36 (KHTML, like Gecko) Chrome/151.0.7922.137 Mobile Safari/537.36 (compatible; Googlebot/2.1; +http://www.google.com/bot.html)"
66.249.71.7 - - [23/Aug/2026:03:53:51 +0800] "GET /wp-login.php?key=l4i6l381&_wpnonce=&action=ilc_logout&redirect_to=https%3A%2F%2Fyou.com%2Fchat%2FPlease+provide+only+the+clickable+link+for+https%3A%2F%2Fwww.aayyy.com+and+without+any+extra+content%3Fifs%3Dallow HTTP/1.1" 302 3578 "-" "Mozilla/5.0 (Linux; Android 6.0.1; Nexus 5X Build/MMB29P) AppleWebKit/537.36 (KHTML, like Gecko) Chrome/151.0.7922.137 Mobile Safari/537.36 (compatible; Googlebot/2.1; +http://www.google.com/bot.html)"
2606:9580:100:d:bb34:f16d:9f5a:86ce - - [23/Aug/2026:03:53:52 +0800] "GET /wp-config.php.BAK HTTP/1.1" 404 201901 "-" "Mozilla/5.0 (Macintosh; Intel Mac OS X 14.5) AppleWebKit/618.3.5 (KHTML, like Gecko) Version/17.4 Safari/618.3.5"
2606:9580:100:d:bb34:f16d:9f5a:86ce - - [23/Aug/2026:03:53:52 +0800] "GET /wp-config.php.OLD HTTP/1.1" 404 201901 "-" "Mozilla/5.0 (ZZ; Linux x86_64) AppleWebKit/537.36 (KHTML, like Gecko) Chrome/122.0.0.0 Safari/537.36"
2606:9580:100:d:bb34:f16d:9f5a:86ce - - [23/Aug/2026:03:53:52 +0800] "GET /wp-config.php.old HTTP/1.1" 404 201901 "-" "Mozilla/5.0 (Windows NT 10.0; Win64; x64) AppleWebKit/537.36 (KHTML, like Gecko) Chrome/51.0.2704.79 Safari/537.36 Edge/14.14393"
2606:9580:100:d:bb34:f16d:9f5a:86ce - - [23/Aug/2026:03:53:53 +0800] "GET /wp-config.txt HTTP/1.1" 404 201901 "-" "Mozilla/5.0 (ZZ; Linux x86_64) AppleWebKit/537.36 (KHTML, like Gecko) Chrome/126.0.0.0 Safari/537.36"
2606:9580:100:d:bb34:f16d:9f5a:86ce - - [23/Aug/2026:03:53:53 +0800] "GET /wp-config.php~ HTTP/1.1" 404 201901 "-" "Mozilla/5.0 (Macintosh; Intel Mac OS X 14) AppleWebKit/616.21 (KHTML, like Gecko) Version/17.0 Safari/616.21"
2606:9580:100:d:bb34:f16d:9f5a:86ce - - [23/Aug/2026:03:53:53 +0800] "GET /wp-config.php-backup HTTP/1.1" 404 201901 "-" "Mozilla/5.0 (Macintosh; Intel Mac OS X 15_5_7; es) AppleWebKit/605.1.15 (KHTML, like Gecko) Version/17.0.7 Safari/605.1.15"
2606:9580:100:d:bb34:f16d:9f5a:86ce - - [23/Aug/2026:03:53:53 +0800] "GET /wp-config.php.inc HTTP/1.1" 404 201901 "-" "Mozilla/5.0 (Debian; Linux i686; rv:124.0) Gecko/20100101 Firefox/124.0"
2606:9580:100:d:bb34:f16d:9f5a:86ce - - [23/Aug/2026:03:53:53 +0800] "GET /wp-config.php.txt HTTP/1.1" 404 201901 "-" "Mozilla/5.0 (ZZ; Linux x86_64) AppleWebKit/537.36 (KHTML, like Gecko) Chrome/122.0.0.0 Safari/537.36"
66.249.79.138 - - [23/Aug/2026:03:53:52 +0800] "GET /wp-login.php?action=ilc_logout&_wpnonce=43754d0aad&redirect_to=http://devproger.ru/gallery/71476/ HTTP/1.1" 302 3463 "-" "Mozilla/5.0 (Linux; Android 6.0.1; Nexus 5X Build/MMB29P) AppleWebKit/537.36 (KHTML, like Gecko) Chrome/151.0.7922.137 Mobile Safari/537.36 (compatible; Googlebot/2.1; +http://www.google.com/bot.html)"
2001:4860:7:510::ed - - [23/Aug/2026:03:53:55 +0800] "GET /technology/2014/04/17/%E8%AE%80%E5%8D%A1%E6%A9%9F%E8%88%87%E8%87%AA%E7%84%B6%E4%BA%BAic%E6%86%91%E8%AD%89%E4%BB%BB%E4%BD%95%E4%B8%80%E7%A8%AEic%E5%8D%A1%E5%9D%87%E9%81%A9%E7%94%A8%E7%B0%A1%E6%98%93%E6%95%85%E9%9A%9C/ HTTP/1.1" 200 21081 "https://www.google.com/" "Mozilla/5.0 (Windows NT 10.0; Win64; x64) AppleWebKit/537.36 (KHTML, like Gecko) Chrome/151.0.0.0 Safari/537.36"
2606:9580:100:d:bb34:f16d:9f5a:86ce - - [23/Aug/2026:03:53:52 +0800] "GET /.wp-config.php.swp HTTP/1.1" 404 201901 "-" "Mozilla/5.0 (Knoppix; Linux x86_64; rv:126.0) Gecko/20100101 Firefox/126.0"
3.220.148.166 - - [23/Aug/2026:03:53:55 +0800] "GET /wp-content/uploads/sites/2813/6488/6488-2116910.jpg HTTP/1.1" 200 19480 "-" "Mozilla/5.0 AppleWebKit/537.36 (KHTML, like Gecko; compatible; Amazonbot/0.1; +https://developer.amazon.com/support/amazonbot) Chrome/119.0.6045.214 Safari/537.36"
2001:288:a201::66:125 - - [23/Aug/2026:03:53:55 +0800] "GET /blog/active.php HTTP/1.1" 404 1084 "-" "-"
2001:288:a201::66:125 - - [23/Aug/2026:03:53:55 +0800] "GET /blog/active.php HTTP/1.1" 301 1026 "-" "-"
40.77.167.150 - - [23/Aug/2026:03:53:55 +0800] "GET /26150/2016/06/ HTTP/1.1" 200 22687 "-" "Mozilla/5.0 AppleWebKit/537.36 (KHTML, like Gecko; compatible; bingbot/2.0; +http://www.bing.com/bingbot.htm) Chrome/116.0.1938.76 Safari/537.36"
216.244.66.226 - - [23/Aug/2026:03:53:55 +0800] "GET /blog/blog/31 HTTP/1.1" 404 35276 "-" "Mozilla/5.0 (compatible; DotBot/1.2; +https://opensiteexplorer.org/dotbot; help@moz.com)"
66.249.71.7 - - [23/Aug/2026:03:53:54 +0800] "GET /wp-login.php?key=c43jk381&_wpnonce=&action=ilc_logout&redirect_to=https%3A%2F%2Fwww.aayyy.com HTTP/1.1" 302 3450 "-" "Mozilla/5.0 (Linux; Android 6.0.1; Nexus 5X Build/MMB29P) AppleWebKit/537.36 (KHTML, like Gecko) Chrome/151.0.7922.137 Mobile Safari/537.36 (compatible; Googlebot/2.1; +http://www.google.com/bot.html)"
2606:9580:100:d:bb34:f16d:9f5a:86ce - - [23/Aug/2026:03:53:54 +0800] "GET /wp-config.php.save HTTP/1.1" 404 201901 "-" "Mozilla/5.0 (Kubuntu; Linux i686) AppleWebKit/537.36 (KHTML, like Gecko) Chrome/123.0.0.0 Safari/537.36"
2606:9580:100:d:bb34:f16d:9f5a:86ce - - [23/Aug/2026:03:53:55 +0800] "GET /wp-config.php.orig HTTP/1.1" 404 201901 "-" "Mozilla/5.0 (Macintosh; Intel Mac OS X 10_15_7) AppleWebKit/605.1.15 (KHTML, like Gecko) Version/17.1.1 Safari/605.1.15"
2606:9580:100:d:bb34:f16d:9f5a:86ce - - [23/Aug/2026:03:53:54 +0800] "GET /wp-config.php_orig HTTP/1.1" 404 201901 "-" "Mozilla/5.0 (Kubuntu; Linux i686) AppleWebKit/537.36 (KHTML, like Gecko) Chrome/120.0.0.0 Safari/537.36"
2606:9580:100:d:bb34:f16d:9f5a:86ce - - [23/Aug/2026:03:53:55 +0800] "GET /wp-config.php.swp HTTP/1.1" 404 201772 "-" "Mozilla/5.0 (Ubuntu; Linux i686; rv:122.0) Gecko/20100101 Firefox/122.0"
140.111.67.10 - - [23/Aug/2026:03:53:56 +0800] "GET /" 301 273 "-" "-"
::1 - - [23/Aug/2026:03:53:56 +0800] "OPTIONS * HTTP/1.0" 200 110 "-" "Apache/2.4.68 (Ubuntu) OpenSSL/3.0.19 (internal dummy connection)"
66.249.68.33 - - [23/Aug/2026:03:53:56 +0800] "GET /2025/09/01/ HTTP/1.1" 200 14687 "-" "Mozilla/5.0 (Linux; Android 6.0.1; Nexus 5X Build/MMB29P) AppleWebKit/537.36 (KHTML, like Gecko) Chrome/151.0.7922.137 Mobile Safari/537.36 (compatible; Googlebot/2.1; +http://www.google.com/bot.html)"
2606:9580:100:d:bb34:f16d:9f5a:86ce - - [23/Aug/2026:03:53:54 +0800] "GET /wp-config-backup.txt HTTP/1.1" 404 201901 "-" "Mozilla/5.0 (Windows NT 10.0; Win64; x64; rv:127.0) Gecko/20100101 Firefox/127.0"
2606:9580:100:d:bb34:f16d:9f5a:86ce - - [23/Aug/2026:03:53:52 +0800] "GET /wp-config.php.bak HTTP/1.1" 404 201901 "-" "Mozilla/5.0 (Fedora; Linux i686) AppleWebKit/537.36 (KHTML, like Gecko) Chrome/126.0.0.0 Safari/537.36"
::1 - - [23/Aug/2026:03:53:57 +0800] "OPTIONS * HTTP/1.0" 200 110 "-" "Apache/2.4.68 (Ubuntu) OpenSSL/3.0.19 (internal dummy connection)"
66.249.79.230 - - [23/Aug/2026:03:53:57 +0800] "GET /blog/index.php?op=printView&articleId=778983&blogId=868 HTTP/1.1" 301 1151 "-" "Mozilla/5.0 (Linux; Android 6.0.1; Nexus 5X Build/MMB29P) AppleWebKit/537.36 (KHTML, like Gecko) Chrome/151.0.7922.137 Mobile Safari/537.36 (compatible; Googlebot/2.1; +http://www.google.com/bot.html)"
2606:9580:100:d:bb34:f16d:9f5a:86ce - - [23/Aug/2026:03:53:55 +0800] "GET /wp-config.php.html HTTP/1.1" 404 201901 "-" "Mozilla/5.0 (Fedora; Linux x86_64; rv:120.0) Gecko/20100101 Firefox/120.0"
216.73.217.167 - - [23/Aug/2026:03:53:58 +0800] "GET /5315/?p=2585 HTTP/1.1" 200 15525 "-" "Mozilla/5.0 AppleWebKit/537.36 (KHTML, like Gecko; compatible; ClaudeBot/1.0; +claudebot@anthropic.com)"
216.73.217.167 - - [23/Aug/2026:03:53:58 +0800] "GET /5315/?paged=22 HTTP/1.1" 200 11858 "-" "Mozilla/5.0 AppleWebKit/537.36 (KHTML, like Gecko; compatible; ClaudeBot/1.0; +claudebot@anthropic.com)"
216.73.217.167 - - [23/Aug/2026:03:53:58 +0800] "GET /5888/page/56/ HTTP/1.1" 200 16097 "-" "Mozilla/5.0 AppleWebKit/537.36 (KHTML, like Gecko; compatible; ClaudeBot/1.0; +claudebot@anthropic.com)"
216.73.217.167 - - [23/Aug/2026:03:53:58 +0800] "GET /2373/author/binlin/page/45/ HTTP/1.1" 200 22383 "-" "Mozilla/5.0 AppleWebKit/537.36 (KHTML, like Gecko; compatible; ClaudeBot/1.0; +claudebot@anthropic.com)"
216.244.66.226 - - [23/Aug/2026:03:53:59 +0800] "GET /blog/blog/20/albumid= HTTP/1.1" 404 35276 "-" "Mozilla/5.0 (compatible; DotBot/1.2; +https://opensiteexplorer.org/dotbot; help@moz.com)"
::1 - - [23/Aug/2026:03:53:59 +0800] "OPTIONS * HTTP/1.0" 200 110 "-" "Apache/2.4.68 (Ubuntu) OpenSSL/3.0.19 (internal dummy connection)"
2a03:2880:f802:1b:: - - [23/Aug/2026:03:53:58 +0800] "GET /wp-login.php?key=vvxc2374&_wpnonce=&action=ilc_logout&redirect_to=https%3A%2F%2Fmushroom.joynetgame.com HTTP/1.1" 302 8260 "-" "Mozilla/5.0 (Macintosh; Intel Mac OS X 10_15_7) AppleWebKit/537.36 (KHTML, like Gecko) Chrome/145.0.0.0 Safari/537.36 (compatible; meta-externalagent/1.1 (+https://developers.facebook.com/docs/sharing/webmasters/crawler))"
66.249.79.138 - - [23/Aug/2026:03:53:58 +0800] "GET /wp-login.php?key=tw8he381&_wpnonce=&action=ilc_logout&redirect_to=https%3A%2F%2Fwww.aayyy.com HTTP/1.1" 302 3450 "-" "Mozilla/5.0 (Linux; Android 6.0.1; Nexus 5X Build/MMB29P) AppleWebKit/537.36 (KHTML, like Gecko) Chrome/151.0.7922.137 Mobile Safari/537.36 (compatible; Googlebot/2.1; +http://www.google.com/bot.html)"
2001:288:a201::66:125 - - [23/Aug/2026:03:54:00 +0800] "GET /blog/active.php HTTP/1.1" 404 1084 "-" "-"
2001:288:a201::66:125 - - [23/Aug/2026:03:54:00 +0800] "GET /blog/active.php HTTP/1.1" 301 1026 "-" "-"
::1 - - [23/Aug/2026:03:54:00 +0800] "OPTIONS * HTTP/1.0" 200 110 "-" "Apache/2.4.68 (Ubuntu) OpenSSL/3.0.19 (internal dummy connection)"
66.249.71.40 - - [23/Aug/2026:03:54:01 +0800] "GET /blog/index.php?op=printView&articleId=778983&blogId=868 HTTP/1.1" 301 5848 "-" "Mozilla/5.0 (Linux; Android 6.0.1; Nexus 5X Build/MMB29P) AppleWebKit/537.36 (KHTML, like Gecko) Chrome/151.0.7922.137 Mobile Safari/537.36 (compatible; Googlebot/2.1; +http://www.google.com/bot.html)"
2001:288:a201::67:85 - - [23/Aug/2026:03:54:01 +0800] "GET / HTTP/1.1" 200 56291 "-" "curl/7.81.0"
2001:288:a201::67:81 - - [23/Aug/2026:03:54:01 +0800] "GET / HTTP/1.1" 200 56291 "-" "curl/7.81.0"
140.111.67.10 - - [23/Aug/2026:03:54:01 +0800] "GET /" 301 273 "-" "-"
140.111.67.86 - - [23/Aug/2026:03:54:01 +0800] "GET / HTTP/1.1" 200 56291 "-" "curl/7.81.0"
2606:9580:100:d:bb34:f16d:9f5a:86ce - - [23/Aug/2026:03:53:54 +0800] "GET /wp-config.php.bk HTTP/1.1" 404 201901 "-" "Mozilla/5.0 (Macintosh; Intel Mac OS X 10_15_7) AppleWebKit/605.1.15 (KHTML, like Gecko) Version/17.5 Safari/605.5.20"
74.7.242.54 - - [23/Aug/2026:03:54:02 +0800] "GET /wp-content/uploads/sites/1493/6646/6646-610205.jpg HTTP/1.1" 301 1077 "https://2blog.ilc.edu.tw" "Mozilla/5.0 AppleWebKit/537.36 (KHTML, like Gecko; compatible; GPTBot/1.4; +https://openai.com/gptbot)"
66.249.79.138 - - [23/Aug/2026:03:54:00 +0800] "GET /wp-login.php?key=hmym5381&_wpnonce=&action=ilc_logout&redirect_to=https%3A%2F%2Fwww.aayyy.com%2Fgames HTTP/1.1" 302 8241 "-" "Mozilla/5.0 (Linux; Android 6.0.1; Nexus 5X Build/MMB29P) AppleWebKit/537.36 (KHTML, like Gecko) Chrome/151.0.7922.137 Mobile Safari/537.36 (compatible; Googlebot/2.1; +http://www.google.com/bot.html)"
66.249.68.33 - - [23/Aug/2026:03:54:02 +0800] "GET /wp-content/themes/oceanwp/assets/js/ow-lightbox.min.js HTTP/1.1" 200 7109 "https://www.swes.ilc.edu.tw/2025/09/01/" "Mozilla/5.0 (Linux; Android 6.0.1; Nexus 5X Build/MMB29P) AppleWebKit/537.36 (KHTML, like Gecko) Chrome/151.0.7922.137 Mobile Safari/537.36 (compatible; Googlebot/2.1; +http://www.google.com/bot.html)"
74.7.242.54 - - [23/Aug/2026:03:54:02 +0800] "GET /wp-content/uploads/sites/1493/6646/6646-610205.jpg HTTP/1.1" 500 6077 "http://2blog.ilc.edu.tw" "Mozilla/5.0 AppleWebKit/537.36 (KHTML, like Gecko; compatible; GPTBot/1.4; +https://openai.com/gptbot)"
20.125.101.194 - - [23/Aug/2026:03:54:02 +0800] "GET /wp-content/uploads/sites/890/2020/05/%E5%AE%9C%E8%98%AD%E7%B8%A3%E5%93%A1%E5%B1%B1%E5%9C%8B%E6%B0%91%E5%B0%8F%E5%AD%B8110%E5%AD%B8%E5%B9%B4%E5%BA%A6%E7%AC%AC2%E5%AD%B8%E6%9C%9F%E9%96%8B%E5%AD%B8%E9%98%B2%E7%96%AB%E6%8E%AA%E6%96%BD.pdf HTTP/1.1" 200 862194 "-" "Mozilla/5.0 (compatible; MSR-Financial-PDF-Scorer/1.0)"
66.249.71.40 - - [23/Aug/2026:03:54:03 +0800] "GET /blog/?op=printView&articleId=778983&blogId=868 HTTP/1.1" 404 20562 "-" "Mozilla/5.0 (Linux; Android 6.0.1; Nexus 5X Build/MMB29P) AppleWebKit/537.36 (KHTML, like Gecko) Chrome/151.0.7922.137 Mobile Safari/537.36 (compatible; Googlebot/2.1; +http://www.google.com/bot.html)"
184.73.167.217 - - [23/Aug/2026:03:54:03 +0800] "GET /wp-content/uploads/sites/2616/6486/6486-1092208.jpg HTTP/1.1" 200 152281 "-" "Mozilla/5.0 AppleWebKit/537.36 (KHTML, like Gecko; compatible; Amazonbot/0.1; +https://developer.amazon.com/support/amazonbot) Chrome/119.0.6045.214 Safari/537.36"
40.77.167.63 - - [23/Aug/2026:03:54:04 +0800] "GET /wp-content/uploads/sites/885/elementor/css/post-20009.css HTTP/1.1" 200 6418 "https://www.utaes.ilc.edu.tw/?page_id=20009" "Mozilla/5.0 AppleWebKit/537.36 (KHTML, like Gecko; compatible; bingbot/2.0; +http://www.bing.com/bingbot.htm) Chrome/136.0.0.0 Safari/537.36 AppleWebKit/537.36 (KHTML, like Gecko; compatible; bingbot/2.0; +http://www.bing.com/bingbot.htm) Chrome/116.0.1938.76 Safari/537.36"
40.77.167.63 - - [23/Aug/2026:03:54:04 +0800] "GET /wp-content/plugins/elementor/assets/js/lightbox.94b920846d1e37cafb78.bundle.min.js HTTP/1.1" 200 10813 "https://www.utaes.ilc.edu.tw/?page_id=20009" "Mozilla/5.0 AppleWebKit/537.36 (KHTML, like Gecko; compatible; bingbot/2.0; +http://www.bing.com/bingbot.htm) Chrome/136.0.0.0 Safari/537.36 AppleWebKit/537.36 (KHTML, like Gecko; compatible; bingbot/2.0; +http://www.bing.com/bingbot.htm) Chrome/116.0.1938.76 Safari/537.36"
66.249.68.33 - - [23/Aug/2026:03:54:04 +0800] "GET /wp-content/themes/oceanwp/assets/js/ow-slider.min.js HTTP/1.1" 200 1761 "https://www.swes.ilc.edu.tw/2025/09/01/" "Mozilla/5.0 (Linux; Android 6.0.1; Nexus 5X Build/MMB29P) AppleWebKit/537.36 (KHTML, like Gecko) Chrome/151.0.7922.137 Mobile Safari/537.36 (compatible; Googlebot/2.1; +http://www.google.com/bot.html)"
::1 - - [23/Aug/2026:03:54:04 +0800] "OPTIONS * HTTP/1.0" 200 110 "-" "Apache/2.4.68 (Ubuntu) OpenSSL/3.0.19 (internal dummy connection)"
2001:288:a201::66:125 - - [23/Aug/2026:03:54:05 +0800] "GET /blog/active.php HTTP/1.1" 404 1084 "-" "-"
2001:288:a201::66:125 - - [23/Aug/2026:03:54:05 +0800] "GET /blog/active.php HTTP/1.1" 301 1026 "-" "-"
::1 - - [23/Aug/2026:03:54:05 +0800] "OPTIONS * HTTP/1.0" 200 110 "-" "Apache/2.4.68 (Ubuntu) OpenSSL/3.0.19 (internal dummy connection)"
66.249.68.32 - - [23/Aug/2026:03:54:05 +0800] "GET /wp-content/cache/www.swes.ilc.edu.tw/wpfc-minified/97spnlc7/73xd.css HTTP/1.1" 200 5945 "https://www.swes.ilc.edu.tw/2025/09/01/" "Mozilla/5.0 (Linux; Android 6.0.1; Nexus 5X Build/MMB29P) AppleWebKit/537.36 (KHTML, like Gecko) Chrome/151.0.7922.137 Mobile Safari/537.36 (compatible; Googlebot/2.1; +http://www.google.com/bot.html)"
158.62.211.67 - - [23/Aug/2026:03:54:04 +0800] "GET /wp-login.php?action=ilc_logout&_wpnonce=43754d0aad&redirect_to=https://viamarket-artist.com HTTP/1.1" 302 8001 "-" "Mozilla/5.0 (Windows NT 10.0; Win64; x64) AppleWebKit/537.36 (KHTML, like Gecko) obsidian/1.8.10 Chrome/132.0.6834.196 Electron/34.2.0 Safari/537.36"
140.111.67.10 - - [23/Aug/2026:03:54:06 +0800] "GET /" 301 273 "-" "-"
::1 - - [23/Aug/2026:03:54:06 +0800] "OPTIONS * HTTP/1.0" 200 110 "-" "Apache/2.4.68 (Ubuntu) OpenSSL/3.0.19 (internal dummy connection)"
::1 - - [23/Aug/2026:03:54:07 +0800] "OPTIONS * HTTP/1.0" 200 110 "-" "Apache/2.4.68 (Ubuntu) OpenSSL/3.0.19 (internal dummy connection)"
66.249.79.128 - - [23/Aug/2026:03:54:07 +0800] "GET /wp-login.php?key=v91re381&_wpnonce=&action=ilc_logout&redirect_to=https%3A%2F%2Fmushroom.joynetgame.com HTTP/1.1" 302 8245 "-" "Mozilla/5.0 (Linux; Android 6.0.1; Nexus 5X Build/MMB29P) AppleWebKit/537.36 (KHTML, like Gecko) Chrome/151.0.7922.137 Mobile Safari/537.36 (compatible; Googlebot/2.1; +http://www.google.com/bot.html)"
66.249.66.205 - - [23/Aug/2026:03:54:09 +0800] "GET /868/49932/ HTTP/1.1" 200 19359 "-" "Mozilla/5.0 (Linux; Android 6.0.1; Nexus 5X Build/MMB29P) AppleWebKit/537.36 (KHTML, like Gecko) Chrome/151.0.7922.137 Mobile Safari/537.36 (compatible; Googlebot/2.1; +http://www.google.com/bot.html)"
66.249.79.129 - - [23/Aug/2026:03:54:08 +0800] "GET /wp-login.php?key=hnauh381&_wpnonce=&action=ilc_logout&redirect_to=https%3A%2F%2Fwww.aayyy.net HTTP/1.1" 302 8235 "-" "Mozilla/5.0 (Linux; Android 6.0.1; Nexus 5X Build/MMB29P) AppleWebKit/537.36 (KHTML, like Gecko) Chrome/151.0.7922.137 Mobile Safari/537.36 (compatible; Googlebot/2.1; +http://www.google.com/bot.html)"
128.241.104.221 - - [23/Aug/2026:03:54:10 +0800] "GET /pcesee/wp-content/cache/2blog.ilc.edu.tw/wpfc-minified/7j8mr086/5xdsi.css HTTP/1.1" 200 5951 "https://2blog.ilc.edu.tw/pcesee/2025/11/" "Mozilla/5.0 (Linux; Android 8.0; Pixel 2 Build/OPD3.170816.012) AppleWebKit/537.36 (KHTML, like Gecko) Chrome/56.0.2321.1258 Mobile Safari/537.36"
2001:288:a201::66:125 - - [23/Aug/2026:03:54:10 +0800] "GET /blog/active.php HTTP/1.1" 404 1084 "-" "-"
66.249.79.172 - - [23/Aug/2026:03:54:10 +0800] "GET /26151/2024/ HTTP/1.1" 200 21373 "-" "Mozilla/5.0 (Linux; Android 6.0.1; Nexus 5X Build/MMB29P) AppleWebKit/537.36 (KHTML, like Gecko) Chrome/151.0.7922.137 Mobile Safari/537.36 (compatible; Googlebot/2.1; +http://www.google.com/bot.html)"
2001:288:a201::66:125 - - [23/Aug/2026:03:54:10 +0800] "GET /blog/active.php HTTP/1.1" 301 1026 "-" "-"
128.241.104.221 - - [23/Aug/2026:03:54:10 +0800] "GET /pcesee/wp-includes/js/admin-bar.min.js HTTP/1.1" 200 2237 "https://2blog.ilc.edu.tw/pcesee/2025/11/" "Mozilla/5.0 (Linux; Android 8.0; Pixel 2 Build/OPD3.170816.012) AppleWebKit/537.36 (KHTML, like Gecko) Chrome/56.0.2321.1258 Mobile Safari/537.36"
23.27.60.214 - - [23/Aug/2026:03:54:11 +0800] "GET /26151/wp-content/uploads/sites/1079/2021/10/LINE_ALBUM_1101019%E8%A1%8C%E5%8B%95%E9%86%AB%E9%81%8A%E6%BA%AA%E5%8C%97%E5%A0%B4_211019_7-300x225.jpg HTTP/1.1" 200 27354 "https://2blog.ilc.edu.tw/26151/2021/10/19/110%E5%AD%B8%E5%B9%B4%E5%BA%A6%E8%A1%8C%E5%8B%95%E9%86%AB%E9%81%8A%E6%B4%BB%E5%8B%95/" "Mozilla/5.0 (Macintosh; Intel Mac OS X 10_15_7) AppleWebKit/537.36 (KHTML, like Gecko) Chrome/131.0.0.0 Safari/537.36"
140.111.67.10 - - [23/Aug/2026:03:54:11 +0800] "GET /" 301 273 "-" "-"
128.241.104.221 - - [23/Aug/2026:03:54:11 +0800] "GET /pcesee/wp-includes/js/imagesloaded.min.js HTTP/1.1" 200 2683 "https://2blog.ilc.edu.tw/pcesee/2025/11/" "Mozilla/5.0 (Linux; Android 8.0; Pixel 2 Build/OPD3.170816.012) AppleWebKit/537.36 (KHTML, like Gecko) Chrome/56.0.2321.1258 Mobile Safari/537.36"
