2409:8c28:90a0:3::131 - - [23/Aug/2026:03:54:58 +0800] "GET /wp-content/plugins/elementor-pro/assets/js/carousel.9b02b45d7826c1c48f33.bundle.min.js HTTP/1.1" 200 2576 "https://www.utaes.ilc.edu.tw/?paged=14" "Mozilla/5.0 (Windows NT 10.0; Win64; x64) AppleWebKit/537.36 (KHTML, like Gecko) Chrome/144.0.0.0 Safari/537.36"
2409:8c28:90a0:3::131 - - [23/Aug/2026:03:54:58 +0800] "GET /wp-content/plugins/elementor-pro/assets/js/social.2d2e44e8608690943f29.bundle.min.js HTTP/1.1" 200 1433 "https://www.utaes.ilc.edu.tw/?paged=14" "Mozilla/5.0 (Windows NT 10.0; Win64; x64) AppleWebKit/537.36 (KHTML, like Gecko) Chrome/144.0.0.0 Safari/537.36"
216.244.66.226 - - [23/Aug/2026:03:54:58 +0800] "GET /blog/blog/3860/post/18855/409297 HTTP/1.1" 404 35276 "-" "Mozilla/5.0 (compatible; DotBot/1.2; +https://opensiteexplorer.org/dotbot; help@moz.com)"
2409:8c28:90a0:3::131 - - [23/Aug/2026:03:54:58 +0800] "GET /wp-content/plugins/elementor/assets/lib/swiper/v8/swiper.min.js?ver=8.4.5 HTTP/1.1" 200 40708 "https://www.utaes.ilc.edu.tw/?paged=14" "Mozilla/5.0 (Windows NT 10.0; Win64; x64) AppleWebKit/537.36 (KHTML, like Gecko) Chrome/144.0.0.0 Safari/537.36"
66.249.71.8 - - [23/Aug/2026:03:54:57 +0800] "GET /wp-login.php?key=wx164381&_wpnonce=&action=ilc_logout&redirect_to=https%3A%2F%2Fmushroom.joynetgame.com HTTP/1.1" 302 8245 "-" "Mozilla/5.0 (Linux; Android 6.0.1; Nexus 5X Build/MMB29P) AppleWebKit/537.36 (KHTML, like Gecko) Chrome/151.0.7922.137 Mobile Safari/537.36 (compatible; Googlebot/2.1; +http://www.google.com/bot.html)"
2001:288:a201::66:125 - - [23/Aug/2026:03:55:00 +0800] "GET /blog/active.php HTTP/1.1" 301 1026 "-" "-"
66.249.71.7 - - [23/Aug/2026:03:54:58 +0800] "GET /wp-login.php?key=tbb9u381&_wpnonce=&action=ilc_logout&redirect_to=https%3A%2F%2Fwww.aayyy.net HTTP/1.1" 302 8235 "-" "Mozilla/5.0 (Linux; Android 6.0.1; Nexus 5X Build/MMB29P) AppleWebKit/537.36 (KHTML, like Gecko) Chrome/151.0.7922.137 Mobile Safari/537.36 (compatible; Googlebot/2.1; +http://www.google.com/bot.html)"
2001:288:a201::66:125 - - [23/Aug/2026:03:55:00 +0800] "GET /blog/active.php HTTP/1.1" 404 1084 "-" "-"
140.111.67.10 - - [23/Aug/2026:03:55:01 +0800] "GET /" 301 273 "-" "-"
2001:288:a000:192:250:56ff:feae:a27e - - [23/Aug/2026:03:55:02 +0800] "HEAD / HTTP/1.1" 200 5485 "-" "Mozilla/5.0 (compatible; phpservermon/3.5.2; +https://github.com/phpservermon/phpservermon)"
::1 - - [23/Aug/2026:03:55:03 +0800] "OPTIONS * HTTP/1.0" 200 110 "-" "Apache/2.4.68 (Ubuntu) OpenSSL/3.0.19 (internal dummy connection)"
74.7.242.54 - - [23/Aug/2026:03:55:04 +0800] "GET /wp-content/uploads/sites/1493/6646/6646-610185.jpg HTTP/1.1" 301 1077 "https://2blog.ilc.edu.tw" "Mozilla/5.0 AppleWebKit/537.36 (KHTML, like Gecko; compatible; GPTBot/1.4; +https://openai.com/gptbot)"
50.17.193.48 - - [23/Aug/2026:03:55:04 +0800] "GET /6543/wp-json/wp/v2/posts/13213 HTTP/1.1" 200 9415 "-" "Mozilla/5.0 AppleWebKit/537.36 (KHTML, like Gecko; compatible; Amazonbot/0.1; +https://developer.amazon.com/support/amazonbot) Chrome/119.0.6045.214 Safari/537.36"
74.7.242.54 - - [23/Aug/2026:03:55:04 +0800] "GET /wp-content/uploads/sites/1493/6646/6646-610185.jpg HTTP/1.1" 500 6077 "http://2blog.ilc.edu.tw" "Mozilla/5.0 AppleWebKit/537.36 (KHTML, like Gecko; compatible; GPTBot/1.4; +https://openai.com/gptbot)"
2001:288:a201::66:125 - - [23/Aug/2026:03:55:05 +0800] "GET /blog/active.php HTTP/1.1" 301 1026 "-" "-"
2001:288:a201::66:125 - - [23/Aug/2026:03:55:05 +0800] "GET /blog/active.php HTTP/1.1" 404 5511 "-" "-"
::1 - - [23/Aug/2026:03:55:05 +0800] "OPTIONS * HTTP/1.0" 200 110 "-" "Apache/2.4.68 (Ubuntu) OpenSSL/3.0.19 (internal dummy connection)"
2a03:2880:f802:a:: - - [23/Aug/2026:03:55:03 +0800] "GET /wp-login.php?key=nygp5374&_wpnonce=&action=ilc_logout&redirect_to=https%3A%2F%2Fgame.edu.kg HTTP/1.1" 302 8248 "-" "Mozilla/5.0 (Macintosh; Intel Mac OS X 10_15_7) AppleWebKit/537.36 (KHTML, like Gecko) Chrome/145.0.0.0 Safari/537.36 (compatible; meta-externalagent/1.1 (+https://developers.facebook.com/docs/sharing/webmasters/crawler))"
140.111.67.10 - - [23/Aug/2026:03:55:06 +0800] "GET /" 301 273 "-" "-"
18.213.240.226 - - [23/Aug/2026:03:55:06 +0800] "GET /kkes101/wp-json/wp/v2/posts/%22https:/2blog.ilc.edu.tw/kkes101/wp-content/uploads/sites/2886/2021/10/DSC_0834-300x225.jpg/%22 HTTP/1.1" 404 6134 "-" "Mozilla/5.0 AppleWebKit/537.36 (KHTML, like Gecko; compatible; Amazonbot/0.1; +https://developer.amazon.com/support/amazonbot) Chrome/119.0.6045.214 Safari/537.36"
::1 - - [23/Aug/2026:03:55:06 +0800] "OPTIONS * HTTP/1.0" 200 110 "-" "Apache/2.4.68 (Ubuntu) OpenSSL/3.0.19 (internal dummy connection)"
66.249.79.138 - - [23/Aug/2026:03:55:04 +0800] "GET /wp-login.php?action=ilc_logout&_wpnonce=43754d0aad&redirect_to=//ira-konda.ru/job/67230/ HTTP/1.1" 302 8239 "-" "Mozilla/5.0 (Linux; Android 6.0.1; Nexus 5X Build/MMB29P) AppleWebKit/537.36 (KHTML, like Gecko) Chrome/151.0.7922.137 Mobile Safari/537.36 (compatible; Googlebot/2.1; +http://www.google.com/bot.html)"
::1 - - [23/Aug/2026:03:55:07 +0800] "OPTIONS * HTTP/1.0" 200 110 "-" "Apache/2.4.68 (Ubuntu) OpenSSL/3.0.19 (internal dummy connection)"
52.200.54.136 - - [23/Aug/2026:03:55:09 +0800] "GET /41795/?p=886 HTTP/1.1" 301 5868 "-" "Mozilla/5.0 AppleWebKit/537.36 (KHTML, like Gecko; compatible; Amazonbot/0.1; +https://developer.amazon.com/support/amazonbot) Chrome/119.0.6045.214 Safari/537.36"
66.249.71.6 - - [23/Aug/2026:03:55:07 +0800] "GET /wp-login.php?action=ilc_logout&_wpnonce=43754d0aad&redirect_to=http://dvsango.ru/join/49642/ HTTP/1.1" 302 3436 "-" "Mozilla/5.0 (compatible; Googlebot/2.1; +http://www.google.com/bot.html)"
9.142.191.217 - - [23/Aug/2026:03:55:10 +0800] "GET /2373/wp-content/uploads/sites/1282/2023/11/20231107_081620-300x225.jpg HTTP/1.1" 200 23829 "-" "Mozilla/5.0 (compatible; crawler)"
2001:288:a201::66:125 - - [23/Aug/2026:03:55:10 +0800] "GET /blog/active.php HTTP/1.1" 404 1084 "-" "-"
2001:288:a201::66:125 - - [23/Aug/2026:03:55:10 +0800] "GET /blog/active.php HTTP/1.1" 301 1026 "-" "-"
2402:7500:a58:7acc::c533:2901 - - [23/Aug/2026:03:55:10 +0800] "-" 408 4800 "-" "-"
66.249.71.7 - - [23/Aug/2026:03:55:08 +0800] "GET /wp-login.php?action=ilc_logout&_wpnonce=43754d0aad&redirect_to=http://derevnya-masterov.ru/join/52264/ HTTP/1.1" 302 8253 "-" "Mozilla/5.0 (Linux; Android 6.0.1; Nexus 5X Build/MMB29P) AppleWebKit/537.36 (KHTML, like Gecko) Chrome/151.0.7922.137 Mobile Safari/537.36 (compatible; Googlebot/2.1; +http://www.google.com/bot.html)"
140.111.67.10 - - [23/Aug/2026:03:55:11 +0800] "GET /" 301 273 "-" "-"
66.249.79.138 - - [23/Aug/2026:03:55:10 +0800] "GET /wp-login.php?key=dlfsv381&_wpnonce=&action=ilc_logout&redirect_to=https%3A%2F%2Fplay.google.com%2Fstore%2Fapps%2Fdetails%3Fid%3Dcom.us.dyjycbt.google HTTP/1.1" 302 3496 "-" "Mozilla/5.0 (Linux; Android 6.0.1; Nexus 5X Build/MMB29P) AppleWebKit/537.36 (KHTML, like Gecko) Chrome/151.0.7922.137 Mobile Safari/537.36 (compatible; Googlebot/2.1; +http://www.google.com/bot.html)"
66.249.79.138 - - [23/Aug/2026:03:55:11 +0800] "GET /wp-login.php?action=ilc_logout&_wpnonce=43754d0aad&redirect_to=http://street4u.ru/job/13191/ HTTP/1.1" 302 8243 "-" "Mozilla/5.0 (Linux; Android 6.0.1; Nexus 5X Build/MMB29P) AppleWebKit/537.36 (KHTML, like Gecko) Chrome/151.0.7922.137 Mobile Safari/537.36 (compatible; Googlebot/2.1; +http://www.google.com/bot.html)"
5.182.186.209 - - [23/Aug/2026:03:55:13 +0800] "GET /sunsun/wp-content/uploads/sites/2607/2023/05/IMG_1553-300x225.jpg HTTP/1.1" 200 18598 "-" "Mozilla/5.0 (compatible; crawler)"
2001:288:a201::66:125 - - [23/Aug/2026:03:55:15 +0800] "GET /blog/active.php HTTP/1.1" 404 1084 "-" "-"
2001:288:a201::66:125 - - [23/Aug/2026:03:55:15 +0800] "GET /blog/active.php HTTP/1.1" 301 1026 "-" "-"
::1 - - [23/Aug/2026:03:55:15 +0800] "OPTIONS * HTTP/1.0" 200 110 "-" "Apache/2.4.68 (Ubuntu) OpenSSL/3.0.19 (internal dummy connection)"
66.249.79.138 - - [23/Aug/2026:03:55:13 +0800] "GET /wp-login.php?action=ilc_logout&_wpnonce=43754d0aad&redirect_to=http://upravleniekueda1.ru/join/87634/ HTTP/1.1" 302 3467 "-" "Mozilla/5.0 (compatible; Googlebot/2.1; +http://www.google.com/bot.html)"
66.249.79.138 - - [23/Aug/2026:03:55:13 +0800] "GET /wp-login.php?action=ilc_logout&_wpnonce=43754d0aad&redirect_to=//ladstroy.ru/job/30929/ HTTP/1.1" 302 3453 "-" "Mozilla/5.0 (compatible; Googlebot/2.1; +http://www.google.com/bot.html)"
140.111.67.10 - - [23/Aug/2026:03:55:16 +0800] "GET /" 301 273 "-" "-"
20.125.101.194 - - [23/Aug/2026:03:55:16 +0800] "GET /wp-content/uploads/sites/890/2020/05/%E5%AE%9C%E8%98%AD%E7%B8%A3%E5%93%A1%E5%B1%B1%E5%9C%8B%E6%B0%91%E5%B0%8F%E5%AD%B8110%E5%AD%B8%E5%B9%B4%E5%BA%A6%E7%AC%AC2%E5%AD%B8%E6%9C%9F%E9%96%8B%E5%AD%B8%E9%98%B2%E7%96%AB%E6%8E%AA%E6%96%BD.pdf HTTP/1.1" 200 862194 "-" "Mozilla/5.0 (compatible; MSR-Financial-PDF-Scorer/1.0)"
40.77.167.150 - - [23/Aug/2026:03:55:17 +0800] "GET /1003/2013/03/15/%E6%88%91%E7%9A%84%E4%B8%80%E8%AA%B2%E5%A6%82%E4%BD%95%E9%80%B2%E8%A1%8C/ HTTP/1.1" 200 18768 "-" "Mozilla/5.0 AppleWebKit/537.36 (KHTML, like Gecko; compatible; bingbot/2.0; +http://www.bing.com/bingbot.htm) Chrome/116.0.1938.76 Safari/537.36"
66.249.79.138 - - [23/Aug/2026:03:55:16 +0800] "GET /wp-login.php?key=2fyus381&_wpnonce=&action=ilc_logout&redirect_to=https%3A%2F%2Fwww.aayyy.net HTTP/1.1" 302 3450 "-" "Mozilla/5.0 (Linux; Android 6.0.1; Nexus 5X Build/MMB29P) AppleWebKit/537.36 (KHTML, like Gecko) Chrome/151.0.7922.137 Mobile Safari/537.36 (compatible; Googlebot/2.1; +http://www.google.com/bot.html)"
66.249.71.7 - - [23/Aug/2026:03:55:16 +0800] "GET /wp-login.php?action=ilc_logout&_wpnonce=43754d0aad&redirect_to=//derevnya-masterov.ru/job/58208/ HTTP/1.1" 302 8247 "-" "Mozilla/5.0 (Linux; Android 6.0.1; Nexus 5X Build/MMB29P) AppleWebKit/537.36 (KHTML, like Gecko) Chrome/151.0.7922.137 Mobile Safari/537.36 (compatible; Googlebot/2.1; +http://www.google.com/bot.html)"
52.3.26.180 - - [23/Aug/2026:03:55:18 +0800] "GET /6569/wp-json/wp/v2/posts/%22https:/2blog.ilc.edu.tw/wp-content/uploads/sites/2640/6569/previews/6569-1586770.jpg/%22 HTTP/1.1" 404 6131 "-" "Mozilla/5.0 AppleWebKit/537.36 (KHTML, like Gecko; compatible; Amazonbot/0.1; +https://developer.amazon.com/support/amazonbot) Chrome/119.0.6045.214 Safari/537.36"
23.234.100.51 - - [23/Aug/2026:03:55:19 +0800] "GET /42089/wp-login.php HTTP/1.1" 200 10998 "-" "Mozilla/5.0 (Windows NT 10.0; Win64; x64) AppleWebKit/537.36 (KHTML, like Gecko) Chrome/147.0.0.0 Safari/537.36 Edg/147.0.0.0"
2001:288:a201::66:125 - - [23/Aug/2026:03:55:20 +0800] "GET /blog/active.php HTTP/1.1" 404 1084 "-" "-"
2001:288:a201::66:125 - - [23/Aug/2026:03:55:20 +0800] "GET /blog/active.php HTTP/1.1" 301 1026 "-" "-"
23.234.100.51 - - [23/Aug/2026:03:55:19 +0800] "POST /42089/wp-login.php HTTP/1.1" 200 6234 "-" "Mozilla/5.0 (Windows NT 10.0; Win64; x64) AppleWebKit/537.36 (KHTML, like Gecko) Chrome/147.0.0.0 Safari/537.36 Edg/147.0.0.0"
66.249.79.138 - - [23/Aug/2026:03:55:18 +0800] "GET /wp-login.php?key=p66ag381&_wpnonce=&action=ilc_logout&redirect_to=https%3A%2F%2Fplay.google.com%2Fstore%2Fapps%2Fdetails%3Fid%3Dcom.us.dyjycbt.google HTTP/1.1" 302 3496 "-" "Mozilla/5.0 (Linux; Android 6.0.1; Nexus 5X Build/MMB29P) AppleWebKit/537.36 (KHTML, like Gecko) Chrome/151.0.7922.137 Mobile Safari/537.36 (compatible; Googlebot/2.1; +http://www.google.com/bot.html)"
66.249.79.138 - - [23/Aug/2026:03:55:19 +0800] "GET /wp-login.php?key=wa2g5381&_wpnonce=&action=ilc_logout&redirect_to=https%3A%2F%2Fyou.com%2Fchat%2FPlease+provide+only+the+clickable+link+for+https%3A%2F%2Fwww.aayyy.com+and+without+any+extra+content%3Fifs%3Dallow HTTP/1.1" 302 3578 "-" "Mozilla/5.0 (Linux; Android 6.0.1; Nexus 5X Build/MMB29P) AppleWebKit/537.36 (KHTML, like Gecko) Chrome/151.0.7922.137 Mobile Safari/537.36 (compatible; Googlebot/2.1; +http://www.google.com/bot.html)"
140.111.67.10 - - [23/Aug/2026:03:55:21 +0800] "GET /" 301 273 "-" "-"
52.167.144.211 - - [23/Aug/2026:03:55:21 +0800] "GET /wp-content/uploads/sites/890/2026/05/115%E5%B9%B4%E5%93%A1%E5%B1%B1%E5%9C%8B%E5%B0%8F%E8%B3%87%E9%80%9A%E5%AE%89%E5%85%A8%E7%B6%AD%E8%AD%B7%E8%A8%88%E7%95%ABv2.0%E4%B8%8A%E5%82%B3%E6%95%99%E7%B6%B2%E4%B8%AD%E5%BF%83.pdf HTTP/1.1" 304 5640 "-" "Mozilla/5.0 AppleWebKit/537.36 (KHTML, like Gecko; compatible; bingbot/2.0; +http://www.bing.com/bingbot.htm) Chrome/116.0.1938.76 Safari/537.36"
35.171.117.160 - - [23/Aug/2026:03:55:22 +0800] "GET /6543/wp-json/wp/v2/posts/%22https:/2blog.ilc.edu.tw/6543/wp-content/uploads/sites/2808/2020/11/110220_0608_109414.jpg/%22 HTTP/1.1" 404 6131 "-" "Mozilla/5.0 AppleWebKit/537.36 (KHTML, like Gecko; compatible; Amazonbot/0.1; +https://developer.amazon.com/support/amazonbot) Chrome/119.0.6045.214 Safari/537.36"
2a03:2880:f802:1a:: - - [23/Aug/2026:03:55:20 +0800] "GET /wp-login.php?key=idiro374&_wpnonce=&action=ilc_logout&redirect_to=https%3A%2F%2Fgame.edu.kg HTTP/1.1" 302 8248 "-" "Mozilla/5.0 (Windows NT 10.0; Win64; x64) AppleWebKit/537.36 (KHTML, like Gecko) Chrome/145.0.0.0 Safari/537.36 (compatible; meta-externalagent/1.1 (+https://developers.facebook.com/docs/sharing/webmasters/crawler))"
17.22.245.99 - - [23/Aug/2026:03:55:22 +0800] "GET /2011/10/31/%e2%98%85%e6%8b%9b%e5%8b%9f%e6%9c%83%e5%93%a1-%e5%8d%b3%e5%88%bb%e5%8a%a0%e5%85%a5%e5%ae%9c%e8%98%ad%e7%b8%a3%e6%95%99%e5%b8%ab%e8%81%b7%e6%a5%ad%e5%b7%a5%e6%9c%83/ HTTP/1.1" 200 17219 "-" "Mozilla/5.0 (Macintosh; Intel Mac OS X 10_15_7) AppleWebKit/605.1.15 (KHTML, like Gecko) Version/17.4 Safari/605.1.15 (Applebot/0.1; +http://www.apple.com/go/applebot)"
66.249.71.6 - - [23/Aug/2026:03:55:21 +0800] "GET /wp-login.php?action=ilc_logout&_wpnonce=43754d0aad&redirect_to=http://strela-courier.ru/job/55368/ HTTP/1.1" 302 3442 "-" "Mozilla/5.0 (compatible; Googlebot/2.1; +http://www.google.com/bot.html)"
2409:8754:9330:0:122:238:118:226 - - [23/Aug/2026:03:55:23 +0800] "GET /39664/2020/page/2 HTTP/1.1" 301 5768 "-" "Mozilla/5.0 (Windows NT 10.0; Win64; x64) AppleWebKit/537.36 (KHTML, like Gecko) Chrome/144.0.0.0 Safari/537.36"
74.7.242.54 - - [23/Aug/2026:03:55:24 +0800] "GET /wp-content/uploads/sites/1493/5567/5567-636596.jpg HTTP/1.1" 301 1077 "https://2blog.ilc.edu.tw" "Mozilla/5.0 AppleWebKit/537.36 (KHTML, like Gecko; compatible; GPTBot/1.4; +https://openai.com/gptbot)"
66.249.79.138 - - [23/Aug/2026:03:55:22 +0800] "GET /wp-login.php?action=ilc_logout&_wpnonce=43754d0aad&redirect_to=http://25ds.ru/creator/39570/ HTTP/1.1" 302 3458 "-" "Mozilla/5.0 (compatible; Googlebot/2.1; +http://www.google.com/bot.html)"
54.152.163.42 - - [23/Aug/2026:03:55:24 +0800] "GET /23/wp-json/wp/v2/posts/2223/revisions HTTP/1.1" 401 6195 "-" "Mozilla/5.0 AppleWebKit/537.36 (KHTML, like Gecko; compatible; Amazonbot/0.1; +https://developer.amazon.com/support/amazonbot) Chrome/119.0.6045.214 Safari/537.36"
74.7.242.54 - - [23/Aug/2026:03:55:24 +0800] "GET /wp-content/uploads/sites/1493/5567/5567-636596.jpg HTTP/1.1" 500 6077 "http://2blog.ilc.edu.tw" "Mozilla/5.0 AppleWebKit/537.36 (KHTML, like Gecko; compatible; GPTBot/1.4; +https://openai.com/gptbot)"
2409:8754:9330:0:122:238:118:226 - - [23/Aug/2026:03:55:24 +0800] "GET /39664/2020/page/2/ HTTP/1.1" 200 14030 "-" "Mozilla/5.0 (Windows NT 10.0; Win64; x64) AppleWebKit/537.36 (KHTML, like Gecko) Chrome/144.0.0.0 Safari/537.36"
2409:8754:9330:0:122:238:118:226 - - [23/Aug/2026:03:55:25 +0800] "GET /39664/wp-content/cache/2blog.ilc.edu.tw/wpfc-minified/qx4prmkh/5wp3s.css HTTP/1.1" 200 40888 "https://2blog.ilc.edu.tw/39664/2020/page/2/" "Mozilla/5.0 (Windows NT 10.0; Win64; x64) AppleWebKit/537.36 (KHTML, like Gecko) Chrome/144.0.0.0 Safari/537.36"
2001:288:a201::66:125 - - [23/Aug/2026:03:55:25 +0800] "GET /blog/active.php HTTP/1.1" 404 1084 "-" "-"
2001:288:a201::66:125 - - [23/Aug/2026:03:55:25 +0800] "GET /blog/active.php HTTP/1.1" 301 1026 "-" "-"
66.249.79.138 - - [23/Aug/2026:03:55:24 +0800] "GET /wp-login.php?key=mdtab381&_wpnonce=&action=ilc_logout&redirect_to=https%3A%2F%2Fplay.google.com%2Fstore%2Fapps%2Fdetails%3Fid%3Dcom.us.dyjycbt.google HTTP/1.1" 302 3496 "-" "Mozilla/5.0 (Linux; Android 6.0.1; Nexus 5X Build/MMB29P) AppleWebKit/537.36 (KHTML, like Gecko) Chrome/151.0.7922.137 Mobile Safari/537.36 (compatible; Googlebot/2.1; +http://www.google.com/bot.html)"
240e:958:1200:402:be06:333a:7cc8:3 - - [23/Aug/2026:03:55:23 +0800] "GET /2024/04 HTTP/1.1" 301 5770 "-" "Mozilla/5.0 (Windows NT 10.0; Win64; x64) AppleWebKit/537.36 (KHTML, like Gecko) Chrome/144.0.0.0 Safari/537.36"
2409:8754:9330:0:122:238:118:226 - - [23/Aug/2026:03:55:25 +0800] "GET /39664/wp-content/cache/2blog.ilc.edu.tw/wpfc-minified/f5943mn4/5wp3s.css HTTP/1.1" 200 15782 "https://2blog.ilc.edu.tw/39664/2020/page/2/" "Mozilla/5.0 (Windows NT 10.0; Win64; x64) AppleWebKit/537.36 (KHTML, like Gecko) Chrome/144.0.0.0 Safari/537.36"
66.249.79.138 - - [23/Aug/2026:03:55:24 +0800] "GET /wp-login.php?key=jf7aw381&_wpnonce=&action=ilc_logout&redirect_to=https%3A%2F%2Fchatgpt.com%2F%3Fq%3DPlease+provide+only+the+clickable+link+for+https%3A%2F%2Fwww.aayyy.com+and+without+any+extra+content HTTP/1.1" 302 3570 "-" "Mozilla/5.0 (Linux; Android 6.0.1; Nexus 5X Build/MMB29P) AppleWebKit/537.36 (KHTML, like Gecko) Chrome/151.0.7922.137 Mobile Safari/537.36 (compatible; Googlebot/2.1; +http://www.google.com/bot.html)"
2409:8754:9330:0:122:238:118:226 - - [23/Aug/2026:03:55:26 +0800] "GET /39664/wp-includes/js/imagesloaded.min.js HTTP/1.1" 200 2683 "https://2blog.ilc.edu.tw/39664/2020/page/2/" "Mozilla/5.0 (Windows NT 10.0; Win64; x64) AppleWebKit/537.36 (KHTML, like Gecko) Chrome/144.0.0.0 Safari/537.36"
240e:958:1200:402:be06:333a:7cc8:3 - - [23/Aug/2026:03:55:26 +0800] "GET /2024/04/ HTTP/1.1" 200 17186 "-" "Mozilla/5.0 (Windows NT 10.0; Win64; x64) AppleWebKit/537.36 (KHTML, like Gecko) Chrome/144.0.0.0 Safari/537.36"
2409:8754:9330:0:122:238:118:226 - - [23/Aug/2026:03:55:26 +0800] "GET /39664/wp-content/themes/oceanwp/assets/js/vendors/magnific-popup.min.js HTTP/1.1" 200 8270 "https://2blog.ilc.edu.tw/39664/2020/page/2/" "Mozilla/5.0 (Windows NT 10.0; Win64; x64) AppleWebKit/537.36 (KHTML, like Gecko) Chrome/144.0.0.0 Safari/537.36"
140.111.67.10 - - [23/Aug/2026:03:55:26 +0800] "GET /" 301 273 "-" "-"
2409:8754:9330:0:122:238:118:226 - - [23/Aug/2026:03:55:26 +0800] "GET /39664/wp-content/themes/oceanwp/assets/js/scroll-top.min.js HTTP/1.1" 200 3202 "https://2blog.ilc.edu.tw/39664/2020/page/2/" "Mozilla/5.0 (Windows NT 10.0; Win64; x64) AppleWebKit/537.36 (KHTML, like Gecko) Chrome/144.0.0.0 Safari/537.36"
240e:958:1200:402:be06:333a:7cc8:3 - - [23/Aug/2026:03:55:26 +0800] "GET /wp-content/cache/www.cwjh.ilc.edu.tw/wpfc-minified/2mrmz3dm/77dd.css HTTP/1.1" 200 40884 "https://www.cwjh.ilc.edu.tw/2024/04/" "Mozilla/5.0 (Windows NT 10.0; Win64; x64) AppleWebKit/537.36 (KHTML, like Gecko) Chrome/144.0.0.0 Safari/537.36"
20.125.101.194 - - [23/Aug/2026:03:55:26 +0800] "GET /wp-content/uploads/sites/1148/2023/10/376420000A_1120164450_ATTACH1.pdf HTTP/1.1" 200 242830 "-" "Mozilla/5.0 (compatible; MSR-Financial-PDF-Scorer/1.0)"
240e:958:1200:402:be06:333a:7cc8:3 - - [23/Aug/2026:03:55:27 +0800] "GET /wp-content/cache/www.cwjh.ilc.edu.tw/wpfc-minified/7957u2ji/77dd.css HTTP/1.1" 200 15782 "https://www.cwjh.ilc.edu.tw/2024/04/" "Mozilla/5.0 (Windows NT 10.0; Win64; x64) AppleWebKit/537.36 (KHTML, like Gecko) Chrome/144.0.0.0 Safari/537.36"
240e:958:1200:402:be06:333a:7cc8:3 - - [23/Aug/2026:03:55:27 +0800] "GET /wp-content/cache/www.cwjh.ilc.edu.tw/wpfc-minified/8wopko65/77dd.css HTTP/1.1" 200 1496 "https://www.cwjh.ilc.edu.tw/2024/04/" "Mozilla/5.0 (Windows NT 10.0; Win64; x64) AppleWebKit/537.36 (KHTML, like Gecko) Chrome/144.0.0.0 Safari/537.36"
240e:958:1200:402:be06:333a:7cc8:3 - - [23/Aug/2026:03:55:27 +0800] "GET /wp-content/cache/www.cwjh.ilc.edu.tw/wpfc-minified/dhutxct0/77dd.css HTTP/1.1" 200 61684 "https://www.cwjh.ilc.edu.tw/2024/04/" "Mozilla/5.0 (Windows NT 10.0; Win64; x64) AppleWebKit/537.36 (KHTML, like Gecko) Chrome/144.0.0.0 Safari/537.36"
240e:958:1200:402:be06:333a:7cc8:3 - - [23/Aug/2026:03:55:27 +0800] "GET /wp-content/cache/www.cwjh.ilc.edu.tw/wpfc-minified/f11u7byj/77dd.js HTTP/1.1" 200 40362 "https://www.cwjh.ilc.edu.tw/2024/04/" "Mozilla/5.0 (Windows NT 10.0; Win64; x64) AppleWebKit/537.36 (KHTML, like Gecko) Chrome/144.0.0.0 Safari/537.36"
240e:958:1200:402:be06:333a:7cc8:3 - - [23/Aug/2026:03:55:27 +0800] "GET /wp-includes/js/hoverintent-js.min.js HTTP/1.1" 200 6400 "https://www.cwjh.ilc.edu.tw/2024/04/" "Mozilla/5.0 (Windows NT 10.0; Win64; x64) AppleWebKit/537.36 (KHTML, like Gecko) Chrome/144.0.0.0 Safari/537.36"
240e:958:1200:402:be06:333a:7cc8:3 - - [23/Aug/2026:03:55:27 +0800] "GET /wp-includes/js/admin-bar.min.js HTTP/1.1" 200 7040 "https://www.cwjh.ilc.edu.tw/2024/04/" "Mozilla/5.0 (Windows NT 10.0; Win64; x64) AppleWebKit/537.36 (KHTML, like Gecko) Chrome/144.0.0.0 Safari/537.36"
240e:958:1200:402:be06:333a:7cc8:3 - - [23/Aug/2026:03:55:27 +0800] "GET /wp-includes/js/imagesloaded.min.js HTTP/1.1" 200 2683 "https://www.cwjh.ilc.edu.tw/2024/04/" "Mozilla/5.0 (Windows NT 10.0; Win64; x64) AppleWebKit/537.36 (KHTML, like Gecko) Chrome/144.0.0.0 Safari/537.36"
240e:958:1200:402:be06:333a:7cc8:3 - - [23/Aug/2026:03:55:27 +0800] "GET /wp-content/themes/oceanwp/assets/js/theme.min.js HTTP/1.1" 200 5130 "https://www.cwjh.ilc.edu.tw/2024/04/" "Mozilla/5.0 (Windows NT 10.0; Win64; x64) AppleWebKit/537.36 (KHTML, like Gecko) Chrome/144.0.0.0 Safari/537.36"
240e:958:1200:402:be06:333a:7cc8:3 - - [23/Aug/2026:03:55:28 +0800] "GET /wp-content/themes/oceanwp/assets/js/drop-down-search.min.js HTTP/1.1" 200 2968 "https://www.cwjh.ilc.edu.tw/2024/04/" "Mozilla/5.0 (Windows NT 10.0; Win64; x64) AppleWebKit/537.36 (KHTML, like Gecko) Chrome/144.0.0.0 Safari/537.36"
240e:958:1200:402:be06:333a:7cc8:3 - - [23/Aug/2026:03:55:28 +0800] "GET /wp-content/themes/oceanwp/assets/js/drop-down-mobile-menu.min.js HTTP/1.1" 200 4663 "https://www.cwjh.ilc.edu.tw/2024/04/" "Mozilla/5.0 (Windows NT 10.0; Win64; x64) AppleWebKit/537.36 (KHTML, like Gecko) Chrome/144.0.0.0 Safari/537.36"
240e:958:1200:402:be06:333a:7cc8:3 - - [23/Aug/2026:03:55:28 +0800] "GET /wp-content/themes/oceanwp/assets/js/vendors/magnific-popup.min.js HTTP/1.1" 200 8270 "https://www.cwjh.ilc.edu.tw/2024/04/" "Mozilla/5.0 (Windows NT 10.0; Win64; x64) AppleWebKit/537.36 (KHTML, like Gecko) Chrome/144.0.0.0 Safari/537.36"
66.249.79.138 - - [23/Aug/2026:03:55:26 +0800] "GET /wp-login.php?key=2sdg9381&_wpnonce=&action=ilc_logout&redirect_to=https%3A%2F%2Fwww.aayyy.com HTTP/1.1" 302 3450 "-" "Mozilla/5.0 (Linux; Android 6.0.1; Nexus 5X Build/MMB29P) AppleWebKit/537.36 (KHTML, like Gecko) Chrome/151.0.7922.137 Mobile Safari/537.36 (compatible; Googlebot/2.1; +http://www.google.com/bot.html)"
240e:958:1200:402:be06:333a:7cc8:3 - - [23/Aug/2026:03:55:28 +0800] "GET /wp-content/themes/oceanwp/assets/js/ow-lightbox.min.js HTTP/1.1" 200 2321 "https://www.cwjh.ilc.edu.tw/2024/04/" "Mozilla/5.0 (Windows NT 10.0; Win64; x64) AppleWebKit/537.36 (KHTML, like Gecko) Chrome/144.0.0.0 Safari/537.36"
240e:958:1200:402:be06:333a:7cc8:3 - - [23/Aug/2026:03:55:28 +0800] "GET /wp-content/themes/oceanwp/assets/js/vendors/flickity.pkgd.min.js HTTP/1.1" 200 15048 "https://www.cwjh.ilc.edu.tw/2024/04/" "Mozilla/5.0 (Windows NT 10.0; Win64; x64) AppleWebKit/537.36 (KHTML, like Gecko) Chrome/144.0.0.0 Safari/537.36"
240e:958:1200:402:be06:333a:7cc8:3 - - [23/Aug/2026:03:55:28 +0800] "GET /wp-content/themes/oceanwp/assets/js/ow-slider.min.js HTTP/1.1" 200 1761 "https://www.cwjh.ilc.edu.tw/2024/04/" "Mozilla/5.0 (Windows NT 10.0; Win64; x64) AppleWebKit/537.36 (KHTML, like Gecko) Chrome/144.0.0.0 Safari/537.36"
240e:958:1200:402:be06:333a:7cc8:3 - - [23/Aug/2026:03:55:28 +0800] "GET /wp-content/themes/oceanwp/assets/js/scroll-effect.min.js HTTP/1.1" 200 4127 "https://www.cwjh.ilc.edu.tw/2024/04/" "Mozilla/5.0 (Windows NT 10.0; Win64; x64) AppleWebKit/537.36 (KHTML, like Gecko) Chrome/144.0.0.0 Safari/537.36"
240e:958:1200:402:be06:333a:7cc8:3 - - [23/Aug/2026:03:55:28 +0800] "GET /wp-content/themes/oceanwp/assets/js/scroll-top.min.js HTTP/1.1" 200 3202 "https://www.cwjh.ilc.edu.tw/2024/04/" "Mozilla/5.0 (Windows NT 10.0; Win64; x64) AppleWebKit/537.36 (KHTML, like Gecko) Chrome/144.0.0.0 Safari/537.36"
240e:958:1200:402:be06:333a:7cc8:3 - - [23/Aug/2026:03:55:28 +0800] "GET /wp-content/themes/oceanwp/assets/js/select.min.js HTTP/1.1" 200 2408 "https://www.cwjh.ilc.edu.tw/2024/04/" "Mozilla/5.0 (Windows NT 10.0; Win64; x64) AppleWebKit/537.36 (KHTML, like Gecko) Chrome/144.0.0.0 Safari/537.36"
240e:958:1200:402:be06:333a:7cc8:3 - - [23/Aug/2026:03:55:28 +0800] "GET /wp-content/plugins/ocean-extra/includes/widgets/js/flickr.min.js HTTP/1.1" 200 1319 "https://www.cwjh.ilc.edu.tw/2024/04/" "Mozilla/5.0 (Windows NT 10.0; Win64; x64) AppleWebKit/537.36 (KHTML, like Gecko) Chrome/144.0.0.0 Safari/537.36"
2409:8754:9330:0:122:238:118:226 - - [23/Aug/2026:03:55:28 +0800] "GET /39664/wp-content/themes/oceanwp/assets/fonts/simple-line-icons/Simple-Line-Icons.woff2?v=2.4.0 HTTP/1.1" 200 30959 "https://2blog.ilc.edu.tw/39664/wp-content/cache/2blog.ilc.edu.tw/wpfc-minified/kcv8g84j/5wp3s.css" "Mozilla/5.0 (Windows NT 10.0; Win64; x64) AppleWebKit/537.36 (KHTML, like Gecko) Chrome/144.0.0.0 Safari/537.36"
240e:958:1200:402:be06:333a:7cc8:3 - - [23/Aug/2026:03:55:28 +0800] "GET /wp-content/themes/oceanwp/assets/fonts/fontawesome/webfonts/fa-solid-900.woff2 HTTP/1.1" 200 151246 "https://www.cwjh.ilc.edu.tw/wp-content/cache/www.cwjh.ilc.edu.tw/wpfc-minified/dhutxct0/77dd.css" "Mozilla/5.0 (Windows NT 10.0; Win64; x64) AppleWebKit/537.36 (KHTML, like Gecko) Chrome/144.0.0.0 Safari/537.36"
240e:958:1200:402:be06:333a:7cc8:3 - - [23/Aug/2026:03:55:28 +0800] "GET /wp-content/themes/oceanwp/assets/fonts/simple-line-icons/Simple-Line-Icons.woff2?v=2.4.0 HTTP/1.1" 200 30959 "https://www.cwjh.ilc.edu.tw/wp-content/cache/www.cwjh.ilc.edu.tw/wpfc-minified/dhutxct0/77dd.css" "Mozilla/5.0 (Windows NT 10.0; Win64; x64) AppleWebKit/537.36 (KHTML, like Gecko) Chrome/144.0.0.0 Safari/537.36"
66.249.71.7 - - [23/Aug/2026:03:55:27 +0800] "GET /wp-login.php?key=7tf75381&_wpnonce=&action=ilc_logout&redirect_to=https%3A%2F%2Fyou.com%2Fchat%2FPlease+provide+only+the+clickable+link+for+https%3A%2F%2Fwww.aayyy.com+and+without+any+extra+content%3Fifs%3Dallow HTTP/1.1" 302 8363 "-" "Mozilla/5.0 (Linux; Android 6.0.1; Nexus 5X Build/MMB29P) AppleWebKit/537.36 (KHTML, like Gecko) Chrome/151.0.7922.137 Mobile Safari/537.36 (compatible; Googlebot/2.1; +http://www.google.com/bot.html)"
240e:958:1200:402:be06:333a:7cc8:3 - - [23/Aug/2026:03:55:29 +0800] "GET /wp-content/uploads/sites/1364/2020/02/cropped-cwjh001-32x32.png HTTP/1.1" 200 3126 "https://www.cwjh.ilc.edu.tw/2024/04/" "Mozilla/5.0 (Windows NT 10.0; Win64; x64) AppleWebKit/537.36 (KHTML, like Gecko) Chrome/144.0.0.0 Safari/537.36"
66.249.79.138 - - [23/Aug/2026:03:55:28 +0800] "GET /wp-login.php?key=vbv1s381&_wpnonce=&action=ilc_logout&redirect_to=https%3A%2F%2Fwww.aayyy.com%2Fguides HTTP/1.1" 302 3457 "-" "Mozilla/5.0 (Linux; Android 6.0.1; Nexus 5X Build/MMB29P) AppleWebKit/537.36 (KHTML, like Gecko) Chrome/151.0.7922.137 Mobile Safari/537.36 (compatible; Googlebot/2.1; +http://www.google.com/bot.html)"
2001:288:a201::66:125 - - [23/Aug/2026:03:55:30 +0800] "GET /blog/active.php HTTP/1.1" 301 1026 "-" "-"
2001:288:a201::66:125 - - [23/Aug/2026:03:55:30 +0800] "GET /blog/active.php HTTP/1.1" 404 1084 "-" "-"
66.249.79.138 - - [23/Aug/2026:03:55:29 +0800] "GET /wp-login.php?key=bdhue381&_wpnonce=&action=ilc_logout&redirect_to=https%3A%2F%2Fchatgpt.com%2F%3Fq%3DPlease+provide+only+the+clickable+link+for+https%3A%2F%2Fwww.aayyy.com+and+without+any+extra+content HTTP/1.1" 302 3570 "-" "Mozilla/5.0 (Linux; Android 6.0.1; Nexus 5X Build/MMB29P) AppleWebKit/537.36 (KHTML, like Gecko) Chrome/151.0.7922.137 Mobile Safari/537.36 (compatible; Googlebot/2.1; +http://www.google.com/bot.html)"
140.111.67.10 - - [23/Aug/2026:03:55:31 +0800] "GET /" 301 273 "-" "-"
66.249.71.7 - - [23/Aug/2026:03:55:30 +0800] "GET /wp-login.php?action=ilc_logout&_wpnonce=43754d0aad&redirect_to=//electricinfo.ru/join/16138/ HTTP/1.1" 302 3458 "-" "Mozilla/5.0 (compatible; Googlebot/2.1; +http://www.google.com/bot.html)"
216.244.66.226 - - [23/Aug/2026:03:55:32 +0800] "GET /blog/blog/35293/post/98718/753397 HTTP/1.1" 404 35276 "-" "Mozilla/5.0 (compatible; DotBot/1.2; +https://opensiteexplorer.org/dotbot; help@moz.com)"
18.211.148.239 - - [23/Aug/2026:03:55:32 +0800] "GET /32745/2021/01/22/%E7%94%A8%E4%B8%80%E7%94%9F%E7%AD%89%E5%BE%85/ HTTP/1.1" 200 92061 "-" "Mozilla/5.0 AppleWebKit/537.36 (KHTML, like Gecko; compatible; Amazonbot/0.1; +https://developer.amazon.com/support/amazonbot) Chrome/119.0.6045.214 Safari/537.36"
66.249.79.138 - - [23/Aug/2026:03:55:32 +0800] "GET /wp-login.php?action=ilc_logout&_wpnonce=43754d0aad&redirect_to=//newveteranmosproc.ru/creator/10558/ HTTP/1.1" 302 3466 "-" "Mozilla/5.0 (compatible; Googlebot/2.1; +http://www.google.com/bot.html)"
66.249.68.105 - - [23/Aug/2026:03:55:34 +0800] "GET /robots.txt HTTP/1.1" 200 5587 "-" "Mozilla/5.0 (compatible; Googlebot/2.1; +http://www.google.com/bot.html)"
::1 - - [23/Aug/2026:03:55:34 +0800] "OPTIONS * HTTP/1.0" 200 110 "-" "Apache/2.4.68 (Ubuntu) OpenSSL/3.0.19 (internal dummy connection)"
66.249.79.138 - - [23/Aug/2026:03:55:33 +0800] "GET /wp-login.php?key=qlaoc381&_wpnonce=&action=ilc_logout&redirect_to=https%3A%2F%2Fyou.com%2Fchat%2FPlease+provide+only+the+clickable+link+for+https%3A%2F%2Fwww.aayyy.com+and+without+any+extra+content%3Fifs%3Dallow HTTP/1.1" 302 3578 "-" "Mozilla/5.0 (Linux; Android 6.0.1; Nexus 5X Build/MMB29P) AppleWebKit/537.36 (KHTML, like Gecko) Chrome/151.0.7922.137 Mobile Safari/537.36 (compatible; Googlebot/2.1; +http://www.google.com/bot.html)"
2001:288:a201::66:125 - - [23/Aug/2026:03:55:35 +0800] "GET /blog/active.php HTTP/1.1" 301 1026 "-" "-"
2001:288:a201::66:125 - - [23/Aug/2026:03:55:35 +0800] "GET /blog/active.php HTTP/1.1" 404 1084 "-" "-"
34.226.89.140 - - [23/Aug/2026:03:55:35 +0800] "GET /6543/wp-json/wp/v2/posts/%22https:/2blog.ilc.edu.tw/6543/wp-content/uploads/sites/2808/2020/11/110220_0608_109412.jpg/%22 HTTP/1.1" 404 6131 "-" "Mozilla/5.0 AppleWebKit/537.36 (KHTML, like Gecko; compatible; Amazonbot/0.1; +https://developer.amazon.com/support/amazonbot) Chrome/119.0.6045.214 Safari/537.36"
216.244.66.226 - - [23/Aug/2026:03:55:36 +0800] "GET /blog/blog/6023/post/24011/152970 HTTP/1.1" 404 35276 "-" "Mozilla/5.0 (compatible; DotBot/1.2; +https://opensiteexplorer.org/dotbot; help@moz.com)"
140.111.67.10 - - [23/Aug/2026:03:55:36 +0800] "GET /" 301 273 "-" "-"
52.167.144.229 - - [23/Aug/2026:03:55:36 +0800] "POST /1003/wp-json/ilc-summary/v1/popular-posts HTTP/1.1" 201 6101 "https://2blog.ilc.edu.tw/1003/2013/03/15/%E6%88%91%E7%9A%84%E4%B8%80%E8%AA%B2%E5%A6%82%E4%BD%95%E9%80%B2%E8%A1%8C/" "Mozilla/5.0 AppleWebKit/537.36 (KHTML, like Gecko; compatible; bingbot/2.0; +http://www.bing.com/bingbot.htm) Chrome/136.0.0.0 Safari/537.36 AppleWebKit/537.36 (KHTML, like Gecko; compatible; bingbot/2.0; +http://www.bing.com/bingbot.htm) Chrome/116.0.1938.76 Safari/537.36"
52.167.144.229 - - [23/Aug/2026:03:55:36 +0800] "GET /968/2013/10/13/ HTTP/1.1" 200 15617 "-" "Mozilla/5.0 AppleWebKit/537.36 (KHTML, like Gecko; compatible; bingbot/2.0; +http://www.bing.com/bingbot.htm) Chrome/116.0.1938.76 Safari/537.36"
66.249.71.7 - - [23/Aug/2026:03:55:35 +0800] "GET /wp-login.php?key=uv9g4381&_wpnonce=&action=ilc_logout&redirect_to=https%3A%2F%2Fyou.com%2Fchat%2FPlease+provide+only+the+clickable+link+for+https%3A%2F%2Fwww.aayyy.com+and+without+any+extra+content%3Fifs%3Dallow HTTP/1.1" 302 3578 "-" "Mozilla/5.0 (Linux; Android 6.0.1; Nexus 5X Build/MMB29P) AppleWebKit/537.36 (KHTML, like Gecko) Chrome/151.0.7922.137 Mobile Safari/537.36 (compatible; Googlebot/2.1; +http://www.google.com/bot.html)"
66.249.79.138 - - [23/Aug/2026:03:55:36 +0800] "GET /wp-login.php?key=fxv1q381&_wpnonce=&action=ilc_logout&redirect_to=https%3A%2F%2Fyou.com%2Fchat%2FPlease+provide+only+the+clickable+link+for+https%3A%2F%2Fwww.aayyy.com+and+without+any+extra+content%3Fifs%3Dallow HTTP/1.1" 302 3578 "-" "Mozilla/5.0 (Linux; Android 6.0.1; Nexus 5X Build/MMB29P) AppleWebKit/537.36 (KHTML, like Gecko) Chrome/151.0.7922.137 Mobile Safari/537.36 (compatible; Googlebot/2.1; +http://www.google.com/bot.html)"
52.3.104.214 - - [23/Aug/2026:03:55:38 +0800] "GET /6543/wp-json/wp/v2/posts/%22https:/2blog.ilc.edu.tw/6543/wp-content/uploads/sites/2808/2020/11/110220_0608_109416.jpg/%22 HTTP/1.1" 404 6131 "-" "Mozilla/5.0 AppleWebKit/537.36 (KHTML, like Gecko; compatible; Amazonbot/0.1; +https://developer.amazon.com/support/amazonbot) Chrome/119.0.6045.214 Safari/537.36"
216.244.66.226 - - [23/Aug/2026:03:55:38 +0800] "GET /blog/blog/6038/post/19968/738190 HTTP/1.1" 404 35276 "-" "Mozilla/5.0 (compatible; DotBot/1.2; +https://opensiteexplorer.org/dotbot; help@moz.com)"
::1 - - [23/Aug/2026:03:55:39 +0800] "OPTIONS * HTTP/1.0" 200 110 "-" "Apache/2.4.68 (Ubuntu) OpenSSL/3.0.19 (internal dummy connection)"
66.249.71.7 - - [23/Aug/2026:03:55:38 +0800] "GET /wp-login.php?action=ilc_logout&_wpnonce=43754d0aad&redirect_to=//listyapavlina.ru/join/73034/ HTTP/1.1" 302 3459 "-" "Mozilla/5.0 (Linux; Android 6.0.1; Nexus 5X Build/MMB29P) AppleWebKit/537.36 (KHTML, like Gecko) Chrome/151.0.7922.137 Mobile Safari/537.36 (compatible; Googlebot/2.1; +http://www.google.com/bot.html)"
2001:288:a201::66:125 - - [23/Aug/2026:03:55:40 +0800] "GET /blog/active.php HTTP/1.1" 301 1026 "-" "-"
2001:288:a201::66:125 - - [23/Aug/2026:03:55:40 +0800] "GET /blog/active.php HTTP/1.1" 404 1084 "-" "-"
::1 - - [23/Aug/2026:03:55:40 +0800] "OPTIONS * HTTP/1.0" 200 110 "-" "Apache/2.4.68 (Ubuntu) OpenSSL/3.0.19 (internal dummy connection)"
140.111.67.10 - - [23/Aug/2026:03:55:41 +0800] "GET /" 301 273 "-" "-"
66.249.79.138 - - [23/Aug/2026:03:55:40 +0800] "GET /wp-login.php?action=ilc_logout&_wpnonce=43754d0aad&redirect_to=http://derevnya-masterov.ru/job/52879/ HTTP/1.1" 302 3467 "-" "Mozilla/5.0 (Linux; Android 6.0.1; Nexus 5X Build/MMB29P) AppleWebKit/537.36 (KHTML, like Gecko) Chrome/151.0.7922.137 Mobile Safari/537.36 (compatible; Googlebot/2.1; +http://www.google.com/bot.html)"
3.229.95.193 - - [23/Aug/2026:03:55:42 +0800] "GET /kkes101/wp-json/wp/v2/posts/%22https:/2blog.ilc.edu.tw/kkes101/wp-content/uploads/sites/2886/2021/10/70422-300x225.jpg/%22 HTTP/1.1" 404 6134 "-" "Mozilla/5.0 AppleWebKit/537.36 (KHTML, like Gecko; compatible; Amazonbot/0.1; +https://developer.amazon.com/support/amazonbot) Chrome/119.0.6045.214 Safari/537.36"
66.249.79.138 - - [23/Aug/2026:03:55:42 +0800] "GET /wp-login.php?action=ilc_logout&_wpnonce=43754d0aad&redirect_to=http://ekspertplyus2010.ru/gallery/20278/ HTTP/1.1" 302 8255 "-" "Mozilla/5.0 (Linux; Android 6.0.1; Nexus 5X Build/MMB29P) AppleWebKit/537.36 (KHTML, like Gecko) Chrome/151.0.7922.137 Mobile Safari/537.36 (compatible; Googlebot/2.1; +http://www.google.com/bot.html)"
::1 - - [23/Aug/2026:03:55:44 +0800] "OPTIONS * HTTP/1.0" 200 110 "-" "Apache/2.4.68 (Ubuntu) OpenSSL/3.0.19 (internal dummy connection)"
66.249.71.7 - - [23/Aug/2026:03:55:42 +0800] "GET /wp-login.php?action=ilc_logout&_wpnonce=43754d0aad&redirect_to=//ehcopondmeerriaplat.tk/113wwwjwesilcedutwNQy651 HTTP/1.1" 302 8263 "-" "Mozilla/5.0 (Linux; Android 6.0.1; Nexus 5X Build/MMB29P) AppleWebKit/537.36 (KHTML, like Gecko) Chrome/151.0.7922.137 Mobile Safari/537.36 (compatible; Googlebot/2.1; +http://www.google.com/bot.html)"
74.7.242.54 - - [23/Aug/2026:03:55:45 +0800] "GET /wp-content/uploads/sites/1493/6646/6646-610215.jpg HTTP/1.1" 301 1077 "https://2blog.ilc.edu.tw" "Mozilla/5.0 AppleWebKit/537.36 (KHTML, like Gecko; compatible; GPTBot/1.4; +https://openai.com/gptbot)"
2001:288:a201::66:125 - - [23/Aug/2026:03:55:45 +0800] "GET /blog/active.php HTTP/1.1" 404 1084 "-" "-"
2001:288:a201::66:125 - - [23/Aug/2026:03:55:45 +0800] "GET /blog/active.php HTTP/1.1" 301 1026 "-" "-"
66.249.79.138 - - [23/Aug/2026:03:55:44 +0800] "GET /wp-login.php?key=r7rbz381&_wpnonce=&action=ilc_logout&redirect_to=https%3A%2F%2Fchatgpt.com%2F%3Fq%3DPlease+provide+only+the+clickable+link+for+https%3A%2F%2Fwww.aayyy.com+and+without+any+extra+content HTTP/1.1" 302 3570 "-" "Mozilla/5.0 (Linux; Android 6.0.1; Nexus 5X Build/MMB29P) AppleWebKit/537.36 (KHTML, like Gecko) Chrome/151.0.7922.137 Mobile Safari/537.36 (compatible; Googlebot/2.1; +http://www.google.com/bot.html)"
74.7.242.54 - - [23/Aug/2026:03:55:46 +0800] "GET /wp-content/uploads/sites/1493/6646/6646-610215.jpg HTTP/1.1" 500 6077 "http://2blog.ilc.edu.tw" "Mozilla/5.0 AppleWebKit/537.36 (KHTML, like Gecko; compatible; GPTBot/1.4; +https://openai.com/gptbot)"
140.111.67.10 - - [23/Aug/2026:03:55:46 +0800] "GET /" 301 273 "-" "-"
66.249.79.138 - - [23/Aug/2026:03:55:45 +0800] "GET /wp-login.php?key=nx6p3381&_wpnonce=&action=ilc_logout&redirect_to=https%3A%2F%2Fwww.aayyy.com%2Fguides HTTP/1.1" 302 3457 "-" "Mozilla/5.0 (Linux; Android 6.0.1; Nexus 5X Build/MMB29P) AppleWebKit/537.36 (KHTML, like Gecko) Chrome/151.0.7922.137 Mobile Safari/537.36 (compatible; Googlebot/2.1; +http://www.google.com/bot.html)"
3.229.164.203 - - [23/Aug/2026:03:55:46 +0800] "GET /6569/wp-json/wp/v2/posts/%22https:/2blog.ilc.edu.tw/wp-content/uploads/sites/2640/6569/previews/6569-1586768.jpg/%22 HTTP/1.1" 404 6131 "-" "Mozilla/5.0 AppleWebKit/537.36 (KHTML, like Gecko; compatible; Amazonbot/0.1; +https://developer.amazon.com/support/amazonbot) Chrome/119.0.6045.214 Safari/537.36"
66.249.79.138 - - [23/Aug/2026:03:55:46 +0800] "GET /wp-login.php?action=ilc_logout&_wpnonce=43754d0aad&redirect_to=//listyapavlina.ru/creator/34615/ HTTP/1.1" 302 3462 "-" "Mozilla/5.0 (Linux; Android 6.0.1; Nexus 5X Build/MMB29P) AppleWebKit/537.36 (KHTML, like Gecko) Chrome/151.0.7922.137 Mobile Safari/537.36 (compatible; Googlebot/2.1; +http://www.google.com/bot.html)"
52.167.144.229 - - [23/Aug/2026:03:55:47 +0800] "GET /32745/2020/07/25/%E8%B1%94%E6%B6%BC%E6%9B%B2/ HTTP/1.1" 200 92591 "-" "Mozilla/5.0 AppleWebKit/537.36 (KHTML, like Gecko; compatible; bingbot/2.0; +http://www.bing.com/bingbot.htm) Chrome/116.0.1938.76 Safari/537.36"
66.249.71.7 - - [23/Aug/2026:03:55:47 +0800] "GET /wp-login.php?key=rzdvq381&_wpnonce=&action=ilc_logout&redirect_to=https%3A%2F%2Fwww.aayyy.com%2Fgames HTTP/1.1" 302 8241 "-" "Mozilla/5.0 (Linux; Android 6.0.1; Nexus 5X Build/MMB29P) AppleWebKit/537.36 (KHTML, like Gecko) Chrome/151.0.7922.137 Mobile Safari/537.36 (compatible; Googlebot/2.1; +http://www.google.com/bot.html)"
17.246.23.115 - - [23/Aug/2026:03:55:49 +0800] "GET /amy6998/2024/04/17/113%E5%B9%B44%E6%9C%8812%E6%97%A5%E6%A0%A1%E9%95%B7%E8%BE%A6%E5%AD%B8%E7%90%86%E5%BF%B5%E8%AA%AA%E6%98%8E%E6%9C%83/ HTTP/1.1" 200 18544 "-" "Mozilla/5.0 (Macintosh; Intel Mac OS X 10_15_7) AppleWebKit/605.1.15 (KHTML, like Gecko) Version/17.4 Safari/605.1.15 (Applebot/0.1; +http://www.apple.com/go/applebot)"
216.73.217.167 - - [23/Aug/2026:03:55:49 +0800] "GET /scweb/photomap.htm HTTP/1.1" 404 31189 "-" "Mozilla/5.0 AppleWebKit/537.36 (KHTML, like Gecko; compatible; ClaudeBot/1.0; +claudebot@anthropic.com)"
17.246.23.115 - - [23/Aug/2026:03:55:50 +0800] "GET /amy6998/wp-content/cache/2blog.ilc.edu.tw/wpfc-minified/7c9ob91e/5woi5.css HTTP/1.1" 200 40891 "https://2blog.ilc.edu.tw/amy6998/2024/04/17/113%e5%b9%b44%e6%9c%8812%e6%97%a5%e6%a0%a1%e9%95%b7%e8%be%a6%e5%ad%b8%e7%90%86%e5%bf%b5%e8%aa%aa%e6%98%8e%e6%9c%83/" "Mozilla/5.0 (Macintosh; Intel Mac OS X 10_15_7) AppleWebKit/605.1.15 (KHTML, like Gecko) Version/17.4 Safari/605.1.15 (Applebot/0.1; +http://www.apple.com/go/applebot)"
2001:288:a201::66:125 - - [23/Aug/2026:03:55:50 +0800] "GET /blog/active.php HTTP/1.1" 404 1084 "-" "-"
2001:288:a201::66:125 - - [23/Aug/2026:03:55:50 +0800] "GET /blog/active.php HTTP/1.1" 301 1026 "-" "-"
66.249.79.138 - - [23/Aug/2026:03:55:49 +0800] "GET /wp-login.php?key=pz7rj381&_wpnonce=&action=ilc_logout&redirect_to=https%3A%2F%2Fmushroom.joynetgame.com HTTP/1.1" 302 3460 "-" "Mozilla/5.0 (Linux; Android 6.0.1; Nexus 5X Build/MMB29P) AppleWebKit/537.36 (KHTML, like Gecko) Chrome/151.0.7922.137 Mobile Safari/537.36 (compatible; Googlebot/2.1; +http://www.google.com/bot.html)"
140.111.67.10 - - [23/Aug/2026:03:55:51 +0800] "GET /" 301 273 "-" "-"
17.246.23.115 - - [23/Aug/2026:03:55:51 +0800] "GET /amy6998/wp-content/cache/2blog.ilc.edu.tw/wpfc-minified/kl5cpbrr/5woi5.css HTTP/1.1" 200 15980 "https://2blog.ilc.edu.tw/amy6998/2024/04/17/113%e5%b9%b44%e6%9c%8812%e6%97%a5%e6%a0%a1%e9%95%b7%e8%be%a6%e5%ad%b8%e7%90%86%e5%bf%b5%e8%aa%aa%e6%98%8e%e6%9c%83/" "Mozilla/5.0 (Macintosh; Intel Mac OS X 10_15_7) AppleWebKit/605.1.15 (KHTML, like Gecko) Version/17.4 Safari/605.1.15 (Applebot/0.1; +http://www.apple.com/go/applebot)"
184.73.47.24 - - [23/Aug/2026:03:55:51 +0800] "GET /32745/wp-json/oembed/1.0/embed?url=https://2blog.ilc.edu.tw/32745/2021/11/03/%25e4%25ba%25ba%25e7%2594%259f%25e7%259a%2584%25e8%25bb%258a%25e7%25ab%2599/ HTTP/1.1" 200 8536 "-" "Mozilla/5.0 AppleWebKit/537.36 (KHTML, like Gecko; compatible; Amazonbot/0.1; +https://developer.amazon.com/support/amazonbot) Chrome/119.0.6045.214 Safari/537.36"
66.249.79.138 - - [23/Aug/2026:03:55:50 +0800] "GET /wp-login.php?key=3vrbb381&_wpnonce=&action=ilc_logout&redirect_to=https%3A%2F%2Fmushroom.joynetgame.com HTTP/1.1" 302 3460 "-" "Mozilla/5.0 (Linux; Android 6.0.1; Nexus 5X Build/MMB29P) AppleWebKit/537.36 (KHTML, like Gecko) Chrome/151.0.7922.137 Mobile Safari/537.36 (compatible; Googlebot/2.1; +http://www.google.com/bot.html)"
17.246.23.115 - - [23/Aug/2026:03:55:53 +0800] "GET /amy6998/wp-content/cache/2blog.ilc.edu.tw/wpfc-minified/kptx27zr/5woi5.js HTTP/1.1" 200 35570 "https://2blog.ilc.edu.tw/amy6998/2024/04/17/113%e5%b9%b44%e6%9c%8812%e6%97%a5%e6%a0%a1%e9%95%b7%e8%be%a6%e5%ad%b8%e7%90%86%e5%bf%b5%e8%aa%aa%e6%98%8e%e6%9c%83/" "Mozilla/5.0 (Macintosh; Intel Mac OS X 10_15_7) AppleWebKit/605.1.15 (KHTML, like Gecko) Version/17.4 Safari/605.1.15 (Applebot/0.1; +http://www.apple.com/go/applebot)"
66.249.71.7 - - [23/Aug/2026:03:55:51 +0800] "GET /wp-login.php?action=ilc_logout&_wpnonce=43754d0aad&redirect_to=http://seoreklama.ru/join/49286/ HTTP/1.1" 302 3461 "-" "Mozilla/5.0 (Linux; Android 6.0.1; Nexus 5X Build/MMB29P) AppleWebKit/537.36 (KHTML, like Gecko) Chrome/151.0.7922.137 Mobile Safari/537.36 (compatible; Googlebot/2.1; +http://www.google.com/bot.html)"
66.249.79.138 - - [23/Aug/2026:03:55:52 +0800] "GET /wp-login.php?key=lnyl6381&_wpnonce=&action=ilc_logout&redirect_to=https%3A%2F%2Fwww.aayyy.com%2Fguides HTTP/1.1" 302 3457 "-" "Mozilla/5.0 (Linux; Android 6.0.1; Nexus 5X Build/MMB29P) AppleWebKit/537.36 (KHTML, like Gecko) Chrome/151.0.7922.137 Mobile Safari/537.36 (compatible; Googlebot/2.1; +http://www.google.com/bot.html)"
17.246.23.115 - - [23/Aug/2026:03:55:54 +0800] "GET /amy6998/wp-content/cache/2blog.ilc.edu.tw/wpfc-minified/jm9xpjos/5woi5.js HTTP/1.1" 200 1645 "https://2blog.ilc.edu.tw/amy6998/2024/04/17/113%e5%b9%b44%e6%9c%8812%e6%97%a5%e6%a0%a1%e9%95%b7%e8%be%a6%e5%ad%b8%e7%90%86%e5%bf%b5%e8%aa%aa%e6%98%8e%e6%9c%83/" "Mozilla/5.0 (Macintosh; Intel Mac OS X 10_15_7) AppleWebKit/605.1.15 (KHTML, like Gecko) Version/17.4 Safari/605.1.15 (Applebot/0.1; +http://www.apple.com/go/applebot)"
18.205.91.101 - - [23/Aug/2026:03:55:54 +0800] "GET /kkes101/wp-json/wp/v2/posts/%22https:/2blog.ilc.edu.tw/kkes101/wp-content/uploads/sites/2886/2021/10/70428-300x225.jpg/%22 HTTP/1.1" 404 6134 "-" "Mozilla/5.0 AppleWebKit/537.36 (KHTML, like Gecko; compatible; Amazonbot/0.1; +https://developer.amazon.com/support/amazonbot) Chrome/119.0.6045.214 Safari/537.36"
66.253.105.14 - - [23/Aug/2026:03:55:55 +0800] "GET /wp-content/uploads/sites/3591/2024/11/ClassPoint017-300x213.png HTTP/1.1" 200 87576 "https://isupport.ilc.edu.tw/11369/" "Mozilla/5.0 (Macintosh; Intel Mac OS X 10_15_7) AppleWebKit/537.36 (KHTML, like Gecko) Chrome/131.0.0.0 Safari/537.36"
66.249.79.138 - - [23/Aug/2026:03:55:53 +0800] "GET /wp-login.php?key=11wft386&_wpnonce=&action=ilc_logout&redirect_to=https%3A%2F%2Fgame.edu.kg HTTP/1.1" 302 3448 "-" "Mozilla/5.0 (Linux; Android 6.0.1; Nexus 5X Build/MMB29P) AppleWebKit/537.36 (KHTML, like Gecko) Chrome/151.0.7922.137 Mobile Safari/537.36 (compatible; Googlebot/2.1; +http://www.google.com/bot.html)"
2001:288:a201::66:125 - - [23/Aug/2026:03:55:55 +0800] "GET /blog/active.php HTTP/1.1" 404 1084 "-" "-"
2001:288:a201::66:125 - - [23/Aug/2026:03:55:55 +0800] "GET /blog/active.php HTTP/1.1" 301 1026 "-" "-"
66.253.105.14 - - [23/Aug/2026:03:55:55 +0800] "GET /wp-content/uploads/sites/3591/2024/11/ClassPoint028-768x557.png HTTP/1.1" 200 508594 "https://isupport.ilc.edu.tw/11369/" "Mozilla/5.0 (Macintosh; Intel Mac OS X 10_15_7) AppleWebKit/537.36 (KHTML, like Gecko) Chrome/131.0.0.0 Safari/537.36"
23.229.107.174 - - [23/Aug/2026:03:55:56 +0800] "GET /wp-content/uploads/sites/3591/2024/11/ClassPoint01-300x162.png HTTP/1.1" 200 39651 "https://isupport.ilc.edu.tw/11369/" "Mozilla/5.0 (Macintosh; Intel Mac OS X 10_15_7) AppleWebKit/537.36 (KHTML, like Gecko) Chrome/131.0.0.0 Safari/537.36"
23.21.225.190 - - [23/Aug/2026:03:55:55 +0800] "GET /6460/wp-json/oembed/1.0/embed?url=https://2blog.ilc.edu.tw/6460/2011/12/07/%25e6%259c%25ac%25e6%25a0%25a1-308-%25e7%259b%25a7%25e6%259f%258f%25e9%2583%25a2%25e3%2580%2581108-%25e6%25a5%258a%25e6%2594%25bf%25e8%25bb%2592%25e5%2585%25a9%25e4%25bd%258d%25e5%2590%258c%25e5%25ad%25b8%25e5%258f%2583%25e5%258a%25a0%25e3%2580%258e%25e5%25ae%259c%25e8%2598%25ad%25e7%25b8%25a3%25e7%2592%25b0%25e4%25bf%259d/ HTTP/1.1" 200 9296 "-" "Mozilla/5.0 AppleWebKit/537.36 (KHTML, like Gecko; compatible; Amazonbot/0.1; +https://developer.amazon.com/support/amazonbot) Chrome/119.0.6045.214 Safari/537.36"
17.246.23.115 - - [23/Aug/2026:03:55:56 +0800] "GET /amy6998/wp-content/cache/2blog.ilc.edu.tw/wpfc-minified/9l9oa73z/5woi5.js HTTP/1.1" 200 3459 "https://2blog.ilc.edu.tw/amy6998/2024/04/17/113%e5%b9%b44%e6%9c%8812%e6%97%a5%e6%a0%a1%e9%95%b7%e8%be%a6%e5%ad%b8%e7%90%86%e5%bf%b5%e8%aa%aa%e6%98%8e%e6%9c%83/" "Mozilla/5.0 (Macintosh; Intel Mac OS X 10_15_7) AppleWebKit/605.1.15 (KHTML, like Gecko) Version/17.4 Safari/605.1.15 (Applebot/0.1; +http://www.apple.com/go/applebot)"
140.111.67.10 - - [23/Aug/2026:03:55:56 +0800] "GET /" 301 273 "-" "-"
2a03:2880:f802:1b:: - - [23/Aug/2026:03:55:55 +0800] "GET /wp-login.php?key=5v9hc374&_wpnonce=&action=ilc_logout&redirect_to=https%3A%2F%2Fmushroom.joynetgame.com HTTP/1.1" 302 8260 "-" "Mozilla/5.0 (Windows NT 10.0; Win64; x64) AppleWebKit/537.36 (KHTML, like Gecko) Chrome/145.0.0.0 Safari/537.36 (compatible; meta-externalagent/1.1 (+https://developers.facebook.com/docs/sharing/webmasters/crawler))"
66.249.79.138 - - [23/Aug/2026:03:55:54 +0800] "GET /wp-login.php?key=w7crj381&_wpnonce=&action=ilc_logout&redirect_to=https%3A%2F%2Fwww.aayyy.com%2Fgames HTTP/1.1" 302 3456 "-" "Mozilla/5.0 (Linux; Android 6.0.1; Nexus 5X Build/MMB29P) AppleWebKit/537.36 (KHTML, like Gecko) Chrome/151.0.7922.137 Mobile Safari/537.36 (compatible; Googlebot/2.1; +http://www.google.com/bot.html)"
17.246.23.115 - - [23/Aug/2026:03:55:57 +0800] "GET /amy6998/wp-includes/js/underscore.min.js HTTP/1.1" 200 8191 "https://2blog.ilc.edu.tw/amy6998/2024/04/17/113%e5%b9%b44%e6%9c%8812%e6%97%a5%e6%a0%a1%e9%95%b7%e8%be%a6%e5%ad%b8%e7%90%86%e5%bf%b5%e8%aa%aa%e6%98%8e%e6%9c%83/" "Mozilla/5.0 (Macintosh; Intel Mac OS X 10_15_7) AppleWebKit/605.1.15 (KHTML, like Gecko) Version/17.4 Safari/605.1.15 (Applebot/0.1; +http://www.apple.com/go/applebot)"
66.249.79.138 - - [23/Aug/2026:03:55:56 +0800] "GET /wp-login.php?key=63c4s381&_wpnonce=&action=ilc_logout&redirect_to=https%3A%2F%2Fwww.aayyy.com%2Fguides HTTP/1.1" 302 3457 "-" "Mozilla/5.0 (Linux; Android 6.0.1; Nexus 5X Build/MMB29P) AppleWebKit/537.36 (KHTML, like Gecko) Chrome/151.0.7922.137 Mobile Safari/537.36 (compatible; Googlebot/2.1; +http://www.google.com/bot.html)"
66.249.71.7 - - [23/Aug/2026:03:55:57 +0800] "GET /wp-login.php?key=zps4v381&_wpnonce=&action=ilc_logout&redirect_to=https%3A%2F%2Fplay.google.com%2Fstore%2Fapps%2Fdetails%3Fid%3Dcom.us.dyjycbt.google HTTP/1.1" 302 3496 "-" "Mozilla/5.0 (Linux; Android 6.0.1; Nexus 5X Build/MMB29P) AppleWebKit/537.36 (KHTML, like Gecko) Chrome/151.0.7922.137 Mobile Safari/537.36 (compatible; Googlebot/2.1; +http://www.google.com/bot.html)"
52.6.232.201 - - [23/Aug/2026:03:55:59 +0800] "GET /3149/wp-content/uploads/sites/2309/2022/12/20221206_094609-1568x1176.jpg HTTP/1.1" 200 322030 "-" "Mozilla/5.0 AppleWebKit/537.36 (KHTML, like Gecko; compatible; Amazonbot/0.1; +https://developer.amazon.com/support/amazonbot) Chrome/119.0.6045.214 Safari/537.36"
2001:288:a201::66:125 - - [23/Aug/2026:03:56:00 +0800] "GET /blog/active.php HTTP/1.1" 404 1084 "-" "-"
2001:288:a201::66:125 - - [23/Aug/2026:03:56:00 +0800] "GET /blog/active.php HTTP/1.1" 301 1026 "-" "-"
140.111.67.10 - - [23/Aug/2026:03:56:01 +0800] "GET /" 301 273 "-" "-"
2001:288:a201::67:81 - - [23/Aug/2026:03:56:01 +0800] "GET / HTTP/1.1" 200 56291 "-" "curl/7.81.0"
140.111.67.86 - - [23/Aug/2026:03:56:01 +0800] "GET / HTTP/1.1" 200 56291 "-" "curl/7.81.0"
66.249.79.129 - - [23/Aug/2026:03:56:00 +0800] "GET /wp-login.php?key=x887z381&_wpnonce=&action=ilc_logout&redirect_to=https%3A%2F%2Fmushroom.joynetgame.com HTTP/1.1" 302 8245 "-" "Mozilla/5.0 (Linux; Android 6.0.1; Nexus 5X Build/MMB29P) AppleWebKit/537.36 (KHTML, like Gecko) Chrome/151.0.7922.137 Mobile Safari/537.36 (compatible; Googlebot/2.1; +http://www.google.com/bot.html)"
2a03:2880:f802:3c:: - - [23/Aug/2026:03:56:03 +0800] "GET /2373/2010/06/21/%e7%ac%ac88%e5%b1%86%e7%95%a2%e6%a5%ad%e7%94%9f%e7%95%a2%e6%a5%ad%e5%85%b8%e7%a6%ae/ HTTP/1.1" 200 22266 "-" "Mozilla/5.0 (Windows NT 10.0; Win64; x64) AppleWebKit/537.36 (KHTML, like Gecko) Chrome/145.0.0.0 Safari/537.36 (compatible; meta-externalagent/1.1 (+https://developers.facebook.com/docs/sharing/webmasters/crawler))"
