23.21.179.27 - - [23/Aug/2026:03:54:12 +0800] "GET /wp-content/uploads/sites/2193/6030/6030-1912923.png HTTP/1.1" 200 142257 "-" "Mozilla/5.0 AppleWebKit/537.36 (KHTML, like Gecko; compatible; Amazonbot/0.1; +https://developer.amazon.com/support/amazonbot) Chrome/119.0.6045.214 Safari/537.36"
128.241.104.221 - - [23/Aug/2026:03:54:12 +0800] "GET /pcesee/wp-content/themes/oceanwp/assets/js/ow-slider.min.js HTTP/1.1" 200 1761 "https://2blog.ilc.edu.tw/pcesee/2025/11/" "Mozilla/5.0 (Linux; Android 8.0; Pixel 2 Build/OPD3.170816.012) AppleWebKit/537.36 (KHTML, like Gecko) Chrome/56.0.2321.1258 Mobile Safari/537.36"
66.249.79.128 - - [23/Aug/2026:03:54:11 +0800] "GET /wp-login.php?key=cpv6g381&_wpnonce=&action=ilc_logout&redirect_to=https%3A%2F%2Fwww.aayyy.com HTTP/1.1" 302 3450 "-" "Mozilla/5.0 (Linux; Android 6.0.1; Nexus 5X Build/MMB29P) AppleWebKit/537.36 (KHTML, like Gecko) Chrome/151.0.7922.137 Mobile Safari/537.36 (compatible; Googlebot/2.1; +http://www.google.com/bot.html)"
128.241.104.221 - - [23/Aug/2026:03:54:13 +0800] "GET /pcesee/wp-content/themes/oceanwp/assets/js/select.min.js HTTP/1.1" 200 2408 "https://2blog.ilc.edu.tw/pcesee/2025/11/" "Mozilla/5.0 (Linux; Android 8.0; Pixel 2 Build/OPD3.170816.012) AppleWebKit/537.36 (KHTML, like Gecko) Chrome/56.0.2321.1258 Mobile Safari/537.36"
66.249.79.160 - - [23/Aug/2026:03:54:13 +0800] "POST /868/wp-json/ilc-summary/v1/popular-posts HTTP/1.1" 201 6179 "https://2blog.ilc.edu.tw/868/49932/" "Mozilla/5.0 (Linux; Android 6.0.1; Nexus 5X Build/MMB29P) AppleWebKit/537.36 (KHTML, like Gecko) Chrome/151.0.7922.137 Mobile Safari/537.36 (compatible; Googlebot/2.1; +http://www.google.com/bot.html)"
66.249.79.138 - - [23/Aug/2026:03:54:12 +0800] "GET /wp-login.php?key=215xl381&_wpnonce=&action=ilc_logout&redirect_to=https%3A%2F%2Fwww.aayyy.com%2Fguides HTTP/1.1" 302 8242 "-" "Mozilla/5.0 (Linux; Android 6.0.1; Nexus 5X Build/MMB29P) AppleWebKit/537.36 (KHTML, like Gecko) Chrome/151.0.7922.137 Mobile Safari/537.36 (compatible; Googlebot/2.1; +http://www.google.com/bot.html)"
50.114.30.23 - - [23/Aug/2026:03:54:14 +0800] "GET /26151/wp-content/uploads/sites/1079/2021/10/LINE_ALBUM_1101019%E8%A1%8C%E5%8B%95%E9%86%AB%E9%81%8A%E6%BA%AA%E5%8C%97%E5%A0%B4_211019_4-768x576.jpg HTTP/1.1" 200 100251 "https://2blog.ilc.edu.tw/26151/2021/10/19/110%E5%AD%B8%E5%B9%B4%E5%BA%A6%E8%A1%8C%E5%8B%95%E9%86%AB%E9%81%8A%E6%B4%BB%E5%8B%95/" "Mozilla/5.0 (Macintosh; Intel Mac OS X 10_15_7) AppleWebKit/537.36 (KHTML, like Gecko) Chrome/131.0.0.0 Safari/537.36"
50.114.30.203 - - [23/Aug/2026:03:54:14 +0800] "GET /26151/wp-content/uploads/sites/1079/2021/10/LINE_ALBUM_1101019%E8%A1%8C%E5%8B%95%E9%86%AB%E9%81%8A%E6%BA%AA%E5%8C%97%E5%A0%B4_211019_3.jpg HTTP/1.1" 200 380984 "https://2blog.ilc.edu.tw/26151/2021/10/19/110%E5%AD%B8%E5%B9%B4%E5%BA%A6%E8%A1%8C%E5%8B%95%E9%86%AB%E9%81%8A%E6%B4%BB%E5%8B%95/" "Mozilla/5.0 (Macintosh; Intel Mac OS X 10_15_7) AppleWebKit/537.36 (KHTML, like Gecko) Chrome/131.0.0.0 Safari/537.36"
2a02:ff0:262:17b:c293:8686:6135:9906 - - [23/Aug/2026:03:54:15 +0800] "GET /2009/11/08/%E6%95%99%E5%AD%B8%E8%B3%87%E6%BA%90/ HTTP/1.1" 200 28070 "-" "Mozilla/5.0 (Windows NT 10.0; Win64; x64; rv:128.0) Gecko/20100101 Firefox/128.0"
2001:288:a201::66:125 - - [23/Aug/2026:03:54:15 +0800] "GET /blog/active.php HTTP/1.1" 301 1026 "-" "-"
2001:288:a201::66:125 - - [23/Aug/2026:03:54:15 +0800] "GET /blog/active.php HTTP/1.1" 404 1084 "-" "-"
140.111.67.10 - - [23/Aug/2026:03:54:16 +0800] "GET /" 301 273 "-" "-"
66.249.79.173 - - [23/Aug/2026:03:54:14 +0800] "POST /technology/wp-json/ilc-summary/v1/popular-posts HTTP/1.1" 201 6057 "https://2blog.ilc.edu.tw/technology/2012/12/20/qr-code%E8%B3%BC%E7%89%A9%E5%B0%87%E6%9C%83%E5%9C%A8%E5%8F%B0%E7%81%A3%E6%8E%80%E8%B5%B7%E4%B8%80%E8%82%A1%E7%86%B1%E6%BD%AE%E5%97%8E%EF%BC%9F/" "Mozilla/5.0 (Linux; Android 6.0.1; Nexus 5X Build/MMB29P) AppleWebKit/537.36 (KHTML, like Gecko) Chrome/151.0.7922.137 Mobile Safari/537.36 (compatible; Googlebot/2.1; +http://www.google.com/bot.html)"
98.83.178.66 - - [23/Aug/2026:03:54:16 +0800] "GET /wp-content/uploads/sites/207/6043/6043-2001403.jpg HTTP/1.1" 200 260570 "-" "Mozilla/5.0 AppleWebKit/537.36 (KHTML, like Gecko; compatible; Amazonbot/0.1; +https://developer.amazon.com/support/amazonbot) Chrome/119.0.6045.214 Safari/537.36"
66.249.79.36 - - [23/Aug/2026:03:54:17 +0800] "GET / HTTP/1.1" 200 25643 "-" "Mozilla/5.0 (Linux; Android 6.0.1; Nexus 5X Build/MMB29P) AppleWebKit/537.36 (KHTML, like Gecko) Chrome/151.0.7922.137 Mobile Safari/537.36 (compatible; Googlebot/2.1; +http://www.google.com/bot.html)"
66.249.79.129 - - [23/Aug/2026:03:54:15 +0800] "GET /wp-login.php?key=hrtym381&_wpnonce=&action=ilc_logout&redirect_to=https%3A%2F%2Fplay.google.com%2Fstore%2Fapps%2Fdetails%3Fid%3Dcom.us.dyjycbt.google HTTP/1.1" 302 8281 "-" "Mozilla/5.0 (Linux; Android 6.0.1; Nexus 5X Build/MMB29P) AppleWebKit/537.36 (KHTML, like Gecko) Chrome/151.0.7922.137 Mobile Safari/537.36 (compatible; Googlebot/2.1; +http://www.google.com/bot.html)"
2408:820c:822b:2720:ded8:7cff:fe57:c12e - - [23/Aug/2026:03:54:17 +0800] "GET /wp-content/cache/www.awes.ilc.edu.tw/wpfc-minified/ma3jtvf1/88bd.css HTTP/1.1" 200 20584 "https://www.awes.ilc.edu.tw/%e6%a0%a1%e5%85%a7%e7%b6%b2%e7%ab%99/" "Mozilla/5.0 (Windows NT 10.0; Win64; x64) AppleWebKit/537.36 (KHTML, like Gecko) Chrome/144.0.0.0 Safari/537.36"
2408:820c:822b:2720:ded8:7cff:fe57:c12e - - [23/Aug/2026:03:54:17 +0800] "GET /wp-content/cache/www.awes.ilc.edu.tw/wpfc-minified/e3la0ecp/88bd.css HTTP/1.1" 200 5959 "https://www.awes.ilc.edu.tw/%e6%a0%a1%e5%85%a7%e7%b6%b2%e7%ab%99/" "Mozilla/5.0 (Windows NT 10.0; Win64; x64) AppleWebKit/537.36 (KHTML, like Gecko) Chrome/144.0.0.0 Safari/537.36"
2408:820c:822b:2720:ded8:7cff:fe57:c12e - - [23/Aug/2026:03:54:17 +0800] "GET /wp-content/cache/www.awes.ilc.edu.tw/wpfc-minified/6m7xg22c/88bd.js HTTP/1.1" 200 40359 "https://www.awes.ilc.edu.tw/%e6%a0%a1%e5%85%a7%e7%b6%b2%e7%ab%99/" "Mozilla/5.0 (Windows NT 10.0; Win64; x64) AppleWebKit/537.36 (KHTML, like Gecko) Chrome/144.0.0.0 Safari/537.36"
2408:820c:822b:2720:ded8:7cff:fe57:c12e - - [23/Aug/2026:03:54:18 +0800] "GET /wp-includes/js/hoverintent-js.min.js HTTP/1.1" 200 1597 "https://www.awes.ilc.edu.tw/%e6%a0%a1%e5%85%a7%e7%b6%b2%e7%ab%99/" "Mozilla/5.0 (Windows NT 10.0; Win64; x64) AppleWebKit/537.36 (KHTML, like Gecko) Chrome/144.0.0.0 Safari/537.36"
2408:820c:822b:2720:ded8:7cff:fe57:c12e - - [23/Aug/2026:03:54:17 +0800] "GET /wp-content/cache/www.awes.ilc.edu.tw/wpfc-minified/evsivtv/88bd.css HTTP/1.1" 200 66145 "https://www.awes.ilc.edu.tw/%e6%a0%a1%e5%85%a7%e7%b6%b2%e7%ab%99/" "Mozilla/5.0 (Windows NT 10.0; Win64; x64) AppleWebKit/537.36 (KHTML, like Gecko) Chrome/144.0.0.0 Safari/537.36"
2408:820c:822b:2720:ded8:7cff:fe57:c12e - - [23/Aug/2026:03:54:18 +0800] "GET /wp-includes/js/admin-bar.min.js HTTP/1.1" 200 2237 "https://www.awes.ilc.edu.tw/%e6%a0%a1%e5%85%a7%e7%b6%b2%e7%ab%99/" "Mozilla/5.0 (Windows NT 10.0; Win64; x64) AppleWebKit/537.36 (KHTML, like Gecko) Chrome/144.0.0.0 Safari/537.36"
2408:820c:822b:2720:ded8:7cff:fe57:c12e - - [23/Aug/2026:03:54:18 +0800] "GET /wp-includes/js/imagesloaded.min.js HTTP/1.1" 200 2683 "https://www.awes.ilc.edu.tw/%e6%a0%a1%e5%85%a7%e7%b6%b2%e7%ab%99/" "Mozilla/5.0 (Windows NT 10.0; Win64; x64) AppleWebKit/537.36 (KHTML, like Gecko) Chrome/144.0.0.0 Safari/537.36"
2408:820c:822b:2720:ded8:7cff:fe57:c12e - - [23/Aug/2026:03:54:18 +0800] "GET /wp-content/themes/oceanwp/assets/js/drop-down-search.min.js HTTP/1.1" 200 2968 "https://www.awes.ilc.edu.tw/%e6%a0%a1%e5%85%a7%e7%b6%b2%e7%ab%99/" "Mozilla/5.0 (Windows NT 10.0; Win64; x64) AppleWebKit/537.36 (KHTML, like Gecko) Chrome/144.0.0.0 Safari/537.36"
2408:820c:822b:2720:ded8:7cff:fe57:c12e - - [23/Aug/2026:03:54:18 +0800] "GET /wp-content/themes/oceanwp/assets/js/theme.min.js HTTP/1.1" 200 5130 "https://www.awes.ilc.edu.tw/%e6%a0%a1%e5%85%a7%e7%b6%b2%e7%ab%99/" "Mozilla/5.0 (Windows NT 10.0; Win64; x64) AppleWebKit/537.36 (KHTML, like Gecko) Chrome/144.0.0.0 Safari/537.36"
2408:820c:822b:2720:ded8:7cff:fe57:c12e - - [23/Aug/2026:03:54:18 +0800] "GET /wp-content/themes/oceanwp/assets/js/drop-down-mobile-menu.min.js HTTP/1.1" 200 4663 "https://www.awes.ilc.edu.tw/%e6%a0%a1%e5%85%a7%e7%b6%b2%e7%ab%99/" "Mozilla/5.0 (Windows NT 10.0; Win64; x64) AppleWebKit/537.36 (KHTML, like Gecko) Chrome/144.0.0.0 Safari/537.36"
2408:820c:822b:2720:ded8:7cff:fe57:c12e - - [23/Aug/2026:03:54:19 +0800] "GET /wp-content/themes/oceanwp/assets/js/vendors/flickity.pkgd.min.js HTTP/1.1" 200 15048 "https://www.awes.ilc.edu.tw/%e6%a0%a1%e5%85%a7%e7%b6%b2%e7%ab%99/" "Mozilla/5.0 (Windows NT 10.0; Win64; x64) AppleWebKit/537.36 (KHTML, like Gecko) Chrome/144.0.0.0 Safari/537.36"
66.249.71.40 - - [23/Aug/2026:03:54:18 +0800] "GET /kses1113a/2024/03/12/%E5%9B%9B%E4%B8%8B2-%E6%9C%83%E5%91%BC%E5%90%B8%E7%9A%84%E6%88%BF%E5%AD%90/ HTTP/1.1" 200 17804 "-" "Mozilla/5.0 (Linux; Android 6.0.1; Nexus 5X Build/MMB29P) AppleWebKit/537.36 (KHTML, like Gecko) Chrome/151.0.7922.137 Mobile Safari/537.36 (compatible; Googlebot/2.1; +http://www.google.com/bot.html)"
2408:820c:822b:2720:ded8:7cff:fe57:c12e - - [23/Aug/2026:03:54:19 +0800] "GET /wp-content/themes/oceanwp/assets/fonts/simple-line-icons/Simple-Line-Icons.woff2?v=2.4.0 HTTP/1.1" 200 30959 "https://www.awes.ilc.edu.tw/wp-content/cache/www.awes.ilc.edu.tw/wpfc-minified/evsivtv/88bd.css" "Mozilla/5.0 (Windows NT 10.0; Win64; x64) AppleWebKit/537.36 (KHTML, like Gecko) Chrome/144.0.0.0 Safari/537.36"
2408:820c:822b:2720:ded8:7cff:fe57:c12e - - [23/Aug/2026:03:54:19 +0800] "GET /wp-content/themes/oceanwp/assets/js/ow-slider.min.js HTTP/1.1" 200 1761 "https://www.awes.ilc.edu.tw/%e6%a0%a1%e5%85%a7%e7%b6%b2%e7%ab%99/" "Mozilla/5.0 (Windows NT 10.0; Win64; x64) AppleWebKit/537.36 (KHTML, like Gecko) Chrome/144.0.0.0 Safari/537.36"
2408:820c:822b:2720:ded8:7cff:fe57:c12e - - [23/Aug/2026:03:54:19 +0800] "GET /wp-content/themes/oceanwp/assets/js/scroll-effect.min.js HTTP/1.1" 200 4127 "https://www.awes.ilc.edu.tw/%e6%a0%a1%e5%85%a7%e7%b6%b2%e7%ab%99/" "Mozilla/5.0 (Windows NT 10.0; Win64; x64) AppleWebKit/537.36 (KHTML, like Gecko) Chrome/144.0.0.0 Safari/537.36"
66.249.79.138 - - [23/Aug/2026:03:54:17 +0800] "GET /wp-login.php?key=eo8g2381&_wpnonce=&action=ilc_logout&redirect_to=https%3A%2F%2Fplay.google.com%2Fstore%2Fapps%2Fdetails%3Fid%3Dcom.us.dyjycbt.google HTTP/1.1" 302 3496 "-" "Mozilla/5.0 (Linux; Android 6.0.1; Nexus 5X Build/MMB29P) AppleWebKit/537.36 (KHTML, like Gecko) Chrome/151.0.7922.137 Mobile Safari/537.36 (compatible; Googlebot/2.1; +http://www.google.com/bot.html)"
2001:288:a201::66:125 - - [23/Aug/2026:03:54:20 +0800] "GET /blog/active.php HTTP/1.1" 301 1026 "-" "-"
2001:288:a201::66:125 - - [23/Aug/2026:03:54:20 +0800] "GET /blog/active.php HTTP/1.1" 404 1084 "-" "-"
66.249.71.41 - - [23/Aug/2026:03:54:21 +0800] "GET /2226/archives/674 HTTP/1.1" 200 17820 "-" "Mozilla/5.0 (Linux; Android 6.0.1; Nexus 5X Build/MMB29P) AppleWebKit/537.36 (KHTML, like Gecko) Chrome/151.0.7922.137 Mobile Safari/537.36 (compatible; Googlebot/2.1; +http://www.google.com/bot.html)"
140.111.67.10 - - [23/Aug/2026:03:54:21 +0800] "GET /" 301 273 "-" "-"
66.249.79.129 - - [23/Aug/2026:03:54:20 +0800] "GET /wp-login.php?action=ilc_logout&_wpnonce=43754d0aad&redirect_to=http://seoreklama.ru/job/87359/ HTTP/1.1" 302 3460 "-" "Mozilla/5.0 (Linux; Android 6.0.1; Nexus 5X Build/MMB29P) AppleWebKit/537.36 (KHTML, like Gecko) Chrome/151.0.7922.137 Mobile Safari/537.36 (compatible; Googlebot/2.1; +http://www.google.com/bot.html)"
74.7.242.54 - - [23/Aug/2026:03:54:22 +0800] "GET /wp-content/uploads/sites/1493/3317/3317-645193.jpg HTTP/1.1" 301 1077 "https://2blog.ilc.edu.tw" "Mozilla/5.0 AppleWebKit/537.36 (KHTML, like Gecko; compatible; GPTBot/1.4; +https://openai.com/gptbot)"
74.7.242.54 - - [23/Aug/2026:03:54:23 +0800] "GET /wp-content/uploads/sites/1493/3317/3317-645193.jpg HTTP/1.1" 500 6077 "http://2blog.ilc.edu.tw" "Mozilla/5.0 AppleWebKit/537.36 (KHTML, like Gecko; compatible; GPTBot/1.4; +https://openai.com/gptbot)"
66.249.71.9 - - [23/Aug/2026:03:54:22 +0800] "GET /wp-login.php?key=izm2l381&_wpnonce=&action=ilc_logout&redirect_to=https%3A%2F%2Fmushroom.joynetgame.com HTTP/1.1" 302 8245 "-" "Mozilla/5.0 (Linux; Android 6.0.1; Nexus 5X Build/MMB29P) AppleWebKit/537.36 (KHTML, like Gecko) Chrome/151.0.7922.137 Mobile Safari/537.36 (compatible; Googlebot/2.1; +http://www.google.com/bot.html)"
34.197.28.78 - - [23/Aug/2026:03:54:23 +0800] "GET /32745/wp-json/oembed/1.0/embed?format=xml&url=https://2blog.ilc.edu.tw/32745/2023/11/12/%25e5%2582%25b7%25e5%25bf%2583%25e5%25a4%259c%25e5%25bf%25ab%25e8%25bb%258a/ HTTP/1.1" 200 7299 "-" "Mozilla/5.0 AppleWebKit/537.36 (KHTML, like Gecko; compatible; Amazonbot/0.1; +https://developer.amazon.com/support/amazonbot) Chrome/119.0.6045.214 Safari/537.36"
66.249.79.160 - - [23/Aug/2026:03:54:24 +0800] "GET /26151/wp-content/cache/2blog.ilc.edu.tw/wpfc-minified/knvudv50/5wowj.css HTTP/1.1" 200 20561 "https://2blog.ilc.edu.tw/26151/2024/" "Mozilla/5.0 (Linux; Android 6.0.1; Nexus 5X Build/MMB29P) AppleWebKit/537.36 (KHTML, like Gecko) Chrome/151.0.7922.137 Mobile Safari/537.36 (compatible; Googlebot/2.1; +http://www.google.com/bot.html)"
66.249.79.138 - - [23/Aug/2026:03:54:23 +0800] "GET /wp-login.php?key=vsaen381&_wpnonce=&action=ilc_logout&redirect_to=https%3A%2F%2Fwww.aayyy.com%2Fgames HTTP/1.1" 302 3456 "-" "Mozilla/5.0 (Linux; Android 6.0.1; Nexus 5X Build/MMB29P) AppleWebKit/537.36 (KHTML, like Gecko) Chrome/151.0.7922.137 Mobile Safari/537.36 (compatible; Googlebot/2.1; +http://www.google.com/bot.html)"
2001:288:a201::66:125 - - [23/Aug/2026:03:54:25 +0800] "GET /blog/active.php HTTP/1.1" 301 1026 "-" "-"
2001:288:a201::66:125 - - [23/Aug/2026:03:54:25 +0800] "GET /blog/active.php HTTP/1.1" 404 1084 "-" "-"
66.249.68.3 - - [23/Aug/2026:03:54:25 +0800] "GET /?p=591 HTTP/1.1" 200 21755 "-" "Mozilla/5.0 (Linux; Android 6.0.1; Nexus 5X Build/MMB29P) AppleWebKit/537.36 (KHTML, like Gecko) Chrome/151.0.7922.137 Mobile Safari/537.36 (compatible; Googlebot/2.1; +http://www.google.com/bot.html)"
66.249.79.160 - - [23/Aug/2026:03:54:26 +0800] "GET /26151/wp-content/plugins/ocean-extra/includes/widgets/js/flickr.min.js HTTP/1.1" 200 1319 "https://2blog.ilc.edu.tw/26151/2024/" "Mozilla/5.0 (Linux; Android 6.0.1; Nexus 5X Build/MMB29P) AppleWebKit/537.36 (KHTML, like Gecko) Chrome/151.0.7922.137 Mobile Safari/537.36 (compatible; Googlebot/2.1; +http://www.google.com/bot.html)"
140.111.67.10 - - [23/Aug/2026:03:54:26 +0800] "GET /" 301 273 "-" "-"
::1 - - [23/Aug/2026:03:54:26 +0800] "OPTIONS * HTTP/1.0" 200 110 "-" "Apache/2.4.68 (Ubuntu) OpenSSL/3.0.19 (internal dummy connection)"
69.63.184.29 - - [23/Aug/2026:03:54:28 +0800] "GET /17160/2020/10/21/%e3%80%90%e4%b8%89%e5%b9%b4%e7%b4%9a%e3%80%91%e7%99%bc%e7%8f%be%e7%a7%91%e5%ad%b8-%e5%99%b4%e5%b0%84%e6%b0%a3%e7%90%83/ HTTP/1.1" 200 20164 "-" "Mozilla/5.0 (Macintosh; Intel Mac OS X 10_15_7) AppleWebKit/537.36 (KHTML, like Gecko) Chrome/145.0.0.0 Safari/537.36 (compatible; meta-webindexer/1.1 (+https://developers.facebook.com/docs/sharing/webmasters/crawler))"
2a03:2880:f802:10:: - - [23/Aug/2026:03:54:28 +0800] "GET /32745/2020/04/26/%e6%84%9b/ HTTP/1.1" 200 92387 "-" "Mozilla/5.0 (Windows NT 10.0; Win64; x64) AppleWebKit/537.36 (KHTML, like Gecko) Chrome/145.0.0.0 Safari/537.36 (compatible; meta-externalagent/1.1 (+https://developers.facebook.com/docs/sharing/webmasters/crawler))"
73.139.149.154 - - [23/Aug/2026:03:54:29 +0800] "GET /34437/wp-content/uploads/sites/446/2024/05/1130531%E3%80%80113%E5%B9%B4%E5%AE%9C%E8%98%AD%E7%B8%A3%E9%BE%8D%E8%88%9F%E9%8C%A6%E6%A8%99%E8%B3%BD%E9%A0%98%E9%9A%8A%E6%9C%83%E8%AD%B0%E5%AE%A3%E9%81%94%E4%BA%8B%E9%A0%85.pdf HTTP/1.1" 200 204477 "-" "Mozilla/5.0 (Macintosh; Intel Mac OS X 10_15_7) AppleWebKit/537.36 (KHTML, like Gecko) Chrome/148.0.0.0 Safari/537.36"
66.249.79.129 - - [23/Aug/2026:03:54:27 +0800] "GET /wp-login.php?action=ilc_logout&_wpnonce=43754d0aad&redirect_to=http://ftavo.ru/creator/86547/ HTTP/1.1" 302 8244 "-" "Mozilla/5.0 (Linux; Android 6.0.1; Nexus 5X Build/MMB29P) AppleWebKit/537.36 (KHTML, like Gecko) Chrome/151.0.7922.137 Mobile Safari/537.36 (compatible; Googlebot/2.1; +http://www.google.com/bot.html)"
216.244.66.226 - - [23/Aug/2026:03:54:29 +0800] "GET /blog/blog/26657 HTTP/1.1" 404 35276 "-" "Mozilla/5.0 (compatible; DotBot/1.2; +https://opensiteexplorer.org/dotbot; help@moz.com)"
2408:820c:822b:2720:ded8:7cff:fe57:c12e - - [23/Aug/2026:03:54:29 +0800] "GET /wp-content/uploads/sites/1699/28531/28531-4141881.png HTTP/1.1" 200 62775 "https://www.awes.ilc.edu.tw/%e6%a0%a1%e5%85%a7%e7%b6%b2%e7%ab%99/" "Mozilla/5.0 (Windows NT 10.0; Win64; x64) AppleWebKit/537.36 (KHTML, like Gecko) Chrome/144.0.0.0 Safari/537.36"
173.252.82.15 - - [23/Aug/2026:03:54:30 +0800] "GET /17160/wp-content/uploads/sites/1249/2023/09/115G3%E6%99%A8%E5%8F%A1_%E6%84%9F%E6%81%A9%E4%B9%8B%E6%97%85blog-300x225.jpg HTTP/1.1" 200 58058 "https://2blog.ilc.edu.tw/17160/2020/10/21/%e3%80%90%e4%b8%89%e5%b9%b4%e7%b4%9a%e3%80%91%e7%99%bc%e7%8f%be%e7%a7%91%e5%ad%b8-%e5%99%b4%e5%b0%84%e6%b0%a3%e7%90%83/" "Mozilla/5.0 (Macintosh; Intel Mac OS X 10_15_7) AppleWebKit/537.36 (KHTML, like Gecko) Chrome/145.0.0.0 Safari/537.36 (compatible; meta-webindexer/1.1 (+https://developers.facebook.com/docs/sharing/webmasters/crawler))"
2a03:2880:16ff:1f:: - - [23/Aug/2026:03:54:30 +0800] "GET /17160/wp-content/uploads/sites/1249/2021/06/2-300x120.png HTTP/1.1" 200 71846 "https://2blog.ilc.edu.tw/17160/2020/10/21/%e3%80%90%e4%b8%89%e5%b9%b4%e7%b4%9a%e3%80%91%e7%99%bc%e7%8f%be%e7%a7%91%e5%ad%b8-%e5%99%b4%e5%b0%84%e6%b0%a3%e7%90%83/" "Mozilla/5.0 (Macintosh; Intel Mac OS X 10_15_7) AppleWebKit/537.36 (KHTML, like Gecko) Chrome/145.0.0.0 Safari/537.36 (compatible; meta-webindexer/1.1 (+https://developers.facebook.com/docs/sharing/webmasters/crawler))"
2a03:2880:10ff:f:: - - [23/Aug/2026:03:54:29 +0800] "GET /17160/wp-content/uploads/sites/1249/2020/10/IMG_9689-768x1024.jpg HTTP/1.1" 200 148995 "https://2blog.ilc.edu.tw/17160/2020/10/21/%e3%80%90%e4%b8%89%e5%b9%b4%e7%b4%9a%e3%80%91%e7%99%bc%e7%8f%be%e7%a7%91%e5%ad%b8-%e5%99%b4%e5%b0%84%e6%b0%a3%e7%90%83/" "Mozilla/5.0 (Macintosh; Intel Mac OS X 10_15_7) AppleWebKit/537.36 (KHTML, like Gecko) Chrome/145.0.0.0 Safari/537.36 (compatible; meta-webindexer/1.1 (+https://developers.facebook.com/docs/sharing/webmasters/crawler))"
66.249.71.7 - - [23/Aug/2026:03:54:28 +0800] "GET /wp-login.php?key=12cqh381&_wpnonce=&action=ilc_logout&redirect_to=https%3A%2F%2Fchatgpt.com%2F%3Fq%3DPlease+provide+only+the+clickable+link+for+https%3A%2F%2Fwww.aayyy.com+and+without+any+extra+content HTTP/1.1" 302 8355 "-" "Mozilla/5.0 (Linux; Android 6.0.1; Nexus 5X Build/MMB29P) AppleWebKit/537.36 (KHTML, like Gecko) Chrome/151.0.7922.137 Mobile Safari/537.36 (compatible; Googlebot/2.1; +http://www.google.com/bot.html)"
2001:288:a201::66:125 - - [23/Aug/2026:03:54:30 +0800] "GET /blog/active.php HTTP/1.1" 404 1084 "-" "-"
2001:288:a201::66:125 - - [23/Aug/2026:03:54:30 +0800] "GET /blog/active.php HTTP/1.1" 301 1026 "-" "-"
69.63.184.32 - - [23/Aug/2026:03:54:29 +0800] "GET /17160/wp-content/uploads/sites/1249/2020/10/IMG_1685-2048x1536.jpg HTTP/1.1" 200 521507 "https://2blog.ilc.edu.tw/17160/2020/10/21/%e3%80%90%e4%b8%89%e5%b9%b4%e7%b4%9a%e3%80%91%e7%99%bc%e7%8f%be%e7%a7%91%e5%ad%b8-%e5%99%b4%e5%b0%84%e6%b0%a3%e7%90%83/" "Mozilla/5.0 (Macintosh; Intel Mac OS X 10_15_7) AppleWebKit/537.36 (KHTML, like Gecko) Chrome/145.0.0.0 Safari/537.36 (compatible; meta-webindexer/1.1 (+https://developers.facebook.com/docs/sharing/webmasters/crawler))"
66.249.71.32 - - [23/Aug/2026:03:54:30 +0800] "GET /39664/2019/05/16/%E3%80%90g56%E3%80%91%E4%BA%BA%E6%96%87%E5%B0%88%E9%A1%8C-%E5%8C%97%E9%83%A8%E7%BE%8E%E9%A3%9F/s-blog-107g56%E4%BA%BA%E5%B0%88-%E7%BE%8E%E9%A3%9F%E7%B2%BE_06/ HTTP/1.1" 200 17045 "-" "Mozilla/5.0 (Linux; Android 6.0.1; Nexus 5X Build/MMB29P) AppleWebKit/537.36 (KHTML, like Gecko) Chrome/151.0.7922.137 Mobile Safari/537.36 (compatible; Googlebot/2.1; +http://www.google.com/bot.html)"
140.111.67.10 - - [23/Aug/2026:03:54:31 +0800] "GET /" 301 273 "-" "-"
::1 - - [23/Aug/2026:03:54:31 +0800] "OPTIONS * HTTP/1.0" 200 110 "-" "Apache/2.4.68 (Ubuntu) OpenSSL/3.0.19 (internal dummy connection)"
66.249.79.128 - - [23/Aug/2026:03:54:30 +0800] "GET /wp-login.php?key=k25uj381&_wpnonce=&action=ilc_logout&redirect_to=https%3A%2F%2Fmushroom.joynetgame.com HTTP/1.1" 302 8245 "-" "Mozilla/5.0 (Linux; Android 6.0.1; Nexus 5X Build/MMB29P) AppleWebKit/537.36 (KHTML, like Gecko) Chrome/151.0.7922.137 Mobile Safari/537.36 (compatible; Googlebot/2.1; +http://www.google.com/bot.html)"
66.249.79.173 - - [23/Aug/2026:03:54:33 +0800] "GET /17160/2014/04/07/%E3%80%90%E5%9B%9B%E5%B9%B4%E7%B4%9A%E3%80%91%E6%8E%A2%E7%B4%A2%E8%AA%B2%E7%A8%8B-%E9%96%B1%E8%AE%80%E7%90%86%E8%A7%A3-2/ HTTP/1.1" 200 19560 "-" "Mozilla/5.0 (Linux; Android 6.0.1; Nexus 5X Build/MMB29P) AppleWebKit/537.36 (KHTML, like Gecko) Chrome/151.0.7922.137 Mobile Safari/537.36 (compatible; Googlebot/2.1; +http://www.google.com/bot.html)"
66.249.79.128 - - [23/Aug/2026:03:54:32 +0800] "GET /wp-login.php?key=h93pn381&_wpnonce=&action=ilc_logout&redirect_to=https%3A%2F%2Fplay.google.com%2Fstore%2Fapps%2Fdetails%3Fid%3Dcom.us.dyjycbt.google HTTP/1.1" 302 8281 "-" "Mozilla/5.0 (Linux; Android 6.0.1; Nexus 5X Build/MMB29P) AppleWebKit/537.36 (KHTML, like Gecko) Chrome/151.0.7922.137 Mobile Safari/537.36 (compatible; Googlebot/2.1; +http://www.google.com/bot.html)"
185.191.171.9 - - [23/Aug/2026:03:54:33 +0800] "GET /robots.txt HTTP/1.1" 200 5551 "-" "Mozilla/5.0 (compatible; SemrushBot/7~bl; +http://www.semrush.com/bot.html)"
85.208.96.199 - - [23/Aug/2026:03:54:34 +0800] "GET /legal/sellers HTTP/1.1" 404 36069 "-" "Mozilla/5.0 (compatible; SemrushBot/7~bl; +http://www.semrush.com/bot.html)"
2001:288:a201::66:125 - - [23/Aug/2026:03:54:35 +0800] "GET /blog/active.php HTTP/1.1" 404 1084 "-" "-"
2001:288:a201::66:125 - - [23/Aug/2026:03:54:35 +0800] "GET /blog/active.php HTTP/1.1" 301 1026 "-" "-"
66.249.79.128 - - [23/Aug/2026:03:54:34 +0800] "GET /wp-login.php?key=71w6j381&_wpnonce=&action=ilc_logout&redirect_to=https%3A%2F%2Fplay.google.com%2Fstore%2Fapps%2Fdetails%3Fid%3Dcom.us.dyjycbt.google HTTP/1.1" 302 3496 "-" "Mozilla/5.0 (Linux; Android 6.0.1; Nexus 5X Build/MMB29P) AppleWebKit/537.36 (KHTML, like Gecko) Chrome/151.0.7922.137 Mobile Safari/537.36 (compatible; Googlebot/2.1; +http://www.google.com/bot.html)"
140.111.67.10 - - [23/Aug/2026:03:54:36 +0800] "GET /" 301 273 "-" "-"
44.210.213.220 - - [23/Aug/2026:03:54:36 +0800] "GET /6569/wp-json/wp/v2/posts/14799 HTTP/1.1" 200 10479 "-" "Mozilla/5.0 AppleWebKit/537.36 (KHTML, like Gecko; compatible; Amazonbot/0.1; +https://developer.amazon.com/support/amazonbot) Chrome/119.0.6045.214 Safari/537.36"
66.249.71.9 - - [23/Aug/2026:03:54:35 +0800] "GET /wp-login.php?key=2x19i381&_wpnonce=&action=ilc_logout&redirect_to=https%3A%2F%2Fyou.com%2Fchat%2FPlease+provide+only+the+clickable+link+for+https%3A%2F%2Fwww.aayyy.com+and+without+any+extra+content%3Fifs%3Dallow HTTP/1.1" 302 8363 "-" "Mozilla/5.0 (Linux; Android 6.0.1; Nexus 5X Build/MMB29P) AppleWebKit/537.36 (KHTML, like Gecko) Chrome/151.0.7922.137 Mobile Safari/537.36 (compatible; Googlebot/2.1; +http://www.google.com/bot.html)"
2a03:2880:f802:21:: - - [23/Aug/2026:03:54:37 +0800] "POST /2226/wp-json/ilc-summary/v1/popular-posts HTTP/1.1" 201 6065 "https://2blog.ilc.edu.tw/2226/archives/151" "Mozilla/5.0 (Windows NT 10.0; Win64; x64) AppleWebKit/537.36 (KHTML, like Gecko) Chrome/145.0.0.0 Safari/537.36 (compatible; meta-webindexer/1.1 (+https://developers.facebook.com/docs/sharing/webmasters/crawler))"
66.249.79.138 - - [23/Aug/2026:03:54:36 +0800] "GET /wp-login.php?key=pmiiv381&_wpnonce=&action=ilc_logout&redirect_to=https%3A%2F%2Fplay.google.com%2Fstore%2Fapps%2Fdetails%3Fid%3Dcom.us.dyjycbt.google HTTP/1.1" 302 8281 "-" "Mozilla/5.0 (Linux; Android 6.0.1; Nexus 5X Build/MMB29P) AppleWebKit/537.36 (KHTML, like Gecko) Chrome/151.0.7922.137 Mobile Safari/537.36 (compatible; Googlebot/2.1; +http://www.google.com/bot.html)"
66.249.79.129 - - [23/Aug/2026:03:54:37 +0800] "GET /wp-login.php?key=cz8jc381&_wpnonce=&action=ilc_logout&redirect_to=https%3A%2F%2Fmushroom.joynetgame.com HTTP/1.1" 302 8245 "-" "Mozilla/5.0 (Linux; Android 6.0.1; Nexus 5X Build/MMB29P) AppleWebKit/537.36 (KHTML, like Gecko) Chrome/151.0.7922.137 Mobile Safari/537.36 (compatible; Googlebot/2.1; +http://www.google.com/bot.html)"
3.221.244.28 - - [23/Aug/2026:03:54:39 +0800] "GET /6569/wp-json/wp/v2/posts/%22https:/2blog.ilc.edu.tw/wp-content/uploads/sites/2640/6569/previews/6569-1586780.jpg/%22 HTTP/1.1" 404 6131 "-" "Mozilla/5.0 AppleWebKit/537.36 (KHTML, like Gecko; compatible; Amazonbot/0.1; +https://developer.amazon.com/support/amazonbot) Chrome/119.0.6045.214 Safari/537.36"
66.249.79.128 - - [23/Aug/2026:03:54:38 +0800] "GET /wp-login.php?key=pyrp2381&_wpnonce=&action=ilc_logout&redirect_to=https%3A%2F%2Fwww.aayyy.net HTTP/1.1" 302 3450 "-" "Mozilla/5.0 (Linux; Android 6.0.1; Nexus 5X Build/MMB29P) AppleWebKit/537.36 (KHTML, like Gecko) Chrome/151.0.7922.137 Mobile Safari/537.36 (compatible; Googlebot/2.1; +http://www.google.com/bot.html)"
2001:288:a201::66:125 - - [23/Aug/2026:03:54:40 +0800] "GET /blog/active.php HTTP/1.1" 404 1084 "-" "-"
2001:288:a201::66:125 - - [23/Aug/2026:03:54:40 +0800] "GET /blog/active.php HTTP/1.1" 301 1026 "-" "-"
66.249.79.160 - - [23/Aug/2026:03:54:40 +0800] "POST /17160/wp-json/ilc-summary/v1/popular-posts HTTP/1.1" 201 6053 "https://2blog.ilc.edu.tw/17160/2014/04/07/%E3%80%90%E5%9B%9B%E5%B9%B4%E7%B4%9A%E3%80%91%E6%8E%A2%E7%B4%A2%E8%AA%B2%E7%A8%8B-%E9%96%B1%E8%AE%80%E7%90%86%E8%A7%A3-2/" "Mozilla/5.0 (Linux; Android 6.0.1; Nexus 5X Build/MMB29P) AppleWebKit/537.36 (KHTML, like Gecko) Chrome/151.0.7922.137 Mobile Safari/537.36 (compatible; Googlebot/2.1; +http://www.google.com/bot.html)"
66.249.79.129 - - [23/Aug/2026:03:54:39 +0800] "GET /wp-login.php?key=n2z2e381&_wpnonce=&action=ilc_logout&redirect_to=https%3A%2F%2Fwww.aayyy.com HTTP/1.1" 302 3450 "-" "Mozilla/5.0 (Linux; Android 6.0.1; Nexus 5X Build/MMB29P) AppleWebKit/537.36 (KHTML, like Gecko) Chrome/151.0.7922.137 Mobile Safari/537.36 (compatible; Googlebot/2.1; +http://www.google.com/bot.html)"
140.111.67.10 - - [23/Aug/2026:03:54:41 +0800] "GET /" 301 273 "-" "-"
74.7.242.54 - - [23/Aug/2026:03:54:43 +0800] "GET /wp-content/uploads/sites/1493/3317/3317-645194.jpg HTTP/1.1" 301 1077 "https://2blog.ilc.edu.tw" "Mozilla/5.0 AppleWebKit/537.36 (KHTML, like Gecko; compatible; GPTBot/1.4; +https://openai.com/gptbot)"
66.249.71.9 - - [23/Aug/2026:03:54:41 +0800] "GET /wp-login.php?key=ki7sc381&_wpnonce=&action=ilc_logout&redirect_to=https%3A%2F%2Fplay.google.com%2Fstore%2Fapps%2Fdetails%3Fid%3Dcom.us.dyjycbt.google HTTP/1.1" 302 8281 "-" "Mozilla/5.0 (Linux; Android 6.0.1; Nexus 5X Build/MMB29P) AppleWebKit/537.36 (KHTML, like Gecko) Chrome/151.0.7922.137 Mobile Safari/537.36 (compatible; Googlebot/2.1; +http://www.google.com/bot.html)"
74.7.242.54 - - [23/Aug/2026:03:54:43 +0800] "GET /wp-content/uploads/sites/1493/3317/3317-645194.jpg HTTP/1.1" 500 6077 "http://2blog.ilc.edu.tw" "Mozilla/5.0 AppleWebKit/537.36 (KHTML, like Gecko; compatible; GPTBot/1.4; +https://openai.com/gptbot)"
66.249.79.138 - - [23/Aug/2026:03:54:42 +0800] "GET /wp-login.php?key=d4awz381&_wpnonce=&action=ilc_logout&redirect_to=https%3A%2F%2Fplay.google.com%2Fstore%2Fapps%2Fdetails%3Fid%3Dcom.us.dyjycbt.google HTTP/1.1" 302 8281 "-" "Mozilla/5.0 (Linux; Android 6.0.1; Nexus 5X Build/MMB29P) AppleWebKit/537.36 (KHTML, like Gecko) Chrome/151.0.7922.137 Mobile Safari/537.36 (compatible; Googlebot/2.1; +http://www.google.com/bot.html)"
52.2.83.227 - - [23/Aug/2026:03:54:44 +0800] "GET /kkes101/wp-json/wp/v2/posts/170 HTTP/1.1" 200 14276 "-" "Mozilla/5.0 AppleWebKit/537.36 (KHTML, like Gecko; compatible; Amazonbot/0.1; +https://developer.amazon.com/support/amazonbot) Chrome/119.0.6045.214 Safari/537.36"
2409:8c34:2220:25:0:1:0:7 - - [23/Aug/2026:03:54:44 +0800] "GET /8176/page/4 HTTP/1.1" 301 5736 "-" "Mozilla/5.0 (Windows NT 10.0; Win64; x64) AppleWebKit/537.36 (KHTML, like Gecko) Chrome/144.0.0.0 Safari/537.36"
2409:8c34:2220:25:0:1:0:7 - - [23/Aug/2026:03:54:45 +0800] "GET /8176/page/4/ HTTP/1.1" 200 14337 "-" "Mozilla/5.0 (Windows NT 10.0; Win64; x64) AppleWebKit/537.36 (KHTML, like Gecko) Chrome/144.0.0.0 Safari/537.36"
66.249.71.7 - - [23/Aug/2026:03:54:43 +0800] "GET /wp-login.php?key=7g8gp386&_wpnonce=&action=ilc_logout&redirect_to=https%3A%2F%2Fwww.linegames.org HTTP/1.1" 302 8239 "-" "Mozilla/5.0 (Linux; Android 6.0.1; Nexus 5X Build/MMB29P) AppleWebKit/537.36 (KHTML, like Gecko) Chrome/151.0.7922.137 Mobile Safari/537.36 (compatible; Googlebot/2.1; +http://www.google.com/bot.html)"
2001:288:a201::66:125 - - [23/Aug/2026:03:54:45 +0800] "GET /blog/active.php HTTP/1.1" 404 1084 "-" "-"
2001:288:a201::66:125 - - [23/Aug/2026:03:54:45 +0800] "GET /blog/active.php HTTP/1.1" 301 1026 "-" "-"
2409:8c34:2220:25:0:1:0:7 - - [23/Aug/2026:03:54:46 +0800] "GET /8176/wp-content/cache/2blog.ilc.edu.tw/wpfc-minified/fer3b1r0/7ur2s.css HTTP/1.1" 200 40886 "https://2blog.ilc.edu.tw/8176/page/4/" "Mozilla/5.0 (Windows NT 10.0; Win64; x64) AppleWebKit/537.36 (KHTML, like Gecko) Chrome/144.0.0.0 Safari/537.36"
66.249.71.9 - - [23/Aug/2026:03:54:44 +0800] "GET /wp-login.php?action=ilc_logout&_wpnonce=43754d0aad&redirect_to=http://dvsango.ru/creator/52212/ HTTP/1.1" 302 3461 "-" "Mozilla/5.0 (Linux; Android 6.0.1; Nexus 5X Build/MMB29P) AppleWebKit/537.36 (KHTML, like Gecko) Chrome/151.0.7922.137 Mobile Safari/537.36 (compatible; Googlebot/2.1; +http://www.google.com/bot.html)"
140.111.67.10 - - [23/Aug/2026:03:54:46 +0800] "GET /" 301 273 "-" "-"
107.170.10.20 - - [23/Aug/2026:03:54:47 +0800] "GET / HTTP/1.1" 200 16401 "-" "Mozilla/5.0 (Windows NT 10.0; Win64; x64) AppleWebKit/537.36 (KHTML, like Gecko) Chrome/122.0.0.0 Safari/537.36"
66.249.71.7 - - [23/Aug/2026:03:54:45 +0800] "GET /wp-login.php?key=5japf381&_wpnonce=&action=ilc_logout&redirect_to=https%3A%2F%2Fyou.com%2Fchat%2FPlease+provide+only+the+clickable+link+for+https%3A%2F%2Fwww.aayyy.com+and+without+any+extra+content%3Fifs%3Dallow HTTP/1.1" 302 3578 "-" "Mozilla/5.0 (Linux; Android 6.0.1; Nexus 5X Build/MMB29P) AppleWebKit/537.36 (KHTML, like Gecko) Chrome/151.0.7922.137 Mobile Safari/537.36 (compatible; Googlebot/2.1; +http://www.google.com/bot.html)"
107.170.10.20 - - [23/Aug/2026:03:54:48 +0800] "GET /.env HTTP/1.1" 404 44115 "-" "Mozilla/5.0 (Windows NT 10.0; Win64; x64) AppleWebKit/537.36 (KHTML, like Gecko) Chrome/122.0.0.0 Safari/537.36"
66.249.79.129 - - [23/Aug/2026:03:54:47 +0800] "GET /wp-login.php?action=ilc_logout&_wpnonce=43754d0aad&redirect_to=http://seidgranit.ru/join/35511/ HTTP/1.1" 302 8246 "-" "Mozilla/5.0 (Linux; Android 6.0.1; Nexus 5X Build/MMB29P) AppleWebKit/537.36 (KHTML, like Gecko) Chrome/151.0.7922.137 Mobile Safari/537.36 (compatible; Googlebot/2.1; +http://www.google.com/bot.html)"
2a03:2880:f802:22:: - - [23/Aug/2026:03:54:47 +0800] "GET /wp-login.php?key=x84sq374&_wpnonce=&action=ilc_logout&redirect_to=https%3A%2F%2Fplay.google.com%2Fstore%2Fapps%2Fdetails%3Fid%3Dcom.us.dyjycbt.google HTTP/1.1" 302 8296 "-" "Mozilla/5.0 (Macintosh; Intel Mac OS X 10_15_7) AppleWebKit/537.36 (KHTML, like Gecko) Chrome/145.0.0.0 Safari/537.36 (compatible; meta-externalagent/1.1 (+https://developers.facebook.com/docs/sharing/webmasters/crawler))"
66.249.79.138 - - [23/Aug/2026:03:54:47 +0800] "GET /wp-login.php?key=rr2es381&_wpnonce=&action=ilc_logout&redirect_to=https%3A%2F%2Fwww.aayyy.com%2Fgames HTTP/1.1" 302 3456 "-" "Mozilla/5.0 (Linux; Android 6.0.1; Nexus 5X Build/MMB29P) AppleWebKit/537.36 (KHTML, like Gecko) Chrome/151.0.7922.137 Mobile Safari/537.36 (compatible; Googlebot/2.1; +http://www.google.com/bot.html)"
44.212.106.171 - - [23/Aug/2026:03:54:50 +0800] "GET /32745/wp-json/wp/v2/%22https:/2blog.ilc.edu.tw/32745/wp-content/uploads/sites/1271/2025/04/1-33-300x157.jpeg/%22 HTTP/1.1" 404 6132 "-" "Mozilla/5.0 AppleWebKit/537.36 (KHTML, like Gecko; compatible; Amazonbot/0.1; +https://developer.amazon.com/support/amazonbot) Chrome/119.0.6045.214 Safari/537.36"
2001:288:a201::66:125 - - [23/Aug/2026:03:54:50 +0800] "GET /blog/active.php HTTP/1.1" 404 1084 "-" "-"
2001:288:a201::66:125 - - [23/Aug/2026:03:54:50 +0800] "GET /blog/active.php HTTP/1.1" 301 1026 "-" "-"
66.249.79.128 - - [23/Aug/2026:03:54:49 +0800] "GET /wp-login.php?action=ilc_logout&_wpnonce=43754d0aad&redirect_to=//mainkink.ru/creator/72431/ HTTP/1.1" 302 8242 "-" "Mozilla/5.0 (Linux; Android 6.0.1; Nexus 5X Build/MMB29P) AppleWebKit/537.36 (KHTML, like Gecko) Chrome/151.0.7922.137 Mobile Safari/537.36 (compatible; Googlebot/2.1; +http://www.google.com/bot.html)"
140.111.67.10 - - [23/Aug/2026:03:54:51 +0800] "GET /" 301 273 "-" "-"
66.249.71.9 - - [23/Aug/2026:03:54:50 +0800] "GET /wp-login.php?key=ze47u386&_wpnonce=&action=ilc_logout&redirect_to=https%3A%2F%2Fwww.linegames.org HTTP/1.1" 302 3454 "-" "Mozilla/5.0 (Linux; Android 6.0.1; Nexus 5X Build/MMB29P) AppleWebKit/537.36 (KHTML, like Gecko) Chrome/151.0.7922.137 Mobile Safari/537.36 (compatible; Googlebot/2.1; +http://www.google.com/bot.html)"
107.170.10.20 - - [23/Aug/2026:03:54:52 +0800] "GET /_profiler/open?file=.env HTTP/1.1" 404 44115 "-" "Mozilla/5.0 (Windows NT 10.0; Win64; x64) AppleWebKit/537.36 (KHTML, like Gecko) Chrome/122.0.0.0 Safari/537.36"
66.249.64.69 - - [23/Aug/2026:03:54:51 +0800] "GET /wp-login.php?key=8mo23381&_wpnonce=&action=ilc_logout&redirect_to=https%3A%2F%2Fyou.com%2Fchat%2FPlease+provide+only+the+clickable+link+for+https%3A%2F%2Fwww.aayyy.com+and+without+any+extra+content%3Fifs%3Dallow HTTP/1.1" 302 8363 "-" "Mozilla/5.0 (Linux; Android 6.0.1; Nexus 5X Build/MMB29P) AppleWebKit/537.36 (KHTML, like Gecko) Chrome/151.0.7922.137 Mobile Safari/537.36 (compatible; Googlebot/2.1; +http://www.google.com/bot.html)"
54.243.63.52 - - [23/Aug/2026:03:54:54 +0800] "GET /kkes101/wp-json/wp/v2/posts/%22https:/2blog.ilc.edu.tw/kkes101/wp-content/uploads/sites/2886/2021/10/70423-1-300x225.jpg/%22 HTTP/1.1" 404 6134 "-" "Mozilla/5.0 AppleWebKit/537.36 (KHTML, like Gecko; compatible; Amazonbot/0.1; +https://developer.amazon.com/support/amazonbot) Chrome/119.0.6045.214 Safari/537.36"
66.249.79.138 - - [23/Aug/2026:03:54:53 +0800] "GET /wp-login.php?action=ilc_logout&_wpnonce=43754d0aad&redirect_to=//domikdruzei.ru/gallery/49487/ HTTP/1.1" 302 3460 "-" "Mozilla/5.0 (compatible; Googlebot/2.1; +http://www.google.com/bot.html)"
2409:8c28:90a0:3::131 - - [23/Aug/2026:03:54:55 +0800] "GET /wp-content/themes/oceanwp/assets/fonts/fontawesome/css/all.min.css HTTP/1.1" 200 28192 "https://www.utaes.ilc.edu.tw/?paged=14" "Mozilla/5.0 (Windows NT 10.0; Win64; x64) AppleWebKit/537.36 (KHTML, like Gecko) Chrome/144.0.0.0 Safari/537.36"
2409:8c28:90a0:3::131 - - [23/Aug/2026:03:54:55 +0800] "GET /wp-content/plugins/elementor/assets/lib/eicons/css/elementor-icons.min.css HTTP/1.1" 200 9756 "https://www.utaes.ilc.edu.tw/?paged=14" "Mozilla/5.0 (Windows NT 10.0; Win64; x64) AppleWebKit/537.36 (KHTML, like Gecko) Chrome/144.0.0.0 Safari/537.36"
2409:8c28:90a0:3::131 - - [23/Aug/2026:03:54:55 +0800] "GET /wp-content/themes/oceanwp/assets/css/third/simple-line-icons.min.css HTTP/1.1" 200 8128 "https://www.utaes.ilc.edu.tw/?paged=14" "Mozilla/5.0 (Windows NT 10.0; Win64; x64) AppleWebKit/537.36 (KHTML, like Gecko) Chrome/144.0.0.0 Safari/537.36"
2409:8c28:90a0:3::131 - - [23/Aug/2026:03:54:55 +0800] "GET /wp-content/plugins/elementor/assets/css/frontend.min.css HTTP/1.1" 200 29898 "https://www.utaes.ilc.edu.tw/?paged=14" "Mozilla/5.0 (Windows NT 10.0; Win64; x64) AppleWebKit/537.36 (KHTML, like Gecko) Chrome/144.0.0.0 Safari/537.36"
2409:8c28:90a0:3::131 - - [23/Aug/2026:03:54:55 +0800] "GET /wp-content/plugins/elementor/assets/lib/swiper/v8/css/swiper.min.css HTTP/1.1" 200 10263 "https://www.utaes.ilc.edu.tw/?paged=14" "Mozilla/5.0 (Windows NT 10.0; Win64; x64) AppleWebKit/537.36 (KHTML, like Gecko) Chrome/144.0.0.0 Safari/537.36"
2409:8c28:90a0:3::131 - - [23/Aug/2026:03:54:55 +0800] "GET /wp-content/plugins/elementor/assets/lib/font-awesome/css/v4-shims.min.css HTTP/1.1" 200 5102 "https://www.utaes.ilc.edu.tw/?paged=14" "Mozilla/5.0 (Windows NT 10.0; Win64; x64) AppleWebKit/537.36 (KHTML, like Gecko) Chrome/144.0.0.0 Safari/537.36"
2409:8c28:90a0:3::131 - - [23/Aug/2026:03:54:55 +0800] "GET /wp-content/plugins/elementor/assets/lib/font-awesome/css/all.min.css HTTP/1.1" 200 13809 "https://www.utaes.ilc.edu.tw/?paged=14" "Mozilla/5.0 (Windows NT 10.0; Win64; x64) AppleWebKit/537.36 (KHTML, like Gecko) Chrome/144.0.0.0 Safari/537.36"
2409:8c28:90a0:3::131 - - [23/Aug/2026:03:54:55 +0800] "GET /wp-content/uploads/sites/885/elementor/css/global.css HTTP/1.1" 200 3179 "https://www.utaes.ilc.edu.tw/?paged=14" "Mozilla/5.0 (Windows NT 10.0; Win64; x64) AppleWebKit/537.36 (KHTML, like Gecko) Chrome/144.0.0.0 Safari/537.36"
2001:288:a201::66:125 - - [23/Aug/2026:03:54:55 +0800] "GET /blog/active.php HTTP/1.1" 301 1026 "-" "-"
216.73.217.167 - - [23/Aug/2026:03:54:55 +0800] "GET /5315/?p=2588 HTTP/1.1" 200 15730 "-" "Mozilla/5.0 AppleWebKit/537.36 (KHTML, like Gecko; compatible; ClaudeBot/1.0; +claudebot@anthropic.com)"
2001:288:a201::66:125 - - [23/Aug/2026:03:54:55 +0800] "GET /blog/active.php HTTP/1.1" 404 1084 "-" "-"
2409:8c28:90a0:3::131 - - [23/Aug/2026:03:54:55 +0800] "GET /wp-content/uploads/sites/885/elementor/css/post-19607.css HTTP/1.1" 200 1868 "https://www.utaes.ilc.edu.tw/?paged=14" "Mozilla/5.0 (Windows NT 10.0; Win64; x64) AppleWebKit/537.36 (KHTML, like Gecko) Chrome/144.0.0.0 Safari/537.36"
52.200.142.199 - - [23/Aug/2026:03:54:55 +0800] "GET /6554/2014/11/24/103_3-12_%E7%B6%A0%E8%89%B2%E6%8E%A1%E8%B3%BC/ HTTP/1.1" 200 16439 "-" "Mozilla/5.0 AppleWebKit/537.36 (KHTML, like Gecko; compatible; Amazonbot/0.1; +https://developer.amazon.com/support/amazonbot) Chrome/119.0.6045.214 Safari/537.36"
2409:8c28:90a0:3::131 - - [23/Aug/2026:03:54:55 +0800] "GET /wp-content/plugins/ocean-extra/includes/admin-bar/assets/css/admin-bar.css HTTP/1.1" 200 1278 "https://www.utaes.ilc.edu.tw/?paged=14" "Mozilla/5.0 (Windows NT 10.0; Win64; x64) AppleWebKit/537.36 (KHTML, like Gecko) Chrome/144.0.0.0 Safari/537.36"
2409:8c28:90a0:3::131 - - [23/Aug/2026:03:54:55 +0800] "GET /wp-content/plugins/elementor/assets/lib/font-awesome/css/fontawesome.min.css HTTP/1.1" 200 13557 "https://www.utaes.ilc.edu.tw/?paged=14" "Mozilla/5.0 (Windows NT 10.0; Win64; x64) AppleWebKit/537.36 (KHTML, like Gecko) Chrome/144.0.0.0 Safari/537.36"
2409:8c28:90a0:3::131 - - [23/Aug/2026:03:54:55 +0800] "GET /wp-content/plugins/ocean-extra/assets/css/widgets.css HTTP/1.1" 200 7670 "https://www.utaes.ilc.edu.tw/?paged=14" "Mozilla/5.0 (Windows NT 10.0; Win64; x64) AppleWebKit/537.36 (KHTML, like Gecko) Chrome/144.0.0.0 Safari/537.36"
2409:8c28:90a0:3::131 - - [23/Aug/2026:03:54:55 +0800] "GET /wp-content/plugins/elementor/assets/lib/font-awesome/css/solid.min.css HTTP/1.1" 200 1181 "https://www.utaes.ilc.edu.tw/?paged=14" "Mozilla/5.0 (Windows NT 10.0; Win64; x64) AppleWebKit/537.36 (KHTML, like Gecko) Chrome/144.0.0.0 Safari/537.36"
66.249.68.64 - - [23/Aug/2026:03:54:55 +0800] "GET /wp-content/uploads/sites/888/2021/07/cropped-logo-2-192x192.jpg HTTP/1.1" 200 29347 "-" "Googlebot-Image/1.0"
2409:8c28:90a0:3::131 - - [23/Aug/2026:03:54:55 +0800] "GET /wp-includes/js/jquery/jquery.min.js HTTP/1.1" 200 31359 "https://www.utaes.ilc.edu.tw/?paged=14" "Mozilla/5.0 (Windows NT 10.0; Win64; x64) AppleWebKit/537.36 (KHTML, like Gecko) Chrome/144.0.0.0 Safari/537.36"
2409:8c28:90a0:3::131 - - [23/Aug/2026:03:54:55 +0800] "GET /wp-includes/js/jquery/jquery-migrate.min.js HTTP/1.1" 200 5752 "https://www.utaes.ilc.edu.tw/?paged=14" "Mozilla/5.0 (Windows NT 10.0; Win64; x64) AppleWebKit/537.36 (KHTML, like Gecko) Chrome/144.0.0.0 Safari/537.36"
2409:8c28:90a0:3::131 - - [23/Aug/2026:03:54:55 +0800] "GET /wp-content/plugins/super-rss-reader/public/js/script.min.js HTTP/1.1" 200 1235 "https://www.utaes.ilc.edu.tw/?paged=14" "Mozilla/5.0 (Windows NT 10.0; Win64; x64) AppleWebKit/537.36 (KHTML, like Gecko) Chrome/144.0.0.0 Safari/537.36"
2409:8c28:90a0:3::131 - - [23/Aug/2026:03:54:55 +0800] "GET /wp-content/plugins/super-rss-reader/public/js/jquery.easy-ticker.min.js HTTP/1.1" 200 2021 "https://www.utaes.ilc.edu.tw/?paged=14" "Mozilla/5.0 (Windows NT 10.0; Win64; x64) AppleWebKit/537.36 (KHTML, like Gecko) Chrome/144.0.0.0 Safari/537.36"
216.73.217.167 - - [23/Aug/2026:03:54:55 +0800] "GET /5315/index.php?rest_route=%2Fwp%2Fv2%2Fposts%2F2590 HTTP/1.1" 200 11864 "-" "Mozilla/5.0 AppleWebKit/537.36 (KHTML, like Gecko; compatible; ClaudeBot/1.0; +claudebot@anthropic.com)"
2409:8c28:90a0:3::131 - - [23/Aug/2026:03:54:56 +0800] "GET /wp-content/plugins/elementor/assets/lib/font-awesome/js/v4-shims.min.js HTTP/1.1" 200 5089 "https://www.utaes.ilc.edu.tw/?paged=14" "Mozilla/5.0 (Windows NT 10.0; Win64; x64) AppleWebKit/537.36 (KHTML, like Gecko) Chrome/144.0.0.0 Safari/537.36"
2409:8c28:90a0:3::131 - - [23/Aug/2026:03:54:56 +0800] "GET /wp-content/uploads/sites/885/elementor/css/post-19644.css HTTP/1.1" 200 2746 "https://www.utaes.ilc.edu.tw/?paged=14" "Mozilla/5.0 (Windows NT 10.0; Win64; x64) AppleWebKit/537.36 (KHTML, like Gecko) Chrome/144.0.0.0 Safari/537.36"
2409:8c28:90a0:3::131 - - [23/Aug/2026:03:54:56 +0800] "GET /wp-content/plugins/elementor/assets/lib/font-awesome/css/brands.min.css HTTP/1.1" 200 1180 "https://www.utaes.ilc.edu.tw/?paged=14" "Mozilla/5.0 (Windows NT 10.0; Win64; x64) AppleWebKit/537.36 (KHTML, like Gecko) Chrome/144.0.0.0 Safari/537.36"
66.249.71.7 - - [23/Aug/2026:03:54:54 +0800] "GET /wp-login.php?action=ilc_logout&_wpnonce=43754d0aad&redirect_to=http://ekspertplyus2010.ru/job/65164/ HTTP/1.1" 302 3444 "-" "Mozilla/5.0 (compatible; Googlebot/2.1; +http://www.google.com/bot.html)"
2409:8c28:90a0:3::131 - - [23/Aug/2026:03:54:56 +0800] "GET /wp-content/uploads/sites/885/elementor/css/post-19615.css HTTP/1.1" 200 2828 "https://www.utaes.ilc.edu.tw/?paged=14" "Mozilla/5.0 (Windows NT 10.0; Win64; x64) AppleWebKit/537.36 (KHTML, like Gecko) Chrome/144.0.0.0 Safari/537.36"
2409:8c28:90a0:3::131 - - [23/Aug/2026:03:54:56 +0800] "GET /wp-includes/js/hoverintent-js.min.js HTTP/1.1" 200 1597 "https://www.utaes.ilc.edu.tw/?paged=14" "Mozilla/5.0 (Windows NT 10.0; Win64; x64) AppleWebKit/537.36 (KHTML, like Gecko) Chrome/144.0.0.0 Safari/537.36"
2409:8c28:90a0:3::131 - - [23/Aug/2026:03:54:56 +0800] "GET /wp-includes/js/admin-bar.min.js HTTP/1.1" 200 2237 "https://www.utaes.ilc.edu.tw/?paged=14" "Mozilla/5.0 (Windows NT 10.0; Win64; x64) AppleWebKit/537.36 (KHTML, like Gecko) Chrome/144.0.0.0 Safari/537.36"
140.111.67.10 - - [23/Aug/2026:03:54:56 +0800] "GET /" 301 273 "-" "-"
2409:8c28:90a0:3::131 - - [23/Aug/2026:03:54:56 +0800] "GET /wp-includes/js/imagesloaded.min.js HTTP/1.1" 200 2683 "https://www.utaes.ilc.edu.tw/?paged=14" "Mozilla/5.0 (Windows NT 10.0; Win64; x64) AppleWebKit/537.36 (KHTML, like Gecko) Chrome/144.0.0.0 Safari/537.36"
2409:8c28:90a0:3::131 - - [23/Aug/2026:03:54:56 +0800] "GET /wp-content/themes/oceanwp/assets/js/theme.min.js HTTP/1.1" 200 5130 "https://www.utaes.ilc.edu.tw/?paged=14" "Mozilla/5.0 (Windows NT 10.0; Win64; x64) AppleWebKit/537.36 (KHTML, like Gecko) Chrome/144.0.0.0 Safari/537.36"
2409:8c28:90a0:3::131 - - [23/Aug/2026:03:54:57 +0800] "GET /wp-content/themes/oceanwp/assets/js/vendors/magnific-popup.min.js HTTP/1.1" 200 8270 "https://www.utaes.ilc.edu.tw/?paged=14" "Mozilla/5.0 (Windows NT 10.0; Win64; x64) AppleWebKit/537.36 (KHTML, like Gecko) Chrome/144.0.0.0 Safari/537.36"
2409:8c28:90a0:3::131 - - [23/Aug/2026:03:54:57 +0800] "GET /wp-content/themes/oceanwp/assets/js/drop-down-mobile-menu.min.js HTTP/1.1" 200 4663 "https://www.utaes.ilc.edu.tw/?paged=14" "Mozilla/5.0 (Windows NT 10.0; Win64; x64) AppleWebKit/537.36 (KHTML, like Gecko) Chrome/144.0.0.0 Safari/537.36"
2409:8c28:90a0:3::131 - - [23/Aug/2026:03:54:57 +0800] "GET /wp-content/themes/oceanwp/assets/js/ow-lightbox.min.js HTTP/1.1" 200 2321 "https://www.utaes.ilc.edu.tw/?paged=14" "Mozilla/5.0 (Windows NT 10.0; Win64; x64) AppleWebKit/537.36 (KHTML, like Gecko) Chrome/144.0.0.0 Safari/537.36"
2409:8c28:90a0:3::131 - - [23/Aug/2026:03:54:57 +0800] "GET /wp-content/themes/oceanwp/assets/js/equal-height-elements.min.js HTTP/1.1" 200 2606 "https://www.utaes.ilc.edu.tw/?paged=14" "Mozilla/5.0 (Windows NT 10.0; Win64; x64) AppleWebKit/537.36 (KHTML, like Gecko) Chrome/144.0.0.0 Safari/537.36"
2409:8c28:90a0:3::131 - - [23/Aug/2026:03:54:57 +0800] "GET /wp-content/themes/oceanwp/assets/js/vendors/flickity.pkgd.min.js HTTP/1.1" 200 15048 "https://www.utaes.ilc.edu.tw/?paged=14" "Mozilla/5.0 (Windows NT 10.0; Win64; x64) AppleWebKit/537.36 (KHTML, like Gecko) Chrome/144.0.0.0 Safari/537.36"
2409:8c28:90a0:3::131 - - [23/Aug/2026:03:54:57 +0800] "GET /wp-content/themes/oceanwp/assets/js/scroll-effect.min.js HTTP/1.1" 200 4127 "https://www.utaes.ilc.edu.tw/?paged=14" "Mozilla/5.0 (Windows NT 10.0; Win64; x64) AppleWebKit/537.36 (KHTML, like Gecko) Chrome/144.0.0.0 Safari/537.36"
2409:8c28:90a0:3::131 - - [23/Aug/2026:03:54:57 +0800] "GET /wp-content/plugins/elementor/assets/lib/font-awesome/webfonts/fa-solid-900.woff2 HTTP/1.1" 200 79223 "https://www.utaes.ilc.edu.tw/wp-content/plugins/elementor/assets/lib/font-awesome/css/all.min.css" "Mozilla/5.0 (Windows NT 10.0; Win64; x64) AppleWebKit/537.36 (KHTML, like Gecko) Chrome/144.0.0.0 Safari/537.36"
2409:8c28:90a0:3::131 - - [23/Aug/2026:03:54:57 +0800] "GET /wp-content/themes/oceanwp/assets/js/scroll-top.min.js HTTP/1.1" 200 3202 "https://www.utaes.ilc.edu.tw/?paged=14" "Mozilla/5.0 (Windows NT 10.0; Win64; x64) AppleWebKit/537.36 (KHTML, like Gecko) Chrome/144.0.0.0 Safari/537.36"
2409:8c28:90a0:3::131 - - [23/Aug/2026:03:54:57 +0800] "GET /wp-content/plugins/ocean-extra/includes/widgets/js/flickr.min.js HTTP/1.1" 200 1319 "https://www.utaes.ilc.edu.tw/?paged=14" "Mozilla/5.0 (Windows NT 10.0; Win64; x64) AppleWebKit/537.36 (KHTML, like Gecko) Chrome/144.0.0.0 Safari/537.36"
2409:8c28:90a0:3::131 - - [23/Aug/2026:03:54:57 +0800] "GET /wp-content/themes/oceanwp/assets/js/select.min.js HTTP/1.1" 200 2408 "https://www.utaes.ilc.edu.tw/?paged=14" "Mozilla/5.0 (Windows NT 10.0; Win64; x64) AppleWebKit/537.36 (KHTML, like Gecko) Chrome/144.0.0.0 Safari/537.36"
2409:8c28:90a0:3::131 - - [23/Aug/2026:03:54:57 +0800] "GET /wp-content/plugins/elementor-pro/assets/js/webpack-pro.runtime.min.js HTTP/1.1" 200 3562 "https://www.utaes.ilc.edu.tw/?paged=14" "Mozilla/5.0 (Windows NT 10.0; Win64; x64) AppleWebKit/537.36 (KHTML, like Gecko) Chrome/144.0.0.0 Safari/537.36"
2409:8c28:90a0:3::131 - - [23/Aug/2026:03:54:57 +0800] "GET /wp-content/plugins/elementor/assets/js/webpack.runtime.min.js HTTP/1.1" 200 3095 "https://www.utaes.ilc.edu.tw/?paged=14" "Mozilla/5.0 (Windows NT 10.0; Win64; x64) AppleWebKit/537.36 (KHTML, like Gecko) Chrome/144.0.0.0 Safari/537.36"
2409:8c28:90a0:3::131 - - [23/Aug/2026:03:54:57 +0800] "GET /wp-content/plugins/elementor/assets/js/frontend-modules.min.js HTTP/1.1" 200 19416 "https://www.utaes.ilc.edu.tw/?paged=14" "Mozilla/5.0 (Windows NT 10.0; Win64; x64) AppleWebKit/537.36 (KHTML, like Gecko) Chrome/144.0.0.0 Safari/537.36"
2409:8c28:90a0:3::131 - - [23/Aug/2026:03:54:57 +0800] "GET /wp-includes/js/dist/hooks.min.js HTTP/1.1" 200 2421 "https://www.utaes.ilc.edu.tw/?paged=14" "Mozilla/5.0 (Windows NT 10.0; Win64; x64) AppleWebKit/537.36 (KHTML, like Gecko) Chrome/144.0.0.0 Safari/537.36"
2409:8c28:90a0:3::131 - - [23/Aug/2026:03:54:57 +0800] "GET /wp-content/plugins/elementor/assets/lib/waypoints/waypoints.min.js HTTP/1.1" 200 3873 "https://www.utaes.ilc.edu.tw/?paged=14" "Mozilla/5.0 (Windows NT 10.0; Win64; x64) AppleWebKit/537.36 (KHTML, like Gecko) Chrome/144.0.0.0 Safari/537.36"
2409:8c28:90a0:3::131 - - [23/Aug/2026:03:54:57 +0800] "GET /wp-content/plugins/elementor-pro/assets/js/frontend.min.js HTTP/1.1" 200 7574 "https://www.utaes.ilc.edu.tw/?paged=14" "Mozilla/5.0 (Windows NT 10.0; Win64; x64) AppleWebKit/537.36 (KHTML, like Gecko) Chrome/144.0.0.0 Safari/537.36"
2409:8c28:90a0:3::131 - - [23/Aug/2026:03:54:57 +0800] "GET /wp-includes/js/jquery/ui/core.min.js HTTP/1.1" 200 7986 "https://www.utaes.ilc.edu.tw/?paged=14" "Mozilla/5.0 (Windows NT 10.0; Win64; x64) AppleWebKit/537.36 (KHTML, like Gecko) Chrome/144.0.0.0 Safari/537.36"
2409:8c28:90a0:3::131 - - [23/Aug/2026:03:54:58 +0800] "GET /wp-content/plugins/elementor-pro/assets/js/elements-handlers.min.js HTTP/1.1" 200 10882 "https://www.utaes.ilc.edu.tw/?paged=14" "Mozilla/5.0 (Windows NT 10.0; Win64; x64) AppleWebKit/537.36 (KHTML, like Gecko) Chrome/144.0.0.0 Safari/537.36"
35.168.238.50 - - [23/Aug/2026:03:54:58 +0800] "GET /wp-content/uploads/sites/848/6554/6554-2805522.jpg HTTP/1.1" 200 39446 "-" "Mozilla/5.0 AppleWebKit/537.36 (KHTML, like Gecko; compatible; Amazonbot/0.1; +https://developer.amazon.com/support/amazonbot) Chrome/119.0.6045.214 Safari/537.36"
2409:8c28:90a0:3::131 - - [23/Aug/2026:03:54:58 +0800] "GET /wp-content/plugins/elementor-pro/assets/js/nav-menu.e65811186e94a386ba7b.bundle.min.js HTTP/1.1" 200 2690 "https://www.utaes.ilc.edu.tw/?paged=14" "Mozilla/5.0 (Windows NT 10.0; Win64; x64) AppleWebKit/537.36 (KHTML, like Gecko) Chrome/144.0.0.0 Safari/537.36"
2409:8c28:90a0:3::131 - - [23/Aug/2026:03:54:58 +0800] "GET /wp-content/plugins/elementor-pro/assets/js/posts.caaf3e27e57db8207afc.bundle.min.js HTTP/1.1" 200 2145 "https://www.utaes.ilc.edu.tw/?paged=14" "Mozilla/5.0 (Windows NT 10.0; Win64; x64) AppleWebKit/537.36 (KHTML, like Gecko) Chrome/144.0.0.0 Safari/537.36"
2409:8c28:90a0:3::131 - - [23/Aug/2026:03:54:58 +0800] "GET /wp-content/plugins/elementor-pro/assets/js/load-more.bc9573b5d1f73abd80b9.bundle.min.js HTTP/1.1" 200 2424 "https://www.utaes.ilc.edu.tw/?paged=14" "Mozilla/5.0 (Windows NT 10.0; Win64; x64) AppleWebKit/537.36 (KHTML, like Gecko) Chrome/144.0.0.0 Safari/537.36"
