52.71.46.142 - - [23/Aug/2026:03:52:06 +0800] "GET /6043/wp-json/wp/v2/posts/%22https:/2blog.ilc.edu.tw/wp-content/uploads/sites/207/6043/6043-2425430.jpg/%22 HTTP/1.1" 404 6131 "-" "Mozilla/5.0 AppleWebKit/537.36 (KHTML, like Gecko; compatible; Amazonbot/0.1; +https://developer.amazon.com/support/amazonbot) Chrome/119.0.6045.214 Safari/537.36"
216.244.66.226 - - [23/Aug/2026:03:52:06 +0800] "GET /blog/blog/1003/post/56545/378859 HTTP/1.1" 404 35276 "-" "Mozilla/5.0 (compatible; DotBot/1.2; +https://opensiteexplorer.org/dotbot; help@moz.com)"
140.111.67.10 - - [23/Aug/2026:03:52:06 +0800] "GET /" 301 273 "-" "-"
66.249.71.7 - - [23/Aug/2026:03:52:05 +0800] "GET /wp-login.php?key=2uere381&_wpnonce=&action=ilc_logout&redirect_to=https%3A%2F%2Fwww.aayyy.com%2Fguides HTTP/1.1" 302 3457 "-" "Mozilla/5.0 (Linux; Android 6.0.1; Nexus 5X Build/MMB29P) AppleWebKit/537.36 (KHTML, like Gecko) Chrome/151.0.7922.137 Mobile Safari/537.36 (compatible; Googlebot/2.1; +http://www.google.com/bot.html)"
::1 - - [23/Aug/2026:03:52:07 +0800] "OPTIONS * HTTP/1.0" 200 110 "-" "Apache/2.4.68 (Ubuntu) OpenSSL/3.0.19 (internal dummy connection)"
54.197.102.71 - - [23/Aug/2026:03:52:07 +0800] "GET /6488/wp-json/oembed/1.0/embed?url=https://2blog.ilc.edu.tw/6488/2015/11/06/%25e8%25b7%259f%25e8%2591%2597%25e9%25a6%25ac%25e8%25b3%25bdkyo%25e7%259c%258b%25e5%259c%25b0%25e7%2590%2583%25e6%2595%2599%25e5%25b8%25ab%25e7%25a0%2594%25e7%25bf%2592/ HTTP/1.1" 200 8590 "-" "Mozilla/5.0 AppleWebKit/537.36 (KHTML, like Gecko; compatible; Amazonbot/0.1; +https://developer.amazon.com/support/amazonbot) Chrome/119.0.6045.214 Safari/537.36"
66.249.71.7 - - [23/Aug/2026:03:52:07 +0800] "GET /wp-login.php?key=wxyak381&_wpnonce=&action=ilc_logout&redirect_to=https%3A%2F%2Fplay.google.com%2Fstore%2Fapps%2Fdetails%3Fid%3Dcom.us.dyjycbt.google HTTP/1.1" 302 3496 "-" "Mozilla/5.0 (Linux; Android 6.0.1; Nexus 5X Build/MMB29P) AppleWebKit/537.36 (KHTML, like Gecko) Chrome/151.0.7922.137 Mobile Safari/537.36 (compatible; Googlebot/2.1; +http://www.google.com/bot.html)"
66.249.79.138 - - [23/Aug/2026:03:52:07 +0800] "GET /wp-login.php?action=ilc_logout&_wpnonce=43754d0aad&redirect_to=http://lotos11.ru/join/12138/ HTTP/1.1" 302 8243 "-" "Mozilla/5.0 (Linux; Android 6.0.1; Nexus 5X Build/MMB29P) AppleWebKit/537.36 (KHTML, like Gecko) Chrome/151.0.7922.137 Mobile Safari/537.36 (compatible; Googlebot/2.1; +http://www.google.com/bot.html)"
20.125.101.194 - - [23/Aug/2026:03:52:10 +0800] "GET /wp-content/uploads/sites/1148/2022/09/111%E5%AD%B8%E5%B9%B4%E5%BA%A6%E7%AC%AC2%E5%AD%B8%E6%9C%9F%E9%AB%98%E7%B4%9A%E4%B8%AD%E7%AD%89%E4%BB%A5%E4%B8%8B%E6%95%99%E8%82%B2%E9%9A%8E%E6%AE%B5%E9%9D%9E%E5%AD%B8%E6%A0%A1%E5%9E%8B%E6%85%8B%E5%AF%A6%E9%A9%97%E6%95%99%E8%82%B2%E7%94%B3%E8%AB%8B1.pdf HTTP/1.1" 200 81505 "-" "Mozilla/5.0 (compatible; MSR-Financial-PDF-Scorer/1.0)"
2001:288:a201::66:125 - - [23/Aug/2026:03:52:10 +0800] "GET /blog/active.php HTTP/1.1" 301 1026 "-" "-"
2001:288:a201::66:125 - - [23/Aug/2026:03:52:10 +0800] "GET /blog/active.php HTTP/1.1" 404 1084 "-" "-"
2409:8774:501f::19c - - [23/Aug/2026:03:52:10 +0800] "GET /kkes603/author/alvintu HTTP/1.1" 301 5773 "-" "Mozilla/5.0 (Windows NT 10.0; Win64; x64) AppleWebKit/537.36 (KHTML, like Gecko) Chrome/144.0.0.0 Safari/537.36"
66.249.71.7 - - [23/Aug/2026:03:52:09 +0800] "GET /wp-login.php?action=ilc_logout&_wpnonce=43754d0aad&redirect_to=http://plotnikov-holding.ru/creator/57844/ HTTP/1.1" 302 3471 "-" "Mozilla/5.0 (Linux; Android 6.0.1; Nexus 5X Build/MMB29P) AppleWebKit/537.36 (KHTML, like Gecko) Chrome/151.0.7922.137 Mobile Safari/537.36 (compatible; Googlebot/2.1; +http://www.google.com/bot.html)"
66.249.79.138 - - [23/Aug/2026:03:52:09 +0800] "GET /wp-login.php?key=64nfp381&_wpnonce=&action=ilc_logout&redirect_to=https%3A%2F%2Fmushroom.joynetgame.com HTTP/1.1" 302 8245 "-" "Mozilla/5.0 (Linux; Android 6.0.1; Nexus 5X Build/MMB29P) AppleWebKit/537.36 (KHTML, like Gecko) Chrome/151.0.7922.137 Mobile Safari/537.36 (compatible; Googlebot/2.1; +http://www.google.com/bot.html)"
140.111.67.10 - - [23/Aug/2026:03:52:11 +0800] "GET /" 301 273 "-" "-"
2409:8774:501f::19c - - [23/Aug/2026:03:52:13 +0800] "GET /kkes603/author/alvintu/ HTTP/1.1" 200 10497 "-" "Mozilla/5.0 (Windows NT 10.0; Win64; x64) AppleWebKit/537.36 (KHTML, like Gecko) Chrome/144.0.0.0 Safari/537.36"
66.249.71.7 - - [23/Aug/2026:03:52:11 +0800] "GET /wp-login.php?key=uxlkx381&_wpnonce=&action=ilc_logout&redirect_to=https%3A%2F%2Fyou.com%2Fchat%2FPlease+provide+only+the+clickable+link+for+https%3A%2F%2Fwww.aayyy.com+and+without+any+extra+content%3Fifs%3Dallow HTTP/1.1" 302 3578 "-" "Mozilla/5.0 (Linux; Android 6.0.1; Nexus 5X Build/MMB29P) AppleWebKit/537.36 (KHTML, like Gecko) Chrome/151.0.7922.173 Mobile Safari/537.36 (compatible; Googlebot/2.1; +http://www.google.com/bot.html)"
2409:8774:501f::19c - - [23/Aug/2026:03:52:13 +0800] "GET /kkes603/wp-content/cache/2blog.ilc.edu.tw/wpfc-minified/kxaj3abo/8fcq8.css HTTP/1.1" 200 40891 "https://2blog.ilc.edu.tw/kkes603/author/alvintu/" "Mozilla/5.0 (Windows NT 10.0; Win64; x64) AppleWebKit/537.36 (KHTML, like Gecko) Chrome/144.0.0.0 Safari/537.36"
66.249.79.138 - - [23/Aug/2026:03:52:11 +0800] "GET /wp-login.php?key=yqrca386&_wpnonce=&action=ilc_logout&redirect_to=https%3A%2F%2Fchatgpt.com%2F%3Fq%3DPlease+provide+only+the+clickable+link+for+https%3A%2F%2Fwww.aayyy.com+and+without+any+extra+content HTTP/1.1" 302 3570 "-" "Mozilla/5.0 (Linux; Android 6.0.1; Nexus 5X Build/MMB29P) AppleWebKit/537.36 (KHTML, like Gecko) Chrome/151.0.7922.137 Mobile Safari/537.36 (compatible; Googlebot/2.1; +http://www.google.com/bot.html)"
52.3.155.146 - - [23/Aug/2026:03:52:14 +0800] "GET /6043/wp-json/wp/v2/posts/%22https:/2blog.ilc.edu.tw/wp-content/uploads/sites/207/6043/6043-2425436.jpg/%22 HTTP/1.1" 404 6131 "-" "Mozilla/5.0 AppleWebKit/537.36 (KHTML, like Gecko; compatible; Amazonbot/0.1; +https://developer.amazon.com/support/amazonbot) Chrome/119.0.6045.214 Safari/537.36"
2409:8774:501f::19c - - [23/Aug/2026:03:52:14 +0800] "GET /kkes603/wp-content/cache/2blog.ilc.edu.tw/wpfc-minified/q4buwev/8fcq8.css HTTP/1.1" 200 1496 "https://2blog.ilc.edu.tw/kkes603/author/alvintu/" "Mozilla/5.0 (Windows NT 10.0; Win64; x64) AppleWebKit/537.36 (KHTML, like Gecko) Chrome/144.0.0.0 Safari/537.36"
2409:8774:501f::19c - - [23/Aug/2026:03:52:14 +0800] "GET /kkes603/wp-content/cache/2blog.ilc.edu.tw/wpfc-minified/7lfu5qjh/8fcq8.css HTTP/1.1" 200 16121 "https://2blog.ilc.edu.tw/kkes603/author/alvintu/" "Mozilla/5.0 (Windows NT 10.0; Win64; x64) AppleWebKit/537.36 (KHTML, like Gecko) Chrome/144.0.0.0 Safari/537.36"
2a03:2880:f802:23:: - - [23/Aug/2026:03:52:13 +0800] "GET /wp-login.php?key=lomkj386&_wpnonce=&action=ilc_logout&redirect_to=https%3A%2F%2Fchatgpt.com%2F%3Fq%3DPlease+provide+only+the+clickable+link+for+https%3A%2F%2Fwww.aayyy.com+and+without+any+extra+content HTTP/1.1" 302 8370 "-" "Mozilla/5.0 (Macintosh; Intel Mac OS X 10_15_7) AppleWebKit/537.36 (KHTML, like Gecko) Chrome/145.0.0.0 Safari/537.36 (compatible; meta-webindexer/1.1 (+https://developers.facebook.com/docs/sharing/webmasters/crawler))"
34.195.60.66 - - [23/Aug/2026:03:52:15 +0800] "GET /wp-content/uploads/sites/2616/6486/6486-1134471.jpg HTTP/1.1" 200 22844 "-" "Mozilla/5.0 AppleWebKit/537.36 (KHTML, like Gecko; compatible; Amazonbot/0.1; +https://developer.amazon.com/support/amazonbot) Chrome/119.0.6045.214 Safari/537.36"
66.249.71.7 - - [23/Aug/2026:03:52:13 +0800] "GET /wp-login.php?key=aug8b381&_wpnonce=&action=ilc_logout&redirect_to=https%3A%2F%2Fwww.aayyy.com%2Fguides HTTP/1.1" 302 3457 "-" "Mozilla/5.0 (Linux; Android 6.0.1; Nexus 5X Build/MMB29P) AppleWebKit/537.36 (KHTML, like Gecko) Chrome/151.0.7922.137 Mobile Safari/537.36 (compatible; Googlebot/2.1; +http://www.google.com/bot.html)"
2409:8774:501f::19c - - [23/Aug/2026:03:52:15 +0800] "GET /kkes603/wp-content/cache/2blog.ilc.edu.tw/wpfc-minified/9ii6u5t4/8fcq8.css HTTP/1.1" 200 54294 "https://2blog.ilc.edu.tw/kkes603/author/alvintu/" "Mozilla/5.0 (Windows NT 10.0; Win64; x64) AppleWebKit/537.36 (KHTML, like Gecko) Chrome/144.0.0.0 Safari/537.36"
2001:288:a201::66:125 - - [23/Aug/2026:03:52:15 +0800] "GET /blog/active.php HTTP/1.1" 301 1026 "-" "-"
2001:288:a201::66:125 - - [23/Aug/2026:03:52:15 +0800] "GET /blog/active.php HTTP/1.1" 404 1084 "-" "-"
2409:8774:501f::19c - - [23/Aug/2026:03:52:16 +0800] "GET /kkes603/wp-content/cache/2blog.ilc.edu.tw/wpfc-minified/jmwlbdae/8fcq8.js HTTP/1.1" 200 40362 "https://2blog.ilc.edu.tw/kkes603/author/alvintu/" "Mozilla/5.0 (Windows NT 10.0; Win64; x64) AppleWebKit/537.36 (KHTML, like Gecko) Chrome/144.0.0.0 Safari/537.36"
2409:8774:501f::19c - - [23/Aug/2026:03:52:16 +0800] "GET /kkes603/wp-includes/js/hoverintent-js.min.js HTTP/1.1" 200 6391 "https://2blog.ilc.edu.tw/kkes603/author/alvintu/" "Mozilla/5.0 (Windows NT 10.0; Win64; x64) AppleWebKit/537.36 (KHTML, like Gecko) Chrome/144.0.0.0 Safari/537.36"
40.77.167.150 - - [23/Aug/2026:03:52:16 +0800] "GET /1003/?s=Li+Jun+Li+origin HTTP/1.1" 200 13747 "-" "Mozilla/5.0 AppleWebKit/537.36 (KHTML, like Gecko; compatible; bingbot/2.0; +http://www.bing.com/bingbot.htm) Chrome/116.0.1938.76 Safari/537.36"
66.249.71.7 - - [23/Aug/2026:03:52:14 +0800] "GET /wp-login.php?key=irrw8381&_wpnonce=&action=ilc_logout&redirect_to=https%3A%2F%2Fmushroom.joynetgame.com HTTP/1.1" 302 8245 "-" "Mozilla/5.0 (Linux; Android 6.0.1; Nexus 5X Build/MMB29P) AppleWebKit/537.36 (KHTML, like Gecko) Chrome/151.0.7922.137 Mobile Safari/537.36 (compatible; Googlebot/2.1; +http://www.google.com/bot.html)"
140.111.67.10 - - [23/Aug/2026:03:52:16 +0800] "GET /" 301 273 "-" "-"
2409:8774:501f::19c - - [23/Aug/2026:03:52:16 +0800] "GET /kkes603/wp-includes/js/admin-bar.min.js HTTP/1.1" 200 2237 "https://2blog.ilc.edu.tw/kkes603/author/alvintu/" "Mozilla/5.0 (Windows NT 10.0; Win64; x64) AppleWebKit/537.36 (KHTML, like Gecko) Chrome/144.0.0.0 Safari/537.36"
2a03:2880:f802:14:: - - [23/Aug/2026:03:52:15 +0800] "GET /32745/2022/05/31/%e6%98%af%e6%8c%89%e6%80%8e-3/ HTTP/1.1" 200 92159 "-" "Mozilla/5.0 (Windows NT 10.0; Win64; x64) AppleWebKit/537.36 (KHTML, like Gecko) Chrome/145.0.0.0 Safari/537.36 (compatible; meta-externalagent/1.1 (+https://developers.facebook.com/docs/sharing/webmasters/crawler))"
2409:8774:501f::19c - - [23/Aug/2026:03:52:16 +0800] "GET /kkes603/wp-includes/js/imagesloaded.min.js HTTP/1.1" 200 2683 "https://2blog.ilc.edu.tw/kkes603/author/alvintu/" "Mozilla/5.0 (Windows NT 10.0; Win64; x64) AppleWebKit/537.36 (KHTML, like Gecko) Chrome/144.0.0.0 Safari/537.36"
2409:8774:501f::19c - - [23/Aug/2026:03:52:17 +0800] "GET /kkes603/wp-content/themes/oceanwp/assets/js/theme.min.js HTTP/1.1" 200 5130 "https://2blog.ilc.edu.tw/kkes603/author/alvintu/" "Mozilla/5.0 (Windows NT 10.0; Win64; x64) AppleWebKit/537.36 (KHTML, like Gecko) Chrome/144.0.0.0 Safari/537.36"
2409:8774:501f::19c - - [23/Aug/2026:03:52:17 +0800] "GET /kkes603/wp-content/themes/oceanwp/assets/js/drop-down-mobile-menu.min.js HTTP/1.1" 200 4663 "https://2blog.ilc.edu.tw/kkes603/author/alvintu/" "Mozilla/5.0 (Windows NT 10.0; Win64; x64) AppleWebKit/537.36 (KHTML, like Gecko) Chrome/144.0.0.0 Safari/537.36"
2409:8774:501f::19c - - [23/Aug/2026:03:52:17 +0800] "GET /kkes603/wp-content/themes/oceanwp/assets/js/drop-down-search.min.js HTTP/1.1" 200 2968 "https://2blog.ilc.edu.tw/kkes603/author/alvintu/" "Mozilla/5.0 (Windows NT 10.0; Win64; x64) AppleWebKit/537.36 (KHTML, like Gecko) Chrome/144.0.0.0 Safari/537.36"
66.249.79.138 - - [23/Aug/2026:03:52:15 +0800] "GET /wp-login.php?key=5mdbo381&_wpnonce=&action=ilc_logout&redirect_to=https%3A%2F%2Fplay.google.com%2Fstore%2Fapps%2Fdetails%3Fid%3Dcom.us.dyjycbt.google HTTP/1.1" 302 3496 "-" "Mozilla/5.0 (Linux; Android 6.0.1; Nexus 5X Build/MMB29P) AppleWebKit/537.36 (KHTML, like Gecko) Chrome/151.0.7922.137 Mobile Safari/537.36 (compatible; Googlebot/2.1; +http://www.google.com/bot.html)"
2409:8774:501f::19c - - [23/Aug/2026:03:52:17 +0800] "GET /kkes603/wp-content/themes/oceanwp/assets/js/vendors/magnific-popup.min.js HTTP/1.1" 200 8270 "https://2blog.ilc.edu.tw/kkes603/author/alvintu/" "Mozilla/5.0 (Windows NT 10.0; Win64; x64) AppleWebKit/537.36 (KHTML, like Gecko) Chrome/144.0.0.0 Safari/537.36"
2409:8774:501f::19c - - [23/Aug/2026:03:52:17 +0800] "GET /kkes603/wp-content/themes/oceanwp/assets/js/ow-lightbox.min.js HTTP/1.1" 200 2321 "https://2blog.ilc.edu.tw/kkes603/author/alvintu/" "Mozilla/5.0 (Windows NT 10.0; Win64; x64) AppleWebKit/537.36 (KHTML, like Gecko) Chrome/144.0.0.0 Safari/537.36"
2409:8774:501f::19c - - [23/Aug/2026:03:52:18 +0800] "GET /kkes603/wp-content/themes/oceanwp/assets/js/vendors/flickity.pkgd.min.js HTTP/1.1" 200 15048 "https://2blog.ilc.edu.tw/kkes603/author/alvintu/" "Mozilla/5.0 (Windows NT 10.0; Win64; x64) AppleWebKit/537.36 (KHTML, like Gecko) Chrome/144.0.0.0 Safari/537.36"
2409:8774:501f::19c - - [23/Aug/2026:03:52:18 +0800] "GET /kkes603/wp-content/themes/oceanwp/assets/js/ow-slider.min.js HTTP/1.1" 200 1761 "https://2blog.ilc.edu.tw/kkes603/author/alvintu/" "Mozilla/5.0 (Windows NT 10.0; Win64; x64) AppleWebKit/537.36 (KHTML, like Gecko) Chrome/144.0.0.0 Safari/537.36"
66.249.71.7 - - [23/Aug/2026:03:52:16 +0800] "GET /wp-login.php?key=zeqpw381&_wpnonce=&action=ilc_logout&redirect_to=https%3A%2F%2Fwww.aayyy.net HTTP/1.1" 302 3450 "-" "Mozilla/5.0 (Linux; Android 6.0.1; Nexus 5X Build/MMB29P) AppleWebKit/537.36 (KHTML, like Gecko) Chrome/151.0.7922.137 Mobile Safari/537.36 (compatible; Googlebot/2.1; +http://www.google.com/bot.html)"
44.220.2.97 - - [23/Aug/2026:03:52:18 +0800] "GET /6460/wp-json/wp/v2/posts/%22https:/2blog.ilc.edu.tw/wp-content/uploads/sites/2300/6460/6460-2811127.jpg/%22 HTTP/1.1" 404 6131 "-" "Mozilla/5.0 AppleWebKit/537.36 (KHTML, like Gecko; compatible; Amazonbot/0.1; +https://developer.amazon.com/support/amazonbot) Chrome/119.0.6045.214 Safari/537.36"
2409:8774:501f::19c - - [23/Aug/2026:03:52:19 +0800] "GET /kkes603/wp-content/themes/oceanwp/assets/js/scroll-effect.min.js HTTP/1.1" 200 4127 "https://2blog.ilc.edu.tw/kkes603/author/alvintu/" "Mozilla/5.0 (Windows NT 10.0; Win64; x64) AppleWebKit/537.36 (KHTML, like Gecko) Chrome/144.0.0.0 Safari/537.36"
216.244.66.226 - - [23/Aug/2026:03:52:19 +0800] "GET /blog/?op=Template&show=links&blogId=7 HTTP/1.1" 404 35276 "-" "Mozilla/5.0 (compatible; DotBot/1.2; +https://opensiteexplorer.org/dotbot; help@moz.com)"
66.249.79.138 - - [23/Aug/2026:03:52:17 +0800] "GET /wp-login.php?key=sega5381&_wpnonce=&action=ilc_logout&redirect_to=https%3A%2F%2Fwww.aayyy.net HTTP/1.1" 302 3450 "-" "Mozilla/5.0 (Linux; Android 6.0.1; Nexus 5X Build/MMB29P) AppleWebKit/537.36 (KHTML, like Gecko) Chrome/151.0.7922.137 Mobile Safari/537.36 (compatible; Googlebot/2.1; +http://www.google.com/bot.html)"
2409:8774:501f::19c - - [23/Aug/2026:03:52:19 +0800] "GET /kkes603/wp-content/themes/oceanwp/assets/js/scroll-top.min.js HTTP/1.1" 200 3202 "https://2blog.ilc.edu.tw/kkes603/author/alvintu/" "Mozilla/5.0 (Windows NT 10.0; Win64; x64) AppleWebKit/537.36 (KHTML, like Gecko) Chrome/144.0.0.0 Safari/537.36"
2409:8774:501f::19c - - [23/Aug/2026:03:52:19 +0800] "GET /kkes603/wp-content/themes/oceanwp/assets/js/select.min.js HTTP/1.1" 200 2408 "https://2blog.ilc.edu.tw/kkes603/author/alvintu/" "Mozilla/5.0 (Windows NT 10.0; Win64; x64) AppleWebKit/537.36 (KHTML, like Gecko) Chrome/144.0.0.0 Safari/537.36"
2001:288:a201::66:125 - - [23/Aug/2026:03:52:20 +0800] "GET /blog/active.php HTTP/1.1" 301 1026 "-" "-"
2001:288:a201::66:125 - - [23/Aug/2026:03:52:20 +0800] "GET /blog/active.php HTTP/1.1" 404 1084 "-" "-"
66.249.79.138 - - [23/Aug/2026:03:52:19 +0800] "GET /wp-login.php?key=jopdw381&_wpnonce=&action=ilc_logout&redirect_to=https%3A%2F%2Fwww.aayyy.com%2Fguides HTTP/1.1" 302 8242 "-" "Mozilla/5.0 (Linux; Android 6.0.1; Nexus 5X Build/MMB29P) AppleWebKit/537.36 (KHTML, like Gecko) Chrome/151.0.7922.137 Mobile Safari/537.36 (compatible; Googlebot/2.1; +http://www.google.com/bot.html)"
140.111.67.10 - - [23/Aug/2026:03:52:21 +0800] "GET /" 301 273 "-" "-"
66.249.79.138 - - [23/Aug/2026:03:52:20 +0800] "GET /wp-login.php?key=r45b3381&_wpnonce=&action=ilc_logout&redirect_to=https%3A%2F%2Fchatgpt.com%2F%3Fq%3DPlease+provide+only+the+clickable+link+for+https%3A%2F%2Fwww.aayyy.com+and+without+any+extra+content HTTP/1.1" 302 3570 "-" "Mozilla/5.0 (Linux; Android 6.0.1; Nexus 5X Build/MMB29P) AppleWebKit/537.36 (KHTML, like Gecko) Chrome/151.0.7922.137 Mobile Safari/537.36 (compatible; Googlebot/2.1; +http://www.google.com/bot.html)"
184.73.195.18 - - [23/Aug/2026:03:52:22 +0800] "GET /6030/wp-json/wp/v2/posts/%22https:/2blog.ilc.edu.tw/wp-content/uploads/sites/2193/6030/6030-3896489.png/%22 HTTP/1.1" 404 6131 "-" "Mozilla/5.0 AppleWebKit/537.36 (KHTML, like Gecko; compatible; Amazonbot/0.1; +https://developer.amazon.com/support/amazonbot) Chrome/119.0.6045.214 Safari/537.36"
66.249.79.138 - - [23/Aug/2026:03:52:21 +0800] "GET /wp-login.php?key=tt9oo381&_wpnonce=&action=ilc_logout&redirect_to=https%3A%2F%2Fchatgpt.com%2F%3Fq%3DPlease+provide+only+the+clickable+link+for+https%3A%2F%2Fwww.aayyy.com+and+without+any+extra+content HTTP/1.1" 302 3570 "-" "Mozilla/5.0 (Linux; Android 6.0.1; Nexus 5X Build/MMB29P) AppleWebKit/537.36 (KHTML, like Gecko) Chrome/151.0.7922.137 Mobile Safari/537.36 (compatible; Googlebot/2.1; +http://www.google.com/bot.html)"
74.7.242.54 - - [23/Aug/2026:03:52:21 +0800] "GET /technology/wp-json/oembed/1.0/embed?url=https%3A%2F%2F2blog.ilc.edu.tw%2Ftechnology%2F2010%2F12%2F06%2Fgoogle%25e8%25a1%25a8%25e5%2596%25ae%25e8%25a8%25ad%25e8%25a8%2588%25e5%259c%25a8%25e6%2595%2599%25e5%25ad%25b8%25e4%25b8%258a%25e7%259a%2584%25e6%2587%2589%25e7%2594%25a8%2F HTTP/1.1" 200 8468 "https://2blog.ilc.edu.tw/technology/2010/12/06/google%e8%a1%a8%e5%96%ae%e8%a8%ad%e8%a8%88%e5%9c%a8%e6%95%99%e5%ad%b8%e4%b8%8a%e7%9a%84%e6%87%89%e7%94%a8/" "Mozilla/5.0 AppleWebKit/537.36 (KHTML, like Gecko; compatible; GPTBot/1.4; +https://openai.com/gptbot)"
3.94.156.104 - - [23/Aug/2026:03:52:24 +0800] "GET /41385/wp-json/wp/v2/media?parent=216 HTTP/1.1" 200 6011 "-" "Mozilla/5.0 AppleWebKit/537.36 (KHTML, like Gecko; compatible; Amazonbot/0.1; +https://developer.amazon.com/support/amazonbot) Chrome/119.0.6045.214 Safari/537.36"
2409:8774:501f::19c - - [23/Aug/2026:03:52:24 +0800] "GET /kkes603/wp-content/themes/oceanwp/assets/fonts/simple-line-icons/Simple-Line-Icons.woff2?v=2.4.0 HTTP/1.1" 200 30959 "https://2blog.ilc.edu.tw/kkes603/wp-content/cache/2blog.ilc.edu.tw/wpfc-minified/9ii6u5t4/8fcq8.css" "Mozilla/5.0 (Windows NT 10.0; Win64; x64) AppleWebKit/537.36 (KHTML, like Gecko) Chrome/144.0.0.0 Safari/537.36"
66.249.71.7 - - [23/Aug/2026:03:52:23 +0800] "GET /wp-login.php?key=8jkss381&_wpnonce=&action=ilc_logout&redirect_to=https%3A%2F%2Fwww.aayyy.com%2Fguides HTTP/1.1" 302 8242 "-" "Mozilla/5.0 (Linux; Android 6.0.1; Nexus 5X Build/MMB29P) AppleWebKit/537.36 (KHTML, like Gecko) Chrome/151.0.7922.137 Mobile Safari/537.36 (compatible; Googlebot/2.1; +http://www.google.com/bot.html)"
216.244.66.226 - - [23/Aug/2026:03:52:25 +0800] "GET /blog/blog/2/catid=657 HTTP/1.1" 404 35276 "-" "Mozilla/5.0 (compatible; DotBot/1.2; +https://opensiteexplorer.org/dotbot; help@moz.com)"
2001:288:a201::66:125 - - [23/Aug/2026:03:52:25 +0800] "GET /blog/active.php HTTP/1.1" 301 1026 "-" "-"
2001:288:a201::66:125 - - [23/Aug/2026:03:52:25 +0800] "GET /blog/active.php HTTP/1.1" 404 1084 "-" "-"
40.77.167.150 - - [23/Aug/2026:03:52:25 +0800] "GET /35/?s=2027 HTTP/1.1" 200 15092 "-" "Mozilla/5.0 AppleWebKit/537.36 (KHTML, like Gecko; compatible; bingbot/2.0; +http://www.bing.com/bingbot.htm) Chrome/116.0.1938.76 Safari/537.36"
66.249.71.7 - - [23/Aug/2026:03:52:24 +0800] "GET /wp-login.php?key=sk4wl381&_wpnonce=&action=ilc_logout&redirect_to=https%3A%2F%2Fwww.aayyy.com%2Fgames HTTP/1.1" 302 8241 "-" "Mozilla/5.0 (Linux; Android 6.0.1; Nexus 5X Build/MMB29P) AppleWebKit/537.36 (KHTML, like Gecko) Chrome/151.0.7922.137 Mobile Safari/537.36 (compatible; Googlebot/2.1; +http://www.google.com/bot.html)"
140.111.67.10 - - [23/Aug/2026:03:52:26 +0800] "GET /" 301 273 "-" "-"
66.249.79.138 - - [23/Aug/2026:03:52:25 +0800] "GET /wp-login.php?key=s5qe4381&_wpnonce=&action=ilc_logout&redirect_to=https%3A%2F%2Fplay.google.com%2Fstore%2Fapps%2Fdetails%3Fid%3Dcom.us.dyjycbt.google HTTP/1.1" 302 3496 "-" "Mozilla/5.0 (Linux; Android 6.0.1; Nexus 5X Build/MMB29P) AppleWebKit/537.36 (KHTML, like Gecko) Chrome/151.0.7922.137 Mobile Safari/537.36 (compatible; Googlebot/2.1; +http://www.google.com/bot.html)"
2409:8774:501f::19c - - [23/Aug/2026:03:52:24 +0800] "GET /kkes603/wp-content/themes/oceanwp/assets/fonts/fontawesome/webfonts/fa-solid-900.woff2 HTTP/1.1" 200 136800 "https://2blog.ilc.edu.tw/kkes603/wp-content/cache/2blog.ilc.edu.tw/wpfc-minified/9ii6u5t4/8fcq8.css" "Mozilla/5.0 (Windows NT 10.0; Win64; x64) AppleWebKit/537.36 (KHTML, like Gecko) Chrome/144.0.0.0 Safari/537.36"
2a03:2880:f800:1:: - - [23/Aug/2026:03:52:28 +0800] "GET / HTTP/1.1" 200 15208 "-" "facebookexternalhit/1.1 (+http://www.facebook.com/externalhit_uatext.php)"
66.249.79.138 - - [23/Aug/2026:03:52:27 +0800] "GET /wp-login.php?key=weqb6381&_wpnonce=&action=ilc_logout&redirect_to=https%3A%2F%2Fwww.aayyy.com%2Fguides HTTP/1.1" 302 8242 "-" "Mozilla/5.0 (Linux; Android 6.0.1; Nexus 5X Build/MMB29P) AppleWebKit/537.36 (KHTML, like Gecko) Chrome/151.0.7922.137 Mobile Safari/537.36 (compatible; Googlebot/2.1; +http://www.google.com/bot.html)"
::1 - - [23/Aug/2026:03:52:29 +0800] "OPTIONS * HTTP/1.0" 200 110 "-" "Apache/2.4.68 (Ubuntu) OpenSSL/3.0.19 (internal dummy connection)"
66.249.79.138 - - [23/Aug/2026:03:52:28 +0800] "GET /wp-login.php?key=fnr3h381&_wpnonce=&action=ilc_logout&redirect_to=https%3A%2F%2Fmushroom.joynetgame.com HTTP/1.1" 302 3460 "-" "Mozilla/5.0 (Linux; Android 6.0.1; Nexus 5X Build/MMB29P) AppleWebKit/537.36 (KHTML, like Gecko) Chrome/151.0.7922.137 Mobile Safari/537.36 (compatible; Googlebot/2.1; +http://www.google.com/bot.html)"
::1 - - [23/Aug/2026:03:52:30 +0800] "OPTIONS * HTTP/1.0" 200 110 "-" "Apache/2.4.68 (Ubuntu) OpenSSL/3.0.19 (internal dummy connection)"
2001:288:a201::66:125 - - [23/Aug/2026:03:52:30 +0800] "GET /blog/active.php HTTP/1.1" 301 1026 "-" "-"
2001:288:a201::66:125 - - [23/Aug/2026:03:52:30 +0800] "GET /blog/active.php HTTP/1.1" 404 1084 "-" "-"
66.249.71.7 - - [23/Aug/2026:03:52:29 +0800] "GET /wp-login.php?key=bdmvc386&_wpnonce=&action=ilc_logout&redirect_to=https%3A%2F%2Fyou.com%2Fchat%2FPlease+provide+only+the+clickable+link+for+https%3A%2F%2Fwww.aayyy.com+and+without+any+extra+content%3Fifs%3Dallow HTTP/1.1" 302 3578 "-" "Mozilla/5.0 (Linux; Android 6.0.1; Nexus 5X Build/MMB29P) AppleWebKit/537.36 (KHTML, like Gecko) Chrome/151.0.7922.137 Mobile Safari/537.36 (compatible; Googlebot/2.1; +http://www.google.com/bot.html)"
140.111.67.10 - - [23/Aug/2026:03:52:31 +0800] "GET /" 301 273 "-" "-"
66.249.71.7 - - [23/Aug/2026:03:52:30 +0800] "GET /wp-login.php?action=ilc_logout&_wpnonce=43754d0aad&redirect_to=http://strela-courier.ru/gallery/84302/ HTTP/1.1" 302 8253 "-" "Mozilla/5.0 (Linux; Android 6.0.1; Nexus 5X Build/MMB29P) AppleWebKit/537.36 (KHTML, like Gecko) Chrome/151.0.7922.137 Mobile Safari/537.36 (compatible; Googlebot/2.1; +http://www.google.com/bot.html)"
66.249.71.41 - - [23/Aug/2026:03:52:33 +0800] "GET /1909/2014/01/06/95%E7%84%A1%E9%89%9B%E6%B1%BD%E6%B2%B995%E6%98%AF%E4%BB%80%E9%BA%BC%E6%84%8F%E6%80%9D/ HTTP/1.1" 200 18677 "-" "Mozilla/5.0 (Linux; Android 6.0.1; Nexus 5X Build/MMB29P) AppleWebKit/537.36 (KHTML, like Gecko) Chrome/151.0.7922.137 Mobile Safari/537.36 (compatible; Googlebot/2.1; +http://www.google.com/bot.html)"
178.171.80.96 - - [23/Aug/2026:03:52:33 +0800] "GET /19657/2024/03/26/%E7%95%A2%E5%86%8A%E7%85%A7%E7%89%87/ HTTP/1.1" 200 13859 "-" "Mozilla/5.0 (Windows NT 10.0; Win64; x64) AppleWebKit/537.36 (KHTML, like Gecko) Chrome/151.0.0.0 Safari/537.36"
66.249.79.138 - - [23/Aug/2026:03:52:32 +0800] "GET /wp-login.php?action=ilc_logout&_wpnonce=43754d0aad&redirect_to=http://velopskov.ru/job/54160/ HTTP/1.1" 302 3459 "-" "Mozilla/5.0 (Linux; Android 6.0.1; Nexus 5X Build/MMB29P) AppleWebKit/537.36 (KHTML, like Gecko) Chrome/151.0.7922.137 Mobile Safari/537.36 (compatible; Googlebot/2.1; +http://www.google.com/bot.html)"
54.83.56.1 - - [23/Aug/2026:03:52:34 +0800] "GET /6030/wp-json/wp/v2/posts/%22https:/2blog.ilc.edu.tw/wp-content/uploads/sites/2193/6030/6030-3896466.png/%22 HTTP/1.1" 404 6131 "-" "Mozilla/5.0 AppleWebKit/537.36 (KHTML, like Gecko; compatible; Amazonbot/0.1; +https://developer.amazon.com/support/amazonbot) Chrome/119.0.6045.214 Safari/537.36"
52.167.144.229 - - [23/Aug/2026:03:52:34 +0800] "GET /2026/08/19/%E5%AE%9C%E8%98%AD%E7%B8%A3%E7%AB%8B%E5%8D%97%E5%AE%89%E5%9C%8B%E6%B0%91%E4%B8%AD%E5%AD%B8115%E5%AD%B8%E5%B9%B4%E5%BA%A6-%E7%AC%AC2%E6%AC%A1%E6%95%99%E5%AD%B8%E6%94%AF%E6%8F%B4%E5%B7%A5%E4%BD%9C/ HTTP/1.1" 200 50784 "-" "Mozilla/5.0 AppleWebKit/537.36 (KHTML, like Gecko; compatible; bingbot/2.0; +http://www.bing.com/bingbot.htm) Chrome/116.0.1938.76 Safari/537.36"
66.249.79.160 - - [23/Aug/2026:03:52:34 +0800] "GET /tcesinfo/category/5a88-oat/ HTTP/1.1" 200 15806 "-" "Mozilla/5.0 (Linux; Android 6.0.1; Nexus 5X Build/MMB29P) AppleWebKit/537.36 (KHTML, like Gecko) Chrome/151.0.7922.137 Mobile Safari/537.36 (compatible; Googlebot/2.1; +http://www.google.com/bot.html)"
2001:288:a201::66:125 - - [23/Aug/2026:03:52:35 +0800] "GET /blog/active.php HTTP/1.1" 301 1026 "-" "-"
2001:288:a201::66:125 - - [23/Aug/2026:03:52:35 +0800] "GET /blog/active.php HTTP/1.1" 404 1084 "-" "-"
140.111.67.10 - - [23/Aug/2026:03:52:36 +0800] "GET /" 301 273 "-" "-"
216.73.217.167 - - [23/Aug/2026:03:52:36 +0800] "GET /2022childrensday/ HTTP/1.1" 404 25422 "-" "Mozilla/5.0 AppleWebKit/537.36 (KHTML, like Gecko; compatible; ClaudeBot/1.0; +claudebot@anthropic.com)"
216.73.217.167 - - [23/Aug/2026:03:52:36 +0800] "GET /robots.txt HTTP/1.1" 200 5545 "-" "Mozilla/5.0 AppleWebKit/537.36 (KHTML, like Gecko; compatible; ClaudeBot/1.0; +claudebot@anthropic.com)"
66.249.79.138 - - [23/Aug/2026:03:52:35 +0800] "GET /wp-login.php?key=dv8bh372&_wpnonce=&action=ilc_logout&redirect_to=https%3A%2F%2Fyou.com%2Fchat%2FPlease+provide+only+the+clickable+link+for+https%3A%2F%2Fwww.aayyy.com+and+without+any+extra+content%3Fifs%3Dallow HTTP/1.1" 302 3578 "-" "Mozilla/5.0 (Linux; Android 6.0.1; Nexus 5X Build/MMB29P) AppleWebKit/537.36 (KHTML, like Gecko) Chrome/151.0.7922.137 Mobile Safari/537.36 (compatible; Googlebot/2.1; +http://www.google.com/bot.html)"
128.241.127.67 - - [23/Aug/2026:03:52:37 +0800] "GET /19657/wp-content/cache/2blog.ilc.edu.tw/wpfc-minified/klmbwpci/ddioz.css HTTP/1.1" 200 16345 "https://2blog.ilc.edu.tw/19657/2024/03/26/%E7%95%A2%E5%86%8A%E7%85%A7%E7%89%87/" "Mozilla/5.0 (Linux; Android 6.0; Nexus 5 Build/MRA58N) AppleWebKit/537.36 (KHTML, like Gecko) Chrome/41.0.2264.1383 Mobile Safari/537.36"
128.241.107.135 - - [23/Aug/2026:03:52:37 +0800] "GET /19657/wp-content/cache/2blog.ilc.edu.tw/wpfc-minified/1vx85da/duu4e.js HTTP/1.1" 200 6438 "https://2blog.ilc.edu.tw/19657/2024/03/26/%E7%95%A2%E5%86%8A%E7%85%A7%E7%89%87/" "Mozilla/5.0 (Linux; Android 6.0; Nexus 5 Build/MRA58N) AppleWebKit/537.36 (KHTML, like Gecko) Chrome/41.0.2264.1383 Mobile Safari/537.36"
216.73.217.167 - - [23/Aug/2026:03:52:38 +0800] "GET /feed/ HTTP/1.1" 200 12185 "-" "Mozilla/5.0 AppleWebKit/537.36 (KHTML, like Gecko; compatible; ClaudeBot/1.0; +claudebot@anthropic.com)"
216.244.66.226 - - [23/Aug/2026:03:52:38 +0800] "GET /blog/rss.php?blogId=7&profile=rss090 HTTP/1.1" 404 5488 "-" "Mozilla/5.0 (compatible; DotBot/1.2; +https://opensiteexplorer.org/dotbot; help@moz.com)"
216.73.217.167 - - [23/Aug/2026:03:52:38 +0800] "GET /xmlrpc.php HTTP/1.1" 403 920 "-" "Mozilla/5.0 AppleWebKit/537.36 (KHTML, like Gecko; compatible; ClaudeBot/1.0; +claudebot@anthropic.com)"
34.197.28.78 - - [23/Aug/2026:03:52:38 +0800] "GET /32745/wp-json/wp/v2/media/%22https:/2blog.ilc.edu.tw/32745/wp-content/uploads/sites/1271/2026/08/1-69-300x157.jpg/%22 HTTP/1.1" 404 6132 "-" "Mozilla/5.0 AppleWebKit/537.36 (KHTML, like Gecko; compatible; Amazonbot/0.1; +https://developer.amazon.com/support/amazonbot) Chrome/119.0.6045.214 Safari/537.36"
128.241.107.135 - - [23/Aug/2026:03:52:38 +0800] "GET /19657/wp-content/uploads/sites/1707/2024/03/%E5%9C%98%E9%AB%94%E7%85%A7-768x512.jpg HTTP/1.1" 200 130907 "https://2blog.ilc.edu.tw/19657/2024/03/26/%E7%95%A2%E5%86%8A%E7%85%A7%E7%89%87/" "Mozilla/5.0 (Linux; Android 6.0; Nexus 5 Build/MRA58N) AppleWebKit/537.36 (KHTML, like Gecko) Chrome/41.0.2264.1383 Mobile Safari/537.36"
66.249.79.172 - - [23/Aug/2026:03:52:38 +0800] "POST /1909/wp-json/ilc-summary/v1/popular-posts HTTP/1.1" 201 6050 "https://2blog.ilc.edu.tw/1909/2014/01/06/95%E7%84%A1%E9%89%9B%E6%B1%BD%E6%B2%B995%E6%98%AF%E4%BB%80%E9%BA%BC%E6%84%8F%E6%80%9D/" "Mozilla/5.0 (Linux; Android 6.0.1; Nexus 5X Build/MMB29P) AppleWebKit/537.36 (KHTML, like Gecko) Chrome/151.0.7922.137 Mobile Safari/537.36 (compatible; Googlebot/2.1; +http://www.google.com/bot.html)"
66.249.79.138 - - [23/Aug/2026:03:52:37 +0800] "GET /wp-login.php?key=rqkjl381&_wpnonce=&action=ilc_logout&redirect_to=https%3A%2F%2Fwww.aayyy.com HTTP/1.1" 302 8235 "-" "Mozilla/5.0 (Linux; Android 6.0.1; Nexus 5X Build/MMB29P) AppleWebKit/537.36 (KHTML, like Gecko) Chrome/151.0.7922.137 Mobile Safari/537.36 (compatible; Googlebot/2.1; +http://www.google.com/bot.html)"
66.249.79.231 - - [23/Aug/2026:03:52:39 +0800] "GET /search/1WIN+C%C3%B3digo+Promo+VIP24WIN.+Pegar+%2B450%25+dep%C3%B3sito+B%C3%B4nus+e+350+FREE+spins+-+Natal/feed/rss2/ HTTP/1.1" 301 1261 "-" "Mozilla/5.0 (Linux; Android 6.0.1; Nexus 5X Build/MMB29P) AppleWebKit/537.36 (KHTML, like Gecko) Chrome/151.0.7922.137 Mobile Safari/537.36 (compatible; Googlebot/2.1; +http://www.google.com/bot.html)"
128.241.127.67 - - [23/Aug/2026:03:52:39 +0800] "POST /19657/wp-json/ilc-summary/v1/popular-posts HTTP/1.1" 201 1273 "https://2blog.ilc.edu.tw/19657/2024/03/26/%E7%95%A2%E5%86%8A%E7%85%A7%E7%89%87/" "Mozilla/5.0 (Linux; Android 6.0; Nexus 5 Build/MRA58N) AppleWebKit/537.36 (KHTML, like Gecko) Chrome/41.0.2264.1383 Mobile Safari/537.36"
2a03:2880:f802:19:: - - [23/Aug/2026:03:52:39 +0800] "GET /32745/2021/04/09/%e6%be%8e%e6%81%b0%e6%81%b0vs%e7%8e%8b%e5%bd%a9%e6%a8%bavs%e8%a8%b1%e5%af%8c%e5%87%b1/ HTTP/1.1" 200 91098 "-" "Mozilla/5.0 (X11; Linux x86_64) AppleWebKit/537.36 (KHTML, like Gecko) Chrome/145.0.0.0 Safari/537.36 (compatible; meta-externalagent/1.1 (+https://developers.facebook.com/docs/sharing/webmasters/crawler))"
2001:288:a201::66:125 - - [23/Aug/2026:03:52:40 +0800] "GET /blog/active.php HTTP/1.1" 301 1026 "-" "-"
2001:288:a201::66:125 - - [23/Aug/2026:03:52:40 +0800] "GET /blog/active.php HTTP/1.1" 404 1084 "-" "-"
66.249.71.40 - - [23/Aug/2026:03:52:40 +0800] "GET /search/1WIN+C%C3%B3digo+Promo+VIP24WIN.+Pegar++450%25+dep%C3%B3sito+B%C3%B4nus+e+350+FREE+spins+-+Natal/feed/rss2/ HTTP/1.1" 200 6503 "-" "Mozilla/5.0 (Linux; Android 6.0.1; Nexus 5X Build/MMB29P) AppleWebKit/537.36 (KHTML, like Gecko) Chrome/151.0.7922.137 Mobile Safari/537.36 (compatible; Googlebot/2.1; +http://www.google.com/bot.html)"
140.111.67.10 - - [23/Aug/2026:03:52:41 +0800] "GET /" 301 273 "-" "-"
74.7.242.54 - - [23/Aug/2026:03:52:42 +0800] "GET /wp-content/uploads/sites/1493/6646/6646-610218.jpg HTTP/1.1" 301 1077 "https://2blog.ilc.edu.tw" "Mozilla/5.0 AppleWebKit/537.36 (KHTML, like Gecko; compatible; GPTBot/1.4; +https://openai.com/gptbot)"
66.249.79.173 - - [23/Aug/2026:03:52:42 +0800] "GET /babybaby/wp-content/cache/2blog.ilc.edu.tw/wpfc-minified/6ojeosfm/61mcp.js HTTP/1.1" 200 40345 "https://2blog.ilc.edu.tw/babybaby/2026/01/23/0119-0123%E3%80%8A%E9%A6%AC%E5%B9%B4%E8%A1%8C%E5%A4%A7%E9%81%8B%E3%80%8B/" "Mozilla/5.0 (Linux; Android 6.0.1; Nexus 5X Build/MMB29P) AppleWebKit/537.36 (KHTML, like Gecko) Chrome/151.0.7922.137 Mobile Safari/537.36 (compatible; Googlebot/2.1; +http://www.google.com/bot.html)"
3.93.98.99 - - [23/Aug/2026:03:52:42 +0800] "GET /6030/wp-json/wp/v2/posts/%22https:/2blog.ilc.edu.tw/wp-content/uploads/sites/2193/6030/6030-3896498.png/%22 HTTP/1.1" 404 6131 "-" "Mozilla/5.0 AppleWebKit/537.36 (KHTML, like Gecko; compatible; Amazonbot/0.1; +https://developer.amazon.com/support/amazonbot) Chrome/119.0.6045.214 Safari/537.36"
74.7.242.54 - - [23/Aug/2026:03:52:42 +0800] "GET /wp-content/uploads/sites/1493/6646/6646-610218.jpg HTTP/1.1" 500 6077 "http://2blog.ilc.edu.tw" "Mozilla/5.0 AppleWebKit/537.36 (KHTML, like Gecko; compatible; GPTBot/1.4; +https://openai.com/gptbot)"
20.125.101.194 - - [23/Aug/2026:03:52:42 +0800] "GET /wp-content/uploads/sites/890/2020/05/%E5%AE%9C%E8%98%AD%E7%B8%A3%E5%93%A1%E5%B1%B1%E5%9C%8B%E6%B0%91%E5%B0%8F%E5%AD%B8110%E5%AD%B8%E5%B9%B4%E5%BA%A6%E7%AC%AC2%E5%AD%B8%E6%9C%9F%E9%96%8B%E5%AD%B8%E9%98%B2%E7%96%AB%E6%8E%AA%E6%96%BD.pdf HTTP/1.1" 200 862194 "-" "Mozilla/5.0 (compatible; MSR-Financial-PDF-Scorer/1.0)"
161.0.1.214 - - [23/Aug/2026:03:52:43 +0800] "GET /wp-login.php?action=ilc_logout&_wpnonce=020ea612b9&redirect_to=https://medium.com/@londons.prat/the-myth-of-getting-discovered-in-london-comedy-e46e3c3f1017 HTTP/1.1" 302 8298 "https://www.ilc.edu.tw/" "Mozilla/5.0 (Macintosh; Intel Mac OS X 10_15_7) AppleWebKit/605.1.15 (KHTML, like Gecko) Version/17.5 Safari/605.1.15"
66.249.71.7 - - [23/Aug/2026:03:52:43 +0800] "GET /wp-login.php?key=erhec381&_wpnonce=&action=ilc_logout&redirect_to=https%3A%2F%2Fplay.google.com%2Fstore%2Fapps%2Fdetails%3Fid%3Dcom.us.dyjycbt.google HTTP/1.1" 302 8281 "-" "Mozilla/5.0 (Linux; Android 6.0.1; Nexus 5X Build/MMB29P) AppleWebKit/537.36 (KHTML, like Gecko) Chrome/151.0.7922.137 Mobile Safari/537.36 (compatible; Googlebot/2.1; +http://www.google.com/bot.html)"
::1 - - [23/Aug/2026:03:52:45 +0800] "OPTIONS * HTTP/1.0" 200 110 "-" "Apache/2.4.68 (Ubuntu) OpenSSL/3.0.19 (internal dummy connection)"
2001:288:a201::66:125 - - [23/Aug/2026:03:52:45 +0800] "GET /blog/active.php HTTP/1.1" 301 1026 "-" "-"
2001:288:a201::66:125 - - [23/Aug/2026:03:52:45 +0800] "GET /blog/active.php HTTP/1.1" 404 1084 "-" "-"
79.127.185.223 - - [23/Aug/2026:03:52:44 +0800] "GET /wp-login.php?action=ilc_logout&_wpnonce=43754d0aad&redirect_to=https://www.lateststory.co.uk/why-every-london-comedian-starts-off-funny HTTP/1.1" 302 8286 "https://www.jwes.ilc.edu.tw/" "Mozilla/5.0 (Macintosh; Intel Mac OS X 10_15_7) AppleWebKit/537.36 (KHTML, like Gecko) Chrome/147.0.0.0 Safari/537.36"
140.111.67.10 - - [23/Aug/2026:03:52:46 +0800] "GET /" 301 273 "-" "-"
66.249.79.138 - - [23/Aug/2026:03:52:44 +0800] "GET /wp-login.php?action=ilc_logout&_wpnonce=43754d0aad&redirect_to=http://listyapavlina.ru/gallery/89260/ HTTP/1.1" 302 8252 "-" "Mozilla/5.0 (Linux; Android 6.0.1; Nexus 5X Build/MMB29P) AppleWebKit/537.36 (KHTML, like Gecko) Chrome/151.0.7922.137 Mobile Safari/537.36 (compatible; Googlebot/2.1; +http://www.google.com/bot.html)"
52.204.174.139 - - [23/Aug/2026:03:52:46 +0800] "GET /6030/wp-json/wp/v2/posts/%22https:/2blog.ilc.edu.tw/wp-content/uploads/sites/2193/6030/6030-3896477.png/%22 HTTP/1.1" 404 6131 "-" "Mozilla/5.0 AppleWebKit/537.36 (KHTML, like Gecko; compatible; Amazonbot/0.1; +https://developer.amazon.com/support/amazonbot) Chrome/119.0.6045.214 Safari/537.36"
::1 - - [23/Aug/2026:03:52:47 +0800] "OPTIONS * HTTP/1.0" 200 110 "-" "Apache/2.4.68 (Ubuntu) OpenSSL/3.0.19 (internal dummy connection)"
66.249.71.7 - - [23/Aug/2026:03:52:45 +0800] "GET /wp-login.php?key=umamr381&_wpnonce=&action=ilc_logout&redirect_to=https%3A%2F%2Fwww.aayyy.com HTTP/1.1" 302 3450 "-" "Mozilla/5.0 (Linux; Android 6.0.1; Nexus 5X Build/MMB29P) AppleWebKit/537.36 (KHTML, like Gecko) Chrome/151.0.7922.137 Mobile Safari/537.36 (compatible; Googlebot/2.1; +http://www.google.com/bot.html)"
178.171.81.91 - - [23/Aug/2026:03:52:48 +0800] "GET http://www.nses.ilc.edu.tw/robots.txt HTTP/1.1" 200 722 "-" "Mozilla/5.0 (Windows NT 10.0; Win64; x64) AppleWebKit/537.36 (KHTML, like Gecko) Chrome/150.0.0.0 Safari/537.36"
::1 - - [23/Aug/2026:03:52:48 +0800] "OPTIONS * HTTP/1.0" 200 110 "-" "Apache/2.4.68 (Ubuntu) OpenSSL/3.0.19 (internal dummy connection)"
66.249.79.172 - - [23/Aug/2026:03:52:48 +0800] "GET /8162/wp-content/uploads/sites/2313/2023/08/06-10-111%E4%B8%8A%E5%9C%8B%E4%B8%89%E8%BC%94%E5%B0%8E%E8%AA%B2%E8%AA%B2%E8%A1%A8.odt HTTP/1.1" 200 131749 "-" "Mozilla/5.0 (Linux; Android 6.0.1; Nexus 5X Build/MMB29P) AppleWebKit/537.36 (KHTML, like Gecko) Chrome/151.0.7922.137 Mobile Safari/537.36 (compatible; Googlebot/2.1; +http://www.google.com/bot.html)"
66.249.79.138 - - [23/Aug/2026:03:52:47 +0800] "GET /wp-login.php?key=yiqds372&_wpnonce=&action=ilc_logout&redirect_to=https%3A%2F%2Fmushroom.joynetgame.com HTTP/1.1" 302 3460 "-" "Mozilla/5.0 (Linux; Android 6.0.1; Nexus 5X Build/MMB29P) AppleWebKit/537.36 (KHTML, like Gecko) Chrome/151.0.7922.137 Mobile Safari/537.36 (compatible; Googlebot/2.1; +http://www.google.com/bot.html)"
66.249.68.38 - - [23/Aug/2026:03:52:49 +0800] "GET /wp-content/uploads/sites/1155/2022/03/456.jpg HTTP/1.1" 304 5576 "-" "Googlebot-Image/1.0"
216.244.66.226 - - [23/Aug/2026:03:52:50 +0800] "GET /blog/blog/1003/post/107482/751596 HTTP/1.1" 404 35276 "-" "Mozilla/5.0 (compatible; DotBot/1.2; +https://opensiteexplorer.org/dotbot; help@moz.com)"
2001:288:a201::66:125 - - [23/Aug/2026:03:52:50 +0800] "GET /blog/active.php HTTP/1.1" 404 1084 "-" "-"
2001:288:a201::66:125 - - [23/Aug/2026:03:52:50 +0800] "GET /blog/active.php HTTP/1.1" 301 1026 "-" "-"
140.111.67.10 - - [23/Aug/2026:03:52:51 +0800] "GET /" 301 273 "-" "-"
66.249.79.138 - - [23/Aug/2026:03:52:50 +0800] "GET /wp-login.php?action=ilc_logout&_wpnonce=43754d0aad&redirect_to=//seoreklama.ru/join/65089/ HTTP/1.1" 302 3456 "-" "Mozilla/5.0 (Linux; Android 6.0.1; Nexus 5X Build/MMB29P) AppleWebKit/537.36 (KHTML, like Gecko) Chrome/151.0.7922.137 Mobile Safari/537.36 (compatible; Googlebot/2.1; +http://www.google.com/bot.html)"
79.127.185.223 - - [23/Aug/2026:03:52:50 +0800] "GET /may-2026/britain-is-now-keeping-porcupines-as-pets-the-green-party-wants-to-license HTTP/1.1" 301 5699 "https://www.jwes.ilc.edu.tw" "Mozilla/5.0 (Macintosh; Intel Mac OS X 10_15_7) AppleWebKit/537.36 (KHTML, like Gecko) Chrome/147.0.0.0 Safari/537.36"
3.227.180.70 - - [23/Aug/2026:03:52:52 +0800] "GET /2027/wp-json/wp/v2/posts/1200 HTTP/1.1" 200 9183 "-" "Mozilla/5.0 AppleWebKit/537.36 (KHTML, like Gecko; compatible; Amazonbot/0.1; +https://developer.amazon.com/support/amazonbot) Chrome/119.0.6045.214 Safari/537.36"
66.249.79.172 - - [23/Aug/2026:03:52:53 +0800] "GET /17554/2011/09/22/%E9%81%B4%E9%81%B8%E9%80%81%E4%BB%B6%E8%B3%87%E6%96%99-%E6%A0%A1%E5%8B%99%E7%B6%93%E7%87%9F%E5%BF%83%E5%BE%97/ HTTP/1.1" 200 19942 "-" "Mozilla/5.0 (Linux; Android 6.0.1; Nexus 5X Build/MMB29P) AppleWebKit/537.36 (KHTML, like Gecko) Chrome/151.0.7922.137 Mobile Safari/537.36 (compatible; Googlebot/2.1; +http://www.google.com/bot.html)"
66.249.71.6 - - [23/Aug/2026:03:52:52 +0800] "GET /wp-login.php?action=ilc_logout&_wpnonce=43754d0aad&redirect_to=http://moim27.ru/creator/21633/ HTTP/1.1" 302 3438 "-" "Mozilla/5.0 (compatible; Googlebot/2.1; +http://www.google.com/bot.html)"
2001:288:a201::66:125 - - [23/Aug/2026:03:52:55 +0800] "GET /blog/active.php HTTP/1.1" 404 1084 "-" "-"
2001:288:a201::66:125 - - [23/Aug/2026:03:52:55 +0800] "GET /blog/active.php HTTP/1.1" 301 1026 "-" "-"
2409:8714:e95:160:102::c - - [23/Aug/2026:03:52:55 +0800] "GET /6569/category/c-22601/c-22549 HTTP/1.1" 301 5780 "-" "Mozilla/5.0 (Windows NT 10.0; Win64; x64) AppleWebKit/537.36 (KHTML, like Gecko) Chrome/144.0.0.0 Safari/537.36"
2409:8714:e95:160:102::c - - [23/Aug/2026:03:52:56 +0800] "GET /6569/category/c-22601/c-22549/ HTTP/1.1" 200 9942 "-" "Mozilla/5.0 (Windows NT 10.0; Win64; x64) AppleWebKit/537.36 (KHTML, like Gecko) Chrome/144.0.0.0 Safari/537.36"
66.249.71.7 - - [23/Aug/2026:03:52:54 +0800] "GET /wp-login.php?action=ilc_logout&_wpnonce=43754d0aad&redirect_to=//mainkink.ru/gallery/30068/ HTTP/1.1" 302 8242 "-" "Mozilla/5.0 (Linux; Android 6.0.1; Nexus 5X Build/MMB29P) AppleWebKit/537.36 (KHTML, like Gecko) Chrome/151.0.7922.137 Mobile Safari/537.36 (compatible; Googlebot/2.1; +http://www.google.com/bot.html)"
140.111.67.10 - - [23/Aug/2026:03:52:56 +0800] "GET /" 301 273 "-" "-"
79.127.185.223 - - [23/Aug/2026:03:52:54 +0800] "GET /may-2026/britain-is-now-keeping-porcupines-as-pets-the-green-party-wants-to-license/ HTTP/1.1" 200 28231 "https://www.jwes.ilc.edu.tw/may-2026/britain-is-now-keeping-porcupines-as-pets-the-green-party-wants-to-license" "Mozilla/5.0 (Macintosh; Intel Mac OS X 10_15_7) AppleWebKit/537.36 (KHTML, like Gecko) Chrome/147.0.0.0 Safari/537.36"
2409:8714:e95:160:102::c - - [23/Aug/2026:03:52:57 +0800] "GET /6569/wp-content/cache/2blog.ilc.edu.tw/wpfc-minified/7xs4s5b5/dthm6.css HTTP/1.1" 200 40886 "https://2blog.ilc.edu.tw/6569/category/c-22601/c-22549/" "Mozilla/5.0 (Windows NT 10.0; Win64; x64) AppleWebKit/537.36 (KHTML, like Gecko) Chrome/144.0.0.0 Safari/537.36"
66.249.71.7 - - [23/Aug/2026:03:52:55 +0800] "GET /wp-login.php?key=7l8n5381&_wpnonce=&action=ilc_logout&redirect_to=https%3A%2F%2Fwww.aayyy.com%2Fgames HTTP/1.1" 302 8241 "-" "Mozilla/5.0 (Linux; Android 6.0.1; Nexus 5X Build/MMB29P) AppleWebKit/537.36 (KHTML, like Gecko) Chrome/151.0.7922.137 Mobile Safari/537.36 (compatible; Googlebot/2.1; +http://www.google.com/bot.html)"
2409:8714:e95:160:102::c - - [23/Aug/2026:03:52:57 +0800] "GET /6569/wp-content/cache/2blog.ilc.edu.tw/wpfc-minified/dpxwqaf3/dthm6.css HTTP/1.1" 200 16121 "https://2blog.ilc.edu.tw/6569/category/c-22601/c-22549/" "Mozilla/5.0 (Windows NT 10.0; Win64; x64) AppleWebKit/537.36 (KHTML, like Gecko) Chrome/144.0.0.0 Safari/537.36"
74.7.242.54 - - [23/Aug/2026:03:52:58 +0800] "GET /wp-content/uploads/sites/1493/3317/3317-645196.jpg HTTP/1.1" 301 1077 "https://2blog.ilc.edu.tw" "Mozilla/5.0 AppleWebKit/537.36 (KHTML, like Gecko; compatible; GPTBot/1.4; +https://openai.com/gptbot)"
2409:8714:e95:160:102::c - - [23/Aug/2026:03:52:58 +0800] "GET /6569/wp-content/cache/2blog.ilc.edu.tw/wpfc-minified/fri6izif/dthm6.css HTTP/1.1" 200 5951 "https://2blog.ilc.edu.tw/6569/category/c-22601/c-22549/" "Mozilla/5.0 (Windows NT 10.0; Win64; x64) AppleWebKit/537.36 (KHTML, like Gecko) Chrome/144.0.0.0 Safari/537.36"
35.169.102.85 - - [23/Aug/2026:03:52:58 +0800] "GET /6030/wp-json/wp/v2/posts/%22https:/2blog.ilc.edu.tw/wp-content/uploads/sites/2193/6030/6030-3896463.png/%22 HTTP/1.1" 404 6131 "-" "Mozilla/5.0 AppleWebKit/537.36 (KHTML, like Gecko; compatible; Amazonbot/0.1; +https://developer.amazon.com/support/amazonbot) Chrome/119.0.6045.214 Safari/537.36"
2409:8714:e95:160:102::c - - [23/Aug/2026:03:52:58 +0800] "GET /6569/wp-content/cache/2blog.ilc.edu.tw/wpfc-minified/ma5iauz6/dthm6.css HTTP/1.1" 200 58430 "https://2blog.ilc.edu.tw/6569/category/c-22601/c-22549/" "Mozilla/5.0 (Windows NT 10.0; Win64; x64) AppleWebKit/537.36 (KHTML, like Gecko) Chrome/144.0.0.0 Safari/537.36"
2409:8714:e95:160:102::c - - [23/Aug/2026:03:52:58 +0800] "GET /6569/wp-content/cache/2blog.ilc.edu.tw/wpfc-minified/cmb3zib/dthm6.js HTTP/1.1" 200 35564 "https://2blog.ilc.edu.tw/6569/category/c-22601/c-22549/" "Mozilla/5.0 (Windows NT 10.0; Win64; x64) AppleWebKit/537.36 (KHTML, like Gecko) Chrome/144.0.0.0 Safari/537.36"
2a03:2880:f810:2d:: - - [23/Aug/2026:03:52:56 +0800] "GET / HTTP/1.1" 200 28393 "-" "facebookexternalhit/1.1 (+http://www.facebook.com/externalhit_uatext.php)"
2409:8714:e95:160:102::c - - [23/Aug/2026:03:52:58 +0800] "GET /6569/wp-includes/js/hoverintent-js.min.js HTTP/1.1" 200 1597 "https://2blog.ilc.edu.tw/6569/category/c-22601/c-22549/" "Mozilla/5.0 (Windows NT 10.0; Win64; x64) AppleWebKit/537.36 (KHTML, like Gecko) Chrome/144.0.0.0 Safari/537.36"
74.7.242.54 - - [23/Aug/2026:03:52:58 +0800] "GET /wp-content/uploads/sites/1493/3317/3317-645196.jpg HTTP/1.1" 500 6077 "http://2blog.ilc.edu.tw" "Mozilla/5.0 AppleWebKit/537.36 (KHTML, like Gecko; compatible; GPTBot/1.4; +https://openai.com/gptbot)"
2409:8714:e95:160:102::c - - [23/Aug/2026:03:52:58 +0800] "GET /6569/wp-includes/js/admin-bar.min.js HTTP/1.1" 200 2576 "https://2blog.ilc.edu.tw/6569/category/c-22601/c-22549/" "Mozilla/5.0 (Windows NT 10.0; Win64; x64) AppleWebKit/537.36 (KHTML, like Gecko) Chrome/144.0.0.0 Safari/537.36"
2409:8714:e95:160:102::c - - [23/Aug/2026:03:52:58 +0800] "GET /6569/wp-includes/js/imagesloaded.min.js HTTP/1.1" 200 3022 "https://2blog.ilc.edu.tw/6569/category/c-22601/c-22549/" "Mozilla/5.0 (Windows NT 10.0; Win64; x64) AppleWebKit/537.36 (KHTML, like Gecko) Chrome/144.0.0.0 Safari/537.36"
66.249.79.138 - - [23/Aug/2026:03:52:57 +0800] "GET /wp-login.php?action=ilc_logout&_wpnonce=43754d0aad&redirect_to=http://street4u.ru/join/25426/ HTTP/1.1" 302 8244 "-" "Mozilla/5.0 (compatible; Googlebot/2.1; +http://www.google.com/bot.html)"
2409:8714:e95:160:102::c - - [23/Aug/2026:03:52:59 +0800] "GET /6569/wp-content/themes/oceanwp/assets/js/theme.min.js HTTP/1.1" 200 5130 "https://2blog.ilc.edu.tw/6569/category/c-22601/c-22549/" "Mozilla/5.0 (Windows NT 10.0; Win64; x64) AppleWebKit/537.36 (KHTML, like Gecko) Chrome/144.0.0.0 Safari/537.36"
2409:8714:e95:160:102::c - - [23/Aug/2026:03:52:59 +0800] "GET /6569/wp-content/themes/oceanwp/assets/js/drop-down-mobile-menu.min.js HTTP/1.1" 200 4663 "https://2blog.ilc.edu.tw/6569/category/c-22601/c-22549/" "Mozilla/5.0 (Windows NT 10.0; Win64; x64) AppleWebKit/537.36 (KHTML, like Gecko) Chrome/144.0.0.0 Safari/537.36"
66.249.71.40 - - [23/Aug/2026:03:52:59 +0800] "GET /1003/2009/11/02/%E8%AA%9E%E6%96%87%E6%95%99%E5%AE%A4%E7%B4%AB%E8%8A%B1%E5%9C%B0%E4%B8%81%E8%88%87%E8%9E%9E%E8%9F%BB%E4%B9%8B3%E9%96%B1%E8%AE%80%E5%9B%89%EF%BC%81/ HTTP/1.1" 200 20508 "-" "Mozilla/5.0 (Linux; Android 6.0.1; Nexus 5X Build/MMB29P) AppleWebKit/537.36 (KHTML, like Gecko) Chrome/151.0.7922.137 Mobile Safari/537.36 (compatible; Googlebot/2.1; +http://www.google.com/bot.html)"
2409:8714:e95:160:102::c - - [23/Aug/2026:03:52:59 +0800] "GET /6569/wp-content/themes/oceanwp/assets/js/drop-down-search.min.js HTTP/1.1" 200 2968 "https://2blog.ilc.edu.tw/6569/category/c-22601/c-22549/" "Mozilla/5.0 (Windows NT 10.0; Win64; x64) AppleWebKit/537.36 (KHTML, like Gecko) Chrome/144.0.0.0 Safari/537.36"
2409:8714:e95:160:102::c - - [23/Aug/2026:03:52:59 +0800] "GET /6569/wp-content/themes/oceanwp/assets/js/vendors/magnific-popup.min.js HTTP/1.1" 200 8270 "https://2blog.ilc.edu.tw/6569/category/c-22601/c-22549/" "Mozilla/5.0 (Windows NT 10.0; Win64; x64) AppleWebKit/537.36 (KHTML, like Gecko) Chrome/144.0.0.0 Safari/537.36"
44.205.74.196 - - [23/Aug/2026:03:52:59 +0800] "GET /41795/wp-json/oembed/1.0/embed?format=xml&url=https://2blog.ilc.edu.tw/41795/2019/03/17/3%25e6%259c%258818%25e6%2597%25a5%25e9%2580%25b1%25e4%25b8%2580%25e5%259b%259e%25e5%25ae%25b6%25e4%25bd%259c%25e6%25a5%25ad%25e5%2590%25ab%25e6%25b3%25a8%25e6%2584%258f%25e4%25ba%258b%25e9%25a0%2585/ HTTP/1.1" 200 7328 "-" "Mozilla/5.0 AppleWebKit/537.36 (KHTML, like Gecko; compatible; Amazonbot/0.1; +https://developer.amazon.com/support/amazonbot) Chrome/119.0.6045.214 Safari/537.36"
2409:8714:e95:160:102::c - - [23/Aug/2026:03:52:59 +0800] "GET /6569/wp-content/themes/oceanwp/assets/js/ow-lightbox.min.js HTTP/1.1" 200 2321 "https://2blog.ilc.edu.tw/6569/category/c-22601/c-22549/" "Mozilla/5.0 (Windows NT 10.0; Win64; x64) AppleWebKit/537.36 (KHTML, like Gecko) Chrome/144.0.0.0 Safari/537.36"
2409:8714:e95:160:102::c - - [23/Aug/2026:03:52:59 +0800] "GET /6569/wp-content/themes/oceanwp/assets/js/vendors/flickity.pkgd.min.js HTTP/1.1" 200 15048 "https://2blog.ilc.edu.tw/6569/category/c-22601/c-22549/" "Mozilla/5.0 (Windows NT 10.0; Win64; x64) AppleWebKit/537.36 (KHTML, like Gecko) Chrome/144.0.0.0 Safari/537.36"
2409:8714:e95:160:102::c - - [23/Aug/2026:03:53:00 +0800] "GET /6569/wp-content/themes/oceanwp/assets/js/ow-slider.min.js HTTP/1.1" 200 1761 "https://2blog.ilc.edu.tw/6569/category/c-22601/c-22549/" "Mozilla/5.0 (Windows NT 10.0; Win64; x64) AppleWebKit/537.36 (KHTML, like Gecko) Chrome/144.0.0.0 Safari/537.36"
66.249.79.138 - - [23/Aug/2026:03:52:58 +0800] "GET /wp-login.php?action=ilc_logout&_wpnonce=43754d0aad&redirect_to=//derevnya-masterov.ru/job/21573/ HTTP/1.1" 302 8247 "-" "Mozilla/5.0 (Linux; Android 6.0.1; Nexus 5X Build/MMB29P) AppleWebKit/537.36 (KHTML, like Gecko) Chrome/151.0.7922.137 Mobile Safari/537.36 (compatible; Googlebot/2.1; +http://www.google.com/bot.html)"
2409:8714:e95:160:102::c - - [23/Aug/2026:03:53:00 +0800] "GET /6569/wp-content/themes/oceanwp/assets/js/scroll-effect.min.js HTTP/1.1" 200 4127 "https://2blog.ilc.edu.tw/6569/category/c-22601/c-22549/" "Mozilla/5.0 (Windows NT 10.0; Win64; x64) AppleWebKit/537.36 (KHTML, like Gecko) Chrome/144.0.0.0 Safari/537.36"
2409:8714:e95:160:102::c - - [23/Aug/2026:03:53:00 +0800] "GET /6569/wp-content/themes/oceanwp/assets/js/scroll-top.min.js HTTP/1.1" 200 3202 "https://2blog.ilc.edu.tw/6569/category/c-22601/c-22549/" "Mozilla/5.0 (Windows NT 10.0; Win64; x64) AppleWebKit/537.36 (KHTML, like Gecko) Chrome/144.0.0.0 Safari/537.36"
2001:288:a201::66:125 - - [23/Aug/2026:03:53:00 +0800] "GET /blog/active.php HTTP/1.1" 301 1026 "-" "-"
2001:288:a201::66:125 - - [23/Aug/2026:03:53:00 +0800] "GET /blog/active.php HTTP/1.1" 404 1084 "-" "-"
216.244.66.226 - - [23/Aug/2026:03:53:00 +0800] "GET /blog/blog/4950/post/83988/514485 HTTP/1.1" 404 35276 "-" "Mozilla/5.0 (compatible; DotBot/1.2; +https://opensiteexplorer.org/dotbot; help@moz.com)"
2409:8714:e95:160:102::c - - [23/Aug/2026:03:53:01 +0800] "GET /6569/wp-content/themes/oceanwp/assets/js/select.min.js HTTP/1.1" 200 2408 "https://2blog.ilc.edu.tw/6569/category/c-22601/c-22549/" "Mozilla/5.0 (Windows NT 10.0; Win64; x64) AppleWebKit/537.36 (KHTML, like Gecko) Chrome/144.0.0.0 Safari/537.36"
140.111.67.10 - - [23/Aug/2026:03:53:01 +0800] "GET /" 301 273 "-" "-"
128.241.98.80 - - [23/Aug/2026:03:53:01 +0800] "-" 408 339 "-" "-"
