66.249.68.103 - - [23/Aug/2026:03:51:19 +0800] "GET /2026/07/24/%E5%93%A1%E5%B1%B1%E5%9C%8B%E5%B0%8F115%E5%AD%B8%E5%B9%B4%E5%BA%A6%E7%8F%AD%E7%B4%9A%E7%B6%B2%E9%A0%81/ HTTP/1.1" 200 32090 "-" "Mozilla/5.0 (Linux; Android 6.0.1; Nexus 5X Build/MMB29P) AppleWebKit/537.36 (KHTML, like Gecko) Chrome/151.0.7922.137 Mobile Safari/537.36 (compatible; Googlebot/2.1; +http://www.google.com/bot.html)"
178.171.81.34 - - [23/Aug/2026:03:51:19 +0800] "GET / HTTP/1.1" 200 15168 "-" "Mozilla/5.0 (Windows NT 10.0; Win64; x64; rv:153.0) Gecko/20100101 Firefox/153.0"
240e:90e:2000:2006::127e - - [23/Aug/2026:03:51:20 +0800] "GET /3860/wp-content/cache/2blog.ilc.edu.tw/wpfc-minified/dsvp51ho/5woba.css HTTP/1.1" 200 40886 "https://2blog.ilc.edu.tw/3860/category/c-10770/c-11025/" "Mozilla/5.0 (Windows NT 10.0; Win64; x64) AppleWebKit/537.36 (KHTML, like Gecko) Chrome/144.0.0.0 Safari/537.36"
34.203.111.15 - - [23/Aug/2026:03:51:19 +0800] "GET /6433/wp-json/oembed/1.0/embed?format=xml&url=https://2blog.ilc.edu.tw/6433/2017/11/27/106%25e5%25b9%25b4%25e5%25ba%25a6%25e6%2595%2599%25e5%25b8%25ab%25e5%25b0%2588%25e6%25a5%25ad%25e6%2588%2590%25e9%2595%25b7%25e6%25b4%25bb%25e5%258b%2595-%25e3%2580%258c%25e6%25b0%25b4%25e5%25bd%25a9%25e6%258a%2580%25e6%25b3%2595%25e7%25a0%2594%25e7%25bf%2592%25e3%2580%258d/ HTTP/1.1" 200 7351 "-" "Mozilla/5.0 AppleWebKit/537.36 (KHTML, like Gecko; compatible; Amazonbot/0.1; +https://developer.amazon.com/support/amazonbot) Chrome/119.0.6045.214 Safari/537.36"
66.249.79.132 - - [23/Aug/2026:03:51:18 +0800] "GET /wp-login.php?action=ilc_logout&_wpnonce=43754d0aad&redirect_to=http://pis-center.ru/join/11415/ HTTP/1.1" 302 3439 "-" "Mozilla/5.0 (compatible; Googlebot/2.1; +http://www.google.com/bot.html)"
2409:8a6a:606:e424:d01a:f088:d1fe:4da6 - - [23/Aug/2026:03:51:20 +0800] "GET /yceec/author/weiyi/page/6 HTTP/1.1" 301 5750 "-" "Mozilla/5.0 (Windows NT 10.0; Win64; x64) AppleWebKit/537.36 (KHTML, like Gecko) Chrome/144.0.0.0 Safari/537.36"
2001:288:a201::66:125 - - [23/Aug/2026:03:51:20 +0800] "GET /blog/active.php HTTP/1.1" 301 1026 "-" "-"
240e:90e:2000:2006::127e - - [23/Aug/2026:03:51:20 +0800] "GET /3860/wp-content/cache/2blog.ilc.edu.tw/wpfc-minified/2n9laxoh/5wolc.css HTTP/1.1" 200 30657 "https://2blog.ilc.edu.tw/3860/category/c-10770/c-11025/" "Mozilla/5.0 (Windows NT 10.0; Win64; x64) AppleWebKit/537.36 (KHTML, like Gecko) Chrome/144.0.0.0 Safari/537.36"
2001:288:a201::66:125 - - [23/Aug/2026:03:51:20 +0800] "GET /blog/active.php HTTP/1.1" 404 1084 "-" "-"
178.171.81.34 - - [23/Aug/2026:03:51:20 +0800] "GET /6441/category/%e8%87%ba%e7%be%8e%e7%94%9f%e6%85%8b%e5%ad%b8%e6%a0%a1/%e6%95%99%e8%82%b2%e8%aa%b2%e7%a8%8b/ HTTP/1.1" 200 10798 "https://2blog.ilc.edu.tw/" "Mozilla/5.0 (Windows NT 10.0; Win64; x64; rv:153.0) Gecko/20100101 Firefox/153.0"
2409:8a6a:606:e424:d01a:f088:d1fe:4da6 - - [23/Aug/2026:03:51:20 +0800] "GET /yceec/author/weiyi/page/6/ HTTP/1.1" 200 18037 "-" "Mozilla/5.0 (Windows NT 10.0; Win64; x64) AppleWebKit/537.36 (KHTML, like Gecko) Chrome/144.0.0.0 Safari/537.36"
140.111.67.10 - - [23/Aug/2026:03:51:21 +0800] "GET /" 301 273 "-" "-"
2409:8a6a:606:e424:d01a:f088:d1fe:4da6 - - [23/Aug/2026:03:51:21 +0800] "GET /yceec/wp-content/cache/2blog.ilc.edu.tw/wpfc-minified/swvqvpd/5wox5.css HTTP/1.1" 200 40887 "https://2blog.ilc.edu.tw/yceec/author/weiyi/page/6/" "Mozilla/5.0 (Windows NT 10.0; Win64; x64) AppleWebKit/537.36 (KHTML, like Gecko) Chrome/144.0.0.0 Safari/537.36"
216.244.66.226 - - [23/Aug/2026:03:51:21 +0800] "GET /blog/blog/21/albumid=21414 HTTP/1.1" 404 35276 "-" "Mozilla/5.0 (compatible; DotBot/1.2; +https://opensiteexplorer.org/dotbot; help@moz.com)"
66.249.79.138 - - [23/Aug/2026:03:51:20 +0800] "GET /wp-login.php?key=6m26q381&_wpnonce=&action=ilc_logout&redirect_to=https%3A%2F%2Fwww.aayyy.net HTTP/1.1" 302 3450 "-" "Mozilla/5.0 (Linux; Android 6.0.1; Nexus 5X Build/MMB29P) AppleWebKit/537.36 (KHTML, like Gecko) Chrome/151.0.7922.137 Mobile Safari/537.36 (compatible; Googlebot/2.1; +http://www.google.com/bot.html)"
2409:8a6a:606:e424:d01a:f088:d1fe:4da6 - - [23/Aug/2026:03:51:22 +0800] "GET /yceec/wp-content/cache/2blog.ilc.edu.tw/wpfc-minified/mm08hyzw/5wox5.css HTTP/1.1" 200 15782 "https://2blog.ilc.edu.tw/yceec/author/weiyi/page/6/" "Mozilla/5.0 (Windows NT 10.0; Win64; x64) AppleWebKit/537.36 (KHTML, like Gecko) Chrome/144.0.0.0 Safari/537.36"
2409:8a6a:606:e424:d01a:f088:d1fe:4da6 - - [23/Aug/2026:03:51:22 +0800] "GET /yceec/wp-content/cache/2blog.ilc.edu.tw/wpfc-minified/jo89wcdw/5wox5.css HTTP/1.1" 200 1157 "https://2blog.ilc.edu.tw/yceec/author/weiyi/page/6/" "Mozilla/5.0 (Windows NT 10.0; Win64; x64) AppleWebKit/537.36 (KHTML, like Gecko) Chrome/144.0.0.0 Safari/537.36"
128.241.112.165 - - [23/Aug/2026:03:51:23 +0800] "GET /6441/wp-content/cache/2blog.ilc.edu.tw/wpfc-minified/77xp4vqg/5wv29.css HTTP/1.1" 200 45680 "https://2blog.ilc.edu.tw/6441/category/%e8%87%ba%e7%be%8e%e7%94%9f%e6%85%8b%e5%ad%b8%e6%a0%a1/%e6%95%99%e8%82%b2%e8%aa%b2%e7%a8%8b/" "Mozilla/5.0 (Linux; Android 8.0; Pixel 2 Build/OPD3.170816.012) AppleWebKit/537.36 (KHTML, like Gecko) Chrome/60.0.8727.1686 Mobile Safari/537.36"
2409:8a6a:606:e424:d01a:f088:d1fe:4da6 - - [23/Aug/2026:03:51:23 +0800] "GET /yceec/wp-content/uploads/sites/200/elementor/css/post-1701.css HTTP/1.1" 200 3056 "https://2blog.ilc.edu.tw/yceec/author/weiyi/page/6/" "Mozilla/5.0 (Windows NT 10.0; Win64; x64) AppleWebKit/537.36 (KHTML, like Gecko) Chrome/144.0.0.0 Safari/537.36"
128.241.77.20 - - [23/Aug/2026:03:51:23 +0800] "GET /6441/wp-content/cache/2blog.ilc.edu.tw/wpfc-minified/8bjwa1u9/5wv29.css HTTP/1.1" 200 20576 "https://2blog.ilc.edu.tw/6441/category/%e8%87%ba%e7%be%8e%e7%94%9f%e6%85%8b%e5%ad%b8%e6%a0%a1/%e6%95%99%e8%82%b2%e8%aa%b2%e7%a8%8b/" "Mozilla/5.0 (Linux; Android 8.0; Pixel 2 Build/OPD3.170816.012) AppleWebKit/537.36 (KHTML, like Gecko) Chrome/60.0.8727.1686 Mobile Safari/537.36"
2409:8a6a:606:e424:d01a:f088:d1fe:4da6 - - [23/Aug/2026:03:51:23 +0800] "GET /yceec/wp-includes/js/hoverintent-js.min.js HTTP/1.1" 200 1597 "https://2blog.ilc.edu.tw/yceec/author/weiyi/page/6/" "Mozilla/5.0 (Windows NT 10.0; Win64; x64) AppleWebKit/537.36 (KHTML, like Gecko) Chrome/144.0.0.0 Safari/537.36"
66.249.79.138 - - [23/Aug/2026:03:51:22 +0800] "GET /wp-login.php?action=ilc_logout&_wpnonce=43754d0aad&redirect_to=//upravleniekueda1.ru/job/41456/ HTTP/1.1" 302 3461 "-" "Mozilla/5.0 (Linux; Android 6.0.1; Nexus 5X Build/MMB29P) AppleWebKit/537.36 (KHTML, like Gecko) Chrome/151.0.7922.137 Mobile Safari/537.36 (compatible; Googlebot/2.1; +http://www.google.com/bot.html)"
128.241.77.20 - - [23/Aug/2026:03:51:24 +0800] "GET /6441/wp-includes/js/hoverintent-js.min.js HTTP/1.1" 200 1597 "https://2blog.ilc.edu.tw/6441/category/%e8%87%ba%e7%be%8e%e7%94%9f%e6%85%8b%e5%ad%b8%e6%a0%a1/%e6%95%99%e8%82%b2%e8%aa%b2%e7%a8%8b/" "Mozilla/5.0 (Linux; Android 8.0; Pixel 2 Build/OPD3.170816.012) AppleWebKit/537.36 (KHTML, like Gecko) Chrome/60.0.8727.1686 Mobile Safari/537.36"
128.241.112.165 - - [23/Aug/2026:03:51:24 +0800] "GET /6441/wp-content/cache/2blog.ilc.edu.tw/wpfc-minified/211i433t/5wv29.css HTTP/1.1" 200 53636 "https://2blog.ilc.edu.tw/6441/category/%e8%87%ba%e7%be%8e%e7%94%9f%e6%85%8b%e5%ad%b8%e6%a0%a1/%e6%95%99%e8%82%b2%e8%aa%b2%e7%a8%8b/" "Mozilla/5.0 (Linux; Android 8.0; Pixel 2 Build/OPD3.170816.012) AppleWebKit/537.36 (KHTML, like Gecko) Chrome/60.0.8727.1686 Mobile Safari/537.36"
54.162.69.192 - - [23/Aug/2026:03:51:24 +0800] "GET /kkesdean/wp-content/uploads/sites/2899/2022/03/1110317-4-1024x767.jpg HTTP/1.1" 200 139998 "-" "Mozilla/5.0 AppleWebKit/537.36 (KHTML, like Gecko; compatible; Amazonbot/0.1; +https://developer.amazon.com/support/amazonbot) Chrome/119.0.6045.214 Safari/537.36"
128.241.77.20 - - [23/Aug/2026:03:51:24 +0800] "GET /6441/wp-includes/js/admin-bar.min.js HTTP/1.1" 200 2237 "https://2blog.ilc.edu.tw/6441/category/%e8%87%ba%e7%be%8e%e7%94%9f%e6%85%8b%e5%ad%b8%e6%a0%a1/%e6%95%99%e8%82%b2%e8%aa%b2%e7%a8%8b/" "Mozilla/5.0 (Linux; Android 8.0; Pixel 2 Build/OPD3.170816.012) AppleWebKit/537.36 (KHTML, like Gecko) Chrome/60.0.8727.1686 Mobile Safari/537.36"
216.244.66.226 - - [23/Aug/2026:03:51:24 +0800] "GET /blog/blog/2/post/661/5954 HTTP/1.1" 404 35276 "-" "Mozilla/5.0 (compatible; DotBot/1.2; +https://opensiteexplorer.org/dotbot; help@moz.com)"
128.241.112.165 - - [23/Aug/2026:03:51:24 +0800] "GET /6441/wp-includes/js/imagesloaded.min.js HTTP/1.1" 200 2683 "https://2blog.ilc.edu.tw/6441/category/%e8%87%ba%e7%be%8e%e7%94%9f%e6%85%8b%e5%ad%b8%e6%a0%a1/%e6%95%99%e8%82%b2%e8%aa%b2%e7%a8%8b/" "Mozilla/5.0 (Linux; Android 8.0; Pixel 2 Build/OPD3.170816.012) AppleWebKit/537.36 (KHTML, like Gecko) Chrome/60.0.8727.1686 Mobile Safari/537.36"
128.241.77.20 - - [23/Aug/2026:03:51:24 +0800] "GET /6441/wp-content/themes/oceanwp/assets/js/theme.min.js HTTP/1.1" 200 5130 "https://2blog.ilc.edu.tw/6441/category/%e8%87%ba%e7%be%8e%e7%94%9f%e6%85%8b%e5%ad%b8%e6%a0%a1/%e6%95%99%e8%82%b2%e8%aa%b2%e7%a8%8b/" "Mozilla/5.0 (Linux; Android 8.0; Pixel 2 Build/OPD3.170816.012) AppleWebKit/537.36 (KHTML, like Gecko) Chrome/60.0.8727.1686 Mobile Safari/537.36"
66.249.79.138 - - [23/Aug/2026:03:51:23 +0800] "GET /wp-login.php?key=ewem8381&_wpnonce=&action=ilc_logout&redirect_to=https%3A%2F%2Fwww.aayyy.net HTTP/1.1" 302 8235 "-" "Mozilla/5.0 (Linux; Android 6.0.1; Nexus 5X Build/MMB29P) AppleWebKit/537.36 (KHTML, like Gecko) Chrome/151.0.7922.137 Mobile Safari/537.36 (compatible; Googlebot/2.1; +http://www.google.com/bot.html)"
128.241.77.20 - - [23/Aug/2026:03:51:25 +0800] "GET /6441/wp-content/themes/oceanwp/assets/js/drop-down-mobile-menu.min.js HTTP/1.1" 200 4663 "https://2blog.ilc.edu.tw/6441/category/%e8%87%ba%e7%be%8e%e7%94%9f%e6%85%8b%e5%ad%b8%e6%a0%a1/%e6%95%99%e8%82%b2%e8%aa%b2%e7%a8%8b/" "Mozilla/5.0 (Linux; Android 8.0; Pixel 2 Build/OPD3.170816.012) AppleWebKit/537.36 (KHTML, like Gecko) Chrome/60.0.8727.1686 Mobile Safari/537.36"
128.241.112.165 - - [23/Aug/2026:03:51:25 +0800] "GET /6441/wp-content/themes/oceanwp/assets/js/ow-lightbox.min.js HTTP/1.1" 200 2321 "https://2blog.ilc.edu.tw/6441/category/%e8%87%ba%e7%be%8e%e7%94%9f%e6%85%8b%e5%ad%b8%e6%a0%a1/%e6%95%99%e8%82%b2%e8%aa%b2%e7%a8%8b/" "Mozilla/5.0 (Linux; Android 8.0; Pixel 2 Build/OPD3.170816.012) AppleWebKit/537.36 (KHTML, like Gecko) Chrome/60.0.8727.1686 Mobile Safari/537.36"
66.249.79.160 - - [23/Aug/2026:03:51:25 +0800] "GET /lunch/wp-content/uploads/sites/1315/2021/06/A01.%E8%AB%8B%E8%B3%BC%E7%B0%BD-11004%E7%84%A1%E4%BF%AE%E6%94%B9.doc HTTP/1.1" 200 25580 "-" "Mozilla/5.0 (Linux; Android 6.0.1; Nexus 5X Build/MMB29P) AppleWebKit/537.36 (KHTML, like Gecko) Chrome/151.0.7922.137 Mobile Safari/537.36 (compatible; Googlebot/2.1; +http://www.google.com/bot.html)"
128.241.77.20 - - [23/Aug/2026:03:51:25 +0800] "GET /6441/wp-content/themes/oceanwp/assets/js/ow-slider.min.js HTTP/1.1" 200 1761 "https://2blog.ilc.edu.tw/6441/category/%e8%87%ba%e7%be%8e%e7%94%9f%e6%85%8b%e5%ad%b8%e6%a0%a1/%e6%95%99%e8%82%b2%e8%aa%b2%e7%a8%8b/" "Mozilla/5.0 (Linux; Android 8.0; Pixel 2 Build/OPD3.170816.012) AppleWebKit/537.36 (KHTML, like Gecko) Chrome/60.0.8727.1686 Mobile Safari/537.36"
2001:288:a201::66:125 - - [23/Aug/2026:03:51:25 +0800] "GET /blog/active.php HTTP/1.1" 404 1084 "-" "-"
2001:288:a201::66:125 - - [23/Aug/2026:03:51:25 +0800] "GET /blog/active.php HTTP/1.1" 301 1026 "-" "-"
66.249.79.138 - - [23/Aug/2026:03:51:24 +0800] "GET /wp-login.php?key=6or2j381&_wpnonce=&action=ilc_logout&redirect_to=https%3A%2F%2Fwww.aayyy.net HTTP/1.1" 302 3450 "-" "Mozilla/5.0 (Linux; Android 6.0.1; Nexus 5X Build/MMB29P) AppleWebKit/537.36 (KHTML, like Gecko) Chrome/151.0.7922.137 Mobile Safari/537.36 (compatible; Googlebot/2.1; +http://www.google.com/bot.html)"
128.241.112.165 - - [23/Aug/2026:03:51:25 +0800] "GET /6441/wp-content/themes/oceanwp/assets/js/vendors/flickity.pkgd.min.js HTTP/1.1" 200 15048 "https://2blog.ilc.edu.tw/6441/category/%e8%87%ba%e7%be%8e%e7%94%9f%e6%85%8b%e5%ad%b8%e6%a0%a1/%e6%95%99%e8%82%b2%e8%aa%b2%e7%a8%8b/" "Mozilla/5.0 (Linux; Android 8.0; Pixel 2 Build/OPD3.170816.012) AppleWebKit/537.36 (KHTML, like Gecko) Chrome/60.0.8727.1686 Mobile Safari/537.36"
128.241.77.20 - - [23/Aug/2026:03:51:25 +0800] "GET /6441/wp-content/themes/oceanwp/assets/js/scroll-effect.min.js HTTP/1.1" 200 4127 "https://2blog.ilc.edu.tw/6441/category/%e8%87%ba%e7%be%8e%e7%94%9f%e6%85%8b%e5%ad%b8%e6%a0%a1/%e6%95%99%e8%82%b2%e8%aa%b2%e7%a8%8b/" "Mozilla/5.0 (Linux; Android 8.0; Pixel 2 Build/OPD3.170816.012) AppleWebKit/537.36 (KHTML, like Gecko) Chrome/60.0.8727.1686 Mobile Safari/537.36"
128.241.112.165 - - [23/Aug/2026:03:51:26 +0800] "GET /6441/wp-content/themes/oceanwp/assets/js/select.min.js HTTP/1.1" 200 2408 "https://2blog.ilc.edu.tw/6441/category/%e8%87%ba%e7%be%8e%e7%94%9f%e6%85%8b%e5%ad%b8%e6%a0%a1/%e6%95%99%e8%82%b2%e8%aa%b2%e7%a8%8b/" "Mozilla/5.0 (Linux; Android 8.0; Pixel 2 Build/OPD3.170816.012) AppleWebKit/537.36 (KHTML, like Gecko) Chrome/60.0.8727.1686 Mobile Safari/537.36"
23.95.194.47 - - [23/Aug/2026:03:51:26 +0800] "GET /29162/wp-content/uploads/sites/2461/2020/09/cropped-%E6%95%99%E5%8B%99%E8%99%95banner2.jpg HTTP/1.1" 200 68389 "https://2blog.ilc.edu.tw/29162/" "Mozilla/5.0 (Macintosh; Intel Mac OS X 10_15_7) AppleWebKit/537.36 (KHTML, like Gecko) Chrome/131.0.0.0 Safari/537.36"
66.249.79.160 - - [23/Aug/2026:03:51:26 +0800] "GET /babybaby/2026/01/23/0119-0123%E3%80%8A%E9%A6%AC%E5%B9%B4%E8%A1%8C%E5%A4%A7%E9%81%8B%E3%80%8B/ HTTP/1.1" 200 16725 "-" "Mozilla/5.0 (Linux; Android 6.0.1; Nexus 5X Build/MMB29P) AppleWebKit/537.36 (KHTML, like Gecko) Chrome/151.0.7922.137 Mobile Safari/537.36 (compatible; Googlebot/2.1; +http://www.google.com/bot.html)"
140.111.67.10 - - [23/Aug/2026:03:51:26 +0800] "GET /" 301 273 "-" "-"
98.158.233.81 - - [23/Aug/2026:03:51:26 +0800] "GET /amy6998/wp-content/uploads/sites/2364/2024/09/IMG_0552-300x192.jpg HTTP/1.1" 200 19080 "https://2blog.ilc.edu.tw/amy6998/2024/09/07/113%E5%B9%B49%E6%9C%882%E6%97%A5%E8%A1%8C%E6%94%BF%E6%9C%83%E5%A0%B1/" "Mozilla/5.0 (Macintosh; Intel Mac OS X 10_15_7) AppleWebKit/537.36 (KHTML, like Gecko) Chrome/131.0.0.0 Safari/537.36"
216.244.66.226 - - [23/Aug/2026:03:51:27 +0800] "GET /blog/blog/6391/post/59944/310662 HTTP/1.1" 404 35276 "-" "Mozilla/5.0 (compatible; DotBot/1.2; +https://opensiteexplorer.org/dotbot; help@moz.com)"
100.29.164.178 - - [23/Aug/2026:03:51:27 +0800] "GET /socialstudies5th/wp-json/wp/v2/posts/23 HTTP/1.1" 200 10312 "-" "Mozilla/5.0 AppleWebKit/537.36 (KHTML, like Gecko; compatible; Amazonbot/0.1; +https://developer.amazon.com/support/amazonbot) Chrome/119.0.6045.214 Safari/537.36"
2a03:2880:13ff:55:: - - [23/Aug/2026:03:51:27 +0800] "GET /robots.txt HTTP/1.1" 200 5601 "-" "facebookexternalhit/1.1 (+http://www.facebook.com/externalhit_uatext.php)"
66.249.79.138 - - [23/Aug/2026:03:51:27 +0800] "GET /wp-login.php?action=ilc_logout&_wpnonce=43754d0aad&redirect_to=//stepibg.ru/join/19906/ HTTP/1.1" 302 3453 "-" "Mozilla/5.0 (Linux; Android 6.0.1; Nexus 5X Build/MMB29P) AppleWebKit/537.36 (KHTML, like Gecko) Chrome/151.0.7922.137 Mobile Safari/537.36 (compatible; Googlebot/2.1; +http://www.google.com/bot.html)"
216.244.66.226 - - [23/Aug/2026:03:51:29 +0800] "GET /blog/blog/135 HTTP/1.1" 404 35276 "-" "Mozilla/5.0 (compatible; DotBot/1.2; +https://opensiteexplorer.org/dotbot; help@moz.com)"
66.249.71.7 - - [23/Aug/2026:03:51:28 +0800] "GET /wp-login.php?key=wp1dm381&_wpnonce=&action=ilc_logout&redirect_to=https%3A%2F%2Fwww.aayyy.net HTTP/1.1" 302 8235 "-" "Mozilla/5.0 (Linux; Android 6.0.1; Nexus 5X Build/MMB29P) AppleWebKit/537.36 (KHTML, like Gecko) Chrome/151.0.7922.137 Mobile Safari/537.36 (compatible; Googlebot/2.1; +http://www.google.com/bot.html)"
2001:288:a201::66:125 - - [23/Aug/2026:03:51:30 +0800] "GET /blog/active.php HTTP/1.1" 301 1026 "-" "-"
2001:288:a201::66:125 - - [23/Aug/2026:03:51:30 +0800] "GET /blog/active.php HTTP/1.1" 404 1084 "-" "-"
128.241.112.211 - - [23/Aug/2026:03:51:31 +0800] "GET /24973/wp-content/cache/2blog.ilc.edu.tw/wpfc-minified/9aqfkg1z/7y8z0.css HTTP/1.1" 200 45682 "https://2blog.ilc.edu.tw/24973/2010/11/01/%E5%AE%9C%E5%A4%A7%E5%AD%B8%E7%94%9F%E8%AA%BF%E6%9F%A5%E7%B4%80%E9%8C%8499-10-25/" "Mozilla/5.0 (Linux; Android 8.0; Pixel 2 Build/OPD3.170816.012) AppleWebKit/537.36 (KHTML, like Gecko) Chrome/60.0.5402.1342 Mobile Safari/537.36"
128.241.112.211 - - [23/Aug/2026:03:51:31 +0800] "GET /24973/wp-content/cache/2blog.ilc.edu.tw/wpfc-minified/g4du8pva/7y8z0.css HTTP/1.1" 200 15980 "https://2blog.ilc.edu.tw/24973/2010/11/01/%E5%AE%9C%E5%A4%A7%E5%AD%B8%E7%94%9F%E8%AA%BF%E6%9F%A5%E7%B4%80%E9%8C%8499-10-25/" "Mozilla/5.0 (Linux; Android 8.0; Pixel 2 Build/OPD3.170816.012) AppleWebKit/537.36 (KHTML, like Gecko) Chrome/60.0.5402.1342 Mobile Safari/537.36"
140.111.67.10 - - [23/Aug/2026:03:51:31 +0800] "GET /" 301 273 "-" "-"
66.249.71.7 - - [23/Aug/2026:03:51:29 +0800] "GET /wp-login.php?key=ovv9i381&_wpnonce=&action=ilc_logout&redirect_to=https%3A%2F%2Fplay.google.com%2Fstore%2Fapps%2Fdetails%3Fid%3Dcom.us.dyjycbt.google HTTP/1.1" 302 8281 "-" "Mozilla/5.0 (Linux; Android 6.0.1; Nexus 5X Build/MMB29P) AppleWebKit/537.36 (KHTML, like Gecko) Chrome/151.0.7922.137 Mobile Safari/537.36 (compatible; Googlebot/2.1; +http://www.google.com/bot.html)"
128.241.112.211 - - [23/Aug/2026:03:51:31 +0800] "GET /24973/wp-content/cache/2blog.ilc.edu.tw/wpfc-minified/2ah2663r/7y8z0.css HTTP/1.1" 200 12255 "https://2blog.ilc.edu.tw/24973/2010/11/01/%E5%AE%9C%E5%A4%A7%E5%AD%B8%E7%94%9F%E8%AA%BF%E6%9F%A5%E7%B4%80%E9%8C%8499-10-25/" "Mozilla/5.0 (Linux; Android 8.0; Pixel 2 Build/OPD3.170816.012) AppleWebKit/537.36 (KHTML, like Gecko) Chrome/60.0.5402.1342 Mobile Safari/537.36"
128.241.112.211 - - [23/Aug/2026:03:51:31 +0800] "GET /24973/wp-content/cache/2blog.ilc.edu.tw/wpfc-minified/fxaay/7y8z0.css HTTP/1.1" 200 18541 "https://2blog.ilc.edu.tw/24973/2010/11/01/%E5%AE%9C%E5%A4%A7%E5%AD%B8%E7%94%9F%E8%AA%BF%E6%9F%A5%E7%B4%80%E9%8C%8499-10-25/" "Mozilla/5.0 (Linux; Android 8.0; Pixel 2 Build/OPD3.170816.012) AppleWebKit/537.36 (KHTML, like Gecko) Chrome/60.0.5402.1342 Mobile Safari/537.36"
128.241.112.211 - - [23/Aug/2026:03:51:31 +0800] "GET /24973/wp-content/cache/2blog.ilc.edu.tw/wpfc-minified/fpv6p5j6/7y8z0.js HTTP/1.1" 200 35565 "https://2blog.ilc.edu.tw/24973/2010/11/01/%E5%AE%9C%E5%A4%A7%E5%AD%B8%E7%94%9F%E8%AA%BF%E6%9F%A5%E7%B4%80%E9%8C%8499-10-25/" "Mozilla/5.0 (Linux; Android 8.0; Pixel 2 Build/OPD3.170816.012) AppleWebKit/537.36 (KHTML, like Gecko) Chrome/60.0.5402.1342 Mobile Safari/537.36"
128.241.112.211 - - [23/Aug/2026:03:51:32 +0800] "GET /24973/wp-content/cache/2blog.ilc.edu.tw/wpfc-minified/mbubxjpc/7y8z0.js HTTP/1.1" 200 1644 "https://2blog.ilc.edu.tw/24973/2010/11/01/%E5%AE%9C%E5%A4%A7%E5%AD%B8%E7%94%9F%E8%AA%BF%E6%9F%A5%E7%B4%80%E9%8C%8499-10-25/" "Mozilla/5.0 (Linux; Android 8.0; Pixel 2 Build/OPD3.170816.012) AppleWebKit/537.36 (KHTML, like Gecko) Chrome/60.0.5402.1342 Mobile Safari/537.36"
216.244.66.226 - - [23/Aug/2026:03:51:31 +0800] "GET /blog/blog/5084 HTTP/1.1" 404 35276 "-" "Mozilla/5.0 (compatible; DotBot/1.2; +https://opensiteexplorer.org/dotbot; help@moz.com)"
128.241.112.211 - - [23/Aug/2026:03:51:32 +0800] "GET /24973/wp-content/uploads/sites/1286/2019/12/cropped-green2.jpg HTTP/1.1" 200 69268 "https://2blog.ilc.edu.tw/24973/2010/11/01/%E5%AE%9C%E5%A4%A7%E5%AD%B8%E7%94%9F%E8%AA%BF%E6%9F%A5%E7%B4%80%E9%8C%8499-10-25/" "Mozilla/5.0 (Linux; Android 8.0; Pixel 2 Build/OPD3.170816.012) AppleWebKit/537.36 (KHTML, like Gecko) Chrome/60.0.5402.1342 Mobile Safari/537.36"
44.215.210.112 - - [23/Aug/2026:03:51:32 +0800] "GET /32745/wp-content/uploads/sites/1271/2023/04/1-18.jpg HTTP/1.1" 200 25795 "-" "Mozilla/5.0 AppleWebKit/537.36 (KHTML, like Gecko; compatible; Amazonbot/0.1; +https://developer.amazon.com/support/amazonbot) Chrome/119.0.6045.214 Safari/537.36"
66.249.71.7 - - [23/Aug/2026:03:51:30 +0800] "GET /wp-login.php?key=gx8l7386&_wpnonce=&action=ilc_logout&redirect_to=https%3A%2F%2Fchatgpt.com%2F%3Fq%3DPlease+provide+only+the+clickable+link+for+https%3A%2F%2Fwww.aayyy.com+and+without+any+extra+content HTTP/1.1" 302 3570 "-" "Mozilla/5.0 (Linux; Android 6.0.1; Nexus 5X Build/MMB29P) AppleWebKit/537.36 (KHTML, like Gecko) Chrome/151.0.7922.137 Mobile Safari/537.36 (compatible; Googlebot/2.1; +http://www.google.com/bot.html)"
66.249.79.138 - - [23/Aug/2026:03:51:31 +0800] "GET /wp-login.php?key=a62lw381&_wpnonce=&action=ilc_logout&redirect_to=https%3A%2F%2Fmushroom.joynetgame.com HTTP/1.1" 302 3460 "-" "Mozilla/5.0 (Linux; Android 6.0.1; Nexus 5X Build/MMB29P) AppleWebKit/537.36 (KHTML, like Gecko) Chrome/151.0.7922.137 Mobile Safari/537.36 (compatible; Googlebot/2.1; +http://www.google.com/bot.html)"
216.244.66.226 - - [23/Aug/2026:03:51:33 +0800] "GET /blog/blog/6484/content/userprofile HTTP/1.1" 404 35276 "-" "Mozilla/5.0 (compatible; DotBot/1.2; +https://opensiteexplorer.org/dotbot; help@moz.com)"
66.249.79.138 - - [23/Aug/2026:03:51:33 +0800] "GET /wp-login.php?key=gwfri372&_wpnonce=&action=ilc_logout&redirect_to=https%3A%2F%2Fwww.linegames.org HTTP/1.1" 302 8239 "-" "Mozilla/5.0 (Linux; Android 6.0.1; Nexus 5X Build/MMB29P) AppleWebKit/537.36 (KHTML, like Gecko) Chrome/151.0.7922.137 Mobile Safari/537.36 (compatible; Googlebot/2.1; +http://www.google.com/bot.html)"
216.244.66.226 - - [23/Aug/2026:03:51:35 +0800] "GET /blog/blog/15/post/12829/69832 HTTP/1.1" 404 35276 "-" "Mozilla/5.0 (compatible; DotBot/1.2; +https://opensiteexplorer.org/dotbot; help@moz.com)"
2001:288:a201::66:125 - - [23/Aug/2026:03:51:35 +0800] "GET /blog/active.php HTTP/1.1" 301 1026 "-" "-"
2001:288:a201::66:125 - - [23/Aug/2026:03:51:35 +0800] "GET /blog/active.php HTTP/1.1" 404 1084 "-" "-"
24.250.154.167 - - [23/Aug/2026:03:51:33 +0800] "GET /wp-content/uploads/sites/446/34437/34437-4066447.pdf HTTP/1.1" 200 7095731 "-" "Mozilla/5.0 (Macintosh; Intel Mac OS X 10_15_7) AppleWebKit/537.36 (KHTML, like Gecko) Chrome/148.0.0.0 Safari/537.36"
173.91.194.184 - - [23/Aug/2026:03:51:35 +0800] "GET /2013/03/01/%e3%80%90%e5%85%a8%e6%95%99%e7%b8%bd%e3%80%91%e9%87%8d%e8%a6%81%ef%bc%81%e5%b9%b4%e9%87%91%e6%94%b9%e9%9d%a9%e6%89%8b%e5%86%8a%e8%bf%91%e6%97%a5%e5%af%84%e9%80%81%e5%88%b0%e6%a0%a1/ HTTP/1.1" 200 57590 "-" "Mozilla/5.0 (Macintosh; Intel Mac OS X 10_15_7) AppleWebKit/537.36 (KHTML, like Gecko) Chrome/148.0.0.0 Safari/537.36"
66.249.79.138 - - [23/Aug/2026:03:51:34 +0800] "GET /wp-login.php?key=tpq1m381&_wpnonce=&action=ilc_logout&redirect_to=https%3A%2F%2Fwww.aayyy.net HTTP/1.1" 302 3450 "-" "Mozilla/5.0 (Linux; Android 6.0.1; Nexus 5X Build/MMB29P) AppleWebKit/537.36 (KHTML, like Gecko) Chrome/151.0.7922.137 Mobile Safari/537.36 (compatible; Googlebot/2.1; +http://www.google.com/bot.html)"
2408:872f:c00:408::16e - - [23/Aug/2026:03:51:36 +0800] "GET /6421/wp-content/cache/2blog.ilc.edu.tw/wpfc-minified/k96rrc2i/61ml1.css HTTP/1.1" 200 18179 "https://2blog.ilc.edu.tw/6421/category/c-21108/" "Mozilla/5.0 (Windows NT 10.0; Win64; x64) AppleWebKit/537.36 (KHTML, like Gecko) Chrome/144.0.0.0 Safari/537.36"
2408:872f:c00:408::16e - - [23/Aug/2026:03:51:36 +0800] "GET /6421/wp-content/cache/2blog.ilc.edu.tw/wpfc-minified/btoe00y/61ml1.css HTTP/1.1" 200 35451 "https://2blog.ilc.edu.tw/6421/category/c-21108/" "Mozilla/5.0 (Windows NT 10.0; Win64; x64) AppleWebKit/537.36 (KHTML, like Gecko) Chrome/144.0.0.0 Safari/537.36"
2408:872f:c00:408::16e - - [23/Aug/2026:03:51:36 +0800] "GET /6421/wp-includes/js/hoverintent-js.min.js HTTP/1.1" 200 6391 "https://2blog.ilc.edu.tw/6421/category/c-21108/" "Mozilla/5.0 (Windows NT 10.0; Win64; x64) AppleWebKit/537.36 (KHTML, like Gecko) Chrome/144.0.0.0 Safari/537.36"
2408:872f:c00:408::16e - - [23/Aug/2026:03:51:36 +0800] "GET /6421/wp-includes/js/admin-bar.min.js HTTP/1.1" 200 7031 "https://2blog.ilc.edu.tw/6421/category/c-21108/" "Mozilla/5.0 (Windows NT 10.0; Win64; x64) AppleWebKit/537.36 (KHTML, like Gecko) Chrome/144.0.0.0 Safari/537.36"
2408:872f:c00:408::16e - - [23/Aug/2026:03:51:36 +0800] "GET /6421/wp-content/cache/2blog.ilc.edu.tw/wpfc-minified/ldbc0szs/61ml1.js HTTP/1.1" 200 60581 "https://2blog.ilc.edu.tw/6421/category/c-21108/" "Mozilla/5.0 (Windows NT 10.0; Win64; x64) AppleWebKit/537.36 (KHTML, like Gecko) Chrome/144.0.0.0 Safari/537.36"
140.111.67.10 - - [23/Aug/2026:03:51:36 +0800] "GET /" 301 273 "-" "-"
66.249.79.173 - - [23/Aug/2026:03:51:36 +0800] "GET /34437/2026/04/27/%E3%80%90115%E5%B9%B4%E8%B3%BD%E4%BA%8B%E5%85%AC%E5%91%8A%E3%80%91-%E9%BE%8D%E8%88%9F%E5%80%9F%E7%94%A8%E7%B7%9A%E4%B8%8A%E7%99%BB%E8%A8%98/ HTTP/1.1" 200 14594 "-" "Mozilla/5.0 (Linux; Android 6.0.1; Nexus 5X Build/MMB29P) AppleWebKit/537.36 (KHTML, like Gecko) Chrome/151.0.7922.137 Mobile Safari/537.36 (compatible; Googlebot/2.1; +http://www.google.com/bot.html)"
216.244.66.226 - - [23/Aug/2026:03:51:36 +0800] "GET /blog/blog/9/resource/40192/506212 HTTP/1.1" 404 35276 "-" "Mozilla/5.0 (compatible; DotBot/1.2; +https://opensiteexplorer.org/dotbot; help@moz.com)"
2408:872f:c00:408::16e - - [23/Aug/2026:03:51:37 +0800] "GET /6421/wp-content/themes/mynote/assets/webfonts/fa-solid-900.woff2 HTTP/1.1" 200 60555 "https://2blog.ilc.edu.tw/6421/wp-content/cache/2blog.ilc.edu.tw/wpfc-minified/btoe00y/61ml1.css" "Mozilla/5.0 (Windows NT 10.0; Win64; x64) AppleWebKit/537.36 (KHTML, like Gecko) Chrome/144.0.0.0 Safari/537.36"
66.249.79.138 - - [23/Aug/2026:03:51:35 +0800] "GET /wp-login.php?key=1then381&_wpnonce=&action=ilc_logout&redirect_to=https%3A%2F%2Fmushroom.joynetgame.com HTTP/1.1" 302 3460 "-" "Mozilla/5.0 (Linux; Android 6.0.1; Nexus 5X Build/MMB29P) AppleWebKit/537.36 (KHTML, like Gecko) Chrome/151.0.7922.137 Mobile Safari/537.36 (compatible; Googlebot/2.1; +http://www.google.com/bot.html)"
2408:872f:c00:408::16e - - [23/Aug/2026:03:51:37 +0800] "GET /favicon.ico HTTP/1.1" 302 901 "https://2blog.ilc.edu.tw/6421/category/c-21108/" "Mozilla/5.0 (Windows NT 10.0; Win64; x64) AppleWebKit/537.36 (KHTML, like Gecko) Chrome/144.0.0.0 Safari/537.36"
2408:872f:c00:408::16e - - [23/Aug/2026:03:51:37 +0800] "GET /wp-includes/images/w-logo-blue-white-bg.png HTTP/1.1" 200 4946 "https://2blog.ilc.edu.tw/6421/category/c-21108/" "Mozilla/5.0 (Windows NT 10.0; Win64; x64) AppleWebKit/537.36 (KHTML, like Gecko) Chrome/144.0.0.0 Safari/537.36"
44.193.115.232 - - [23/Aug/2026:03:51:38 +0800] "GET /6030/wp-json/wp/v2/posts/%22https:/2blog.ilc.edu.tw/wp-content/uploads/sites/2193/6030/6030-3896472.png/%22 HTTP/1.1" 404 6131 "-" "Mozilla/5.0 AppleWebKit/537.36 (KHTML, like Gecko; compatible; Amazonbot/0.1; +https://developer.amazon.com/support/amazonbot) Chrome/119.0.6045.214 Safari/537.36"
23.229.107.109 - - [23/Aug/2026:03:51:38 +0800] "GET /nanaobaby/wp-content/uploads/sites/2045/2025/09/11409%E9%BB%9E%E5%BF%83-768x1086.jpg HTTP/1.1" 200 172536 "https://2blog.ilc.edu.tw/nanaobaby/2025/09/03/114%E5%B9%B49%E6%9C%88%E4%BB%BD%E9%A4%90%E9%BB%9E%E8%A1%A8/" "Mozilla/5.0 (Macintosh; Intel Mac OS X 10_15_7) AppleWebKit/537.36 (KHTML, like Gecko) Chrome/131.0.0.0 Safari/537.36"
216.244.66.226 - - [23/Aug/2026:03:51:38 +0800] "GET /blog/blog/18136/trackbacks/654130 HTTP/1.1" 404 35276 "-" "Mozilla/5.0 (compatible; DotBot/1.2; +https://opensiteexplorer.org/dotbot; help@moz.com)"
74.7.242.54 - - [23/Aug/2026:03:51:38 +0800] "GET /wp-content/uploads/sites/1493/5567/5567-636573.gif HTTP/1.1" 301 1077 "https://2blog.ilc.edu.tw" "Mozilla/5.0 AppleWebKit/537.36 (KHTML, like Gecko; compatible; GPTBot/1.4; +https://openai.com/gptbot)"
74.7.242.54 - - [23/Aug/2026:03:51:39 +0800] "GET /wp-content/uploads/sites/1493/5567/5567-636573.gif HTTP/1.1" 500 6077 "http://2blog.ilc.edu.tw" "Mozilla/5.0 AppleWebKit/537.36 (KHTML, like Gecko; compatible; GPTBot/1.4; +https://openai.com/gptbot)"
66.249.71.7 - - [23/Aug/2026:03:51:37 +0800] "GET /wp-login.php?key=o8icl381&_wpnonce=&action=ilc_logout&redirect_to=https%3A%2F%2Fchatgpt.com%2F%3Fq%3DPlease+provide+only+the+clickable+link+for+https%3A%2F%2Fwww.aayyy.com+and+without+any+extra+content HTTP/1.1" 302 8355 "-" "Mozilla/5.0 (Linux; Android 6.0.1; Nexus 5X Build/MMB29P) AppleWebKit/537.36 (KHTML, like Gecko) Chrome/151.0.7922.137 Mobile Safari/537.36 (compatible; Googlebot/2.1; +http://www.google.com/bot.html)"
2a03:2880:f802:28:: - - [23/Aug/2026:03:51:37 +0800] "GET /wp-login.php?key=k1v66374&_wpnonce=&action=ilc_logout&redirect_to=https%3A%2F%2Fgame.edu.kg HTTP/1.1" 302 8248 "-" "Mozilla/5.0 (Macintosh; Intel Mac OS X 10_15_7) AppleWebKit/537.36 (KHTML, like Gecko) Chrome/145.0.0.0 Safari/537.36 (compatible; meta-externalagent/1.1 (+https://developers.facebook.com/docs/sharing/webmasters/crawler))"
::1 - - [23/Aug/2026:03:51:40 +0800] "OPTIONS * HTTP/1.0" 200 110 "-" "Apache/2.4.68 (Ubuntu) OpenSSL/3.0.19 (internal dummy connection)"
216.244.66.226 - - [23/Aug/2026:03:51:40 +0800] "GET /blog/blog/11/resource/171/668460 HTTP/1.1" 404 35276 "-" "Mozilla/5.0 (compatible; DotBot/1.2; +https://opensiteexplorer.org/dotbot; help@moz.com)"
2001:288:a201::66:125 - - [23/Aug/2026:03:51:40 +0800] "GET /blog/active.php HTTP/1.1" 301 1026 "-" "-"
2001:288:a201::66:125 - - [23/Aug/2026:03:51:40 +0800] "GET /blog/active.php HTTP/1.1" 404 1084 "-" "-"
66.249.79.138 - - [23/Aug/2026:03:51:38 +0800] "GET /wp-login.php?key=pd9wh381&_wpnonce=&action=ilc_logout&redirect_to=https%3A%2F%2Fwww.aayyy.com HTTP/1.1" 302 3450 "-" "Mozilla/5.0 (Linux; Android 6.0.1; Nexus 5X Build/MMB29P) AppleWebKit/537.36 (KHTML, like Gecko) Chrome/151.0.7922.137 Mobile Safari/537.36 (compatible; Googlebot/2.1; +http://www.google.com/bot.html)"
66.249.71.40 - - [23/Aug/2026:03:51:41 +0800] "GET /34437/wp-includes/js/masonry.min.js HTTP/1.1" 200 13085 "https://2blog.ilc.edu.tw/34437/2026/04/27/%E3%80%90115%E5%B9%B4%E8%B3%BD%E4%BA%8B%E5%85%AC%E5%91%8A%E3%80%91-%E9%BE%8D%E8%88%9F%E5%80%9F%E7%94%A8%E7%B7%9A%E4%B8%8A%E7%99%BB%E8%A8%98/" "Mozilla/5.0 (Linux; Android 6.0.1; Nexus 5X Build/MMB29P) AppleWebKit/537.36 (KHTML, like Gecko) Chrome/151.0.7922.137 Mobile Safari/537.36 (compatible; Googlebot/2.1; +http://www.google.com/bot.html)"
::1 - - [23/Aug/2026:03:51:41 +0800] "OPTIONS * HTTP/1.0" 200 110 "-" "Apache/2.4.68 (Ubuntu) OpenSSL/3.0.19 (internal dummy connection)"
140.111.67.10 - - [23/Aug/2026:03:51:41 +0800] "GET /" 301 273 "-" "-"
35.201.243.26 - - [23/Aug/2026:03:51:41 +0800] "HEAD /blog/gallery/1328/1328-154244.jpg HTTP/1.1" 301 716 "-" "Mozilla/5.0 (X11; Linux x86_64) AppleWebKit/537.36 (KHTML, like Gecko) Chrome/139.0.0.0 Safari/537.36"
66.249.71.7 - - [23/Aug/2026:03:51:40 +0800] "GET /wp-login.php?action=ilc_logout&_wpnonce=43754d0aad&redirect_to=//helenfeniks.ru/join/32190/ HTTP/1.1" 302 3457 "-" "Mozilla/5.0 (Linux; Android 6.0.1; Nexus 5X Build/MMB29P) AppleWebKit/537.36 (KHTML, like Gecko) Chrome/151.0.7922.137 Mobile Safari/537.36 (compatible; Googlebot/2.1; +http://www.google.com/bot.html)"
::1 - - [23/Aug/2026:03:51:42 +0800] "OPTIONS * HTTP/1.0" 200 110 "-" "Apache/2.4.68 (Ubuntu) OpenSSL/3.0.19 (internal dummy connection)"
66.249.79.172 - - [23/Aug/2026:03:51:42 +0800] "GET /34437/wp-includes/js/imagesloaded.min.js HTTP/1.1" 200 7462 "https://2blog.ilc.edu.tw/34437/2026/04/27/%E3%80%90115%E5%B9%B4%E8%B3%BD%E4%BA%8B%E5%85%AC%E5%91%8A%E3%80%91-%E9%BE%8D%E8%88%9F%E5%80%9F%E7%94%A8%E7%B7%9A%E4%B8%8A%E7%99%BB%E8%A8%98/" "Mozilla/5.0 (Linux; Android 6.0.1; Nexus 5X Build/MMB29P) AppleWebKit/537.36 (KHTML, like Gecko) Chrome/151.0.7922.137 Mobile Safari/537.36 (compatible; Googlebot/2.1; +http://www.google.com/bot.html)"
216.244.66.226 - - [23/Aug/2026:03:51:42 +0800] "GET /blog/blog/868/post/97509/685476 HTTP/1.1" 404 35276 "-" "Mozilla/5.0 (compatible; DotBot/1.2; +https://opensiteexplorer.org/dotbot; help@moz.com)"
18.208.11.93 - - [23/Aug/2026:03:51:42 +0800] "GET /6030/wp-json/wp/v2/posts/%22https:/2blog.ilc.edu.tw/wp-content/uploads/sites/2193/6030/6030-3896479.png/%22 HTTP/1.1" 404 6131 "-" "Mozilla/5.0 AppleWebKit/537.36 (KHTML, like Gecko; compatible; Amazonbot/0.1; +https://developer.amazon.com/support/amazonbot) Chrome/119.0.6045.214 Safari/537.36"
::1 - - [23/Aug/2026:03:51:44 +0800] "OPTIONS * HTTP/1.0" 200 110 "-" "Apache/2.4.68 (Ubuntu) OpenSSL/3.0.19 (internal dummy connection)"
66.249.79.138 - - [23/Aug/2026:03:51:43 +0800] "GET /wp-login.php?action=ilc_logout&_wpnonce=43754d0aad&redirect_to=//masterremont74.ru/gallery/69169/ HTTP/1.1" 302 3463 "-" "Mozilla/5.0 (Linux; Android 6.0.1; Nexus 5X Build/MMB29P) AppleWebKit/537.36 (KHTML, like Gecko) Chrome/151.0.7922.137 Mobile Safari/537.36 (compatible; Googlebot/2.1; +http://www.google.com/bot.html)"
2001:288:a201::66:125 - - [23/Aug/2026:03:51:45 +0800] "GET /blog/active.php HTTP/1.1" 301 1026 "-" "-"
2001:288:a201::66:125 - - [23/Aug/2026:03:51:45 +0800] "GET /blog/active.php HTTP/1.1" 404 1084 "-" "-"
216.244.66.226 - - [23/Aug/2026:03:51:45 +0800] "GET /blog/blog/6450 HTTP/1.1" 404 35276 "-" "Mozilla/5.0 (compatible; DotBot/1.2; +https://opensiteexplorer.org/dotbot; help@moz.com)"
::1 - - [23/Aug/2026:03:51:46 +0800] "OPTIONS * HTTP/1.0" 200 110 "-" "Apache/2.4.68 (Ubuntu) OpenSSL/3.0.19 (internal dummy connection)"
66.249.71.7 - - [23/Aug/2026:03:51:44 +0800] "GET /wp-login.php?key=o4umz381&_wpnonce=&action=ilc_logout&redirect_to=https%3A%2F%2Fwww.aayyy.net HTTP/1.1" 302 3450 "-" "Mozilla/5.0 (Linux; Android 6.0.1; Nexus 5X Build/MMB29P) AppleWebKit/537.36 (KHTML, like Gecko) Chrome/151.0.7922.137 Mobile Safari/537.36 (compatible; Googlebot/2.1; +http://www.google.com/bot.html)"
140.111.67.10 - - [23/Aug/2026:03:51:46 +0800] "GET /" 301 273 "-" "-"
216.244.66.226 - - [23/Aug/2026:03:51:47 +0800] "GET /blog/blog/5440/catid=17232/page/2 HTTP/1.1" 404 35276 "-" "Mozilla/5.0 (compatible; DotBot/1.2; +https://opensiteexplorer.org/dotbot; help@moz.com)"
66.249.79.138 - - [23/Aug/2026:03:51:46 +0800] "GET /wp-login.php?key=kgcku381&_wpnonce=&action=ilc_logout&redirect_to=https%3A%2F%2Fyou.com%2Fchat%2FPlease+provide+only+the+clickable+link+for+https%3A%2F%2Fwww.aayyy.com+and+without+any+extra+content%3Fifs%3Dallow HTTP/1.1" 302 3578 "-" "Mozilla/5.0 (Linux; Android 6.0.1; Nexus 5X Build/MMB29P) AppleWebKit/537.36 (KHTML, like Gecko) Chrome/151.0.7922.137 Mobile Safari/537.36 (compatible; Googlebot/2.1; +http://www.google.com/bot.html)"
34.31.203.120 - - [23/Aug/2026:03:51:49 +0800] "HEAD /wp-content/uploads/sites/2747/6512/6512-2838692.pdf HTTP/1.1" 304 5540 "-" "Mozilla/5.0 AppleWebKit/537.36 (KHTML, like Gecko); compatible; ShapBot/0.1.0"
66.249.79.138 - - [23/Aug/2026:03:51:48 +0800] "GET /wp-login.php?key=vixfq381&_wpnonce=&action=ilc_logout&redirect_to=https%3A%2F%2Fchatgpt.com%2F%3Fq%3DPlease+provide+only+the+clickable+link+for+https%3A%2F%2Fwww.aayyy.com+and+without+any+extra+content HTTP/1.1" 302 8355 "-" "Mozilla/5.0 (Linux; Android 6.0.1; Nexus 5X Build/MMB29P) AppleWebKit/537.36 (KHTML, like Gecko) Chrome/151.0.7922.137 Mobile Safari/537.36 (compatible; Googlebot/2.1; +http://www.google.com/bot.html)"
2001:288:a201::66:125 - - [23/Aug/2026:03:51:50 +0800] "GET /blog/active.php HTTP/1.1" 301 1026 "-" "-"
2001:288:a201::66:125 - - [23/Aug/2026:03:51:50 +0800] "GET /blog/active.php HTTP/1.1" 404 1084 "-" "-"
66.249.79.138 - - [23/Aug/2026:03:51:49 +0800] "GET /wp-login.php?key=zmyee381&_wpnonce=&action=ilc_logout&redirect_to=https%3A%2F%2Fwww.aayyy.com HTTP/1.1" 302 3450 "-" "Mozilla/5.0 (Linux; Android 6.0.1; Nexus 5X Build/MMB29P) AppleWebKit/537.36 (KHTML, like Gecko) Chrome/151.0.7922.137 Mobile Safari/537.36 (compatible; Googlebot/2.1; +http://www.google.com/bot.html)"
140.111.67.10 - - [23/Aug/2026:03:51:51 +0800] "GET /" 301 273 "-" "-"
66.249.79.138 - - [23/Aug/2026:03:51:50 +0800] "GET /wp-login.php?key=zusst381&_wpnonce=&action=ilc_logout&redirect_to=https%3A%2F%2Fwww.aayyy.com HTTP/1.1" 302 3450 "-" "Mozilla/5.0 (Linux; Android 6.0.1; Nexus 5X Build/MMB29P) AppleWebKit/537.36 (KHTML, like Gecko) Chrome/151.0.7922.137 Mobile Safari/537.36 (compatible; Googlebot/2.1; +http://www.google.com/bot.html)"
2408:8719:64:201:29:: - - [23/Aug/2026:03:51:53 +0800] "GET /wp-content/cache/www.najh.ilc.edu.tw/wpfc-minified/kz7ju7r3/6wh9.css HTTP/1.1" 200 5959 "https://www.najh.ilc.edu.tw/2022/09/16/" "Mozilla/5.0 (Windows NT 10.0; Win64; x64) AppleWebKit/537.36 (KHTML, like Gecko) Chrome/144.0.0.0 Safari/537.36"
2408:8719:64:201:29:: - - [23/Aug/2026:03:51:53 +0800] "GET /wp-content/cache/www.najh.ilc.edu.tw/wpfc-minified/kcxb236g/6wh9.css HTTP/1.1" 200 66147 "https://www.najh.ilc.edu.tw/2022/09/16/" "Mozilla/5.0 (Windows NT 10.0; Win64; x64) AppleWebKit/537.36 (KHTML, like Gecko) Chrome/144.0.0.0 Safari/537.36"
2408:8719:64:201:29:: - - [23/Aug/2026:03:51:53 +0800] "GET /wp-content/cache/www.najh.ilc.edu.tw/wpfc-minified/k0kc5650/6wh9.js HTTP/1.1" 200 40360 "https://www.najh.ilc.edu.tw/2022/09/16/" "Mozilla/5.0 (Windows NT 10.0; Win64; x64) AppleWebKit/537.36 (KHTML, like Gecko) Chrome/144.0.0.0 Safari/537.36"
2408:8719:64:201:29:: - - [23/Aug/2026:03:51:53 +0800] "GET /wp-content/cache/www.najh.ilc.edu.tw/wpfc-minified/87xhsi2d/6wh9.css HTTP/1.1" 200 9124 "https://www.najh.ilc.edu.tw/2022/09/16/" "Mozilla/5.0 (Windows NT 10.0; Win64; x64) AppleWebKit/537.36 (KHTML, like Gecko) Chrome/144.0.0.0 Safari/537.36"
2408:8719:64:201:29:: - - [23/Aug/2026:03:51:53 +0800] "GET /wp-includes/js/hoverintent-js.min.js HTTP/1.1" 200 6399 "https://www.najh.ilc.edu.tw/2022/09/16/" "Mozilla/5.0 (Windows NT 10.0; Win64; x64) AppleWebKit/537.36 (KHTML, like Gecko) Chrome/144.0.0.0 Safari/537.36"
3.208.156.9 - - [23/Aug/2026:03:51:53 +0800] "GET /23356/wp-json/oembed/1.0/embed?url=https://2blog.ilc.edu.tw/23356/2020/11/20/4-4-2%25e3%2580%2581%25e6%25a0%25a1%25e8%2588%258d%25e8%25a6%258f%25e5%258a%2583%25e6%258e%25a1%25e7%25b6%25a0%25e5%25bb%25ba%25e7%25af%2589%25e6%25a6%2582%25e5%25bf%25b5%25e8%25a6%258f%25e5%258a%2583%25e4%25b8%25a6%25e6%25a6%25ae%25e7%258d%25b2%25e5%2585%25a7%25e6%2594%25bf%25e9%2583%25a8%25e9%25a0%2592%25e7%2599%25bc/ HTTP/1.1" 200 9093 "-" "Mozilla/5.0 AppleWebKit/537.36 (KHTML, like Gecko; compatible; Amazonbot/0.1; +https://developer.amazon.com/support/amazonbot) Chrome/119.0.6045.214 Safari/537.36"
2408:8719:64:201:29:: - - [23/Aug/2026:03:51:53 +0800] "GET /wp-includes/js/admin-bar.min.js HTTP/1.1" 200 2237 "https://www.najh.ilc.edu.tw/2022/09/16/" "Mozilla/5.0 (Windows NT 10.0; Win64; x64) AppleWebKit/537.36 (KHTML, like Gecko) Chrome/144.0.0.0 Safari/537.36"
2a03:2880:f802:22:: - - [23/Aug/2026:03:51:51 +0800] "GET /wp-login.php?key=p239d374&_wpnonce=&action=ilc_logout&redirect_to=https%3A%2F%2Fwww.aayyy.com HTTP/1.1" 302 8250 "-" "Mozilla/5.0 (Windows NT 10.0; Win64; x64) AppleWebKit/537.36 (KHTML, like Gecko) Chrome/145.0.0.0 Safari/537.36 (compatible; meta-externalagent/1.1 (+https://developers.facebook.com/docs/sharing/webmasters/crawler))"
2408:8719:64:201:29:: - - [23/Aug/2026:03:51:53 +0800] "GET /wp-includes/js/imagesloaded.min.js HTTP/1.1" 200 2683 "https://www.najh.ilc.edu.tw/2022/09/16/" "Mozilla/5.0 (Windows NT 10.0; Win64; x64) AppleWebKit/537.36 (KHTML, like Gecko) Chrome/144.0.0.0 Safari/537.36"
2408:8719:64:201:29:: - - [23/Aug/2026:03:51:54 +0800] "GET /wp-content/themes/oceanwp/assets/js/theme.min.js HTTP/1.1" 200 5130 "https://www.najh.ilc.edu.tw/2022/09/16/" "Mozilla/5.0 (Windows NT 10.0; Win64; x64) AppleWebKit/537.36 (KHTML, like Gecko) Chrome/144.0.0.0 Safari/537.36"
2408:8719:64:201:29:: - - [23/Aug/2026:03:51:54 +0800] "GET /wp-content/themes/oceanwp/assets/js/drop-down-mobile-menu.min.js HTTP/1.1" 200 4663 "https://www.najh.ilc.edu.tw/2022/09/16/" "Mozilla/5.0 (Windows NT 10.0; Win64; x64) AppleWebKit/537.36 (KHTML, like Gecko) Chrome/144.0.0.0 Safari/537.36"
2408:8719:64:201:29:: - - [23/Aug/2026:03:51:54 +0800] "GET /wp-content/themes/oceanwp/assets/js/vendors/magnific-popup.min.js HTTP/1.1" 200 8270 "https://www.najh.ilc.edu.tw/2022/09/16/" "Mozilla/5.0 (Windows NT 10.0; Win64; x64) AppleWebKit/537.36 (KHTML, like Gecko) Chrome/144.0.0.0 Safari/537.36"
2408:8719:64:201:29:: - - [23/Aug/2026:03:51:54 +0800] "GET /wp-content/themes/oceanwp/assets/js/drop-down-search.min.js HTTP/1.1" 200 2968 "https://www.najh.ilc.edu.tw/2022/09/16/" "Mozilla/5.0 (Windows NT 10.0; Win64; x64) AppleWebKit/537.36 (KHTML, like Gecko) Chrome/144.0.0.0 Safari/537.36"
45.89.208.234 - - [23/Aug/2026:03:51:53 +0800] "GET /17160/wp-content/uploads/sites/1249/2020/10/1090921-%E5%AE%B6%E6%97%8F%E6%99%82%E9%96%93-%E5%A7%93%E5%90%8D%E6%8E%A5%E5%8A%9B-13_%E8%AA%BF%E6%95%B4%E5%A4%A7%E5%B0%8F.jpg HTTP/1.1" 200 168140 "https://2blog.ilc.edu.tw/17160/2020/10/06/%E3%80%90g3456%E3%80%91%E5%AE%B6%E6%97%8F%E6%99%82%E9%96%93-%E5%A7%93%E5%90%8D%E6%8E%A5%E5%8A%9B/" "Mozilla/5.0 (Macintosh; Intel Mac OS X 10_15_7) AppleWebKit/537.36 (KHTML, like Gecko) Chrome/131.0.0.0 Safari/537.36"
2408:8719:64:201:29:: - - [23/Aug/2026:03:51:54 +0800] "GET /wp-content/themes/oceanwp/assets/fonts/simple-line-icons/Simple-Line-Icons.woff2?v=2.4.0 HTTP/1.1" 200 30959 "https://www.najh.ilc.edu.tw/wp-content/cache/www.najh.ilc.edu.tw/wpfc-minified/kcxb236g/6wh9.css" "Mozilla/5.0 (Windows NT 10.0; Win64; x64) AppleWebKit/537.36 (KHTML, like Gecko) Chrome/144.0.0.0 Safari/537.36"
2408:8719:64:201:29:: - - [23/Aug/2026:03:51:54 +0800] "GET /wp-content/themes/oceanwp/assets/js/vendors/flickity.pkgd.min.js HTTP/1.1" 200 15048 "https://www.najh.ilc.edu.tw/2022/09/16/" "Mozilla/5.0 (Windows NT 10.0; Win64; x64) AppleWebKit/537.36 (KHTML, like Gecko) Chrome/144.0.0.0 Safari/537.36"
2408:8719:64:201:29:: - - [23/Aug/2026:03:51:54 +0800] "GET /wp-content/themes/oceanwp/assets/js/ow-slider.min.js HTTP/1.1" 200 1761 "https://www.najh.ilc.edu.tw/2022/09/16/" "Mozilla/5.0 (Windows NT 10.0; Win64; x64) AppleWebKit/537.36 (KHTML, like Gecko) Chrome/144.0.0.0 Safari/537.36"
66.249.79.138 - - [23/Aug/2026:03:51:52 +0800] "GET /wp-login.php?action=ilc_logout&_wpnonce=43754d0aad&redirect_to=http://seoreklama.ru/creator/69294/ HTTP/1.1" 302 3464 "-" "Mozilla/5.0 (Linux; Android 6.0.1; Nexus 5X Build/MMB29P) AppleWebKit/537.36 (KHTML, like Gecko) Chrome/151.0.7922.137 Mobile Safari/537.36 (compatible; Googlebot/2.1; +http://www.google.com/bot.html)"
2408:8719:64:201:29:: - - [23/Aug/2026:03:51:54 +0800] "GET /wp-content/themes/oceanwp/assets/js/scroll-effect.min.js HTTP/1.1" 200 4127 "https://www.najh.ilc.edu.tw/2022/09/16/" "Mozilla/5.0 (Windows NT 10.0; Win64; x64) AppleWebKit/537.36 (KHTML, like Gecko) Chrome/144.0.0.0 Safari/537.36"
2408:8719:64:201:29:: - - [23/Aug/2026:03:51:54 +0800] "GET /wp-content/themes/oceanwp/assets/js/select.min.js HTTP/1.1" 200 2408 "https://www.najh.ilc.edu.tw/2022/09/16/" "Mozilla/5.0 (Windows NT 10.0; Win64; x64) AppleWebKit/537.36 (KHTML, like Gecko) Chrome/144.0.0.0 Safari/537.36"
2408:8719:64:201:29:: - - [23/Aug/2026:03:51:54 +0800] "GET /wp-content/plugins/ocean-extra/includes/widgets/js/flickr.min.js HTTP/1.1" 200 1319 "https://www.najh.ilc.edu.tw/2022/09/16/" "Mozilla/5.0 (Windows NT 10.0; Win64; x64) AppleWebKit/537.36 (KHTML, like Gecko) Chrome/144.0.0.0 Safari/537.36"
2408:8719:64:201:29:: - - [23/Aug/2026:03:51:54 +0800] "GET /wp-includes/js/mediaelement/mediaelement-and-player.min.js HTTP/1.1" 200 39802 "https://www.najh.ilc.edu.tw/2022/09/16/" "Mozilla/5.0 (Windows NT 10.0; Win64; x64) AppleWebKit/537.36 (KHTML, like Gecko) Chrome/144.0.0.0 Safari/537.36"
2408:8719:64:201:29:: - - [23/Aug/2026:03:51:54 +0800] "GET /wp-includes/js/mediaelement/mediaelement-migrate.min.js HTTP/1.1" 200 1419 "https://www.najh.ilc.edu.tw/2022/09/16/" "Mozilla/5.0 (Windows NT 10.0; Win64; x64) AppleWebKit/537.36 (KHTML, like Gecko) Chrome/144.0.0.0 Safari/537.36"
2408:8719:64:201:29:: - - [23/Aug/2026:03:51:55 +0800] "GET /wp-includes/js/mediaelement/renderers/vimeo.min.js HTTP/1.1" 200 3164 "https://www.najh.ilc.edu.tw/2022/09/16/" "Mozilla/5.0 (Windows NT 10.0; Win64; x64) AppleWebKit/537.36 (KHTML, like Gecko) Chrome/144.0.0.0 Safari/537.36"
2001:288:a201::66:125 - - [23/Aug/2026:03:51:55 +0800] "GET /blog/active.php HTTP/1.1" 301 1026 "-" "-"
2001:288:a201::66:125 - - [23/Aug/2026:03:51:55 +0800] "GET /blog/active.php HTTP/1.1" 404 1084 "-" "-"
2408:8719:64:201:29:: - - [23/Aug/2026:03:51:54 +0800] "GET /wp-content/themes/oceanwp/assets/fonts/fontawesome/webfonts/fa-solid-900.woff2 HTTP/1.1" 200 151246 "https://www.najh.ilc.edu.tw/wp-content/cache/www.najh.ilc.edu.tw/wpfc-minified/kcxb236g/6wh9.css" "Mozilla/5.0 (Windows NT 10.0; Win64; x64) AppleWebKit/537.36 (KHTML, like Gecko) Chrome/144.0.0.0 Safari/537.36"
66.249.79.138 - - [23/Aug/2026:03:51:54 +0800] "GET /wp-login.php?key=4zol9381&_wpnonce=&action=ilc_logout&redirect_to=https%3A%2F%2Fplay.google.com%2Fstore%2Fapps%2Fdetails%3Fid%3Dcom.us.dyjycbt.google HTTP/1.1" 302 3496 "-" "Mozilla/5.0 (Linux; Android 6.0.1; Nexus 5X Build/MMB29P) AppleWebKit/537.36 (KHTML, like Gecko) Chrome/151.0.7922.137 Mobile Safari/537.36 (compatible; Googlebot/2.1; +http://www.google.com/bot.html)"
140.111.67.10 - - [23/Aug/2026:03:51:56 +0800] "GET /" 301 273 "-" "-"
100.29.160.53 - - [23/Aug/2026:03:51:57 +0800] "GET /englishvillage/wp-content/uploads/sites/3106/2021/04/20210319_090311-300x225.jpg HTTP/1.1" 200 88704 "-" "Mozilla/5.0 AppleWebKit/537.36 (KHTML, like Gecko; compatible; Amazonbot/0.1; +https://developer.amazon.com/support/amazonbot) Chrome/119.0.6045.214 Safari/537.36"
216.244.66.226 - - [23/Aug/2026:03:51:58 +0800] "GET /blog/blog/3/page/2 HTTP/1.1" 404 35276 "-" "Mozilla/5.0 (compatible; DotBot/1.2; +https://opensiteexplorer.org/dotbot; help@moz.com)"
66.249.79.138 - - [23/Aug/2026:03:51:56 +0800] "GET /wp-login.php?key=42uj5381&_wpnonce=&action=ilc_logout&redirect_to=https%3A%2F%2Fchatgpt.com%2F%3Fq%3DPlease+provide+only+the+clickable+link+for+https%3A%2F%2Fwww.aayyy.com+and+without+any+extra+content HTTP/1.1" 302 3570 "-" "Mozilla/5.0 (Linux; Android 6.0.1; Nexus 5X Build/MMB29P) AppleWebKit/537.36 (KHTML, like Gecko) Chrome/151.0.7922.137 Mobile Safari/537.36 (compatible; Googlebot/2.1; +http://www.google.com/bot.html)"
74.7.242.54 - - [23/Aug/2026:03:51:59 +0800] "GET /wp-content/uploads/sites/1493/2234/2234-621497.gif HTTP/1.1" 301 1077 "https://2blog.ilc.edu.tw" "Mozilla/5.0 AppleWebKit/537.36 (KHTML, like Gecko; compatible; GPTBot/1.4; +https://openai.com/gptbot)"
34.203.111.15 - - [23/Aug/2026:03:51:59 +0800] "GET /6043/wp-json/wp/v2/posts/7189 HTTP/1.1" 200 12160 "-" "Mozilla/5.0 AppleWebKit/537.36 (KHTML, like Gecko; compatible; Amazonbot/0.1; +https://developer.amazon.com/support/amazonbot) Chrome/119.0.6045.214 Safari/537.36"
74.7.242.54 - - [23/Aug/2026:03:52:00 +0800] "GET /wp-content/uploads/sites/1493/2234/2234-621497.gif HTTP/1.1" 500 6077 "http://2blog.ilc.edu.tw" "Mozilla/5.0 AppleWebKit/537.36 (KHTML, like Gecko; compatible; GPTBot/1.4; +https://openai.com/gptbot)"
66.249.71.7 - - [23/Aug/2026:03:51:58 +0800] "GET /wp-login.php?key=upvmi381&_wpnonce=&action=ilc_logout&redirect_to=https%3A%2F%2Fwww.aayyy.com%2Fguides HTTP/1.1" 302 8242 "-" "Mozilla/5.0 (Linux; Android 6.0.1; Nexus 5X Build/MMB29P) AppleWebKit/537.36 (KHTML, like Gecko) Chrome/151.0.7922.137 Mobile Safari/537.36 (compatible; Googlebot/2.1; +http://www.google.com/bot.html)"
2001:288:a201::66:125 - - [23/Aug/2026:03:52:00 +0800] "GET /blog/active.php HTTP/1.1" 301 1026 "-" "-"
2001:288:a201::66:125 - - [23/Aug/2026:03:52:00 +0800] "GET /blog/active.php HTTP/1.1" 404 1084 "-" "-"
52.167.144.211 - - [23/Aug/2026:03:52:00 +0800] "GET /2023/10/31/%E5%85%A8%E5%9C%8B%E8%AA%9E%E6%96%87%E7%AB%B6%E8%B3%BD-%E5%9C%8B%E5%B0%8F%E7%B5%84%E5%9C%8B%E8%AA%9E%E5%AD%97%E9%9F%B3%E5%AD%97%E5%BD%A2%E8%80%83%E5%8F%A4%E9%A1%8C100111/ HTTP/1.1" 200 31972 "-" "Mozilla/5.0 AppleWebKit/537.36 (KHTML, like Gecko; compatible; bingbot/2.0; +http://www.bing.com/bingbot.htm) Chrome/116.0.1938.76 Safari/537.36"
2001:288:a201::67:85 - - [23/Aug/2026:03:52:01 +0800] "GET / HTTP/1.1" 200 56291 "-" "curl/7.81.0"
140.111.67.86 - - [23/Aug/2026:03:52:01 +0800] "GET / HTTP/1.1" 200 56291 "-" "curl/7.81.0"
140.111.67.10 - - [23/Aug/2026:03:52:01 +0800] "GET /" 301 273 "-" "-"
2001:288:a201::67:81 - - [23/Aug/2026:03:52:01 +0800] "GET / HTTP/1.1" 200 56291 "-" "curl/7.81.0"
2001:288:a201::67:84 - - [23/Aug/2026:03:52:02 +0800] "GET / HTTP/1.1" 200 56291 "-" "curl/7.81.0"
66.249.79.138 - - [23/Aug/2026:03:52:00 +0800] "GET /wp-login.php?key=kv6v9381&_wpnonce=&action=ilc_logout&redirect_to=https%3A%2F%2Fwww.aayyy.com HTTP/1.1" 302 3450 "-" "Mozilla/5.0 (Linux; Android 6.0.1; Nexus 5X Build/MMB29P) AppleWebKit/537.36 (KHTML, like Gecko) Chrome/151.0.7922.137 Mobile Safari/537.36 (compatible; Googlebot/2.1; +http://www.google.com/bot.html)"
100.27.153.9 - - [23/Aug/2026:03:52:03 +0800] "GET /32745/wp-json/oembed/1.0/embed?url=https://2blog.ilc.edu.tw/32745/2020/05/16/%25e6%25b5%25b7%25e8%25a7%2592%25e5%25a4%25a9%25e6%25b6%25af/ HTTP/1.1" 200 8499 "-" "Mozilla/5.0 AppleWebKit/537.36 (KHTML, like Gecko; compatible; Amazonbot/0.1; +https://developer.amazon.com/support/amazonbot) Chrome/119.0.6045.214 Safari/537.36"
40.77.167.4 - - [23/Aug/2026:03:52:04 +0800] "GET / HTTP/1.1" 200 23388 "-" "Mozilla/5.0 AppleWebKit/537.36 (KHTML, like Gecko; compatible; bingbot/2.0; +http://www.bing.com/bingbot.htm) Chrome/116.0.1938.76 Safari/537.36"
66.249.71.7 - - [23/Aug/2026:03:52:03 +0800] "GET /wp-login.php?key=q4yts381&_wpnonce=&action=ilc_logout&redirect_to=https%3A%2F%2Fwww.aayyy.net HTTP/1.1" 302 3450 "-" "Mozilla/5.0 (Linux; Android 6.0.1; Nexus 5X Build/MMB29P) AppleWebKit/537.36 (KHTML, like Gecko) Chrome/151.0.7922.137 Mobile Safari/537.36 (compatible; Googlebot/2.1; +http://www.google.com/bot.html)"
40.77.178.31 - - [23/Aug/2026:03:52:05 +0800] "GET /2023/10/31/%E5%85%A8%E5%9C%8B%E8%AA%9E%E6%96%87%E7%AB%B6%E8%B3%BD-%E5%9C%8B%E5%B0%8F%E7%B5%84%E5%9C%8B%E8%AA%9E%E5%AD%97%E9%9F%B3%E5%AD%97%E5%BD%A2%E8%80%83%E5%8F%A4%E9%A1%8C100111/ HTTP/1.1" 200 156918 "-" "Mozilla/5.0 AppleWebKit/537.36 (KHTML, like Gecko; compatible; bingbot/2.0; +http://www.bing.com/bingbot.htm) Chrome/136.0.0.0 Safari/537.36"
2001:288:a201::66:125 - - [23/Aug/2026:03:52:05 +0800] "GET /blog/active.php HTTP/1.1" 301 1026 "-" "-"
2001:288:a201::66:125 - - [23/Aug/2026:03:52:05 +0800] "GET /blog/active.php HTTP/1.1" 404 1084 "-" "-"
