::1 - - [23/Aug/2026:03:50:03 +0800] "OPTIONS * HTTP/1.0" 200 110 "-" "Apache/2.4.68 (Ubuntu) OpenSSL/3.0.19 (internal dummy connection)"
66.249.79.138 - - [23/Aug/2026:03:50:00 +0800] "GET /wp-login.php?key=79zvi381&_wpnonce=&action=ilc_logout&redirect_to=https%3A%2F%2Fmushroom.joynetgame.com HTTP/1.1" 302 3460 "-" "Mozilla/5.0 (Linux; Android 6.0.1; Nexus 5X Build/MMB29P) AppleWebKit/537.36 (KHTML, like Gecko) Chrome/151.0.7922.137 Mobile Safari/537.36 (compatible; Googlebot/2.1; +http://www.google.com/bot.html)"
2409:8c20:8ab1:54::18 - - [23/Aug/2026:03:50:03 +0800] "GET /6553/wp-content/themes/oceanwp/assets/fonts/simple-line-icons/Simple-Line-Icons.woff2?v=2.4.0 HTTP/1.1" 200 30959 "https://2blog.ilc.edu.tw/6553/wp-content/cache/2blog.ilc.edu.tw/wpfc-minified/f6dh77kn/6ezvq.css" "Mozilla/5.0 (Windows NT 10.0; Win64; x64) AppleWebKit/537.36 (KHTML, like Gecko) Chrome/144.0.0.0 Safari/537.36"
::1 - - [23/Aug/2026:03:50:04 +0800] "OPTIONS * HTTP/1.0" 200 110 "-" "Apache/2.4.68 (Ubuntu) OpenSSL/3.0.19 (internal dummy connection)"
50.174.29.39 - - [23/Aug/2026:03:50:04 +0800] "GET /39664/wp-content/uploads/sites/428/2019/03/s-blog-107-G35%E6%8E%A2%E7%B4%A2-%E6%84%9F%E6%81%A9%E4%B9%8B%E6%97%85%E6%99%B4%E7%88%B8%E5%AA%BD_07.jpg HTTP/1.1" 200 309884 "https://2blog.ilc.edu.tw/39664/2019/03/29/%E3%80%90g35%E3%80%91%E6%8E%A2%E7%B4%A2-%E6%84%9F%E6%81%A9%E4%B9%8B%E6%97%85%E7%BE%85%E6%9D%B1%E5%9C%B0%E6%94%BF%E4%BA%8B%E5%8B%99%E6%89%80/" "Mozilla/5.0 (Macintosh; Intel Mac OS X 10_15_7) AppleWebKit/537.36 (KHTML, like Gecko) Chrome/131.0.0.0 Safari/537.36"
::1 - - [23/Aug/2026:03:50:05 +0800] "OPTIONS * HTTP/1.0" 200 110 "-" "Apache/2.4.68 (Ubuntu) OpenSSL/3.0.19 (internal dummy connection)"
2001:288:a201::66:125 - - [23/Aug/2026:03:50:05 +0800] "GET /blog/active.php HTTP/1.1" 301 1026 "-" "-"
2001:288:a201::66:125 - - [23/Aug/2026:03:50:05 +0800] "GET /blog/active.php HTTP/1.1" 404 5511 "-" "-"
66.249.79.138 - - [23/Aug/2026:03:50:01 +0800] "GET /wp-login.php?key=c9iq6381&_wpnonce=&action=ilc_logout&redirect_to=https%3A%2F%2Fwww.aayyy.net HTTP/1.1" 302 3450 "-" "Mozilla/5.0 (Linux; Android 6.0.1; Nexus 5X Build/MMB29P) AppleWebKit/537.36 (KHTML, like Gecko) Chrome/151.0.7922.137 Mobile Safari/537.36 (compatible; Googlebot/2.1; +http://www.google.com/bot.html)"
66.249.71.69 - - [23/Aug/2026:03:50:05 +0800] "GET /author/two/feed/ HTTP/1.1" 200 6651 "-" "Mozilla/5.0 (Linux; Android 6.0.1; Nexus 5X Build/MMB29P) AppleWebKit/537.36 (KHTML, like Gecko) Chrome/151.0.7922.137 Mobile Safari/537.36 (compatible; Googlebot/2.1; +http://www.google.com/bot.html)"
66.249.71.7 - - [23/Aug/2026:03:50:03 +0800] "GET /wp-login.php?key=m9u43381&_wpnonce=&action=ilc_logout&redirect_to=https%3A%2F%2Fplay.google.com%2Fstore%2Fapps%2Fdetails%3Fid%3Dcom.us.dyjycbt.google HTTP/1.1" 302 8281 "-" "Mozilla/5.0 (Linux; Android 6.0.1; Nexus 5X Build/MMB29P) AppleWebKit/537.36 (KHTML, like Gecko) Chrome/151.0.7922.137 Mobile Safari/537.36 (compatible; Googlebot/2.1; +http://www.google.com/bot.html)"
::1 - - [23/Aug/2026:03:50:06 +0800] "OPTIONS * HTTP/1.0" 200 110 "-" "Apache/2.4.68 (Ubuntu) OpenSSL/3.0.19 (internal dummy connection)"
2409:8c20:8ab1:54::18 - - [23/Aug/2026:03:50:03 +0800] "GET /6553/wp-content/themes/oceanwp/assets/fonts/fontawesome/webfonts/fa-solid-900.woff2 HTTP/1.1" 200 132480 "https://2blog.ilc.edu.tw/6553/wp-content/cache/2blog.ilc.edu.tw/wpfc-minified/f6dh77kn/6ezvq.css" "Mozilla/5.0 (Windows NT 10.0; Win64; x64) AppleWebKit/537.36 (KHTML, like Gecko) Chrome/144.0.0.0 Safari/537.36"
140.111.67.10 - - [23/Aug/2026:03:50:06 +0800] "GET /" 301 273 "-" "-"
::1 - - [23/Aug/2026:03:50:07 +0800] "OPTIONS * HTTP/1.0" 200 110 "-" "Apache/2.4.68 (Ubuntu) OpenSSL/3.0.19 (internal dummy connection)"
66.249.79.138 - - [23/Aug/2026:03:50:06 +0800] "GET /wp-login.php?key=dmag4381&_wpnonce=&action=ilc_logout&redirect_to=https%3A%2F%2Fplay.google.com%2Fstore%2Fapps%2Fdetails%3Fid%3Dcom.us.dyjycbt.google HTTP/1.1" 302 3496 "-" "Mozilla/5.0 (Linux; Android 6.0.1; Nexus 5X Build/MMB29P) AppleWebKit/537.36 (KHTML, like Gecko) Chrome/151.0.7922.137 Mobile Safari/537.36 (compatible; Googlebot/2.1; +http://www.google.com/bot.html)"
66.249.79.138 - - [23/Aug/2026:03:50:06 +0800] "GET /wp-login.php?key=1akfm381&_wpnonce=&action=ilc_logout&redirect_to=https%3A%2F%2Fplay.google.com%2Fstore%2Fapps%2Fdetails%3Fid%3Dcom.us.dyjycbt.google HTTP/1.1" 302 3496 "-" "Mozilla/5.0 (Linux; Android 6.0.1; Nexus 5X Build/MMB29P) AppleWebKit/537.36 (KHTML, like Gecko) Chrome/151.0.7922.137 Mobile Safari/537.36 (compatible; Googlebot/2.1; +http://www.google.com/bot.html)"
2001:288:a201::66:125 - - [23/Aug/2026:03:50:10 +0800] "GET /blog/active.php HTTP/1.1" 301 1026 "-" "-"
2001:288:a201::66:125 - - [23/Aug/2026:03:50:10 +0800] "GET /blog/active.php HTTP/1.1" 404 1084 "-" "-"
66.249.79.138 - - [23/Aug/2026:03:50:08 +0800] "GET /wp-login.php?key=7e79x381&_wpnonce=&action=ilc_logout&redirect_to=https%3A%2F%2Fwww.aayyy.com HTTP/1.1" 302 3450 "-" "Mozilla/5.0 (Linux; Android 6.0.1; Nexus 5X Build/MMB29P) AppleWebKit/537.36 (KHTML, like Gecko) Chrome/151.0.7922.137 Mobile Safari/537.36 (compatible; Googlebot/2.1; +http://www.google.com/bot.html)"
23.21.225.190 - - [23/Aug/2026:03:50:10 +0800] "GET /6030/wp-json/wp/v2/posts/%22https:/2blog.ilc.edu.tw/wp-content/uploads/sites/2193/6030/6030-3896467.png/%22 HTTP/1.1" 404 6131 "-" "Mozilla/5.0 AppleWebKit/537.36 (KHTML, like Gecko; compatible; Amazonbot/0.1; +https://developer.amazon.com/support/amazonbot) Chrome/119.0.6045.214 Safari/537.36"
66.249.79.138 - - [23/Aug/2026:03:50:08 +0800] "GET /wp-login.php?key=lp315381&_wpnonce=&action=ilc_logout&redirect_to=https%3A%2F%2Fchatgpt.com%2F%3Fq%3DPlease+provide+only+the+clickable+link+for+https%3A%2F%2Fwww.aayyy.com+and+without+any+extra+content HTTP/1.1" 302 3570 "-" "Mozilla/5.0 (Linux; Android 6.0.1; Nexus 5X Build/MMB29P) AppleWebKit/537.36 (KHTML, like Gecko) Chrome/151.0.7922.137 Mobile Safari/537.36 (compatible; Googlebot/2.1; +http://www.google.com/bot.html)"
::1 - - [23/Aug/2026:03:50:11 +0800] "OPTIONS * HTTP/1.0" 200 110 "-" "Apache/2.4.68 (Ubuntu) OpenSSL/3.0.19 (internal dummy connection)"
66.249.71.71 - - [23/Aug/2026:03:50:11 +0800] "GET / HTTP/1.1" 200 20702 "-" "Mozilla/5.0 (Linux; Android 6.0.1; Nexus 5X Build/MMB29P) AppleWebKit/537.36 (KHTML, like Gecko) Chrome/151.0.7922.137 Mobile Safari/537.36 (compatible; Googlebot/2.1; +http://www.google.com/bot.html)"
140.111.67.10 - - [23/Aug/2026:03:50:11 +0800] "GET /" 301 273 "-" "-"
74.7.242.54 - - [23/Aug/2026:03:50:13 +0800] "GET /wp-content/uploads/sites/1493/2234/2234-613388.gif HTTP/1.1" 301 1077 "https://2blog.ilc.edu.tw" "Mozilla/5.0 AppleWebKit/537.36 (KHTML, like Gecko; compatible; GPTBot/1.4; +https://openai.com/gptbot)"
66.249.71.7 - - [23/Aug/2026:03:50:11 +0800] "GET /wp-login.php?key=j28km381&_wpnonce=&action=ilc_logout&redirect_to=https%3A%2F%2Fwww.aayyy.com%2Fgames HTTP/1.1" 302 8241 "-" "Mozilla/5.0 (Linux; Android 6.0.1; Nexus 5X Build/MMB29P) AppleWebKit/537.36 (KHTML, like Gecko) Chrome/151.0.7922.137 Mobile Safari/537.36 (compatible; Googlebot/2.1; +http://www.google.com/bot.html)"
66.249.79.138 - - [23/Aug/2026:03:50:11 +0800] "GET /wp-login.php?key=w43he381&_wpnonce=&action=ilc_logout&redirect_to=https%3A%2F%2Fmushroom.joynetgame.com HTTP/1.1" 302 3460 "-" "Mozilla/5.0 (Linux; Android 6.0.1; Nexus 5X Build/MMB29P) AppleWebKit/537.36 (KHTML, like Gecko) Chrome/151.0.7922.137 Mobile Safari/537.36 (compatible; Googlebot/2.1; +http://www.google.com/bot.html)"
74.7.242.54 - - [23/Aug/2026:03:50:13 +0800] "GET /wp-content/uploads/sites/1493/2234/2234-613388.gif HTTP/1.1" 500 6077 "http://2blog.ilc.edu.tw" "Mozilla/5.0 AppleWebKit/537.36 (KHTML, like Gecko; compatible; GPTBot/1.4; +https://openai.com/gptbot)"
18.205.127.11 - - [23/Aug/2026:03:50:14 +0800] "GET /6030/wp-json/wp/v2/posts/%22https:/2blog.ilc.edu.tw/wp-content/uploads/sites/2193/6030/6030-3896485.png/%22 HTTP/1.1" 404 6131 "-" "Mozilla/5.0 AppleWebKit/537.36 (KHTML, like Gecko; compatible; Amazonbot/0.1; +https://developer.amazon.com/support/amazonbot) Chrome/119.0.6045.214 Safari/537.36"
2001:288:a201::66:125 - - [23/Aug/2026:03:50:15 +0800] "GET /blog/active.php HTTP/1.1" 301 1026 "-" "-"
2001:288:a201::66:125 - - [23/Aug/2026:03:50:15 +0800] "GET /blog/active.php HTTP/1.1" 404 1084 "-" "-"
34.194.14.255 - - [23/Aug/2026:03:50:15 +0800] "GET /kkes301/wp-content/uploads/sites/2888/2025/05/20250423_091140-768x576.jpg HTTP/1.1" 200 95629 "-" "Mozilla/5.0 AppleWebKit/537.36 (KHTML, like Gecko; compatible; Amazonbot/0.1; +https://developer.amazon.com/support/amazonbot) Chrome/119.0.6045.214 Safari/537.36"
66.249.79.138 - - [23/Aug/2026:03:50:13 +0800] "GET /wp-login.php?key=4n7s3381&_wpnonce=&action=ilc_logout&redirect_to=https%3A%2F%2Fwww.aayyy.com%2Fguides HTTP/1.1" 302 3457 "-" "Mozilla/5.0 (Linux; Android 6.0.1; Nexus 5X Build/MMB29P) AppleWebKit/537.36 (KHTML, like Gecko) Chrome/151.0.7922.137 Mobile Safari/537.36 (compatible; Googlebot/2.1; +http://www.google.com/bot.html)"
66.249.79.138 - - [23/Aug/2026:03:50:14 +0800] "GET /wp-login.php?key=4pc4w381&_wpnonce=&action=ilc_logout&redirect_to=https%3A%2F%2Fwww.aayyy.com%2Fgames HTTP/1.1" 302 3456 "-" "Mozilla/5.0 (Linux; Android 6.0.1; Nexus 5X Build/MMB29P) AppleWebKit/537.36 (KHTML, like Gecko) Chrome/151.0.7922.137 Mobile Safari/537.36 (compatible; Googlebot/2.1; +http://www.google.com/bot.html)"
140.111.67.10 - - [23/Aug/2026:03:50:16 +0800] "GET /" 301 273 "-" "-"
66.249.71.7 - - [23/Aug/2026:03:50:16 +0800] "GET /wp-login.php?key=8297m381&_wpnonce=&action=ilc_logout&redirect_to=https%3A%2F%2Fmushroom.joynetgame.com HTTP/1.1" 302 3460 "-" "Mozilla/5.0 (Linux; Android 6.0.1; Nexus 5X Build/MMB29P) AppleWebKit/537.36 (KHTML, like Gecko) Chrome/151.0.7922.137 Mobile Safari/537.36 (compatible; Googlebot/2.1; +http://www.google.com/bot.html)"
66.249.79.138 - - [23/Aug/2026:03:50:16 +0800] "GET /wp-login.php?key=1udnr381&_wpnonce=&action=ilc_logout&redirect_to=https%3A%2F%2Fmushroom.joynetgame.com HTTP/1.1" 302 3460 "-" "Mozilla/5.0 (Linux; Android 6.0.1; Nexus 5X Build/MMB29P) AppleWebKit/537.36 (KHTML, like Gecko) Chrome/151.0.7922.137 Mobile Safari/537.36 (compatible; Googlebot/2.1; +http://www.google.com/bot.html)"
3.223.134.5 - - [23/Aug/2026:03:50:20 +0800] "GET /kkes101/wp-content/uploads/sites/2886/2021/10/DSC_0850-1-768x1024.jpg HTTP/1.1" 200 151189 "-" "Mozilla/5.0 AppleWebKit/537.36 (KHTML, like Gecko; compatible; Amazonbot/0.1; +https://developer.amazon.com/support/amazonbot) Chrome/119.0.6045.214 Safari/537.36"
2001:288:a201::66:125 - - [23/Aug/2026:03:50:20 +0800] "GET /blog/active.php HTTP/1.1" 404 1084 "-" "-"
2001:288:a201::66:125 - - [23/Aug/2026:03:50:20 +0800] "GET /blog/active.php HTTP/1.1" 301 1026 "-" "-"
66.249.79.138 - - [23/Aug/2026:03:50:19 +0800] "GET /wp-login.php?key=id6ol381&_wpnonce=&action=ilc_logout&redirect_to=https%3A%2F%2Fwww.aayyy.com HTTP/1.1" 302 3450 "-" "Mozilla/5.0 (Linux; Android 6.0.1; Nexus 5X Build/MMB29P) AppleWebKit/537.36 (KHTML, like Gecko) Chrome/151.0.7922.137 Mobile Safari/537.36 (compatible; Googlebot/2.1; +http://www.google.com/bot.html)"
66.249.71.7 - - [23/Aug/2026:03:50:18 +0800] "GET /wp-login.php?action=ilc_logout&_wpnonce=43754d0aad&redirect_to=//stepibg.ru/creator/87063/ HTTP/1.1" 302 3456 "-" "Mozilla/5.0 (Linux; Android 6.0.1; Nexus 5X Build/MMB29P) AppleWebKit/537.36 (KHTML, like Gecko) Chrome/151.0.7922.137 Mobile Safari/537.36 (compatible; Googlebot/2.1; +http://www.google.com/bot.html)"
140.111.67.10 - - [23/Aug/2026:03:50:21 +0800] "GET /" 301 273 "-" "-"
66.249.79.172 - - [23/Aug/2026:03:50:22 +0800] "GET /6093/2017/11/16/ HTTP/1.1" 200 18854 "-" "Mozilla/5.0 (Linux; Android 6.0.1; Nexus 5X Build/MMB29P) AppleWebKit/537.36 (KHTML, like Gecko) Chrome/151.0.7922.137 Mobile Safari/537.36 (compatible; Googlebot/2.1; +http://www.google.com/bot.html)"
44.195.50.71 - - [23/Aug/2026:03:50:22 +0800] "GET /6030/wp-json/wp/v2/posts/%22https:/2blog.ilc.edu.tw/wp-content/uploads/sites/2193/6030/6030-3896469.png/%22 HTTP/1.1" 404 6131 "-" "Mozilla/5.0 AppleWebKit/537.36 (KHTML, like Gecko; compatible; Amazonbot/0.1; +https://developer.amazon.com/support/amazonbot) Chrome/119.0.6045.214 Safari/537.36"
3.223.134.5 - - [23/Aug/2026:03:50:23 +0800] "GET /1909/wp-json/wp/v2/posts/4694 HTTP/1.1" 200 18540 "-" "Mozilla/5.0 AppleWebKit/537.36 (KHTML, like Gecko; compatible; Amazonbot/0.1; +https://developer.amazon.com/support/amazonbot) Chrome/119.0.6045.214 Safari/537.36"
66.249.71.7 - - [23/Aug/2026:03:50:21 +0800] "GET /wp-login.php?key=uvk1g381&_wpnonce=&action=ilc_logout&redirect_to=https%3A%2F%2Fwww.aayyy.com%2Fguides HTTP/1.1" 302 3457 "-" "Mozilla/5.0 (Linux; Android 6.0.1; Nexus 5X Build/MMB29P) AppleWebKit/537.36 (KHTML, like Gecko) Chrome/151.0.7922.137 Mobile Safari/537.36 (compatible; Googlebot/2.1; +http://www.google.com/bot.html)"
66.249.79.138 - - [23/Aug/2026:03:50:22 +0800] "GET /wp-login.php?key=4b6e5381&_wpnonce=&action=ilc_logout&redirect_to=https%3A%2F%2Fchatgpt.com%2F%3Fq%3DPlease+provide+only+the+clickable+link+for+https%3A%2F%2Fwww.aayyy.com+and+without+any+extra+content HTTP/1.1" 302 3570 "-" "Mozilla/5.0 (Linux; Android 6.0.1; Nexus 5X Build/MMB29P) AppleWebKit/537.36 (KHTML, like Gecko) Chrome/151.0.7922.137 Mobile Safari/537.36 (compatible; Googlebot/2.1; +http://www.google.com/bot.html)"
66.249.71.40 - - [23/Aug/2026:03:50:24 +0800] "GET /wp-content/uploads/sites/268/868/868-2926894.jpg HTTP/1.1" 200 37837 "-" "Googlebot-Image/1.0"
2001:288:a201::66:125 - - [23/Aug/2026:03:50:25 +0800] "GET /blog/active.php HTTP/1.1" 301 1026 "-" "-"
2001:288:a201::66:125 - - [23/Aug/2026:03:50:25 +0800] "GET /blog/active.php HTTP/1.1" 404 1084 "-" "-"
140.111.67.10 - - [23/Aug/2026:03:50:26 +0800] "GET /" 301 273 "-" "-"
3.225.9.97 - - [23/Aug/2026:03:50:26 +0800] "GET /6030/wp-json/wp/v2/posts/%22https:/2blog.ilc.edu.tw/wp-content/uploads/sites/2193/6030/6030-3896496.png/%22 HTTP/1.1" 404 6131 "-" "Mozilla/5.0 AppleWebKit/537.36 (KHTML, like Gecko; compatible; Amazonbot/0.1; +https://developer.amazon.com/support/amazonbot) Chrome/119.0.6045.214 Safari/537.36"
66.249.79.138 - - [23/Aug/2026:03:50:24 +0800] "GET /wp-login.php?key=32ohw381&_wpnonce=&action=ilc_logout&redirect_to=https%3A%2F%2Fyou.com%2Fchat%2FPlease+provide+only+the+clickable+link+for+https%3A%2F%2Fwww.aayyy.com+and+without+any+extra+content%3Fifs%3Dallow HTTP/1.1" 302 8363 "-" "Mozilla/5.0 (Linux; Android 6.0.1; Nexus 5X Build/MMB29P) AppleWebKit/537.36 (KHTML, like Gecko) Chrome/151.0.7922.137 Mobile Safari/537.36 (compatible; Googlebot/2.1; +http://www.google.com/bot.html)"
66.249.79.173 - - [23/Aug/2026:03:50:27 +0800] "GET /6509/2012/11/09/%E6%81%AD%E8%B3%80-%E6%9C%AC%E6%A0%A1%E5%BF%97%E5%B7%A5%E9%BB%83%E7%BE%8E%E7%8E%89%E5%A5%B3%E5%A3%AB%EF%BC%8C%E7%8D%B2%E9%A0%92%E5%AE%9C%E8%98%AD%E7%B8%A3%E7%92%B0%E5%A2%83%E6%95%99%E8%82%B2%E5%84%AA/ HTTP/1.1" 200 17153 "-" "Mozilla/5.0 (Linux; Android 6.0.1; Nexus 5X Build/MMB29P) AppleWebKit/537.36 (KHTML, like Gecko) Chrome/151.0.7922.137 Mobile Safari/537.36 (compatible; Googlebot/2.1; +http://www.google.com/bot.html)"
66.249.79.138 - - [23/Aug/2026:03:50:25 +0800] "GET /wp-login.php?key=tgl6j381&_wpnonce=&action=ilc_logout&redirect_to=https%3A%2F%2Fmushroom.joynetgame.com HTTP/1.1" 302 3460 "-" "Mozilla/5.0 (Linux; Android 6.0.1; Nexus 5X Build/MMB29P) AppleWebKit/537.36 (KHTML, like Gecko) Chrome/151.0.7922.137 Mobile Safari/537.36 (compatible; Googlebot/2.1; +http://www.google.com/bot.html)"
240e:910:e000:300b::8 - - [23/Aug/2026:03:50:27 +0800] "GET /2373/tag/%e6%9c%a8%e5%b7%a5%e6%89%8b%e4%bd%9c/ HTTP/1.1" 200 20145 "-" "Mozilla/5.0 (Windows NT 10.0; Win64; x64) AppleWebKit/537.36 (KHTML, like Gecko) Chrome/144.0.0.0 Safari/537.36"
240e:910:e000:300b::8 - - [23/Aug/2026:03:50:28 +0800] "GET /2373/wp-content/cache/2blog.ilc.edu.tw/wpfc-minified/lbel8rr5/5wsy1.css HTTP/1.1" 200 40886 "https://2blog.ilc.edu.tw/2373/tag/%e6%9c%a8%e5%b7%a5%e6%89%8b%e4%bd%9c/" "Mozilla/5.0 (Windows NT 10.0; Win64; x64) AppleWebKit/537.36 (KHTML, like Gecko) Chrome/144.0.0.0 Safari/537.36"
240e:910:e000:300b::8 - - [23/Aug/2026:03:50:28 +0800] "GET /2373/wp-content/cache/2blog.ilc.edu.tw/wpfc-minified/f45q60y4/5wsy1.css HTTP/1.1" 200 15980 "https://2blog.ilc.edu.tw/2373/tag/%e6%9c%a8%e5%b7%a5%e6%89%8b%e4%bd%9c/" "Mozilla/5.0 (Windows NT 10.0; Win64; x64) AppleWebKit/537.36 (KHTML, like Gecko) Chrome/144.0.0.0 Safari/537.36"
240e:910:e000:300b::8 - - [23/Aug/2026:03:50:28 +0800] "GET /2373/wp-content/cache/2blog.ilc.edu.tw/wpfc-minified/9m0xv6uu/5wsy1.css HTTP/1.1" 200 19348 "https://2blog.ilc.edu.tw/2373/tag/%e6%9c%a8%e5%b7%a5%e6%89%8b%e4%bd%9c/" "Mozilla/5.0 (Windows NT 10.0; Win64; x64) AppleWebKit/537.36 (KHTML, like Gecko) Chrome/144.0.0.0 Safari/537.36"
240e:910:e000:300b::8 - - [23/Aug/2026:03:50:28 +0800] "GET /2373/wp-content/cache/2blog.ilc.edu.tw/wpfc-minified/2cobuy4f/5wsy1.css HTTP/1.1" 200 14211 "https://2blog.ilc.edu.tw/2373/tag/%e6%9c%a8%e5%b7%a5%e6%89%8b%e4%bd%9c/" "Mozilla/5.0 (Windows NT 10.0; Win64; x64) AppleWebKit/537.36 (KHTML, like Gecko) Chrome/144.0.0.0 Safari/537.36"
240e:910:e000:300b::8 - - [23/Aug/2026:03:50:28 +0800] "GET /2373/wp-content/themes/hueman/assets/front/webfonts/fa-brands-400.woff2?v=5.15.2 HTTP/1.1" 200 84293 "https://2blog.ilc.edu.tw/2373/tag/%e6%9c%a8%e5%b7%a5%e6%89%8b%e4%bd%9c/" "Mozilla/5.0 (Windows NT 10.0; Win64; x64) AppleWebKit/537.36 (KHTML, like Gecko) Chrome/144.0.0.0 Safari/537.36"
240e:910:e000:300b::8 - - [23/Aug/2026:03:50:28 +0800] "GET /2373/wp-content/cache/2blog.ilc.edu.tw/wpfc-minified/8tjetro8/5wsy1.js HTTP/1.1" 200 40356 "https://2blog.ilc.edu.tw/2373/tag/%e6%9c%a8%e5%b7%a5%e6%89%8b%e4%bd%9c/" "Mozilla/5.0 (Windows NT 10.0; Win64; x64) AppleWebKit/537.36 (KHTML, like Gecko) Chrome/144.0.0.0 Safari/537.36"
240e:910:e000:300b::8 - - [23/Aug/2026:03:50:28 +0800] "GET /2373/wp-content/themes/hueman/assets/front/webfonts/fa-regular-400.woff2?v=5.15.2 HTTP/1.1" 200 19233 "https://2blog.ilc.edu.tw/2373/tag/%e6%9c%a8%e5%b7%a5%e6%89%8b%e4%bd%9c/" "Mozilla/5.0 (Windows NT 10.0; Win64; x64) AppleWebKit/537.36 (KHTML, like Gecko) Chrome/144.0.0.0 Safari/537.36"
240e:910:e000:300b::8 - - [23/Aug/2026:03:50:28 +0800] "GET /2373/wp-content/themes/hueman/assets/front/webfonts/fa-solid-900.woff2?v=5.15.2 HTTP/1.1" 200 81301 "https://2blog.ilc.edu.tw/2373/tag/%e6%9c%a8%e5%b7%a5%e6%89%8b%e4%bd%9c/" "Mozilla/5.0 (Windows NT 10.0; Win64; x64) AppleWebKit/537.36 (KHTML, like Gecko) Chrome/144.0.0.0 Safari/537.36"
240e:910:e000:300b::8 - - [23/Aug/2026:03:50:29 +0800] "GET /2373/wp-includes/js/hoverintent-js.min.js HTTP/1.1" 200 1597 "https://2blog.ilc.edu.tw/2373/tag/%e6%9c%a8%e5%b7%a5%e6%89%8b%e4%bd%9c/" "Mozilla/5.0 (Windows NT 10.0; Win64; x64) AppleWebKit/537.36 (KHTML, like Gecko) Chrome/144.0.0.0 Safari/537.36"
240e:910:e000:300b::8 - - [23/Aug/2026:03:50:29 +0800] "GET /2373/wp-includes/js/admin-bar.min.js HTTP/1.1" 200 2237 "https://2blog.ilc.edu.tw/2373/tag/%e6%9c%a8%e5%b7%a5%e6%89%8b%e4%bd%9c/" "Mozilla/5.0 (Windows NT 10.0; Win64; x64) AppleWebKit/537.36 (KHTML, like Gecko) Chrome/144.0.0.0 Safari/537.36"
240e:910:e000:300b::8 - - [23/Aug/2026:03:50:29 +0800] "GET /2373/wp-includes/js/underscore.min.js HTTP/1.1" 200 8191 "https://2blog.ilc.edu.tw/2373/tag/%e6%9c%a8%e5%b7%a5%e6%89%8b%e4%bd%9c/" "Mozilla/5.0 (Windows NT 10.0; Win64; x64) AppleWebKit/537.36 (KHTML, like Gecko) Chrome/144.0.0.0 Safari/537.36"
240e:910:e000:300b::8 - - [23/Aug/2026:03:50:29 +0800] "GET /2373/wp-content/themes/hueman/assets/front/js/scripts.min.js HTTP/1.1" 200 22643 "https://2blog.ilc.edu.tw/2373/tag/%e6%9c%a8%e5%b7%a5%e6%89%8b%e4%bd%9c/" "Mozilla/5.0 (Windows NT 10.0; Win64; x64) AppleWebKit/537.36 (KHTML, like Gecko) Chrome/144.0.0.0 Safari/537.36"
66.249.79.138 - - [23/Aug/2026:03:50:27 +0800] "GET /wp-login.php?key=3osj4381&_wpnonce=&action=ilc_logout&redirect_to=https%3A%2F%2Fmushroom.joynetgame.com HTTP/1.1" 302 3460 "-" "Mozilla/5.0 (Linux; Android 6.0.1; Nexus 5X Build/MMB29P) AppleWebKit/537.36 (KHTML, like Gecko) Chrome/151.0.7922.137 Mobile Safari/537.36 (compatible; Googlebot/2.1; +http://www.google.com/bot.html)"
240e:910:e000:300b::8 - - [23/Aug/2026:03:50:29 +0800] "GET /favicon.ico HTTP/1.1" 302 901 "https://2blog.ilc.edu.tw/2373/tag/%e6%9c%a8%e5%b7%a5%e6%89%8b%e4%bd%9c/" "Mozilla/5.0 (Windows NT 10.0; Win64; x64) AppleWebKit/537.36 (KHTML, like Gecko) Chrome/144.0.0.0 Safari/537.36"
240e:910:e000:300b::8 - - [23/Aug/2026:03:50:30 +0800] "GET /wp-includes/images/w-logo-blue-white-bg.png HTTP/1.1" 200 4946 "https://2blog.ilc.edu.tw/2373/tag/%e6%9c%a8%e5%b7%a5%e6%89%8b%e4%bd%9c/" "Mozilla/5.0 (Windows NT 10.0; Win64; x64) AppleWebKit/537.36 (KHTML, like Gecko) Chrome/144.0.0.0 Safari/537.36"
100.26.66.245 - - [23/Aug/2026:03:50:30 +0800] "GET /robots.txt HTTP/1.1" 200 741 "-" "Mozilla/5.0 (Macintosh; Intel Mac OS X 10_10_1) AppleWebKit/600.2.5 (KHTML, like Gecko) Version/8.0.2 Safari/600.2.5 (Gort)"
66.249.79.138 - - [23/Aug/2026:03:50:28 +0800] "GET /wp-login.php?key=8nebg381&_wpnonce=&action=ilc_logout&redirect_to=https%3A%2F%2Fmushroom.joynetgame.com HTTP/1.1" 302 3460 "-" "Mozilla/5.0 (Linux; Android 6.0.1; Nexus 5X Build/MMB29P) AppleWebKit/537.36 (KHTML, like Gecko) Chrome/151.0.7922.137 Mobile Safari/537.36 (compatible; Googlebot/2.1; +http://www.google.com/bot.html)"
2001:288:a201::66:125 - - [23/Aug/2026:03:50:30 +0800] "GET /blog/active.php HTTP/1.1" 404 1084 "-" "-"
2001:288:a201::66:125 - - [23/Aug/2026:03:50:30 +0800] "GET /blog/active.php HTTP/1.1" 301 1026 "-" "-"
140.111.67.10 - - [23/Aug/2026:03:50:31 +0800] "GET /" 301 273 "-" "-"
66.249.71.7 - - [23/Aug/2026:03:50:29 +0800] "GET /wp-login.php?action=ilc_logout&_wpnonce=43754d0aad&redirect_to=http://newveteranmosproc.ru/creator/77232/ HTTP/1.1" 302 8256 "-" "Mozilla/5.0 (Linux; Android 6.0.1; Nexus 5X Build/MMB29P) AppleWebKit/537.36 (KHTML, like Gecko) Chrome/151.0.7922.137 Mobile Safari/537.36 (compatible; Googlebot/2.1; +http://www.google.com/bot.html)"
98.82.39.241 - - [23/Aug/2026:03:50:31 +0800] "GET /kkes301/wp-content/uploads/sites/2888/2025/06/IMG_9974-scaled.jpg HTTP/1.1" 200 597456 "-" "Mozilla/5.0 AppleWebKit/537.36 (KHTML, like Gecko; compatible; Amazonbot/0.1; +https://developer.amazon.com/support/amazonbot) Chrome/119.0.6045.214 Safari/537.36"
66.249.79.138 - - [23/Aug/2026:03:50:30 +0800] "GET /wp-login.php?key=3tjxu381&_wpnonce=&action=ilc_logout&redirect_to=https%3A%2F%2Fchatgpt.com%2F%3Fq%3DPlease+provide+only+the+clickable+link+for+https%3A%2F%2Fwww.aayyy.com+and+without+any+extra+content HTTP/1.1" 302 3570 "-" "Mozilla/5.0 (Linux; Android 6.0.1; Nexus 5X Build/MMB29P) AppleWebKit/537.36 (KHTML, like Gecko) Chrome/151.0.7922.137 Mobile Safari/537.36 (compatible; Googlebot/2.1; +http://www.google.com/bot.html)"
60.248.142.179 - steps [23/Aug/2026:03:50:33 +0800] "HEAD / HTTP/1.1" 200 5488 "-" "Mozilla/5.0 (compatible; HostMonitor/1.0)"
66.249.79.138 - - [23/Aug/2026:03:50:32 +0800] "GET /wp-login.php?key=2g1vs381&_wpnonce=&action=ilc_logout&redirect_to=https%3A%2F%2Fwww.aayyy.net HTTP/1.1" 302 3450 "-" "Mozilla/5.0 (Linux; Android 6.0.1; Nexus 5X Build/MMB29P) AppleWebKit/537.36 (KHTML, like Gecko) Chrome/151.0.7922.137 Mobile Safari/537.36 (compatible; Googlebot/2.1; +http://www.google.com/bot.html)"
::1 - - [23/Aug/2026:03:50:34 +0800] "OPTIONS * HTTP/1.0" 200 110 "-" "Apache/2.4.68 (Ubuntu) OpenSSL/3.0.19 (internal dummy connection)"
66.249.71.7 - - [23/Aug/2026:03:50:33 +0800] "GET /wp-login.php?key=ui2xp381&_wpnonce=&action=ilc_logout&redirect_to=https%3A%2F%2Fwww.aayyy.com%2Fguides HTTP/1.1" 302 3457 "-" "Mozilla/5.0 (Linux; Android 6.0.1; Nexus 5X Build/MMB29P) AppleWebKit/537.36 (KHTML, like Gecko) Chrome/151.0.7922.137 Mobile Safari/537.36 (compatible; Googlebot/2.1; +http://www.google.com/bot.html)"
74.7.242.54 - - [23/Aug/2026:03:50:34 +0800] "GET /wp-content/uploads/sites/1493/5567/5567-636569.gif HTTP/1.1" 301 1077 "https://2blog.ilc.edu.tw" "Mozilla/5.0 AppleWebKit/537.36 (KHTML, like Gecko; compatible; GPTBot/1.4; +https://openai.com/gptbot)"
::1 - - [23/Aug/2026:03:50:35 +0800] "OPTIONS * HTTP/1.0" 200 110 "-" "Apache/2.4.68 (Ubuntu) OpenSSL/3.0.19 (internal dummy connection)"
2001:288:a201::66:125 - - [23/Aug/2026:03:50:35 +0800] "GET /blog/active.php HTTP/1.1" 301 1026 "-" "-"
74.7.242.54 - - [23/Aug/2026:03:50:35 +0800] "GET /wp-content/uploads/sites/1493/5567/5567-636569.gif HTTP/1.1" 500 6077 "http://2blog.ilc.edu.tw" "Mozilla/5.0 AppleWebKit/537.36 (KHTML, like Gecko; compatible; GPTBot/1.4; +https://openai.com/gptbot)"
2001:288:a201::66:125 - - [23/Aug/2026:03:50:35 +0800] "GET /blog/active.php HTTP/1.1" 404 1084 "-" "-"
66.249.79.138 - - [23/Aug/2026:03:50:34 +0800] "GET /wp-login.php?key=4yprl381&_wpnonce=&action=ilc_logout&redirect_to=https%3A%2F%2Fwww.aayyy.com%2Fguides HTTP/1.1" 302 3457 "-" "Mozilla/5.0 (Linux; Android 6.0.1; Nexus 5X Build/MMB29P) AppleWebKit/537.36 (KHTML, like Gecko) Chrome/151.0.7922.137 Mobile Safari/537.36 (compatible; Googlebot/2.1; +http://www.google.com/bot.html)"
140.111.67.10 - - [23/Aug/2026:03:50:36 +0800] "GET /" 301 273 "-" "-"
66.249.79.172 - - [23/Aug/2026:03:50:36 +0800] "POST /24/wp-json/ilc-summary/v1/popular-posts HTTP/1.1" 201 6049 "https://2blog.ilc.edu.tw/24/2021/09/28/%E8%A6%AA%E6%84%9B%E7%9A%84%E6%88%91%E6%8A%8A%E5%9C%8B%E8%AA%9E%E7%94%9F%E5%AD%97%E8%A9%9E%E5%BD%99%E8%A1%A8%E8%AE%8A%E6%88%90%E7%B7%9A%E4%B8%8A%E6%B8%AC%E9%A9%97%E4%BA%86/" "Mozilla/5.0 (Linux; Android 6.0.1; Nexus 5X Build/MMB29P) AppleWebKit/537.36 (KHTML, like Gecko) Chrome/151.0.7922.137 Mobile Safari/537.36 (compatible; Googlebot/2.1; +http://www.google.com/bot.html)"
66.249.79.138 - - [23/Aug/2026:03:50:35 +0800] "GET /wp-login.php?key=l2dtv381&_wpnonce=&action=ilc_logout&redirect_to=https%3A%2F%2Fchatgpt.com%2F%3Fq%3DPlease+provide+only+the+clickable+link+for+https%3A%2F%2Fwww.aayyy.com+and+without+any+extra+content HTTP/1.1" 302 3570 "-" "Mozilla/5.0 (Linux; Android 6.0.1; Nexus 5X Build/MMB29P) AppleWebKit/537.36 (KHTML, like Gecko) Chrome/151.0.7922.137 Mobile Safari/537.36 (compatible; Googlebot/2.1; +http://www.google.com/bot.html)"
66.249.79.138 - - [23/Aug/2026:03:50:37 +0800] "GET /wp-login.php?key=phbtr381&_wpnonce=&action=ilc_logout&redirect_to=https%3A%2F%2Fchatgpt.com%2F%3Fq%3DPlease+provide+only+the+clickable+link+for+https%3A%2F%2Fwww.aayyy.com+and+without+any+extra+content HTTP/1.1" 302 3570 "-" "Mozilla/5.0 (Linux; Android 6.0.1; Nexus 5X Build/MMB29P) AppleWebKit/537.36 (KHTML, like Gecko) Chrome/151.0.7922.137 Mobile Safari/537.36 (compatible; Googlebot/2.1; +http://www.google.com/bot.html)"
2a03:2880:f802:12:: - - [23/Aug/2026:03:50:37 +0800] "GET /wp-login.php?key=ojqqe374&_wpnonce=&action=ilc_logout&redirect_to=https%3A%2F%2Fmushroom.joynetgame.com HTTP/1.1" 302 8260 "-" "Mozilla/5.0 (Windows NT 10.0; Win64; x64) AppleWebKit/537.36 (KHTML, like Gecko) Chrome/145.0.0.0 Safari/537.36 (compatible; meta-externalagent/1.1 (+https://developers.facebook.com/docs/sharing/webmasters/crawler))"
::1 - - [23/Aug/2026:03:50:40 +0800] "OPTIONS * HTTP/1.0" 200 110 "-" "Apache/2.4.68 (Ubuntu) OpenSSL/3.0.19 (internal dummy connection)"
2001:288:a201::66:125 - - [23/Aug/2026:03:50:40 +0800] "GET /blog/active.php HTTP/1.1" 301 1026 "-" "-"
2001:288:a201::66:125 - - [23/Aug/2026:03:50:40 +0800] "GET /blog/active.php HTTP/1.1" 404 1084 "-" "-"
66.249.79.138 - - [23/Aug/2026:03:50:38 +0800] "GET /wp-login.php?key=qf5zc381&_wpnonce=&action=ilc_logout&redirect_to=https%3A%2F%2Fyou.com%2Fchat%2FPlease+provide+only+the+clickable+link+for+https%3A%2F%2Fwww.aayyy.com+and+without+any+extra+content%3Fifs%3Dallow HTTP/1.1" 302 3578 "-" "Mozilla/5.0 (Linux; Android 6.0.1; Nexus 5X Build/MMB29P) AppleWebKit/537.36 (KHTML, like Gecko) Chrome/151.0.7922.137 Mobile Safari/537.36 (compatible; Googlebot/2.1; +http://www.google.com/bot.html)"
140.111.67.10 - - [23/Aug/2026:03:50:41 +0800] "GET /" 301 273 "-" "-"
66.249.79.172 - - [23/Aug/2026:03:50:41 +0800] "POST /6509/wp-json/ilc-summary/v1/popular-posts HTTP/1.1" 201 6051 "https://2blog.ilc.edu.tw/6509/2012/11/09/%E6%81%AD%E8%B3%80-%E6%9C%AC%E6%A0%A1%E5%BF%97%E5%B7%A5%E9%BB%83%E7%BE%8E%E7%8E%89%E5%A5%B3%E5%A3%AB%EF%BC%8C%E7%8D%B2%E9%A0%92%E5%AE%9C%E8%98%AD%E7%B8%A3%E7%92%B0%E5%A2%83%E6%95%99%E8%82%B2%E5%84%AA/" "Mozilla/5.0 (Linux; Android 6.0.1; Nexus 5X Build/MMB29P) AppleWebKit/537.36 (KHTML, like Gecko) Chrome/151.0.7922.137 Mobile Safari/537.36 (compatible; Googlebot/2.1; +http://www.google.com/bot.html)"
66.249.79.138 - - [23/Aug/2026:03:50:39 +0800] "GET /wp-login.php?key=2uwek381&_wpnonce=&action=ilc_logout&redirect_to=https%3A%2F%2Fchatgpt.com%2F%3Fq%3DPlease+provide+only+the+clickable+link+for+https%3A%2F%2Fwww.aayyy.com+and+without+any+extra+content HTTP/1.1" 302 3570 "-" "Mozilla/5.0 (Linux; Android 6.0.1; Nexus 5X Build/MMB29P) AppleWebKit/537.36 (KHTML, like Gecko) Chrome/151.0.7922.137 Mobile Safari/537.36 (compatible; Googlebot/2.1; +http://www.google.com/bot.html)"
54.235.158.162 - - [23/Aug/2026:03:50:42 +0800] "GET /6460/wp-json/wp/v2/posts/%22https:/2blog.ilc.edu.tw/wp-content/uploads/sites/2300/6460/6460-2811138.jpg/%22 HTTP/1.1" 404 6131 "-" "Mozilla/5.0 AppleWebKit/537.36 (KHTML, like Gecko; compatible; Amazonbot/0.1; +https://developer.amazon.com/support/amazonbot) Chrome/119.0.6045.214 Safari/537.36"
66.249.71.7 - - [23/Aug/2026:03:50:42 +0800] "GET /wp-login.php?key=196ve381&_wpnonce=&action=ilc_logout&redirect_to=https%3A%2F%2Fchatgpt.com%2F%3Fq%3DPlease+provide+only+the+clickable+link+for+https%3A%2F%2Fwww.aayyy.com+and+without+any+extra+content HTTP/1.1" 302 8355 "-" "Mozilla/5.0 (Linux; Android 6.0.1; Nexus 5X Build/MMB29P) AppleWebKit/537.36 (KHTML, like Gecko) Chrome/151.0.7922.137 Mobile Safari/537.36 (compatible; Googlebot/2.1; +http://www.google.com/bot.html)"
54.89.90.224 - - [23/Aug/2026:03:50:43 +0800] "GET /32745/wp-json/wp/v2/media/82698 HTTP/1.1" 200 9731 "-" "Mozilla/5.0 AppleWebKit/537.36 (KHTML, like Gecko; compatible; Amazonbot/0.1; +https://developer.amazon.com/support/amazonbot) Chrome/119.0.6045.214 Safari/537.36"
66.249.79.138 - - [23/Aug/2026:03:50:43 +0800] "GET /wp-login.php?key=7b7z2381&_wpnonce=&action=ilc_logout&redirect_to=https%3A%2F%2Fplay.google.com%2Fstore%2Fapps%2Fdetails%3Fid%3Dcom.us.dyjycbt.google HTTP/1.1" 302 3496 "-" "Mozilla/5.0 (Linux; Android 6.0.1; Nexus 5X Build/MMB29P) AppleWebKit/537.36 (KHTML, like Gecko) Chrome/151.0.7922.137 Mobile Safari/537.36 (compatible; Googlebot/2.1; +http://www.google.com/bot.html)"
2001:b011:e003:275:97f0:fb88:9aac:398b - - [23/Aug/2026:03:50:45 +0800] "GET / HTTP/1.1" 200 77193 "-" "Mozilla/5.0 (Windows NT 10.0; Win64; x64) AppleWebKit/537.36 (KHTML, like Gecko) Chrome/69.0.3497.81 Safari/537.36"
2001:288:a201::66:125 - - [23/Aug/2026:03:50:45 +0800] "GET /blog/active.php HTTP/1.1" 301 1026 "-" "-"
2001:288:a201::66:125 - - [23/Aug/2026:03:50:45 +0800] "GET /blog/active.php HTTP/1.1" 404 1084 "-" "-"
66.249.71.7 - - [23/Aug/2026:03:50:44 +0800] "GET /wp-login.php?key=dfgza381&_wpnonce=&action=ilc_logout&redirect_to=https%3A%2F%2Fchatgpt.com%2F%3Fq%3DPlease+provide+only+the+clickable+link+for+https%3A%2F%2Fwww.aayyy.com+and+without+any+extra+content HTTP/1.1" 302 3570 "-" "Mozilla/5.0 (Linux; Android 6.0.1; Nexus 5X Build/MMB29P) AppleWebKit/537.36 (KHTML, like Gecko) Chrome/151.0.7922.137 Mobile Safari/537.36 (compatible; Googlebot/2.1; +http://www.google.com/bot.html)"
140.111.67.10 - - [23/Aug/2026:03:50:46 +0800] "GET /" 301 273 "-" "-"
66.249.79.138 - - [23/Aug/2026:03:50:45 +0800] "GET /wp-login.php?key=okgpr381&_wpnonce=&action=ilc_logout&redirect_to=https%3A%2F%2Fwww.aayyy.net HTTP/1.1" 302 3450 "-" "Mozilla/5.0 (Linux; Android 6.0.1; Nexus 5X Build/MMB29P) AppleWebKit/537.36 (KHTML, like Gecko) Chrome/151.0.7922.137 Mobile Safari/537.36 (compatible; Googlebot/2.1; +http://www.google.com/bot.html)"
34.194.165.45 - - [23/Aug/2026:03:50:47 +0800] "GET /4582/2014/09/01/%E4%BA%94%E5%BF%A0%E7%9A%84%E8%87%89%E6%9B%B8%E7%A4%BE%E5%9C%98%EF%BC%8C%E7%85%A7%E7%89%87%E9%83%BD%E6%9C%83%E6%94%BE%E4%B8%8A%E8%87%89%E6%9B%B8%EF%BC%8C%E8%AB%8B%E5%AE%B6%E9%95%B7%E5%80%91%E5%8A%A0/ HTTP/1.1" 200 15749 "-" "Mozilla/5.0 AppleWebKit/537.36 (KHTML, like Gecko; compatible; Amazonbot/0.1; +https://developer.amazon.com/support/amazonbot) Chrome/119.0.6045.214 Safari/537.36"
66.249.79.138 - - [23/Aug/2026:03:50:46 +0800] "GET /wp-login.php?action=ilc_logout&_wpnonce=43754d0aad&redirect_to=//velopskov.ru/creator/51666/ HTTP/1.1" 302 8243 "-" "Mozilla/5.0 (Linux; Android 6.0.1; Nexus 5X Build/MMB29P) AppleWebKit/537.36 (KHTML, like Gecko) Chrome/151.0.7922.137 Mobile Safari/537.36 (compatible; Googlebot/2.1; +http://www.google.com/bot.html)"
66.249.71.7 - - [23/Aug/2026:03:50:47 +0800] "GET /wp-login.php?key=lxvsa381&_wpnonce=&action=ilc_logout&redirect_to=https%3A%2F%2Fplay.google.com%2Fstore%2Fapps%2Fdetails%3Fid%3Dcom.us.dyjycbt.google HTTP/1.1" 302 3496 "-" "Mozilla/5.0 (Linux; Android 6.0.1; Nexus 5X Build/MMB29P) AppleWebKit/537.36 (KHTML, like Gecko) Chrome/151.0.7922.137 Mobile Safari/537.36 (compatible; Googlebot/2.1; +http://www.google.com/bot.html)"
66.249.71.7 - - [23/Aug/2026:03:50:48 +0800] "GET /wp-login.php?key=9elf1381&_wpnonce=&action=ilc_logout&redirect_to=https%3A%2F%2Fplay.google.com%2Fstore%2Fapps%2Fdetails%3Fid%3Dcom.us.dyjycbt.google HTTP/1.1" 302 8281 "-" "Mozilla/5.0 (Linux; Android 6.0.1; Nexus 5X Build/MMB29P) AppleWebKit/537.36 (KHTML, like Gecko) Chrome/151.0.7922.137 Mobile Safari/537.36 (compatible; Googlebot/2.1; +http://www.google.com/bot.html)"
2001:288:a201::66:125 - - [23/Aug/2026:03:50:50 +0800] "GET /blog/active.php HTTP/1.1" 301 1026 "-" "-"
2001:288:a201::66:125 - - [23/Aug/2026:03:50:50 +0800] "GET /blog/active.php HTTP/1.1" 404 1084 "-" "-"
140.111.67.10 - - [23/Aug/2026:03:50:51 +0800] "GET /" 301 273 "-" "-"
66.249.71.7 - - [23/Aug/2026:03:50:49 +0800] "GET /wp-login.php?key=3qlyv381&_wpnonce=&action=ilc_logout&redirect_to=https%3A%2F%2Fwww.aayyy.com%2Fgames HTTP/1.1" 302 3456 "-" "Mozilla/5.0 (Linux; Android 6.0.1; Nexus 5X Build/MMB29P) AppleWebKit/537.36 (KHTML, like Gecko) Chrome/151.0.7922.137 Mobile Safari/537.36 (compatible; Googlebot/2.1; +http://www.google.com/bot.html)"
3.220.70.171 - - [23/Aug/2026:03:50:51 +0800] "GET /home110/wp-content/uploads/sites/3372/2023/03/IMG_20230315_092534-2048x1024.jpg HTTP/1.1" 200 328667 "-" "Mozilla/5.0 AppleWebKit/537.36 (KHTML, like Gecko; compatible; Amazonbot/0.1; +https://developer.amazon.com/support/amazonbot) Chrome/119.0.6045.214 Safari/537.36"
66.249.79.138 - - [23/Aug/2026:03:50:52 +0800] "GET /wp-login.php?action=ilc_logout&_wpnonce=43754d0aad&redirect_to=http://derevnya-masterov.ru/creator/16124/ HTTP/1.1" 302 3471 "-" "Mozilla/5.0 (compatible; Googlebot/2.1; +http://www.google.com/bot.html)"
66.249.79.138 - - [23/Aug/2026:03:50:53 +0800] "GET /wp-login.php?key=5bi2o381&_wpnonce=&action=ilc_logout&redirect_to=https%3A%2F%2Fwww.aayyy.com HTTP/1.1" 302 8235 "-" "Mozilla/5.0 (Linux; Android 6.0.1; Nexus 5X Build/MMB29P) AppleWebKit/537.36 (KHTML, like Gecko) Chrome/151.0.7922.137 Mobile Safari/537.36 (compatible; Googlebot/2.1; +http://www.google.com/bot.html)"
2001:b011:e003:275:97f0:fb88:9aac:398b - - [23/Aug/2026:03:50:54 +0800] "GET / HTTP/1.1" 200 66064 "-" "Mozilla/5.0 (Windows NT 10.0; Win64; x64) AppleWebKit/537.36 (KHTML, like Gecko) Chrome/69.0.3497.81 Safari/537.36"
2001:288:a201::66:125 - - [23/Aug/2026:03:50:55 +0800] "GET /blog/active.php HTTP/1.1" 301 1026 "-" "-"
2001:288:a201::66:125 - - [23/Aug/2026:03:50:55 +0800] "GET /blog/active.php HTTP/1.1" 404 1084 "-" "-"
20.125.101.194 - - [23/Aug/2026:03:50:55 +0800] "GET /wp-content/uploads/sites/890/2020/05/%E5%AE%9C%E8%98%AD%E7%B8%A3%E5%93%A1%E5%B1%B1%E5%9C%8B%E6%B0%91%E5%B0%8F%E5%AD%B8110%E5%AD%B8%E5%B9%B4%E5%BA%A6%E7%AC%AC2%E5%AD%B8%E6%9C%9F%E9%96%8B%E5%AD%B8%E9%98%B2%E7%96%AB%E6%8E%AA%E6%96%BD.pdf HTTP/1.1" 200 862194 "-" "Mozilla/5.0 (compatible; MSR-Financial-PDF-Scorer/1.0)"
54.90.8.255 - - [23/Aug/2026:03:50:55 +0800] "GET /kkes101/wp-content/uploads/sites/2886/2022/04/IMG_0987-2048x1152.jpeg HTTP/1.1" 200 367411 "-" "Mozilla/5.0 AppleWebKit/537.36 (KHTML, like Gecko; compatible; Amazonbot/0.1; +https://developer.amazon.com/support/amazonbot) Chrome/119.0.6045.214 Safari/537.36"
66.249.79.138 - - [23/Aug/2026:03:50:54 +0800] "GET /wp-login.php?key=vg6zb381&_wpnonce=&action=ilc_logout&redirect_to=https%3A%2F%2Fwww.aayyy.com%2Fguides HTTP/1.1" 302 3457 "-" "Mozilla/5.0 (Linux; Android 6.0.1; Nexus 5X Build/MMB29P) AppleWebKit/537.36 (KHTML, like Gecko) Chrome/151.0.7922.137 Mobile Safari/537.36 (compatible; Googlebot/2.1; +http://www.google.com/bot.html)"
140.111.67.10 - - [23/Aug/2026:03:50:56 +0800] "GET /" 301 273 "-" "-"
74.7.242.54 - - [23/Aug/2026:03:50:57 +0800] "GET /wp-content/uploads/sites/1493/3317/3317-645177.gif HTTP/1.1" 301 1077 "https://2blog.ilc.edu.tw" "Mozilla/5.0 AppleWebKit/537.36 (KHTML, like Gecko; compatible; GPTBot/1.4; +https://openai.com/gptbot)"
66.249.71.7 - - [23/Aug/2026:03:50:55 +0800] "GET /wp-login.php?action=ilc_logout&_wpnonce=43754d0aad&redirect_to=//electricinfo.ru/gallery/35781/ HTTP/1.1" 302 3461 "-" "Mozilla/5.0 (compatible; Googlebot/2.1; +http://www.google.com/bot.html)"
74.7.242.54 - - [23/Aug/2026:03:50:57 +0800] "GET /wp-content/uploads/sites/1493/3317/3317-645177.gif HTTP/1.1" 500 6077 "http://2blog.ilc.edu.tw" "Mozilla/5.0 AppleWebKit/537.36 (KHTML, like Gecko; compatible; GPTBot/1.4; +https://openai.com/gptbot)"
185.191.171.7 - - [23/Aug/2026:03:50:58 +0800] "GET /robots.txt HTTP/1.1" 200 5548 "-" "Mozilla/5.0 (compatible; SemrushBot/7~bl; +http://www.semrush.com/bot.html)"
185.191.171.17 - - [23/Aug/2026:03:50:58 +0800] "GET /category/c-11874/ HTTP/1.1" 404 56427 "-" "Mozilla/5.0 (compatible; SemrushBot/7~bl; +http://www.semrush.com/bot.html)"
54.152.163.42 - - [23/Aug/2026:03:50:59 +0800] "GET /6460/wp-json/wp/v2/posts/%22https:/2blog.ilc.edu.tw/wp-content/uploads/sites/2300/6460/6460-2811123.png/%22 HTTP/1.1" 404 6131 "-" "Mozilla/5.0 AppleWebKit/537.36 (KHTML, like Gecko; compatible; Amazonbot/0.1; +https://developer.amazon.com/support/amazonbot) Chrome/119.0.6045.214 Safari/537.36"
66.249.71.7 - - [23/Aug/2026:03:50:57 +0800] "GET /wp-login.php?action=ilc_logout&_wpnonce=43754d0aad&redirect_to=//derevnya-masterov.ru/job/48237/ HTTP/1.1" 302 3462 "-" "Mozilla/5.0 (Linux; Android 6.0.1; Nexus 5X Build/MMB29P) AppleWebKit/537.36 (KHTML, like Gecko) Chrome/151.0.7922.137 Mobile Safari/537.36 (compatible; Googlebot/2.1; +http://www.google.com/bot.html)"
98.82.38.120 - - [23/Aug/2026:03:50:59 +0800] "GET /6433/wp-json/oembed/1.0/embed?format=xml&url=https://2blog.ilc.edu.tw/6433/2019/03/21/107%25e5%25ad%25b8%25e5%25b9%25b4%25e5%25ba%25a6%25e8%25be%25a6%25e7%2590%2586%25e6%2595%2599%25e5%25b8%25ab%25e5%25b0%2588%25e6%25a5%25ad%25e6%2588%2590%25e9%2595%25b7%25e6%25b4%25bb%25e5%258b%2595%25e8%25a8%2588%25e7%2595%25ab-%25e3%2580%258c%25e8%25b5%25b0%25e8%25ae%2580%25e5%2593%25a1%25e5%25b1%25b1%25e7%25a0%2594/ HTTP/1.1" 200 7387 "-" "Mozilla/5.0 AppleWebKit/537.36 (KHTML, like Gecko; compatible; Amazonbot/0.1; +https://developer.amazon.com/support/amazonbot) Chrome/119.0.6045.214 Safari/537.36"
2001:288:a201::66:125 - - [23/Aug/2026:03:51:00 +0800] "GET /blog/active.php HTTP/1.1" 301 1026 "-" "-"
2001:288:a201::66:125 - - [23/Aug/2026:03:51:00 +0800] "GET /blog/active.php HTTP/1.1" 404 1084 "-" "-"
52.167.144.204 - - [23/Aug/2026:03:51:00 +0800] "GET / HTTP/1.1" 200 20643 "-" "Mozilla/5.0 AppleWebKit/537.36 (KHTML, like Gecko; compatible; bingbot/2.0; +http://www.bing.com/bingbot.htm) Chrome/116.0.1938.76 Safari/537.36"
140.111.67.10 - - [23/Aug/2026:03:51:01 +0800] "GET /" 301 273 "-" "-"
66.249.79.138 - - [23/Aug/2026:03:51:00 +0800] "GET /wp-login.php?key=m7nin381&_wpnonce=&action=ilc_logout&redirect_to=https%3A%2F%2Fchatgpt.com%2F%3Fq%3DPlease+provide+only+the+clickable+link+for+https%3A%2F%2Fwww.aayyy.com+and+without+any+extra+content HTTP/1.1" 302 3570 "-" "Mozilla/5.0 (Linux; Android 6.0.1; Nexus 5X Build/MMB29P) AppleWebKit/537.36 (KHTML, like Gecko) Chrome/151.0.7922.137 Mobile Safari/537.36 (compatible; Googlebot/2.1; +http://www.google.com/bot.html)"
98.83.94.113 - - [23/Aug/2026:03:51:02 +0800] "GET /6030/wp-json/wp/v2/posts/%22https:/2blog.ilc.edu.tw/wp-content/uploads/sites/2193/6030/6030-3896486.png/%22 HTTP/1.1" 404 6131 "-" "Mozilla/5.0 AppleWebKit/537.36 (KHTML, like Gecko; compatible; Amazonbot/0.1; +https://developer.amazon.com/support/amazonbot) Chrome/119.0.6045.214 Safari/537.36"
66.249.71.7 - - [23/Aug/2026:03:51:01 +0800] "GET /wp-login.php?action=ilc_logout&_wpnonce=43754d0aad&redirect_to=//ekspertplyus2010.ru/creator/68558/ HTTP/1.1" 302 3465 "-" "Mozilla/5.0 (compatible; Googlebot/2.1; +http://www.google.com/bot.html)"
17.246.23.111 - - [23/Aug/2026:03:51:03 +0800] "GET /41385/category/%e9%a4%90%e9%bb%9e%e8%a1%a8/feed/ HTTP/1.1" 200 7521 "-" "Mozilla/5.0 (Macintosh; Intel Mac OS X 10_15_7) AppleWebKit/605.1.15 (KHTML, like Gecko) Version/17.4 Safari/605.1.15 (Applebot/0.1; +http://www.apple.com/go/applebot)"
2a03:2880:f802:1:: - - [23/Aug/2026:03:51:02 +0800] "GET /32745/2025/11/29/%e5%ad%b8/ HTTP/1.1" 200 93114 "-" "Mozilla/5.0 (Windows NT 10.0; Win64; x64) AppleWebKit/537.36 (KHTML, like Gecko) Chrome/145.0.0.0 Safari/537.36 (compatible; meta-externalagent/1.1 (+https://developers.facebook.com/docs/sharing/webmasters/crawler))"
66.249.79.128 - - [23/Aug/2026:03:51:02 +0800] "GET /wp-login.php?key=pz3nl372&_wpnonce=&action=ilc_logout&redirect_to=https%3A%2F%2Fmushroom.joynetgame.com HTTP/1.1" 302 8245 "-" "Mozilla/5.0 (Linux; Android 6.0.1; Nexus 5X Build/MMB29P) AppleWebKit/537.36 (KHTML, like Gecko) Chrome/151.0.7922.137 Mobile Safari/537.36 (compatible; Googlebot/2.1; +http://www.google.com/bot.html)"
40.77.167.150 - - [23/Aug/2026:03:51:05 +0800] "GET /dashen/%E8%A6%AA%E5%B8%AB%E5%90%88%E4%BD%9C%E5%A5%BD%E5%B7%A5%E5%85%B7%E2%94%80line-offical-account/ HTTP/1.1" 200 21155 "-" "Mozilla/5.0 AppleWebKit/537.36 (KHTML, like Gecko; compatible; bingbot/2.0; +http://www.bing.com/bingbot.htm) Chrome/116.0.1938.76 Safari/537.36"
2001:288:a201::66:125 - - [23/Aug/2026:03:51:05 +0800] "GET /blog/active.php HTTP/1.1" 301 1026 "-" "-"
2001:288:a201::66:125 - - [23/Aug/2026:03:51:05 +0800] "GET /blog/active.php HTTP/1.1" 404 1084 "-" "-"
216.244.66.226 - - [23/Aug/2026:03:51:06 +0800] "GET /blog/index.php?op=printView&articleId=8660&blogId=2 HTTP/1.1" 301 5579 "-" "Mozilla/5.0 (compatible; DotBot/1.2; +https://opensiteexplorer.org/dotbot; help@moz.com)"
66.249.79.138 - - [23/Aug/2026:03:51:04 +0800] "GET /wp-login.php?action=ilc_logout&_wpnonce=43754d0aad&redirect_to=http://velopskov.ru/job/47076/ HTTP/1.1" 302 3459 "-" "Mozilla/5.0 (Linux; Android 6.0.1; Nexus 5X Build/MMB29P) AppleWebKit/537.36 (KHTML, like Gecko) Chrome/151.0.7922.137 Mobile Safari/537.36 (compatible; Googlebot/2.1; +http://www.google.com/bot.html)"
140.111.67.10 - - [23/Aug/2026:03:51:06 +0800] "GET /" 301 273 "-" "-"
66.249.79.138 - - [23/Aug/2026:03:51:05 +0800] "GET /wp-login.php?action=ilc_logout&_wpnonce=43754d0aad&redirect_to=http://25ds.ru/creator/73897/ HTTP/1.1" 302 8243 "-" "Mozilla/5.0 (compatible; Googlebot/2.1; +http://www.google.com/bot.html)"
66.249.79.138 - - [23/Aug/2026:03:51:06 +0800] "GET /wp-login.php?key=of6mo381&_wpnonce=&action=ilc_logout&redirect_to=https%3A%2F%2Fwww.aayyy.com%2Fguides HTTP/1.1" 302 3457 "-" "Mozilla/5.0 (Linux; Android 6.0.1; Nexus 5X Build/MMB29P) AppleWebKit/537.36 (KHTML, like Gecko) Chrome/151.0.7922.137 Mobile Safari/537.36 (compatible; Googlebot/2.1; +http://www.google.com/bot.html)"
66.249.79.138 - - [23/Aug/2026:03:51:07 +0800] "GET /wp-login.php?action=ilc_logout&_wpnonce=43754d0aad&redirect_to=http://moim27.ru/job/37794/ HTTP/1.1" 302 3456 "-" "Mozilla/5.0 (Linux; Android 6.0.1; Nexus 5X Build/MMB29P) AppleWebKit/537.36 (KHTML, like Gecko) Chrome/151.0.7922.137 Mobile Safari/537.36 (compatible; Googlebot/2.1; +http://www.google.com/bot.html)"
98.82.40.168 - - [23/Aug/2026:03:51:10 +0800] "GET /6030/wp-json/wp/v2/posts/%22https:/2blog.ilc.edu.tw/wp-content/uploads/sites/2193/6030/6030-3896474.png/%22 HTTP/1.1" 404 6131 "-" "Mozilla/5.0 AppleWebKit/537.36 (KHTML, like Gecko; compatible; Amazonbot/0.1; +https://developer.amazon.com/support/amazonbot) Chrome/119.0.6045.214 Safari/537.36"
2001:288:a201::66:125 - - [23/Aug/2026:03:51:10 +0800] "GET /blog/active.php HTTP/1.1" 301 1026 "-" "-"
2001:288:a201::66:125 - - [23/Aug/2026:03:51:10 +0800] "GET /blog/active.php HTTP/1.1" 404 1084 "-" "-"
66.249.79.138 - - [23/Aug/2026:03:51:08 +0800] "GET /wp-login.php?key=uwysu381&_wpnonce=&action=ilc_logout&redirect_to=https%3A%2F%2Fwww.aayyy.com%2Fguides HTTP/1.1" 302 3457 "-" "Mozilla/5.0 (Linux; Android 6.0.1; Nexus 5X Build/MMB29P) AppleWebKit/537.36 (KHTML, like Gecko) Chrome/151.0.7922.137 Mobile Safari/537.36 (compatible; Googlebot/2.1; +http://www.google.com/bot.html)"
216.244.66.226 - - [23/Aug/2026:03:51:10 +0800] "GET /blog/blog/2314 HTTP/1.1" 404 35276 "-" "Mozilla/5.0 (compatible; DotBot/1.2; +https://opensiteexplorer.org/dotbot; help@moz.com)"
140.111.67.10 - - [23/Aug/2026:03:51:11 +0800] "GET /" 301 273 "-" "-"
54.88.84.219 - - [23/Aug/2026:03:51:11 +0800] "GET /englishvillage/wp-content/uploads/sites/3106/2025/06/IMG_1434-1024x768.jpeg HTTP/1.1" 200 104491 "-" "Mozilla/5.0 AppleWebKit/537.36 (KHTML, like Gecko; compatible; Amazonbot/0.1; +https://developer.amazon.com/support/amazonbot) Chrome/119.0.6045.214 Safari/537.36"
66.249.79.132 - - [23/Aug/2026:03:51:10 +0800] "GET /wp-login.php?action=ilc_logout&_wpnonce=43754d0aad&redirect_to=http://galina-butrim.ru/creator/85579/ HTTP/1.1" 302 3445 "-" "Mozilla/5.0 (compatible; Googlebot/2.1; +http://www.google.com/bot.html)"
66.249.79.138 - - [23/Aug/2026:03:51:11 +0800] "GET /wp-login.php?action=ilc_logout&_wpnonce=43754d0aad&redirect_to=//listyapavlina.ru/job/15391/ HTTP/1.1" 302 3458 "-" "Mozilla/5.0 (compatible; Googlebot/2.1; +http://www.google.com/bot.html)"
66.249.79.138 - - [23/Aug/2026:03:51:12 +0800] "GET /wp-login.php?key=d1cj4381&_wpnonce=&action=ilc_logout&redirect_to=https%3A%2F%2Fwww.aayyy.com%2Fguides HTTP/1.1" 302 3457 "-" "Mozilla/5.0 (Linux; Android 6.0.1; Nexus 5X Build/MMB29P) AppleWebKit/537.36 (KHTML, like Gecko) Chrome/151.0.7922.137 Mobile Safari/537.36 (compatible; Googlebot/2.1; +http://www.google.com/bot.html)"
216.244.66.226 - - [23/Aug/2026:03:51:15 +0800] "GET /blog/blog/1942 HTTP/1.1" 404 35276 "-" "Mozilla/5.0 (compatible; DotBot/1.2; +https://opensiteexplorer.org/dotbot; help@moz.com)"
66.249.79.138 - - [23/Aug/2026:03:51:13 +0800] "GET /wp-login.php?key=93fcu381&_wpnonce=&action=ilc_logout&redirect_to=https%3A%2F%2Fwww.aayyy.com%2Fguides HTTP/1.1" 302 3457 "-" "Mozilla/5.0 (Linux; Android 6.0.1; Nexus 5X Build/MMB29P) AppleWebKit/537.36 (KHTML, like Gecko) Chrome/151.0.7922.137 Mobile Safari/537.36 (compatible; Googlebot/2.1; +http://www.google.com/bot.html)"
2a03:2880:f802:17:: - - [23/Aug/2026:03:51:13 +0800] "GET /wp-login.php?key=fnixm374&_wpnonce=&action=ilc_logout&redirect_to=https%3A%2F%2Fgame.edu.kg HTTP/1.1" 302 8248 "-" "Mozilla/5.0 (Windows NT 10.0; Win64; x64) AppleWebKit/537.36 (KHTML, like Gecko) Chrome/145.0.0.0 Safari/537.36 (compatible; meta-externalagent/1.1 (+https://developers.facebook.com/docs/sharing/webmasters/crawler))"
2001:288:a201::66:125 - - [23/Aug/2026:03:51:15 +0800] "GET /blog/active.php HTTP/1.1" 404 1084 "-" "-"
2001:288:a201::66:125 - - [23/Aug/2026:03:51:15 +0800] "GET /blog/active.php HTTP/1.1" 301 1026 "-" "-"
66.249.79.138 - - [23/Aug/2026:03:51:14 +0800] "GET /wp-login.php?key=5db26381&_wpnonce=&action=ilc_logout&redirect_to=https%3A%2F%2Fwww.aayyy.net HTTP/1.1" 302 3450 "-" "Mozilla/5.0 (Linux; Android 6.0.1; Nexus 5X Build/MMB29P) AppleWebKit/537.36 (KHTML, like Gecko) Chrome/151.0.7922.137 Mobile Safari/537.36 (compatible; Googlebot/2.1; +http://www.google.com/bot.html)"
140.111.67.10 - - [23/Aug/2026:03:51:16 +0800] "GET /" 301 273 "-" "-"
74.7.242.54 - - [23/Aug/2026:03:51:16 +0800] "GET /wp-content/uploads/sites/1493/2234/2234-613389.gif HTTP/1.1" 301 1077 "https://2blog.ilc.edu.tw" "Mozilla/5.0 AppleWebKit/537.36 (KHTML, like Gecko; compatible; GPTBot/1.4; +https://openai.com/gptbot)"
66.249.79.138 - - [23/Aug/2026:03:51:15 +0800] "GET /wp-login.php?key=98xjh381&_wpnonce=&action=ilc_logout&redirect_to=https%3A%2F%2Fwww.aayyy.com%2Fguides HTTP/1.1" 302 3457 "-" "Mozilla/5.0 (Linux; Android 6.0.1; Nexus 5X Build/MMB29P) AppleWebKit/537.36 (KHTML, like Gecko) Chrome/151.0.7922.137 Mobile Safari/537.36 (compatible; Googlebot/2.1; +http://www.google.com/bot.html)"
74.7.242.54 - - [23/Aug/2026:03:51:17 +0800] "GET /wp-content/uploads/sites/1493/2234/2234-613389.gif HTTP/1.1" 500 6077 "http://2blog.ilc.edu.tw" "Mozilla/5.0 AppleWebKit/537.36 (KHTML, like Gecko; compatible; GPTBot/1.4; +https://openai.com/gptbot)"
66.249.79.138 - - [23/Aug/2026:03:51:16 +0800] "GET /wp-login.php?key=rqrsm381&_wpnonce=&action=ilc_logout&redirect_to=https%3A%2F%2Fyou.com%2Fchat%2FPlease+provide+only+the+clickable+link+for+https%3A%2F%2Fwww.aayyy.com+and+without+any+extra+content%3Fifs%3Dallow HTTP/1.1" 302 3578 "-" "Mozilla/5.0 (Linux; Android 6.0.1; Nexus 5X Build/MMB29P) AppleWebKit/537.36 (KHTML, like Gecko) Chrome/151.0.7922.137 Mobile Safari/537.36 (compatible; Googlebot/2.1; +http://www.google.com/bot.html)"
216.244.66.226 - - [23/Aug/2026:03:51:18 +0800] "GET /blog/index.php?blogId=31 HTTP/1.1" 301 5552 "-" "Mozilla/5.0 (compatible; DotBot/1.2; +https://opensiteexplorer.org/dotbot; help@moz.com)"
240e:90e:2000:2006::127e - - [23/Aug/2026:03:51:18 +0800] "GET /3860/category/c-10770/c-11025 HTTP/1.1" 301 5754 "-" "Mozilla/5.0 (Windows NT 10.0; Win64; x64) AppleWebKit/537.36 (KHTML, like Gecko) Chrome/144.0.0.0 Safari/537.36"
240e:90e:2000:2006::127e - - [23/Aug/2026:03:51:19 +0800] "GET /3860/category/c-10770/c-11025/ HTTP/1.1" 200 18414 "-" "Mozilla/5.0 (Windows NT 10.0; Win64; x64) AppleWebKit/537.36 (KHTML, like Gecko) Chrome/144.0.0.0 Safari/537.36"
