[Sat Aug 22 01:32:47.904202 2026] [authz_core:debug] [pid 662458:tid 662458] mod_authz_core.c(815): [client 216.73.216.122:61730] AH01626: authorization result of : granted
[Sat Aug 22 01:32:47.983050 2026] [ssl:debug] [pid 662482:tid 662482] ssl_engine_kernel.c(254): [client 216.73.216.122:28939] AH02034: Subsequent (No.2) HTTPS request received for child 15 (server 2blog.ilc.edu.tw:443)
[Sat Aug 22 01:32:47.983238 2026] [authz_core:debug] [pid 662482:tid 662482] mod_authz_core.c(815): [client 216.73.216.122:28939] AH01626: authorization result of Require all granted: granted
[Sat Aug 22 01:32:47.983245 2026] [authz_core:debug] [pid 662482:tid 662482] mod_authz_core.c(815): [client 216.73.216.122:28939] AH01626: authorization result of : granted
[Sat Aug 22 01:32:47.983363 2026] [authz_core:debug] [pid 662482:tid 662482] mod_authz_core.c(815): [client 216.73.216.122:28939] AH01626: authorization result of Require all granted: granted
[Sat Aug 22 01:32:47.983368 2026] [authz_core:debug] [pid 662482:tid 662482] mod_authz_core.c(815): [client 216.73.216.122:28939] AH01626: authorization result of : granted
[Sat Aug 22 01:32:48.005695 2026] [ssl:debug] [pid 662386:tid 662386] ssl_engine_kernel.c(254): [client 2409:8a62:4502:c8:453d:b833:685d:f405:16230] AH02034: Subsequent (No.4) HTTPS request received for child 36 (server ilta.ilc.edu.tw:443), referer: https://ilta.ilc.edu.tw/2010/06/02/
[Sat Aug 22 01:32:48.005894 2026] [authz_core:debug] [pid 662386:tid 662386] mod_authz_core.c(815): [client 2409:8a62:4502:c8:453d:b833:685d:f405:16230] AH01626: authorization result of Require all granted: granted, referer: https://ilta.ilc.edu.tw/2010/06/02/
[Sat Aug 22 01:32:48.005900 2026] [authz_core:debug] [pid 662386:tid 662386] mod_authz_core.c(815): [client 2409:8a62:4502:c8:453d:b833:685d:f405:16230] AH01626: authorization result of : granted, referer: https://ilta.ilc.edu.tw/2010/06/02/
[Sat Aug 22 01:32:48.006070 2026] [deflate:debug] [pid 662386:tid 662386] mod_deflate.c(909): [client 2409:8a62:4502:c8:453d:b833:685d:f405:16230] AH01384: Zlib: Compressed 712 to 422 : URL /wp-content/plugins/ocean-extra/includes/widgets/js/flickr.min.js, referer: https://ilta.ilc.edu.tw/2010/06/02/
[Sat Aug 22 01:32:48.084488 2026] [ssl:debug] [pid 662489:tid 662489] ssl_engine_kernel.c(254): [client 216.73.216.122:11859] AH02034: Subsequent (No.7) HTTPS request received for child 23 (server 2blog.ilc.edu.tw:443)
[Sat Aug 22 01:32:48.084712 2026] [authz_core:debug] [pid 662489:tid 662489] mod_authz_core.c(815): [client 216.73.216.122:11859] AH01626: authorization result of Require all granted: granted
[Sat Aug 22 01:32:48.084728 2026] [authz_core:debug] [pid 662489:tid 662489] mod_authz_core.c(815): [client 216.73.216.122:11859] AH01626: authorization result of : granted
[Sat Aug 22 01:32:48.084856 2026] [authz_core:debug] [pid 662489:tid 662489] mod_authz_core.c(815): [client 216.73.216.122:11859] AH01626: authorization result of Require all granted: granted
[Sat Aug 22 01:32:48.084860 2026] [authz_core:debug] [pid 662489:tid 662489] mod_authz_core.c(815): [client 216.73.216.122:11859] AH01626: authorization result of : granted
[Sat Aug 22 01:32:48.093601 2026] [headers:debug] [pid 662487:tid 662487] mod_headers.c(900): AH01503: headers: ap_headers_error_filter()
[Sat Aug 22 01:32:48.113249 2026] [authz_core:debug] [pid 662463:tid 662463] mod_authz_core.c(815): [client 44.216.172.204:20692] AH01626: authorization result of Require all granted: granted
[Sat Aug 22 01:32:48.113275 2026] [authz_core:debug] [pid 662463:tid 662463] mod_authz_core.c(815): [client 44.216.172.204:20692] AH01626: authorization result of : granted
[Sat Aug 22 01:32:48.114624 2026] [authz_core:debug] [pid 662463:tid 662463] mod_authz_core.c(815): [client 44.216.172.204:20692] AH01626: authorization result of Require all granted: granted
[Sat Aug 22 01:32:48.114636 2026] [authz_core:debug] [pid 662463:tid 662463] mod_authz_core.c(815): [client 44.216.172.204:20692] AH01626: authorization result of : granted
[Sat Aug 22 01:32:48.115839 2026] [deflate:debug] [pid 662463:tid 662463] mod_deflate.c(909): [client 44.216.172.204:20692] AH01384: Zlib: Compressed 800 to 383 : URL /wp-content/uploads/sites/2370/2022/07/
[Sat Aug 22 01:32:48.121329 2026] [deflate:debug] [pid 662482:tid 662482] mod_deflate.c(909): [client 216.73.216.122:28939] AH01384: Zlib: Compressed 47140 to 10486 : URL /index.php
[Sat Aug 22 01:32:48.159076 2026] [ssl:info] [pid 662391:tid 662391] [client 2001:288:a201::66:125:21715] AH01964: Connection to child 45 established (server 2blog.ilc.edu.tw:443)
[Sat Aug 22 01:32:48.159227 2026] [ssl:debug] [pid 662391:tid 662391] ssl_engine_kernel.c(2252): [client 2001:288:a201::66:125:21715] AH02645: Server name not provided via TLS extension (using default/first virtual host)
[Sat Aug 22 01:32:48.159242 2026] [socache_shmcb:debug] [pid 662391:tid 662391] mod_socache_shmcb.c(545): AH00835: socache_shmcb_retrieve (0x80 -> subcache 0)
[Sat Aug 22 01:32:48.159246 2026] [socache_shmcb:debug] [pid 662391:tid 662391] mod_socache_shmcb.c(896): AH00849: match at idx=74, data=1181
[Sat Aug 22 01:32:48.159248 2026] [socache_shmcb:debug] [pid 662391:tid 662391] mod_socache_shmcb.c(556): AH00836: leaving socache_shmcb_retrieve successfully
[Sat Aug 22 01:32:48.160226 2026] [ssl:debug] [pid 662391:tid 662391] ssl_engine_kernel.c(2082): [client 2001:288:a201::66:125:21715] AH02041: Protocol: TLSv1.2, Cipher: ECDHE-RSA-AES256-GCM-SHA384 (256/256 bits)
[Sat Aug 22 01:32:48.160315 2026] [ssl:debug] [pid 662391:tid 662391] ssl_engine_kernel.c(254): [client 2001:288:a201::66:125:21715] AH02034: Initial (No.1) HTTPS request received for child 45 (server 2blog.ilc.edu.tw:443)
[Sat Aug 22 01:32:48.160475 2026] [authz_core:debug] [pid 662391:tid 662391] mod_authz_core.c(815): [client 2001:288:a201::66:125:21715] AH01626: authorization result of Require all granted: granted
[Sat Aug 22 01:32:48.160481 2026] [authz_core:debug] [pid 662391:tid 662391] mod_authz_core.c(815): [client 2001:288:a201::66:125:21715] AH01626: authorization result of : granted
[Sat Aug 22 01:32:48.160615 2026] [authz_core:debug] [pid 662391:tid 662391] mod_authz_core.c(815): [client 2001:288:a201::66:125:21715] AH01626: authorization result of Require all granted: granted
[Sat Aug 22 01:32:48.160622 2026] [authz_core:debug] [pid 662391:tid 662391] mod_authz_core.c(815): [client 2001:288:a201::66:125:21715] AH01626: authorization result of : granted
[Sat Aug 22 01:32:48.160633 2026] [php7:error] [pid 662391:tid 662391] [client 2001:288:a201::66:125:21715] script '/var/www/html/2blog/active.php' not found or unable to stat
[Sat Aug 22 01:32:48.160650 2026] [headers:debug] [pid 662391:tid 662391] mod_headers.c(900): AH01503: headers: ap_headers_error_filter()
[Sat Aug 22 01:32:48.160759 2026] [ssl:debug] [pid 662391:tid 662391] ssl_engine_io.c(1150): [client 2001:288:a201::66:125:21715] AH02001: Connection closed to child 45 with standard shutdown (server 2blog.ilc.edu.tw:443)
[Sat Aug 22 01:32:48.175828 2026] [ssl:debug] [pid 662343:tid 662343] ssl_engine_kernel.c(254): [client 216.73.216.122:21425] AH02034: Subsequent (No.7) HTTPS request received for child 26 (server 2blog.ilc.edu.tw:443)
[Sat Aug 22 01:32:48.176031 2026] [authz_core:debug] [pid 662343:tid 662343] mod_authz_core.c(815): [client 216.73.216.122:21425] AH01626: authorization result of Require all granted: granted
[Sat Aug 22 01:32:48.176037 2026] [authz_core:debug] [pid 662343:tid 662343] mod_authz_core.c(815): [client 216.73.216.122:21425] AH01626: authorization result of : granted
[Sat Aug 22 01:32:48.176165 2026] [authz_core:debug] [pid 662343:tid 662343] mod_authz_core.c(815): [client 216.73.216.122:21425] AH01626: authorization result of Require all granted: granted
[Sat Aug 22 01:32:48.176170 2026] [authz_core:debug] [pid 662343:tid 662343] mod_authz_core.c(815): [client 216.73.216.122:21425] AH01626: authorization result of : granted
[Sat Aug 22 01:32:48.265087 2026] [watchdog:debug] [pid 662510:tid 662510] mod_watchdog.c(559): AH02980: Watchdog: nothing configured?
[Sat Aug 22 01:32:48.265218 2026] [ssl:debug] [pid 662375:tid 662375] ssl_engine_kernel.c(254): [client 216.73.216.122:62163] AH02034: Subsequent (No.5) HTTPS request received for child 17 (server 2blog.ilc.edu.tw:443)
[Sat Aug 22 01:32:48.265397 2026] [authz_core:debug] [pid 662375:tid 662375] mod_authz_core.c(815): [client 216.73.216.122:62163] AH01626: authorization result of Require all granted: granted
[Sat Aug 22 01:32:48.265403 2026] [authz_core:debug] [pid 662375:tid 662375] mod_authz_core.c(815): [client 216.73.216.122:62163] AH01626: authorization result of : granted
[Sat Aug 22 01:32:48.265530 2026] [authz_core:debug] [pid 662375:tid 662375] mod_authz_core.c(815): [client 216.73.216.122:62163] AH01626: authorization result of Require all granted: granted
[Sat Aug 22 01:32:48.265535 2026] [authz_core:debug] [pid 662375:tid 662375] mod_authz_core.c(815): [client 216.73.216.122:62163] AH01626: authorization result of : granted
[Sat Aug 22 01:32:48.294447 2026] [headers:debug] [pid 662487:tid 662487] mod_headers.c(900): AH01503: headers: ap_headers_error_filter()
[Sat Aug 22 01:32:48.316977 2026] [deflate:debug] [pid 662343:tid 662343] mod_deflate.c(909): [client 216.73.216.122:21425] AH01384: Zlib: Compressed 52232 to 9823 : URL /index.php
[Sat Aug 22 01:32:48.354983 2026] [ssl:debug] [pid 662482:tid 662482] ssl_engine_kernel.c(254): [client 216.73.216.122:28939] AH02034: Subsequent (No.3) HTTPS request received for child 15 (server 2blog.ilc.edu.tw:443)
[Sat Aug 22 01:32:48.355166 2026] [authz_core:debug] [pid 662482:tid 662482] mod_authz_core.c(815): [client 216.73.216.122:28939] AH01626: authorization result of Require all granted: granted
[Sat Aug 22 01:32:48.355170 2026] [authz_core:debug] [pid 662482:tid 662482] mod_authz_core.c(815): [client 216.73.216.122:28939] AH01626: authorization result of : granted
[Sat Aug 22 01:32:48.355279 2026] [authz_core:debug] [pid 662482:tid 662482] mod_authz_core.c(815): [client 216.73.216.122:28939] AH01626: authorization result of Require all granted: granted
[Sat Aug 22 01:32:48.355283 2026] [authz_core:debug] [pid 662482:tid 662482] mod_authz_core.c(815): [client 216.73.216.122:28939] AH01626: authorization result of : granted
[Sat Aug 22 01:32:48.361279 2026] [ssl:info] [pid 662391:tid 662391] [client 140.111.67.10:13900] AH01964: Connection to child 45 established (server 2blog.ilc.edu.tw:443)
[Sat Aug 22 01:32:48.361400 2026] [ssl:info] [pid 662391:tid 662391] (70014)End of file found: [client 140.111.67.10:13900] AH02006: SSL handshake stopped: connection was closed
[Sat Aug 22 01:32:48.361407 2026] [ssl:info] [pid 662391:tid 662391] [client 140.111.67.10:13900] AH01998: Connection closed to child 45 with abortive shutdown (server 2blog.ilc.edu.tw:443)
[Sat Aug 22 01:32:48.376685 2026] [authz_core:debug] [pid 662510:tid 662510] mod_authz_core.c(815): [client 2400:e920:0:2:f45d:ddff:fe00:7a:56287] AH01626: authorization result of Require all granted: granted, referer: http://ilta.ilc.edu.tw
[Sat Aug 22 01:32:48.376701 2026] [authz_core:debug] [pid 662510:tid 662510] mod_authz_core.c(815): [client 2400:e920:0:2:f45d:ddff:fe00:7a:56287] AH01626: authorization result of : granted, referer: http://ilta.ilc.edu.tw
[Sat Aug 22 01:32:48.458677 2026] [ssl:debug] [pid 662458:tid 662458] ssl_engine_kernel.c(254): [client 216.73.216.122:61730] AH02034: Subsequent (No.3) HTTPS request received for child 6 (server 2blog.ilc.edu.tw:443)
[Sat Aug 22 01:32:48.458843 2026] [authz_core:debug] [pid 662458:tid 662458] mod_authz_core.c(815): [client 216.73.216.122:61730] AH01626: authorization result of Require all granted: granted
[Sat Aug 22 01:32:48.458848 2026] [authz_core:debug] [pid 662458:tid 662458] mod_authz_core.c(815): [client 216.73.216.122:61730] AH01626: authorization result of : granted
[Sat Aug 22 01:32:48.458965 2026] [authz_core:debug] [pid 662458:tid 662458] mod_authz_core.c(815): [client 216.73.216.122:61730] AH01626: authorization result of Require all granted: granted
[Sat Aug 22 01:32:48.458970 2026] [authz_core:debug] [pid 662458:tid 662458] mod_authz_core.c(815): [client 216.73.216.122:61730] AH01626: authorization result of : granted
[Sat Aug 22 01:32:48.549204 2026] [ssl:debug] [pid 662489:tid 662489] ssl_engine_kernel.c(254): [client 216.73.216.122:11859] AH02034: Subsequent (No.8) HTTPS request received for child 23 (server 2blog.ilc.edu.tw:443)
[Sat Aug 22 01:32:48.549468 2026] [authz_core:debug] [pid 662489:tid 662489] mod_authz_core.c(815): [client 216.73.216.122:11859] AH01626: authorization result of Require all granted: granted
[Sat Aug 22 01:32:48.549479 2026] [authz_core:debug] [pid 662489:tid 662489] mod_authz_core.c(815): [client 216.73.216.122:11859] AH01626: authorization result of : granted
[Sat Aug 22 01:32:48.549651 2026] [authz_core:debug] [pid 662489:tid 662489] mod_authz_core.c(815): [client 216.73.216.122:11859] AH01626: authorization result of Require all granted: granted
[Sat Aug 22 01:32:48.549659 2026] [authz_core:debug] [pid 662489:tid 662489] mod_authz_core.c(815): [client 216.73.216.122:11859] AH01626: authorization result of : granted
[Sat Aug 22 01:32:48.646455 2026] [ssl:debug] [pid 662343:tid 662343] ssl_engine_kernel.c(254): [client 216.73.216.122:21425] AH02034: Subsequent (No.8) HTTPS request received for child 26 (server 2blog.ilc.edu.tw:443)
[Sat Aug 22 01:32:48.646794 2026] [authz_core:debug] [pid 662343:tid 662343] mod_authz_core.c(815): [client 216.73.216.122:21425] AH01626: authorization result of Require all granted: granted
[Sat Aug 22 01:32:48.646802 2026] [authz_core:debug] [pid 662343:tid 662343] mod_authz_core.c(815): [client 216.73.216.122:21425] AH01626: authorization result of : granted
[Sat Aug 22 01:32:48.646929 2026] [authz_core:debug] [pid 662343:tid 662343] mod_authz_core.c(815): [client 216.73.216.122:21425] AH01626: authorization result of Require all granted: granted
[Sat Aug 22 01:32:48.646933 2026] [authz_core:debug] [pid 662343:tid 662343] mod_authz_core.c(815): [client 216.73.216.122:21425] AH01626: authorization result of : granted
[Sat Aug 22 01:32:48.697085 2026] [ssl:info] [pid 662487:tid 662487] [client 2400:e920:0:2:f45d:ddff:fe00:7a:56310] AH01964: Connection to child 21 established (server 2blog.ilc.edu.tw:443)
[Sat Aug 22 01:32:48.697260 2026] [ssl:debug] [pid 662487:tid 662487] ssl_engine_kernel.c(2222): [client 2400:e920:0:2:f45d:ddff:fe00:7a:56310] AH02043: SSL virtual host for servername ilta.ilc.edu.tw found
[Sat Aug 22 01:32:48.697327 2026] [core:debug] [pid 662487:tid 662487] protocol.c(2460): [client 2400:e920:0:2:f45d:ddff:fe00:7a:56310] AH03155: select protocol from , choices=http/1.1 for server ilta.ilc.edu.tw
[Sat Aug 22 01:32:48.738457 2026] [ssl:debug] [pid 662484:tid 662484] ssl_engine_kernel.c(254): [client 216.73.216.122:9550] AH02034: Initial (No.1) HTTPS request received for child 20 (server 2blog.ilc.edu.tw:443)
[Sat Aug 22 01:32:48.738642 2026] [authz_core:debug] [pid 662484:tid 662484] mod_authz_core.c(815): [client 216.73.216.122:9550] AH01626: authorization result of Require all granted: granted
[Sat Aug 22 01:32:48.738647 2026] [authz_core:debug] [pid 662484:tid 662484] mod_authz_core.c(815): [client 216.73.216.122:9550] AH01626: authorization result of : granted
[Sat Aug 22 01:32:48.738793 2026] [authz_core:debug] [pid 662484:tid 662484] mod_authz_core.c(815): [client 216.73.216.122:9550] AH01626: authorization result of Require all granted: granted
[Sat Aug 22 01:32:48.738798 2026] [authz_core:debug] [pid 662484:tid 662484] mod_authz_core.c(815): [client 216.73.216.122:9550] AH01626: authorization result of : granted
[Sat Aug 22 01:32:48.776496 2026] [ssl:info] [pid 662463:tid 662463] [client 66.249.79.138:53369] AH01964: Connection to child 9 established (server 2blog.ilc.edu.tw:443)
[Sat Aug 22 01:32:48.776765 2026] [ssl:debug] [pid 662463:tid 662463] ssl_engine_kernel.c(2222): [client 66.249.79.138:53369] AH02043: SSL virtual host for servername www.jwes.ilc.edu.tw found
[Sat Aug 22 01:32:48.776872 2026] [ssl:debug] [pid 662463:tid 662463] ssl_util_stapling.c(819): AH01951: stapling_cb: OCSP Stapling callback called
[Sat Aug 22 01:32:48.776881 2026] [ssl:info] [pid 662463:tid 662463] AH01926: stapling_get_certinfo: stapling not supported for certificate
[Sat Aug 22 01:32:48.814598 2026] [ssl:debug] [pid 662487:tid 662487] ssl_engine_kernel.c(2082): [client 2400:e920:0:2:f45d:ddff:fe00:7a:56310] AH02041: Protocol: TLSv1.3, Cipher: TLS_AES_256_GCM_SHA384 (256/256 bits)
[Sat Aug 22 01:32:48.814653 2026] [socache_shmcb:debug] [pid 662487:tid 662487] mod_socache_shmcb.c(508): AH00831: socache_shmcb_store (0x13 -> subcache 19)
[Sat Aug 22 01:32:48.814669 2026] [socache_shmcb:debug] [pid 662487:tid 662487] mod_socache_shmcb.c(860): AH00847: insert happened at idx=56, data=(10903:10935)
[Sat Aug 22 01:32:48.814672 2026] [socache_shmcb:debug] [pid 662487:tid 662487] mod_socache_shmcb.c(863): AH00848: finished insert, subcache: idx_pos/idx_used=14/43, data_pos/data_used=1596/9531
[Sat Aug 22 01:32:48.814674 2026] [socache_shmcb:debug] [pid 662487:tid 662487] mod_socache_shmcb.c(530): AH00834: leaving socache_shmcb_store successfully
[Sat Aug 22 01:32:48.814728 2026] [socache_shmcb:debug] [pid 662487:tid 662487] mod_socache_shmcb.c(508): AH00831: socache_shmcb_store (0x4d -> subcache 13)
[Sat Aug 22 01:32:48.814738 2026] [socache_shmcb:debug] [pid 662487:tid 662487] mod_socache_shmcb.c(798): AH00845: about to force-expire, subcache: idx_used=62, data_used=13781
[Sat Aug 22 01:32:48.814740 2026] [socache_shmcb:debug] [pid 662487:tid 662487] mod_socache_shmcb.c(824): AH00846: finished force-expire, subcache: idx_used=61, data_used=13555
[Sat Aug 22 01:32:48.814742 2026] [socache_shmcb:debug] [pid 662487:tid 662487] mod_socache_shmcb.c(860): AH00847: insert happened at idx=30, data=(10913:10945)
[Sat Aug 22 01:32:48.814744 2026] [socache_shmcb:debug] [pid 662487:tid 662487] mod_socache_shmcb.c(863): AH00848: finished insert, subcache: idx_pos/idx_used=57/62, data_pos/data_used=11222/13780
[Sat Aug 22 01:32:48.814746 2026] [socache_shmcb:debug] [pid 662487:tid 662487] mod_socache_shmcb.c(530): AH00834: leaving socache_shmcb_store successfully
[Sat Aug 22 01:32:48.815311 2026] [ssl:debug] [pid 662487:tid 662487] ssl_engine_kernel.c(254): [client 2400:e920:0:2:f45d:ddff:fe00:7a:56310] AH02034: Initial (No.1) HTTPS request received for child 21 (server ilta.ilc.edu.tw:443), referer: http://ilta.ilc.edu.tw
[Sat Aug 22 01:32:48.815466 2026] [authz_core:debug] [pid 662487:tid 662487] mod_authz_core.c(815): [client 2400:e920:0:2:f45d:ddff:fe00:7a:56310] AH01626: authorization result of Require all granted: granted, referer: http://ilta.ilc.edu.tw
[Sat Aug 22 01:32:48.815482 2026] [authz_core:debug] [pid 662487:tid 662487] mod_authz_core.c(815): [client 2400:e920:0:2:f45d:ddff:fe00:7a:56310] AH01626: authorization result of : granted, referer: http://ilta.ilc.edu.tw
[Sat Aug 22 01:32:48.829391 2026] [ssl:debug] [pid 662507:tid 662507] ssl_engine_kernel.c(254): [client 216.73.216.122:28252] AH02034: Subsequent (No.4) HTTPS request received for child 1 (server 2blog.ilc.edu.tw:443)
[Sat Aug 22 01:32:48.829603 2026] [authz_core:debug] [pid 662507:tid 662507] mod_authz_core.c(815): [client 216.73.216.122:28252] AH01626: authorization result of Require all granted: granted
[Sat Aug 22 01:32:48.829610 2026] [authz_core:debug] [pid 662507:tid 662507] mod_authz_core.c(815): [client 216.73.216.122:28252] AH01626: authorization result of : granted
[Sat Aug 22 01:32:48.829852 2026] [authz_core:debug] [pid 662507:tid 662507] mod_authz_core.c(815): [client 216.73.216.122:28252] AH01626: authorization result of Require all granted: granted
[Sat Aug 22 01:32:48.829867 2026] [authz_core:debug] [pid 662507:tid 662507] mod_authz_core.c(815): [client 216.73.216.122:28252] AH01626: authorization result of : granted
[Sat Aug 22 01:32:48.909195 2026] [ssl:debug] [pid 662482:tid 662482] ssl_engine_kernel.c(254): [client 216.73.216.122:28939] AH02034: Subsequent (No.4) HTTPS request received for child 15 (server 2blog.ilc.edu.tw:443)
[Sat Aug 22 01:32:48.909405 2026] [authz_core:debug] [pid 662482:tid 662482] mod_authz_core.c(815): [client 216.73.216.122:28939] AH01626: authorization result of Require all granted: granted
[Sat Aug 22 01:32:48.909413 2026] [authz_core:debug] [pid 662482:tid 662482] mod_authz_core.c(815): [client 216.73.216.122:28939] AH01626: authorization result of : granted
[Sat Aug 22 01:32:48.909570 2026] [authz_core:debug] [pid 662482:tid 662482] mod_authz_core.c(815): [client 216.73.216.122:28939] AH01626: authorization result of Require all granted: granted
[Sat Aug 22 01:32:48.909576 2026] [authz_core:debug] [pid 662482:tid 662482] mod_authz_core.c(815): [client 216.73.216.122:28939] AH01626: authorization result of : granted
[Sat Aug 22 01:32:48.911846 2026] [ssl:debug] [pid 662463:tid 662463] ssl_engine_kernel.c(2082): [client 66.249.79.138:53369] AH02041: Protocol: TLSv1.3, Cipher: TLS_AES_256_GCM_SHA384 (256/256 bits)
[Sat Aug 22 01:32:48.911887 2026] [socache_shmcb:debug] [pid 662463:tid 662463] mod_socache_shmcb.c(508): AH00831: socache_shmcb_store (0x42 -> subcache 2)
[Sat Aug 22 01:32:48.911892 2026] [socache_shmcb:debug] [pid 662463:tid 662463] mod_socache_shmcb.c(745): AH00842: expiring 1 and reclaiming 0 removed socache entries
[Sat Aug 22 01:32:48.911895 2026] [socache_shmcb:debug] [pid 662463:tid 662463] mod_socache_shmcb.c(765): AH00843: we now have 46 socache entries
[Sat Aug 22 01:32:48.911897 2026] [socache_shmcb:debug] [pid 662463:tid 662463] mod_socache_shmcb.c(860): AH00847: insert happened at idx=74, data=(1017:1049)
[Sat Aug 22 01:32:48.911899 2026] [socache_shmcb:debug] [pid 662463:tid 662463] mod_socache_shmcb.c(863): AH00848: finished insert, subcache: idx_pos/idx_used=28/47, data_pos/data_used=4632/10465
[Sat Aug 22 01:32:48.911901 2026] [socache_shmcb:debug] [pid 662463:tid 662463] mod_socache_shmcb.c(530): AH00834: leaving socache_shmcb_store successfully
[Sat Aug 22 01:32:48.911940 2026] [socache_shmcb:debug] [pid 662463:tid 662463] mod_socache_shmcb.c(508): AH00831: socache_shmcb_store (0xa4 -> subcache 4)
[Sat Aug 22 01:32:48.911963 2026] [socache_shmcb:debug] [pid 662463:tid 662463] mod_socache_shmcb.c(860): AH00847: insert happened at idx=55, data=(2352:2384)
[Sat Aug 22 01:32:48.911965 2026] [socache_shmcb:debug] [pid 662463:tid 662463] mod_socache_shmcb.c(863): AH00848: finished insert, subcache: idx_pos/idx_used=12/44, data_pos/data_used=6594/9838
[Sat Aug 22 01:32:48.911966 2026] [socache_shmcb:debug] [pid 662463:tid 662463] mod_socache_shmcb.c(530): AH00834: leaving socache_shmcb_store successfully
[Sat Aug 22 01:32:48.912089 2026] [ssl:debug] [pid 662463:tid 662463] ssl_engine_kernel.c(254): [client 66.249.79.138:53369] AH02034: Initial (No.1) HTTPS request received for child 9 (server www.jwes.ilc.edu.tw:443)
[Sat Aug 22 01:32:48.912237 2026] [authz_core:debug] [pid 662463:tid 662463] mod_authz_core.c(815): [client 66.249.79.138:53369] AH01626: authorization result of Require all granted: granted
[Sat Aug 22 01:32:48.912241 2026] [authz_core:debug] [pid 662463:tid 662463] mod_authz_core.c(815): [client 66.249.79.138:53369] AH01626: authorization result of : granted
[Sat Aug 22 01:32:48.912667 2026] [ssl:debug] [pid 662319:tid 662319] ssl_engine_io.c(1150): [client 34.197.28.78:1964] AH02001: Connection closed to child 5 with standard shutdown (server 2blog.ilc.edu.tw:443)
[Sat Aug 22 01:32:48.955017 2026] [deflate:debug] [pid 662487:tid 662487] mod_deflate.c(909): [client 2400:e920:0:2:f45d:ddff:fe00:7a:56310] AH01384: Zlib: Compressed 13605 to 5009 : URL /wp-login.php, referer: http://ilta.ilc.edu.tw
[Sat Aug 22 01:32:49.015340 2026] [ssl:debug] [pid 662489:tid 662489] ssl_engine_kernel.c(254): [client 216.73.216.122:11859] AH02034: Subsequent (No.9) HTTPS request received for child 23 (server 2blog.ilc.edu.tw:443)
[Sat Aug 22 01:32:49.015528 2026] [authz_core:debug] [pid 662489:tid 662489] mod_authz_core.c(815): [client 216.73.216.122:11859] AH01626: authorization result of Require all granted: granted
[Sat Aug 22 01:32:49.015534 2026] [authz_core:debug] [pid 662489:tid 662489] mod_authz_core.c(815): [client 216.73.216.122:11859] AH01626: authorization result of : granted
[Sat Aug 22 01:32:49.015636 2026] [authz_core:debug] [pid 662489:tid 662489] mod_authz_core.c(815): [client 216.73.216.122:11859] AH01626: authorization result of Require all granted: granted
[Sat Aug 22 01:32:49.015639 2026] [authz_core:debug] [pid 662489:tid 662489] mod_authz_core.c(815): [client 216.73.216.122:11859] AH01626: authorization result of : granted
[Sat Aug 22 01:32:49.081066 2026] [ssl:debug] [pid 662488:tid 662488] ssl_engine_io.c(1150): [client 216.73.216.122:27458] AH02001: Connection closed to child 22 with standard shutdown (server www.tkjh.ilc.edu.tw:443)
[Sat Aug 22 01:32:49.107167 2026] [ssl:debug] [pid 662343:tid 662343] ssl_engine_kernel.c(254): [client 216.73.216.122:21425] AH02034: Subsequent (No.9) HTTPS request received for child 26 (server 2blog.ilc.edu.tw:443)
[Sat Aug 22 01:32:49.107367 2026] [authz_core:debug] [pid 662343:tid 662343] mod_authz_core.c(815): [client 216.73.216.122:21425] AH01626: authorization result of Require all granted: granted
[Sat Aug 22 01:32:49.107373 2026] [authz_core:debug] [pid 662343:tid 662343] mod_authz_core.c(815): [client 216.73.216.122:21425] AH01626: authorization result of : granted
[Sat Aug 22 01:32:49.107495 2026] [authz_core:debug] [pid 662343:tid 662343] mod_authz_core.c(815): [client 216.73.216.122:21425] AH01626: authorization result of Require all granted: granted
[Sat Aug 22 01:32:49.107499 2026] [authz_core:debug] [pid 662343:tid 662343] mod_authz_core.c(815): [client 216.73.216.122:21425] AH01626: authorization result of : granted
[Sat Aug 22 01:32:49.154357 2026] [authz_core:debug] [pid 662391:tid 662391] mod_authz_core.c(815): [client 2400:e920:0:2:f45d:ddff:fe00:7a:56349] AH01626: authorization result of Require all granted: granted, referer: http://ilta.ilc.edu.tw
[Sat Aug 22 01:32:49.154377 2026] [authz_core:debug] [pid 662391:tid 662391] mod_authz_core.c(815): [client 2400:e920:0:2:f45d:ddff:fe00:7a:56349] AH01626: authorization result of : granted, referer: http://ilta.ilc.edu.tw
[Sat Aug 22 01:32:49.159602 2026] [deflate:debug] [pid 662489:tid 662489] mod_deflate.c(909): [client 216.73.216.122:11859] AH01384: Zlib: Compressed 38654 to 8821 : URL /index.php
[Sat Aug 22 01:32:49.192781 2026] [ssl:debug] [pid 662484:tid 662484] ssl_engine_kernel.c(254): [client 216.73.216.122:9550] AH02034: Subsequent (No.2) HTTPS request received for child 20 (server 2blog.ilc.edu.tw:443)
[Sat Aug 22 01:32:49.192988 2026] [authz_core:debug] [pid 662484:tid 662484] mod_authz_core.c(815): [client 216.73.216.122:9550] AH01626: authorization result of Require all granted: granted
[Sat Aug 22 01:32:49.193003 2026] [authz_core:debug] [pid 662484:tid 662484] mod_authz_core.c(815): [client 216.73.216.122:9550] AH01626: authorization result of : granted
[Sat Aug 22 01:32:49.193112 2026] [authz_core:debug] [pid 662484:tid 662484] mod_authz_core.c(815): [client 216.73.216.122:9550] AH01626: authorization result of Require all granted: granted
[Sat Aug 22 01:32:49.193115 2026] [authz_core:debug] [pid 662484:tid 662484] mod_authz_core.c(815): [client 216.73.216.122:9550] AH01626: authorization result of : granted
[Sat Aug 22 01:32:49.269029 2026] [watchdog:debug] [pid 662511:tid 662511] mod_watchdog.c(559): AH02980: Watchdog: nothing configured?
[Sat Aug 22 01:32:49.271956 2026] [watchdog:debug] [pid 662512:tid 662512] mod_watchdog.c(559): AH02980: Watchdog: nothing configured?
[Sat Aug 22 01:32:49.285373 2026] [ssl:debug] [pid 662507:tid 662507] ssl_engine_kernel.c(254): [client 216.73.216.122:28252] AH02034: Subsequent (No.5) HTTPS request received for child 1 (server 2blog.ilc.edu.tw:443)
[Sat Aug 22 01:32:49.285561 2026] [authz_core:debug] [pid 662507:tid 662507] mod_authz_core.c(815): [client 216.73.216.122:28252] AH01626: authorization result of Require all granted: granted
[Sat Aug 22 01:32:49.285568 2026] [authz_core:debug] [pid 662507:tid 662507] mod_authz_core.c(815): [client 216.73.216.122:28252] AH01626: authorization result of : granted
[Sat Aug 22 01:32:49.285690 2026] [authz_core:debug] [pid 662507:tid 662507] mod_authz_core.c(815): [client 216.73.216.122:28252] AH01626: authorization result of Require all granted: granted
[Sat Aug 22 01:32:49.285695 2026] [authz_core:debug] [pid 662507:tid 662507] mod_authz_core.c(815): [client 216.73.216.122:28252] AH01626: authorization result of : granted
[Sat Aug 22 01:32:49.302762 2026] [ssl:debug] [pid 662390:tid 662390] ssl_engine_kernel.c(254): [client 2409:8a62:4502:c8:453d:b833:685d:f405:16222] AH02034: Subsequent (No.6) HTTPS request received for child 43 (server ilta.ilc.edu.tw:443), referer: https://ilta.ilc.edu.tw/wp-content/cache/ilta.ilc.edu.tw/wpfc-minified/7vo8n6iy/6wvk.css
[Sat Aug 22 01:32:49.302979 2026] [authz_core:debug] [pid 662390:tid 662390] mod_authz_core.c(815): [client 2409:8a62:4502:c8:453d:b833:685d:f405:16222] AH01626: authorization result of Require all granted: granted, referer: https://ilta.ilc.edu.tw/wp-content/cache/ilta.ilc.edu.tw/wpfc-minified/7vo8n6iy/6wvk.css
[Sat Aug 22 01:32:49.302987 2026] [authz_core:debug] [pid 662390:tid 662390] mod_authz_core.c(815): [client 2409:8a62:4502:c8:453d:b833:685d:f405:16222] AH01626: authorization result of : granted, referer: https://ilta.ilc.edu.tw/wp-content/cache/ilta.ilc.edu.tw/wpfc-minified/7vo8n6iy/6wvk.css
[Sat Aug 22 01:32:49.348682 2026] [deflate:debug] [pid 662484:tid 662484] mod_deflate.c(909): [client 216.73.216.122:9550] AH01384: Zlib: Compressed 48796 to 9677 : URL /index.php
[Sat Aug 22 01:32:49.377226 2026] [ssl:debug] [pid 662458:tid 662458] ssl_engine_kernel.c(254): [client 216.73.216.122:61730] AH02034: Subsequent (No.4) HTTPS request received for child 6 (server 2blog.ilc.edu.tw:443)
[Sat Aug 22 01:32:49.377478 2026] [authz_core:debug] [pid 662458:tid 662458] mod_authz_core.c(815): [client 216.73.216.122:61730] AH01626: authorization result of Require all granted: granted
[Sat Aug 22 01:32:49.377488 2026] [authz_core:debug] [pid 662458:tid 662458] mod_authz_core.c(815): [client 216.73.216.122:61730] AH01626: authorization result of : granted
[Sat Aug 22 01:32:49.377658 2026] [authz_core:debug] [pid 662458:tid 662458] mod_authz_core.c(815): [client 216.73.216.122:61730] AH01626: authorization result of Require all granted: granted
[Sat Aug 22 01:32:49.377666 2026] [authz_core:debug] [pid 662458:tid 662458] mod_authz_core.c(815): [client 216.73.216.122:61730] AH01626: authorization result of : granted
[Sat Aug 22 01:32:49.416282 2026] [ssl:info] [pid 662319:tid 662319] [client 34.56.53.225:39424] AH01964: Connection to child 5 established (server 2blog.ilc.edu.tw:443)
[Sat Aug 22 01:32:49.416549 2026] [ssl:debug] [pid 662319:tid 662319] ssl_engine_kernel.c(2222): [client 34.56.53.225:39424] AH02043: SSL virtual host for servername www.wfes.ilc.edu.tw found
[Sat Aug 22 01:32:49.416621 2026] [core:debug] [pid 662319:tid 662319] protocol.c(2460): [client 34.56.53.225:39424] AH03155: select protocol from , choices=http/1.1 for server www.wfes.ilc.edu.tw
[Sat Aug 22 01:32:49.468315 2026] [ssl:debug] [pid 662489:tid 662489] ssl_engine_kernel.c(254): [client 216.73.216.122:11859] AH02034: Subsequent (No.10) HTTPS request received for child 23 (server 2blog.ilc.edu.tw:443)
[Sat Aug 22 01:32:49.468581 2026] [authz_core:debug] [pid 662489:tid 662489] mod_authz_core.c(815): [client 216.73.216.122:11859] AH01626: authorization result of Require all granted: granted
[Sat Aug 22 01:32:49.468589 2026] [authz_core:debug] [pid 662489:tid 662489] mod_authz_core.c(815): [client 216.73.216.122:11859] AH01626: authorization result of : granted
[Sat Aug 22 01:32:49.468750 2026] [authz_core:debug] [pid 662489:tid 662489] mod_authz_core.c(815): [client 216.73.216.122:11859] AH01626: authorization result of Require all granted: granted
[Sat Aug 22 01:32:49.468756 2026] [authz_core:debug] [pid 662489:tid 662489] mod_authz_core.c(815): [client 216.73.216.122:11859] AH01626: authorization result of : granted
[Sat Aug 22 01:32:49.478459 2026] [ssl:info] [pid 662511:tid 662511] [client 2400:e920:0:2:f45d:ddff:fe00:7a:56373] AH01964: Connection to child 24 established (server 2blog.ilc.edu.tw:443)
[Sat Aug 22 01:32:49.478831 2026] [ssl:debug] [pid 662511:tid 662511] ssl_engine_kernel.c(2222): [client 2400:e920:0:2:f45d:ddff:fe00:7a:56373] AH02043: SSL virtual host for servername ilta.ilc.edu.tw found
[Sat Aug 22 01:32:49.478936 2026] [core:debug] [pid 662511:tid 662511] protocol.c(2460): [client 2400:e920:0:2:f45d:ddff:fe00:7a:56373] AH03155: select protocol from , choices=http/1.1 for server ilta.ilc.edu.tw
[Sat Aug 22 01:32:49.558842 2026] [ssl:debug] [pid 662343:tid 662343] ssl_engine_kernel.c(254): [client 216.73.216.122:21425] AH02034: Subsequent (No.10) HTTPS request received for child 26 (server 2blog.ilc.edu.tw:443)
[Sat Aug 22 01:32:49.559038 2026] [authz_core:debug] [pid 662343:tid 662343] mod_authz_core.c(815): [client 216.73.216.122:21425] AH01626: authorization result of Require all granted: granted
[Sat Aug 22 01:32:49.559043 2026] [authz_core:debug] [pid 662343:tid 662343] mod_authz_core.c(815): [client 216.73.216.122:21425] AH01626: authorization result of : granted
[Sat Aug 22 01:32:49.559166 2026] [authz_core:debug] [pid 662343:tid 662343] mod_authz_core.c(815): [client 216.73.216.122:21425] AH01626: authorization result of Require all granted: granted
[Sat Aug 22 01:32:49.559170 2026] [authz_core:debug] [pid 662343:tid 662343] mod_authz_core.c(815): [client 216.73.216.122:21425] AH01626: authorization result of : granted
[Sat Aug 22 01:32:49.581336 2026] [ssl:debug] [pid 662511:tid 662511] ssl_engine_kernel.c(2082): [client 2400:e920:0:2:f45d:ddff:fe00:7a:56373] AH02041: Protocol: TLSv1.3, Cipher: TLS_AES_256_GCM_SHA384 (256/256 bits)
[Sat Aug 22 01:32:49.581431 2026] [socache_shmcb:debug] [pid 662511:tid 662511] mod_socache_shmcb.c(508): AH00831: socache_shmcb_store (0x8e -> subcache 14)
[Sat Aug 22 01:32:49.581446 2026] [socache_shmcb:debug] [pid 662511:tid 662511] mod_socache_shmcb.c(860): AH00847: insert happened at idx=21, data=(8935:8967)
[Sat Aug 22 01:32:49.581449 2026] [socache_shmcb:debug] [pid 662511:tid 662511] mod_socache_shmcb.c(863): AH00848: finished insert, subcache: idx_pos/idx_used=58/52, data_pos/data_used=11384/11639
[Sat Aug 22 01:32:49.581451 2026] [socache_shmcb:debug] [pid 662511:tid 662511] mod_socache_shmcb.c(530): AH00834: leaving socache_shmcb_store successfully
[Sat Aug 22 01:32:49.581577 2026] [socache_shmcb:debug] [pid 662511:tid 662511] mod_socache_shmcb.c(508): AH00831: socache_shmcb_store (0x55 -> subcache 21)
[Sat Aug 22 01:32:49.581597 2026] [socache_shmcb:debug] [pid 662511:tid 662511] mod_socache_shmcb.c(745): AH00842: expiring 2 and reclaiming 0 removed socache entries
[Sat Aug 22 01:32:49.581600 2026] [socache_shmcb:debug] [pid 662511:tid 662511] mod_socache_shmcb.c(765): AH00843: we now have 53 socache entries
[Sat Aug 22 01:32:49.581602 2026] [socache_shmcb:debug] [pid 662511:tid 662511] mod_socache_shmcb.c(860): AH00847: insert happened at idx=80, data=(2437:2469)
[Sat Aug 22 01:32:49.581603 2026] [socache_shmcb:debug] [pid 662511:tid 662511] mod_socache_shmcb.c(863): AH00848: finished insert, subcache: idx_pos/idx_used=27/54, data_pos/data_used=4492/12033
[Sat Aug 22 01:32:49.581605 2026] [socache_shmcb:debug] [pid 662511:tid 662511] mod_socache_shmcb.c(530): AH00834: leaving socache_shmcb_store successfully
[Sat Aug 22 01:32:49.581815 2026] [ssl:debug] [pid 662511:tid 662511] ssl_engine_kernel.c(254): [client 2400:e920:0:2:f45d:ddff:fe00:7a:56373] AH02034: Initial (No.1) HTTPS request received for child 24 (server ilta.ilc.edu.tw:443), referer: http://ilta.ilc.edu.tw
[Sat Aug 22 01:32:49.582174 2026] [authz_core:debug] [pid 662511:tid 662511] mod_authz_core.c(815): [client 2400:e920:0:2:f45d:ddff:fe00:7a:56373] AH01626: authorization result of Require all granted: granted, referer: http://ilta.ilc.edu.tw
[Sat Aug 22 01:32:49.582187 2026] [authz_core:debug] [pid 662511:tid 662511] mod_authz_core.c(815): [client 2400:e920:0:2:f45d:ddff:fe00:7a:56373] AH01626: authorization result of : granted, referer: http://ilta.ilc.edu.tw
[Sat Aug 22 01:32:49.650938 2026] [ssl:debug] [pid 662484:tid 662484] ssl_engine_kernel.c(254): [client 216.73.216.122:9550] AH02034: Subsequent (No.3) HTTPS request received for child 20 (server 2blog.ilc.edu.tw:443)
[Sat Aug 22 01:32:49.651107 2026] [authz_core:debug] [pid 662484:tid 662484] mod_authz_core.c(815): [client 216.73.216.122:9550] AH01626: authorization result of Require all granted: granted
[Sat Aug 22 01:32:49.651111 2026] [authz_core:debug] [pid 662484:tid 662484] mod_authz_core.c(815): [client 216.73.216.122:9550] AH01626: authorization result of : granted
[Sat Aug 22 01:32:49.651218 2026] [authz_core:debug] [pid 662484:tid 662484] mod_authz_core.c(815): [client 216.73.216.122:9550] AH01626: authorization result of Require all granted: granted
[Sat Aug 22 01:32:49.651221 2026] [authz_core:debug] [pid 662484:tid 662484] mod_authz_core.c(815): [client 216.73.216.122:9550] AH01626: authorization result of : granted
[Sat Aug 22 01:32:49.669893 2026] [ssl:debug] [pid 662319:tid 662319] ssl_engine_kernel.c(2082): [client 34.56.53.225:39424] AH02041: Protocol: TLSv1.3, Cipher: TLS_AES_256_GCM_SHA384 (256/256 bits)
[Sat Aug 22 01:32:49.669948 2026] [socache_shmcb:debug] [pid 662319:tid 662319] mod_socache_shmcb.c(508): AH00831: socache_shmcb_store (0xbf -> subcache 31)
[Sat Aug 22 01:32:49.669956 2026] [socache_shmcb:debug] [pid 662319:tid 662319] mod_socache_shmcb.c(860): AH00847: insert happened at idx=18, data=(8434:8466)
[Sat Aug 22 01:32:49.669959 2026] [socache_shmcb:debug] [pid 662319:tid 662319] mod_socache_shmcb.c(863): AH00848: finished insert, subcache: idx_pos/idx_used=63/44, data_pos/data_used=12711/9816
[Sat Aug 22 01:32:49.669961 2026] [socache_shmcb:debug] [pid 662319:tid 662319] mod_socache_shmcb.c(530): AH00834: leaving socache_shmcb_store successfully
[Sat Aug 22 01:32:49.670015 2026] [socache_shmcb:debug] [pid 662319:tid 662319] mod_socache_shmcb.c(508): AH00831: socache_shmcb_store (0xc3 -> subcache 3)
[Sat Aug 22 01:32:49.670021 2026] [socache_shmcb:debug] [pid 662319:tid 662319] mod_socache_shmcb.c(860): AH00847: insert happened at idx=19, data=(8393:8425)
[Sat Aug 22 01:32:49.670022 2026] [socache_shmcb:debug] [pid 662319:tid 662319] mod_socache_shmcb.c(863): AH00848: finished insert, subcache: idx_pos/idx_used=54/54, data_pos/data_used=10460/12026
[Sat Aug 22 01:32:49.670024 2026] [socache_shmcb:debug] [pid 662319:tid 662319] mod_socache_shmcb.c(530): AH00834: leaving socache_shmcb_store successfully
[Sat Aug 22 01:32:49.704854 2026] [deflate:debug] [pid 662511:tid 662511] mod_deflate.c(909): [client 2400:e920:0:2:f45d:ddff:fe00:7a:56373] AH01384: Zlib: Compressed 13605 to 5007 : URL /wp-login.php, referer: http://ilta.ilc.edu.tw
[Sat Aug 22 01:32:49.741768 2026] [ssl:debug] [pid 662507:tid 662507] ssl_engine_kernel.c(254): [client 216.73.216.122:28252] AH02034: Subsequent (No.6) HTTPS request received for child 1 (server 2blog.ilc.edu.tw:443)
[Sat Aug 22 01:32:49.741997 2026] [authz_core:debug] [pid 662507:tid 662507] mod_authz_core.c(815): [client 216.73.216.122:28252] AH01626: authorization result of Require all granted: granted
[Sat Aug 22 01:32:49.742006 2026] [authz_core:debug] [pid 662507:tid 662507] mod_authz_core.c(815): [client 216.73.216.122:28252] AH01626: authorization result of : granted
[Sat Aug 22 01:32:49.742136 2026] [authz_core:debug] [pid 662507:tid 662507] mod_authz_core.c(815): [client 216.73.216.122:28252] AH01626: authorization result of Require all granted: granted
[Sat Aug 22 01:32:49.742141 2026] [authz_core:debug] [pid 662507:tid 662507] mod_authz_core.c(815): [client 216.73.216.122:28252] AH01626: authorization result of : granted
[Sat Aug 22 01:32:49.803087 2026] [ssl:debug] [pid 662319:tid 662319] ssl_engine_kernel.c(254): [client 34.56.53.225:39424] AH02034: Initial (No.1) HTTPS request received for child 5 (server www.wfes.ilc.edu.tw:443)
[Sat Aug 22 01:32:49.803271 2026] [authz_core:debug] [pid 662319:tid 662319] mod_authz_core.c(815): [client 34.56.53.225:39424] AH01626: authorization result of Require all granted: granted
[Sat Aug 22 01:32:49.803277 2026] [authz_core:debug] [pid 662319:tid 662319] mod_authz_core.c(815): [client 34.56.53.225:39424] AH01626: authorization result of : granted
[Sat Aug 22 01:32:49.803476 2026] [authz_core:debug] [pid 662319:tid 662319] mod_authz_core.c(815): [client 34.56.53.225:39424] AH01626: authorization result of Require all granted: granted
[Sat Aug 22 01:32:49.803485 2026] [authz_core:debug] [pid 662319:tid 662319] mod_authz_core.c(815): [client 34.56.53.225:39424] AH01626: authorization result of : granted
[Sat Aug 22 01:32:49.805396 2026] [ssl:info] [pid 662511:tid 662511] (70014)End of file found: [client 2400:e920:0:2:f45d:ddff:fe00:7a:56373] AH01992: SSL library error 6 reading data
[Sat Aug 22 01:32:49.805456 2026] [ssl:debug] [pid 662511:tid 662511] ssl_engine_io.c(1150): [client 2400:e920:0:2:f45d:ddff:fe00:7a:56373] AH02001: Connection closed to child 24 with standard shutdown (server ilta.ilc.edu.tw:443)
[Sat Aug 22 01:32:49.811687 2026] [ssl:info] [pid 662487:tid 662487] (70014)End of file found: [client 2400:e920:0:2:f45d:ddff:fe00:7a:56310] AH01992: SSL library error 6 reading data
[Sat Aug 22 01:32:49.811772 2026] [ssl:debug] [pid 662487:tid 662487] ssl_engine_io.c(1150): [client 2400:e920:0:2:f45d:ddff:fe00:7a:56310] AH02001: Connection closed to child 21 with standard shutdown (server ilta.ilc.edu.tw:443)
[Sat Aug 22 01:32:49.853501 2026] [ssl:debug] [pid 662482:tid 662482] ssl_engine_kernel.c(254): [client 216.73.216.122:28939] AH02034: Subsequent (No.5) HTTPS request received for child 15 (server 2blog.ilc.edu.tw:443)
[Sat Aug 22 01:32:49.853769 2026] [authz_core:debug] [pid 662482:tid 662482] mod_authz_core.c(815): [client 216.73.216.122:28939] AH01626: authorization result of Require all granted: granted
[Sat Aug 22 01:32:49.853778 2026] [authz_core:debug] [pid 662482:tid 662482] mod_authz_core.c(815): [client 216.73.216.122:28939] AH01626: authorization result of : granted
[Sat Aug 22 01:32:49.853981 2026] [authz_core:debug] [pid 662482:tid 662482] mod_authz_core.c(815): [client 216.73.216.122:28939] AH01626: authorization result of Require all granted: granted
[Sat Aug 22 01:32:49.853989 2026] [authz_core:debug] [pid 662482:tid 662482] mod_authz_core.c(815): [client 216.73.216.122:28939] AH01626: authorization result of : granted
[Sat Aug 22 01:32:49.923719 2026] [ssl:debug] [pid 662489:tid 662489] ssl_engine_kernel.c(254): [client 216.73.216.122:11859] AH02034: Subsequent (No.11) HTTPS request received for child 23 (server 2blog.ilc.edu.tw:443)
[Sat Aug 22 01:32:49.923957 2026] [authz_core:debug] [pid 662489:tid 662489] mod_authz_core.c(815): [client 216.73.216.122:11859] AH01626: authorization result of Require all granted: granted
[Sat Aug 22 01:32:49.923965 2026] [authz_core:debug] [pid 662489:tid 662489] mod_authz_core.c(815): [client 216.73.216.122:11859] AH01626: authorization result of : granted
[Sat Aug 22 01:32:49.924106 2026] [authz_core:debug] [pid 662489:tid 662489] mod_authz_core.c(815): [client 216.73.216.122:11859] AH01626: authorization result of Require all granted: granted
[Sat Aug 22 01:32:49.924111 2026] [authz_core:debug] [pid 662489:tid 662489] mod_authz_core.c(815): [client 216.73.216.122:11859] AH01626: authorization result of : granted
[Sat Aug 22 01:32:50.015324 2026] [ssl:debug] [pid 662458:tid 662458] ssl_engine_kernel.c(254): [client 216.73.216.122:61730] AH02034: Subsequent (No.5) HTTPS request received for child 6 (server 2blog.ilc.edu.tw:443)
[Sat Aug 22 01:32:50.015549 2026] [authz_core:debug] [pid 662458:tid 662458] mod_authz_core.c(815): [client 216.73.216.122:61730] AH01626: authorization result of Require all granted: granted
[Sat Aug 22 01:32:50.015556 2026] [authz_core:debug] [pid 662458:tid 662458] mod_authz_core.c(815): [client 216.73.216.122:61730] AH01626: authorization result of : granted
[Sat Aug 22 01:32:50.015705 2026] [authz_core:debug] [pid 662458:tid 662458] mod_authz_core.c(815): [client 216.73.216.122:61730] AH01626: authorization result of Require all granted: granted
[Sat Aug 22 01:32:50.015710 2026] [authz_core:debug] [pid 662458:tid 662458] mod_authz_core.c(815): [client 216.73.216.122:61730] AH01626: authorization result of : granted
[Sat Aug 22 01:32:50.106705 2026] [ssl:debug] [pid 662484:tid 662484] ssl_engine_kernel.c(254): [client 216.73.216.122:9550] AH02034: Subsequent (No.4) HTTPS request received for child 20 (server 2blog.ilc.edu.tw:443)
[Sat Aug 22 01:32:50.106999 2026] [authz_core:debug] [pid 662484:tid 662484] mod_authz_core.c(815): [client 216.73.216.122:9550] AH01626: authorization result of Require all granted: granted
[Sat Aug 22 01:32:50.107006 2026] [authz_core:debug] [pid 662484:tid 662484] mod_authz_core.c(815): [client 216.73.216.122:9550] AH01626: authorization result of : granted
[Sat Aug 22 01:32:50.107128 2026] [authz_core:debug] [pid 662484:tid 662484] mod_authz_core.c(815): [client 216.73.216.122:9550] AH01626: authorization result of Require all granted: granted
[Sat Aug 22 01:32:50.107134 2026] [authz_core:debug] [pid 662484:tid 662484] mod_authz_core.c(815): [client 216.73.216.122:9550] AH01626: authorization result of : granted
[Sat Aug 22 01:32:50.196814 2026] [ssl:debug] [pid 662507:tid 662507] ssl_engine_kernel.c(254): [client 216.73.216.122:28252] AH02034: Subsequent (No.7) HTTPS request received for child 1 (server 2blog.ilc.edu.tw:443)
[Sat Aug 22 01:32:50.197013 2026] [authz_core:debug] [pid 662507:tid 662507] mod_authz_core.c(815): [client 216.73.216.122:28252] AH01626: authorization result of Require all granted: granted
[Sat Aug 22 01:32:50.197018 2026] [authz_core:debug] [pid 662507:tid 662507] mod_authz_core.c(815): [client 216.73.216.122:28252] AH01626: authorization result of : granted
[Sat Aug 22 01:32:50.197126 2026] [authz_core:debug] [pid 662507:tid 662507] mod_authz_core.c(815): [client 216.73.216.122:28252] AH01626: authorization result of Require all granted: granted
[Sat Aug 22 01:32:50.197130 2026] [authz_core:debug] [pid 662507:tid 662507] mod_authz_core.c(815): [client 216.73.216.122:28252] AH01626: authorization result of : granted
[Sat Aug 22 01:32:50.249539 2026] [authz_core:debug] [pid 662512:tid 662512] mod_authz_core.c(815): [client 66.249.71.9:40468] AH01626: authorization result of Require all granted: granted
[Sat Aug 22 01:32:50.249577 2026] [authz_core:debug] [pid 662512:tid 662512] mod_authz_core.c(815): [client 66.249.71.9:40468] AH01626: authorization result of : granted
[Sat Aug 22 01:32:50.288727 2026] [ssl:debug] [pid 662343:tid 662343] ssl_engine_kernel.c(254): [client 216.73.216.122:21425] AH02034: Subsequent (No.11) HTTPS request received for child 26 (server 2blog.ilc.edu.tw:443)
[Sat Aug 22 01:32:50.288938 2026] [authz_core:debug] [pid 662343:tid 662343] mod_authz_core.c(815): [client 216.73.216.122:21425] AH01626: authorization result of Require all granted: granted
[Sat Aug 22 01:32:50.288946 2026] [authz_core:debug] [pid 662343:tid 662343] mod_authz_core.c(815): [client 216.73.216.122:21425] AH01626: authorization result of : granted
[Sat Aug 22 01:32:50.289076 2026] [authz_core:debug] [pid 662343:tid 662343] mod_authz_core.c(815): [client 216.73.216.122:21425] AH01626: authorization result of Require all granted: granted
[Sat Aug 22 01:32:50.289080 2026] [authz_core:debug] [pid 662343:tid 662343] mod_authz_core.c(815): [client 216.73.216.122:21425] AH01626: authorization result of : granted
[Sat Aug 22 01:32:50.368724 2026] [ssl:debug] [pid 662482:tid 662482] ssl_engine_kernel.c(254): [client 216.73.216.122:28939] AH02034: Subsequent (No.6) HTTPS request received for child 15 (server 2blog.ilc.edu.tw:443)
[Sat Aug 22 01:32:50.368920 2026] [authz_core:debug] [pid 662482:tid 662482] mod_authz_core.c(815): [client 216.73.216.122:28939] AH01626: authorization result of Require all granted: granted
[Sat Aug 22 01:32:50.368927 2026] [authz_core:debug] [pid 662482:tid 662482] mod_authz_core.c(815): [client 216.73.216.122:28939] AH01626: authorization result of : granted
[Sat Aug 22 01:32:50.369092 2026] [authz_core:debug] [pid 662482:tid 662482] mod_authz_core.c(815): [client 216.73.216.122:28939] AH01626: authorization result of Require all granted: granted
[Sat Aug 22 01:32:50.369099 2026] [authz_core:debug] [pid 662482:tid 662482] mod_authz_core.c(815): [client 216.73.216.122:28939] AH01626: authorization result of : granted
[Sat Aug 22 01:32:50.438163 2026] [deflate:debug] [pid 662343:tid 662343] mod_deflate.c(909): [client 216.73.216.122:21425] AH01384: Zlib: Compressed 50457 to 9430 : URL /index.php
[Sat Aug 22 01:32:50.468859 2026] [ssl:debug] [pid 662458:tid 662458] ssl_engine_kernel.c(254): [client 216.73.216.122:61730] AH02034: Subsequent (No.6) HTTPS request received for child 6 (server 2blog.ilc.edu.tw:443)
[Sat Aug 22 01:32:50.469096 2026] [authz_core:debug] [pid 662458:tid 662458] mod_authz_core.c(815): [client 216.73.216.122:61730] AH01626: authorization result of Require all granted: granted
[Sat Aug 22 01:32:50.469103 2026] [authz_core:debug] [pid 662458:tid 662458] mod_authz_core.c(815): [client 216.73.216.122:61730] AH01626: authorization result of : granted
[Sat Aug 22 01:32:50.469259 2026] [authz_core:debug] [pid 662458:tid 662458] mod_authz_core.c(815): [client 216.73.216.122:61730] AH01626: authorization result of Require all granted: granted
[Sat Aug 22 01:32:50.469263 2026] [authz_core:debug] [pid 662458:tid 662458] mod_authz_core.c(815): [client 216.73.216.122:61730] AH01626: authorization result of : granted
