[Sat Aug 22 01:32:36.101975 2026] [ssl:debug] [pid 662319:tid 662319] ssl_engine_kernel.c(254): [client 216.73.216.122:4464] AH02034: Subsequent (No.10) HTTPS request received for child 5 (server 2blog.ilc.edu.tw:443)
[Sat Aug 22 01:32:36.102254 2026] [authz_core:debug] [pid 662319:tid 662319] mod_authz_core.c(815): [client 216.73.216.122:4464] AH01626: authorization result of Require all granted: granted
[Sat Aug 22 01:32:36.102274 2026] [authz_core:debug] [pid 662319:tid 662319] mod_authz_core.c(815): [client 216.73.216.122:4464] AH01626: authorization result of : granted
[Sat Aug 22 01:32:36.102515 2026] [authz_core:debug] [pid 662319:tid 662319] mod_authz_core.c(815): [client 216.73.216.122:4464] AH01626: authorization result of Require all granted: granted
[Sat Aug 22 01:32:36.102523 2026] [authz_core:debug] [pid 662319:tid 662319] mod_authz_core.c(815): [client 216.73.216.122:4464] AH01626: authorization result of : granted
[Sat Aug 22 01:32:36.194509 2026] [ssl:debug] [pid 662481:tid 662481] ssl_engine_kernel.c(254): [client 216.73.216.122:29620] AH02034: Subsequent (No.4) HTTPS request received for child 14 (server 2blog.ilc.edu.tw:443)
[Sat Aug 22 01:32:36.194691 2026] [authz_core:debug] [pid 662481:tid 662481] mod_authz_core.c(815): [client 216.73.216.122:29620] AH01626: authorization result of Require all granted: granted
[Sat Aug 22 01:32:36.194696 2026] [authz_core:debug] [pid 662481:tid 662481] mod_authz_core.c(815): [client 216.73.216.122:29620] AH01626: authorization result of : granted
[Sat Aug 22 01:32:36.194806 2026] [authz_core:debug] [pid 662481:tid 662481] mod_authz_core.c(815): [client 216.73.216.122:29620] AH01626: authorization result of Require all granted: granted
[Sat Aug 22 01:32:36.194810 2026] [authz_core:debug] [pid 662481:tid 662481] mod_authz_core.c(815): [client 216.73.216.122:29620] AH01626: authorization result of : granted
[Sat Aug 22 01:32:36.250902 2026] [ssl:debug] [pid 662457:tid 662457] ssl_engine_kernel.c(254): [client 2409:8c54:b000:901::202:44946] AH02034: Subsequent (No.5) HTTPS request received for child 3 (server ilta.ilc.edu.tw:443), referer: https://ilta.ilc.edu.tw/2010/04/09/
[Sat Aug 22 01:32:36.251109 2026] [authz_core:debug] [pid 662457:tid 662457] mod_authz_core.c(815): [client 2409:8c54:b000:901::202:44946] AH01626: authorization result of Require all granted: granted, referer: https://ilta.ilc.edu.tw/2010/04/09/
[Sat Aug 22 01:32:36.251123 2026] [authz_core:debug] [pid 662457:tid 662457] mod_authz_core.c(815): [client 2409:8c54:b000:901::202:44946] AH01626: authorization result of : granted, referer: https://ilta.ilc.edu.tw/2010/04/09/
[Sat Aug 22 01:32:36.252887 2026] [php7:notice] [pid 662488:tid 662488] [client 34.42.229.145:52224] [WP STATISTICS] [ERROR]: Error opening database file (/var/www/html/2blog/wp-content/uploads/sites/1249/wp-statistics/GeoLite2-City.mmdb). Is this a valid MaxMind DB file?
[Sat Aug 22 01:32:36.259601 2026] [deflate:debug] [pid 662457:tid 662457] mod_deflate.c(909): [client 2409:8c54:b000:901::202:44946] AH01384: Zlib: Compressed 349937 to 59618 : URL /wp-content/cache/ilta.ilc.edu.tw/wpfc-minified/7vo8n6iy/6wvk.css, referer: https://ilta.ilc.edu.tw/2010/04/09/
[Sat Aug 22 01:32:36.272438 2026] [ssl:debug] [pid 661945:tid 661945] ssl_engine_kernel.c(254): [client 216.73.216.122:34325] AH02034: Subsequent (No.11) HTTPS request received for child 4 (server 2blog.ilc.edu.tw:443)
[Sat Aug 22 01:32:36.272675 2026] [authz_core:debug] [pid 661945:tid 661945] mod_authz_core.c(815): [client 216.73.216.122:34325] AH01626: authorization result of Require all granted: granted
[Sat Aug 22 01:32:36.272684 2026] [authz_core:debug] [pid 661945:tid 661945] mod_authz_core.c(815): [client 216.73.216.122:34325] AH01626: authorization result of : granted
[Sat Aug 22 01:32:36.272864 2026] [authz_core:debug] [pid 661945:tid 661945] mod_authz_core.c(815): [client 216.73.216.122:34325] AH01626: authorization result of Require all granted: granted
[Sat Aug 22 01:32:36.272872 2026] [authz_core:debug] [pid 661945:tid 661945] mod_authz_core.c(815): [client 216.73.216.122:34325] AH01626: authorization result of : granted
[Sat Aug 22 01:32:36.366773 2026] [ssl:debug] [pid 662458:tid 662458] ssl_engine_kernel.c(254): [client 216.73.216.122:6612] AH02034: Subsequent (No.7) HTTPS request received for child 6 (server 2blog.ilc.edu.tw:443)
[Sat Aug 22 01:32:36.367017 2026] [authz_core:debug] [pid 662458:tid 662458] mod_authz_core.c(815): [client 216.73.216.122:6612] AH01626: authorization result of Require all granted: granted
[Sat Aug 22 01:32:36.367024 2026] [authz_core:debug] [pid 662458:tid 662458] mod_authz_core.c(815): [client 216.73.216.122:6612] AH01626: authorization result of : granted
[Sat Aug 22 01:32:36.367139 2026] [authz_core:debug] [pid 662458:tid 662458] mod_authz_core.c(815): [client 216.73.216.122:6612] AH01626: authorization result of Require all granted: granted
[Sat Aug 22 01:32:36.367143 2026] [authz_core:debug] [pid 662458:tid 662458] mod_authz_core.c(815): [client 216.73.216.122:6612] AH01626: authorization result of : granted
[Sat Aug 22 01:32:36.453181 2026] [php7:notice] [pid 662488:tid 662488] [client 34.42.229.145:52224] [WP STATISTICS] [ERROR]: Error opening database file (/var/www/html/2blog/wp-content/uploads/sites/1249/wp-statistics/GeoLite2-City.mmdb). Is this a valid MaxMind DB file?
[Sat Aug 22 01:32:36.456734 2026] [ssl:debug] [pid 662375:tid 662375] ssl_engine_kernel.c(254): [client 216.73.216.122:12762] AH02034: Subsequent (No.7) HTTPS request received for child 17 (server 2blog.ilc.edu.tw:443)
[Sat Aug 22 01:32:36.456918 2026] [authz_core:debug] [pid 662375:tid 662375] mod_authz_core.c(815): [client 216.73.216.122:12762] AH01626: authorization result of Require all granted: granted
[Sat Aug 22 01:32:36.456922 2026] [authz_core:debug] [pid 662375:tid 662375] mod_authz_core.c(815): [client 216.73.216.122:12762] AH01626: authorization result of : granted
[Sat Aug 22 01:32:36.457055 2026] [authz_core:debug] [pid 662375:tid 662375] mod_authz_core.c(815): [client 216.73.216.122:12762] AH01626: authorization result of Require all granted: granted
[Sat Aug 22 01:32:36.457060 2026] [authz_core:debug] [pid 662375:tid 662375] mod_authz_core.c(815): [client 216.73.216.122:12762] AH01626: authorization result of : granted
[Sat Aug 22 01:32:36.492997 2026] [ssl:debug] [pid 662371:tid 662371] ssl_engine_io.c(1476): (70007)The timeout specified has expired: [client 240e:f7:4d0f:581::125:34870] AH02007: SSL handshake interrupted by system [Hint: Stop button pressed in browser?!]
[Sat Aug 22 01:32:36.493042 2026] [ssl:info] [pid 662371:tid 662371] [client 240e:f7:4d0f:581::125:34870] AH01998: Connection closed to child 13 with abortive shutdown (server 2blog.ilc.edu.tw:443)
[Sat Aug 22 01:32:36.538964 2026] [ssl:debug] [pid 662457:tid 662457] ssl_engine_kernel.c(254): [client 2409:8c54:b000:901::202:44946] AH02034: Subsequent (No.6) HTTPS request received for child 3 (server ilta.ilc.edu.tw:443), referer: https://ilta.ilc.edu.tw/2010/04/09/
[Sat Aug 22 01:32:36.539175 2026] [authz_core:debug] [pid 662457:tid 662457] mod_authz_core.c(815): [client 2409:8c54:b000:901::202:44946] AH01626: authorization result of Require all granted: granted, referer: https://ilta.ilc.edu.tw/2010/04/09/
[Sat Aug 22 01:32:36.539180 2026] [authz_core:debug] [pid 662457:tid 662457] mod_authz_core.c(815): [client 2409:8c54:b000:901::202:44946] AH01626: authorization result of : granted, referer: https://ilta.ilc.edu.tw/2010/04/09/
[Sat Aug 22 01:32:36.543823 2026] [deflate:debug] [pid 662457:tid 662457] mod_deflate.c(909): [client 2409:8c54:b000:901::202:44946] AH01384: Zlib: Compressed 101288 to 34518 : URL /wp-content/cache/ilta.ilc.edu.tw/wpfc-minified/1qjpbzp9/6wvk.js, referer: https://ilta.ilc.edu.tw/2010/04/09/
[Sat Aug 22 01:32:36.553396 2026] [deflate:debug] [pid 662488:tid 662488] mod_deflate.c(909): [client 34.42.229.145:52224] AH01384: Zlib: Compressed 63696 to 13145 : URL /index.php
[Sat Aug 22 01:32:36.557384 2026] [ssl:debug] [pid 662319:tid 662319] ssl_engine_kernel.c(254): [client 216.73.216.122:4464] AH02034: Subsequent (No.11) HTTPS request received for child 5 (server 2blog.ilc.edu.tw:443)
[Sat Aug 22 01:32:36.557561 2026] [authz_core:debug] [pid 662319:tid 662319] mod_authz_core.c(815): [client 216.73.216.122:4464] AH01626: authorization result of Require all granted: granted
[Sat Aug 22 01:32:36.557566 2026] [authz_core:debug] [pid 662319:tid 662319] mod_authz_core.c(815): [client 216.73.216.122:4464] AH01626: authorization result of : granted
[Sat Aug 22 01:32:36.557672 2026] [authz_core:debug] [pid 662319:tid 662319] mod_authz_core.c(815): [client 216.73.216.122:4464] AH01626: authorization result of Require all granted: granted
[Sat Aug 22 01:32:36.557675 2026] [authz_core:debug] [pid 662319:tid 662319] mod_authz_core.c(815): [client 216.73.216.122:4464] AH01626: authorization result of : granted
[Sat Aug 22 01:32:36.653340 2026] [ssl:debug] [pid 662481:tid 662481] ssl_engine_kernel.c(254): [client 216.73.216.122:29620] AH02034: Subsequent (No.5) HTTPS request received for child 14 (server 2blog.ilc.edu.tw:443)
[Sat Aug 22 01:32:36.653536 2026] [authz_core:debug] [pid 662481:tid 662481] mod_authz_core.c(815): [client 216.73.216.122:29620] AH01626: authorization result of Require all granted: granted
[Sat Aug 22 01:32:36.653542 2026] [authz_core:debug] [pid 662481:tid 662481] mod_authz_core.c(815): [client 216.73.216.122:29620] AH01626: authorization result of : granted
[Sat Aug 22 01:32:36.653652 2026] [authz_core:debug] [pid 662481:tid 662481] mod_authz_core.c(815): [client 216.73.216.122:29620] AH01626: authorization result of Require all granted: granted
[Sat Aug 22 01:32:36.653656 2026] [authz_core:debug] [pid 662481:tid 662481] mod_authz_core.c(815): [client 216.73.216.122:29620] AH01626: authorization result of : granted
[Sat Aug 22 01:32:36.676592 2026] [deflate:debug] [pid 662481:tid 662481] mod_deflate.c(909): [client 216.73.216.122:29620] AH01384: Zlib: Compressed 65621 to 14170 : URL /index.php
[Sat Aug 22 01:32:36.733190 2026] [ssl:debug] [pid 661945:tid 661945] ssl_engine_kernel.c(254): [client 216.73.216.122:34325] AH02034: Subsequent (No.12) HTTPS request received for child 4 (server 2blog.ilc.edu.tw:443)
[Sat Aug 22 01:32:36.733393 2026] [authz_core:debug] [pid 661945:tid 661945] mod_authz_core.c(815): [client 216.73.216.122:34325] AH01626: authorization result of Require all granted: granted
[Sat Aug 22 01:32:36.733405 2026] [authz_core:debug] [pid 661945:tid 661945] mod_authz_core.c(815): [client 216.73.216.122:34325] AH01626: authorization result of : granted
[Sat Aug 22 01:32:36.733552 2026] [authz_core:debug] [pid 661945:tid 661945] mod_authz_core.c(815): [client 216.73.216.122:34325] AH01626: authorization result of Require all granted: granted
[Sat Aug 22 01:32:36.733560 2026] [authz_core:debug] [pid 661945:tid 661945] mod_authz_core.c(815): [client 216.73.216.122:34325] AH01626: authorization result of : granted
[Sat Aug 22 01:32:36.791213 2026] [ssl:debug] [pid 662457:tid 662457] ssl_engine_kernel.c(254): [client 2409:8c54:b000:901::202:44946] AH02034: Subsequent (No.7) HTTPS request received for child 3 (server ilta.ilc.edu.tw:443), referer: https://ilta.ilc.edu.tw/2010/04/09/
[Sat Aug 22 01:32:36.791404 2026] [authz_core:debug] [pid 662457:tid 662457] mod_authz_core.c(815): [client 2409:8c54:b000:901::202:44946] AH01626: authorization result of Require all granted: granted, referer: https://ilta.ilc.edu.tw/2010/04/09/
[Sat Aug 22 01:32:36.791411 2026] [authz_core:debug] [pid 662457:tid 662457] mod_authz_core.c(815): [client 2409:8c54:b000:901::202:44946] AH01626: authorization result of : granted, referer: https://ilta.ilc.edu.tw/2010/04/09/
[Sat Aug 22 01:32:36.791605 2026] [deflate:debug] [pid 662457:tid 662457] mod_deflate.c(909): [client 2409:8c54:b000:901::202:44946] AH01384: Zlib: Compressed 1718 to 700 : URL /wp-includes/js/hoverintent-js.min.js, referer: https://ilta.ilc.edu.tw/2010/04/09/
[Sat Aug 22 01:32:36.827666 2026] [ssl:debug] [pid 662458:tid 662458] ssl_engine_kernel.c(254): [client 216.73.216.122:6612] AH02034: Subsequent (No.8) HTTPS request received for child 6 (server 2blog.ilc.edu.tw:443)
[Sat Aug 22 01:32:36.827846 2026] [authz_core:debug] [pid 662458:tid 662458] mod_authz_core.c(815): [client 216.73.216.122:6612] AH01626: authorization result of Require all granted: granted
[Sat Aug 22 01:32:36.827851 2026] [authz_core:debug] [pid 662458:tid 662458] mod_authz_core.c(815): [client 216.73.216.122:6612] AH01626: authorization result of : granted
[Sat Aug 22 01:32:36.827959 2026] [authz_core:debug] [pid 662458:tid 662458] mod_authz_core.c(815): [client 216.73.216.122:6612] AH01626: authorization result of Require all granted: granted
[Sat Aug 22 01:32:36.827963 2026] [authz_core:debug] [pid 662458:tid 662458] mod_authz_core.c(815): [client 216.73.216.122:6612] AH01626: authorization result of : granted
[Sat Aug 22 01:32:36.929331 2026] [ssl:debug] [pid 662481:tid 662481] ssl_engine_kernel.c(254): [client 216.73.216.122:29620] AH02034: Subsequent (No.6) HTTPS request received for child 14 (server 2blog.ilc.edu.tw:443)
[Sat Aug 22 01:32:36.929536 2026] [authz_core:debug] [pid 662481:tid 662481] mod_authz_core.c(815): [client 216.73.216.122:29620] AH01626: authorization result of Require all granted: granted
[Sat Aug 22 01:32:36.929544 2026] [authz_core:debug] [pid 662481:tid 662481] mod_authz_core.c(815): [client 216.73.216.122:29620] AH01626: authorization result of : granted
[Sat Aug 22 01:32:36.929662 2026] [authz_core:debug] [pid 662481:tid 662481] mod_authz_core.c(815): [client 216.73.216.122:29620] AH01626: authorization result of Require all granted: granted
[Sat Aug 22 01:32:36.929667 2026] [authz_core:debug] [pid 662481:tid 662481] mod_authz_core.c(815): [client 216.73.216.122:29620] AH01626: authorization result of : granted
[Sat Aug 22 01:32:37.019701 2026] [ssl:debug] [pid 662319:tid 662319] ssl_engine_kernel.c(254): [client 216.73.216.122:4464] AH02034: Subsequent (No.12) HTTPS request received for child 5 (server 2blog.ilc.edu.tw:443)
[Sat Aug 22 01:32:37.019894 2026] [authz_core:debug] [pid 662319:tid 662319] mod_authz_core.c(815): [client 216.73.216.122:4464] AH01626: authorization result of Require all granted: granted
[Sat Aug 22 01:32:37.019901 2026] [authz_core:debug] [pid 662319:tid 662319] mod_authz_core.c(815): [client 216.73.216.122:4464] AH01626: authorization result of : granted
[Sat Aug 22 01:32:37.020076 2026] [authz_core:debug] [pid 662319:tid 662319] mod_authz_core.c(815): [client 216.73.216.122:4464] AH01626: authorization result of Require all granted: granted
[Sat Aug 22 01:32:37.020084 2026] [authz_core:debug] [pid 662319:tid 662319] mod_authz_core.c(815): [client 216.73.216.122:4464] AH01626: authorization result of : granted
[Sat Aug 22 01:32:37.061645 2026] [ssl:debug] [pid 662457:tid 662457] ssl_engine_kernel.c(254): [client 2409:8c54:b000:901::202:44946] AH02034: Subsequent (No.8) HTTPS request received for child 3 (server ilta.ilc.edu.tw:443), referer: https://ilta.ilc.edu.tw/2010/04/09/
[Sat Aug 22 01:32:37.061835 2026] [authz_core:debug] [pid 662457:tid 662457] mod_authz_core.c(815): [client 2409:8c54:b000:901::202:44946] AH01626: authorization result of Require all granted: granted, referer: https://ilta.ilc.edu.tw/2010/04/09/
[Sat Aug 22 01:32:37.061839 2026] [authz_core:debug] [pid 662457:tid 662457] mod_authz_core.c(815): [client 2409:8c54:b000:901::202:44946] AH01626: authorization result of : granted, referer: https://ilta.ilc.edu.tw/2010/04/09/
[Sat Aug 22 01:32:37.062112 2026] [deflate:debug] [pid 662457:tid 662457] mod_deflate.c(909): [client 2409:8c54:b000:901::202:44946] AH01384: Zlib: Compressed 3487 to 1339 : URL /wp-includes/js/admin-bar.min.js, referer: https://ilta.ilc.edu.tw/2010/04/09/
[Sat Aug 22 01:32:37.079764 2026] [deflate:debug] [pid 662481:tid 662481] mod_deflate.c(909): [client 216.73.216.122:29620] AH01384: Zlib: Compressed 46845 to 10460 : URL /index.php
[Sat Aug 22 01:32:37.099603 2026] [ssl:debug] [pid 662375:tid 662375] ssl_engine_kernel.c(254): [client 216.73.216.122:12762] AH02034: Subsequent (No.8) HTTPS request received for child 17 (server 2blog.ilc.edu.tw:443)
[Sat Aug 22 01:32:37.099795 2026] [authz_core:debug] [pid 662375:tid 662375] mod_authz_core.c(815): [client 216.73.216.122:12762] AH01626: authorization result of Require all granted: granted
[Sat Aug 22 01:32:37.099799 2026] [authz_core:debug] [pid 662375:tid 662375] mod_authz_core.c(815): [client 216.73.216.122:12762] AH01626: authorization result of : granted
[Sat Aug 22 01:32:37.099904 2026] [authz_core:debug] [pid 662375:tid 662375] mod_authz_core.c(815): [client 216.73.216.122:12762] AH01626: authorization result of Require all granted: granted
[Sat Aug 22 01:32:37.099908 2026] [authz_core:debug] [pid 662375:tid 662375] mod_authz_core.c(815): [client 216.73.216.122:12762] AH01626: authorization result of : granted
[Sat Aug 22 01:32:37.190504 2026] [ssl:debug] [pid 661945:tid 661945] ssl_engine_kernel.c(254): [client 216.73.216.122:34325] AH02034: Subsequent (No.13) HTTPS request received for child 4 (server 2blog.ilc.edu.tw:443)
[Sat Aug 22 01:32:37.190714 2026] [authz_core:debug] [pid 661945:tid 661945] mod_authz_core.c(815): [client 216.73.216.122:34325] AH01626: authorization result of Require all granted: granted
[Sat Aug 22 01:32:37.190721 2026] [authz_core:debug] [pid 661945:tid 661945] mod_authz_core.c(815): [client 216.73.216.122:34325] AH01626: authorization result of : granted
[Sat Aug 22 01:32:37.190830 2026] [authz_core:debug] [pid 661945:tid 661945] mod_authz_core.c(815): [client 216.73.216.122:34325] AH01626: authorization result of Require all granted: granted
[Sat Aug 22 01:32:37.190834 2026] [authz_core:debug] [pid 661945:tid 661945] mod_authz_core.c(815): [client 216.73.216.122:34325] AH01626: authorization result of : granted
[Sat Aug 22 01:32:37.285967 2026] [ssl:debug] [pid 662458:tid 662458] ssl_engine_kernel.c(254): [client 216.73.216.122:6612] AH02034: Subsequent (No.9) HTTPS request received for child 6 (server 2blog.ilc.edu.tw:443)
[Sat Aug 22 01:32:37.286157 2026] [authz_core:debug] [pid 662458:tid 662458] mod_authz_core.c(815): [client 216.73.216.122:6612] AH01626: authorization result of Require all granted: granted
[Sat Aug 22 01:32:37.286163 2026] [authz_core:debug] [pid 662458:tid 662458] mod_authz_core.c(815): [client 216.73.216.122:6612] AH01626: authorization result of : granted
[Sat Aug 22 01:32:37.286276 2026] [authz_core:debug] [pid 662458:tid 662458] mod_authz_core.c(815): [client 216.73.216.122:6612] AH01626: authorization result of Require all granted: granted
[Sat Aug 22 01:32:37.286280 2026] [authz_core:debug] [pid 662458:tid 662458] mod_authz_core.c(815): [client 216.73.216.122:6612] AH01626: authorization result of : granted
[Sat Aug 22 01:32:37.302685 2026] [ssl:info] [pid 662383:tid 662383] (104)Connection reset by peer: [client 2001:b011:7803:3948:214e:627:2d94:a06f:63134] AH01991: SSL input filter read failed.
[Sat Aug 22 01:32:37.302752 2026] [ssl:debug] [pid 662383:tid 662383] ssl_engine_io.c(1150): [client 2001:b011:7803:3948:214e:627:2d94:a06f:63134] AH02001: Connection closed to child 29 with standard shutdown (server www.dsjh.ilc.edu.tw:443)
[Sat Aug 22 01:32:37.321222 2026] [deflate:debug] [pid 661945:tid 661945] mod_deflate.c(909): [client 216.73.216.122:34325] AH01384: Zlib: Compressed 34578 to 8552 : URL /index.php
[Sat Aug 22 01:32:37.325035 2026] [ssl:debug] [pid 662456:tid 662456] ssl_engine_io.c(1150): [client 216.73.216.122:48881] AH02001: Connection closed to child 2 with standard shutdown (server 2blog.ilc.edu.tw:443)
[Sat Aug 22 01:32:37.340715 2026] [ssl:debug] [pid 662457:tid 662457] ssl_engine_kernel.c(254): [client 2409:8c54:b000:901::202:44946] AH02034: Subsequent (No.9) HTTPS request received for child 3 (server ilta.ilc.edu.tw:443), referer: https://ilta.ilc.edu.tw/2010/04/09/
[Sat Aug 22 01:32:37.340882 2026] [authz_core:debug] [pid 662457:tid 662457] mod_authz_core.c(815): [client 2409:8c54:b000:901::202:44946] AH01626: authorization result of Require all granted: granted, referer: https://ilta.ilc.edu.tw/2010/04/09/
[Sat Aug 22 01:32:37.340887 2026] [authz_core:debug] [pid 662457:tid 662457] mod_authz_core.c(815): [client 2409:8c54:b000:901::202:44946] AH01626: authorization result of : granted, referer: https://ilta.ilc.edu.tw/2010/04/09/
[Sat Aug 22 01:32:37.341162 2026] [deflate:debug] [pid 662457:tid 662457] mod_deflate.c(909): [client 2409:8c54:b000:901::202:44946] AH01384: Zlib: Compressed 5520 to 1785 : URL /wp-includes/js/imagesloaded.min.js, referer: https://ilta.ilc.edu.tw/2010/04/09/
[Sat Aug 22 01:32:37.438417 2026] [ssl:debug] [pid 662481:tid 662481] ssl_engine_kernel.c(254): [client 216.73.216.122:29620] AH02034: Subsequent (No.7) HTTPS request received for child 14 (server 2blog.ilc.edu.tw:443)
[Sat Aug 22 01:32:37.438657 2026] [authz_core:debug] [pid 662481:tid 662481] mod_authz_core.c(815): [client 216.73.216.122:29620] AH01626: authorization result of Require all granted: granted
[Sat Aug 22 01:32:37.438664 2026] [authz_core:debug] [pid 662481:tid 662481] mod_authz_core.c(815): [client 216.73.216.122:29620] AH01626: authorization result of : granted
[Sat Aug 22 01:32:37.438819 2026] [authz_core:debug] [pid 662481:tid 662481] mod_authz_core.c(815): [client 216.73.216.122:29620] AH01626: authorization result of Require all granted: granted
[Sat Aug 22 01:32:37.438824 2026] [authz_core:debug] [pid 662481:tid 662481] mod_authz_core.c(815): [client 216.73.216.122:29620] AH01626: authorization result of : granted
[Sat Aug 22 01:32:37.491319 2026] [ssl:debug] [pid 662319:tid 662319] ssl_engine_kernel.c(254): [client 216.73.216.122:4464] AH02034: Subsequent (No.13) HTTPS request received for child 5 (server 2blog.ilc.edu.tw:443)
[Sat Aug 22 01:32:37.491520 2026] [authz_core:debug] [pid 662319:tid 662319] mod_authz_core.c(815): [client 216.73.216.122:4464] AH01626: authorization result of Require all granted: granted
[Sat Aug 22 01:32:37.491527 2026] [authz_core:debug] [pid 662319:tid 662319] mod_authz_core.c(815): [client 216.73.216.122:4464] AH01626: authorization result of : granted
[Sat Aug 22 01:32:37.491657 2026] [authz_core:debug] [pid 662319:tid 662319] mod_authz_core.c(815): [client 216.73.216.122:4464] AH01626: authorization result of Require all granted: granted
[Sat Aug 22 01:32:37.491668 2026] [authz_core:debug] [pid 662319:tid 662319] mod_authz_core.c(815): [client 216.73.216.122:4464] AH01626: authorization result of : granted
[Sat Aug 22 01:32:37.554859 2026] [ssl:debug] [pid 662375:tid 662375] ssl_engine_kernel.c(254): [client 216.73.216.122:12762] AH02034: Subsequent (No.9) HTTPS request received for child 17 (server 2blog.ilc.edu.tw:443)
[Sat Aug 22 01:32:37.555033 2026] [authz_core:debug] [pid 662375:tid 662375] mod_authz_core.c(815): [client 216.73.216.122:12762] AH01626: authorization result of Require all granted: granted
[Sat Aug 22 01:32:37.555038 2026] [authz_core:debug] [pid 662375:tid 662375] mod_authz_core.c(815): [client 216.73.216.122:12762] AH01626: authorization result of : granted
[Sat Aug 22 01:32:37.555146 2026] [authz_core:debug] [pid 662375:tid 662375] mod_authz_core.c(815): [client 216.73.216.122:12762] AH01626: authorization result of Require all granted: granted
[Sat Aug 22 01:32:37.555149 2026] [authz_core:debug] [pid 662375:tid 662375] mod_authz_core.c(815): [client 216.73.216.122:12762] AH01626: authorization result of : granted
[Sat Aug 22 01:32:37.605085 2026] [ssl:debug] [pid 662390:tid 662390] ssl_engine_io.c(1150): [client 216.73.216.122:60499] AH02001: Connection closed to child 43 with standard shutdown (server 2blog.ilc.edu.tw:443)
[Sat Aug 22 01:32:37.623738 2026] [authz_core:debug] [pid 662492:tid 662492] mod_authz_core.c(815): [client 2400:e920:0:2:f45d:ddff:fe00:7a:55660] AH01626: authorization result of Require all granted: granted, referer: http://ilta.ilc.edu.tw
[Sat Aug 22 01:32:37.623785 2026] [authz_core:debug] [pid 662492:tid 662492] mod_authz_core.c(815): [client 2400:e920:0:2:f45d:ddff:fe00:7a:55660] AH01626: authorization result of : granted, referer: http://ilta.ilc.edu.tw
[Sat Aug 22 01:32:37.625226 2026] [ssl:debug] [pid 662457:tid 662457] ssl_engine_kernel.c(254): [client 2409:8c54:b000:901::202:44946] AH02034: Subsequent (No.10) HTTPS request received for child 3 (server ilta.ilc.edu.tw:443), referer: https://ilta.ilc.edu.tw/2010/04/09/
[Sat Aug 22 01:32:37.625395 2026] [authz_core:debug] [pid 662457:tid 662457] mod_authz_core.c(815): [client 2409:8c54:b000:901::202:44946] AH01626: authorization result of Require all granted: granted, referer: https://ilta.ilc.edu.tw/2010/04/09/
[Sat Aug 22 01:32:37.625400 2026] [authz_core:debug] [pid 662457:tid 662457] mod_authz_core.c(815): [client 2409:8c54:b000:901::202:44946] AH01626: authorization result of : granted, referer: https://ilta.ilc.edu.tw/2010/04/09/
[Sat Aug 22 01:32:37.627030 2026] [deflate:debug] [pid 662457:tid 662457] mod_deflate.c(909): [client 2409:8c54:b000:901::202:44946] AH01384: Zlib: Compressed 57513 to 14083 : URL /wp-content/themes/oceanwp/assets/js/vendors/flickity.pkgd.min.js, referer: https://ilta.ilc.edu.tw/2010/04/09/
[Sat Aug 22 01:32:37.646107 2026] [ssl:debug] [pid 661945:tid 661945] ssl_engine_kernel.c(254): [client 216.73.216.122:34325] AH02034: Subsequent (No.14) HTTPS request received for child 4 (server 2blog.ilc.edu.tw:443)
[Sat Aug 22 01:32:37.646291 2026] [authz_core:debug] [pid 661945:tid 661945] mod_authz_core.c(815): [client 216.73.216.122:34325] AH01626: authorization result of Require all granted: granted
[Sat Aug 22 01:32:37.646297 2026] [authz_core:debug] [pid 661945:tid 661945] mod_authz_core.c(815): [client 216.73.216.122:34325] AH01626: authorization result of : granted
[Sat Aug 22 01:32:37.646450 2026] [authz_core:debug] [pid 661945:tid 661945] mod_authz_core.c(815): [client 216.73.216.122:34325] AH01626: authorization result of Require all granted: granted
[Sat Aug 22 01:32:37.646456 2026] [authz_core:debug] [pid 661945:tid 661945] mod_authz_core.c(815): [client 216.73.216.122:34325] AH01626: authorization result of : granted
[Sat Aug 22 01:32:37.673057 2026] [ssl:debug] [pid 662386:tid 662386] ssl_engine_io.c(1150): [client 216.73.216.122:43901] AH02001: Connection closed to child 36 with standard shutdown (server 2blog.ilc.edu.tw:443)
[Sat Aug 22 01:32:37.673905 2026] [ssl:debug] [pid 662377:tid 662377] ssl_engine_io.c(1150): [client 216.73.216.122:34617] AH02001: Connection closed to child 19 with standard shutdown (server 2blog.ilc.edu.tw:443)
[Sat Aug 22 01:32:37.736526 2026] [ssl:debug] [pid 662458:tid 662458] ssl_engine_kernel.c(254): [client 216.73.216.122:6612] AH02034: Subsequent (No.10) HTTPS request received for child 6 (server 2blog.ilc.edu.tw:443)
[Sat Aug 22 01:32:37.736727 2026] [authz_core:debug] [pid 662458:tid 662458] mod_authz_core.c(815): [client 216.73.216.122:6612] AH01626: authorization result of Require all granted: granted
[Sat Aug 22 01:32:37.736733 2026] [authz_core:debug] [pid 662458:tid 662458] mod_authz_core.c(815): [client 216.73.216.122:6612] AH01626: authorization result of : granted
[Sat Aug 22 01:32:37.736848 2026] [authz_core:debug] [pid 662458:tid 662458] mod_authz_core.c(815): [client 216.73.216.122:6612] AH01626: authorization result of Require all granted: granted
[Sat Aug 22 01:32:37.736852 2026] [authz_core:debug] [pid 662458:tid 662458] mod_authz_core.c(815): [client 216.73.216.122:6612] AH01626: authorization result of : granted
[Sat Aug 22 01:32:37.829047 2026] [ssl:debug] [pid 662461:tid 662461] ssl_engine_kernel.c(254): [client 216.73.216.122:37958] AH02034: Subsequent (No.7) HTTPS request received for child 7 (server 2blog.ilc.edu.tw:443)
[Sat Aug 22 01:32:37.829291 2026] [authz_core:debug] [pid 662461:tid 662461] mod_authz_core.c(815): [client 216.73.216.122:37958] AH01626: authorization result of Require all granted: granted
[Sat Aug 22 01:32:37.829299 2026] [authz_core:debug] [pid 662461:tid 662461] mod_authz_core.c(815): [client 216.73.216.122:37958] AH01626: authorization result of : granted
[Sat Aug 22 01:32:37.829483 2026] [authz_core:debug] [pid 662461:tid 662461] mod_authz_core.c(815): [client 216.73.216.122:37958] AH01626: authorization result of Require all granted: granted
[Sat Aug 22 01:32:37.829491 2026] [authz_core:debug] [pid 662461:tid 662461] mod_authz_core.c(815): [client 216.73.216.122:37958] AH01626: authorization result of : granted
[Sat Aug 22 01:32:37.930752 2026] [ssl:debug] [pid 662319:tid 662319] ssl_engine_kernel.c(254): [client 216.73.216.122:4464] AH02034: Subsequent (No.14) HTTPS request received for child 5 (server 2blog.ilc.edu.tw:443)
[Sat Aug 22 01:32:37.931032 2026] [authz_core:debug] [pid 662319:tid 662319] mod_authz_core.c(815): [client 216.73.216.122:4464] AH01626: authorization result of Require all granted: granted
[Sat Aug 22 01:32:37.931046 2026] [authz_core:debug] [pid 662319:tid 662319] mod_authz_core.c(815): [client 216.73.216.122:4464] AH01626: authorization result of : granted
[Sat Aug 22 01:32:37.931187 2026] [authz_core:debug] [pid 662319:tid 662319] mod_authz_core.c(815): [client 216.73.216.122:4464] AH01626: authorization result of Require all granted: granted
[Sat Aug 22 01:32:37.931191 2026] [authz_core:debug] [pid 662319:tid 662319] mod_authz_core.c(815): [client 216.73.216.122:4464] AH01626: authorization result of : granted
[Sat Aug 22 01:32:37.957858 2026] [ssl:info] [pid 662493:tid 662493] [client 2400:e920:0:2:f45d:ddff:fe00:7a:55684] AH01964: Connection to child 28 established (server 2blog.ilc.edu.tw:443)
[Sat Aug 22 01:32:37.958258 2026] [ssl:debug] [pid 662493:tid 662493] ssl_engine_kernel.c(2222): [client 2400:e920:0:2:f45d:ddff:fe00:7a:55684] AH02043: SSL virtual host for servername ilta.ilc.edu.tw found
[Sat Aug 22 01:32:37.958364 2026] [core:debug] [pid 662493:tid 662493] protocol.c(2460): [client 2400:e920:0:2:f45d:ddff:fe00:7a:55684] AH03155: select protocol from , choices=http/1.1 for server ilta.ilc.edu.tw
[Sat Aug 22 01:32:38.011261 2026] [ssl:debug] [pid 662375:tid 662375] ssl_engine_kernel.c(254): [client 216.73.216.122:12762] AH02034: Subsequent (No.10) HTTPS request received for child 17 (server 2blog.ilc.edu.tw:443)
[Sat Aug 22 01:32:38.011454 2026] [authz_core:debug] [pid 662375:tid 662375] mod_authz_core.c(815): [client 216.73.216.122:12762] AH01626: authorization result of Require all granted: granted
[Sat Aug 22 01:32:38.011467 2026] [authz_core:debug] [pid 662375:tid 662375] mod_authz_core.c(815): [client 216.73.216.122:12762] AH01626: authorization result of : granted
[Sat Aug 22 01:32:38.011578 2026] [authz_core:debug] [pid 662375:tid 662375] mod_authz_core.c(815): [client 216.73.216.122:12762] AH01626: authorization result of Require all granted: granted
[Sat Aug 22 01:32:38.011582 2026] [authz_core:debug] [pid 662375:tid 662375] mod_authz_core.c(815): [client 216.73.216.122:12762] AH01626: authorization result of : granted
[Sat Aug 22 01:32:38.070022 2026] [ssl:debug] [pid 662493:tid 662493] ssl_engine_kernel.c(2082): [client 2400:e920:0:2:f45d:ddff:fe00:7a:55684] AH02041: Protocol: TLSv1.3, Cipher: TLS_AES_256_GCM_SHA384 (256/256 bits)
[Sat Aug 22 01:32:38.070098 2026] [socache_shmcb:debug] [pid 662493:tid 662493] mod_socache_shmcb.c(508): AH00831: socache_shmcb_store (0x36 -> subcache 22)
[Sat Aug 22 01:32:38.070111 2026] [socache_shmcb:debug] [pid 662493:tid 662493] mod_socache_shmcb.c(860): AH00847: insert happened at idx=87, data=(3955:3987)
[Sat Aug 22 01:32:38.070114 2026] [socache_shmcb:debug] [pid 662493:tid 662493] mod_socache_shmcb.c(863): AH00848: finished insert, subcache: idx_pos/idx_used=39/49, data_pos/data_used=7138/10905
[Sat Aug 22 01:32:38.070116 2026] [socache_shmcb:debug] [pid 662493:tid 662493] mod_socache_shmcb.c(530): AH00834: leaving socache_shmcb_store successfully
[Sat Aug 22 01:32:38.070176 2026] [socache_shmcb:debug] [pid 662493:tid 662493] mod_socache_shmcb.c(508): AH00831: socache_shmcb_store (0x08 -> subcache 8)
[Sat Aug 22 01:32:38.070185 2026] [socache_shmcb:debug] [pid 662493:tid 662493] mod_socache_shmcb.c(860): AH00847: insert happened at idx=12, data=(7121:7153)
[Sat Aug 22 01:32:38.070187 2026] [socache_shmcb:debug] [pid 662493:tid 662493] mod_socache_shmcb.c(863): AH00848: finished insert, subcache: idx_pos/idx_used=52/49, data_pos/data_used=10261/10949
[Sat Aug 22 01:32:38.070189 2026] [socache_shmcb:debug] [pid 662493:tid 662493] mod_socache_shmcb.c(530): AH00834: leaving socache_shmcb_store successfully
[Sat Aug 22 01:32:38.070475 2026] [ssl:debug] [pid 662493:tid 662493] ssl_engine_kernel.c(254): [client 2400:e920:0:2:f45d:ddff:fe00:7a:55684] AH02034: Initial (No.1) HTTPS request received for child 28 (server ilta.ilc.edu.tw:443), referer: http://ilta.ilc.edu.tw
[Sat Aug 22 01:32:38.070733 2026] [authz_core:debug] [pid 662493:tid 662493] mod_authz_core.c(815): [client 2400:e920:0:2:f45d:ddff:fe00:7a:55684] AH01626: authorization result of Require all granted: granted, referer: http://ilta.ilc.edu.tw
[Sat Aug 22 01:32:38.070739 2026] [authz_core:debug] [pid 662493:tid 662493] mod_authz_core.c(815): [client 2400:e920:0:2:f45d:ddff:fe00:7a:55684] AH01626: authorization result of : granted, referer: http://ilta.ilc.edu.tw
[Sat Aug 22 01:32:38.113165 2026] [ssl:debug] [pid 662481:tid 662481] ssl_engine_kernel.c(254): [client 216.73.216.122:29620] AH02034: Subsequent (No.8) HTTPS request received for child 14 (server 2blog.ilc.edu.tw:443)
[Sat Aug 22 01:32:38.113423 2026] [authz_core:debug] [pid 662481:tid 662481] mod_authz_core.c(815): [client 216.73.216.122:29620] AH01626: authorization result of Require all granted: granted
[Sat Aug 22 01:32:38.113429 2026] [authz_core:debug] [pid 662481:tid 662481] mod_authz_core.c(815): [client 216.73.216.122:29620] AH01626: authorization result of : granted
[Sat Aug 22 01:32:38.113558 2026] [authz_core:debug] [pid 662481:tid 662481] mod_authz_core.c(815): [client 216.73.216.122:29620] AH01626: authorization result of Require all granted: granted
[Sat Aug 22 01:32:38.113563 2026] [authz_core:debug] [pid 662481:tid 662481] mod_authz_core.c(815): [client 216.73.216.122:29620] AH01626: authorization result of : granted
[Sat Aug 22 01:32:38.121628 2026] [headers:debug] [pid 662494:tid 662494] mod_headers.c(900): AH01503: headers: ap_headers_error_filter()
[Sat Aug 22 01:32:38.149021 2026] [ssl:info] [pid 662385:tid 662385] [client 2001:288:a201::66:125:16079] AH01964: Connection to child 35 established (server 2blog.ilc.edu.tw:443)
[Sat Aug 22 01:32:38.149204 2026] [ssl:debug] [pid 662385:tid 662385] ssl_engine_kernel.c(2252): [client 2001:288:a201::66:125:16079] AH02645: Server name not provided via TLS extension (using default/first virtual host)
[Sat Aug 22 01:32:38.149237 2026] [socache_shmcb:debug] [pid 662385:tid 662385] mod_socache_shmcb.c(545): AH00835: socache_shmcb_retrieve (0x80 -> subcache 0)
[Sat Aug 22 01:32:38.149243 2026] [socache_shmcb:debug] [pid 662385:tid 662385] mod_socache_shmcb.c(896): AH00849: match at idx=74, data=1181
[Sat Aug 22 01:32:38.149245 2026] [socache_shmcb:debug] [pid 662385:tid 662385] mod_socache_shmcb.c(556): AH00836: leaving socache_shmcb_retrieve successfully
[Sat Aug 22 01:32:38.150111 2026] [ssl:debug] [pid 662385:tid 662385] ssl_engine_kernel.c(2082): [client 2001:288:a201::66:125:16079] AH02041: Protocol: TLSv1.2, Cipher: ECDHE-RSA-AES256-GCM-SHA384 (256/256 bits)
[Sat Aug 22 01:32:38.150198 2026] [ssl:debug] [pid 662385:tid 662385] ssl_engine_kernel.c(254): [client 2001:288:a201::66:125:16079] AH02034: Initial (No.1) HTTPS request received for child 35 (server 2blog.ilc.edu.tw:443)
[Sat Aug 22 01:32:38.150341 2026] [authz_core:debug] [pid 662385:tid 662385] mod_authz_core.c(815): [client 2001:288:a201::66:125:16079] AH01626: authorization result of Require all granted: granted
[Sat Aug 22 01:32:38.150345 2026] [authz_core:debug] [pid 662385:tid 662385] mod_authz_core.c(815): [client 2001:288:a201::66:125:16079] AH01626: authorization result of : granted
[Sat Aug 22 01:32:38.150473 2026] [authz_core:debug] [pid 662385:tid 662385] mod_authz_core.c(815): [client 2001:288:a201::66:125:16079] AH01626: authorization result of Require all granted: granted
[Sat Aug 22 01:32:38.150478 2026] [authz_core:debug] [pid 662385:tid 662385] mod_authz_core.c(815): [client 2001:288:a201::66:125:16079] AH01626: authorization result of : granted
[Sat Aug 22 01:32:38.150488 2026] [php7:error] [pid 662385:tid 662385] [client 2001:288:a201::66:125:16079] script '/var/www/html/2blog/active.php' not found or unable to stat
[Sat Aug 22 01:32:38.150496 2026] [headers:debug] [pid 662385:tid 662385] mod_headers.c(900): AH01503: headers: ap_headers_error_filter()
[Sat Aug 22 01:32:38.150604 2026] [ssl:debug] [pid 662385:tid 662385] ssl_engine_io.c(1150): [client 2001:288:a201::66:125:16079] AH02001: Connection closed to child 35 with standard shutdown (server 2blog.ilc.edu.tw:443)
[Sat Aug 22 01:32:38.188316 2026] [deflate:debug] [pid 662493:tid 662493] mod_deflate.c(909): [client 2400:e920:0:2:f45d:ddff:fe00:7a:55684] AH01384: Zlib: Compressed 13605 to 5007 : URL /wp-login.php, referer: http://ilta.ilc.edu.tw
[Sat Aug 22 01:32:38.194567 2026] [ssl:debug] [pid 662458:tid 662458] ssl_engine_kernel.c(254): [client 216.73.216.122:6612] AH02034: Subsequent (No.11) HTTPS request received for child 6 (server 2blog.ilc.edu.tw:443)
[Sat Aug 22 01:32:38.194749 2026] [authz_core:debug] [pid 662458:tid 662458] mod_authz_core.c(815): [client 216.73.216.122:6612] AH01626: authorization result of Require all granted: granted
[Sat Aug 22 01:32:38.194754 2026] [authz_core:debug] [pid 662458:tid 662458] mod_authz_core.c(815): [client 216.73.216.122:6612] AH01626: authorization result of : granted
[Sat Aug 22 01:32:38.194859 2026] [authz_core:debug] [pid 662458:tid 662458] mod_authz_core.c(815): [client 216.73.216.122:6612] AH01626: authorization result of Require all granted: granted
[Sat Aug 22 01:32:38.194863 2026] [authz_core:debug] [pid 662458:tid 662458] mod_authz_core.c(815): [client 216.73.216.122:6612] AH01626: authorization result of : granted
[Sat Aug 22 01:32:38.260690 2026] [deflate:debug] [pid 662481:tid 662481] mod_deflate.c(909): [client 216.73.216.122:29620] AH01384: Zlib: Compressed 46282 to 10444 : URL /index.php
[Sat Aug 22 01:32:38.286607 2026] [ssl:debug] [pid 661945:tid 661945] ssl_engine_kernel.c(254): [client 216.73.216.122:34325] AH02034: Subsequent (No.15) HTTPS request received for child 4 (server 2blog.ilc.edu.tw:443)
[Sat Aug 22 01:32:38.286882 2026] [authz_core:debug] [pid 661945:tid 661945] mod_authz_core.c(815): [client 216.73.216.122:34325] AH01626: authorization result of Require all granted: granted
[Sat Aug 22 01:32:38.286892 2026] [authz_core:debug] [pid 661945:tid 661945] mod_authz_core.c(815): [client 216.73.216.122:34325] AH01626: authorization result of : granted
[Sat Aug 22 01:32:38.287074 2026] [authz_core:debug] [pid 661945:tid 661945] mod_authz_core.c(815): [client 216.73.216.122:34325] AH01626: authorization result of Require all granted: granted
[Sat Aug 22 01:32:38.287083 2026] [authz_core:debug] [pid 661945:tid 661945] mod_authz_core.c(815): [client 216.73.216.122:34325] AH01626: authorization result of : granted
[Sat Aug 22 01:32:38.322513 2026] [headers:debug] [pid 662483:tid 662483] mod_headers.c(900): AH01503: headers: ap_headers_error_filter()
[Sat Aug 22 01:32:38.351647 2026] [ssl:info] [pid 662475:tid 662475] [client 140.111.67.10:16086] AH01964: Connection to child 11 established (server 2blog.ilc.edu.tw:443)
[Sat Aug 22 01:32:38.351792 2026] [ssl:info] [pid 662475:tid 662475] (70014)End of file found: [client 140.111.67.10:16086] AH02006: SSL handshake stopped: connection was closed
[Sat Aug 22 01:32:38.351803 2026] [ssl:info] [pid 662475:tid 662475] [client 140.111.67.10:16086] AH01998: Connection closed to child 11 with abortive shutdown (server 2blog.ilc.edu.tw:443)
[Sat Aug 22 01:32:38.387548 2026] [ssl:debug] [pid 662319:tid 662319] ssl_engine_kernel.c(254): [client 216.73.216.122:4464] AH02034: Subsequent (No.15) HTTPS request received for child 5 (server 2blog.ilc.edu.tw:443)
[Sat Aug 22 01:32:38.387735 2026] [authz_core:debug] [pid 662319:tid 662319] mod_authz_core.c(815): [client 216.73.216.122:4464] AH01626: authorization result of Require all granted: granted
[Sat Aug 22 01:32:38.387740 2026] [authz_core:debug] [pid 662319:tid 662319] mod_authz_core.c(815): [client 216.73.216.122:4464] AH01626: authorization result of : granted
[Sat Aug 22 01:32:38.387845 2026] [authz_core:debug] [pid 662319:tid 662319] mod_authz_core.c(815): [client 216.73.216.122:4464] AH01626: authorization result of Require all granted: granted
[Sat Aug 22 01:32:38.387849 2026] [authz_core:debug] [pid 662319:tid 662319] mod_authz_core.c(815): [client 216.73.216.122:4464] AH01626: authorization result of : granted
[Sat Aug 22 01:32:38.399677 2026] [authz_core:debug] [pid 662343:tid 662343] mod_authz_core.c(815): [client 2400:e920:0:2:f45d:ddff:fe00:7a:55714] AH01626: authorization result of Require all granted: granted, referer: http://ilta.ilc.edu.tw
[Sat Aug 22 01:32:38.399702 2026] [authz_core:debug] [pid 662343:tid 662343] mod_authz_core.c(815): [client 2400:e920:0:2:f45d:ddff:fe00:7a:55714] AH01626: authorization result of : granted, referer: http://ilta.ilc.edu.tw
[Sat Aug 22 01:32:38.473048 2026] [ssl:debug] [pid 662374:tid 662374] ssl_engine_io.c(1150): [client 34.171.68.95:17408] AH02001: Connection closed to child 16 with standard shutdown (server www.wfes.ilc.edu.tw:443)
[Sat Aug 22 01:32:38.473201 2026] [ssl:debug] [pid 662375:tid 662375] ssl_engine_kernel.c(254): [client 216.73.216.122:12762] AH02034: Subsequent (No.11) HTTPS request received for child 17 (server 2blog.ilc.edu.tw:443)
[Sat Aug 22 01:32:38.473349 2026] [authz_core:debug] [pid 662375:tid 662375] mod_authz_core.c(815): [client 216.73.216.122:12762] AH01626: authorization result of Require all granted: granted
[Sat Aug 22 01:32:38.473354 2026] [authz_core:debug] [pid 662375:tid 662375] mod_authz_core.c(815): [client 216.73.216.122:12762] AH01626: authorization result of : granted
[Sat Aug 22 01:32:38.473505 2026] [authz_core:debug] [pid 662375:tid 662375] mod_authz_core.c(815): [client 216.73.216.122:12762] AH01626: authorization result of Require all granted: granted
[Sat Aug 22 01:32:38.473513 2026] [authz_core:debug] [pid 662375:tid 662375] mod_authz_core.c(815): [client 216.73.216.122:12762] AH01626: authorization result of : granted
[Sat Aug 22 01:32:38.526674 2026] [deflate:debug] [pid 662319:tid 662319] mod_deflate.c(909): [client 216.73.216.122:4464] AH01384: Zlib: Compressed 54095 to 11093 : URL /index.php
[Sat Aug 22 01:32:38.570420 2026] [ssl:debug] [pid 662481:tid 662481] ssl_engine_kernel.c(254): [client 216.73.216.122:29620] AH02034: Subsequent (No.9) HTTPS request received for child 14 (server 2blog.ilc.edu.tw:443)
[Sat Aug 22 01:32:38.570673 2026] [authz_core:debug] [pid 662481:tid 662481] mod_authz_core.c(815): [client 216.73.216.122:29620] AH01626: authorization result of Require all granted: granted
[Sat Aug 22 01:32:38.570682 2026] [authz_core:debug] [pid 662481:tid 662481] mod_authz_core.c(815): [client 216.73.216.122:29620] AH01626: authorization result of : granted
[Sat Aug 22 01:32:38.570800 2026] [authz_core:debug] [pid 662481:tid 662481] mod_authz_core.c(815): [client 216.73.216.122:29620] AH01626: authorization result of Require all granted: granted
[Sat Aug 22 01:32:38.570804 2026] [authz_core:debug] [pid 662481:tid 662481] mod_authz_core.c(815): [client 216.73.216.122:29620] AH01626: authorization result of : granted
[Sat Aug 22 01:32:38.603543 2026] [deflate:debug] [pid 662375:tid 662375] mod_deflate.c(909): [client 216.73.216.122:12762] AH01384: Zlib: Compressed 42564 to 9172 : URL /index.php
[Sat Aug 22 01:32:38.650174 2026] [ssl:debug] [pid 662461:tid 662461] ssl_engine_kernel.c(254): [client 216.73.216.122:37958] AH02034: Subsequent (No.8) HTTPS request received for child 7 (server 2blog.ilc.edu.tw:443)
[Sat Aug 22 01:32:38.650351 2026] [authz_core:debug] [pid 662461:tid 662461] mod_authz_core.c(815): [client 216.73.216.122:37958] AH01626: authorization result of Require all granted: granted
[Sat Aug 22 01:32:38.650355 2026] [authz_core:debug] [pid 662461:tid 662461] mod_authz_core.c(815): [client 216.73.216.122:37958] AH01626: authorization result of : granted
[Sat Aug 22 01:32:38.650456 2026] [authz_core:debug] [pid 662461:tid 662461] mod_authz_core.c(815): [client 216.73.216.122:37958] AH01626: authorization result of Require all granted: granted
[Sat Aug 22 01:32:38.650460 2026] [authz_core:debug] [pid 662461:tid 662461] mod_authz_core.c(815): [client 216.73.216.122:37958] AH01626: authorization result of : granted
[Sat Aug 22 01:32:38.694885 2026] [deflate:debug] [pid 662481:tid 662481] mod_deflate.c(909): [client 216.73.216.122:29620] AH01384: Zlib: Compressed 36022 to 8554 : URL /index.php
[Sat Aug 22 01:32:38.722898 2026] [ssl:info] [pid 662362:tid 662362] [client 2400:e920:0:2:f45d:ddff:fe00:7a:55726] AH01964: Connection to child 0 established (server 2blog.ilc.edu.tw:443)
[Sat Aug 22 01:32:38.723050 2026] [ssl:debug] [pid 662362:tid 662362] ssl_engine_kernel.c(2222): [client 2400:e920:0:2:f45d:ddff:fe00:7a:55726] AH02043: SSL virtual host for servername ilta.ilc.edu.tw found
[Sat Aug 22 01:32:38.723098 2026] [core:debug] [pid 662362:tid 662362] protocol.c(2460): [client 2400:e920:0:2:f45d:ddff:fe00:7a:55726] AH03155: select protocol from , choices=http/1.1 for server ilta.ilc.edu.tw
[Sat Aug 22 01:32:38.739971 2026] [ssl:debug] [pid 661945:tid 661945] ssl_engine_kernel.c(254): [client 216.73.216.122:34325] AH02034: Subsequent (No.16) HTTPS request received for child 4 (server 2blog.ilc.edu.tw:443)
[Sat Aug 22 01:32:38.740154 2026] [authz_core:debug] [pid 661945:tid 661945] mod_authz_core.c(815): [client 216.73.216.122:34325] AH01626: authorization result of Require all granted: granted
[Sat Aug 22 01:32:38.740159 2026] [authz_core:debug] [pid 661945:tid 661945] mod_authz_core.c(815): [client 216.73.216.122:34325] AH01626: authorization result of : granted
[Sat Aug 22 01:32:38.740299 2026] [authz_core:debug] [pid 661945:tid 661945] mod_authz_core.c(815): [client 216.73.216.122:34325] AH01626: authorization result of Require all granted: granted
[Sat Aug 22 01:32:38.740305 2026] [authz_core:debug] [pid 661945:tid 661945] mod_authz_core.c(815): [client 216.73.216.122:34325] AH01626: authorization result of : granted
[Sat Aug 22 01:32:38.831770 2026] [ssl:debug] [pid 662362:tid 662362] ssl_engine_kernel.c(2082): [client 2400:e920:0:2:f45d:ddff:fe00:7a:55726] AH02041: Protocol: TLSv1.3, Cipher: TLS_AES_256_GCM_SHA384 (256/256 bits)
[Sat Aug 22 01:32:38.831834 2026] [socache_shmcb:debug] [pid 662362:tid 662362] mod_socache_shmcb.c(508): AH00831: socache_shmcb_store (0xbd -> subcache 29)
[Sat Aug 22 01:32:38.831839 2026] [socache_shmcb:debug] [pid 662362:tid 662362] mod_socache_shmcb.c(745): AH00842: expiring 1 and reclaiming 0 removed socache entries
[Sat Aug 22 01:32:38.831842 2026] [socache_shmcb:debug] [pid 662362:tid 662362] mod_socache_shmcb.c(765): AH00843: we now have 51 socache entries
[Sat Aug 22 01:32:38.831844 2026] [socache_shmcb:debug] [pid 662362:tid 662362] mod_socache_shmcb.c(860): AH00847: insert happened at idx=16, data=(7637:7669)
[Sat Aug 22 01:32:38.831846 2026] [socache_shmcb:debug] [pid 662362:tid 662362] mod_socache_shmcb.c(863): AH00848: finished insert, subcache: idx_pos/idx_used=53/52, data_pos/data_used=10141/11584
[Sat Aug 22 01:32:38.831848 2026] [socache_shmcb:debug] [pid 662362:tid 662362] mod_socache_shmcb.c(530): AH00834: leaving socache_shmcb_store successfully
[Sat Aug 22 01:32:38.831958 2026] [socache_shmcb:debug] [pid 662362:tid 662362] mod_socache_shmcb.c(508): AH00831: socache_shmcb_store (0xd2 -> subcache 18)
[Sat Aug 22 01:32:38.831965 2026] [socache_shmcb:debug] [pid 662362:tid 662362] mod_socache_shmcb.c(745): AH00842: expiring 3 and reclaiming 0 removed socache entries
[Sat Aug 22 01:32:38.831966 2026] [socache_shmcb:debug] [pid 662362:tid 662362] mod_socache_shmcb.c(765): AH00843: we now have 39 socache entries
[Sat Aug 22 01:32:38.831968 2026] [socache_shmcb:debug] [pid 662362:tid 662362] mod_socache_shmcb.c(860): AH00847: insert happened at idx=77, data=(1907:1939)
[Sat Aug 22 01:32:38.831970 2026] [socache_shmcb:debug] [pid 662362:tid 662362] mod_socache_shmcb.c(863): AH00848: finished insert, subcache: idx_pos/idx_used=38/40, data_pos/data_used=7082/8913
[Sat Aug 22 01:32:38.831972 2026] [socache_shmcb:debug] [pid 662362:tid 662362] mod_socache_shmcb.c(530): AH00834: leaving socache_shmcb_store successfully
[Sat Aug 22 01:32:38.832940 2026] [ssl:debug] [pid 662375:tid 662375] ssl_engine_kernel.c(254): [client 216.73.216.122:12762] AH02034: Subsequent (No.12) HTTPS request received for child 17 (server 2blog.ilc.edu.tw:443)
[Sat Aug 22 01:32:38.833124 2026] [authz_core:debug] [pid 662375:tid 662375] mod_authz_core.c(815): [client 216.73.216.122:12762] AH01626: authorization result of Require all granted: granted
[Sat Aug 22 01:32:38.833129 2026] [authz_core:debug] [pid 662375:tid 662375] mod_authz_core.c(815): [client 216.73.216.122:12762] AH01626: authorization result of : granted
[Sat Aug 22 01:32:38.833253 2026] [authz_core:debug] [pid 662375:tid 662375] mod_authz_core.c(815): [client 216.73.216.122:12762] AH01626: authorization result of Require all granted: granted
[Sat Aug 22 01:32:38.833257 2026] [authz_core:debug] [pid 662375:tid 662375] mod_authz_core.c(815): [client 216.73.216.122:12762] AH01626: authorization result of : granted
[Sat Aug 22 01:32:38.833617 2026] [ssl:debug] [pid 662362:tid 662362] ssl_engine_kernel.c(254): [client 2400:e920:0:2:f45d:ddff:fe00:7a:55726] AH02034: Initial (No.1) HTTPS request received for child 0 (server ilta.ilc.edu.tw:443), referer: http://ilta.ilc.edu.tw
