[Sat Aug 22 01:32:38.833822 2026] [authz_core:debug] [pid 662362:tid 662362] mod_authz_core.c(815): [client 2400:e920:0:2:f45d:ddff:fe00:7a:55726] AH01626: authorization result of Require all granted: granted, referer: http://ilta.ilc.edu.tw
[Sat Aug 22 01:32:38.833828 2026] [authz_core:debug] [pid 662362:tid 662362] mod_authz_core.c(815): [client 2400:e920:0:2:f45d:ddff:fe00:7a:55726] AH01626: authorization result of : granted, referer: http://ilta.ilc.edu.tw
[Sat Aug 22 01:32:38.902330 2026] [deflate:debug] [pid 661945:tid 661945] mod_deflate.c(909): [client 216.73.216.122:34325] AH01384: Zlib: Compressed 12720 to 2161 : URL /index.php
[Sat Aug 22 01:32:38.921824 2026] [deflate:debug] [pid 662362:tid 662362] mod_deflate.c(909): [client 2400:e920:0:2:f45d:ddff:fe00:7a:55726] AH01384: Zlib: Compressed 13605 to 5006 : URL /wp-login.php, referer: http://ilta.ilc.edu.tw
[Sat Aug 22 01:32:38.933145 2026] [ssl:debug] [pid 662319:tid 662319] ssl_engine_kernel.c(254): [client 216.73.216.122:4464] AH02034: Subsequent (No.16) HTTPS request received for child 5 (server 2blog.ilc.edu.tw:443)
[Sat Aug 22 01:32:38.933340 2026] [authz_core:debug] [pid 662319:tid 662319] mod_authz_core.c(815): [client 216.73.216.122:4464] AH01626: authorization result of Require all granted: granted
[Sat Aug 22 01:32:38.933346 2026] [authz_core:debug] [pid 662319:tid 662319] mod_authz_core.c(815): [client 216.73.216.122:4464] AH01626: authorization result of : granted
[Sat Aug 22 01:32:38.933475 2026] [authz_core:debug] [pid 662319:tid 662319] mod_authz_core.c(815): [client 216.73.216.122:4464] AH01626: authorization result of Require all granted: granted
[Sat Aug 22 01:32:38.933481 2026] [authz_core:debug] [pid 662319:tid 662319] mod_authz_core.c(815): [client 216.73.216.122:4464] AH01626: authorization result of : granted
[Sat Aug 22 01:32:38.956006 2026] [deflate:debug] [pid 662375:tid 662375] mod_deflate.c(909): [client 216.73.216.122:12762] AH01384: Zlib: Compressed 46489 to 10411 : URL /index.php
[Sat Aug 22 01:32:39.024002 2026] [ssl:debug] [pid 662481:tid 662481] ssl_engine_kernel.c(254): [client 216.73.216.122:29620] AH02034: Subsequent (No.10) HTTPS request received for child 14 (server 2blog.ilc.edu.tw:443)
[Sat Aug 22 01:32:39.024210 2026] [authz_core:debug] [pid 662481:tid 662481] mod_authz_core.c(815): [client 216.73.216.122:29620] AH01626: authorization result of Require all granted: granted
[Sat Aug 22 01:32:39.024216 2026] [authz_core:debug] [pid 662481:tid 662481] mod_authz_core.c(815): [client 216.73.216.122:29620] AH01626: authorization result of : granted
[Sat Aug 22 01:32:39.024350 2026] [authz_core:debug] [pid 662481:tid 662481] mod_authz_core.c(815): [client 216.73.216.122:29620] AH01626: authorization result of Require all granted: granted
[Sat Aug 22 01:32:39.024356 2026] [authz_core:debug] [pid 662481:tid 662481] mod_authz_core.c(815): [client 216.73.216.122:29620] AH01626: authorization result of : granted
[Sat Aug 22 01:32:39.030543 2026] [ssl:info] [pid 662362:tid 662362] (70014)End of file found: [client 2400:e920:0:2:f45d:ddff:fe00:7a:55726] AH01992: SSL library error 6 reading data
[Sat Aug 22 01:32:39.030611 2026] [ssl:debug] [pid 662362:tid 662362] ssl_engine_io.c(1150): [client 2400:e920:0:2:f45d:ddff:fe00:7a:55726] AH02001: Connection closed to child 0 with standard shutdown (server ilta.ilc.edu.tw:443)
[Sat Aug 22 01:32:39.031400 2026] [ssl:info] [pid 662493:tid 662493] (70014)End of file found: [client 2400:e920:0:2:f45d:ddff:fe00:7a:55684] AH01992: SSL library error 6 reading data
[Sat Aug 22 01:32:39.031451 2026] [ssl:debug] [pid 662493:tid 662493] ssl_engine_io.c(1150): [client 2400:e920:0:2:f45d:ddff:fe00:7a:55684] AH02001: Connection closed to child 28 with standard shutdown (server ilta.ilc.edu.tw:443)
[Sat Aug 22 01:32:39.107078 2026] [ssl:debug] [pid 662461:tid 662461] ssl_engine_kernel.c(254): [client 216.73.216.122:37958] AH02034: Subsequent (No.9) HTTPS request received for child 7 (server 2blog.ilc.edu.tw:443)
[Sat Aug 22 01:32:39.107259 2026] [authz_core:debug] [pid 662461:tid 662461] mod_authz_core.c(815): [client 216.73.216.122:37958] AH01626: authorization result of Require all granted: granted
[Sat Aug 22 01:32:39.107263 2026] [authz_core:debug] [pid 662461:tid 662461] mod_authz_core.c(815): [client 216.73.216.122:37958] AH01626: authorization result of : granted
[Sat Aug 22 01:32:39.107366 2026] [authz_core:debug] [pid 662461:tid 662461] mod_authz_core.c(815): [client 216.73.216.122:37958] AH01626: authorization result of Require all granted: granted
[Sat Aug 22 01:32:39.107370 2026] [authz_core:debug] [pid 662461:tid 662461] mod_authz_core.c(815): [client 216.73.216.122:37958] AH01626: authorization result of : granted
[Sat Aug 22 01:32:39.112300 2026] [ssl:info] [pid 662489:tid 662489] [client 3.208.156.9:24766] AH01964: Connection to child 23 established (server 2blog.ilc.edu.tw:443)
[Sat Aug 22 01:32:39.112592 2026] [ssl:debug] [pid 662489:tid 662489] ssl_engine_kernel.c(2222): [client 3.208.156.9:24766] AH02043: SSL virtual host for servername 2blog.ilc.edu.tw found
[Sat Aug 22 01:32:39.197854 2026] [ssl:debug] [pid 662375:tid 662375] ssl_engine_kernel.c(254): [client 216.73.216.122:12762] AH02034: Subsequent (No.13) HTTPS request received for child 17 (server 2blog.ilc.edu.tw:443)
[Sat Aug 22 01:32:39.198093 2026] [authz_core:debug] [pid 662375:tid 662375] mod_authz_core.c(815): [client 216.73.216.122:12762] AH01626: authorization result of Require all granted: granted
[Sat Aug 22 01:32:39.198100 2026] [authz_core:debug] [pid 662375:tid 662375] mod_authz_core.c(815): [client 216.73.216.122:12762] AH01626: authorization result of : granted
[Sat Aug 22 01:32:39.198251 2026] [authz_core:debug] [pid 662375:tid 662375] mod_authz_core.c(815): [client 216.73.216.122:12762] AH01626: authorization result of Require all granted: granted
[Sat Aug 22 01:32:39.198257 2026] [authz_core:debug] [pid 662375:tid 662375] mod_authz_core.c(815): [client 216.73.216.122:12762] AH01626: authorization result of : granted
[Sat Aug 22 01:32:39.213102 2026] [ssl:debug] [pid 662476:tid 662476] ssl_engine_io.c(1150): [client 216.73.216.122:34698] AH02001: Connection closed to child 12 with standard shutdown (server 2blog.ilc.edu.tw:443)
[Sat Aug 22 01:32:39.235500 2026] [deflate:debug] [pid 662461:tid 662461] mod_deflate.c(909): [client 216.73.216.122:37958] AH01384: Zlib: Compressed 52783 to 10858 : URL /index.php
[Sat Aug 22 01:32:39.297240 2026] [ssl:debug] [pid 661945:tid 661945] ssl_engine_kernel.c(254): [client 216.73.216.122:34325] AH02034: Subsequent (No.17) HTTPS request received for child 4 (server 2blog.ilc.edu.tw:443)
[Sat Aug 22 01:32:39.297428 2026] [authz_core:debug] [pid 661945:tid 661945] mod_authz_core.c(815): [client 216.73.216.122:34325] AH01626: authorization result of Require all granted: granted
[Sat Aug 22 01:32:39.297433 2026] [authz_core:debug] [pid 661945:tid 661945] mod_authz_core.c(815): [client 216.73.216.122:34325] AH01626: authorization result of : granted
[Sat Aug 22 01:32:39.297544 2026] [authz_core:debug] [pid 661945:tid 661945] mod_authz_core.c(815): [client 216.73.216.122:34325] AH01626: authorization result of Require all granted: granted
[Sat Aug 22 01:32:39.297548 2026] [authz_core:debug] [pid 661945:tid 661945] mod_authz_core.c(815): [client 216.73.216.122:34325] AH01626: authorization result of : granted
[Sat Aug 22 01:32:39.317042 2026] [ssl:debug] [pid 662394:tid 662394] ssl_engine_io.c(1150): [client 216.73.216.122:33271] AH02001: Connection closed to child 48 with standard shutdown (server 2blog.ilc.edu.tw:443)
[Sat Aug 22 01:32:39.336286 2026] [ssl:debug] [pid 662489:tid 662489] ssl_engine_kernel.c(2082): [client 3.208.156.9:24766] AH02041: Protocol: TLSv1.3, Cipher: TLS_AES_256_GCM_SHA384 (256/256 bits)
[Sat Aug 22 01:32:39.336371 2026] [socache_shmcb:debug] [pid 662489:tid 662489] mod_socache_shmcb.c(508): AH00831: socache_shmcb_store (0x58 -> subcache 24)
[Sat Aug 22 01:32:39.336388 2026] [socache_shmcb:debug] [pid 662489:tid 662489] mod_socache_shmcb.c(860): AH00847: insert happened at idx=7, data=(5905:5937)
[Sat Aug 22 01:32:39.336390 2026] [socache_shmcb:debug] [pid 662489:tid 662489] mod_socache_shmcb.c(863): AH00848: finished insert, subcache: idx_pos/idx_used=47/49, data_pos/data_used=9038/10944
[Sat Aug 22 01:32:39.336393 2026] [socache_shmcb:debug] [pid 662489:tid 662489] mod_socache_shmcb.c(530): AH00834: leaving socache_shmcb_store successfully
[Sat Aug 22 01:32:39.336449 2026] [socache_shmcb:debug] [pid 662489:tid 662489] mod_socache_shmcb.c(508): AH00831: socache_shmcb_store (0x7d -> subcache 29)
[Sat Aug 22 01:32:39.336457 2026] [socache_shmcb:debug] [pid 662489:tid 662489] mod_socache_shmcb.c(860): AH00847: insert happened at idx=17, data=(7861:7893)
[Sat Aug 22 01:32:39.336465 2026] [socache_shmcb:debug] [pid 662489:tid 662489] mod_socache_shmcb.c(863): AH00848: finished insert, subcache: idx_pos/idx_used=53/53, data_pos/data_used=10141/11797
[Sat Aug 22 01:32:39.336467 2026] [socache_shmcb:debug] [pid 662489:tid 662489] mod_socache_shmcb.c(530): AH00834: leaving socache_shmcb_store successfully
[Sat Aug 22 01:32:39.336596 2026] [ssl:debug] [pid 662489:tid 662489] ssl_engine_kernel.c(254): [client 3.208.156.9:24766] AH02034: Initial (No.1) HTTPS request received for child 23 (server 2blog.ilc.edu.tw:443)
[Sat Aug 22 01:32:39.336802 2026] [authz_core:debug] [pid 662489:tid 662489] mod_authz_core.c(815): [client 3.208.156.9:24766] AH01626: authorization result of Require all granted: granted
[Sat Aug 22 01:32:39.336807 2026] [authz_core:debug] [pid 662489:tid 662489] mod_authz_core.c(815): [client 3.208.156.9:24766] AH01626: authorization result of : granted
[Sat Aug 22 01:32:39.341636 2026] [authz_core:debug] [pid 662489:tid 662489] mod_authz_core.c(815): [client 3.208.156.9:24766] AH01626: authorization result of Require all granted: granted
[Sat Aug 22 01:32:39.341650 2026] [authz_core:debug] [pid 662489:tid 662489] mod_authz_core.c(815): [client 3.208.156.9:24766] AH01626: authorization result of : granted
[Sat Aug 22 01:32:39.401588 2026] [ssl:debug] [pid 662319:tid 662319] ssl_engine_kernel.c(254): [client 216.73.216.122:4464] AH02034: Subsequent (No.17) HTTPS request received for child 5 (server 2blog.ilc.edu.tw:443)
[Sat Aug 22 01:32:39.401766 2026] [authz_core:debug] [pid 662319:tid 662319] mod_authz_core.c(815): [client 216.73.216.122:4464] AH01626: authorization result of Require all granted: granted
[Sat Aug 22 01:32:39.401771 2026] [authz_core:debug] [pid 662319:tid 662319] mod_authz_core.c(815): [client 216.73.216.122:4464] AH01626: authorization result of : granted
[Sat Aug 22 01:32:39.401878 2026] [authz_core:debug] [pid 662319:tid 662319] mod_authz_core.c(815): [client 216.73.216.122:4464] AH01626: authorization result of Require all granted: granted
[Sat Aug 22 01:32:39.401882 2026] [authz_core:debug] [pid 662319:tid 662319] mod_authz_core.c(815): [client 216.73.216.122:4464] AH01626: authorization result of : granted
[Sat Aug 22 01:32:39.413338 2026] [deflate:debug] [pid 661945:tid 661945] mod_deflate.c(909): [client 216.73.216.122:34325] AH01384: Zlib: Compressed 35076 to 8593 : URL /index.php
[Sat Aug 22 01:32:39.419916 2026] [deflate:debug] [pid 662319:tid 662319] mod_deflate.c(909): [client 216.73.216.122:4464] AH01384: Zlib: Compressed 50676 to 9848 : URL /index.php
[Sat Aug 22 01:32:39.483056 2026] [ssl:debug] [pid 662461:tid 662461] ssl_engine_kernel.c(254): [client 216.73.216.122:37958] AH02034: Subsequent (No.10) HTTPS request received for child 7 (server 2blog.ilc.edu.tw:443)
[Sat Aug 22 01:32:39.483254 2026] [authz_core:debug] [pid 662461:tid 662461] mod_authz_core.c(815): [client 216.73.216.122:37958] AH01626: authorization result of Require all granted: granted
[Sat Aug 22 01:32:39.483259 2026] [authz_core:debug] [pid 662461:tid 662461] mod_authz_core.c(815): [client 216.73.216.122:37958] AH01626: authorization result of : granted
[Sat Aug 22 01:32:39.483404 2026] [authz_core:debug] [pid 662461:tid 662461] mod_authz_core.c(815): [client 216.73.216.122:37958] AH01626: authorization result of Require all granted: granted
[Sat Aug 22 01:32:39.483409 2026] [authz_core:debug] [pid 662461:tid 662461] mod_authz_core.c(815): [client 216.73.216.122:37958] AH01626: authorization result of : granted
[Sat Aug 22 01:32:39.573582 2026] [ssl:debug] [pid 662458:tid 662458] ssl_engine_kernel.c(254): [client 216.73.216.122:6612] AH02034: Subsequent (No.12) HTTPS request received for child 6 (server 2blog.ilc.edu.tw:443)
[Sat Aug 22 01:32:39.573897 2026] [authz_core:debug] [pid 662458:tid 662458] mod_authz_core.c(815): [client 216.73.216.122:6612] AH01626: authorization result of Require all granted: granted
[Sat Aug 22 01:32:39.573922 2026] [authz_core:debug] [pid 662458:tid 662458] mod_authz_core.c(815): [client 216.73.216.122:6612] AH01626: authorization result of : granted
[Sat Aug 22 01:32:39.574085 2026] [authz_core:debug] [pid 662458:tid 662458] mod_authz_core.c(815): [client 216.73.216.122:6612] AH01626: authorization result of Require all granted: granted
[Sat Aug 22 01:32:39.574091 2026] [authz_core:debug] [pid 662458:tid 662458] mod_authz_core.c(815): [client 216.73.216.122:6612] AH01626: authorization result of : granted
[Sat Aug 22 01:32:39.622413 2026] [deflate:debug] [pid 662461:tid 662461] mod_deflate.c(909): [client 216.73.216.122:37958] AH01384: Zlib: Compressed 52191 to 9736 : URL /index.php
[Sat Aug 22 01:32:39.663010 2026] [ssl:debug] [pid 661945:tid 661945] ssl_engine_kernel.c(254): [client 216.73.216.122:34325] AH02034: Subsequent (No.18) HTTPS request received for child 4 (server 2blog.ilc.edu.tw:443)
[Sat Aug 22 01:32:39.663235 2026] [authz_core:debug] [pid 661945:tid 661945] mod_authz_core.c(815): [client 216.73.216.122:34325] AH01626: authorization result of Require all granted: granted
[Sat Aug 22 01:32:39.663243 2026] [authz_core:debug] [pid 661945:tid 661945] mod_authz_core.c(815): [client 216.73.216.122:34325] AH01626: authorization result of : granted
[Sat Aug 22 01:32:39.663395 2026] [authz_core:debug] [pid 661945:tid 661945] mod_authz_core.c(815): [client 216.73.216.122:34325] AH01626: authorization result of Require all granted: granted
[Sat Aug 22 01:32:39.663400 2026] [authz_core:debug] [pid 661945:tid 661945] mod_authz_core.c(815): [client 216.73.216.122:34325] AH01626: authorization result of : granted
[Sat Aug 22 01:32:39.702136 2026] [deflate:debug] [pid 662458:tid 662458] mod_deflate.c(909): [client 216.73.216.122:6612] AH01384: Zlib: Compressed 34305 to 8445 : URL /index.php
[Sat Aug 22 01:32:39.717798 2026] [ssl:info] [pid 662368:tid 662368] [client 2001:b011:7803:3948:214e:627:2d94:a06f:63135] AH01964: Connection to child 8 established (server 2blog.ilc.edu.tw:443)
[Sat Aug 22 01:32:39.718734 2026] [ssl:debug] [pid 662368:tid 662368] ssl_engine_kernel.c(2222): [client 2001:b011:7803:3948:214e:627:2d94:a06f:63135] AH02043: SSL virtual host for servername www.dsjh.ilc.edu.tw found
[Sat Aug 22 01:32:39.718810 2026] [core:debug] [pid 662368:tid 662368] protocol.c(2460): [client 2001:b011:7803:3948:214e:627:2d94:a06f:63135] AH03155: select protocol from , choices=h2,http/1.1 for server www.dsjh.ilc.edu.tw
[Sat Aug 22 01:32:39.718859 2026] [ssl:debug] [pid 662368:tid 662368] ssl_util_stapling.c(819): AH01951: stapling_cb: OCSP Stapling callback called
[Sat Aug 22 01:32:39.718866 2026] [ssl:info] [pid 662368:tid 662368] AH01926: stapling_get_certinfo: stapling not supported for certificate
[Sat Aug 22 01:32:39.733832 2026] [ssl:debug] [pid 662368:tid 662368] ssl_engine_kernel.c(2082): [client 2001:b011:7803:3948:214e:627:2d94:a06f:63135] AH02041: Protocol: TLSv1.3, Cipher: TLS_AES_256_GCM_SHA384 (256/256 bits)
[Sat Aug 22 01:32:39.733880 2026] [socache_shmcb:debug] [pid 662368:tid 662368] mod_socache_shmcb.c(508): AH00831: socache_shmcb_store (0x44 -> subcache 4)
[Sat Aug 22 01:32:39.733885 2026] [socache_shmcb:debug] [pid 662368:tid 662368] mod_socache_shmcb.c(745): AH00842: expiring 1 and reclaiming 0 removed socache entries
[Sat Aug 22 01:32:39.733887 2026] [socache_shmcb:debug] [pid 662368:tid 662368] mod_socache_shmcb.c(765): AH00843: we now have 40 socache entries
[Sat Aug 22 01:32:39.733889 2026] [socache_shmcb:debug] [pid 662368:tid 662368] mod_socache_shmcb.c(860): AH00847: insert happened at idx=52, data=(1681:1713)
[Sat Aug 22 01:32:39.733891 2026] [socache_shmcb:debug] [pid 662368:tid 662368] mod_socache_shmcb.c(863): AH00848: finished insert, subcache: idx_pos/idx_used=12/41, data_pos/data_used=6594/9180
[Sat Aug 22 01:32:39.733892 2026] [socache_shmcb:debug] [pid 662368:tid 662368] mod_socache_shmcb.c(530): AH00834: leaving socache_shmcb_store successfully
[Sat Aug 22 01:32:39.733949 2026] [socache_shmcb:debug] [pid 662368:tid 662368] mod_socache_shmcb.c(508): AH00831: socache_shmcb_store (0x7b -> subcache 27)
[Sat Aug 22 01:32:39.733965 2026] [socache_shmcb:debug] [pid 662368:tid 662368] mod_socache_shmcb.c(745): AH00842: expiring 2 and reclaiming 0 removed socache entries
[Sat Aug 22 01:32:39.733968 2026] [socache_shmcb:debug] [pid 662368:tid 662368] mod_socache_shmcb.c(765): AH00843: we now have 36 socache entries
[Sat Aug 22 01:32:39.733971 2026] [socache_shmcb:debug] [pid 662368:tid 662368] mod_socache_shmcb.c(860): AH00847: insert happened at idx=24, data=(9534:9566)
[Sat Aug 22 01:32:39.733973 2026] [socache_shmcb:debug] [pid 662368:tid 662368] mod_socache_shmcb.c(863): AH00848: finished insert, subcache: idx_pos/idx_used=76/37, data_pos/data_used=1497/8266
[Sat Aug 22 01:32:39.733976 2026] [socache_shmcb:debug] [pid 662368:tid 662368] mod_socache_shmcb.c(530): AH00834: leaving socache_shmcb_store successfully
[Sat Aug 22 01:32:39.751536 2026] [authz_core:debug] [pid 662383:tid 662383] mod_authz_core.c(815): [client 98.83.10.183:30798] AH01626: authorization result of Require all granted: granted
[Sat Aug 22 01:32:39.751568 2026] [authz_core:debug] [pid 662383:tid 662383] mod_authz_core.c(815): [client 98.83.10.183:30798] AH01626: authorization result of : granted
[Sat Aug 22 01:32:39.751757 2026] [authz_core:debug] [pid 662383:tid 662383] mod_authz_core.c(815): [client 98.83.10.183:30798] AH01626: authorization result of Require all granted: granted
[Sat Aug 22 01:32:39.751761 2026] [authz_core:debug] [pid 662383:tid 662383] mod_authz_core.c(815): [client 98.83.10.183:30798] AH01626: authorization result of : granted
[Sat Aug 22 01:32:39.752253 2026] [deflate:debug] [pid 662383:tid 662383] mod_deflate.c(909): [client 98.83.10.183:30798] AH01384: Zlib: Compressed 800 to 384 : URL /wp-content/uploads/sites/3279/2022/12/
[Sat Aug 22 01:32:39.765757 2026] [ssl:debug] [pid 662319:tid 662319] ssl_engine_kernel.c(254): [client 216.73.216.122:4464] AH02034: Subsequent (No.18) HTTPS request received for child 5 (server 2blog.ilc.edu.tw:443)
[Sat Aug 22 01:32:39.765958 2026] [authz_core:debug] [pid 662319:tid 662319] mod_authz_core.c(815): [client 216.73.216.122:4464] AH01626: authorization result of Require all granted: granted
[Sat Aug 22 01:32:39.765964 2026] [authz_core:debug] [pid 662319:tid 662319] mod_authz_core.c(815): [client 216.73.216.122:4464] AH01626: authorization result of : granted
[Sat Aug 22 01:32:39.766075 2026] [authz_core:debug] [pid 662319:tid 662319] mod_authz_core.c(815): [client 216.73.216.122:4464] AH01626: authorization result of Require all granted: granted
[Sat Aug 22 01:32:39.766079 2026] [authz_core:debug] [pid 662319:tid 662319] mod_authz_core.c(815): [client 216.73.216.122:4464] AH01626: authorization result of : granted
[Sat Aug 22 01:32:39.834310 2026] [ssl:debug] [pid 662489:tid 662489] ssl_engine_io.c(1150): [client 3.208.156.9:24766] AH02001: Connection closed to child 23 with standard shutdown (server 2blog.ilc.edu.tw:443)
[Sat Aug 22 01:32:39.858124 2026] [ssl:debug] [pid 662461:tid 662461] ssl_engine_kernel.c(254): [client 216.73.216.122:37958] AH02034: Subsequent (No.11) HTTPS request received for child 7 (server 2blog.ilc.edu.tw:443)
[Sat Aug 22 01:32:39.858306 2026] [authz_core:debug] [pid 662461:tid 662461] mod_authz_core.c(815): [client 216.73.216.122:37958] AH01626: authorization result of Require all granted: granted
[Sat Aug 22 01:32:39.858311 2026] [authz_core:debug] [pid 662461:tid 662461] mod_authz_core.c(815): [client 216.73.216.122:37958] AH01626: authorization result of : granted
[Sat Aug 22 01:32:39.858444 2026] [authz_core:debug] [pid 662461:tid 662461] mod_authz_core.c(815): [client 216.73.216.122:37958] AH01626: authorization result of Require all granted: granted
[Sat Aug 22 01:32:39.858449 2026] [authz_core:debug] [pid 662461:tid 662461] mod_authz_core.c(815): [client 216.73.216.122:37958] AH01626: authorization result of : granted
[Sat Aug 22 01:32:39.863819 2026] [ssl:debug] [pid 662368:tid 662368] ssl_engine_kernel.c(254): [client 2001:b011:7803:3948:214e:627:2d94:a06f:63135] AH02034: Initial (No.1) HTTPS request received for child 8 (server www.dsjh.ilc.edu.tw:443), referer: https://www.dsjh.ilc.edu.tw/
[Sat Aug 22 01:32:39.864567 2026] [authz_core:debug] [pid 662368:tid 662368] mod_authz_core.c(815): [client 2001:b011:7803:3948:214e:627:2d94:a06f:63135] AH01626: authorization result of Require all granted: granted, referer: https://www.dsjh.ilc.edu.tw/
[Sat Aug 22 01:32:39.864578 2026] [authz_core:debug] [pid 662368:tid 662368] mod_authz_core.c(815): [client 2001:b011:7803:3948:214e:627:2d94:a06f:63135] AH01626: authorization result of : granted, referer: https://www.dsjh.ilc.edu.tw/
[Sat Aug 22 01:32:39.869205 2026] [deflate:debug] [pid 662368:tid 662368] mod_deflate.c(909): [client 2001:b011:7803:3948:214e:627:2d94:a06f:63135] AH01384: Zlib: Compressed 239444 to 33075 : URL /wp-content/cache/www.dsjh.ilc.edu.tw/wpfc-minified/8ut554d5/73bt.css, referer: https://www.dsjh.ilc.edu.tw/
[Sat Aug 22 01:32:39.889810 2026] [ssl:info] [pid 662456:tid 662456] [client 2001:b011:7803:3948:214e:627:2d94:a06f:63136] AH01964: Connection to child 2 established (server 2blog.ilc.edu.tw:443)
[Sat Aug 22 01:32:39.889995 2026] [ssl:debug] [pid 662456:tid 662456] ssl_engine_kernel.c(2222): [client 2001:b011:7803:3948:214e:627:2d94:a06f:63136] AH02043: SSL virtual host for servername www.dsjh.ilc.edu.tw found
[Sat Aug 22 01:32:39.890048 2026] [core:debug] [pid 662456:tid 662456] protocol.c(2460): [client 2001:b011:7803:3948:214e:627:2d94:a06f:63136] AH03155: select protocol from , choices=http/1.1 for server www.dsjh.ilc.edu.tw
[Sat Aug 22 01:32:39.890092 2026] [ssl:debug] [pid 662456:tid 662456] ssl_util_stapling.c(819): AH01951: stapling_cb: OCSP Stapling callback called
[Sat Aug 22 01:32:39.890098 2026] [ssl:info] [pid 662456:tid 662456] AH01926: stapling_get_certinfo: stapling not supported for certificate
[Sat Aug 22 01:32:39.896836 2026] [ssl:debug] [pid 662368:tid 662368] ssl_engine_kernel.c(254): [client 2001:b011:7803:3948:214e:627:2d94:a06f:63135] AH02034: Subsequent (No.2) HTTPS request received for child 8 (server www.dsjh.ilc.edu.tw:443), referer: https://www.dsjh.ilc.edu.tw/
[Sat Aug 22 01:32:39.897068 2026] [authz_core:debug] [pid 662368:tid 662368] mod_authz_core.c(815): [client 2001:b011:7803:3948:214e:627:2d94:a06f:63135] AH01626: authorization result of Require all granted: granted, referer: https://www.dsjh.ilc.edu.tw/
[Sat Aug 22 01:32:39.897075 2026] [authz_core:debug] [pid 662368:tid 662368] mod_authz_core.c(815): [client 2001:b011:7803:3948:214e:627:2d94:a06f:63135] AH01626: authorization result of : granted, referer: https://www.dsjh.ilc.edu.tw/
[Sat Aug 22 01:32:39.897795 2026] [deflate:debug] [pid 662368:tid 662368] mod_deflate.c(909): [client 2001:b011:7803:3948:214e:627:2d94:a06f:63135] AH01384: Zlib: Compressed 24109 to 7069 : URL /wp-content/plugins/elementor-pro/assets/lib/smartmenus/jquery.smartmenus.min.js, referer: https://www.dsjh.ilc.edu.tw/
[Sat Aug 22 01:32:39.897847 2026] [ssl:info] [pid 662390:tid 662390] [client 2001:b011:7803:3948:214e:627:2d94:a06f:63138] AH01964: Connection to child 43 established (server 2blog.ilc.edu.tw:443)
[Sat Aug 22 01:32:39.898715 2026] [ssl:debug] [pid 662390:tid 662390] ssl_engine_kernel.c(2222): [client 2001:b011:7803:3948:214e:627:2d94:a06f:63138] AH02043: SSL virtual host for servername www.dsjh.ilc.edu.tw found
[Sat Aug 22 01:32:39.898789 2026] [core:debug] [pid 662390:tid 662390] protocol.c(2460): [client 2001:b011:7803:3948:214e:627:2d94:a06f:63138] AH03155: select protocol from , choices=http/1.1 for server www.dsjh.ilc.edu.tw
[Sat Aug 22 01:32:39.898843 2026] [ssl:debug] [pid 662390:tid 662390] ssl_util_stapling.c(819): AH01951: stapling_cb: OCSP Stapling callback called
[Sat Aug 22 01:32:39.898850 2026] [ssl:info] [pid 662390:tid 662390] AH01926: stapling_get_certinfo: stapling not supported for certificate
[Sat Aug 22 01:32:39.899886 2026] [ssl:info] [pid 662377:tid 662377] [client 2001:b011:7803:3948:214e:627:2d94:a06f:63137] AH01964: Connection to child 19 established (server 2blog.ilc.edu.tw:443)
[Sat Aug 22 01:32:39.900001 2026] [ssl:debug] [pid 662377:tid 662377] ssl_engine_kernel.c(2222): [client 2001:b011:7803:3948:214e:627:2d94:a06f:63137] AH02043: SSL virtual host for servername www.dsjh.ilc.edu.tw found
[Sat Aug 22 01:32:39.900039 2026] [core:debug] [pid 662377:tid 662377] protocol.c(2460): [client 2001:b011:7803:3948:214e:627:2d94:a06f:63137] AH03155: select protocol from , choices=http/1.1 for server www.dsjh.ilc.edu.tw
[Sat Aug 22 01:32:39.900067 2026] [ssl:debug] [pid 662377:tid 662377] ssl_util_stapling.c(819): AH01951: stapling_cb: OCSP Stapling callback called
[Sat Aug 22 01:32:39.900071 2026] [ssl:info] [pid 662377:tid 662377] AH01926: stapling_get_certinfo: stapling not supported for certificate
[Sat Aug 22 01:32:39.900862 2026] [ssl:info] [pid 662386:tid 662386] [client 2001:b011:7803:3948:214e:627:2d94:a06f:63139] AH01964: Connection to child 36 established (server 2blog.ilc.edu.tw:443)
[Sat Aug 22 01:32:39.901762 2026] [ssl:debug] [pid 662386:tid 662386] ssl_engine_kernel.c(2222): [client 2001:b011:7803:3948:214e:627:2d94:a06f:63139] AH02043: SSL virtual host for servername www.dsjh.ilc.edu.tw found
[Sat Aug 22 01:32:39.901813 2026] [core:debug] [pid 662386:tid 662386] protocol.c(2460): [client 2001:b011:7803:3948:214e:627:2d94:a06f:63139] AH03155: select protocol from , choices=http/1.1 for server www.dsjh.ilc.edu.tw
[Sat Aug 22 01:32:39.901848 2026] [ssl:debug] [pid 662386:tid 662386] ssl_util_stapling.c(819): AH01951: stapling_cb: OCSP Stapling callback called
[Sat Aug 22 01:32:39.901853 2026] [ssl:info] [pid 662386:tid 662386] AH01926: stapling_get_certinfo: stapling not supported for certificate
[Sat Aug 22 01:32:39.903461 2026] [ssl:info] [pid 662494:tid 662494] [client 2001:b011:7803:3948:214e:627:2d94:a06f:63140] AH01964: Connection to child 30 established (server 2blog.ilc.edu.tw:443)
[Sat Aug 22 01:32:39.903580 2026] [deflate:debug] [pid 662319:tid 662319] mod_deflate.c(909): [client 216.73.216.122:4464] AH01384: Zlib: Compressed 53356 to 10480 : URL /index.php
[Sat Aug 22 01:32:39.903855 2026] [ssl:debug] [pid 662494:tid 662494] ssl_engine_kernel.c(2222): [client 2001:b011:7803:3948:214e:627:2d94:a06f:63140] AH02043: SSL virtual host for servername www.dsjh.ilc.edu.tw found
[Sat Aug 22 01:32:39.903968 2026] [core:debug] [pid 662494:tid 662494] protocol.c(2460): [client 2001:b011:7803:3948:214e:627:2d94:a06f:63140] AH03155: select protocol from , choices=http/1.1 for server www.dsjh.ilc.edu.tw
[Sat Aug 22 01:32:39.904052 2026] [ssl:debug] [pid 662494:tid 662494] ssl_util_stapling.c(819): AH01951: stapling_cb: OCSP Stapling callback called
[Sat Aug 22 01:32:39.904062 2026] [ssl:info] [pid 662494:tid 662494] AH01926: stapling_get_certinfo: stapling not supported for certificate
[Sat Aug 22 01:32:39.908752 2026] [ssl:debug] [pid 662456:tid 662456] ssl_engine_kernel.c(2082): [client 2001:b011:7803:3948:214e:627:2d94:a06f:63136] AH02041: Protocol: TLSv1.3, Cipher: TLS_AES_256_GCM_SHA384 (256/256 bits)
[Sat Aug 22 01:32:39.908788 2026] [socache_shmcb:debug] [pid 662456:tid 662456] mod_socache_shmcb.c(508): AH00831: socache_shmcb_store (0xb5 -> subcache 21)
[Sat Aug 22 01:32:39.908793 2026] [socache_shmcb:debug] [pid 662456:tid 662456] mod_socache_shmcb.c(860): AH00847: insert happened at idx=76, data=(1530:1562)
[Sat Aug 22 01:32:39.908796 2026] [socache_shmcb:debug] [pid 662456:tid 662456] mod_socache_shmcb.c(863): AH00848: finished insert, subcache: idx_pos/idx_used=25/52, data_pos/data_used=4040/11583
[Sat Aug 22 01:32:39.908798 2026] [socache_shmcb:debug] [pid 662456:tid 662456] mod_socache_shmcb.c(530): AH00834: leaving socache_shmcb_store successfully
[Sat Aug 22 01:32:39.908852 2026] [socache_shmcb:debug] [pid 662456:tid 662456] mod_socache_shmcb.c(508): AH00831: socache_shmcb_store (0xdf -> subcache 31)
[Sat Aug 22 01:32:39.908860 2026] [socache_shmcb:debug] [pid 662456:tid 662456] mod_socache_shmcb.c(745): AH00842: expiring 1 and reclaiming 0 removed socache entries
[Sat Aug 22 01:32:39.908862 2026] [socache_shmcb:debug] [pid 662456:tid 662456] mod_socache_shmcb.c(765): AH00843: we now have 41 socache entries
[Sat Aug 22 01:32:39.908871 2026] [socache_shmcb:debug] [pid 662456:tid 662456] mod_socache_shmcb.c(860): AH00847: insert happened at idx=16, data=(7992:8024)
[Sat Aug 22 01:32:39.908873 2026] [socache_shmcb:debug] [pid 662456:tid 662456] mod_socache_shmcb.c(863): AH00848: finished insert, subcache: idx_pos/idx_used=63/42, data_pos/data_used=12711/9374
[Sat Aug 22 01:32:39.908875 2026] [socache_shmcb:debug] [pid 662456:tid 662456] mod_socache_shmcb.c(530): AH00834: leaving socache_shmcb_store successfully
[Sat Aug 22 01:32:39.909029 2026] [ssl:debug] [pid 662456:tid 662456] ssl_engine_kernel.c(254): [client 2001:b011:7803:3948:214e:627:2d94:a06f:63136] AH02034: Initial (No.1) HTTPS request received for child 2 (server www.dsjh.ilc.edu.tw:443), referer: https://www.dsjh.ilc.edu.tw/
[Sat Aug 22 01:32:39.909517 2026] [authz_core:debug] [pid 662456:tid 662456] mod_authz_core.c(815): [client 2001:b011:7803:3948:214e:627:2d94:a06f:63136] AH01626: authorization result of Require all granted: granted, referer: https://www.dsjh.ilc.edu.tw/
[Sat Aug 22 01:32:39.909526 2026] [authz_core:debug] [pid 662456:tid 662456] mod_authz_core.c(815): [client 2001:b011:7803:3948:214e:627:2d94:a06f:63136] AH01626: authorization result of : granted, referer: https://www.dsjh.ilc.edu.tw/
[Sat Aug 22 01:32:39.910879 2026] [ssl:debug] [pid 662368:tid 662368] ssl_engine_kernel.c(254): [client 2001:b011:7803:3948:214e:627:2d94:a06f:63135] AH02034: Subsequent (No.3) HTTPS request received for child 8 (server www.dsjh.ilc.edu.tw:443), referer: https://www.dsjh.ilc.edu.tw/
[Sat Aug 22 01:32:39.911054 2026] [authz_core:debug] [pid 662368:tid 662368] mod_authz_core.c(815): [client 2001:b011:7803:3948:214e:627:2d94:a06f:63135] AH01626: authorization result of Require all granted: granted, referer: https://www.dsjh.ilc.edu.tw/
[Sat Aug 22 01:32:39.911059 2026] [authz_core:debug] [pid 662368:tid 662368] mod_authz_core.c(815): [client 2001:b011:7803:3948:214e:627:2d94:a06f:63135] AH01626: authorization result of : granted, referer: https://www.dsjh.ilc.edu.tw/
[Sat Aug 22 01:32:39.911336 2026] [deflate:debug] [pid 662368:tid 662368] mod_deflate.c(909): [client 2001:b011:7803:3948:214e:627:2d94:a06f:63135] AH01384: Zlib: Compressed 5881 to 2664 : URL /wp-content/plugins/elementor-pro/assets/js/webpack-pro.runtime.min.js, referer: https://www.dsjh.ilc.edu.tw/
[Sat Aug 22 01:32:39.917831 2026] [ssl:debug] [pid 662377:tid 662377] ssl_engine_kernel.c(2082): [client 2001:b011:7803:3948:214e:627:2d94:a06f:63137] AH02041: Protocol: TLSv1.3, Cipher: TLS_AES_256_GCM_SHA384 (256/256 bits)
[Sat Aug 22 01:32:39.917879 2026] [socache_shmcb:debug] [pid 662377:tid 662377] mod_socache_shmcb.c(508): AH00831: socache_shmcb_store (0xd5 -> subcache 21)
[Sat Aug 22 01:32:39.917885 2026] [socache_shmcb:debug] [pid 662377:tid 662377] mod_socache_shmcb.c(860): AH00847: insert happened at idx=77, data=(1759:1791)
[Sat Aug 22 01:32:39.917887 2026] [socache_shmcb:debug] [pid 662377:tid 662377] mod_socache_shmcb.c(863): AH00848: finished insert, subcache: idx_pos/idx_used=25/53, data_pos/data_used=4040/11811
[Sat Aug 22 01:32:39.917889 2026] [socache_shmcb:debug] [pid 662377:tid 662377] mod_socache_shmcb.c(530): AH00834: leaving socache_shmcb_store successfully
[Sat Aug 22 01:32:39.917939 2026] [socache_shmcb:debug] [pid 662377:tid 662377] mod_socache_shmcb.c(508): AH00831: socache_shmcb_store (0x1d -> subcache 29)
[Sat Aug 22 01:32:39.917944 2026] [socache_shmcb:debug] [pid 662377:tid 662377] mod_socache_shmcb.c(860): AH00847: insert happened at idx=18, data=(8074:8106)
[Sat Aug 22 01:32:39.917946 2026] [socache_shmcb:debug] [pid 662377:tid 662377] mod_socache_shmcb.c(863): AH00848: finished insert, subcache: idx_pos/idx_used=53/54, data_pos/data_used=10141/12026
[Sat Aug 22 01:32:39.917948 2026] [socache_shmcb:debug] [pid 662377:tid 662377] mod_socache_shmcb.c(530): AH00834: leaving socache_shmcb_store successfully
[Sat Aug 22 01:32:39.918862 2026] [ssl:debug] [pid 662377:tid 662377] ssl_engine_kernel.c(254): [client 2001:b011:7803:3948:214e:627:2d94:a06f:63137] AH02034: Initial (No.1) HTTPS request received for child 19 (server www.dsjh.ilc.edu.tw:443), referer: https://www.dsjh.ilc.edu.tw/
[Sat Aug 22 01:32:39.919291 2026] [deflate:debug] [pid 662456:tid 662456] mod_deflate.c(909): [client 2001:b011:7803:3948:214e:627:2d94:a06f:63136] AH01384: Zlib: Compressed 499245 to 46241 : URL /wp-content/cache/www.dsjh.ilc.edu.tw/wpfc-minified/k2ddpfbi/73bt.css, referer: https://www.dsjh.ilc.edu.tw/
[Sat Aug 22 01:32:39.919588 2026] [authz_core:debug] [pid 662377:tid 662377] mod_authz_core.c(815): [client 2001:b011:7803:3948:214e:627:2d94:a06f:63137] AH01626: authorization result of Require all granted: granted, referer: https://www.dsjh.ilc.edu.tw/
[Sat Aug 22 01:32:39.919597 2026] [authz_core:debug] [pid 662377:tid 662377] mod_authz_core.c(815): [client 2001:b011:7803:3948:214e:627:2d94:a06f:63137] AH01626: authorization result of : granted, referer: https://www.dsjh.ilc.edu.tw/
[Sat Aug 22 01:32:39.919742 2026] [ssl:debug] [pid 662390:tid 662390] ssl_engine_kernel.c(2082): [client 2001:b011:7803:3948:214e:627:2d94:a06f:63138] AH02041: Protocol: TLSv1.3, Cipher: TLS_AES_256_GCM_SHA384 (256/256 bits)
[Sat Aug 22 01:32:39.919780 2026] [socache_shmcb:debug] [pid 662390:tid 662390] mod_socache_shmcb.c(508): AH00831: socache_shmcb_store (0x07 -> subcache 7)
[Sat Aug 22 01:32:39.919785 2026] [socache_shmcb:debug] [pid 662390:tid 662390] mod_socache_shmcb.c(745): AH00842: expiring 2 and reclaiming 0 removed socache entries
[Sat Aug 22 01:32:39.919787 2026] [socache_shmcb:debug] [pid 662390:tid 662390] mod_socache_shmcb.c(765): AH00843: we now have 37 socache entries
[Sat Aug 22 01:32:39.919789 2026] [socache_shmcb:debug] [pid 662390:tid 662390] mod_socache_shmcb.c(860): AH00847: insert happened at idx=8, data=(5905:5937)
[Sat Aug 22 01:32:39.919792 2026] [socache_shmcb:debug] [pid 662390:tid 662390] mod_socache_shmcb.c(863): AH00848: finished insert, subcache: idx_pos/idx_used=59/38, data_pos/data_used=11493/8505
[Sat Aug 22 01:32:39.919815 2026] [socache_shmcb:debug] [pid 662390:tid 662390] mod_socache_shmcb.c(530): AH00834: leaving socache_shmcb_store successfully
[Sat Aug 22 01:32:39.919856 2026] [socache_shmcb:debug] [pid 662390:tid 662390] mod_socache_shmcb.c(508): AH00831: socache_shmcb_store (0x0a -> subcache 10)
[Sat Aug 22 01:32:39.919860 2026] [socache_shmcb:debug] [pid 662390:tid 662390] mod_socache_shmcb.c(798): AH00845: about to force-expire, subcache: idx_used=61, data_used=13653
[Sat Aug 22 01:32:39.919862 2026] [socache_shmcb:debug] [pid 662390:tid 662390] mod_socache_shmcb.c(824): AH00846: finished force-expire, subcache: idx_used=60, data_used=13428
[Sat Aug 22 01:32:39.919864 2026] [socache_shmcb:debug] [pid 662390:tid 662390] mod_socache_shmcb.c(860): AH00847: insert happened at idx=60, data=(3675:3707)
[Sat Aug 22 01:32:39.919866 2026] [socache_shmcb:debug] [pid 662390:tid 662390] mod_socache_shmcb.c(863): AH00848: finished insert, subcache: idx_pos/idx_used=0/61, data_pos/data_used=4111/13656
[Sat Aug 22 01:32:39.919868 2026] [socache_shmcb:debug] [pid 662390:tid 662390] mod_socache_shmcb.c(530): AH00834: leaving socache_shmcb_store successfully
[Sat Aug 22 01:32:39.919957 2026] [ssl:debug] [pid 662390:tid 662390] ssl_engine_kernel.c(254): [client 2001:b011:7803:3948:214e:627:2d94:a06f:63138] AH02034: Initial (No.1) HTTPS request received for child 43 (server www.dsjh.ilc.edu.tw:443), referer: https://www.dsjh.ilc.edu.tw/
[Sat Aug 22 01:32:39.920050 2026] [deflate:debug] [pid 662377:tid 662377] mod_deflate.c(909): [client 2001:b011:7803:3948:214e:627:2d94:a06f:63137] AH01384: Zlib: Compressed 16279 to 2035 : URL /wp-content/uploads/sites/1252/elementor/css/post-277.css, referer: https://www.dsjh.ilc.edu.tw/
[Sat Aug 22 01:32:39.920339 2026] [authz_core:debug] [pid 662390:tid 662390] mod_authz_core.c(815): [client 2001:b011:7803:3948:214e:627:2d94:a06f:63138] AH01626: authorization result of Require all granted: granted, referer: https://www.dsjh.ilc.edu.tw/
[Sat Aug 22 01:32:39.920346 2026] [authz_core:debug] [pid 662390:tid 662390] mod_authz_core.c(815): [client 2001:b011:7803:3948:214e:627:2d94:a06f:63138] AH01626: authorization result of : granted, referer: https://www.dsjh.ilc.edu.tw/
[Sat Aug 22 01:32:39.921518 2026] [deflate:debug] [pid 662390:tid 662390] mod_deflate.c(909): [client 2001:b011:7803:3948:214e:627:2d94:a06f:63138] AH01384: Zlib: Compressed 53220 to 6812 : URL /wp-content/cache/www.dsjh.ilc.edu.tw/wpfc-minified/q957eonc/73bt.css, referer: https://www.dsjh.ilc.edu.tw/
[Sat Aug 22 01:32:39.922813 2026] [ssl:debug] [pid 662368:tid 662368] ssl_engine_kernel.c(254): [client 2001:b011:7803:3948:214e:627:2d94:a06f:63135] AH02034: Subsequent (No.4) HTTPS request received for child 8 (server www.dsjh.ilc.edu.tw:443), referer: https://www.dsjh.ilc.edu.tw/
[Sat Aug 22 01:32:39.922978 2026] [authz_core:debug] [pid 662368:tid 662368] mod_authz_core.c(815): [client 2001:b011:7803:3948:214e:627:2d94:a06f:63135] AH01626: authorization result of Require all granted: granted, referer: https://www.dsjh.ilc.edu.tw/
[Sat Aug 22 01:32:39.922983 2026] [authz_core:debug] [pid 662368:tid 662368] mod_authz_core.c(815): [client 2001:b011:7803:3948:214e:627:2d94:a06f:63135] AH01626: authorization result of : granted, referer: https://www.dsjh.ilc.edu.tw/
[Sat Aug 22 01:32:39.923236 2026] [deflate:debug] [pid 662368:tid 662368] mod_deflate.c(909): [client 2001:b011:7803:3948:214e:627:2d94:a06f:63135] AH01384: Zlib: Compressed 4997 to 2197 : URL /wp-content/plugins/elementor/assets/js/webpack.runtime.min.js, referer: https://www.dsjh.ilc.edu.tw/
[Sat Aug 22 01:32:39.923338 2026] [ssl:debug] [pid 662386:tid 662386] ssl_engine_kernel.c(2082): [client 2001:b011:7803:3948:214e:627:2d94:a06f:63139] AH02041: Protocol: TLSv1.3, Cipher: TLS_AES_256_GCM_SHA384 (256/256 bits)
[Sat Aug 22 01:32:39.923486 2026] [socache_shmcb:debug] [pid 662386:tid 662386] mod_socache_shmcb.c(508): AH00831: socache_shmcb_store (0xde -> subcache 30)
[Sat Aug 22 01:32:39.923498 2026] [socache_shmcb:debug] [pid 662386:tid 662386] mod_socache_shmcb.c(745): AH00842: expiring 1 and reclaiming 0 removed socache entries
[Sat Aug 22 01:32:39.923501 2026] [socache_shmcb:debug] [pid 662386:tid 662386] mod_socache_shmcb.c(765): AH00843: we now have 52 socache entries
[Sat Aug 22 01:32:39.923505 2026] [socache_shmcb:debug] [pid 662386:tid 662386] mod_socache_shmcb.c(860): AH00847: insert happened at idx=72, data=(378:410)
[Sat Aug 22 01:32:39.923508 2026] [socache_shmcb:debug] [pid 662386:tid 662386] mod_socache_shmcb.c(863): AH00848: finished insert, subcache: idx_pos/idx_used=20/53, data_pos/data_used=2670/11800
[Sat Aug 22 01:32:39.923511 2026] [socache_shmcb:debug] [pid 662386:tid 662386] mod_socache_shmcb.c(530): AH00834: leaving socache_shmcb_store successfully
[Sat Aug 22 01:32:39.923570 2026] [socache_shmcb:debug] [pid 662386:tid 662386] mod_socache_shmcb.c(508): AH00831: socache_shmcb_store (0x50 -> subcache 16)
[Sat Aug 22 01:32:39.923578 2026] [socache_shmcb:debug] [pid 662386:tid 662386] mod_socache_shmcb.c(860): AH00847: insert happened at idx=69, data=(5735:5767)
[Sat Aug 22 01:32:39.923580 2026] [socache_shmcb:debug] [pid 662386:tid 662386] mod_socache_shmcb.c(863): AH00848: finished insert, subcache: idx_pos/idx_used=22/48, data_pos/data_used=9121/10707
[Sat Aug 22 01:32:39.923583 2026] [socache_shmcb:debug] [pid 662386:tid 662386] mod_socache_shmcb.c(530): AH00834: leaving socache_shmcb_store successfully
[Sat Aug 22 01:32:39.923802 2026] [ssl:debug] [pid 662386:tid 662386] ssl_engine_kernel.c(254): [client 2001:b011:7803:3948:214e:627:2d94:a06f:63139] AH02034: Initial (No.1) HTTPS request received for child 36 (server www.dsjh.ilc.edu.tw:443), referer: https://www.dsjh.ilc.edu.tw/
[Sat Aug 22 01:32:39.924311 2026] [authz_core:debug] [pid 662386:tid 662386] mod_authz_core.c(815): [client 2001:b011:7803:3948:214e:627:2d94:a06f:63139] AH01626: authorization result of Require all granted: granted, referer: https://www.dsjh.ilc.edu.tw/
[Sat Aug 22 01:32:39.924320 2026] [authz_core:debug] [pid 662386:tid 662386] mod_authz_core.c(815): [client 2001:b011:7803:3948:214e:627:2d94:a06f:63139] AH01626: authorization result of : granted, referer: https://www.dsjh.ilc.edu.tw/
[Sat Aug 22 01:32:39.924918 2026] [ssl:debug] [pid 662494:tid 662494] ssl_engine_kernel.c(2082): [client 2001:b011:7803:3948:214e:627:2d94:a06f:63140] AH02041: Protocol: TLSv1.3, Cipher: TLS_AES_256_GCM_SHA384 (256/256 bits)
[Sat Aug 22 01:32:39.924995 2026] [socache_shmcb:debug] [pid 662494:tid 662494] mod_socache_shmcb.c(508): AH00831: socache_shmcb_store (0xa2 -> subcache 2)
[Sat Aug 22 01:32:39.925003 2026] [socache_shmcb:debug] [pid 662494:tid 662494] mod_socache_shmcb.c(745): AH00842: expiring 2 and reclaiming 0 removed socache entries
[Sat Aug 22 01:32:39.925006 2026] [socache_shmcb:debug] [pid 662494:tid 662494] mod_socache_shmcb.c(765): AH00843: we now have 46 socache entries
[Sat Aug 22 01:32:39.925008 2026] [socache_shmcb:debug] [pid 662494:tid 662494] mod_socache_shmcb.c(860): AH00847: insert happened at idx=73, data=(788:820)
[Sat Aug 22 01:32:39.925009 2026] [socache_shmcb:debug] [pid 662494:tid 662494] mod_socache_shmcb.c(863): AH00848: finished insert, subcache: idx_pos/idx_used=27/47, data_pos/data_used=4418/10463
[Sat Aug 22 01:32:39.925011 2026] [socache_shmcb:debug] [pid 662494:tid 662494] mod_socache_shmcb.c(530): AH00834: leaving socache_shmcb_store successfully
[Sat Aug 22 01:32:39.925064 2026] [socache_shmcb:debug] [pid 662494:tid 662494] mod_socache_shmcb.c(508): AH00831: socache_shmcb_store (0xac -> subcache 12)
[Sat Aug 22 01:32:39.925077 2026] [socache_shmcb:debug] [pid 662494:tid 662494] mod_socache_shmcb.c(860): AH00847: insert happened at idx=16, data=(7784:7816)
[Sat Aug 22 01:32:39.925079 2026] [socache_shmcb:debug] [pid 662494:tid 662494] mod_socache_shmcb.c(863): AH00848: finished insert, subcache: idx_pos/idx_used=52/53, data_pos/data_used=10043/11834
[Sat Aug 22 01:32:39.925081 2026] [socache_shmcb:debug] [pid 662494:tid 662494] mod_socache_shmcb.c(530): AH00834: leaving socache_shmcb_store successfully
[Sat Aug 22 01:32:39.926147 2026] [ssl:debug] [pid 662494:tid 662494] ssl_engine_kernel.c(254): [client 2001:b011:7803:3948:214e:627:2d94:a06f:63140] AH02034: Initial (No.1) HTTPS request received for child 30 (server www.dsjh.ilc.edu.tw:443), referer: https://www.dsjh.ilc.edu.tw/
[Sat Aug 22 01:32:39.926688 2026] [authz_core:debug] [pid 662494:tid 662494] mod_authz_core.c(815): [client 2001:b011:7803:3948:214e:627:2d94:a06f:63140] AH01626: authorization result of Require all granted: granted, referer: https://www.dsjh.ilc.edu.tw/
[Sat Aug 22 01:32:39.926696 2026] [authz_core:debug] [pid 662494:tid 662494] mod_authz_core.c(815): [client 2001:b011:7803:3948:214e:627:2d94:a06f:63140] AH01626: authorization result of : granted, referer: https://www.dsjh.ilc.edu.tw/
[Sat Aug 22 01:32:39.927754 2026] [deflate:debug] [pid 662494:tid 662494] mod_deflate.c(909): [client 2001:b011:7803:3948:214e:627:2d94:a06f:63140] AH01384: Zlib: Compressed 18468 to 2574 : URL /wp-content/cache/www.dsjh.ilc.edu.tw/wpfc-minified/mbc3w968/73bt.css, referer: https://www.dsjh.ilc.edu.tw/
[Sat Aug 22 01:32:39.933861 2026] [ssl:debug] [pid 662377:tid 662377] ssl_engine_kernel.c(254): [client 2001:b011:7803:3948:214e:627:2d94:a06f:63137] AH02034: Subsequent (No.2) HTTPS request received for child 19 (server www.dsjh.ilc.edu.tw:443), referer: https://www.dsjh.ilc.edu.tw/
[Sat Aug 22 01:32:39.934065 2026] [authz_core:debug] [pid 662377:tid 662377] mod_authz_core.c(815): [client 2001:b011:7803:3948:214e:627:2d94:a06f:63137] AH01626: authorization result of Require all granted: granted, referer: https://www.dsjh.ilc.edu.tw/
[Sat Aug 22 01:32:39.934071 2026] [authz_core:debug] [pid 662377:tid 662377] mod_authz_core.c(815): [client 2001:b011:7803:3948:214e:627:2d94:a06f:63137] AH01626: authorization result of : granted, referer: https://www.dsjh.ilc.edu.tw/
[Sat Aug 22 01:32:39.934521 2026] [deflate:debug] [pid 662377:tid 662377] mod_deflate.c(909): [client 2001:b011:7803:3948:214e:627:2d94:a06f:63137] AH01384: Zlib: Compressed 9141 to 3649 : URL /wp-includes/js/dist/i18n.min.js, referer: https://www.dsjh.ilc.edu.tw/
[Sat Aug 22 01:32:39.939157 2026] [ssl:debug] [pid 662390:tid 662390] ssl_engine_kernel.c(254): [client 2001:b011:7803:3948:214e:627:2d94:a06f:63138] AH02034: Subsequent (No.2) HTTPS request received for child 43 (server www.dsjh.ilc.edu.tw:443), referer: https://www.dsjh.ilc.edu.tw/
[Sat Aug 22 01:32:39.939367 2026] [authz_core:debug] [pid 662390:tid 662390] mod_authz_core.c(815): [client 2001:b011:7803:3948:214e:627:2d94:a06f:63138] AH01626: authorization result of Require all granted: granted, referer: https://www.dsjh.ilc.edu.tw/
[Sat Aug 22 01:32:39.939374 2026] [authz_core:debug] [pid 662390:tid 662390] mod_authz_core.c(815): [client 2001:b011:7803:3948:214e:627:2d94:a06f:63138] AH01626: authorization result of : granted, referer: https://www.dsjh.ilc.edu.tw/
[Sat Aug 22 01:32:39.940159 2026] [deflate:debug] [pid 662390:tid 662390] mod_deflate.c(909): [client 2001:b011:7803:3948:214e:627:2d94:a06f:63138] AH01384: Zlib: Compressed 25050 to 6676 : URL /wp-content/plugins/elementor-pro/assets/js/frontend.min.js, referer: https://www.dsjh.ilc.edu.tw/
[Sat Aug 22 01:32:39.940430 2026] [ssl:debug] [pid 662368:tid 662368] ssl_engine_kernel.c(254): [client 2001:b011:7803:3948:214e:627:2d94:a06f:63135] AH02034: Subsequent (No.5) HTTPS request received for child 8 (server www.dsjh.ilc.edu.tw:443), referer: https://www.dsjh.ilc.edu.tw/
[Sat Aug 22 01:32:39.940618 2026] [authz_core:debug] [pid 662368:tid 662368] mod_authz_core.c(815): [client 2001:b011:7803:3948:214e:627:2d94:a06f:63135] AH01626: authorization result of Require all granted: granted, referer: https://www.dsjh.ilc.edu.tw/
[Sat Aug 22 01:32:39.940624 2026] [authz_core:debug] [pid 662368:tid 662368] mod_authz_core.c(815): [client 2001:b011:7803:3948:214e:627:2d94:a06f:63135] AH01626: authorization result of : granted, referer: https://www.dsjh.ilc.edu.tw/
[Sat Aug 22 01:32:39.941111 2026] [deflate:debug] [pid 662368:tid 662368] mod_deflate.c(909): [client 2001:b011:7803:3948:214e:627:2d94:a06f:63135] AH01384: Zlib: Compressed 12198 to 2975 : URL /wp-content/plugins/elementor/assets/lib/waypoints/waypoints.min.js, referer: https://www.dsjh.ilc.edu.tw/
[Sat Aug 22 01:32:39.952815 2026] [ssl:debug] [pid 662494:tid 662494] ssl_engine_kernel.c(254): [client 2001:b011:7803:3948:214e:627:2d94:a06f:63140] AH02034: Subsequent (No.2) HTTPS request received for child 30 (server www.dsjh.ilc.edu.tw:443), referer: https://www.dsjh.ilc.edu.tw/
[Sat Aug 22 01:32:39.952815 2026] [ssl:debug] [pid 662456:tid 662456] ssl_engine_kernel.c(254): [client 2001:b011:7803:3948:214e:627:2d94:a06f:63136] AH02034: Subsequent (No.2) HTTPS request received for child 2 (server www.dsjh.ilc.edu.tw:443), referer: https://www.dsjh.ilc.edu.tw/
[Sat Aug 22 01:32:39.953029 2026] [authz_core:debug] [pid 662494:tid 662494] mod_authz_core.c(815): [client 2001:b011:7803:3948:214e:627:2d94:a06f:63140] AH01626: authorization result of Require all granted: granted, referer: https://www.dsjh.ilc.edu.tw/
[Sat Aug 22 01:32:39.953035 2026] [authz_core:debug] [pid 662494:tid 662494] mod_authz_core.c(815): [client 2001:b011:7803:3948:214e:627:2d94:a06f:63140] AH01626: authorization result of : granted, referer: https://www.dsjh.ilc.edu.tw/
[Sat Aug 22 01:32:39.953060 2026] [authz_core:debug] [pid 662456:tid 662456] mod_authz_core.c(815): [client 2001:b011:7803:3948:214e:627:2d94:a06f:63136] AH01626: authorization result of Require all granted: granted, referer: https://www.dsjh.ilc.edu.tw/
[Sat Aug 22 01:32:39.953067 2026] [authz_core:debug] [pid 662456:tid 662456] mod_authz_core.c(815): [client 2001:b011:7803:3948:214e:627:2d94:a06f:63136] AH01626: authorization result of : granted, referer: https://www.dsjh.ilc.edu.tw/
[Sat Aug 22 01:32:39.953805 2026] [ssl:debug] [pid 662377:tid 662377] ssl_engine_kernel.c(254): [client 2001:b011:7803:3948:214e:627:2d94:a06f:63137] AH02034: Subsequent (No.3) HTTPS request received for child 19 (server www.dsjh.ilc.edu.tw:443), referer: https://www.dsjh.ilc.edu.tw/
[Sat Aug 22 01:32:39.953886 2026] [deflate:debug] [pid 662456:tid 662456] mod_deflate.c(909): [client 2001:b011:7803:3948:214e:627:2d94:a06f:63136] AH01384: Zlib: Compressed 21464 to 7088 : URL /wp-includes/js/jquery/ui/core.min.js, referer: https://www.dsjh.ilc.edu.tw/
[Sat Aug 22 01:32:39.953966 2026] [authz_core:debug] [pid 662377:tid 662377] mod_authz_core.c(815): [client 2001:b011:7803:3948:214e:627:2d94:a06f:63137] AH01626: authorization result of Require all granted: granted, referer: https://www.dsjh.ilc.edu.tw/
