[Sat Aug 22 01:32:39.953972 2026] [authz_core:debug] [pid 662377:tid 662377] mod_authz_core.c(815): [client 2001:b011:7803:3948:214e:627:2d94:a06f:63137] AH01626: authorization result of : granted, referer: https://www.dsjh.ilc.edu.tw/
[Sat Aug 22 01:32:39.954242 2026] [deflate:debug] [pid 662494:tid 662494] mod_deflate.c(909): [client 2001:b011:7803:3948:214e:627:2d94:a06f:63140] AH01384: Zlib: Compressed 40254 to 12204 : URL /wp-content/plugins/elementor/assets/js/frontend.min.js, referer: https://www.dsjh.ilc.edu.tw/
[Sat Aug 22 01:32:39.955033 2026] [deflate:debug] [pid 662377:tid 662377] mod_deflate.c(909): [client 2001:b011:7803:3948:214e:627:2d94:a06f:63137] AH01384: Zlib: Compressed 41573 to 9918 : URL /wp-content/plugins/elementor-pro/assets/js/elements-handlers.min.js, referer: https://www.dsjh.ilc.edu.tw/
[Sat Aug 22 01:32:39.957678 2026] [ssl:debug] [pid 662458:tid 662458] ssl_engine_kernel.c(254): [client 216.73.216.122:6612] AH02034: Subsequent (No.13) HTTPS request received for child 6 (server 2blog.ilc.edu.tw:443)
[Sat Aug 22 01:32:39.957821 2026] [authz_core:debug] [pid 662458:tid 662458] mod_authz_core.c(815): [client 216.73.216.122:6612] AH01626: authorization result of Require all granted: granted
[Sat Aug 22 01:32:39.957825 2026] [authz_core:debug] [pid 662458:tid 662458] mod_authz_core.c(815): [client 216.73.216.122:6612] AH01626: authorization result of : granted
[Sat Aug 22 01:32:39.957922 2026] [authz_core:debug] [pid 662458:tid 662458] mod_authz_core.c(815): [client 216.73.216.122:6612] AH01626: authorization result of Require all granted: granted
[Sat Aug 22 01:32:39.957925 2026] [authz_core:debug] [pid 662458:tid 662458] mod_authz_core.c(815): [client 216.73.216.122:6612] AH01626: authorization result of : granted
[Sat Aug 22 01:32:39.968904 2026] [ssl:debug] [pid 662368:tid 662368] ssl_engine_kernel.c(254): [client 2001:b011:7803:3948:214e:627:2d94:a06f:63135] AH02034: Subsequent (No.6) HTTPS request received for child 8 (server www.dsjh.ilc.edu.tw:443), referer: https://www.dsjh.ilc.edu.tw/
[Sat Aug 22 01:32:39.969531 2026] [authz_core:debug] [pid 662368:tid 662368] mod_authz_core.c(815): [client 2001:b011:7803:3948:214e:627:2d94:a06f:63135] AH01626: authorization result of Require all granted: granted, referer: https://www.dsjh.ilc.edu.tw/
[Sat Aug 22 01:32:39.969541 2026] [authz_core:debug] [pid 662368:tid 662368] mod_authz_core.c(815): [client 2001:b011:7803:3948:214e:627:2d94:a06f:63135] AH01626: authorization result of : granted, referer: https://www.dsjh.ilc.edu.tw/
[Sat Aug 22 01:32:39.970244 2026] [ssl:debug] [pid 662390:tid 662390] ssl_engine_kernel.c(254): [client 2001:b011:7803:3948:214e:627:2d94:a06f:63138] AH02034: Subsequent (No.3) HTTPS request received for child 43 (server www.dsjh.ilc.edu.tw:443), referer: https://www.dsjh.ilc.edu.tw/
[Sat Aug 22 01:32:39.970560 2026] [authz_core:debug] [pid 662390:tid 662390] mod_authz_core.c(815): [client 2001:b011:7803:3948:214e:627:2d94:a06f:63138] AH01626: authorization result of Require all granted: granted, referer: https://www.dsjh.ilc.edu.tw/
[Sat Aug 22 01:32:39.970566 2026] [authz_core:debug] [pid 662390:tid 662390] mod_authz_core.c(815): [client 2001:b011:7803:3948:214e:627:2d94:a06f:63138] AH01626: authorization result of : granted, referer: https://www.dsjh.ilc.edu.tw/
[Sat Aug 22 01:32:39.988057 2026] [deflate:debug] [pid 662461:tid 662461] mod_deflate.c(909): [client 216.73.216.122:37958] AH01384: Zlib: Compressed 43331 to 3718 : URL /index.php
[Sat Aug 22 01:32:40.024121 2026] [ssl:debug] [pid 662456:tid 662456] ssl_engine_kernel.c(254): [client 2001:b011:7803:3948:214e:627:2d94:a06f:63136] AH02034: Subsequent (No.3) HTTPS request received for child 2 (server www.dsjh.ilc.edu.tw:443), referer: https://www.dsjh.ilc.edu.tw/
[Sat Aug 22 01:32:40.024828 2026] [ssl:debug] [pid 662494:tid 662494] ssl_engine_kernel.c(254): [client 2001:b011:7803:3948:214e:627:2d94:a06f:63140] AH02034: Subsequent (No.3) HTTPS request received for child 30 (server www.dsjh.ilc.edu.tw:443), referer: https://www.dsjh.ilc.edu.tw/
[Sat Aug 22 01:32:40.024845 2026] [authz_core:debug] [pid 662456:tid 662456] mod_authz_core.c(815): [client 2001:b011:7803:3948:214e:627:2d94:a06f:63136] AH01626: authorization result of Require all granted: granted, referer: https://www.dsjh.ilc.edu.tw/
[Sat Aug 22 01:32:40.024857 2026] [authz_core:debug] [pid 662456:tid 662456] mod_authz_core.c(815): [client 2001:b011:7803:3948:214e:627:2d94:a06f:63136] AH01626: authorization result of : granted, referer: https://www.dsjh.ilc.edu.tw/
[Sat Aug 22 01:32:40.025372 2026] [authz_core:debug] [pid 662494:tid 662494] mod_authz_core.c(815): [client 2001:b011:7803:3948:214e:627:2d94:a06f:63140] AH01626: authorization result of Require all granted: granted, referer: https://www.dsjh.ilc.edu.tw/
[Sat Aug 22 01:32:40.025382 2026] [authz_core:debug] [pid 662494:tid 662494] mod_authz_core.c(815): [client 2001:b011:7803:3948:214e:627:2d94:a06f:63140] AH01626: authorization result of : granted, referer: https://www.dsjh.ilc.edu.tw/
[Sat Aug 22 01:32:40.047218 2026] [ssl:debug] [pid 662375:tid 662375] ssl_engine_kernel.c(254): [client 216.73.216.122:12762] AH02034: Subsequent (No.14) HTTPS request received for child 17 (server 2blog.ilc.edu.tw:443)
[Sat Aug 22 01:32:40.047474 2026] [authz_core:debug] [pid 662375:tid 662375] mod_authz_core.c(815): [client 216.73.216.122:12762] AH01626: authorization result of Require all granted: granted
[Sat Aug 22 01:32:40.047481 2026] [authz_core:debug] [pid 662375:tid 662375] mod_authz_core.c(815): [client 216.73.216.122:12762] AH01626: authorization result of : granted
[Sat Aug 22 01:32:40.047642 2026] [authz_core:debug] [pid 662375:tid 662375] mod_authz_core.c(815): [client 216.73.216.122:12762] AH01626: authorization result of Require all granted: granted
[Sat Aug 22 01:32:40.047649 2026] [authz_core:debug] [pid 662375:tid 662375] mod_authz_core.c(815): [client 216.73.216.122:12762] AH01626: authorization result of : granted
[Sat Aug 22 01:32:40.135966 2026] [ssl:debug] [pid 662386:tid 662386] ssl_engine_kernel.c(254): [client 2001:b011:7803:3948:214e:627:2d94:a06f:63139] AH02034: Subsequent (No.2) HTTPS request received for child 36 (server www.dsjh.ilc.edu.tw:443), referer: https://www.dsjh.ilc.edu.tw/
[Sat Aug 22 01:32:40.136522 2026] [authz_core:debug] [pid 662386:tid 662386] mod_authz_core.c(815): [client 2001:b011:7803:3948:214e:627:2d94:a06f:63139] AH01626: authorization result of Require all granted: granted, referer: https://www.dsjh.ilc.edu.tw/
[Sat Aug 22 01:32:40.136536 2026] [authz_core:debug] [pid 662386:tid 662386] mod_authz_core.c(815): [client 2001:b011:7803:3948:214e:627:2d94:a06f:63139] AH01626: authorization result of : granted, referer: https://www.dsjh.ilc.edu.tw/
[Sat Aug 22 01:32:40.149292 2026] [ssl:debug] [pid 662319:tid 662319] ssl_engine_kernel.c(254): [client 216.73.216.122:4464] AH02034: Subsequent (No.19) HTTPS request received for child 5 (server 2blog.ilc.edu.tw:443)
[Sat Aug 22 01:32:40.149478 2026] [authz_core:debug] [pid 662319:tid 662319] mod_authz_core.c(815): [client 216.73.216.122:4464] AH01626: authorization result of Require all granted: granted
[Sat Aug 22 01:32:40.149483 2026] [authz_core:debug] [pid 662319:tid 662319] mod_authz_core.c(815): [client 216.73.216.122:4464] AH01626: authorization result of : granted
[Sat Aug 22 01:32:40.149590 2026] [authz_core:debug] [pid 662319:tid 662319] mod_authz_core.c(815): [client 216.73.216.122:4464] AH01626: authorization result of Require all granted: granted
[Sat Aug 22 01:32:40.149602 2026] [authz_core:debug] [pid 662319:tid 662319] mod_authz_core.c(815): [client 216.73.216.122:4464] AH01626: authorization result of : granted
[Sat Aug 22 01:32:40.170926 2026] [ssl:debug] [pid 662377:tid 662377] ssl_engine_kernel.c(254): [client 2001:b011:7803:3948:214e:627:2d94:a06f:63137] AH02034: Subsequent (No.4) HTTPS request received for child 19 (server www.dsjh.ilc.edu.tw:443), referer: https://www.dsjh.ilc.edu.tw/
[Sat Aug 22 01:32:40.171392 2026] [authz_core:debug] [pid 662377:tid 662377] mod_authz_core.c(815): [client 2001:b011:7803:3948:214e:627:2d94:a06f:63137] AH01626: authorization result of Require all granted: granted, referer: https://www.dsjh.ilc.edu.tw/
[Sat Aug 22 01:32:40.171398 2026] [authz_core:debug] [pid 662377:tid 662377] mod_authz_core.c(815): [client 2001:b011:7803:3948:214e:627:2d94:a06f:63137] AH01626: authorization result of : granted, referer: https://www.dsjh.ilc.edu.tw/
[Sat Aug 22 01:32:40.217833 2026] [ssl:debug] [pid 662368:tid 662368] ssl_engine_kernel.c(254): [client 2001:b011:7803:3948:214e:627:2d94:a06f:63135] AH02034: Subsequent (No.7) HTTPS request received for child 8 (server www.dsjh.ilc.edu.tw:443), referer: https://www.dsjh.ilc.edu.tw/
[Sat Aug 22 01:32:40.218057 2026] [authz_core:debug] [pid 662368:tid 662368] mod_authz_core.c(815): [client 2001:b011:7803:3948:214e:627:2d94:a06f:63135] AH01626: authorization result of Require all granted: granted, referer: https://www.dsjh.ilc.edu.tw/
[Sat Aug 22 01:32:40.218064 2026] [authz_core:debug] [pid 662368:tid 662368] mod_authz_core.c(815): [client 2001:b011:7803:3948:214e:627:2d94:a06f:63135] AH01626: authorization result of : granted, referer: https://www.dsjh.ilc.edu.tw/
[Sat Aug 22 01:32:40.218312 2026] [deflate:debug] [pid 662368:tid 662368] mod_deflate.c(909): [client 2001:b011:7803:3948:214e:627:2d94:a06f:63135] AH01384: Zlib: Compressed 3926 to 1450 : URL /wp-content/plugins/elementor-pro/assets/js/slides.fb6b9afd278bb9c5e75b.bundle.min.js, referer: https://www.dsjh.ilc.edu.tw/
[Sat Aug 22 01:32:40.230330 2026] [ssl:debug] [pid 662461:tid 662461] ssl_engine_kernel.c(254): [client 216.73.216.122:37958] AH02034: Subsequent (No.12) HTTPS request received for child 7 (server 2blog.ilc.edu.tw:443)
[Sat Aug 22 01:32:40.230581 2026] [authz_core:debug] [pid 662461:tid 662461] mod_authz_core.c(815): [client 216.73.216.122:37958] AH01626: authorization result of Require all granted: granted
[Sat Aug 22 01:32:40.230590 2026] [authz_core:debug] [pid 662461:tid 662461] mod_authz_core.c(815): [client 216.73.216.122:37958] AH01626: authorization result of : granted
[Sat Aug 22 01:32:40.230768 2026] [authz_core:debug] [pid 662461:tid 662461] mod_authz_core.c(815): [client 216.73.216.122:37958] AH01626: authorization result of Require all granted: granted
[Sat Aug 22 01:32:40.230776 2026] [authz_core:debug] [pid 662461:tid 662461] mod_authz_core.c(815): [client 216.73.216.122:37958] AH01626: authorization result of : granted
[Sat Aug 22 01:32:40.278300 2026] [deflate:debug] [pid 662319:tid 662319] mod_deflate.c(909): [client 216.73.216.122:4464] AH01384: Zlib: Compressed 34596 to 8535 : URL /index.php
[Sat Aug 22 01:32:40.343117 2026] [ssl:debug] [pid 662481:tid 662481] ssl_engine_kernel.c(254): [client 216.73.216.122:29620] AH02034: Subsequent (No.11) HTTPS request received for child 14 (server 2blog.ilc.edu.tw:443)
[Sat Aug 22 01:32:40.343350 2026] [authz_core:debug] [pid 662481:tid 662481] mod_authz_core.c(815): [client 216.73.216.122:29620] AH01626: authorization result of Require all granted: granted
[Sat Aug 22 01:32:40.343357 2026] [authz_core:debug] [pid 662481:tid 662481] mod_authz_core.c(815): [client 216.73.216.122:29620] AH01626: authorization result of : granted
[Sat Aug 22 01:32:40.343510 2026] [authz_core:debug] [pid 662481:tid 662481] mod_authz_core.c(815): [client 216.73.216.122:29620] AH01626: authorization result of Require all granted: granted
[Sat Aug 22 01:32:40.343516 2026] [authz_core:debug] [pid 662481:tid 662481] mod_authz_core.c(815): [client 216.73.216.122:29620] AH01626: authorization result of : granted
[Sat Aug 22 01:32:40.356721 2026] [deflate:debug] [pid 662461:tid 662461] mod_deflate.c(909): [client 216.73.216.122:37958] AH01384: Zlib: Compressed 46739 to 10516 : URL /index.php
[Sat Aug 22 01:32:40.410929 2026] [ssl:debug] [pid 662458:tid 662458] ssl_engine_kernel.c(254): [client 216.73.216.122:6612] AH02034: Subsequent (No.14) HTTPS request received for child 6 (server 2blog.ilc.edu.tw:443)
[Sat Aug 22 01:32:40.411096 2026] [authz_core:debug] [pid 662458:tid 662458] mod_authz_core.c(815): [client 216.73.216.122:6612] AH01626: authorization result of Require all granted: granted
[Sat Aug 22 01:32:40.411101 2026] [authz_core:debug] [pid 662458:tid 662458] mod_authz_core.c(815): [client 216.73.216.122:6612] AH01626: authorization result of : granted
[Sat Aug 22 01:32:40.411203 2026] [authz_core:debug] [pid 662458:tid 662458] mod_authz_core.c(815): [client 216.73.216.122:6612] AH01626: authorization result of Require all granted: granted
[Sat Aug 22 01:32:40.411207 2026] [authz_core:debug] [pid 662458:tid 662458] mod_authz_core.c(815): [client 216.73.216.122:6612] AH01626: authorization result of : granted
[Sat Aug 22 01:32:40.501132 2026] [ssl:debug] [pid 662390:tid 662390] ssl_engine_kernel.c(254): [client 2001:b011:7803:3948:214e:627:2d94:a06f:63138] AH02034: Subsequent (No.4) HTTPS request received for child 43 (server www.dsjh.ilc.edu.tw:443), referer: https://www.dsjh.ilc.edu.tw/
[Sat Aug 22 01:32:40.501887 2026] [authz_core:debug] [pid 662390:tid 662390] mod_authz_core.c(815): [client 2001:b011:7803:3948:214e:627:2d94:a06f:63138] AH01626: authorization result of Require all granted: granted, referer: https://www.dsjh.ilc.edu.tw/
[Sat Aug 22 01:32:40.501899 2026] [authz_core:debug] [pid 662390:tid 662390] mod_authz_core.c(815): [client 2001:b011:7803:3948:214e:627:2d94:a06f:63138] AH01626: authorization result of : granted, referer: https://www.dsjh.ilc.edu.tw/
[Sat Aug 22 01:32:40.514268 2026] [ssl:debug] [pid 662319:tid 662319] ssl_engine_kernel.c(254): [client 216.73.216.122:4464] AH02034: Subsequent (No.20) HTTPS request received for child 5 (server 2blog.ilc.edu.tw:443)
[Sat Aug 22 01:32:40.514449 2026] [authz_core:debug] [pid 662319:tid 662319] mod_authz_core.c(815): [client 216.73.216.122:4464] AH01626: authorization result of Require all granted: granted
[Sat Aug 22 01:32:40.514454 2026] [authz_core:debug] [pid 662319:tid 662319] mod_authz_core.c(815): [client 216.73.216.122:4464] AH01626: authorization result of : granted
[Sat Aug 22 01:32:40.514561 2026] [authz_core:debug] [pid 662319:tid 662319] mod_authz_core.c(815): [client 216.73.216.122:4464] AH01626: authorization result of Require all granted: granted
[Sat Aug 22 01:32:40.514565 2026] [authz_core:debug] [pid 662319:tid 662319] mod_authz_core.c(815): [client 216.73.216.122:4464] AH01626: authorization result of : granted
[Sat Aug 22 01:32:40.551825 2026] [deflate:debug] [pid 662481:tid 662481] mod_deflate.c(909): [client 216.73.216.122:29620] AH01384: Zlib: Compressed 139497 to 14626 : URL /index.php
[Sat Aug 22 01:32:40.553201 2026] [deflate:debug] [pid 662458:tid 662458] mod_deflate.c(909): [client 216.73.216.122:6612] AH01384: Zlib: Compressed 34257 to 8549 : URL /index.php
[Sat Aug 22 01:32:40.579913 2026] [ssl:debug] [pid 662456:tid 662456] ssl_engine_kernel.c(254): [client 2001:b011:7803:3948:214e:627:2d94:a06f:63136] AH02034: Subsequent (No.4) HTTPS request received for child 2 (server www.dsjh.ilc.edu.tw:443), referer: https://www.dsjh.ilc.edu.tw/
[Sat Aug 22 01:32:40.580283 2026] [authz_core:debug] [pid 662456:tid 662456] mod_authz_core.c(815): [client 2001:b011:7803:3948:214e:627:2d94:a06f:63136] AH01626: authorization result of Require all granted: granted, referer: https://www.dsjh.ilc.edu.tw/
[Sat Aug 22 01:32:40.580290 2026] [authz_core:debug] [pid 662456:tid 662456] mod_authz_core.c(815): [client 2001:b011:7803:3948:214e:627:2d94:a06f:63136] AH01626: authorization result of : granted, referer: https://www.dsjh.ilc.edu.tw/
[Sat Aug 22 01:32:40.594636 2026] [deflate:debug] [pid 662319:tid 662319] mod_deflate.c(909): [client 216.73.216.122:4464] AH01384: Zlib: Compressed 13702 to 5074 : URL /wp-login.php
[Sat Aug 22 01:32:40.598761 2026] [ssl:debug] [pid 662461:tid 662461] ssl_engine_kernel.c(254): [client 216.73.216.122:37958] AH02034: Subsequent (No.13) HTTPS request received for child 7 (server 2blog.ilc.edu.tw:443)
[Sat Aug 22 01:32:40.599004 2026] [authz_core:debug] [pid 662461:tid 662461] mod_authz_core.c(815): [client 216.73.216.122:37958] AH01626: authorization result of Require all granted: granted
[Sat Aug 22 01:32:40.599011 2026] [authz_core:debug] [pid 662461:tid 662461] mod_authz_core.c(815): [client 216.73.216.122:37958] AH01626: authorization result of : granted
[Sat Aug 22 01:32:40.599167 2026] [authz_core:debug] [pid 662461:tid 662461] mod_authz_core.c(815): [client 216.73.216.122:37958] AH01626: authorization result of Require all granted: granted
[Sat Aug 22 01:32:40.599172 2026] [authz_core:debug] [pid 662461:tid 662461] mod_authz_core.c(815): [client 216.73.216.122:37958] AH01626: authorization result of : granted
[Sat Aug 22 01:32:40.610034 2026] [ssl:debug] [pid 662390:tid 662390] ssl_engine_kernel.c(254): [client 2001:b011:7803:3948:214e:627:2d94:a06f:63138] AH02034: Subsequent (No.5) HTTPS request received for child 43 (server www.dsjh.ilc.edu.tw:443), referer: https://www.dsjh.ilc.edu.tw/
[Sat Aug 22 01:32:40.610043 2026] [ssl:debug] [pid 662494:tid 662494] ssl_engine_kernel.c(254): [client 2001:b011:7803:3948:214e:627:2d94:a06f:63140] AH02034: Subsequent (No.4) HTTPS request received for child 30 (server www.dsjh.ilc.edu.tw:443), referer: https://www.dsjh.ilc.edu.tw/
[Sat Aug 22 01:32:40.610192 2026] [ssl:debug] [pid 662368:tid 662368] ssl_engine_kernel.c(254): [client 2001:b011:7803:3948:214e:627:2d94:a06f:63135] AH02034: Subsequent (No.8) HTTPS request received for child 8 (server www.dsjh.ilc.edu.tw:443), referer: https://www.dsjh.ilc.edu.tw/
[Sat Aug 22 01:32:40.610829 2026] [authz_core:debug] [pid 662368:tid 662368] mod_authz_core.c(815): [client 2001:b011:7803:3948:214e:627:2d94:a06f:63135] AH01626: authorization result of Require all granted: granted, referer: https://www.dsjh.ilc.edu.tw/
[Sat Aug 22 01:32:40.610839 2026] [authz_core:debug] [pid 662368:tid 662368] mod_authz_core.c(815): [client 2001:b011:7803:3948:214e:627:2d94:a06f:63135] AH01626: authorization result of : granted, referer: https://www.dsjh.ilc.edu.tw/
[Sat Aug 22 01:32:40.610838 2026] [authz_core:debug] [pid 662494:tid 662494] mod_authz_core.c(815): [client 2001:b011:7803:3948:214e:627:2d94:a06f:63140] AH01626: authorization result of Require all granted: granted, referer: https://www.dsjh.ilc.edu.tw/
[Sat Aug 22 01:32:40.610848 2026] [authz_core:debug] [pid 662494:tid 662494] mod_authz_core.c(815): [client 2001:b011:7803:3948:214e:627:2d94:a06f:63140] AH01626: authorization result of : granted, referer: https://www.dsjh.ilc.edu.tw/
[Sat Aug 22 01:32:40.611037 2026] [authz_core:debug] [pid 662390:tid 662390] mod_authz_core.c(815): [client 2001:b011:7803:3948:214e:627:2d94:a06f:63138] AH01626: authorization result of Require all granted: granted, referer: https://www.dsjh.ilc.edu.tw/
[Sat Aug 22 01:32:40.611043 2026] [authz_core:debug] [pid 662390:tid 662390] mod_authz_core.c(815): [client 2001:b011:7803:3948:214e:627:2d94:a06f:63138] AH01626: authorization result of : granted, referer: https://www.dsjh.ilc.edu.tw/
[Sat Aug 22 01:32:40.613977 2026] [ssl:debug] [pid 662386:tid 662386] ssl_engine_kernel.c(254): [client 2001:b011:7803:3948:214e:627:2d94:a06f:63139] AH02034: Subsequent (No.3) HTTPS request received for child 36 (server www.dsjh.ilc.edu.tw:443), referer: https://www.dsjh.ilc.edu.tw/
[Sat Aug 22 01:32:40.614307 2026] [authz_core:debug] [pid 662386:tid 662386] mod_authz_core.c(815): [client 2001:b011:7803:3948:214e:627:2d94:a06f:63139] AH01626: authorization result of Require all granted: granted, referer: https://www.dsjh.ilc.edu.tw/
[Sat Aug 22 01:32:40.614322 2026] [authz_core:debug] [pid 662386:tid 662386] mod_authz_core.c(815): [client 2001:b011:7803:3948:214e:627:2d94:a06f:63139] AH01626: authorization result of : granted, referer: https://www.dsjh.ilc.edu.tw/
[Sat Aug 22 01:32:40.659917 2026] [ssl:debug] [pid 662390:tid 662390] ssl_engine_kernel.c(254): [client 2001:b011:7803:3948:214e:627:2d94:a06f:63138] AH02034: Subsequent (No.6) HTTPS request received for child 43 (server www.dsjh.ilc.edu.tw:443), referer: https://www.dsjh.ilc.edu.tw/
[Sat Aug 22 01:32:40.660443 2026] [authz_core:debug] [pid 662390:tid 662390] mod_authz_core.c(815): [client 2001:b011:7803:3948:214e:627:2d94:a06f:63138] AH01626: authorization result of Require all granted: granted, referer: https://www.dsjh.ilc.edu.tw/
[Sat Aug 22 01:32:40.660453 2026] [authz_core:debug] [pid 662390:tid 662390] mod_authz_core.c(815): [client 2001:b011:7803:3948:214e:627:2d94:a06f:63138] AH01626: authorization result of : granted, referer: https://www.dsjh.ilc.edu.tw/
[Sat Aug 22 01:32:40.669945 2026] [ssl:debug] [pid 662390:tid 662390] ssl_engine_kernel.c(254): [client 2001:b011:7803:3948:214e:627:2d94:a06f:63138] AH02034: Subsequent (No.7) HTTPS request received for child 43 (server www.dsjh.ilc.edu.tw:443), referer: https://www.dsjh.ilc.edu.tw/
[Sat Aug 22 01:32:40.670874 2026] [authz_core:debug] [pid 662390:tid 662390] mod_authz_core.c(815): [client 2001:b011:7803:3948:214e:627:2d94:a06f:63138] AH01626: authorization result of Require all granted: granted, referer: https://www.dsjh.ilc.edu.tw/
[Sat Aug 22 01:32:40.670887 2026] [authz_core:debug] [pid 662390:tid 662390] mod_authz_core.c(815): [client 2001:b011:7803:3948:214e:627:2d94:a06f:63138] AH01626: authorization result of : granted, referer: https://www.dsjh.ilc.edu.tw/
[Sat Aug 22 01:32:40.674957 2026] [ssl:debug] [pid 662456:tid 662456] ssl_engine_kernel.c(254): [client 2001:b011:7803:3948:214e:627:2d94:a06f:63136] AH02034: Subsequent (No.5) HTTPS request received for child 2 (server www.dsjh.ilc.edu.tw:443), referer: https://www.dsjh.ilc.edu.tw/
[Sat Aug 22 01:32:40.675482 2026] [authz_core:debug] [pid 662456:tid 662456] mod_authz_core.c(815): [client 2001:b011:7803:3948:214e:627:2d94:a06f:63136] AH01626: authorization result of Require all granted: granted, referer: https://www.dsjh.ilc.edu.tw/
[Sat Aug 22 01:32:40.675492 2026] [authz_core:debug] [pid 662456:tid 662456] mod_authz_core.c(815): [client 2001:b011:7803:3948:214e:627:2d94:a06f:63136] AH01626: authorization result of : granted, referer: https://www.dsjh.ilc.edu.tw/
[Sat Aug 22 01:32:40.684969 2026] [ssl:debug] [pid 662390:tid 662390] ssl_engine_kernel.c(254): [client 2001:b011:7803:3948:214e:627:2d94:a06f:63138] AH02034: Subsequent (No.8) HTTPS request received for child 43 (server www.dsjh.ilc.edu.tw:443), referer: https://www.dsjh.ilc.edu.tw/
[Sat Aug 22 01:32:40.685307 2026] [ssl:debug] [pid 662482:tid 662482] ssl_engine_kernel.c(254): [client 216.73.216.122:42734] AH02034: Initial (No.1) HTTPS request received for child 15 (server 2blog.ilc.edu.tw:443)
[Sat Aug 22 01:32:40.685682 2026] [authz_core:debug] [pid 662390:tid 662390] mod_authz_core.c(815): [client 2001:b011:7803:3948:214e:627:2d94:a06f:63138] AH01626: authorization result of Require all granted: granted, referer: https://www.dsjh.ilc.edu.tw/
[Sat Aug 22 01:32:40.685695 2026] [authz_core:debug] [pid 662390:tid 662390] mod_authz_core.c(815): [client 2001:b011:7803:3948:214e:627:2d94:a06f:63138] AH01626: authorization result of : granted, referer: https://www.dsjh.ilc.edu.tw/
[Sat Aug 22 01:32:40.685795 2026] [authz_core:debug] [pid 662482:tid 662482] mod_authz_core.c(815): [client 216.73.216.122:42734] AH01626: authorization result of Require all granted: granted
[Sat Aug 22 01:32:40.685806 2026] [authz_core:debug] [pid 662482:tid 662482] mod_authz_core.c(815): [client 216.73.216.122:42734] AH01626: authorization result of : granted
[Sat Aug 22 01:32:40.686452 2026] [authz_core:debug] [pid 662482:tid 662482] mod_authz_core.c(815): [client 216.73.216.122:42734] AH01626: authorization result of Require all granted: granted
[Sat Aug 22 01:32:40.686474 2026] [authz_core:debug] [pid 662482:tid 662482] mod_authz_core.c(815): [client 216.73.216.122:42734] AH01626: authorization result of : granted
[Sat Aug 22 01:32:40.735249 2026] [ssl:debug] [pid 662487:tid 662487] ssl_engine_io.c(1150): [client 34.10.180.98:40960] AH02001: Connection closed to child 21 with standard shutdown (server 2blog.ilc.edu.tw:443)
[Sat Aug 22 01:32:40.778697 2026] [ssl:debug] [pid 662458:tid 662458] ssl_engine_kernel.c(254): [client 216.73.216.122:6612] AH02034: Subsequent (No.15) HTTPS request received for child 6 (server 2blog.ilc.edu.tw:443)
[Sat Aug 22 01:32:40.779255 2026] [authz_core:debug] [pid 662458:tid 662458] mod_authz_core.c(815): [client 216.73.216.122:6612] AH01626: authorization result of Require all granted: granted
[Sat Aug 22 01:32:40.779268 2026] [authz_core:debug] [pid 662458:tid 662458] mod_authz_core.c(815): [client 216.73.216.122:6612] AH01626: authorization result of : granted
[Sat Aug 22 01:32:40.779404 2026] [authz_core:debug] [pid 662458:tid 662458] mod_authz_core.c(815): [client 216.73.216.122:6612] AH01626: authorization result of Require all granted: granted
[Sat Aug 22 01:32:40.779410 2026] [authz_core:debug] [pid 662458:tid 662458] mod_authz_core.c(815): [client 216.73.216.122:6612] AH01626: authorization result of : granted
[Sat Aug 22 01:32:40.816454 2026] [deflate:debug] [pid 662482:tid 662482] mod_deflate.c(909): [client 216.73.216.122:42734] AH01384: Zlib: Compressed 10593 to 1351 : URL /index.php
[Sat Aug 22 01:32:40.863310 2026] [deflate:debug] [pid 662458:tid 662458] mod_deflate.c(909): [client 216.73.216.122:6612] AH01384: Zlib: Compressed 13479 to 4892 : URL /wp-login.php
[Sat Aug 22 01:32:40.879839 2026] [ssl:debug] [pid 662319:tid 662319] ssl_engine_kernel.c(254): [client 216.73.216.122:4464] AH02034: Subsequent (No.21) HTTPS request received for child 5 (server 2blog.ilc.edu.tw:443)
[Sat Aug 22 01:32:40.880016 2026] [authz_core:debug] [pid 662319:tid 662319] mod_authz_core.c(815): [client 216.73.216.122:4464] AH01626: authorization result of Require all granted: granted
[Sat Aug 22 01:32:40.880021 2026] [authz_core:debug] [pid 662319:tid 662319] mod_authz_core.c(815): [client 216.73.216.122:4464] AH01626: authorization result of : granted
[Sat Aug 22 01:32:40.880131 2026] [authz_core:debug] [pid 662319:tid 662319] mod_authz_core.c(815): [client 216.73.216.122:4464] AH01626: authorization result of Require all granted: granted
[Sat Aug 22 01:32:40.880135 2026] [authz_core:debug] [pid 662319:tid 662319] mod_authz_core.c(815): [client 216.73.216.122:4464] AH01626: authorization result of : granted
[Sat Aug 22 01:32:40.959992 2026] [ssl:debug] [pid 661945:tid 661945] ssl_engine_kernel.c(254): [client 216.73.216.122:34325] AH02034: Subsequent (No.19) HTTPS request received for child 4 (server 2blog.ilc.edu.tw:443)
[Sat Aug 22 01:32:40.960206 2026] [authz_core:debug] [pid 661945:tid 661945] mod_authz_core.c(815): [client 216.73.216.122:34325] AH01626: authorization result of Require all granted: granted
[Sat Aug 22 01:32:40.960212 2026] [authz_core:debug] [pid 661945:tid 661945] mod_authz_core.c(815): [client 216.73.216.122:34325] AH01626: authorization result of : granted
[Sat Aug 22 01:32:40.960376 2026] [authz_core:debug] [pid 661945:tid 661945] mod_authz_core.c(815): [client 216.73.216.122:34325] AH01626: authorization result of Require all granted: granted
[Sat Aug 22 01:32:40.960380 2026] [authz_core:debug] [pid 661945:tid 661945] mod_authz_core.c(815): [client 216.73.216.122:34325] AH01626: authorization result of : granted
[Sat Aug 22 01:32:41.052401 2026] [ssl:debug] [pid 662482:tid 662482] ssl_engine_kernel.c(254): [client 216.73.216.122:42734] AH02034: Subsequent (No.2) HTTPS request received for child 15 (server 2blog.ilc.edu.tw:443)
[Sat Aug 22 01:32:41.052592 2026] [authz_core:debug] [pid 662482:tid 662482] mod_authz_core.c(815): [client 216.73.216.122:42734] AH01626: authorization result of Require all granted: granted
[Sat Aug 22 01:32:41.052605 2026] [authz_core:debug] [pid 662482:tid 662482] mod_authz_core.c(815): [client 216.73.216.122:42734] AH01626: authorization result of : granted
[Sat Aug 22 01:32:41.052713 2026] [authz_core:debug] [pid 662482:tid 662482] mod_authz_core.c(815): [client 216.73.216.122:42734] AH01626: authorization result of Require all granted: granted
[Sat Aug 22 01:32:41.052716 2026] [authz_core:debug] [pid 662482:tid 662482] mod_authz_core.c(815): [client 216.73.216.122:42734] AH01626: authorization result of : granted
[Sat Aug 22 01:32:41.115252 2026] [deflate:debug] [pid 662319:tid 662319] mod_deflate.c(909): [client 216.73.216.122:4464] AH01384: Zlib: Compressed 13754 to 5084 : URL /wp-login.php
[Sat Aug 22 01:32:41.142241 2026] [ssl:debug] [pid 662458:tid 662458] ssl_engine_kernel.c(254): [client 216.73.216.122:6612] AH02034: Subsequent (No.16) HTTPS request received for child 6 (server 2blog.ilc.edu.tw:443)
[Sat Aug 22 01:32:41.142437 2026] [authz_core:debug] [pid 662458:tid 662458] mod_authz_core.c(815): [client 216.73.216.122:6612] AH01626: authorization result of Require all granted: granted
[Sat Aug 22 01:32:41.142443 2026] [authz_core:debug] [pid 662458:tid 662458] mod_authz_core.c(815): [client 216.73.216.122:6612] AH01626: authorization result of : granted
[Sat Aug 22 01:32:41.142566 2026] [access_compat:error] [pid 662458:tid 662458] [client 216.73.216.122:6612] AH01797: client denied by server configuration: /var/www/html/2blog/xmlrpc.php
[Sat Aug 22 01:32:41.142580 2026] [headers:debug] [pid 662458:tid 662458] mod_headers.c(900): AH01503: headers: ap_headers_error_filter()
[Sat Aug 22 01:32:41.155290 2026] [deflate:debug] [pid 662482:tid 662482] mod_deflate.c(909): [client 216.73.216.122:42734] AH01384: Zlib: Compressed 13360 to 4897 : URL /wp-login.php
[Sat Aug 22 01:32:41.164187 2026] [authz_core:debug] [pid 662483:tid 662483] mod_authz_core.c(815): [client 2400:e920:0:2:f45d:ddff:fe00:7a:55866] AH01626: authorization result of Require all granted: granted, referer: http://ilta.ilc.edu.tw
[Sat Aug 22 01:32:41.164213 2026] [authz_core:debug] [pid 662483:tid 662483] mod_authz_core.c(815): [client 2400:e920:0:2:f45d:ddff:fe00:7a:55866] AH01626: authorization result of : granted, referer: http://ilta.ilc.edu.tw
[Sat Aug 22 01:32:41.243526 2026] [ssl:debug] [pid 662481:tid 662481] ssl_engine_kernel.c(254): [client 216.73.216.122:29620] AH02034: Subsequent (No.12) HTTPS request received for child 14 (server 2blog.ilc.edu.tw:443)
[Sat Aug 22 01:32:41.243696 2026] [authz_core:debug] [pid 662481:tid 662481] mod_authz_core.c(815): [client 216.73.216.122:29620] AH01626: authorization result of Require all granted: granted
[Sat Aug 22 01:32:41.243700 2026] [authz_core:debug] [pid 662481:tid 662481] mod_authz_core.c(815): [client 216.73.216.122:29620] AH01626: authorization result of : granted
[Sat Aug 22 01:32:41.243804 2026] [access_compat:error] [pid 662481:tid 662481] [client 216.73.216.122:29620] AH01797: client denied by server configuration: /var/www/html/2blog/xmlrpc.php
[Sat Aug 22 01:32:41.243814 2026] [headers:debug] [pid 662481:tid 662481] mod_headers.c(900): AH01503: headers: ap_headers_error_filter()
[Sat Aug 22 01:32:41.327034 2026] [ssl:debug] [pid 662484:tid 662484] ssl_engine_kernel.c(254): [client 216.73.216.122:10349] AH02034: Initial (No.1) HTTPS request received for child 20 (server 2blog.ilc.edu.tw:443)
[Sat Aug 22 01:32:41.327310 2026] [authz_core:debug] [pid 662484:tid 662484] mod_authz_core.c(815): [client 216.73.216.122:10349] AH01626: authorization result of Require all granted: granted
[Sat Aug 22 01:32:41.327317 2026] [authz_core:debug] [pid 662484:tid 662484] mod_authz_core.c(815): [client 216.73.216.122:10349] AH01626: authorization result of : granted
[Sat Aug 22 01:32:41.327917 2026] [access_compat:error] [pid 662484:tid 662484] [client 216.73.216.122:10349] AH01797: client denied by server configuration: /var/www/html/2blog/xmlrpc.php
[Sat Aug 22 01:32:41.327943 2026] [headers:debug] [pid 662484:tid 662484] mod_headers.c(900): AH01503: headers: ap_headers_error_filter()
[Sat Aug 22 01:32:41.343930 2026] [ssl:debug] [pid 661945:tid 661945] ssl_engine_kernel.c(254): [client 216.73.216.122:34325] AH02034: Subsequent (No.20) HTTPS request received for child 4 (server 2blog.ilc.edu.tw:443), referer: https://2blog.ilc.edu.tw/kases/wp-admin/
[Sat Aug 22 01:32:41.344222 2026] [authz_core:debug] [pid 661945:tid 661945] mod_authz_core.c(815): [client 216.73.216.122:34325] AH01626: authorization result of Require all granted: granted, referer: https://2blog.ilc.edu.tw/kases/wp-admin/
[Sat Aug 22 01:32:41.344236 2026] [authz_core:debug] [pid 661945:tid 661945] mod_authz_core.c(815): [client 216.73.216.122:34325] AH01626: authorization result of : granted, referer: https://2blog.ilc.edu.tw/kases/wp-admin/
[Sat Aug 22 01:32:41.417931 2026] [ssl:debug] [pid 662482:tid 662482] ssl_engine_kernel.c(254): [client 216.73.216.122:42734] AH02034: Subsequent (No.3) HTTPS request received for child 15 (server 2blog.ilc.edu.tw:443)
[Sat Aug 22 01:32:41.418166 2026] [authz_core:debug] [pid 662482:tid 662482] mod_authz_core.c(815): [client 216.73.216.122:42734] AH01626: authorization result of Require all granted: granted
[Sat Aug 22 01:32:41.418173 2026] [authz_core:debug] [pid 662482:tid 662482] mod_authz_core.c(815): [client 216.73.216.122:42734] AH01626: authorization result of : granted
[Sat Aug 22 01:32:41.418287 2026] [access_compat:error] [pid 662482:tid 662482] [client 216.73.216.122:42734] AH01797: client denied by server configuration: /var/www/html/2blog/xmlrpc.php
[Sat Aug 22 01:32:41.418296 2026] [headers:debug] [pid 662482:tid 662482] mod_headers.c(900): AH01503: headers: ap_headers_error_filter()
[Sat Aug 22 01:32:41.424003 2026] [deflate:debug] [pid 661945:tid 661945] mod_deflate.c(909): [client 216.73.216.122:34325] AH01384: Zlib: Compressed 13844 to 4894 : URL /wp-login.php, referer: https://2blog.ilc.edu.tw/kases/wp-admin/
[Sat Aug 22 01:32:41.509987 2026] [ssl:info] [pid 662475:tid 662475] [client 2400:e920:0:2:f45d:ddff:fe00:7a:55884] AH01964: Connection to child 11 established (server 2blog.ilc.edu.tw:443)
[Sat Aug 22 01:32:41.510181 2026] [ssl:debug] [pid 662475:tid 662475] ssl_engine_kernel.c(2222): [client 2400:e920:0:2:f45d:ddff:fe00:7a:55884] AH02043: SSL virtual host for servername ilta.ilc.edu.tw found
[Sat Aug 22 01:32:41.510234 2026] [core:debug] [pid 662475:tid 662475] protocol.c(2460): [client 2400:e920:0:2:f45d:ddff:fe00:7a:55884] AH03155: select protocol from , choices=http/1.1 for server ilta.ilc.edu.tw
[Sat Aug 22 01:32:41.558783 2026] [ssl:debug] [pid 662488:tid 662488] ssl_engine_io.c(1150): [client 34.42.229.145:52224] AH02001: Connection closed to child 22 with standard shutdown (server 2blog.ilc.edu.tw:443)
[Sat Aug 22 01:32:41.619568 2026] [ssl:debug] [pid 662475:tid 662475] ssl_engine_kernel.c(2082): [client 2400:e920:0:2:f45d:ddff:fe00:7a:55884] AH02041: Protocol: TLSv1.3, Cipher: TLS_AES_256_GCM_SHA384 (256/256 bits)
[Sat Aug 22 01:32:41.619634 2026] [socache_shmcb:debug] [pid 662475:tid 662475] mod_socache_shmcb.c(508): AH00831: socache_shmcb_store (0x9c -> subcache 28)
[Sat Aug 22 01:32:41.619659 2026] [socache_shmcb:debug] [pid 662475:tid 662475] mod_socache_shmcb.c(860): AH00847: insert happened at idx=5, data=(5339:5371)
[Sat Aug 22 01:32:41.619662 2026] [socache_shmcb:debug] [pid 662475:tid 662475] mod_socache_shmcb.c(863): AH00848: finished insert, subcache: idx_pos/idx_used=54/40, data_pos/data_used=10553/8875
[Sat Aug 22 01:32:41.619664 2026] [socache_shmcb:debug] [pid 662475:tid 662475] mod_socache_shmcb.c(530): AH00834: leaving socache_shmcb_store successfully
[Sat Aug 22 01:32:41.619740 2026] [socache_shmcb:debug] [pid 662475:tid 662475] mod_socache_shmcb.c(508): AH00831: socache_shmcb_store (0xc5 -> subcache 5)
[Sat Aug 22 01:32:41.619750 2026] [socache_shmcb:debug] [pid 662475:tid 662475] mod_socache_shmcb.c(860): AH00847: insert happened at idx=49, data=(1276:1308)
[Sat Aug 22 01:32:41.619763 2026] [socache_shmcb:debug] [pid 662475:tid 662475] mod_socache_shmcb.c(863): AH00848: finished insert, subcache: idx_pos/idx_used=79/59, data_pos/data_used=2270/13094
[Sat Aug 22 01:32:41.619765 2026] [socache_shmcb:debug] [pid 662475:tid 662475] mod_socache_shmcb.c(530): AH00834: leaving socache_shmcb_store successfully
[Sat Aug 22 01:32:41.619885 2026] [ssl:debug] [pid 662475:tid 662475] ssl_engine_kernel.c(254): [client 2400:e920:0:2:f45d:ddff:fe00:7a:55884] AH02034: Initial (No.1) HTTPS request received for child 11 (server ilta.ilc.edu.tw:443), referer: http://ilta.ilc.edu.tw
[Sat Aug 22 01:32:41.620084 2026] [authz_core:debug] [pid 662475:tid 662475] mod_authz_core.c(815): [client 2400:e920:0:2:f45d:ddff:fe00:7a:55884] AH01626: authorization result of Require all granted: granted, referer: http://ilta.ilc.edu.tw
[Sat Aug 22 01:32:41.620090 2026] [authz_core:debug] [pid 662475:tid 662475] mod_authz_core.c(815): [client 2400:e920:0:2:f45d:ddff:fe00:7a:55884] AH01626: authorization result of : granted, referer: http://ilta.ilc.edu.tw
[Sat Aug 22 01:32:41.720335 2026] [deflate:debug] [pid 662475:tid 662475] mod_deflate.c(909): [client 2400:e920:0:2:f45d:ddff:fe00:7a:55884] AH01384: Zlib: Compressed 13605 to 5006 : URL /wp-login.php, referer: http://ilta.ilc.edu.tw
[Sat Aug 22 01:32:41.936536 2026] [authz_core:debug] [pid 662374:tid 662374] mod_authz_core.c(815): [client 2400:e920:0:2:f45d:ddff:fe00:7a:55917] AH01626: authorization result of Require all granted: granted, referer: http://ilta.ilc.edu.tw
[Sat Aug 22 01:32:41.936556 2026] [authz_core:debug] [pid 662374:tid 662374] mod_authz_core.c(815): [client 2400:e920:0:2:f45d:ddff:fe00:7a:55917] AH01626: authorization result of : granted, referer: http://ilta.ilc.edu.tw
[Sat Aug 22 01:32:42.259021 2026] [ssl:info] [pid 662492:tid 662492] [client 2400:e920:0:2:f45d:ddff:fe00:7a:55932] AH01964: Connection to child 27 established (server 2blog.ilc.edu.tw:443)
[Sat Aug 22 01:32:42.259334 2026] [ssl:debug] [pid 662492:tid 662492] ssl_engine_kernel.c(2222): [client 2400:e920:0:2:f45d:ddff:fe00:7a:55932] AH02043: SSL virtual host for servername ilta.ilc.edu.tw found
[Sat Aug 22 01:32:42.259439 2026] [core:debug] [pid 662492:tid 662492] protocol.c(2460): [client 2400:e920:0:2:f45d:ddff:fe00:7a:55932] AH03155: select protocol from , choices=http/1.1 for server ilta.ilc.edu.tw
[Sat Aug 22 01:32:42.371935 2026] [ssl:debug] [pid 662492:tid 662492] ssl_engine_kernel.c(2082): [client 2400:e920:0:2:f45d:ddff:fe00:7a:55932] AH02041: Protocol: TLSv1.3, Cipher: TLS_AES_256_GCM_SHA384 (256/256 bits)
[Sat Aug 22 01:32:42.372048 2026] [socache_shmcb:debug] [pid 662492:tid 662492] mod_socache_shmcb.c(508): AH00831: socache_shmcb_store (0xeb -> subcache 11)
[Sat Aug 22 01:32:42.372059 2026] [socache_shmcb:debug] [pid 662492:tid 662492] mod_socache_shmcb.c(745): AH00842: expiring 1 and reclaiming 0 removed socache entries
[Sat Aug 22 01:32:42.372062 2026] [socache_shmcb:debug] [pid 662492:tid 662492] mod_socache_shmcb.c(765): AH00843: we now have 41 socache entries
[Sat Aug 22 01:32:42.372064 2026] [socache_shmcb:debug] [pid 662492:tid 662492] mod_socache_shmcb.c(860): AH00847: insert happened at idx=30, data=(10875:10907)
[Sat Aug 22 01:32:42.372066 2026] [socache_shmcb:debug] [pid 662492:tid 662492] mod_socache_shmcb.c(863): AH00848: finished insert, subcache: idx_pos/idx_used=77/42, data_pos/data_used=1746/9353
[Sat Aug 22 01:32:42.372068 2026] [socache_shmcb:debug] [pid 662492:tid 662492] mod_socache_shmcb.c(530): AH00834: leaving socache_shmcb_store successfully
[Sat Aug 22 01:32:42.372131 2026] [socache_shmcb:debug] [pid 662492:tid 662492] mod_socache_shmcb.c(508): AH00831: socache_shmcb_store (0x98 -> subcache 24)
[Sat Aug 22 01:32:42.372144 2026] [socache_shmcb:debug] [pid 662492:tid 662492] mod_socache_shmcb.c(860): AH00847: insert happened at idx=8, data=(6118:6150)
[Sat Aug 22 01:32:42.372146 2026] [socache_shmcb:debug] [pid 662492:tid 662492] mod_socache_shmcb.c(863): AH00848: finished insert, subcache: idx_pos/idx_used=47/50, data_pos/data_used=9038/11169
[Sat Aug 22 01:32:42.372156 2026] [socache_shmcb:debug] [pid 662492:tid 662492] mod_socache_shmcb.c(530): AH00834: leaving socache_shmcb_store successfully
[Sat Aug 22 01:32:42.372611 2026] [ssl:debug] [pid 662492:tid 662492] ssl_engine_kernel.c(254): [client 2400:e920:0:2:f45d:ddff:fe00:7a:55932] AH02034: Initial (No.1) HTTPS request received for child 27 (server ilta.ilc.edu.tw:443), referer: http://ilta.ilc.edu.tw
[Sat Aug 22 01:32:42.372804 2026] [authz_core:debug] [pid 662492:tid 662492] mod_authz_core.c(815): [client 2400:e920:0:2:f45d:ddff:fe00:7a:55932] AH01626: authorization result of Require all granted: granted, referer: http://ilta.ilc.edu.tw
[Sat Aug 22 01:32:42.372810 2026] [authz_core:debug] [pid 662492:tid 662492] mod_authz_core.c(815): [client 2400:e920:0:2:f45d:ddff:fe00:7a:55932] AH01626: authorization result of : granted, referer: http://ilta.ilc.edu.tw
[Sat Aug 22 01:32:42.473834 2026] [deflate:debug] [pid 662492:tid 662492] mod_deflate.c(909): [client 2400:e920:0:2:f45d:ddff:fe00:7a:55932] AH01384: Zlib: Compressed 13605 to 5007 : URL /wp-login.php, referer: http://ilta.ilc.edu.tw
[Sat Aug 22 01:32:42.580502 2026] [ssl:info] [pid 662475:tid 662475] (70014)End of file found: [client 2400:e920:0:2:f45d:ddff:fe00:7a:55884] AH01992: SSL library error 6 reading data
[Sat Aug 22 01:32:42.580611 2026] [ssl:debug] [pid 662475:tid 662475] ssl_engine_io.c(1150): [client 2400:e920:0:2:f45d:ddff:fe00:7a:55884] AH02001: Connection closed to child 11 with standard shutdown (server ilta.ilc.edu.tw:443)
[Sat Aug 22 01:32:42.585031 2026] [ssl:info] [pid 662492:tid 662492] (70014)End of file found: [client 2400:e920:0:2:f45d:ddff:fe00:7a:55932] AH01992: SSL library error 6 reading data
[Sat Aug 22 01:32:42.585080 2026] [ssl:debug] [pid 662492:tid 662492] ssl_engine_io.c(1150): [client 2400:e920:0:2:f45d:ddff:fe00:7a:55932] AH02001: Connection closed to child 27 with standard shutdown (server ilta.ilc.edu.tw:443)
[Sat Aug 22 01:32:42.632401 2026] [ssl:debug] [pid 662457:tid 662457] ssl_engine_io.c(1150): [client 2409:8c54:b000:901::202:44946] AH02001: Connection closed to child 3 with standard shutdown (server ilta.ilc.edu.tw:443)
[Sat Aug 22 01:32:42.783907 2026] [ssl:info] [pid 662362:tid 662362] [client 2409:8a62:4502:c8:453d:b833:685d:f405:15988] AH01964: Connection to child 0 established (server 2blog.ilc.edu.tw:443)
[Sat Aug 22 01:32:42.784070 2026] [ssl:debug] [pid 662362:tid 662362] ssl_engine_kernel.c(2222): [client 2409:8a62:4502:c8:453d:b833:685d:f405:15988] AH02043: SSL virtual host for servername ilta.ilc.edu.tw found
[Sat Aug 22 01:32:42.784117 2026] [core:debug] [pid 662362:tid 662362] protocol.c(2460): [client 2409:8a62:4502:c8:453d:b833:685d:f405:15988] AH03155: select protocol from , choices=h2,http/1.1 for server ilta.ilc.edu.tw
[Sat Aug 22 01:32:42.784150 2026] [ssl:debug] [pid 662362:tid 662362] ssl_util_stapling.c(819): AH01951: stapling_cb: OCSP Stapling callback called
[Sat Aug 22 01:32:42.784154 2026] [ssl:info] [pid 662362:tid 662362] AH01926: stapling_get_certinfo: stapling not supported for certificate
[Sat Aug 22 01:32:43.104887 2026] [headers:debug] [pid 662343:tid 662343] mod_headers.c(900): AH01503: headers: ap_headers_error_filter()
[Sat Aug 22 01:32:43.149924 2026] [ssl:debug] [pid 662362:tid 662362] ssl_engine_kernel.c(2082): [client 2409:8a62:4502:c8:453d:b833:685d:f405:15988] AH02041: Protocol: TLSv1.3, Cipher: TLS_AES_256_GCM_SHA384 (256/256 bits)
[Sat Aug 22 01:32:43.149997 2026] [socache_shmcb:debug] [pid 662362:tid 662362] mod_socache_shmcb.c(508): AH00831: socache_shmcb_store (0x91 -> subcache 17)
[Sat Aug 22 01:32:43.150005 2026] [socache_shmcb:debug] [pid 662362:tid 662362] mod_socache_shmcb.c(745): AH00842: expiring 2 and reclaiming 0 removed socache entries
[Sat Aug 22 01:32:43.150008 2026] [socache_shmcb:debug] [pid 662362:tid 662362] mod_socache_shmcb.c(765): AH00843: we now have 47 socache entries
[Sat Aug 22 01:32:43.150011 2026] [socache_shmcb:debug] [pid 662362:tid 662362] mod_socache_shmcb.c(860): AH00847: insert happened at idx=15, data=(7465:7497)
[Sat Aug 22 01:32:43.150027 2026] [socache_shmcb:debug] [pid 662362:tid 662362] mod_socache_shmcb.c(863): AH00848: finished insert, subcache: idx_pos/idx_used=56/48, data_pos/data_used=10903/10651
[Sat Aug 22 01:32:43.150030 2026] [socache_shmcb:debug] [pid 662362:tid 662362] mod_socache_shmcb.c(530): AH00834: leaving socache_shmcb_store successfully
[Sat Aug 22 01:32:43.150110 2026] [socache_shmcb:debug] [pid 662362:tid 662362] mod_socache_shmcb.c(508): AH00831: socache_shmcb_store (0x1d -> subcache 29)
[Sat Aug 22 01:32:43.150116 2026] [socache_shmcb:debug] [pid 662362:tid 662362] mod_socache_shmcb.c(860): AH00847: insert happened at idx=19, data=(8303:8335)
[Sat Aug 22 01:32:43.150118 2026] [socache_shmcb:debug] [pid 662362:tid 662362] mod_socache_shmcb.c(863): AH00848: finished insert, subcache: idx_pos/idx_used=53/55, data_pos/data_used=10141/12250
[Sat Aug 22 01:32:43.150119 2026] [socache_shmcb:debug] [pid 662362:tid 662362] mod_socache_shmcb.c(530): AH00834: leaving socache_shmcb_store successfully
[Sat Aug 22 01:32:43.150394 2026] [ssl:debug] [pid 662362:tid 662362] ssl_engine_kernel.c(254): [client 2409:8a62:4502:c8:453d:b833:685d:f405:15988] AH02034: Initial (No.1) HTTPS request received for child 0 (server ilta.ilc.edu.tw:443)
[Sat Aug 22 01:32:43.150577 2026] [authz_core:debug] [pid 662362:tid 662362] mod_authz_core.c(815): [client 2409:8a62:4502:c8:453d:b833:685d:f405:15988] AH01626: authorization result of Require all granted: granted
[Sat Aug 22 01:32:43.150582 2026] [authz_core:debug] [pid 662362:tid 662362] mod_authz_core.c(815): [client 2409:8a62:4502:c8:453d:b833:685d:f405:15988] AH01626: authorization result of : granted
[Sat Aug 22 01:32:43.150700 2026] [authz_core:debug] [pid 662362:tid 662362] mod_authz_core.c(815): [client 2409:8a62:4502:c8:453d:b833:685d:f405:15988] AH01626: authorization result of Require all granted: granted
[Sat Aug 22 01:32:43.150707 2026] [authz_core:debug] [pid 662362:tid 662362] mod_authz_core.c(815): [client 2409:8a62:4502:c8:453d:b833:685d:f405:15988] AH01626: authorization result of : granted
[Sat Aug 22 01:32:43.152775 2026] [ssl:info] [pid 662493:tid 662493] [client 2001:288:a201::66:125:57439] AH01964: Connection to child 28 established (server 2blog.ilc.edu.tw:443)
[Sat Aug 22 01:32:43.152919 2026] [ssl:debug] [pid 662493:tid 662493] ssl_engine_kernel.c(2252): [client 2001:288:a201::66:125:57439] AH02645: Server name not provided via TLS extension (using default/first virtual host)
[Sat Aug 22 01:32:43.152937 2026] [socache_shmcb:debug] [pid 662493:tid 662493] mod_socache_shmcb.c(545): AH00835: socache_shmcb_retrieve (0x80 -> subcache 0)
[Sat Aug 22 01:32:43.152942 2026] [socache_shmcb:debug] [pid 662493:tid 662493] mod_socache_shmcb.c(896): AH00849: match at idx=74, data=1181
[Sat Aug 22 01:32:43.152945 2026] [socache_shmcb:debug] [pid 662493:tid 662493] mod_socache_shmcb.c(556): AH00836: leaving socache_shmcb_retrieve successfully
[Sat Aug 22 01:32:43.153896 2026] [ssl:debug] [pid 662493:tid 662493] ssl_engine_kernel.c(2082): [client 2001:288:a201::66:125:57439] AH02041: Protocol: TLSv1.2, Cipher: ECDHE-RSA-AES256-GCM-SHA384 (256/256 bits)
[Sat Aug 22 01:32:43.153977 2026] [ssl:debug] [pid 662493:tid 662493] ssl_engine_kernel.c(254): [client 2001:288:a201::66:125:57439] AH02034: Initial (No.1) HTTPS request received for child 28 (server 2blog.ilc.edu.tw:443)
[Sat Aug 22 01:32:43.154144 2026] [authz_core:debug] [pid 662493:tid 662493] mod_authz_core.c(815): [client 2001:288:a201::66:125:57439] AH01626: authorization result of Require all granted: granted
[Sat Aug 22 01:32:43.154148 2026] [authz_core:debug] [pid 662493:tid 662493] mod_authz_core.c(815): [client 2001:288:a201::66:125:57439] AH01626: authorization result of : granted
[Sat Aug 22 01:32:43.154265 2026] [authz_core:debug] [pid 662493:tid 662493] mod_authz_core.c(815): [client 2001:288:a201::66:125:57439] AH01626: authorization result of Require all granted: granted
[Sat Aug 22 01:32:43.154271 2026] [authz_core:debug] [pid 662493:tid 662493] mod_authz_core.c(815): [client 2001:288:a201::66:125:57439] AH01626: authorization result of : granted
[Sat Aug 22 01:32:43.154290 2026] [php7:error] [pid 662493:tid 662493] [client 2001:288:a201::66:125:57439] script '/var/www/html/2blog/active.php' not found or unable to stat
[Sat Aug 22 01:32:43.154300 2026] [headers:debug] [pid 662493:tid 662493] mod_headers.c(900): AH01503: headers: ap_headers_error_filter()
[Sat Aug 22 01:32:43.154417 2026] [ssl:debug] [pid 662493:tid 662493] ssl_engine_io.c(1150): [client 2001:288:a201::66:125:57439] AH02001: Connection closed to child 28 with standard shutdown (server 2blog.ilc.edu.tw:443)
[Sat Aug 22 01:32:43.171413 2026] [ssl:info] [pid 662476:tid 662476] [client 50.114.116.16:57897] AH01964: Connection to child 12 established (server 2blog.ilc.edu.tw:443)
[Sat Aug 22 01:32:43.250274 2026] [ssl:info] [pid 662394:tid 662394] [client 18.215.112.101:22978] AH01964: Connection to child 48 established (server 2blog.ilc.edu.tw:443)
[Sat Aug 22 01:32:43.250426 2026] [ssl:debug] [pid 662394:tid 662394] ssl_engine_kernel.c(2222): [client 18.215.112.101:22978] AH02043: SSL virtual host for servername 2blog.ilc.edu.tw found
[Sat Aug 22 01:32:43.305858 2026] [headers:debug] [pid 662489:tid 662489] mod_headers.c(900): AH01503: headers: ap_headers_error_filter()
[Sat Aug 22 01:32:43.355095 2026] [ssl:info] [pid 662487:tid 662487] [client 140.111.67.10:13842] AH01964: Connection to child 21 established (server 2blog.ilc.edu.tw:443)
[Sat Aug 22 01:32:43.355230 2026] [ssl:info] [pid 662487:tid 662487] (70014)End of file found: [client 140.111.67.10:13842] AH02006: SSL handshake stopped: connection was closed
[Sat Aug 22 01:32:43.355236 2026] [ssl:info] [pid 662487:tid 662487] [client 140.111.67.10:13842] AH01998: Connection closed to child 21 with abortive shutdown (server 2blog.ilc.edu.tw:443)
