[Sat Aug 22 01:32:17.857824 2026] [authz_core:debug] [pid 662343:tid 662343] mod_authz_core.c(815): [client 216.73.216.122:40510] AH01626: authorization result of Require all granted: granted
[Sat Aug 22 01:32:17.857828 2026] [authz_core:debug] [pid 662343:tid 662343] mod_authz_core.c(815): [client 216.73.216.122:40510] AH01626: authorization result of : granted
[Sat Aug 22 01:32:17.881362 2026] [deflate:debug] [pid 662391:tid 662391] mod_deflate.c(909): [client 216.73.216.122:22463] AH01384: Zlib: Compressed 57570 to 10388 : URL /index.php
[Sat Aug 22 01:32:17.976371 2026] [ssl:debug] [pid 662375:tid 662375] ssl_engine_kernel.c(254): [client 216.73.216.122:49164] AH02034: Subsequent (No.2) HTTPS request received for child 17 (server 2blog.ilc.edu.tw:443)
[Sat Aug 22 01:32:17.976541 2026] [authz_core:debug] [pid 662375:tid 662375] mod_authz_core.c(815): [client 216.73.216.122:49164] AH01626: authorization result of Require all granted: granted
[Sat Aug 22 01:32:17.976546 2026] [authz_core:debug] [pid 662375:tid 662375] mod_authz_core.c(815): [client 216.73.216.122:49164] AH01626: authorization result of : granted
[Sat Aug 22 01:32:17.976652 2026] [authz_core:debug] [pid 662375:tid 662375] mod_authz_core.c(815): [client 216.73.216.122:49164] AH01626: authorization result of Require all granted: granted
[Sat Aug 22 01:32:17.976656 2026] [authz_core:debug] [pid 662375:tid 662375] mod_authz_core.c(815): [client 216.73.216.122:49164] AH01626: authorization result of : granted
[Sat Aug 22 01:32:17.993558 2026] [deflate:debug] [pid 662343:tid 662343] mod_deflate.c(909): [client 216.73.216.122:40510] AH01384: Zlib: Compressed 56651 to 10535 : URL /index.php
[Sat Aug 22 01:32:18.030220 2026] [deflate:debug] [pid 662377:tid 662377] mod_deflate.c(909): [client 216.73.216.122:4663] AH01384: Zlib: Compressed 55846 to 10380 : URL /index.php
[Sat Aug 22 01:32:18.165683 2026] [watchdog:debug] [pid 662455:tid 662455] mod_watchdog.c(559): AH02980: Watchdog: nothing configured?
[Sat Aug 22 01:32:18.165874 2026] [ssl:info] [pid 662455:tid 662455] [client 216.73.216.122:48292] AH01964: Connection to child 1 established (server 2blog.ilc.edu.tw:443)
[Sat Aug 22 01:32:18.166130 2026] [ssl:debug] [pid 662455:tid 662455] ssl_engine_kernel.c(2222): [client 216.73.216.122:48292] AH02043: SSL virtual host for servername 2blog.ilc.edu.tw found
[Sat Aug 22 01:32:18.166162 2026] [socache_shmcb:debug] [pid 662455:tid 662455] mod_socache_shmcb.c(545): AH00835: socache_shmcb_retrieve (0xda -> subcache 26)
[Sat Aug 22 01:32:18.166173 2026] [socache_shmcb:debug] [pid 662455:tid 662455] mod_socache_shmcb.c(896): AH00849: match at idx=26, data=9644
[Sat Aug 22 01:32:18.166175 2026] [socache_shmcb:debug] [pid 662455:tid 662455] mod_socache_shmcb.c(556): AH00836: leaving socache_shmcb_retrieve successfully
[Sat Aug 22 01:32:18.166490 2026] [core:debug] [pid 662455:tid 662455] protocol.c(2460): [client 216.73.216.122:48292] AH03155: select protocol from , choices=h2,http/1.1 for server 2blog.ilc.edu.tw
[Sat Aug 22 01:32:18.166916 2026] [deflate:debug] [pid 662375:tid 662375] mod_deflate.c(909): [client 216.73.216.122:49164] AH01384: Zlib: Compressed 85801 to 17566 : URL /index.php
[Sat Aug 22 01:32:18.175353 2026] [deflate:debug] [pid 662390:tid 662390] mod_deflate.c(909): [client 85.208.96.210:14658] AH01384: Zlib: Compressed 55853 to 12126 : URL /index.php
[Sat Aug 22 01:32:18.175631 2026] [ssl:debug] [pid 662390:tid 662390] ssl_engine_io.c(1150): [client 85.208.96.210:14658] AH02001: Connection closed to child 43 with standard shutdown (server 2blog.ilc.edu.tw:443)
[Sat Aug 22 01:32:18.345107 2026] [ssl:debug] [pid 662385:tid 662385] ssl_engine_io.c(1150): [client 34.171.68.95:46080] AH02001: Connection closed to child 35 with standard shutdown (server 2blog.ilc.edu.tw:443)
[Sat Aug 22 01:32:18.386174 2026] [ssl:debug] [pid 662455:tid 662455] ssl_engine_kernel.c(2082): [client 216.73.216.122:48292] AH02041: Protocol: TLSv1.3, Cipher: TLS_AES_256_GCM_SHA384 (256/256 bits)
[Sat Aug 22 01:32:18.386257 2026] [socache_shmcb:debug] [pid 662455:tid 662455] mod_socache_shmcb.c(508): AH00831: socache_shmcb_store (0xa3 -> subcache 3)
[Sat Aug 22 01:32:18.386274 2026] [socache_shmcb:debug] [pid 662455:tid 662455] mod_socache_shmcb.c(745): AH00842: expiring 2 and reclaiming 0 removed socache entries
[Sat Aug 22 01:32:18.386278 2026] [socache_shmcb:debug] [pid 662455:tid 662455] mod_socache_shmcb.c(765): AH00843: we now have 46 socache entries
[Sat Aug 22 01:32:18.386282 2026] [socache_shmcb:debug] [pid 662455:tid 662455] mod_socache_shmcb.c(860): AH00847: insert happened at idx=8, data=(5928:5960)
[Sat Aug 22 01:32:18.386285 2026] [socache_shmcb:debug] [pid 662455:tid 662455] mod_socache_shmcb.c(863): AH00848: finished insert, subcache: idx_pos/idx_used=50/47, data_pos/data_used=9566/10452
[Sat Aug 22 01:32:18.386288 2026] [socache_shmcb:debug] [pid 662455:tid 662455] mod_socache_shmcb.c(530): AH00834: leaving socache_shmcb_store successfully
[Sat Aug 22 01:32:18.550419 2026] [authz_core:debug] [pid 662390:tid 662390] mod_authz_core.c(815): [client 2400:e920:0:2:f45d:ddff:fe00:7a:54435] AH01626: authorization result of Require all granted: granted, referer: http://ilta.ilc.edu.tw
[Sat Aug 22 01:32:18.550435 2026] [authz_core:debug] [pid 662390:tid 662390] mod_authz_core.c(815): [client 2400:e920:0:2:f45d:ddff:fe00:7a:54435] AH01626: authorization result of : granted, referer: http://ilta.ilc.edu.tw
[Sat Aug 22 01:32:18.871590 2026] [headers:debug] [pid 662385:tid 662385] mod_headers.c(900): AH01503: headers: ap_headers_error_filter()
[Sat Aug 22 01:32:18.872670 2026] [ssl:info] [pid 662385:tid 662385] [client 2001:288:a201::66:125:13623] AH01964: Connection to child 35 established (server 2blog.ilc.edu.tw:443)
[Sat Aug 22 01:32:18.872820 2026] [ssl:debug] [pid 662385:tid 662385] ssl_engine_kernel.c(2252): [client 2001:288:a201::66:125:13623] AH02645: Server name not provided via TLS extension (using default/first virtual host)
[Sat Aug 22 01:32:18.872840 2026] [socache_shmcb:debug] [pid 662385:tid 662385] mod_socache_shmcb.c(545): AH00835: socache_shmcb_retrieve (0x80 -> subcache 0)
[Sat Aug 22 01:32:18.872846 2026] [socache_shmcb:debug] [pid 662385:tid 662385] mod_socache_shmcb.c(896): AH00849: match at idx=74, data=1181
[Sat Aug 22 01:32:18.872849 2026] [socache_shmcb:debug] [pid 662385:tid 662385] mod_socache_shmcb.c(556): AH00836: leaving socache_shmcb_retrieve successfully
[Sat Aug 22 01:32:18.873863 2026] [ssl:debug] [pid 662385:tid 662385] ssl_engine_kernel.c(2082): [client 2001:288:a201::66:125:13623] AH02041: Protocol: TLSv1.2, Cipher: ECDHE-RSA-AES256-GCM-SHA384 (256/256 bits)
[Sat Aug 22 01:32:18.873955 2026] [ssl:debug] [pid 662385:tid 662385] ssl_engine_kernel.c(254): [client 2001:288:a201::66:125:13623] AH02034: Initial (No.1) HTTPS request received for child 35 (server 2blog.ilc.edu.tw:443)
[Sat Aug 22 01:32:18.874175 2026] [authz_core:debug] [pid 662385:tid 662385] mod_authz_core.c(815): [client 2001:288:a201::66:125:13623] AH01626: authorization result of Require all granted: granted
[Sat Aug 22 01:32:18.874181 2026] [authz_core:debug] [pid 662385:tid 662385] mod_authz_core.c(815): [client 2001:288:a201::66:125:13623] AH01626: authorization result of : granted
[Sat Aug 22 01:32:18.874337 2026] [authz_core:debug] [pid 662385:tid 662385] mod_authz_core.c(815): [client 2001:288:a201::66:125:13623] AH01626: authorization result of Require all granted: granted
[Sat Aug 22 01:32:18.874343 2026] [authz_core:debug] [pid 662385:tid 662385] mod_authz_core.c(815): [client 2001:288:a201::66:125:13623] AH01626: authorization result of : granted
[Sat Aug 22 01:32:18.874358 2026] [php7:error] [pid 662385:tid 662385] [client 2001:288:a201::66:125:13623] script '/var/www/html/2blog/active.php' not found or unable to stat
[Sat Aug 22 01:32:18.874368 2026] [headers:debug] [pid 662385:tid 662385] mod_headers.c(900): AH01503: headers: ap_headers_error_filter()
[Sat Aug 22 01:32:18.874503 2026] [ssl:debug] [pid 662385:tid 662385] ssl_engine_io.c(1150): [client 2001:288:a201::66:125:13623] AH02001: Connection closed to child 35 with standard shutdown (server 2blog.ilc.edu.tw:443)
[Sat Aug 22 01:32:18.875340 2026] [headers:debug] [pid 662385:tid 662385] mod_headers.c(900): AH01503: headers: ap_headers_error_filter()
[Sat Aug 22 01:32:18.876231 2026] [ssl:info] [pid 662385:tid 662385] [client 140.111.67.10:21375] AH01964: Connection to child 35 established (server 2blog.ilc.edu.tw:443)
[Sat Aug 22 01:32:18.876375 2026] [ssl:info] [pid 662385:tid 662385] (70014)End of file found: [client 140.111.67.10:21375] AH02006: SSL handshake stopped: connection was closed
[Sat Aug 22 01:32:18.876383 2026] [ssl:info] [pid 662385:tid 662385] [client 140.111.67.10:21375] AH01998: Connection closed to child 35 with abortive shutdown (server 2blog.ilc.edu.tw:443)
[Sat Aug 22 01:32:18.876442 2026] [ssl:info] [pid 662385:tid 662385] [client 216.73.216.122:38797] AH01964: Connection to child 35 established (server 2blog.ilc.edu.tw:443)
[Sat Aug 22 01:32:18.876505 2026] [ssl:debug] [pid 662385:tid 662385] ssl_engine_kernel.c(2222): [client 216.73.216.122:38797] AH02043: SSL virtual host for servername 2blog.ilc.edu.tw found
[Sat Aug 22 01:32:18.876519 2026] [socache_shmcb:debug] [pid 662385:tid 662385] mod_socache_shmcb.c(545): AH00835: socache_shmcb_retrieve (0xd0 -> subcache 16)
[Sat Aug 22 01:32:18.876525 2026] [socache_shmcb:debug] [pid 662385:tid 662385] mod_socache_shmcb.c(896): AH00849: match at idx=64, data=4620
[Sat Aug 22 01:32:18.876536 2026] [socache_shmcb:debug] [pid 662385:tid 662385] mod_socache_shmcb.c(556): AH00836: leaving socache_shmcb_retrieve successfully
[Sat Aug 22 01:32:18.876674 2026] [core:debug] [pid 662385:tid 662385] protocol.c(2460): [client 216.73.216.122:38797] AH03155: select protocol from , choices=h2,http/1.1 for server 2blog.ilc.edu.tw
[Sat Aug 22 01:32:19.118061 2026] [ssl:debug] [pid 662385:tid 662385] ssl_engine_kernel.c(2082): [client 216.73.216.122:38797] AH02041: Protocol: TLSv1.3, Cipher: TLS_AES_256_GCM_SHA384 (256/256 bits)
[Sat Aug 22 01:32:19.118124 2026] [socache_shmcb:debug] [pid 662385:tid 662385] mod_socache_shmcb.c(508): AH00831: socache_shmcb_store (0x6e -> subcache 14)
[Sat Aug 22 01:32:19.118129 2026] [socache_shmcb:debug] [pid 662385:tid 662385] mod_socache_shmcb.c(745): AH00842: expiring 3 and reclaiming 0 removed socache entries
[Sat Aug 22 01:32:19.118132 2026] [socache_shmcb:debug] [pid 662385:tid 662385] mod_socache_shmcb.c(765): AH00843: we now have 43 socache entries
[Sat Aug 22 01:32:19.118134 2026] [socache_shmcb:debug] [pid 662385:tid 662385] mod_socache_shmcb.c(860): AH00847: insert happened at idx=11, data=(6684:6716)
[Sat Aug 22 01:32:19.118136 2026] [socache_shmcb:debug] [pid 662385:tid 662385] mod_socache_shmcb.c(863): AH00848: finished insert, subcache: idx_pos/idx_used=56/44, data_pos/data_used=10934/9840
[Sat Aug 22 01:32:19.118138 2026] [socache_shmcb:debug] [pid 662385:tid 662385] mod_socache_shmcb.c(530): AH00834: leaving socache_shmcb_store successfully
[Sat Aug 22 01:32:19.170587 2026] [watchdog:debug] [pid 662456:tid 662456] mod_watchdog.c(559): AH02980: Watchdog: nothing configured?
[Sat Aug 22 01:32:19.170777 2026] [ssl:info] [pid 662456:tid 662456] [client 2400:e920:0:2:f45d:ddff:fe00:7a:54516] AH01964: Connection to child 2 established (server 2blog.ilc.edu.tw:443)
[Sat Aug 22 01:32:19.171044 2026] [ssl:debug] [pid 662456:tid 662456] ssl_engine_kernel.c(2222): [client 2400:e920:0:2:f45d:ddff:fe00:7a:54516] AH02043: SSL virtual host for servername ilta.ilc.edu.tw found
[Sat Aug 22 01:32:19.171148 2026] [core:debug] [pid 662456:tid 662456] protocol.c(2460): [client 2400:e920:0:2:f45d:ddff:fe00:7a:54516] AH03155: select protocol from , choices=http/1.1 for server ilta.ilc.edu.tw
[Sat Aug 22 01:32:19.173875 2026] [watchdog:debug] [pid 662457:tid 662457] mod_watchdog.c(559): AH02980: Watchdog: nothing configured?
[Sat Aug 22 01:32:19.273984 2026] [ssl:debug] [pid 662456:tid 662456] ssl_engine_kernel.c(2082): [client 2400:e920:0:2:f45d:ddff:fe00:7a:54516] AH02041: Protocol: TLSv1.3, Cipher: TLS_AES_256_GCM_SHA384 (256/256 bits)
[Sat Aug 22 01:32:19.274067 2026] [socache_shmcb:debug] [pid 662456:tid 662456] mod_socache_shmcb.c(508): AH00831: socache_shmcb_store (0x42 -> subcache 2)
[Sat Aug 22 01:32:19.274086 2026] [socache_shmcb:debug] [pid 662456:tid 662456] mod_socache_shmcb.c(860): AH00847: insert happened at idx=72, data=(564:596)
[Sat Aug 22 01:32:19.274088 2026] [socache_shmcb:debug] [pid 662456:tid 662456] mod_socache_shmcb.c(863): AH00848: finished insert, subcache: idx_pos/idx_used=25/48, data_pos/data_used=3980/10672
[Sat Aug 22 01:32:19.274091 2026] [socache_shmcb:debug] [pid 662456:tid 662456] mod_socache_shmcb.c(530): AH00834: leaving socache_shmcb_store successfully
[Sat Aug 22 01:32:19.274151 2026] [socache_shmcb:debug] [pid 662456:tid 662456] mod_socache_shmcb.c(508): AH00831: socache_shmcb_store (0x4c -> subcache 12)
[Sat Aug 22 01:32:19.274164 2026] [socache_shmcb:debug] [pid 662456:tid 662456] mod_socache_shmcb.c(745): AH00842: expiring 1 and reclaiming 0 removed socache entries
[Sat Aug 22 01:32:19.274166 2026] [socache_shmcb:debug] [pid 662456:tid 662456] mod_socache_shmcb.c(765): AH00843: we now have 54 socache entries
[Sat Aug 22 01:32:19.274168 2026] [socache_shmcb:debug] [pid 662456:tid 662456] mod_socache_shmcb.c(860): AH00847: insert happened at idx=12, data=(6897:6929)
[Sat Aug 22 01:32:19.274170 2026] [socache_shmcb:debug] [pid 662456:tid 662456] mod_socache_shmcb.c(863): AH00848: finished insert, subcache: idx_pos/idx_used=46/55, data_pos/data_used=8715/12270
[Sat Aug 22 01:32:19.274195 2026] [socache_shmcb:debug] [pid 662456:tid 662456] mod_socache_shmcb.c(530): AH00834: leaving socache_shmcb_store successfully
[Sat Aug 22 01:32:19.274527 2026] [ssl:debug] [pid 662456:tid 662456] ssl_engine_kernel.c(254): [client 2400:e920:0:2:f45d:ddff:fe00:7a:54516] AH02034: Initial (No.1) HTTPS request received for child 2 (server ilta.ilc.edu.tw:443), referer: http://ilta.ilc.edu.tw
[Sat Aug 22 01:32:19.274816 2026] [authz_core:debug] [pid 662456:tid 662456] mod_authz_core.c(815): [client 2400:e920:0:2:f45d:ddff:fe00:7a:54516] AH01626: authorization result of Require all granted: granted, referer: http://ilta.ilc.edu.tw
[Sat Aug 22 01:32:19.274823 2026] [authz_core:debug] [pid 662456:tid 662456] mod_authz_core.c(815): [client 2400:e920:0:2:f45d:ddff:fe00:7a:54516] AH01626: authorization result of : granted, referer: http://ilta.ilc.edu.tw
[Sat Aug 22 01:32:19.381908 2026] [deflate:debug] [pid 662456:tid 662456] mod_deflate.c(909): [client 2400:e920:0:2:f45d:ddff:fe00:7a:54516] AH01384: Zlib: Compressed 13605 to 5007 : URL /wp-login.php, referer: http://ilta.ilc.edu.tw
[Sat Aug 22 01:32:19.508078 2026] [ssl:info] [pid 662456:tid 662456] (70014)End of file found: [client 2400:e920:0:2:f45d:ddff:fe00:7a:54516] AH01992: SSL library error 6 reading data
[Sat Aug 22 01:32:19.508168 2026] [ssl:debug] [pid 662456:tid 662456] ssl_engine_io.c(1150): [client 2400:e920:0:2:f45d:ddff:fe00:7a:54516] AH02001: Connection closed to child 2 with standard shutdown (server ilta.ilc.edu.tw:443)
[Sat Aug 22 01:32:19.515852 2026] [ssl:info] [pid 662394:tid 662394] (70014)End of file found: [client 2400:e920:0:2:f45d:ddff:fe00:7a:54405] AH01992: SSL library error 6 reading data
[Sat Aug 22 01:32:19.515943 2026] [ssl:debug] [pid 662394:tid 662394] ssl_engine_io.c(1150): [client 2400:e920:0:2:f45d:ddff:fe00:7a:54405] AH02001: Connection closed to child 48 with standard shutdown (server ilta.ilc.edu.tw:443)
[Sat Aug 22 01:32:19.625120 2026] [ssl:debug] [pid 662319:tid 662319] ssl_engine_io.c(1150): [client 34.10.180.98:46592] AH02001: Connection closed to child 5 with standard shutdown (server 2blog.ilc.edu.tw:443)
[Sat Aug 22 01:32:19.665664 2026] [authz_core:debug] [pid 662457:tid 662457] mod_authz_core.c(815): [client 44.223.116.180:23806] AH01626: authorization result of Require all granted: granted
[Sat Aug 22 01:32:19.665686 2026] [authz_core:debug] [pid 662457:tid 662457] mod_authz_core.c(815): [client 44.223.116.180:23806] AH01626: authorization result of : granted
[Sat Aug 22 01:32:19.666310 2026] [authz_core:debug] [pid 662457:tid 662457] mod_authz_core.c(815): [client 44.223.116.180:23806] AH01626: authorization result of Require all granted: granted
[Sat Aug 22 01:32:19.666315 2026] [authz_core:debug] [pid 662457:tid 662457] mod_authz_core.c(815): [client 44.223.116.180:23806] AH01626: authorization result of : granted
[Sat Aug 22 01:32:19.667302 2026] [authz_core:debug] [pid 662457:tid 662457] mod_authz_core.c(815): [client 44.223.116.180:23806] AH01626: authorization result of Require all granted: granted
[Sat Aug 22 01:32:19.667318 2026] [authz_core:debug] [pid 662457:tid 662457] mod_authz_core.c(815): [client 44.223.116.180:23806] AH01626: authorization result of : granted
[Sat Aug 22 01:32:19.668179 2026] [authz_core:debug] [pid 662457:tid 662457] mod_authz_core.c(815): [client 44.223.116.180:23806] AH01626: authorization result of Require all granted: granted
[Sat Aug 22 01:32:19.668184 2026] [authz_core:debug] [pid 662457:tid 662457] mod_authz_core.c(815): [client 44.223.116.180:23806] AH01626: authorization result of : granted
[Sat Aug 22 01:32:19.668798 2026] [authz_core:debug] [pid 662457:tid 662457] mod_authz_core.c(815): [client 44.223.116.180:23806] AH01626: authorization result of Require all granted: granted
[Sat Aug 22 01:32:19.668803 2026] [authz_core:debug] [pid 662457:tid 662457] mod_authz_core.c(815): [client 44.223.116.180:23806] AH01626: authorization result of : granted
[Sat Aug 22 01:32:19.669435 2026] [authz_core:debug] [pid 662457:tid 662457] mod_authz_core.c(815): [client 44.223.116.180:23806] AH01626: authorization result of Require all granted: granted
[Sat Aug 22 01:32:19.669440 2026] [authz_core:debug] [pid 662457:tid 662457] mod_authz_core.c(815): [client 44.223.116.180:23806] AH01626: authorization result of : granted
[Sat Aug 22 01:32:19.669700 2026] [deflate:debug] [pid 662457:tid 662457] mod_deflate.c(909): [client 44.223.116.180:23806] AH01384: Zlib: Compressed 1530 to 470 : URL /wp-content/uploads/sites/315/2019/
[Sat Aug 22 01:32:20.991525 2026] [ssl:debug] [pid 662368:tid 662368] ssl_engine_io.c(1150): [client 136.119.35.120:5632] AH02001: Connection closed to child 8 with standard shutdown (server 2blog.ilc.edu.tw:443)
[Sat Aug 22 01:32:21.641539 2026] [authz_core:debug] [pid 662390:tid 662390] mod_authz_core.c(815): [client 2400:e920:0:2:f45d:ddff:fe00:7a:54673] AH01626: authorization result of Require all granted: granted, referer: http://ilta.ilc.edu.tw
[Sat Aug 22 01:32:21.641561 2026] [authz_core:debug] [pid 662390:tid 662390] mod_authz_core.c(815): [client 2400:e920:0:2:f45d:ddff:fe00:7a:54673] AH01626: authorization result of : granted, referer: http://ilta.ilc.edu.tw
[Sat Aug 22 01:32:21.961628 2026] [ssl:info] [pid 662456:tid 662456] [client 2400:e920:0:2:f45d:ddff:fe00:7a:54696] AH01964: Connection to child 2 established (server 2blog.ilc.edu.tw:443)
[Sat Aug 22 01:32:21.961801 2026] [ssl:debug] [pid 662456:tid 662456] ssl_engine_kernel.c(2222): [client 2400:e920:0:2:f45d:ddff:fe00:7a:54696] AH02043: SSL virtual host for servername ilta.ilc.edu.tw found
[Sat Aug 22 01:32:21.961853 2026] [core:debug] [pid 662456:tid 662456] protocol.c(2460): [client 2400:e920:0:2:f45d:ddff:fe00:7a:54696] AH03155: select protocol from , choices=http/1.1 for server ilta.ilc.edu.tw
[Sat Aug 22 01:32:22.071282 2026] [ssl:debug] [pid 662386:tid 662386] ssl_engine_io.c(1150): [client 34.123.149.87:1536] AH02001: Connection closed to child 36 with standard shutdown (server 2blog.ilc.edu.tw:443)
[Sat Aug 22 01:32:22.083557 2026] [ssl:info] [pid 662362:tid 662362] [client 2408:862e:ff:ff33::13a:17318] AH01964: Connection to child 0 established (server 2blog.ilc.edu.tw:443)
[Sat Aug 22 01:32:22.083732 2026] [ssl:debug] [pid 662362:tid 662362] ssl_engine_kernel.c(2222): [client 2408:862e:ff:ff33::13a:17318] AH02043: SSL virtual host for servername ilta.ilc.edu.tw found
[Sat Aug 22 01:32:22.083793 2026] [core:debug] [pid 662362:tid 662362] protocol.c(2460): [client 2408:862e:ff:ff33::13a:17318] AH03155: select protocol from , choices=h2,http/1.1 for server ilta.ilc.edu.tw
[Sat Aug 22 01:32:22.083836 2026] [ssl:debug] [pid 662362:tid 662362] ssl_util_stapling.c(819): AH01951: stapling_cb: OCSP Stapling callback called
[Sat Aug 22 01:32:22.083841 2026] [ssl:info] [pid 662362:tid 662362] AH01926: stapling_get_certinfo: stapling not supported for certificate
[Sat Aug 22 01:32:22.085227 2026] [ssl:debug] [pid 662456:tid 662456] ssl_engine_kernel.c(2082): [client 2400:e920:0:2:f45d:ddff:fe00:7a:54696] AH02041: Protocol: TLSv1.3, Cipher: TLS_AES_256_GCM_SHA384 (256/256 bits)
[Sat Aug 22 01:32:22.085297 2026] [socache_shmcb:debug] [pid 662456:tid 662456] mod_socache_shmcb.c(508): AH00831: socache_shmcb_store (0x9c -> subcache 28)
[Sat Aug 22 01:32:22.085324 2026] [socache_shmcb:debug] [pid 662456:tid 662456] mod_socache_shmcb.c(745): AH00842: expiring 2 and reclaiming 0 removed socache entries
[Sat Aug 22 01:32:22.085328 2026] [socache_shmcb:debug] [pid 662456:tid 662456] mod_socache_shmcb.c(765): AH00843: we now have 37 socache entries
[Sat Aug 22 01:32:22.085331 2026] [socache_shmcb:debug] [pid 662456:tid 662456] mod_socache_shmcb.c(860): AH00847: insert happened at idx=3, data=(4888:4920)
[Sat Aug 22 01:32:22.085334 2026] [socache_shmcb:debug] [pid 662456:tid 662456] mod_socache_shmcb.c(863): AH00848: finished insert, subcache: idx_pos/idx_used=54/38, data_pos/data_used=10553/8424
[Sat Aug 22 01:32:22.085337 2026] [socache_shmcb:debug] [pid 662456:tid 662456] mod_socache_shmcb.c(530): AH00834: leaving socache_shmcb_store successfully
[Sat Aug 22 01:32:22.085417 2026] [socache_shmcb:debug] [pid 662456:tid 662456] mod_socache_shmcb.c(508): AH00831: socache_shmcb_store (0x91 -> subcache 17)
[Sat Aug 22 01:32:22.085428 2026] [socache_shmcb:debug] [pid 662456:tid 662456] mod_socache_shmcb.c(745): AH00842: expiring 1 and reclaiming 0 removed socache entries
[Sat Aug 22 01:32:22.085430 2026] [socache_shmcb:debug] [pid 662456:tid 662456] mod_socache_shmcb.c(765): AH00843: we now have 45 socache entries
[Sat Aug 22 01:32:22.085433 2026] [socache_shmcb:debug] [pid 662456:tid 662456] mod_socache_shmcb.c(860): AH00847: insert happened at idx=10, data=(6335:6367)
[Sat Aug 22 01:32:22.085435 2026] [socache_shmcb:debug] [pid 662456:tid 662456] mod_socache_shmcb.c(863): AH00848: finished insert, subcache: idx_pos/idx_used=53/46, data_pos/data_used=10228/10195
[Sat Aug 22 01:32:22.085437 2026] [socache_shmcb:debug] [pid 662456:tid 662456] mod_socache_shmcb.c(530): AH00834: leaving socache_shmcb_store successfully
[Sat Aug 22 01:32:22.091616 2026] [ssl:debug] [pid 662456:tid 662456] ssl_engine_kernel.c(254): [client 2400:e920:0:2:f45d:ddff:fe00:7a:54696] AH02034: Initial (No.1) HTTPS request received for child 2 (server ilta.ilc.edu.tw:443), referer: http://ilta.ilc.edu.tw
[Sat Aug 22 01:32:22.091792 2026] [authz_core:debug] [pid 662456:tid 662456] mod_authz_core.c(815): [client 2400:e920:0:2:f45d:ddff:fe00:7a:54696] AH01626: authorization result of Require all granted: granted, referer: http://ilta.ilc.edu.tw
[Sat Aug 22 01:32:22.091796 2026] [authz_core:debug] [pid 662456:tid 662456] mod_authz_core.c(815): [client 2400:e920:0:2:f45d:ddff:fe00:7a:54696] AH01626: authorization result of : granted, referer: http://ilta.ilc.edu.tw
[Sat Aug 22 01:32:22.181283 2026] [watchdog:debug] [pid 662458:tid 662458] mod_watchdog.c(559): AH02980: Watchdog: nothing configured?
[Sat Aug 22 01:32:22.189776 2026] [ssl:info] [pid 662394:tid 662394] [client 185.191.171.5:13654] AH01964: Connection to child 48 established (server 2blog.ilc.edu.tw:443)
[Sat Aug 22 01:32:22.189932 2026] [ssl:debug] [pid 662394:tid 662394] ssl_engine_kernel.c(2222): [client 185.191.171.5:13654] AH02043: SSL virtual host for servername 2blog.ilc.edu.tw found
[Sat Aug 22 01:32:22.194781 2026] [deflate:debug] [pid 662456:tid 662456] mod_deflate.c(909): [client 2400:e920:0:2:f45d:ddff:fe00:7a:54696] AH01384: Zlib: Compressed 13605 to 5006 : URL /wp-login.php, referer: http://ilta.ilc.edu.tw
[Sat Aug 22 01:32:22.365759 2026] [ssl:debug] [pid 662394:tid 662394] ssl_engine_kernel.c(2082): [client 185.191.171.5:13654] AH02041: Protocol: TLSv1.3, Cipher: TLS_AES_256_GCM_SHA384 (256/256 bits)
[Sat Aug 22 01:32:22.365809 2026] [socache_shmcb:debug] [pid 662394:tid 662394] mod_socache_shmcb.c(508): AH00831: socache_shmcb_store (0x06 -> subcache 6)
[Sat Aug 22 01:32:22.365814 2026] [socache_shmcb:debug] [pid 662394:tid 662394] mod_socache_shmcb.c(798): AH00845: about to force-expire, subcache: idx_used=61, data_used=13658
[Sat Aug 22 01:32:22.365816 2026] [socache_shmcb:debug] [pid 662394:tid 662394] mod_socache_shmcb.c(824): AH00846: finished force-expire, subcache: idx_used=60, data_used=13434
[Sat Aug 22 01:32:22.365818 2026] [socache_shmcb:debug] [pid 662394:tid 662394] mod_socache_shmcb.c(860): AH00847: insert happened at idx=7, data=(5833:5865)
[Sat Aug 22 01:32:22.365820 2026] [socache_shmcb:debug] [pid 662394:tid 662394] mod_socache_shmcb.c(863): AH00848: finished insert, subcache: idx_pos/idx_used=35/61, data_pos/data_used=6263/13647
[Sat Aug 22 01:32:22.365822 2026] [socache_shmcb:debug] [pid 662394:tid 662394] mod_socache_shmcb.c(530): AH00834: leaving socache_shmcb_store successfully
[Sat Aug 22 01:32:22.365896 2026] [socache_shmcb:debug] [pid 662394:tid 662394] mod_socache_shmcb.c(508): AH00831: socache_shmcb_store (0x25 -> subcache 5)
[Sat Aug 22 01:32:22.365901 2026] [socache_shmcb:debug] [pid 662394:tid 662394] mod_socache_shmcb.c(860): AH00847: insert happened at idx=47, data=(838:870)
[Sat Aug 22 01:32:22.365903 2026] [socache_shmcb:debug] [pid 662394:tid 662394] mod_socache_shmcb.c(863): AH00848: finished insert, subcache: idx_pos/idx_used=78/58, data_pos/data_used=2045/12870
[Sat Aug 22 01:32:22.365917 2026] [socache_shmcb:debug] [pid 662394:tid 662394] mod_socache_shmcb.c(530): AH00834: leaving socache_shmcb_store successfully
[Sat Aug 22 01:32:22.413836 2026] [authz_core:debug] [pid 662457:tid 662457] mod_authz_core.c(815): [client 2400:e920:0:2:f45d:ddff:fe00:7a:54732] AH01626: authorization result of Require all granted: granted, referer: http://ilta.ilc.edu.tw
[Sat Aug 22 01:32:22.413860 2026] [authz_core:debug] [pid 662457:tid 662457] mod_authz_core.c(815): [client 2400:e920:0:2:f45d:ddff:fe00:7a:54732] AH01626: authorization result of : granted, referer: http://ilta.ilc.edu.tw
[Sat Aug 22 01:32:22.417483 2026] [ssl:debug] [pid 662362:tid 662362] ssl_engine_kernel.c(2082): [client 2408:862e:ff:ff33::13a:17318] AH02041: Protocol: TLSv1.3, Cipher: TLS_AES_256_GCM_SHA384 (256/256 bits)
[Sat Aug 22 01:32:22.417530 2026] [socache_shmcb:debug] [pid 662362:tid 662362] mod_socache_shmcb.c(508): AH00831: socache_shmcb_store (0x43 -> subcache 3)
[Sat Aug 22 01:32:22.417535 2026] [socache_shmcb:debug] [pid 662362:tid 662362] mod_socache_shmcb.c(860): AH00847: insert happened at idx=9, data=(6154:6186)
[Sat Aug 22 01:32:22.417538 2026] [socache_shmcb:debug] [pid 662362:tid 662362] mod_socache_shmcb.c(863): AH00848: finished insert, subcache: idx_pos/idx_used=50/48, data_pos/data_used=9566/10676
[Sat Aug 22 01:32:22.417540 2026] [socache_shmcb:debug] [pid 662362:tid 662362] mod_socache_shmcb.c(530): AH00834: leaving socache_shmcb_store successfully
[Sat Aug 22 01:32:22.417594 2026] [socache_shmcb:debug] [pid 662362:tid 662362] mod_socache_shmcb.c(508): AH00831: socache_shmcb_store (0x2f -> subcache 15)
[Sat Aug 22 01:32:22.417599 2026] [socache_shmcb:debug] [pid 662362:tid 662362] mod_socache_shmcb.c(745): AH00842: expiring 2 and reclaiming 0 removed socache entries
[Sat Aug 22 01:32:22.417601 2026] [socache_shmcb:debug] [pid 662362:tid 662362] mod_socache_shmcb.c(765): AH00843: we now have 37 socache entries
[Sat Aug 22 01:32:22.417603 2026] [socache_shmcb:debug] [pid 662362:tid 662362] mod_socache_shmcb.c(860): AH00847: insert happened at idx=60, data=(3867:3899)
[Sat Aug 22 01:32:22.417605 2026] [socache_shmcb:debug] [pid 662362:tid 662362] mod_socache_shmcb.c(863): AH00848: finished insert, subcache: idx_pos/idx_used=23/38, data_pos/data_used=9458/8498
[Sat Aug 22 01:32:22.417607 2026] [socache_shmcb:debug] [pid 662362:tid 662362] mod_socache_shmcb.c(530): AH00834: leaving socache_shmcb_store successfully
[Sat Aug 22 01:32:22.417707 2026] [ssl:debug] [pid 662362:tid 662362] ssl_engine_kernel.c(254): [client 2408:862e:ff:ff33::13a:17318] AH02034: Initial (No.1) HTTPS request received for child 0 (server ilta.ilc.edu.tw:443)
[Sat Aug 22 01:32:22.417854 2026] [authz_core:debug] [pid 662362:tid 662362] mod_authz_core.c(815): [client 2408:862e:ff:ff33::13a:17318] AH01626: authorization result of Require all granted: granted
[Sat Aug 22 01:32:22.417858 2026] [authz_core:debug] [pid 662362:tid 662362] mod_authz_core.c(815): [client 2408:862e:ff:ff33::13a:17318] AH01626: authorization result of : granted
[Sat Aug 22 01:32:22.417962 2026] [authz_core:debug] [pid 662362:tid 662362] mod_authz_core.c(815): [client 2408:862e:ff:ff33::13a:17318] AH01626: authorization result of Require all granted: granted
[Sat Aug 22 01:32:22.417966 2026] [authz_core:debug] [pid 662362:tid 662362] mod_authz_core.c(815): [client 2408:862e:ff:ff33::13a:17318] AH01626: authorization result of : granted
[Sat Aug 22 01:32:22.443587 2026] [deflate:debug] [pid 662362:tid 662362] mod_deflate.c(909): [client 2408:862e:ff:ff33::13a:17318] AH01384: Zlib: Compressed 46798 to 9658 : URL /index.php
[Sat Aug 22 01:32:22.539826 2026] [ssl:debug] [pid 662394:tid 662394] ssl_engine_kernel.c(254): [client 185.191.171.5:13654] AH02034: Initial (No.1) HTTPS request received for child 48 (server 2blog.ilc.edu.tw:443)
[Sat Aug 22 01:32:22.540159 2026] [authz_core:debug] [pid 662394:tid 662394] mod_authz_core.c(815): [client 185.191.171.5:13654] AH01626: authorization result of Require all granted: granted
[Sat Aug 22 01:32:22.540187 2026] [authz_core:debug] [pid 662394:tid 662394] mod_authz_core.c(815): [client 185.191.171.5:13654] AH01626: authorization result of : granted
[Sat Aug 22 01:32:22.540358 2026] [authz_core:debug] [pid 662394:tid 662394] mod_authz_core.c(815): [client 185.191.171.5:13654] AH01626: authorization result of Require all granted: granted
[Sat Aug 22 01:32:22.540364 2026] [authz_core:debug] [pid 662394:tid 662394] mod_authz_core.c(815): [client 185.191.171.5:13654] AH01626: authorization result of : granted
[Sat Aug 22 01:32:22.741088 2026] [ssl:debug] [pid 662383:tid 662383] ssl_engine_io.c(1150): [client 216.73.216.122:53103] AH02001: Connection closed to child 29 with standard shutdown (server 2blog.ilc.edu.tw:443)
[Sat Aug 22 01:32:22.749779 2026] [ssl:info] [pid 662319:tid 662319] [client 2400:e920:0:2:f45d:ddff:fe00:7a:54755] AH01964: Connection to child 5 established (server 2blog.ilc.edu.tw:443)
[Sat Aug 22 01:32:22.749961 2026] [ssl:debug] [pid 662319:tid 662319] ssl_engine_kernel.c(2222): [client 2400:e920:0:2:f45d:ddff:fe00:7a:54755] AH02043: SSL virtual host for servername ilta.ilc.edu.tw found
[Sat Aug 22 01:32:22.750009 2026] [core:debug] [pid 662319:tid 662319] protocol.c(2460): [client 2400:e920:0:2:f45d:ddff:fe00:7a:54755] AH03155: select protocol from , choices=http/1.1 for server ilta.ilc.edu.tw
[Sat Aug 22 01:32:22.821857 2026] [ssl:debug] [pid 662362:tid 662362] ssl_engine_kernel.c(254): [client 2408:862e:ff:ff33::13a:17318] AH02034: Subsequent (No.2) HTTPS request received for child 0 (server ilta.ilc.edu.tw:443), referer: https://ilta.ilc.edu.tw/2011/01/26/
[Sat Aug 22 01:32:22.822080 2026] [authz_core:debug] [pid 662362:tid 662362] mod_authz_core.c(815): [client 2408:862e:ff:ff33::13a:17318] AH01626: authorization result of Require all granted: granted, referer: https://ilta.ilc.edu.tw/2011/01/26/
[Sat Aug 22 01:32:22.822088 2026] [authz_core:debug] [pid 662362:tid 662362] mod_authz_core.c(815): [client 2408:862e:ff:ff33::13a:17318] AH01626: authorization result of : granted, referer: https://ilta.ilc.edu.tw/2011/01/26/
[Sat Aug 22 01:32:22.824425 2026] [deflate:debug] [pid 662362:tid 662362] mod_deflate.c(909): [client 2408:862e:ff:ff33::13a:17318] AH01384: Zlib: Compressed 79246 to 39701 : URL /wp-content/cache/ilta.ilc.edu.tw/wpfc-minified/30cml7nx/6wvk.css, referer: https://ilta.ilc.edu.tw/2011/01/26/
[Sat Aug 22 01:32:22.858066 2026] [ssl:debug] [pid 662319:tid 662319] ssl_engine_kernel.c(2082): [client 2400:e920:0:2:f45d:ddff:fe00:7a:54755] AH02041: Protocol: TLSv1.3, Cipher: TLS_AES_256_GCM_SHA384 (256/256 bits)
[Sat Aug 22 01:32:22.858124 2026] [socache_shmcb:debug] [pid 662319:tid 662319] mod_socache_shmcb.c(508): AH00831: socache_shmcb_store (0xb4 -> subcache 20)
[Sat Aug 22 01:32:22.858130 2026] [socache_shmcb:debug] [pid 662319:tid 662319] mod_socache_shmcb.c(860): AH00847: insert happened at idx=72, data=(6443:6475)
[Sat Aug 22 01:32:22.858132 2026] [socache_shmcb:debug] [pid 662319:tid 662319] mod_socache_shmcb.c(863): AH00848: finished insert, subcache: idx_pos/idx_used=26/47, data_pos/data_used=10060/10471
[Sat Aug 22 01:32:22.858134 2026] [socache_shmcb:debug] [pid 662319:tid 662319] mod_socache_shmcb.c(530): AH00834: leaving socache_shmcb_store successfully
[Sat Aug 22 01:32:22.858200 2026] [socache_shmcb:debug] [pid 662319:tid 662319] mod_socache_shmcb.c(508): AH00831: socache_shmcb_store (0xd4 -> subcache 20)
[Sat Aug 22 01:32:22.858205 2026] [socache_shmcb:debug] [pid 662319:tid 662319] mod_socache_shmcb.c(860): AH00847: insert happened at idx=73, data=(6667:6699)
[Sat Aug 22 01:32:22.858208 2026] [socache_shmcb:debug] [pid 662319:tid 662319] mod_socache_shmcb.c(863): AH00848: finished insert, subcache: idx_pos/idx_used=26/48, data_pos/data_used=10060/10695
[Sat Aug 22 01:32:22.858211 2026] [socache_shmcb:debug] [pid 662319:tid 662319] mod_socache_shmcb.c(530): AH00834: leaving socache_shmcb_store successfully
[Sat Aug 22 01:32:22.858436 2026] [ssl:debug] [pid 662319:tid 662319] ssl_engine_kernel.c(254): [client 2400:e920:0:2:f45d:ddff:fe00:7a:54755] AH02034: Initial (No.1) HTTPS request received for child 5 (server ilta.ilc.edu.tw:443), referer: http://ilta.ilc.edu.tw
[Sat Aug 22 01:32:22.858665 2026] [authz_core:debug] [pid 662319:tid 662319] mod_authz_core.c(815): [client 2400:e920:0:2:f45d:ddff:fe00:7a:54755] AH01626: authorization result of Require all granted: granted, referer: http://ilta.ilc.edu.tw
[Sat Aug 22 01:32:22.858673 2026] [authz_core:debug] [pid 662319:tid 662319] mod_authz_core.c(815): [client 2400:e920:0:2:f45d:ddff:fe00:7a:54755] AH01626: authorization result of : granted, referer: http://ilta.ilc.edu.tw
[Sat Aug 22 01:32:22.885056 2026] [ssl:debug] [pid 662391:tid 662391] ssl_engine_io.c(1150): [client 216.73.216.122:22463] AH02001: Connection closed to child 45 with standard shutdown (server 2blog.ilc.edu.tw:443)
[Sat Aug 22 01:32:22.947746 2026] [deflate:debug] [pid 662319:tid 662319] mod_deflate.c(909): [client 2400:e920:0:2:f45d:ddff:fe00:7a:54755] AH01384: Zlib: Compressed 13605 to 5005 : URL /wp-login.php, referer: http://ilta.ilc.edu.tw
[Sat Aug 22 01:32:22.997079 2026] [ssl:debug] [pid 662343:tid 662343] ssl_engine_io.c(1150): [client 216.73.216.122:40510] AH02001: Connection closed to child 26 with standard shutdown (server 2blog.ilc.edu.tw:443)
[Sat Aug 22 01:32:23.035633 2026] [ssl:debug] [pid 662377:tid 662377] ssl_engine_io.c(1150): [client 216.73.216.122:4663] AH02001: Connection closed to child 19 with standard shutdown (server 2blog.ilc.edu.tw:443)
[Sat Aug 22 01:32:23.053561 2026] [ssl:info] [pid 662456:tid 662456] (70014)End of file found: [client 2400:e920:0:2:f45d:ddff:fe00:7a:54696] AH01992: SSL library error 6 reading data
[Sat Aug 22 01:32:23.053658 2026] [ssl:debug] [pid 662456:tid 662456] ssl_engine_io.c(1150): [client 2400:e920:0:2:f45d:ddff:fe00:7a:54696] AH02001: Connection closed to child 2 with standard shutdown (server ilta.ilc.edu.tw:443)
[Sat Aug 22 01:32:23.055273 2026] [ssl:info] [pid 662319:tid 662319] (70014)End of file found: [client 2400:e920:0:2:f45d:ddff:fe00:7a:54755] AH01992: SSL library error 6 reading data
[Sat Aug 22 01:32:23.055333 2026] [ssl:debug] [pid 662319:tid 662319] ssl_engine_io.c(1150): [client 2400:e920:0:2:f45d:ddff:fe00:7a:54755] AH02001: Connection closed to child 5 with standard shutdown (server ilta.ilc.edu.tw:443)
[Sat Aug 22 01:32:23.086620 2026] [headers:debug] [pid 662368:tid 662368] mod_headers.c(900): AH01503: headers: ap_headers_error_filter()
[Sat Aug 22 01:32:23.172219 2026] [ssl:debug] [pid 662375:tid 662375] ssl_engine_io.c(1150): [client 216.73.216.122:49164] AH02001: Connection closed to child 17 with standard shutdown (server 2blog.ilc.edu.tw:443)
[Sat Aug 22 01:32:23.172515 2026] [ssl:info] [pid 662458:tid 662458] [client 2001:288:a201::66:125:15983] AH01964: Connection to child 6 established (server 2blog.ilc.edu.tw:443)
[Sat Aug 22 01:32:23.172819 2026] [ssl:debug] [pid 662458:tid 662458] ssl_engine_kernel.c(2252): [client 2001:288:a201::66:125:15983] AH02645: Server name not provided via TLS extension (using default/first virtual host)
[Sat Aug 22 01:32:23.172856 2026] [socache_shmcb:debug] [pid 662458:tid 662458] mod_socache_shmcb.c(545): AH00835: socache_shmcb_retrieve (0x80 -> subcache 0)
[Sat Aug 22 01:32:23.172866 2026] [socache_shmcb:debug] [pid 662458:tid 662458] mod_socache_shmcb.c(896): AH00849: match at idx=74, data=1181
[Sat Aug 22 01:32:23.172868 2026] [socache_shmcb:debug] [pid 662458:tid 662458] mod_socache_shmcb.c(556): AH00836: leaving socache_shmcb_retrieve successfully
[Sat Aug 22 01:32:23.174242 2026] [ssl:debug] [pid 662458:tid 662458] ssl_engine_kernel.c(2082): [client 2001:288:a201::66:125:15983] AH02041: Protocol: TLSv1.2, Cipher: ECDHE-RSA-AES256-GCM-SHA384 (256/256 bits)
[Sat Aug 22 01:32:23.174365 2026] [ssl:debug] [pid 662458:tid 662458] ssl_engine_kernel.c(254): [client 2001:288:a201::66:125:15983] AH02034: Initial (No.1) HTTPS request received for child 6 (server 2blog.ilc.edu.tw:443)
[Sat Aug 22 01:32:23.174715 2026] [authz_core:debug] [pid 662458:tid 662458] mod_authz_core.c(815): [client 2001:288:a201::66:125:15983] AH01626: authorization result of Require all granted: granted
[Sat Aug 22 01:32:23.174723 2026] [authz_core:debug] [pid 662458:tid 662458] mod_authz_core.c(815): [client 2001:288:a201::66:125:15983] AH01626: authorization result of : granted
[Sat Aug 22 01:32:23.175488 2026] [authz_core:debug] [pid 662458:tid 662458] mod_authz_core.c(815): [client 2001:288:a201::66:125:15983] AH01626: authorization result of Require all granted: granted
[Sat Aug 22 01:32:23.175498 2026] [authz_core:debug] [pid 662458:tid 662458] mod_authz_core.c(815): [client 2001:288:a201::66:125:15983] AH01626: authorization result of : granted
[Sat Aug 22 01:32:23.175516 2026] [php7:error] [pid 662458:tid 662458] [client 2001:288:a201::66:125:15983] script '/var/www/html/2blog/active.php' not found or unable to stat
[Sat Aug 22 01:32:23.175532 2026] [headers:debug] [pid 662458:tid 662458] mod_headers.c(900): AH01503: headers: ap_headers_error_filter()
[Sat Aug 22 01:32:23.175794 2026] [ssl:debug] [pid 662458:tid 662458] ssl_engine_io.c(1150): [client 2001:288:a201::66:125:15983] AH02001: Connection closed to child 6 with standard shutdown (server 2blog.ilc.edu.tw:443)
[Sat Aug 22 01:32:23.189346 2026] [ssl:info] [pid 662386:tid 662386] [client 3.212.205.90:10186] AH01964: Connection to child 36 established (server 2blog.ilc.edu.tw:443)
[Sat Aug 22 01:32:23.189509 2026] [ssl:debug] [pid 662386:tid 662386] ssl_engine_kernel.c(2222): [client 3.212.205.90:10186] AH02043: SSL virtual host for servername 2blog.ilc.edu.tw found
[Sat Aug 22 01:32:23.287213 2026] [headers:debug] [pid 662383:tid 662383] mod_headers.c(900): AH01503: headers: ap_headers_error_filter()
[Sat Aug 22 01:32:23.293454 2026] [ssl:info] [pid 662456:tid 662456] [client 2408:862e:ff:ff33::13a:17520] AH01964: Connection to child 2 established (server 2blog.ilc.edu.tw:443)
[Sat Aug 22 01:32:23.293629 2026] [ssl:debug] [pid 662456:tid 662456] ssl_engine_kernel.c(2222): [client 2408:862e:ff:ff33::13a:17520] AH02043: SSL virtual host for servername ilta.ilc.edu.tw found
[Sat Aug 22 01:32:23.293646 2026] [socache_shmcb:debug] [pid 662456:tid 662456] mod_socache_shmcb.c(545): AH00835: socache_shmcb_retrieve (0x2f -> subcache 15)
[Sat Aug 22 01:32:23.293650 2026] [socache_shmcb:debug] [pid 662456:tid 662456] mod_socache_shmcb.c(896): AH00849: match at idx=60, data=3867
[Sat Aug 22 01:32:23.293652 2026] [socache_shmcb:debug] [pid 662456:tid 662456] mod_socache_shmcb.c(556): AH00836: leaving socache_shmcb_retrieve successfully
[Sat Aug 22 01:32:23.293826 2026] [ssl:info] [pid 662319:tid 662319] [client 2408:862e:ff:ff33::13a:17514] AH01964: Connection to child 5 established (server 2blog.ilc.edu.tw:443)
[Sat Aug 22 01:32:23.293836 2026] [core:debug] [pid 662456:tid 662456] protocol.c(2460): [client 2408:862e:ff:ff33::13a:17520] AH03155: select protocol from , choices=h2,http/1.1 for server ilta.ilc.edu.tw
[Sat Aug 22 01:32:23.293950 2026] [ssl:debug] [pid 662319:tid 662319] ssl_engine_kernel.c(2222): [client 2408:862e:ff:ff33::13a:17514] AH02043: SSL virtual host for servername ilta.ilc.edu.tw found
[Sat Aug 22 01:32:23.293964 2026] [socache_shmcb:debug] [pid 662319:tid 662319] mod_socache_shmcb.c(545): AH00835: socache_shmcb_retrieve (0x43 -> subcache 3)
[Sat Aug 22 01:32:23.293971 2026] [socache_shmcb:debug] [pid 662319:tid 662319] mod_socache_shmcb.c(896): AH00849: match at idx=9, data=6154
[Sat Aug 22 01:32:23.293974 2026] [socache_shmcb:debug] [pid 662319:tid 662319] mod_socache_shmcb.c(556): AH00836: leaving socache_shmcb_retrieve successfully
[Sat Aug 22 01:32:23.294095 2026] [core:debug] [pid 662319:tid 662319] protocol.c(2460): [client 2408:862e:ff:ff33::13a:17514] AH03155: select protocol from , choices=h2,http/1.1 for server ilta.ilc.edu.tw
[Sat Aug 22 01:32:23.305402 2026] [ssl:info] [pid 662390:tid 662390] [client 2408:862e:ff:ff33::13a:17518] AH01964: Connection to child 43 established (server 2blog.ilc.edu.tw:443)
[Sat Aug 22 01:32:23.305584 2026] [ssl:debug] [pid 662390:tid 662390] ssl_engine_kernel.c(2222): [client 2408:862e:ff:ff33::13a:17518] AH02043: SSL virtual host for servername ilta.ilc.edu.tw found
[Sat Aug 22 01:32:23.305633 2026] [core:debug] [pid 662390:tid 662390] protocol.c(2460): [client 2408:862e:ff:ff33::13a:17518] AH03155: select protocol from , choices=h2,http/1.1 for server ilta.ilc.edu.tw
[Sat Aug 22 01:32:23.305672 2026] [ssl:debug] [pid 662390:tid 662390] ssl_util_stapling.c(819): AH01951: stapling_cb: OCSP Stapling callback called
[Sat Aug 22 01:32:23.305677 2026] [ssl:info] [pid 662390:tid 662390] AH01926: stapling_get_certinfo: stapling not supported for certificate
[Sat Aug 22 01:32:23.311078 2026] [ssl:info] [pid 662457:tid 662457] [client 2408:862e:ff:ff33::13a:17522] AH01964: Connection to child 3 established (server 2blog.ilc.edu.tw:443)
[Sat Aug 22 01:32:23.311377 2026] [ssl:debug] [pid 662457:tid 662457] ssl_engine_kernel.c(2222): [client 2408:862e:ff:ff33::13a:17522] AH02043: SSL virtual host for servername ilta.ilc.edu.tw found
[Sat Aug 22 01:32:23.311482 2026] [core:debug] [pid 662457:tid 662457] protocol.c(2460): [client 2408:862e:ff:ff33::13a:17522] AH03155: select protocol from , choices=h2,http/1.1 for server ilta.ilc.edu.tw
[Sat Aug 22 01:32:23.311554 2026] [ssl:debug] [pid 662457:tid 662457] ssl_util_stapling.c(819): AH01951: stapling_cb: OCSP Stapling callback called
[Sat Aug 22 01:32:23.311561 2026] [ssl:info] [pid 662457:tid 662457] AH01926: stapling_get_certinfo: stapling not supported for certificate
[Sat Aug 22 01:32:23.341697 2026] [ssl:info] [pid 662368:tid 662368] [client 2408:862e:ff:ff33::13a:17516] AH01964: Connection to child 8 established (server 2blog.ilc.edu.tw:443)
[Sat Aug 22 01:32:23.341878 2026] [ssl:debug] [pid 662368:tid 662368] ssl_engine_kernel.c(2222): [client 2408:862e:ff:ff33::13a:17516] AH02043: SSL virtual host for servername ilta.ilc.edu.tw found
[Sat Aug 22 01:32:23.341930 2026] [core:debug] [pid 662368:tid 662368] protocol.c(2460): [client 2408:862e:ff:ff33::13a:17516] AH03155: select protocol from , choices=h2,http/1.1 for server ilta.ilc.edu.tw
[Sat Aug 22 01:32:23.341977 2026] [ssl:debug] [pid 662368:tid 662368] ssl_util_stapling.c(819): AH01951: stapling_cb: OCSP Stapling callback called
[Sat Aug 22 01:32:23.341982 2026] [ssl:info] [pid 662368:tid 662368] AH01926: stapling_get_certinfo: stapling not supported for certificate
[Sat Aug 22 01:32:23.375911 2026] [ssl:info] [pid 662391:tid 662391] [client 140.111.67.10:57239] AH01964: Connection to child 45 established (server 2blog.ilc.edu.tw:443)
[Sat Aug 22 01:32:23.376070 2026] [ssl:info] [pid 662391:tid 662391] (70014)End of file found: [client 140.111.67.10:57239] AH02006: SSL handshake stopped: connection was closed
[Sat Aug 22 01:32:23.376077 2026] [ssl:info] [pid 662391:tid 662391] [client 140.111.67.10:57239] AH01998: Connection closed to child 45 with abortive shutdown (server 2blog.ilc.edu.tw:443)
[Sat Aug 22 01:32:23.402567 2026] [ssl:debug] [pid 662386:tid 662386] ssl_engine_kernel.c(2082): [client 3.212.205.90:10186] AH02041: Protocol: TLSv1.3, Cipher: TLS_AES_256_GCM_SHA384 (256/256 bits)
[Sat Aug 22 01:32:23.402618 2026] [socache_shmcb:debug] [pid 662386:tid 662386] mod_socache_shmcb.c(508): AH00831: socache_shmcb_store (0x32 -> subcache 18)
[Sat Aug 22 01:32:23.402637 2026] [socache_shmcb:debug] [pid 662386:tid 662386] mod_socache_shmcb.c(745): AH00842: expiring 1 and reclaiming 0 removed socache entries
[Sat Aug 22 01:32:23.402640 2026] [socache_shmcb:debug] [pid 662386:tid 662386] mod_socache_shmcb.c(765): AH00843: we now have 41 socache entries
[Sat Aug 22 01:32:23.402643 2026] [socache_shmcb:debug] [pid 662386:tid 662386] mod_socache_shmcb.c(860): AH00847: insert happened at idx=76, data=(1693:1725)
[Sat Aug 22 01:32:23.402645 2026] [socache_shmcb:debug] [pid 662386:tid 662386] mod_socache_shmcb.c(863): AH00848: finished insert, subcache: idx_pos/idx_used=35/42, data_pos/data_used=6431/9340
[Sat Aug 22 01:32:23.402647 2026] [socache_shmcb:debug] [pid 662386:tid 662386] mod_socache_shmcb.c(530): AH00834: leaving socache_shmcb_store successfully
[Sat Aug 22 01:32:23.402715 2026] [socache_shmcb:debug] [pid 662386:tid 662386] mod_socache_shmcb.c(508): AH00831: socache_shmcb_store (0x89 -> subcache 9)
[Sat Aug 22 01:32:23.402721 2026] [socache_shmcb:debug] [pid 662386:tid 662386] mod_socache_shmcb.c(860): AH00847: insert happened at idx=1, data=(4213:4245)
[Sat Aug 22 01:32:23.402723 2026] [socache_shmcb:debug] [pid 662386:tid 662386] mod_socache_shmcb.c(863): AH00848: finished insert, subcache: idx_pos/idx_used=35/55, data_pos/data_used=6063/12227
[Sat Aug 22 01:32:23.402725 2026] [socache_shmcb:debug] [pid 662386:tid 662386] mod_socache_shmcb.c(530): AH00834: leaving socache_shmcb_store successfully
[Sat Aug 22 01:32:23.402847 2026] [ssl:debug] [pid 662386:tid 662386] ssl_engine_kernel.c(254): [client 3.212.205.90:10186] AH02034: Initial (No.1) HTTPS request received for child 36 (server 2blog.ilc.edu.tw:443)
[Sat Aug 22 01:32:23.403016 2026] [authz_core:debug] [pid 662386:tid 662386] mod_authz_core.c(815): [client 3.212.205.90:10186] AH01626: authorization result of Require all granted: granted
[Sat Aug 22 01:32:23.403020 2026] [authz_core:debug] [pid 662386:tid 662386] mod_authz_core.c(815): [client 3.212.205.90:10186] AH01626: authorization result of : granted
[Sat Aug 22 01:32:23.407362 2026] [authz_core:debug] [pid 662386:tid 662386] mod_authz_core.c(815): [client 3.212.205.90:10186] AH01626: authorization result of Require all granted: granted
[Sat Aug 22 01:32:23.407382 2026] [authz_core:debug] [pid 662386:tid 662386] mod_authz_core.c(815): [client 3.212.205.90:10186] AH01626: authorization result of : granted
[Sat Aug 22 01:32:23.467653 2026] [ssl:debug] [pid 662362:tid 662362] ssl_engine_kernel.c(254): [client 2408:862e:ff:ff33::13a:17318] AH02034: Subsequent (No.3) HTTPS request received for child 0 (server ilta.ilc.edu.tw:443), referer: https://ilta.ilc.edu.tw/2011/01/26/
[Sat Aug 22 01:32:23.467914 2026] [authz_core:debug] [pid 662362:tid 662362] mod_authz_core.c(815): [client 2408:862e:ff:ff33::13a:17318] AH01626: authorization result of Require all granted: granted, referer: https://ilta.ilc.edu.tw/2011/01/26/
[Sat Aug 22 01:32:23.467923 2026] [authz_core:debug] [pid 662362:tid 662362] mod_authz_core.c(815): [client 2408:862e:ff:ff33::13a:17318] AH01626: authorization result of : granted, referer: https://ilta.ilc.edu.tw/2011/01/26/
[Sat Aug 22 01:32:23.470395 2026] [deflate:debug] [pid 662362:tid 662362] mod_deflate.c(909): [client 2408:862e:ff:ff33::13a:17318] AH01384: Zlib: Compressed 112428 to 14824 : URL /wp-content/cache/ilta.ilc.edu.tw/wpfc-minified/l07fx5lw/6wvk.css, referer: https://ilta.ilc.edu.tw/2011/01/26/
[Sat Aug 22 01:32:23.612633 2026] [ssl:debug] [pid 662456:tid 662456] ssl_engine_kernel.c(2082): [client 2408:862e:ff:ff33::13a:17520] AH02041: Protocol: TLSv1.3, Cipher: TLS_AES_256_GCM_SHA384 (256/256 bits)
[Sat Aug 22 01:32:23.612696 2026] [socache_shmcb:debug] [pid 662456:tid 662456] mod_socache_shmcb.c(508): AH00831: socache_shmcb_store (0x09 -> subcache 9)
[Sat Aug 22 01:32:23.612704 2026] [socache_shmcb:debug] [pid 662456:tid 662456] mod_socache_shmcb.c(860): AH00847: insert happened at idx=2, data=(4426:4458)
[Sat Aug 22 01:32:23.612707 2026] [socache_shmcb:debug] [pid 662456:tid 662456] mod_socache_shmcb.c(863): AH00848: finished insert, subcache: idx_pos/idx_used=35/56, data_pos/data_used=6063/12451
[Sat Aug 22 01:32:23.612711 2026] [socache_shmcb:debug] [pid 662456:tid 662456] mod_socache_shmcb.c(530): AH00834: leaving socache_shmcb_store successfully
[Sat Aug 22 01:32:23.613050 2026] [ssl:debug] [pid 662319:tid 662319] ssl_engine_kernel.c(2082): [client 2408:862e:ff:ff33::13a:17514] AH02041: Protocol: TLSv1.3, Cipher: TLS_AES_256_GCM_SHA384 (256/256 bits)
