[Sat Aug 22 01:27:48.157075 2026] [socache_shmcb:debug] [pid 654685:tid 654685] mod_socache_shmcb.c(545): AH00835: socache_shmcb_retrieve (0x94 -> subcache 20)
[Sat Aug 22 01:27:48.157079 2026] [socache_shmcb:debug] [pid 654685:tid 654685] mod_socache_shmcb.c(896): AH00849: match at idx=10, data=6607
[Sat Aug 22 01:27:48.157081 2026] [socache_shmcb:debug] [pid 654685:tid 654685] mod_socache_shmcb.c(556): AH00836: leaving socache_shmcb_retrieve successfully
[Sat Aug 22 01:27:48.158310 2026] [ssl:debug] [pid 654685:tid 654685] ssl_engine_kernel.c(2082): [client 2001:288:a201::66:125:1204] AH02041: Protocol: TLSv1.2, Cipher: ECDHE-RSA-AES256-GCM-SHA384 (256/256 bits)
[Sat Aug 22 01:27:48.158382 2026] [ssl:debug] [pid 654685:tid 654685] ssl_engine_kernel.c(254): [client 2001:288:a201::66:125:1204] AH02034: Initial (No.1) HTTPS request received for child 4 (server 2blog.ilc.edu.tw:443)
[Sat Aug 22 01:27:48.158524 2026] [authz_core:debug] [pid 654685:tid 654685] mod_authz_core.c(815): [client 2001:288:a201::66:125:1204] AH01626: authorization result of Require all granted: granted
[Sat Aug 22 01:27:48.158528 2026] [authz_core:debug] [pid 654685:tid 654685] mod_authz_core.c(815): [client 2001:288:a201::66:125:1204] AH01626: authorization result of : granted
[Sat Aug 22 01:27:48.158640 2026] [authz_core:debug] [pid 654685:tid 654685] mod_authz_core.c(815): [client 2001:288:a201::66:125:1204] AH01626: authorization result of Require all granted: granted
[Sat Aug 22 01:27:48.158644 2026] [authz_core:debug] [pid 654685:tid 654685] mod_authz_core.c(815): [client 2001:288:a201::66:125:1204] AH01626: authorization result of : granted
[Sat Aug 22 01:27:48.158653 2026] [php7:error] [pid 654685:tid 654685] [client 2001:288:a201::66:125:1204] script '/var/www/html/2blog/active.php' not found or unable to stat
[Sat Aug 22 01:27:48.158661 2026] [headers:debug] [pid 654685:tid 654685] mod_headers.c(900): AH01503: headers: ap_headers_error_filter()
[Sat Aug 22 01:27:48.158766 2026] [ssl:debug] [pid 654685:tid 654685] ssl_engine_io.c(1150): [client 2001:288:a201::66:125:1204] AH02001: Connection closed to child 4 with standard shutdown (server 2blog.ilc.edu.tw:443)
[Sat Aug 22 01:27:48.174605 2026] [deflate:debug] [pid 652786:tid 652786] mod_deflate.c(909): [client 216.73.216.122:23186] AH01384: Zlib: Compressed 2769 to 1247 : URL /index.php
[Sat Aug 22 01:27:48.197635 2026] [deflate:debug] [pid 657512:tid 657512] mod_deflate.c(909): [client 216.73.216.122:36519] AH01384: Zlib: Compressed 2631 to 1168 : URL /index.php
[Sat Aug 22 01:27:48.285221 2026] [headers:debug] [pid 657500:tid 657500] mod_headers.c(900): AH01503: headers: ap_headers_error_filter()
[Sat Aug 22 01:27:48.359474 2026] [ssl:info] [pid 654685:tid 654685] [client 140.111.67.10:54801] AH01964: Connection to child 4 established (server 2blog.ilc.edu.tw:443)
[Sat Aug 22 01:27:48.359612 2026] [ssl:info] [pid 654685:tid 654685] (70014)End of file found: [client 140.111.67.10:54801] AH02006: SSL handshake stopped: connection was closed
[Sat Aug 22 01:27:48.359619 2026] [ssl:info] [pid 654685:tid 654685] [client 140.111.67.10:54801] AH01998: Connection closed to child 4 with abortive shutdown (server 2blog.ilc.edu.tw:443)
[Sat Aug 22 01:27:48.491689 2026] [watchdog:debug] [pid 657513:tid 657513] mod_watchdog.c(559): AH02980: Watchdog: nothing configured?
[Sat Aug 22 01:27:48.493918 2026] [watchdog:debug] [pid 657514:tid 657514] mod_watchdog.c(559): AH02980: Watchdog: nothing configured?
[Sat Aug 22 01:27:48.586454 2026] [ssl:info] [pid 657500:tid 657500] [client 66.249.79.138:46116] AH01964: Connection to child 11 established (server 2blog.ilc.edu.tw:443)
[Sat Aug 22 01:27:48.586667 2026] [ssl:debug] [pid 657500:tid 657500] ssl_engine_kernel.c(2222): [client 66.249.79.138:46116] AH02043: SSL virtual host for servername www.jwes.ilc.edu.tw found
[Sat Aug 22 01:27:48.586748 2026] [ssl:debug] [pid 657500:tid 657500] ssl_util_stapling.c(819): AH01951: stapling_cb: OCSP Stapling callback called
[Sat Aug 22 01:27:48.586753 2026] [ssl:info] [pid 657500:tid 657500] AH01926: stapling_get_certinfo: stapling not supported for certificate
[Sat Aug 22 01:27:48.720926 2026] [ssl:debug] [pid 657500:tid 657500] ssl_engine_kernel.c(2082): [client 66.249.79.138:46116] AH02041: Protocol: TLSv1.3, Cipher: TLS_AES_256_GCM_SHA384 (256/256 bits)
[Sat Aug 22 01:27:48.720997 2026] [socache_shmcb:debug] [pid 657500:tid 657500] mod_socache_shmcb.c(508): AH00831: socache_shmcb_store (0x40 -> subcache 0)
[Sat Aug 22 01:27:48.721003 2026] [socache_shmcb:debug] [pid 657500:tid 657500] mod_socache_shmcb.c(745): AH00842: expiring 2 and reclaiming 0 removed socache entries
[Sat Aug 22 01:27:48.721006 2026] [socache_shmcb:debug] [pid 657500:tid 657500] mod_socache_shmcb.c(765): AH00843: we now have 38 socache entries
[Sat Aug 22 01:27:48.721009 2026] [socache_shmcb:debug] [pid 657500:tid 657500] mod_socache_shmcb.c(860): AH00847: insert happened at idx=52, data=(10163:10195)
[Sat Aug 22 01:27:48.721012 2026] [socache_shmcb:debug] [pid 657500:tid 657500] mod_socache_shmcb.c(863): AH00848: finished insert, subcache: idx_pos/idx_used=14/39, data_pos/data_used=1704/8676
[Sat Aug 22 01:27:48.721015 2026] [socache_shmcb:debug] [pid 657500:tid 657500] mod_socache_shmcb.c(530): AH00834: leaving socache_shmcb_store successfully
[Sat Aug 22 01:27:48.721099 2026] [socache_shmcb:debug] [pid 657500:tid 657500] mod_socache_shmcb.c(508): AH00831: socache_shmcb_store (0x59 -> subcache 25)
[Sat Aug 22 01:27:48.721107 2026] [socache_shmcb:debug] [pid 657500:tid 657500] mod_socache_shmcb.c(860): AH00847: insert happened at idx=45, data=(8482:8514)
[Sat Aug 22 01:27:48.721110 2026] [socache_shmcb:debug] [pid 657500:tid 657500] mod_socache_shmcb.c(863): AH00848: finished insert, subcache: idx_pos/idx_used=4/42, data_pos/data_used=13226/9336
[Sat Aug 22 01:27:48.721112 2026] [socache_shmcb:debug] [pid 657500:tid 657500] mod_socache_shmcb.c(530): AH00834: leaving socache_shmcb_store successfully
[Sat Aug 22 01:27:48.721263 2026] [ssl:debug] [pid 657500:tid 657500] ssl_engine_kernel.c(254): [client 66.249.79.138:46116] AH02034: Initial (No.1) HTTPS request received for child 11 (server www.jwes.ilc.edu.tw:443)
[Sat Aug 22 01:27:48.721473 2026] [authz_core:debug] [pid 657500:tid 657500] mod_authz_core.c(815): [client 66.249.79.138:46116] AH01626: authorization result of Require all granted: granted
[Sat Aug 22 01:27:48.721480 2026] [authz_core:debug] [pid 657500:tid 657500] mod_authz_core.c(815): [client 66.249.79.138:46116] AH01626: authorization result of : granted
[Sat Aug 22 01:27:49.445463 2026] [ssl:info] [pid 654685:tid 654685] [client 34.56.53.225:39424] AH01964: Connection to child 4 established (server 2blog.ilc.edu.tw:443)
[Sat Aug 22 01:27:49.445646 2026] [ssl:debug] [pid 654685:tid 654685] ssl_engine_kernel.c(2222): [client 34.56.53.225:39424] AH02043: SSL virtual host for servername 2blog.ilc.edu.tw found
[Sat Aug 22 01:27:49.445711 2026] [core:debug] [pid 654685:tid 654685] protocol.c(2460): [client 34.56.53.225:39424] AH03155: select protocol from , choices=http/1.1 for server 2blog.ilc.edu.tw
[Sat Aug 22 01:27:49.497818 2026] [watchdog:debug] [pid 657515:tid 657515] mod_watchdog.c(559): AH02980: Watchdog: nothing configured?
[Sat Aug 22 01:27:49.500416 2026] [watchdog:debug] [pid 657516:tid 657516] mod_watchdog.c(559): AH02980: Watchdog: nothing configured?
[Sat Aug 22 01:27:49.502643 2026] [watchdog:debug] [pid 657517:tid 657517] mod_watchdog.c(559): AH02980: Watchdog: nothing configured?
[Sat Aug 22 01:27:49.505329 2026] [watchdog:debug] [pid 657518:tid 657518] mod_watchdog.c(559): AH02980: Watchdog: nothing configured?
[Sat Aug 22 01:27:49.677922 2026] [authz_core:debug] [pid 657513:tid 657513] mod_authz_core.c(815): [client 66.249.71.9:47789] AH01626: authorization result of Require all granted: granted
[Sat Aug 22 01:27:49.677947 2026] [authz_core:debug] [pid 657513:tid 657513] mod_authz_core.c(815): [client 66.249.71.9:47789] AH01626: authorization result of : granted
[Sat Aug 22 01:27:49.756112 2026] [authz_core:debug] [pid 657514:tid 657514] mod_authz_core.c(815): [client 2400:e920:0:2:f45d:ddff:fe00:7a:54741] AH01626: authorization result of Require all granted: granted, referer: http://ilta.ilc.edu.tw
[Sat Aug 22 01:27:49.756134 2026] [authz_core:debug] [pid 657514:tid 657514] mod_authz_core.c(815): [client 2400:e920:0:2:f45d:ddff:fe00:7a:54741] AH01626: authorization result of : granted, referer: http://ilta.ilc.edu.tw
[Sat Aug 22 01:27:49.801571 2026] [ssl:debug] [pid 654685:tid 654685] ssl_engine_kernel.c(2082): [client 34.56.53.225:39424] AH02041: Protocol: TLSv1.3, Cipher: TLS_AES_256_GCM_SHA384 (256/256 bits)
[Sat Aug 22 01:27:49.801618 2026] [socache_shmcb:debug] [pid 654685:tid 654685] mod_socache_shmcb.c(508): AH00831: socache_shmcb_store (0x5d -> subcache 29)
[Sat Aug 22 01:27:49.801623 2026] [socache_shmcb:debug] [pid 654685:tid 654685] mod_socache_shmcb.c(745): AH00842: expiring 2 and reclaiming 0 removed socache entries
[Sat Aug 22 01:27:49.801626 2026] [socache_shmcb:debug] [pid 654685:tid 654685] mod_socache_shmcb.c(765): AH00843: we now have 43 socache entries
[Sat Aug 22 01:27:49.801628 2026] [socache_shmcb:debug] [pid 654685:tid 654685] mod_socache_shmcb.c(860): AH00847: insert happened at idx=53, data=(10141:10173)
[Sat Aug 22 01:27:49.801639 2026] [socache_shmcb:debug] [pid 654685:tid 654685] mod_socache_shmcb.c(863): AH00848: finished insert, subcache: idx_pos/idx_used=10/44, data_pos/data_used=637/9730
[Sat Aug 22 01:27:49.801641 2026] [socache_shmcb:debug] [pid 654685:tid 654685] mod_socache_shmcb.c(530): AH00834: leaving socache_shmcb_store successfully
[Sat Aug 22 01:27:49.801710 2026] [socache_shmcb:debug] [pid 654685:tid 654685] mod_socache_shmcb.c(508): AH00831: socache_shmcb_store (0x0b -> subcache 11)
[Sat Aug 22 01:27:49.801715 2026] [socache_shmcb:debug] [pid 654685:tid 654685] mod_socache_shmcb.c(745): AH00842: expiring 1 and reclaiming 0 removed socache entries
[Sat Aug 22 01:27:49.801717 2026] [socache_shmcb:debug] [pid 654685:tid 654685] mod_socache_shmcb.c(765): AH00843: we now have 35 socache entries
[Sat Aug 22 01:27:49.801718 2026] [socache_shmcb:debug] [pid 654685:tid 654685] mod_socache_shmcb.c(860): AH00847: insert happened at idx=77, data=(1746:1778)
[Sat Aug 22 01:27:49.801720 2026] [socache_shmcb:debug] [pid 654685:tid 654685] mod_socache_shmcb.c(863): AH00848: finished insert, subcache: idx_pos/idx_used=42/36, data_pos/data_used=7801/8035
[Sat Aug 22 01:27:49.801722 2026] [socache_shmcb:debug] [pid 654685:tid 654685] mod_socache_shmcb.c(530): AH00834: leaving socache_shmcb_store successfully
[Sat Aug 22 01:27:49.900468 2026] [ssl:debug] [pid 654685:tid 654685] ssl_engine_kernel.c(254): [client 34.56.53.225:39424] AH02034: Initial (No.1) HTTPS request received for child 4 (server 2blog.ilc.edu.tw:443)
[Sat Aug 22 01:27:49.900652 2026] [authz_core:debug] [pid 654685:tid 654685] mod_authz_core.c(815): [client 34.56.53.225:39424] AH01626: authorization result of Require all granted: granted
[Sat Aug 22 01:27:49.900657 2026] [authz_core:debug] [pid 654685:tid 654685] mod_authz_core.c(815): [client 34.56.53.225:39424] AH01626: authorization result of : granted
[Sat Aug 22 01:27:49.900769 2026] [authz_core:debug] [pid 654685:tid 654685] mod_authz_core.c(815): [client 34.56.53.225:39424] AH01626: authorization result of Require all granted: granted
[Sat Aug 22 01:27:49.900773 2026] [authz_core:debug] [pid 654685:tid 654685] mod_authz_core.c(815): [client 34.56.53.225:39424] AH01626: authorization result of : granted
[Sat Aug 22 01:27:50.086109 2026] [ssl:info] [pid 657515:tid 657515] [client 2400:e920:0:2:f45d:ddff:fe00:7a:54756] AH01964: Connection to child 3 established (server 2blog.ilc.edu.tw:443)
[Sat Aug 22 01:27:50.086428 2026] [ssl:debug] [pid 657515:tid 657515] ssl_engine_kernel.c(2222): [client 2400:e920:0:2:f45d:ddff:fe00:7a:54756] AH02043: SSL virtual host for servername ilta.ilc.edu.tw found
[Sat Aug 22 01:27:50.086529 2026] [core:debug] [pid 657515:tid 657515] protocol.c(2460): [client 2400:e920:0:2:f45d:ddff:fe00:7a:54756] AH03155: select protocol from , choices=http/1.1 for server ilta.ilc.edu.tw
[Sat Aug 22 01:27:50.115158 2026] [deflate:debug] [pid 654685:tid 654685] mod_deflate.c(909): [client 34.56.53.225:39424] AH01384: Zlib: Compressed 63543 to 14793 : URL /index.php
[Sat Aug 22 01:27:50.195095 2026] [ssl:debug] [pid 657515:tid 657515] ssl_engine_kernel.c(2082): [client 2400:e920:0:2:f45d:ddff:fe00:7a:54756] AH02041: Protocol: TLSv1.3, Cipher: TLS_AES_256_GCM_SHA384 (256/256 bits)
[Sat Aug 22 01:27:50.195177 2026] [socache_shmcb:debug] [pid 657515:tid 657515] mod_socache_shmcb.c(508): AH00831: socache_shmcb_store (0x8c -> subcache 12)
[Sat Aug 22 01:27:50.195196 2026] [socache_shmcb:debug] [pid 657515:tid 657515] mod_socache_shmcb.c(745): AH00842: expiring 5 and reclaiming 0 removed socache entries
[Sat Aug 22 01:27:50.195200 2026] [socache_shmcb:debug] [pid 657515:tid 657515] mod_socache_shmcb.c(765): AH00843: we now have 41 socache entries
[Sat Aug 22 01:27:50.195203 2026] [socache_shmcb:debug] [pid 657515:tid 657515] mod_socache_shmcb.c(860): AH00847: insert happened at idx=53, data=(10268:10300)
[Sat Aug 22 01:27:50.195207 2026] [socache_shmcb:debug] [pid 657515:tid 657515] mod_socache_shmcb.c(863): AH00848: finished insert, subcache: idx_pos/idx_used=12/42, data_pos/data_used=1131/9361
[Sat Aug 22 01:27:50.195220 2026] [socache_shmcb:debug] [pid 657515:tid 657515] mod_socache_shmcb.c(530): AH00834: leaving socache_shmcb_store successfully
[Sat Aug 22 01:27:50.195307 2026] [socache_shmcb:debug] [pid 657515:tid 657515] mod_socache_shmcb.c(508): AH00831: socache_shmcb_store (0x45 -> subcache 5)
[Sat Aug 22 01:27:50.195320 2026] [socache_shmcb:debug] [pid 657515:tid 657515] mod_socache_shmcb.c(745): AH00842: expiring 5 and reclaiming 0 removed socache entries
[Sat Aug 22 01:27:50.195324 2026] [socache_shmcb:debug] [pid 657515:tid 657515] mod_socache_shmcb.c(765): AH00843: we now have 31 socache entries
[Sat Aug 22 01:27:50.195327 2026] [socache_shmcb:debug] [pid 657515:tid 657515] mod_socache_shmcb.c(860): AH00847: insert happened at idx=79, data=(2270:2302)
[Sat Aug 22 01:27:50.195329 2026] [socache_shmcb:debug] [pid 657515:tid 657515] mod_socache_shmcb.c(863): AH00848: finished insert, subcache: idx_pos/idx_used=48/32, data_pos/data_used=9301/7057
[Sat Aug 22 01:27:50.195332 2026] [socache_shmcb:debug] [pid 657515:tid 657515] mod_socache_shmcb.c(530): AH00834: leaving socache_shmcb_store successfully
[Sat Aug 22 01:27:50.195820 2026] [ssl:debug] [pid 657515:tid 657515] ssl_engine_kernel.c(254): [client 2400:e920:0:2:f45d:ddff:fe00:7a:54756] AH02034: Initial (No.1) HTTPS request received for child 3 (server ilta.ilc.edu.tw:443), referer: http://ilta.ilc.edu.tw
[Sat Aug 22 01:27:50.196151 2026] [authz_core:debug] [pid 657515:tid 657515] mod_authz_core.c(815): [client 2400:e920:0:2:f45d:ddff:fe00:7a:54756] AH01626: authorization result of Require all granted: granted, referer: http://ilta.ilc.edu.tw
[Sat Aug 22 01:27:50.196163 2026] [authz_core:debug] [pid 657515:tid 657515] mod_authz_core.c(815): [client 2400:e920:0:2:f45d:ddff:fe00:7a:54756] AH01626: authorization result of : granted, referer: http://ilta.ilc.edu.tw
[Sat Aug 22 01:27:50.309519 2026] [deflate:debug] [pid 657515:tid 657515] mod_deflate.c(909): [client 2400:e920:0:2:f45d:ddff:fe00:7a:54756] AH01384: Zlib: Compressed 13605 to 5006 : URL /wp-login.php, referer: http://ilta.ilc.edu.tw
[Sat Aug 22 01:27:50.504687 2026] [mpm_prefork:info] [pid 42267:tid 42267] AH00162: server seems busy, (you may need to increase StartServers, or Min/MaxSpareServers), spawning 8 children, there are 3 idle, and 20 total children
[Sat Aug 22 01:27:50.508526 2026] [watchdog:debug] [pid 657519:tid 657519] mod_watchdog.c(559): AH02980: Watchdog: nothing configured?
[Sat Aug 22 01:27:50.510646 2026] [watchdog:debug] [pid 657520:tid 657520] mod_watchdog.c(559): AH02980: Watchdog: nothing configured?
[Sat Aug 22 01:27:50.513060 2026] [watchdog:debug] [pid 657521:tid 657521] mod_watchdog.c(559): AH02980: Watchdog: nothing configured?
[Sat Aug 22 01:27:50.515236 2026] [watchdog:debug] [pid 657522:tid 657522] mod_watchdog.c(559): AH02980: Watchdog: nothing configured?
[Sat Aug 22 01:27:50.517654 2026] [watchdog:debug] [pid 657523:tid 657523] mod_watchdog.c(559): AH02980: Watchdog: nothing configured?
[Sat Aug 22 01:27:50.520295 2026] [watchdog:debug] [pid 657524:tid 657524] mod_watchdog.c(559): AH02980: Watchdog: nothing configured?
[Sat Aug 22 01:27:50.522469 2026] [authz_core:debug] [pid 657516:tid 657516] mod_authz_core.c(815): [client 2400:e920:0:2:f45d:ddff:fe00:7a:54780] AH01626: authorization result of Require all granted: granted, referer: http://ilta.ilc.edu.tw
[Sat Aug 22 01:27:50.522488 2026] [authz_core:debug] [pid 657516:tid 657516] mod_authz_core.c(815): [client 2400:e920:0:2:f45d:ddff:fe00:7a:54780] AH01626: authorization result of : granted, referer: http://ilta.ilc.edu.tw
[Sat Aug 22 01:27:50.523510 2026] [watchdog:debug] [pid 657525:tid 657525] mod_watchdog.c(559): AH02980: Watchdog: nothing configured?
[Sat Aug 22 01:27:50.526475 2026] [watchdog:debug] [pid 657526:tid 657526] mod_watchdog.c(559): AH02980: Watchdog: nothing configured?
[Sat Aug 22 01:27:50.873633 2026] [ssl:info] [pid 657517:tid 657517] [client 2400:e920:0:2:f45d:ddff:fe00:7a:54800] AH01964: Connection to child 6 established (server 2blog.ilc.edu.tw:443)
[Sat Aug 22 01:27:50.874085 2026] [ssl:debug] [pid 657517:tid 657517] ssl_engine_kernel.c(2222): [client 2400:e920:0:2:f45d:ddff:fe00:7a:54800] AH02043: SSL virtual host for servername ilta.ilc.edu.tw found
[Sat Aug 22 01:27:50.874204 2026] [core:debug] [pid 657517:tid 657517] protocol.c(2460): [client 2400:e920:0:2:f45d:ddff:fe00:7a:54800] AH03155: select protocol from , choices=http/1.1 for server ilta.ilc.edu.tw
[Sat Aug 22 01:27:50.982581 2026] [ssl:debug] [pid 657517:tid 657517] ssl_engine_kernel.c(2082): [client 2400:e920:0:2:f45d:ddff:fe00:7a:54800] AH02041: Protocol: TLSv1.3, Cipher: TLS_AES_256_GCM_SHA384 (256/256 bits)
[Sat Aug 22 01:27:50.982650 2026] [socache_shmcb:debug] [pid 657517:tid 657517] mod_socache_shmcb.c(508): AH00831: socache_shmcb_store (0xe1 -> subcache 1)
[Sat Aug 22 01:27:50.982659 2026] [socache_shmcb:debug] [pid 657517:tid 657517] mod_socache_shmcb.c(745): AH00842: expiring 2 and reclaiming 0 removed socache entries
[Sat Aug 22 01:27:50.982661 2026] [socache_shmcb:debug] [pid 657517:tid 657517] mod_socache_shmcb.c(765): AH00843: we now have 41 socache entries
[Sat Aug 22 01:27:50.982664 2026] [socache_shmcb:debug] [pid 657517:tid 657517] mod_socache_shmcb.c(860): AH00847: insert happened at idx=36, data=(6515:6547)
[Sat Aug 22 01:27:50.982666 2026] [socache_shmcb:debug] [pid 657517:tid 657517] mod_socache_shmcb.c(863): AH00848: finished insert, subcache: idx_pos/idx_used=83/42, data_pos/data_used=11238/9366
[Sat Aug 22 01:27:50.982668 2026] [socache_shmcb:debug] [pid 657517:tid 657517] mod_socache_shmcb.c(530): AH00834: leaving socache_shmcb_store successfully
[Sat Aug 22 01:27:50.982725 2026] [socache_shmcb:debug] [pid 657517:tid 657517] mod_socache_shmcb.c(508): AH00831: socache_shmcb_store (0x45 -> subcache 5)
[Sat Aug 22 01:27:50.982733 2026] [socache_shmcb:debug] [pid 657517:tid 657517] mod_socache_shmcb.c(860): AH00847: insert happened at idx=80, data=(2494:2526)
[Sat Aug 22 01:27:50.982735 2026] [socache_shmcb:debug] [pid 657517:tid 657517] mod_socache_shmcb.c(863): AH00848: finished insert, subcache: idx_pos/idx_used=48/33, data_pos/data_used=9301/7281
[Sat Aug 22 01:27:50.982737 2026] [socache_shmcb:debug] [pid 657517:tid 657517] mod_socache_shmcb.c(530): AH00834: leaving socache_shmcb_store successfully
[Sat Aug 22 01:27:50.983475 2026] [ssl:debug] [pid 657517:tid 657517] ssl_engine_kernel.c(254): [client 2400:e920:0:2:f45d:ddff:fe00:7a:54800] AH02034: Initial (No.1) HTTPS request received for child 6 (server ilta.ilc.edu.tw:443), referer: http://ilta.ilc.edu.tw
[Sat Aug 22 01:27:50.983759 2026] [authz_core:debug] [pid 657517:tid 657517] mod_authz_core.c(815): [client 2400:e920:0:2:f45d:ddff:fe00:7a:54800] AH01626: authorization result of Require all granted: granted, referer: http://ilta.ilc.edu.tw
[Sat Aug 22 01:27:50.983766 2026] [authz_core:debug] [pid 657517:tid 657517] mod_authz_core.c(815): [client 2400:e920:0:2:f45d:ddff:fe00:7a:54800] AH01626: authorization result of : granted, referer: http://ilta.ilc.edu.tw
[Sat Aug 22 01:27:51.084445 2026] [deflate:debug] [pid 657517:tid 657517] mod_deflate.c(909): [client 2400:e920:0:2:f45d:ddff:fe00:7a:54800] AH01384: Zlib: Compressed 13605 to 5007 : URL /wp-login.php, referer: http://ilta.ilc.edu.tw
[Sat Aug 22 01:27:51.212040 2026] [ssl:info] [pid 657515:tid 657515] (70014)End of file found: [client 2400:e920:0:2:f45d:ddff:fe00:7a:54756] AH01992: SSL library error 6 reading data
[Sat Aug 22 01:27:51.212142 2026] [ssl:debug] [pid 657515:tid 657515] ssl_engine_io.c(1150): [client 2400:e920:0:2:f45d:ddff:fe00:7a:54756] AH02001: Connection closed to child 3 with standard shutdown (server ilta.ilc.edu.tw:443)
[Sat Aug 22 01:27:51.212941 2026] [ssl:info] [pid 657517:tid 657517] (70014)End of file found: [client 2400:e920:0:2:f45d:ddff:fe00:7a:54800] AH01992: SSL library error 6 reading data
[Sat Aug 22 01:27:51.212993 2026] [ssl:debug] [pid 657517:tid 657517] ssl_engine_io.c(1150): [client 2400:e920:0:2:f45d:ddff:fe00:7a:54800] AH02001: Connection closed to child 6 with standard shutdown (server ilta.ilc.edu.tw:443)
[Sat Aug 22 01:27:51.397834 2026] [ssl:info] [pid 657518:tid 657518] [client 240e:945:5000:8:2:1:0:1f:14424] AH01964: Connection to child 7 established (server 2blog.ilc.edu.tw:443)
[Sat Aug 22 01:27:51.398167 2026] [ssl:debug] [pid 657518:tid 657518] ssl_engine_kernel.c(2222): [client 240e:945:5000:8:2:1:0:1f:14424] AH02043: SSL virtual host for servername ilta.ilc.edu.tw found
[Sat Aug 22 01:27:51.398292 2026] [core:debug] [pid 657518:tid 657518] protocol.c(2460): [client 240e:945:5000:8:2:1:0:1f:14424] AH03155: select protocol from , choices=h2,http/1.1 for server ilta.ilc.edu.tw
[Sat Aug 22 01:27:51.398379 2026] [ssl:debug] [pid 657518:tid 657518] ssl_util_stapling.c(819): AH01951: stapling_cb: OCSP Stapling callback called
[Sat Aug 22 01:27:51.398388 2026] [ssl:info] [pid 657518:tid 657518] AH01926: stapling_get_certinfo: stapling not supported for certificate
[Sat Aug 22 01:27:51.712646 2026] [reqtimeout:info] [pid 657503:tid 657503] [client 49.158.194.52:45999] AH01382: Request header read timeout
[Sat Aug 22 01:27:51.712760 2026] [reqtimeout:info] [pid 657508:tid 657508] [client 49.158.194.52:47398] AH01382: Request header read timeout
[Sat Aug 22 01:27:51.712818 2026] [ssl:debug] [pid 657503:tid 657503] ssl_engine_io.c(1150): [client 49.158.194.52:45999] AH02001: Connection closed to child 14 with standard shutdown (server isupport.ilc.edu.tw:443)
[Sat Aug 22 01:27:51.712831 2026] [ssl:debug] [pid 657508:tid 657508] ssl_engine_io.c(1150): [client 49.158.194.52:47398] AH02001: Connection closed to child 25 with standard shutdown (server isupport.ilc.edu.tw:443)
[Sat Aug 22 01:27:51.933110 2026] [ssl:debug] [pid 657411:tid 657411] ssl_engine_io.c(1150): [client 216.73.216.122:37172] AH02001: Connection closed to child 31 with standard shutdown (server 2blog.ilc.edu.tw:443)
[Sat Aug 22 01:27:51.986860 2026] [ssl:info] [pid 657520:tid 657520] [client 185.191.171.2:10840] AH01964: Connection to child 9 established (server 2blog.ilc.edu.tw:443)
[Sat Aug 22 01:27:51.987188 2026] [ssl:debug] [pid 657520:tid 657520] ssl_engine_kernel.c(2222): [client 185.191.171.2:10840] AH02043: SSL virtual host for servername 2blog.ilc.edu.tw found
[Sat Aug 22 01:27:52.021758 2026] [ssl:debug] [pid 657485:tid 657485] ssl_engine_io.c(1150): [client 216.73.216.122:11834] AH02001: Connection closed to child 17 with standard shutdown (server 2blog.ilc.edu.tw:443)
[Sat Aug 22 01:27:52.077103 2026] [ssl:debug] [pid 657403:tid 657403] ssl_engine_io.c(1150): [client 216.73.216.122:20825] AH02001: Connection closed to child 20 with standard shutdown (server 2blog.ilc.edu.tw:443)
[Sat Aug 22 01:27:52.078061 2026] [ssl:debug] [pid 657518:tid 657518] ssl_engine_kernel.c(2082): [client 240e:945:5000:8:2:1:0:1f:14424] AH02041: Protocol: TLSv1.3, Cipher: TLS_AES_256_GCM_SHA384 (256/256 bits)
[Sat Aug 22 01:27:52.078127 2026] [socache_shmcb:debug] [pid 657518:tid 657518] mod_socache_shmcb.c(508): AH00831: socache_shmcb_store (0xfa -> subcache 26)
[Sat Aug 22 01:27:52.078139 2026] [socache_shmcb:debug] [pid 657518:tid 657518] mod_socache_shmcb.c(745): AH00842: expiring 2 and reclaiming 0 removed socache entries
[Sat Aug 22 01:27:52.078142 2026] [socache_shmcb:debug] [pid 657518:tid 657518] mod_socache_shmcb.c(765): AH00843: we now have 43 socache entries
[Sat Aug 22 01:27:52.078144 2026] [socache_shmcb:debug] [pid 657518:tid 657518] mod_socache_shmcb.c(860): AH00847: insert happened at idx=67, data=(13025:13057)
[Sat Aug 22 01:27:52.078146 2026] [socache_shmcb:debug] [pid 657518:tid 657518] mod_socache_shmcb.c(863): AH00848: finished insert, subcache: idx_pos/idx_used=24/44, data_pos/data_used=3599/9650
[Sat Aug 22 01:27:52.078148 2026] [socache_shmcb:debug] [pid 657518:tid 657518] mod_socache_shmcb.c(530): AH00834: leaving socache_shmcb_store successfully
[Sat Aug 22 01:27:52.078200 2026] [socache_shmcb:debug] [pid 657518:tid 657518] mod_socache_shmcb.c(508): AH00831: socache_shmcb_store (0xe8 -> subcache 8)
[Sat Aug 22 01:27:52.078208 2026] [socache_shmcb:debug] [pid 657518:tid 657518] mod_socache_shmcb.c(860): AH00847: insert happened at idx=55, data=(10937:10969)
[Sat Aug 22 01:27:52.078218 2026] [socache_shmcb:debug] [pid 657518:tid 657518] mod_socache_shmcb.c(863): AH00848: finished insert, subcache: idx_pos/idx_used=20/36, data_pos/data_used=3169/7992
[Sat Aug 22 01:27:52.078220 2026] [socache_shmcb:debug] [pid 657518:tid 657518] mod_socache_shmcb.c(530): AH00834: leaving socache_shmcb_store successfully
[Sat Aug 22 01:27:52.078406 2026] [ssl:debug] [pid 657518:tid 657518] ssl_engine_kernel.c(254): [client 240e:945:5000:8:2:1:0:1f:14424] AH02034: Initial (No.1) HTTPS request received for child 7 (server ilta.ilc.edu.tw:443)
[Sat Aug 22 01:27:52.078670 2026] [authz_core:debug] [pid 657518:tid 657518] mod_authz_core.c(815): [client 240e:945:5000:8:2:1:0:1f:14424] AH01626: authorization result of Require all granted: granted
[Sat Aug 22 01:27:52.078675 2026] [authz_core:debug] [pid 657518:tid 657518] mod_authz_core.c(815): [client 240e:945:5000:8:2:1:0:1f:14424] AH01626: authorization result of : granted
[Sat Aug 22 01:27:52.079202 2026] [authz_core:debug] [pid 657518:tid 657518] mod_authz_core.c(815): [client 240e:945:5000:8:2:1:0:1f:14424] AH01626: authorization result of Require all granted: granted
[Sat Aug 22 01:27:52.079207 2026] [authz_core:debug] [pid 657518:tid 657518] mod_authz_core.c(815): [client 240e:945:5000:8:2:1:0:1f:14424] AH01626: authorization result of : granted
[Sat Aug 22 01:27:52.171057 2026] [ssl:debug] [pid 657486:tid 657486] ssl_engine_io.c(1150): [client 216.73.216.122:9591] AH02001: Connection closed to child 18 with standard shutdown (server 2blog.ilc.edu.tw:443)
[Sat Aug 22 01:27:52.186390 2026] [ssl:debug] [pid 657520:tid 657520] ssl_engine_kernel.c(2082): [client 185.191.171.2:10840] AH02041: Protocol: TLSv1.3, Cipher: TLS_AES_256_GCM_SHA384 (256/256 bits)
[Sat Aug 22 01:27:52.186460 2026] [socache_shmcb:debug] [pid 657520:tid 657520] mod_socache_shmcb.c(508): AH00831: socache_shmcb_store (0x23 -> subcache 3)
[Sat Aug 22 01:27:52.186468 2026] [socache_shmcb:debug] [pid 657520:tid 657520] mod_socache_shmcb.c(745): AH00842: expiring 4 and reclaiming 0 removed socache entries
[Sat Aug 22 01:27:52.186470 2026] [socache_shmcb:debug] [pid 657520:tid 657520] mod_socache_shmcb.c(765): AH00843: we now have 43 socache entries
[Sat Aug 22 01:27:52.186473 2026] [socache_shmcb:debug] [pid 657520:tid 657520] mod_socache_shmcb.c(860): AH00847: insert happened at idx=54, data=(10460:10492)
[Sat Aug 22 01:27:52.186474 2026] [socache_shmcb:debug] [pid 657520:tid 657520] mod_socache_shmcb.c(863): AH00848: finished insert, subcache: idx_pos/idx_used=11/44, data_pos/data_used=918/9756
[Sat Aug 22 01:27:52.186476 2026] [socache_shmcb:debug] [pid 657520:tid 657520] mod_socache_shmcb.c(530): AH00834: leaving socache_shmcb_store successfully
[Sat Aug 22 01:27:52.186533 2026] [socache_shmcb:debug] [pid 657520:tid 657520] mod_socache_shmcb.c(508): AH00831: socache_shmcb_store (0x9b -> subcache 27)
[Sat Aug 22 01:27:52.186542 2026] [socache_shmcb:debug] [pid 657520:tid 657520] mod_socache_shmcb.c(745): AH00842: expiring 1 and reclaiming 0 removed socache entries
[Sat Aug 22 01:27:52.186544 2026] [socache_shmcb:debug] [pid 657520:tid 657520] mod_socache_shmcb.c(765): AH00843: we now have 38 socache entries
[Sat Aug 22 01:27:52.186545 2026] [socache_shmcb:debug] [pid 657520:tid 657520] mod_socache_shmcb.c(860): AH00847: insert happened at idx=77, data=(1722:1754)
[Sat Aug 22 01:27:52.186547 2026] [socache_shmcb:debug] [pid 657520:tid 657520] mod_socache_shmcb.c(863): AH00848: finished insert, subcache: idx_pos/idx_used=39/39, data_pos/data_used=7214/8585
[Sat Aug 22 01:27:52.186549 2026] [socache_shmcb:debug] [pid 657520:tid 657520] mod_socache_shmcb.c(530): AH00834: leaving socache_shmcb_store successfully
[Sat Aug 22 01:27:52.295636 2026] [headers:debug] [pid 657521:tid 657521] mod_headers.c(900): AH01503: headers: ap_headers_error_filter()
[Sat Aug 22 01:27:52.301090 2026] [headers:debug] [pid 657522:tid 657522] mod_headers.c(900): AH01503: headers: ap_headers_error_filter()
[Sat Aug 22 01:27:52.305418 2026] [headers:debug] [pid 657523:tid 657523] mod_headers.c(900): AH01503: headers: ap_headers_error_filter()
[Sat Aug 22 01:27:52.335064 2026] [headers:debug] [pid 657524:tid 657524] mod_headers.c(900): AH01503: headers: ap_headers_error_filter()
[Sat Aug 22 01:27:52.335569 2026] [headers:debug] [pid 657525:tid 657525] mod_headers.c(900): AH01503: headers: ap_headers_error_filter()
[Sat Aug 22 01:27:52.360406 2026] [ssl:debug] [pid 657520:tid 657520] ssl_engine_kernel.c(254): [client 185.191.171.2:10840] AH02034: Initial (No.1) HTTPS request received for child 9 (server 2blog.ilc.edu.tw:443)
[Sat Aug 22 01:27:52.360684 2026] [authz_core:debug] [pid 657520:tid 657520] mod_authz_core.c(815): [client 185.191.171.2:10840] AH01626: authorization result of Require all granted: granted
[Sat Aug 22 01:27:52.360691 2026] [authz_core:debug] [pid 657520:tid 657520] mod_authz_core.c(815): [client 185.191.171.2:10840] AH01626: authorization result of : granted
[Sat Aug 22 01:27:52.361247 2026] [authz_core:debug] [pid 657520:tid 657520] mod_authz_core.c(815): [client 185.191.171.2:10840] AH01626: authorization result of Require all granted: granted
[Sat Aug 22 01:27:52.361252 2026] [authz_core:debug] [pid 657520:tid 657520] mod_authz_core.c(815): [client 185.191.171.2:10840] AH01626: authorization result of : granted
[Sat Aug 22 01:27:52.483761 2026] [ssl:debug] [pid 657518:tid 657518] ssl_engine_kernel.c(254): [client 240e:945:5000:8:2:1:0:1f:14424] AH02034: Subsequent (No.2) HTTPS request received for child 7 (server ilta.ilc.edu.tw:443)
[Sat Aug 22 01:27:52.483940 2026] [authz_core:debug] [pid 657518:tid 657518] mod_authz_core.c(815): [client 240e:945:5000:8:2:1:0:1f:14424] AH01626: authorization result of Require all granted: granted
[Sat Aug 22 01:27:52.483944 2026] [authz_core:debug] [pid 657518:tid 657518] mod_authz_core.c(815): [client 240e:945:5000:8:2:1:0:1f:14424] AH01626: authorization result of : granted
[Sat Aug 22 01:27:52.484043 2026] [authz_core:debug] [pid 657518:tid 657518] mod_authz_core.c(815): [client 240e:945:5000:8:2:1:0:1f:14424] AH01626: authorization result of Require all granted: granted
[Sat Aug 22 01:27:52.484046 2026] [authz_core:debug] [pid 657518:tid 657518] mod_authz_core.c(815): [client 240e:945:5000:8:2:1:0:1f:14424] AH01626: authorization result of : granted
[Sat Aug 22 01:27:52.501143 2026] [deflate:debug] [pid 657518:tid 657518] mod_deflate.c(909): [client 240e:945:5000:8:2:1:0:1f:14424] AH01384: Zlib: Compressed 50995 to 9993 : URL /index.php
[Sat Aug 22 01:27:52.565861 2026] [deflate:debug] [pid 657520:tid 657520] mod_deflate.c(909): [client 185.191.171.2:10840] AH01384: Zlib: Compressed 50278 to 11008 : URL /index.php
[Sat Aug 22 01:27:52.566073 2026] [ssl:debug] [pid 657520:tid 657520] ssl_engine_io.c(1150): [client 185.191.171.2:10840] AH02001: Connection closed to child 9 with standard shutdown (server 2blog.ilc.edu.tw:443)
[Sat Aug 22 01:27:52.568960 2026] [ssl:debug] [pid 657502:tid 657502] ssl_engine_io.c(1150): [client 216.73.216.122:47517] AH02001: Connection closed to child 13 with standard shutdown (server 2blog.ilc.edu.tw:443)
[Sat Aug 22 01:27:52.604221 2026] [ssl:info] [pid 657514:tid 657514] [client 2409:8c02:21c:c0::4d:10162] AH01964: Connection to child 2 established (server 2blog.ilc.edu.tw:443)
[Sat Aug 22 01:27:52.604538 2026] [ssl:debug] [pid 657514:tid 657514] ssl_engine_kernel.c(2222): [client 2409:8c02:21c:c0::4d:10162] AH02043: SSL virtual host for servername ilta.ilc.edu.tw found
[Sat Aug 22 01:27:52.604569 2026] [socache_shmcb:debug] [pid 657514:tid 657514] mod_socache_shmcb.c(545): AH00835: socache_shmcb_retrieve (0x6c -> subcache 12)
[Sat Aug 22 01:27:52.604579 2026] [socache_shmcb:debug] [pid 657514:tid 657514] mod_socache_shmcb.c(929): AH00851: shmcb_subcache_retrieve found no match
[Sat Aug 22 01:27:52.604581 2026] [socache_shmcb:debug] [pid 657514:tid 657514] mod_socache_shmcb.c(556): AH00836: leaving socache_shmcb_retrieve successfully
[Sat Aug 22 01:27:52.604657 2026] [core:debug] [pid 657514:tid 657514] protocol.c(2460): [client 2409:8c02:21c:c0::4d:10162] AH03155: select protocol from , choices=h2,http/1.1 for server ilta.ilc.edu.tw
[Sat Aug 22 01:27:52.604732 2026] [ssl:debug] [pid 657514:tid 657514] ssl_util_stapling.c(819): AH01951: stapling_cb: OCSP Stapling callback called
[Sat Aug 22 01:27:52.604739 2026] [ssl:info] [pid 657514:tid 657514] AH01926: stapling_get_certinfo: stapling not supported for certificate
[Sat Aug 22 01:27:52.997830 2026] [ssl:debug] [pid 657507:tid 657507] ssl_engine_io.c(1150): [client 216.73.216.122:53184] AH02001: Connection closed to child 24 with standard shutdown (server 2blog.ilc.edu.tw:443)
[Sat Aug 22 01:27:53.095120 2026] [ssl:debug] [pid 657518:tid 657518] ssl_engine_kernel.c(254): [client 240e:945:5000:8:2:1:0:1f:14424] AH02034: Subsequent (No.3) HTTPS request received for child 7 (server ilta.ilc.edu.tw:443), referer: https://ilta.ilc.edu.tw/2010/12/06/
[Sat Aug 22 01:27:53.095340 2026] [authz_core:debug] [pid 657518:tid 657518] mod_authz_core.c(815): [client 240e:945:5000:8:2:1:0:1f:14424] AH01626: authorization result of Require all granted: granted, referer: https://ilta.ilc.edu.tw/2010/12/06/
[Sat Aug 22 01:27:53.095345 2026] [authz_core:debug] [pid 657518:tid 657518] mod_authz_core.c(815): [client 240e:945:5000:8:2:1:0:1f:14424] AH01626: authorization result of : granted, referer: https://ilta.ilc.edu.tw/2010/12/06/
[Sat Aug 22 01:27:53.097980 2026] [deflate:debug] [pid 657518:tid 657518] mod_deflate.c(909): [client 240e:945:5000:8:2:1:0:1f:14424] AH01384: Zlib: Compressed 79246 to 39701 : URL /wp-content/cache/ilta.ilc.edu.tw/wpfc-minified/30cml7nx/6wvk.css, referer: https://ilta.ilc.edu.tw/2010/12/06/
[Sat Aug 22 01:27:53.152825 2026] [ssl:info] [pid 657515:tid 657515] [client 2001:288:a201::66:125:54810] AH01964: Connection to child 3 established (server 2blog.ilc.edu.tw:443)
[Sat Aug 22 01:27:53.153019 2026] [ssl:debug] [pid 657515:tid 657515] ssl_engine_kernel.c(2252): [client 2001:288:a201::66:125:54810] AH02645: Server name not provided via TLS extension (using default/first virtual host)
[Sat Aug 22 01:27:53.153036 2026] [socache_shmcb:debug] [pid 657515:tid 657515] mod_socache_shmcb.c(545): AH00835: socache_shmcb_retrieve (0x94 -> subcache 20)
[Sat Aug 22 01:27:53.153053 2026] [socache_shmcb:debug] [pid 657515:tid 657515] mod_socache_shmcb.c(896): AH00849: match at idx=10, data=6607
[Sat Aug 22 01:27:53.153056 2026] [socache_shmcb:debug] [pid 657515:tid 657515] mod_socache_shmcb.c(556): AH00836: leaving socache_shmcb_retrieve successfully
[Sat Aug 22 01:27:53.153917 2026] [ssl:debug] [pid 657515:tid 657515] ssl_engine_kernel.c(2082): [client 2001:288:a201::66:125:54810] AH02041: Protocol: TLSv1.2, Cipher: ECDHE-RSA-AES256-GCM-SHA384 (256/256 bits)
[Sat Aug 22 01:27:53.154214 2026] [ssl:debug] [pid 657515:tid 657515] ssl_engine_kernel.c(254): [client 2001:288:a201::66:125:54810] AH02034: Initial (No.1) HTTPS request received for child 3 (server 2blog.ilc.edu.tw:443)
[Sat Aug 22 01:27:53.154379 2026] [authz_core:debug] [pid 657515:tid 657515] mod_authz_core.c(815): [client 2001:288:a201::66:125:54810] AH01626: authorization result of Require all granted: granted
[Sat Aug 22 01:27:53.154383 2026] [authz_core:debug] [pid 657515:tid 657515] mod_authz_core.c(815): [client 2001:288:a201::66:125:54810] AH01626: authorization result of : granted
[Sat Aug 22 01:27:53.154506 2026] [authz_core:debug] [pid 657515:tid 657515] mod_authz_core.c(815): [client 2001:288:a201::66:125:54810] AH01626: authorization result of Require all granted: granted
[Sat Aug 22 01:27:53.154510 2026] [authz_core:debug] [pid 657515:tid 657515] mod_authz_core.c(815): [client 2001:288:a201::66:125:54810] AH01626: authorization result of : granted
[Sat Aug 22 01:27:53.154520 2026] [php7:error] [pid 657515:tid 657515] [client 2001:288:a201::66:125:54810] script '/var/www/html/2blog/active.php' not found or unable to stat
[Sat Aug 22 01:27:53.154527 2026] [headers:debug] [pid 657515:tid 657515] mod_headers.c(900): AH01503: headers: ap_headers_error_filter()
[Sat Aug 22 01:27:53.154637 2026] [ssl:debug] [pid 657515:tid 657515] ssl_engine_io.c(1150): [client 2001:288:a201::66:125:54810] AH02001: Connection closed to child 3 with standard shutdown (server 2blog.ilc.edu.tw:443)
[Sat Aug 22 01:27:53.165101 2026] [ssl:debug] [pid 657505:tid 657505] ssl_engine_io.c(1150): [client 216.73.216.122:37351] AH02001: Connection closed to child 21 with standard shutdown (server 2blog.ilc.edu.tw:443)
[Sat Aug 22 01:27:53.175010 2026] [headers:debug] [pid 657517:tid 657517] mod_headers.c(900): AH01503: headers: ap_headers_error_filter()
[Sat Aug 22 01:27:53.177056 2026] [ssl:debug] [pid 652786:tid 652786] ssl_engine_io.c(1150): [client 216.73.216.122:23186] AH02001: Connection closed to child 12 with standard shutdown (server 2blog.ilc.edu.tw:443)
[Sat Aug 22 01:27:53.203010 2026] [ssl:debug] [pid 657512:tid 657512] ssl_engine_io.c(1150): [client 216.73.216.122:36519] AH02001: Connection closed to child 0 with standard shutdown (server 2blog.ilc.edu.tw:443)
[Sat Aug 22 01:27:53.203388 2026] [ssl:debug] [pid 657491:tid 657491] ssl_engine_io.c(1150): [client 216.73.216.122:57501] AH02001: Connection closed to child 19 with standard shutdown (server 2blog.ilc.edu.tw:443)
[Sat Aug 22 01:27:53.233609 2026] [ssl:info] [pid 657516:tid 657516] [client 20.125.101.194:59834] AH01964: Connection to child 5 established (server 2blog.ilc.edu.tw:443)
[Sat Aug 22 01:27:53.233978 2026] [ssl:debug] [pid 657516:tid 657516] ssl_engine_kernel.c(2222): [client 20.125.101.194:59834] AH02043: SSL virtual host for servername www.najh.ilc.edu.tw found
[Sat Aug 22 01:27:53.234085 2026] [core:debug] [pid 657516:tid 657516] protocol.c(2460): [client 20.125.101.194:59834] AH03155: select protocol from , choices=http/1.1 for server www.najh.ilc.edu.tw
[Sat Aug 22 01:27:53.261455 2026] [ssl:info] [pid 657503:tid 657503] [client 66.249.79.163:63553] AH01964: Connection to child 14 established (server 2blog.ilc.edu.tw:443)
[Sat Aug 22 01:27:53.261611 2026] [ssl:debug] [pid 657503:tid 657503] ssl_engine_kernel.c(2222): [client 66.249.79.163:63553] AH02043: SSL virtual host for servername 2blog.ilc.edu.tw found
[Sat Aug 22 01:27:53.261694 2026] [ssl:debug] [pid 657503:tid 657503] ssl_util_stapling.c(819): AH01951: stapling_cb: OCSP Stapling callback called
[Sat Aug 22 01:27:53.261700 2026] [ssl:info] [pid 657503:tid 657503] AH01926: stapling_get_certinfo: stapling not supported for certificate
[Sat Aug 22 01:27:53.276760 2026] [headers:debug] [pid 657508:tid 657508] mod_headers.c(900): AH01503: headers: ap_headers_error_filter()
[Sat Aug 22 01:27:53.306663 2026] [ssl:info] [pid 657411:tid 657411] [client 159.203.181.22:55558] AH01964: Connection to child 31 established (server 2blog.ilc.edu.tw:443)
[Sat Aug 22 01:27:53.306831 2026] [ssl:debug] [pid 657411:tid 657411] ssl_engine_kernel.c(2222): [client 159.203.181.22:55558] AH02043: SSL virtual host for servername 2blog.ilc.edu.tw found
[Sat Aug 22 01:27:53.306908 2026] [ssl:debug] [pid 657411:tid 657411] ssl_util_stapling.c(819): AH01951: stapling_cb: OCSP Stapling callback called
[Sat Aug 22 01:27:53.306912 2026] [ssl:info] [pid 657411:tid 657411] AH01926: stapling_get_certinfo: stapling not supported for certificate
[Sat Aug 22 01:27:53.325706 2026] [authz_core:debug] [pid 657485:tid 657485] mod_authz_core.c(815): [client 2400:e920:0:2:f45d:ddff:fe00:7a:54947] AH01626: authorization result of Require all granted: granted, referer: http://ilta.ilc.edu.tw
[Sat Aug 22 01:27:53.325730 2026] [authz_core:debug] [pid 657485:tid 657485] mod_authz_core.c(815): [client 2400:e920:0:2:f45d:ddff:fe00:7a:54947] AH01626: authorization result of : granted, referer: http://ilta.ilc.edu.tw
[Sat Aug 22 01:27:53.355068 2026] [ssl:info] [pid 657403:tid 657403] [client 140.111.67.10:1321] AH01964: Connection to child 20 established (server 2blog.ilc.edu.tw:443)
[Sat Aug 22 01:27:53.355202 2026] [ssl:info] [pid 657403:tid 657403] (70014)End of file found: [client 140.111.67.10:1321] AH02006: SSL handshake stopped: connection was closed
[Sat Aug 22 01:27:53.355209 2026] [ssl:info] [pid 657403:tid 657403] [client 140.111.67.10:1321] AH01998: Connection closed to child 20 with abortive shutdown (server 2blog.ilc.edu.tw:443)
[Sat Aug 22 01:27:53.357745 2026] [ssl:info] [pid 657486:tid 657486] [client 159.223.184.136:59164] AH01964: Connection to child 18 established (server 2blog.ilc.edu.tw:443)
[Sat Aug 22 01:27:53.357982 2026] [ssl:debug] [pid 657486:tid 657486] ssl_engine_kernel.c(2222): [client 159.223.184.136:59164] AH02043: SSL virtual host for servername 2blog.ilc.edu.tw found
[Sat Aug 22 01:27:53.358057 2026] [ssl:debug] [pid 657486:tid 657486] ssl_util_stapling.c(819): AH01951: stapling_cb: OCSP Stapling callback called
[Sat Aug 22 01:27:53.358063 2026] [ssl:info] [pid 657486:tid 657486] AH01926: stapling_get_certinfo: stapling not supported for certificate
[Sat Aug 22 01:27:53.393162 2026] [ssl:debug] [pid 657503:tid 657503] ssl_engine_kernel.c(2082): [client 66.249.79.163:63553] AH02041: Protocol: TLSv1.3, Cipher: TLS_AES_256_GCM_SHA384 (256/256 bits)
[Sat Aug 22 01:27:53.393212 2026] [socache_shmcb:debug] [pid 657503:tid 657503] mod_socache_shmcb.c(508): AH00831: socache_shmcb_store (0xcc -> subcache 12)
[Sat Aug 22 01:27:53.393218 2026] [socache_shmcb:debug] [pid 657503:tid 657503] mod_socache_shmcb.c(745): AH00842: expiring 1 and reclaiming 0 removed socache entries
[Sat Aug 22 01:27:53.393220 2026] [socache_shmcb:debug] [pid 657503:tid 657503] mod_socache_shmcb.c(765): AH00843: we now have 41 socache entries
[Sat Aug 22 01:27:53.393223 2026] [socache_shmcb:debug] [pid 657503:tid 657503] mod_socache_shmcb.c(860): AH00847: insert happened at idx=54, data=(10492:10524)
[Sat Aug 22 01:27:53.393225 2026] [socache_shmcb:debug] [pid 657503:tid 657503] mod_socache_shmcb.c(863): AH00848: finished insert, subcache: idx_pos/idx_used=13/42, data_pos/data_used=1344/9362
[Sat Aug 22 01:27:53.393227 2026] [socache_shmcb:debug] [pid 657503:tid 657503] mod_socache_shmcb.c(530): AH00834: leaving socache_shmcb_store successfully
[Sat Aug 22 01:27:53.393275 2026] [socache_shmcb:debug] [pid 657503:tid 657503] mod_socache_shmcb.c(508): AH00831: socache_shmcb_store (0x51 -> subcache 17)
[Sat Aug 22 01:27:53.393287 2026] [socache_shmcb:debug] [pid 657503:tid 657503] mod_socache_shmcb.c(860): AH00847: insert happened at idx=56, data=(10903:10935)
[Sat Aug 22 01:27:53.393289 2026] [socache_shmcb:debug] [pid 657503:tid 657503] mod_socache_shmcb.c(863): AH00848: finished insert, subcache: idx_pos/idx_used=8/49, data_pos/data_used=298/10818
[Sat Aug 22 01:27:53.393291 2026] [socache_shmcb:debug] [pid 657503:tid 657503] mod_socache_shmcb.c(530): AH00834: leaving socache_shmcb_store successfully
[Sat Aug 22 01:27:53.393393 2026] [ssl:debug] [pid 657503:tid 657503] ssl_engine_kernel.c(254): [client 66.249.79.163:63553] AH02034: Initial (No.1) HTTPS request received for child 14 (server 2blog.ilc.edu.tw:443), referer: https://2blog.ilc.edu.tw/yleerc/2026/03/13/%E3%80%90%E8%BD%89%E7%9F%A5%E3%80%91115%E5%AD%B8%E5%B9%B4%E5%BA%A6cool-english%E8%8B%B1%E8%81%BD%E7%8E%8B%E6%AF%94%E8%B3%BD%E5%BE%97%E7%8D%8E%E5%90%8D%E5%96%AE-115-cool-english-listening-champion-pr/
[Sat Aug 22 01:27:53.393561 2026] [authz_core:debug] [pid 657503:tid 657503] mod_authz_core.c(815): [client 66.249.79.163:63553] AH01626: authorization result of Require all granted: granted, referer: https://2blog.ilc.edu.tw/yleerc/2026/03/13/%E3%80%90%E8%BD%89%E7%9F%A5%E3%80%91115%E5%AD%B8%E5%B9%B4%E5%BA%A6cool-english%E8%8B%B1%E8%81%BD%E7%8E%8B%E6%AF%94%E8%B3%BD%E5%BE%97%E7%8D%8E%E5%90%8D%E5%96%AE-115-cool-english-listening-champion-pr/
[Sat Aug 22 01:27:53.393566 2026] [authz_core:debug] [pid 657503:tid 657503] mod_authz_core.c(815): [client 66.249.79.163:63553] AH01626: authorization result of : granted, referer: https://2blog.ilc.edu.tw/yleerc/2026/03/13/%E3%80%90%E8%BD%89%E7%9F%A5%E3%80%91115%E5%AD%B8%E5%B9%B4%E5%BA%A6cool-english%E8%8B%B1%E8%81%BD%E7%8E%8B%E6%AF%94%E8%B3%BD%E5%BE%97%E7%8D%8E%E5%90%8D%E5%96%AE-115-cool-english-listening-champion-pr/
[Sat Aug 22 01:27:53.393702 2026] [authz_core:debug] [pid 657503:tid 657503] mod_authz_core.c(815): [client 66.249.79.163:63553] AH01626: authorization result of Require all granted: granted, referer: https://2blog.ilc.edu.tw/yleerc/2026/03/13/%E3%80%90%E8%BD%89%E7%9F%A5%E3%80%91115%E5%AD%B8%E5%B9%B4%E5%BA%A6cool-english%E8%8B%B1%E8%81%BD%E7%8E%8B%E6%AF%94%E8%B3%BD%E5%BE%97%E7%8D%8E%E5%90%8D%E5%96%AE-115-cool-english-listening-champion-pr/
[Sat Aug 22 01:27:53.393713 2026] [authz_core:debug] [pid 657503:tid 657503] mod_authz_core.c(815): [client 66.249.79.163:63553] AH01626: authorization result of : granted, referer: https://2blog.ilc.edu.tw/yleerc/2026/03/13/%E3%80%90%E8%BD%89%E7%9F%A5%E3%80%91115%E5%AD%B8%E5%B9%B4%E5%BA%A6cool-english%E8%8B%B1%E8%81%BD%E7%8E%8B%E6%AF%94%E8%B3%BD%E5%BE%97%E7%8D%8E%E5%90%8D%E5%96%AE-115-cool-english-listening-champion-pr/
[Sat Aug 22 01:27:53.393869 2026] [deflate:debug] [pid 657503:tid 657503] mod_deflate.c(909): [client 66.249.79.163:63553] AH01384: Zlib: Compressed 5181 to 1510 : URL /wp-content/themes/oceanwp/assets/js/select.min.js, referer: https://2blog.ilc.edu.tw/yleerc/2026/03/13/%E3%80%90%E8%BD%89%E7%9F%A5%E3%80%91115%E5%AD%B8%E5%B9%B4%E5%BA%A6cool-english%E8%8B%B1%E8%81%BD%E7%8E%8B%E6%AF%94%E8%B3%BD%E5%BE%97%E7%8D%8E%E5%90%8D%E5%96%AE-115-cool-english-listening-champion-pr/
[Sat Aug 22 01:27:53.418205 2026] [ssl:debug] [pid 657516:tid 657516] ssl_engine_kernel.c(2082): [client 20.125.101.194:59834] AH02041: Protocol: TLSv1.3, Cipher: TLS_AES_256_GCM_SHA384 (256/256 bits)
[Sat Aug 22 01:27:53.418277 2026] [socache_shmcb:debug] [pid 657516:tid 657516] mod_socache_shmcb.c(508): AH00831: socache_shmcb_store (0x43 -> subcache 3)
[Sat Aug 22 01:27:53.418283 2026] [socache_shmcb:debug] [pid 657516:tid 657516] mod_socache_shmcb.c(860): AH00847: insert happened at idx=55, data=(10674:10706)
[Sat Aug 22 01:27:53.418286 2026] [socache_shmcb:debug] [pid 657516:tid 657516] mod_socache_shmcb.c(863): AH00848: finished insert, subcache: idx_pos/idx_used=11/45, data_pos/data_used=918/9984
[Sat Aug 22 01:27:53.418288 2026] [socache_shmcb:debug] [pid 657516:tid 657516] mod_socache_shmcb.c(530): AH00834: leaving socache_shmcb_store successfully
[Sat Aug 22 01:27:53.418344 2026] [socache_shmcb:debug] [pid 657516:tid 657516] mod_socache_shmcb.c(508): AH00831: socache_shmcb_store (0x1c -> subcache 28)
[Sat Aug 22 01:27:53.418355 2026] [socache_shmcb:debug] [pid 657516:tid 657516] mod_socache_shmcb.c(745): AH00842: expiring 3 and reclaiming 0 removed socache entries
[Sat Aug 22 01:27:53.418357 2026] [socache_shmcb:debug] [pid 657516:tid 657516] mod_socache_shmcb.c(765): AH00843: we now have 37 socache entries
[Sat Aug 22 01:27:53.418359 2026] [socache_shmcb:debug] [pid 657516:tid 657516] mod_socache_shmcb.c(860): AH00847: insert happened at idx=54, data=(10553:10585)
[Sat Aug 22 01:27:53.418361 2026] [socache_shmcb:debug] [pid 657516:tid 657516] mod_socache_shmcb.c(863): AH00848: finished insert, subcache: idx_pos/idx_used=17/38, data_pos/data_used=2338/8444
[Sat Aug 22 01:27:53.418363 2026] [socache_shmcb:debug] [pid 657516:tid 657516] mod_socache_shmcb.c(530): AH00834: leaving socache_shmcb_store successfully
[Sat Aug 22 01:27:53.426265 2026] [ssl:debug] [pid 657516:tid 657516] ssl_engine_kernel.c(254): [client 20.125.101.194:59834] AH02034: Initial (No.1) HTTPS request received for child 5 (server www.najh.ilc.edu.tw:443)
[Sat Aug 22 01:27:53.427083 2026] [authz_core:debug] [pid 657516:tid 657516] mod_authz_core.c(815): [client 20.125.101.194:59834] AH01626: authorization result of Require all granted: granted
[Sat Aug 22 01:27:53.427090 2026] [authz_core:debug] [pid 657516:tid 657516] mod_authz_core.c(815): [client 20.125.101.194:59834] AH01626: authorization result of : granted
[Sat Aug 22 01:27:53.554582 2026] [ssl:info] [pid 657514:tid 657514] (70014)End of file found: [client 2409:8c02:21c:c0::4d:10162] AH02006: SSL handshake stopped: connection was closed
[Sat Aug 22 01:27:53.554619 2026] [ssl:info] [pid 657514:tid 657514] [client 2409:8c02:21c:c0::4d:10162] AH01998: Connection closed to child 2 with abortive shutdown (server ilta.ilc.edu.tw:443)
