[Sat Aug 22 01:24:35.296564 2026] [authz_core:debug] [pid 652640:tid 652640] mod_authz_core.c(815): [client 2001:b011:7803:3948:214e:627:2d94:a06f:57563] AH01626: authorization result of : granted, referer: https://www.ilc.edu.tw/
[Sat Aug 22 01:24:35.297782 2026] [authz_core:debug] [pid 652643:tid 652643] mod_authz_core.c(815): [client 2400:e920:0:2:f45d:ddff:fe00:7a:59441] AH01626: authorization result of Require all granted: granted, referer: http://ilta.ilc.edu.tw
[Sat Aug 22 01:24:35.297797 2026] [authz_core:debug] [pid 652643:tid 652643] mod_authz_core.c(815): [client 2400:e920:0:2:f45d:ddff:fe00:7a:59441] AH01626: authorization result of : granted, referer: http://ilta.ilc.edu.tw
[Sat Aug 22 01:24:35.329423 2026] [ssl:debug] [pid 652701:tid 652701] ssl_engine_io.c(1150): [client 24.179.112.155:41221] AH02001: Connection closed to child 4 with standard shutdown (server ilta.ilc.edu.tw:443)
[Sat Aug 22 01:24:35.339097 2026] [ssl:debug] [pid 652771:tid 652771] ssl_engine_kernel.c(254): [client 2001:b011:7803:3948:214e:627:2d94:a06f:57564] AH02034: Subsequent (No.11) HTTPS request received for child 3 (server www.ilc.edu.tw:443), referer: https://www.ilc.edu.tw/
[Sat Aug 22 01:24:35.339630 2026] [authz_core:debug] [pid 652771:tid 652771] mod_authz_core.c(815): [client 2001:b011:7803:3948:214e:627:2d94:a06f:57564] AH01626: authorization result of Require all granted: granted, referer: https://www.ilc.edu.tw/
[Sat Aug 22 01:24:35.339644 2026] [authz_core:debug] [pid 652771:tid 652771] mod_authz_core.c(815): [client 2001:b011:7803:3948:214e:627:2d94:a06f:57564] AH01626: authorization result of : granted, referer: https://www.ilc.edu.tw/
[Sat Aug 22 01:24:35.343048 2026] [ssl:debug] [pid 652706:tid 652706] ssl_engine_kernel.c(254): [client 2001:b011:7803:3948:214e:627:2d94:a06f:57565] AH02034: Subsequent (No.5) HTTPS request received for child 11 (server www.ilc.edu.tw:443), referer: https://www.ilc.edu.tw/
[Sat Aug 22 01:24:35.343509 2026] [authz_core:debug] [pid 652706:tid 652706] mod_authz_core.c(815): [client 2001:b011:7803:3948:214e:627:2d94:a06f:57565] AH01626: authorization result of Require all granted: granted, referer: https://www.ilc.edu.tw/
[Sat Aug 22 01:24:35.343517 2026] [authz_core:debug] [pid 652706:tid 652706] mod_authz_core.c(815): [client 2001:b011:7803:3948:214e:627:2d94:a06f:57565] AH01626: authorization result of : granted, referer: https://www.ilc.edu.tw/
[Sat Aug 22 01:24:35.344084 2026] [ssl:debug] [pid 652779:tid 652779] ssl_engine_kernel.c(254): [client 2001:b011:7803:3948:214e:627:2d94:a06f:57567] AH02034: Subsequent (No.6) HTTPS request received for child 9 (server www.ilc.edu.tw:443), referer: https://www.ilc.edu.tw/
[Sat Aug 22 01:24:35.344192 2026] [ssl:debug] [pid 652669:tid 652669] ssl_engine_kernel.c(254): [client 2001:b011:7803:3948:214e:627:2d94:a06f:57568] AH02034: Subsequent (No.6) HTTPS request received for child 46 (server www.ilc.edu.tw:443), referer: https://www.ilc.edu.tw/
[Sat Aug 22 01:24:35.344473 2026] [authz_core:debug] [pid 652779:tid 652779] mod_authz_core.c(815): [client 2001:b011:7803:3948:214e:627:2d94:a06f:57567] AH01626: authorization result of Require all granted: granted, referer: https://www.ilc.edu.tw/
[Sat Aug 22 01:24:35.344483 2026] [authz_core:debug] [pid 652779:tid 652779] mod_authz_core.c(815): [client 2001:b011:7803:3948:214e:627:2d94:a06f:57567] AH01626: authorization result of : granted, referer: https://www.ilc.edu.tw/
[Sat Aug 22 01:24:35.344506 2026] [authz_core:debug] [pid 652669:tid 652669] mod_authz_core.c(815): [client 2001:b011:7803:3948:214e:627:2d94:a06f:57568] AH01626: authorization result of Require all granted: granted, referer: https://www.ilc.edu.tw/
[Sat Aug 22 01:24:35.344513 2026] [authz_core:debug] [pid 652669:tid 652669] mod_authz_core.c(815): [client 2001:b011:7803:3948:214e:627:2d94:a06f:57568] AH01626: authorization result of : granted, referer: https://www.ilc.edu.tw/
[Sat Aug 22 01:24:35.366286 2026] [ssl:debug] [pid 652640:tid 652640] ssl_engine_kernel.c(254): [client 2001:b011:7803:3948:214e:627:2d94:a06f:57563] AH02034: Subsequent (No.10) HTTPS request received for child 14 (server www.ilc.edu.tw:443), referer: https://www.ilc.edu.tw/
[Sat Aug 22 01:24:35.366546 2026] [authz_core:debug] [pid 652640:tid 652640] mod_authz_core.c(815): [client 2001:b011:7803:3948:214e:627:2d94:a06f:57563] AH01626: authorization result of Require all granted: granted, referer: https://www.ilc.edu.tw/
[Sat Aug 22 01:24:35.366552 2026] [authz_core:debug] [pid 652640:tid 652640] mod_authz_core.c(815): [client 2001:b011:7803:3948:214e:627:2d94:a06f:57563] AH01626: authorization result of : granted, referer: https://www.ilc.edu.tw/
[Sat Aug 22 01:24:35.366915 2026] [deflate:debug] [pid 652640:tid 652640] mod_deflate.c(909): [client 2001:b011:7803:3948:214e:627:2d94:a06f:57563] AH01384: Zlib: Compressed 7003 to 2050 : URL /wp-content/plugins/elementor-pro/assets/js/media-carousel.aca2224ef13e6f999011.bundle.min.js, referer: https://www.ilc.edu.tw/
[Sat Aug 22 01:24:35.382244 2026] [ssl:debug] [pid 652640:tid 652640] ssl_engine_kernel.c(254): [client 2001:b011:7803:3948:214e:627:2d94:a06f:57563] AH02034: Subsequent (No.11) HTTPS request received for child 14 (server www.ilc.edu.tw:443), referer: https://www.ilc.edu.tw/
[Sat Aug 22 01:24:35.382478 2026] [authz_core:debug] [pid 652640:tid 652640] mod_authz_core.c(815): [client 2001:b011:7803:3948:214e:627:2d94:a06f:57563] AH01626: authorization result of Require all granted: granted, referer: https://www.ilc.edu.tw/
[Sat Aug 22 01:24:35.382490 2026] [authz_core:debug] [pid 652640:tid 652640] mod_authz_core.c(815): [client 2001:b011:7803:3948:214e:627:2d94:a06f:57563] AH01626: authorization result of : granted, referer: https://www.ilc.edu.tw/
[Sat Aug 22 01:24:35.388233 2026] [deflate:debug] [pid 652640:tid 652640] mod_deflate.c(909): [client 2001:b011:7803:3948:214e:627:2d94:a06f:57563] AH01384: Zlib: Compressed 143709 to 39677 : URL /wp-content/plugins/elementor/assets/lib/swiper/v8/swiper.min.js, referer: https://www.ilc.edu.tw/
[Sat Aug 22 01:24:35.389025 2026] [ssl:debug] [pid 652713:tid 652713] ssl_engine_io.c(1150): [client 34.171.68.95:10240] AH02001: Connection closed to child 23 with standard shutdown (server www.ncges.ilc.edu.tw:443)
[Sat Aug 22 01:24:35.404048 2026] [ssl:debug] [pid 652706:tid 652706] ssl_engine_kernel.c(254): [client 2001:b011:7803:3948:214e:627:2d94:a06f:57565] AH02034: Subsequent (No.6) HTTPS request received for child 11 (server www.ilc.edu.tw:443), referer: https://www.ilc.edu.tw/
[Sat Aug 22 01:24:35.404232 2026] [authz_core:debug] [pid 652706:tid 652706] mod_authz_core.c(815): [client 2001:b011:7803:3948:214e:627:2d94:a06f:57565] AH01626: authorization result of Require all granted: granted, referer: https://www.ilc.edu.tw/
[Sat Aug 22 01:24:35.404236 2026] [authz_core:debug] [pid 652706:tid 652706] mod_authz_core.c(815): [client 2001:b011:7803:3948:214e:627:2d94:a06f:57565] AH01626: authorization result of : granted, referer: https://www.ilc.edu.tw/
[Sat Aug 22 01:24:35.459163 2026] [ssl:debug] [pid 652686:tid 652686] ssl_engine_kernel.c(254): [client 2001:b011:7803:3948:214e:627:2d94:a06f:57566] AH02034: Subsequent (No.7) HTTPS request received for child 13 (server www.ilc.edu.tw:443), referer: https://www.ilc.edu.tw/
[Sat Aug 22 01:24:35.459605 2026] [authz_core:debug] [pid 652686:tid 652686] mod_authz_core.c(815): [client 2001:b011:7803:3948:214e:627:2d94:a06f:57566] AH01626: authorization result of Require all granted: granted, referer: https://www.ilc.edu.tw/
[Sat Aug 22 01:24:35.459612 2026] [authz_core:debug] [pid 652686:tid 652686] mod_authz_core.c(815): [client 2001:b011:7803:3948:214e:627:2d94:a06f:57566] AH01626: authorization result of : granted, referer: https://www.ilc.edu.tw/
[Sat Aug 22 01:24:35.607924 2026] [ssl:info] [pid 652701:tid 652701] [client 2400:e920:0:2:f45d:ddff:fe00:7a:59459] AH01964: Connection to child 4 established (server 2blog.ilc.edu.tw:443)
[Sat Aug 22 01:24:35.608115 2026] [ssl:debug] [pid 652701:tid 652701] ssl_engine_kernel.c(2222): [client 2400:e920:0:2:f45d:ddff:fe00:7a:59459] AH02043: SSL virtual host for servername ilta.ilc.edu.tw found
[Sat Aug 22 01:24:35.608181 2026] [core:debug] [pid 652701:tid 652701] protocol.c(2460): [client 2400:e920:0:2:f45d:ddff:fe00:7a:59459] AH03155: select protocol from , choices=http/1.1 for server ilta.ilc.edu.tw
[Sat Aug 22 01:24:35.717694 2026] [ssl:debug] [pid 652701:tid 652701] ssl_engine_kernel.c(2082): [client 2400:e920:0:2:f45d:ddff:fe00:7a:59459] AH02041: Protocol: TLSv1.3, Cipher: TLS_AES_256_GCM_SHA384 (256/256 bits)
[Sat Aug 22 01:24:35.717756 2026] [socache_shmcb:debug] [pid 652701:tid 652701] mod_socache_shmcb.c(508): AH00831: socache_shmcb_store (0x96 -> subcache 22)
[Sat Aug 22 01:24:35.717764 2026] [socache_shmcb:debug] [pid 652701:tid 652701] mod_socache_shmcb.c(745): AH00842: expiring 5 and reclaiming 0 removed socache entries
[Sat Aug 22 01:24:35.717767 2026] [socache_shmcb:debug] [pid 652701:tid 652701] mod_socache_shmcb.c(765): AH00843: we now have 46 socache entries
[Sat Aug 22 01:24:35.717770 2026] [socache_shmcb:debug] [pid 652701:tid 652701] mod_socache_shmcb.c(860): AH00847: insert happened at idx=15, data=(1901:1933)
[Sat Aug 22 01:24:35.717773 2026] [socache_shmcb:debug] [pid 652701:tid 652701] mod_socache_shmcb.c(863): AH00848: finished insert, subcache: idx_pos/idx_used=57/47, data_pos/data_used=5506/10483
[Sat Aug 22 01:24:35.717787 2026] [socache_shmcb:debug] [pid 652701:tid 652701] mod_socache_shmcb.c(530): AH00834: leaving socache_shmcb_store successfully
[Sat Aug 22 01:24:35.717851 2026] [socache_shmcb:debug] [pid 652701:tid 652701] mod_socache_shmcb.c(508): AH00831: socache_shmcb_store (0x67 -> subcache 7)
[Sat Aug 22 01:24:35.717859 2026] [socache_shmcb:debug] [pid 652701:tid 652701] mod_socache_shmcb.c(745): AH00842: expiring 1 and reclaiming 0 removed socache entries
[Sat Aug 22 01:24:35.717862 2026] [socache_shmcb:debug] [pid 652701:tid 652701] mod_socache_shmcb.c(765): AH00843: we now have 42 socache entries
[Sat Aug 22 01:24:35.717864 2026] [socache_shmcb:debug] [pid 652701:tid 652701] mod_socache_shmcb.c(860): AH00847: insert happened at idx=32, data=(5567:5599)
[Sat Aug 22 01:24:35.717866 2026] [socache_shmcb:debug] [pid 652701:tid 652701] mod_socache_shmcb.c(863): AH00848: finished insert, subcache: idx_pos/idx_used=78/43, data_pos/data_used=10050/9606
[Sat Aug 22 01:24:35.717869 2026] [socache_shmcb:debug] [pid 652701:tid 652701] mod_socache_shmcb.c(530): AH00834: leaving socache_shmcb_store successfully
[Sat Aug 22 01:24:35.718122 2026] [ssl:debug] [pid 652701:tid 652701] ssl_engine_kernel.c(254): [client 2400:e920:0:2:f45d:ddff:fe00:7a:59459] AH02034: Initial (No.1) HTTPS request received for child 4 (server ilta.ilc.edu.tw:443), referer: http://ilta.ilc.edu.tw
[Sat Aug 22 01:24:35.718292 2026] [authz_core:debug] [pid 652701:tid 652701] mod_authz_core.c(815): [client 2400:e920:0:2:f45d:ddff:fe00:7a:59459] AH01626: authorization result of Require all granted: granted, referer: http://ilta.ilc.edu.tw
[Sat Aug 22 01:24:35.718296 2026] [authz_core:debug] [pid 652701:tid 652701] mod_authz_core.c(815): [client 2400:e920:0:2:f45d:ddff:fe00:7a:59459] AH01626: authorization result of : granted, referer: http://ilta.ilc.edu.tw
[Sat Aug 22 01:24:35.801111 2026] [ssl:debug] [pid 652640:tid 652640] ssl_engine_kernel.c(254): [client 2001:b011:7803:3948:214e:627:2d94:a06f:57563] AH02034: Subsequent (No.12) HTTPS request received for child 14 (server www.ilc.edu.tw:443), referer: https://www.ilc.edu.tw/
[Sat Aug 22 01:24:35.801612 2026] [authz_core:debug] [pid 652640:tid 652640] mod_authz_core.c(815): [client 2001:b011:7803:3948:214e:627:2d94:a06f:57563] AH01626: authorization result of Require all granted: granted, referer: https://www.ilc.edu.tw/
[Sat Aug 22 01:24:35.801620 2026] [authz_core:debug] [pid 652640:tid 652640] mod_authz_core.c(815): [client 2001:b011:7803:3948:214e:627:2d94:a06f:57563] AH01626: authorization result of : granted, referer: https://www.ilc.edu.tw/
[Sat Aug 22 01:24:35.807339 2026] [deflate:debug] [pid 652701:tid 652701] mod_deflate.c(909): [client 2400:e920:0:2:f45d:ddff:fe00:7a:59459] AH01384: Zlib: Compressed 13605 to 5007 : URL /wp-login.php, referer: http://ilta.ilc.edu.tw
[Sat Aug 22 01:24:35.830100 2026] [ssl:debug] [pid 652706:tid 652706] ssl_engine_kernel.c(254): [client 2001:b011:7803:3948:214e:627:2d94:a06f:57565] AH02034: Subsequent (No.7) HTTPS request received for child 11 (server www.ilc.edu.tw:443), referer: https://www.ilc.edu.tw/
[Sat Aug 22 01:24:35.830853 2026] [authz_core:debug] [pid 652706:tid 652706] mod_authz_core.c(815): [client 2001:b011:7803:3948:214e:627:2d94:a06f:57565] AH01626: authorization result of Require all granted: granted, referer: https://www.ilc.edu.tw/
[Sat Aug 22 01:24:35.830860 2026] [authz_core:debug] [pid 652706:tid 652706] mod_authz_core.c(815): [client 2001:b011:7803:3948:214e:627:2d94:a06f:57565] AH01626: authorization result of : granted, referer: https://www.ilc.edu.tw/
[Sat Aug 22 01:24:35.831073 2026] [ssl:debug] [pid 652771:tid 652771] ssl_engine_kernel.c(254): [client 2001:b011:7803:3948:214e:627:2d94:a06f:57564] AH02034: Subsequent (No.12) HTTPS request received for child 3 (server www.ilc.edu.tw:443), referer: https://www.ilc.edu.tw/
[Sat Aug 22 01:24:35.831371 2026] [authz_core:debug] [pid 652771:tid 652771] mod_authz_core.c(815): [client 2001:b011:7803:3948:214e:627:2d94:a06f:57564] AH01626: authorization result of Require all granted: granted, referer: https://www.ilc.edu.tw/
[Sat Aug 22 01:24:35.831383 2026] [authz_core:debug] [pid 652771:tid 652771] mod_authz_core.c(815): [client 2001:b011:7803:3948:214e:627:2d94:a06f:57564] AH01626: authorization result of : granted, referer: https://www.ilc.edu.tw/
[Sat Aug 22 01:24:35.833112 2026] [ssl:debug] [pid 652669:tid 652669] ssl_engine_kernel.c(254): [client 2001:b011:7803:3948:214e:627:2d94:a06f:57568] AH02034: Subsequent (No.7) HTTPS request received for child 46 (server www.ilc.edu.tw:443), referer: https://www.ilc.edu.tw/
[Sat Aug 22 01:24:35.833205 2026] [ssl:debug] [pid 652779:tid 652779] ssl_engine_kernel.c(254): [client 2001:b011:7803:3948:214e:627:2d94:a06f:57567] AH02034: Subsequent (No.7) HTTPS request received for child 9 (server www.ilc.edu.tw:443), referer: https://www.ilc.edu.tw/
[Sat Aug 22 01:24:35.833495 2026] [authz_core:debug] [pid 652669:tid 652669] mod_authz_core.c(815): [client 2001:b011:7803:3948:214e:627:2d94:a06f:57568] AH01626: authorization result of Require all granted: granted, referer: https://www.ilc.edu.tw/
[Sat Aug 22 01:24:35.833503 2026] [authz_core:debug] [pid 652669:tid 652669] mod_authz_core.c(815): [client 2001:b011:7803:3948:214e:627:2d94:a06f:57568] AH01626: authorization result of : granted, referer: https://www.ilc.edu.tw/
[Sat Aug 22 01:24:35.833594 2026] [authz_core:debug] [pid 652779:tid 652779] mod_authz_core.c(815): [client 2001:b011:7803:3948:214e:627:2d94:a06f:57567] AH01626: authorization result of Require all granted: granted, referer: https://www.ilc.edu.tw/
[Sat Aug 22 01:24:35.833600 2026] [authz_core:debug] [pid 652779:tid 652779] mod_authz_core.c(815): [client 2001:b011:7803:3948:214e:627:2d94:a06f:57567] AH01626: authorization result of : granted, referer: https://www.ilc.edu.tw/
[Sat Aug 22 01:24:35.855096 2026] [ssl:debug] [pid 652706:tid 652706] ssl_engine_kernel.c(254): [client 2001:b011:7803:3948:214e:627:2d94:a06f:57565] AH02034: Subsequent (No.8) HTTPS request received for child 11 (server www.ilc.edu.tw:443), referer: https://www.ilc.edu.tw/
[Sat Aug 22 01:24:35.855800 2026] [authz_core:debug] [pid 652706:tid 652706] mod_authz_core.c(815): [client 2001:b011:7803:3948:214e:627:2d94:a06f:57565] AH01626: authorization result of Require all granted: granted, referer: https://www.ilc.edu.tw/
[Sat Aug 22 01:24:35.855807 2026] [authz_core:debug] [pid 652706:tid 652706] mod_authz_core.c(815): [client 2001:b011:7803:3948:214e:627:2d94:a06f:57565] AH01626: authorization result of : granted, referer: https://www.ilc.edu.tw/
[Sat Aug 22 01:24:35.872084 2026] [ssl:debug] [pid 652706:tid 652706] ssl_engine_kernel.c(254): [client 2001:b011:7803:3948:214e:627:2d94:a06f:57565] AH02034: Subsequent (No.9) HTTPS request received for child 11 (server www.ilc.edu.tw:443), referer: https://www.ilc.edu.tw/
[Sat Aug 22 01:24:35.872736 2026] [authz_core:debug] [pid 652706:tid 652706] mod_authz_core.c(815): [client 2001:b011:7803:3948:214e:627:2d94:a06f:57565] AH01626: authorization result of Require all granted: granted, referer: https://www.ilc.edu.tw/
[Sat Aug 22 01:24:35.872745 2026] [authz_core:debug] [pid 652706:tid 652706] mod_authz_core.c(815): [client 2001:b011:7803:3948:214e:627:2d94:a06f:57565] AH01626: authorization result of : granted, referer: https://www.ilc.edu.tw/
[Sat Aug 22 01:24:35.885229 2026] [ssl:debug] [pid 652779:tid 652779] ssl_engine_kernel.c(254): [client 2001:b011:7803:3948:214e:627:2d94:a06f:57567] AH02034: Subsequent (No.8) HTTPS request received for child 9 (server www.ilc.edu.tw:443), referer: https://www.ilc.edu.tw/
[Sat Aug 22 01:24:35.885710 2026] [authz_core:debug] [pid 652779:tid 652779] mod_authz_core.c(815): [client 2001:b011:7803:3948:214e:627:2d94:a06f:57567] AH01626: authorization result of Require all granted: granted, referer: https://www.ilc.edu.tw/
[Sat Aug 22 01:24:35.885717 2026] [authz_core:debug] [pid 652779:tid 652779] mod_authz_core.c(815): [client 2001:b011:7803:3948:214e:627:2d94:a06f:57567] AH01626: authorization result of : granted, referer: https://www.ilc.edu.tw/
[Sat Aug 22 01:24:35.942932 2026] [ssl:debug] [pid 652771:tid 652771] ssl_engine_kernel.c(254): [client 2001:b011:7803:3948:214e:627:2d94:a06f:57564] AH02034: Subsequent (No.13) HTTPS request received for child 3 (server www.ilc.edu.tw:443), referer: https://www.ilc.edu.tw/
[Sat Aug 22 01:24:35.943476 2026] [authz_core:debug] [pid 652771:tid 652771] mod_authz_core.c(815): [client 2001:b011:7803:3948:214e:627:2d94:a06f:57564] AH01626: authorization result of Require all granted: granted, referer: https://www.ilc.edu.tw/
[Sat Aug 22 01:24:35.943488 2026] [authz_core:debug] [pid 652771:tid 652771] mod_authz_core.c(815): [client 2001:b011:7803:3948:214e:627:2d94:a06f:57564] AH01626: authorization result of : granted, referer: https://www.ilc.edu.tw/
[Sat Aug 22 01:24:35.955882 2026] [ssl:debug] [pid 652779:tid 652779] ssl_engine_kernel.c(254): [client 2001:b011:7803:3948:214e:627:2d94:a06f:57567] AH02034: Subsequent (No.9) HTTPS request received for child 9 (server www.ilc.edu.tw:443), referer: https://www.ilc.edu.tw/
[Sat Aug 22 01:24:35.956304 2026] [authz_core:debug] [pid 652779:tid 652779] mod_authz_core.c(815): [client 2001:b011:7803:3948:214e:627:2d94:a06f:57567] AH01626: authorization result of Require all granted: granted, referer: https://www.ilc.edu.tw/
[Sat Aug 22 01:24:35.956310 2026] [authz_core:debug] [pid 652779:tid 652779] mod_authz_core.c(815): [client 2001:b011:7803:3948:214e:627:2d94:a06f:57567] AH01626: authorization result of : granted, referer: https://www.ilc.edu.tw/
[Sat Aug 22 01:24:35.958856 2026] [ssl:debug] [pid 652771:tid 652771] ssl_engine_kernel.c(254): [client 2001:b011:7803:3948:214e:627:2d94:a06f:57564] AH02034: Subsequent (No.14) HTTPS request received for child 3 (server www.ilc.edu.tw:443), referer: https://www.ilc.edu.tw/
[Sat Aug 22 01:24:35.959234 2026] [authz_core:debug] [pid 652771:tid 652771] mod_authz_core.c(815): [client 2001:b011:7803:3948:214e:627:2d94:a06f:57564] AH01626: authorization result of Require all granted: granted, referer: https://www.ilc.edu.tw/
[Sat Aug 22 01:24:35.959241 2026] [authz_core:debug] [pid 652771:tid 652771] mod_authz_core.c(815): [client 2001:b011:7803:3948:214e:627:2d94:a06f:57564] AH01626: authorization result of : granted, referer: https://www.ilc.edu.tw/
[Sat Aug 22 01:24:35.969957 2026] [ssl:debug] [pid 652771:tid 652771] ssl_engine_kernel.c(254): [client 2001:b011:7803:3948:214e:627:2d94:a06f:57564] AH02034: Subsequent (No.15) HTTPS request received for child 3 (server www.ilc.edu.tw:443), referer: https://www.ilc.edu.tw/
[Sat Aug 22 01:24:35.970406 2026] [authz_core:debug] [pid 652771:tid 652771] mod_authz_core.c(815): [client 2001:b011:7803:3948:214e:627:2d94:a06f:57564] AH01626: authorization result of Require all granted: granted, referer: https://www.ilc.edu.tw/
[Sat Aug 22 01:24:35.970413 2026] [authz_core:debug] [pid 652771:tid 652771] mod_authz_core.c(815): [client 2001:b011:7803:3948:214e:627:2d94:a06f:57564] AH01626: authorization result of : granted, referer: https://www.ilc.edu.tw/
[Sat Aug 22 01:24:35.981891 2026] [ssl:debug] [pid 652706:tid 652706] ssl_engine_kernel.c(254): [client 2001:b011:7803:3948:214e:627:2d94:a06f:57565] AH02034: Subsequent (No.10) HTTPS request received for child 11 (server www.ilc.edu.tw:443), referer: https://www.ilc.edu.tw/
[Sat Aug 22 01:24:35.982321 2026] [authz_core:debug] [pid 652706:tid 652706] mod_authz_core.c(815): [client 2001:b011:7803:3948:214e:627:2d94:a06f:57565] AH01626: authorization result of Require all granted: granted, referer: https://www.ilc.edu.tw/
[Sat Aug 22 01:24:35.982331 2026] [authz_core:debug] [pid 652706:tid 652706] mod_authz_core.c(815): [client 2001:b011:7803:3948:214e:627:2d94:a06f:57565] AH01626: authorization result of : granted, referer: https://www.ilc.edu.tw/
[Sat Aug 22 01:24:35.983828 2026] [ssl:debug] [pid 652771:tid 652771] ssl_engine_kernel.c(254): [client 2001:b011:7803:3948:214e:627:2d94:a06f:57564] AH02034: Subsequent (No.16) HTTPS request received for child 3 (server www.ilc.edu.tw:443), referer: https://www.ilc.edu.tw/
[Sat Aug 22 01:24:35.984148 2026] [authz_core:debug] [pid 652771:tid 652771] mod_authz_core.c(815): [client 2001:b011:7803:3948:214e:627:2d94:a06f:57564] AH01626: authorization result of Require all granted: granted, referer: https://www.ilc.edu.tw/
[Sat Aug 22 01:24:35.984154 2026] [authz_core:debug] [pid 652771:tid 652771] mod_authz_core.c(815): [client 2001:b011:7803:3948:214e:627:2d94:a06f:57564] AH01626: authorization result of : granted, referer: https://www.ilc.edu.tw/
[Sat Aug 22 01:24:35.993904 2026] [ssl:debug] [pid 652779:tid 652779] ssl_engine_kernel.c(254): [client 2001:b011:7803:3948:214e:627:2d94:a06f:57567] AH02034: Subsequent (No.10) HTTPS request received for child 9 (server www.ilc.edu.tw:443), referer: https://www.ilc.edu.tw/
[Sat Aug 22 01:24:35.994323 2026] [authz_core:debug] [pid 652779:tid 652779] mod_authz_core.c(815): [client 2001:b011:7803:3948:214e:627:2d94:a06f:57567] AH01626: authorization result of Require all granted: granted, referer: https://www.ilc.edu.tw/
[Sat Aug 22 01:24:35.994328 2026] [authz_core:debug] [pid 652779:tid 652779] mod_authz_core.c(815): [client 2001:b011:7803:3948:214e:627:2d94:a06f:57567] AH01626: authorization result of : granted, referer: https://www.ilc.edu.tw/
[Sat Aug 22 01:24:36.003875 2026] [ssl:debug] [pid 652771:tid 652771] ssl_engine_kernel.c(254): [client 2001:b011:7803:3948:214e:627:2d94:a06f:57564] AH02034: Subsequent (No.17) HTTPS request received for child 3 (server www.ilc.edu.tw:443), referer: https://www.ilc.edu.tw/
[Sat Aug 22 01:24:36.004331 2026] [authz_core:debug] [pid 652771:tid 652771] mod_authz_core.c(815): [client 2001:b011:7803:3948:214e:627:2d94:a06f:57564] AH01626: authorization result of Require all granted: granted, referer: https://www.ilc.edu.tw/
[Sat Aug 22 01:24:36.004337 2026] [authz_core:debug] [pid 652771:tid 652771] mod_authz_core.c(815): [client 2001:b011:7803:3948:214e:627:2d94:a06f:57564] AH01626: authorization result of : granted, referer: https://www.ilc.edu.tw/
[Sat Aug 22 01:24:36.015843 2026] [ssl:debug] [pid 652706:tid 652706] ssl_engine_kernel.c(254): [client 2001:b011:7803:3948:214e:627:2d94:a06f:57565] AH02034: Subsequent (No.11) HTTPS request received for child 11 (server www.ilc.edu.tw:443), referer: https://www.ilc.edu.tw/
[Sat Aug 22 01:24:36.016296 2026] [authz_core:debug] [pid 652706:tid 652706] mod_authz_core.c(815): [client 2001:b011:7803:3948:214e:627:2d94:a06f:57565] AH01626: authorization result of Require all granted: granted, referer: https://www.ilc.edu.tw/
[Sat Aug 22 01:24:36.016304 2026] [authz_core:debug] [pid 652706:tid 652706] mod_authz_core.c(815): [client 2001:b011:7803:3948:214e:627:2d94:a06f:57565] AH01626: authorization result of : granted, referer: https://www.ilc.edu.tw/
[Sat Aug 22 01:24:36.016829 2026] [ssl:debug] [pid 652771:tid 652771] ssl_engine_kernel.c(254): [client 2001:b011:7803:3948:214e:627:2d94:a06f:57564] AH02034: Subsequent (No.18) HTTPS request received for child 3 (server www.ilc.edu.tw:443), referer: https://www.ilc.edu.tw/
[Sat Aug 22 01:24:36.017138 2026] [authz_core:debug] [pid 652771:tid 652771] mod_authz_core.c(815): [client 2001:b011:7803:3948:214e:627:2d94:a06f:57564] AH01626: authorization result of Require all granted: granted, referer: https://www.ilc.edu.tw/
[Sat Aug 22 01:24:36.017144 2026] [authz_core:debug] [pid 652771:tid 652771] mod_authz_core.c(815): [client 2001:b011:7803:3948:214e:627:2d94:a06f:57564] AH01626: authorization result of : granted, referer: https://www.ilc.edu.tw/
[Sat Aug 22 01:24:36.033192 2026] [authz_core:debug] [pid 652713:tid 652713] mod_authz_core.c(815): [client 2400:e920:0:2:f45d:ddff:fe00:7a:59483] AH01626: authorization result of Require all granted: granted, referer: http://ilta.ilc.edu.tw
[Sat Aug 22 01:24:36.033210 2026] [authz_core:debug] [pid 652713:tid 652713] mod_authz_core.c(815): [client 2400:e920:0:2:f45d:ddff:fe00:7a:59483] AH01626: authorization result of : granted, referer: http://ilta.ilc.edu.tw
[Sat Aug 22 01:24:36.043148 2026] [ssl:debug] [pid 652771:tid 652771] ssl_engine_kernel.c(254): [client 2001:b011:7803:3948:214e:627:2d94:a06f:57564] AH02034: Subsequent (No.19) HTTPS request received for child 3 (server www.ilc.edu.tw:443), referer: https://www.ilc.edu.tw/
[Sat Aug 22 01:24:36.045404 2026] [authz_core:debug] [pid 652771:tid 652771] mod_authz_core.c(815): [client 2001:b011:7803:3948:214e:627:2d94:a06f:57564] AH01626: authorization result of Require all granted: granted, referer: https://www.ilc.edu.tw/
[Sat Aug 22 01:24:36.045420 2026] [authz_core:debug] [pid 652771:tid 652771] mod_authz_core.c(815): [client 2001:b011:7803:3948:214e:627:2d94:a06f:57564] AH01626: authorization result of : granted, referer: https://www.ilc.edu.tw/
[Sat Aug 22 01:24:36.056913 2026] [ssl:debug] [pid 652706:tid 652706] ssl_engine_kernel.c(254): [client 2001:b011:7803:3948:214e:627:2d94:a06f:57565] AH02034: Subsequent (No.12) HTTPS request received for child 11 (server www.ilc.edu.tw:443), referer: https://www.ilc.edu.tw/
[Sat Aug 22 01:24:36.057470 2026] [authz_core:debug] [pid 652706:tid 652706] mod_authz_core.c(815): [client 2001:b011:7803:3948:214e:627:2d94:a06f:57565] AH01626: authorization result of Require all granted: granted, referer: https://www.ilc.edu.tw/
[Sat Aug 22 01:24:36.057478 2026] [authz_core:debug] [pid 652706:tid 652706] mod_authz_core.c(815): [client 2001:b011:7803:3948:214e:627:2d94:a06f:57565] AH01626: authorization result of : granted, referer: https://www.ilc.edu.tw/
[Sat Aug 22 01:24:36.058819 2026] [ssl:debug] [pid 652771:tid 652771] ssl_engine_kernel.c(254): [client 2001:b011:7803:3948:214e:627:2d94:a06f:57564] AH02034: Subsequent (No.20) HTTPS request received for child 3 (server www.ilc.edu.tw:443), referer: https://www.ilc.edu.tw/
[Sat Aug 22 01:24:36.059159 2026] [authz_core:debug] [pid 652771:tid 652771] mod_authz_core.c(815): [client 2001:b011:7803:3948:214e:627:2d94:a06f:57564] AH01626: authorization result of Require all granted: granted, referer: https://www.ilc.edu.tw/
[Sat Aug 22 01:24:36.059166 2026] [authz_core:debug] [pid 652771:tid 652771] mod_authz_core.c(815): [client 2001:b011:7803:3948:214e:627:2d94:a06f:57564] AH01626: authorization result of : granted, referer: https://www.ilc.edu.tw/
[Sat Aug 22 01:24:36.071866 2026] [ssl:debug] [pid 652771:tid 652771] ssl_engine_kernel.c(254): [client 2001:b011:7803:3948:214e:627:2d94:a06f:57564] AH02034: Subsequent (No.21) HTTPS request received for child 3 (server www.ilc.edu.tw:443), referer: https://www.ilc.edu.tw/
[Sat Aug 22 01:24:36.072252 2026] [authz_core:debug] [pid 652771:tid 652771] mod_authz_core.c(815): [client 2001:b011:7803:3948:214e:627:2d94:a06f:57564] AH01626: authorization result of Require all granted: granted, referer: https://www.ilc.edu.tw/
[Sat Aug 22 01:24:36.072259 2026] [authz_core:debug] [pid 652771:tid 652771] mod_authz_core.c(815): [client 2001:b011:7803:3948:214e:627:2d94:a06f:57564] AH01626: authorization result of : granted, referer: https://www.ilc.edu.tw/
[Sat Aug 22 01:24:36.083846 2026] [ssl:debug] [pid 652771:tid 652771] ssl_engine_kernel.c(254): [client 2001:b011:7803:3948:214e:627:2d94:a06f:57564] AH02034: Subsequent (No.22) HTTPS request received for child 3 (server www.ilc.edu.tw:443), referer: https://www.ilc.edu.tw/
[Sat Aug 22 01:24:36.084586 2026] [authz_core:debug] [pid 652771:tid 652771] mod_authz_core.c(815): [client 2001:b011:7803:3948:214e:627:2d94:a06f:57564] AH01626: authorization result of Require all granted: granted, referer: https://www.ilc.edu.tw/
[Sat Aug 22 01:24:36.084597 2026] [authz_core:debug] [pid 652771:tid 652771] mod_authz_core.c(815): [client 2001:b011:7803:3948:214e:627:2d94:a06f:57564] AH01626: authorization result of : granted, referer: https://www.ilc.edu.tw/
[Sat Aug 22 01:24:36.095906 2026] [ssl:debug] [pid 652640:tid 652640] ssl_engine_kernel.c(254): [client 2001:b011:7803:3948:214e:627:2d94:a06f:57563] AH02034: Subsequent (No.13) HTTPS request received for child 14 (server www.ilc.edu.tw:443), referer: https://www.ilc.edu.tw/
[Sat Aug 22 01:24:36.095909 2026] [ssl:debug] [pid 652779:tid 652779] ssl_engine_kernel.c(254): [client 2001:b011:7803:3948:214e:627:2d94:a06f:57567] AH02034: Subsequent (No.11) HTTPS request received for child 9 (server www.ilc.edu.tw:443), referer: https://www.ilc.edu.tw/
[Sat Aug 22 01:24:36.096419 2026] [authz_core:debug] [pid 652640:tid 652640] mod_authz_core.c(815): [client 2001:b011:7803:3948:214e:627:2d94:a06f:57563] AH01626: authorization result of Require all granted: granted, referer: https://www.ilc.edu.tw/
[Sat Aug 22 01:24:36.096444 2026] [authz_core:debug] [pid 652779:tid 652779] mod_authz_core.c(815): [client 2001:b011:7803:3948:214e:627:2d94:a06f:57567] AH01626: authorization result of Require all granted: granted, referer: https://www.ilc.edu.tw/
[Sat Aug 22 01:24:36.096431 2026] [authz_core:debug] [pid 652640:tid 652640] mod_authz_core.c(815): [client 2001:b011:7803:3948:214e:627:2d94:a06f:57563] AH01626: authorization result of : granted, referer: https://www.ilc.edu.tw/
[Sat Aug 22 01:24:36.096476 2026] [authz_core:debug] [pid 652779:tid 652779] mod_authz_core.c(815): [client 2001:b011:7803:3948:214e:627:2d94:a06f:57567] AH01626: authorization result of : granted, referer: https://www.ilc.edu.tw/
[Sat Aug 22 01:24:36.097836 2026] [ssl:debug] [pid 652771:tid 652771] ssl_engine_kernel.c(254): [client 2001:b011:7803:3948:214e:627:2d94:a06f:57564] AH02034: Subsequent (No.23) HTTPS request received for child 3 (server www.ilc.edu.tw:443), referer: https://www.ilc.edu.tw/
[Sat Aug 22 01:24:36.098248 2026] [authz_core:debug] [pid 652771:tid 652771] mod_authz_core.c(815): [client 2001:b011:7803:3948:214e:627:2d94:a06f:57564] AH01626: authorization result of Require all granted: granted, referer: https://www.ilc.edu.tw/
[Sat Aug 22 01:24:36.098257 2026] [authz_core:debug] [pid 652771:tid 652771] mod_authz_core.c(815): [client 2001:b011:7803:3948:214e:627:2d94:a06f:57564] AH01626: authorization result of : granted, referer: https://www.ilc.edu.tw/
[Sat Aug 22 01:24:36.104542 2026] [watchdog:debug] [pid 652783:tid 652783] mod_watchdog.c(559): AH02980: Watchdog: nothing configured?
[Sat Aug 22 01:24:36.106826 2026] [ssl:debug] [pid 652640:tid 652640] ssl_engine_kernel.c(254): [client 2001:b011:7803:3948:214e:627:2d94:a06f:57563] AH02034: Subsequent (No.14) HTTPS request received for child 14 (server www.ilc.edu.tw:443), referer: https://www.ilc.edu.tw/
[Sat Aug 22 01:24:36.107177 2026] [authz_core:debug] [pid 652640:tid 652640] mod_authz_core.c(815): [client 2001:b011:7803:3948:214e:627:2d94:a06f:57563] AH01626: authorization result of Require all granted: granted, referer: https://www.ilc.edu.tw/
[Sat Aug 22 01:24:36.107183 2026] [authz_core:debug] [pid 652640:tid 652640] mod_authz_core.c(815): [client 2001:b011:7803:3948:214e:627:2d94:a06f:57563] AH01626: authorization result of : granted, referer: https://www.ilc.edu.tw/
[Sat Aug 22 01:24:36.108826 2026] [ssl:debug] [pid 652771:tid 652771] ssl_engine_kernel.c(254): [client 2001:b011:7803:3948:214e:627:2d94:a06f:57564] AH02034: Subsequent (No.24) HTTPS request received for child 3 (server www.ilc.edu.tw:443), referer: https://www.ilc.edu.tw/
[Sat Aug 22 01:24:36.108840 2026] [ssl:debug] [pid 652779:tid 652779] ssl_engine_kernel.c(254): [client 2001:b011:7803:3948:214e:627:2d94:a06f:57567] AH02034: Subsequent (No.12) HTTPS request received for child 9 (server www.ilc.edu.tw:443), referer: https://www.ilc.edu.tw/
[Sat Aug 22 01:24:36.109204 2026] [authz_core:debug] [pid 652771:tid 652771] mod_authz_core.c(815): [client 2001:b011:7803:3948:214e:627:2d94:a06f:57564] AH01626: authorization result of Require all granted: granted, referer: https://www.ilc.edu.tw/
[Sat Aug 22 01:24:36.109211 2026] [authz_core:debug] [pid 652771:tid 652771] mod_authz_core.c(815): [client 2001:b011:7803:3948:214e:627:2d94:a06f:57564] AH01626: authorization result of : granted, referer: https://www.ilc.edu.tw/
[Sat Aug 22 01:24:36.109241 2026] [authz_core:debug] [pid 652779:tid 652779] mod_authz_core.c(815): [client 2001:b011:7803:3948:214e:627:2d94:a06f:57567] AH01626: authorization result of Require all granted: granted, referer: https://www.ilc.edu.tw/
[Sat Aug 22 01:24:36.109254 2026] [authz_core:debug] [pid 652779:tid 652779] mod_authz_core.c(815): [client 2001:b011:7803:3948:214e:627:2d94:a06f:57567] AH01626: authorization result of : granted, referer: https://www.ilc.edu.tw/
[Sat Aug 22 01:24:36.116878 2026] [ssl:debug] [pid 652640:tid 652640] ssl_engine_kernel.c(254): [client 2001:b011:7803:3948:214e:627:2d94:a06f:57563] AH02034: Subsequent (No.15) HTTPS request received for child 14 (server www.ilc.edu.tw:443), referer: https://www.ilc.edu.tw/
[Sat Aug 22 01:24:36.117343 2026] [authz_core:debug] [pid 652640:tid 652640] mod_authz_core.c(815): [client 2001:b011:7803:3948:214e:627:2d94:a06f:57563] AH01626: authorization result of Require all granted: granted, referer: https://www.ilc.edu.tw/
[Sat Aug 22 01:24:36.117352 2026] [authz_core:debug] [pid 652640:tid 652640] mod_authz_core.c(815): [client 2001:b011:7803:3948:214e:627:2d94:a06f:57563] AH01626: authorization result of : granted, referer: https://www.ilc.edu.tw/
[Sat Aug 22 01:24:36.119965 2026] [ssl:debug] [pid 652771:tid 652771] ssl_engine_kernel.c(254): [client 2001:b011:7803:3948:214e:627:2d94:a06f:57564] AH02034: Subsequent (No.25) HTTPS request received for child 3 (server www.ilc.edu.tw:443), referer: https://www.ilc.edu.tw/
[Sat Aug 22 01:24:36.120453 2026] [authz_core:debug] [pid 652771:tid 652771] mod_authz_core.c(815): [client 2001:b011:7803:3948:214e:627:2d94:a06f:57564] AH01626: authorization result of Require all granted: granted, referer: https://www.ilc.edu.tw/
[Sat Aug 22 01:24:36.120461 2026] [authz_core:debug] [pid 652771:tid 652771] mod_authz_core.c(815): [client 2001:b011:7803:3948:214e:627:2d94:a06f:57564] AH01626: authorization result of : granted, referer: https://www.ilc.edu.tw/
[Sat Aug 22 01:24:36.121848 2026] [ssl:debug] [pid 652779:tid 652779] ssl_engine_kernel.c(254): [client 2001:b011:7803:3948:214e:627:2d94:a06f:57567] AH02034: Subsequent (No.13) HTTPS request received for child 9 (server www.ilc.edu.tw:443), referer: https://www.ilc.edu.tw/
[Sat Aug 22 01:24:36.122112 2026] [authz_core:debug] [pid 652779:tid 652779] mod_authz_core.c(815): [client 2001:b011:7803:3948:214e:627:2d94:a06f:57567] AH01626: authorization result of Require all granted: granted, referer: https://www.ilc.edu.tw/
[Sat Aug 22 01:24:36.122117 2026] [authz_core:debug] [pid 652779:tid 652779] mod_authz_core.c(815): [client 2001:b011:7803:3948:214e:627:2d94:a06f:57567] AH01626: authorization result of : granted, referer: https://www.ilc.edu.tw/
[Sat Aug 22 01:24:36.352820 2026] [ssl:info] [pid 652783:tid 652783] [client 2400:e920:0:2:f45d:ddff:fe00:7a:59499] AH01964: Connection to child 5 established (server 2blog.ilc.edu.tw:443)
[Sat Aug 22 01:24:36.353168 2026] [ssl:debug] [pid 652783:tid 652783] ssl_engine_kernel.c(2222): [client 2400:e920:0:2:f45d:ddff:fe00:7a:59499] AH02043: SSL virtual host for servername ilta.ilc.edu.tw found
[Sat Aug 22 01:24:36.353300 2026] [core:debug] [pid 652783:tid 652783] protocol.c(2460): [client 2400:e920:0:2:f45d:ddff:fe00:7a:59499] AH03155: select protocol from , choices=http/1.1 for server ilta.ilc.edu.tw
[Sat Aug 22 01:24:36.463025 2026] [ssl:debug] [pid 652783:tid 652783] ssl_engine_kernel.c(2082): [client 2400:e920:0:2:f45d:ddff:fe00:7a:59499] AH02041: Protocol: TLSv1.3, Cipher: TLS_AES_256_GCM_SHA384 (256/256 bits)
[Sat Aug 22 01:24:36.463092 2026] [socache_shmcb:debug] [pid 652783:tid 652783] mod_socache_shmcb.c(508): AH00831: socache_shmcb_store (0x97 -> subcache 23)
[Sat Aug 22 01:24:36.463104 2026] [socache_shmcb:debug] [pid 652783:tid 652783] mod_socache_shmcb.c(860): AH00847: insert happened at idx=48, data=(9234:9266)
[Sat Aug 22 01:24:36.463106 2026] [socache_shmcb:debug] [pid 652783:tid 652783] mod_socache_shmcb.c(863): AH00848: finished insert, subcache: idx_pos/idx_used=6/43, data_pos/data_used=13708/9615
[Sat Aug 22 01:24:36.463116 2026] [socache_shmcb:debug] [pid 652783:tid 652783] mod_socache_shmcb.c(530): AH00834: leaving socache_shmcb_store successfully
[Sat Aug 22 01:24:36.463180 2026] [socache_shmcb:debug] [pid 652783:tid 652783] mod_socache_shmcb.c(508): AH00831: socache_shmcb_store (0x09 -> subcache 9)
[Sat Aug 22 01:24:36.463188 2026] [socache_shmcb:debug] [pid 652783:tid 652783] mod_socache_shmcb.c(745): AH00842: expiring 3 and reclaiming 0 removed socache entries
[Sat Aug 22 01:24:36.463190 2026] [socache_shmcb:debug] [pid 652783:tid 652783] mod_socache_shmcb.c(765): AH00843: we now have 34 socache entries
[Sat Aug 22 01:24:36.463192 2026] [socache_shmcb:debug] [pid 652783:tid 652783] mod_socache_shmcb.c(860): AH00847: insert happened at idx=14, data=(1412:1444)
[Sat Aug 22 01:24:36.463194 2026] [socache_shmcb:debug] [pid 652783:tid 652783] mod_socache_shmcb.c(863): AH00848: finished insert, subcache: idx_pos/idx_used=68/35, data_pos/data_used=7717/7783
[Sat Aug 22 01:24:36.463196 2026] [socache_shmcb:debug] [pid 652783:tid 652783] mod_socache_shmcb.c(530): AH00834: leaving socache_shmcb_store successfully
[Sat Aug 22 01:24:36.463463 2026] [ssl:debug] [pid 652783:tid 652783] ssl_engine_kernel.c(254): [client 2400:e920:0:2:f45d:ddff:fe00:7a:59499] AH02034: Initial (No.1) HTTPS request received for child 5 (server ilta.ilc.edu.tw:443), referer: http://ilta.ilc.edu.tw
[Sat Aug 22 01:24:36.463721 2026] [authz_core:debug] [pid 652783:tid 652783] mod_authz_core.c(815): [client 2400:e920:0:2:f45d:ddff:fe00:7a:59499] AH01626: authorization result of Require all granted: granted, referer: http://ilta.ilc.edu.tw
[Sat Aug 22 01:24:36.463727 2026] [authz_core:debug] [pid 652783:tid 652783] mod_authz_core.c(815): [client 2400:e920:0:2:f45d:ddff:fe00:7a:59499] AH01626: authorization result of : granted, referer: http://ilta.ilc.edu.tw
[Sat Aug 22 01:24:36.562233 2026] [deflate:debug] [pid 652783:tid 652783] mod_deflate.c(909): [client 2400:e920:0:2:f45d:ddff:fe00:7a:59499] AH01384: Zlib: Compressed 13605 to 5008 : URL /wp-login.php, referer: http://ilta.ilc.edu.tw
[Sat Aug 22 01:24:36.662024 2026] [ssl:debug] [pid 652640:tid 652640] ssl_engine_kernel.c(254): [client 2001:b011:7803:3948:214e:627:2d94:a06f:57563] AH02034: Subsequent (No.16) HTTPS request received for child 14 (server www.ilc.edu.tw:443), referer: https://www.ilc.edu.tw/
[Sat Aug 22 01:24:36.662567 2026] [authz_core:debug] [pid 652640:tid 652640] mod_authz_core.c(815): [client 2001:b011:7803:3948:214e:627:2d94:a06f:57563] AH01626: authorization result of Require all granted: granted, referer: https://www.ilc.edu.tw/
[Sat Aug 22 01:24:36.662575 2026] [authz_core:debug] [pid 652640:tid 652640] mod_authz_core.c(815): [client 2001:b011:7803:3948:214e:627:2d94:a06f:57563] AH01626: authorization result of : granted, referer: https://www.ilc.edu.tw/
[Sat Aug 22 01:24:36.662861 2026] [ssl:debug] [pid 652771:tid 652771] ssl_engine_kernel.c(254): [client 2001:b011:7803:3948:214e:627:2d94:a06f:57564] AH02034: Subsequent (No.26) HTTPS request received for child 3 (server www.ilc.edu.tw:443), referer: https://www.ilc.edu.tw/
[Sat Aug 22 01:24:36.663195 2026] [authz_core:debug] [pid 652771:tid 652771] mod_authz_core.c(815): [client 2001:b011:7803:3948:214e:627:2d94:a06f:57564] AH01626: authorization result of Require all granted: granted, referer: https://www.ilc.edu.tw/
[Sat Aug 22 01:24:36.663202 2026] [authz_core:debug] [pid 652771:tid 652771] mod_authz_core.c(815): [client 2001:b011:7803:3948:214e:627:2d94:a06f:57564] AH01626: authorization result of : granted, referer: https://www.ilc.edu.tw/
[Sat Aug 22 01:24:36.668137 2026] [ssl:info] [pid 652701:tid 652701] (70014)End of file found: [client 2400:e920:0:2:f45d:ddff:fe00:7a:59459] AH01992: SSL library error 6 reading data
[Sat Aug 22 01:24:36.668222 2026] [ssl:debug] [pid 652701:tid 652701] ssl_engine_io.c(1150): [client 2400:e920:0:2:f45d:ddff:fe00:7a:59459] AH02001: Connection closed to child 4 with standard shutdown (server ilta.ilc.edu.tw:443)
[Sat Aug 22 01:24:36.670410 2026] [ssl:info] [pid 652783:tid 652783] (70014)End of file found: [client 2400:e920:0:2:f45d:ddff:fe00:7a:59499] AH01992: SSL library error 6 reading data
[Sat Aug 22 01:24:36.670467 2026] [ssl:debug] [pid 652783:tid 652783] ssl_engine_io.c(1150): [client 2400:e920:0:2:f45d:ddff:fe00:7a:59499] AH02001: Connection closed to child 5 with standard shutdown (server ilta.ilc.edu.tw:443)
[Sat Aug 22 01:24:37.006116 2026] [ssl:info] [pid 652701:tid 652701] [client 34.123.149.87:2560] AH01964: Connection to child 4 established (server 2blog.ilc.edu.tw:443)
[Sat Aug 22 01:24:37.006284 2026] [ssl:debug] [pid 652701:tid 652701] ssl_engine_kernel.c(2222): [client 34.123.149.87:2560] AH02043: SSL virtual host for servername 2blog.ilc.edu.tw found
[Sat Aug 22 01:24:37.006333 2026] [core:debug] [pid 652701:tid 652701] protocol.c(2460): [client 34.123.149.87:2560] AH03155: select protocol from , choices=http/1.1 for server 2blog.ilc.edu.tw
[Sat Aug 22 01:24:37.108119 2026] [watchdog:debug] [pid 652784:tid 652784] mod_watchdog.c(559): AH02980: Watchdog: nothing configured?
[Sat Aug 22 01:24:37.109842 2026] [watchdog:debug] [pid 652785:tid 652785] mod_watchdog.c(559): AH02980: Watchdog: nothing configured?
[Sat Aug 22 01:24:37.249642 2026] [ssl:debug] [pid 652701:tid 652701] ssl_engine_kernel.c(2082): [client 34.123.149.87:2560] AH02041: Protocol: TLSv1.3, Cipher: TLS_AES_256_GCM_SHA384 (256/256 bits)
[Sat Aug 22 01:24:37.249696 2026] [socache_shmcb:debug] [pid 652701:tid 652701] mod_socache_shmcb.c(508): AH00831: socache_shmcb_store (0xc1 -> subcache 1)
[Sat Aug 22 01:24:37.249702 2026] [socache_shmcb:debug] [pid 652701:tid 652701] mod_socache_shmcb.c(860): AH00847: insert happened at idx=8, data=(298:330)
[Sat Aug 22 01:24:37.249704 2026] [socache_shmcb:debug] [pid 652701:tid 652701] mod_socache_shmcb.c(863): AH00848: finished insert, subcache: idx_pos/idx_used=52/45, data_pos/data_used=4268/10120
[Sat Aug 22 01:24:37.249706 2026] [socache_shmcb:debug] [pid 652701:tid 652701] mod_socache_shmcb.c(530): AH00834: leaving socache_shmcb_store successfully
[Sat Aug 22 01:24:37.249778 2026] [socache_shmcb:debug] [pid 652701:tid 652701] mod_socache_shmcb.c(508): AH00831: socache_shmcb_store (0x0e -> subcache 14)
[Sat Aug 22 01:24:37.249784 2026] [socache_shmcb:debug] [pid 652701:tid 652701] mod_socache_shmcb.c(745): AH00842: expiring 2 and reclaiming 0 removed socache entries
[Sat Aug 22 01:24:37.249786 2026] [socache_shmcb:debug] [pid 652701:tid 652701] mod_socache_shmcb.c(765): AH00843: we now have 44 socache entries
[Sat Aug 22 01:24:37.249788 2026] [socache_shmcb:debug] [pid 652701:tid 652701] mod_socache_shmcb.c(860): AH00847: insert happened at idx=28, data=(4759:4791)
[Sat Aug 22 01:24:37.249789 2026] [socache_shmcb:debug] [pid 652701:tid 652701] mod_socache_shmcb.c(863): AH00848: finished insert, subcache: idx_pos/idx_used=72/45, data_pos/data_used=8856/9993
[Sat Aug 22 01:24:37.249791 2026] [socache_shmcb:debug] [pid 652701:tid 652701] mod_socache_shmcb.c(530): AH00834: leaving socache_shmcb_store successfully
[Sat Aug 22 01:24:37.508148 2026] [ssl:debug] [pid 652701:tid 652701] ssl_engine_kernel.c(254): [client 34.123.149.87:2560] AH02034: Initial (No.1) HTTPS request received for child 4 (server 2blog.ilc.edu.tw:443)
[Sat Aug 22 01:24:37.508332 2026] [authz_core:debug] [pid 652701:tid 652701] mod_authz_core.c(815): [client 34.123.149.87:2560] AH01626: authorization result of Require all granted: granted
[Sat Aug 22 01:24:37.508336 2026] [authz_core:debug] [pid 652701:tid 652701] mod_authz_core.c(815): [client 34.123.149.87:2560] AH01626: authorization result of : granted
[Sat Aug 22 01:24:37.508441 2026] [authz_core:debug] [pid 652701:tid 652701] mod_authz_core.c(815): [client 34.123.149.87:2560] AH01626: authorization result of Require all granted: granted
[Sat Aug 22 01:24:37.508445 2026] [authz_core:debug] [pid 652701:tid 652701] mod_authz_core.c(815): [client 34.123.149.87:2560] AH01626: authorization result of : granted
[Sat Aug 22 01:24:37.653798 2026] [ssl:info] [pid 652643:tid 652643] [client 240e:971:6000:1::5f:58784] AH01964: Connection to child 19 established (server 2blog.ilc.edu.tw:443)
[Sat Aug 22 01:24:37.654026 2026] [ssl:debug] [pid 652643:tid 652643] ssl_engine_kernel.c(2222): [client 240e:971:6000:1::5f:58784] AH02043: SSL virtual host for servername www.cwjh.ilc.edu.tw found
[Sat Aug 22 01:24:37.654093 2026] [core:debug] [pid 652643:tid 652643] protocol.c(2460): [client 240e:971:6000:1::5f:58784] AH03155: select protocol from , choices=h2,http/1.1 for server www.cwjh.ilc.edu.tw
[Sat Aug 22 01:24:37.654140 2026] [ssl:debug] [pid 652643:tid 652643] ssl_util_stapling.c(819): AH01951: stapling_cb: OCSP Stapling callback called
[Sat Aug 22 01:24:37.654147 2026] [ssl:info] [pid 652643:tid 652643] AH01926: stapling_get_certinfo: stapling not supported for certificate
[Sat Aug 22 01:24:37.659068 2026] [deflate:debug] [pid 652701:tid 652701] mod_deflate.c(909): [client 34.123.149.87:2560] AH01384: Zlib: Compressed 38574 to 9361 : URL /index.php
[Sat Aug 22 01:24:38.088846 2026] [headers:debug] [pid 652783:tid 652783] mod_headers.c(900): AH01503: headers: ap_headers_error_filter()
[Sat Aug 22 01:24:38.112643 2026] [watchdog:debug] [pid 652786:tid 652786] mod_watchdog.c(559): AH02980: Watchdog: nothing configured?
[Sat Aug 22 01:24:38.114676 2026] [watchdog:debug] [pid 652787:tid 652787] mod_watchdog.c(559): AH02980: Watchdog: nothing configured?
[Sat Aug 22 01:24:38.116851 2026] [watchdog:debug] [pid 652788:tid 652788] mod_watchdog.c(559): AH02980: Watchdog: nothing configured?
[Sat Aug 22 01:24:38.118522 2026] [watchdog:debug] [pid 652789:tid 652789] mod_watchdog.c(559): AH02980: Watchdog: nothing configured?
[Sat Aug 22 01:24:38.189139 2026] [ssl:info] [pid 652713:tid 652713] [client 2001:288:a201::66:125:64074] AH01964: Connection to child 23 established (server 2blog.ilc.edu.tw:443)
[Sat Aug 22 01:24:38.189347 2026] [ssl:debug] [pid 652713:tid 652713] ssl_engine_kernel.c(2252): [client 2001:288:a201::66:125:64074] AH02645: Server name not provided via TLS extension (using default/first virtual host)
[Sat Aug 22 01:24:38.189364 2026] [socache_shmcb:debug] [pid 652713:tid 652713] mod_socache_shmcb.c(545): AH00835: socache_shmcb_retrieve (0xe4 -> subcache 4)
[Sat Aug 22 01:24:38.189368 2026] [socache_shmcb:debug] [pid 652713:tid 652713] mod_socache_shmcb.c(896): AH00849: match at idx=36, data=6205
[Sat Aug 22 01:24:38.189370 2026] [socache_shmcb:debug] [pid 652713:tid 652713] mod_socache_shmcb.c(556): AH00836: leaving socache_shmcb_retrieve successfully
[Sat Aug 22 01:24:38.190244 2026] [ssl:debug] [pid 652713:tid 652713] ssl_engine_kernel.c(2082): [client 2001:288:a201::66:125:64074] AH02041: Protocol: TLSv1.2, Cipher: ECDHE-RSA-AES256-GCM-SHA384 (256/256 bits)
[Sat Aug 22 01:24:38.190330 2026] [ssl:debug] [pid 652713:tid 652713] ssl_engine_kernel.c(254): [client 2001:288:a201::66:125:64074] AH02034: Initial (No.1) HTTPS request received for child 23 (server 2blog.ilc.edu.tw:443)
[Sat Aug 22 01:24:38.190491 2026] [authz_core:debug] [pid 652713:tid 652713] mod_authz_core.c(815): [client 2001:288:a201::66:125:64074] AH01626: authorization result of Require all granted: granted
[Sat Aug 22 01:24:38.190495 2026] [authz_core:debug] [pid 652713:tid 652713] mod_authz_core.c(815): [client 2001:288:a201::66:125:64074] AH01626: authorization result of : granted
[Sat Aug 22 01:24:38.190602 2026] [authz_core:debug] [pid 652713:tid 652713] mod_authz_core.c(815): [client 2001:288:a201::66:125:64074] AH01626: authorization result of Require all granted: granted
[Sat Aug 22 01:24:38.190606 2026] [authz_core:debug] [pid 652713:tid 652713] mod_authz_core.c(815): [client 2001:288:a201::66:125:64074] AH01626: authorization result of : granted
[Sat Aug 22 01:24:38.190615 2026] [php7:error] [pid 652713:tid 652713] [client 2001:288:a201::66:125:64074] script '/var/www/html/2blog/active.php' not found or unable to stat
[Sat Aug 22 01:24:38.190622 2026] [headers:debug] [pid 652713:tid 652713] mod_headers.c(900): AH01503: headers: ap_headers_error_filter()
