[Sat Aug 22 01:24:34.625264 2026] [socache_shmcb:debug] [pid 652771:tid 652771] mod_socache_shmcb.c(863): AH00848: finished insert, subcache: idx_pos/idx_used=6/41, data_pos/data_used=13708/9167
[Sat Aug 22 01:24:34.625265 2026] [socache_shmcb:debug] [pid 652771:tid 652771] mod_socache_shmcb.c(530): AH00834: leaving socache_shmcb_store successfully
[Sat Aug 22 01:24:34.629098 2026] [ssl:debug] [pid 652771:tid 652771] ssl_engine_kernel.c(254): [client 2001:b011:7803:3948:214e:627:2d94:a06f:57564] AH02034: Initial (No.1) HTTPS request received for child 3 (server www.ilc.edu.tw:443), referer: https://www.google.com/
[Sat Aug 22 01:24:34.629266 2026] [authz_core:debug] [pid 652771:tid 652771] mod_authz_core.c(815): [client 2001:b011:7803:3948:214e:627:2d94:a06f:57564] AH01626: authorization result of Require all granted: granted, referer: https://www.google.com/
[Sat Aug 22 01:24:34.629271 2026] [authz_core:debug] [pid 652771:tid 652771] mod_authz_core.c(815): [client 2001:b011:7803:3948:214e:627:2d94:a06f:57564] AH01626: authorization result of : granted, referer: https://www.google.com/
[Sat Aug 22 01:24:34.629402 2026] [authz_core:debug] [pid 652771:tid 652771] mod_authz_core.c(815): [client 2001:b011:7803:3948:214e:627:2d94:a06f:57564] AH01626: authorization result of Require all granted: granted, referer: https://www.google.com/
[Sat Aug 22 01:24:34.629407 2026] [authz_core:debug] [pid 652771:tid 652771] mod_authz_core.c(815): [client 2001:b011:7803:3948:214e:627:2d94:a06f:57564] AH01626: authorization result of : granted, referer: https://www.google.com/
[Sat Aug 22 01:24:34.646266 2026] [deflate:debug] [pid 652771:tid 652771] mod_deflate.c(909): [client 2001:b011:7803:3948:214e:627:2d94:a06f:57564] AH01384: Zlib: Compressed 134221 to 25854 : URL /index.php, referer: https://www.google.com/
[Sat Aug 22 01:24:35.089339 2026] [ssl:debug] [pid 652640:tid 652640] ssl_engine_kernel.c(254): [client 2001:b011:7803:3948:214e:627:2d94:a06f:57563] AH02034: Initial (No.1) HTTPS request received for child 14 (server www.ilc.edu.tw:443), referer: https://www.ilc.edu.tw/
[Sat Aug 22 01:24:35.090256 2026] [authz_core:debug] [pid 652640:tid 652640] mod_authz_core.c(815): [client 2001:b011:7803:3948:214e:627:2d94:a06f:57563] AH01626: authorization result of Require all granted: granted, referer: https://www.ilc.edu.tw/
[Sat Aug 22 01:24:35.090265 2026] [authz_core:debug] [pid 652640:tid 652640] mod_authz_core.c(815): [client 2001:b011:7803:3948:214e:627:2d94:a06f:57563] AH01626: authorization result of : granted, referer: https://www.ilc.edu.tw/
[Sat Aug 22 01:24:35.090261 2026] [ssl:debug] [pid 652771:tid 652771] ssl_engine_kernel.c(254): [client 2001:b011:7803:3948:214e:627:2d94:a06f:57564] AH02034: Subsequent (No.2) HTTPS request received for child 3 (server www.ilc.edu.tw:443), referer: https://www.ilc.edu.tw/
[Sat Aug 22 01:24:35.090968 2026] [authz_core:debug] [pid 652771:tid 652771] mod_authz_core.c(815): [client 2001:b011:7803:3948:214e:627:2d94:a06f:57564] AH01626: authorization result of Require all granted: granted, referer: https://www.ilc.edu.tw/
[Sat Aug 22 01:24:35.090979 2026] [authz_core:debug] [pid 652771:tid 652771] mod_authz_core.c(815): [client 2001:b011:7803:3948:214e:627:2d94:a06f:57564] AH01626: authorization result of : granted, referer: https://www.ilc.edu.tw/
[Sat Aug 22 01:24:35.091291 2026] [deflate:debug] [pid 652771:tid 652771] mod_deflate.c(909): [client 2001:b011:7803:3948:214e:627:2d94:a06f:57564] AH01384: Zlib: Compressed 488 to 271 : URL /wp-content/cache/www.ilc.edu.tw/wpfc-minified/7ihu9bns/8141l.css, referer: https://www.ilc.edu.tw/
[Sat Aug 22 01:24:35.092520 2026] [deflate:debug] [pid 652640:tid 652640] mod_deflate.c(909): [client 2001:b011:7803:3948:214e:627:2d94:a06f:57563] AH01384: Zlib: Compressed 79263 to 39709 : URL /wp-content/cache/www.ilc.edu.tw/wpfc-minified/sz1rpuo/8141l.css, referer: https://www.ilc.edu.tw/
[Sat Aug 22 01:24:35.110295 2026] [ssl:debug] [pid 652771:tid 652771] ssl_engine_kernel.c(254): [client 2001:b011:7803:3948:214e:627:2d94:a06f:57564] AH02034: Subsequent (No.3) HTTPS request received for child 3 (server www.ilc.edu.tw:443), referer: https://www.ilc.edu.tw/
[Sat Aug 22 01:24:35.110882 2026] [authz_core:debug] [pid 652771:tid 652771] mod_authz_core.c(815): [client 2001:b011:7803:3948:214e:627:2d94:a06f:57564] AH01626: authorization result of Require all granted: granted, referer: https://www.ilc.edu.tw/
[Sat Aug 22 01:24:35.110889 2026] [authz_core:debug] [pid 652771:tid 652771] mod_authz_core.c(815): [client 2001:b011:7803:3948:214e:627:2d94:a06f:57564] AH01626: authorization result of : granted, referer: https://www.ilc.edu.tw/
[Sat Aug 22 01:24:35.114217 2026] [ssl:info] [pid 652706:tid 652706] [client 2001:b011:7803:3948:214e:627:2d94:a06f:57565] AH01964: Connection to child 11 established (server 2blog.ilc.edu.tw:443)
[Sat Aug 22 01:24:35.115072 2026] [deflate:debug] [pid 652771:tid 652771] mod_deflate.c(909): [client 2001:b011:7803:3948:214e:627:2d94:a06f:57564] AH01384: Zlib: Compressed 101286 to 34518 : URL /wp-content/cache/www.ilc.edu.tw/wpfc-minified/difb1vbs/8141l.js, referer: https://www.ilc.edu.tw/
[Sat Aug 22 01:24:35.115668 2026] [ssl:debug] [pid 652706:tid 652706] ssl_engine_kernel.c(2222): [client 2001:b011:7803:3948:214e:627:2d94:a06f:57565] AH02043: SSL virtual host for servername www.ilc.edu.tw found
[Sat Aug 22 01:24:35.115723 2026] [core:debug] [pid 652706:tid 652706] protocol.c(2460): [client 2001:b011:7803:3948:214e:627:2d94:a06f:57565] AH03155: select protocol from , choices=http/1.1 for server www.ilc.edu.tw
[Sat Aug 22 01:24:35.115760 2026] [ssl:debug] [pid 652706:tid 652706] ssl_util_stapling.c(819): AH01951: stapling_cb: OCSP Stapling callback called
[Sat Aug 22 01:24:35.115765 2026] [ssl:info] [pid 652706:tid 652706] AH01926: stapling_get_certinfo: stapling not supported for certificate
[Sat Aug 22 01:24:35.123079 2026] [ssl:debug] [pid 652640:tid 652640] ssl_engine_kernel.c(254): [client 2001:b011:7803:3948:214e:627:2d94:a06f:57563] AH02034: Subsequent (No.2) HTTPS request received for child 14 (server www.ilc.edu.tw:443), referer: https://www.ilc.edu.tw/
[Sat Aug 22 01:24:35.123705 2026] [authz_core:debug] [pid 652640:tid 652640] mod_authz_core.c(815): [client 2001:b011:7803:3948:214e:627:2d94:a06f:57563] AH01626: authorization result of Require all granted: granted, referer: https://www.ilc.edu.tw/
[Sat Aug 22 01:24:35.123714 2026] [authz_core:debug] [pid 652640:tid 652640] mod_authz_core.c(815): [client 2001:b011:7803:3948:214e:627:2d94:a06f:57563] AH01626: authorization result of : granted, referer: https://www.ilc.edu.tw/
[Sat Aug 22 01:24:35.124041 2026] [ssl:info] [pid 652686:tid 652686] [client 2001:b011:7803:3948:214e:627:2d94:a06f:57566] AH01964: Connection to child 13 established (server 2blog.ilc.edu.tw:443)
[Sat Aug 22 01:24:35.124194 2026] [ssl:debug] [pid 652686:tid 652686] ssl_engine_kernel.c(2222): [client 2001:b011:7803:3948:214e:627:2d94:a06f:57566] AH02043: SSL virtual host for servername www.ilc.edu.tw found
[Sat Aug 22 01:24:35.124241 2026] [core:debug] [pid 652686:tid 652686] protocol.c(2460): [client 2001:b011:7803:3948:214e:627:2d94:a06f:57566] AH03155: select protocol from , choices=http/1.1 for server www.ilc.edu.tw
[Sat Aug 22 01:24:35.124274 2026] [ssl:debug] [pid 652686:tid 652686] ssl_util_stapling.c(819): AH01951: stapling_cb: OCSP Stapling callback called
[Sat Aug 22 01:24:35.124279 2026] [ssl:info] [pid 652686:tid 652686] AH01926: stapling_get_certinfo: stapling not supported for certificate
[Sat Aug 22 01:24:35.125043 2026] [ssl:info] [pid 652779:tid 652779] [client 2001:b011:7803:3948:214e:627:2d94:a06f:57567] AH01964: Connection to child 9 established (server 2blog.ilc.edu.tw:443)
[Sat Aug 22 01:24:35.125299 2026] [ssl:debug] [pid 652779:tid 652779] ssl_engine_kernel.c(2222): [client 2001:b011:7803:3948:214e:627:2d94:a06f:57567] AH02043: SSL virtual host for servername www.ilc.edu.tw found
[Sat Aug 22 01:24:35.125378 2026] [core:debug] [pid 652779:tid 652779] protocol.c(2460): [client 2001:b011:7803:3948:214e:627:2d94:a06f:57567] AH03155: select protocol from , choices=http/1.1 for server www.ilc.edu.tw
[Sat Aug 22 01:24:35.125396 2026] [deflate:debug] [pid 652640:tid 652640] mod_deflate.c(909): [client 2001:b011:7803:3948:214e:627:2d94:a06f:57563] AH01384: Zlib: Compressed 33037 to 3276 : URL /wp-content/cache/www.ilc.edu.tw/wpfc-minified/21kp93v9/8141l.css, referer: https://www.ilc.edu.tw/
[Sat Aug 22 01:24:35.125437 2026] [ssl:debug] [pid 652779:tid 652779] ssl_util_stapling.c(819): AH01951: stapling_cb: OCSP Stapling callback called
[Sat Aug 22 01:24:35.125443 2026] [ssl:info] [pid 652779:tid 652779] AH01926: stapling_get_certinfo: stapling not supported for certificate
[Sat Aug 22 01:24:35.126284 2026] [ssl:info] [pid 652669:tid 652669] [client 2001:b011:7803:3948:214e:627:2d94:a06f:57568] AH01964: Connection to child 46 established (server 2blog.ilc.edu.tw:443)
[Sat Aug 22 01:24:35.127027 2026] [ssl:debug] [pid 652669:tid 652669] ssl_engine_kernel.c(2222): [client 2001:b011:7803:3948:214e:627:2d94:a06f:57568] AH02043: SSL virtual host for servername www.ilc.edu.tw found
[Sat Aug 22 01:24:35.127086 2026] [core:debug] [pid 652669:tid 652669] protocol.c(2460): [client 2001:b011:7803:3948:214e:627:2d94:a06f:57568] AH03155: select protocol from , choices=http/1.1 for server www.ilc.edu.tw
[Sat Aug 22 01:24:35.127127 2026] [ssl:debug] [pid 652669:tid 652669] ssl_util_stapling.c(819): AH01951: stapling_cb: OCSP Stapling callback called
[Sat Aug 22 01:24:35.127134 2026] [ssl:info] [pid 652669:tid 652669] AH01926: stapling_get_certinfo: stapling not supported for certificate
[Sat Aug 22 01:24:35.137056 2026] [ssl:debug] [pid 652706:tid 652706] ssl_engine_kernel.c(2082): [client 2001:b011:7803:3948:214e:627:2d94:a06f:57565] AH02041: Protocol: TLSv1.3, Cipher: TLS_AES_256_GCM_SHA384 (256/256 bits)
[Sat Aug 22 01:24:35.137091 2026] [socache_shmcb:debug] [pid 652706:tid 652706] mod_socache_shmcb.c(508): AH00831: socache_shmcb_store (0xbf -> subcache 31)
[Sat Aug 22 01:24:35.137097 2026] [socache_shmcb:debug] [pid 652706:tid 652706] mod_socache_shmcb.c(860): AH00847: insert happened at idx=40, data=(7570:7602)
[Sat Aug 22 01:24:35.137099 2026] [socache_shmcb:debug] [pid 652706:tid 652706] mod_socache_shmcb.c(863): AH00848: finished insert, subcache: idx_pos/idx_used=77/52, data_pos/data_used=10115/11542
[Sat Aug 22 01:24:35.137101 2026] [socache_shmcb:debug] [pid 652706:tid 652706] mod_socache_shmcb.c(530): AH00834: leaving socache_shmcb_store successfully
[Sat Aug 22 01:24:35.137146 2026] [socache_shmcb:debug] [pid 652706:tid 652706] mod_socache_shmcb.c(508): AH00831: socache_shmcb_store (0xad -> subcache 13)
[Sat Aug 22 01:24:35.137150 2026] [socache_shmcb:debug] [pid 652706:tid 652706] mod_socache_shmcb.c(745): AH00842: expiring 2 and reclaiming 0 removed socache entries
[Sat Aug 22 01:24:35.137160 2026] [socache_shmcb:debug] [pid 652706:tid 652706] mod_socache_shmcb.c(765): AH00843: we now have 44 socache entries
[Sat Aug 22 01:24:35.137162 2026] [socache_shmcb:debug] [pid 652706:tid 652706] mod_socache_shmcb.c(860): AH00847: insert happened at idx=22, data=(3447:3479)
[Sat Aug 22 01:24:35.137164 2026] [socache_shmcb:debug] [pid 652706:tid 652706] mod_socache_shmcb.c(863): AH00848: finished insert, subcache: idx_pos/idx_used=66/45, data_pos/data_used=7481/10054
[Sat Aug 22 01:24:35.137166 2026] [socache_shmcb:debug] [pid 652706:tid 652706] mod_socache_shmcb.c(530): AH00834: leaving socache_shmcb_store successfully
[Sat Aug 22 01:24:35.137974 2026] [ssl:debug] [pid 652706:tid 652706] ssl_engine_kernel.c(254): [client 2001:b011:7803:3948:214e:627:2d94:a06f:57565] AH02034: Initial (No.1) HTTPS request received for child 11 (server www.ilc.edu.tw:443), referer: https://www.ilc.edu.tw/
[Sat Aug 22 01:24:35.138615 2026] [authz_core:debug] [pid 652706:tid 652706] mod_authz_core.c(815): [client 2001:b011:7803:3948:214e:627:2d94:a06f:57565] AH01626: authorization result of Require all granted: granted, referer: https://www.ilc.edu.tw/
[Sat Aug 22 01:24:35.138621 2026] [authz_core:debug] [pid 652706:tid 652706] mod_authz_core.c(815): [client 2001:b011:7803:3948:214e:627:2d94:a06f:57565] AH01626: authorization result of : granted, referer: https://www.ilc.edu.tw/
[Sat Aug 22 01:24:35.140489 2026] [ssl:debug] [pid 652771:tid 652771] ssl_engine_kernel.c(254): [client 2001:b011:7803:3948:214e:627:2d94:a06f:57564] AH02034: Subsequent (No.4) HTTPS request received for child 3 (server www.ilc.edu.tw:443), referer: https://www.ilc.edu.tw/
[Sat Aug 22 01:24:35.140638 2026] [authz_core:debug] [pid 652771:tid 652771] mod_authz_core.c(815): [client 2001:b011:7803:3948:214e:627:2d94:a06f:57564] AH01626: authorization result of Require all granted: granted, referer: https://www.ilc.edu.tw/
[Sat Aug 22 01:24:35.140643 2026] [authz_core:debug] [pid 652771:tid 652771] mod_authz_core.c(815): [client 2001:b011:7803:3948:214e:627:2d94:a06f:57564] AH01626: authorization result of : granted, referer: https://www.ilc.edu.tw/
[Sat Aug 22 01:24:35.140841 2026] [deflate:debug] [pid 652771:tid 652771] mod_deflate.c(909): [client 2001:b011:7803:3948:214e:627:2d94:a06f:57564] AH01384: Zlib: Compressed 3487 to 1339 : URL /wp-includes/js/admin-bar.min.js, referer: https://www.ilc.edu.tw/
[Sat Aug 22 01:24:35.141177 2026] [ssl:debug] [pid 652640:tid 652640] ssl_engine_kernel.c(254): [client 2001:b011:7803:3948:214e:627:2d94:a06f:57563] AH02034: Subsequent (No.3) HTTPS request received for child 14 (server www.ilc.edu.tw:443), referer: https://www.ilc.edu.tw/
[Sat Aug 22 01:24:35.141313 2026] [authz_core:debug] [pid 652640:tid 652640] mod_authz_core.c(815): [client 2001:b011:7803:3948:214e:627:2d94:a06f:57563] AH01626: authorization result of Require all granted: granted, referer: https://www.ilc.edu.tw/
[Sat Aug 22 01:24:35.141318 2026] [authz_core:debug] [pid 652640:tid 652640] mod_authz_core.c(815): [client 2001:b011:7803:3948:214e:627:2d94:a06f:57563] AH01626: authorization result of : granted, referer: https://www.ilc.edu.tw/
[Sat Aug 22 01:24:35.141462 2026] [deflate:debug] [pid 652640:tid 652640] mod_deflate.c(909): [client 2001:b011:7803:3948:214e:627:2d94:a06f:57563] AH01384: Zlib: Compressed 1718 to 700 : URL /wp-includes/js/hoverintent-js.min.js, referer: https://www.ilc.edu.tw/
[Sat Aug 22 01:24:35.142957 2026] [ssl:debug] [pid 652686:tid 652686] ssl_engine_kernel.c(2082): [client 2001:b011:7803:3948:214e:627:2d94:a06f:57566] AH02041: Protocol: TLSv1.3, Cipher: TLS_AES_256_GCM_SHA384 (256/256 bits)
[Sat Aug 22 01:24:35.142990 2026] [socache_shmcb:debug] [pid 652686:tid 652686] mod_socache_shmcb.c(508): AH00831: socache_shmcb_store (0xd1 -> subcache 17)
[Sat Aug 22 01:24:35.142995 2026] [socache_shmcb:debug] [pid 652686:tid 652686] mod_socache_shmcb.c(745): AH00842: expiring 1 and reclaiming 0 removed socache entries
[Sat Aug 22 01:24:35.143003 2026] [socache_shmcb:debug] [pid 652686:tid 652686] mod_socache_shmcb.c(765): AH00843: we now have 39 socache entries
[Sat Aug 22 01:24:35.143005 2026] [socache_shmcb:debug] [pid 652686:tid 652686] mod_socache_shmcb.c(860): AH00847: insert happened at idx=20, data=(2976:3008)
[Sat Aug 22 01:24:35.143007 2026] [socache_shmcb:debug] [pid 652686:tid 652686] mod_socache_shmcb.c(863): AH00848: finished insert, subcache: idx_pos/idx_used=69/40, data_pos/data_used=8087/8977
[Sat Aug 22 01:24:35.143008 2026] [socache_shmcb:debug] [pid 652686:tid 652686] mod_socache_shmcb.c(530): AH00834: leaving socache_shmcb_store successfully
[Sat Aug 22 01:24:35.143045 2026] [socache_shmcb:debug] [pid 652686:tid 652686] mod_socache_shmcb.c(508): AH00831: socache_shmcb_store (0x1d -> subcache 29)
[Sat Aug 22 01:24:35.143049 2026] [socache_shmcb:debug] [pid 652686:tid 652686] mod_socache_shmcb.c(860): AH00847: insert happened at idx=26, data=(4228:4260)
[Sat Aug 22 01:24:35.143051 2026] [socache_shmcb:debug] [pid 652686:tid 652686] mod_socache_shmcb.c(863): AH00848: finished insert, subcache: idx_pos/idx_used=64/51, data_pos/data_used=6906/11410
[Sat Aug 22 01:24:35.143053 2026] [socache_shmcb:debug] [pid 652686:tid 652686] mod_socache_shmcb.c(530): AH00834: leaving socache_shmcb_store successfully
[Sat Aug 22 01:24:35.143952 2026] [ssl:debug] [pid 652686:tid 652686] ssl_engine_kernel.c(254): [client 2001:b011:7803:3948:214e:627:2d94:a06f:57566] AH02034: Initial (No.1) HTTPS request received for child 13 (server www.ilc.edu.tw:443), referer: https://www.ilc.edu.tw/
[Sat Aug 22 01:24:35.144507 2026] [authz_core:debug] [pid 652686:tid 652686] mod_authz_core.c(815): [client 2001:b011:7803:3948:214e:627:2d94:a06f:57566] AH01626: authorization result of Require all granted: granted, referer: https://www.ilc.edu.tw/
[Sat Aug 22 01:24:35.144512 2026] [authz_core:debug] [pid 652686:tid 652686] mod_authz_core.c(815): [client 2001:b011:7803:3948:214e:627:2d94:a06f:57566] AH01626: authorization result of : granted, referer: https://www.ilc.edu.tw/
[Sat Aug 22 01:24:35.144761 2026] [deflate:debug] [pid 652686:tid 652686] mod_deflate.c(909): [client 2001:b011:7803:3948:214e:627:2d94:a06f:57566] AH01384: Zlib: Compressed 1288 to 409 : URL /wp-content/uploads/sites/3846/elementor/css/post-3.css, referer: https://www.ilc.edu.tw/
[Sat Aug 22 01:24:35.146028 2026] [ssl:debug] [pid 652779:tid 652779] ssl_engine_kernel.c(2082): [client 2001:b011:7803:3948:214e:627:2d94:a06f:57567] AH02041: Protocol: TLSv1.3, Cipher: TLS_AES_256_GCM_SHA384 (256/256 bits)
[Sat Aug 22 01:24:35.146075 2026] [socache_shmcb:debug] [pid 652779:tid 652779] mod_socache_shmcb.c(508): AH00831: socache_shmcb_store (0xbb -> subcache 27)
[Sat Aug 22 01:24:35.146084 2026] [socache_shmcb:debug] [pid 652779:tid 652779] mod_socache_shmcb.c(745): AH00842: expiring 3 and reclaiming 0 removed socache entries
[Sat Aug 22 01:24:35.146087 2026] [socache_shmcb:debug] [pid 652779:tid 652779] mod_socache_shmcb.c(765): AH00843: we now have 33 socache entries
[Sat Aug 22 01:24:35.146089 2026] [socache_shmcb:debug] [pid 652779:tid 652779] mod_socache_shmcb.c(860): AH00847: insert happened at idx=49, data=(9413:9445)
[Sat Aug 22 01:24:35.146091 2026] [socache_shmcb:debug] [pid 652779:tid 652779] mod_socache_shmcb.c(863): AH00848: finished insert, subcache: idx_pos/idx_used=16/34, data_pos/data_used=2065/7572
[Sat Aug 22 01:24:35.146093 2026] [socache_shmcb:debug] [pid 652779:tid 652779] mod_socache_shmcb.c(530): AH00834: leaving socache_shmcb_store successfully
[Sat Aug 22 01:24:35.146136 2026] [socache_shmcb:debug] [pid 652779:tid 652779] mod_socache_shmcb.c(508): AH00831: socache_shmcb_store (0x57 -> subcache 23)
[Sat Aug 22 01:24:35.146144 2026] [socache_shmcb:debug] [pid 652779:tid 652779] mod_socache_shmcb.c(860): AH00847: insert happened at idx=47, data=(9011:9043)
[Sat Aug 22 01:24:35.146146 2026] [socache_shmcb:debug] [pid 652779:tid 652779] mod_socache_shmcb.c(863): AH00848: finished insert, subcache: idx_pos/idx_used=6/42, data_pos/data_used=13708/9390
[Sat Aug 22 01:24:35.146152 2026] [socache_shmcb:debug] [pid 652779:tid 652779] mod_socache_shmcb.c(530): AH00834: leaving socache_shmcb_store successfully
[Sat Aug 22 01:24:35.146230 2026] [ssl:debug] [pid 652779:tid 652779] ssl_engine_kernel.c(254): [client 2001:b011:7803:3948:214e:627:2d94:a06f:57567] AH02034: Initial (No.1) HTTPS request received for child 9 (server www.ilc.edu.tw:443), referer: https://www.ilc.edu.tw/
[Sat Aug 22 01:24:35.146639 2026] [authz_core:debug] [pid 652779:tid 652779] mod_authz_core.c(815): [client 2001:b011:7803:3948:214e:627:2d94:a06f:57567] AH01626: authorization result of Require all granted: granted, referer: https://www.ilc.edu.tw/
[Sat Aug 22 01:24:35.146644 2026] [authz_core:debug] [pid 652779:tid 652779] mod_authz_core.c(815): [client 2001:b011:7803:3948:214e:627:2d94:a06f:57567] AH01626: authorization result of : granted, referer: https://www.ilc.edu.tw/
[Sat Aug 22 01:24:35.147700 2026] [deflate:debug] [pid 652779:tid 652779] mod_deflate.c(909): [client 2001:b011:7803:3948:214e:627:2d94:a06f:57567] AH01384: Zlib: Compressed 78099 to 5141 : URL /wp-content/cache/www.ilc.edu.tw/wpfc-minified/2encr51g/8141l.css, referer: https://www.ilc.edu.tw/
[Sat Aug 22 01:24:35.148045 2026] [ssl:debug] [pid 652669:tid 652669] ssl_engine_kernel.c(2082): [client 2001:b011:7803:3948:214e:627:2d94:a06f:57568] AH02041: Protocol: TLSv1.3, Cipher: TLS_AES_256_GCM_SHA384 (256/256 bits)
[Sat Aug 22 01:24:35.148077 2026] [socache_shmcb:debug] [pid 652669:tid 652669] mod_socache_shmcb.c(508): AH00831: socache_shmcb_store (0x88 -> subcache 8)
[Sat Aug 22 01:24:35.148081 2026] [socache_shmcb:debug] [pid 652669:tid 652669] mod_socache_shmcb.c(745): AH00842: expiring 1 and reclaiming 0 removed socache entries
[Sat Aug 22 01:24:35.148083 2026] [socache_shmcb:debug] [pid 652669:tid 652669] mod_socache_shmcb.c(765): AH00843: we now have 37 socache entries
[Sat Aug 22 01:24:35.148085 2026] [socache_shmcb:debug] [pid 652669:tid 652669] mod_socache_shmcb.c(860): AH00847: insert happened at idx=31, data=(5629:5661)
[Sat Aug 22 01:24:35.148087 2026] [socache_shmcb:debug] [pid 652669:tid 652669] mod_socache_shmcb.c(863): AH00848: finished insert, subcache: idx_pos/idx_used=82/38, data_pos/data_used=11220/8497
[Sat Aug 22 01:24:35.148089 2026] [socache_shmcb:debug] [pid 652669:tid 652669] mod_socache_shmcb.c(530): AH00834: leaving socache_shmcb_store successfully
[Sat Aug 22 01:24:35.148127 2026] [socache_shmcb:debug] [pid 652669:tid 652669] mod_socache_shmcb.c(508): AH00831: socache_shmcb_store (0x5f -> subcache 31)
[Sat Aug 22 01:24:35.148131 2026] [socache_shmcb:debug] [pid 652669:tid 652669] mod_socache_shmcb.c(860): AH00847: insert happened at idx=41, data=(7793:7825)
[Sat Aug 22 01:24:35.148133 2026] [socache_shmcb:debug] [pid 652669:tid 652669] mod_socache_shmcb.c(863): AH00848: finished insert, subcache: idx_pos/idx_used=77/53, data_pos/data_used=10115/11765
[Sat Aug 22 01:24:35.148135 2026] [socache_shmcb:debug] [pid 652669:tid 652669] mod_socache_shmcb.c(530): AH00834: leaving socache_shmcb_store successfully
[Sat Aug 22 01:24:35.148215 2026] [ssl:debug] [pid 652669:tid 652669] ssl_engine_kernel.c(254): [client 2001:b011:7803:3948:214e:627:2d94:a06f:57568] AH02034: Initial (No.1) HTTPS request received for child 46 (server www.ilc.edu.tw:443), referer: https://www.ilc.edu.tw/
[Sat Aug 22 01:24:35.148540 2026] [authz_core:debug] [pid 652669:tid 652669] mod_authz_core.c(815): [client 2001:b011:7803:3948:214e:627:2d94:a06f:57568] AH01626: authorization result of Require all granted: granted, referer: https://www.ilc.edu.tw/
[Sat Aug 22 01:24:35.148547 2026] [authz_core:debug] [pid 652669:tid 652669] mod_authz_core.c(815): [client 2001:b011:7803:3948:214e:627:2d94:a06f:57568] AH01626: authorization result of : granted, referer: https://www.ilc.edu.tw/
[Sat Aug 22 01:24:35.148857 2026] [deflate:debug] [pid 652669:tid 652669] mod_deflate.c(909): [client 2001:b011:7803:3948:214e:627:2d94:a06f:57568] AH01384: Zlib: Compressed 3859 to 782 : URL /wp-content/uploads/sites/3846/elementor/css/post-19.css, referer: https://www.ilc.edu.tw/
[Sat Aug 22 01:24:35.149011 2026] [ssl:debug] [pid 652771:tid 652771] ssl_engine_kernel.c(254): [client 2001:b011:7803:3948:214e:627:2d94:a06f:57564] AH02034: Subsequent (No.5) HTTPS request received for child 3 (server www.ilc.edu.tw:443), referer: https://www.ilc.edu.tw/
[Sat Aug 22 01:24:35.149135 2026] [authz_core:debug] [pid 652771:tid 652771] mod_authz_core.c(815): [client 2001:b011:7803:3948:214e:627:2d94:a06f:57564] AH01626: authorization result of Require all granted: granted, referer: https://www.ilc.edu.tw/
[Sat Aug 22 01:24:35.149139 2026] [authz_core:debug] [pid 652771:tid 652771] mod_authz_core.c(815): [client 2001:b011:7803:3948:214e:627:2d94:a06f:57564] AH01626: authorization result of : granted, referer: https://www.ilc.edu.tw/
[Sat Aug 22 01:24:35.149355 2026] [deflate:debug] [pid 652771:tid 652771] mod_deflate.c(909): [client 2001:b011:7803:3948:214e:627:2d94:a06f:57564] AH01384: Zlib: Compressed 5520 to 1785 : URL /wp-includes/js/imagesloaded.min.js, referer: https://www.ilc.edu.tw/
[Sat Aug 22 01:24:35.150015 2026] [ssl:debug] [pid 652640:tid 652640] ssl_engine_kernel.c(254): [client 2001:b011:7803:3948:214e:627:2d94:a06f:57563] AH02034: Subsequent (No.4) HTTPS request received for child 14 (server www.ilc.edu.tw:443), referer: https://www.ilc.edu.tw/
[Sat Aug 22 01:24:35.150157 2026] [authz_core:debug] [pid 652640:tid 652640] mod_authz_core.c(815): [client 2001:b011:7803:3948:214e:627:2d94:a06f:57563] AH01626: authorization result of Require all granted: granted, referer: https://www.ilc.edu.tw/
[Sat Aug 22 01:24:35.150162 2026] [authz_core:debug] [pid 652640:tid 652640] mod_authz_core.c(815): [client 2001:b011:7803:3948:214e:627:2d94:a06f:57563] AH01626: authorization result of : granted, referer: https://www.ilc.edu.tw/
[Sat Aug 22 01:24:35.150389 2026] [deflate:debug] [pid 652706:tid 652706] mod_deflate.c(909): [client 2001:b011:7803:3948:214e:627:2d94:a06f:57565] AH01384: Zlib: Compressed 481480 to 78735 : URL /wp-content/cache/www.ilc.edu.tw/wpfc-minified/fdlul8k0/8141l.css, referer: https://www.ilc.edu.tw/
[Sat Aug 22 01:24:35.150609 2026] [deflate:debug] [pid 652640:tid 652640] mod_deflate.c(909): [client 2001:b011:7803:3948:214e:627:2d94:a06f:57563] AH01384: Zlib: Compressed 19719 to 4232 : URL /wp-content/themes/oceanwp/assets/js/theme.min.js, referer: https://www.ilc.edu.tw/
[Sat Aug 22 01:24:35.154012 2026] [ssl:debug] [pid 652686:tid 652686] ssl_engine_kernel.c(254): [client 2001:b011:7803:3948:214e:627:2d94:a06f:57566] AH02034: Subsequent (No.2) HTTPS request received for child 13 (server www.ilc.edu.tw:443), referer: https://www.ilc.edu.tw/
[Sat Aug 22 01:24:35.154183 2026] [authz_core:debug] [pid 652686:tid 652686] mod_authz_core.c(815): [client 2001:b011:7803:3948:214e:627:2d94:a06f:57566] AH01626: authorization result of Require all granted: granted, referer: https://www.ilc.edu.tw/
[Sat Aug 22 01:24:35.154189 2026] [authz_core:debug] [pid 652686:tid 652686] mod_authz_core.c(815): [client 2001:b011:7803:3948:214e:627:2d94:a06f:57566] AH01626: authorization result of : granted, referer: https://www.ilc.edu.tw/
[Sat Aug 22 01:24:35.154587 2026] [deflate:debug] [pid 652686:tid 652686] mod_deflate.c(909): [client 2001:b011:7803:3948:214e:627:2d94:a06f:57566] AH01384: Zlib: Compressed 14581 to 3765 : URL /wp-content/themes/oceanwp/assets/js/drop-down-mobile-menu.min.js, referer: https://www.ilc.edu.tw/
[Sat Aug 22 01:24:35.159079 2026] [ssl:debug] [pid 652771:tid 652771] ssl_engine_kernel.c(254): [client 2001:b011:7803:3948:214e:627:2d94:a06f:57564] AH02034: Subsequent (No.6) HTTPS request received for child 3 (server www.ilc.edu.tw:443), referer: https://www.ilc.edu.tw/
[Sat Aug 22 01:24:35.159248 2026] [authz_core:debug] [pid 652771:tid 652771] mod_authz_core.c(815): [client 2001:b011:7803:3948:214e:627:2d94:a06f:57564] AH01626: authorization result of Require all granted: granted, referer: https://www.ilc.edu.tw/
[Sat Aug 22 01:24:35.159252 2026] [authz_core:debug] [pid 652771:tid 652771] mod_authz_core.c(815): [client 2001:b011:7803:3948:214e:627:2d94:a06f:57564] AH01626: authorization result of : granted, referer: https://www.ilc.edu.tw/
[Sat Aug 22 01:24:35.159882 2026] [deflate:debug] [pid 652771:tid 652771] mod_deflate.c(909): [client 2001:b011:7803:3948:214e:627:2d94:a06f:57564] AH01384: Zlib: Compressed 20216 to 7328 : URL /wp-content/themes/oceanwp/assets/js/vendors/magnific-popup.min.js, referer: https://www.ilc.edu.tw/
[Sat Aug 22 01:24:35.162589 2026] [ssl:debug] [pid 652779:tid 652779] ssl_engine_kernel.c(254): [client 2001:b011:7803:3948:214e:627:2d94:a06f:57567] AH02034: Subsequent (No.2) HTTPS request received for child 9 (server www.ilc.edu.tw:443), referer: https://www.ilc.edu.tw/
[Sat Aug 22 01:24:35.162744 2026] [authz_core:debug] [pid 652779:tid 652779] mod_authz_core.c(815): [client 2001:b011:7803:3948:214e:627:2d94:a06f:57567] AH01626: authorization result of Require all granted: granted, referer: https://www.ilc.edu.tw/
[Sat Aug 22 01:24:35.162749 2026] [authz_core:debug] [pid 652779:tid 652779] mod_authz_core.c(815): [client 2001:b011:7803:3948:214e:627:2d94:a06f:57567] AH01626: authorization result of : granted, referer: https://www.ilc.edu.tw/
[Sat Aug 22 01:24:35.162952 2026] [deflate:debug] [pid 652779:tid 652779] mod_deflate.c(909): [client 2001:b011:7803:3948:214e:627:2d94:a06f:57567] AH01384: Zlib: Compressed 4111 to 1423 : URL /wp-content/themes/oceanwp/assets/js/ow-lightbox.min.js, referer: https://www.ilc.edu.tw/
[Sat Aug 22 01:24:35.163038 2026] [ssl:debug] [pid 652640:tid 652640] ssl_engine_kernel.c(254): [client 2001:b011:7803:3948:214e:627:2d94:a06f:57563] AH02034: Subsequent (No.5) HTTPS request received for child 14 (server www.ilc.edu.tw:443), referer: https://www.ilc.edu.tw/
[Sat Aug 22 01:24:35.163185 2026] [authz_core:debug] [pid 652640:tid 652640] mod_authz_core.c(815): [client 2001:b011:7803:3948:214e:627:2d94:a06f:57563] AH01626: authorization result of Require all granted: granted, referer: https://www.ilc.edu.tw/
[Sat Aug 22 01:24:35.163190 2026] [authz_core:debug] [pid 652640:tid 652640] mod_authz_core.c(815): [client 2001:b011:7803:3948:214e:627:2d94:a06f:57563] AH01626: authorization result of : granted, referer: https://www.ilc.edu.tw/
[Sat Aug 22 01:24:35.164843 2026] [deflate:debug] [pid 652640:tid 652640] mod_deflate.c(909): [client 2001:b011:7803:3948:214e:627:2d94:a06f:57563] AH01384: Zlib: Compressed 57513 to 14083 : URL /wp-content/themes/oceanwp/assets/js/vendors/flickity.pkgd.min.js, referer: https://www.ilc.edu.tw/
[Sat Aug 22 01:24:35.165962 2026] [ssl:debug] [pid 652686:tid 652686] ssl_engine_kernel.c(254): [client 2001:b011:7803:3948:214e:627:2d94:a06f:57566] AH02034: Subsequent (No.3) HTTPS request received for child 13 (server www.ilc.edu.tw:443), referer: https://www.ilc.edu.tw/
[Sat Aug 22 01:24:35.166105 2026] [authz_core:debug] [pid 652686:tid 652686] mod_authz_core.c(815): [client 2001:b011:7803:3948:214e:627:2d94:a06f:57566] AH01626: authorization result of Require all granted: granted, referer: https://www.ilc.edu.tw/
[Sat Aug 22 01:24:35.166109 2026] [authz_core:debug] [pid 652686:tid 652686] mod_authz_core.c(815): [client 2001:b011:7803:3948:214e:627:2d94:a06f:57566] AH01626: authorization result of : granted, referer: https://www.ilc.edu.tw/
[Sat Aug 22 01:24:35.166430 2026] [deflate:debug] [pid 652686:tid 652686] mod_deflate.c(909): [client 2001:b011:7803:3948:214e:627:2d94:a06f:57566] AH01384: Zlib: Compressed 12402 to 3229 : URL /wp-content/themes/oceanwp/assets/js/scroll-effect.min.js, referer: https://www.ilc.edu.tw/
[Sat Aug 22 01:24:35.167134 2026] [ssl:debug] [pid 652669:tid 652669] ssl_engine_kernel.c(254): [client 2001:b011:7803:3948:214e:627:2d94:a06f:57568] AH02034: Subsequent (No.2) HTTPS request received for child 46 (server www.ilc.edu.tw:443), referer: https://www.ilc.edu.tw/
[Sat Aug 22 01:24:35.167277 2026] [authz_core:debug] [pid 652669:tid 652669] mod_authz_core.c(815): [client 2001:b011:7803:3948:214e:627:2d94:a06f:57568] AH01626: authorization result of Require all granted: granted, referer: https://www.ilc.edu.tw/
[Sat Aug 22 01:24:35.167288 2026] [authz_core:debug] [pid 652669:tid 652669] mod_authz_core.c(815): [client 2001:b011:7803:3948:214e:627:2d94:a06f:57568] AH01626: authorization result of : granted, referer: https://www.ilc.edu.tw/
[Sat Aug 22 01:24:35.167443 2026] [deflate:debug] [pid 652669:tid 652669] mod_deflate.c(909): [client 2001:b011:7803:3948:214e:627:2d94:a06f:57568] AH01384: Zlib: Compressed 2002 to 864 : URL /wp-content/themes/oceanwp/assets/js/ow-slider.min.js, referer: https://www.ilc.edu.tw/
[Sat Aug 22 01:24:35.170032 2026] [ssl:debug] [pid 652771:tid 652771] ssl_engine_kernel.c(254): [client 2001:b011:7803:3948:214e:627:2d94:a06f:57564] AH02034: Subsequent (No.7) HTTPS request received for child 3 (server www.ilc.edu.tw:443), referer: https://www.ilc.edu.tw/
[Sat Aug 22 01:24:35.170181 2026] [authz_core:debug] [pid 652771:tid 652771] mod_authz_core.c(815): [client 2001:b011:7803:3948:214e:627:2d94:a06f:57564] AH01626: authorization result of Require all granted: granted, referer: https://www.ilc.edu.tw/
[Sat Aug 22 01:24:35.170185 2026] [authz_core:debug] [pid 652771:tid 652771] mod_authz_core.c(815): [client 2001:b011:7803:3948:214e:627:2d94:a06f:57564] AH01626: authorization result of : granted, referer: https://www.ilc.edu.tw/
[Sat Aug 22 01:24:35.170430 2026] [deflate:debug] [pid 652771:tid 652771] mod_deflate.c(909): [client 2001:b011:7803:3948:214e:627:2d94:a06f:57564] AH01384: Zlib: Compressed 8989 to 2304 : URL /wp-content/themes/oceanwp/assets/js/scroll-top.min.js, referer: https://www.ilc.edu.tw/
[Sat Aug 22 01:24:35.176030 2026] [ssl:debug] [pid 652640:tid 652640] ssl_engine_kernel.c(254): [client 2001:b011:7803:3948:214e:627:2d94:a06f:57563] AH02034: Subsequent (No.6) HTTPS request received for child 14 (server www.ilc.edu.tw:443), referer: https://www.ilc.edu.tw/
[Sat Aug 22 01:24:35.176167 2026] [authz_core:debug] [pid 652640:tid 652640] mod_authz_core.c(815): [client 2001:b011:7803:3948:214e:627:2d94:a06f:57563] AH01626: authorization result of Require all granted: granted, referer: https://www.ilc.edu.tw/
[Sat Aug 22 01:24:35.176171 2026] [authz_core:debug] [pid 652640:tid 652640] mod_authz_core.c(815): [client 2001:b011:7803:3948:214e:627:2d94:a06f:57563] AH01626: authorization result of : granted, referer: https://www.ilc.edu.tw/
[Sat Aug 22 01:24:35.176362 2026] [deflate:debug] [pid 652640:tid 652640] mod_deflate.c(909): [client 2001:b011:7803:3948:214e:627:2d94:a06f:57563] AH01384: Zlib: Compressed 5181 to 1510 : URL /wp-content/themes/oceanwp/assets/js/select.min.js, referer: https://www.ilc.edu.tw/
[Sat Aug 22 01:24:35.177056 2026] [ssl:debug] [pid 652779:tid 652779] ssl_engine_kernel.c(254): [client 2001:b011:7803:3948:214e:627:2d94:a06f:57567] AH02034: Subsequent (No.3) HTTPS request received for child 9 (server www.ilc.edu.tw:443), referer: https://www.ilc.edu.tw/
[Sat Aug 22 01:24:35.177217 2026] [authz_core:debug] [pid 652779:tid 652779] mod_authz_core.c(815): [client 2001:b011:7803:3948:214e:627:2d94:a06f:57567] AH01626: authorization result of Require all granted: granted, referer: https://www.ilc.edu.tw/
[Sat Aug 22 01:24:35.177223 2026] [authz_core:debug] [pid 652779:tid 652779] mod_authz_core.c(815): [client 2001:b011:7803:3948:214e:627:2d94:a06f:57567] AH01626: authorization result of : granted, referer: https://www.ilc.edu.tw/
[Sat Aug 22 01:24:35.177465 2026] [deflate:debug] [pid 652779:tid 652779] mod_deflate.c(909): [client 2001:b011:7803:3948:214e:627:2d94:a06f:57567] AH01384: Zlib: Compressed 5881 to 2664 : URL /wp-content/plugins/elementor-pro/assets/js/webpack-pro.runtime.min.js, referer: https://www.ilc.edu.tw/
[Sat Aug 22 01:24:35.177932 2026] [ssl:debug] [pid 652686:tid 652686] ssl_engine_kernel.c(254): [client 2001:b011:7803:3948:214e:627:2d94:a06f:57566] AH02034: Subsequent (No.4) HTTPS request received for child 13 (server www.ilc.edu.tw:443), referer: https://www.ilc.edu.tw/
[Sat Aug 22 01:24:35.178015 2026] [ssl:debug] [pid 652771:tid 652771] ssl_engine_kernel.c(254): [client 2001:b011:7803:3948:214e:627:2d94:a06f:57564] AH02034: Subsequent (No.8) HTTPS request received for child 3 (server www.ilc.edu.tw:443), referer: https://www.ilc.edu.tw/
[Sat Aug 22 01:24:35.178086 2026] [authz_core:debug] [pid 652686:tid 652686] mod_authz_core.c(815): [client 2001:b011:7803:3948:214e:627:2d94:a06f:57566] AH01626: authorization result of Require all granted: granted, referer: https://www.ilc.edu.tw/
[Sat Aug 22 01:24:35.178091 2026] [authz_core:debug] [pid 652686:tid 652686] mod_authz_core.c(815): [client 2001:b011:7803:3948:214e:627:2d94:a06f:57566] AH01626: authorization result of : granted, referer: https://www.ilc.edu.tw/
[Sat Aug 22 01:24:35.178144 2026] [authz_core:debug] [pid 652771:tid 652771] mod_authz_core.c(815): [client 2001:b011:7803:3948:214e:627:2d94:a06f:57564] AH01626: authorization result of Require all granted: granted, referer: https://www.ilc.edu.tw/
[Sat Aug 22 01:24:35.178148 2026] [authz_core:debug] [pid 652771:tid 652771] mod_authz_core.c(815): [client 2001:b011:7803:3948:214e:627:2d94:a06f:57564] AH01626: authorization result of : granted, referer: https://www.ilc.edu.tw/
[Sat Aug 22 01:24:35.178304 2026] [deflate:debug] [pid 652686:tid 652686] mod_deflate.c(909): [client 2001:b011:7803:3948:214e:627:2d94:a06f:57566] AH01384: Zlib: Compressed 4997 to 2197 : URL /wp-content/plugins/elementor/assets/js/webpack.runtime.min.js, referer: https://www.ilc.edu.tw/
[Sat Aug 22 01:24:35.180091 2026] [ssl:debug] [pid 652669:tid 652669] ssl_engine_kernel.c(254): [client 2001:b011:7803:3948:214e:627:2d94:a06f:57568] AH02034: Subsequent (No.3) HTTPS request received for child 46 (server www.ilc.edu.tw:443), referer: https://www.ilc.edu.tw/
[Sat Aug 22 01:24:35.180111 2026] [deflate:debug] [pid 652771:tid 652771] mod_deflate.c(909): [client 2001:b011:7803:3948:214e:627:2d94:a06f:57564] AH01384: Zlib: Compressed 67411 to 18429 : URL /wp-content/plugins/elementor/assets/js/frontend-modules.min.js, referer: https://www.ilc.edu.tw/
[Sat Aug 22 01:24:35.180255 2026] [authz_core:debug] [pid 652669:tid 652669] mod_authz_core.c(815): [client 2001:b011:7803:3948:214e:627:2d94:a06f:57568] AH01626: authorization result of Require all granted: granted, referer: https://www.ilc.edu.tw/
[Sat Aug 22 01:24:35.180261 2026] [authz_core:debug] [pid 652669:tid 652669] mod_authz_core.c(815): [client 2001:b011:7803:3948:214e:627:2d94:a06f:57568] AH01626: authorization result of : granted, referer: https://www.ilc.edu.tw/
[Sat Aug 22 01:24:35.180459 2026] [deflate:debug] [pid 652669:tid 652669] mod_deflate.c(909): [client 2001:b011:7803:3948:214e:627:2d94:a06f:57568] AH01384: Zlib: Compressed 4307 to 1523 : URL /wp-includes/js/dist/hooks.min.js, referer: https://www.ilc.edu.tw/
[Sat Aug 22 01:24:35.182006 2026] [ssl:debug] [pid 652706:tid 652706] ssl_engine_kernel.c(254): [client 2001:b011:7803:3948:214e:627:2d94:a06f:57565] AH02034: Subsequent (No.2) HTTPS request received for child 11 (server www.ilc.edu.tw:443), referer: https://www.ilc.edu.tw/
[Sat Aug 22 01:24:35.182142 2026] [authz_core:debug] [pid 652706:tid 652706] mod_authz_core.c(815): [client 2001:b011:7803:3948:214e:627:2d94:a06f:57565] AH01626: authorization result of Require all granted: granted, referer: https://www.ilc.edu.tw/
[Sat Aug 22 01:24:35.182147 2026] [authz_core:debug] [pid 652706:tid 652706] mod_authz_core.c(815): [client 2001:b011:7803:3948:214e:627:2d94:a06f:57565] AH01626: authorization result of : granted, referer: https://www.ilc.edu.tw/
[Sat Aug 22 01:24:35.182459 2026] [deflate:debug] [pid 652706:tid 652706] mod_deflate.c(909): [client 2001:b011:7803:3948:214e:627:2d94:a06f:57565] AH01384: Zlib: Compressed 9141 to 3649 : URL /wp-includes/js/dist/i18n.min.js, referer: https://www.ilc.edu.tw/
[Sat Aug 22 01:24:35.185015 2026] [ssl:debug] [pid 652640:tid 652640] ssl_engine_kernel.c(254): [client 2001:b011:7803:3948:214e:627:2d94:a06f:57563] AH02034: Subsequent (No.7) HTTPS request received for child 14 (server www.ilc.edu.tw:443), referer: https://www.ilc.edu.tw/
[Sat Aug 22 01:24:35.185152 2026] [authz_core:debug] [pid 652640:tid 652640] mod_authz_core.c(815): [client 2001:b011:7803:3948:214e:627:2d94:a06f:57563] AH01626: authorization result of Require all granted: granted, referer: https://www.ilc.edu.tw/
[Sat Aug 22 01:24:35.185156 2026] [authz_core:debug] [pid 652640:tid 652640] mod_authz_core.c(815): [client 2001:b011:7803:3948:214e:627:2d94:a06f:57563] AH01626: authorization result of : granted, referer: https://www.ilc.edu.tw/
[Sat Aug 22 01:24:35.185770 2026] [deflate:debug] [pid 652640:tid 652640] mod_deflate.c(909): [client 2001:b011:7803:3948:214e:627:2d94:a06f:57563] AH01384: Zlib: Compressed 25050 to 6676 : URL /wp-content/plugins/elementor-pro/assets/js/frontend.min.js, referer: https://www.ilc.edu.tw/
[Sat Aug 22 01:24:35.187025 2026] [ssl:debug] [pid 652779:tid 652779] ssl_engine_kernel.c(254): [client 2001:b011:7803:3948:214e:627:2d94:a06f:57567] AH02034: Subsequent (No.4) HTTPS request received for child 9 (server www.ilc.edu.tw:443), referer: https://www.ilc.edu.tw/
[Sat Aug 22 01:24:35.187157 2026] [authz_core:debug] [pid 652779:tid 652779] mod_authz_core.c(815): [client 2001:b011:7803:3948:214e:627:2d94:a06f:57567] AH01626: authorization result of Require all granted: granted, referer: https://www.ilc.edu.tw/
[Sat Aug 22 01:24:35.187162 2026] [authz_core:debug] [pid 652779:tid 652779] mod_authz_core.c(815): [client 2001:b011:7803:3948:214e:627:2d94:a06f:57567] AH01626: authorization result of : granted, referer: https://www.ilc.edu.tw/
[Sat Aug 22 01:24:35.187505 2026] [deflate:debug] [pid 652779:tid 652779] mod_deflate.c(909): [client 2001:b011:7803:3948:214e:627:2d94:a06f:57567] AH01384: Zlib: Compressed 12198 to 2975 : URL /wp-content/plugins/elementor/assets/lib/waypoints/waypoints.min.js, referer: https://www.ilc.edu.tw/
[Sat Aug 22 01:24:35.188967 2026] [ssl:debug] [pid 652686:tid 652686] ssl_engine_kernel.c(254): [client 2001:b011:7803:3948:214e:627:2d94:a06f:57566] AH02034: Subsequent (No.5) HTTPS request received for child 13 (server www.ilc.edu.tw:443), referer: https://www.ilc.edu.tw/
[Sat Aug 22 01:24:35.189039 2026] [ssl:debug] [pid 652771:tid 652771] ssl_engine_kernel.c(254): [client 2001:b011:7803:3948:214e:627:2d94:a06f:57564] AH02034: Subsequent (No.9) HTTPS request received for child 3 (server www.ilc.edu.tw:443), referer: https://www.ilc.edu.tw/
[Sat Aug 22 01:24:35.189124 2026] [authz_core:debug] [pid 652686:tid 652686] mod_authz_core.c(815): [client 2001:b011:7803:3948:214e:627:2d94:a06f:57566] AH01626: authorization result of Require all granted: granted, referer: https://www.ilc.edu.tw/
[Sat Aug 22 01:24:35.189129 2026] [authz_core:debug] [pid 652686:tid 652686] mod_authz_core.c(815): [client 2001:b011:7803:3948:214e:627:2d94:a06f:57566] AH01626: authorization result of : granted, referer: https://www.ilc.edu.tw/
[Sat Aug 22 01:24:35.189165 2026] [authz_core:debug] [pid 652771:tid 652771] mod_authz_core.c(815): [client 2001:b011:7803:3948:214e:627:2d94:a06f:57564] AH01626: authorization result of Require all granted: granted, referer: https://www.ilc.edu.tw/
[Sat Aug 22 01:24:35.189170 2026] [authz_core:debug] [pid 652771:tid 652771] mod_authz_core.c(815): [client 2001:b011:7803:3948:214e:627:2d94:a06f:57564] AH01626: authorization result of : granted, referer: https://www.ilc.edu.tw/
[Sat Aug 22 01:24:35.189742 2026] [deflate:debug] [pid 652686:tid 652686] mod_deflate.c(909): [client 2001:b011:7803:3948:214e:627:2d94:a06f:57566] AH01384: Zlib: Compressed 21464 to 7088 : URL /wp-includes/js/jquery/ui/core.min.js, referer: https://www.ilc.edu.tw/
[Sat Aug 22 01:24:35.190260 2026] [deflate:debug] [pid 652771:tid 652771] mod_deflate.c(909): [client 2001:b011:7803:3948:214e:627:2d94:a06f:57564] AH01384: Zlib: Compressed 40254 to 12204 : URL /wp-content/plugins/elementor/assets/js/frontend.min.js, referer: https://www.ilc.edu.tw/
[Sat Aug 22 01:24:35.191016 2026] [ssl:debug] [pid 652669:tid 652669] ssl_engine_kernel.c(254): [client 2001:b011:7803:3948:214e:627:2d94:a06f:57568] AH02034: Subsequent (No.4) HTTPS request received for child 46 (server www.ilc.edu.tw:443), referer: https://www.ilc.edu.tw/
[Sat Aug 22 01:24:35.191151 2026] [authz_core:debug] [pid 652669:tid 652669] mod_authz_core.c(815): [client 2001:b011:7803:3948:214e:627:2d94:a06f:57568] AH01626: authorization result of Require all granted: granted, referer: https://www.ilc.edu.tw/
[Sat Aug 22 01:24:35.191155 2026] [authz_core:debug] [pid 652669:tid 652669] mod_authz_core.c(815): [client 2001:b011:7803:3948:214e:627:2d94:a06f:57568] AH01626: authorization result of : granted, referer: https://www.ilc.edu.tw/
[Sat Aug 22 01:24:35.192097 2026] [deflate:debug] [pid 652669:tid 652669] mod_deflate.c(909): [client 2001:b011:7803:3948:214e:627:2d94:a06f:57568] AH01384: Zlib: Compressed 41573 to 9918 : URL /wp-content/plugins/elementor-pro/assets/js/elements-handlers.min.js, referer: https://www.ilc.edu.tw/
[Sat Aug 22 01:24:35.202028 2026] [ssl:debug] [pid 652706:tid 652706] ssl_engine_kernel.c(254): [client 2001:b011:7803:3948:214e:627:2d94:a06f:57565] AH02034: Subsequent (No.3) HTTPS request received for child 11 (server www.ilc.edu.tw:443), referer: https://www.ilc.edu.tw/
[Sat Aug 22 01:24:35.202763 2026] [authz_core:debug] [pid 652706:tid 652706] mod_authz_core.c(815): [client 2001:b011:7803:3948:214e:627:2d94:a06f:57565] AH01626: authorization result of Require all granted: granted, referer: https://www.ilc.edu.tw/
[Sat Aug 22 01:24:35.202769 2026] [authz_core:debug] [pid 652706:tid 652706] mod_authz_core.c(815): [client 2001:b011:7803:3948:214e:627:2d94:a06f:57565] AH01626: authorization result of : granted, referer: https://www.ilc.edu.tw/
[Sat Aug 22 01:24:35.206081 2026] [ssl:debug] [pid 652640:tid 652640] ssl_engine_kernel.c(254): [client 2001:b011:7803:3948:214e:627:2d94:a06f:57563] AH02034: Subsequent (No.8) HTTPS request received for child 14 (server www.ilc.edu.tw:443), referer: https://www.ilc.edu.tw/
[Sat Aug 22 01:24:35.206541 2026] [authz_core:debug] [pid 652640:tid 652640] mod_authz_core.c(815): [client 2001:b011:7803:3948:214e:627:2d94:a06f:57563] AH01626: authorization result of Require all granted: granted, referer: https://www.ilc.edu.tw/
[Sat Aug 22 01:24:35.206551 2026] [authz_core:debug] [pid 652640:tid 652640] mod_authz_core.c(815): [client 2001:b011:7803:3948:214e:627:2d94:a06f:57563] AH01626: authorization result of : granted, referer: https://www.ilc.edu.tw/
[Sat Aug 22 01:24:35.213073 2026] [ssl:debug] [pid 652779:tid 652779] ssl_engine_kernel.c(254): [client 2001:b011:7803:3948:214e:627:2d94:a06f:57567] AH02034: Subsequent (No.5) HTTPS request received for child 9 (server www.ilc.edu.tw:443), referer: https://www.ilc.edu.tw/
[Sat Aug 22 01:24:35.213525 2026] [authz_core:debug] [pid 652779:tid 652779] mod_authz_core.c(815): [client 2001:b011:7803:3948:214e:627:2d94:a06f:57567] AH01626: authorization result of Require all granted: granted, referer: https://www.ilc.edu.tw/
[Sat Aug 22 01:24:35.213530 2026] [authz_core:debug] [pid 652779:tid 652779] mod_authz_core.c(815): [client 2001:b011:7803:3948:214e:627:2d94:a06f:57567] AH01626: authorization result of : granted, referer: https://www.ilc.edu.tw/
[Sat Aug 22 01:24:35.215063 2026] [ssl:debug] [pid 652771:tid 652771] ssl_engine_kernel.c(254): [client 2001:b011:7803:3948:214e:627:2d94:a06f:57564] AH02034: Subsequent (No.10) HTTPS request received for child 3 (server www.ilc.edu.tw:443), referer: https://www.ilc.edu.tw/
[Sat Aug 22 01:24:35.215511 2026] [authz_core:debug] [pid 652771:tid 652771] mod_authz_core.c(815): [client 2001:b011:7803:3948:214e:627:2d94:a06f:57564] AH01626: authorization result of Require all granted: granted, referer: https://www.ilc.edu.tw/
[Sat Aug 22 01:24:35.215517 2026] [authz_core:debug] [pid 652771:tid 652771] mod_authz_core.c(815): [client 2001:b011:7803:3948:214e:627:2d94:a06f:57564] AH01626: authorization result of : granted, referer: https://www.ilc.edu.tw/
[Sat Aug 22 01:24:35.283135 2026] [ssl:debug] [pid 652686:tid 652686] ssl_engine_kernel.c(254): [client 2001:b011:7803:3948:214e:627:2d94:a06f:57566] AH02034: Subsequent (No.6) HTTPS request received for child 13 (server www.ilc.edu.tw:443), referer: https://www.ilc.edu.tw/
[Sat Aug 22 01:24:35.283348 2026] [authz_core:debug] [pid 652686:tid 652686] mod_authz_core.c(815): [client 2001:b011:7803:3948:214e:627:2d94:a06f:57566] AH01626: authorization result of Require all granted: granted, referer: https://www.ilc.edu.tw/
[Sat Aug 22 01:24:35.283355 2026] [authz_core:debug] [pid 652686:tid 652686] mod_authz_core.c(815): [client 2001:b011:7803:3948:214e:627:2d94:a06f:57566] AH01626: authorization result of : granted, referer: https://www.ilc.edu.tw/
[Sat Aug 22 01:24:35.284133 2026] [ssl:debug] [pid 652669:tid 652669] ssl_engine_kernel.c(254): [client 2001:b011:7803:3948:214e:627:2d94:a06f:57568] AH02034: Subsequent (No.5) HTTPS request received for child 46 (server www.ilc.edu.tw:443), referer: https://www.ilc.edu.tw/
[Sat Aug 22 01:24:35.284299 2026] [authz_core:debug] [pid 652669:tid 652669] mod_authz_core.c(815): [client 2001:b011:7803:3948:214e:627:2d94:a06f:57568] AH01626: authorization result of Require all granted: granted, referer: https://www.ilc.edu.tw/
[Sat Aug 22 01:24:35.284306 2026] [authz_core:debug] [pid 652669:tid 652669] mod_authz_core.c(815): [client 2001:b011:7803:3948:214e:627:2d94:a06f:57568] AH01626: authorization result of : granted, referer: https://www.ilc.edu.tw/
[Sat Aug 22 01:24:35.294129 2026] [ssl:debug] [pid 652706:tid 652706] ssl_engine_kernel.c(254): [client 2001:b011:7803:3948:214e:627:2d94:a06f:57565] AH02034: Subsequent (No.4) HTTPS request received for child 11 (server www.ilc.edu.tw:443), referer: https://www.ilc.edu.tw/
[Sat Aug 22 01:24:35.294688 2026] [authz_core:debug] [pid 652706:tid 652706] mod_authz_core.c(815): [client 2001:b011:7803:3948:214e:627:2d94:a06f:57565] AH01626: authorization result of Require all granted: granted, referer: https://www.ilc.edu.tw/
[Sat Aug 22 01:24:35.294700 2026] [authz_core:debug] [pid 652706:tid 652706] mod_authz_core.c(815): [client 2001:b011:7803:3948:214e:627:2d94:a06f:57565] AH01626: authorization result of : granted, referer: https://www.ilc.edu.tw/
[Sat Aug 22 01:24:35.296073 2026] [ssl:debug] [pid 652640:tid 652640] ssl_engine_kernel.c(254): [client 2001:b011:7803:3948:214e:627:2d94:a06f:57563] AH02034: Subsequent (No.9) HTTPS request received for child 14 (server www.ilc.edu.tw:443), referer: https://www.ilc.edu.tw/
[Sat Aug 22 01:24:35.296557 2026] [authz_core:debug] [pid 652640:tid 652640] mod_authz_core.c(815): [client 2001:b011:7803:3948:214e:627:2d94:a06f:57563] AH01626: authorization result of Require all granted: granted, referer: https://www.ilc.edu.tw/
