[Sat Aug 22 01:15:51.529277 2026] [authz_core:debug] [pid 642838:tid 642838] mod_authz_core.c(815): [client 2401:e180:8d80:24e4:603a:c80b:2f:8ea4:52853] AH01626: authorization result of : granted, referer: https://2blog.ilc.edu.tw/868/44176/
[Sat Aug 22 01:15:51.533490 2026] [deflate:debug] [pid 642838:tid 642838] mod_deflate.c(909): [client 2401:e180:8d80:24e4:603a:c80b:2f:8ea4:52853] AH01384: Zlib: Compressed 101298 to 34531 : URL /wp-content/cache/2blog.ilc.edu.tw/wpfc-minified/dj3aok4x/5woku.js, referer: https://2blog.ilc.edu.tw/868/44176/
[Sat Aug 22 01:15:51.536216 2026] [ssl:debug] [pid 643053:tid 643053] ssl_engine_kernel.c(254): [client 2401:e180:8d80:24e4:603a:c80b:2f:8ea4:52854] AH02034: Initial (No.1) HTTPS request received for child 9 (server 2blog.ilc.edu.tw:443), referer: https://2blog.ilc.edu.tw/868/44176/
[Sat Aug 22 01:15:51.536395 2026] [authz_core:debug] [pid 643053:tid 643053] mod_authz_core.c(815): [client 2401:e180:8d80:24e4:603a:c80b:2f:8ea4:52854] AH01626: authorization result of Require all granted: granted, referer: https://2blog.ilc.edu.tw/868/44176/
[Sat Aug 22 01:15:51.536400 2026] [authz_core:debug] [pid 643053:tid 643053] mod_authz_core.c(815): [client 2401:e180:8d80:24e4:603a:c80b:2f:8ea4:52854] AH01626: authorization result of : granted, referer: https://2blog.ilc.edu.tw/868/44176/
[Sat Aug 22 01:15:51.536801 2026] [authz_core:debug] [pid 643053:tid 643053] mod_authz_core.c(815): [client 2401:e180:8d80:24e4:603a:c80b:2f:8ea4:52854] AH01626: authorization result of Require all granted: granted, referer: https://2blog.ilc.edu.tw/868/44176/
[Sat Aug 22 01:15:51.536810 2026] [authz_core:debug] [pid 643053:tid 643053] mod_authz_core.c(815): [client 2401:e180:8d80:24e4:603a:c80b:2f:8ea4:52854] AH01626: authorization result of : granted, referer: https://2blog.ilc.edu.tw/868/44176/
[Sat Aug 22 01:15:51.537069 2026] [deflate:debug] [pid 643053:tid 643053] mod_deflate.c(909): [client 2401:e180:8d80:24e4:603a:c80b:2f:8ea4:52854] AH01384: Zlib: Compressed 1473 to 745 : URL /wp-content/cache/2blog.ilc.edu.tw/wpfc-minified/1gd3zqn9/5wovy.js, referer: https://2blog.ilc.edu.tw/868/44176/
[Sat Aug 22 01:15:51.544417 2026] [ssl:debug] [pid 642890:tid 642890] ssl_engine_kernel.c(254): [client 2401:e180:8d80:24e4:603a:c80b:2f:8ea4:52850] AH02034: Subsequent (No.4) HTTPS request received for child 28 (server 2blog.ilc.edu.tw:443), referer: https://2blog.ilc.edu.tw/868/44176/
[Sat Aug 22 01:15:51.544655 2026] [authz_core:debug] [pid 642890:tid 642890] mod_authz_core.c(815): [client 2401:e180:8d80:24e4:603a:c80b:2f:8ea4:52850] AH01626: authorization result of Require all granted: granted, referer: https://2blog.ilc.edu.tw/868/44176/
[Sat Aug 22 01:15:51.544663 2026] [authz_core:debug] [pid 642890:tid 642890] mod_authz_core.c(815): [client 2401:e180:8d80:24e4:603a:c80b:2f:8ea4:52850] AH01626: authorization result of : granted, referer: https://2blog.ilc.edu.tw/868/44176/
[Sat Aug 22 01:15:51.544867 2026] [authz_core:debug] [pid 642890:tid 642890] mod_authz_core.c(815): [client 2401:e180:8d80:24e4:603a:c80b:2f:8ea4:52850] AH01626: authorization result of Require all granted: granted, referer: https://2blog.ilc.edu.tw/868/44176/
[Sat Aug 22 01:15:51.544874 2026] [authz_core:debug] [pid 642890:tid 642890] mod_authz_core.c(815): [client 2401:e180:8d80:24e4:603a:c80b:2f:8ea4:52850] AH01626: authorization result of : granted, referer: https://2blog.ilc.edu.tw/868/44176/
[Sat Aug 22 01:15:51.552317 2026] [ssl:debug] [pid 643013:tid 643013] ssl_engine_kernel.c(254): [client 2401:e180:8d80:24e4:603a:c80b:2f:8ea4:52849] AH02034: Subsequent (No.3) HTTPS request received for child 33 (server 2blog.ilc.edu.tw:443), referer: https://2blog.ilc.edu.tw/868/44176/
[Sat Aug 22 01:15:51.552549 2026] [authz_core:debug] [pid 643013:tid 643013] mod_authz_core.c(815): [client 2401:e180:8d80:24e4:603a:c80b:2f:8ea4:52849] AH01626: authorization result of Require all granted: granted, referer: https://2blog.ilc.edu.tw/868/44176/
[Sat Aug 22 01:15:51.552556 2026] [authz_core:debug] [pid 643013:tid 643013] mod_authz_core.c(815): [client 2401:e180:8d80:24e4:603a:c80b:2f:8ea4:52849] AH01626: authorization result of : granted, referer: https://2blog.ilc.edu.tw/868/44176/
[Sat Aug 22 01:15:51.552760 2026] [authz_core:debug] [pid 643013:tid 643013] mod_authz_core.c(815): [client 2401:e180:8d80:24e4:603a:c80b:2f:8ea4:52849] AH01626: authorization result of Require all granted: granted, referer: https://2blog.ilc.edu.tw/868/44176/
[Sat Aug 22 01:15:51.552767 2026] [authz_core:debug] [pid 643013:tid 643013] mod_authz_core.c(815): [client 2401:e180:8d80:24e4:603a:c80b:2f:8ea4:52849] AH01626: authorization result of : granted, referer: https://2blog.ilc.edu.tw/868/44176/
[Sat Aug 22 01:15:51.573440 2026] [ssl:debug] [pid 643053:tid 643053] ssl_engine_kernel.c(254): [client 2401:e180:8d80:24e4:603a:c80b:2f:8ea4:52854] AH02034: Subsequent (No.2) HTTPS request received for child 9 (server 2blog.ilc.edu.tw:443), referer: https://2blog.ilc.edu.tw/868/44176/
[Sat Aug 22 01:15:51.573693 2026] [authz_core:debug] [pid 643053:tid 643053] mod_authz_core.c(815): [client 2401:e180:8d80:24e4:603a:c80b:2f:8ea4:52854] AH01626: authorization result of Require all granted: granted, referer: https://2blog.ilc.edu.tw/868/44176/
[Sat Aug 22 01:15:51.573700 2026] [authz_core:debug] [pid 643053:tid 643053] mod_authz_core.c(815): [client 2401:e180:8d80:24e4:603a:c80b:2f:8ea4:52854] AH01626: authorization result of : granted, referer: https://2blog.ilc.edu.tw/868/44176/
[Sat Aug 22 01:15:51.573853 2026] [authz_core:debug] [pid 643053:tid 643053] mod_authz_core.c(815): [client 2401:e180:8d80:24e4:603a:c80b:2f:8ea4:52854] AH01626: authorization result of Require all granted: granted, referer: https://2blog.ilc.edu.tw/868/44176/
[Sat Aug 22 01:15:51.573858 2026] [authz_core:debug] [pid 643053:tid 643053] mod_authz_core.c(815): [client 2401:e180:8d80:24e4:603a:c80b:2f:8ea4:52854] AH01626: authorization result of : granted, referer: https://2blog.ilc.edu.tw/868/44176/
[Sat Aug 22 01:15:51.594515 2026] [ssl:debug] [pid 642866:tid 642866] ssl_engine_kernel.c(254): [client 2401:e180:8d80:24e4:603a:c80b:2f:8ea4:52852] AH02034: Subsequent (No.2) HTTPS request received for child 20 (server 2blog.ilc.edu.tw:443), referer: https://2blog.ilc.edu.tw/868/44176/
[Sat Aug 22 01:15:51.594515 2026] [ssl:debug] [pid 642890:tid 642890] ssl_engine_kernel.c(254): [client 2401:e180:8d80:24e4:603a:c80b:2f:8ea4:52850] AH02034: Subsequent (No.5) HTTPS request received for child 28 (server 2blog.ilc.edu.tw:443), referer: https://2blog.ilc.edu.tw/868/44176/
[Sat Aug 22 01:15:51.594710 2026] [authz_core:debug] [pid 642866:tid 642866] mod_authz_core.c(815): [client 2401:e180:8d80:24e4:603a:c80b:2f:8ea4:52852] AH01626: authorization result of Require all granted: granted, referer: https://2blog.ilc.edu.tw/868/44176/
[Sat Aug 22 01:15:51.594711 2026] [authz_core:debug] [pid 642890:tid 642890] mod_authz_core.c(815): [client 2401:e180:8d80:24e4:603a:c80b:2f:8ea4:52850] AH01626: authorization result of Require all granted: granted, referer: https://2blog.ilc.edu.tw/868/44176/
[Sat Aug 22 01:15:51.594716 2026] [authz_core:debug] [pid 642866:tid 642866] mod_authz_core.c(815): [client 2401:e180:8d80:24e4:603a:c80b:2f:8ea4:52852] AH01626: authorization result of : granted, referer: https://2blog.ilc.edu.tw/868/44176/
[Sat Aug 22 01:15:51.594719 2026] [authz_core:debug] [pid 642890:tid 642890] mod_authz_core.c(815): [client 2401:e180:8d80:24e4:603a:c80b:2f:8ea4:52850] AH01626: authorization result of : granted, referer: https://2blog.ilc.edu.tw/868/44176/
[Sat Aug 22 01:15:51.594866 2026] [authz_core:debug] [pid 642866:tid 642866] mod_authz_core.c(815): [client 2401:e180:8d80:24e4:603a:c80b:2f:8ea4:52852] AH01626: authorization result of Require all granted: granted, referer: https://2blog.ilc.edu.tw/868/44176/
[Sat Aug 22 01:15:51.594866 2026] [authz_core:debug] [pid 642890:tid 642890] mod_authz_core.c(815): [client 2401:e180:8d80:24e4:603a:c80b:2f:8ea4:52850] AH01626: authorization result of Require all granted: granted, referer: https://2blog.ilc.edu.tw/868/44176/
[Sat Aug 22 01:15:51.594871 2026] [authz_core:debug] [pid 642866:tid 642866] mod_authz_core.c(815): [client 2401:e180:8d80:24e4:603a:c80b:2f:8ea4:52852] AH01626: authorization result of : granted, referer: https://2blog.ilc.edu.tw/868/44176/
[Sat Aug 22 01:15:51.594874 2026] [authz_core:debug] [pid 642890:tid 642890] mod_authz_core.c(815): [client 2401:e180:8d80:24e4:603a:c80b:2f:8ea4:52850] AH01626: authorization result of : granted, referer: https://2blog.ilc.edu.tw/868/44176/
[Sat Aug 22 01:15:51.602302 2026] [ssl:debug] [pid 643013:tid 643013] ssl_engine_kernel.c(254): [client 2401:e180:8d80:24e4:603a:c80b:2f:8ea4:52849] AH02034: Subsequent (No.4) HTTPS request received for child 33 (server 2blog.ilc.edu.tw:443), referer: https://2blog.ilc.edu.tw/868/44176/
[Sat Aug 22 01:15:51.602354 2026] [ssl:debug] [pid 642886:tid 642886] ssl_engine_kernel.c(254): [client 2401:e180:8d80:24e4:603a:c80b:2f:8ea4:52851] AH02034: Subsequent (No.2) HTTPS request received for child 27 (server 2blog.ilc.edu.tw:443), referer: https://2blog.ilc.edu.tw/868/44176/
[Sat Aug 22 01:15:51.602483 2026] [authz_core:debug] [pid 643013:tid 643013] mod_authz_core.c(815): [client 2401:e180:8d80:24e4:603a:c80b:2f:8ea4:52849] AH01626: authorization result of Require all granted: granted, referer: https://2blog.ilc.edu.tw/868/44176/
[Sat Aug 22 01:15:51.602489 2026] [authz_core:debug] [pid 643013:tid 643013] mod_authz_core.c(815): [client 2401:e180:8d80:24e4:603a:c80b:2f:8ea4:52849] AH01626: authorization result of : granted, referer: https://2blog.ilc.edu.tw/868/44176/
[Sat Aug 22 01:15:51.602503 2026] [authz_core:debug] [pid 642886:tid 642886] mod_authz_core.c(815): [client 2401:e180:8d80:24e4:603a:c80b:2f:8ea4:52851] AH01626: authorization result of Require all granted: granted, referer: https://2blog.ilc.edu.tw/868/44176/
[Sat Aug 22 01:15:51.602509 2026] [authz_core:debug] [pid 642886:tid 642886] mod_authz_core.c(815): [client 2401:e180:8d80:24e4:603a:c80b:2f:8ea4:52851] AH01626: authorization result of : granted, referer: https://2blog.ilc.edu.tw/868/44176/
[Sat Aug 22 01:15:51.602616 2026] [authz_core:debug] [pid 642886:tid 642886] mod_authz_core.c(815): [client 2401:e180:8d80:24e4:603a:c80b:2f:8ea4:52851] AH01626: authorization result of Require all granted: granted, referer: https://2blog.ilc.edu.tw/868/44176/
[Sat Aug 22 01:15:51.602620 2026] [authz_core:debug] [pid 642886:tid 642886] mod_authz_core.c(815): [client 2401:e180:8d80:24e4:603a:c80b:2f:8ea4:52851] AH01626: authorization result of : granted, referer: https://2blog.ilc.edu.tw/868/44176/
[Sat Aug 22 01:15:51.602625 2026] [authz_core:debug] [pid 643013:tid 643013] mod_authz_core.c(815): [client 2401:e180:8d80:24e4:603a:c80b:2f:8ea4:52849] AH01626: authorization result of Require all granted: granted, referer: https://2blog.ilc.edu.tw/868/44176/
[Sat Aug 22 01:15:51.602630 2026] [authz_core:debug] [pid 643013:tid 643013] mod_authz_core.c(815): [client 2401:e180:8d80:24e4:603a:c80b:2f:8ea4:52849] AH01626: authorization result of : granted, referer: https://2blog.ilc.edu.tw/868/44176/
[Sat Aug 22 01:15:51.602741 2026] [deflate:debug] [pid 642886:tid 642886] mod_deflate.c(909): [client 2401:e180:8d80:24e4:603a:c80b:2f:8ea4:52851] AH01384: Zlib: Compressed 1718 to 700 : URL /wp-includes/js/hoverintent-js.min.js, referer: https://2blog.ilc.edu.tw/868/44176/
[Sat Aug 22 01:15:51.602947 2026] [ssl:debug] [pid 642838:tid 642838] ssl_engine_kernel.c(254): [client 2401:e180:8d80:24e4:603a:c80b:2f:8ea4:52853] AH02034: Subsequent (No.2) HTTPS request received for child 6 (server 2blog.ilc.edu.tw:443), referer: https://2blog.ilc.edu.tw/868/44176/
[Sat Aug 22 01:15:51.603066 2026] [authz_core:debug] [pid 642838:tid 642838] mod_authz_core.c(815): [client 2401:e180:8d80:24e4:603a:c80b:2f:8ea4:52853] AH01626: authorization result of Require all granted: granted, referer: https://2blog.ilc.edu.tw/868/44176/
[Sat Aug 22 01:15:51.603069 2026] [authz_core:debug] [pid 642838:tid 642838] mod_authz_core.c(815): [client 2401:e180:8d80:24e4:603a:c80b:2f:8ea4:52853] AH01626: authorization result of : granted, referer: https://2blog.ilc.edu.tw/868/44176/
[Sat Aug 22 01:15:51.603653 2026] [authz_core:debug] [pid 642838:tid 642838] mod_authz_core.c(815): [client 2401:e180:8d80:24e4:603a:c80b:2f:8ea4:52853] AH01626: authorization result of Require all granted: granted, referer: https://2blog.ilc.edu.tw/868/44176/
[Sat Aug 22 01:15:51.603662 2026] [authz_core:debug] [pid 642838:tid 642838] mod_authz_core.c(815): [client 2401:e180:8d80:24e4:603a:c80b:2f:8ea4:52853] AH01626: authorization result of : granted, referer: https://2blog.ilc.edu.tw/868/44176/
[Sat Aug 22 01:15:51.637420 2026] [ssl:debug] [pid 642866:tid 642866] ssl_engine_kernel.c(254): [client 2401:e180:8d80:24e4:603a:c80b:2f:8ea4:52852] AH02034: Subsequent (No.3) HTTPS request received for child 20 (server 2blog.ilc.edu.tw:443), referer: https://2blog.ilc.edu.tw/868/44176/
[Sat Aug 22 01:15:51.637446 2026] [ssl:debug] [pid 642890:tid 642890] ssl_engine_kernel.c(254): [client 2401:e180:8d80:24e4:603a:c80b:2f:8ea4:52850] AH02034: Subsequent (No.6) HTTPS request received for child 28 (server 2blog.ilc.edu.tw:443), referer: https://2blog.ilc.edu.tw/868/44176/
[Sat Aug 22 01:15:51.637606 2026] [authz_core:debug] [pid 642866:tid 642866] mod_authz_core.c(815): [client 2401:e180:8d80:24e4:603a:c80b:2f:8ea4:52852] AH01626: authorization result of Require all granted: granted, referer: https://2blog.ilc.edu.tw/868/44176/
[Sat Aug 22 01:15:51.637611 2026] [authz_core:debug] [pid 642866:tid 642866] mod_authz_core.c(815): [client 2401:e180:8d80:24e4:603a:c80b:2f:8ea4:52852] AH01626: authorization result of : granted, referer: https://2blog.ilc.edu.tw/868/44176/
[Sat Aug 22 01:15:51.637627 2026] [authz_core:debug] [pid 642890:tid 642890] mod_authz_core.c(815): [client 2401:e180:8d80:24e4:603a:c80b:2f:8ea4:52850] AH01626: authorization result of Require all granted: granted, referer: https://2blog.ilc.edu.tw/868/44176/
[Sat Aug 22 01:15:51.637636 2026] [authz_core:debug] [pid 642890:tid 642890] mod_authz_core.c(815): [client 2401:e180:8d80:24e4:603a:c80b:2f:8ea4:52850] AH01626: authorization result of : granted, referer: https://2blog.ilc.edu.tw/868/44176/
[Sat Aug 22 01:15:51.637735 2026] [authz_core:debug] [pid 642866:tid 642866] mod_authz_core.c(815): [client 2401:e180:8d80:24e4:603a:c80b:2f:8ea4:52852] AH01626: authorization result of Require all granted: granted, referer: https://2blog.ilc.edu.tw/868/44176/
[Sat Aug 22 01:15:51.637740 2026] [authz_core:debug] [pid 642866:tid 642866] mod_authz_core.c(815): [client 2401:e180:8d80:24e4:603a:c80b:2f:8ea4:52852] AH01626: authorization result of : granted, referer: https://2blog.ilc.edu.tw/868/44176/
[Sat Aug 22 01:15:51.637780 2026] [authz_core:debug] [pid 642890:tid 642890] mod_authz_core.c(815): [client 2401:e180:8d80:24e4:603a:c80b:2f:8ea4:52850] AH01626: authorization result of Require all granted: granted, referer: https://2blog.ilc.edu.tw/868/44176/
[Sat Aug 22 01:15:51.637786 2026] [authz_core:debug] [pid 642890:tid 642890] mod_authz_core.c(815): [client 2401:e180:8d80:24e4:603a:c80b:2f:8ea4:52850] AH01626: authorization result of : granted, referer: https://2blog.ilc.edu.tw/868/44176/
[Sat Aug 22 01:15:51.637961 2026] [deflate:debug] [pid 642890:tid 642890] mod_deflate.c(909): [client 2401:e180:8d80:24e4:603a:c80b:2f:8ea4:52850] AH01384: Zlib: Compressed 3487 to 1339 : URL /wp-includes/js/admin-bar.min.js, referer: https://2blog.ilc.edu.tw/868/44176/
[Sat Aug 22 01:15:51.638192 2026] [ssl:debug] [pid 643053:tid 643053] ssl_engine_kernel.c(254): [client 2401:e180:8d80:24e4:603a:c80b:2f:8ea4:52854] AH02034: Subsequent (No.3) HTTPS request received for child 9 (server 2blog.ilc.edu.tw:443), referer: https://2blog.ilc.edu.tw/868/44176/
[Sat Aug 22 01:15:51.638303 2026] [deflate:debug] [pid 642866:tid 642866] mod_deflate.c(909): [client 2401:e180:8d80:24e4:603a:c80b:2f:8ea4:52852] AH01384: Zlib: Compressed 18833 to 7293 : URL /wp-includes/js/underscore.min.js, referer: https://2blog.ilc.edu.tw/868/44176/
[Sat Aug 22 01:15:51.638375 2026] [authz_core:debug] [pid 643053:tid 643053] mod_authz_core.c(815): [client 2401:e180:8d80:24e4:603a:c80b:2f:8ea4:52854] AH01626: authorization result of Require all granted: granted, referer: https://2blog.ilc.edu.tw/868/44176/
[Sat Aug 22 01:15:51.638384 2026] [authz_core:debug] [pid 643053:tid 643053] mod_authz_core.c(815): [client 2401:e180:8d80:24e4:603a:c80b:2f:8ea4:52854] AH01626: authorization result of : granted, referer: https://2blog.ilc.edu.tw/868/44176/
[Sat Aug 22 01:15:51.638598 2026] [authz_core:debug] [pid 643053:tid 643053] mod_authz_core.c(815): [client 2401:e180:8d80:24e4:603a:c80b:2f:8ea4:52854] AH01626: authorization result of Require all granted: granted, referer: https://2blog.ilc.edu.tw/868/44176/
[Sat Aug 22 01:15:51.638607 2026] [authz_core:debug] [pid 643053:tid 643053] mod_authz_core.c(815): [client 2401:e180:8d80:24e4:603a:c80b:2f:8ea4:52854] AH01626: authorization result of : granted, referer: https://2blog.ilc.edu.tw/868/44176/
[Sat Aug 22 01:15:51.641186 2026] [deflate:debug] [pid 643053:tid 643053] mod_deflate.c(909): [client 2401:e180:8d80:24e4:603a:c80b:2f:8ea4:52854] AH01384: Zlib: Compressed 77376 to 21656 : URL /wp-content/themes/hueman/assets/front/js/scripts.min.js, referer: https://2blog.ilc.edu.tw/868/44176/
[Sat Aug 22 01:15:51.678498 2026] [ssl:debug] [pid 643013:tid 643013] ssl_engine_kernel.c(254): [client 2401:e180:8d80:24e4:603a:c80b:2f:8ea4:52849] AH02034: Subsequent (No.5) HTTPS request received for child 33 (server 2blog.ilc.edu.tw:443), referer: https://2blog.ilc.edu.tw/868/44176/
[Sat Aug 22 01:15:51.678724 2026] [authz_core:debug] [pid 643013:tid 643013] mod_authz_core.c(815): [client 2401:e180:8d80:24e4:603a:c80b:2f:8ea4:52849] AH01626: authorization result of Require all granted: granted, referer: https://2blog.ilc.edu.tw/868/44176/
[Sat Aug 22 01:15:51.678731 2026] [authz_core:debug] [pid 643013:tid 643013] mod_authz_core.c(815): [client 2401:e180:8d80:24e4:603a:c80b:2f:8ea4:52849] AH01626: authorization result of : granted, referer: https://2blog.ilc.edu.tw/868/44176/
[Sat Aug 22 01:15:51.678919 2026] [authz_core:debug] [pid 643013:tid 643013] mod_authz_core.c(815): [client 2401:e180:8d80:24e4:603a:c80b:2f:8ea4:52849] AH01626: authorization result of Require all granted: granted, referer: https://2blog.ilc.edu.tw/868/44176/
[Sat Aug 22 01:15:51.678928 2026] [authz_core:debug] [pid 643013:tid 643013] mod_authz_core.c(815): [client 2401:e180:8d80:24e4:603a:c80b:2f:8ea4:52849] AH01626: authorization result of : granted, referer: https://2blog.ilc.edu.tw/868/44176/
[Sat Aug 22 01:15:51.683429 2026] [ssl:debug] [pid 642886:tid 642886] ssl_engine_kernel.c(254): [client 2401:e180:8d80:24e4:603a:c80b:2f:8ea4:52851] AH02034: Subsequent (No.3) HTTPS request received for child 27 (server 2blog.ilc.edu.tw:443), referer: https://2blog.ilc.edu.tw/868/44176/
[Sat Aug 22 01:15:51.683629 2026] [authz_core:debug] [pid 642886:tid 642886] mod_authz_core.c(815): [client 2401:e180:8d80:24e4:603a:c80b:2f:8ea4:52851] AH01626: authorization result of Require all granted: granted, referer: https://2blog.ilc.edu.tw/868/44176/
[Sat Aug 22 01:15:51.683636 2026] [authz_core:debug] [pid 642886:tid 642886] mod_authz_core.c(815): [client 2401:e180:8d80:24e4:603a:c80b:2f:8ea4:52851] AH01626: authorization result of : granted, referer: https://2blog.ilc.edu.tw/868/44176/
[Sat Aug 22 01:15:51.684061 2026] [authz_core:debug] [pid 642886:tid 642886] mod_authz_core.c(815): [client 2401:e180:8d80:24e4:603a:c80b:2f:8ea4:52851] AH01626: authorization result of Require all granted: granted, referer: https://2blog.ilc.edu.tw/868/44176/
[Sat Aug 22 01:15:51.684068 2026] [authz_core:debug] [pid 642886:tid 642886] mod_authz_core.c(815): [client 2401:e180:8d80:24e4:603a:c80b:2f:8ea4:52851] AH01626: authorization result of : granted, referer: https://2blog.ilc.edu.tw/868/44176/
[Sat Aug 22 01:15:51.822352 2026] [ssl:debug] [pid 642838:tid 642838] ssl_engine_kernel.c(254): [client 2401:e180:8d80:24e4:603a:c80b:2f:8ea4:52853] AH02034: Subsequent (No.3) HTTPS request received for child 6 (server 2blog.ilc.edu.tw:443), referer: https://2blog.ilc.edu.tw/868/44176/
[Sat Aug 22 01:15:51.822572 2026] [authz_core:debug] [pid 642838:tid 642838] mod_authz_core.c(815): [client 2401:e180:8d80:24e4:603a:c80b:2f:8ea4:52853] AH01626: authorization result of Require all granted: granted, referer: https://2blog.ilc.edu.tw/868/44176/
[Sat Aug 22 01:15:51.822581 2026] [authz_core:debug] [pid 642838:tid 642838] mod_authz_core.c(815): [client 2401:e180:8d80:24e4:603a:c80b:2f:8ea4:52853] AH01626: authorization result of : granted, referer: https://2blog.ilc.edu.tw/868/44176/
[Sat Aug 22 01:15:51.822760 2026] [authz_core:debug] [pid 642838:tid 642838] mod_authz_core.c(815): [client 2401:e180:8d80:24e4:603a:c80b:2f:8ea4:52853] AH01626: authorization result of Require all granted: granted, referer: https://2blog.ilc.edu.tw/868/44176/
[Sat Aug 22 01:15:51.822771 2026] [authz_core:debug] [pid 642838:tid 642838] mod_authz_core.c(815): [client 2401:e180:8d80:24e4:603a:c80b:2f:8ea4:52853] AH01626: authorization result of : granted, referer: https://2blog.ilc.edu.tw/868/44176/
[Sat Aug 22 01:15:51.836331 2026] [ssl:debug] [pid 642821:tid 642821] ssl_engine_kernel.c(254): [client 240e:910:e000:811::13d6:45270] AH02034: Subsequent (No.7) HTTPS request received for child 40 (server 2blog.ilc.edu.tw:443), referer: https://2blog.ilc.edu.tw/gecko1127/
[Sat Aug 22 01:15:51.836546 2026] [authz_core:debug] [pid 642821:tid 642821] mod_authz_core.c(815): [client 240e:910:e000:811::13d6:45270] AH01626: authorization result of Require all granted: granted, referer: https://2blog.ilc.edu.tw/gecko1127/
[Sat Aug 22 01:15:51.836555 2026] [authz_core:debug] [pid 642821:tid 642821] mod_authz_core.c(815): [client 240e:910:e000:811::13d6:45270] AH01626: authorization result of : granted, referer: https://2blog.ilc.edu.tw/gecko1127/
[Sat Aug 22 01:15:51.841107 2026] [authz_core:debug] [pid 642821:tid 642821] mod_authz_core.c(815): [client 240e:910:e000:811::13d6:45270] AH01626: authorization result of Require all granted: granted, referer: https://2blog.ilc.edu.tw/gecko1127/
[Sat Aug 22 01:15:51.841126 2026] [authz_core:debug] [pid 642821:tid 642821] mod_authz_core.c(815): [client 240e:910:e000:811::13d6:45270] AH01626: authorization result of : granted, referer: https://2blog.ilc.edu.tw/gecko1127/
[Sat Aug 22 01:15:51.865293 2026] [ssl:debug] [pid 642890:tid 642890] ssl_engine_kernel.c(254): [client 2401:e180:8d80:24e4:603a:c80b:2f:8ea4:52850] AH02034: Subsequent (No.7) HTTPS request received for child 28 (server 2blog.ilc.edu.tw:443), referer: https://2blog.ilc.edu.tw/868/44176/
[Sat Aug 22 01:15:51.865307 2026] [ssl:debug] [pid 642866:tid 642866] ssl_engine_kernel.c(254): [client 2401:e180:8d80:24e4:603a:c80b:2f:8ea4:52852] AH02034: Subsequent (No.4) HTTPS request received for child 20 (server 2blog.ilc.edu.tw:443), referer: https://2blog.ilc.edu.tw/868/44176/
[Sat Aug 22 01:15:51.865478 2026] [authz_core:debug] [pid 642866:tid 642866] mod_authz_core.c(815): [client 2401:e180:8d80:24e4:603a:c80b:2f:8ea4:52852] AH01626: authorization result of Require all granted: granted, referer: https://2blog.ilc.edu.tw/868/44176/
[Sat Aug 22 01:15:51.865484 2026] [authz_core:debug] [pid 642866:tid 642866] mod_authz_core.c(815): [client 2401:e180:8d80:24e4:603a:c80b:2f:8ea4:52852] AH01626: authorization result of : granted, referer: https://2blog.ilc.edu.tw/868/44176/
[Sat Aug 22 01:15:51.865508 2026] [authz_core:debug] [pid 642890:tid 642890] mod_authz_core.c(815): [client 2401:e180:8d80:24e4:603a:c80b:2f:8ea4:52850] AH01626: authorization result of Require all granted: granted, referer: https://2blog.ilc.edu.tw/868/44176/
[Sat Aug 22 01:15:51.865518 2026] [authz_core:debug] [pid 642890:tid 642890] mod_authz_core.c(815): [client 2401:e180:8d80:24e4:603a:c80b:2f:8ea4:52850] AH01626: authorization result of : granted, referer: https://2blog.ilc.edu.tw/868/44176/
[Sat Aug 22 01:15:51.865621 2026] [authz_core:debug] [pid 642866:tid 642866] mod_authz_core.c(815): [client 2401:e180:8d80:24e4:603a:c80b:2f:8ea4:52852] AH01626: authorization result of Require all granted: granted, referer: https://2blog.ilc.edu.tw/868/44176/
[Sat Aug 22 01:15:51.865625 2026] [authz_core:debug] [pid 642866:tid 642866] mod_authz_core.c(815): [client 2401:e180:8d80:24e4:603a:c80b:2f:8ea4:52852] AH01626: authorization result of : granted, referer: https://2blog.ilc.edu.tw/868/44176/
[Sat Aug 22 01:15:51.865676 2026] [authz_core:debug] [pid 642890:tid 642890] mod_authz_core.c(815): [client 2401:e180:8d80:24e4:603a:c80b:2f:8ea4:52850] AH01626: authorization result of Require all granted: granted, referer: https://2blog.ilc.edu.tw/868/44176/
[Sat Aug 22 01:15:51.865682 2026] [authz_core:debug] [pid 642890:tid 642890] mod_authz_core.c(815): [client 2401:e180:8d80:24e4:603a:c80b:2f:8ea4:52850] AH01626: authorization result of : granted, referer: https://2blog.ilc.edu.tw/868/44176/
[Sat Aug 22 01:15:51.866215 2026] [ssl:debug] [pid 643053:tid 643053] ssl_engine_kernel.c(254): [client 2401:e180:8d80:24e4:603a:c80b:2f:8ea4:52854] AH02034: Subsequent (No.4) HTTPS request received for child 9 (server 2blog.ilc.edu.tw:443), referer: https://2blog.ilc.edu.tw/868/44176/
[Sat Aug 22 01:15:51.866356 2026] [authz_core:debug] [pid 643053:tid 643053] mod_authz_core.c(815): [client 2401:e180:8d80:24e4:603a:c80b:2f:8ea4:52854] AH01626: authorization result of Require all granted: granted, referer: https://2blog.ilc.edu.tw/868/44176/
[Sat Aug 22 01:15:51.866362 2026] [authz_core:debug] [pid 643053:tid 643053] mod_authz_core.c(815): [client 2401:e180:8d80:24e4:603a:c80b:2f:8ea4:52854] AH01626: authorization result of : granted, referer: https://2blog.ilc.edu.tw/868/44176/
[Sat Aug 22 01:15:51.866478 2026] [authz_core:debug] [pid 643053:tid 643053] mod_authz_core.c(815): [client 2401:e180:8d80:24e4:603a:c80b:2f:8ea4:52854] AH01626: authorization result of Require all granted: granted, referer: https://2blog.ilc.edu.tw/868/44176/
[Sat Aug 22 01:15:51.866482 2026] [authz_core:debug] [pid 643053:tid 643053] mod_authz_core.c(815): [client 2401:e180:8d80:24e4:603a:c80b:2f:8ea4:52854] AH01626: authorization result of : granted, referer: https://2blog.ilc.edu.tw/868/44176/
[Sat Aug 22 01:15:51.913933 2026] [ssl:info] [pid 644020:tid 644020] (70014)End of file found: [client 20.125.101.194:63945] AH01992: SSL library error 6 reading data
[Sat Aug 22 01:15:51.914011 2026] [ssl:debug] [pid 644020:tid 644020] ssl_engine_io.c(1150): [client 20.125.101.194:63945] AH02001: Connection closed to child 7 with standard shutdown (server www.najh.ilc.edu.tw:443)
[Sat Aug 22 01:15:52.090656 2026] [watchdog:debug] [pid 647636:tid 647636] mod_watchdog.c(559): AH02980: Watchdog: nothing configured?
[Sat Aug 22 01:15:52.608338 2026] [authz_core:debug] [pid 647614:tid 647614] mod_authz_core.c(815): [client 2400:e920:0:2:f45d:ddff:fe00:7a:60160] AH01626: authorization result of Require all granted: granted, referer: http://ilta.ilc.edu.tw
[Sat Aug 22 01:15:52.608364 2026] [authz_core:debug] [pid 647614:tid 647614] mod_authz_core.c(815): [client 2400:e920:0:2:f45d:ddff:fe00:7a:60160] AH01626: authorization result of : granted, referer: http://ilta.ilc.edu.tw
[Sat Aug 22 01:15:52.705231 2026] [ssl:info] [pid 642886:tid 642886] (104)Connection reset by peer: [client 2401:e180:8d80:24e4:603a:c80b:2f:8ea4:52851] AH01991: SSL input filter read failed.
[Sat Aug 22 01:15:52.705245 2026] [ssl:info] [pid 643013:tid 643013] (104)Connection reset by peer: [client 2401:e180:8d80:24e4:603a:c80b:2f:8ea4:52849] AH01991: SSL input filter read failed.
[Sat Aug 22 01:15:52.705299 2026] [ssl:debug] [pid 642886:tid 642886] ssl_engine_io.c(1150): [client 2401:e180:8d80:24e4:603a:c80b:2f:8ea4:52851] AH02001: Connection closed to child 27 with standard shutdown (server 2blog.ilc.edu.tw:443)
[Sat Aug 22 01:15:52.705299 2026] [ssl:debug] [pid 643013:tid 643013] ssl_engine_io.c(1150): [client 2401:e180:8d80:24e4:603a:c80b:2f:8ea4:52849] AH02001: Connection closed to child 33 with standard shutdown (server 2blog.ilc.edu.tw:443)
[Sat Aug 22 01:15:52.907143 2026] [ssl:info] [pid 642890:tid 642890] (104)Connection reset by peer: [client 2401:e180:8d80:24e4:603a:c80b:2f:8ea4:52850] AH01991: SSL input filter read failed.
[Sat Aug 22 01:15:52.907143 2026] [ssl:info] [pid 642866:tid 642866] (104)Connection reset by peer: [client 2401:e180:8d80:24e4:603a:c80b:2f:8ea4:52852] AH01991: SSL input filter read failed.
[Sat Aug 22 01:15:52.907209 2026] [ssl:debug] [pid 642890:tid 642890] ssl_engine_io.c(1150): [client 2401:e180:8d80:24e4:603a:c80b:2f:8ea4:52850] AH02001: Connection closed to child 28 with standard shutdown (server 2blog.ilc.edu.tw:443)
[Sat Aug 22 01:15:52.907219 2026] [ssl:debug] [pid 642866:tid 642866] ssl_engine_io.c(1150): [client 2401:e180:8d80:24e4:603a:c80b:2f:8ea4:52852] AH02001: Connection closed to child 20 with standard shutdown (server 2blog.ilc.edu.tw:443)
[Sat Aug 22 01:15:52.923198 2026] [ssl:info] [pid 643053:tid 643053] (104)Connection reset by peer: [client 2401:e180:8d80:24e4:603a:c80b:2f:8ea4:52854] AH01991: SSL input filter read failed.
[Sat Aug 22 01:15:52.923278 2026] [ssl:debug] [pid 643053:tid 643053] ssl_engine_io.c(1150): [client 2401:e180:8d80:24e4:603a:c80b:2f:8ea4:52854] AH02001: Connection closed to child 9 with standard shutdown (server 2blog.ilc.edu.tw:443)
[Sat Aug 22 01:15:52.925536 2026] [ssl:info] [pid 643051:tid 643051] [client 2400:e920:0:2:f45d:ddff:fe00:7a:60177] AH01964: Connection to child 5 established (server 2blog.ilc.edu.tw:443)
[Sat Aug 22 01:15:52.925774 2026] [ssl:debug] [pid 643051:tid 643051] ssl_engine_kernel.c(2222): [client 2400:e920:0:2:f45d:ddff:fe00:7a:60177] AH02043: SSL virtual host for servername ilta.ilc.edu.tw found
[Sat Aug 22 01:15:52.925824 2026] [core:debug] [pid 643051:tid 643051] protocol.c(2460): [client 2400:e920:0:2:f45d:ddff:fe00:7a:60177] AH03155: select protocol from , choices=http/1.1 for server ilta.ilc.edu.tw
[Sat Aug 22 01:15:53.036864 2026] [ssl:debug] [pid 643051:tid 643051] ssl_engine_kernel.c(2082): [client 2400:e920:0:2:f45d:ddff:fe00:7a:60177] AH02041: Protocol: TLSv1.3, Cipher: TLS_AES_256_GCM_SHA384 (256/256 bits)
[Sat Aug 22 01:15:53.036934 2026] [socache_shmcb:debug] [pid 643051:tid 643051] mod_socache_shmcb.c(508): AH00831: socache_shmcb_store (0x10 -> subcache 16)
[Sat Aug 22 01:15:53.036941 2026] [socache_shmcb:debug] [pid 643051:tid 643051] mod_socache_shmcb.c(798): AH00845: about to force-expire, subcache: idx_used=61, data_used=13664
[Sat Aug 22 01:15:53.036943 2026] [socache_shmcb:debug] [pid 643051:tid 643051] mod_socache_shmcb.c(824): AH00846: finished force-expire, subcache: idx_used=60, data_used=13435
[Sat Aug 22 01:15:53.036945 2026] [socache_shmcb:debug] [pid 643051:tid 643051] mod_socache_shmcb.c(860): AH00847: insert happened at idx=11, data=(976:1008)
[Sat Aug 22 01:15:53.036961 2026] [socache_shmcb:debug] [pid 643051:tid 643051] mod_socache_shmcb.c(863): AH00848: finished insert, subcache: idx_pos/idx_used=39/61, data_pos/data_used=1405/13659
[Sat Aug 22 01:15:53.036963 2026] [socache_shmcb:debug] [pid 643051:tid 643051] mod_socache_shmcb.c(530): AH00834: leaving socache_shmcb_store successfully
[Sat Aug 22 01:15:53.037031 2026] [socache_shmcb:debug] [pid 643051:tid 643051] mod_socache_shmcb.c(508): AH00831: socache_shmcb_store (0x7f -> subcache 31)
[Sat Aug 22 01:15:53.037036 2026] [socache_shmcb:debug] [pid 643051:tid 643051] mod_socache_shmcb.c(745): AH00842: expiring 1 and reclaiming 0 removed socache entries
[Sat Aug 22 01:15:53.037038 2026] [socache_shmcb:debug] [pid 643051:tid 643051] mod_socache_shmcb.c(765): AH00843: we now have 49 socache entries
[Sat Aug 22 01:15:53.037040 2026] [socache_shmcb:debug] [pid 643051:tid 643051] mod_socache_shmcb.c(860): AH00847: insert happened at idx=46, data=(3198:3230)
[Sat Aug 22 01:15:53.037042 2026] [socache_shmcb:debug] [pid 643051:tid 643051] mod_socache_shmcb.c(863): AH00848: finished insert, subcache: idx_pos/idx_used=85/50, data_pos/data_used=6081/11206
[Sat Aug 22 01:15:53.037044 2026] [socache_shmcb:debug] [pid 643051:tid 643051] mod_socache_shmcb.c(530): AH00834: leaving socache_shmcb_store successfully
[Sat Aug 22 01:15:53.037425 2026] [ssl:debug] [pid 643051:tid 643051] ssl_engine_kernel.c(254): [client 2400:e920:0:2:f45d:ddff:fe00:7a:60177] AH02034: Initial (No.1) HTTPS request received for child 5 (server ilta.ilc.edu.tw:443), referer: http://ilta.ilc.edu.tw
[Sat Aug 22 01:15:53.037609 2026] [authz_core:debug] [pid 643051:tid 643051] mod_authz_core.c(815): [client 2400:e920:0:2:f45d:ddff:fe00:7a:60177] AH01626: authorization result of Require all granted: granted, referer: http://ilta.ilc.edu.tw
[Sat Aug 22 01:15:53.037620 2026] [authz_core:debug] [pid 643051:tid 643051] mod_authz_core.c(815): [client 2400:e920:0:2:f45d:ddff:fe00:7a:60177] AH01626: authorization result of : granted, referer: http://ilta.ilc.edu.tw
[Sat Aug 22 01:15:53.057121 2026] [ssl:info] [pid 642838:tid 642838] (104)Connection reset by peer: [client 2401:e180:8d80:24e4:603a:c80b:2f:8ea4:52853] AH01991: SSL input filter read failed.
[Sat Aug 22 01:15:53.057199 2026] [ssl:debug] [pid 642838:tid 642838] ssl_engine_io.c(1150): [client 2401:e180:8d80:24e4:603a:c80b:2f:8ea4:52853] AH02001: Connection closed to child 6 with standard shutdown (server 2blog.ilc.edu.tw:443)
[Sat Aug 22 01:15:53.137607 2026] [deflate:debug] [pid 643051:tid 643051] mod_deflate.c(909): [client 2400:e920:0:2:f45d:ddff:fe00:7a:60177] AH01384: Zlib: Compressed 13605 to 5008 : URL /wp-login.php, referer: http://ilta.ilc.edu.tw
[Sat Aug 22 01:15:53.176854 2026] [ssl:info] [pid 644020:tid 644020] [client 2001:288:a201::66:125:10070] AH01964: Connection to child 7 established (server 2blog.ilc.edu.tw:443)
[Sat Aug 22 01:15:53.177051 2026] [ssl:debug] [pid 644020:tid 644020] ssl_engine_kernel.c(2252): [client 2001:288:a201::66:125:10070] AH02645: Server name not provided via TLS extension (using default/first virtual host)
[Sat Aug 22 01:15:53.177067 2026] [socache_shmcb:debug] [pid 644020:tid 644020] mod_socache_shmcb.c(545): AH00835: socache_shmcb_retrieve (0x39 -> subcache 25)
[Sat Aug 22 01:15:53.177072 2026] [socache_shmcb:debug] [pid 644020:tid 644020] mod_socache_shmcb.c(896): AH00849: match at idx=31, data=13557
[Sat Aug 22 01:15:53.177074 2026] [socache_shmcb:debug] [pid 644020:tid 644020] mod_socache_shmcb.c(556): AH00836: leaving socache_shmcb_retrieve successfully
[Sat Aug 22 01:15:53.177663 2026] [ssl:debug] [pid 644020:tid 644020] ssl_engine_kernel.c(2082): [client 2001:288:a201::66:125:10070] AH02041: Protocol: TLSv1.2, Cipher: ECDHE-RSA-AES256-GCM-SHA384 (256/256 bits)
[Sat Aug 22 01:15:53.178136 2026] [ssl:debug] [pid 644020:tid 644020] ssl_engine_kernel.c(254): [client 2001:288:a201::66:125:10070] AH02034: Initial (No.1) HTTPS request received for child 7 (server 2blog.ilc.edu.tw:443)
[Sat Aug 22 01:15:53.178458 2026] [authz_core:debug] [pid 644020:tid 644020] mod_authz_core.c(815): [client 2001:288:a201::66:125:10070] AH01626: authorization result of Require all granted: granted
[Sat Aug 22 01:15:53.178469 2026] [authz_core:debug] [pid 644020:tid 644020] mod_authz_core.c(815): [client 2001:288:a201::66:125:10070] AH01626: authorization result of : granted
[Sat Aug 22 01:15:53.178676 2026] [authz_core:debug] [pid 644020:tid 644020] mod_authz_core.c(815): [client 2001:288:a201::66:125:10070] AH01626: authorization result of Require all granted: granted
[Sat Aug 22 01:15:53.178684 2026] [authz_core:debug] [pid 644020:tid 644020] mod_authz_core.c(815): [client 2001:288:a201::66:125:10070] AH01626: authorization result of : granted
[Sat Aug 22 01:15:53.178700 2026] [php7:error] [pid 644020:tid 644020] [client 2001:288:a201::66:125:10070] script '/var/www/html/2blog/active.php' not found or unable to stat
[Sat Aug 22 01:15:53.178709 2026] [headers:debug] [pid 644020:tid 644020] mod_headers.c(900): AH01503: headers: ap_headers_error_filter()
[Sat Aug 22 01:15:53.178858 2026] [ssl:debug] [pid 644020:tid 644020] ssl_engine_io.c(1150): [client 2001:288:a201::66:125:10070] AH02001: Connection closed to child 7 with standard shutdown (server 2blog.ilc.edu.tw:443)
[Sat Aug 22 01:15:53.180286 2026] [headers:debug] [pid 647636:tid 647636] mod_headers.c(900): AH01503: headers: ap_headers_error_filter()
[Sat Aug 22 01:15:53.253387 2026] [ssl:info] [pid 642886:tid 642886] [client 2401:e180:8d80:24e4:603a:c80b:2f:8ea4:52860] AH01964: Connection to child 27 established (server 2blog.ilc.edu.tw:443)
[Sat Aug 22 01:15:53.253548 2026] [ssl:debug] [pid 642886:tid 642886] ssl_engine_kernel.c(2222): [client 2401:e180:8d80:24e4:603a:c80b:2f:8ea4:52860] AH02043: SSL virtual host for servername 2blog.ilc.edu.tw found
[Sat Aug 22 01:15:53.253622 2026] [core:debug] [pid 642886:tid 642886] protocol.c(2460): [client 2401:e180:8d80:24e4:603a:c80b:2f:8ea4:52860] AH03155: select protocol from , choices=h2,http/1.1 for server 2blog.ilc.edu.tw
[Sat Aug 22 01:15:53.253668 2026] [ssl:debug] [pid 642886:tid 642886] ssl_util_stapling.c(819): AH01951: stapling_cb: OCSP Stapling callback called
[Sat Aug 22 01:15:53.253675 2026] [ssl:info] [pid 642886:tid 642886] AH01926: stapling_get_certinfo: stapling not supported for certificate
[Sat Aug 22 01:15:53.295293 2026] [headers:debug] [pid 643013:tid 643013] mod_headers.c(900): AH01503: headers: ap_headers_error_filter()
[Sat Aug 22 01:15:53.303150 2026] [ssl:debug] [pid 642886:tid 642886] ssl_engine_kernel.c(2082): [client 2401:e180:8d80:24e4:603a:c80b:2f:8ea4:52860] AH02041: Protocol: TLSv1.3, Cipher: TLS_AES_256_GCM_SHA384 (256/256 bits)
[Sat Aug 22 01:15:53.303199 2026] [socache_shmcb:debug] [pid 642886:tid 642886] mod_socache_shmcb.c(508): AH00831: socache_shmcb_store (0xaa -> subcache 10)
[Sat Aug 22 01:15:53.303205 2026] [socache_shmcb:debug] [pid 642886:tid 642886] mod_socache_shmcb.c(745): AH00842: expiring 2 and reclaiming 0 removed socache entries
[Sat Aug 22 01:15:53.303207 2026] [socache_shmcb:debug] [pid 642886:tid 642886] mod_socache_shmcb.c(765): AH00843: we now have 58 socache entries
[Sat Aug 22 01:15:53.303209 2026] [socache_shmcb:debug] [pid 642886:tid 642886] mod_socache_shmcb.c(860): AH00847: insert happened at idx=81, data=(10697:10729)
[Sat Aug 22 01:15:53.303211 2026] [socache_shmcb:debug] [pid 642886:tid 642886] mod_socache_shmcb.c(863): AH00848: finished insert, subcache: idx_pos/idx_used=23/59, data_pos/data_used=11514/13273
[Sat Aug 22 01:15:53.303213 2026] [socache_shmcb:debug] [pid 642886:tid 642886] mod_socache_shmcb.c(530): AH00834: leaving socache_shmcb_store successfully
[Sat Aug 22 01:15:53.303267 2026] [socache_shmcb:debug] [pid 642886:tid 642886] mod_socache_shmcb.c(508): AH00831: socache_shmcb_store (0x0a -> subcache 10)
[Sat Aug 22 01:15:53.303270 2026] [socache_shmcb:debug] [pid 642886:tid 642886] mod_socache_shmcb.c(860): AH00847: insert happened at idx=82, data=(10923:10955)
[Sat Aug 22 01:15:53.303272 2026] [socache_shmcb:debug] [pid 642886:tid 642886] mod_socache_shmcb.c(863): AH00848: finished insert, subcache: idx_pos/idx_used=23/60, data_pos/data_used=11514/13498
[Sat Aug 22 01:15:53.303274 2026] [socache_shmcb:debug] [pid 642886:tid 642886] mod_socache_shmcb.c(530): AH00834: leaving socache_shmcb_store successfully
[Sat Aug 22 01:15:53.303391 2026] [ssl:debug] [pid 642886:tid 642886] ssl_engine_kernel.c(254): [client 2401:e180:8d80:24e4:603a:c80b:2f:8ea4:52860] AH02034: Initial (No.1) HTTPS request received for child 27 (server 2blog.ilc.edu.tw:443), referer: https://2blog.ilc.edu.tw/868/44176/
[Sat Aug 22 01:15:53.303564 2026] [authz_core:debug] [pid 642886:tid 642886] mod_authz_core.c(815): [client 2401:e180:8d80:24e4:603a:c80b:2f:8ea4:52860] AH01626: authorization result of Require all granted: granted, referer: https://2blog.ilc.edu.tw/868/44176/
[Sat Aug 22 01:15:53.303569 2026] [authz_core:debug] [pid 642886:tid 642886] mod_authz_core.c(815): [client 2401:e180:8d80:24e4:603a:c80b:2f:8ea4:52860] AH01626: authorization result of : granted, referer: https://2blog.ilc.edu.tw/868/44176/
[Sat Aug 22 01:15:53.303673 2026] [authz_core:debug] [pid 642886:tid 642886] mod_authz_core.c(815): [client 2401:e180:8d80:24e4:603a:c80b:2f:8ea4:52860] AH01626: authorization result of Require all granted: granted, referer: https://2blog.ilc.edu.tw/868/44176/
[Sat Aug 22 01:15:53.303677 2026] [authz_core:debug] [pid 642886:tid 642886] mod_authz_core.c(815): [client 2401:e180:8d80:24e4:603a:c80b:2f:8ea4:52860] AH01626: authorization result of : granted, referer: https://2blog.ilc.edu.tw/868/44176/
[Sat Aug 22 01:15:53.356596 2026] [authz_core:debug] [pid 642866:tid 642866] mod_authz_core.c(815): [client 2400:e920:0:2:f45d:ddff:fe00:7a:60205] AH01626: authorization result of Require all granted: granted, referer: http://ilta.ilc.edu.tw
[Sat Aug 22 01:15:53.356623 2026] [authz_core:debug] [pid 642866:tid 642866] mod_authz_core.c(815): [client 2400:e920:0:2:f45d:ddff:fe00:7a:60205] AH01626: authorization result of : granted, referer: http://ilta.ilc.edu.tw
[Sat Aug 22 01:15:53.379325 2026] [ssl:info] [pid 642890:tid 642890] [client 140.111.67.10:10077] AH01964: Connection to child 28 established (server 2blog.ilc.edu.tw:443)
[Sat Aug 22 01:15:53.379485 2026] [ssl:info] [pid 642890:tid 642890] (70014)End of file found: [client 140.111.67.10:10077] AH02006: SSL handshake stopped: connection was closed
[Sat Aug 22 01:15:53.379493 2026] [ssl:info] [pid 642890:tid 642890] [client 140.111.67.10:10077] AH01998: Connection closed to child 28 with abortive shutdown (server 2blog.ilc.edu.tw:443)
[Sat Aug 22 01:15:53.413300 2026] [ssl:debug] [pid 642886:tid 642886] ssl_engine_kernel.c(254): [client 2401:e180:8d80:24e4:603a:c80b:2f:8ea4:52860] AH02034: Subsequent (No.2) HTTPS request received for child 27 (server 2blog.ilc.edu.tw:443), referer: https://2blog.ilc.edu.tw/868/44176/
[Sat Aug 22 01:15:53.413517 2026] [authz_core:debug] [pid 642886:tid 642886] mod_authz_core.c(815): [client 2401:e180:8d80:24e4:603a:c80b:2f:8ea4:52860] AH01626: authorization result of Require all granted: granted, referer: https://2blog.ilc.edu.tw/868/44176/
[Sat Aug 22 01:15:53.413524 2026] [authz_core:debug] [pid 642886:tid 642886] mod_authz_core.c(815): [client 2401:e180:8d80:24e4:603a:c80b:2f:8ea4:52860] AH01626: authorization result of : granted, referer: https://2blog.ilc.edu.tw/868/44176/
[Sat Aug 22 01:15:53.668642 2026] [ssl:info] [pid 643053:tid 643053] [client 2400:e920:0:2:f45d:ddff:fe00:7a:60232] AH01964: Connection to child 9 established (server 2blog.ilc.edu.tw:443)
[Sat Aug 22 01:15:53.669085 2026] [ssl:debug] [pid 643053:tid 643053] ssl_engine_kernel.c(2222): [client 2400:e920:0:2:f45d:ddff:fe00:7a:60232] AH02043: SSL virtual host for servername ilta.ilc.edu.tw found
[Sat Aug 22 01:15:53.669185 2026] [core:debug] [pid 643053:tid 643053] protocol.c(2460): [client 2400:e920:0:2:f45d:ddff:fe00:7a:60232] AH03155: select protocol from , choices=http/1.1 for server ilta.ilc.edu.tw
[Sat Aug 22 01:15:53.777929 2026] [ssl:debug] [pid 643053:tid 643053] ssl_engine_kernel.c(2082): [client 2400:e920:0:2:f45d:ddff:fe00:7a:60232] AH02041: Protocol: TLSv1.3, Cipher: TLS_AES_256_GCM_SHA384 (256/256 bits)
[Sat Aug 22 01:15:53.777981 2026] [socache_shmcb:debug] [pid 643053:tid 643053] mod_socache_shmcb.c(508): AH00831: socache_shmcb_store (0x66 -> subcache 6)
[Sat Aug 22 01:15:53.777987 2026] [socache_shmcb:debug] [pid 643053:tid 643053] mod_socache_shmcb.c(798): AH00845: about to force-expire, subcache: idx_used=61, data_used=13714
[Sat Aug 22 01:15:53.778003 2026] [socache_shmcb:debug] [pid 643053:tid 643053] mod_socache_shmcb.c(824): AH00846: finished force-expire, subcache: idx_used=60, data_used=13501
[Sat Aug 22 01:15:53.778005 2026] [socache_shmcb:debug] [pid 643053:tid 643053] mod_socache_shmcb.c(860): AH00847: insert happened at idx=23, data=(11703:11735)
[Sat Aug 22 01:15:53.778007 2026] [socache_shmcb:debug] [pid 643053:tid 643053] mod_socache_shmcb.c(863): AH00848: finished insert, subcache: idx_pos/idx_used=51/61, data_pos/data_used=12066/13726
[Sat Aug 22 01:15:53.778009 2026] [socache_shmcb:debug] [pid 643053:tid 643053] mod_socache_shmcb.c(530): AH00834: leaving socache_shmcb_store successfully
[Sat Aug 22 01:15:53.778087 2026] [socache_shmcb:debug] [pid 643053:tid 643053] mod_socache_shmcb.c(508): AH00831: socache_shmcb_store (0x99 -> subcache 25)
[Sat Aug 22 01:15:53.778093 2026] [socache_shmcb:debug] [pid 643053:tid 643053] mod_socache_shmcb.c(745): AH00842: expiring 2 and reclaiming 0 removed socache entries
[Sat Aug 22 01:15:53.778095 2026] [socache_shmcb:debug] [pid 643053:tid 643053] mod_socache_shmcb.c(765): AH00843: we now have 51 socache entries
[Sat Aug 22 01:15:53.778097 2026] [socache_shmcb:debug] [pid 643053:tid 643053] mod_socache_shmcb.c(860): AH00847: insert happened at idx=34, data=(322:354)
[Sat Aug 22 01:15:53.778109 2026] [socache_shmcb:debug] [pid 643053:tid 643053] mod_socache_shmcb.c(863): AH00848: finished insert, subcache: idx_pos/idx_used=71/52, data_pos/data_used=2793/11617
[Sat Aug 22 01:15:53.778111 2026] [socache_shmcb:debug] [pid 643053:tid 643053] mod_socache_shmcb.c(530): AH00834: leaving socache_shmcb_store successfully
[Sat Aug 22 01:15:53.778325 2026] [ssl:debug] [pid 643053:tid 643053] ssl_engine_kernel.c(254): [client 2400:e920:0:2:f45d:ddff:fe00:7a:60232] AH02034: Initial (No.1) HTTPS request received for child 9 (server ilta.ilc.edu.tw:443), referer: http://ilta.ilc.edu.tw
[Sat Aug 22 01:15:53.778499 2026] [authz_core:debug] [pid 643053:tid 643053] mod_authz_core.c(815): [client 2400:e920:0:2:f45d:ddff:fe00:7a:60232] AH01626: authorization result of Require all granted: granted, referer: http://ilta.ilc.edu.tw
[Sat Aug 22 01:15:53.778504 2026] [authz_core:debug] [pid 643053:tid 643053] mod_authz_core.c(815): [client 2400:e920:0:2:f45d:ddff:fe00:7a:60232] AH01626: authorization result of : granted, referer: http://ilta.ilc.edu.tw
[Sat Aug 22 01:15:53.817082 2026] [ssl:debug] [pid 647623:tid 647623] ssl_engine_io.c(1150): [client 52.167.144.163:12171] AH02001: Connection closed to child 4 with standard shutdown (server 2blog.ilc.edu.tw:443)
[Sat Aug 22 01:15:53.875749 2026] [deflate:debug] [pid 643053:tid 643053] mod_deflate.c(909): [client 2400:e920:0:2:f45d:ddff:fe00:7a:60232] AH01384: Zlib: Compressed 13605 to 5006 : URL /wp-login.php, referer: http://ilta.ilc.edu.tw
[Sat Aug 22 01:15:53.982025 2026] [ssl:info] [pid 643051:tid 643051] (70014)End of file found: [client 2400:e920:0:2:f45d:ddff:fe00:7a:60177] AH01992: SSL library error 6 reading data
[Sat Aug 22 01:15:53.982118 2026] [ssl:debug] [pid 643051:tid 643051] ssl_engine_io.c(1150): [client 2400:e920:0:2:f45d:ddff:fe00:7a:60177] AH02001: Connection closed to child 5 with standard shutdown (server ilta.ilc.edu.tw:443)
[Sat Aug 22 01:15:53.982896 2026] [ssl:info] [pid 643053:tid 643053] (70014)End of file found: [client 2400:e920:0:2:f45d:ddff:fe00:7a:60232] AH01992: SSL library error 6 reading data
[Sat Aug 22 01:15:53.982946 2026] [ssl:debug] [pid 643053:tid 643053] ssl_engine_io.c(1150): [client 2400:e920:0:2:f45d:ddff:fe00:7a:60232] AH02001: Connection closed to child 9 with standard shutdown (server ilta.ilc.edu.tw:443)
[Sat Aug 22 01:15:54.477244 2026] [ssl:info] [pid 642886:tid 642886] (104)Connection reset by peer: [client 2401:e180:8d80:24e4:603a:c80b:2f:8ea4:52860] AH01991: SSL input filter read failed.
[Sat Aug 22 01:15:54.477310 2026] [ssl:debug] [pid 642886:tid 642886] ssl_engine_io.c(1150): [client 2401:e180:8d80:24e4:603a:c80b:2f:8ea4:52860] AH02001: Connection closed to child 27 with standard shutdown (server 2blog.ilc.edu.tw:443)
[Sat Aug 22 01:15:54.713018 2026] [ssl:info] [pid 642984:tid 642984] (70014)End of file found: [client 66.249.71.37:53135] AH01992: SSL library error 6 reading data
[Sat Aug 22 01:15:54.713124 2026] [ssl:debug] [pid 642984:tid 642984] ssl_engine_io.c(1150): [client 66.249.71.37:53135] AH02001: Connection closed to child 12 with standard shutdown (server 2blog.ilc.edu.tw:443)
[Sat Aug 22 01:15:54.936757 2026] [ssl:info] [pid 642821:tid 642821] (70014)End of file found: [client 240e:910:e000:811::13d6:45270] AH01992: SSL library error 6 reading data
[Sat Aug 22 01:15:54.936857 2026] [ssl:debug] [pid 642821:tid 642821] ssl_engine_io.c(1150): [client 240e:910:e000:811::13d6:45270] AH02001: Connection closed to child 40 with standard shutdown (server 2blog.ilc.edu.tw:443)
[Sat Aug 22 01:15:55.030624 2026] [ssl:info] [pid 642838:tid 642838] [client 52.44.148.203:62386] AH01964: Connection to child 6 established (server 2blog.ilc.edu.tw:443)
[Sat Aug 22 01:15:55.030782 2026] [ssl:debug] [pid 642838:tid 642838] ssl_engine_kernel.c(2222): [client 52.44.148.203:62386] AH02043: SSL virtual host for servername 2blog.ilc.edu.tw found
[Sat Aug 22 01:15:55.265085 2026] [ssl:debug] [pid 642838:tid 642838] ssl_engine_kernel.c(2082): [client 52.44.148.203:62386] AH02041: Protocol: TLSv1.3, Cipher: TLS_AES_256_GCM_SHA384 (256/256 bits)
[Sat Aug 22 01:15:55.265146 2026] [socache_shmcb:debug] [pid 642838:tid 642838] mod_socache_shmcb.c(508): AH00831: socache_shmcb_store (0xc1 -> subcache 1)
[Sat Aug 22 01:15:55.265152 2026] [socache_shmcb:debug] [pid 642838:tid 642838] mod_socache_shmcb.c(745): AH00842: expiring 1 and reclaiming 0 removed socache entries
[Sat Aug 22 01:15:55.265154 2026] [socache_shmcb:debug] [pid 642838:tid 642838] mod_socache_shmcb.c(765): AH00843: we now have 57 socache entries
[Sat Aug 22 01:15:55.265156 2026] [socache_shmcb:debug] [pid 642838:tid 642838] mod_socache_shmcb.c(860): AH00847: insert happened at idx=22, data=(11481:11513)
