[Sat Aug 22 01:16:29.610454 2026] [authz_core:debug] [pid 642838:tid 642838] mod_authz_core.c(815): [client 2402:7500:a5a:d940:d19f:78b4:8733:3ac:65264] AH01626: authorization result of : granted, referer: https://isupport.ilc.edu.tw/6703/
[Sat Aug 22 01:16:29.610830 2026] [deflate:debug] [pid 642838:tid 642838] mod_deflate.c(909): [client 2402:7500:a5a:d940:d19f:78b4:8733:3ac:65264] AH01384: Zlib: Compressed 486 to 267 : URL /wp-content/cache/isupport.ilc.edu.tw/wpfc-minified/jpyo1yc2/ks8w.css, referer: https://isupport.ilc.edu.tw/6703/
[Sat Aug 22 01:16:29.618483 2026] [ssl:debug] [pid 642886:tid 642886] ssl_engine_kernel.c(2082): [client 2402:7500:a5a:d940:d19f:78b4:8733:3ac:65265] AH02041: Protocol: TLSv1.3, Cipher: TLS_AES_256_GCM_SHA384 (256/256 bits)
[Sat Aug 22 01:16:29.618531 2026] [socache_shmcb:debug] [pid 642886:tid 642886] mod_socache_shmcb.c(508): AH00831: socache_shmcb_store (0xa8 -> subcache 8)
[Sat Aug 22 01:16:29.618538 2026] [socache_shmcb:debug] [pid 642886:tid 642886] mod_socache_shmcb.c(798): AH00845: about to force-expire, subcache: idx_used=62, data_used=13834
[Sat Aug 22 01:16:29.618540 2026] [socache_shmcb:debug] [pid 642886:tid 642886] mod_socache_shmcb.c(824): AH00846: finished force-expire, subcache: idx_used=61, data_used=13609
[Sat Aug 22 01:16:29.618542 2026] [socache_shmcb:debug] [pid 642886:tid 642886] mod_socache_shmcb.c(860): AH00847: insert happened at idx=65, data=(7473:7505)
[Sat Aug 22 01:16:29.618544 2026] [socache_shmcb:debug] [pid 642886:tid 642886] mod_socache_shmcb.c(863): AH00848: finished insert, subcache: idx_pos/idx_used=4/62, data_pos/data_used=7728/13838
[Sat Aug 22 01:16:29.618545 2026] [socache_shmcb:debug] [pid 642886:tid 642886] mod_socache_shmcb.c(530): AH00834: leaving socache_shmcb_store successfully
[Sat Aug 22 01:16:29.618600 2026] [socache_shmcb:debug] [pid 642886:tid 642886] mod_socache_shmcb.c(508): AH00831: socache_shmcb_store (0x3c -> subcache 28)
[Sat Aug 22 01:16:29.618605 2026] [socache_shmcb:debug] [pid 642886:tid 642886] mod_socache_shmcb.c(798): AH00845: about to force-expire, subcache: idx_used=61, data_used=13686
[Sat Aug 22 01:16:29.618617 2026] [socache_shmcb:debug] [pid 642886:tid 642886] mod_socache_shmcb.c(824): AH00846: finished force-expire, subcache: idx_used=60, data_used=13462
[Sat Aug 22 01:16:29.618618 2026] [socache_shmcb:debug] [pid 642886:tid 642886] mod_socache_shmcb.c(860): AH00847: insert happened at idx=58, data=(5786:5818)
[Sat Aug 22 01:16:29.618620 2026] [socache_shmcb:debug] [pid 642886:tid 642886] mod_socache_shmcb.c(863): AH00848: finished insert, subcache: idx_pos/idx_used=86/61, data_pos/data_used=6188/13690
[Sat Aug 22 01:16:29.618622 2026] [socache_shmcb:debug] [pid 642886:tid 642886] mod_socache_shmcb.c(530): AH00834: leaving socache_shmcb_store successfully
[Sat Aug 22 01:16:29.622552 2026] [ssl:debug] [pid 642886:tid 642886] ssl_engine_kernel.c(254): [client 2402:7500:a5a:d940:d19f:78b4:8733:3ac:65265] AH02034: Initial (No.1) HTTPS request received for child 27 (server isupport.ilc.edu.tw:443), referer: https://isupport.ilc.edu.tw/6703/
[Sat Aug 22 01:16:29.623233 2026] [authz_core:debug] [pid 642886:tid 642886] mod_authz_core.c(815): [client 2402:7500:a5a:d940:d19f:78b4:8733:3ac:65265] AH01626: authorization result of Require all granted: granted, referer: https://isupport.ilc.edu.tw/6703/
[Sat Aug 22 01:16:29.623246 2026] [authz_core:debug] [pid 642886:tid 642886] mod_authz_core.c(815): [client 2402:7500:a5a:d940:d19f:78b4:8733:3ac:65265] AH01626: authorization result of : granted, referer: https://isupport.ilc.edu.tw/6703/
[Sat Aug 22 01:16:29.628316 2026] [ssl:info] [pid 647683:tid 647683] [client 216.231.35.14:13473] AH01964: Connection to child 0 established (server 2blog.ilc.edu.tw:443)
[Sat Aug 22 01:16:29.628468 2026] [ssl:debug] [pid 647683:tid 647683] ssl_engine_kernel.c(2222): [client 216.231.35.14:13473] AH02043: SSL virtual host for servername 2blog.ilc.edu.tw found
[Sat Aug 22 01:16:29.628524 2026] [core:debug] [pid 647683:tid 647683] protocol.c(2460): [client 216.231.35.14:13473] AH03155: select protocol from , choices=http/1.1 for server 2blog.ilc.edu.tw
[Sat Aug 22 01:16:29.630539 2026] [deflate:debug] [pid 642886:tid 642886] mod_deflate.c(909): [client 2402:7500:a5a:d940:d19f:78b4:8733:3ac:65265] AH01384: Zlib: Compressed 294886 to 52215 : URL /wp-content/cache/isupport.ilc.edu.tw/wpfc-minified/8jq1rsi9/ks8w.css, referer: https://isupport.ilc.edu.tw/6703/
[Sat Aug 22 01:16:29.638805 2026] [ssl:debug] [pid 642984:tid 642984] ssl_engine_kernel.c(254): [client 2402:7500:a5a:d940:d19f:78b4:8733:3ac:65263] AH02034: Subsequent (No.4) HTTPS request received for child 12 (server isupport.ilc.edu.tw:443), referer: https://isupport.ilc.edu.tw/6703/
[Sat Aug 22 01:16:29.639592 2026] [authz_core:debug] [pid 642984:tid 642984] mod_authz_core.c(815): [client 2402:7500:a5a:d940:d19f:78b4:8733:3ac:65263] AH01626: authorization result of Require all granted: granted, referer: https://isupport.ilc.edu.tw/6703/
[Sat Aug 22 01:16:29.639602 2026] [authz_core:debug] [pid 642984:tid 642984] mod_authz_core.c(815): [client 2402:7500:a5a:d940:d19f:78b4:8733:3ac:65263] AH01626: authorization result of : granted, referer: https://isupport.ilc.edu.tw/6703/
[Sat Aug 22 01:16:29.639904 2026] [ssl:debug] [pid 643053:tid 643053] ssl_engine_kernel.c(2082): [client 2402:7500:a5a:d940:d19f:78b4:8733:3ac:65266] AH02041: Protocol: TLSv1.3, Cipher: TLS_AES_256_GCM_SHA384 (256/256 bits)
[Sat Aug 22 01:16:29.639949 2026] [socache_shmcb:debug] [pid 643053:tid 643053] mod_socache_shmcb.c(508): AH00831: socache_shmcb_store (0x46 -> subcache 6)
[Sat Aug 22 01:16:29.639955 2026] [socache_shmcb:debug] [pid 643053:tid 643053] mod_socache_shmcb.c(798): AH00845: about to force-expire, subcache: idx_used=61, data_used=13722
[Sat Aug 22 01:16:29.639957 2026] [socache_shmcb:debug] [pid 643053:tid 643053] mod_socache_shmcb.c(824): AH00846: finished force-expire, subcache: idx_used=60, data_used=13498
[Sat Aug 22 01:16:29.639959 2026] [socache_shmcb:debug] [pid 643053:tid 643053] mod_socache_shmcb.c(860): AH00847: insert happened at idx=25, data=(12152:12184)
[Sat Aug 22 01:16:29.639970 2026] [socache_shmcb:debug] [pid 643053:tid 643053] mod_socache_shmcb.c(863): AH00848: finished insert, subcache: idx_pos/idx_used=53/61, data_pos/data_used=12518/13726
[Sat Aug 22 01:16:29.639972 2026] [socache_shmcb:debug] [pid 643053:tid 643053] mod_socache_shmcb.c(530): AH00834: leaving socache_shmcb_store successfully
[Sat Aug 22 01:16:29.640024 2026] [socache_shmcb:debug] [pid 643053:tid 643053] mod_socache_shmcb.c(508): AH00831: socache_shmcb_store (0x1f -> subcache 31)
[Sat Aug 22 01:16:29.640029 2026] [socache_shmcb:debug] [pid 643053:tid 643053] mod_socache_shmcb.c(860): AH00847: insert happened at idx=49, data=(3842:3874)
[Sat Aug 22 01:16:29.640031 2026] [socache_shmcb:debug] [pid 643053:tid 643053] mod_socache_shmcb.c(863): AH00848: finished insert, subcache: idx_pos/idx_used=87/51, data_pos/data_used=6518/11417
[Sat Aug 22 01:16:29.640032 2026] [socache_shmcb:debug] [pid 643053:tid 643053] mod_socache_shmcb.c(530): AH00834: leaving socache_shmcb_store successfully
[Sat Aug 22 01:16:29.640736 2026] [deflate:debug] [pid 642984:tid 642984] mod_deflate.c(909): [client 2402:7500:a5a:d940:d19f:78b4:8733:3ac:65263] AH01384: Zlib: Compressed 53220 to 6810 : URL /wp-content/cache/isupport.ilc.edu.tw/wpfc-minified/kxdlh8d7/ks8w.css, referer: https://isupport.ilc.edu.tw/6703/
[Sat Aug 22 01:16:29.640830 2026] [ssl:debug] [pid 643053:tid 643053] ssl_engine_kernel.c(254): [client 2402:7500:a5a:d940:d19f:78b4:8733:3ac:65266] AH02034: Initial (No.1) HTTPS request received for child 9 (server isupport.ilc.edu.tw:443), referer: https://isupport.ilc.edu.tw/6703/
[Sat Aug 22 01:16:29.641398 2026] [authz_core:debug] [pid 643053:tid 643053] mod_authz_core.c(815): [client 2402:7500:a5a:d940:d19f:78b4:8733:3ac:65266] AH01626: authorization result of Require all granted: granted, referer: https://isupport.ilc.edu.tw/6703/
[Sat Aug 22 01:16:29.641409 2026] [authz_core:debug] [pid 643053:tid 643053] mod_authz_core.c(815): [client 2402:7500:a5a:d940:d19f:78b4:8733:3ac:65266] AH01626: authorization result of : granted, referer: https://isupport.ilc.edu.tw/6703/
[Sat Aug 22 01:16:29.644903 2026] [deflate:debug] [pid 643053:tid 643053] mod_deflate.c(909): [client 2402:7500:a5a:d940:d19f:78b4:8733:3ac:65266] AH01384: Zlib: Compressed 184641 to 26558 : URL /wp-content/cache/isupport.ilc.edu.tw/wpfc-minified/drup3mak/ks8w.css, referer: https://isupport.ilc.edu.tw/6703/
[Sat Aug 22 01:16:29.658051 2026] [ssl:debug] [pid 647614:tid 647614] ssl_engine_kernel.c(2082): [client 2402:7500:a5a:d940:d19f:78b4:8733:3ac:65267] AH02041: Protocol: TLSv1.3, Cipher: TLS_AES_256_GCM_SHA384 (256/256 bits)
[Sat Aug 22 01:16:29.658104 2026] [socache_shmcb:debug] [pid 647614:tid 647614] mod_socache_shmcb.c(508): AH00831: socache_shmcb_store (0x67 -> subcache 7)
[Sat Aug 22 01:16:29.658110 2026] [socache_shmcb:debug] [pid 647614:tid 647614] mod_socache_shmcb.c(860): AH00847: insert happened at idx=57, data=(5337:5369)
[Sat Aug 22 01:16:29.658112 2026] [socache_shmcb:debug] [pid 647614:tid 647614] mod_socache_shmcb.c(863): AH00848: finished insert, subcache: idx_pos/idx_used=5/53, data_pos/data_used=7533/11897
[Sat Aug 22 01:16:29.658114 2026] [socache_shmcb:debug] [pid 647614:tid 647614] mod_socache_shmcb.c(530): AH00834: leaving socache_shmcb_store successfully
[Sat Aug 22 01:16:29.658186 2026] [socache_shmcb:debug] [pid 647614:tid 647614] mod_socache_shmcb.c(508): AH00831: socache_shmcb_store (0xcf -> subcache 15)
[Sat Aug 22 01:16:29.658194 2026] [socache_shmcb:debug] [pid 647614:tid 647614] mod_socache_shmcb.c(798): AH00845: about to force-expire, subcache: idx_used=62, data_used=13848
[Sat Aug 22 01:16:29.658197 2026] [socache_shmcb:debug] [pid 647614:tid 647614] mod_socache_shmcb.c(824): AH00846: finished force-expire, subcache: idx_used=61, data_used=13619
[Sat Aug 22 01:16:29.658200 2026] [socache_shmcb:debug] [pid 647614:tid 647614] mod_socache_shmcb.c(860): AH00847: insert happened at idx=24, data=(3907:3939)
[Sat Aug 22 01:16:29.658216 2026] [socache_shmcb:debug] [pid 647614:tid 647614] mod_socache_shmcb.c(863): AH00848: finished insert, subcache: idx_pos/idx_used=51/62, data_pos/data_used=4152/13848
[Sat Aug 22 01:16:29.658219 2026] [socache_shmcb:debug] [pid 647614:tid 647614] mod_socache_shmcb.c(530): AH00834: leaving socache_shmcb_store successfully
[Sat Aug 22 01:16:29.658369 2026] [ssl:debug] [pid 647614:tid 647614] ssl_engine_kernel.c(254): [client 2402:7500:a5a:d940:d19f:78b4:8733:3ac:65267] AH02034: Initial (No.1) HTTPS request received for child 1 (server isupport.ilc.edu.tw:443), referer: https://isupport.ilc.edu.tw/6703/
[Sat Aug 22 01:16:29.658921 2026] [authz_core:debug] [pid 647614:tid 647614] mod_authz_core.c(815): [client 2402:7500:a5a:d940:d19f:78b4:8733:3ac:65267] AH01626: authorization result of Require all granted: granted, referer: https://isupport.ilc.edu.tw/6703/
[Sat Aug 22 01:16:29.658928 2026] [authz_core:debug] [pid 647614:tid 647614] mod_authz_core.c(815): [client 2402:7500:a5a:d940:d19f:78b4:8733:3ac:65267] AH01626: authorization result of : granted, referer: https://isupport.ilc.edu.tw/6703/
[Sat Aug 22 01:16:29.659378 2026] [deflate:debug] [pid 647614:tid 647614] mod_deflate.c(909): [client 2402:7500:a5a:d940:d19f:78b4:8733:3ac:65267] AH01384: Zlib: Compressed 4714 to 872 : URL /wp-content/uploads/sites/3591/elementor/css/post-3.css, referer: https://isupport.ilc.edu.tw/6703/
[Sat Aug 22 01:16:29.661923 2026] [ssl:debug] [pid 643013:tid 643013] ssl_engine_kernel.c(2082): [client 2402:7500:a5a:d940:d19f:78b4:8733:3ac:65268] AH02041: Protocol: TLSv1.3, Cipher: TLS_AES_256_GCM_SHA384 (256/256 bits)
[Sat Aug 22 01:16:29.661963 2026] [socache_shmcb:debug] [pid 643013:tid 643013] mod_socache_shmcb.c(508): AH00831: socache_shmcb_store (0xde -> subcache 30)
[Sat Aug 22 01:16:29.661969 2026] [socache_shmcb:debug] [pid 643013:tid 643013] mod_socache_shmcb.c(860): AH00847: insert happened at idx=26, data=(12180:12212)
[Sat Aug 22 01:16:29.661971 2026] [socache_shmcb:debug] [pid 643013:tid 643013] mod_socache_shmcb.c(863): AH00848: finished insert, subcache: idx_pos/idx_used=58/57, data_pos/data_used=13528/12744
[Sat Aug 22 01:16:29.661973 2026] [socache_shmcb:debug] [pid 643013:tid 643013] mod_socache_shmcb.c(530): AH00834: leaving socache_shmcb_store successfully
[Sat Aug 22 01:16:29.662020 2026] [socache_shmcb:debug] [pid 643013:tid 643013] mod_socache_shmcb.c(508): AH00831: socache_shmcb_store (0x47 -> subcache 7)
[Sat Aug 22 01:16:29.662025 2026] [socache_shmcb:debug] [pid 643013:tid 643013] mod_socache_shmcb.c(860): AH00847: insert happened at idx=58, data=(5566:5598)
[Sat Aug 22 01:16:29.662027 2026] [socache_shmcb:debug] [pid 643013:tid 643013] mod_socache_shmcb.c(863): AH00848: finished insert, subcache: idx_pos/idx_used=5/54, data_pos/data_used=7533/12125
[Sat Aug 22 01:16:29.662029 2026] [socache_shmcb:debug] [pid 643013:tid 643013] mod_socache_shmcb.c(530): AH00834: leaving socache_shmcb_store successfully
[Sat Aug 22 01:16:29.662817 2026] [ssl:debug] [pid 643013:tid 643013] ssl_engine_kernel.c(254): [client 2402:7500:a5a:d940:d19f:78b4:8733:3ac:65268] AH02034: Initial (No.1) HTTPS request received for child 33 (server isupport.ilc.edu.tw:443), referer: https://isupport.ilc.edu.tw/6703/
[Sat Aug 22 01:16:29.663567 2026] [authz_core:debug] [pid 643013:tid 643013] mod_authz_core.c(815): [client 2402:7500:a5a:d940:d19f:78b4:8733:3ac:65268] AH01626: authorization result of Require all granted: granted, referer: https://isupport.ilc.edu.tw/6703/
[Sat Aug 22 01:16:29.663587 2026] [authz_core:debug] [pid 643013:tid 643013] mod_authz_core.c(815): [client 2402:7500:a5a:d940:d19f:78b4:8733:3ac:65268] AH01626: authorization result of : granted, referer: https://isupport.ilc.edu.tw/6703/
[Sat Aug 22 01:16:29.665004 2026] [deflate:debug] [pid 643013:tid 643013] mod_deflate.c(909): [client 2402:7500:a5a:d940:d19f:78b4:8733:3ac:65268] AH01384: Zlib: Compressed 95822 to 5452 : URL /wp-content/cache/isupport.ilc.edu.tw/wpfc-minified/lwjo9g1t/ks8w.css, referer: https://isupport.ilc.edu.tw/6703/
[Sat Aug 22 01:16:29.678516 2026] [ssl:debug] [pid 642838:tid 642838] ssl_engine_kernel.c(254): [client 2402:7500:a5a:d940:d19f:78b4:8733:3ac:65264] AH02034: Subsequent (No.2) HTTPS request received for child 6 (server isupport.ilc.edu.tw:443), referer: https://isupport.ilc.edu.tw/6703/
[Sat Aug 22 01:16:29.681659 2026] [authz_core:debug] [pid 642838:tid 642838] mod_authz_core.c(815): [client 2402:7500:a5a:d940:d19f:78b4:8733:3ac:65264] AH01626: authorization result of Require all granted: granted, referer: https://isupport.ilc.edu.tw/6703/
[Sat Aug 22 01:16:29.681676 2026] [authz_core:debug] [pid 642838:tid 642838] mod_authz_core.c(815): [client 2402:7500:a5a:d940:d19f:78b4:8733:3ac:65264] AH01626: authorization result of : granted, referer: https://isupport.ilc.edu.tw/6703/
[Sat Aug 22 01:16:29.683445 2026] [deflate:debug] [pid 642838:tid 642838] mod_deflate.c(909): [client 2402:7500:a5a:d940:d19f:78b4:8733:3ac:65264] AH01384: Zlib: Compressed 59172 to 12945 : URL /wp-content/cache/isupport.ilc.edu.tw/wpfc-minified/kzsnq7g8/ks8w.css, referer: https://isupport.ilc.edu.tw/6703/
[Sat Aug 22 01:16:29.708870 2026] [ssl:debug] [pid 642984:tid 642984] ssl_engine_kernel.c(254): [client 2402:7500:a5a:d940:d19f:78b4:8733:3ac:65263] AH02034: Subsequent (No.5) HTTPS request received for child 12 (server isupport.ilc.edu.tw:443), referer: https://isupport.ilc.edu.tw/6703/
[Sat Aug 22 01:16:29.709673 2026] [authz_core:debug] [pid 642984:tid 642984] mod_authz_core.c(815): [client 2402:7500:a5a:d940:d19f:78b4:8733:3ac:65263] AH01626: authorization result of Require all granted: granted, referer: https://isupport.ilc.edu.tw/6703/
[Sat Aug 22 01:16:29.709683 2026] [authz_core:debug] [pid 642984:tid 642984] mod_authz_core.c(815): [client 2402:7500:a5a:d940:d19f:78b4:8733:3ac:65263] AH01626: authorization result of : granted, referer: https://isupport.ilc.edu.tw/6703/
[Sat Aug 22 01:16:29.714034 2026] [deflate:debug] [pid 642984:tid 642984] mod_deflate.c(909): [client 2402:7500:a5a:d940:d19f:78b4:8733:3ac:65263] AH01384: Zlib: Compressed 101296 to 34520 : URL /wp-content/cache/isupport.ilc.edu.tw/wpfc-minified/10m74ssp/ks8x.js, referer: https://isupport.ilc.edu.tw/6703/
[Sat Aug 22 01:16:29.732981 2026] [ssl:debug] [pid 647614:tid 647614] ssl_engine_kernel.c(254): [client 2402:7500:a5a:d940:d19f:78b4:8733:3ac:65267] AH02034: Subsequent (No.2) HTTPS request received for child 1 (server isupport.ilc.edu.tw:443), referer: https://isupport.ilc.edu.tw/6703/
[Sat Aug 22 01:16:29.733661 2026] [authz_core:debug] [pid 647614:tid 647614] mod_authz_core.c(815): [client 2402:7500:a5a:d940:d19f:78b4:8733:3ac:65267] AH01626: authorization result of Require all granted: granted, referer: https://isupport.ilc.edu.tw/6703/
[Sat Aug 22 01:16:29.733668 2026] [authz_core:debug] [pid 647614:tid 647614] mod_authz_core.c(815): [client 2402:7500:a5a:d940:d19f:78b4:8733:3ac:65267] AH01626: authorization result of : granted, referer: https://isupport.ilc.edu.tw/6703/
[Sat Aug 22 01:16:29.734026 2026] [deflate:debug] [pid 647614:tid 647614] mod_deflate.c(909): [client 2402:7500:a5a:d940:d19f:78b4:8733:3ac:65267] AH01384: Zlib: Compressed 1472 to 738 : URL /wp-content/cache/isupport.ilc.edu.tw/wpfc-minified/fqv0eogw/ks8w.js, referer: https://isupport.ilc.edu.tw/6703/
[Sat Aug 22 01:16:29.748965 2026] [ssl:debug] [pid 643013:tid 643013] ssl_engine_kernel.c(254): [client 2402:7500:a5a:d940:d19f:78b4:8733:3ac:65268] AH02034: Subsequent (No.2) HTTPS request received for child 33 (server isupport.ilc.edu.tw:443), referer: https://isupport.ilc.edu.tw/6703/
[Sat Aug 22 01:16:29.749156 2026] [authz_core:debug] [pid 643013:tid 643013] mod_authz_core.c(815): [client 2402:7500:a5a:d940:d19f:78b4:8733:3ac:65268] AH01626: authorization result of Require all granted: granted, referer: https://isupport.ilc.edu.tw/6703/
[Sat Aug 22 01:16:29.749161 2026] [authz_core:debug] [pid 643013:tid 643013] mod_authz_core.c(815): [client 2402:7500:a5a:d940:d19f:78b4:8733:3ac:65268] AH01626: authorization result of : granted, referer: https://isupport.ilc.edu.tw/6703/
[Sat Aug 22 01:16:29.749431 2026] [deflate:debug] [pid 643013:tid 643013] mod_deflate.c(909): [client 2402:7500:a5a:d940:d19f:78b4:8733:3ac:65268] AH01384: Zlib: Compressed 1718 to 700 : URL /wp-includes/js/hoverintent-js.min.js, referer: https://isupport.ilc.edu.tw/6703/
[Sat Aug 22 01:16:29.782889 2026] [ssl:debug] [pid 642984:tid 642984] ssl_engine_kernel.c(254): [client 2402:7500:a5a:d940:d19f:78b4:8733:3ac:65263] AH02034: Subsequent (No.6) HTTPS request received for child 12 (server isupport.ilc.edu.tw:443), referer: https://isupport.ilc.edu.tw/6703/
[Sat Aug 22 01:16:29.783081 2026] [authz_core:debug] [pid 642984:tid 642984] mod_authz_core.c(815): [client 2402:7500:a5a:d940:d19f:78b4:8733:3ac:65263] AH01626: authorization result of Require all granted: granted, referer: https://isupport.ilc.edu.tw/6703/
[Sat Aug 22 01:16:29.783086 2026] [authz_core:debug] [pid 642984:tid 642984] mod_authz_core.c(815): [client 2402:7500:a5a:d940:d19f:78b4:8733:3ac:65263] AH01626: authorization result of : granted, referer: https://isupport.ilc.edu.tw/6703/
[Sat Aug 22 01:16:29.783374 2026] [deflate:debug] [pid 642984:tid 642984] mod_deflate.c(909): [client 2402:7500:a5a:d940:d19f:78b4:8733:3ac:65263] AH01384: Zlib: Compressed 3487 to 1339 : URL /wp-includes/js/admin-bar.min.js, referer: https://isupport.ilc.edu.tw/6703/
[Sat Aug 22 01:16:29.788893 2026] [ssl:debug] [pid 643053:tid 643053] ssl_engine_kernel.c(254): [client 2402:7500:a5a:d940:d19f:78b4:8733:3ac:65266] AH02034: Subsequent (No.2) HTTPS request received for child 9 (server isupport.ilc.edu.tw:443), referer: https://isupport.ilc.edu.tw/6703/
[Sat Aug 22 01:16:29.789092 2026] [authz_core:debug] [pid 643053:tid 643053] mod_authz_core.c(815): [client 2402:7500:a5a:d940:d19f:78b4:8733:3ac:65266] AH01626: authorization result of Require all granted: granted, referer: https://isupport.ilc.edu.tw/6703/
[Sat Aug 22 01:16:29.789097 2026] [authz_core:debug] [pid 643053:tid 643053] mod_authz_core.c(815): [client 2402:7500:a5a:d940:d19f:78b4:8733:3ac:65266] AH01626: authorization result of : granted, referer: https://isupport.ilc.edu.tw/6703/
[Sat Aug 22 01:16:29.789371 2026] [deflate:debug] [pid 643053:tid 643053] mod_deflate.c(909): [client 2402:7500:a5a:d940:d19f:78b4:8733:3ac:65266] AH01384: Zlib: Compressed 5520 to 1785 : URL /wp-includes/js/imagesloaded.min.js, referer: https://isupport.ilc.edu.tw/6703/
[Sat Aug 22 01:16:29.811570 2026] [ssl:debug] [pid 642838:tid 642838] ssl_engine_kernel.c(254): [client 2402:7500:a5a:d940:d19f:78b4:8733:3ac:65264] AH02034: Subsequent (No.3) HTTPS request received for child 6 (server isupport.ilc.edu.tw:443), referer: https://isupport.ilc.edu.tw/6703/
[Sat Aug 22 01:16:29.811817 2026] [authz_core:debug] [pid 642838:tid 642838] mod_authz_core.c(815): [client 2402:7500:a5a:d940:d19f:78b4:8733:3ac:65264] AH01626: authorization result of Require all granted: granted, referer: https://isupport.ilc.edu.tw/6703/
[Sat Aug 22 01:16:29.811826 2026] [authz_core:debug] [pid 642838:tid 642838] mod_authz_core.c(815): [client 2402:7500:a5a:d940:d19f:78b4:8733:3ac:65264] AH01626: authorization result of : granted, referer: https://isupport.ilc.edu.tw/6703/
[Sat Aug 22 01:16:29.811927 2026] [ssl:debug] [pid 647614:tid 647614] ssl_engine_kernel.c(254): [client 2402:7500:a5a:d940:d19f:78b4:8733:3ac:65267] AH02034: Subsequent (No.3) HTTPS request received for child 1 (server isupport.ilc.edu.tw:443), referer: https://isupport.ilc.edu.tw/6703/
[Sat Aug 22 01:16:29.812087 2026] [authz_core:debug] [pid 647614:tid 647614] mod_authz_core.c(815): [client 2402:7500:a5a:d940:d19f:78b4:8733:3ac:65267] AH01626: authorization result of Require all granted: granted, referer: https://isupport.ilc.edu.tw/6703/
[Sat Aug 22 01:16:29.812091 2026] [authz_core:debug] [pid 647614:tid 647614] mod_authz_core.c(815): [client 2402:7500:a5a:d940:d19f:78b4:8733:3ac:65267] AH01626: authorization result of : granted, referer: https://isupport.ilc.edu.tw/6703/
[Sat Aug 22 01:16:29.812179 2026] [deflate:debug] [pid 642838:tid 642838] mod_deflate.c(909): [client 2402:7500:a5a:d940:d19f:78b4:8733:3ac:65264] AH01384: Zlib: Compressed 9309 to 3204 : URL /wp-content/themes/oceanwp/assets/js/vendors/sidr.js, referer: https://isupport.ilc.edu.tw/6703/
[Sat Aug 22 01:16:29.812575 2026] [deflate:debug] [pid 647614:tid 647614] mod_deflate.c(909): [client 2402:7500:a5a:d940:d19f:78b4:8733:3ac:65267] AH01384: Zlib: Compressed 19719 to 4232 : URL /wp-content/themes/oceanwp/assets/js/theme.min.js, referer: https://isupport.ilc.edu.tw/6703/
[Sat Aug 22 01:16:29.818517 2026] [ssl:debug] [pid 642886:tid 642886] ssl_engine_kernel.c(254): [client 2402:7500:a5a:d940:d19f:78b4:8733:3ac:65265] AH02034: Subsequent (No.2) HTTPS request received for child 27 (server isupport.ilc.edu.tw:443), referer: https://isupport.ilc.edu.tw/6703/
[Sat Aug 22 01:16:29.818728 2026] [authz_core:debug] [pid 642886:tid 642886] mod_authz_core.c(815): [client 2402:7500:a5a:d940:d19f:78b4:8733:3ac:65265] AH01626: authorization result of Require all granted: granted, referer: https://isupport.ilc.edu.tw/6703/
[Sat Aug 22 01:16:29.818734 2026] [authz_core:debug] [pid 642886:tid 642886] mod_authz_core.c(815): [client 2402:7500:a5a:d940:d19f:78b4:8733:3ac:65265] AH01626: authorization result of : granted, referer: https://isupport.ilc.edu.tw/6703/
[Sat Aug 22 01:16:29.819030 2026] [deflate:debug] [pid 642886:tid 642886] mod_deflate.c(909): [client 2402:7500:a5a:d940:d19f:78b4:8733:3ac:65265] AH01384: Zlib: Compressed 7540 to 2070 : URL /wp-content/themes/oceanwp/assets/js/drop-down-search.min.js, referer: https://isupport.ilc.edu.tw/6703/
[Sat Aug 22 01:16:29.824993 2026] [ssl:debug] [pid 643013:tid 643013] ssl_engine_kernel.c(254): [client 2402:7500:a5a:d940:d19f:78b4:8733:3ac:65268] AH02034: Subsequent (No.3) HTTPS request received for child 33 (server isupport.ilc.edu.tw:443), referer: https://isupport.ilc.edu.tw/6703/
[Sat Aug 22 01:16:29.825197 2026] [authz_core:debug] [pid 643013:tid 643013] mod_authz_core.c(815): [client 2402:7500:a5a:d940:d19f:78b4:8733:3ac:65268] AH01626: authorization result of Require all granted: granted, referer: https://isupport.ilc.edu.tw/6703/
[Sat Aug 22 01:16:29.825202 2026] [authz_core:debug] [pid 643013:tid 643013] mod_authz_core.c(815): [client 2402:7500:a5a:d940:d19f:78b4:8733:3ac:65268] AH01626: authorization result of : granted, referer: https://isupport.ilc.edu.tw/6703/
[Sat Aug 22 01:16:29.825618 2026] [deflate:debug] [pid 643013:tid 643013] mod_deflate.c(909): [client 2402:7500:a5a:d940:d19f:78b4:8733:3ac:65268] AH01384: Zlib: Compressed 15843 to 3833 : URL /wp-content/themes/oceanwp/assets/js/sidebar-mobile-menu.min.js, referer: https://isupport.ilc.edu.tw/6703/
[Sat Aug 22 01:16:29.859713 2026] [ssl:debug] [pid 642984:tid 642984] ssl_engine_kernel.c(254): [client 2402:7500:a5a:d940:d19f:78b4:8733:3ac:65263] AH02034: Subsequent (No.7) HTTPS request received for child 12 (server isupport.ilc.edu.tw:443), referer: https://isupport.ilc.edu.tw/6703/
[Sat Aug 22 01:16:29.859936 2026] [authz_core:debug] [pid 642984:tid 642984] mod_authz_core.c(815): [client 2402:7500:a5a:d940:d19f:78b4:8733:3ac:65263] AH01626: authorization result of Require all granted: granted, referer: https://isupport.ilc.edu.tw/6703/
[Sat Aug 22 01:16:29.859941 2026] [authz_core:debug] [pid 642984:tid 642984] mod_authz_core.c(815): [client 2402:7500:a5a:d940:d19f:78b4:8733:3ac:65263] AH01626: authorization result of : granted, referer: https://isupport.ilc.edu.tw/6703/
[Sat Aug 22 01:16:29.860216 2026] [deflate:debug] [pid 642984:tid 642984] mod_deflate.c(909): [client 2402:7500:a5a:d940:d19f:78b4:8733:3ac:65263] AH01384: Zlib: Compressed 5262 to 1708 : URL /wp-content/themes/oceanwp/assets/js/equal-height-elements.min.js, referer: https://isupport.ilc.edu.tw/6703/
[Sat Aug 22 01:16:29.860891 2026] [ssl:debug] [pid 643053:tid 643053] ssl_engine_kernel.c(254): [client 2402:7500:a5a:d940:d19f:78b4:8733:3ac:65266] AH02034: Subsequent (No.3) HTTPS request received for child 9 (server isupport.ilc.edu.tw:443), referer: https://isupport.ilc.edu.tw/6703/
[Sat Aug 22 01:16:29.861110 2026] [authz_core:debug] [pid 643053:tid 643053] mod_authz_core.c(815): [client 2402:7500:a5a:d940:d19f:78b4:8733:3ac:65266] AH01626: authorization result of Require all granted: granted, referer: https://isupport.ilc.edu.tw/6703/
[Sat Aug 22 01:16:29.861116 2026] [authz_core:debug] [pid 643053:tid 643053] mod_authz_core.c(815): [client 2402:7500:a5a:d940:d19f:78b4:8733:3ac:65266] AH01626: authorization result of : granted, referer: https://isupport.ilc.edu.tw/6703/
[Sat Aug 22 01:16:29.861886 2026] [deflate:debug] [pid 643053:tid 643053] mod_deflate.c(909): [client 2402:7500:a5a:d940:d19f:78b4:8733:3ac:65266] AH01384: Zlib: Compressed 20216 to 7328 : URL /wp-content/themes/oceanwp/assets/js/vendors/magnific-popup.min.js, referer: https://isupport.ilc.edu.tw/6703/
[Sat Aug 22 01:16:29.875432 2026] [ssl:debug] [pid 642838:tid 642838] ssl_engine_kernel.c(254): [client 2402:7500:a5a:d940:d19f:78b4:8733:3ac:65264] AH02034: Subsequent (No.4) HTTPS request received for child 6 (server isupport.ilc.edu.tw:443), referer: https://isupport.ilc.edu.tw/6703/
[Sat Aug 22 01:16:29.875688 2026] [authz_core:debug] [pid 642838:tid 642838] mod_authz_core.c(815): [client 2402:7500:a5a:d940:d19f:78b4:8733:3ac:65264] AH01626: authorization result of Require all granted: granted, referer: https://isupport.ilc.edu.tw/6703/
[Sat Aug 22 01:16:29.875696 2026] [authz_core:debug] [pid 642838:tid 642838] mod_authz_core.c(815): [client 2402:7500:a5a:d940:d19f:78b4:8733:3ac:65264] AH01626: authorization result of : granted, referer: https://isupport.ilc.edu.tw/6703/
[Sat Aug 22 01:16:29.876028 2026] [deflate:debug] [pid 642838:tid 642838] mod_deflate.c(909): [client 2402:7500:a5a:d940:d19f:78b4:8733:3ac:65264] AH01384: Zlib: Compressed 4111 to 1423 : URL /wp-content/themes/oceanwp/assets/js/ow-lightbox.min.js, referer: https://isupport.ilc.edu.tw/6703/
[Sat Aug 22 01:16:29.898984 2026] [ssl:debug] [pid 647614:tid 647614] ssl_engine_kernel.c(254): [client 2402:7500:a5a:d940:d19f:78b4:8733:3ac:65267] AH02034: Subsequent (No.4) HTTPS request received for child 1 (server isupport.ilc.edu.tw:443), referer: https://isupport.ilc.edu.tw/6703/
[Sat Aug 22 01:16:29.899203 2026] [authz_core:debug] [pid 647614:tid 647614] mod_authz_core.c(815): [client 2402:7500:a5a:d940:d19f:78b4:8733:3ac:65267] AH01626: authorization result of Require all granted: granted, referer: https://isupport.ilc.edu.tw/6703/
[Sat Aug 22 01:16:29.899208 2026] [authz_core:debug] [pid 647614:tid 647614] mod_authz_core.c(815): [client 2402:7500:a5a:d940:d19f:78b4:8733:3ac:65267] AH01626: authorization result of : granted, referer: https://isupport.ilc.edu.tw/6703/
[Sat Aug 22 01:16:29.900918 2026] [deflate:debug] [pid 647614:tid 647614] mod_deflate.c(909): [client 2402:7500:a5a:d940:d19f:78b4:8733:3ac:65267] AH01384: Zlib: Compressed 57513 to 14083 : URL /wp-content/themes/oceanwp/assets/js/vendors/flickity.pkgd.min.js, referer: https://isupport.ilc.edu.tw/6703/
[Sat Aug 22 01:16:29.902634 2026] [ssl:debug] [pid 642886:tid 642886] ssl_engine_kernel.c(254): [client 2402:7500:a5a:d940:d19f:78b4:8733:3ac:65265] AH02034: Subsequent (No.3) HTTPS request received for child 27 (server isupport.ilc.edu.tw:443), referer: https://isupport.ilc.edu.tw/6703/
[Sat Aug 22 01:16:29.902831 2026] [authz_core:debug] [pid 642886:tid 642886] mod_authz_core.c(815): [client 2402:7500:a5a:d940:d19f:78b4:8733:3ac:65265] AH01626: authorization result of Require all granted: granted, referer: https://isupport.ilc.edu.tw/6703/
[Sat Aug 22 01:16:29.902836 2026] [authz_core:debug] [pid 642886:tid 642886] mod_authz_core.c(815): [client 2402:7500:a5a:d940:d19f:78b4:8733:3ac:65265] AH01626: authorization result of : granted, referer: https://isupport.ilc.edu.tw/6703/
[Sat Aug 22 01:16:29.903029 2026] [deflate:debug] [pid 642886:tid 642886] mod_deflate.c(909): [client 2402:7500:a5a:d940:d19f:78b4:8733:3ac:65265] AH01384: Zlib: Compressed 2002 to 864 : URL /wp-content/themes/oceanwp/assets/js/ow-slider.min.js, referer: https://isupport.ilc.edu.tw/6703/
[Sat Aug 22 01:16:29.920896 2026] [ssl:debug] [pid 643013:tid 643013] ssl_engine_kernel.c(254): [client 2402:7500:a5a:d940:d19f:78b4:8733:3ac:65268] AH02034: Subsequent (No.4) HTTPS request received for child 33 (server isupport.ilc.edu.tw:443), referer: https://isupport.ilc.edu.tw/6703/
[Sat Aug 22 01:16:29.921133 2026] [authz_core:debug] [pid 643013:tid 643013] mod_authz_core.c(815): [client 2402:7500:a5a:d940:d19f:78b4:8733:3ac:65268] AH01626: authorization result of Require all granted: granted, referer: https://isupport.ilc.edu.tw/6703/
[Sat Aug 22 01:16:29.921140 2026] [authz_core:debug] [pid 643013:tid 643013] mod_authz_core.c(815): [client 2402:7500:a5a:d940:d19f:78b4:8733:3ac:65268] AH01626: authorization result of : granted, referer: https://isupport.ilc.edu.tw/6703/
[Sat Aug 22 01:16:29.921511 2026] [deflate:debug] [pid 643013:tid 643013] mod_deflate.c(909): [client 2402:7500:a5a:d940:d19f:78b4:8733:3ac:65268] AH01384: Zlib: Compressed 12402 to 3229 : URL /wp-content/themes/oceanwp/assets/js/scroll-effect.min.js, referer: https://isupport.ilc.edu.tw/6703/
[Sat Aug 22 01:16:29.930682 2026] [ssl:debug] [pid 642984:tid 642984] ssl_engine_kernel.c(254): [client 2402:7500:a5a:d940:d19f:78b4:8733:3ac:65263] AH02034: Subsequent (No.8) HTTPS request received for child 12 (server isupport.ilc.edu.tw:443), referer: https://isupport.ilc.edu.tw/6703/
[Sat Aug 22 01:16:29.930880 2026] [authz_core:debug] [pid 642984:tid 642984] mod_authz_core.c(815): [client 2402:7500:a5a:d940:d19f:78b4:8733:3ac:65263] AH01626: authorization result of Require all granted: granted, referer: https://isupport.ilc.edu.tw/6703/
[Sat Aug 22 01:16:29.930885 2026] [authz_core:debug] [pid 642984:tid 642984] mod_authz_core.c(815): [client 2402:7500:a5a:d940:d19f:78b4:8733:3ac:65263] AH01626: authorization result of : granted, referer: https://isupport.ilc.edu.tw/6703/
[Sat Aug 22 01:16:29.931196 2026] [deflate:debug] [pid 642984:tid 642984] mod_deflate.c(909): [client 2402:7500:a5a:d940:d19f:78b4:8733:3ac:65263] AH01384: Zlib: Compressed 8989 to 2304 : URL /wp-content/themes/oceanwp/assets/js/scroll-top.min.js, referer: https://isupport.ilc.edu.tw/6703/
[Sat Aug 22 01:16:29.932673 2026] [ssl:debug] [pid 643053:tid 643053] ssl_engine_kernel.c(254): [client 2402:7500:a5a:d940:d19f:78b4:8733:3ac:65266] AH02034: Subsequent (No.4) HTTPS request received for child 9 (server isupport.ilc.edu.tw:443), referer: https://isupport.ilc.edu.tw/6703/
[Sat Aug 22 01:16:29.932860 2026] [authz_core:debug] [pid 643053:tid 643053] mod_authz_core.c(815): [client 2402:7500:a5a:d940:d19f:78b4:8733:3ac:65266] AH01626: authorization result of Require all granted: granted, referer: https://isupport.ilc.edu.tw/6703/
[Sat Aug 22 01:16:29.932869 2026] [authz_core:debug] [pid 643053:tid 643053] mod_authz_core.c(815): [client 2402:7500:a5a:d940:d19f:78b4:8733:3ac:65266] AH01626: authorization result of : granted, referer: https://isupport.ilc.edu.tw/6703/
[Sat Aug 22 01:16:29.933132 2026] [deflate:debug] [pid 643053:tid 643053] mod_deflate.c(909): [client 2402:7500:a5a:d940:d19f:78b4:8733:3ac:65266] AH01384: Zlib: Compressed 5181 to 1510 : URL /wp-content/themes/oceanwp/assets/js/select.min.js, referer: https://isupport.ilc.edu.tw/6703/
[Sat Aug 22 01:16:29.944262 2026] [ssl:debug] [pid 642821:tid 642821] ssl_engine_kernel.c(2082): [client 2409:8c20:3c42:1c:0:8:0:4:2170] AH02041: Protocol: TLSv1.3, Cipher: TLS_AES_256_GCM_SHA384 (256/256 bits)
[Sat Aug 22 01:16:29.944333 2026] [socache_shmcb:debug] [pid 642821:tid 642821] mod_socache_shmcb.c(508): AH00831: socache_shmcb_store (0x55 -> subcache 21)
[Sat Aug 22 01:16:29.944339 2026] [socache_shmcb:debug] [pid 642821:tid 642821] mod_socache_shmcb.c(798): AH00845: about to force-expire, subcache: idx_used=61, data_used=13664
[Sat Aug 22 01:16:29.944341 2026] [socache_shmcb:debug] [pid 642821:tid 642821] mod_socache_shmcb.c(824): AH00846: finished force-expire, subcache: idx_used=60, data_used=13439
[Sat Aug 22 01:16:29.944343 2026] [socache_shmcb:debug] [pid 642821:tid 642821] mod_socache_shmcb.c(860): AH00847: insert happened at idx=44, data=(2475:2507)
[Sat Aug 22 01:16:29.944354 2026] [socache_shmcb:debug] [pid 642821:tid 642821] mod_socache_shmcb.c(863): AH00848: finished insert, subcache: idx_pos/idx_used=72/61, data_pos/data_used=2900/13663
[Sat Aug 22 01:16:29.944356 2026] [socache_shmcb:debug] [pid 642821:tid 642821] mod_socache_shmcb.c(530): AH00834: leaving socache_shmcb_store successfully
[Sat Aug 22 01:16:29.944397 2026] [ssl:debug] [pid 642838:tid 642838] ssl_engine_kernel.c(254): [client 2402:7500:a5a:d940:d19f:78b4:8733:3ac:65264] AH02034: Subsequent (No.5) HTTPS request received for child 6 (server isupport.ilc.edu.tw:443), referer: https://isupport.ilc.edu.tw/6703/
[Sat Aug 22 01:16:29.944406 2026] [socache_shmcb:debug] [pid 642821:tid 642821] mod_socache_shmcb.c(508): AH00831: socache_shmcb_store (0xf9 -> subcache 25)
[Sat Aug 22 01:16:29.944415 2026] [socache_shmcb:debug] [pid 642821:tid 642821] mod_socache_shmcb.c(860): AH00847: insert happened at idx=38, data=(1225:1257)
[Sat Aug 22 01:16:29.944417 2026] [socache_shmcb:debug] [pid 642821:tid 642821] mod_socache_shmcb.c(863): AH00848: finished insert, subcache: idx_pos/idx_used=73/54, data_pos/data_used=3243/12070
[Sat Aug 22 01:16:29.944419 2026] [socache_shmcb:debug] [pid 642821:tid 642821] mod_socache_shmcb.c(530): AH00834: leaving socache_shmcb_store successfully
[Sat Aug 22 01:16:29.944511 2026] [ssl:debug] [pid 642821:tid 642821] ssl_engine_kernel.c(254): [client 2409:8c20:3c42:1c:0:8:0:4:2170] AH02034: Initial (No.1) HTTPS request received for child 40 (server ilta.ilc.edu.tw:443)
[Sat Aug 22 01:16:29.944662 2026] [authz_core:debug] [pid 642821:tid 642821] mod_authz_core.c(815): [client 2409:8c20:3c42:1c:0:8:0:4:2170] AH01626: authorization result of Require all granted: granted
[Sat Aug 22 01:16:29.944662 2026] [authz_core:debug] [pid 642838:tid 642838] mod_authz_core.c(815): [client 2402:7500:a5a:d940:d19f:78b4:8733:3ac:65264] AH01626: authorization result of Require all granted: granted, referer: https://isupport.ilc.edu.tw/6703/
[Sat Aug 22 01:16:29.944670 2026] [authz_core:debug] [pid 642821:tid 642821] mod_authz_core.c(815): [client 2409:8c20:3c42:1c:0:8:0:4:2170] AH01626: authorization result of : granted
[Sat Aug 22 01:16:29.944673 2026] [authz_core:debug] [pid 642838:tid 642838] mod_authz_core.c(815): [client 2402:7500:a5a:d940:d19f:78b4:8733:3ac:65264] AH01626: authorization result of : granted, referer: https://isupport.ilc.edu.tw/6703/
[Sat Aug 22 01:16:29.944792 2026] [authz_core:debug] [pid 642821:tid 642821] mod_authz_core.c(815): [client 2409:8c20:3c42:1c:0:8:0:4:2170] AH01626: authorization result of Require all granted: granted
[Sat Aug 22 01:16:29.944798 2026] [authz_core:debug] [pid 642821:tid 642821] mod_authz_core.c(815): [client 2409:8c20:3c42:1c:0:8:0:4:2170] AH01626: authorization result of : granted
[Sat Aug 22 01:16:29.945634 2026] [deflate:debug] [pid 642838:tid 642838] mod_deflate.c(909): [client 2402:7500:a5a:d940:d19f:78b4:8733:3ac:65264] AH01384: Zlib: Compressed 25505 to 7646 : URL /wp-content/themes/oceanwp/assets/js/ow-infinite-scroll.min.js, referer: https://isupport.ilc.edu.tw/6703/
[Sat Aug 22 01:16:29.974438 2026] [ssl:debug] [pid 642886:tid 642886] ssl_engine_kernel.c(254): [client 2402:7500:a5a:d940:d19f:78b4:8733:3ac:65265] AH02034: Subsequent (No.4) HTTPS request received for child 27 (server isupport.ilc.edu.tw:443), referer: https://isupport.ilc.edu.tw/6703/
[Sat Aug 22 01:16:29.974658 2026] [authz_core:debug] [pid 642886:tid 642886] mod_authz_core.c(815): [client 2402:7500:a5a:d940:d19f:78b4:8733:3ac:65265] AH01626: authorization result of Require all granted: granted, referer: https://isupport.ilc.edu.tw/6703/
[Sat Aug 22 01:16:29.974665 2026] [authz_core:debug] [pid 642886:tid 642886] mod_authz_core.c(815): [client 2402:7500:a5a:d940:d19f:78b4:8733:3ac:65265] AH01626: authorization result of : granted, referer: https://isupport.ilc.edu.tw/6703/
[Sat Aug 22 01:16:29.974869 2026] [deflate:debug] [pid 642886:tid 642886] mod_deflate.c(909): [client 2402:7500:a5a:d940:d19f:78b4:8733:3ac:65265] AH01384: Zlib: Compressed 712 to 422 : URL /wp-content/plugins/ocean-extra/includes/widgets/js/flickr.min.js, referer: https://isupport.ilc.edu.tw/6703/
[Sat Aug 22 01:16:29.974885 2026] [deflate:debug] [pid 642821:tid 642821] mod_deflate.c(909): [client 2409:8c20:3c42:1c:0:8:0:4:2170] AH01384: Zlib: Compressed 56067 to 10844 : URL /index.php
[Sat Aug 22 01:16:29.999833 2026] [ssl:debug] [pid 643013:tid 643013] ssl_engine_kernel.c(254): [client 2402:7500:a5a:d940:d19f:78b4:8733:3ac:65268] AH02034: Subsequent (No.5) HTTPS request received for child 33 (server isupport.ilc.edu.tw:443), referer: https://isupport.ilc.edu.tw/6703/
[Sat Aug 22 01:16:30.000096 2026] [authz_core:debug] [pid 643013:tid 643013] mod_authz_core.c(815): [client 2402:7500:a5a:d940:d19f:78b4:8733:3ac:65268] AH01626: authorization result of Require all granted: granted, referer: https://isupport.ilc.edu.tw/6703/
[Sat Aug 22 01:16:30.000112 2026] [authz_core:debug] [pid 643013:tid 643013] mod_authz_core.c(815): [client 2402:7500:a5a:d940:d19f:78b4:8733:3ac:65268] AH01626: authorization result of : granted, referer: https://isupport.ilc.edu.tw/6703/
[Sat Aug 22 01:16:30.000470 2026] [deflate:debug] [pid 643013:tid 643013] mod_deflate.c(909): [client 2402:7500:a5a:d940:d19f:78b4:8733:3ac:65268] AH01384: Zlib: Compressed 5881 to 2664 : URL /wp-content/plugins/elementor-pro/assets/js/webpack-pro.runtime.min.js, referer: https://isupport.ilc.edu.tw/6703/
[Sat Aug 22 01:16:30.002757 2026] [ssl:debug] [pid 642984:tid 642984] ssl_engine_kernel.c(254): [client 2402:7500:a5a:d940:d19f:78b4:8733:3ac:65263] AH02034: Subsequent (No.9) HTTPS request received for child 12 (server isupport.ilc.edu.tw:443), referer: https://isupport.ilc.edu.tw/6703/
[Sat Aug 22 01:16:30.002944 2026] [authz_core:debug] [pid 642984:tid 642984] mod_authz_core.c(815): [client 2402:7500:a5a:d940:d19f:78b4:8733:3ac:65263] AH01626: authorization result of Require all granted: granted, referer: https://isupport.ilc.edu.tw/6703/
[Sat Aug 22 01:16:30.002949 2026] [authz_core:debug] [pid 642984:tid 642984] mod_authz_core.c(815): [client 2402:7500:a5a:d940:d19f:78b4:8733:3ac:65263] AH01626: authorization result of : granted, referer: https://isupport.ilc.edu.tw/6703/
[Sat Aug 22 01:16:30.003224 2026] [deflate:debug] [pid 642984:tid 642984] mod_deflate.c(909): [client 2402:7500:a5a:d940:d19f:78b4:8733:3ac:65263] AH01384: Zlib: Compressed 4997 to 2197 : URL /wp-content/plugins/elementor/assets/js/webpack.runtime.min.js, referer: https://isupport.ilc.edu.tw/6703/
[Sat Aug 22 01:16:30.007400 2026] [ssl:debug] [pid 642838:tid 642838] ssl_engine_kernel.c(254): [client 2402:7500:a5a:d940:d19f:78b4:8733:3ac:65264] AH02034: Subsequent (No.6) HTTPS request received for child 6 (server isupport.ilc.edu.tw:443), referer: https://isupport.ilc.edu.tw/6703/
[Sat Aug 22 01:16:30.007586 2026] [authz_core:debug] [pid 642838:tid 642838] mod_authz_core.c(815): [client 2402:7500:a5a:d940:d19f:78b4:8733:3ac:65264] AH01626: authorization result of Require all granted: granted, referer: https://isupport.ilc.edu.tw/6703/
[Sat Aug 22 01:16:30.007591 2026] [authz_core:debug] [pid 642838:tid 642838] mod_authz_core.c(815): [client 2402:7500:a5a:d940:d19f:78b4:8733:3ac:65264] AH01626: authorization result of : granted, referer: https://isupport.ilc.edu.tw/6703/
[Sat Aug 22 01:16:30.007815 2026] [deflate:debug] [pid 642838:tid 642838] mod_deflate.c(909): [client 2402:7500:a5a:d940:d19f:78b4:8733:3ac:65264] AH01384: Zlib: Compressed 4307 to 1523 : URL /wp-includes/js/dist/hooks.min.js, referer: https://isupport.ilc.edu.tw/6703/
[Sat Aug 22 01:16:30.008008 2026] [ssl:debug] [pid 643053:tid 643053] ssl_engine_kernel.c(254): [client 2402:7500:a5a:d940:d19f:78b4:8733:3ac:65266] AH02034: Subsequent (No.5) HTTPS request received for child 9 (server isupport.ilc.edu.tw:443), referer: https://isupport.ilc.edu.tw/6703/
[Sat Aug 22 01:16:30.008141 2026] [authz_core:debug] [pid 643053:tid 643053] mod_authz_core.c(815): [client 2402:7500:a5a:d940:d19f:78b4:8733:3ac:65266] AH01626: authorization result of Require all granted: granted, referer: https://isupport.ilc.edu.tw/6703/
[Sat Aug 22 01:16:30.008151 2026] [authz_core:debug] [pid 643053:tid 643053] mod_authz_core.c(815): [client 2402:7500:a5a:d940:d19f:78b4:8733:3ac:65266] AH01626: authorization result of : granted, referer: https://isupport.ilc.edu.tw/6703/
[Sat Aug 22 01:16:30.010135 2026] [deflate:debug] [pid 643053:tid 643053] mod_deflate.c(909): [client 2402:7500:a5a:d940:d19f:78b4:8733:3ac:65266] AH01384: Zlib: Compressed 67411 to 18429 : URL /wp-content/plugins/elementor/assets/js/frontend-modules.min.js, referer: https://isupport.ilc.edu.tw/6703/
[Sat Aug 22 01:16:30.041496 2026] [ssl:debug] [pid 642886:tid 642886] ssl_engine_kernel.c(254): [client 2402:7500:a5a:d940:d19f:78b4:8733:3ac:65265] AH02034: Subsequent (No.5) HTTPS request received for child 27 (server isupport.ilc.edu.tw:443), referer: https://isupport.ilc.edu.tw/6703/
[Sat Aug 22 01:16:30.041690 2026] [authz_core:debug] [pid 642886:tid 642886] mod_authz_core.c(815): [client 2402:7500:a5a:d940:d19f:78b4:8733:3ac:65265] AH01626: authorization result of Require all granted: granted, referer: https://isupport.ilc.edu.tw/6703/
[Sat Aug 22 01:16:30.041695 2026] [authz_core:debug] [pid 642886:tid 642886] mod_authz_core.c(815): [client 2402:7500:a5a:d940:d19f:78b4:8733:3ac:65265] AH01626: authorization result of : granted, referer: https://isupport.ilc.edu.tw/6703/
[Sat Aug 22 01:16:30.042050 2026] [deflate:debug] [pid 642886:tid 642886] mod_deflate.c(909): [client 2402:7500:a5a:d940:d19f:78b4:8733:3ac:65265] AH01384: Zlib: Compressed 9141 to 3649 : URL /wp-includes/js/dist/i18n.min.js, referer: https://isupport.ilc.edu.tw/6703/
[Sat Aug 22 01:16:30.053705 2026] [ssl:debug] [pid 647614:tid 647614] ssl_engine_kernel.c(254): [client 2402:7500:a5a:d940:d19f:78b4:8733:3ac:65267] AH02034: Subsequent (No.5) HTTPS request received for child 1 (server isupport.ilc.edu.tw:443), referer: https://isupport.ilc.edu.tw/6703/
[Sat Aug 22 01:16:30.053909 2026] [authz_core:debug] [pid 647614:tid 647614] mod_authz_core.c(815): [client 2402:7500:a5a:d940:d19f:78b4:8733:3ac:65267] AH01626: authorization result of Require all granted: granted, referer: https://isupport.ilc.edu.tw/6703/
[Sat Aug 22 01:16:30.053915 2026] [authz_core:debug] [pid 647614:tid 647614] mod_authz_core.c(815): [client 2402:7500:a5a:d940:d19f:78b4:8733:3ac:65267] AH01626: authorization result of : granted, referer: https://isupport.ilc.edu.tw/6703/
[Sat Aug 22 01:16:30.054592 2026] [deflate:debug] [pid 647614:tid 647614] mod_deflate.c(909): [client 2402:7500:a5a:d940:d19f:78b4:8733:3ac:65267] AH01384: Zlib: Compressed 25050 to 6676 : URL /wp-content/plugins/elementor-pro/assets/js/frontend.min.js, referer: https://isupport.ilc.edu.tw/6703/
[Sat Aug 22 01:16:30.071733 2026] [ssl:debug] [pid 642984:tid 642984] ssl_engine_kernel.c(254): [client 2402:7500:a5a:d940:d19f:78b4:8733:3ac:65263] AH02034: Subsequent (No.10) HTTPS request received for child 12 (server isupport.ilc.edu.tw:443), referer: https://isupport.ilc.edu.tw/6703/
[Sat Aug 22 01:16:30.071929 2026] [authz_core:debug] [pid 642984:tid 642984] mod_authz_core.c(815): [client 2402:7500:a5a:d940:d19f:78b4:8733:3ac:65263] AH01626: authorization result of Require all granted: granted, referer: https://isupport.ilc.edu.tw/6703/
[Sat Aug 22 01:16:30.071933 2026] [authz_core:debug] [pid 642984:tid 642984] mod_authz_core.c(815): [client 2402:7500:a5a:d940:d19f:78b4:8733:3ac:65263] AH01626: authorization result of : granted, referer: https://isupport.ilc.edu.tw/6703/
[Sat Aug 22 01:16:30.072608 2026] [deflate:debug] [pid 642984:tid 642984] mod_deflate.c(909): [client 2402:7500:a5a:d940:d19f:78b4:8733:3ac:65263] AH01384: Zlib: Compressed 21464 to 7088 : URL /wp-includes/js/jquery/ui/core.min.js, referer: https://isupport.ilc.edu.tw/6703/
[Sat Aug 22 01:16:30.075750 2026] [ssl:debug] [pid 643013:tid 643013] ssl_engine_kernel.c(254): [client 2402:7500:a5a:d940:d19f:78b4:8733:3ac:65268] AH02034: Subsequent (No.6) HTTPS request received for child 33 (server isupport.ilc.edu.tw:443), referer: https://isupport.ilc.edu.tw/6703/
[Sat Aug 22 01:16:30.075956 2026] [authz_core:debug] [pid 643013:tid 643013] mod_authz_core.c(815): [client 2402:7500:a5a:d940:d19f:78b4:8733:3ac:65268] AH01626: authorization result of Require all granted: granted, referer: https://isupport.ilc.edu.tw/6703/
[Sat Aug 22 01:16:30.075961 2026] [authz_core:debug] [pid 643013:tid 643013] mod_authz_core.c(815): [client 2402:7500:a5a:d940:d19f:78b4:8733:3ac:65268] AH01626: authorization result of : granted, referer: https://isupport.ilc.edu.tw/6703/
[Sat Aug 22 01:16:30.076349 2026] [deflate:debug] [pid 643013:tid 643013] mod_deflate.c(909): [client 2402:7500:a5a:d940:d19f:78b4:8733:3ac:65268] AH01384: Zlib: Compressed 12198 to 2975 : URL /wp-content/plugins/elementor/assets/lib/waypoints/waypoints.min.js, referer: https://isupport.ilc.edu.tw/6703/
[Sat Aug 22 01:16:30.081245 2026] [ssl:debug] [pid 642838:tid 642838] ssl_engine_kernel.c(254): [client 2402:7500:a5a:d940:d19f:78b4:8733:3ac:65264] AH02034: Subsequent (No.7) HTTPS request received for child 6 (server isupport.ilc.edu.tw:443), referer: https://isupport.ilc.edu.tw/6703/
[Sat Aug 22 01:16:30.081406 2026] [authz_core:debug] [pid 642838:tid 642838] mod_authz_core.c(815): [client 2402:7500:a5a:d940:d19f:78b4:8733:3ac:65264] AH01626: authorization result of Require all granted: granted, referer: https://isupport.ilc.edu.tw/6703/
[Sat Aug 22 01:16:30.081410 2026] [authz_core:debug] [pid 642838:tid 642838] mod_authz_core.c(815): [client 2402:7500:a5a:d940:d19f:78b4:8733:3ac:65264] AH01626: authorization result of : granted, referer: https://isupport.ilc.edu.tw/6703/
[Sat Aug 22 01:16:30.082560 2026] [deflate:debug] [pid 642838:tid 642838] mod_deflate.c(909): [client 2402:7500:a5a:d940:d19f:78b4:8733:3ac:65264] AH01384: Zlib: Compressed 40254 to 12204 : URL /wp-content/plugins/elementor/assets/js/frontend.min.js, referer: https://isupport.ilc.edu.tw/6703/
[Sat Aug 22 01:16:30.088625 2026] [ssl:debug] [pid 643053:tid 643053] ssl_engine_kernel.c(254): [client 2402:7500:a5a:d940:d19f:78b4:8733:3ac:65266] AH02034: Subsequent (No.6) HTTPS request received for child 9 (server isupport.ilc.edu.tw:443), referer: https://isupport.ilc.edu.tw/6703/
[Sat Aug 22 01:16:30.088776 2026] [authz_core:debug] [pid 643053:tid 643053] mod_authz_core.c(815): [client 2402:7500:a5a:d940:d19f:78b4:8733:3ac:65266] AH01626: authorization result of Require all granted: granted, referer: https://isupport.ilc.edu.tw/6703/
[Sat Aug 22 01:16:30.088780 2026] [authz_core:debug] [pid 643053:tid 643053] mod_authz_core.c(815): [client 2402:7500:a5a:d940:d19f:78b4:8733:3ac:65266] AH01626: authorization result of : granted, referer: https://isupport.ilc.edu.tw/6703/
[Sat Aug 22 01:16:30.089744 2026] [deflate:debug] [pid 643053:tid 643053] mod_deflate.c(909): [client 2402:7500:a5a:d940:d19f:78b4:8733:3ac:65266] AH01384: Zlib: Compressed 41573 to 9918 : URL /wp-content/plugins/elementor-pro/assets/js/elements-handlers.min.js, referer: https://isupport.ilc.edu.tw/6703/
