[Sat Aug 22 01:15:48.630602 2026] [ssl:debug] [pid 647623:tid 647623] ssl_engine_kernel.c(2082): [client 52.167.144.163:12171] AH02041: Protocol: TLSv1.3, Cipher: TLS_AES_256_GCM_SHA384 (256/256 bits)
[Sat Aug 22 01:15:48.630653 2026] [socache_shmcb:debug] [pid 647623:tid 647623] mod_socache_shmcb.c(508): AH00831: socache_shmcb_store (0xdc -> subcache 28)
[Sat Aug 22 01:15:48.630672 2026] [socache_shmcb:debug] [pid 647623:tid 647623] mod_socache_shmcb.c(798): AH00845: about to force-expire, subcache: idx_used=61, data_used=13707
[Sat Aug 22 01:15:48.630675 2026] [socache_shmcb:debug] [pid 647623:tid 647623] mod_socache_shmcb.c(824): AH00846: finished force-expire, subcache: idx_used=60, data_used=13478
[Sat Aug 22 01:15:48.630677 2026] [socache_shmcb:debug] [pid 647623:tid 647623] mod_socache_shmcb.c(860): AH00847: insert happened at idx=53, data=(4674:4706)
[Sat Aug 22 01:15:48.630679 2026] [socache_shmcb:debug] [pid 647623:tid 647623] mod_socache_shmcb.c(863): AH00848: finished insert, subcache: idx_pos/idx_used=81/61, data_pos/data_used=5060/13703
[Sat Aug 22 01:15:48.630681 2026] [socache_shmcb:debug] [pid 647623:tid 647623] mod_socache_shmcb.c(530): AH00834: leaving socache_shmcb_store successfully
[Sat Aug 22 01:15:48.630747 2026] [socache_shmcb:debug] [pid 647623:tid 647623] mod_socache_shmcb.c(508): AH00831: socache_shmcb_store (0x5f -> subcache 31)
[Sat Aug 22 01:15:48.630752 2026] [socache_shmcb:debug] [pid 647623:tid 647623] mod_socache_shmcb.c(745): AH00842: expiring 1 and reclaiming 0 removed socache entries
[Sat Aug 22 01:15:48.630755 2026] [socache_shmcb:debug] [pid 647623:tid 647623] mod_socache_shmcb.c(765): AH00843: we now have 48 socache entries
[Sat Aug 22 01:15:48.630767 2026] [socache_shmcb:debug] [pid 647623:tid 647623] mod_socache_shmcb.c(860): AH00847: insert happened at idx=44, data=(2747:2779)
[Sat Aug 22 01:15:48.630769 2026] [socache_shmcb:debug] [pid 647623:tid 647623] mod_socache_shmcb.c(863): AH00848: finished insert, subcache: idx_pos/idx_used=84/49, data_pos/data_used=5857/10980
[Sat Aug 22 01:15:48.630771 2026] [socache_shmcb:debug] [pid 647623:tid 647623] mod_socache_shmcb.c(530): AH00834: leaving socache_shmcb_store successfully
[Sat Aug 22 01:15:48.631013 2026] [ssl:debug] [pid 647623:tid 647623] ssl_engine_kernel.c(254): [client 52.167.144.163:12171] AH02034: Initial (No.1) HTTPS request received for child 4 (server 2blog.ilc.edu.tw:443)
[Sat Aug 22 01:15:48.631210 2026] [authz_core:debug] [pid 647623:tid 647623] mod_authz_core.c(815): [client 52.167.144.163:12171] AH01626: authorization result of Require all granted: granted
[Sat Aug 22 01:15:48.631216 2026] [authz_core:debug] [pid 647623:tid 647623] mod_authz_core.c(815): [client 52.167.144.163:12171] AH01626: authorization result of : granted
[Sat Aug 22 01:15:48.631337 2026] [authz_core:debug] [pid 647623:tid 647623] mod_authz_core.c(815): [client 52.167.144.163:12171] AH01626: authorization result of Require all granted: granted
[Sat Aug 22 01:15:48.631343 2026] [authz_core:debug] [pid 647623:tid 647623] mod_authz_core.c(815): [client 52.167.144.163:12171] AH01626: authorization result of : granted
[Sat Aug 22 01:15:48.659980 2026] [ssl:info] [pid 642984:tid 642984] [client 66.249.71.37:53135] AH01964: Connection to child 12 established (server 2blog.ilc.edu.tw:443)
[Sat Aug 22 01:15:48.660157 2026] [ssl:debug] [pid 642984:tid 642984] ssl_engine_kernel.c(2222): [client 66.249.71.37:53135] AH02043: SSL virtual host for servername 2blog.ilc.edu.tw found
[Sat Aug 22 01:15:48.660255 2026] [ssl:debug] [pid 642984:tid 642984] ssl_util_stapling.c(819): AH01951: stapling_cb: OCSP Stapling callback called
[Sat Aug 22 01:15:48.660264 2026] [ssl:info] [pid 642984:tid 642984] AH01926: stapling_get_certinfo: stapling not supported for certificate
[Sat Aug 22 01:15:48.667231 2026] [ssl:debug] [pid 642984:tid 642984] ssl_engine_kernel.c(2082): [client 66.249.71.37:53135] AH02041: Protocol: TLSv1.3, Cipher: TLS_AES_256_GCM_SHA384 (256/256 bits)
[Sat Aug 22 01:15:48.667297 2026] [socache_shmcb:debug] [pid 642984:tid 642984] mod_socache_shmcb.c(508): AH00831: socache_shmcb_store (0x38 -> subcache 24)
[Sat Aug 22 01:15:48.667308 2026] [socache_shmcb:debug] [pid 642984:tid 642984] mod_socache_shmcb.c(798): AH00845: about to force-expire, subcache: idx_used=61, data_used=13667
[Sat Aug 22 01:15:48.667311 2026] [socache_shmcb:debug] [pid 642984:tid 642984] mod_socache_shmcb.c(824): AH00846: finished force-expire, subcache: idx_used=60, data_used=13442
[Sat Aug 22 01:15:48.667314 2026] [socache_shmcb:debug] [pid 642984:tid 642984] mod_socache_shmcb.c(860): AH00847: insert happened at idx=49, data=(3822:3854)
[Sat Aug 22 01:15:48.667317 2026] [socache_shmcb:debug] [pid 642984:tid 642984] mod_socache_shmcb.c(863): AH00848: finished insert, subcache: idx_pos/idx_used=77/61, data_pos/data_used=4244/13655
[Sat Aug 22 01:15:48.667320 2026] [socache_shmcb:debug] [pid 642984:tid 642984] mod_socache_shmcb.c(530): AH00834: leaving socache_shmcb_store successfully
[Sat Aug 22 01:15:48.667373 2026] [socache_shmcb:debug] [pid 642984:tid 642984] mod_socache_shmcb.c(508): AH00831: socache_shmcb_store (0xaf -> subcache 15)
[Sat Aug 22 01:15:48.667379 2026] [socache_shmcb:debug] [pid 642984:tid 642984] mod_socache_shmcb.c(860): AH00847: insert happened at idx=21, data=(3246:3278)
[Sat Aug 22 01:15:48.667380 2026] [socache_shmcb:debug] [pid 642984:tid 642984] mod_socache_shmcb.c(863): AH00848: finished insert, subcache: idx_pos/idx_used=48/62, data_pos/data_used=3470/13853
[Sat Aug 22 01:15:48.667382 2026] [socache_shmcb:debug] [pid 642984:tid 642984] mod_socache_shmcb.c(530): AH00834: leaving socache_shmcb_store successfully
[Sat Aug 22 01:15:48.667525 2026] [ssl:debug] [pid 642984:tid 642984] ssl_engine_kernel.c(254): [client 66.249.71.37:53135] AH02034: Initial (No.1) HTTPS request received for child 12 (server 2blog.ilc.edu.tw:443)
[Sat Aug 22 01:15:48.816268 2026] [deflate:debug] [pid 647623:tid 647623] mod_deflate.c(909): [client 52.167.144.163:12171] AH01384: Zlib: Compressed 41761 to 9200 : URL /index.php
[Sat Aug 22 01:15:49.110012 2026] [authz_core:debug] [pid 647614:tid 647614] mod_authz_core.c(815): [client 2400:e920:0:2:f45d:ddff:fe00:7a:59938] AH01626: authorization result of Require all granted: granted, referer: http://ilta.ilc.edu.tw
[Sat Aug 22 01:15:49.110038 2026] [authz_core:debug] [pid 647614:tid 647614] mod_authz_core.c(815): [client 2400:e920:0:2:f45d:ddff:fe00:7a:59938] AH01626: authorization result of : granted, referer: http://ilta.ilc.edu.tw
[Sat Aug 22 01:15:49.412585 2026] [ssl:info] [pid 642886:tid 642886] [client 2400:e920:0:2:f45d:ddff:fe00:7a:59961] AH01964: Connection to child 27 established (server 2blog.ilc.edu.tw:443)
[Sat Aug 22 01:15:49.412746 2026] [ssl:debug] [pid 642886:tid 642886] ssl_engine_kernel.c(2222): [client 2400:e920:0:2:f45d:ddff:fe00:7a:59961] AH02043: SSL virtual host for servername ilta.ilc.edu.tw found
[Sat Aug 22 01:15:49.412794 2026] [core:debug] [pid 642886:tid 642886] protocol.c(2460): [client 2400:e920:0:2:f45d:ddff:fe00:7a:59961] AH03155: select protocol from , choices=http/1.1 for server ilta.ilc.edu.tw
[Sat Aug 22 01:15:49.515099 2026] [ssl:debug] [pid 642886:tid 642886] ssl_engine_kernel.c(2082): [client 2400:e920:0:2:f45d:ddff:fe00:7a:59961] AH02041: Protocol: TLSv1.3, Cipher: TLS_AES_256_GCM_SHA384 (256/256 bits)
[Sat Aug 22 01:15:49.515150 2026] [socache_shmcb:debug] [pid 642886:tid 642886] mod_socache_shmcb.c(508): AH00831: socache_shmcb_store (0xa8 -> subcache 8)
[Sat Aug 22 01:15:49.515156 2026] [socache_shmcb:debug] [pid 642886:tid 642886] mod_socache_shmcb.c(798): AH00845: about to force-expire, subcache: idx_used=62, data_used=13826
[Sat Aug 22 01:15:49.515158 2026] [socache_shmcb:debug] [pid 642886:tid 642886] mod_socache_shmcb.c(824): AH00846: finished force-expire, subcache: idx_used=61, data_used=13597
[Sat Aug 22 01:15:49.515161 2026] [socache_shmcb:debug] [pid 642886:tid 642886] mod_socache_shmcb.c(860): AH00847: insert happened at idx=57, data=(5691:5723)
[Sat Aug 22 01:15:49.515164 2026] [socache_shmcb:debug] [pid 642886:tid 642886] mod_socache_shmcb.c(863): AH00848: finished insert, subcache: idx_pos/idx_used=84/62, data_pos/data_used=5958/13822
[Sat Aug 22 01:15:49.515167 2026] [socache_shmcb:debug] [pid 642886:tid 642886] mod_socache_shmcb.c(530): AH00834: leaving socache_shmcb_store successfully
[Sat Aug 22 01:15:49.515240 2026] [socache_shmcb:debug] [pid 642886:tid 642886] mod_socache_shmcb.c(508): AH00831: socache_shmcb_store (0x47 -> subcache 7)
[Sat Aug 22 01:15:49.515247 2026] [socache_shmcb:debug] [pid 642886:tid 642886] mod_socache_shmcb.c(745): AH00842: expiring 3 and reclaiming 0 removed socache entries
[Sat Aug 22 01:15:49.515250 2026] [socache_shmcb:debug] [pid 642886:tid 642886] mod_socache_shmcb.c(765): AH00843: we now have 51 socache entries
[Sat Aug 22 01:15:49.515253 2026] [socache_shmcb:debug] [pid 642886:tid 642886] mod_socache_shmcb.c(860): AH00847: insert happened at idx=54, data=(4665:4697)
[Sat Aug 22 01:15:49.515256 2026] [socache_shmcb:debug] [pid 642886:tid 642886] mod_socache_shmcb.c(863): AH00848: finished insert, subcache: idx_pos/idx_used=3/52, data_pos/data_used=7082/11671
[Sat Aug 22 01:15:49.515259 2026] [socache_shmcb:debug] [pid 642886:tid 642886] mod_socache_shmcb.c(530): AH00834: leaving socache_shmcb_store successfully
[Sat Aug 22 01:15:49.517099 2026] [ssl:debug] [pid 642886:tid 642886] ssl_engine_kernel.c(254): [client 2400:e920:0:2:f45d:ddff:fe00:7a:59961] AH02034: Initial (No.1) HTTPS request received for child 27 (server ilta.ilc.edu.tw:443), referer: http://ilta.ilc.edu.tw
[Sat Aug 22 01:15:49.517303 2026] [authz_core:debug] [pid 642886:tid 642886] mod_authz_core.c(815): [client 2400:e920:0:2:f45d:ddff:fe00:7a:59961] AH01626: authorization result of Require all granted: granted, referer: http://ilta.ilc.edu.tw
[Sat Aug 22 01:15:49.517319 2026] [authz_core:debug] [pid 642886:tid 642886] mod_authz_core.c(815): [client 2400:e920:0:2:f45d:ddff:fe00:7a:59961] AH01626: authorization result of : granted, referer: http://ilta.ilc.edu.tw
[Sat Aug 22 01:15:49.611602 2026] [deflate:debug] [pid 642886:tid 642886] mod_deflate.c(909): [client 2400:e920:0:2:f45d:ddff:fe00:7a:59961] AH01384: Zlib: Compressed 13605 to 5007 : URL /wp-login.php, referer: http://ilta.ilc.edu.tw
[Sat Aug 22 01:15:49.718245 2026] [authz_core:debug] [pid 642984:tid 642984] mod_authz_core.c(815): [client 66.249.71.37:53135] AH01626: authorization result of Require all granted: granted
[Sat Aug 22 01:15:49.718270 2026] [authz_core:debug] [pid 642984:tid 642984] mod_authz_core.c(815): [client 66.249.71.37:53135] AH01626: authorization result of : granted
[Sat Aug 22 01:15:49.827246 2026] [authz_core:debug] [pid 642838:tid 642838] mod_authz_core.c(815): [client 2400:e920:0:2:f45d:ddff:fe00:7a:59989] AH01626: authorization result of Require all granted: granted, referer: http://ilta.ilc.edu.tw
[Sat Aug 22 01:15:49.827270 2026] [authz_core:debug] [pid 642838:tid 642838] mod_authz_core.c(815): [client 2400:e920:0:2:f45d:ddff:fe00:7a:59989] AH01626: authorization result of : granted, referer: http://ilta.ilc.edu.tw
[Sat Aug 22 01:15:50.195033 2026] [ssl:info] [pid 643053:tid 643053] [client 2400:e920:0:2:f45d:ddff:fe00:7a:60020] AH01964: Connection to child 9 established (server 2blog.ilc.edu.tw:443)
[Sat Aug 22 01:15:50.195185 2026] [ssl:debug] [pid 643053:tid 643053] ssl_engine_kernel.c(2222): [client 2400:e920:0:2:f45d:ddff:fe00:7a:60020] AH02043: SSL virtual host for servername ilta.ilc.edu.tw found
[Sat Aug 22 01:15:50.195234 2026] [core:debug] [pid 643053:tid 643053] protocol.c(2460): [client 2400:e920:0:2:f45d:ddff:fe00:7a:60020] AH03155: select protocol from , choices=http/1.1 for server ilta.ilc.edu.tw
[Sat Aug 22 01:15:50.296920 2026] [ssl:debug] [pid 643053:tid 643053] ssl_engine_kernel.c(2082): [client 2400:e920:0:2:f45d:ddff:fe00:7a:60020] AH02041: Protocol: TLSv1.3, Cipher: TLS_AES_256_GCM_SHA384 (256/256 bits)
[Sat Aug 22 01:15:50.296989 2026] [socache_shmcb:debug] [pid 643053:tid 643053] mod_socache_shmcb.c(508): AH00831: socache_shmcb_store (0x8a -> subcache 10)
[Sat Aug 22 01:15:50.296995 2026] [socache_shmcb:debug] [pid 643053:tid 643053] mod_socache_shmcb.c(860): AH00847: insert happened at idx=80, data=(10472:10504)
[Sat Aug 22 01:15:50.296998 2026] [socache_shmcb:debug] [pid 643053:tid 643053] mod_socache_shmcb.c(863): AH00848: finished insert, subcache: idx_pos/idx_used=21/60, data_pos/data_used=11087/13474
[Sat Aug 22 01:15:50.297000 2026] [socache_shmcb:debug] [pid 643053:tid 643053] mod_socache_shmcb.c(530): AH00834: leaving socache_shmcb_store successfully
[Sat Aug 22 01:15:50.297066 2026] [socache_shmcb:debug] [pid 643053:tid 643053] mod_socache_shmcb.c(508): AH00831: socache_shmcb_store (0x9f -> subcache 31)
[Sat Aug 22 01:15:50.297071 2026] [socache_shmcb:debug] [pid 643053:tid 643053] mod_socache_shmcb.c(860): AH00847: insert happened at idx=45, data=(2973:3005)
[Sat Aug 22 01:15:50.297073 2026] [socache_shmcb:debug] [pid 643053:tid 643053] mod_socache_shmcb.c(863): AH00848: finished insert, subcache: idx_pos/idx_used=84/50, data_pos/data_used=5857/11205
[Sat Aug 22 01:15:50.297075 2026] [socache_shmcb:debug] [pid 643053:tid 643053] mod_socache_shmcb.c(530): AH00834: leaving socache_shmcb_store successfully
[Sat Aug 22 01:15:50.297195 2026] [ssl:debug] [pid 643053:tid 643053] ssl_engine_kernel.c(254): [client 2400:e920:0:2:f45d:ddff:fe00:7a:60020] AH02034: Initial (No.1) HTTPS request received for child 9 (server ilta.ilc.edu.tw:443), referer: http://ilta.ilc.edu.tw
[Sat Aug 22 01:15:50.297366 2026] [authz_core:debug] [pid 643053:tid 643053] mod_authz_core.c(815): [client 2400:e920:0:2:f45d:ddff:fe00:7a:60020] AH01626: authorization result of Require all granted: granted, referer: http://ilta.ilc.edu.tw
[Sat Aug 22 01:15:50.297377 2026] [authz_core:debug] [pid 643053:tid 643053] mod_authz_core.c(815): [client 2400:e920:0:2:f45d:ddff:fe00:7a:60020] AH01626: authorization result of : granted, referer: http://ilta.ilc.edu.tw
[Sat Aug 22 01:15:50.399235 2026] [deflate:debug] [pid 643053:tid 643053] mod_deflate.c(909): [client 2400:e920:0:2:f45d:ddff:fe00:7a:60020] AH01384: Zlib: Compressed 13605 to 5008 : URL /wp-login.php, referer: http://ilta.ilc.edu.tw
[Sat Aug 22 01:15:50.490358 2026] [ssl:info] [pid 642886:tid 642886] (70014)End of file found: [client 2400:e920:0:2:f45d:ddff:fe00:7a:59961] AH01992: SSL library error 6 reading data
[Sat Aug 22 01:15:50.490496 2026] [ssl:debug] [pid 642886:tid 642886] ssl_engine_io.c(1150): [client 2400:e920:0:2:f45d:ddff:fe00:7a:59961] AH02001: Connection closed to child 27 with standard shutdown (server ilta.ilc.edu.tw:443)
[Sat Aug 22 01:15:50.500231 2026] [ssl:info] [pid 643053:tid 643053] (70014)End of file found: [client 2400:e920:0:2:f45d:ddff:fe00:7a:60020] AH01992: SSL library error 6 reading data
[Sat Aug 22 01:15:50.500304 2026] [ssl:debug] [pid 643053:tid 643053] ssl_engine_io.c(1150): [client 2400:e920:0:2:f45d:ddff:fe00:7a:60020] AH02001: Connection closed to child 9 with standard shutdown (server ilta.ilc.edu.tw:443)
[Sat Aug 22 01:15:50.553032 2026] [ssl:debug] [pid 642821:tid 642821] ssl_engine_kernel.c(254): [client 240e:910:e000:811::13d6:45270] AH02034: Subsequent (No.6) HTTPS request received for child 40 (server 2blog.ilc.edu.tw:443), referer: https://2blog.ilc.edu.tw/gecko1127/
[Sat Aug 22 01:15:50.553287 2026] [authz_core:debug] [pid 642821:tid 642821] mod_authz_core.c(815): [client 240e:910:e000:811::13d6:45270] AH01626: authorization result of Require all granted: granted, referer: https://2blog.ilc.edu.tw/gecko1127/
[Sat Aug 22 01:15:50.553293 2026] [authz_core:debug] [pid 642821:tid 642821] mod_authz_core.c(815): [client 240e:910:e000:811::13d6:45270] AH01626: authorization result of : granted, referer: https://2blog.ilc.edu.tw/gecko1127/
[Sat Aug 22 01:15:50.553481 2026] [authz_core:debug] [pid 642821:tid 642821] mod_authz_core.c(815): [client 240e:910:e000:811::13d6:45270] AH01626: authorization result of Require all granted: granted, referer: https://2blog.ilc.edu.tw/gecko1127/
[Sat Aug 22 01:15:50.553487 2026] [authz_core:debug] [pid 642821:tid 642821] mod_authz_core.c(815): [client 240e:910:e000:811::13d6:45270] AH01626: authorization result of : granted, referer: https://2blog.ilc.edu.tw/gecko1127/
[Sat Aug 22 01:15:50.556137 2026] [deflate:debug] [pid 642821:tid 642821] mod_deflate.c(909): [client 240e:910:e000:811::13d6:45270] AH01384: Zlib: Compressed 77376 to 21656 : URL /wp-content/themes/hueman/assets/front/js/scripts.min.js, referer: https://2blog.ilc.edu.tw/gecko1127/
[Sat Aug 22 01:15:50.657113 2026] [ssl:debug] [pid 643051:tid 643051] ssl_engine_io.c(1150): [client 216.73.216.122:15150] AH02001: Connection closed to child 5 with standard shutdown (server 2blog.ilc.edu.tw:443)
[Sat Aug 22 01:15:50.857105 2026] [ssl:info] [pid 644020:tid 644020] [client 20.125.101.194:63945] AH01964: Connection to child 7 established (server 2blog.ilc.edu.tw:443)
[Sat Aug 22 01:15:50.857307 2026] [ssl:debug] [pid 644020:tid 644020] ssl_engine_kernel.c(2222): [client 20.125.101.194:63945] AH02043: SSL virtual host for servername www.najh.ilc.edu.tw found
[Sat Aug 22 01:15:50.857377 2026] [core:debug] [pid 644020:tid 644020] protocol.c(2460): [client 20.125.101.194:63945] AH03155: select protocol from , choices=http/1.1 for server www.najh.ilc.edu.tw
[Sat Aug 22 01:15:51.215311 2026] [ssl:info] [pid 643013:tid 643013] [client 2401:e180:8d80:24e4:603a:c80b:2f:8ea4:52849] AH01964: Connection to child 33 established (server 2blog.ilc.edu.tw:443)
[Sat Aug 22 01:15:51.215483 2026] [ssl:debug] [pid 643013:tid 643013] ssl_engine_kernel.c(2222): [client 2401:e180:8d80:24e4:603a:c80b:2f:8ea4:52849] AH02043: SSL virtual host for servername 2blog.ilc.edu.tw found
[Sat Aug 22 01:15:51.215536 2026] [core:debug] [pid 643013:tid 643013] protocol.c(2460): [client 2401:e180:8d80:24e4:603a:c80b:2f:8ea4:52849] AH03155: select protocol from , choices=h2,http/1.1 for server 2blog.ilc.edu.tw
[Sat Aug 22 01:15:51.215590 2026] [ssl:debug] [pid 643013:tid 643013] ssl_util_stapling.c(819): AH01951: stapling_cb: OCSP Stapling callback called
[Sat Aug 22 01:15:51.215597 2026] [ssl:info] [pid 643013:tid 643013] AH01926: stapling_get_certinfo: stapling not supported for certificate
[Sat Aug 22 01:15:51.255191 2026] [ssl:debug] [pid 643013:tid 643013] ssl_engine_kernel.c(2082): [client 2401:e180:8d80:24e4:603a:c80b:2f:8ea4:52849] AH02041: Protocol: TLSv1.3, Cipher: TLS_AES_256_GCM_SHA384 (256/256 bits)
[Sat Aug 22 01:15:51.255241 2026] [socache_shmcb:debug] [pid 643013:tid 643013] mod_socache_shmcb.c(508): AH00831: socache_shmcb_store (0xe5 -> subcache 5)
[Sat Aug 22 01:15:51.255247 2026] [socache_shmcb:debug] [pid 643013:tid 643013] mod_socache_shmcb.c(745): AH00842: expiring 1 and reclaiming 0 removed socache entries
[Sat Aug 22 01:15:51.255249 2026] [socache_shmcb:debug] [pid 643013:tid 643013] mod_socache_shmcb.c(765): AH00843: we now have 55 socache entries
[Sat Aug 22 01:15:51.255252 2026] [socache_shmcb:debug] [pid 643013:tid 643013] mod_socache_shmcb.c(860): AH00847: insert happened at idx=79, data=(10372:10404)
[Sat Aug 22 01:15:51.255254 2026] [socache_shmcb:debug] [pid 643013:tid 643013] mod_socache_shmcb.c(863): AH00848: finished insert, subcache: idx_pos/idx_used=24/56, data_pos/data_used=11861/12600
[Sat Aug 22 01:15:51.255256 2026] [socache_shmcb:debug] [pid 643013:tid 643013] mod_socache_shmcb.c(530): AH00834: leaving socache_shmcb_store successfully
[Sat Aug 22 01:15:51.255334 2026] [socache_shmcb:debug] [pid 643013:tid 643013] mod_socache_shmcb.c(508): AH00831: socache_shmcb_store (0xba -> subcache 26)
[Sat Aug 22 01:15:51.255340 2026] [socache_shmcb:debug] [pid 643013:tid 643013] mod_socache_shmcb.c(860): AH00847: insert happened at idx=54, data=(4535:4567)
[Sat Aug 22 01:15:51.255342 2026] [socache_shmcb:debug] [pid 643013:tid 643013] mod_socache_shmcb.c(863): AH00848: finished insert, subcache: idx_pos/idx_used=82/61, data_pos/data_used=4942/13683
[Sat Aug 22 01:15:51.255343 2026] [socache_shmcb:debug] [pid 643013:tid 643013] mod_socache_shmcb.c(530): AH00834: leaving socache_shmcb_store successfully
[Sat Aug 22 01:15:51.284177 2026] [ssl:debug] [pid 644020:tid 644020] ssl_engine_kernel.c(2082): [client 20.125.101.194:63945] AH02041: Protocol: TLSv1.3, Cipher: TLS_AES_256_GCM_SHA384 (256/256 bits)
[Sat Aug 22 01:15:51.284239 2026] [socache_shmcb:debug] [pid 644020:tid 644020] mod_socache_shmcb.c(508): AH00831: socache_shmcb_store (0x86 -> subcache 6)
[Sat Aug 22 01:15:51.284256 2026] [socache_shmcb:debug] [pid 644020:tid 644020] mod_socache_shmcb.c(798): AH00845: about to force-expire, subcache: idx_used=61, data_used=13699
[Sat Aug 22 01:15:51.284259 2026] [socache_shmcb:debug] [pid 644020:tid 644020] mod_socache_shmcb.c(824): AH00846: finished force-expire, subcache: idx_used=60, data_used=13486
[Sat Aug 22 01:15:51.284262 2026] [socache_shmcb:debug] [pid 644020:tid 644020] mod_socache_shmcb.c(860): AH00847: insert happened at idx=22, data=(11475:11507)
[Sat Aug 22 01:15:51.284266 2026] [socache_shmcb:debug] [pid 644020:tid 644020] mod_socache_shmcb.c(863): AH00848: finished insert, subcache: idx_pos/idx_used=50/61, data_pos/data_used=11853/13714
[Sat Aug 22 01:15:51.284268 2026] [socache_shmcb:debug] [pid 644020:tid 644020] mod_socache_shmcb.c(530): AH00834: leaving socache_shmcb_store successfully
[Sat Aug 22 01:15:51.284336 2026] [socache_shmcb:debug] [pid 644020:tid 644020] mod_socache_shmcb.c(508): AH00831: socache_shmcb_store (0xe8 -> subcache 8)
[Sat Aug 22 01:15:51.284341 2026] [socache_shmcb:debug] [pid 644020:tid 644020] mod_socache_shmcb.c(798): AH00845: about to force-expire, subcache: idx_used=62, data_used=13822
[Sat Aug 22 01:15:51.284344 2026] [socache_shmcb:debug] [pid 644020:tid 644020] mod_socache_shmcb.c(824): AH00846: finished force-expire, subcache: idx_used=61, data_used=13597
[Sat Aug 22 01:15:51.284347 2026] [socache_shmcb:debug] [pid 644020:tid 644020] mod_socache_shmcb.c(860): AH00847: insert happened at idx=58, data=(5916:5948)
[Sat Aug 22 01:15:51.284361 2026] [socache_shmcb:debug] [pid 644020:tid 644020] mod_socache_shmcb.c(863): AH00848: finished insert, subcache: idx_pos/idx_used=85/62, data_pos/data_used=6183/13826
[Sat Aug 22 01:15:51.284363 2026] [socache_shmcb:debug] [pid 644020:tid 644020] mod_socache_shmcb.c(530): AH00834: leaving socache_shmcb_store successfully
[Sat Aug 22 01:15:51.284474 2026] [ssl:debug] [pid 644020:tid 644020] ssl_engine_kernel.c(254): [client 20.125.101.194:63945] AH02034: Initial (No.1) HTTPS request received for child 7 (server www.najh.ilc.edu.tw:443)
[Sat Aug 22 01:15:51.285721 2026] [authz_core:debug] [pid 644020:tid 644020] mod_authz_core.c(815): [client 20.125.101.194:63945] AH01626: authorization result of Require all granted: granted
[Sat Aug 22 01:15:51.285746 2026] [authz_core:debug] [pid 644020:tid 644020] mod_authz_core.c(815): [client 20.125.101.194:63945] AH01626: authorization result of : granted
[Sat Aug 22 01:15:51.295360 2026] [ssl:info] [pid 642890:tid 642890] [client 2401:e180:8d80:24e4:603a:c80b:2f:8ea4:52850] AH01964: Connection to child 28 established (server 2blog.ilc.edu.tw:443)
[Sat Aug 22 01:15:51.295554 2026] [ssl:debug] [pid 642890:tid 642890] ssl_engine_kernel.c(2222): [client 2401:e180:8d80:24e4:603a:c80b:2f:8ea4:52850] AH02043: SSL virtual host for servername 2blog.ilc.edu.tw found
[Sat Aug 22 01:15:51.295624 2026] [core:debug] [pid 642890:tid 642890] protocol.c(2460): [client 2401:e180:8d80:24e4:603a:c80b:2f:8ea4:52850] AH03155: select protocol from , choices=http/1.1 for server 2blog.ilc.edu.tw
[Sat Aug 22 01:15:51.295671 2026] [ssl:debug] [pid 642890:tid 642890] ssl_util_stapling.c(819): AH01951: stapling_cb: OCSP Stapling callback called
[Sat Aug 22 01:15:51.295679 2026] [ssl:info] [pid 642890:tid 642890] AH01926: stapling_get_certinfo: stapling not supported for certificate
[Sat Aug 22 01:15:51.335255 2026] [ssl:debug] [pid 642890:tid 642890] ssl_engine_kernel.c(2082): [client 2401:e180:8d80:24e4:603a:c80b:2f:8ea4:52850] AH02041: Protocol: TLSv1.3, Cipher: TLS_AES_256_GCM_SHA384 (256/256 bits)
[Sat Aug 22 01:15:51.335311 2026] [socache_shmcb:debug] [pid 642890:tid 642890] mod_socache_shmcb.c(508): AH00831: socache_shmcb_store (0x1b -> subcache 27)
[Sat Aug 22 01:15:51.335320 2026] [socache_shmcb:debug] [pid 642890:tid 642890] mod_socache_shmcb.c(798): AH00845: about to force-expire, subcache: idx_used=61, data_used=13702
[Sat Aug 22 01:15:51.335323 2026] [socache_shmcb:debug] [pid 642890:tid 642890] mod_socache_shmcb.c(824): AH00846: finished force-expire, subcache: idx_used=60, data_used=13489
[Sat Aug 22 01:15:51.335326 2026] [socache_shmcb:debug] [pid 642890:tid 642890] mod_socache_shmcb.c(860): AH00847: insert happened at idx=67, data=(7728:7760)
[Sat Aug 22 01:15:51.335330 2026] [socache_shmcb:debug] [pid 642890:tid 642890] mod_socache_shmcb.c(863): AH00848: finished insert, subcache: idx_pos/idx_used=7/61, data_pos/data_used=8103/13714
[Sat Aug 22 01:15:51.335332 2026] [socache_shmcb:debug] [pid 642890:tid 642890] mod_socache_shmcb.c(530): AH00834: leaving socache_shmcb_store successfully
[Sat Aug 22 01:15:51.335391 2026] [socache_shmcb:debug] [pid 642890:tid 642890] mod_socache_shmcb.c(508): AH00831: socache_shmcb_store (0x13 -> subcache 19)
[Sat Aug 22 01:15:51.335399 2026] [socache_shmcb:debug] [pid 642890:tid 642890] mod_socache_shmcb.c(745): AH00842: expiring 1 and reclaiming 0 removed socache entries
[Sat Aug 22 01:15:51.335402 2026] [socache_shmcb:debug] [pid 642890:tid 642890] mod_socache_shmcb.c(765): AH00843: we now have 60 socache entries
[Sat Aug 22 01:15:51.335405 2026] [socache_shmcb:debug] [pid 642890:tid 642890] mod_socache_shmcb.c(860): AH00847: insert happened at idx=13, data=(9527:9559)
[Sat Aug 22 01:15:51.335408 2026] [socache_shmcb:debug] [pid 642890:tid 642890] mod_socache_shmcb.c(863): AH00848: finished insert, subcache: idx_pos/idx_used=41/61, data_pos/data_used=9966/13651
[Sat Aug 22 01:15:51.335410 2026] [socache_shmcb:debug] [pid 642890:tid 642890] mod_socache_shmcb.c(530): AH00834: leaving socache_shmcb_store successfully
[Sat Aug 22 01:15:51.335556 2026] [ssl:debug] [pid 642890:tid 642890] ssl_engine_kernel.c(254): [client 2401:e180:8d80:24e4:603a:c80b:2f:8ea4:52850] AH02034: Initial (No.1) HTTPS request received for child 28 (server 2blog.ilc.edu.tw:443), referer: https://www.google.com/
[Sat Aug 22 01:15:51.335788 2026] [authz_core:debug] [pid 642890:tid 642890] mod_authz_core.c(815): [client 2401:e180:8d80:24e4:603a:c80b:2f:8ea4:52850] AH01626: authorization result of Require all granted: granted, referer: https://www.google.com/
[Sat Aug 22 01:15:51.335796 2026] [authz_core:debug] [pid 642890:tid 642890] mod_authz_core.c(815): [client 2401:e180:8d80:24e4:603a:c80b:2f:8ea4:52850] AH01626: authorization result of : granted, referer: https://www.google.com/
[Sat Aug 22 01:15:51.335992 2026] [authz_core:debug] [pid 642890:tid 642890] mod_authz_core.c(815): [client 2401:e180:8d80:24e4:603a:c80b:2f:8ea4:52850] AH01626: authorization result of Require all granted: granted, referer: https://www.google.com/
[Sat Aug 22 01:15:51.336002 2026] [authz_core:debug] [pid 642890:tid 642890] mod_authz_core.c(815): [client 2401:e180:8d80:24e4:603a:c80b:2f:8ea4:52850] AH01626: authorization result of : granted, referer: https://www.google.com/
[Sat Aug 22 01:15:51.353597 2026] [deflate:debug] [pid 642890:tid 642890] mod_deflate.c(909): [client 2401:e180:8d80:24e4:603a:c80b:2f:8ea4:52850] AH01384: Zlib: Compressed 59109 to 14560 : URL /index.php, referer: https://www.google.com/
[Sat Aug 22 01:15:51.421414 2026] [ssl:debug] [pid 643013:tid 643013] ssl_engine_kernel.c(254): [client 2401:e180:8d80:24e4:603a:c80b:2f:8ea4:52849] AH02034: Initial (No.1) HTTPS request received for child 33 (server 2blog.ilc.edu.tw:443), referer: https://2blog.ilc.edu.tw/868/44176/
[Sat Aug 22 01:15:51.421623 2026] [authz_core:debug] [pid 643013:tid 643013] mod_authz_core.c(815): [client 2401:e180:8d80:24e4:603a:c80b:2f:8ea4:52849] AH01626: authorization result of Require all granted: granted, referer: https://2blog.ilc.edu.tw/868/44176/
[Sat Aug 22 01:15:51.421632 2026] [authz_core:debug] [pid 643013:tid 643013] mod_authz_core.c(815): [client 2401:e180:8d80:24e4:603a:c80b:2f:8ea4:52849] AH01626: authorization result of : granted, referer: https://2blog.ilc.edu.tw/868/44176/
[Sat Aug 22 01:15:51.421828 2026] [authz_core:debug] [pid 643013:tid 643013] mod_authz_core.c(815): [client 2401:e180:8d80:24e4:603a:c80b:2f:8ea4:52849] AH01626: authorization result of Require all granted: granted, referer: https://2blog.ilc.edu.tw/868/44176/
[Sat Aug 22 01:15:51.421837 2026] [authz_core:debug] [pid 643013:tid 643013] mod_authz_core.c(815): [client 2401:e180:8d80:24e4:603a:c80b:2f:8ea4:52849] AH01626: authorization result of : granted, referer: https://2blog.ilc.edu.tw/868/44176/
[Sat Aug 22 01:15:51.422018 2026] [ssl:debug] [pid 642890:tid 642890] ssl_engine_kernel.c(254): [client 2401:e180:8d80:24e4:603a:c80b:2f:8ea4:52850] AH02034: Subsequent (No.2) HTTPS request received for child 28 (server 2blog.ilc.edu.tw:443), referer: https://2blog.ilc.edu.tw/868/44176/
[Sat Aug 22 01:15:51.422138 2026] [authz_core:debug] [pid 642890:tid 642890] mod_authz_core.c(815): [client 2401:e180:8d80:24e4:603a:c80b:2f:8ea4:52850] AH01626: authorization result of Require all granted: granted, referer: https://2blog.ilc.edu.tw/868/44176/
[Sat Aug 22 01:15:51.422142 2026] [authz_core:debug] [pid 642890:tid 642890] mod_authz_core.c(815): [client 2401:e180:8d80:24e4:603a:c80b:2f:8ea4:52850] AH01626: authorization result of : granted, referer: https://2blog.ilc.edu.tw/868/44176/
[Sat Aug 22 01:15:51.422270 2026] [authz_core:debug] [pid 642890:tid 642890] mod_authz_core.c(815): [client 2401:e180:8d80:24e4:603a:c80b:2f:8ea4:52850] AH01626: authorization result of Require all granted: granted, referer: https://2blog.ilc.edu.tw/868/44176/
[Sat Aug 22 01:15:51.422277 2026] [authz_core:debug] [pid 642890:tid 642890] mod_authz_core.c(815): [client 2401:e180:8d80:24e4:603a:c80b:2f:8ea4:52850] AH01626: authorization result of : granted, referer: https://2blog.ilc.edu.tw/868/44176/
[Sat Aug 22 01:15:51.424526 2026] [deflate:debug] [pid 643013:tid 643013] mod_deflate.c(909): [client 2401:e180:8d80:24e4:603a:c80b:2f:8ea4:52849] AH01384: Zlib: Compressed 79261 to 39708 : URL /wp-content/cache/2blog.ilc.edu.tw/wpfc-minified/8lw6462p/5woku.css, referer: https://2blog.ilc.edu.tw/868/44176/
[Sat Aug 22 01:15:51.426835 2026] [deflate:debug] [pid 642890:tid 642890] mod_deflate.c(909): [client 2401:e180:8d80:24e4:603a:c80b:2f:8ea4:52850] AH01384: Zlib: Compressed 112915 to 15022 : URL /wp-content/cache/2blog.ilc.edu.tw/wpfc-minified/7nvg1c6t/5woku.css, referer: https://2blog.ilc.edu.tw/868/44176/
[Sat Aug 22 01:15:51.467439 2026] [ssl:debug] [pid 642890:tid 642890] ssl_engine_kernel.c(254): [client 2401:e180:8d80:24e4:603a:c80b:2f:8ea4:52850] AH02034: Subsequent (No.3) HTTPS request received for child 28 (server 2blog.ilc.edu.tw:443), referer: https://2blog.ilc.edu.tw/868/44176/
[Sat Aug 22 01:15:51.467648 2026] [authz_core:debug] [pid 642890:tid 642890] mod_authz_core.c(815): [client 2401:e180:8d80:24e4:603a:c80b:2f:8ea4:52850] AH01626: authorization result of Require all granted: granted, referer: https://2blog.ilc.edu.tw/868/44176/
[Sat Aug 22 01:15:51.467656 2026] [authz_core:debug] [pid 642890:tid 642890] mod_authz_core.c(815): [client 2401:e180:8d80:24e4:603a:c80b:2f:8ea4:52850] AH01626: authorization result of : granted, referer: https://2blog.ilc.edu.tw/868/44176/
[Sat Aug 22 01:15:51.467829 2026] [authz_core:debug] [pid 642890:tid 642890] mod_authz_core.c(815): [client 2401:e180:8d80:24e4:603a:c80b:2f:8ea4:52850] AH01626: authorization result of Require all granted: granted, referer: https://2blog.ilc.edu.tw/868/44176/
[Sat Aug 22 01:15:51.467834 2026] [authz_core:debug] [pid 642890:tid 642890] mod_authz_core.c(815): [client 2401:e180:8d80:24e4:603a:c80b:2f:8ea4:52850] AH01626: authorization result of : granted, referer: https://2blog.ilc.edu.tw/868/44176/
[Sat Aug 22 01:15:51.469458 2026] [ssl:info] [pid 642866:tid 642866] [client 2401:e180:8d80:24e4:603a:c80b:2f:8ea4:52852] AH01964: Connection to child 20 established (server 2blog.ilc.edu.tw:443)
[Sat Aug 22 01:15:51.469524 2026] [ssl:info] [pid 642886:tid 642886] [client 2401:e180:8d80:24e4:603a:c80b:2f:8ea4:52851] AH01964: Connection to child 27 established (server 2blog.ilc.edu.tw:443)
[Sat Aug 22 01:15:51.469617 2026] [ssl:debug] [pid 642866:tid 642866] ssl_engine_kernel.c(2222): [client 2401:e180:8d80:24e4:603a:c80b:2f:8ea4:52852] AH02043: SSL virtual host for servername 2blog.ilc.edu.tw found
[Sat Aug 22 01:15:51.469637 2026] [ssl:debug] [pid 642886:tid 642886] ssl_engine_kernel.c(2222): [client 2401:e180:8d80:24e4:603a:c80b:2f:8ea4:52851] AH02043: SSL virtual host for servername 2blog.ilc.edu.tw found
[Sat Aug 22 01:15:51.469665 2026] [core:debug] [pid 642866:tid 642866] protocol.c(2460): [client 2401:e180:8d80:24e4:603a:c80b:2f:8ea4:52852] AH03155: select protocol from , choices=http/1.1 for server 2blog.ilc.edu.tw
[Sat Aug 22 01:15:51.469678 2026] [core:debug] [pid 642886:tid 642886] protocol.c(2460): [client 2401:e180:8d80:24e4:603a:c80b:2f:8ea4:52851] AH03155: select protocol from , choices=http/1.1 for server 2blog.ilc.edu.tw
[Sat Aug 22 01:15:51.469700 2026] [ssl:debug] [pid 642866:tid 642866] ssl_util_stapling.c(819): AH01951: stapling_cb: OCSP Stapling callback called
[Sat Aug 22 01:15:51.469704 2026] [ssl:info] [pid 642866:tid 642866] AH01926: stapling_get_certinfo: stapling not supported for certificate
[Sat Aug 22 01:15:51.469708 2026] [ssl:debug] [pid 642886:tid 642886] ssl_util_stapling.c(819): AH01951: stapling_cb: OCSP Stapling callback called
[Sat Aug 22 01:15:51.469712 2026] [ssl:info] [pid 642886:tid 642886] AH01926: stapling_get_certinfo: stapling not supported for certificate
[Sat Aug 22 01:15:51.470366 2026] [ssl:info] [pid 643053:tid 643053] [client 2401:e180:8d80:24e4:603a:c80b:2f:8ea4:52854] AH01964: Connection to child 9 established (server 2blog.ilc.edu.tw:443)
[Sat Aug 22 01:15:51.470492 2026] [ssl:debug] [pid 643053:tid 643053] ssl_engine_kernel.c(2222): [client 2401:e180:8d80:24e4:603a:c80b:2f:8ea4:52854] AH02043: SSL virtual host for servername 2blog.ilc.edu.tw found
[Sat Aug 22 01:15:51.470536 2026] [core:debug] [pid 643053:tid 643053] protocol.c(2460): [client 2401:e180:8d80:24e4:603a:c80b:2f:8ea4:52854] AH03155: select protocol from , choices=http/1.1 for server 2blog.ilc.edu.tw
[Sat Aug 22 01:15:51.470563 2026] [ssl:debug] [pid 643053:tid 643053] ssl_util_stapling.c(819): AH01951: stapling_cb: OCSP Stapling callback called
[Sat Aug 22 01:15:51.470567 2026] [ssl:info] [pid 643053:tid 643053] AH01926: stapling_get_certinfo: stapling not supported for certificate
[Sat Aug 22 01:15:51.470286 2026] [ssl:info] [pid 642838:tid 642838] [client 2401:e180:8d80:24e4:603a:c80b:2f:8ea4:52853] AH01964: Connection to child 6 established (server 2blog.ilc.edu.tw:443)
[Sat Aug 22 01:15:51.470933 2026] [ssl:debug] [pid 642838:tid 642838] ssl_engine_kernel.c(2222): [client 2401:e180:8d80:24e4:603a:c80b:2f:8ea4:52853] AH02043: SSL virtual host for servername 2blog.ilc.edu.tw found
[Sat Aug 22 01:15:51.470968 2026] [core:debug] [pid 642838:tid 642838] protocol.c(2460): [client 2401:e180:8d80:24e4:603a:c80b:2f:8ea4:52853] AH03155: select protocol from , choices=http/1.1 for server 2blog.ilc.edu.tw
[Sat Aug 22 01:15:51.471001 2026] [ssl:debug] [pid 642838:tid 642838] ssl_util_stapling.c(819): AH01951: stapling_cb: OCSP Stapling callback called
[Sat Aug 22 01:15:51.471006 2026] [ssl:info] [pid 642838:tid 642838] AH01926: stapling_get_certinfo: stapling not supported for certificate
[Sat Aug 22 01:15:51.523418 2026] [ssl:debug] [pid 642866:tid 642866] ssl_engine_kernel.c(2082): [client 2401:e180:8d80:24e4:603a:c80b:2f:8ea4:52852] AH02041: Protocol: TLSv1.3, Cipher: TLS_AES_256_GCM_SHA384 (256/256 bits)
[Sat Aug 22 01:15:51.523418 2026] [ssl:debug] [pid 642886:tid 642886] ssl_engine_kernel.c(2082): [client 2401:e180:8d80:24e4:603a:c80b:2f:8ea4:52851] AH02041: Protocol: TLSv1.3, Cipher: TLS_AES_256_GCM_SHA384 (256/256 bits)
[Sat Aug 22 01:15:51.523428 2026] [ssl:debug] [pid 643013:tid 643013] ssl_engine_kernel.c(254): [client 2401:e180:8d80:24e4:603a:c80b:2f:8ea4:52849] AH02034: Subsequent (No.2) HTTPS request received for child 33 (server 2blog.ilc.edu.tw:443), referer: https://2blog.ilc.edu.tw/868/44176/
[Sat Aug 22 01:15:51.523478 2026] [socache_shmcb:debug] [pid 642866:tid 642866] mod_socache_shmcb.c(508): AH00831: socache_shmcb_store (0xf0 -> subcache 16)
[Sat Aug 22 01:15:51.523487 2026] [socache_shmcb:debug] [pid 642866:tid 642866] mod_socache_shmcb.c(798): AH00845: about to force-expire, subcache: idx_used=61, data_used=13660
[Sat Aug 22 01:15:51.523490 2026] [socache_shmcb:debug] [pid 642866:tid 642866] mod_socache_shmcb.c(824): AH00846: finished force-expire, subcache: idx_used=60, data_used=13436
[Sat Aug 22 01:15:51.523493 2026] [socache_shmcb:debug] [pid 642866:tid 642866] mod_socache_shmcb.c(860): AH00847: insert happened at idx=9, data=(524:556)
[Sat Aug 22 01:15:51.523497 2026] [socache_shmcb:debug] [pid 642866:tid 642866] mod_socache_shmcb.c(863): AH00848: finished insert, subcache: idx_pos/idx_used=37/61, data_pos/data_used=952/13662
[Sat Aug 22 01:15:51.523500 2026] [socache_shmcb:debug] [pid 642866:tid 642866] mod_socache_shmcb.c(530): AH00834: leaving socache_shmcb_store successfully
[Sat Aug 22 01:15:51.523511 2026] [socache_shmcb:debug] [pid 642886:tid 642886] mod_socache_shmcb.c(508): AH00831: socache_shmcb_store (0xfb -> subcache 27)
[Sat Aug 22 01:15:51.523519 2026] [socache_shmcb:debug] [pid 642886:tid 642886] mod_socache_shmcb.c(798): AH00845: about to force-expire, subcache: idx_used=61, data_used=13714
[Sat Aug 22 01:15:51.523522 2026] [socache_shmcb:debug] [pid 642886:tid 642886] mod_socache_shmcb.c(824): AH00846: finished force-expire, subcache: idx_used=60, data_used=13485
[Sat Aug 22 01:15:51.523525 2026] [socache_shmcb:debug] [pid 642886:tid 642886] mod_socache_shmcb.c(860): AH00847: insert happened at idx=68, data=(7953:7985)
[Sat Aug 22 01:15:51.523528 2026] [socache_shmcb:debug] [pid 642886:tid 642886] mod_socache_shmcb.c(863): AH00848: finished insert, subcache: idx_pos/idx_used=8/61, data_pos/data_used=8332/13711
[Sat Aug 22 01:15:51.523540 2026] [socache_shmcb:debug] [pid 642886:tid 642886] mod_socache_shmcb.c(530): AH00834: leaving socache_shmcb_store successfully
[Sat Aug 22 01:15:51.523569 2026] [socache_shmcb:debug] [pid 642866:tid 642866] mod_socache_shmcb.c(508): AH00831: socache_shmcb_store (0x25 -> subcache 5)
[Sat Aug 22 01:15:51.523576 2026] [socache_shmcb:debug] [pid 642866:tid 642866] mod_socache_shmcb.c(860): AH00847: insert happened at idx=80, data=(10597:10629)
[Sat Aug 22 01:15:51.523579 2026] [socache_shmcb:debug] [pid 642866:tid 642866] mod_socache_shmcb.c(863): AH00848: finished insert, subcache: idx_pos/idx_used=24/57, data_pos/data_used=11861/12826
[Sat Aug 22 01:15:51.523582 2026] [socache_shmcb:debug] [pid 642866:tid 642866] mod_socache_shmcb.c(530): AH00834: leaving socache_shmcb_store successfully
[Sat Aug 22 01:15:51.523608 2026] [socache_shmcb:debug] [pid 642886:tid 642886] mod_socache_shmcb.c(508): AH00831: socache_shmcb_store (0xd0 -> subcache 16)
[Sat Aug 22 01:15:51.523615 2026] [socache_shmcb:debug] [pid 642886:tid 642886] mod_socache_shmcb.c(798): AH00845: about to force-expire, subcache: idx_used=61, data_used=13662
[Sat Aug 22 01:15:51.523617 2026] [socache_shmcb:debug] [pid 642886:tid 642886] mod_socache_shmcb.c(824): AH00846: finished force-expire, subcache: idx_used=60, data_used=13438
[Sat Aug 22 01:15:51.523620 2026] [socache_shmcb:debug] [pid 642886:tid 642886] mod_socache_shmcb.c(860): AH00847: insert happened at idx=10, data=(750:782)
[Sat Aug 22 01:15:51.523622 2026] [socache_shmcb:debug] [pid 642886:tid 642886] mod_socache_shmcb.c(863): AH00848: finished insert, subcache: idx_pos/idx_used=38/61, data_pos/data_used=1176/13664
[Sat Aug 22 01:15:51.523625 2026] [socache_shmcb:debug] [pid 642886:tid 642886] mod_socache_shmcb.c(530): AH00834: leaving socache_shmcb_store successfully
[Sat Aug 22 01:15:51.523630 2026] [authz_core:debug] [pid 643013:tid 643013] mod_authz_core.c(815): [client 2401:e180:8d80:24e4:603a:c80b:2f:8ea4:52849] AH01626: authorization result of Require all granted: granted, referer: https://2blog.ilc.edu.tw/868/44176/
[Sat Aug 22 01:15:51.523635 2026] [authz_core:debug] [pid 643013:tid 643013] mod_authz_core.c(815): [client 2401:e180:8d80:24e4:603a:c80b:2f:8ea4:52849] AH01626: authorization result of : granted, referer: https://2blog.ilc.edu.tw/868/44176/
[Sat Aug 22 01:15:51.523690 2026] [ssl:debug] [pid 642866:tid 642866] ssl_engine_kernel.c(254): [client 2401:e180:8d80:24e4:603a:c80b:2f:8ea4:52852] AH02034: Initial (No.1) HTTPS request received for child 20 (server 2blog.ilc.edu.tw:443), referer: https://2blog.ilc.edu.tw/868/44176/
[Sat Aug 22 01:15:51.523721 2026] [ssl:debug] [pid 642886:tid 642886] ssl_engine_kernel.c(254): [client 2401:e180:8d80:24e4:603a:c80b:2f:8ea4:52851] AH02034: Initial (No.1) HTTPS request received for child 27 (server 2blog.ilc.edu.tw:443), referer: https://2blog.ilc.edu.tw/868/44176/
[Sat Aug 22 01:15:51.523767 2026] [authz_core:debug] [pid 643013:tid 643013] mod_authz_core.c(815): [client 2401:e180:8d80:24e4:603a:c80b:2f:8ea4:52849] AH01626: authorization result of Require all granted: granted, referer: https://2blog.ilc.edu.tw/868/44176/
[Sat Aug 22 01:15:51.523772 2026] [authz_core:debug] [pid 643013:tid 643013] mod_authz_core.c(815): [client 2401:e180:8d80:24e4:603a:c80b:2f:8ea4:52849] AH01626: authorization result of : granted, referer: https://2blog.ilc.edu.tw/868/44176/
[Sat Aug 22 01:15:51.523853 2026] [authz_core:debug] [pid 642886:tid 642886] mod_authz_core.c(815): [client 2401:e180:8d80:24e4:603a:c80b:2f:8ea4:52851] AH01626: authorization result of Require all granted: granted, referer: https://2blog.ilc.edu.tw/868/44176/
[Sat Aug 22 01:15:51.523856 2026] [authz_core:debug] [pid 642886:tid 642886] mod_authz_core.c(815): [client 2401:e180:8d80:24e4:603a:c80b:2f:8ea4:52851] AH01626: authorization result of : granted, referer: https://2blog.ilc.edu.tw/868/44176/
[Sat Aug 22 01:15:51.523871 2026] [authz_core:debug] [pid 642866:tid 642866] mod_authz_core.c(815): [client 2401:e180:8d80:24e4:603a:c80b:2f:8ea4:52852] AH01626: authorization result of Require all granted: granted, referer: https://2blog.ilc.edu.tw/868/44176/
[Sat Aug 22 01:15:51.523876 2026] [authz_core:debug] [pid 642866:tid 642866] mod_authz_core.c(815): [client 2401:e180:8d80:24e4:603a:c80b:2f:8ea4:52852] AH01626: authorization result of : granted, referer: https://2blog.ilc.edu.tw/868/44176/
[Sat Aug 22 01:15:51.524034 2026] [authz_core:debug] [pid 642866:tid 642866] mod_authz_core.c(815): [client 2401:e180:8d80:24e4:603a:c80b:2f:8ea4:52852] AH01626: authorization result of Require all granted: granted, referer: https://2blog.ilc.edu.tw/868/44176/
[Sat Aug 22 01:15:51.524034 2026] [authz_core:debug] [pid 642886:tid 642886] mod_authz_core.c(815): [client 2401:e180:8d80:24e4:603a:c80b:2f:8ea4:52851] AH01626: authorization result of Require all granted: granted, referer: https://2blog.ilc.edu.tw/868/44176/
[Sat Aug 22 01:15:51.524041 2026] [authz_core:debug] [pid 642866:tid 642866] mod_authz_core.c(815): [client 2401:e180:8d80:24e4:603a:c80b:2f:8ea4:52852] AH01626: authorization result of : granted, referer: https://2blog.ilc.edu.tw/868/44176/
[Sat Aug 22 01:15:51.524045 2026] [authz_core:debug] [pid 642886:tid 642886] mod_authz_core.c(815): [client 2401:e180:8d80:24e4:603a:c80b:2f:8ea4:52851] AH01626: authorization result of : granted, referer: https://2blog.ilc.edu.tw/868/44176/
[Sat Aug 22 01:15:51.525921 2026] [deflate:debug] [pid 642866:tid 642866] mod_deflate.c(909): [client 2401:e180:8d80:24e4:603a:c80b:2f:8ea4:52852] AH01384: Zlib: Compressed 60552 to 12913 : URL /wp-content/cache/2blog.ilc.edu.tw/wpfc-minified/maqxx0v5/5woku.css, referer: https://2blog.ilc.edu.tw/868/44176/
[Sat Aug 22 01:15:51.526681 2026] [deflate:debug] [pid 642886:tid 642886] mod_deflate.c(909): [client 2401:e180:8d80:24e4:603a:c80b:2f:8ea4:52851] AH01384: Zlib: Compressed 94683 to 18029 : URL /wp-content/cache/2blog.ilc.edu.tw/wpfc-minified/13m1ver4/5wob8.css, referer: https://2blog.ilc.edu.tw/868/44176/
[Sat Aug 22 01:15:51.528255 2026] [ssl:debug] [pid 642838:tid 642838] ssl_engine_kernel.c(2082): [client 2401:e180:8d80:24e4:603a:c80b:2f:8ea4:52853] AH02041: Protocol: TLSv1.3, Cipher: TLS_AES_256_GCM_SHA384 (256/256 bits)
[Sat Aug 22 01:15:51.528301 2026] [socache_shmcb:debug] [pid 642838:tid 642838] mod_socache_shmcb.c(508): AH00831: socache_shmcb_store (0x63 -> subcache 3)
[Sat Aug 22 01:15:51.528308 2026] [socache_shmcb:debug] [pid 642838:tid 642838] mod_socache_shmcb.c(745): AH00842: expiring 1 and reclaiming 0 removed socache entries
[Sat Aug 22 01:15:51.528311 2026] [socache_shmcb:debug] [pid 642838:tid 642838] mod_socache_shmcb.c(765): AH00843: we now have 54 socache entries
[Sat Aug 22 01:15:51.528314 2026] [socache_shmcb:debug] [pid 642838:tid 642838] mod_socache_shmcb.c(860): AH00847: insert happened at idx=43, data=(2327:2359)
[Sat Aug 22 01:15:51.528316 2026] [socache_shmcb:debug] [pid 642838:tid 642838] mod_socache_shmcb.c(863): AH00848: finished insert, subcache: idx_pos/idx_used=77/55, data_pos/data_used=4040/12376
[Sat Aug 22 01:15:51.528319 2026] [socache_shmcb:debug] [pid 642838:tid 642838] mod_socache_shmcb.c(530): AH00834: leaving socache_shmcb_store successfully
[Sat Aug 22 01:15:51.528346 2026] [ssl:debug] [pid 643053:tid 643053] ssl_engine_kernel.c(2082): [client 2401:e180:8d80:24e4:603a:c80b:2f:8ea4:52854] AH02041: Protocol: TLSv1.3, Cipher: TLS_AES_256_GCM_SHA384 (256/256 bits)
[Sat Aug 22 01:15:51.528387 2026] [socache_shmcb:debug] [pid 643053:tid 643053] mod_socache_shmcb.c(508): AH00831: socache_shmcb_store (0x61 -> subcache 1)
[Sat Aug 22 01:15:51.528393 2026] [socache_shmcb:debug] [pid 643053:tid 643053] mod_socache_shmcb.c(745): AH00842: expiring 2 and reclaiming 0 removed socache entries
[Sat Aug 22 01:15:51.528395 2026] [socache_shmcb:debug] [pid 643053:tid 643053] mod_socache_shmcb.c(765): AH00843: we now have 57 socache entries
[Sat Aug 22 01:15:51.528405 2026] [socache_shmcb:debug] [pid 643053:tid 643053] mod_socache_shmcb.c(860): AH00847: insert happened at idx=21, data=(11256:11288)
[Sat Aug 22 01:15:51.528407 2026] [socache_shmcb:debug] [pid 643053:tid 643053] mod_socache_shmcb.c(863): AH00848: finished insert, subcache: idx_pos/idx_used=52/58, data_pos/data_used=12332/13013
[Sat Aug 22 01:15:51.528409 2026] [socache_shmcb:debug] [pid 643053:tid 643053] mod_socache_shmcb.c(530): AH00834: leaving socache_shmcb_store successfully
[Sat Aug 22 01:15:51.528424 2026] [socache_shmcb:debug] [pid 642838:tid 642838] mod_socache_shmcb.c(508): AH00831: socache_shmcb_store (0x4b -> subcache 11)
[Sat Aug 22 01:15:51.528433 2026] [socache_shmcb:debug] [pid 642838:tid 642838] mod_socache_shmcb.c(745): AH00842: expiring 1 and reclaiming 0 removed socache entries
[Sat Aug 22 01:15:51.528435 2026] [socache_shmcb:debug] [pid 642838:tid 642838] mod_socache_shmcb.c(765): AH00843: we now have 52 socache entries
[Sat Aug 22 01:15:51.528437 2026] [socache_shmcb:debug] [pid 642838:tid 642838] mod_socache_shmcb.c(860): AH00847: insert happened at idx=77, data=(9850:9882)
[Sat Aug 22 01:15:51.528439 2026] [socache_shmcb:debug] [pid 642838:tid 642838] mod_socache_shmcb.c(863): AH00848: finished insert, subcache: idx_pos/idx_used=25/53, data_pos/data_used=12027/11912
[Sat Aug 22 01:15:51.528440 2026] [socache_shmcb:debug] [pid 642838:tid 642838] mod_socache_shmcb.c(530): AH00834: leaving socache_shmcb_store successfully
[Sat Aug 22 01:15:51.528460 2026] [socache_shmcb:debug] [pid 643053:tid 643053] mod_socache_shmcb.c(508): AH00831: socache_shmcb_store (0x3a -> subcache 26)
[Sat Aug 22 01:15:51.528465 2026] [socache_shmcb:debug] [pid 643053:tid 643053] mod_socache_shmcb.c(798): AH00845: about to force-expire, subcache: idx_used=61, data_used=13683
[Sat Aug 22 01:15:51.528467 2026] [socache_shmcb:debug] [pid 643053:tid 643053] mod_socache_shmcb.c(824): AH00846: finished force-expire, subcache: idx_used=60, data_used=13455
[Sat Aug 22 01:15:51.528469 2026] [socache_shmcb:debug] [pid 643053:tid 643053] mod_socache_shmcb.c(860): AH00847: insert happened at idx=55, data=(4761:4793)
[Sat Aug 22 01:15:51.528471 2026] [socache_shmcb:debug] [pid 643053:tid 643053] mod_socache_shmcb.c(863): AH00848: finished insert, subcache: idx_pos/idx_used=83/61, data_pos/data_used=5170/13681
[Sat Aug 22 01:15:51.528472 2026] [socache_shmcb:debug] [pid 643053:tid 643053] mod_socache_shmcb.c(530): AH00834: leaving socache_shmcb_store successfully
[Sat Aug 22 01:15:51.528592 2026] [ssl:debug] [pid 642838:tid 642838] ssl_engine_kernel.c(254): [client 2401:e180:8d80:24e4:603a:c80b:2f:8ea4:52853] AH02034: Initial (No.1) HTTPS request received for child 6 (server 2blog.ilc.edu.tw:443), referer: https://2blog.ilc.edu.tw/868/44176/
[Sat Aug 22 01:15:51.528772 2026] [authz_core:debug] [pid 642838:tid 642838] mod_authz_core.c(815): [client 2401:e180:8d80:24e4:603a:c80b:2f:8ea4:52853] AH01626: authorization result of Require all granted: granted, referer: https://2blog.ilc.edu.tw/868/44176/
[Sat Aug 22 01:15:51.528779 2026] [authz_core:debug] [pid 642838:tid 642838] mod_authz_core.c(815): [client 2401:e180:8d80:24e4:603a:c80b:2f:8ea4:52853] AH01626: authorization result of : granted, referer: https://2blog.ilc.edu.tw/868/44176/
[Sat Aug 22 01:15:51.529267 2026] [authz_core:debug] [pid 642838:tid 642838] mod_authz_core.c(815): [client 2401:e180:8d80:24e4:603a:c80b:2f:8ea4:52853] AH01626: authorization result of Require all granted: granted, referer: https://2blog.ilc.edu.tw/868/44176/
