[Sat Aug 22 01:16:30.106326 2026] [ssl:debug] [pid 642886:tid 642886] ssl_engine_kernel.c(254): [client 2402:7500:a5a:d940:d19f:78b4:8733:3ac:65265] AH02034: Subsequent (No.6) HTTPS request received for child 27 (server isupport.ilc.edu.tw:443), referer: https://isupport.ilc.edu.tw/6703/
[Sat Aug 22 01:16:30.106489 2026] [authz_core:debug] [pid 642886:tid 642886] mod_authz_core.c(815): [client 2402:7500:a5a:d940:d19f:78b4:8733:3ac:65265] AH01626: authorization result of Require all granted: granted, referer: https://isupport.ilc.edu.tw/6703/
[Sat Aug 22 01:16:30.106494 2026] [authz_core:debug] [pid 642886:tid 642886] mod_authz_core.c(815): [client 2402:7500:a5a:d940:d19f:78b4:8733:3ac:65265] AH01626: authorization result of : granted, referer: https://isupport.ilc.edu.tw/6703/
[Sat Aug 22 01:16:30.106626 2026] [authz_core:debug] [pid 642886:tid 642886] mod_authz_core.c(815): [client 2402:7500:a5a:d940:d19f:78b4:8733:3ac:65265] AH01626: authorization result of Require all granted: granted, referer: https://isupport.ilc.edu.tw/6703/
[Sat Aug 22 01:16:30.106641 2026] [authz_core:debug] [pid 642886:tid 642886] mod_authz_core.c(815): [client 2402:7500:a5a:d940:d19f:78b4:8733:3ac:65265] AH01626: authorization result of : granted, referer: https://isupport.ilc.edu.tw/6703/
[Sat Aug 22 01:16:30.129791 2026] [ssl:debug] [pid 647614:tid 647614] ssl_engine_kernel.c(254): [client 2402:7500:a5a:d940:d19f:78b4:8733:3ac:65267] AH02034: Subsequent (No.6) HTTPS request received for child 1 (server isupport.ilc.edu.tw:443), referer: https://isupport.ilc.edu.tw/6703/
[Sat Aug 22 01:16:30.129985 2026] [authz_core:debug] [pid 647614:tid 647614] mod_authz_core.c(815): [client 2402:7500:a5a:d940:d19f:78b4:8733:3ac:65267] AH01626: authorization result of Require all granted: granted, referer: https://isupport.ilc.edu.tw/6703/
[Sat Aug 22 01:16:30.129991 2026] [authz_core:debug] [pid 647614:tid 647614] mod_authz_core.c(815): [client 2402:7500:a5a:d940:d19f:78b4:8733:3ac:65267] AH01626: authorization result of : granted, referer: https://isupport.ilc.edu.tw/6703/
[Sat Aug 22 01:16:30.139025 2026] [watchdog:debug] [pid 647690:tid 647690] mod_watchdog.c(559): AH02980: Watchdog: nothing configured?
[Sat Aug 22 01:16:30.144820 2026] [ssl:debug] [pid 642984:tid 642984] ssl_engine_kernel.c(254): [client 2402:7500:a5a:d940:d19f:78b4:8733:3ac:65263] AH02034: Subsequent (No.11) HTTPS request received for child 12 (server isupport.ilc.edu.tw:443), referer: https://isupport.ilc.edu.tw/6703/
[Sat Aug 22 01:16:30.145017 2026] [authz_core:debug] [pid 642984:tid 642984] mod_authz_core.c(815): [client 2402:7500:a5a:d940:d19f:78b4:8733:3ac:65263] AH01626: authorization result of Require all granted: granted, referer: https://isupport.ilc.edu.tw/6703/
[Sat Aug 22 01:16:30.145023 2026] [authz_core:debug] [pid 642984:tid 642984] mod_authz_core.c(815): [client 2402:7500:a5a:d940:d19f:78b4:8733:3ac:65263] AH01626: authorization result of : granted, referer: https://isupport.ilc.edu.tw/6703/
[Sat Aug 22 01:16:30.149787 2026] [ssl:debug] [pid 643013:tid 643013] ssl_engine_kernel.c(254): [client 2402:7500:a5a:d940:d19f:78b4:8733:3ac:65268] AH02034: Subsequent (No.7) HTTPS request received for child 33 (server isupport.ilc.edu.tw:443), referer: https://isupport.ilc.edu.tw/6703/
[Sat Aug 22 01:16:30.149956 2026] [authz_core:debug] [pid 643013:tid 643013] mod_authz_core.c(815): [client 2402:7500:a5a:d940:d19f:78b4:8733:3ac:65268] AH01626: authorization result of Require all granted: granted, referer: https://isupport.ilc.edu.tw/6703/
[Sat Aug 22 01:16:30.149960 2026] [authz_core:debug] [pid 643013:tid 643013] mod_authz_core.c(815): [client 2402:7500:a5a:d940:d19f:78b4:8733:3ac:65268] AH01626: authorization result of : granted, referer: https://isupport.ilc.edu.tw/6703/
[Sat Aug 22 01:16:30.152338 2026] [ssl:debug] [pid 642838:tid 642838] ssl_engine_kernel.c(254): [client 2402:7500:a5a:d940:d19f:78b4:8733:3ac:65264] AH02034: Subsequent (No.8) HTTPS request received for child 6 (server isupport.ilc.edu.tw:443), referer: https://isupport.ilc.edu.tw/6703/
[Sat Aug 22 01:16:30.152557 2026] [authz_core:debug] [pid 642838:tid 642838] mod_authz_core.c(815): [client 2402:7500:a5a:d940:d19f:78b4:8733:3ac:65264] AH01626: authorization result of Require all granted: granted, referer: https://isupport.ilc.edu.tw/6703/
[Sat Aug 22 01:16:30.152565 2026] [authz_core:debug] [pid 642838:tid 642838] mod_authz_core.c(815): [client 2402:7500:a5a:d940:d19f:78b4:8733:3ac:65264] AH01626: authorization result of : granted, referer: https://isupport.ilc.edu.tw/6703/
[Sat Aug 22 01:16:30.167709 2026] [ssl:debug] [pid 643053:tid 643053] ssl_engine_kernel.c(254): [client 2402:7500:a5a:d940:d19f:78b4:8733:3ac:65266] AH02034: Subsequent (No.7) HTTPS request received for child 9 (server isupport.ilc.edu.tw:443), referer: https://isupport.ilc.edu.tw/6703/
[Sat Aug 22 01:16:30.167863 2026] [authz_core:debug] [pid 643053:tid 643053] mod_authz_core.c(815): [client 2402:7500:a5a:d940:d19f:78b4:8733:3ac:65266] AH01626: authorization result of Require all granted: granted, referer: https://isupport.ilc.edu.tw/6703/
[Sat Aug 22 01:16:30.167875 2026] [authz_core:debug] [pid 643053:tid 643053] mod_authz_core.c(815): [client 2402:7500:a5a:d940:d19f:78b4:8733:3ac:65266] AH01626: authorization result of : granted, referer: https://isupport.ilc.edu.tw/6703/
[Sat Aug 22 01:16:30.168587 2026] [deflate:debug] [pid 643053:tid 643053] mod_deflate.c(909): [client 2402:7500:a5a:d940:d19f:78b4:8733:3ac:65266] AH01384: Zlib: Compressed 18726 to 5044 : URL /wp-includes/js/wp-emoji-release.min.js, referer: https://isupport.ilc.edu.tw/6703/
[Sat Aug 22 01:16:30.262855 2026] [ssl:debug] [pid 642984:tid 642984] ssl_engine_kernel.c(254): [client 2402:7500:a5a:d940:d19f:78b4:8733:3ac:65263] AH02034: Subsequent (No.12) HTTPS request received for child 12 (server isupport.ilc.edu.tw:443), referer: https://isupport.ilc.edu.tw/6703/
[Sat Aug 22 01:16:30.263127 2026] [authz_core:debug] [pid 642984:tid 642984] mod_authz_core.c(815): [client 2402:7500:a5a:d940:d19f:78b4:8733:3ac:65263] AH01626: authorization result of Require all granted: granted, referer: https://isupport.ilc.edu.tw/6703/
[Sat Aug 22 01:16:30.263134 2026] [authz_core:debug] [pid 642984:tid 642984] mod_authz_core.c(815): [client 2402:7500:a5a:d940:d19f:78b4:8733:3ac:65263] AH01626: authorization result of : granted, referer: https://isupport.ilc.edu.tw/6703/
[Sat Aug 22 01:16:30.263331 2026] [ssl:debug] [pid 642838:tid 642838] ssl_engine_kernel.c(254): [client 2402:7500:a5a:d940:d19f:78b4:8733:3ac:65264] AH02034: Subsequent (No.9) HTTPS request received for child 6 (server isupport.ilc.edu.tw:443), referer: https://isupport.ilc.edu.tw/6703/
[Sat Aug 22 01:16:30.263546 2026] [authz_core:debug] [pid 642838:tid 642838] mod_authz_core.c(815): [client 2402:7500:a5a:d940:d19f:78b4:8733:3ac:65264] AH01626: authorization result of Require all granted: granted, referer: https://isupport.ilc.edu.tw/6703/
[Sat Aug 22 01:16:30.263554 2026] [authz_core:debug] [pid 642838:tid 642838] mod_authz_core.c(815): [client 2402:7500:a5a:d940:d19f:78b4:8733:3ac:65264] AH01626: authorization result of : granted, referer: https://isupport.ilc.edu.tw/6703/
[Sat Aug 22 01:16:30.263888 2026] [deflate:debug] [pid 642838:tid 642838] mod_deflate.c(909): [client 2402:7500:a5a:d940:d19f:78b4:8733:3ac:65264] AH01384: Zlib: Compressed 8345 to 2786 : URL /wp-content/plugins/elementor-pro/assets/js/table-of-contents.8fd1a0cc520a3fc67bd8.bundle.min.js, referer: https://isupport.ilc.edu.tw/6703/
[Sat Aug 22 01:16:30.263906 2026] [deflate:debug] [pid 642984:tid 642984] mod_deflate.c(909): [client 2402:7500:a5a:d940:d19f:78b4:8733:3ac:65263] AH01384: Zlib: Compressed 21690 to 8255 : URL /wp-content/plugins/elementor-pro/assets/js/60745ddf42fde6647dbc.bundle.min.js, referer: https://isupport.ilc.edu.tw/6703/
[Sat Aug 22 01:16:30.271833 2026] [ssl:debug] [pid 643053:tid 643053] ssl_engine_kernel.c(254): [client 2402:7500:a5a:d940:d19f:78b4:8733:3ac:65266] AH02034: Subsequent (No.8) HTTPS request received for child 9 (server isupport.ilc.edu.tw:443), referer: https://isupport.ilc.edu.tw/6703/
[Sat Aug 22 01:16:30.272040 2026] [authz_core:debug] [pid 643053:tid 643053] mod_authz_core.c(815): [client 2402:7500:a5a:d940:d19f:78b4:8733:3ac:65266] AH01626: authorization result of Require all granted: granted, referer: https://isupport.ilc.edu.tw/6703/
[Sat Aug 22 01:16:30.272046 2026] [authz_core:debug] [pid 643053:tid 643053] mod_authz_core.c(815): [client 2402:7500:a5a:d940:d19f:78b4:8733:3ac:65266] AH01626: authorization result of : granted, referer: https://isupport.ilc.edu.tw/6703/
[Sat Aug 22 01:16:30.272252 2026] [deflate:debug] [pid 643053:tid 643053] mod_deflate.c(909): [client 2402:7500:a5a:d940:d19f:78b4:8733:3ac:65266] AH01384: Zlib: Compressed 1360 to 648 : URL /wp-content/plugins/elementor/assets/js/text-editor.2c35aafbe5bf0e127950.bundle.min.js, referer: https://isupport.ilc.edu.tw/6703/
[Sat Aug 22 01:16:30.323723 2026] [ssl:debug] [pid 647614:tid 647614] ssl_engine_kernel.c(254): [client 2402:7500:a5a:d940:d19f:78b4:8733:3ac:65267] AH02034: Subsequent (No.7) HTTPS request received for child 1 (server isupport.ilc.edu.tw:443), referer: https://isupport.ilc.edu.tw/6703/
[Sat Aug 22 01:16:30.323929 2026] [authz_core:debug] [pid 647614:tid 647614] mod_authz_core.c(815): [client 2402:7500:a5a:d940:d19f:78b4:8733:3ac:65267] AH01626: authorization result of Require all granted: granted, referer: https://isupport.ilc.edu.tw/6703/
[Sat Aug 22 01:16:30.323934 2026] [authz_core:debug] [pid 647614:tid 647614] mod_authz_core.c(815): [client 2402:7500:a5a:d940:d19f:78b4:8733:3ac:65267] AH01626: authorization result of : granted, referer: https://isupport.ilc.edu.tw/6703/
[Sat Aug 22 01:16:30.386765 2026] [ssl:debug] [pid 642984:tid 642984] ssl_engine_kernel.c(254): [client 2402:7500:a5a:d940:d19f:78b4:8733:3ac:65263] AH02034: Subsequent (No.13) HTTPS request received for child 12 (server isupport.ilc.edu.tw:443), referer: https://isupport.ilc.edu.tw/6703/
[Sat Aug 22 01:16:30.387879 2026] [authz_core:debug] [pid 642984:tid 642984] mod_authz_core.c(815): [client 2402:7500:a5a:d940:d19f:78b4:8733:3ac:65263] AH01626: authorization result of Require all granted: granted, referer: https://isupport.ilc.edu.tw/6703/
[Sat Aug 22 01:16:30.387890 2026] [authz_core:debug] [pid 642984:tid 642984] mod_authz_core.c(815): [client 2402:7500:a5a:d940:d19f:78b4:8733:3ac:65263] AH01626: authorization result of : granted, referer: https://isupport.ilc.edu.tw/6703/
[Sat Aug 22 01:16:30.458804 2026] [ssl:debug] [pid 642984:tid 642984] ssl_engine_kernel.c(254): [client 2402:7500:a5a:d940:d19f:78b4:8733:3ac:65263] AH02034: Subsequent (No.14) HTTPS request received for child 12 (server isupport.ilc.edu.tw:443), referer: https://isupport.ilc.edu.tw/6703/
[Sat Aug 22 01:16:30.463515 2026] [ssl:debug] [pid 642838:tid 642838] ssl_engine_kernel.c(254): [client 2402:7500:a5a:d940:d19f:78b4:8733:3ac:65264] AH02034: Subsequent (No.10) HTTPS request received for child 6 (server isupport.ilc.edu.tw:443), referer: https://isupport.ilc.edu.tw/6703/
[Sat Aug 22 01:16:30.463623 2026] [authz_core:debug] [pid 642984:tid 642984] mod_authz_core.c(815): [client 2402:7500:a5a:d940:d19f:78b4:8733:3ac:65263] AH01626: authorization result of Require all granted: granted, referer: https://isupport.ilc.edu.tw/6703/
[Sat Aug 22 01:16:30.463637 2026] [authz_core:debug] [pid 642984:tid 642984] mod_authz_core.c(815): [client 2402:7500:a5a:d940:d19f:78b4:8733:3ac:65263] AH01626: authorization result of : granted, referer: https://isupport.ilc.edu.tw/6703/
[Sat Aug 22 01:16:30.464398 2026] [authz_core:debug] [pid 642838:tid 642838] mod_authz_core.c(815): [client 2402:7500:a5a:d940:d19f:78b4:8733:3ac:65264] AH01626: authorization result of Require all granted: granted, referer: https://isupport.ilc.edu.tw/6703/
[Sat Aug 22 01:16:30.464408 2026] [authz_core:debug] [pid 642838:tid 642838] mod_authz_core.c(815): [client 2402:7500:a5a:d940:d19f:78b4:8733:3ac:65264] AH01626: authorization result of : granted, referer: https://isupport.ilc.edu.tw/6703/
[Sat Aug 22 01:16:30.496300 2026] [ssl:debug] [pid 642821:tid 642821] ssl_engine_kernel.c(254): [client 2409:8c20:3c42:1c:0:8:0:4:2170] AH02034: Subsequent (No.2) HTTPS request received for child 40 (server ilta.ilc.edu.tw:443), referer: https://ilta.ilc.edu.tw/2014/11/page/3/
[Sat Aug 22 01:16:30.497323 2026] [authz_core:debug] [pid 642821:tid 642821] mod_authz_core.c(815): [client 2409:8c20:3c42:1c:0:8:0:4:2170] AH01626: authorization result of Require all granted: granted, referer: https://ilta.ilc.edu.tw/2014/11/page/3/
[Sat Aug 22 01:16:30.497334 2026] [authz_core:debug] [pid 642821:tid 642821] mod_authz_core.c(815): [client 2409:8c20:3c42:1c:0:8:0:4:2170] AH01626: authorization result of : granted, referer: https://ilta.ilc.edu.tw/2014/11/page/3/
[Sat Aug 22 01:16:30.500098 2026] [deflate:debug] [pid 642821:tid 642821] mod_deflate.c(909): [client 2409:8c20:3c42:1c:0:8:0:4:2170] AH01384: Zlib: Compressed 79246 to 39701 : URL /wp-content/cache/ilta.ilc.edu.tw/wpfc-minified/30cml7nx/6wvk.css, referer: https://ilta.ilc.edu.tw/2014/11/page/3/
[Sat Aug 22 01:16:30.520528 2026] [ssl:debug] [pid 642886:tid 642886] ssl_engine_kernel.c(254): [client 2402:7500:a5a:d940:d19f:78b4:8733:3ac:65265] AH02034: Subsequent (No.7) HTTPS request received for child 27 (server isupport.ilc.edu.tw:443), referer: https://isupport.ilc.edu.tw/6703/
[Sat Aug 22 01:16:30.521484 2026] [authz_core:debug] [pid 642886:tid 642886] mod_authz_core.c(815): [client 2402:7500:a5a:d940:d19f:78b4:8733:3ac:65265] AH01626: authorization result of Require all granted: granted, referer: https://isupport.ilc.edu.tw/6703/
[Sat Aug 22 01:16:30.521499 2026] [authz_core:debug] [pid 642886:tid 642886] mod_authz_core.c(815): [client 2402:7500:a5a:d940:d19f:78b4:8733:3ac:65265] AH01626: authorization result of : granted, referer: https://isupport.ilc.edu.tw/6703/
[Sat Aug 22 01:16:31.147611 2026] [ssl:info] [pid 647623:tid 647623] [client 3.219.80.71:53518] AH01964: Connection to child 4 established (server 2blog.ilc.edu.tw:443)
[Sat Aug 22 01:16:31.147771 2026] [ssl:debug] [pid 647623:tid 647623] ssl_engine_kernel.c(2222): [client 3.219.80.71:53518] AH02043: SSL virtual host for servername 2blog.ilc.edu.tw found
[Sat Aug 22 01:16:31.261276 2026] [ssl:debug] [pid 642821:tid 642821] ssl_engine_kernel.c(254): [client 2409:8c20:3c42:1c:0:8:0:4:2170] AH02034: Subsequent (No.3) HTTPS request received for child 40 (server ilta.ilc.edu.tw:443), referer: https://ilta.ilc.edu.tw/2014/11/page/3/
[Sat Aug 22 01:16:31.262327 2026] [authz_core:debug] [pid 642821:tid 642821] mod_authz_core.c(815): [client 2409:8c20:3c42:1c:0:8:0:4:2170] AH01626: authorization result of Require all granted: granted, referer: https://ilta.ilc.edu.tw/2014/11/page/3/
[Sat Aug 22 01:16:31.262338 2026] [authz_core:debug] [pid 642821:tid 642821] mod_authz_core.c(815): [client 2409:8c20:3c42:1c:0:8:0:4:2170] AH01626: authorization result of : granted, referer: https://ilta.ilc.edu.tw/2014/11/page/3/
[Sat Aug 22 01:16:31.264547 2026] [deflate:debug] [pid 642821:tid 642821] mod_deflate.c(909): [client 2409:8c20:3c42:1c:0:8:0:4:2170] AH01384: Zlib: Compressed 112428 to 14824 : URL /wp-content/cache/ilta.ilc.edu.tw/wpfc-minified/l07fx5lw/6wvk.css, referer: https://ilta.ilc.edu.tw/2014/11/page/3/
[Sat Aug 22 01:16:31.422746 2026] [ssl:debug] [pid 647623:tid 647623] ssl_engine_kernel.c(2082): [client 3.219.80.71:53518] AH02041: Protocol: TLSv1.3, Cipher: TLS_AES_256_GCM_SHA384 (256/256 bits)
[Sat Aug 22 01:16:31.422797 2026] [socache_shmcb:debug] [pid 647623:tid 647623] mod_socache_shmcb.c(508): AH00831: socache_shmcb_store (0x01 -> subcache 1)
[Sat Aug 22 01:16:31.422803 2026] [socache_shmcb:debug] [pid 647623:tid 647623] mod_socache_shmcb.c(745): AH00842: expiring 1 and reclaiming 0 removed socache entries
[Sat Aug 22 01:16:31.422805 2026] [socache_shmcb:debug] [pid 647623:tid 647623] mod_socache_shmcb.c(765): AH00843: we now have 59 socache entries
[Sat Aug 22 01:16:31.422807 2026] [socache_shmcb:debug] [pid 647623:tid 647623] mod_socache_shmcb.c(860): AH00847: insert happened at idx=26, data=(12370:12402)
[Sat Aug 22 01:16:31.422809 2026] [socache_shmcb:debug] [pid 647623:tid 647623] mod_socache_shmcb.c(863): AH00848: finished insert, subcache: idx_pos/idx_used=55/60, data_pos/data_used=12988/13460
[Sat Aug 22 01:16:31.422810 2026] [socache_shmcb:debug] [pid 647623:tid 647623] mod_socache_shmcb.c(530): AH00834: leaving socache_shmcb_store successfully
[Sat Aug 22 01:16:31.422857 2026] [socache_shmcb:debug] [pid 647623:tid 647623] mod_socache_shmcb.c(508): AH00831: socache_shmcb_store (0xab -> subcache 11)
[Sat Aug 22 01:16:31.422863 2026] [socache_shmcb:debug] [pid 647623:tid 647623] mod_socache_shmcb.c(745): AH00842: expiring 1 and reclaiming 0 removed socache entries
[Sat Aug 22 01:16:31.422864 2026] [socache_shmcb:debug] [pid 647623:tid 647623] mod_socache_shmcb.c(765): AH00843: we now have 49 socache entries
[Sat Aug 22 01:16:31.422866 2026] [socache_shmcb:debug] [pid 647623:tid 647623] mod_socache_shmcb.c(860): AH00847: insert happened at idx=79, data=(10301:10333)
[Sat Aug 22 01:16:31.422878 2026] [socache_shmcb:debug] [pid 647623:tid 647623] mod_socache_shmcb.c(863): AH00848: finished insert, subcache: idx_pos/idx_used=30/50, data_pos/data_used=13159/11219
[Sat Aug 22 01:16:31.422880 2026] [socache_shmcb:debug] [pid 647623:tid 647623] mod_socache_shmcb.c(530): AH00834: leaving socache_shmcb_store successfully
[Sat Aug 22 01:16:31.422985 2026] [ssl:debug] [pid 647623:tid 647623] ssl_engine_kernel.c(254): [client 3.219.80.71:53518] AH02034: Initial (No.1) HTTPS request received for child 4 (server 2blog.ilc.edu.tw:443)
[Sat Aug 22 01:16:31.423168 2026] [authz_core:debug] [pid 647623:tid 647623] mod_authz_core.c(815): [client 3.219.80.71:53518] AH01626: authorization result of Require all granted: granted
[Sat Aug 22 01:16:31.423173 2026] [authz_core:debug] [pid 647623:tid 647623] mod_authz_core.c(815): [client 3.219.80.71:53518] AH01626: authorization result of : granted
[Sat Aug 22 01:16:31.428811 2026] [authz_core:debug] [pid 647623:tid 647623] mod_authz_core.c(815): [client 3.219.80.71:53518] AH01626: authorization result of Require all granted: granted
[Sat Aug 22 01:16:31.428835 2026] [authz_core:debug] [pid 647623:tid 647623] mod_authz_core.c(815): [client 3.219.80.71:53518] AH01626: authorization result of : granted
[Sat Aug 22 01:16:31.432290 2026] [ssl:debug] [pid 647623:tid 647623] ssl_engine_io.c(1150): [client 3.219.80.71:53518] AH02001: Connection closed to child 4 with standard shutdown (server 2blog.ilc.edu.tw:443)
[Sat Aug 22 01:16:31.696137 2026] [authz_core:debug] [pid 647687:tid 647687] mod_authz_core.c(815): [client 2400:e920:0:2:f45d:ddff:fe00:7a:62682] AH01626: authorization result of Require all granted: granted, referer: http://ilta.ilc.edu.tw
[Sat Aug 22 01:16:31.696164 2026] [authz_core:debug] [pid 647687:tid 647687] mod_authz_core.c(815): [client 2400:e920:0:2:f45d:ddff:fe00:7a:62682] AH01626: authorization result of : granted, referer: http://ilta.ilc.edu.tw
[Sat Aug 22 01:16:31.773644 2026] [ssl:debug] [pid 642821:tid 642821] ssl_engine_kernel.c(254): [client 2409:8c20:3c42:1c:0:8:0:4:2170] AH02034: Subsequent (No.4) HTTPS request received for child 40 (server ilta.ilc.edu.tw:443), referer: https://ilta.ilc.edu.tw/2014/11/page/3/
[Sat Aug 22 01:16:31.774274 2026] [authz_core:debug] [pid 642821:tid 642821] mod_authz_core.c(815): [client 2409:8c20:3c42:1c:0:8:0:4:2170] AH01626: authorization result of Require all granted: granted, referer: https://ilta.ilc.edu.tw/2014/11/page/3/
[Sat Aug 22 01:16:31.774283 2026] [authz_core:debug] [pid 642821:tid 642821] mod_authz_core.c(815): [client 2409:8c20:3c42:1c:0:8:0:4:2170] AH01626: authorization result of : granted, referer: https://ilta.ilc.edu.tw/2014/11/page/3/
[Sat Aug 22 01:16:31.774626 2026] [deflate:debug] [pid 642821:tid 642821] mod_deflate.c(909): [client 2409:8c20:3c42:1c:0:8:0:4:2170] AH01384: Zlib: Compressed 486 to 267 : URL /wp-content/cache/ilta.ilc.edu.tw/wpfc-minified/qm0ohmet/6wvk.css, referer: https://ilta.ilc.edu.tw/2014/11/page/3/
[Sat Aug 22 01:16:31.930939 2026] [ssl:debug] [pid 642984:tid 642984] ssl_engine_kernel.c(254): [client 2402:7500:a5a:d940:d19f:78b4:8733:3ac:65263] AH02034: Subsequent (No.15) HTTPS request received for child 12 (server isupport.ilc.edu.tw:443), referer: https://isupport.ilc.edu.tw/6703/
[Sat Aug 22 01:16:31.931504 2026] [authz_core:debug] [pid 642984:tid 642984] mod_authz_core.c(815): [client 2402:7500:a5a:d940:d19f:78b4:8733:3ac:65263] AH01626: authorization result of Require all granted: granted, referer: https://isupport.ilc.edu.tw/6703/
[Sat Aug 22 01:16:31.931512 2026] [authz_core:debug] [pid 642984:tid 642984] mod_authz_core.c(815): [client 2402:7500:a5a:d940:d19f:78b4:8733:3ac:65263] AH01626: authorization result of : granted, referer: https://isupport.ilc.edu.tw/6703/
[Sat Aug 22 01:16:32.016603 2026] [ssl:info] [pid 643051:tid 643051] [client 2400:e920:0:2:f45d:ddff:fe00:7a:62699] AH01964: Connection to child 5 established (server 2blog.ilc.edu.tw:443)
[Sat Aug 22 01:16:32.016780 2026] [ssl:debug] [pid 643051:tid 643051] ssl_engine_kernel.c(2222): [client 2400:e920:0:2:f45d:ddff:fe00:7a:62699] AH02043: SSL virtual host for servername ilta.ilc.edu.tw found
[Sat Aug 22 01:16:32.016829 2026] [core:debug] [pid 643051:tid 643051] protocol.c(2460): [client 2400:e920:0:2:f45d:ddff:fe00:7a:62699] AH03155: select protocol from , choices=http/1.1 for server ilta.ilc.edu.tw
[Sat Aug 22 01:16:32.031056 2026] [authz_core:debug] [pid 647690:tid 647690] mod_authz_core.c(815): [client 18.215.24.66:3498] AH01626: authorization result of Require all granted: granted
[Sat Aug 22 01:16:32.031086 2026] [authz_core:debug] [pid 647690:tid 647690] mod_authz_core.c(815): [client 18.215.24.66:3498] AH01626: authorization result of : granted
[Sat Aug 22 01:16:32.033476 2026] [authz_core:debug] [pid 647690:tid 647690] mod_authz_core.c(815): [client 18.215.24.66:3498] AH01626: authorization result of Require all granted: granted
[Sat Aug 22 01:16:32.033489 2026] [authz_core:debug] [pid 647690:tid 647690] mod_authz_core.c(815): [client 18.215.24.66:3498] AH01626: authorization result of : granted
[Sat Aug 22 01:16:32.035040 2026] [deflate:debug] [pid 647690:tid 647690] mod_deflate.c(909): [client 18.215.24.66:3498] AH01384: Zlib: Compressed 800 to 384 : URL /wp-content/uploads/sites/3177/2022/06/
[Sat Aug 22 01:16:32.037057 2026] [ssl:debug] [pid 642821:tid 642821] ssl_engine_kernel.c(254): [client 2409:8c20:3c42:1c:0:8:0:4:2170] AH02034: Subsequent (No.5) HTTPS request received for child 40 (server ilta.ilc.edu.tw:443), referer: https://ilta.ilc.edu.tw/2014/11/page/3/
[Sat Aug 22 01:16:32.037656 2026] [authz_core:debug] [pid 642821:tid 642821] mod_authz_core.c(815): [client 2409:8c20:3c42:1c:0:8:0:4:2170] AH01626: authorization result of Require all granted: granted, referer: https://ilta.ilc.edu.tw/2014/11/page/3/
[Sat Aug 22 01:16:32.037667 2026] [authz_core:debug] [pid 642821:tid 642821] mod_authz_core.c(815): [client 2409:8c20:3c42:1c:0:8:0:4:2170] AH01626: authorization result of : granted, referer: https://ilta.ilc.edu.tw/2014/11/page/3/
[Sat Aug 22 01:16:32.045571 2026] [deflate:debug] [pid 642821:tid 642821] mod_deflate.c(909): [client 2409:8c20:3c42:1c:0:8:0:4:2170] AH01384: Zlib: Compressed 349937 to 59618 : URL /wp-content/cache/ilta.ilc.edu.tw/wpfc-minified/7vo8n6iy/6wvk.css, referer: https://ilta.ilc.edu.tw/2014/11/page/3/
[Sat Aug 22 01:16:32.072560 2026] [ssl:info] [pid 647684:tid 647684] [client 34.56.53.225:25600] AH01964: Connection to child 2 established (server 2blog.ilc.edu.tw:443)
[Sat Aug 22 01:16:32.072711 2026] [ssl:info] [pid 647684:tid 647684] (70014)End of file found: [client 34.56.53.225:25600] AH02006: SSL handshake stopped: connection was closed
[Sat Aug 22 01:16:32.072717 2026] [ssl:info] [pid 647684:tid 647684] [client 34.56.53.225:25600] AH01998: Connection closed to child 2 with abortive shutdown (server 2blog.ilc.edu.tw:443)
[Sat Aug 22 01:16:32.124823 2026] [ssl:debug] [pid 643051:tid 643051] ssl_engine_kernel.c(2082): [client 2400:e920:0:2:f45d:ddff:fe00:7a:62699] AH02041: Protocol: TLSv1.3, Cipher: TLS_AES_256_GCM_SHA384 (256/256 bits)
[Sat Aug 22 01:16:32.124872 2026] [socache_shmcb:debug] [pid 643051:tid 643051] mod_socache_shmcb.c(508): AH00831: socache_shmcb_store (0xe4 -> subcache 4)
[Sat Aug 22 01:16:32.124879 2026] [socache_shmcb:debug] [pid 643051:tid 643051] mod_socache_shmcb.c(798): AH00845: about to force-expire, subcache: idx_used=62, data_used=13857
[Sat Aug 22 01:16:32.124882 2026] [socache_shmcb:debug] [pid 643051:tid 643051] mod_socache_shmcb.c(824): AH00846: finished force-expire, subcache: idx_used=61, data_used=13629
[Sat Aug 22 01:16:32.124884 2026] [socache_shmcb:debug] [pid 643051:tid 643051] mod_socache_shmcb.c(860): AH00847: insert happened at idx=12, data=(872:904)
[Sat Aug 22 01:16:32.124886 2026] [socache_shmcb:debug] [pid 643051:tid 643051] mod_socache_shmcb.c(863): AH00848: finished insert, subcache: idx_pos/idx_used=39/62, data_pos/data_used=1107/13854
[Sat Aug 22 01:16:32.124888 2026] [socache_shmcb:debug] [pid 643051:tid 643051] mod_socache_shmcb.c(530): AH00834: leaving socache_shmcb_store successfully
[Sat Aug 22 01:16:32.124981 2026] [socache_shmcb:debug] [pid 643051:tid 643051] mod_socache_shmcb.c(508): AH00831: socache_shmcb_store (0x59 -> subcache 25)
[Sat Aug 22 01:16:32.124986 2026] [socache_shmcb:debug] [pid 643051:tid 643051] mod_socache_shmcb.c(860): AH00847: insert happened at idx=39, data=(1449:1481)
[Sat Aug 22 01:16:32.124988 2026] [socache_shmcb:debug] [pid 643051:tid 643051] mod_socache_shmcb.c(863): AH00848: finished insert, subcache: idx_pos/idx_used=73/55, data_pos/data_used=3243/12294
[Sat Aug 22 01:16:32.124990 2026] [socache_shmcb:debug] [pid 643051:tid 643051] mod_socache_shmcb.c(530): AH00834: leaving socache_shmcb_store successfully
[Sat Aug 22 01:16:32.125525 2026] [ssl:debug] [pid 643051:tid 643051] ssl_engine_kernel.c(254): [client 2400:e920:0:2:f45d:ddff:fe00:7a:62699] AH02034: Initial (No.1) HTTPS request received for child 5 (server ilta.ilc.edu.tw:443), referer: http://ilta.ilc.edu.tw
[Sat Aug 22 01:16:32.125715 2026] [authz_core:debug] [pid 643051:tid 643051] mod_authz_core.c(815): [client 2400:e920:0:2:f45d:ddff:fe00:7a:62699] AH01626: authorization result of Require all granted: granted, referer: http://ilta.ilc.edu.tw
[Sat Aug 22 01:16:32.125720 2026] [authz_core:debug] [pid 643051:tid 643051] mod_authz_core.c(815): [client 2400:e920:0:2:f45d:ddff:fe00:7a:62699] AH01626: authorization result of : granted, referer: http://ilta.ilc.edu.tw
[Sat Aug 22 01:16:32.143835 2026] [watchdog:debug] [pid 647691:tid 647691] mod_watchdog.c(559): AH02980: Watchdog: nothing configured?
[Sat Aug 22 01:16:32.217735 2026] [deflate:debug] [pid 643051:tid 643051] mod_deflate.c(909): [client 2400:e920:0:2:f45d:ddff:fe00:7a:62699] AH01384: Zlib: Compressed 13605 to 5007 : URL /wp-login.php, referer: http://ilta.ilc.edu.tw
[Sat Aug 22 01:16:32.374441 2026] [ssl:debug] [pid 642838:tid 642838] ssl_engine_io.c(1150): [client 2402:7500:a5a:d940:d19f:78b4:8733:3ac:65264] AH02001: Connection closed to child 6 with standard shutdown (server isupport.ilc.edu.tw:443)
[Sat Aug 22 01:16:32.374445 2026] [ssl:debug] [pid 642886:tid 642886] ssl_engine_io.c(1150): [client 2402:7500:a5a:d940:d19f:78b4:8733:3ac:65265] AH02001: Connection closed to child 27 with standard shutdown (server isupport.ilc.edu.tw:443)
[Sat Aug 22 01:16:32.377675 2026] [ssl:debug] [pid 643053:tid 643053] ssl_engine_io.c(1150): [client 2402:7500:a5a:d940:d19f:78b4:8733:3ac:65266] AH02001: Connection closed to child 9 with standard shutdown (server isupport.ilc.edu.tw:443)
[Sat Aug 22 01:16:32.377826 2026] [ssl:debug] [pid 647614:tid 647614] ssl_engine_io.c(1150): [client 2402:7500:a5a:d940:d19f:78b4:8733:3ac:65267] AH02001: Connection closed to child 1 with standard shutdown (server isupport.ilc.edu.tw:443)
[Sat Aug 22 01:16:32.381788 2026] [ssl:debug] [pid 643013:tid 643013] ssl_engine_io.c(1150): [client 2402:7500:a5a:d940:d19f:78b4:8733:3ac:65268] AH02001: Connection closed to child 33 with standard shutdown (server isupport.ilc.edu.tw:443)
[Sat Aug 22 01:16:32.416985 2026] [authz_core:debug] [pid 642866:tid 642866] mod_authz_core.c(815): [client 2400:e920:0:2:f45d:ddff:fe00:7a:62732] AH01626: authorization result of Require all granted: granted, referer: http://ilta.ilc.edu.tw
[Sat Aug 22 01:16:32.417009 2026] [authz_core:debug] [pid 642866:tid 642866] mod_authz_core.c(815): [client 2400:e920:0:2:f45d:ddff:fe00:7a:62732] AH01626: authorization result of : granted, referer: http://ilta.ilc.edu.tw
[Sat Aug 22 01:16:32.746693 2026] [ssl:info] [pid 647684:tid 647684] [client 2400:e920:0:2:f45d:ddff:fe00:7a:62754] AH01964: Connection to child 2 established (server 2blog.ilc.edu.tw:443)
[Sat Aug 22 01:16:32.746867 2026] [ssl:debug] [pid 647684:tid 647684] ssl_engine_kernel.c(2222): [client 2400:e920:0:2:f45d:ddff:fe00:7a:62754] AH02043: SSL virtual host for servername ilta.ilc.edu.tw found
[Sat Aug 22 01:16:32.746935 2026] [core:debug] [pid 647684:tid 647684] protocol.c(2460): [client 2400:e920:0:2:f45d:ddff:fe00:7a:62754] AH03155: select protocol from , choices=http/1.1 for server ilta.ilc.edu.tw
[Sat Aug 22 01:16:32.857878 2026] [ssl:debug] [pid 647684:tid 647684] ssl_engine_kernel.c(2082): [client 2400:e920:0:2:f45d:ddff:fe00:7a:62754] AH02041: Protocol: TLSv1.3, Cipher: TLS_AES_256_GCM_SHA384 (256/256 bits)
[Sat Aug 22 01:16:32.857929 2026] [socache_shmcb:debug] [pid 647684:tid 647684] mod_socache_shmcb.c(508): AH00831: socache_shmcb_store (0x51 -> subcache 17)
[Sat Aug 22 01:16:32.857935 2026] [socache_shmcb:debug] [pid 647684:tid 647684] mod_socache_shmcb.c(798): AH00845: about to force-expire, subcache: idx_used=61, data_used=13685
[Sat Aug 22 01:16:32.857937 2026] [socache_shmcb:debug] [pid 647684:tid 647684] mod_socache_shmcb.c(824): AH00846: finished force-expire, subcache: idx_used=60, data_used=13459
[Sat Aug 22 01:16:32.857939 2026] [socache_shmcb:debug] [pid 647684:tid 647684] mod_socache_shmcb.c(860): AH00847: insert happened at idx=44, data=(2572:2604)
[Sat Aug 22 01:16:32.857941 2026] [socache_shmcb:debug] [pid 647684:tid 647684] mod_socache_shmcb.c(863): AH00848: finished insert, subcache: idx_pos/idx_used=72/61, data_pos/data_used=2977/13683
[Sat Aug 22 01:16:32.857942 2026] [socache_shmcb:debug] [pid 647684:tid 647684] mod_socache_shmcb.c(530): AH00834: leaving socache_shmcb_store successfully
[Sat Aug 22 01:16:32.858008 2026] [socache_shmcb:debug] [pid 647684:tid 647684] mod_socache_shmcb.c(508): AH00831: socache_shmcb_store (0x3f -> subcache 31)
[Sat Aug 22 01:16:32.858024 2026] [socache_shmcb:debug] [pid 647684:tid 647684] mod_socache_shmcb.c(860): AH00847: insert happened at idx=50, data=(4071:4103)
[Sat Aug 22 01:16:32.858026 2026] [socache_shmcb:debug] [pid 647684:tid 647684] mod_socache_shmcb.c(863): AH00848: finished insert, subcache: idx_pos/idx_used=87/52, data_pos/data_used=6518/11641
[Sat Aug 22 01:16:32.858027 2026] [socache_shmcb:debug] [pid 647684:tid 647684] mod_socache_shmcb.c(530): AH00834: leaving socache_shmcb_store successfully
[Sat Aug 22 01:16:32.858362 2026] [ssl:debug] [pid 647684:tid 647684] ssl_engine_kernel.c(254): [client 2400:e920:0:2:f45d:ddff:fe00:7a:62754] AH02034: Initial (No.1) HTTPS request received for child 2 (server ilta.ilc.edu.tw:443), referer: http://ilta.ilc.edu.tw
[Sat Aug 22 01:16:32.858629 2026] [authz_core:debug] [pid 647684:tid 647684] mod_authz_core.c(815): [client 2400:e920:0:2:f45d:ddff:fe00:7a:62754] AH01626: authorization result of Require all granted: granted, referer: http://ilta.ilc.edu.tw
[Sat Aug 22 01:16:32.858636 2026] [authz_core:debug] [pid 647684:tid 647684] mod_authz_core.c(815): [client 2400:e920:0:2:f45d:ddff:fe00:7a:62754] AH01626: authorization result of : granted, referer: http://ilta.ilc.edu.tw
[Sat Aug 22 01:16:32.959618 2026] [deflate:debug] [pid 647684:tid 647684] mod_deflate.c(909): [client 2400:e920:0:2:f45d:ddff:fe00:7a:62754] AH01384: Zlib: Compressed 13605 to 5007 : URL /wp-login.php, referer: http://ilta.ilc.edu.tw
[Sat Aug 22 01:16:33.066438 2026] [ssl:info] [pid 643051:tid 643051] (70014)End of file found: [client 2400:e920:0:2:f45d:ddff:fe00:7a:62699] AH01992: SSL library error 6 reading data
[Sat Aug 22 01:16:33.066524 2026] [ssl:debug] [pid 643051:tid 643051] ssl_engine_io.c(1150): [client 2400:e920:0:2:f45d:ddff:fe00:7a:62699] AH02001: Connection closed to child 5 with standard shutdown (server ilta.ilc.edu.tw:443)
[Sat Aug 22 01:16:33.069030 2026] [ssl:info] [pid 647684:tid 647684] (70014)End of file found: [client 2400:e920:0:2:f45d:ddff:fe00:7a:62754] AH01992: SSL library error 6 reading data
[Sat Aug 22 01:16:33.069113 2026] [ssl:debug] [pid 647684:tid 647684] ssl_engine_io.c(1150): [client 2400:e920:0:2:f45d:ddff:fe00:7a:62754] AH02001: Connection closed to child 2 with standard shutdown (server ilta.ilc.edu.tw:443)
[Sat Aug 22 01:16:33.093131 2026] [headers:debug] [pid 647623:tid 647623] mod_headers.c(900): AH01503: headers: ap_headers_error_filter()
[Sat Aug 22 01:16:33.115763 2026] [ssl:info] [pid 647691:tid 647691] [client 2001:288:a201::66:125:48355] AH01964: Connection to child 8 established (server 2blog.ilc.edu.tw:443)
[Sat Aug 22 01:16:33.116171 2026] [ssl:debug] [pid 647691:tid 647691] ssl_engine_kernel.c(2252): [client 2001:288:a201::66:125:48355] AH02645: Server name not provided via TLS extension (using default/first virtual host)
[Sat Aug 22 01:16:33.116232 2026] [socache_shmcb:debug] [pid 647691:tid 647691] mod_socache_shmcb.c(545): AH00835: socache_shmcb_retrieve (0x39 -> subcache 25)
[Sat Aug 22 01:16:33.116253 2026] [socache_shmcb:debug] [pid 647691:tid 647691] mod_socache_shmcb.c(896): AH00849: match at idx=31, data=13557
[Sat Aug 22 01:16:33.116255 2026] [socache_shmcb:debug] [pid 647691:tid 647691] mod_socache_shmcb.c(556): AH00836: leaving socache_shmcb_retrieve successfully
[Sat Aug 22 01:16:33.117699 2026] [ssl:debug] [pid 647691:tid 647691] ssl_engine_kernel.c(2082): [client 2001:288:a201::66:125:48355] AH02041: Protocol: TLSv1.2, Cipher: ECDHE-RSA-AES256-GCM-SHA384 (256/256 bits)
[Sat Aug 22 01:16:33.117813 2026] [ssl:debug] [pid 647691:tid 647691] ssl_engine_kernel.c(254): [client 2001:288:a201::66:125:48355] AH02034: Initial (No.1) HTTPS request received for child 8 (server 2blog.ilc.edu.tw:443)
[Sat Aug 22 01:16:33.118079 2026] [authz_core:debug] [pid 647691:tid 647691] mod_authz_core.c(815): [client 2001:288:a201::66:125:48355] AH01626: authorization result of Require all granted: granted
[Sat Aug 22 01:16:33.118088 2026] [authz_core:debug] [pid 647691:tid 647691] mod_authz_core.c(815): [client 2001:288:a201::66:125:48355] AH01626: authorization result of : granted
[Sat Aug 22 01:16:33.118670 2026] [authz_core:debug] [pid 647691:tid 647691] mod_authz_core.c(815): [client 2001:288:a201::66:125:48355] AH01626: authorization result of Require all granted: granted
[Sat Aug 22 01:16:33.118678 2026] [authz_core:debug] [pid 647691:tid 647691] mod_authz_core.c(815): [client 2001:288:a201::66:125:48355] AH01626: authorization result of : granted
[Sat Aug 22 01:16:33.118691 2026] [php7:error] [pid 647691:tid 647691] [client 2001:288:a201::66:125:48355] script '/var/www/html/2blog/active.php' not found or unable to stat
[Sat Aug 22 01:16:33.118702 2026] [headers:debug] [pid 647691:tid 647691] mod_headers.c(900): AH01503: headers: ap_headers_error_filter()
[Sat Aug 22 01:16:33.118829 2026] [ssl:debug] [pid 647691:tid 647691] ssl_engine_io.c(1150): [client 2001:288:a201::66:125:48355] AH02001: Connection closed to child 8 with standard shutdown (server 2blog.ilc.edu.tw:443)
[Sat Aug 22 01:16:33.293884 2026] [headers:debug] [pid 642838:tid 642838] mod_headers.c(900): AH01503: headers: ap_headers_error_filter()
[Sat Aug 22 01:16:33.418570 2026] [ssl:info] [pid 642886:tid 642886] [client 140.111.67.10:45762] AH01964: Connection to child 27 established (server 2blog.ilc.edu.tw:443)
[Sat Aug 22 01:16:33.418754 2026] [ssl:info] [pid 642886:tid 642886] (70014)End of file found: [client 140.111.67.10:45762] AH02006: SSL handshake stopped: connection was closed
[Sat Aug 22 01:16:33.418768 2026] [ssl:info] [pid 642886:tid 642886] [client 140.111.67.10:45762] AH01998: Connection closed to child 27 with abortive shutdown (server 2blog.ilc.edu.tw:443)
[Sat Aug 22 01:16:33.462862 2026] [ssl:debug] [pid 642984:tid 642984] ssl_engine_io.c(1150): [client 2402:7500:a5a:d940:d19f:78b4:8733:3ac:65263] AH02001: Connection closed to child 12 with standard shutdown (server isupport.ilc.edu.tw:443)
[Sat Aug 22 01:16:34.310533 2026] [ssl:debug] [pid 642821:tid 642821] ssl_engine_kernel.c(254): [client 2409:8c20:3c42:1c:0:8:0:4:2170] AH02034: Subsequent (No.6) HTTPS request received for child 40 (server ilta.ilc.edu.tw:443), referer: https://ilta.ilc.edu.tw/wp-content/cache/ilta.ilc.edu.tw/wpfc-minified/7vo8n6iy/6wvk.css
[Sat Aug 22 01:16:34.310762 2026] [authz_core:debug] [pid 642821:tid 642821] mod_authz_core.c(815): [client 2409:8c20:3c42:1c:0:8:0:4:2170] AH01626: authorization result of Require all granted: granted, referer: https://ilta.ilc.edu.tw/wp-content/cache/ilta.ilc.edu.tw/wpfc-minified/7vo8n6iy/6wvk.css
[Sat Aug 22 01:16:34.310769 2026] [authz_core:debug] [pid 642821:tid 642821] mod_authz_core.c(815): [client 2409:8c20:3c42:1c:0:8:0:4:2170] AH01626: authorization result of : granted, referer: https://ilta.ilc.edu.tw/wp-content/cache/ilta.ilc.edu.tw/wpfc-minified/7vo8n6iy/6wvk.css
[Sat Aug 22 01:16:34.447281 2026] [ssl:info] [pid 647614:tid 647614] [client 34.171.68.95:21504] AH01964: Connection to child 1 established (server 2blog.ilc.edu.tw:443)
[Sat Aug 22 01:16:34.447511 2026] [ssl:debug] [pid 647614:tid 647614] ssl_engine_kernel.c(2222): [client 34.171.68.95:21504] AH02043: SSL virtual host for servername www.ljjh.ilc.edu.tw found
[Sat Aug 22 01:16:34.447563 2026] [core:debug] [pid 647614:tid 647614] protocol.c(2460): [client 34.171.68.95:21504] AH03155: select protocol from , choices=http/1.1 for server www.ljjh.ilc.edu.tw
[Sat Aug 22 01:16:34.854445 2026] [ssl:debug] [pid 647683:tid 647683] ssl_engine_kernel.c(2082): [client 216.231.35.14:13473] AH02041: Protocol: TLSv1.3, Cipher: TLS_AES_256_GCM_SHA384 (256/256 bits)
[Sat Aug 22 01:16:34.854503 2026] [socache_shmcb:debug] [pid 647683:tid 647683] mod_socache_shmcb.c(508): AH00831: socache_shmcb_store (0xa5 -> subcache 5)
[Sat Aug 22 01:16:34.854531 2026] [socache_shmcb:debug] [pid 647683:tid 647683] mod_socache_shmcb.c(860): AH00847: insert happened at idx=82, data=(11052:11084)
[Sat Aug 22 01:16:34.854534 2026] [socache_shmcb:debug] [pid 647683:tid 647683] mod_socache_shmcb.c(863): AH00848: finished insert, subcache: idx_pos/idx_used=29/54, data_pos/data_used=12995/12146
[Sat Aug 22 01:16:34.854536 2026] [socache_shmcb:debug] [pid 647683:tid 647683] mod_socache_shmcb.c(530): AH00834: leaving socache_shmcb_store successfully
[Sat Aug 22 01:16:34.854604 2026] [socache_shmcb:debug] [pid 647683:tid 647683] mod_socache_shmcb.c(508): AH00831: socache_shmcb_store (0x5a -> subcache 26)
[Sat Aug 22 01:16:34.854609 2026] [socache_shmcb:debug] [pid 647683:tid 647683] mod_socache_shmcb.c(745): AH00842: expiring 7 and reclaiming 0 removed socache entries
[Sat Aug 22 01:16:34.854611 2026] [socache_shmcb:debug] [pid 647683:tid 647683] mod_socache_shmcb.c(765): AH00843: we now have 54 socache entries
[Sat Aug 22 01:16:34.854613 2026] [socache_shmcb:debug] [pid 647683:tid 647683] mod_socache_shmcb.c(860): AH00847: insert happened at idx=56, data=(4987:5019)
[Sat Aug 22 01:16:34.854615 2026] [socache_shmcb:debug] [pid 647683:tid 647683] mod_socache_shmcb.c(863): AH00848: finished insert, subcache: idx_pos/idx_used=2/55, data_pos/data_used=6713/12363
[Sat Aug 22 01:16:34.854617 2026] [socache_shmcb:debug] [pid 647683:tid 647683] mod_socache_shmcb.c(530): AH00834: leaving socache_shmcb_store successfully
[Sat Aug 22 01:16:34.860244 2026] [ssl:debug] [pid 647683:tid 647683] ssl_engine_kernel.c(254): [client 216.231.35.14:13473] AH02034: Initial (No.1) HTTPS request received for child 0 (server 2blog.ilc.edu.tw:443)
[Sat Aug 22 01:16:34.860440 2026] [authz_core:debug] [pid 647683:tid 647683] mod_authz_core.c(815): [client 216.231.35.14:13473] AH01626: authorization result of Require all granted: granted
[Sat Aug 22 01:16:34.860445 2026] [authz_core:debug] [pid 647683:tid 647683] mod_authz_core.c(815): [client 216.231.35.14:13473] AH01626: authorization result of : granted
[Sat Aug 22 01:16:34.862251 2026] [authz_core:debug] [pid 647683:tid 647683] mod_authz_core.c(815): [client 216.231.35.14:13473] AH01626: authorization result of Require all granted: granted
[Sat Aug 22 01:16:34.862266 2026] [authz_core:debug] [pid 647683:tid 647683] mod_authz_core.c(815): [client 216.231.35.14:13473] AH01626: authorization result of : granted
[Sat Aug 22 01:16:34.964141 2026] [ssl:debug] [pid 647614:tid 647614] ssl_engine_kernel.c(2082): [client 34.171.68.95:21504] AH02041: Protocol: TLSv1.3, Cipher: TLS_AES_256_GCM_SHA384 (256/256 bits)
[Sat Aug 22 01:16:34.964205 2026] [socache_shmcb:debug] [pid 647614:tid 647614] mod_socache_shmcb.c(508): AH00831: socache_shmcb_store (0xbf -> subcache 31)
[Sat Aug 22 01:16:34.964214 2026] [socache_shmcb:debug] [pid 647614:tid 647614] mod_socache_shmcb.c(860): AH00847: insert happened at idx=51, data=(4295:4327)
[Sat Aug 22 01:16:34.964227 2026] [socache_shmcb:debug] [pid 647614:tid 647614] mod_socache_shmcb.c(863): AH00848: finished insert, subcache: idx_pos/idx_used=87/53, data_pos/data_used=6518/11869
[Sat Aug 22 01:16:34.964229 2026] [socache_shmcb:debug] [pid 647614:tid 647614] mod_socache_shmcb.c(530): AH00834: leaving socache_shmcb_store successfully
[Sat Aug 22 01:16:34.964298 2026] [socache_shmcb:debug] [pid 647614:tid 647614] mod_socache_shmcb.c(508): AH00831: socache_shmcb_store (0x35 -> subcache 21)
[Sat Aug 22 01:16:34.964302 2026] [socache_shmcb:debug] [pid 647614:tid 647614] mod_socache_shmcb.c(798): AH00845: about to force-expire, subcache: idx_used=61, data_used=13663
[Sat Aug 22 01:16:34.964304 2026] [socache_shmcb:debug] [pid 647614:tid 647614] mod_socache_shmcb.c(824): AH00846: finished force-expire, subcache: idx_used=60, data_used=13439
[Sat Aug 22 01:16:34.964306 2026] [socache_shmcb:debug] [pid 647614:tid 647614] mod_socache_shmcb.c(860): AH00847: insert happened at idx=45, data=(2699:2731)
[Sat Aug 22 01:16:34.964308 2026] [socache_shmcb:debug] [pid 647614:tid 647614] mod_socache_shmcb.c(863): AH00848: finished insert, subcache: idx_pos/idx_used=73/61, data_pos/data_used=3124/13667
[Sat Aug 22 01:16:34.964310 2026] [socache_shmcb:debug] [pid 647614:tid 647614] mod_socache_shmcb.c(530): AH00834: leaving socache_shmcb_store successfully
[Sat Aug 22 01:16:35.021657 2026] [ssl:debug] [pid 647614:tid 647614] ssl_engine_kernel.c(254): [client 34.171.68.95:21504] AH02034: Initial (No.1) HTTPS request received for child 1 (server www.ljjh.ilc.edu.tw:443)
[Sat Aug 22 01:16:35.021847 2026] [authz_core:debug] [pid 647614:tid 647614] mod_authz_core.c(815): [client 34.171.68.95:21504] AH01626: authorization result of Require all granted: granted
[Sat Aug 22 01:16:35.021851 2026] [authz_core:debug] [pid 647614:tid 647614] mod_authz_core.c(815): [client 34.171.68.95:21504] AH01626: authorization result of : granted
[Sat Aug 22 01:16:35.021997 2026] [authz_core:debug] [pid 647614:tid 647614] mod_authz_core.c(815): [client 34.171.68.95:21504] AH01626: authorization result of Require all granted: granted
[Sat Aug 22 01:16:35.022003 2026] [authz_core:debug] [pid 647614:tid 647614] mod_authz_core.c(815): [client 34.171.68.95:21504] AH01626: authorization result of : granted
[Sat Aug 22 01:16:35.145463 2026] [ssl:info] [pid 643013:tid 643013] [client 34.192.125.239:20334] AH01964: Connection to child 33 established (server 2blog.ilc.edu.tw:443)
[Sat Aug 22 01:16:35.145646 2026] [ssl:debug] [pid 643013:tid 643013] ssl_engine_kernel.c(2222): [client 34.192.125.239:20334] AH02043: SSL virtual host for servername 2blog.ilc.edu.tw found
[Sat Aug 22 01:16:35.188205 2026] [authz_core:debug] [pid 647687:tid 647687] mod_authz_core.c(815): [client 2400:e920:0:2:f45d:ddff:fe00:7a:62941] AH01626: authorization result of Require all granted: granted, referer: http://ilta.ilc.edu.tw
[Sat Aug 22 01:16:35.188229 2026] [authz_core:debug] [pid 647687:tid 647687] mod_authz_core.c(815): [client 2400:e920:0:2:f45d:ddff:fe00:7a:62941] AH01626: authorization result of : granted, referer: http://ilta.ilc.edu.tw
[Sat Aug 22 01:16:35.364149 2026] [ssl:debug] [pid 643013:tid 643013] ssl_engine_kernel.c(2082): [client 34.192.125.239:20334] AH02041: Protocol: TLSv1.3, Cipher: TLS_AES_256_GCM_SHA384 (256/256 bits)
[Sat Aug 22 01:16:35.364202 2026] [socache_shmcb:debug] [pid 643013:tid 643013] mod_socache_shmcb.c(508): AH00831: socache_shmcb_store (0xde -> subcache 30)
[Sat Aug 22 01:16:35.364209 2026] [socache_shmcb:debug] [pid 643013:tid 643013] mod_socache_shmcb.c(860): AH00847: insert happened at idx=27, data=(12408:12440)
[Sat Aug 22 01:16:35.364211 2026] [socache_shmcb:debug] [pid 643013:tid 643013] mod_socache_shmcb.c(863): AH00848: finished insert, subcache: idx_pos/idx_used=58/58, data_pos/data_used=13528/12958
[Sat Aug 22 01:16:35.364213 2026] [socache_shmcb:debug] [pid 643013:tid 643013] mod_socache_shmcb.c(530): AH00834: leaving socache_shmcb_store successfully
[Sat Aug 22 01:16:35.364261 2026] [socache_shmcb:debug] [pid 643013:tid 643013] mod_socache_shmcb.c(508): AH00831: socache_shmcb_store (0x88 -> subcache 8)
[Sat Aug 22 01:16:35.364274 2026] [socache_shmcb:debug] [pid 643013:tid 643013] mod_socache_shmcb.c(798): AH00845: about to force-expire, subcache: idx_used=62, data_used=13838
[Sat Aug 22 01:16:35.364276 2026] [socache_shmcb:debug] [pid 643013:tid 643013] mod_socache_shmcb.c(824): AH00846: finished force-expire, subcache: idx_used=61, data_used=13612
[Sat Aug 22 01:16:35.364278 2026] [socache_shmcb:debug] [pid 643013:tid 643013] mod_socache_shmcb.c(860): AH00847: insert happened at idx=66, data=(7702:7734)
[Sat Aug 22 01:16:35.364279 2026] [socache_shmcb:debug] [pid 643013:tid 643013] mod_socache_shmcb.c(863): AH00848: finished insert, subcache: idx_pos/idx_used=5/62, data_pos/data_used=7954/13826
[Sat Aug 22 01:16:35.364281 2026] [socache_shmcb:debug] [pid 643013:tid 643013] mod_socache_shmcb.c(530): AH00834: leaving socache_shmcb_store successfully
[Sat Aug 22 01:16:35.364385 2026] [ssl:debug] [pid 643013:tid 643013] ssl_engine_kernel.c(254): [client 34.192.125.239:20334] AH02034: Initial (No.1) HTTPS request received for child 33 (server 2blog.ilc.edu.tw:443)
[Sat Aug 22 01:16:35.364554 2026] [authz_core:debug] [pid 643013:tid 643013] mod_authz_core.c(815): [client 34.192.125.239:20334] AH01626: authorization result of Require all granted: granted
[Sat Aug 22 01:16:35.364558 2026] [authz_core:debug] [pid 643013:tid 643013] mod_authz_core.c(815): [client 34.192.125.239:20334] AH01626: authorization result of : granted
[Sat Aug 22 01:16:35.365008 2026] [authz_core:debug] [pid 643013:tid 643013] mod_authz_core.c(815): [client 34.192.125.239:20334] AH01626: authorization result of Require all granted: granted
[Sat Aug 22 01:16:35.365016 2026] [authz_core:debug] [pid 643013:tid 643013] mod_authz_core.c(815): [client 34.192.125.239:20334] AH01626: authorization result of : granted
[Sat Aug 22 01:16:35.367560 2026] [ssl:debug] [pid 643013:tid 643013] ssl_engine_io.c(1150): [client 34.192.125.239:20334] AH02001: Connection closed to child 33 with standard shutdown (server 2blog.ilc.edu.tw:443)
[Sat Aug 22 01:16:35.376494 2026] [ssl:info] [pid 642866:tid 642866] [client 198.89.121.170:40309] AH01964: Connection to child 20 established (server 2blog.ilc.edu.tw:443)
[Sat Aug 22 01:16:35.521475 2026] [ssl:info] [pid 643051:tid 643051] [client 2400:e920:0:2:f45d:ddff:fe00:7a:62954] AH01964: Connection to child 5 established (server 2blog.ilc.edu.tw:443)
[Sat Aug 22 01:16:35.521618 2026] [ssl:debug] [pid 643051:tid 643051] ssl_engine_kernel.c(2222): [client 2400:e920:0:2:f45d:ddff:fe00:7a:62954] AH02043: SSL virtual host for servername ilta.ilc.edu.tw found
[Sat Aug 22 01:16:35.521667 2026] [core:debug] [pid 643051:tid 643051] protocol.c(2460): [client 2400:e920:0:2:f45d:ddff:fe00:7a:62954] AH03155: select protocol from , choices=http/1.1 for server ilta.ilc.edu.tw
[Sat Aug 22 01:16:35.527771 2026] [ssl:debug] [pid 642866:tid 642866] ssl_engine_kernel.c(2222): [client 198.89.121.170:40309] AH02043: SSL virtual host for servername 2blog.ilc.edu.tw found
[Sat Aug 22 01:16:35.527847 2026] [core:debug] [pid 642866:tid 642866] protocol.c(2460): [client 198.89.121.170:40309] AH03155: select protocol from , choices=h2,http/1.1 for server 2blog.ilc.edu.tw
[Sat Aug 22 01:16:35.527900 2026] [ssl:debug] [pid 642866:tid 642866] ssl_util_stapling.c(819): AH01951: stapling_cb: OCSP Stapling callback called
[Sat Aug 22 01:16:35.527908 2026] [ssl:info] [pid 642866:tid 642866] AH01926: stapling_get_certinfo: stapling not supported for certificate
[Sat Aug 22 01:16:35.631423 2026] [ssl:debug] [pid 643051:tid 643051] ssl_engine_kernel.c(2082): [client 2400:e920:0:2:f45d:ddff:fe00:7a:62954] AH02041: Protocol: TLSv1.3, Cipher: TLS_AES_256_GCM_SHA384 (256/256 bits)
[Sat Aug 22 01:16:35.631484 2026] [socache_shmcb:debug] [pid 643051:tid 643051] mod_socache_shmcb.c(508): AH00831: socache_shmcb_store (0x04 -> subcache 4)
[Sat Aug 22 01:16:35.631493 2026] [socache_shmcb:debug] [pid 643051:tid 643051] mod_socache_shmcb.c(798): AH00845: about to force-expire, subcache: idx_used=62, data_used=13854
[Sat Aug 22 01:16:35.631509 2026] [socache_shmcb:debug] [pid 643051:tid 643051] mod_socache_shmcb.c(824): AH00846: finished force-expire, subcache: idx_used=60, data_used=13412
