[Sat Aug 22 01:14:52.989330 2026] [core:debug] [pid 642867:tid 642867] protocol.c(2460): [client 92.71.67.109:30660] AH03155: select protocol from , choices=h2,http/1.1 for server 2blog.ilc.edu.tw
[Sat Aug 22 01:14:52.989365 2026] [ssl:debug] [pid 642867:tid 642867] ssl_util_stapling.c(819): AH01951: stapling_cb: OCSP Stapling callback called
[Sat Aug 22 01:14:52.989378 2026] [ssl:info] [pid 642867:tid 642867] AH01926: stapling_get_certinfo: stapling not supported for certificate
[Sat Aug 22 01:14:53.001837 2026] [ssl:debug] [pid 642890:tid 642890] ssl_engine_kernel.c(254): [client 67.102.172.188:20510] AH02034: Initial (No.1) HTTPS request received for child 28 (server 2blog.ilc.edu.tw:443)
[Sat Aug 22 01:14:53.002019 2026] [authz_core:debug] [pid 642890:tid 642890] mod_authz_core.c(815): [client 67.102.172.188:20510] AH01626: authorization result of Require all granted: granted
[Sat Aug 22 01:14:53.002024 2026] [authz_core:debug] [pid 642890:tid 642890] mod_authz_core.c(815): [client 67.102.172.188:20510] AH01626: authorization result of : granted
[Sat Aug 22 01:14:53.002128 2026] [authz_core:debug] [pid 642890:tid 642890] mod_authz_core.c(815): [client 67.102.172.188:20510] AH01626: authorization result of Require all granted: granted
[Sat Aug 22 01:14:53.002131 2026] [authz_core:debug] [pid 642890:tid 642890] mod_authz_core.c(815): [client 67.102.172.188:20510] AH01626: authorization result of : granted
[Sat Aug 22 01:14:53.017052 2026] [ssl:debug] [pid 643033:tid 643033] ssl_engine_io.c(1150): [client 2408:862e:ff:ff0d::110d:47004] AH02001: Connection closed to child 1 with standard shutdown (server 2blog.ilc.edu.tw:443)
[Sat Aug 22 01:14:53.027584 2026] [ssl:debug] [pid 642868:tid 642868] ssl_engine_io.c(1150): [client 2408:862e:ff:ff0d::110d:47000] AH02001: Connection closed to child 23 with standard shutdown (server 2blog.ilc.edu.tw:443)
[Sat Aug 22 01:14:53.102966 2026] [ssl:info] [pid 642985:tid 642985] [client 107.172.247.238:53587] AH01964: Connection to child 16 established (server 2blog.ilc.edu.tw:443)
[Sat Aug 22 01:14:53.103182 2026] [ssl:debug] [pid 642985:tid 642985] ssl_engine_kernel.c(2222): [client 107.172.247.238:53587] AH02043: SSL virtual host for servername isupport.ilc.edu.tw found
[Sat Aug 22 01:14:53.103248 2026] [core:debug] [pid 642985:tid 642985] protocol.c(2460): [client 107.172.247.238:53587] AH03155: select protocol from , choices=h2,http/1.1 for server isupport.ilc.edu.tw
[Sat Aug 22 01:14:53.103292 2026] [ssl:debug] [pid 642985:tid 642985] ssl_util_stapling.c(819): AH01951: stapling_cb: OCSP Stapling callback called
[Sat Aug 22 01:14:53.103298 2026] [ssl:info] [pid 642985:tid 642985] AH01926: stapling_get_certinfo: stapling not supported for certificate
[Sat Aug 22 01:14:53.153021 2026] [deflate:debug] [pid 642890:tid 642890] mod_deflate.c(909): [client 67.102.172.188:20510] AH01384: Zlib: Compressed 72622 to 16477 : URL /index.php
[Sat Aug 22 01:14:53.172870 2026] [ssl:info] [pid 642891:tid 642891] [client 2001:288:a201::66:125:11475] AH01964: Connection to child 29 established (server 2blog.ilc.edu.tw:443)
[Sat Aug 22 01:14:53.173078 2026] [ssl:debug] [pid 642891:tid 642891] ssl_engine_kernel.c(2252): [client 2001:288:a201::66:125:11475] AH02645: Server name not provided via TLS extension (using default/first virtual host)
[Sat Aug 22 01:14:53.173100 2026] [socache_shmcb:debug] [pid 642891:tid 642891] mod_socache_shmcb.c(545): AH00835: socache_shmcb_retrieve (0x69 -> subcache 9)
[Sat Aug 22 01:14:53.173105 2026] [socache_shmcb:debug] [pid 642891:tid 642891] mod_socache_shmcb.c(896): AH00849: match at idx=71, data=2703
[Sat Aug 22 01:14:53.173108 2026] [socache_shmcb:debug] [pid 642891:tid 642891] mod_socache_shmcb.c(556): AH00836: leaving socache_shmcb_retrieve successfully
[Sat Aug 22 01:14:53.173731 2026] [headers:debug] [pid 642856:tid 642856] mod_headers.c(900): AH01503: headers: ap_headers_error_filter()
[Sat Aug 22 01:14:53.173962 2026] [ssl:debug] [pid 642891:tid 642891] ssl_engine_kernel.c(2082): [client 2001:288:a201::66:125:11475] AH02041: Protocol: TLSv1.2, Cipher: ECDHE-RSA-AES256-GCM-SHA384 (256/256 bits)
[Sat Aug 22 01:14:53.174297 2026] [ssl:debug] [pid 642891:tid 642891] ssl_engine_kernel.c(254): [client 2001:288:a201::66:125:11475] AH02034: Initial (No.1) HTTPS request received for child 29 (server 2blog.ilc.edu.tw:443)
[Sat Aug 22 01:14:53.174510 2026] [authz_core:debug] [pid 642891:tid 642891] mod_authz_core.c(815): [client 2001:288:a201::66:125:11475] AH01626: authorization result of Require all granted: granted
[Sat Aug 22 01:14:53.174526 2026] [authz_core:debug] [pid 642891:tid 642891] mod_authz_core.c(815): [client 2001:288:a201::66:125:11475] AH01626: authorization result of : granted
[Sat Aug 22 01:14:53.174676 2026] [authz_core:debug] [pid 642891:tid 642891] mod_authz_core.c(815): [client 2001:288:a201::66:125:11475] AH01626: authorization result of Require all granted: granted
[Sat Aug 22 01:14:53.174681 2026] [authz_core:debug] [pid 642891:tid 642891] mod_authz_core.c(815): [client 2001:288:a201::66:125:11475] AH01626: authorization result of : granted
[Sat Aug 22 01:14:53.174694 2026] [php7:error] [pid 642891:tid 642891] [client 2001:288:a201::66:125:11475] script '/var/www/html/2blog/active.php' not found or unable to stat
[Sat Aug 22 01:14:53.174703 2026] [headers:debug] [pid 642891:tid 642891] mod_headers.c(900): AH01503: headers: ap_headers_error_filter()
[Sat Aug 22 01:14:53.174844 2026] [ssl:debug] [pid 642891:tid 642891] ssl_engine_io.c(1150): [client 2001:288:a201::66:125:11475] AH02001: Connection closed to child 29 with standard shutdown (server 2blog.ilc.edu.tw:443)
[Sat Aug 22 01:14:53.195164 2026] [ssl:info] [pid 642881:tid 642881] [client 2400:e920:0:2:f45d:ddff:fe00:7a:56362] AH01964: Connection to child 25 established (server 2blog.ilc.edu.tw:443)
[Sat Aug 22 01:14:53.195351 2026] [ssl:debug] [pid 642881:tid 642881] ssl_engine_kernel.c(2222): [client 2400:e920:0:2:f45d:ddff:fe00:7a:56362] AH02043: SSL virtual host for servername ilta.ilc.edu.tw found
[Sat Aug 22 01:14:53.195406 2026] [core:debug] [pid 642881:tid 642881] protocol.c(2460): [client 2400:e920:0:2:f45d:ddff:fe00:7a:56362] AH03155: select protocol from , choices=http/1.1 for server ilta.ilc.edu.tw
[Sat Aug 22 01:14:53.207481 2026] [ssl:debug] [pid 642867:tid 642867] ssl_engine_kernel.c(2082): [client 92.71.67.109:30660] AH02041: Protocol: TLSv1.3, Cipher: TLS_AES_256_GCM_SHA384 (256/256 bits)
[Sat Aug 22 01:14:53.207538 2026] [socache_shmcb:debug] [pid 642867:tid 642867] mod_socache_shmcb.c(508): AH00831: socache_shmcb_store (0x5f -> subcache 31)
[Sat Aug 22 01:14:53.207543 2026] [socache_shmcb:debug] [pid 642867:tid 642867] mod_socache_shmcb.c(745): AH00842: expiring 1 and reclaiming 0 removed socache entries
[Sat Aug 22 01:14:53.207546 2026] [socache_shmcb:debug] [pid 642867:tid 642867] mod_socache_shmcb.c(765): AH00843: we now have 41 socache entries
[Sat Aug 22 01:14:53.207548 2026] [socache_shmcb:debug] [pid 642867:tid 642867] mod_socache_shmcb.c(860): AH00847: insert happened at idx=33, data=(280:312)
[Sat Aug 22 01:14:53.207549 2026] [socache_shmcb:debug] [pid 642867:tid 642867] mod_socache_shmcb.c(863): AH00848: finished insert, subcache: idx_pos/idx_used=80/42, data_pos/data_used=4953/9416
[Sat Aug 22 01:14:53.207551 2026] [socache_shmcb:debug] [pid 642867:tid 642867] mod_socache_shmcb.c(530): AH00834: leaving socache_shmcb_store successfully
[Sat Aug 22 01:14:53.207608 2026] [socache_shmcb:debug] [pid 642867:tid 642867] mod_socache_shmcb.c(508): AH00831: socache_shmcb_store (0xfe -> subcache 30)
[Sat Aug 22 01:14:53.207613 2026] [socache_shmcb:debug] [pid 642867:tid 642867] mod_socache_shmcb.c(860): AH00847: insert happened at idx=17, data=(10157:10189)
[Sat Aug 22 01:14:53.207614 2026] [socache_shmcb:debug] [pid 642867:tid 642867] mod_socache_shmcb.c(863): AH00848: finished insert, subcache: idx_pos/idx_used=50/56, data_pos/data_used=11738/12509
[Sat Aug 22 01:14:53.207616 2026] [socache_shmcb:debug] [pid 642867:tid 642867] mod_socache_shmcb.c(530): AH00834: leaving socache_shmcb_store successfully
[Sat Aug 22 01:14:53.228761 2026] [ssl:debug] [pid 643012:tid 643012] ssl_engine_kernel.c(254): [client 66.249.79.163:59648] AH02034: Subsequent (No.6) HTTPS request received for child 32 (server 2blog.ilc.edu.tw:443), referer: https://2blog.ilc.edu.tw/35/page/10/
[Sat Aug 22 01:14:53.228975 2026] [authz_core:debug] [pid 643012:tid 643012] mod_authz_core.c(815): [client 66.249.79.163:59648] AH01626: authorization result of Require all granted: granted, referer: https://2blog.ilc.edu.tw/35/page/10/
[Sat Aug 22 01:14:53.228987 2026] [authz_core:debug] [pid 643012:tid 643012] mod_authz_core.c(815): [client 66.249.79.163:59648] AH01626: authorization result of : granted, referer: https://2blog.ilc.edu.tw/35/page/10/
[Sat Aug 22 01:14:53.229120 2026] [authz_core:debug] [pid 643012:tid 643012] mod_authz_core.c(815): [client 66.249.79.163:59648] AH01626: authorization result of Require all granted: granted, referer: https://2blog.ilc.edu.tw/35/page/10/
[Sat Aug 22 01:14:53.229123 2026] [authz_core:debug] [pid 643012:tid 643012] mod_authz_core.c(815): [client 66.249.79.163:59648] AH01626: authorization result of : granted, referer: https://2blog.ilc.edu.tw/35/page/10/
[Sat Aug 22 01:14:53.229209 2026] [deflate:debug] [pid 643012:tid 643012] mod_deflate.c(909): [client 66.249.79.163:59648] AH01384: Zlib: Compressed 683 to 398 : URL /wp-content/themes/dara/assets/js/skip-link-focus-fix.js, referer: https://2blog.ilc.edu.tw/35/page/10/
[Sat Aug 22 01:14:53.270072 2026] [ssl:debug] [pid 642867:tid 642867] ssl_engine_kernel.c(254): [client 92.71.67.109:30660] AH02034: Initial (No.1) HTTPS request received for child 21 (server 2blog.ilc.edu.tw:443)
[Sat Aug 22 01:14:53.274984 2026] [headers:debug] [pid 642808:tid 642808] mod_headers.c(900): AH01503: headers: ap_headers_error_filter()
[Sat Aug 22 01:14:53.279739 2026] [authz_core:debug] [pid 642867:tid 642867] mod_authz_core.c(815): [client 92.71.67.109:30660] AH01626: authorization result of Require all granted: granted
[Sat Aug 22 01:14:53.279750 2026] [authz_core:debug] [pid 642867:tid 642867] mod_authz_core.c(815): [client 92.71.67.109:30660] AH01626: authorization result of : granted
[Sat Aug 22 01:14:53.289052 2026] [ssl:debug] [pid 642866:tid 642866] ssl_engine_io.c(1150): [client 2408:862e:ff:ff0d::110d:47002] AH02001: Connection closed to child 20 with standard shutdown (server 2blog.ilc.edu.tw:443)
[Sat Aug 22 01:14:53.304137 2026] [ssl:debug] [pid 642881:tid 642881] ssl_engine_kernel.c(2082): [client 2400:e920:0:2:f45d:ddff:fe00:7a:56362] AH02041: Protocol: TLSv1.3, Cipher: TLS_AES_256_GCM_SHA384 (256/256 bits)
[Sat Aug 22 01:14:53.304200 2026] [socache_shmcb:debug] [pid 642881:tid 642881] mod_socache_shmcb.c(508): AH00831: socache_shmcb_store (0x30 -> subcache 16)
[Sat Aug 22 01:14:53.304209 2026] [socache_shmcb:debug] [pid 642881:tid 642881] mod_socache_shmcb.c(798): AH00845: about to force-expire, subcache: idx_used=61, data_used=13739
[Sat Aug 22 01:14:53.304212 2026] [socache_shmcb:debug] [pid 642881:tid 642881] mod_socache_shmcb.c(824): AH00846: finished force-expire, subcache: idx_used=60, data_used=13511
[Sat Aug 22 01:14:53.304215 2026] [socache_shmcb:debug] [pid 642881:tid 642881] mod_socache_shmcb.c(860): AH00847: insert happened at idx=81, data=(10849:10881)
[Sat Aug 22 01:14:53.304219 2026] [socache_shmcb:debug] [pid 642881:tid 642881] mod_socache_shmcb.c(863): AH00848: finished insert, subcache: idx_pos/idx_used=21/61, data_pos/data_used=11202/13735
[Sat Aug 22 01:14:53.304222 2026] [socache_shmcb:debug] [pid 642881:tid 642881] mod_socache_shmcb.c(530): AH00834: leaving socache_shmcb_store successfully
[Sat Aug 22 01:14:53.304305 2026] [socache_shmcb:debug] [pid 642881:tid 642881] mod_socache_shmcb.c(508): AH00831: socache_shmcb_store (0xee -> subcache 14)
[Sat Aug 22 01:14:53.304313 2026] [socache_shmcb:debug] [pid 642881:tid 642881] mod_socache_shmcb.c(860): AH00847: insert happened at idx=42, data=(2141:2173)
[Sat Aug 22 01:14:53.304316 2026] [socache_shmcb:debug] [pid 642881:tid 642881] mod_socache_shmcb.c(863): AH00848: finished insert, subcache: idx_pos/idx_used=75/56, data_pos/data_used=3695/12535
[Sat Aug 22 01:14:53.304319 2026] [socache_shmcb:debug] [pid 642881:tid 642881] mod_socache_shmcb.c(530): AH00834: leaving socache_shmcb_store successfully
[Sat Aug 22 01:14:53.304617 2026] [ssl:debug] [pid 642881:tid 642881] ssl_engine_kernel.c(254): [client 2400:e920:0:2:f45d:ddff:fe00:7a:56362] AH02034: Initial (No.1) HTTPS request received for child 25 (server ilta.ilc.edu.tw:443), referer: http://ilta.ilc.edu.tw
[Sat Aug 22 01:14:53.304802 2026] [authz_core:debug] [pid 642881:tid 642881] mod_authz_core.c(815): [client 2400:e920:0:2:f45d:ddff:fe00:7a:56362] AH01626: authorization result of Require all granted: granted, referer: http://ilta.ilc.edu.tw
[Sat Aug 22 01:14:53.304807 2026] [authz_core:debug] [pid 642881:tid 642881] mod_authz_core.c(815): [client 2400:e920:0:2:f45d:ddff:fe00:7a:56362] AH01626: authorization result of : granted, referer: http://ilta.ilc.edu.tw
[Sat Aug 22 01:14:53.323472 2026] [ssl:debug] [pid 642985:tid 642985] ssl_engine_kernel.c(2082): [client 107.172.247.238:53587] AH02041: Protocol: TLSv1.3, Cipher: TLS_AES_256_GCM_SHA384 (256/256 bits)
[Sat Aug 22 01:14:53.323526 2026] [socache_shmcb:debug] [pid 642985:tid 642985] mod_socache_shmcb.c(508): AH00831: socache_shmcb_store (0xb8 -> subcache 24)
[Sat Aug 22 01:14:53.323533 2026] [socache_shmcb:debug] [pid 642985:tid 642985] mod_socache_shmcb.c(798): AH00845: about to force-expire, subcache: idx_used=61, data_used=13688
[Sat Aug 22 01:14:53.323535 2026] [socache_shmcb:debug] [pid 642985:tid 642985] mod_socache_shmcb.c(824): AH00846: finished force-expire, subcache: idx_used=60, data_used=13464
[Sat Aug 22 01:14:53.323537 2026] [socache_shmcb:debug] [pid 642985:tid 642985] mod_socache_shmcb.c(860): AH00847: insert happened at idx=40, data=(1839:1871)
[Sat Aug 22 01:14:53.323539 2026] [socache_shmcb:debug] [pid 642985:tid 642985] mod_socache_shmcb.c(863): AH00848: finished insert, subcache: idx_pos/idx_used=68/61, data_pos/data_used=2239/13692
[Sat Aug 22 01:14:53.323541 2026] [socache_shmcb:debug] [pid 642985:tid 642985] mod_socache_shmcb.c(530): AH00834: leaving socache_shmcb_store successfully
[Sat Aug 22 01:14:53.323591 2026] [socache_shmcb:debug] [pid 642985:tid 642985] mod_socache_shmcb.c(508): AH00831: socache_shmcb_store (0x74 -> subcache 20)
[Sat Aug 22 01:14:53.323596 2026] [socache_shmcb:debug] [pid 642985:tid 642985] mod_socache_shmcb.c(798): AH00845: about to force-expire, subcache: idx_used=61, data_used=13673
[Sat Aug 22 01:14:53.323598 2026] [socache_shmcb:debug] [pid 642985:tid 642985] mod_socache_shmcb.c(824): AH00846: finished force-expire, subcache: idx_used=60, data_used=13447
[Sat Aug 22 01:14:53.323600 2026] [socache_shmcb:debug] [pid 642985:tid 642985] mod_socache_shmcb.c(860): AH00847: insert happened at idx=18, data=(2670:2702)
[Sat Aug 22 01:14:53.323601 2026] [socache_shmcb:debug] [pid 642985:tid 642985] mod_socache_shmcb.c(863): AH00848: finished insert, subcache: idx_pos/idx_used=46/61, data_pos/data_used=3087/13676
[Sat Aug 22 01:14:53.323603 2026] [socache_shmcb:debug] [pid 642985:tid 642985] mod_socache_shmcb.c(530): AH00834: leaving socache_shmcb_store successfully
[Sat Aug 22 01:14:53.323707 2026] [ssl:debug] [pid 642985:tid 642985] ssl_engine_kernel.c(254): [client 107.172.247.238:53587] AH02034: Initial (No.1) HTTPS request received for child 16 (server isupport.ilc.edu.tw:443), referer: https://isupport.ilc.edu.tw/8550/
[Sat Aug 22 01:14:53.325652 2026] [authz_core:debug] [pid 642985:tid 642985] mod_authz_core.c(815): [client 107.172.247.238:53587] AH01626: authorization result of Require all granted: granted, referer: https://isupport.ilc.edu.tw/8550/
[Sat Aug 22 01:14:53.325660 2026] [authz_core:debug] [pid 642985:tid 642985] mod_authz_core.c(815): [client 107.172.247.238:53587] AH01626: authorization result of : granted, referer: https://isupport.ilc.edu.tw/8550/
[Sat Aug 22 01:14:53.375360 2026] [ssl:info] [pid 642892:tid 642892] [client 140.111.67.10:3800] AH01964: Connection to child 30 established (server 2blog.ilc.edu.tw:443)
[Sat Aug 22 01:14:53.375482 2026] [ssl:info] [pid 642892:tid 642892] (70014)End of file found: [client 140.111.67.10:3800] AH02006: SSL handshake stopped: connection was closed
[Sat Aug 22 01:14:53.375488 2026] [ssl:info] [pid 642892:tid 642892] [client 140.111.67.10:3800] AH01998: Connection closed to child 30 with abortive shutdown (server 2blog.ilc.edu.tw:443)
[Sat Aug 22 01:14:53.396775 2026] [deflate:debug] [pid 642881:tid 642881] mod_deflate.c(909): [client 2400:e920:0:2:f45d:ddff:fe00:7a:56362] AH01384: Zlib: Compressed 13605 to 5006 : URL /wp-login.php, referer: http://ilta.ilc.edu.tw
[Sat Aug 22 01:14:53.571211 2026] [ssl:debug] [pid 642890:tid 642890] ssl_engine_io.c(1150): [client 67.102.172.188:20510] AH02001: Connection closed to child 28 with standard shutdown (server 2blog.ilc.edu.tw:443)
[Sat Aug 22 01:14:53.644248 2026] [ssl:info] [pid 642984:tid 642984] [client 92.71.44.96:58984] AH01964: Connection to child 12 established (server 2blog.ilc.edu.tw:443)
[Sat Aug 22 01:14:53.644456 2026] [ssl:debug] [pid 642984:tid 642984] ssl_engine_kernel.c(2222): [client 92.71.44.96:58984] AH02043: SSL virtual host for servername 2blog.ilc.edu.tw found
[Sat Aug 22 01:14:53.644514 2026] [core:debug] [pid 642984:tid 642984] protocol.c(2460): [client 92.71.44.96:58984] AH03155: select protocol from , choices=h2,http/1.1 for server 2blog.ilc.edu.tw
[Sat Aug 22 01:14:53.644548 2026] [ssl:debug] [pid 642984:tid 642984] ssl_util_stapling.c(819): AH01951: stapling_cb: OCSP Stapling callback called
[Sat Aug 22 01:14:53.644553 2026] [ssl:info] [pid 642984:tid 642984] AH01926: stapling_get_certinfo: stapling not supported for certificate
[Sat Aug 22 01:14:53.646777 2026] [authz_core:debug] [pid 643036:tid 643036] mod_authz_core.c(815): [client 2400:e920:0:2:f45d:ddff:fe00:7a:56392] AH01626: authorization result of Require all granted: granted, referer: http://ilta.ilc.edu.tw
[Sat Aug 22 01:14:53.646791 2026] [authz_core:debug] [pid 643036:tid 643036] mod_authz_core.c(815): [client 2400:e920:0:2:f45d:ddff:fe00:7a:56392] AH01626: authorization result of : granted, referer: http://ilta.ilc.edu.tw
[Sat Aug 22 01:14:53.654178 2026] [ssl:info] [pid 642856:tid 642856] [client 45.61.66.97:2254] AH01964: Connection to child 2 established (server 2blog.ilc.edu.tw:443)
[Sat Aug 22 01:14:53.654304 2026] [ssl:debug] [pid 642856:tid 642856] ssl_engine_kernel.c(2222): [client 45.61.66.97:2254] AH02043: SSL virtual host for servername 2blog.ilc.edu.tw found
[Sat Aug 22 01:14:53.654352 2026] [core:debug] [pid 642856:tid 642856] protocol.c(2460): [client 45.61.66.97:2254] AH03155: select protocol from , choices=h2,http/1.1 for server 2blog.ilc.edu.tw
[Sat Aug 22 01:14:53.654381 2026] [ssl:debug] [pid 642856:tid 642856] ssl_util_stapling.c(819): AH01951: stapling_cb: OCSP Stapling callback called
[Sat Aug 22 01:14:53.654386 2026] [ssl:info] [pid 642856:tid 642856] AH01926: stapling_get_certinfo: stapling not supported for certificate
[Sat Aug 22 01:14:53.665796 2026] [ssl:info] [pid 642891:tid 642891] [client 209.127.112.23:11180] AH01964: Connection to child 29 established (server 2blog.ilc.edu.tw:443)
[Sat Aug 22 01:14:53.665915 2026] [ssl:debug] [pid 642891:tid 642891] ssl_engine_kernel.c(2222): [client 209.127.112.23:11180] AH02043: SSL virtual host for servername 2blog.ilc.edu.tw found
[Sat Aug 22 01:14:53.665962 2026] [core:debug] [pid 642891:tid 642891] protocol.c(2460): [client 209.127.112.23:11180] AH03155: select protocol from , choices=h2,http/1.1 for server 2blog.ilc.edu.tw
[Sat Aug 22 01:14:53.665992 2026] [ssl:debug] [pid 642891:tid 642891] ssl_util_stapling.c(819): AH01951: stapling_cb: OCSP Stapling callback called
[Sat Aug 22 01:14:53.665996 2026] [ssl:info] [pid 642891:tid 642891] AH01926: stapling_get_certinfo: stapling not supported for certificate
[Sat Aug 22 01:14:53.674276 2026] [ssl:debug] [pid 642858:tid 642858] ssl_engine_io.c(1150): [client 40.77.167.18:46596] AH02001: Connection closed to child 4 with standard shutdown (server 2blog.ilc.edu.tw:443)
[Sat Aug 22 01:14:53.777021 2026] [ssl:info] [pid 642808:tid 642808] [client 2409:8c28:5460:903::69:12752] AH01964: Connection to child 22 established (server 2blog.ilc.edu.tw:443)
[Sat Aug 22 01:14:53.777167 2026] [ssl:debug] [pid 642808:tid 642808] ssl_engine_kernel.c(2222): [client 2409:8c28:5460:903::69:12752] AH02043: SSL virtual host for servername 2blog.ilc.edu.tw found
[Sat Aug 22 01:14:53.777230 2026] [core:debug] [pid 642808:tid 642808] protocol.c(2460): [client 2409:8c28:5460:903::69:12752] AH03155: select protocol from , choices=h2,http/1.1 for server 2blog.ilc.edu.tw
[Sat Aug 22 01:14:53.777261 2026] [ssl:debug] [pid 642808:tid 642808] ssl_util_stapling.c(819): AH01951: stapling_cb: OCSP Stapling callback called
[Sat Aug 22 01:14:53.777265 2026] [ssl:info] [pid 642808:tid 642808] AH01926: stapling_get_certinfo: stapling not supported for certificate
[Sat Aug 22 01:14:53.870452 2026] [ssl:debug] [pid 642984:tid 642984] ssl_engine_kernel.c(2082): [client 92.71.44.96:58984] AH02041: Protocol: TLSv1.3, Cipher: TLS_AES_256_GCM_SHA384 (256/256 bits)
[Sat Aug 22 01:14:53.870501 2026] [socache_shmcb:debug] [pid 642984:tid 642984] mod_socache_shmcb.c(508): AH00831: socache_shmcb_store (0x10 -> subcache 16)
[Sat Aug 22 01:14:53.870507 2026] [socache_shmcb:debug] [pid 642984:tid 642984] mod_socache_shmcb.c(798): AH00845: about to force-expire, subcache: idx_used=61, data_used=13735
[Sat Aug 22 01:14:53.870509 2026] [socache_shmcb:debug] [pid 642984:tid 642984] mod_socache_shmcb.c(824): AH00846: finished force-expire, subcache: idx_used=60, data_used=13510
[Sat Aug 22 01:14:53.870511 2026] [socache_shmcb:debug] [pid 642984:tid 642984] mod_socache_shmcb.c(860): AH00847: insert happened at idx=82, data=(11073:11105)
[Sat Aug 22 01:14:53.870513 2026] [socache_shmcb:debug] [pid 642984:tid 642984] mod_socache_shmcb.c(863): AH00848: finished insert, subcache: idx_pos/idx_used=22/61, data_pos/data_used=11427/13735
[Sat Aug 22 01:14:53.870515 2026] [socache_shmcb:debug] [pid 642984:tid 642984] mod_socache_shmcb.c(530): AH00834: leaving socache_shmcb_store successfully
[Sat Aug 22 01:14:53.870587 2026] [socache_shmcb:debug] [pid 642984:tid 642984] mod_socache_shmcb.c(508): AH00831: socache_shmcb_store (0xf9 -> subcache 25)
[Sat Aug 22 01:14:53.870592 2026] [socache_shmcb:debug] [pid 642984:tid 642984] mod_socache_shmcb.c(860): AH00847: insert happened at idx=24, data=(11987:12019)
[Sat Aug 22 01:14:53.870594 2026] [socache_shmcb:debug] [pid 642984:tid 642984] mod_socache_shmcb.c(863): AH00848: finished insert, subcache: idx_pos/idx_used=63/50, data_pos/data_used=986/11226
[Sat Aug 22 01:14:53.870596 2026] [socache_shmcb:debug] [pid 642984:tid 642984] mod_socache_shmcb.c(530): AH00834: leaving socache_shmcb_store successfully
[Sat Aug 22 01:14:53.885303 2026] [ssl:debug] [pid 642867:tid 642867] ssl_engine_io.c(1150): [client 92.71.67.109:30660] AH02001: Connection closed to child 21 with standard shutdown (server 2blog.ilc.edu.tw:443)
[Sat Aug 22 01:14:53.895765 2026] [ssl:debug] [pid 642856:tid 642856] ssl_engine_kernel.c(2082): [client 45.61.66.97:2254] AH02041: Protocol: TLSv1.3, Cipher: TLS_AES_256_GCM_SHA384 (256/256 bits)
[Sat Aug 22 01:14:53.895805 2026] [socache_shmcb:debug] [pid 642856:tid 642856] mod_socache_shmcb.c(508): AH00831: socache_shmcb_store (0x92 -> subcache 18)
[Sat Aug 22 01:14:53.895811 2026] [socache_shmcb:debug] [pid 642856:tid 642856] mod_socache_shmcb.c(860): AH00847: insert happened at idx=26, data=(12542:12574)
[Sat Aug 22 01:14:53.895813 2026] [socache_shmcb:debug] [pid 642856:tid 642856] mod_socache_shmcb.c(863): AH00848: finished insert, subcache: idx_pos/idx_used=54/61, data_pos/data_used=12973/13659
[Sat Aug 22 01:14:53.895815 2026] [socache_shmcb:debug] [pid 642856:tid 642856] mod_socache_shmcb.c(530): AH00834: leaving socache_shmcb_store successfully
[Sat Aug 22 01:14:53.895859 2026] [socache_shmcb:debug] [pid 642856:tid 642856] mod_socache_shmcb.c(508): AH00831: socache_shmcb_store (0xd2 -> subcache 18)
[Sat Aug 22 01:14:53.895862 2026] [socache_shmcb:debug] [pid 642856:tid 642856] mod_socache_shmcb.c(798): AH00845: about to force-expire, subcache: idx_used=61, data_used=13659
[Sat Aug 22 01:14:53.895864 2026] [socache_shmcb:debug] [pid 642856:tid 642856] mod_socache_shmcb.c(824): AH00846: finished force-expire, subcache: idx_used=60, data_used=13435
[Sat Aug 22 01:14:53.895866 2026] [socache_shmcb:debug] [pid 642856:tid 642856] mod_socache_shmcb.c(860): AH00847: insert happened at idx=27, data=(12768:12800)
[Sat Aug 22 01:14:53.895879 2026] [socache_shmcb:debug] [pid 642856:tid 642856] mod_socache_shmcb.c(863): AH00848: finished insert, subcache: idx_pos/idx_used=55/61, data_pos/data_used=13197/13661
[Sat Aug 22 01:14:53.895880 2026] [socache_shmcb:debug] [pid 642856:tid 642856] mod_socache_shmcb.c(530): AH00834: leaving socache_shmcb_store successfully
[Sat Aug 22 01:14:53.898369 2026] [ssl:debug] [pid 642891:tid 642891] ssl_engine_kernel.c(2082): [client 209.127.112.23:11180] AH02041: Protocol: TLSv1.3, Cipher: TLS_AES_256_GCM_SHA384 (256/256 bits)
[Sat Aug 22 01:14:53.898402 2026] [socache_shmcb:debug] [pid 642891:tid 642891] mod_socache_shmcb.c(508): AH00831: socache_shmcb_store (0x02 -> subcache 2)
[Sat Aug 22 01:14:53.898408 2026] [socache_shmcb:debug] [pid 642891:tid 642891] mod_socache_shmcb.c(860): AH00847: insert happened at idx=17, data=(10305:10337)
[Sat Aug 22 01:14:53.898410 2026] [socache_shmcb:debug] [pid 642891:tid 642891] mod_socache_shmcb.c(863): AH00848: finished insert, subcache: idx_pos/idx_used=49/57, data_pos/data_used=11617/12777
[Sat Aug 22 01:14:53.898412 2026] [socache_shmcb:debug] [pid 642891:tid 642891] mod_socache_shmcb.c(530): AH00834: leaving socache_shmcb_store successfully
[Sat Aug 22 01:14:53.898451 2026] [socache_shmcb:debug] [pid 642891:tid 642891] mod_socache_shmcb.c(508): AH00831: socache_shmcb_store (0x34 -> subcache 20)
[Sat Aug 22 01:14:53.898457 2026] [socache_shmcb:debug] [pid 642891:tid 642891] mod_socache_shmcb.c(798): AH00845: about to force-expire, subcache: idx_used=61, data_used=13676
[Sat Aug 22 01:14:53.898458 2026] [socache_shmcb:debug] [pid 642891:tid 642891] mod_socache_shmcb.c(824): AH00846: finished force-expire, subcache: idx_used=60, data_used=13450
[Sat Aug 22 01:14:53.898460 2026] [socache_shmcb:debug] [pid 642891:tid 642891] mod_socache_shmcb.c(860): AH00847: insert happened at idx=19, data=(2899:2931)
[Sat Aug 22 01:14:53.898462 2026] [socache_shmcb:debug] [pid 642891:tid 642891] mod_socache_shmcb.c(863): AH00848: finished insert, subcache: idx_pos/idx_used=47/61, data_pos/data_used=3313/13675
[Sat Aug 22 01:14:53.898464 2026] [socache_shmcb:debug] [pid 642891:tid 642891] mod_socache_shmcb.c(530): AH00834: leaving socache_shmcb_store successfully
[Sat Aug 22 01:14:53.913008 2026] [ssl:debug] [pid 642869:tid 642869] ssl_engine_io.c(1150): [client 2408:862e:ff:ff0d::110d:47006] AH02001: Connection closed to child 24 with standard shutdown (server 2blog.ilc.edu.tw:443)
[Sat Aug 22 01:14:53.931281 2026] [ssl:info] [pid 643033:tid 643033] [client 172.120.26.15:25620] AH01964: Connection to child 1 established (server 2blog.ilc.edu.tw:443)
[Sat Aug 22 01:14:53.931404 2026] [ssl:debug] [pid 643033:tid 643033] ssl_engine_kernel.c(2222): [client 172.120.26.15:25620] AH02043: SSL virtual host for servername 2blog.ilc.edu.tw found
[Sat Aug 22 01:14:53.931449 2026] [core:debug] [pid 643033:tid 643033] protocol.c(2460): [client 172.120.26.15:25620] AH03155: select protocol from , choices=h2,http/1.1 for server 2blog.ilc.edu.tw
[Sat Aug 22 01:14:53.931479 2026] [ssl:debug] [pid 643033:tid 643033] ssl_util_stapling.c(819): AH01951: stapling_cb: OCSP Stapling callback called
[Sat Aug 22 01:14:53.931483 2026] [ssl:info] [pid 643033:tid 643033] AH01926: stapling_get_certinfo: stapling not supported for certificate
[Sat Aug 22 01:14:53.938731 2026] [ssl:debug] [pid 642856:tid 642856] ssl_engine_kernel.c(254): [client 45.61.66.97:2254] AH02034: Initial (No.1) HTTPS request received for child 2 (server 2blog.ilc.edu.tw:443)
[Sat Aug 22 01:14:53.938896 2026] [authz_core:debug] [pid 642856:tid 642856] mod_authz_core.c(815): [client 45.61.66.97:2254] AH01626: authorization result of Require all granted: granted
[Sat Aug 22 01:14:53.938900 2026] [authz_core:debug] [pid 642856:tid 642856] mod_authz_core.c(815): [client 45.61.66.97:2254] AH01626: authorization result of : granted
[Sat Aug 22 01:14:53.939005 2026] [authz_core:debug] [pid 642856:tid 642856] mod_authz_core.c(815): [client 45.61.66.97:2254] AH01626: authorization result of Require all granted: granted
[Sat Aug 22 01:14:53.939017 2026] [authz_core:debug] [pid 642856:tid 642856] mod_authz_core.c(815): [client 45.61.66.97:2254] AH01626: authorization result of : granted
[Sat Aug 22 01:14:53.939498 2026] [ssl:debug] [pid 642984:tid 642984] ssl_engine_kernel.c(254): [client 92.71.44.96:58984] AH02034: Initial (No.1) HTTPS request received for child 12 (server 2blog.ilc.edu.tw:443)
[Sat Aug 22 01:14:53.940024 2026] [authz_core:debug] [pid 642984:tid 642984] mod_authz_core.c(815): [client 92.71.44.96:58984] AH01626: authorization result of Require all granted: granted
[Sat Aug 22 01:14:53.940050 2026] [authz_core:debug] [pid 642984:tid 642984] mod_authz_core.c(815): [client 92.71.44.96:58984] AH01626: authorization result of : granted
[Sat Aug 22 01:14:53.953346 2026] [deflate:debug] [pid 642856:tid 642856] mod_deflate.c(909): [client 45.61.66.97:2254] AH01384: Zlib: Compressed 72048 to 13536 : URL /index.php
[Sat Aug 22 01:14:53.956255 2026] [ssl:info] [pid 642868:tid 642868] [client 2400:e920:0:2:f45d:ddff:fe00:7a:56412] AH01964: Connection to child 23 established (server 2blog.ilc.edu.tw:443)
[Sat Aug 22 01:14:53.956392 2026] [ssl:debug] [pid 642868:tid 642868] ssl_engine_kernel.c(2222): [client 2400:e920:0:2:f45d:ddff:fe00:7a:56412] AH02043: SSL virtual host for servername ilta.ilc.edu.tw found
[Sat Aug 22 01:14:53.956440 2026] [core:debug] [pid 642868:tid 642868] protocol.c(2460): [client 2400:e920:0:2:f45d:ddff:fe00:7a:56412] AH03155: select protocol from , choices=http/1.1 for server ilta.ilc.edu.tw
[Sat Aug 22 01:14:53.976273 2026] [ssl:debug] [pid 642838:tid 642838] ssl_engine_io.c(1150): [client 108.165.160.116:23268] AH02001: Connection closed to child 6 with standard shutdown (server 2blog.ilc.edu.tw:443)
[Sat Aug 22 01:14:53.979059 2026] [ssl:info] [pid 642892:tid 642892] [client 50.114.1.98:38076] AH01964: Connection to child 30 established (server 2blog.ilc.edu.tw:443)
[Sat Aug 22 01:14:53.979178 2026] [ssl:debug] [pid 642892:tid 642892] ssl_engine_kernel.c(2222): [client 50.114.1.98:38076] AH02043: SSL virtual host for servername 2blog.ilc.edu.tw found
[Sat Aug 22 01:14:53.979223 2026] [core:debug] [pid 642892:tid 642892] protocol.c(2460): [client 50.114.1.98:38076] AH03155: select protocol from , choices=h2,http/1.1 for server 2blog.ilc.edu.tw
[Sat Aug 22 01:14:53.979255 2026] [ssl:debug] [pid 642892:tid 642892] ssl_util_stapling.c(819): AH01951: stapling_cb: OCSP Stapling callback called
[Sat Aug 22 01:14:53.979259 2026] [ssl:info] [pid 642892:tid 642892] AH01926: stapling_get_certinfo: stapling not supported for certificate
[Sat Aug 22 01:14:53.979969 2026] [ssl:debug] [pid 642891:tid 642891] ssl_engine_kernel.c(254): [client 209.127.112.23:11180] AH02034: Initial (No.1) HTTPS request received for child 29 (server 2blog.ilc.edu.tw:443)
[Sat Aug 22 01:14:53.980126 2026] [authz_core:debug] [pid 642891:tid 642891] mod_authz_core.c(815): [client 209.127.112.23:11180] AH01626: authorization result of Require all granted: granted
[Sat Aug 22 01:14:53.980131 2026] [authz_core:debug] [pid 642891:tid 642891] mod_authz_core.c(815): [client 209.127.112.23:11180] AH01626: authorization result of : granted
[Sat Aug 22 01:14:53.980230 2026] [authz_core:debug] [pid 642891:tid 642891] mod_authz_core.c(815): [client 209.127.112.23:11180] AH01626: authorization result of Require all granted: granted
[Sat Aug 22 01:14:53.980234 2026] [authz_core:debug] [pid 642891:tid 642891] mod_authz_core.c(815): [client 209.127.112.23:11180] AH01626: authorization result of : granted
[Sat Aug 22 01:14:54.000877 2026] [ssl:debug] [pid 642985:tid 642985] ssl_engine_io.c(1150): [client 107.172.247.238:53587] AH02001: Connection closed to child 16 with standard shutdown (server isupport.ilc.edu.tw:443)
[Sat Aug 22 01:14:54.011237 2026] [ssl:debug] [pid 642808:tid 642808] ssl_engine_kernel.c(2082): [client 2409:8c28:5460:903::69:12752] AH02041: Protocol: TLSv1.3, Cipher: TLS_AES_256_GCM_SHA384 (256/256 bits)
[Sat Aug 22 01:14:54.011285 2026] [socache_shmcb:debug] [pid 642808:tid 642808] mod_socache_shmcb.c(508): AH00831: socache_shmcb_store (0xcf -> subcache 15)
[Sat Aug 22 01:14:54.011300 2026] [socache_shmcb:debug] [pid 642808:tid 642808] mod_socache_shmcb.c(798): AH00845: about to force-expire, subcache: idx_used=61, data_used=13669
[Sat Aug 22 01:14:54.011302 2026] [socache_shmcb:debug] [pid 642808:tid 642808] mod_socache_shmcb.c(824): AH00846: finished force-expire, subcache: idx_used=60, data_used=13441
[Sat Aug 22 01:14:54.011304 2026] [socache_shmcb:debug] [pid 642808:tid 642808] mod_socache_shmcb.c(860): AH00847: insert happened at idx=12, data=(1247:1279)
[Sat Aug 22 01:14:54.011305 2026] [socache_shmcb:debug] [pid 642808:tid 642808] mod_socache_shmcb.c(863): AH00848: finished insert, subcache: idx_pos/idx_used=40/61, data_pos/data_used=1670/13666
[Sat Aug 22 01:14:54.011307 2026] [socache_shmcb:debug] [pid 642808:tid 642808] mod_socache_shmcb.c(530): AH00834: leaving socache_shmcb_store successfully
[Sat Aug 22 01:14:54.011357 2026] [socache_shmcb:debug] [pid 642808:tid 642808] mod_socache_shmcb.c(508): AH00831: socache_shmcb_store (0xd3 -> subcache 19)
[Sat Aug 22 01:14:54.011361 2026] [socache_shmcb:debug] [pid 642808:tid 642808] mod_socache_shmcb.c(860): AH00847: insert happened at idx=4, data=(7514:7546)
[Sat Aug 22 01:14:54.011363 2026] [socache_shmcb:debug] [pid 642808:tid 642808] mod_socache_shmcb.c(863): AH00848: finished insert, subcache: idx_pos/idx_used=36/57, data_pos/data_used=8843/12761
[Sat Aug 22 01:14:54.011365 2026] [socache_shmcb:debug] [pid 642808:tid 642808] mod_socache_shmcb.c(530): AH00834: leaving socache_shmcb_store successfully
[Sat Aug 22 01:14:54.011469 2026] [ssl:debug] [pid 642808:tid 642808] ssl_engine_kernel.c(254): [client 2409:8c28:5460:903::69:12752] AH02034: Initial (No.1) HTTPS request received for child 22 (server 2blog.ilc.edu.tw:443)
[Sat Aug 22 01:14:54.011618 2026] [authz_core:debug] [pid 642808:tid 642808] mod_authz_core.c(815): [client 2409:8c28:5460:903::69:12752] AH01626: authorization result of Require all granted: granted
[Sat Aug 22 01:14:54.011623 2026] [authz_core:debug] [pid 642808:tid 642808] mod_authz_core.c(815): [client 2409:8c28:5460:903::69:12752] AH01626: authorization result of : granted
[Sat Aug 22 01:14:54.011728 2026] [authz_core:debug] [pid 642808:tid 642808] mod_authz_core.c(815): [client 2409:8c28:5460:903::69:12752] AH01626: authorization result of Require all granted: granted
[Sat Aug 22 01:14:54.011731 2026] [authz_core:debug] [pid 642808:tid 642808] mod_authz_core.c(815): [client 2409:8c28:5460:903::69:12752] AH01626: authorization result of : granted
[Sat Aug 22 01:14:54.068738 2026] [ssl:debug] [pid 642868:tid 642868] ssl_engine_kernel.c(2082): [client 2400:e920:0:2:f45d:ddff:fe00:7a:56412] AH02041: Protocol: TLSv1.3, Cipher: TLS_AES_256_GCM_SHA384 (256/256 bits)
[Sat Aug 22 01:14:54.068789 2026] [socache_shmcb:debug] [pid 642868:tid 642868] mod_socache_shmcb.c(508): AH00831: socache_shmcb_store (0x72 -> subcache 18)
[Sat Aug 22 01:14:54.068795 2026] [socache_shmcb:debug] [pid 642868:tid 642868] mod_socache_shmcb.c(798): AH00845: about to force-expire, subcache: idx_used=61, data_used=13661
[Sat Aug 22 01:14:54.068797 2026] [socache_shmcb:debug] [pid 642868:tid 642868] mod_socache_shmcb.c(824): AH00846: finished force-expire, subcache: idx_used=60, data_used=13447
[Sat Aug 22 01:14:54.068800 2026] [socache_shmcb:debug] [pid 642868:tid 642868] mod_socache_shmcb.c(860): AH00847: insert happened at idx=28, data=(12994:13026)
[Sat Aug 22 01:14:54.068801 2026] [socache_shmcb:debug] [pid 642868:tid 642868] mod_socache_shmcb.c(863): AH00848: finished insert, subcache: idx_pos/idx_used=56/61, data_pos/data_used=13411/13671
[Sat Aug 22 01:14:54.068803 2026] [socache_shmcb:debug] [pid 642868:tid 642868] mod_socache_shmcb.c(530): AH00834: leaving socache_shmcb_store successfully
[Sat Aug 22 01:14:54.068849 2026] [socache_shmcb:debug] [pid 642868:tid 642868] mod_socache_shmcb.c(508): AH00831: socache_shmcb_store (0x13 -> subcache 19)
[Sat Aug 22 01:14:54.068853 2026] [socache_shmcb:debug] [pid 642868:tid 642868] mod_socache_shmcb.c(860): AH00847: insert happened at idx=5, data=(7740:7772)
[Sat Aug 22 01:14:54.068862 2026] [socache_shmcb:debug] [pid 642868:tid 642868] mod_socache_shmcb.c(863): AH00848: finished insert, subcache: idx_pos/idx_used=36/58, data_pos/data_used=8843/12986
[Sat Aug 22 01:14:54.068864 2026] [socache_shmcb:debug] [pid 642868:tid 642868] mod_socache_shmcb.c(530): AH00834: leaving socache_shmcb_store successfully
[Sat Aug 22 01:14:54.070159 2026] [ssl:debug] [pid 642868:tid 642868] ssl_engine_kernel.c(254): [client 2400:e920:0:2:f45d:ddff:fe00:7a:56412] AH02034: Initial (No.1) HTTPS request received for child 23 (server ilta.ilc.edu.tw:443), referer: http://ilta.ilc.edu.tw
[Sat Aug 22 01:14:54.070317 2026] [authz_core:debug] [pid 642868:tid 642868] mod_authz_core.c(815): [client 2400:e920:0:2:f45d:ddff:fe00:7a:56412] AH01626: authorization result of Require all granted: granted, referer: http://ilta.ilc.edu.tw
[Sat Aug 22 01:14:54.070322 2026] [authz_core:debug] [pid 642868:tid 642868] mod_authz_core.c(815): [client 2400:e920:0:2:f45d:ddff:fe00:7a:56412] AH01626: authorization result of : granted, referer: http://ilta.ilc.edu.tw
[Sat Aug 22 01:14:54.095969 2026] [deflate:debug] [pid 642891:tid 642891] mod_deflate.c(909): [client 209.127.112.23:11180] AH01384: Zlib: Compressed 49556 to 10985 : URL /index.php
[Sat Aug 22 01:14:54.141048 2026] [ssl:debug] [pid 643013:tid 643013] ssl_engine_io.c(1150): [client 2409:8720:1800:3b::2:75:7534] AH02001: Connection closed to child 33 with standard shutdown (server 2blog.ilc.edu.tw:443)
[Sat Aug 22 01:14:54.152276 2026] [deflate:debug] [pid 642868:tid 642868] mod_deflate.c(909): [client 2400:e920:0:2:f45d:ddff:fe00:7a:56412] AH01384: Zlib: Compressed 13605 to 5007 : URL /wp-login.php, referer: http://ilta.ilc.edu.tw
[Sat Aug 22 01:14:54.173261 2026] [ssl:info] [pid 642890:tid 642890] [client 172.59.124.135:1221] AH01964: Connection to child 28 established (server 2blog.ilc.edu.tw:443)
[Sat Aug 22 01:14:54.174768 2026] [ssl:debug] [pid 643033:tid 643033] ssl_engine_kernel.c(2082): [client 172.120.26.15:25620] AH02041: Protocol: TLSv1.3, Cipher: TLS_AES_256_GCM_SHA384 (256/256 bits)
[Sat Aug 22 01:14:54.174810 2026] [socache_shmcb:debug] [pid 643033:tid 643033] mod_socache_shmcb.c(508): AH00831: socache_shmcb_store (0xce -> subcache 14)
[Sat Aug 22 01:14:54.174816 2026] [socache_shmcb:debug] [pid 643033:tid 643033] mod_socache_shmcb.c(860): AH00847: insert happened at idx=43, data=(2366:2398)
[Sat Aug 22 01:14:54.174818 2026] [socache_shmcb:debug] [pid 643033:tid 643033] mod_socache_shmcb.c(863): AH00848: finished insert, subcache: idx_pos/idx_used=75/57, data_pos/data_used=3695/12761
[Sat Aug 22 01:14:54.174820 2026] [socache_shmcb:debug] [pid 643033:tid 643033] mod_socache_shmcb.c(530): AH00834: leaving socache_shmcb_store successfully
[Sat Aug 22 01:14:54.174864 2026] [socache_shmcb:debug] [pid 643033:tid 643033] mod_socache_shmcb.c(508): AH00831: socache_shmcb_store (0xa6 -> subcache 6)
[Sat Aug 22 01:14:54.174877 2026] [socache_shmcb:debug] [pid 643033:tid 643033] mod_socache_shmcb.c(798): AH00845: about to force-expire, subcache: idx_used=61, data_used=13656
[Sat Aug 22 01:14:54.174879 2026] [socache_shmcb:debug] [pid 643033:tid 643033] mod_socache_shmcb.c(824): AH00846: finished force-expire, subcache: idx_used=60, data_used=13439
[Sat Aug 22 01:14:54.174881 2026] [socache_shmcb:debug] [pid 643033:tid 643033] mod_socache_shmcb.c(860): AH00847: insert happened at idx=14, data=(9675:9707)
[Sat Aug 22 01:14:54.174883 2026] [socache_shmcb:debug] [pid 643033:tid 643033] mod_socache_shmcb.c(863): AH00848: finished insert, subcache: idx_pos/idx_used=42/61, data_pos/data_used=10100/13664
[Sat Aug 22 01:14:54.174884 2026] [socache_shmcb:debug] [pid 643033:tid 643033] mod_socache_shmcb.c(530): AH00834: leaving socache_shmcb_store successfully
[Sat Aug 22 01:14:54.178382 2026] [ssl:debug] [pid 642890:tid 642890] ssl_engine_kernel.c(2222): [client 172.59.124.135:1221] AH02043: SSL virtual host for servername ilta.ilc.edu.tw found
[Sat Aug 22 01:14:54.178447 2026] [core:debug] [pid 642890:tid 642890] protocol.c(2460): [client 172.59.124.135:1221] AH03155: select protocol from , choices=h2,http/1.1 for server ilta.ilc.edu.tw
[Sat Aug 22 01:14:54.178483 2026] [ssl:debug] [pid 642890:tid 642890] ssl_util_stapling.c(819): AH01951: stapling_cb: OCSP Stapling callback called
[Sat Aug 22 01:14:54.178488 2026] [ssl:info] [pid 642890:tid 642890] AH01926: stapling_get_certinfo: stapling not supported for certificate
[Sat Aug 22 01:14:54.226894 2026] [ssl:info] [pid 642866:tid 642866] [client 170.23.16.234:18396] AH01964: Connection to child 20 established (server 2blog.ilc.edu.tw:443)
[Sat Aug 22 01:14:54.227099 2026] [ssl:debug] [pid 642866:tid 642866] ssl_engine_kernel.c(2222): [client 170.23.16.234:18396] AH02043: SSL virtual host for servername 2blog.ilc.edu.tw found
[Sat Aug 22 01:14:54.227164 2026] [core:debug] [pid 642866:tid 642866] protocol.c(2460): [client 170.23.16.234:18396] AH03155: select protocol from , choices=h2,http/1.1 for server 2blog.ilc.edu.tw
[Sat Aug 22 01:14:54.227199 2026] [ssl:debug] [pid 642866:tid 642866] ssl_util_stapling.c(819): AH01951: stapling_cb: OCSP Stapling callback called
[Sat Aug 22 01:14:54.227203 2026] [ssl:info] [pid 642866:tid 642866] AH01926: stapling_get_certinfo: stapling not supported for certificate
[Sat Aug 22 01:14:54.236944 2026] [ssl:debug] [pid 643033:tid 643033] ssl_engine_kernel.c(254): [client 172.120.26.15:25620] AH02034: Initial (No.1) HTTPS request received for child 1 (server 2blog.ilc.edu.tw:443)
[Sat Aug 22 01:14:54.237132 2026] [authz_core:debug] [pid 643033:tid 643033] mod_authz_core.c(815): [client 172.120.26.15:25620] AH01626: authorization result of Require all granted: granted
[Sat Aug 22 01:14:54.237137 2026] [authz_core:debug] [pid 643033:tid 643033] mod_authz_core.c(815): [client 172.120.26.15:25620] AH01626: authorization result of : granted
[Sat Aug 22 01:14:54.237250 2026] [authz_core:debug] [pid 643033:tid 643033] mod_authz_core.c(815): [client 172.120.26.15:25620] AH01626: authorization result of Require all granted: granted
[Sat Aug 22 01:14:54.237255 2026] [authz_core:debug] [pid 643033:tid 643033] mod_authz_core.c(815): [client 172.120.26.15:25620] AH01626: authorization result of : granted
[Sat Aug 22 01:14:54.245896 2026] [ssl:info] [pid 642867:tid 642867] [client 40.77.167.12:65033] AH01964: Connection to child 21 established (server 2blog.ilc.edu.tw:443)
[Sat Aug 22 01:14:54.246040 2026] [ssl:debug] [pid 642867:tid 642867] ssl_engine_kernel.c(2222): [client 40.77.167.12:65033] AH02043: SSL virtual host for servername isupport.ilc.edu.tw found
[Sat Aug 22 01:14:54.246134 2026] [core:debug] [pid 642867:tid 642867] protocol.c(2460): [client 40.77.167.12:65033] AH03155: select protocol from , choices=h2,http/1.1 for server isupport.ilc.edu.tw
[Sat Aug 22 01:14:54.249148 2026] [deflate:debug] [pid 643033:tid 643033] mod_deflate.c(909): [client 172.120.26.15:25620] AH01384: Zlib: Compressed 63300 to 13428 : URL /index.php
[Sat Aug 22 01:14:54.260435 2026] [ssl:info] [pid 642868:tid 642868] (70014)End of file found: [client 2400:e920:0:2:f45d:ddff:fe00:7a:56412] AH01992: SSL library error 6 reading data
[Sat Aug 22 01:14:54.260486 2026] [ssl:debug] [pid 642868:tid 642868] ssl_engine_io.c(1150): [client 2400:e920:0:2:f45d:ddff:fe00:7a:56412] AH02001: Connection closed to child 23 with standard shutdown (server ilta.ilc.edu.tw:443)
[Sat Aug 22 01:14:54.260981 2026] [ssl:info] [pid 642881:tid 642881] (70014)End of file found: [client 2400:e920:0:2:f45d:ddff:fe00:7a:56362] AH01992: SSL library error 6 reading data
[Sat Aug 22 01:14:54.261029 2026] [ssl:debug] [pid 642881:tid 642881] ssl_engine_io.c(1150): [client 2400:e920:0:2:f45d:ddff:fe00:7a:56362] AH02001: Connection closed to child 25 with standard shutdown (server ilta.ilc.edu.tw:443)
[Sat Aug 22 01:14:54.317719 2026] [ssl:debug] [pid 642984:tid 642984] ssl_engine_io.c(1150): [client 92.71.44.96:58984] AH02001: Connection closed to child 12 with standard shutdown (server 2blog.ilc.edu.tw:443)
[Sat Aug 22 01:14:54.328517 2026] [ssl:debug] [pid 642891:tid 642891] ssl_engine_io.c(1150): [client 209.127.112.23:11180] AH02001: Connection closed to child 29 with standard shutdown (server 2blog.ilc.edu.tw:443)
[Sat Aug 22 01:14:54.333259 2026] [ssl:debug] [pid 642856:tid 642856] ssl_engine_io.c(1150): [client 45.61.66.97:2254] AH02001: Connection closed to child 2 with standard shutdown (server 2blog.ilc.edu.tw:443)
[Sat Aug 22 01:14:54.427569 2026] [ssl:debug] [pid 642808:tid 642808] ssl_engine_kernel.c(254): [client 2409:8c28:5460:903::69:12752] AH02034: Subsequent (No.2) HTTPS request received for child 22 (server 2blog.ilc.edu.tw:443)
[Sat Aug 22 01:14:54.427768 2026] [authz_core:debug] [pid 642808:tid 642808] mod_authz_core.c(815): [client 2409:8c28:5460:903::69:12752] AH01626: authorization result of Require all granted: granted
[Sat Aug 22 01:14:54.427774 2026] [authz_core:debug] [pid 642808:tid 642808] mod_authz_core.c(815): [client 2409:8c28:5460:903::69:12752] AH01626: authorization result of : granted
[Sat Aug 22 01:14:54.427885 2026] [authz_core:debug] [pid 642808:tid 642808] mod_authz_core.c(815): [client 2409:8c28:5460:903::69:12752] AH01626: authorization result of Require all granted: granted
[Sat Aug 22 01:14:54.427889 2026] [authz_core:debug] [pid 642808:tid 642808] mod_authz_core.c(815): [client 2409:8c28:5460:903::69:12752] AH01626: authorization result of : granted
[Sat Aug 22 01:14:54.432728 2026] [ssl:debug] [pid 643004:tid 643004] ssl_engine_io.c(1150): [client 108.165.108.98:4316] AH02001: Connection closed to child 31 with standard shutdown (server 2blog.ilc.edu.tw:443)
[Sat Aug 22 01:14:54.446564 2026] [ssl:debug] [pid 642867:tid 642867] ssl_engine_kernel.c(2082): [client 40.77.167.12:65033] AH02041: Protocol: TLSv1.3, Cipher: TLS_AES_256_GCM_SHA384 (256/256 bits)
[Sat Aug 22 01:14:54.446609 2026] [socache_shmcb:debug] [pid 642867:tid 642867] mod_socache_shmcb.c(508): AH00831: socache_shmcb_store (0x29 -> subcache 9)
[Sat Aug 22 01:14:54.446614 2026] [socache_shmcb:debug] [pid 642867:tid 642867] mod_socache_shmcb.c(860): AH00847: insert happened at idx=32, data=(13619:13651)
[Sat Aug 22 01:14:54.446616 2026] [socache_shmcb:debug] [pid 642867:tid 642867] mod_socache_shmcb.c(863): AH00848: finished insert, subcache: idx_pos/idx_used=67/54, data_pos/data_used=1813/12034
[Sat Aug 22 01:14:54.446618 2026] [socache_shmcb:debug] [pid 642867:tid 642867] mod_socache_shmcb.c(530): AH00834: leaving socache_shmcb_store successfully
[Sat Aug 22 01:14:54.446664 2026] [socache_shmcb:debug] [pid 642867:tid 642867] mod_socache_shmcb.c(508): AH00831: socache_shmcb_store (0xd5 -> subcache 21)
[Sat Aug 22 01:14:54.446668 2026] [socache_shmcb:debug] [pid 642867:tid 642867] mod_socache_shmcb.c(798): AH00845: about to force-expire, subcache: idx_used=61, data_used=13672
[Sat Aug 22 01:14:54.446670 2026] [socache_shmcb:debug] [pid 642867:tid 642867] mod_socache_shmcb.c(824): AH00846: finished force-expire, subcache: idx_used=60, data_used=13444
[Sat Aug 22 01:14:54.446671 2026] [socache_shmcb:debug] [pid 642867:tid 642867] mod_socache_shmcb.c(860): AH00847: insert happened at idx=34, data=(229:261)
[Sat Aug 22 01:14:54.446673 2026] [socache_shmcb:debug] [pid 642867:tid 642867] mod_socache_shmcb.c(863): AH00848: finished insert, subcache: idx_pos/idx_used=62/61, data_pos/data_used=649/13672
[Sat Aug 22 01:14:54.446675 2026] [socache_shmcb:debug] [pid 642867:tid 642867] mod_socache_shmcb.c(530): AH00834: leaving socache_shmcb_store successfully
[Sat Aug 22 01:14:54.447057 2026] [ssl:debug] [pid 642867:tid 642867] ssl_engine_kernel.c(254): [client 40.77.167.12:65033] AH02034: Initial (No.1) HTTPS request received for child 21 (server isupport.ilc.edu.tw:443), referer: https://isupport.ilc.edu.tw/11524/
[Sat Aug 22 01:14:54.447660 2026] [authz_core:debug] [pid 642867:tid 642867] mod_authz_core.c(815): [client 40.77.167.12:65033] AH01626: authorization result of Require all granted: granted, referer: https://isupport.ilc.edu.tw/11524/
[Sat Aug 22 01:14:54.447666 2026] [authz_core:debug] [pid 642867:tid 642867] mod_authz_core.c(815): [client 40.77.167.12:65033] AH01626: authorization result of : granted, referer: https://isupport.ilc.edu.tw/11524/
[Sat Aug 22 01:14:54.447938 2026] [deflate:debug] [pid 642867:tid 642867] mod_deflate.c(909): [client 40.77.167.12:65033] AH01384: Zlib: Compressed 111 to 71 : URL /wp-content/uploads/sites/3591/elementor/css/post-11524.css, referer: https://isupport.ilc.edu.tw/11524/
[Sat Aug 22 01:14:54.527038 2026] [ssl:info] [pid 642838:tid 642838] [client 17.22.237.146:44446] AH01964: Connection to child 6 established (server 2blog.ilc.edu.tw:443)
[Sat Aug 22 01:14:54.527197 2026] [ssl:debug] [pid 642838:tid 642838] ssl_engine_kernel.c(2222): [client 17.22.237.146:44446] AH02043: SSL virtual host for servername www.gfes.ilc.edu.tw found
