[Sat Aug 22 01:13:15.198138 2026] [ssl:debug] [pid 642833:tid 642833] ssl_engine_kernel.c(2082): [client 3.223.181.32:64607] AH02041: Protocol: TLSv1.3, Cipher: TLS_AES_256_GCM_SHA384 (256/256 bits)
[Sat Aug 22 01:13:15.198205 2026] [socache_shmcb:debug] [pid 642833:tid 642833] mod_socache_shmcb.c(508): AH00831: socache_shmcb_store (0xfe -> subcache 30)
[Sat Aug 22 01:13:15.198220 2026] [socache_shmcb:debug] [pid 642833:tid 642833] mod_socache_shmcb.c(860): AH00847: insert happened at idx=73, data=(2990:3022)
[Sat Aug 22 01:13:15.198224 2026] [socache_shmcb:debug] [pid 642833:tid 642833] mod_socache_shmcb.c(863): AH00848: finished insert, subcache: idx_pos/idx_used=40/34, data_pos/data_used=9545/7523
[Sat Aug 22 01:13:15.198226 2026] [socache_shmcb:debug] [pid 642833:tid 642833] mod_socache_shmcb.c(530): AH00834: leaving socache_shmcb_store successfully
[Sat Aug 22 01:13:15.198307 2026] [socache_shmcb:debug] [pid 642833:tid 642833] mod_socache_shmcb.c(508): AH00831: socache_shmcb_store (0x4d -> subcache 13)
[Sat Aug 22 01:13:15.198318 2026] [socache_shmcb:debug] [pid 642833:tid 642833] mod_socache_shmcb.c(860): AH00847: insert happened at idx=15, data=(9941:9973)
[Sat Aug 22 01:13:15.198321 2026] [socache_shmcb:debug] [pid 642833:tid 642833] mod_socache_shmcb.c(863): AH00848: finished insert, subcache: idx_pos/idx_used=63/41, data_pos/data_used=1028/9126
[Sat Aug 22 01:13:15.198324 2026] [socache_shmcb:debug] [pid 642833:tid 642833] mod_socache_shmcb.c(530): AH00834: leaving socache_shmcb_store successfully
[Sat Aug 22 01:13:15.198461 2026] [ssl:debug] [pid 642833:tid 642833] ssl_engine_kernel.c(254): [client 3.223.181.32:64607] AH02034: Initial (No.1) HTTPS request received for child 0 (server 2blog.ilc.edu.tw:443)
[Sat Aug 22 01:13:15.198689 2026] [authz_core:debug] [pid 642833:tid 642833] mod_authz_core.c(815): [client 3.223.181.32:64607] AH01626: authorization result of Require all granted: granted
[Sat Aug 22 01:13:15.198696 2026] [authz_core:debug] [pid 642833:tid 642833] mod_authz_core.c(815): [client 3.223.181.32:64607] AH01626: authorization result of : granted
[Sat Aug 22 01:13:15.199196 2026] [authz_core:debug] [pid 642833:tid 642833] mod_authz_core.c(815): [client 3.223.181.32:64607] AH01626: authorization result of Require all granted: granted
[Sat Aug 22 01:13:15.199217 2026] [authz_core:debug] [pid 642833:tid 642833] mod_authz_core.c(815): [client 3.223.181.32:64607] AH01626: authorization result of : granted
[Sat Aug 22 01:13:15.201001 2026] [ssl:debug] [pid 642833:tid 642833] ssl_engine_io.c(1150): [client 3.223.181.32:64607] AH02001: Connection closed to child 0 with standard shutdown (server 2blog.ilc.edu.tw:443)
[Sat Aug 22 01:13:15.335678 2026] [ssl:debug] [pid 642835:tid 642835] ssl_engine_kernel.c(254): [client 2001:b011:4006:9ab6:b1d9:69eb:1f6b:26c9:32810] AH02034: Subsequent (No.2) HTTPS request received for child 2 (server isupport.ilc.edu.tw:443), referer: https://isupport.ilc.edu.tw/8196/
[Sat Aug 22 01:13:15.337059 2026] [authz_core:debug] [pid 642835:tid 642835] mod_authz_core.c(815): [client 2001:b011:4006:9ab6:b1d9:69eb:1f6b:26c9:32810] AH01626: authorization result of Require all granted: granted, referer: https://isupport.ilc.edu.tw/8196/
[Sat Aug 22 01:13:15.337071 2026] [authz_core:debug] [pid 642835:tid 642835] mod_authz_core.c(815): [client 2001:b011:4006:9ab6:b1d9:69eb:1f6b:26c9:32810] AH01626: authorization result of : granted, referer: https://isupport.ilc.edu.tw/8196/
[Sat Aug 22 01:13:15.339645 2026] [deflate:debug] [pid 642835:tid 642835] mod_deflate.c(909): [client 2001:b011:4006:9ab6:b1d9:69eb:1f6b:26c9:32810] AH01384: Zlib: Compressed 79258 to 39707 : URL /wp-content/cache/isupport.ilc.edu.tw/wpfc-minified/fhgiw72a/ks8w.css, referer: https://isupport.ilc.edu.tw/8196/
[Sat Aug 22 01:13:15.340163 2026] [ssl:debug] [pid 642836:tid 642836] ssl_engine_kernel.c(254): [client 2001:b011:4006:9ab6:b1d9:69eb:1f6b:26c9:32816] AH02034: Initial (No.1) HTTPS request received for child 4 (server isupport.ilc.edu.tw:443), referer: https://isupport.ilc.edu.tw/8196/
[Sat Aug 22 01:13:15.341499 2026] [authz_core:debug] [pid 642836:tid 642836] mod_authz_core.c(815): [client 2001:b011:4006:9ab6:b1d9:69eb:1f6b:26c9:32816] AH01626: authorization result of Require all granted: granted, referer: https://isupport.ilc.edu.tw/8196/
[Sat Aug 22 01:13:15.341513 2026] [authz_core:debug] [pid 642836:tid 642836] mod_authz_core.c(815): [client 2001:b011:4006:9ab6:b1d9:69eb:1f6b:26c9:32816] AH01626: authorization result of : granted, referer: https://isupport.ilc.edu.tw/8196/
[Sat Aug 22 01:13:15.342492 2026] [deflate:debug] [pid 642836:tid 642836] mod_deflate.c(909): [client 2001:b011:4006:9ab6:b1d9:69eb:1f6b:26c9:32816] AH01384: Zlib: Compressed 486 to 267 : URL /wp-content/cache/isupport.ilc.edu.tw/wpfc-minified/jpyo1yc2/ks8w.css, referer: https://isupport.ilc.edu.tw/8196/
[Sat Aug 22 01:13:15.371833 2026] [ssl:info] [pid 642837:tid 642837] [client 2001:b011:4006:9ab6:b1d9:69eb:1f6b:26c9:32818] AH01964: Connection to child 5 established (server 2blog.ilc.edu.tw:443)
[Sat Aug 22 01:13:15.372268 2026] [ssl:debug] [pid 642837:tid 642837] ssl_engine_kernel.c(2222): [client 2001:b011:4006:9ab6:b1d9:69eb:1f6b:26c9:32818] AH02043: SSL virtual host for servername isupport.ilc.edu.tw found
[Sat Aug 22 01:13:15.372318 2026] [socache_shmcb:debug] [pid 642837:tid 642837] mod_socache_shmcb.c(545): AH00835: socache_shmcb_retrieve (0xca -> subcache 10)
[Sat Aug 22 01:13:15.372332 2026] [socache_shmcb:debug] [pid 642837:tid 642837] mod_socache_shmcb.c(896): AH00849: match at idx=50, data=3717
[Sat Aug 22 01:13:15.372336 2026] [socache_shmcb:debug] [pid 642837:tid 642837] mod_socache_shmcb.c(556): AH00836: leaving socache_shmcb_retrieve successfully
[Sat Aug 22 01:13:15.372722 2026] [core:debug] [pid 642837:tid 642837] protocol.c(2460): [client 2001:b011:4006:9ab6:b1d9:69eb:1f6b:26c9:32818] AH03155: select protocol from , choices=h2,http/1.1 for server isupport.ilc.edu.tw
[Sat Aug 22 01:13:15.387229 2026] [ssl:debug] [pid 642837:tid 642837] ssl_engine_kernel.c(2082): [client 2001:b011:4006:9ab6:b1d9:69eb:1f6b:26c9:32818] AH02041: Protocol: TLSv1.3, Cipher: TLS_AES_256_GCM_SHA384 (256/256 bits)
[Sat Aug 22 01:13:15.387309 2026] [socache_shmcb:debug] [pid 642837:tid 642837] mod_socache_shmcb.c(508): AH00831: socache_shmcb_store (0x11 -> subcache 17)
[Sat Aug 22 01:13:15.387335 2026] [socache_shmcb:debug] [pid 642837:tid 642837] mod_socache_shmcb.c(745): AH00842: expiring 1 and reclaiming 0 removed socache entries
[Sat Aug 22 01:13:15.387338 2026] [socache_shmcb:debug] [pid 642837:tid 642837] mod_socache_shmcb.c(765): AH00843: we now have 43 socache entries
[Sat Aug 22 01:13:15.387341 2026] [socache_shmcb:debug] [pid 642837:tid 642837] mod_socache_shmcb.c(860): AH00847: insert happened at idx=87, data=(6346:6378)
[Sat Aug 22 01:13:15.387343 2026] [socache_shmcb:debug] [pid 642837:tid 642837] mod_socache_shmcb.c(863): AH00848: finished insert, subcache: idx_pos/idx_used=44/44, data_pos/data_used=10641/9798
[Sat Aug 22 01:13:15.387346 2026] [socache_shmcb:debug] [pid 642837:tid 642837] mod_socache_shmcb.c(530): AH00834: leaving socache_shmcb_store successfully
[Sat Aug 22 01:13:15.394976 2026] [ssl:info] [pid 642838:tid 642838] [client 2001:b011:4006:9ab6:b1d9:69eb:1f6b:26c9:32822] AH01964: Connection to child 6 established (server 2blog.ilc.edu.tw:443)
[Sat Aug 22 01:13:15.395403 2026] [ssl:debug] [pid 642838:tid 642838] ssl_engine_kernel.c(2222): [client 2001:b011:4006:9ab6:b1d9:69eb:1f6b:26c9:32822] AH02043: SSL virtual host for servername isupport.ilc.edu.tw found
[Sat Aug 22 01:13:15.395454 2026] [socache_shmcb:debug] [pid 642838:tid 642838] mod_socache_shmcb.c(545): AH00835: socache_shmcb_retrieve (0xbd -> subcache 29)
[Sat Aug 22 01:13:15.395469 2026] [socache_shmcb:debug] [pid 642838:tid 642838] mod_socache_shmcb.c(896): AH00849: match at idx=0, data=6476
[Sat Aug 22 01:13:15.395472 2026] [socache_shmcb:debug] [pid 642838:tid 642838] mod_socache_shmcb.c(556): AH00836: leaving socache_shmcb_retrieve successfully
[Sat Aug 22 01:13:15.395849 2026] [core:debug] [pid 642838:tid 642838] protocol.c(2460): [client 2001:b011:4006:9ab6:b1d9:69eb:1f6b:26c9:32822] AH03155: select protocol from , choices=h2,http/1.1 for server isupport.ilc.edu.tw
[Sat Aug 22 01:13:15.408256 2026] [ssl:debug] [pid 642838:tid 642838] ssl_engine_kernel.c(2082): [client 2001:b011:4006:9ab6:b1d9:69eb:1f6b:26c9:32822] AH02041: Protocol: TLSv1.3, Cipher: TLS_AES_256_GCM_SHA384 (256/256 bits)
[Sat Aug 22 01:13:15.408331 2026] [socache_shmcb:debug] [pid 642838:tid 642838] mod_socache_shmcb.c(508): AH00831: socache_shmcb_store (0xb0 -> subcache 16)
[Sat Aug 22 01:13:15.408347 2026] [socache_shmcb:debug] [pid 642838:tid 642838] mod_socache_shmcb.c(860): AH00847: insert happened at idx=34, data=(276:308)
[Sat Aug 22 01:13:15.408349 2026] [socache_shmcb:debug] [pid 642838:tid 642838] mod_socache_shmcb.c(863): AH00848: finished insert, subcache: idx_pos/idx_used=79/44, data_pos/data_used=4513/9855
[Sat Aug 22 01:13:15.408351 2026] [socache_shmcb:debug] [pid 642838:tid 642838] mod_socache_shmcb.c(530): AH00834: leaving socache_shmcb_store successfully
[Sat Aug 22 01:13:15.413059 2026] [ssl:info] [pid 642839:tid 642839] [client 2001:b011:4006:9ab6:b1d9:69eb:1f6b:26c9:32828] AH01964: Connection to child 7 established (server 2blog.ilc.edu.tw:443)
[Sat Aug 22 01:13:15.413392 2026] [ssl:debug] [pid 642839:tid 642839] ssl_engine_kernel.c(2222): [client 2001:b011:4006:9ab6:b1d9:69eb:1f6b:26c9:32828] AH02043: SSL virtual host for servername isupport.ilc.edu.tw found
[Sat Aug 22 01:13:15.413429 2026] [socache_shmcb:debug] [pid 642839:tid 642839] mod_socache_shmcb.c(545): AH00835: socache_shmcb_retrieve (0x11 -> subcache 17)
[Sat Aug 22 01:13:15.413439 2026] [socache_shmcb:debug] [pid 642839:tid 642839] mod_socache_shmcb.c(896): AH00849: match at idx=87, data=6346
[Sat Aug 22 01:13:15.413442 2026] [socache_shmcb:debug] [pid 642839:tid 642839] mod_socache_shmcb.c(556): AH00836: leaving socache_shmcb_retrieve successfully
[Sat Aug 22 01:13:15.413739 2026] [core:debug] [pid 642839:tid 642839] protocol.c(2460): [client 2001:b011:4006:9ab6:b1d9:69eb:1f6b:26c9:32828] AH03155: select protocol from , choices=h2,http/1.1 for server isupport.ilc.edu.tw
[Sat Aug 22 01:13:15.420769 2026] [ssl:debug] [pid 642839:tid 642839] ssl_engine_kernel.c(2082): [client 2001:b011:4006:9ab6:b1d9:69eb:1f6b:26c9:32828] AH02041: Protocol: TLSv1.3, Cipher: TLS_AES_256_GCM_SHA384 (256/256 bits)
[Sat Aug 22 01:13:15.420838 2026] [socache_shmcb:debug] [pid 642839:tid 642839] mod_socache_shmcb.c(508): AH00831: socache_shmcb_store (0xa0 -> subcache 0)
[Sat Aug 22 01:13:15.420845 2026] [socache_shmcb:debug] [pid 642839:tid 642839] mod_socache_shmcb.c(745): AH00842: expiring 2 and reclaiming 0 removed socache entries
[Sat Aug 22 01:13:15.420847 2026] [socache_shmcb:debug] [pid 642839:tid 642839] mod_socache_shmcb.c(765): AH00843: we now have 31 socache entries
[Sat Aug 22 01:13:15.420849 2026] [socache_shmcb:debug] [pid 642839:tid 642839] mod_socache_shmcb.c(860): AH00847: insert happened at idx=19, data=(10855:10887)
[Sat Aug 22 01:13:15.420851 2026] [socache_shmcb:debug] [pid 642839:tid 642839] mod_socache_shmcb.c(863): AH00848: finished insert, subcache: idx_pos/idx_used=76/32, data_pos/data_used=3944/7139
[Sat Aug 22 01:13:15.420853 2026] [socache_shmcb:debug] [pid 642839:tid 642839] mod_socache_shmcb.c(530): AH00834: leaving socache_shmcb_store successfully
[Sat Aug 22 01:13:15.450221 2026] [ssl:debug] [pid 642837:tid 642837] ssl_engine_kernel.c(254): [client 2001:b011:4006:9ab6:b1d9:69eb:1f6b:26c9:32818] AH02034: Initial (No.1) HTTPS request received for child 5 (server isupport.ilc.edu.tw:443), referer: https://isupport.ilc.edu.tw/8196/
[Sat Aug 22 01:13:15.451075 2026] [authz_core:debug] [pid 642837:tid 642837] mod_authz_core.c(815): [client 2001:b011:4006:9ab6:b1d9:69eb:1f6b:26c9:32818] AH01626: authorization result of Require all granted: granted, referer: https://isupport.ilc.edu.tw/8196/
[Sat Aug 22 01:13:15.451083 2026] [authz_core:debug] [pid 642837:tid 642837] mod_authz_core.c(815): [client 2001:b011:4006:9ab6:b1d9:69eb:1f6b:26c9:32818] AH01626: authorization result of : granted, referer: https://isupport.ilc.edu.tw/8196/
[Sat Aug 22 01:13:15.451728 2026] [ssl:debug] [pid 642838:tid 642838] ssl_engine_kernel.c(254): [client 2001:b011:4006:9ab6:b1d9:69eb:1f6b:26c9:32822] AH02034: Initial (No.1) HTTPS request received for child 6 (server isupport.ilc.edu.tw:443), referer: https://isupport.ilc.edu.tw/8196/
[Sat Aug 22 01:13:15.452217 2026] [authz_core:debug] [pid 642838:tid 642838] mod_authz_core.c(815): [client 2001:b011:4006:9ab6:b1d9:69eb:1f6b:26c9:32822] AH01626: authorization result of Require all granted: granted, referer: https://isupport.ilc.edu.tw/8196/
[Sat Aug 22 01:13:15.452232 2026] [authz_core:debug] [pid 642838:tid 642838] mod_authz_core.c(815): [client 2001:b011:4006:9ab6:b1d9:69eb:1f6b:26c9:32822] AH01626: authorization result of : granted, referer: https://isupport.ilc.edu.tw/8196/
[Sat Aug 22 01:13:15.456132 2026] [deflate:debug] [pid 642838:tid 642838] mod_deflate.c(909): [client 2001:b011:4006:9ab6:b1d9:69eb:1f6b:26c9:32822] AH01384: Zlib: Compressed 184641 to 26558 : URL /wp-content/cache/isupport.ilc.edu.tw/wpfc-minified/drup3mak/ks8w.css, referer: https://isupport.ilc.edu.tw/8196/
[Sat Aug 22 01:13:15.457668 2026] [ssl:debug] [pid 642839:tid 642839] ssl_engine_kernel.c(254): [client 2001:b011:4006:9ab6:b1d9:69eb:1f6b:26c9:32828] AH02034: Initial (No.1) HTTPS request received for child 7 (server isupport.ilc.edu.tw:443), referer: https://isupport.ilc.edu.tw/8196/
[Sat Aug 22 01:13:15.458622 2026] [deflate:debug] [pid 642837:tid 642837] mod_deflate.c(909): [client 2001:b011:4006:9ab6:b1d9:69eb:1f6b:26c9:32818] AH01384: Zlib: Compressed 294886 to 52215 : URL /wp-content/cache/isupport.ilc.edu.tw/wpfc-minified/8jq1rsi9/ks8w.css, referer: https://isupport.ilc.edu.tw/8196/
[Sat Aug 22 01:13:15.458666 2026] [authz_core:debug] [pid 642839:tid 642839] mod_authz_core.c(815): [client 2001:b011:4006:9ab6:b1d9:69eb:1f6b:26c9:32828] AH01626: authorization result of Require all granted: granted, referer: https://isupport.ilc.edu.tw/8196/
[Sat Aug 22 01:13:15.458676 2026] [authz_core:debug] [pid 642839:tid 642839] mod_authz_core.c(815): [client 2001:b011:4006:9ab6:b1d9:69eb:1f6b:26c9:32828] AH01626: authorization result of : granted, referer: https://isupport.ilc.edu.tw/8196/
[Sat Aug 22 01:13:15.459546 2026] [deflate:debug] [pid 642839:tid 642839] mod_deflate.c(909): [client 2001:b011:4006:9ab6:b1d9:69eb:1f6b:26c9:32828] AH01384: Zlib: Compressed 4714 to 872 : URL /wp-content/uploads/sites/3591/elementor/css/post-3.css, referer: https://isupport.ilc.edu.tw/8196/
[Sat Aug 22 01:13:15.476879 2026] [ssl:debug] [pid 642839:tid 642839] ssl_engine_kernel.c(254): [client 2001:b011:4006:9ab6:b1d9:69eb:1f6b:26c9:32828] AH02034: Subsequent (No.2) HTTPS request received for child 7 (server isupport.ilc.edu.tw:443), referer: https://isupport.ilc.edu.tw/8196/
[Sat Aug 22 01:13:15.477146 2026] [ssl:debug] [pid 642836:tid 642836] ssl_engine_kernel.c(254): [client 2001:b011:4006:9ab6:b1d9:69eb:1f6b:26c9:32816] AH02034: Subsequent (No.2) HTTPS request received for child 4 (server isupport.ilc.edu.tw:443), referer: https://isupport.ilc.edu.tw/8196/
[Sat Aug 22 01:13:15.477628 2026] [authz_core:debug] [pid 642839:tid 642839] mod_authz_core.c(815): [client 2001:b011:4006:9ab6:b1d9:69eb:1f6b:26c9:32828] AH01626: authorization result of Require all granted: granted, referer: https://isupport.ilc.edu.tw/8196/
[Sat Aug 22 01:13:15.477636 2026] [authz_core:debug] [pid 642839:tid 642839] mod_authz_core.c(815): [client 2001:b011:4006:9ab6:b1d9:69eb:1f6b:26c9:32828] AH01626: authorization result of : granted, referer: https://isupport.ilc.edu.tw/8196/
[Sat Aug 22 01:13:15.479127 2026] [deflate:debug] [pid 642839:tid 642839] mod_deflate.c(909): [client 2001:b011:4006:9ab6:b1d9:69eb:1f6b:26c9:32828] AH01384: Zlib: Compressed 95822 to 5452 : URL /wp-content/cache/isupport.ilc.edu.tw/wpfc-minified/lwjo9g1t/ks8w.css, referer: https://isupport.ilc.edu.tw/8196/
[Sat Aug 22 01:13:15.480701 2026] [authz_core:debug] [pid 642836:tid 642836] mod_authz_core.c(815): [client 2001:b011:4006:9ab6:b1d9:69eb:1f6b:26c9:32816] AH01626: authorization result of Require all granted: granted, referer: https://isupport.ilc.edu.tw/8196/
[Sat Aug 22 01:13:15.480711 2026] [authz_core:debug] [pid 642836:tid 642836] mod_authz_core.c(815): [client 2001:b011:4006:9ab6:b1d9:69eb:1f6b:26c9:32816] AH01626: authorization result of : granted, referer: https://isupport.ilc.edu.tw/8196/
[Sat Aug 22 01:13:15.486044 2026] [deflate:debug] [pid 642836:tid 642836] mod_deflate.c(909): [client 2001:b011:4006:9ab6:b1d9:69eb:1f6b:26c9:32816] AH01384: Zlib: Compressed 548 to 175 : URL /wp-content/uploads/sites/3591/elementor/css/post-8196.css, referer: https://isupport.ilc.edu.tw/8196/
[Sat Aug 22 01:13:15.506855 2026] [ssl:debug] [pid 642835:tid 642835] ssl_engine_kernel.c(254): [client 2001:b011:4006:9ab6:b1d9:69eb:1f6b:26c9:32810] AH02034: Subsequent (No.3) HTTPS request received for child 2 (server isupport.ilc.edu.tw:443), referer: https://isupport.ilc.edu.tw/8196/
[Sat Aug 22 01:13:15.507496 2026] [authz_core:debug] [pid 642835:tid 642835] mod_authz_core.c(815): [client 2001:b011:4006:9ab6:b1d9:69eb:1f6b:26c9:32810] AH01626: authorization result of Require all granted: granted, referer: https://isupport.ilc.edu.tw/8196/
[Sat Aug 22 01:13:15.507509 2026] [authz_core:debug] [pid 642835:tid 642835] mod_authz_core.c(815): [client 2001:b011:4006:9ab6:b1d9:69eb:1f6b:26c9:32810] AH01626: authorization result of : granted, referer: https://isupport.ilc.edu.tw/8196/
[Sat Aug 22 01:13:15.508721 2026] [deflate:debug] [pid 642835:tid 642835] mod_deflate.c(909): [client 2001:b011:4006:9ab6:b1d9:69eb:1f6b:26c9:32810] AH01384: Zlib: Compressed 53220 to 6810 : URL /wp-content/cache/isupport.ilc.edu.tw/wpfc-minified/kxdlh8d7/ks8w.css, referer: https://isupport.ilc.edu.tw/8196/
[Sat Aug 22 01:13:15.535722 2026] [ssl:debug] [pid 642836:tid 642836] ssl_engine_kernel.c(254): [client 2001:b011:4006:9ab6:b1d9:69eb:1f6b:26c9:32816] AH02034: Subsequent (No.3) HTTPS request received for child 4 (server isupport.ilc.edu.tw:443), referer: https://isupport.ilc.edu.tw/8196/
[Sat Aug 22 01:13:15.535802 2026] [ssl:debug] [pid 642838:tid 642838] ssl_engine_kernel.c(254): [client 2001:b011:4006:9ab6:b1d9:69eb:1f6b:26c9:32822] AH02034: Subsequent (No.2) HTTPS request received for child 6 (server isupport.ilc.edu.tw:443), referer: https://isupport.ilc.edu.tw/8196/
[Sat Aug 22 01:13:15.536459 2026] [authz_core:debug] [pid 642838:tid 642838] mod_authz_core.c(815): [client 2001:b011:4006:9ab6:b1d9:69eb:1f6b:26c9:32822] AH01626: authorization result of Require all granted: granted, referer: https://isupport.ilc.edu.tw/8196/
[Sat Aug 22 01:13:15.536469 2026] [authz_core:debug] [pid 642838:tid 642838] mod_authz_core.c(815): [client 2001:b011:4006:9ab6:b1d9:69eb:1f6b:26c9:32822] AH01626: authorization result of : granted, referer: https://isupport.ilc.edu.tw/8196/
[Sat Aug 22 01:13:15.536482 2026] [authz_core:debug] [pid 642836:tid 642836] mod_authz_core.c(815): [client 2001:b011:4006:9ab6:b1d9:69eb:1f6b:26c9:32816] AH01626: authorization result of Require all granted: granted, referer: https://isupport.ilc.edu.tw/8196/
[Sat Aug 22 01:13:15.536492 2026] [authz_core:debug] [pid 642836:tid 642836] mod_authz_core.c(815): [client 2001:b011:4006:9ab6:b1d9:69eb:1f6b:26c9:32816] AH01626: authorization result of : granted, referer: https://isupport.ilc.edu.tw/8196/
[Sat Aug 22 01:13:15.537100 2026] [deflate:debug] [pid 642838:tid 642838] mod_deflate.c(909): [client 2001:b011:4006:9ab6:b1d9:69eb:1f6b:26c9:32822] AH01384: Zlib: Compressed 1472 to 738 : URL /wp-content/cache/isupport.ilc.edu.tw/wpfc-minified/fqv0eogw/ks8w.js, referer: https://isupport.ilc.edu.tw/8196/
[Sat Aug 22 01:13:15.541482 2026] [deflate:debug] [pid 642836:tid 642836] mod_deflate.c(909): [client 2001:b011:4006:9ab6:b1d9:69eb:1f6b:26c9:32816] AH01384: Zlib: Compressed 101296 to 34520 : URL /wp-content/cache/isupport.ilc.edu.tw/wpfc-minified/10m74ssp/ks8x.js, referer: https://isupport.ilc.edu.tw/8196/
[Sat Aug 22 01:13:15.545403 2026] [ssl:debug] [pid 642837:tid 642837] ssl_engine_kernel.c(254): [client 2001:b011:4006:9ab6:b1d9:69eb:1f6b:26c9:32818] AH02034: Subsequent (No.2) HTTPS request received for child 5 (server isupport.ilc.edu.tw:443), referer: https://isupport.ilc.edu.tw/8196/
[Sat Aug 22 01:13:15.547751 2026] [ssl:debug] [pid 642839:tid 642839] ssl_engine_kernel.c(254): [client 2001:b011:4006:9ab6:b1d9:69eb:1f6b:26c9:32828] AH02034: Subsequent (No.3) HTTPS request received for child 7 (server isupport.ilc.edu.tw:443), referer: https://isupport.ilc.edu.tw/8196/
[Sat Aug 22 01:13:15.547940 2026] [authz_core:debug] [pid 642839:tid 642839] mod_authz_core.c(815): [client 2001:b011:4006:9ab6:b1d9:69eb:1f6b:26c9:32828] AH01626: authorization result of Require all granted: granted, referer: https://isupport.ilc.edu.tw/8196/
[Sat Aug 22 01:13:15.547945 2026] [authz_core:debug] [pid 642839:tid 642839] mod_authz_core.c(815): [client 2001:b011:4006:9ab6:b1d9:69eb:1f6b:26c9:32828] AH01626: authorization result of : granted, referer: https://isupport.ilc.edu.tw/8196/
[Sat Aug 22 01:13:15.548169 2026] [deflate:debug] [pid 642839:tid 642839] mod_deflate.c(909): [client 2001:b011:4006:9ab6:b1d9:69eb:1f6b:26c9:32828] AH01384: Zlib: Compressed 1718 to 700 : URL /wp-includes/js/hoverintent-js.min.js, referer: https://isupport.ilc.edu.tw/8196/
[Sat Aug 22 01:13:15.548561 2026] [authz_core:debug] [pid 642837:tid 642837] mod_authz_core.c(815): [client 2001:b011:4006:9ab6:b1d9:69eb:1f6b:26c9:32818] AH01626: authorization result of Require all granted: granted, referer: https://isupport.ilc.edu.tw/8196/
[Sat Aug 22 01:13:15.548569 2026] [authz_core:debug] [pid 642837:tid 642837] mod_authz_core.c(815): [client 2001:b011:4006:9ab6:b1d9:69eb:1f6b:26c9:32818] AH01626: authorization result of : granted, referer: https://isupport.ilc.edu.tw/8196/
[Sat Aug 22 01:13:15.570284 2026] [ssl:debug] [pid 642836:tid 642836] ssl_engine_kernel.c(254): [client 2001:b011:4006:9ab6:b1d9:69eb:1f6b:26c9:32816] AH02034: Subsequent (No.4) HTTPS request received for child 4 (server isupport.ilc.edu.tw:443), referer: https://isupport.ilc.edu.tw/8196/
[Sat Aug 22 01:13:15.570582 2026] [authz_core:debug] [pid 642836:tid 642836] mod_authz_core.c(815): [client 2001:b011:4006:9ab6:b1d9:69eb:1f6b:26c9:32816] AH01626: authorization result of Require all granted: granted, referer: https://isupport.ilc.edu.tw/8196/
[Sat Aug 22 01:13:15.570606 2026] [authz_core:debug] [pid 642836:tid 642836] mod_authz_core.c(815): [client 2001:b011:4006:9ab6:b1d9:69eb:1f6b:26c9:32816] AH01626: authorization result of : granted, referer: https://isupport.ilc.edu.tw/8196/
[Sat Aug 22 01:13:15.570924 2026] [deflate:debug] [pid 642836:tid 642836] mod_deflate.c(909): [client 2001:b011:4006:9ab6:b1d9:69eb:1f6b:26c9:32816] AH01384: Zlib: Compressed 3487 to 1339 : URL /wp-includes/js/admin-bar.min.js, referer: https://isupport.ilc.edu.tw/8196/
[Sat Aug 22 01:13:15.573164 2026] [ssl:debug] [pid 642837:tid 642837] ssl_engine_kernel.c(254): [client 2001:b011:4006:9ab6:b1d9:69eb:1f6b:26c9:32818] AH02034: Subsequent (No.3) HTTPS request received for child 5 (server isupport.ilc.edu.tw:443), referer: https://isupport.ilc.edu.tw/8196/
[Sat Aug 22 01:13:15.573368 2026] [authz_core:debug] [pid 642837:tid 642837] mod_authz_core.c(815): [client 2001:b011:4006:9ab6:b1d9:69eb:1f6b:26c9:32818] AH01626: authorization result of Require all granted: granted, referer: https://isupport.ilc.edu.tw/8196/
[Sat Aug 22 01:13:15.573378 2026] [authz_core:debug] [pid 642837:tid 642837] mod_authz_core.c(815): [client 2001:b011:4006:9ab6:b1d9:69eb:1f6b:26c9:32818] AH01626: authorization result of : granted, referer: https://isupport.ilc.edu.tw/8196/
[Sat Aug 22 01:13:15.573696 2026] [deflate:debug] [pid 642837:tid 642837] mod_deflate.c(909): [client 2001:b011:4006:9ab6:b1d9:69eb:1f6b:26c9:32818] AH01384: Zlib: Compressed 5520 to 1785 : URL /wp-includes/js/imagesloaded.min.js, referer: https://isupport.ilc.edu.tw/8196/
[Sat Aug 22 01:13:15.609551 2026] [ssl:debug] [pid 642837:tid 642837] ssl_engine_kernel.c(254): [client 2001:b011:4006:9ab6:b1d9:69eb:1f6b:26c9:32818] AH02034: Subsequent (No.4) HTTPS request received for child 5 (server isupport.ilc.edu.tw:443), referer: https://isupport.ilc.edu.tw/8196/
[Sat Aug 22 01:13:15.609748 2026] [authz_core:debug] [pid 642837:tid 642837] mod_authz_core.c(815): [client 2001:b011:4006:9ab6:b1d9:69eb:1f6b:26c9:32818] AH01626: authorization result of Require all granted: granted, referer: https://isupport.ilc.edu.tw/8196/
[Sat Aug 22 01:13:15.609754 2026] [authz_core:debug] [pid 642837:tid 642837] mod_authz_core.c(815): [client 2001:b011:4006:9ab6:b1d9:69eb:1f6b:26c9:32818] AH01626: authorization result of : granted, referer: https://isupport.ilc.edu.tw/8196/
[Sat Aug 22 01:13:15.610277 2026] [deflate:debug] [pid 642837:tid 642837] mod_deflate.c(909): [client 2001:b011:4006:9ab6:b1d9:69eb:1f6b:26c9:32818] AH01384: Zlib: Compressed 19719 to 4232 : URL /wp-content/themes/oceanwp/assets/js/theme.min.js, referer: https://isupport.ilc.edu.tw/8196/
[Sat Aug 22 01:13:15.611514 2026] [ssl:debug] [pid 642836:tid 642836] ssl_engine_kernel.c(254): [client 2001:b011:4006:9ab6:b1d9:69eb:1f6b:26c9:32816] AH02034: Subsequent (No.5) HTTPS request received for child 4 (server isupport.ilc.edu.tw:443), referer: https://isupport.ilc.edu.tw/8196/
[Sat Aug 22 01:13:15.611703 2026] [authz_core:debug] [pid 642836:tid 642836] mod_authz_core.c(815): [client 2001:b011:4006:9ab6:b1d9:69eb:1f6b:26c9:32816] AH01626: authorization result of Require all granted: granted, referer: https://isupport.ilc.edu.tw/8196/
[Sat Aug 22 01:13:15.611710 2026] [authz_core:debug] [pid 642836:tid 642836] mod_authz_core.c(815): [client 2001:b011:4006:9ab6:b1d9:69eb:1f6b:26c9:32816] AH01626: authorization result of : granted, referer: https://isupport.ilc.edu.tw/8196/
[Sat Aug 22 01:13:15.611746 2026] [ssl:debug] [pid 642839:tid 642839] ssl_engine_kernel.c(254): [client 2001:b011:4006:9ab6:b1d9:69eb:1f6b:26c9:32828] AH02034: Subsequent (No.4) HTTPS request received for child 7 (server isupport.ilc.edu.tw:443), referer: https://isupport.ilc.edu.tw/8196/
[Sat Aug 22 01:13:15.611837 2026] [authz_core:debug] [pid 642836:tid 642836] mod_authz_core.c(815): [client 2001:b011:4006:9ab6:b1d9:69eb:1f6b:26c9:32816] AH01626: authorization result of Require all granted: granted, referer: https://isupport.ilc.edu.tw/8196/
[Sat Aug 22 01:13:15.611850 2026] [authz_core:debug] [pid 642836:tid 642836] mod_authz_core.c(815): [client 2001:b011:4006:9ab6:b1d9:69eb:1f6b:26c9:32816] AH01626: authorization result of : granted, referer: https://isupport.ilc.edu.tw/8196/
[Sat Aug 22 01:13:15.611899 2026] [authz_core:debug] [pid 642839:tid 642839] mod_authz_core.c(815): [client 2001:b011:4006:9ab6:b1d9:69eb:1f6b:26c9:32828] AH01626: authorization result of Require all granted: granted, referer: https://isupport.ilc.edu.tw/8196/
[Sat Aug 22 01:13:15.611904 2026] [authz_core:debug] [pid 642839:tid 642839] mod_authz_core.c(815): [client 2001:b011:4006:9ab6:b1d9:69eb:1f6b:26c9:32828] AH01626: authorization result of : granted, referer: https://isupport.ilc.edu.tw/8196/
[Sat Aug 22 01:13:15.612224 2026] [deflate:debug] [pid 642839:tid 642839] mod_deflate.c(909): [client 2001:b011:4006:9ab6:b1d9:69eb:1f6b:26c9:32828] AH01384: Zlib: Compressed 9309 to 3204 : URL /wp-content/themes/oceanwp/assets/js/vendors/sidr.js, referer: https://isupport.ilc.edu.tw/8196/
[Sat Aug 22 01:13:15.624916 2026] [ssl:debug] [pid 642837:tid 642837] ssl_engine_kernel.c(254): [client 2001:b011:4006:9ab6:b1d9:69eb:1f6b:26c9:32818] AH02034: Subsequent (No.5) HTTPS request received for child 5 (server isupport.ilc.edu.tw:443), referer: https://isupport.ilc.edu.tw/8196/
[Sat Aug 22 01:13:15.625138 2026] [authz_core:debug] [pid 642837:tid 642837] mod_authz_core.c(815): [client 2001:b011:4006:9ab6:b1d9:69eb:1f6b:26c9:32818] AH01626: authorization result of Require all granted: granted, referer: https://isupport.ilc.edu.tw/8196/
[Sat Aug 22 01:13:15.625145 2026] [authz_core:debug] [pid 642837:tid 642837] mod_authz_core.c(815): [client 2001:b011:4006:9ab6:b1d9:69eb:1f6b:26c9:32818] AH01626: authorization result of : granted, referer: https://isupport.ilc.edu.tw/8196/
[Sat Aug 22 01:13:15.625584 2026] [deflate:debug] [pid 642837:tid 642837] mod_deflate.c(909): [client 2001:b011:4006:9ab6:b1d9:69eb:1f6b:26c9:32818] AH01384: Zlib: Compressed 15843 to 3833 : URL /wp-content/themes/oceanwp/assets/js/sidebar-mobile-menu.min.js, referer: https://isupport.ilc.edu.tw/8196/
[Sat Aug 22 01:13:15.625995 2026] [ssl:debug] [pid 642839:tid 642839] ssl_engine_kernel.c(254): [client 2001:b011:4006:9ab6:b1d9:69eb:1f6b:26c9:32828] AH02034: Subsequent (No.5) HTTPS request received for child 7 (server isupport.ilc.edu.tw:443), referer: https://isupport.ilc.edu.tw/8196/
[Sat Aug 22 01:13:15.626155 2026] [authz_core:debug] [pid 642839:tid 642839] mod_authz_core.c(815): [client 2001:b011:4006:9ab6:b1d9:69eb:1f6b:26c9:32828] AH01626: authorization result of Require all granted: granted, referer: https://isupport.ilc.edu.tw/8196/
[Sat Aug 22 01:13:15.626160 2026] [authz_core:debug] [pid 642839:tid 642839] mod_authz_core.c(815): [client 2001:b011:4006:9ab6:b1d9:69eb:1f6b:26c9:32828] AH01626: authorization result of : granted, referer: https://isupport.ilc.edu.tw/8196/
[Sat Aug 22 01:13:15.626424 2026] [deflate:debug] [pid 642839:tid 642839] mod_deflate.c(909): [client 2001:b011:4006:9ab6:b1d9:69eb:1f6b:26c9:32828] AH01384: Zlib: Compressed 7540 to 2070 : URL /wp-content/themes/oceanwp/assets/js/drop-down-search.min.js, referer: https://isupport.ilc.edu.tw/8196/
[Sat Aug 22 01:13:15.632239 2026] [ssl:info] [pid 642833:tid 642833] [client 2001:b011:4006:9ab6:b1d9:69eb:1f6b:26c9:32842] AH01964: Connection to child 0 established (server 2blog.ilc.edu.tw:443)
[Sat Aug 22 01:13:15.632405 2026] [ssl:debug] [pid 642833:tid 642833] ssl_engine_kernel.c(2222): [client 2001:b011:4006:9ab6:b1d9:69eb:1f6b:26c9:32842] AH02043: SSL virtual host for servername isupport.ilc.edu.tw found
[Sat Aug 22 01:13:15.632458 2026] [core:debug] [pid 642833:tid 642833] protocol.c(2460): [client 2001:b011:4006:9ab6:b1d9:69eb:1f6b:26c9:32842] AH03155: select protocol from , choices=h2,http/1.1 for server isupport.ilc.edu.tw
[Sat Aug 22 01:13:15.632493 2026] [ssl:debug] [pid 642833:tid 642833] ssl_util_stapling.c(819): AH01951: stapling_cb: OCSP Stapling callback called
[Sat Aug 22 01:13:15.632505 2026] [ssl:info] [pid 642833:tid 642833] AH01926: stapling_get_certinfo: stapling not supported for certificate
[Sat Aug 22 01:13:15.640225 2026] [ssl:debug] [pid 642833:tid 642833] ssl_engine_kernel.c(2082): [client 2001:b011:4006:9ab6:b1d9:69eb:1f6b:26c9:32842] AH02041: Protocol: TLSv1.3, Cipher: TLS_AES_256_GCM_SHA384 (256/256 bits)
[Sat Aug 22 01:13:15.640269 2026] [socache_shmcb:debug] [pid 642833:tid 642833] mod_socache_shmcb.c(508): AH00831: socache_shmcb_store (0x24 -> subcache 4)
[Sat Aug 22 01:13:15.640275 2026] [socache_shmcb:debug] [pid 642833:tid 642833] mod_socache_shmcb.c(860): AH00847: insert happened at idx=56, data=(4880:4912)
[Sat Aug 22 01:13:15.640277 2026] [socache_shmcb:debug] [pid 642833:tid 642833] mod_socache_shmcb.c(863): AH00848: finished insert, subcache: idx_pos/idx_used=4/53, data_pos/data_used=7166/11807
[Sat Aug 22 01:13:15.640279 2026] [socache_shmcb:debug] [pid 642833:tid 642833] mod_socache_shmcb.c(530): AH00834: leaving socache_shmcb_store successfully
[Sat Aug 22 01:13:15.640326 2026] [socache_shmcb:debug] [pid 642833:tid 642833] mod_socache_shmcb.c(508): AH00831: socache_shmcb_store (0x5e -> subcache 30)
[Sat Aug 22 01:13:15.640331 2026] [socache_shmcb:debug] [pid 642833:tid 642833] mod_socache_shmcb.c(860): AH00847: insert happened at idx=74, data=(3204:3236)
[Sat Aug 22 01:13:15.640333 2026] [socache_shmcb:debug] [pid 642833:tid 642833] mod_socache_shmcb.c(863): AH00848: finished insert, subcache: idx_pos/idx_used=40/35, data_pos/data_used=9545/7751
[Sat Aug 22 01:13:15.640334 2026] [socache_shmcb:debug] [pid 642833:tid 642833] mod_socache_shmcb.c(530): AH00834: leaving socache_shmcb_store successfully
[Sat Aug 22 01:13:15.647436 2026] [ssl:debug] [pid 642837:tid 642837] ssl_engine_kernel.c(254): [client 2001:b011:4006:9ab6:b1d9:69eb:1f6b:26c9:32818] AH02034: Subsequent (No.6) HTTPS request received for child 5 (server isupport.ilc.edu.tw:443), referer: https://isupport.ilc.edu.tw/8196/
[Sat Aug 22 01:13:15.647675 2026] [authz_core:debug] [pid 642837:tid 642837] mod_authz_core.c(815): [client 2001:b011:4006:9ab6:b1d9:69eb:1f6b:26c9:32818] AH01626: authorization result of Require all granted: granted, referer: https://isupport.ilc.edu.tw/8196/
[Sat Aug 22 01:13:15.647683 2026] [authz_core:debug] [pid 642837:tid 642837] mod_authz_core.c(815): [client 2001:b011:4006:9ab6:b1d9:69eb:1f6b:26c9:32818] AH01626: authorization result of : granted, referer: https://isupport.ilc.edu.tw/8196/
[Sat Aug 22 01:13:15.647988 2026] [deflate:debug] [pid 642837:tid 642837] mod_deflate.c(909): [client 2001:b011:4006:9ab6:b1d9:69eb:1f6b:26c9:32818] AH01384: Zlib: Compressed 5262 to 1708 : URL /wp-content/themes/oceanwp/assets/js/equal-height-elements.min.js, referer: https://isupport.ilc.edu.tw/8196/
[Sat Aug 22 01:13:15.652501 2026] [ssl:debug] [pid 642839:tid 642839] ssl_engine_kernel.c(254): [client 2001:b011:4006:9ab6:b1d9:69eb:1f6b:26c9:32828] AH02034: Subsequent (No.6) HTTPS request received for child 7 (server isupport.ilc.edu.tw:443), referer: https://isupport.ilc.edu.tw/8196/
[Sat Aug 22 01:13:15.652742 2026] [authz_core:debug] [pid 642839:tid 642839] mod_authz_core.c(815): [client 2001:b011:4006:9ab6:b1d9:69eb:1f6b:26c9:32828] AH01626: authorization result of Require all granted: granted, referer: https://isupport.ilc.edu.tw/8196/
[Sat Aug 22 01:13:15.652750 2026] [authz_core:debug] [pid 642839:tid 642839] mod_authz_core.c(815): [client 2001:b011:4006:9ab6:b1d9:69eb:1f6b:26c9:32828] AH01626: authorization result of : granted, referer: https://isupport.ilc.edu.tw/8196/
[Sat Aug 22 01:13:15.653642 2026] [deflate:debug] [pid 642839:tid 642839] mod_deflate.c(909): [client 2001:b011:4006:9ab6:b1d9:69eb:1f6b:26c9:32828] AH01384: Zlib: Compressed 20216 to 7328 : URL /wp-content/themes/oceanwp/assets/js/vendors/magnific-popup.min.js, referer: https://isupport.ilc.edu.tw/8196/
[Sat Aug 22 01:13:15.661164 2026] [ssl:debug] [pid 642838:tid 642838] ssl_engine_kernel.c(254): [client 2001:b011:4006:9ab6:b1d9:69eb:1f6b:26c9:32822] AH02034: Subsequent (No.3) HTTPS request received for child 6 (server isupport.ilc.edu.tw:443), referer: https://isupport.ilc.edu.tw/8196/
[Sat Aug 22 01:13:15.661378 2026] [authz_core:debug] [pid 642838:tid 642838] mod_authz_core.c(815): [client 2001:b011:4006:9ab6:b1d9:69eb:1f6b:26c9:32822] AH01626: authorization result of Require all granted: granted, referer: https://isupport.ilc.edu.tw/8196/
[Sat Aug 22 01:13:15.661385 2026] [authz_core:debug] [pid 642838:tid 642838] mod_authz_core.c(815): [client 2001:b011:4006:9ab6:b1d9:69eb:1f6b:26c9:32822] AH01626: authorization result of : granted, referer: https://isupport.ilc.edu.tw/8196/
[Sat Aug 22 01:13:15.661647 2026] [deflate:debug] [pid 642838:tid 642838] mod_deflate.c(909): [client 2001:b011:4006:9ab6:b1d9:69eb:1f6b:26c9:32822] AH01384: Zlib: Compressed 4111 to 1423 : URL /wp-content/themes/oceanwp/assets/js/ow-lightbox.min.js, referer: https://isupport.ilc.edu.tw/8196/
[Sat Aug 22 01:13:15.668033 2026] [ssl:debug] [pid 642835:tid 642835] ssl_engine_kernel.c(254): [client 2001:b011:4006:9ab6:b1d9:69eb:1f6b:26c9:32810] AH02034: Subsequent (No.4) HTTPS request received for child 2 (server isupport.ilc.edu.tw:443), referer: https://isupport.ilc.edu.tw/8196/
[Sat Aug 22 01:13:15.668251 2026] [authz_core:debug] [pid 642835:tid 642835] mod_authz_core.c(815): [client 2001:b011:4006:9ab6:b1d9:69eb:1f6b:26c9:32810] AH01626: authorization result of Require all granted: granted, referer: https://isupport.ilc.edu.tw/8196/
[Sat Aug 22 01:13:15.668259 2026] [authz_core:debug] [pid 642835:tid 642835] mod_authz_core.c(815): [client 2001:b011:4006:9ab6:b1d9:69eb:1f6b:26c9:32810] AH01626: authorization result of : granted, referer: https://isupport.ilc.edu.tw/8196/
[Sat Aug 22 01:13:15.670534 2026] [deflate:debug] [pid 642835:tid 642835] mod_deflate.c(909): [client 2001:b011:4006:9ab6:b1d9:69eb:1f6b:26c9:32810] AH01384: Zlib: Compressed 57513 to 14083 : URL /wp-content/themes/oceanwp/assets/js/vendors/flickity.pkgd.min.js, referer: https://isupport.ilc.edu.tw/8196/
[Sat Aug 22 01:13:15.671651 2026] [ssl:debug] [pid 642833:tid 642833] ssl_engine_kernel.c(254): [client 2001:b011:4006:9ab6:b1d9:69eb:1f6b:26c9:32842] AH02034: Initial (No.1) HTTPS request received for child 0 (server isupport.ilc.edu.tw:443), referer: https://isupport.ilc.edu.tw/8196/
[Sat Aug 22 01:13:15.671955 2026] [authz_core:debug] [pid 642833:tid 642833] mod_authz_core.c(815): [client 2001:b011:4006:9ab6:b1d9:69eb:1f6b:26c9:32842] AH01626: authorization result of Require all granted: granted, referer: https://isupport.ilc.edu.tw/8196/
[Sat Aug 22 01:13:15.671965 2026] [authz_core:debug] [pid 642833:tid 642833] mod_authz_core.c(815): [client 2001:b011:4006:9ab6:b1d9:69eb:1f6b:26c9:32842] AH01626: authorization result of : granted, referer: https://isupport.ilc.edu.tw/8196/
[Sat Aug 22 01:13:15.672252 2026] [deflate:debug] [pid 642833:tid 642833] mod_deflate.c(909): [client 2001:b011:4006:9ab6:b1d9:69eb:1f6b:26c9:32842] AH01384: Zlib: Compressed 2002 to 864 : URL /wp-content/themes/oceanwp/assets/js/ow-slider.min.js, referer: https://isupport.ilc.edu.tw/8196/
[Sat Aug 22 01:13:15.687011 2026] [ssl:debug] [pid 642837:tid 642837] ssl_engine_kernel.c(254): [client 2001:b011:4006:9ab6:b1d9:69eb:1f6b:26c9:32818] AH02034: Subsequent (No.7) HTTPS request received for child 5 (server isupport.ilc.edu.tw:443), referer: https://isupport.ilc.edu.tw/8196/
[Sat Aug 22 01:13:15.687205 2026] [authz_core:debug] [pid 642837:tid 642837] mod_authz_core.c(815): [client 2001:b011:4006:9ab6:b1d9:69eb:1f6b:26c9:32818] AH01626: authorization result of Require all granted: granted, referer: https://isupport.ilc.edu.tw/8196/
[Sat Aug 22 01:13:15.687211 2026] [authz_core:debug] [pid 642837:tid 642837] mod_authz_core.c(815): [client 2001:b011:4006:9ab6:b1d9:69eb:1f6b:26c9:32818] AH01626: authorization result of : granted, referer: https://isupport.ilc.edu.tw/8196/
[Sat Aug 22 01:13:15.687585 2026] [deflate:debug] [pid 642837:tid 642837] mod_deflate.c(909): [client 2001:b011:4006:9ab6:b1d9:69eb:1f6b:26c9:32818] AH01384: Zlib: Compressed 12402 to 3229 : URL /wp-content/themes/oceanwp/assets/js/scroll-effect.min.js, referer: https://isupport.ilc.edu.tw/8196/
[Sat Aug 22 01:13:15.697226 2026] [ssl:debug] [pid 642838:tid 642838] ssl_engine_kernel.c(254): [client 2001:b011:4006:9ab6:b1d9:69eb:1f6b:26c9:32822] AH02034: Subsequent (No.4) HTTPS request received for child 6 (server isupport.ilc.edu.tw:443), referer: https://isupport.ilc.edu.tw/8196/
[Sat Aug 22 01:13:15.697449 2026] [authz_core:debug] [pid 642838:tid 642838] mod_authz_core.c(815): [client 2001:b011:4006:9ab6:b1d9:69eb:1f6b:26c9:32822] AH01626: authorization result of Require all granted: granted, referer: https://isupport.ilc.edu.tw/8196/
[Sat Aug 22 01:13:15.697455 2026] [authz_core:debug] [pid 642838:tid 642838] mod_authz_core.c(815): [client 2001:b011:4006:9ab6:b1d9:69eb:1f6b:26c9:32822] AH01626: authorization result of : granted, referer: https://isupport.ilc.edu.tw/8196/
[Sat Aug 22 01:13:15.697745 2026] [deflate:debug] [pid 642838:tid 642838] mod_deflate.c(909): [client 2001:b011:4006:9ab6:b1d9:69eb:1f6b:26c9:32822] AH01384: Zlib: Compressed 8989 to 2304 : URL /wp-content/themes/oceanwp/assets/js/scroll-top.min.js, referer: https://isupport.ilc.edu.tw/8196/
[Sat Aug 22 01:13:15.703579 2026] [ssl:debug] [pid 642835:tid 642835] ssl_engine_kernel.c(254): [client 2001:b011:4006:9ab6:b1d9:69eb:1f6b:26c9:32810] AH02034: Subsequent (No.5) HTTPS request received for child 2 (server isupport.ilc.edu.tw:443), referer: https://isupport.ilc.edu.tw/8196/
[Sat Aug 22 01:13:15.703766 2026] [authz_core:debug] [pid 642835:tid 642835] mod_authz_core.c(815): [client 2001:b011:4006:9ab6:b1d9:69eb:1f6b:26c9:32810] AH01626: authorization result of Require all granted: granted, referer: https://isupport.ilc.edu.tw/8196/
[Sat Aug 22 01:13:15.703772 2026] [authz_core:debug] [pid 642835:tid 642835] mod_authz_core.c(815): [client 2001:b011:4006:9ab6:b1d9:69eb:1f6b:26c9:32810] AH01626: authorization result of : granted, referer: https://isupport.ilc.edu.tw/8196/
[Sat Aug 22 01:13:15.703965 2026] [ssl:debug] [pid 642833:tid 642833] ssl_engine_kernel.c(254): [client 2001:b011:4006:9ab6:b1d9:69eb:1f6b:26c9:32842] AH02034: Subsequent (No.2) HTTPS request received for child 0 (server isupport.ilc.edu.tw:443), referer: https://isupport.ilc.edu.tw/8196/
[Sat Aug 22 01:13:15.704044 2026] [deflate:debug] [pid 642835:tid 642835] mod_deflate.c(909): [client 2001:b011:4006:9ab6:b1d9:69eb:1f6b:26c9:32810] AH01384: Zlib: Compressed 5181 to 1510 : URL /wp-content/themes/oceanwp/assets/js/select.min.js, referer: https://isupport.ilc.edu.tw/8196/
[Sat Aug 22 01:13:15.704124 2026] [authz_core:debug] [pid 642833:tid 642833] mod_authz_core.c(815): [client 2001:b011:4006:9ab6:b1d9:69eb:1f6b:26c9:32842] AH01626: authorization result of Require all granted: granted, referer: https://isupport.ilc.edu.tw/8196/
[Sat Aug 22 01:13:15.704129 2026] [authz_core:debug] [pid 642833:tid 642833] mod_authz_core.c(815): [client 2001:b011:4006:9ab6:b1d9:69eb:1f6b:26c9:32842] AH01626: authorization result of : granted, referer: https://isupport.ilc.edu.tw/8196/
[Sat Aug 22 01:13:15.704235 2026] [ssl:debug] [pid 642839:tid 642839] ssl_engine_kernel.c(254): [client 2001:b011:4006:9ab6:b1d9:69eb:1f6b:26c9:32828] AH02034: Subsequent (No.7) HTTPS request received for child 7 (server isupport.ilc.edu.tw:443), referer: https://isupport.ilc.edu.tw/8196/
[Sat Aug 22 01:13:15.704362 2026] [authz_core:debug] [pid 642839:tid 642839] mod_authz_core.c(815): [client 2001:b011:4006:9ab6:b1d9:69eb:1f6b:26c9:32828] AH01626: authorization result of Require all granted: granted, referer: https://isupport.ilc.edu.tw/8196/
[Sat Aug 22 01:13:15.704366 2026] [authz_core:debug] [pid 642839:tid 642839] mod_authz_core.c(815): [client 2001:b011:4006:9ab6:b1d9:69eb:1f6b:26c9:32828] AH01626: authorization result of : granted, referer: https://isupport.ilc.edu.tw/8196/
[Sat Aug 22 01:13:15.704491 2026] [deflate:debug] [pid 642839:tid 642839] mod_deflate.c(909): [client 2001:b011:4006:9ab6:b1d9:69eb:1f6b:26c9:32828] AH01384: Zlib: Compressed 712 to 422 : URL /wp-content/plugins/ocean-extra/includes/widgets/js/flickr.min.js, referer: https://isupport.ilc.edu.tw/8196/
[Sat Aug 22 01:13:15.704877 2026] [deflate:debug] [pid 642833:tid 642833] mod_deflate.c(909): [client 2001:b011:4006:9ab6:b1d9:69eb:1f6b:26c9:32842] AH01384: Zlib: Compressed 25505 to 7646 : URL /wp-content/themes/oceanwp/assets/js/ow-infinite-scroll.min.js, referer: https://isupport.ilc.edu.tw/8196/
[Sat Aug 22 01:13:15.717322 2026] [ssl:debug] [pid 642837:tid 642837] ssl_engine_kernel.c(254): [client 2001:b011:4006:9ab6:b1d9:69eb:1f6b:26c9:32818] AH02034: Subsequent (No.8) HTTPS request received for child 5 (server isupport.ilc.edu.tw:443), referer: https://isupport.ilc.edu.tw/8196/
[Sat Aug 22 01:13:15.717520 2026] [authz_core:debug] [pid 642837:tid 642837] mod_authz_core.c(815): [client 2001:b011:4006:9ab6:b1d9:69eb:1f6b:26c9:32818] AH01626: authorization result of Require all granted: granted, referer: https://isupport.ilc.edu.tw/8196/
[Sat Aug 22 01:13:15.717526 2026] [authz_core:debug] [pid 642837:tid 642837] mod_authz_core.c(815): [client 2001:b011:4006:9ab6:b1d9:69eb:1f6b:26c9:32818] AH01626: authorization result of : granted, referer: https://isupport.ilc.edu.tw/8196/
[Sat Aug 22 01:13:15.717793 2026] [deflate:debug] [pid 642837:tid 642837] mod_deflate.c(909): [client 2001:b011:4006:9ab6:b1d9:69eb:1f6b:26c9:32818] AH01384: Zlib: Compressed 5881 to 2664 : URL /wp-content/plugins/elementor-pro/assets/js/webpack-pro.runtime.min.js, referer: https://isupport.ilc.edu.tw/8196/
[Sat Aug 22 01:13:15.723136 2026] [ssl:debug] [pid 642835:tid 642835] ssl_engine_kernel.c(254): [client 2001:b011:4006:9ab6:b1d9:69eb:1f6b:26c9:32810] AH02034: Subsequent (No.6) HTTPS request received for child 2 (server isupport.ilc.edu.tw:443), referer: https://isupport.ilc.edu.tw/wp-content/cache/isupport.ilc.edu.tw/wpfc-minified/8jq1rsi9/ks8w.css
[Sat Aug 22 01:13:15.723348 2026] [authz_core:debug] [pid 642835:tid 642835] mod_authz_core.c(815): [client 2001:b011:4006:9ab6:b1d9:69eb:1f6b:26c9:32810] AH01626: authorization result of Require all granted: granted, referer: https://isupport.ilc.edu.tw/wp-content/cache/isupport.ilc.edu.tw/wpfc-minified/8jq1rsi9/ks8w.css
[Sat Aug 22 01:13:15.723355 2026] [authz_core:debug] [pid 642835:tid 642835] mod_authz_core.c(815): [client 2001:b011:4006:9ab6:b1d9:69eb:1f6b:26c9:32810] AH01626: authorization result of : granted, referer: https://isupport.ilc.edu.tw/wp-content/cache/isupport.ilc.edu.tw/wpfc-minified/8jq1rsi9/ks8w.css
[Sat Aug 22 01:13:15.726406 2026] [ssl:debug] [pid 642838:tid 642838] ssl_engine_kernel.c(254): [client 2001:b011:4006:9ab6:b1d9:69eb:1f6b:26c9:32822] AH02034: Subsequent (No.5) HTTPS request received for child 6 (server isupport.ilc.edu.tw:443), referer: https://isupport.ilc.edu.tw/wp-content/cache/isupport.ilc.edu.tw/wpfc-minified/8jq1rsi9/ks8w.css
[Sat Aug 22 01:13:15.726630 2026] [authz_core:debug] [pid 642838:tid 642838] mod_authz_core.c(815): [client 2001:b011:4006:9ab6:b1d9:69eb:1f6b:26c9:32822] AH01626: authorization result of Require all granted: granted, referer: https://isupport.ilc.edu.tw/wp-content/cache/isupport.ilc.edu.tw/wpfc-minified/8jq1rsi9/ks8w.css
[Sat Aug 22 01:13:15.726638 2026] [authz_core:debug] [pid 642838:tid 642838] mod_authz_core.c(815): [client 2001:b011:4006:9ab6:b1d9:69eb:1f6b:26c9:32822] AH01626: authorization result of : granted, referer: https://isupport.ilc.edu.tw/wp-content/cache/isupport.ilc.edu.tw/wpfc-minified/8jq1rsi9/ks8w.css
[Sat Aug 22 01:13:15.731966 2026] [ssl:debug] [pid 642839:tid 642839] ssl_engine_kernel.c(254): [client 2001:b011:4006:9ab6:b1d9:69eb:1f6b:26c9:32828] AH02034: Subsequent (No.8) HTTPS request received for child 7 (server isupport.ilc.edu.tw:443), referer: https://isupport.ilc.edu.tw/8196/
[Sat Aug 22 01:13:15.732251 2026] [authz_core:debug] [pid 642839:tid 642839] mod_authz_core.c(815): [client 2001:b011:4006:9ab6:b1d9:69eb:1f6b:26c9:32828] AH01626: authorization result of Require all granted: granted, referer: https://isupport.ilc.edu.tw/8196/
[Sat Aug 22 01:13:15.732320 2026] [authz_core:debug] [pid 642839:tid 642839] mod_authz_core.c(815): [client 2001:b011:4006:9ab6:b1d9:69eb:1f6b:26c9:32828] AH01626: authorization result of : granted, referer: https://isupport.ilc.edu.tw/8196/
[Sat Aug 22 01:13:15.732606 2026] [deflate:debug] [pid 642839:tid 642839] mod_deflate.c(909): [client 2001:b011:4006:9ab6:b1d9:69eb:1f6b:26c9:32828] AH01384: Zlib: Compressed 4997 to 2197 : URL /wp-content/plugins/elementor/assets/js/webpack.runtime.min.js, referer: https://isupport.ilc.edu.tw/8196/
[Sat Aug 22 01:13:15.747013 2026] [ssl:debug] [pid 642833:tid 642833] ssl_engine_kernel.c(254): [client 2001:b011:4006:9ab6:b1d9:69eb:1f6b:26c9:32842] AH02034: Subsequent (No.3) HTTPS request received for child 0 (server isupport.ilc.edu.tw:443), referer: https://isupport.ilc.edu.tw/8196/
[Sat Aug 22 01:13:15.747282 2026] [authz_core:debug] [pid 642833:tid 642833] mod_authz_core.c(815): [client 2001:b011:4006:9ab6:b1d9:69eb:1f6b:26c9:32842] AH01626: authorization result of Require all granted: granted, referer: https://isupport.ilc.edu.tw/8196/
[Sat Aug 22 01:13:15.747294 2026] [authz_core:debug] [pid 642833:tid 642833] mod_authz_core.c(815): [client 2001:b011:4006:9ab6:b1d9:69eb:1f6b:26c9:32842] AH01626: authorization result of : granted, referer: https://isupport.ilc.edu.tw/8196/
[Sat Aug 22 01:13:15.750490 2026] [deflate:debug] [pid 642833:tid 642833] mod_deflate.c(909): [client 2001:b011:4006:9ab6:b1d9:69eb:1f6b:26c9:32842] AH01384: Zlib: Compressed 67411 to 18429 : URL /wp-content/plugins/elementor/assets/js/frontend-modules.min.js, referer: https://isupport.ilc.edu.tw/8196/
[Sat Aug 22 01:13:15.751528 2026] [ssl:debug] [pid 642837:tid 642837] ssl_engine_kernel.c(254): [client 2001:b011:4006:9ab6:b1d9:69eb:1f6b:26c9:32818] AH02034: Subsequent (No.9) HTTPS request received for child 5 (server isupport.ilc.edu.tw:443), referer: https://isupport.ilc.edu.tw/8196/
[Sat Aug 22 01:13:15.751698 2026] [authz_core:debug] [pid 642837:tid 642837] mod_authz_core.c(815): [client 2001:b011:4006:9ab6:b1d9:69eb:1f6b:26c9:32818] AH01626: authorization result of Require all granted: granted, referer: https://isupport.ilc.edu.tw/8196/
[Sat Aug 22 01:13:15.751703 2026] [authz_core:debug] [pid 642837:tid 642837] mod_authz_core.c(815): [client 2001:b011:4006:9ab6:b1d9:69eb:1f6b:26c9:32818] AH01626: authorization result of : granted, referer: https://isupport.ilc.edu.tw/8196/
[Sat Aug 22 01:13:15.751746 2026] [ssl:debug] [pid 642838:tid 642838] ssl_engine_kernel.c(254): [client 2001:b011:4006:9ab6:b1d9:69eb:1f6b:26c9:32822] AH02034: Subsequent (No.6) HTTPS request received for child 6 (server isupport.ilc.edu.tw:443), referer: https://isupport.ilc.edu.tw/8196/
[Sat Aug 22 01:13:15.751890 2026] [authz_core:debug] [pid 642838:tid 642838] mod_authz_core.c(815): [client 2001:b011:4006:9ab6:b1d9:69eb:1f6b:26c9:32822] AH01626: authorization result of Require all granted: granted, referer: https://isupport.ilc.edu.tw/8196/
