[Sat Aug 22 01:13:15.751894 2026] [authz_core:debug] [pid 642838:tid 642838] mod_authz_core.c(815): [client 2001:b011:4006:9ab6:b1d9:69eb:1f6b:26c9:32822] AH01626: authorization result of : granted, referer: https://isupport.ilc.edu.tw/8196/
[Sat Aug 22 01:13:15.751928 2026] [deflate:debug] [pid 642837:tid 642837] mod_deflate.c(909): [client 2001:b011:4006:9ab6:b1d9:69eb:1f6b:26c9:32818] AH01384: Zlib: Compressed 4307 to 1523 : URL /wp-includes/js/dist/hooks.min.js, referer: https://isupport.ilc.edu.tw/8196/
[Sat Aug 22 01:13:15.752089 2026] [ssl:debug] [pid 642839:tid 642839] ssl_engine_kernel.c(254): [client 2001:b011:4006:9ab6:b1d9:69eb:1f6b:26c9:32828] AH02034: Subsequent (No.9) HTTPS request received for child 7 (server isupport.ilc.edu.tw:443), referer: https://isupport.ilc.edu.tw/8196/
[Sat Aug 22 01:13:15.752213 2026] [deflate:debug] [pid 642838:tid 642838] mod_deflate.c(909): [client 2001:b011:4006:9ab6:b1d9:69eb:1f6b:26c9:32822] AH01384: Zlib: Compressed 9141 to 3649 : URL /wp-includes/js/dist/i18n.min.js, referer: https://isupport.ilc.edu.tw/8196/
[Sat Aug 22 01:13:15.752232 2026] [authz_core:debug] [pid 642839:tid 642839] mod_authz_core.c(815): [client 2001:b011:4006:9ab6:b1d9:69eb:1f6b:26c9:32828] AH01626: authorization result of Require all granted: granted, referer: https://isupport.ilc.edu.tw/8196/
[Sat Aug 22 01:13:15.752237 2026] [authz_core:debug] [pid 642839:tid 642839] mod_authz_core.c(815): [client 2001:b011:4006:9ab6:b1d9:69eb:1f6b:26c9:32828] AH01626: authorization result of : granted, referer: https://isupport.ilc.edu.tw/8196/
[Sat Aug 22 01:13:15.752887 2026] [deflate:debug] [pid 642839:tid 642839] mod_deflate.c(909): [client 2001:b011:4006:9ab6:b1d9:69eb:1f6b:26c9:32828] AH01384: Zlib: Compressed 25050 to 6676 : URL /wp-content/plugins/elementor-pro/assets/js/frontend.min.js, referer: https://isupport.ilc.edu.tw/8196/
[Sat Aug 22 01:13:15.755535 2026] [ssl:debug] [pid 642835:tid 642835] ssl_engine_kernel.c(254): [client 2001:b011:4006:9ab6:b1d9:69eb:1f6b:26c9:32810] AH02034: Subsequent (No.7) HTTPS request received for child 2 (server isupport.ilc.edu.tw:443), referer: https://isupport.ilc.edu.tw/8196/
[Sat Aug 22 01:13:15.755688 2026] [authz_core:debug] [pid 642835:tid 642835] mod_authz_core.c(815): [client 2001:b011:4006:9ab6:b1d9:69eb:1f6b:26c9:32810] AH01626: authorization result of Require all granted: granted, referer: https://isupport.ilc.edu.tw/8196/
[Sat Aug 22 01:13:15.755693 2026] [authz_core:debug] [pid 642835:tid 642835] mod_authz_core.c(815): [client 2001:b011:4006:9ab6:b1d9:69eb:1f6b:26c9:32810] AH01626: authorization result of : granted, referer: https://isupport.ilc.edu.tw/8196/
[Sat Aug 22 01:13:15.756031 2026] [deflate:debug] [pid 642835:tid 642835] mod_deflate.c(909): [client 2001:b011:4006:9ab6:b1d9:69eb:1f6b:26c9:32810] AH01384: Zlib: Compressed 12198 to 2975 : URL /wp-content/plugins/elementor/assets/lib/waypoints/waypoints.min.js, referer: https://isupport.ilc.edu.tw/8196/
[Sat Aug 22 01:13:15.776057 2026] [ssl:debug] [pid 642835:tid 642835] ssl_engine_kernel.c(254): [client 2001:b011:4006:9ab6:b1d9:69eb:1f6b:26c9:32810] AH02034: Subsequent (No.8) HTTPS request received for child 2 (server isupport.ilc.edu.tw:443), referer: https://isupport.ilc.edu.tw/8196/
[Sat Aug 22 01:13:15.776243 2026] [authz_core:debug] [pid 642835:tid 642835] mod_authz_core.c(815): [client 2001:b011:4006:9ab6:b1d9:69eb:1f6b:26c9:32810] AH01626: authorization result of Require all granted: granted, referer: https://isupport.ilc.edu.tw/8196/
[Sat Aug 22 01:13:15.776248 2026] [authz_core:debug] [pid 642835:tid 642835] mod_authz_core.c(815): [client 2001:b011:4006:9ab6:b1d9:69eb:1f6b:26c9:32810] AH01626: authorization result of : granted, referer: https://isupport.ilc.edu.tw/8196/
[Sat Aug 22 01:13:15.776943 2026] [deflate:debug] [pid 642835:tid 642835] mod_deflate.c(909): [client 2001:b011:4006:9ab6:b1d9:69eb:1f6b:26c9:32810] AH01384: Zlib: Compressed 21464 to 7088 : URL /wp-includes/js/jquery/ui/core.min.js, referer: https://isupport.ilc.edu.tw/8196/
[Sat Aug 22 01:13:15.777661 2026] [ssl:debug] [pid 642837:tid 642837] ssl_engine_kernel.c(254): [client 2001:b011:4006:9ab6:b1d9:69eb:1f6b:26c9:32818] AH02034: Subsequent (No.10) HTTPS request received for child 5 (server isupport.ilc.edu.tw:443), referer: https://isupport.ilc.edu.tw/8196/
[Sat Aug 22 01:13:15.777821 2026] [authz_core:debug] [pid 642837:tid 642837] mod_authz_core.c(815): [client 2001:b011:4006:9ab6:b1d9:69eb:1f6b:26c9:32818] AH01626: authorization result of Require all granted: granted, referer: https://isupport.ilc.edu.tw/8196/
[Sat Aug 22 01:13:15.777826 2026] [authz_core:debug] [pid 642837:tid 642837] mod_authz_core.c(815): [client 2001:b011:4006:9ab6:b1d9:69eb:1f6b:26c9:32818] AH01626: authorization result of : granted, referer: https://isupport.ilc.edu.tw/8196/
[Sat Aug 22 01:13:15.778946 2026] [deflate:debug] [pid 642837:tid 642837] mod_deflate.c(909): [client 2001:b011:4006:9ab6:b1d9:69eb:1f6b:26c9:32818] AH01384: Zlib: Compressed 40254 to 12204 : URL /wp-content/plugins/elementor/assets/js/frontend.min.js, referer: https://isupport.ilc.edu.tw/8196/
[Sat Aug 22 01:13:15.779050 2026] [ssl:debug] [pid 642838:tid 642838] ssl_engine_kernel.c(254): [client 2001:b011:4006:9ab6:b1d9:69eb:1f6b:26c9:32822] AH02034: Subsequent (No.7) HTTPS request received for child 6 (server isupport.ilc.edu.tw:443), referer: https://isupport.ilc.edu.tw/8196/
[Sat Aug 22 01:13:15.779221 2026] [authz_core:debug] [pid 642838:tid 642838] mod_authz_core.c(815): [client 2001:b011:4006:9ab6:b1d9:69eb:1f6b:26c9:32822] AH01626: authorization result of Require all granted: granted, referer: https://isupport.ilc.edu.tw/8196/
[Sat Aug 22 01:13:15.779226 2026] [authz_core:debug] [pid 642838:tid 642838] mod_authz_core.c(815): [client 2001:b011:4006:9ab6:b1d9:69eb:1f6b:26c9:32822] AH01626: authorization result of : granted, referer: https://isupport.ilc.edu.tw/8196/
[Sat Aug 22 01:13:15.780214 2026] [deflate:debug] [pid 642838:tid 642838] mod_deflate.c(909): [client 2001:b011:4006:9ab6:b1d9:69eb:1f6b:26c9:32822] AH01384: Zlib: Compressed 41573 to 9918 : URL /wp-content/plugins/elementor-pro/assets/js/elements-handlers.min.js, referer: https://isupport.ilc.edu.tw/8196/
[Sat Aug 22 01:13:15.781980 2026] [ssl:debug] [pid 642839:tid 642839] ssl_engine_kernel.c(254): [client 2001:b011:4006:9ab6:b1d9:69eb:1f6b:26c9:32828] AH02034: Subsequent (No.10) HTTPS request received for child 7 (server isupport.ilc.edu.tw:443), referer: https://isupport.ilc.edu.tw/8196/
[Sat Aug 22 01:13:15.782505 2026] [authz_core:debug] [pid 642839:tid 642839] mod_authz_core.c(815): [client 2001:b011:4006:9ab6:b1d9:69eb:1f6b:26c9:32828] AH01626: authorization result of Require all granted: granted, referer: https://isupport.ilc.edu.tw/8196/
[Sat Aug 22 01:13:15.782511 2026] [authz_core:debug] [pid 642839:tid 642839] mod_authz_core.c(815): [client 2001:b011:4006:9ab6:b1d9:69eb:1f6b:26c9:32828] AH01626: authorization result of : granted, referer: https://isupport.ilc.edu.tw/8196/
[Sat Aug 22 01:13:15.783359 2026] [mpm_prefork:info] [pid 42267:tid 42267] AH00162: server seems busy, (you may need to increase StartServers, or Min/MaxSpareServers), spawning 8 children, there are 0 idle, and 20 total children
[Sat Aug 22 01:13:15.788186 2026] [watchdog:debug] [pid 642840:tid 642840] mod_watchdog.c(559): AH02980: Watchdog: nothing configured?
[Sat Aug 22 01:13:15.788364 2026] [ssl:info] [pid 642840:tid 642840] [client 2a02:908:2053:f8e0:e465:bb18:4120:c255:43148] AH01964: Connection to child 8 established (server 2blog.ilc.edu.tw:443)
[Sat Aug 22 01:13:15.788613 2026] [ssl:debug] [pid 642840:tid 642840] ssl_engine_kernel.c(2222): [client 2a02:908:2053:f8e0:e465:bb18:4120:c255:43148] AH02043: SSL virtual host for servername 2blog.ilc.edu.tw found
[Sat Aug 22 01:13:15.788713 2026] [core:debug] [pid 642840:tid 642840] protocol.c(2460): [client 2a02:908:2053:f8e0:e465:bb18:4120:c255:43148] AH03155: select protocol from , choices=h2,http/1.1 for server 2blog.ilc.edu.tw
[Sat Aug 22 01:13:15.788775 2026] [ssl:debug] [pid 642840:tid 642840] ssl_util_stapling.c(819): AH01951: stapling_cb: OCSP Stapling callback called
[Sat Aug 22 01:13:15.788782 2026] [ssl:info] [pid 642840:tid 642840] AH01926: stapling_get_certinfo: stapling not supported for certificate
[Sat Aug 22 01:13:15.790733 2026] [watchdog:debug] [pid 642841:tid 642841] mod_watchdog.c(559): AH02980: Watchdog: nothing configured?
[Sat Aug 22 01:13:15.790931 2026] [ssl:info] [pid 642841:tid 642841] [client 2001:b011:4006:9ab6:b1d9:69eb:1f6b:26c9:32852] AH01964: Connection to child 10 established (server 2blog.ilc.edu.tw:443)
[Sat Aug 22 01:13:15.791339 2026] [ssl:debug] [pid 642841:tid 642841] ssl_engine_kernel.c(2222): [client 2001:b011:4006:9ab6:b1d9:69eb:1f6b:26c9:32852] AH02043: SSL virtual host for servername isupport.ilc.edu.tw found
[Sat Aug 22 01:13:15.791447 2026] [core:debug] [pid 642841:tid 642841] protocol.c(2460): [client 2001:b011:4006:9ab6:b1d9:69eb:1f6b:26c9:32852] AH03155: select protocol from , choices=h2,http/1.1 for server isupport.ilc.edu.tw
[Sat Aug 22 01:13:15.791508 2026] [ssl:debug] [pid 642841:tid 642841] ssl_util_stapling.c(819): AH01951: stapling_cb: OCSP Stapling callback called
[Sat Aug 22 01:13:15.791521 2026] [ssl:info] [pid 642841:tid 642841] AH01926: stapling_get_certinfo: stapling not supported for certificate
[Sat Aug 22 01:13:15.792414 2026] [ssl:debug] [pid 642833:tid 642833] ssl_engine_kernel.c(254): [client 2001:b011:4006:9ab6:b1d9:69eb:1f6b:26c9:32842] AH02034: Subsequent (No.4) HTTPS request received for child 0 (server isupport.ilc.edu.tw:443), referer: https://isupport.ilc.edu.tw/8196/
[Sat Aug 22 01:13:15.792874 2026] [watchdog:debug] [pid 642842:tid 642842] mod_watchdog.c(559): AH02980: Watchdog: nothing configured?
[Sat Aug 22 01:13:15.793311 2026] [authz_core:debug] [pid 642833:tid 642833] mod_authz_core.c(815): [client 2001:b011:4006:9ab6:b1d9:69eb:1f6b:26c9:32842] AH01626: authorization result of Require all granted: granted, referer: https://isupport.ilc.edu.tw/8196/
[Sat Aug 22 01:13:15.793321 2026] [authz_core:debug] [pid 642833:tid 642833] mod_authz_core.c(815): [client 2001:b011:4006:9ab6:b1d9:69eb:1f6b:26c9:32842] AH01626: authorization result of : granted, referer: https://isupport.ilc.edu.tw/8196/
[Sat Aug 22 01:13:15.795639 2026] [watchdog:debug] [pid 642843:tid 642843] mod_watchdog.c(559): AH02980: Watchdog: nothing configured?
[Sat Aug 22 01:13:15.798744 2026] [watchdog:debug] [pid 642844:tid 642844] mod_watchdog.c(559): AH02980: Watchdog: nothing configured?
[Sat Aug 22 01:13:15.799023 2026] [ssl:debug] [pid 642841:tid 642841] ssl_engine_kernel.c(2082): [client 2001:b011:4006:9ab6:b1d9:69eb:1f6b:26c9:32852] AH02041: Protocol: TLSv1.3, Cipher: TLS_AES_256_GCM_SHA384 (256/256 bits)
[Sat Aug 22 01:13:15.799080 2026] [socache_shmcb:debug] [pid 642841:tid 642841] mod_socache_shmcb.c(508): AH00831: socache_shmcb_store (0xab -> subcache 11)
[Sat Aug 22 01:13:15.799091 2026] [socache_shmcb:debug] [pid 642841:tid 642841] mod_socache_shmcb.c(745): AH00842: expiring 3 and reclaiming 0 removed socache entries
[Sat Aug 22 01:13:15.799094 2026] [socache_shmcb:debug] [pid 642841:tid 642841] mod_socache_shmcb.c(765): AH00843: we now have 39 socache entries
[Sat Aug 22 01:13:15.799096 2026] [socache_shmcb:debug] [pid 642841:tid 642841] mod_socache_shmcb.c(860): AH00847: insert happened at idx=43, data=(2194:2226)
[Sat Aug 22 01:13:15.799098 2026] [socache_shmcb:debug] [pid 642841:tid 642841] mod_socache_shmcb.c(863): AH00848: finished insert, subcache: idx_pos/idx_used=4/40, data_pos/data_used=7404/8883
[Sat Aug 22 01:13:15.799100 2026] [socache_shmcb:debug] [pid 642841:tid 642841] mod_socache_shmcb.c(530): AH00834: leaving socache_shmcb_store successfully
[Sat Aug 22 01:13:15.799154 2026] [socache_shmcb:debug] [pid 642841:tid 642841] mod_socache_shmcb.c(508): AH00831: socache_shmcb_store (0x2e -> subcache 14)
[Sat Aug 22 01:13:15.799162 2026] [socache_shmcb:debug] [pid 642841:tid 642841] mod_socache_shmcb.c(860): AH00847: insert happened at idx=13, data=(9461:9493)
[Sat Aug 22 01:13:15.799164 2026] [socache_shmcb:debug] [pid 642841:tid 642841] mod_socache_shmcb.c(863): AH00848: finished insert, subcache: idx_pos/idx_used=65/37, data_pos/data_used=1505/8185
[Sat Aug 22 01:13:15.799166 2026] [socache_shmcb:debug] [pid 642841:tid 642841] mod_socache_shmcb.c(530): AH00834: leaving socache_shmcb_store successfully
[Sat Aug 22 01:13:15.801926 2026] [watchdog:debug] [pid 642845:tid 642845] mod_watchdog.c(559): AH02980: Watchdog: nothing configured?
[Sat Aug 22 01:13:15.804218 2026] [watchdog:debug] [pid 642846:tid 642846] mod_watchdog.c(559): AH02980: Watchdog: nothing configured?
[Sat Aug 22 01:13:15.806807 2026] [watchdog:debug] [pid 642847:tid 642847] mod_watchdog.c(559): AH02980: Watchdog: nothing configured?
[Sat Aug 22 01:13:15.903633 2026] [ssl:debug] [pid 642836:tid 642836] ssl_engine_kernel.c(254): [client 2001:b011:4006:9ab6:b1d9:69eb:1f6b:26c9:32816] AH02034: Subsequent (No.6) HTTPS request received for child 4 (server isupport.ilc.edu.tw:443), referer: https://isupport.ilc.edu.tw/wp-content/cache/isupport.ilc.edu.tw/wpfc-minified/8jq1rsi9/ks8w.css
[Sat Aug 22 01:13:15.903925 2026] [authz_core:debug] [pid 642836:tid 642836] mod_authz_core.c(815): [client 2001:b011:4006:9ab6:b1d9:69eb:1f6b:26c9:32816] AH01626: authorization result of Require all granted: granted, referer: https://isupport.ilc.edu.tw/wp-content/cache/isupport.ilc.edu.tw/wpfc-minified/8jq1rsi9/ks8w.css
[Sat Aug 22 01:13:15.903936 2026] [authz_core:debug] [pid 642836:tid 642836] mod_authz_core.c(815): [client 2001:b011:4006:9ab6:b1d9:69eb:1f6b:26c9:32816] AH01626: authorization result of : granted, referer: https://isupport.ilc.edu.tw/wp-content/cache/isupport.ilc.edu.tw/wpfc-minified/8jq1rsi9/ks8w.css
[Sat Aug 22 01:13:16.072317 2026] [ssl:debug] [pid 642840:tid 642840] ssl_engine_io.c(1476): (104)Connection reset by peer: [client 2a02:908:2053:f8e0:e465:bb18:4120:c255:43148] AH02007: SSL handshake interrupted by system [Hint: Stop button pressed in browser?!]
[Sat Aug 22 01:13:16.072466 2026] [ssl:info] [pid 642840:tid 642840] [client 2a02:908:2053:f8e0:e465:bb18:4120:c255:43148] AH01998: Connection closed to child 8 with abortive shutdown (server 2blog.ilc.edu.tw:443)
[Sat Aug 22 01:13:16.129702 2026] [ssl:debug] [pid 642836:tid 642836] ssl_engine_kernel.c(254): [client 2001:b011:4006:9ab6:b1d9:69eb:1f6b:26c9:32816] AH02034: Subsequent (No.7) HTTPS request received for child 4 (server isupport.ilc.edu.tw:443), referer: https://isupport.ilc.edu.tw/8196/
[Sat Aug 22 01:13:16.129943 2026] [authz_core:debug] [pid 642836:tid 642836] mod_authz_core.c(815): [client 2001:b011:4006:9ab6:b1d9:69eb:1f6b:26c9:32816] AH01626: authorization result of Require all granted: granted, referer: https://isupport.ilc.edu.tw/8196/
[Sat Aug 22 01:13:16.129952 2026] [authz_core:debug] [pid 642836:tid 642836] mod_authz_core.c(815): [client 2001:b011:4006:9ab6:b1d9:69eb:1f6b:26c9:32816] AH01626: authorization result of : granted, referer: https://isupport.ilc.edu.tw/8196/
[Sat Aug 22 01:13:16.130223 2026] [deflate:debug] [pid 642836:tid 642836] mod_deflate.c(909): [client 2001:b011:4006:9ab6:b1d9:69eb:1f6b:26c9:32816] AH01384: Zlib: Compressed 1360 to 648 : URL /wp-content/plugins/elementor/assets/js/text-editor.2c35aafbe5bf0e127950.bundle.min.js, referer: https://isupport.ilc.edu.tw/8196/
[Sat Aug 22 01:13:16.414925 2026] [ssl:debug] [pid 642836:tid 642836] ssl_engine_kernel.c(254): [client 2001:b011:4006:9ab6:b1d9:69eb:1f6b:26c9:32816] AH02034: Subsequent (No.8) HTTPS request received for child 4 (server isupport.ilc.edu.tw:443), referer: https://isupport.ilc.edu.tw/8196/
[Sat Aug 22 01:13:16.415737 2026] [authz_core:debug] [pid 642836:tid 642836] mod_authz_core.c(815): [client 2001:b011:4006:9ab6:b1d9:69eb:1f6b:26c9:32816] AH01626: authorization result of Require all granted: granted, referer: https://isupport.ilc.edu.tw/8196/
[Sat Aug 22 01:13:16.415751 2026] [authz_core:debug] [pid 642836:tid 642836] mod_authz_core.c(815): [client 2001:b011:4006:9ab6:b1d9:69eb:1f6b:26c9:32816] AH01626: authorization result of : granted, referer: https://isupport.ilc.edu.tw/8196/
[Sat Aug 22 01:13:16.418627 2026] [ssl:debug] [pid 642833:tid 642833] ssl_engine_kernel.c(254): [client 2001:b011:4006:9ab6:b1d9:69eb:1f6b:26c9:32842] AH02034: Subsequent (No.5) HTTPS request received for child 0 (server isupport.ilc.edu.tw:443), referer: https://isupport.ilc.edu.tw/8196/
[Sat Aug 22 01:13:16.420013 2026] [authz_core:debug] [pid 642833:tid 642833] mod_authz_core.c(815): [client 2001:b011:4006:9ab6:b1d9:69eb:1f6b:26c9:32842] AH01626: authorization result of Require all granted: granted, referer: https://isupport.ilc.edu.tw/8196/
[Sat Aug 22 01:13:16.420024 2026] [authz_core:debug] [pid 642833:tid 642833] mod_authz_core.c(815): [client 2001:b011:4006:9ab6:b1d9:69eb:1f6b:26c9:32842] AH01626: authorization result of : granted, referer: https://isupport.ilc.edu.tw/8196/
[Sat Aug 22 01:13:16.748207 2026] [authz_core:debug] [pid 642842:tid 642842] mod_authz_core.c(815): [client 2400:e920:0:2:f45d:ddff:fe00:7a:50133] AH01626: authorization result of Require all granted: granted, referer: http://ilta.ilc.edu.tw
[Sat Aug 22 01:13:16.748254 2026] [authz_core:debug] [pid 642842:tid 642842] mod_authz_core.c(815): [client 2400:e920:0:2:f45d:ddff:fe00:7a:50133] AH01626: authorization result of : granted, referer: http://ilta.ilc.edu.tw
[Sat Aug 22 01:13:16.861111 2026] [ssl:debug] [pid 642806:tid 642806] ssl_engine_io.c(1150): [client 216.73.216.122:14639] AH02001: Connection closed to child 17 with standard shutdown (server 2blog.ilc.edu.tw:443)
[Sat Aug 22 01:13:16.893107 2026] [ssl:debug] [pid 642802:tid 642802] ssl_engine_io.c(1150): [client 216.73.216.122:22177] AH02001: Connection closed to child 13 with standard shutdown (server 2blog.ilc.edu.tw:443)
[Sat Aug 22 01:13:17.113359 2026] [ssl:info] [pid 642843:tid 642843] [client 2400:e920:0:2:f45d:ddff:fe00:7a:50155] AH01964: Connection to child 12 established (server 2blog.ilc.edu.tw:443)
[Sat Aug 22 01:13:17.113759 2026] [ssl:debug] [pid 642843:tid 642843] ssl_engine_kernel.c(2222): [client 2400:e920:0:2:f45d:ddff:fe00:7a:50155] AH02043: SSL virtual host for servername ilta.ilc.edu.tw found
[Sat Aug 22 01:13:17.113897 2026] [core:debug] [pid 642843:tid 642843] protocol.c(2460): [client 2400:e920:0:2:f45d:ddff:fe00:7a:50155] AH03155: select protocol from , choices=http/1.1 for server ilta.ilc.edu.tw
[Sat Aug 22 01:13:17.195624 2026] [ssl:debug] [pid 642807:tid 642807] ssl_engine_io.c(1150): [client 216.73.216.122:27900] AH02001: Connection closed to child 18 with standard shutdown (server 2blog.ilc.edu.tw:443)
[Sat Aug 22 01:13:17.197471 2026] [ssl:info] [pid 642844:tid 642844] [client 2a00:1851:0:1ffb:98f4:7d48:c6b6:5329:45250] AH01964: Connection to child 14 established (server 2blog.ilc.edu.tw:443)
[Sat Aug 22 01:13:17.197841 2026] [ssl:debug] [pid 642844:tid 642844] ssl_engine_kernel.c(2222): [client 2a00:1851:0:1ffb:98f4:7d48:c6b6:5329:45250] AH02043: SSL virtual host for servername 2blog.ilc.edu.tw found
[Sat Aug 22 01:13:17.197947 2026] [core:debug] [pid 642844:tid 642844] protocol.c(2460): [client 2a00:1851:0:1ffb:98f4:7d48:c6b6:5329:45250] AH03155: select protocol from , choices=h2,http/1.1 for server 2blog.ilc.edu.tw
[Sat Aug 22 01:13:17.198013 2026] [ssl:debug] [pid 642844:tid 642844] ssl_util_stapling.c(819): AH01951: stapling_cb: OCSP Stapling callback called
[Sat Aug 22 01:13:17.198020 2026] [ssl:info] [pid 642844:tid 642844] AH01926: stapling_get_certinfo: stapling not supported for certificate
[Sat Aug 22 01:13:17.201573 2026] [ssl:debug] [pid 642674:tid 642674] ssl_engine_io.c(1150): [client 216.73.216.122:6508] AH02001: Connection closed to child 32 with standard shutdown (server 2blog.ilc.edu.tw:443)
[Sat Aug 22 01:13:17.212665 2026] [ssl:debug] [pid 642817:tid 642817] ssl_engine_io.c(1150): [client 216.73.216.122:35375] AH02001: Connection closed to child 35 with standard shutdown (server 2blog.ilc.edu.tw:443)
[Sat Aug 22 01:13:17.216895 2026] [ssl:debug] [pid 642661:tid 642661] ssl_engine_io.c(1150): [client 216.73.216.122:28193] AH02001: Connection closed to child 9 with standard shutdown (server 2blog.ilc.edu.tw:443)
[Sat Aug 22 01:13:17.224338 2026] [ssl:debug] [pid 642843:tid 642843] ssl_engine_kernel.c(2082): [client 2400:e920:0:2:f45d:ddff:fe00:7a:50155] AH02041: Protocol: TLSv1.3, Cipher: TLS_AES_256_GCM_SHA384 (256/256 bits)
[Sat Aug 22 01:13:17.224402 2026] [socache_shmcb:debug] [pid 642843:tid 642843] mod_socache_shmcb.c(508): AH00831: socache_shmcb_store (0xa2 -> subcache 2)
[Sat Aug 22 01:13:17.224412 2026] [socache_shmcb:debug] [pid 642843:tid 642843] mod_socache_shmcb.c(860): AH00847: insert happened at idx=73, data=(3109:3141)
[Sat Aug 22 01:13:17.224414 2026] [socache_shmcb:debug] [pid 642843:tid 642843] mod_socache_shmcb.c(863): AH00848: finished insert, subcache: idx_pos/idx_used=40/34, data_pos/data_used=9593/7604
[Sat Aug 22 01:13:17.224416 2026] [socache_shmcb:debug] [pid 642843:tid 642843] mod_socache_shmcb.c(530): AH00834: leaving socache_shmcb_store successfully
[Sat Aug 22 01:13:17.224481 2026] [socache_shmcb:debug] [pid 642843:tid 642843] mod_socache_shmcb.c(508): AH00831: socache_shmcb_store (0x70 -> subcache 16)
[Sat Aug 22 01:13:17.224492 2026] [socache_shmcb:debug] [pid 642843:tid 642843] mod_socache_shmcb.c(860): AH00847: insert happened at idx=35, data=(504:536)
[Sat Aug 22 01:13:17.224504 2026] [socache_shmcb:debug] [pid 642843:tid 642843] mod_socache_shmcb.c(863): AH00848: finished insert, subcache: idx_pos/idx_used=79/45, data_pos/data_used=4513/10079
[Sat Aug 22 01:13:17.224506 2026] [socache_shmcb:debug] [pid 642843:tid 642843] mod_socache_shmcb.c(530): AH00834: leaving socache_shmcb_store successfully
[Sat Aug 22 01:13:17.224925 2026] [ssl:debug] [pid 642843:tid 642843] ssl_engine_kernel.c(254): [client 2400:e920:0:2:f45d:ddff:fe00:7a:50155] AH02034: Initial (No.1) HTTPS request received for child 12 (server ilta.ilc.edu.tw:443), referer: http://ilta.ilc.edu.tw
[Sat Aug 22 01:13:17.225182 2026] [authz_core:debug] [pid 642843:tid 642843] mod_authz_core.c(815): [client 2400:e920:0:2:f45d:ddff:fe00:7a:50155] AH01626: authorization result of Require all granted: granted, referer: http://ilta.ilc.edu.tw
[Sat Aug 22 01:13:17.225188 2026] [authz_core:debug] [pid 642843:tid 642843] mod_authz_core.c(815): [client 2400:e920:0:2:f45d:ddff:fe00:7a:50155] AH01626: authorization result of : granted, referer: http://ilta.ilc.edu.tw
[Sat Aug 22 01:13:17.357465 2026] [deflate:debug] [pid 642843:tid 642843] mod_deflate.c(909): [client 2400:e920:0:2:f45d:ddff:fe00:7a:50155] AH01384: Zlib: Compressed 13605 to 5007 : URL /wp-login.php, referer: http://ilta.ilc.edu.tw
[Sat Aug 22 01:13:17.571850 2026] [authz_core:debug] [pid 642845:tid 642845] mod_authz_core.c(815): [client 2400:e920:0:2:f45d:ddff:fe00:7a:50186] AH01626: authorization result of Require all granted: granted, referer: http://ilta.ilc.edu.tw
[Sat Aug 22 01:13:17.571886 2026] [authz_core:debug] [pid 642845:tid 642845] mod_authz_core.c(815): [client 2400:e920:0:2:f45d:ddff:fe00:7a:50186] AH01626: authorization result of : granted, referer: http://ilta.ilc.edu.tw
[Sat Aug 22 01:13:17.633128 2026] [ssl:info] [pid 642846:tid 642846] [client 2a12:da84:6ea8:73fb:daaf:910b:b5ba:45a9:59025] AH01964: Connection to child 19 established (server 2blog.ilc.edu.tw:443)
[Sat Aug 22 01:13:17.633465 2026] [ssl:debug] [pid 642846:tid 642846] ssl_engine_kernel.c(2222): [client 2a12:da84:6ea8:73fb:daaf:910b:b5ba:45a9:59025] AH02043: SSL virtual host for servername 2blog.ilc.edu.tw found
[Sat Aug 22 01:13:17.633567 2026] [core:debug] [pid 642846:tid 642846] protocol.c(2460): [client 2a12:da84:6ea8:73fb:daaf:910b:b5ba:45a9:59025] AH03155: select protocol from , choices=h2,http/1.1 for server 2blog.ilc.edu.tw
[Sat Aug 22 01:13:17.633632 2026] [ssl:debug] [pid 642846:tid 642846] ssl_util_stapling.c(819): AH01951: stapling_cb: OCSP Stapling callback called
[Sat Aug 22 01:13:17.633638 2026] [ssl:info] [pid 642846:tid 642846] AH01926: stapling_get_certinfo: stapling not supported for certificate
[Sat Aug 22 01:13:17.759483 2026] [ssl:debug] [pid 642846:tid 642846] ssl_engine_kernel.c(2082): [client 2a12:da84:6ea8:73fb:daaf:910b:b5ba:45a9:59025] AH02041: Protocol: TLSv1.3, Cipher: TLS_AES_256_GCM_SHA384 (256/256 bits)
[Sat Aug 22 01:13:17.759560 2026] [socache_shmcb:debug] [pid 642846:tid 642846] mod_socache_shmcb.c(508): AH00831: socache_shmcb_store (0xa9 -> subcache 9)
[Sat Aug 22 01:13:17.759573 2026] [socache_shmcb:debug] [pid 642846:tid 642846] mod_socache_shmcb.c(745): AH00842: expiring 1 and reclaiming 0 removed socache entries
[Sat Aug 22 01:13:17.759576 2026] [socache_shmcb:debug] [pid 642846:tid 642846] mod_socache_shmcb.c(765): AH00843: we now have 37 socache entries
[Sat Aug 22 01:13:17.759578 2026] [socache_shmcb:debug] [pid 642846:tid 642846] mod_socache_shmcb.c(860): AH00847: insert happened at idx=8, data=(8264:8296)
[Sat Aug 22 01:13:17.759579 2026] [socache_shmcb:debug] [pid 642846:tid 642846] mod_socache_shmcb.c(863): AH00848: finished insert, subcache: idx_pos/idx_used=59/38, data_pos/data_used=37/8453
[Sat Aug 22 01:13:17.759581 2026] [socache_shmcb:debug] [pid 642846:tid 642846] mod_socache_shmcb.c(530): AH00834: leaving socache_shmcb_store successfully
[Sat Aug 22 01:13:17.759657 2026] [socache_shmcb:debug] [pid 642846:tid 642846] mod_socache_shmcb.c(508): AH00831: socache_shmcb_store (0x16 -> subcache 22)
[Sat Aug 22 01:13:17.759676 2026] [socache_shmcb:debug] [pid 642846:tid 642846] mod_socache_shmcb.c(860): AH00847: insert happened at idx=63, data=(1026:1058)
[Sat Aug 22 01:13:17.759678 2026] [socache_shmcb:debug] [pid 642846:tid 642846] mod_socache_shmcb.c(863): AH00848: finished insert, subcache: idx_pos/idx_used=33/31, data_pos/data_used=8216/6899
[Sat Aug 22 01:13:17.759679 2026] [socache_shmcb:debug] [pid 642846:tid 642846] mod_socache_shmcb.c(530): AH00834: leaving socache_shmcb_store successfully
[Sat Aug 22 01:13:17.759836 2026] [ssl:debug] [pid 642846:tid 642846] ssl_engine_kernel.c(254): [client 2a12:da84:6ea8:73fb:daaf:910b:b5ba:45a9:59025] AH02034: Initial (No.1) HTTPS request received for child 19 (server 2blog.ilc.edu.tw:443)
[Sat Aug 22 01:13:17.760173 2026] [authz_core:debug] [pid 642846:tid 642846] mod_authz_core.c(815): [client 2a12:da84:6ea8:73fb:daaf:910b:b5ba:45a9:59025] AH01626: authorization result of Require all granted: granted
[Sat Aug 22 01:13:17.760182 2026] [authz_core:debug] [pid 642846:tid 642846] mod_authz_core.c(815): [client 2a12:da84:6ea8:73fb:daaf:910b:b5ba:45a9:59025] AH01626: authorization result of : granted
[Sat Aug 22 01:13:17.760799 2026] [authz_core:debug] [pid 642846:tid 642846] mod_authz_core.c(815): [client 2a12:da84:6ea8:73fb:daaf:910b:b5ba:45a9:59025] AH01626: authorization result of Require all granted: granted
[Sat Aug 22 01:13:17.760805 2026] [authz_core:debug] [pid 642846:tid 642846] mod_authz_core.c(815): [client 2a12:da84:6ea8:73fb:daaf:910b:b5ba:45a9:59025] AH01626: authorization result of : granted
[Sat Aug 22 01:13:17.786247 2026] [deflate:debug] [pid 642846:tid 642846] mod_deflate.c(909): [client 2a12:da84:6ea8:73fb:daaf:910b:b5ba:45a9:59025] AH01384: Zlib: Compressed 30210 to 7600 : URL /index.php
[Sat Aug 22 01:13:17.808571 2026] [ssl:info] [pid 642847:tid 642847] [client 66.249.71.37:37481] AH01964: Connection to child 20 established (server 2blog.ilc.edu.tw:443)
[Sat Aug 22 01:13:17.808920 2026] [ssl:debug] [pid 642847:tid 642847] ssl_engine_kernel.c(2222): [client 66.249.71.37:37481] AH02043: SSL virtual host for servername 2blog.ilc.edu.tw found
[Sat Aug 22 01:13:17.809099 2026] [ssl:debug] [pid 642847:tid 642847] ssl_util_stapling.c(819): AH01951: stapling_cb: OCSP Stapling callback called
[Sat Aug 22 01:13:17.809107 2026] [ssl:info] [pid 642847:tid 642847] AH01926: stapling_get_certinfo: stapling not supported for certificate
[Sat Aug 22 01:13:17.817010 2026] [ssl:debug] [pid 642847:tid 642847] ssl_engine_kernel.c(2082): [client 66.249.71.37:37481] AH02041: Protocol: TLSv1.3, Cipher: TLS_AES_256_GCM_SHA384 (256/256 bits)
[Sat Aug 22 01:13:17.817097 2026] [socache_shmcb:debug] [pid 642847:tid 642847] mod_socache_shmcb.c(508): AH00831: socache_shmcb_store (0xec -> subcache 12)
[Sat Aug 22 01:13:17.817114 2026] [socache_shmcb:debug] [pid 642847:tid 642847] mod_socache_shmcb.c(860): AH00847: insert happened at idx=6, data=(7848:7880)
[Sat Aug 22 01:13:17.817116 2026] [socache_shmcb:debug] [pid 642847:tid 642847] mod_socache_shmcb.c(863): AH00848: finished insert, subcache: idx_pos/idx_used=61/34, data_pos/data_used=460/7601
[Sat Aug 22 01:13:17.817118 2026] [socache_shmcb:debug] [pid 642847:tid 642847] mod_socache_shmcb.c(530): AH00834: leaving socache_shmcb_store successfully
[Sat Aug 22 01:13:17.817195 2026] [socache_shmcb:debug] [pid 642847:tid 642847] mod_socache_shmcb.c(508): AH00831: socache_shmcb_store (0x1e -> subcache 30)
[Sat Aug 22 01:13:17.817206 2026] [socache_shmcb:debug] [pid 642847:tid 642847] mod_socache_shmcb.c(860): AH00847: insert happened at idx=75, data=(3432:3464)
[Sat Aug 22 01:13:17.817208 2026] [socache_shmcb:debug] [pid 642847:tid 642847] mod_socache_shmcb.c(863): AH00848: finished insert, subcache: idx_pos/idx_used=40/36, data_pos/data_used=9545/7964
[Sat Aug 22 01:13:17.817211 2026] [socache_shmcb:debug] [pid 642847:tid 642847] mod_socache_shmcb.c(530): AH00834: leaving socache_shmcb_store successfully
[Sat Aug 22 01:13:17.817420 2026] [ssl:debug] [pid 642847:tid 642847] ssl_engine_kernel.c(254): [client 66.249.71.37:37481] AH02034: Initial (No.1) HTTPS request received for child 20 (server 2blog.ilc.edu.tw:443)
[Sat Aug 22 01:13:17.817702 2026] [authz_core:debug] [pid 642847:tid 642847] mod_authz_core.c(815): [client 66.249.71.37:37481] AH01626: authorization result of Require all granted: granted
[Sat Aug 22 01:13:17.817709 2026] [authz_core:debug] [pid 642847:tid 642847] mod_authz_core.c(815): [client 66.249.71.37:37481] AH01626: authorization result of : granted
[Sat Aug 22 01:13:17.818281 2026] [authz_core:debug] [pid 642847:tid 642847] mod_authz_core.c(815): [client 66.249.71.37:37481] AH01626: authorization result of Require all granted: granted
[Sat Aug 22 01:13:17.818289 2026] [authz_core:debug] [pid 642847:tid 642847] mod_authz_core.c(815): [client 66.249.71.37:37481] AH01626: authorization result of : granted
[Sat Aug 22 01:13:17.866618 2026] [ssl:debug] [pid 642717:tid 642717] ssl_engine_io.c(1150): [client 216.73.216.122:58126] AH02001: Connection closed to child 3 with standard shutdown (server 2blog.ilc.edu.tw:443)
[Sat Aug 22 01:13:17.916381 2026] [ssl:debug] [pid 642846:tid 642846] ssl_engine_io.c(1150): [client 2a12:da84:6ea8:73fb:daaf:910b:b5ba:45a9:59025] AH02001: Connection closed to child 19 with standard shutdown (server 2blog.ilc.edu.tw:443)
[Sat Aug 22 01:13:17.924387 2026] [ssl:info] [pid 642840:tid 642840] [client 2400:e920:0:2:f45d:ddff:fe00:7a:50209] AH01964: Connection to child 8 established (server 2blog.ilc.edu.tw:443)
[Sat Aug 22 01:13:17.924594 2026] [ssl:debug] [pid 642840:tid 642840] ssl_engine_kernel.c(2222): [client 2400:e920:0:2:f45d:ddff:fe00:7a:50209] AH02043: SSL virtual host for servername ilta.ilc.edu.tw found
[Sat Aug 22 01:13:17.924656 2026] [core:debug] [pid 642840:tid 642840] protocol.c(2460): [client 2400:e920:0:2:f45d:ddff:fe00:7a:50209] AH03155: select protocol from , choices=http/1.1 for server ilta.ilc.edu.tw
[Sat Aug 22 01:13:17.962290 2026] [ssl:debug] [pid 642804:tid 642804] ssl_engine_io.c(1150): [client 216.73.216.122:45290] AH02001: Connection closed to child 15 with standard shutdown (server 2blog.ilc.edu.tw:443)
[Sat Aug 22 01:13:17.972744 2026] [deflate:debug] [pid 642847:tid 642847] mod_deflate.c(909): [client 66.249.71.37:37481] AH01384: Zlib: Compressed 31405 to 9952 : URL /index.php
[Sat Aug 22 01:13:18.022425 2026] [ssl:info] [pid 642780:tid 642780] (70014)End of file found: [client 66.249.79.34:47609] AH01992: SSL library error 6 reading data
[Sat Aug 22 01:13:18.022515 2026] [ssl:debug] [pid 642780:tid 642780] ssl_engine_io.c(1150): [client 66.249.79.34:47609] AH02001: Connection closed to child 24 with standard shutdown (server www.ilc.edu.tw:443)
[Sat Aug 22 01:13:18.027217 2026] [ssl:debug] [pid 642840:tid 642840] ssl_engine_kernel.c(2082): [client 2400:e920:0:2:f45d:ddff:fe00:7a:50209] AH02041: Protocol: TLSv1.3, Cipher: TLS_AES_256_GCM_SHA384 (256/256 bits)
[Sat Aug 22 01:13:18.027298 2026] [socache_shmcb:debug] [pid 642840:tid 642840] mod_socache_shmcb.c(508): AH00831: socache_shmcb_store (0x1d -> subcache 29)
[Sat Aug 22 01:13:18.027313 2026] [socache_shmcb:debug] [pid 642840:tid 642840] mod_socache_shmcb.c(860): AH00847: insert happened at idx=2, data=(6933:6965)
[Sat Aug 22 01:13:18.027316 2026] [socache_shmcb:debug] [pid 642840:tid 642840] mod_socache_shmcb.c(863): AH00848: finished insert, subcache: idx_pos/idx_used=43/48, data_pos/data_used=10240/10782
[Sat Aug 22 01:13:18.027320 2026] [socache_shmcb:debug] [pid 642840:tid 642840] mod_socache_shmcb.c(530): AH00834: leaving socache_shmcb_store successfully
[Sat Aug 22 01:13:18.027414 2026] [socache_shmcb:debug] [pid 642840:tid 642840] mod_socache_shmcb.c(508): AH00831: socache_shmcb_store (0xc3 -> subcache 3)
[Sat Aug 22 01:13:18.027426 2026] [socache_shmcb:debug] [pid 642840:tid 642840] mod_socache_shmcb.c(745): AH00842: expiring 4 and reclaiming 0 removed socache entries
[Sat Aug 22 01:13:18.027429 2026] [socache_shmcb:debug] [pid 642840:tid 642840] mod_socache_shmcb.c(765): AH00843: we now have 35 socache entries
[Sat Aug 22 01:13:18.027446 2026] [socache_shmcb:debug] [pid 642840:tid 642840] mod_socache_shmcb.c(860): AH00847: insert happened at idx=7, data=(8072:8104)
[Sat Aug 22 01:13:18.027448 2026] [socache_shmcb:debug] [pid 642840:tid 642840] mod_socache_shmcb.c(863): AH00848: finished insert, subcache: idx_pos/idx_used=60/36, data_pos/data_used=289/8007
[Sat Aug 22 01:13:18.027450 2026] [socache_shmcb:debug] [pid 642840:tid 642840] mod_socache_shmcb.c(530): AH00834: leaving socache_shmcb_store successfully
[Sat Aug 22 01:13:18.027661 2026] [ssl:debug] [pid 642840:tid 642840] ssl_engine_kernel.c(254): [client 2400:e920:0:2:f45d:ddff:fe00:7a:50209] AH02034: Initial (No.1) HTTPS request received for child 8 (server ilta.ilc.edu.tw:443), referer: http://ilta.ilc.edu.tw
[Sat Aug 22 01:13:18.027986 2026] [authz_core:debug] [pid 642840:tid 642840] mod_authz_core.c(815): [client 2400:e920:0:2:f45d:ddff:fe00:7a:50209] AH01626: authorization result of Require all granted: granted, referer: http://ilta.ilc.edu.tw
[Sat Aug 22 01:13:18.027994 2026] [authz_core:debug] [pid 642840:tid 642840] mod_authz_core.c(815): [client 2400:e920:0:2:f45d:ddff:fe00:7a:50209] AH01626: authorization result of : granted, referer: http://ilta.ilc.edu.tw
[Sat Aug 22 01:13:18.045097 2026] [ssl:debug] [pid 642676:tid 642676] ssl_engine_io.c(1150): [client 216.73.216.122:34600] AH02001: Connection closed to child 34 with standard shutdown (server 2blog.ilc.edu.tw:443)
[Sat Aug 22 01:13:18.098657 2026] [headers:debug] [pid 642806:tid 642806] mod_headers.c(900): AH01503: headers: ap_headers_error_filter()
[Sat Aug 22 01:13:18.125095 2026] [ssl:debug] [pid 642823:tid 642823] ssl_engine_io.c(1150): [client 216.73.216.122:33602] AH02001: Connection closed to child 42 with standard shutdown (server 2blog.ilc.edu.tw:443)
[Sat Aug 22 01:13:18.158024 2026] [deflate:debug] [pid 642840:tid 642840] mod_deflate.c(909): [client 2400:e920:0:2:f45d:ddff:fe00:7a:50209] AH01384: Zlib: Compressed 13605 to 5005 : URL /wp-login.php, referer: http://ilta.ilc.edu.tw
[Sat Aug 22 01:13:18.180783 2026] [ssl:info] [pid 642802:tid 642802] [client 2001:288:a201::66:125:2942] AH01964: Connection to child 13 established (server 2blog.ilc.edu.tw:443)
[Sat Aug 22 01:13:18.180977 2026] [ssl:debug] [pid 642802:tid 642802] ssl_engine_kernel.c(2252): [client 2001:288:a201::66:125:2942] AH02645: Server name not provided via TLS extension (using default/first virtual host)
[Sat Aug 22 01:13:18.180995 2026] [socache_shmcb:debug] [pid 642802:tid 642802] mod_socache_shmcb.c(545): AH00835: socache_shmcb_retrieve (0x69 -> subcache 9)
[Sat Aug 22 01:13:18.181001 2026] [socache_shmcb:debug] [pid 642802:tid 642802] mod_socache_shmcb.c(896): AH00849: match at idx=71, data=2703
[Sat Aug 22 01:13:18.181004 2026] [socache_shmcb:debug] [pid 642802:tid 642802] mod_socache_shmcb.c(556): AH00836: leaving socache_shmcb_retrieve successfully
[Sat Aug 22 01:13:18.181913 2026] [ssl:debug] [pid 642802:tid 642802] ssl_engine_kernel.c(2082): [client 2001:288:a201::66:125:2942] AH02041: Protocol: TLSv1.2, Cipher: ECDHE-RSA-AES256-GCM-SHA384 (256/256 bits)
[Sat Aug 22 01:13:18.182034 2026] [ssl:debug] [pid 642802:tid 642802] ssl_engine_kernel.c(254): [client 2001:288:a201::66:125:2942] AH02034: Initial (No.1) HTTPS request received for child 13 (server 2blog.ilc.edu.tw:443)
[Sat Aug 22 01:13:18.182257 2026] [authz_core:debug] [pid 642802:tid 642802] mod_authz_core.c(815): [client 2001:288:a201::66:125:2942] AH01626: authorization result of Require all granted: granted
[Sat Aug 22 01:13:18.182266 2026] [authz_core:debug] [pid 642802:tid 642802] mod_authz_core.c(815): [client 2001:288:a201::66:125:2942] AH01626: authorization result of : granted
[Sat Aug 22 01:13:18.182450 2026] [authz_core:debug] [pid 642802:tid 642802] mod_authz_core.c(815): [client 2001:288:a201::66:125:2942] AH01626: authorization result of Require all granted: granted
[Sat Aug 22 01:13:18.182457 2026] [authz_core:debug] [pid 642802:tid 642802] mod_authz_core.c(815): [client 2001:288:a201::66:125:2942] AH01626: authorization result of : granted
[Sat Aug 22 01:13:18.182480 2026] [php7:error] [pid 642802:tid 642802] [client 2001:288:a201::66:125:2942] script '/var/www/html/2blog/active.php' not found or unable to stat
[Sat Aug 22 01:13:18.182491 2026] [headers:debug] [pid 642802:tid 642802] mod_headers.c(900): AH01503: headers: ap_headers_error_filter()
[Sat Aug 22 01:13:18.182655 2026] [ssl:debug] [pid 642802:tid 642802] ssl_engine_io.c(1150): [client 2001:288:a201::66:125:2942] AH02001: Connection closed to child 13 with standard shutdown (server 2blog.ilc.edu.tw:443)
[Sat Aug 22 01:13:18.217110 2026] [ssl:debug] [pid 642808:tid 642808] ssl_engine_io.c(1150): [client 216.73.216.122:61363] AH02001: Connection closed to child 22 with standard shutdown (server 2blog.ilc.edu.tw:443)
[Sat Aug 22 01:13:18.255087 2026] [ssl:info] [pid 642844:tid 642844] (70014)End of file found: [client 2a00:1851:0:1ffb:98f4:7d48:c6b6:5329:45250] AH02006: SSL handshake stopped: connection was closed
[Sat Aug 22 01:13:18.255122 2026] [ssl:info] [pid 642844:tid 642844] [client 2a00:1851:0:1ffb:98f4:7d48:c6b6:5329:45250] AH01998: Connection closed to child 14 with abortive shutdown (server 2blog.ilc.edu.tw:443)
[Sat Aug 22 01:13:18.258216 2026] [ssl:info] [pid 642843:tid 642843] (70014)End of file found: [client 2400:e920:0:2:f45d:ddff:fe00:7a:50155] AH01992: SSL library error 6 reading data
[Sat Aug 22 01:13:18.258305 2026] [ssl:debug] [pid 642843:tid 642843] ssl_engine_io.c(1150): [client 2400:e920:0:2:f45d:ddff:fe00:7a:50155] AH02001: Connection closed to child 12 with standard shutdown (server ilta.ilc.edu.tw:443)
[Sat Aug 22 01:13:18.259260 2026] [ssl:info] [pid 642840:tid 642840] (70014)End of file found: [client 2400:e920:0:2:f45d:ddff:fe00:7a:50209] AH01992: SSL library error 6 reading data
[Sat Aug 22 01:13:18.259318 2026] [ssl:debug] [pid 642840:tid 642840] ssl_engine_io.c(1150): [client 2400:e920:0:2:f45d:ddff:fe00:7a:50209] AH02001: Connection closed to child 8 with standard shutdown (server ilta.ilc.edu.tw:443)
[Sat Aug 22 01:13:18.299766 2026] [headers:debug] [pid 642807:tid 642807] mod_headers.c(900): AH01503: headers: ap_headers_error_filter()
[Sat Aug 22 01:13:18.383259 2026] [ssl:info] [pid 642674:tid 642674] [client 140.111.67.10:10448] AH01964: Connection to child 32 established (server 2blog.ilc.edu.tw:443)
[Sat Aug 22 01:13:18.383457 2026] [ssl:info] [pid 642674:tid 642674] (70014)End of file found: [client 140.111.67.10:10448] AH02006: SSL handshake stopped: connection was closed
[Sat Aug 22 01:13:18.383467 2026] [ssl:info] [pid 642674:tid 642674] [client 140.111.67.10:10448] AH01998: Connection closed to child 32 with abortive shutdown (server 2blog.ilc.edu.tw:443)
[Sat Aug 22 01:13:19.021064 2026] [ssl:info] [pid 642661:tid 642661] [client 34.231.156.59:64095] AH01964: Connection to child 9 established (server 2blog.ilc.edu.tw:443)
[Sat Aug 22 01:13:19.021296 2026] [ssl:debug] [pid 642661:tid 642661] ssl_engine_kernel.c(2222): [client 34.231.156.59:64095] AH02043: SSL virtual host for servername 2blog.ilc.edu.tw found
[Sat Aug 22 01:13:19.250857 2026] [ssl:debug] [pid 642661:tid 642661] ssl_engine_kernel.c(2082): [client 34.231.156.59:64095] AH02041: Protocol: TLSv1.3, Cipher: TLS_AES_256_GCM_SHA384 (256/256 bits)
[Sat Aug 22 01:13:19.250916 2026] [socache_shmcb:debug] [pid 642661:tid 642661] mod_socache_shmcb.c(508): AH00831: socache_shmcb_store (0x14 -> subcache 20)
[Sat Aug 22 01:13:19.250926 2026] [socache_shmcb:debug] [pid 642661:tid 642661] mod_socache_shmcb.c(745): AH00842: expiring 2 and reclaiming 0 removed socache entries
[Sat Aug 22 01:13:19.250928 2026] [socache_shmcb:debug] [pid 642661:tid 642661] mod_socache_shmcb.c(765): AH00843: we now have 41 socache entries
[Sat Aug 22 01:13:19.250930 2026] [socache_shmcb:debug] [pid 642661:tid 642661] mod_socache_shmcb.c(860): AH00847: insert happened at idx=56, data=(5320:5352)
[Sat Aug 22 01:13:19.250932 2026] [socache_shmcb:debug] [pid 642661:tid 642661] mod_socache_shmcb.c(863): AH00848: finished insert, subcache: idx_pos/idx_used=15/42, data_pos/data_used=10021/9377
[Sat Aug 22 01:13:19.250943 2026] [socache_shmcb:debug] [pid 642661:tid 642661] mod_socache_shmcb.c(530): AH00834: leaving socache_shmcb_store successfully
[Sat Aug 22 01:13:19.250999 2026] [socache_shmcb:debug] [pid 642661:tid 642661] mod_socache_shmcb.c(508): AH00831: socache_shmcb_store (0x88 -> subcache 8)
[Sat Aug 22 01:13:19.251004 2026] [socache_shmcb:debug] [pid 642661:tid 642661] mod_socache_shmcb.c(745): AH00842: expiring 3 and reclaiming 0 removed socache entries
[Sat Aug 22 01:13:19.251006 2026] [socache_shmcb:debug] [pid 642661:tid 642661] mod_socache_shmcb.c(765): AH00843: we now have 31 socache entries
[Sat Aug 22 01:13:19.251007 2026] [socache_shmcb:debug] [pid 642661:tid 642661] mod_socache_shmcb.c(860): AH00847: insert happened at idx=1, data=(7076:7108)
[Sat Aug 22 01:13:19.251009 2026] [socache_shmcb:debug] [pid 642661:tid 642661] mod_socache_shmcb.c(863): AH00848: finished insert, subcache: idx_pos/idx_used=58/32, data_pos/data_used=128/7162
[Sat Aug 22 01:13:19.251011 2026] [socache_shmcb:debug] [pid 642661:tid 642661] mod_socache_shmcb.c(530): AH00834: leaving socache_shmcb_store successfully
[Sat Aug 22 01:13:19.251151 2026] [ssl:debug] [pid 642661:tid 642661] ssl_engine_kernel.c(254): [client 34.231.156.59:64095] AH02034: Initial (No.1) HTTPS request received for child 9 (server 2blog.ilc.edu.tw:443)
[Sat Aug 22 01:13:19.251346 2026] [authz_core:debug] [pid 642661:tid 642661] mod_authz_core.c(815): [client 34.231.156.59:64095] AH01626: authorization result of Require all granted: granted
[Sat Aug 22 01:13:19.251352 2026] [authz_core:debug] [pid 642661:tid 642661] mod_authz_core.c(815): [client 34.231.156.59:64095] AH01626: authorization result of : granted
[Sat Aug 22 01:13:19.251611 2026] [authz_core:debug] [pid 642661:tid 642661] mod_authz_core.c(815): [client 34.231.156.59:64095] AH01626: authorization result of Require all granted: granted
[Sat Aug 22 01:13:19.251621 2026] [authz_core:debug] [pid 642661:tid 642661] mod_authz_core.c(815): [client 34.231.156.59:64095] AH01626: authorization result of : granted
[Sat Aug 22 01:13:19.828124 2026] [authz_core:debug] [pid 642780:tid 642780] mod_authz_core.c(815): [client 3.229.95.193:8579] AH01626: authorization result of Require all granted: granted
[Sat Aug 22 01:13:19.828157 2026] [authz_core:debug] [pid 642780:tid 642780] mod_authz_core.c(815): [client 3.229.95.193:8579] AH01626: authorization result of : granted
[Sat Aug 22 01:13:19.876037 2026] [ssl:debug] [pid 642834:tid 642834] ssl_engine_io.c(1150): [client 216.73.216.122:14466] AH02001: Connection closed to child 1 with standard shutdown (server www.tses.ilc.edu.tw:443)
[Sat Aug 22 01:13:19.882177 2026] [ssl:debug] [pid 642821:tid 642821] ssl_engine_io.c(1150): [client 216.73.216.122:47559] AH02001: Connection closed to child 40 with standard shutdown (server www.tses.ilc.edu.tw:443)
[Sat Aug 22 01:13:20.142401 2026] [deflate:debug] [pid 642661:tid 642661] mod_deflate.c(909): [client 34.231.156.59:64095] AH01384: Zlib: Compressed 1587 to 770 : URL /index.php
[Sat Aug 22 01:13:20.142715 2026] [ssl:debug] [pid 642661:tid 642661] ssl_engine_io.c(1150): [client 34.231.156.59:64095] AH02001: Connection closed to child 9 with standard shutdown (server 2blog.ilc.edu.tw:443)
[Sat Aug 22 01:13:20.369387 2026] [authz_core:debug] [pid 642806:tid 642806] mod_authz_core.c(815): [client 2400:e920:0:2:f45d:ddff:fe00:7a:50387] AH01626: authorization result of Require all granted: granted, referer: http://ilta.ilc.edu.tw
[Sat Aug 22 01:13:20.369411 2026] [authz_core:debug] [pid 642806:tid 642806] mod_authz_core.c(815): [client 2400:e920:0:2:f45d:ddff:fe00:7a:50387] AH01626: authorization result of : granted, referer: http://ilta.ilc.edu.tw
[Sat Aug 22 01:13:20.725175 2026] [ssl:info] [pid 642717:tid 642717] [client 2400:e920:0:2:f45d:ddff:fe00:7a:50411] AH01964: Connection to child 3 established (server 2blog.ilc.edu.tw:443)
[Sat Aug 22 01:13:20.725422 2026] [ssl:debug] [pid 642717:tid 642717] ssl_engine_kernel.c(2222): [client 2400:e920:0:2:f45d:ddff:fe00:7a:50411] AH02043: SSL virtual host for servername ilta.ilc.edu.tw found
[Sat Aug 22 01:13:20.725524 2026] [core:debug] [pid 642717:tid 642717] protocol.c(2460): [client 2400:e920:0:2:f45d:ddff:fe00:7a:50411] AH03155: select protocol from , choices=http/1.1 for server ilta.ilc.edu.tw
[Sat Aug 22 01:13:20.781124 2026] [ssl:debug] [pid 642835:tid 642835] ssl_engine_io.c(1150): [client 2001:b011:4006:9ab6:b1d9:69eb:1f6b:26c9:32810] AH02001: Connection closed to child 2 with standard shutdown (server isupport.ilc.edu.tw:443)
[Sat Aug 22 01:13:20.781124 2026] [ssl:debug] [pid 642838:tid 642838] ssl_engine_io.c(1150): [client 2001:b011:4006:9ab6:b1d9:69eb:1f6b:26c9:32822] AH02001: Connection closed to child 6 with standard shutdown (server isupport.ilc.edu.tw:443)
[Sat Aug 22 01:13:20.784256 2026] [ssl:debug] [pid 642837:tid 642837] ssl_engine_io.c(1150): [client 2001:b011:4006:9ab6:b1d9:69eb:1f6b:26c9:32818] AH02001: Connection closed to child 5 with standard shutdown (server isupport.ilc.edu.tw:443)
[Sat Aug 22 01:13:20.785069 2026] [ssl:debug] [pid 642839:tid 642839] ssl_engine_io.c(1150): [client 2001:b011:4006:9ab6:b1d9:69eb:1f6b:26c9:32828] AH02001: Connection closed to child 7 with standard shutdown (server isupport.ilc.edu.tw:443)
[Sat Aug 22 01:13:20.834599 2026] [ssl:debug] [pid 642717:tid 642717] ssl_engine_kernel.c(2082): [client 2400:e920:0:2:f45d:ddff:fe00:7a:50411] AH02041: Protocol: TLSv1.3, Cipher: TLS_AES_256_GCM_SHA384 (256/256 bits)
[Sat Aug 22 01:13:20.834676 2026] [socache_shmcb:debug] [pid 642717:tid 642717] mod_socache_shmcb.c(508): AH00831: socache_shmcb_store (0xbd -> subcache 29)
[Sat Aug 22 01:13:20.834697 2026] [socache_shmcb:debug] [pid 642717:tid 642717] mod_socache_shmcb.c(860): AH00847: insert happened at idx=3, data=(7158:7190)
[Sat Aug 22 01:13:20.834701 2026] [socache_shmcb:debug] [pid 642717:tid 642717] mod_socache_shmcb.c(863): AH00848: finished insert, subcache: idx_pos/idx_used=43/49, data_pos/data_used=10240/11007
[Sat Aug 22 01:13:20.834705 2026] [socache_shmcb:debug] [pid 642717:tid 642717] mod_socache_shmcb.c(530): AH00834: leaving socache_shmcb_store successfully
[Sat Aug 22 01:13:20.834796 2026] [socache_shmcb:debug] [pid 642717:tid 642717] mod_socache_shmcb.c(508): AH00831: socache_shmcb_store (0xa2 -> subcache 2)
[Sat Aug 22 01:13:20.834803 2026] [socache_shmcb:debug] [pid 642717:tid 642717] mod_socache_shmcb.c(745): AH00842: expiring 1 and reclaiming 0 removed socache entries
[Sat Aug 22 01:13:20.834806 2026] [socache_shmcb:debug] [pid 642717:tid 642717] mod_socache_shmcb.c(765): AH00843: we now have 33 socache entries
[Sat Aug 22 01:13:20.834809 2026] [socache_shmcb:debug] [pid 642717:tid 642717] mod_socache_shmcb.c(860): AH00847: insert happened at idx=74, data=(3333:3365)
[Sat Aug 22 01:13:20.834813 2026] [socache_shmcb:debug] [pid 642717:tid 642717] mod_socache_shmcb.c(863): AH00848: finished insert, subcache: idx_pos/idx_used=41/34, data_pos/data_used=9817/7605
[Sat Aug 22 01:13:20.834816 2026] [socache_shmcb:debug] [pid 642717:tid 642717] mod_socache_shmcb.c(530): AH00834: leaving socache_shmcb_store successfully
[Sat Aug 22 01:13:20.834989 2026] [ssl:debug] [pid 642717:tid 642717] ssl_engine_kernel.c(254): [client 2400:e920:0:2:f45d:ddff:fe00:7a:50411] AH02034: Initial (No.1) HTTPS request received for child 3 (server ilta.ilc.edu.tw:443), referer: http://ilta.ilc.edu.tw
[Sat Aug 22 01:13:20.835245 2026] [authz_core:debug] [pid 642717:tid 642717] mod_authz_core.c(815): [client 2400:e920:0:2:f45d:ddff:fe00:7a:50411] AH01626: authorization result of Require all granted: granted, referer: http://ilta.ilc.edu.tw
[Sat Aug 22 01:13:20.835255 2026] [authz_core:debug] [pid 642717:tid 642717] mod_authz_core.c(815): [client 2400:e920:0:2:f45d:ddff:fe00:7a:50411] AH01626: authorization result of : granted, referer: http://ilta.ilc.edu.tw
[Sat Aug 22 01:13:20.899298 2026] [headers:debug] [pid 642804:tid 642804] mod_headers.c(900): AH01503: headers: ap_headers_error_filter()
