[Sat Aug 22 01:13:54.128869 2026] [ssl:debug] [pid 642863:tid 642863] ssl_engine_kernel.c(254): [client 195.172.108.114:43014] AH02034: Initial (No.1) HTTPS request received for child 13 (server 2blog.ilc.edu.tw:443)
[Sat Aug 22 01:13:54.129074 2026] [authz_core:debug] [pid 642863:tid 642863] mod_authz_core.c(815): [client 195.172.108.114:43014] AH01626: authorization result of Require all granted: granted
[Sat Aug 22 01:13:54.129079 2026] [authz_core:debug] [pid 642863:tid 642863] mod_authz_core.c(815): [client 195.172.108.114:43014] AH01626: authorization result of : granted
[Sat Aug 22 01:13:54.129185 2026] [authz_core:debug] [pid 642863:tid 642863] mod_authz_core.c(815): [client 195.172.108.114:43014] AH01626: authorization result of Require all granted: granted
[Sat Aug 22 01:13:54.129189 2026] [authz_core:debug] [pid 642863:tid 642863] mod_authz_core.c(815): [client 195.172.108.114:43014] AH01626: authorization result of : granted
[Sat Aug 22 01:13:54.155690 2026] [deflate:debug] [pid 642863:tid 642863] mod_deflate.c(909): [client 195.172.108.114:43014] AH01384: Zlib: Compressed 59243 to 13709 : URL /index.php
[Sat Aug 22 01:13:54.161292 2026] [ssl:info] [pid 642854:tid 642854] [client 189.104.133.232:14642] AH01964: Connection to child 1 established (server 2blog.ilc.edu.tw:443)
[Sat Aug 22 01:13:54.161448 2026] [ssl:debug] [pid 642854:tid 642854] ssl_engine_kernel.c(2222): [client 189.104.133.232:14642] AH02043: SSL virtual host for servername 2blog.ilc.edu.tw found
[Sat Aug 22 01:13:54.161498 2026] [core:debug] [pid 642854:tid 642854] protocol.c(2460): [client 189.104.133.232:14642] AH03155: select protocol from , choices=h2,http/1.1 for server 2blog.ilc.edu.tw
[Sat Aug 22 01:13:54.161530 2026] [ssl:debug] [pid 642854:tid 642854] ssl_util_stapling.c(819): AH01951: stapling_cb: OCSP Stapling callback called
[Sat Aug 22 01:13:54.161535 2026] [ssl:info] [pid 642854:tid 642854] AH01926: stapling_get_certinfo: stapling not supported for certificate
[Sat Aug 22 01:13:54.241768 2026] [deflate:debug] [pid 642808:tid 642808] mod_deflate.c(909): [client 40.77.167.79:58441] AH01384: Zlib: Compressed 51359 to 13460 : URL /index.php
[Sat Aug 22 01:13:54.247185 2026] [ssl:debug] [pid 642859:tid 642859] ssl_engine_io.c(1150): [client 142.147.181.213:56614] AH02001: Connection closed to child 8 with standard shutdown (server 2blog.ilc.edu.tw:443)
[Sat Aug 22 01:13:54.253401 2026] [ssl:debug] [pid 642837:tid 642837] ssl_engine_kernel.c(2082): [client 152.232.146.224:44090] AH02041: Protocol: TLSv1.3, Cipher: TLS_AES_256_GCM_SHA384 (256/256 bits)
[Sat Aug 22 01:13:54.253487 2026] [socache_shmcb:debug] [pid 642837:tid 642837] mod_socache_shmcb.c(508): AH00831: socache_shmcb_store (0xff -> subcache 31)
[Sat Aug 22 01:13:54.253508 2026] [socache_shmcb:debug] [pid 642837:tid 642837] mod_socache_shmcb.c(745): AH00842: expiring 1 and reclaiming 0 removed socache entries
[Sat Aug 22 01:13:54.253512 2026] [socache_shmcb:debug] [pid 642837:tid 642837] mod_socache_shmcb.c(765): AH00843: we now have 28 socache entries
[Sat Aug 22 01:13:54.253515 2026] [socache_shmcb:debug] [pid 642837:tid 642837] mod_socache_shmcb.c(860): AH00847: insert happened at idx=12, data=(9422:9454)
[Sat Aug 22 01:13:54.253518 2026] [socache_shmcb:debug] [pid 642837:tid 642837] mod_socache_shmcb.c(863): AH00848: finished insert, subcache: idx_pos/idx_used=72/29, data_pos/data_used=3152/6495
[Sat Aug 22 01:13:54.253520 2026] [socache_shmcb:debug] [pid 642837:tid 642837] mod_socache_shmcb.c(530): AH00834: leaving socache_shmcb_store successfully
[Sat Aug 22 01:13:54.253606 2026] [socache_shmcb:debug] [pid 642837:tid 642837] mod_socache_shmcb.c(508): AH00831: socache_shmcb_store (0x12 -> subcache 18)
[Sat Aug 22 01:13:54.253613 2026] [socache_shmcb:debug] [pid 642837:tid 642837] mod_socache_shmcb.c(745): AH00842: expiring 1 and reclaiming 0 removed socache entries
[Sat Aug 22 01:13:54.253616 2026] [socache_shmcb:debug] [pid 642837:tid 642837] mod_socache_shmcb.c(765): AH00843: we now have 46 socache entries
[Sat Aug 22 01:13:54.253618 2026] [socache_shmcb:debug] [pid 642837:tid 642837] mod_socache_shmcb.c(860): AH00847: insert happened at idx=4, data=(7606:7638)
[Sat Aug 22 01:13:54.253621 2026] [socache_shmcb:debug] [pid 642837:tid 642837] mod_socache_shmcb.c(863): AH00848: finished insert, subcache: idx_pos/idx_used=46/47, data_pos/data_used=11176/10520
[Sat Aug 22 01:13:54.253624 2026] [socache_shmcb:debug] [pid 642837:tid 642837] mod_socache_shmcb.c(530): AH00834: leaving socache_shmcb_store successfully
[Sat Aug 22 01:13:54.261825 2026] [ssl:debug] [pid 642862:tid 642862] ssl_engine_kernel.c(2082): [client 84.37.113.190:45752] AH02041: Protocol: TLSv1.3, Cipher: TLS_AES_256_GCM_SHA384 (256/256 bits)
[Sat Aug 22 01:13:54.261894 2026] [socache_shmcb:debug] [pid 642862:tid 642862] mod_socache_shmcb.c(508): AH00831: socache_shmcb_store (0x93 -> subcache 19)
[Sat Aug 22 01:13:54.261917 2026] [socache_shmcb:debug] [pid 642862:tid 642862] mod_socache_shmcb.c(860): AH00847: insert happened at idx=62, data=(761:793)
[Sat Aug 22 01:13:54.261920 2026] [socache_shmcb:debug] [pid 642862:tid 642862] mod_socache_shmcb.c(863): AH00848: finished insert, subcache: idx_pos/idx_used=26/37, data_pos/data_used=6585/8265
[Sat Aug 22 01:13:54.261923 2026] [socache_shmcb:debug] [pid 642862:tid 642862] mod_socache_shmcb.c(530): AH00834: leaving socache_shmcb_store successfully
[Sat Aug 22 01:13:54.262056 2026] [socache_shmcb:debug] [pid 642862:tid 642862] mod_socache_shmcb.c(508): AH00831: socache_shmcb_store (0x11 -> subcache 17)
[Sat Aug 22 01:13:54.262066 2026] [socache_shmcb:debug] [pid 642862:tid 642862] mod_socache_shmcb.c(860): AH00847: insert happened at idx=5, data=(7677:7709)
[Sat Aug 22 01:13:54.262069 2026] [socache_shmcb:debug] [pid 642862:tid 642862] mod_socache_shmcb.c(863): AH00848: finished insert, subcache: idx_pos/idx_used=47/47, data_pos/data_used=11321/10446
[Sat Aug 22 01:13:54.262072 2026] [socache_shmcb:debug] [pid 642862:tid 642862] mod_socache_shmcb.c(530): AH00834: leaving socache_shmcb_store successfully
[Sat Aug 22 01:13:54.285468 2026] [ssl:debug] [pid 642869:tid 642869] ssl_engine_kernel.c(254): [client 240e:910:e000:811::13bd:3074] AH02034: Subsequent (No.2) HTTPS request received for child 24 (server www.scjh.ilc.edu.tw:443), referer: https://www.scjh.ilc.edu.tw/2015/page/2/
[Sat Aug 22 01:13:54.285672 2026] [authz_core:debug] [pid 642869:tid 642869] mod_authz_core.c(815): [client 240e:910:e000:811::13bd:3074] AH01626: authorization result of Require all granted: granted, referer: https://www.scjh.ilc.edu.tw/2015/page/2/
[Sat Aug 22 01:13:54.285677 2026] [authz_core:debug] [pid 642869:tid 642869] mod_authz_core.c(815): [client 240e:910:e000:811::13bd:3074] AH01626: authorization result of : granted, referer: https://www.scjh.ilc.edu.tw/2015/page/2/
[Sat Aug 22 01:13:54.285878 2026] [deflate:debug] [pid 642869:tid 642869] mod_deflate.c(909): [client 240e:910:e000:811::13bd:3074] AH01384: Zlib: Compressed 1718 to 700 : URL /wp-includes/js/hoverintent-js.min.js, referer: https://www.scjh.ilc.edu.tw/2015/page/2/
[Sat Aug 22 01:13:54.287398 2026] [ssl:debug] [pid 642860:tid 642860] ssl_engine_io.c(1150): [client 138.226.105.223:13966] AH02001: Connection closed to child 9 with standard shutdown (server 2blog.ilc.edu.tw:443)
[Sat Aug 22 01:13:54.290407 2026] [ssl:debug] [pid 642865:tid 642865] ssl_engine_io.c(1150): [client 84.37.183.156:2190] AH02001: Connection closed to child 19 with standard shutdown (server 2blog.ilc.edu.tw:443)
[Sat Aug 22 01:13:54.299609 2026] [ssl:debug] [pid 642862:tid 642862] ssl_engine_kernel.c(254): [client 84.37.113.190:45752] AH02034: Initial (No.1) HTTPS request received for child 12 (server 2blog.ilc.edu.tw:443)
[Sat Aug 22 01:13:54.299807 2026] [authz_core:debug] [pid 642862:tid 642862] mod_authz_core.c(815): [client 84.37.113.190:45752] AH01626: authorization result of Require all granted: granted
[Sat Aug 22 01:13:54.299812 2026] [authz_core:debug] [pid 642862:tid 642862] mod_authz_core.c(815): [client 84.37.113.190:45752] AH01626: authorization result of : granted
[Sat Aug 22 01:13:54.300040 2026] [authz_core:debug] [pid 642862:tid 642862] mod_authz_core.c(815): [client 84.37.113.190:45752] AH01626: authorization result of Require all granted: granted
[Sat Aug 22 01:13:54.300058 2026] [authz_core:debug] [pid 642862:tid 642862] mod_authz_core.c(815): [client 84.37.113.190:45752] AH01626: authorization result of : granted
[Sat Aug 22 01:13:54.317241 2026] [deflate:debug] [pid 642862:tid 642862] mod_deflate.c(909): [client 84.37.113.190:45752] AH01384: Zlib: Compressed 58529 to 13713 : URL /index.php
[Sat Aug 22 01:13:54.329135 2026] [ssl:debug] [pid 642845:tid 642845] ssl_engine_kernel.c(2082): [client 189.104.202.22:11112] AH02041: Protocol: TLSv1.3, Cipher: TLS_AES_256_GCM_SHA384 (256/256 bits)
[Sat Aug 22 01:13:54.329187 2026] [socache_shmcb:debug] [pid 642845:tid 642845] mod_socache_shmcb.c(508): AH00831: socache_shmcb_store (0x78 -> subcache 24)
[Sat Aug 22 01:13:54.329193 2026] [socache_shmcb:debug] [pid 642845:tid 642845] mod_socache_shmcb.c(860): AH00847: insert happened at idx=15, data=(10065:10097)
[Sat Aug 22 01:13:54.329196 2026] [socache_shmcb:debug] [pid 642845:tid 642845] mod_socache_shmcb.c(863): AH00848: finished insert, subcache: idx_pos/idx_used=58/46, data_pos/data_used=13/10277
[Sat Aug 22 01:13:54.329198 2026] [socache_shmcb:debug] [pid 642845:tid 642845] mod_socache_shmcb.c(530): AH00834: leaving socache_shmcb_store successfully
[Sat Aug 22 01:13:54.329273 2026] [socache_shmcb:debug] [pid 642845:tid 642845] mod_socache_shmcb.c(508): AH00831: socache_shmcb_store (0x8b -> subcache 11)
[Sat Aug 22 01:13:54.329278 2026] [socache_shmcb:debug] [pid 642845:tid 642845] mod_socache_shmcb.c(860): AH00847: insert happened at idx=45, data=(2649:2681)
[Sat Aug 22 01:13:54.329280 2026] [socache_shmcb:debug] [pid 642845:tid 642845] mod_socache_shmcb.c(863): AH00848: finished insert, subcache: idx_pos/idx_used=7/39, data_pos/data_used=8068/8670
[Sat Aug 22 01:13:54.329282 2026] [socache_shmcb:debug] [pid 642845:tid 642845] mod_socache_shmcb.c(530): AH00834: leaving socache_shmcb_store successfully
[Sat Aug 22 01:13:54.340284 2026] [ssl:info] [pid 642859:tid 642859] [client 240e:910:e000:811::13bd:3068] AH01964: Connection to child 8 established (server 2blog.ilc.edu.tw:443)
[Sat Aug 22 01:13:54.340450 2026] [ssl:debug] [pid 642837:tid 642837] ssl_engine_kernel.c(254): [client 152.232.146.224:44090] AH02034: Initial (No.1) HTTPS request received for child 5 (server 2blog.ilc.edu.tw:443)
[Sat Aug 22 01:13:54.340581 2026] [ssl:debug] [pid 642859:tid 642859] ssl_engine_kernel.c(2222): [client 240e:910:e000:811::13bd:3068] AH02043: SSL virtual host for servername www.scjh.ilc.edu.tw found
[Sat Aug 22 01:13:54.340617 2026] [socache_shmcb:debug] [pid 642859:tid 642859] mod_socache_shmcb.c(545): AH00835: socache_shmcb_retrieve (0xaa -> subcache 10)
[Sat Aug 22 01:13:54.340624 2026] [socache_shmcb:debug] [pid 642859:tid 642859] mod_socache_shmcb.c(896): AH00849: match at idx=53, data=4397
[Sat Aug 22 01:13:54.340626 2026] [socache_shmcb:debug] [pid 642859:tid 642859] mod_socache_shmcb.c(556): AH00836: leaving socache_shmcb_retrieve successfully
[Sat Aug 22 01:13:54.340673 2026] [authz_core:debug] [pid 642837:tid 642837] mod_authz_core.c(815): [client 152.232.146.224:44090] AH01626: authorization result of Require all granted: granted
[Sat Aug 22 01:13:54.340681 2026] [authz_core:debug] [pid 642837:tid 642837] mod_authz_core.c(815): [client 152.232.146.224:44090] AH01626: authorization result of : granted
[Sat Aug 22 01:13:54.340789 2026] [core:debug] [pid 642859:tid 642859] protocol.c(2460): [client 240e:910:e000:811::13bd:3068] AH03155: select protocol from , choices=h2,http/1.1 for server www.scjh.ilc.edu.tw
[Sat Aug 22 01:13:54.340837 2026] [authz_core:debug] [pid 642837:tid 642837] mod_authz_core.c(815): [client 152.232.146.224:44090] AH01626: authorization result of Require all granted: granted
[Sat Aug 22 01:13:54.340842 2026] [authz_core:debug] [pid 642837:tid 642837] mod_authz_core.c(815): [client 152.232.146.224:44090] AH01626: authorization result of : granted
[Sat Aug 22 01:13:54.357997 2026] [deflate:debug] [pid 642837:tid 642837] mod_deflate.c(909): [client 152.232.146.224:44090] AH01384: Zlib: Compressed 62719 to 15008 : URL /index.php
[Sat Aug 22 01:13:54.380190 2026] [ssl:debug] [pid 642845:tid 642845] ssl_engine_kernel.c(254): [client 189.104.202.22:11112] AH02034: Initial (No.1) HTTPS request received for child 16 (server 2blog.ilc.edu.tw:443)
[Sat Aug 22 01:13:54.380387 2026] [authz_core:debug] [pid 642845:tid 642845] mod_authz_core.c(815): [client 189.104.202.22:11112] AH01626: authorization result of Require all granted: granted
[Sat Aug 22 01:13:54.380392 2026] [authz_core:debug] [pid 642845:tid 642845] mod_authz_core.c(815): [client 189.104.202.22:11112] AH01626: authorization result of : granted
[Sat Aug 22 01:13:54.380501 2026] [authz_core:debug] [pid 642845:tid 642845] mod_authz_core.c(815): [client 189.104.202.22:11112] AH01626: authorization result of Require all granted: granted
[Sat Aug 22 01:13:54.380505 2026] [authz_core:debug] [pid 642845:tid 642845] mod_authz_core.c(815): [client 189.104.202.22:11112] AH01626: authorization result of : granted
[Sat Aug 22 01:13:54.385735 2026] [ssl:debug] [pid 642807:tid 642807] ssl_engine_kernel.c(2082): [client 159.148.204.2:24040] AH02041: Protocol: TLSv1.3, Cipher: TLS_AES_256_GCM_SHA384 (256/256 bits)
[Sat Aug 22 01:13:54.385784 2026] [socache_shmcb:debug] [pid 642807:tid 642807] mod_socache_shmcb.c(508): AH00831: socache_shmcb_store (0x7d -> subcache 29)
[Sat Aug 22 01:13:54.385790 2026] [socache_shmcb:debug] [pid 642807:tid 642807] mod_socache_shmcb.c(860): AH00847: insert happened at idx=12, data=(9182:9214)
[Sat Aug 22 01:13:54.385792 2026] [socache_shmcb:debug] [pid 642807:tid 642807] mod_socache_shmcb.c(863): AH00848: finished insert, subcache: idx_pos/idx_used=48/53, data_pos/data_used=11374/11898
[Sat Aug 22 01:13:54.385794 2026] [socache_shmcb:debug] [pid 642807:tid 642807] mod_socache_shmcb.c(530): AH00834: leaving socache_shmcb_store successfully
[Sat Aug 22 01:13:54.385843 2026] [socache_shmcb:debug] [pid 642807:tid 642807] mod_socache_shmcb.c(508): AH00831: socache_shmcb_store (0x81 -> subcache 1)
[Sat Aug 22 01:13:54.385848 2026] [socache_shmcb:debug] [pid 642807:tid 642807] mod_socache_shmcb.c(860): AH00847: insert happened at idx=75, data=(3617:3649)
[Sat Aug 22 01:13:54.385850 2026] [socache_shmcb:debug] [pid 642807:tid 642807] mod_socache_shmcb.c(863): AH00848: finished insert, subcache: idx_pos/idx_used=41/35, data_pos/data_used=9868/7838
[Sat Aug 22 01:13:54.385852 2026] [socache_shmcb:debug] [pid 642807:tid 642807] mod_socache_shmcb.c(530): AH00834: leaving socache_shmcb_store successfully
[Sat Aug 22 01:13:54.395618 2026] [deflate:debug] [pid 642845:tid 642845] mod_deflate.c(909): [client 189.104.202.22:11112] AH01384: Zlib: Compressed 56892 to 13228 : URL /index.php
[Sat Aug 22 01:13:54.423843 2026] [ssl:debug] [pid 642866:tid 642866] ssl_engine_kernel.c(2082): [client 240e:910:e000:811::13bd:3072] AH02041: Protocol: TLSv1.3, Cipher: TLS_AES_256_GCM_SHA384 (256/256 bits)
[Sat Aug 22 01:13:54.423927 2026] [socache_shmcb:debug] [pid 642866:tid 642866] mod_socache_shmcb.c(508): AH00831: socache_shmcb_store (0x5d -> subcache 29)
[Sat Aug 22 01:13:54.423949 2026] [socache_shmcb:debug] [pid 642866:tid 642866] mod_socache_shmcb.c(860): AH00847: insert happened at idx=13, data=(9408:9440)
[Sat Aug 22 01:13:54.423953 2026] [socache_shmcb:debug] [pid 642866:tid 642866] mod_socache_shmcb.c(863): AH00848: finished insert, subcache: idx_pos/idx_used=48/54, data_pos/data_used=11374/12126
[Sat Aug 22 01:13:54.423956 2026] [socache_shmcb:debug] [pid 642866:tid 642866] mod_socache_shmcb.c(530): AH00834: leaving socache_shmcb_store successfully
[Sat Aug 22 01:13:54.424046 2026] [socache_shmcb:debug] [pid 642866:tid 642866] mod_socache_shmcb.c(508): AH00831: socache_shmcb_store (0xf3 -> subcache 19)
[Sat Aug 22 01:13:54.424058 2026] [socache_shmcb:debug] [pid 642866:tid 642866] mod_socache_shmcb.c(860): AH00847: insert happened at idx=63, data=(986:1018)
[Sat Aug 22 01:13:54.424071 2026] [socache_shmcb:debug] [pid 642866:tid 642866] mod_socache_shmcb.c(863): AH00848: finished insert, subcache: idx_pos/idx_used=26/38, data_pos/data_used=6585/8494
[Sat Aug 22 01:13:54.424073 2026] [socache_shmcb:debug] [pid 642866:tid 642866] mod_socache_shmcb.c(530): AH00834: leaving socache_shmcb_store successfully
[Sat Aug 22 01:13:54.424239 2026] [ssl:debug] [pid 642866:tid 642866] ssl_engine_kernel.c(254): [client 240e:910:e000:811::13bd:3072] AH02034: Initial (No.1) HTTPS request received for child 20 (server www.scjh.ilc.edu.tw:443), referer: https://www.scjh.ilc.edu.tw/2015/page/2/
[Sat Aug 22 01:13:54.424477 2026] [authz_core:debug] [pid 642866:tid 642866] mod_authz_core.c(815): [client 240e:910:e000:811::13bd:3072] AH01626: authorization result of Require all granted: granted, referer: https://www.scjh.ilc.edu.tw/2015/page/2/
[Sat Aug 22 01:13:54.424485 2026] [authz_core:debug] [pid 642866:tid 642866] mod_authz_core.c(815): [client 240e:910:e000:811::13bd:3072] AH01626: authorization result of : granted, referer: https://www.scjh.ilc.edu.tw/2015/page/2/
[Sat Aug 22 01:13:54.424837 2026] [deflate:debug] [pid 642866:tid 642866] mod_deflate.c(909): [client 240e:910:e000:811::13bd:3072] AH01384: Zlib: Compressed 3487 to 1339 : URL /wp-includes/js/admin-bar.min.js, referer: https://www.scjh.ilc.edu.tw/2015/page/2/
[Sat Aug 22 01:13:54.437818 2026] [ssl:debug] [pid 642807:tid 642807] ssl_engine_kernel.c(254): [client 159.148.204.2:24040] AH02034: Initial (No.1) HTTPS request received for child 18 (server 2blog.ilc.edu.tw:443)
[Sat Aug 22 01:13:54.438026 2026] [authz_core:debug] [pid 642807:tid 642807] mod_authz_core.c(815): [client 159.148.204.2:24040] AH01626: authorization result of Require all granted: granted
[Sat Aug 22 01:13:54.438033 2026] [authz_core:debug] [pid 642807:tid 642807] mod_authz_core.c(815): [client 159.148.204.2:24040] AH01626: authorization result of : granted
[Sat Aug 22 01:13:54.438145 2026] [authz_core:debug] [pid 642807:tid 642807] mod_authz_core.c(815): [client 159.148.204.2:24040] AH01626: authorization result of Require all granted: granted
[Sat Aug 22 01:13:54.438148 2026] [authz_core:debug] [pid 642807:tid 642807] mod_authz_core.c(815): [client 159.148.204.2:24040] AH01626: authorization result of : granted
[Sat Aug 22 01:13:54.453012 2026] [deflate:debug] [pid 642807:tid 642807] mod_deflate.c(909): [client 159.148.204.2:24040] AH01384: Zlib: Compressed 56815 to 13415 : URL /index.php
[Sat Aug 22 01:13:54.504918 2026] [ssl:debug] [pid 642864:tid 642864] ssl_engine_kernel.c(2082): [client 240e:910:e000:811::13bd:3076] AH02041: Protocol: TLSv1.3, Cipher: TLS_AES_256_GCM_SHA384 (256/256 bits)
[Sat Aug 22 01:13:54.505020 2026] [socache_shmcb:debug] [pid 642864:tid 642864] mod_socache_shmcb.c(508): AH00831: socache_shmcb_store (0xac -> subcache 12)
[Sat Aug 22 01:13:54.505025 2026] [socache_shmcb:debug] [pid 642864:tid 642864] mod_socache_shmcb.c(860): AH00847: insert happened at idx=14, data=(9625:9657)
[Sat Aug 22 01:13:54.505028 2026] [socache_shmcb:debug] [pid 642864:tid 642864] mod_socache_shmcb.c(863): AH00848: finished insert, subcache: idx_pos/idx_used=65/38, data_pos/data_used=1348/8505
[Sat Aug 22 01:13:54.505030 2026] [socache_shmcb:debug] [pid 642864:tid 642864] mod_socache_shmcb.c(530): AH00834: leaving socache_shmcb_store successfully
[Sat Aug 22 01:13:54.505271 2026] [ssl:debug] [pid 642864:tid 642864] ssl_engine_kernel.c(254): [client 240e:910:e000:811::13bd:3076] AH02034: Initial (No.1) HTTPS request received for child 17 (server www.scjh.ilc.edu.tw:443), referer: https://www.scjh.ilc.edu.tw/2015/page/2/
[Sat Aug 22 01:13:54.505458 2026] [authz_core:debug] [pid 642864:tid 642864] mod_authz_core.c(815): [client 240e:910:e000:811::13bd:3076] AH01626: authorization result of Require all granted: granted, referer: https://www.scjh.ilc.edu.tw/2015/page/2/
[Sat Aug 22 01:13:54.505463 2026] [authz_core:debug] [pid 642864:tid 642864] mod_authz_core.c(815): [client 240e:910:e000:811::13bd:3076] AH01626: authorization result of : granted, referer: https://www.scjh.ilc.edu.tw/2015/page/2/
[Sat Aug 22 01:13:54.505742 2026] [deflate:debug] [pid 642864:tid 642864] mod_deflate.c(909): [client 240e:910:e000:811::13bd:3076] AH01384: Zlib: Compressed 5520 to 1785 : URL /wp-includes/js/imagesloaded.min.js, referer: https://www.scjh.ilc.edu.tw/2015/page/2/
[Sat Aug 22 01:13:54.613515 2026] [ssl:debug] [pid 642869:tid 642869] ssl_engine_kernel.c(254): [client 240e:910:e000:811::13bd:3074] AH02034: Subsequent (No.3) HTTPS request received for child 24 (server www.scjh.ilc.edu.tw:443), referer: https://www.scjh.ilc.edu.tw/2015/page/2/
[Sat Aug 22 01:13:54.613776 2026] [authz_core:debug] [pid 642869:tid 642869] mod_authz_core.c(815): [client 240e:910:e000:811::13bd:3074] AH01626: authorization result of Require all granted: granted, referer: https://www.scjh.ilc.edu.tw/2015/page/2/
[Sat Aug 22 01:13:54.613783 2026] [authz_core:debug] [pid 642869:tid 642869] mod_authz_core.c(815): [client 240e:910:e000:811::13bd:3074] AH01626: authorization result of : granted, referer: https://www.scjh.ilc.edu.tw/2015/page/2/
[Sat Aug 22 01:13:54.614421 2026] [deflate:debug] [pid 642869:tid 642869] mod_deflate.c(909): [client 240e:910:e000:811::13bd:3074] AH01384: Zlib: Compressed 19719 to 4232 : URL /wp-content/themes/oceanwp/assets/js/theme.min.js, referer: https://www.scjh.ilc.edu.tw/2015/page/2/
[Sat Aug 22 01:13:54.616337 2026] [ssl:info] [pid 642865:tid 642865] [client 142.147.180.208:43296] AH01964: Connection to child 19 established (server 2blog.ilc.edu.tw:443)
[Sat Aug 22 01:13:54.616494 2026] [ssl:debug] [pid 642865:tid 642865] ssl_engine_kernel.c(2222): [client 142.147.180.208:43296] AH02043: SSL virtual host for servername 2blog.ilc.edu.tw found
[Sat Aug 22 01:13:54.616544 2026] [core:debug] [pid 642865:tid 642865] protocol.c(2460): [client 142.147.180.208:43296] AH03155: select protocol from , choices=h2,http/1.1 for server 2blog.ilc.edu.tw
[Sat Aug 22 01:13:54.616575 2026] [ssl:debug] [pid 642865:tid 642865] ssl_util_stapling.c(819): AH01951: stapling_cb: OCSP Stapling callback called
[Sat Aug 22 01:13:54.616579 2026] [ssl:info] [pid 642865:tid 642865] AH01926: stapling_get_certinfo: stapling not supported for certificate
[Sat Aug 22 01:13:54.666767 2026] [ssl:debug] [pid 642854:tid 642854] ssl_engine_kernel.c(2082): [client 189.104.133.232:14642] AH02041: Protocol: TLSv1.3, Cipher: TLS_AES_256_GCM_SHA384 (256/256 bits)
[Sat Aug 22 01:13:54.666835 2026] [socache_shmcb:debug] [pid 642854:tid 642854] mod_socache_shmcb.c(508): AH00831: socache_shmcb_store (0x89 -> subcache 9)
[Sat Aug 22 01:13:54.666858 2026] [socache_shmcb:debug] [pid 642854:tid 642854] mod_socache_shmcb.c(860): AH00847: insert happened at idx=14, data=(9595:9627)
[Sat Aug 22 01:13:54.666862 2026] [socache_shmcb:debug] [pid 642854:tid 642854] mod_socache_shmcb.c(863): AH00848: finished insert, subcache: idx_pos/idx_used=60/43, data_pos/data_used=262/9559
[Sat Aug 22 01:13:54.666865 2026] [socache_shmcb:debug] [pid 642854:tid 642854] mod_socache_shmcb.c(530): AH00834: leaving socache_shmcb_store successfully
[Sat Aug 22 01:13:54.666954 2026] [socache_shmcb:debug] [pid 642854:tid 642854] mod_socache_shmcb.c(508): AH00831: socache_shmcb_store (0x78 -> subcache 24)
[Sat Aug 22 01:13:54.666976 2026] [socache_shmcb:debug] [pid 642854:tid 642854] mod_socache_shmcb.c(860): AH00847: insert happened at idx=16, data=(10290:10322)
[Sat Aug 22 01:13:54.666979 2026] [socache_shmcb:debug] [pid 642854:tid 642854] mod_socache_shmcb.c(863): AH00848: finished insert, subcache: idx_pos/idx_used=58/47, data_pos/data_used=13/10502
[Sat Aug 22 01:13:54.666983 2026] [socache_shmcb:debug] [pid 642854:tid 642854] mod_socache_shmcb.c(530): AH00834: leaving socache_shmcb_store successfully
[Sat Aug 22 01:13:54.670601 2026] [ssl:debug] [pid 642859:tid 642859] ssl_engine_kernel.c(2082): [client 240e:910:e000:811::13bd:3068] AH02041: Protocol: TLSv1.3, Cipher: TLS_AES_256_GCM_SHA384 (256/256 bits)
[Sat Aug 22 01:13:54.670669 2026] [socache_shmcb:debug] [pid 642859:tid 642859] mod_socache_shmcb.c(508): AH00831: socache_shmcb_store (0x28 -> subcache 8)
[Sat Aug 22 01:13:54.670677 2026] [socache_shmcb:debug] [pid 642859:tid 642859] mod_socache_shmcb.c(860): AH00847: insert happened at idx=11, data=(9293:9325)
[Sat Aug 22 01:13:54.670680 2026] [socache_shmcb:debug] [pid 642859:tid 642859] mod_socache_shmcb.c(863): AH00848: finished insert, subcache: idx_pos/idx_used=63/37, data_pos/data_used=1233/8288
[Sat Aug 22 01:13:54.670683 2026] [socache_shmcb:debug] [pid 642859:tid 642859] mod_socache_shmcb.c(530): AH00834: leaving socache_shmcb_store successfully
[Sat Aug 22 01:13:54.670894 2026] [ssl:debug] [pid 642859:tid 642859] ssl_engine_kernel.c(254): [client 240e:910:e000:811::13bd:3068] AH02034: Initial (No.1) HTTPS request received for child 8 (server www.scjh.ilc.edu.tw:443), referer: https://www.scjh.ilc.edu.tw/2015/page/2/
[Sat Aug 22 01:13:54.671181 2026] [authz_core:debug] [pid 642859:tid 642859] mod_authz_core.c(815): [client 240e:910:e000:811::13bd:3068] AH01626: authorization result of Require all granted: granted, referer: https://www.scjh.ilc.edu.tw/2015/page/2/
[Sat Aug 22 01:13:54.671188 2026] [authz_core:debug] [pid 642859:tid 642859] mod_authz_core.c(815): [client 240e:910:e000:811::13bd:3068] AH01626: authorization result of : granted, referer: https://www.scjh.ilc.edu.tw/2015/page/2/
[Sat Aug 22 01:13:54.671758 2026] [deflate:debug] [pid 642859:tid 642859] mod_deflate.c(909): [client 240e:910:e000:811::13bd:3068] AH01384: Zlib: Compressed 14581 to 3765 : URL /wp-content/themes/oceanwp/assets/js/drop-down-mobile-menu.min.js, referer: https://www.scjh.ilc.edu.tw/2015/page/2/
[Sat Aug 22 01:13:54.679473 2026] [ssl:debug] [pid 642837:tid 642837] ssl_engine_io.c(1150): [client 152.232.146.224:44090] AH02001: Connection closed to child 5 with standard shutdown (server 2blog.ilc.edu.tw:443)
[Sat Aug 22 01:13:54.682084 2026] [ssl:debug] [pid 642862:tid 642862] ssl_engine_io.c(1150): [client 84.37.113.190:45752] AH02001: Connection closed to child 12 with standard shutdown (server 2blog.ilc.edu.tw:443)
[Sat Aug 22 01:13:54.703266 2026] [ssl:debug] [pid 642863:tid 642863] ssl_engine_io.c(1150): [client 195.172.108.114:43014] AH02001: Connection closed to child 13 with standard shutdown (server 2blog.ilc.edu.tw:443)
[Sat Aug 22 01:13:54.708452 2026] [ssl:debug] [pid 642854:tid 642854] ssl_engine_kernel.c(254): [client 189.104.133.232:14642] AH02034: Initial (No.1) HTTPS request received for child 1 (server 2blog.ilc.edu.tw:443)
[Sat Aug 22 01:13:54.708697 2026] [authz_core:debug] [pid 642854:tid 642854] mod_authz_core.c(815): [client 189.104.133.232:14642] AH01626: authorization result of Require all granted: granted
[Sat Aug 22 01:13:54.708718 2026] [authz_core:debug] [pid 642854:tid 642854] mod_authz_core.c(815): [client 189.104.133.232:14642] AH01626: authorization result of : granted
[Sat Aug 22 01:13:54.708895 2026] [authz_core:debug] [pid 642854:tid 642854] mod_authz_core.c(815): [client 189.104.133.232:14642] AH01626: authorization result of Require all granted: granted
[Sat Aug 22 01:13:54.708904 2026] [authz_core:debug] [pid 642854:tid 642854] mod_authz_core.c(815): [client 189.104.133.232:14642] AH01626: authorization result of : granted
[Sat Aug 22 01:13:54.720697 2026] [ssl:debug] [pid 642845:tid 642845] ssl_engine_io.c(1150): [client 189.104.202.22:11112] AH02001: Connection closed to child 16 with standard shutdown (server 2blog.ilc.edu.tw:443)
[Sat Aug 22 01:13:54.723332 2026] [deflate:debug] [pid 642854:tid 642854] mod_deflate.c(909): [client 189.104.133.232:14642] AH01384: Zlib: Compressed 57928 to 13415 : URL /index.php
[Sat Aug 22 01:13:54.826877 2026] [ssl:debug] [pid 642864:tid 642864] ssl_engine_kernel.c(254): [client 240e:910:e000:811::13bd:3076] AH02034: Subsequent (No.2) HTTPS request received for child 17 (server www.scjh.ilc.edu.tw:443), referer: https://www.scjh.ilc.edu.tw/2015/page/2/
[Sat Aug 22 01:13:54.829617 2026] [authz_core:debug] [pid 642864:tid 642864] mod_authz_core.c(815): [client 240e:910:e000:811::13bd:3076] AH01626: authorization result of Require all granted: granted, referer: https://www.scjh.ilc.edu.tw/2015/page/2/
[Sat Aug 22 01:13:54.829632 2026] [authz_core:debug] [pid 642864:tid 642864] mod_authz_core.c(815): [client 240e:910:e000:811::13bd:3076] AH01626: authorization result of : granted, referer: https://www.scjh.ilc.edu.tw/2015/page/2/
[Sat Aug 22 01:13:54.830032 2026] [deflate:debug] [pid 642864:tid 642864] mod_deflate.c(909): [client 240e:910:e000:811::13bd:3076] AH01384: Zlib: Compressed 7540 to 2070 : URL /wp-content/themes/oceanwp/assets/js/drop-down-search.min.js, referer: https://www.scjh.ilc.edu.tw/2015/page/2/
[Sat Aug 22 01:13:54.845084 2026] [ssl:debug] [pid 642865:tid 642865] ssl_engine_kernel.c(2082): [client 142.147.180.208:43296] AH02041: Protocol: TLSv1.3, Cipher: TLS_AES_256_GCM_SHA384 (256/256 bits)
[Sat Aug 22 01:13:54.845135 2026] [socache_shmcb:debug] [pid 642865:tid 642865] mod_socache_shmcb.c(508): AH00831: socache_shmcb_store (0x4b -> subcache 11)
[Sat Aug 22 01:13:54.845153 2026] [socache_shmcb:debug] [pid 642865:tid 642865] mod_socache_shmcb.c(860): AH00847: insert happened at idx=46, data=(2874:2906)
[Sat Aug 22 01:13:54.845155 2026] [socache_shmcb:debug] [pid 642865:tid 642865] mod_socache_shmcb.c(863): AH00848: finished insert, subcache: idx_pos/idx_used=7/40, data_pos/data_used=8068/8895
[Sat Aug 22 01:13:54.845157 2026] [socache_shmcb:debug] [pid 642865:tid 642865] mod_socache_shmcb.c(530): AH00834: leaving socache_shmcb_store successfully
[Sat Aug 22 01:13:54.845219 2026] [socache_shmcb:debug] [pid 642865:tid 642865] mod_socache_shmcb.c(508): AH00831: socache_shmcb_store (0x1c -> subcache 28)
[Sat Aug 22 01:13:54.845227 2026] [socache_shmcb:debug] [pid 642865:tid 642865] mod_socache_shmcb.c(745): AH00842: expiring 1 and reclaiming 0 removed socache entries
[Sat Aug 22 01:13:54.845229 2026] [socache_shmcb:debug] [pid 642865:tid 642865] mod_socache_shmcb.c(765): AH00843: we now have 37 socache entries
[Sat Aug 22 01:13:54.845231 2026] [socache_shmcb:debug] [pid 642865:tid 642865] mod_socache_shmcb.c(860): AH00847: insert happened at idx=9, data=(8657:8689)
[Sat Aug 22 01:13:54.845233 2026] [socache_shmcb:debug] [pid 642865:tid 642865] mod_socache_shmcb.c(863): AH00848: finished insert, subcache: idx_pos/idx_used=60/38, data_pos/data_used=382/8501
[Sat Aug 22 01:13:54.845235 2026] [socache_shmcb:debug] [pid 642865:tid 642865] mod_socache_shmcb.c(530): AH00834: leaving socache_shmcb_store successfully
[Sat Aug 22 01:13:54.868797 2026] [ssl:debug] [pid 642807:tid 642807] ssl_engine_io.c(1150): [client 159.148.204.2:24040] AH02001: Connection closed to child 18 with standard shutdown (server 2blog.ilc.edu.tw:443)
[Sat Aug 22 01:13:54.881074 2026] [ssl:info] [pid 642860:tid 642860] [client 172.120.26.55:35330] AH01964: Connection to child 9 established (server 2blog.ilc.edu.tw:443)
[Sat Aug 22 01:13:54.881232 2026] [ssl:debug] [pid 642860:tid 642860] ssl_engine_kernel.c(2222): [client 172.120.26.55:35330] AH02043: SSL virtual host for servername 2blog.ilc.edu.tw found
[Sat Aug 22 01:13:54.881284 2026] [core:debug] [pid 642860:tid 642860] protocol.c(2460): [client 172.120.26.55:35330] AH03155: select protocol from , choices=h2,http/1.1 for server 2blog.ilc.edu.tw
[Sat Aug 22 01:13:54.881322 2026] [ssl:debug] [pid 642860:tid 642860] ssl_util_stapling.c(819): AH01951: stapling_cb: OCSP Stapling callback called
[Sat Aug 22 01:13:54.881327 2026] [ssl:info] [pid 642860:tid 642860] AH01926: stapling_get_certinfo: stapling not supported for certificate
[Sat Aug 22 01:13:54.897783 2026] [ssl:debug] [pid 642865:tid 642865] ssl_engine_kernel.c(254): [client 142.147.180.208:43296] AH02034: Initial (No.1) HTTPS request received for child 19 (server 2blog.ilc.edu.tw:443)
[Sat Aug 22 01:13:54.897975 2026] [authz_core:debug] [pid 642865:tid 642865] mod_authz_core.c(815): [client 142.147.180.208:43296] AH01626: authorization result of Require all granted: granted
[Sat Aug 22 01:13:54.897980 2026] [authz_core:debug] [pid 642865:tid 642865] mod_authz_core.c(815): [client 142.147.180.208:43296] AH01626: authorization result of : granted
[Sat Aug 22 01:13:54.898088 2026] [authz_core:debug] [pid 642865:tid 642865] mod_authz_core.c(815): [client 142.147.180.208:43296] AH01626: authorization result of Require all granted: granted
[Sat Aug 22 01:13:54.898092 2026] [authz_core:debug] [pid 642865:tid 642865] mod_authz_core.c(815): [client 142.147.180.208:43296] AH01626: authorization result of : granted
[Sat Aug 22 01:13:54.914828 2026] [deflate:debug] [pid 642865:tid 642865] mod_deflate.c(909): [client 142.147.180.208:43296] AH01384: Zlib: Compressed 56931 to 13577 : URL /index.php
[Sat Aug 22 01:13:54.937543 2026] [ssl:info] [pid 642862:tid 642862] [client 54.209.100.30:34981] AH01964: Connection to child 12 established (server 2blog.ilc.edu.tw:443)
[Sat Aug 22 01:13:54.937740 2026] [ssl:debug] [pid 642862:tid 642862] ssl_engine_kernel.c(2222): [client 54.209.100.30:34981] AH02043: SSL virtual host for servername 2blog.ilc.edu.tw found
[Sat Aug 22 01:13:54.942524 2026] [ssl:debug] [pid 642869:tid 642869] ssl_engine_kernel.c(254): [client 240e:910:e000:811::13bd:3074] AH02034: Subsequent (No.4) HTTPS request received for child 24 (server www.scjh.ilc.edu.tw:443), referer: https://www.scjh.ilc.edu.tw/2015/page/2/
[Sat Aug 22 01:13:54.942800 2026] [authz_core:debug] [pid 642869:tid 642869] mod_authz_core.c(815): [client 240e:910:e000:811::13bd:3074] AH01626: authorization result of Require all granted: granted, referer: https://www.scjh.ilc.edu.tw/2015/page/2/
[Sat Aug 22 01:13:54.942808 2026] [authz_core:debug] [pid 642869:tid 642869] mod_authz_core.c(815): [client 240e:910:e000:811::13bd:3074] AH01626: authorization result of : granted, referer: https://www.scjh.ilc.edu.tw/2015/page/2/
[Sat Aug 22 01:13:54.943624 2026] [deflate:debug] [pid 642869:tid 642869] mod_deflate.c(909): [client 240e:910:e000:811::13bd:3074] AH01384: Zlib: Compressed 20216 to 7328 : URL /wp-content/themes/oceanwp/assets/js/vendors/magnific-popup.min.js, referer: https://www.scjh.ilc.edu.tw/2015/page/2/
[Sat Aug 22 01:13:55.002747 2026] [ssl:debug] [pid 642859:tid 642859] ssl_engine_kernel.c(254): [client 240e:910:e000:811::13bd:3068] AH02034: Subsequent (No.2) HTTPS request received for child 8 (server www.scjh.ilc.edu.tw:443), referer: https://www.scjh.ilc.edu.tw/2015/page/2/
[Sat Aug 22 01:13:55.002952 2026] [authz_core:debug] [pid 642859:tid 642859] mod_authz_core.c(815): [client 240e:910:e000:811::13bd:3068] AH01626: authorization result of Require all granted: granted, referer: https://www.scjh.ilc.edu.tw/2015/page/2/
[Sat Aug 22 01:13:55.002958 2026] [authz_core:debug] [pid 642859:tid 642859] mod_authz_core.c(815): [client 240e:910:e000:811::13bd:3068] AH01626: authorization result of : granted, referer: https://www.scjh.ilc.edu.tw/2015/page/2/
[Sat Aug 22 01:13:55.003202 2026] [deflate:debug] [pid 642859:tid 642859] mod_deflate.c(909): [client 240e:910:e000:811::13bd:3068] AH01384: Zlib: Compressed 4111 to 1423 : URL /wp-content/themes/oceanwp/assets/js/ow-lightbox.min.js, referer: https://www.scjh.ilc.edu.tw/2015/page/2/
[Sat Aug 22 01:13:55.008651 2026] [ssl:info] [pid 642863:tid 642863] [client 17.246.23.44:37162] AH01964: Connection to child 13 established (server 2blog.ilc.edu.tw:443)
[Sat Aug 22 01:13:55.008724 2026] [ssl:info] [pid 642845:tid 642845] [client 38.154.139.148:20194] AH01964: Connection to child 16 established (server 2blog.ilc.edu.tw:443)
[Sat Aug 22 01:13:55.008837 2026] [ssl:debug] [pid 642863:tid 642863] ssl_engine_kernel.c(2222): [client 17.246.23.44:37162] AH02043: SSL virtual host for servername 2blog.ilc.edu.tw found
[Sat Aug 22 01:13:55.008871 2026] [ssl:debug] [pid 642845:tid 642845] ssl_engine_kernel.c(2222): [client 38.154.139.148:20194] AH02043: SSL virtual host for servername 2blog.ilc.edu.tw found
[Sat Aug 22 01:13:55.008897 2026] [core:debug] [pid 642863:tid 642863] protocol.c(2460): [client 17.246.23.44:37162] AH03155: select protocol from , choices=http/1.1,h2 for server 2blog.ilc.edu.tw
[Sat Aug 22 01:13:55.008930 2026] [core:debug] [pid 642845:tid 642845] protocol.c(2460): [client 38.154.139.148:20194] AH03155: select protocol from , choices=h2,http/1.1 for server 2blog.ilc.edu.tw
[Sat Aug 22 01:13:55.008986 2026] [ssl:debug] [pid 642845:tid 642845] ssl_util_stapling.c(819): AH01951: stapling_cb: OCSP Stapling callback called
[Sat Aug 22 01:13:55.008994 2026] [ssl:info] [pid 642845:tid 642845] AH01926: stapling_get_certinfo: stapling not supported for certificate
[Sat Aug 22 01:13:55.047546 2026] [ssl:debug] [pid 642854:tid 642854] ssl_engine_io.c(1150): [client 189.104.133.232:14642] AH02001: Connection closed to child 1 with standard shutdown (server 2blog.ilc.edu.tw:443)
[Sat Aug 22 01:13:55.053196 2026] [ssl:debug] [pid 642866:tid 642866] ssl_engine_kernel.c(254): [client 240e:910:e000:811::13bd:3072] AH02034: Subsequent (No.2) HTTPS request received for child 20 (server www.scjh.ilc.edu.tw:443), referer: https://www.scjh.ilc.edu.tw/2015/page/2/
[Sat Aug 22 01:13:55.053491 2026] [authz_core:debug] [pid 642866:tid 642866] mod_authz_core.c(815): [client 240e:910:e000:811::13bd:3072] AH01626: authorization result of Require all granted: granted, referer: https://www.scjh.ilc.edu.tw/2015/page/2/
[Sat Aug 22 01:13:55.053503 2026] [authz_core:debug] [pid 642866:tid 642866] mod_authz_core.c(815): [client 240e:910:e000:811::13bd:3072] AH01626: authorization result of : granted, referer: https://www.scjh.ilc.edu.tw/2015/page/2/
[Sat Aug 22 01:13:55.055263 2026] [deflate:debug] [pid 642866:tid 642866] mod_deflate.c(909): [client 240e:910:e000:811::13bd:3072] AH01384: Zlib: Compressed 57513 to 14083 : URL /wp-content/themes/oceanwp/assets/js/vendors/flickity.pkgd.min.js, referer: https://www.scjh.ilc.edu.tw/2015/page/2/
[Sat Aug 22 01:13:55.125305 2026] [ssl:debug] [pid 642860:tid 642860] ssl_engine_kernel.c(2082): [client 172.120.26.55:35330] AH02041: Protocol: TLSv1.3, Cipher: TLS_AES_256_GCM_SHA384 (256/256 bits)
[Sat Aug 22 01:13:55.125380 2026] [socache_shmcb:debug] [pid 642860:tid 642860] mod_socache_shmcb.c(508): AH00831: socache_shmcb_store (0xf6 -> subcache 22)
[Sat Aug 22 01:13:55.125389 2026] [socache_shmcb:debug] [pid 642860:tid 642860] mod_socache_shmcb.c(860): AH00847: insert happened at idx=73, data=(3258:3290)
[Sat Aug 22 01:13:55.125392 2026] [socache_shmcb:debug] [pid 642860:tid 642860] mod_socache_shmcb.c(863): AH00848: finished insert, subcache: idx_pos/idx_used=36/38, data_pos/data_used=8877/8470
[Sat Aug 22 01:13:55.125395 2026] [socache_shmcb:debug] [pid 642860:tid 642860] mod_socache_shmcb.c(530): AH00834: leaving socache_shmcb_store successfully
[Sat Aug 22 01:13:55.125515 2026] [socache_shmcb:debug] [pid 642860:tid 642860] mod_socache_shmcb.c(508): AH00831: socache_shmcb_store (0xcb -> subcache 11)
[Sat Aug 22 01:13:55.125541 2026] [socache_shmcb:debug] [pid 642860:tid 642860] mod_socache_shmcb.c(860): AH00847: insert happened at idx=47, data=(3099:3131)
[Sat Aug 22 01:13:55.125544 2026] [socache_shmcb:debug] [pid 642860:tid 642860] mod_socache_shmcb.c(863): AH00848: finished insert, subcache: idx_pos/idx_used=7/41, data_pos/data_used=8068/9120
[Sat Aug 22 01:13:55.125547 2026] [socache_shmcb:debug] [pid 642860:tid 642860] mod_socache_shmcb.c(530): AH00834: leaving socache_shmcb_store successfully
[Sat Aug 22 01:13:55.126074 2026] [ssl:info] [pid 642837:tid 642837] [client 138.226.97.173:13816] AH01964: Connection to child 5 established (server 2blog.ilc.edu.tw:443)
[Sat Aug 22 01:13:55.126205 2026] [ssl:debug] [pid 642837:tid 642837] ssl_engine_kernel.c(2222): [client 138.226.97.173:13816] AH02043: SSL virtual host for servername 2blog.ilc.edu.tw found
[Sat Aug 22 01:13:55.126252 2026] [core:debug] [pid 642837:tid 642837] protocol.c(2460): [client 138.226.97.173:13816] AH03155: select protocol from , choices=h2,http/1.1 for server 2blog.ilc.edu.tw
[Sat Aug 22 01:13:55.126281 2026] [ssl:debug] [pid 642837:tid 642837] ssl_util_stapling.c(819): AH01951: stapling_cb: OCSP Stapling callback called
[Sat Aug 22 01:13:55.126286 2026] [ssl:info] [pid 642837:tid 642837] AH01926: stapling_get_certinfo: stapling not supported for certificate
[Sat Aug 22 01:13:55.149847 2026] [ssl:debug] [pid 642862:tid 642862] ssl_engine_kernel.c(2082): [client 54.209.100.30:34981] AH02041: Protocol: TLSv1.3, Cipher: TLS_AES_256_GCM_SHA384 (256/256 bits)
[Sat Aug 22 01:13:55.149904 2026] [socache_shmcb:debug] [pid 642862:tid 642862] mod_socache_shmcb.c(508): AH00831: socache_shmcb_store (0x52 -> subcache 18)
[Sat Aug 22 01:13:55.149910 2026] [socache_shmcb:debug] [pid 642862:tid 642862] mod_socache_shmcb.c(860): AH00847: insert happened at idx=5, data=(7832:7864)
[Sat Aug 22 01:13:55.149912 2026] [socache_shmcb:debug] [pid 642862:tid 642862] mod_socache_shmcb.c(863): AH00848: finished insert, subcache: idx_pos/idx_used=46/48, data_pos/data_used=11176/10734
[Sat Aug 22 01:13:55.149914 2026] [socache_shmcb:debug] [pid 642862:tid 642862] mod_socache_shmcb.c(530): AH00834: leaving socache_shmcb_store successfully
[Sat Aug 22 01:13:55.149965 2026] [socache_shmcb:debug] [pid 642862:tid 642862] mod_socache_shmcb.c(508): AH00831: socache_shmcb_store (0x84 -> subcache 4)
[Sat Aug 22 01:13:55.149981 2026] [socache_shmcb:debug] [pid 642862:tid 642862] mod_socache_shmcb.c(860): AH00847: insert happened at idx=62, data=(6225:6257)
[Sat Aug 22 01:13:55.149983 2026] [socache_shmcb:debug] [pid 642862:tid 642862] mod_socache_shmcb.c(863): AH00848: finished insert, subcache: idx_pos/idx_used=7/56, data_pos/data_used=7827/12476
[Sat Aug 22 01:13:55.149985 2026] [socache_shmcb:debug] [pid 642862:tid 642862] mod_socache_shmcb.c(530): AH00834: leaving socache_shmcb_store successfully
[Sat Aug 22 01:13:55.150094 2026] [ssl:debug] [pid 642862:tid 642862] ssl_engine_kernel.c(254): [client 54.209.100.30:34981] AH02034: Initial (No.1) HTTPS request received for child 12 (server 2blog.ilc.edu.tw:443)
[Sat Aug 22 01:13:55.150266 2026] [authz_core:debug] [pid 642862:tid 642862] mod_authz_core.c(815): [client 54.209.100.30:34981] AH01626: authorization result of Require all granted: granted
[Sat Aug 22 01:13:55.150271 2026] [authz_core:debug] [pid 642862:tid 642862] mod_authz_core.c(815): [client 54.209.100.30:34981] AH01626: authorization result of : granted
[Sat Aug 22 01:13:55.152280 2026] [ssl:debug] [pid 642864:tid 642864] ssl_engine_kernel.c(254): [client 240e:910:e000:811::13bd:3076] AH02034: Subsequent (No.3) HTTPS request received for child 17 (server www.scjh.ilc.edu.tw:443), referer: https://www.scjh.ilc.edu.tw/2015/page/2/
[Sat Aug 22 01:13:55.152373 2026] [authz_core:debug] [pid 642862:tid 642862] mod_authz_core.c(815): [client 54.209.100.30:34981] AH01626: authorization result of Require all granted: granted
[Sat Aug 22 01:13:55.152403 2026] [authz_core:debug] [pid 642862:tid 642862] mod_authz_core.c(815): [client 54.209.100.30:34981] AH01626: authorization result of : granted
[Sat Aug 22 01:13:55.152488 2026] [authz_core:debug] [pid 642864:tid 642864] mod_authz_core.c(815): [client 240e:910:e000:811::13bd:3076] AH01626: authorization result of Require all granted: granted, referer: https://www.scjh.ilc.edu.tw/2015/page/2/
[Sat Aug 22 01:13:55.152495 2026] [authz_core:debug] [pid 642864:tid 642864] mod_authz_core.c(815): [client 240e:910:e000:811::13bd:3076] AH01626: authorization result of : granted, referer: https://www.scjh.ilc.edu.tw/2015/page/2/
[Sat Aug 22 01:13:55.152735 2026] [deflate:debug] [pid 642864:tid 642864] mod_deflate.c(909): [client 240e:910:e000:811::13bd:3076] AH01384: Zlib: Compressed 2002 to 864 : URL /wp-content/themes/oceanwp/assets/js/ow-slider.min.js, referer: https://www.scjh.ilc.edu.tw/2015/page/2/
[Sat Aug 22 01:13:55.156463 2026] [ssl:debug] [pid 642862:tid 642862] ssl_engine_io.c(1150): [client 54.209.100.30:34981] AH02001: Connection closed to child 12 with standard shutdown (server 2blog.ilc.edu.tw:443)
[Sat Aug 22 01:13:55.186966 2026] [ssl:debug] [pid 642860:tid 642860] ssl_engine_kernel.c(254): [client 172.120.26.55:35330] AH02034: Initial (No.1) HTTPS request received for child 9 (server 2blog.ilc.edu.tw:443)
[Sat Aug 22 01:13:55.187210 2026] [authz_core:debug] [pid 642860:tid 642860] mod_authz_core.c(815): [client 172.120.26.55:35330] AH01626: authorization result of Require all granted: granted
[Sat Aug 22 01:13:55.187216 2026] [authz_core:debug] [pid 642860:tid 642860] mod_authz_core.c(815): [client 172.120.26.55:35330] AH01626: authorization result of : granted
[Sat Aug 22 01:13:55.187370 2026] [authz_core:debug] [pid 642860:tid 642860] mod_authz_core.c(815): [client 172.120.26.55:35330] AH01626: authorization result of Require all granted: granted
[Sat Aug 22 01:13:55.187375 2026] [authz_core:debug] [pid 642860:tid 642860] mod_authz_core.c(815): [client 172.120.26.55:35330] AH01626: authorization result of : granted
[Sat Aug 22 01:13:55.202381 2026] [deflate:debug] [pid 642860:tid 642860] mod_deflate.c(909): [client 172.120.26.55:35330] AH01384: Zlib: Compressed 62837 to 14899 : URL /index.php
[Sat Aug 22 01:13:55.247031 2026] [ssl:debug] [pid 642865:tid 642865] ssl_engine_io.c(1150): [client 142.147.180.208:43296] AH02001: Connection closed to child 19 with standard shutdown (server 2blog.ilc.edu.tw:443)
[Sat Aug 22 01:13:55.250758 2026] [ssl:debug] [pid 642845:tid 642845] ssl_engine_kernel.c(2082): [client 38.154.139.148:20194] AH02041: Protocol: TLSv1.3, Cipher: TLS_AES_256_GCM_SHA384 (256/256 bits)
[Sat Aug 22 01:13:55.250799 2026] [socache_shmcb:debug] [pid 642845:tid 642845] mod_socache_shmcb.c(508): AH00831: socache_shmcb_store (0x65 -> subcache 5)
[Sat Aug 22 01:13:55.250805 2026] [socache_shmcb:debug] [pid 642845:tid 642845] mod_socache_shmcb.c(745): AH00842: expiring 1 and reclaiming 0 removed socache entries
[Sat Aug 22 01:13:55.250808 2026] [socache_shmcb:debug] [pid 642845:tid 642845] mod_socache_shmcb.c(765): AH00843: we now have 39 socache entries
[Sat Aug 22 01:13:55.250810 2026] [socache_shmcb:debug] [pid 642845:tid 642845] mod_socache_shmcb.c(860): AH00847: insert happened at idx=47, data=(3177:3209)
[Sat Aug 22 01:13:55.250811 2026] [socache_shmcb:debug] [pid 642845:tid 642845] mod_socache_shmcb.c(863): AH00848: finished insert, subcache: idx_pos/idx_used=8/40, data_pos/data_used=8276/8990
[Sat Aug 22 01:13:55.250813 2026] [socache_shmcb:debug] [pid 642845:tid 642845] mod_socache_shmcb.c(530): AH00834: leaving socache_shmcb_store successfully
[Sat Aug 22 01:13:55.250856 2026] [socache_shmcb:debug] [pid 642845:tid 642845] mod_socache_shmcb.c(508): AH00831: socache_shmcb_store (0xb1 -> subcache 17)
[Sat Aug 22 01:13:55.250861 2026] [socache_shmcb:debug] [pid 642845:tid 642845] mod_socache_shmcb.c(860): AH00847: insert happened at idx=6, data=(7903:7935)
[Sat Aug 22 01:13:55.250863 2026] [socache_shmcb:debug] [pid 642845:tid 642845] mod_socache_shmcb.c(863): AH00848: finished insert, subcache: idx_pos/idx_used=47/48, data_pos/data_used=11321/10672
[Sat Aug 22 01:13:55.250875 2026] [socache_shmcb:debug] [pid 642845:tid 642845] mod_socache_shmcb.c(530): AH00834: leaving socache_shmcb_store successfully
[Sat Aug 22 01:13:55.254271 2026] [ssl:debug] [pid 642863:tid 642863] ssl_engine_kernel.c(2082): [client 17.246.23.44:37162] AH02041: Protocol: TLSv1.3, Cipher: TLS_AES_256_GCM_SHA384 (256/256 bits)
[Sat Aug 22 01:13:55.254313 2026] [socache_shmcb:debug] [pid 642863:tid 642863] mod_socache_shmcb.c(508): AH00831: socache_shmcb_store (0x74 -> subcache 20)
[Sat Aug 22 01:13:55.254319 2026] [socache_shmcb:debug] [pid 642863:tid 642863] mod_socache_shmcb.c(860): AH00847: insert happened at idx=64, data=(7119:7151)
[Sat Aug 22 01:13:55.254321 2026] [socache_shmcb:debug] [pid 642863:tid 642863] mod_socache_shmcb.c(863): AH00848: finished insert, subcache: idx_pos/idx_used=19/46, data_pos/data_used=10897/10311
[Sat Aug 22 01:13:55.254323 2026] [socache_shmcb:debug] [pid 642863:tid 642863] mod_socache_shmcb.c(530): AH00834: leaving socache_shmcb_store successfully
[Sat Aug 22 01:13:55.254373 2026] [socache_shmcb:debug] [pid 642863:tid 642863] mod_socache_shmcb.c(508): AH00831: socache_shmcb_store (0xd5 -> subcache 21)
[Sat Aug 22 01:13:55.254378 2026] [socache_shmcb:debug] [pid 642863:tid 642863] mod_socache_shmcb.c(860): AH00847: insert happened at idx=87, data=(6225:6257)
[Sat Aug 22 01:13:55.254380 2026] [socache_shmcb:debug] [pid 642863:tid 642863] mod_socache_shmcb.c(863): AH00848: finished insert, subcache: idx_pos/idx_used=54/34, data_pos/data_used=12737/7577
[Sat Aug 22 01:13:55.254382 2026] [socache_shmcb:debug] [pid 642863:tid 642863] mod_socache_shmcb.c(530): AH00834: leaving socache_shmcb_store successfully
[Sat Aug 22 01:13:55.272534 2026] [ssl:debug] [pid 642869:tid 642869] ssl_engine_kernel.c(254): [client 240e:910:e000:811::13bd:3074] AH02034: Subsequent (No.5) HTTPS request received for child 24 (server www.scjh.ilc.edu.tw:443), referer: https://www.scjh.ilc.edu.tw/2015/page/2/
[Sat Aug 22 01:13:55.272745 2026] [authz_core:debug] [pid 642869:tid 642869] mod_authz_core.c(815): [client 240e:910:e000:811::13bd:3074] AH01626: authorization result of Require all granted: granted, referer: https://www.scjh.ilc.edu.tw/2015/page/2/
[Sat Aug 22 01:13:55.272750 2026] [authz_core:debug] [pid 642869:tid 642869] mod_authz_core.c(815): [client 240e:910:e000:811::13bd:3074] AH01626: authorization result of : granted, referer: https://www.scjh.ilc.edu.tw/2015/page/2/
