[Sat Aug 22 01:13:51.868498 2026] [watchdog:debug] [pid 642862:tid 642862] mod_watchdog.c(559): AH02980: Watchdog: nothing configured?
[Sat Aug 22 01:13:51.868670 2026] [ssl:info] [pid 642862:tid 642862] [client 185.211.98.9:15330] AH01964: Connection to child 12 established (server 2blog.ilc.edu.tw:443)
[Sat Aug 22 01:13:51.868923 2026] [ssl:debug] [pid 642862:tid 642862] ssl_engine_kernel.c(2222): [client 185.211.98.9:15330] AH02043: SSL virtual host for servername 2blog.ilc.edu.tw found
[Sat Aug 22 01:13:51.869040 2026] [core:debug] [pid 642862:tid 642862] protocol.c(2460): [client 185.211.98.9:15330] AH03155: select protocol from , choices=h2,http/1.1 for server 2blog.ilc.edu.tw
[Sat Aug 22 01:13:51.869111 2026] [ssl:debug] [pid 642862:tid 642862] ssl_util_stapling.c(819): AH01951: stapling_cb: OCSP Stapling callback called
[Sat Aug 22 01:13:51.869118 2026] [ssl:info] [pid 642862:tid 642862] AH01926: stapling_get_certinfo: stapling not supported for certificate
[Sat Aug 22 01:13:51.871244 2026] [watchdog:debug] [pid 642863:tid 642863] mod_watchdog.c(559): AH02980: Watchdog: nothing configured?
[Sat Aug 22 01:13:51.871465 2026] [ssl:info] [pid 642863:tid 642863] [client 213.201.242.31:18034] AH01964: Connection to child 13 established (server 2blog.ilc.edu.tw:443)
[Sat Aug 22 01:13:51.871817 2026] [ssl:debug] [pid 642863:tid 642863] ssl_engine_kernel.c(2222): [client 213.201.242.31:18034] AH02043: SSL virtual host for servername 2blog.ilc.edu.tw found
[Sat Aug 22 01:13:51.871938 2026] [core:debug] [pid 642863:tid 642863] protocol.c(2460): [client 213.201.242.31:18034] AH03155: select protocol from , choices=h2,http/1.1 for server 2blog.ilc.edu.tw
[Sat Aug 22 01:13:51.872046 2026] [ssl:debug] [pid 642863:tid 642863] ssl_util_stapling.c(819): AH01951: stapling_cb: OCSP Stapling callback called
[Sat Aug 22 01:13:51.872055 2026] [ssl:info] [pid 642863:tid 642863] AH01926: stapling_get_certinfo: stapling not supported for certificate
[Sat Aug 22 01:13:51.874483 2026] [watchdog:debug] [pid 642864:tid 642864] mod_watchdog.c(559): AH02980: Watchdog: nothing configured?
[Sat Aug 22 01:13:51.874694 2026] [ssl:info] [pid 642864:tid 642864] [client 142.147.161.147:34560] AH01964: Connection to child 17 established (server 2blog.ilc.edu.tw:443)
[Sat Aug 22 01:13:51.874974 2026] [ssl:debug] [pid 642864:tid 642864] ssl_engine_kernel.c(2222): [client 142.147.161.147:34560] AH02043: SSL virtual host for servername 2blog.ilc.edu.tw found
[Sat Aug 22 01:13:51.875079 2026] [core:debug] [pid 642864:tid 642864] protocol.c(2460): [client 142.147.161.147:34560] AH03155: select protocol from , choices=h2,http/1.1 for server 2blog.ilc.edu.tw
[Sat Aug 22 01:13:51.875139 2026] [ssl:debug] [pid 642864:tid 642864] ssl_util_stapling.c(819): AH01951: stapling_cb: OCSP Stapling callback called
[Sat Aug 22 01:13:51.875145 2026] [ssl:info] [pid 642864:tid 642864] AH01926: stapling_get_certinfo: stapling not supported for certificate
[Sat Aug 22 01:13:51.877125 2026] [watchdog:debug] [pid 642865:tid 642865] mod_watchdog.c(559): AH02980: Watchdog: nothing configured?
[Sat Aug 22 01:13:51.877299 2026] [ssl:info] [pid 642865:tid 642865] [client 170.23.13.56:46884] AH01964: Connection to child 19 established (server 2blog.ilc.edu.tw:443)
[Sat Aug 22 01:13:51.877561 2026] [ssl:debug] [pid 642865:tid 642865] ssl_engine_kernel.c(2222): [client 170.23.13.56:46884] AH02043: SSL virtual host for servername 2blog.ilc.edu.tw found
[Sat Aug 22 01:13:51.877653 2026] [core:debug] [pid 642865:tid 642865] protocol.c(2460): [client 170.23.13.56:46884] AH03155: select protocol from , choices=h2,http/1.1 for server 2blog.ilc.edu.tw
[Sat Aug 22 01:13:51.877713 2026] [ssl:debug] [pid 642865:tid 642865] ssl_util_stapling.c(819): AH01951: stapling_cb: OCSP Stapling callback called
[Sat Aug 22 01:13:51.877718 2026] [ssl:info] [pid 642865:tid 642865] AH01926: stapling_get_certinfo: stapling not supported for certificate
[Sat Aug 22 01:13:51.879330 2026] [watchdog:debug] [pid 642866:tid 642866] mod_watchdog.c(559): AH02980: Watchdog: nothing configured?
[Sat Aug 22 01:13:51.879519 2026] [ssl:info] [pid 642866:tid 642866] [client 213.201.148.162:55090] AH01964: Connection to child 20 established (server 2blog.ilc.edu.tw:443)
[Sat Aug 22 01:13:51.879742 2026] [ssl:debug] [pid 642866:tid 642866] ssl_engine_kernel.c(2222): [client 213.201.148.162:55090] AH02043: SSL virtual host for servername 2blog.ilc.edu.tw found
[Sat Aug 22 01:13:51.879828 2026] [core:debug] [pid 642866:tid 642866] protocol.c(2460): [client 213.201.148.162:55090] AH03155: select protocol from , choices=h2,http/1.1 for server 2blog.ilc.edu.tw
[Sat Aug 22 01:13:51.879882 2026] [ssl:debug] [pid 642866:tid 642866] ssl_util_stapling.c(819): AH01951: stapling_cb: OCSP Stapling callback called
[Sat Aug 22 01:13:51.879895 2026] [ssl:info] [pid 642866:tid 642866] AH01926: stapling_get_certinfo: stapling not supported for certificate
[Sat Aug 22 01:13:51.881508 2026] [watchdog:debug] [pid 642867:tid 642867] mod_watchdog.c(559): AH02980: Watchdog: nothing configured?
[Sat Aug 22 01:13:51.883979 2026] [watchdog:debug] [pid 642868:tid 642868] mod_watchdog.c(559): AH02980: Watchdog: nothing configured?
[Sat Aug 22 01:13:51.886258 2026] [watchdog:debug] [pid 642869:tid 642869] mod_watchdog.c(559): AH02980: Watchdog: nothing configured?
[Sat Aug 22 01:13:51.912947 2026] [ssl:debug] [pid 642859:tid 642859] ssl_engine_kernel.c(2082): [client 54.164.106.236:18076] AH02041: Protocol: TLSv1.3, Cipher: TLS_AES_256_GCM_SHA384 (256/256 bits)
[Sat Aug 22 01:13:51.913034 2026] [socache_shmcb:debug] [pid 642859:tid 642859] mod_socache_shmcb.c(508): AH00831: socache_shmcb_store (0x96 -> subcache 22)
[Sat Aug 22 01:13:51.913052 2026] [socache_shmcb:debug] [pid 642859:tid 642859] mod_socache_shmcb.c(860): AH00847: insert happened at idx=69, data=(2368:2400)
[Sat Aug 22 01:13:51.913055 2026] [socache_shmcb:debug] [pid 642859:tid 642859] mod_socache_shmcb.c(863): AH00848: finished insert, subcache: idx_pos/idx_used=36/34, data_pos/data_used=8877/7569
[Sat Aug 22 01:13:51.913058 2026] [socache_shmcb:debug] [pid 642859:tid 642859] mod_socache_shmcb.c(530): AH00834: leaving socache_shmcb_store successfully
[Sat Aug 22 01:13:51.913123 2026] [socache_shmcb:debug] [pid 642859:tid 642859] mod_socache_shmcb.c(508): AH00831: socache_shmcb_store (0x73 -> subcache 19)
[Sat Aug 22 01:13:51.913133 2026] [socache_shmcb:debug] [pid 642859:tid 642859] mod_socache_shmcb.c(860): AH00847: insert happened at idx=59, data=(97:129)
[Sat Aug 22 01:13:51.913135 2026] [socache_shmcb:debug] [pid 642859:tid 642859] mod_socache_shmcb.c(863): AH00848: finished insert, subcache: idx_pos/idx_used=25/35, data_pos/data_used=6356/7818
[Sat Aug 22 01:13:51.913138 2026] [socache_shmcb:debug] [pid 642859:tid 642859] mod_socache_shmcb.c(530): AH00834: leaving socache_shmcb_store successfully
[Sat Aug 22 01:13:51.913279 2026] [ssl:debug] [pid 642859:tid 642859] ssl_engine_kernel.c(254): [client 54.164.106.236:18076] AH02034: Initial (No.1) HTTPS request received for child 8 (server 2blog.ilc.edu.tw:443)
[Sat Aug 22 01:13:51.913463 2026] [ssl:debug] [pid 642860:tid 642860] ssl_engine_kernel.c(2082): [client 38.154.15.27:36538] AH02041: Protocol: TLSv1.3, Cipher: TLS_AES_256_GCM_SHA384 (256/256 bits)
[Sat Aug 22 01:13:51.913497 2026] [authz_core:debug] [pid 642859:tid 642859] mod_authz_core.c(815): [client 54.164.106.236:18076] AH01626: authorization result of Require all granted: granted
[Sat Aug 22 01:13:51.913499 2026] [socache_shmcb:debug] [pid 642860:tid 642860] mod_socache_shmcb.c(508): AH00831: socache_shmcb_store (0x1b -> subcache 27)
[Sat Aug 22 01:13:51.913505 2026] [authz_core:debug] [pid 642859:tid 642859] mod_authz_core.c(815): [client 54.164.106.236:18076] AH01626: authorization result of : granted
[Sat Aug 22 01:13:51.913515 2026] [socache_shmcb:debug] [pid 642860:tid 642860] mod_socache_shmcb.c(860): AH00847: insert happened at idx=28, data=(12805:12837)
[Sat Aug 22 01:13:51.913517 2026] [socache_shmcb:debug] [pid 642860:tid 642860] mod_socache_shmcb.c(863): AH00848: finished insert, subcache: idx_pos/idx_used=65/52, data_pos/data_used=1416/11615
[Sat Aug 22 01:13:51.913519 2026] [socache_shmcb:debug] [pid 642860:tid 642860] mod_socache_shmcb.c(530): AH00834: leaving socache_shmcb_store successfully
[Sat Aug 22 01:13:51.913561 2026] [socache_shmcb:debug] [pid 642860:tid 642860] mod_socache_shmcb.c(508): AH00831: socache_shmcb_store (0xe7 -> subcache 7)
[Sat Aug 22 01:13:51.913569 2026] [socache_shmcb:debug] [pid 642860:tid 642860] mod_socache_shmcb.c(860): AH00847: insert happened at idx=21, data=(11140:11172)
[Sat Aug 22 01:13:51.913571 2026] [socache_shmcb:debug] [pid 642860:tid 642860] mod_socache_shmcb.c(863): AH00848: finished insert, subcache: idx_pos/idx_used=73/37, data_pos/data_used=3060/8305
[Sat Aug 22 01:13:51.913581 2026] [socache_shmcb:debug] [pid 642860:tid 642860] mod_socache_shmcb.c(530): AH00834: leaving socache_shmcb_store successfully
[Sat Aug 22 01:13:51.915572 2026] [authz_core:debug] [pid 642859:tid 642859] mod_authz_core.c(815): [client 54.164.106.236:18076] AH01626: authorization result of Require all granted: granted
[Sat Aug 22 01:13:51.915594 2026] [authz_core:debug] [pid 642859:tid 642859] mod_authz_core.c(815): [client 54.164.106.236:18076] AH01626: authorization result of : granted
[Sat Aug 22 01:13:51.918047 2026] [ssl:debug] [pid 642859:tid 642859] ssl_engine_io.c(1150): [client 54.164.106.236:18076] AH02001: Connection closed to child 8 with standard shutdown (server 2blog.ilc.edu.tw:443)
[Sat Aug 22 01:13:51.948171 2026] [ssl:debug] [pid 642845:tid 642845] ssl_engine_io.c(1150): [client 85.254.42.244:41346] AH02001: Connection closed to child 16 with standard shutdown (server 2blog.ilc.edu.tw:443)
[Sat Aug 22 01:13:51.959046 2026] [ssl:debug] [pid 642808:tid 642808] ssl_engine_kernel.c(2082): [client 135.196.204.164:22542] AH02041: Protocol: TLSv1.3, Cipher: TLS_AES_256_GCM_SHA384 (256/256 bits)
[Sat Aug 22 01:13:51.959099 2026] [socache_shmcb:debug] [pid 642808:tid 642808] mod_socache_shmcb.c(508): AH00831: socache_shmcb_store (0x58 -> subcache 24)
[Sat Aug 22 01:13:51.959105 2026] [socache_shmcb:debug] [pid 642808:tid 642808] mod_socache_shmcb.c(860): AH00847: insert happened at idx=13, data=(9614:9646)
[Sat Aug 22 01:13:51.959107 2026] [socache_shmcb:debug] [pid 642808:tid 642808] mod_socache_shmcb.c(863): AH00848: finished insert, subcache: idx_pos/idx_used=58/44, data_pos/data_used=13/9827
[Sat Aug 22 01:13:51.959109 2026] [socache_shmcb:debug] [pid 642808:tid 642808] mod_socache_shmcb.c(530): AH00834: leaving socache_shmcb_store successfully
[Sat Aug 22 01:13:51.959155 2026] [socache_shmcb:debug] [pid 642808:tid 642808] mod_socache_shmcb.c(508): AH00831: socache_shmcb_store (0xd5 -> subcache 21)
[Sat Aug 22 01:13:51.959160 2026] [socache_shmcb:debug] [pid 642808:tid 642808] mod_socache_shmcb.c(860): AH00847: insert happened at idx=86, data=(6000:6032)
[Sat Aug 22 01:13:51.959162 2026] [socache_shmcb:debug] [pid 642808:tid 642808] mod_socache_shmcb.c(863): AH00848: finished insert, subcache: idx_pos/idx_used=54/33, data_pos/data_used=12737/7352
[Sat Aug 22 01:13:51.959164 2026] [socache_shmcb:debug] [pid 642808:tid 642808] mod_socache_shmcb.c(530): AH00834: leaving socache_shmcb_store successfully
[Sat Aug 22 01:13:51.980271 2026] [ssl:debug] [pid 642839:tid 642839] ssl_engine_kernel.c(254): [client 240e:971:12::232:11454] AH02034: Subsequent (No.4) HTTPS request received for child 7 (server www.iedu.ilc.edu.tw:443), referer: https://www.iedu.ilc.edu.tw/page/5/
[Sat Aug 22 01:13:51.980485 2026] [authz_core:debug] [pid 642839:tid 642839] mod_authz_core.c(815): [client 240e:971:12::232:11454] AH01626: authorization result of Require all granted: granted, referer: https://www.iedu.ilc.edu.tw/page/5/
[Sat Aug 22 01:13:51.980491 2026] [authz_core:debug] [pid 642839:tid 642839] mod_authz_core.c(815): [client 240e:971:12::232:11454] AH01626: authorization result of : granted, referer: https://www.iedu.ilc.edu.tw/page/5/
[Sat Aug 22 01:13:51.981089 2026] [deflate:debug] [pid 642839:tid 642839] mod_deflate.c(909): [client 240e:971:12::232:11454] AH01384: Zlib: Compressed 14581 to 3765 : URL /wp-content/themes/oceanwp/assets/js/drop-down-mobile-menu.min.js, referer: https://www.iedu.ilc.edu.tw/page/5/
[Sat Aug 22 01:13:52.033808 2026] [ssl:info] [pid 642867:tid 642867] [client 138.226.97.53:47840] AH01964: Connection to child 21 established (server 2blog.ilc.edu.tw:443)
[Sat Aug 22 01:13:52.034140 2026] [ssl:debug] [pid 642867:tid 642867] ssl_engine_kernel.c(2222): [client 138.226.97.53:47840] AH02043: SSL virtual host for servername 2blog.ilc.edu.tw found
[Sat Aug 22 01:13:52.034255 2026] [core:debug] [pid 642867:tid 642867] protocol.c(2460): [client 138.226.97.53:47840] AH03155: select protocol from , choices=h2,http/1.1 for server 2blog.ilc.edu.tw
[Sat Aug 22 01:13:52.034355 2026] [ssl:debug] [pid 642867:tid 642867] ssl_util_stapling.c(819): AH01951: stapling_cb: OCSP Stapling callback called
[Sat Aug 22 01:13:52.034363 2026] [ssl:info] [pid 642867:tid 642867] AH01926: stapling_get_certinfo: stapling not supported for certificate
[Sat Aug 22 01:13:52.082650 2026] [ssl:debug] [pid 642808:tid 642808] ssl_engine_kernel.c(254): [client 135.196.204.164:22542] AH02034: Initial (No.1) HTTPS request received for child 22 (server 2blog.ilc.edu.tw:443)
[Sat Aug 22 01:13:52.082940 2026] [authz_core:debug] [pid 642808:tid 642808] mod_authz_core.c(815): [client 135.196.204.164:22542] AH01626: authorization result of Require all granted: granted
[Sat Aug 22 01:13:52.082948 2026] [authz_core:debug] [pid 642808:tid 642808] mod_authz_core.c(815): [client 135.196.204.164:22542] AH01626: authorization result of : granted
[Sat Aug 22 01:13:52.083107 2026] [authz_core:debug] [pid 642808:tid 642808] mod_authz_core.c(815): [client 135.196.204.164:22542] AH01626: authorization result of Require all granted: granted
[Sat Aug 22 01:13:52.083114 2026] [authz_core:debug] [pid 642808:tid 642808] mod_authz_core.c(815): [client 135.196.204.164:22542] AH01626: authorization result of : granted
[Sat Aug 22 01:13:52.092149 2026] [ssl:debug] [pid 642863:tid 642863] ssl_engine_kernel.c(2082): [client 213.201.242.31:18034] AH02041: Protocol: TLSv1.3, Cipher: TLS_AES_256_GCM_SHA384 (256/256 bits)
[Sat Aug 22 01:13:52.092278 2026] [socache_shmcb:debug] [pid 642863:tid 642863] mod_socache_shmcb.c(508): AH00831: socache_shmcb_store (0x1d -> subcache 29)
[Sat Aug 22 01:13:52.092295 2026] [socache_shmcb:debug] [pid 642863:tid 642863] mod_socache_shmcb.c(860): AH00847: insert happened at idx=9, data=(8506:8538)
[Sat Aug 22 01:13:52.092299 2026] [socache_shmcb:debug] [pid 642863:tid 642863] mod_socache_shmcb.c(863): AH00848: finished insert, subcache: idx_pos/idx_used=48/50, data_pos/data_used=11374/11221
[Sat Aug 22 01:13:52.092302 2026] [socache_shmcb:debug] [pid 642863:tid 642863] mod_socache_shmcb.c(530): AH00834: leaving socache_shmcb_store successfully
[Sat Aug 22 01:13:52.092387 2026] [socache_shmcb:debug] [pid 642863:tid 642863] mod_socache_shmcb.c(508): AH00831: socache_shmcb_store (0x36 -> subcache 22)
[Sat Aug 22 01:13:52.092399 2026] [socache_shmcb:debug] [pid 642863:tid 642863] mod_socache_shmcb.c(860): AH00847: insert happened at idx=70, data=(2582:2614)
[Sat Aug 22 01:13:52.092402 2026] [socache_shmcb:debug] [pid 642863:tid 642863] mod_socache_shmcb.c(863): AH00848: finished insert, subcache: idx_pos/idx_used=36/35, data_pos/data_used=8877/7794
[Sat Aug 22 01:13:52.092405 2026] [socache_shmcb:debug] [pid 642863:tid 642863] mod_socache_shmcb.c(530): AH00834: leaving socache_shmcb_store successfully
[Sat Aug 22 01:13:52.092802 2026] [ssl:debug] [pid 642860:tid 642860] ssl_engine_kernel.c(254): [client 38.154.15.27:36538] AH02034: Initial (No.1) HTTPS request received for child 9 (server 2blog.ilc.edu.tw:443)
[Sat Aug 22 01:13:52.093073 2026] [authz_core:debug] [pid 642860:tid 642860] mod_authz_core.c(815): [client 38.154.15.27:36538] AH01626: authorization result of Require all granted: granted
[Sat Aug 22 01:13:52.093085 2026] [authz_core:debug] [pid 642860:tid 642860] mod_authz_core.c(815): [client 38.154.15.27:36538] AH01626: authorization result of : granted
[Sat Aug 22 01:13:52.093271 2026] [authz_core:debug] [pid 642860:tid 642860] mod_authz_core.c(815): [client 38.154.15.27:36538] AH01626: authorization result of Require all granted: granted
[Sat Aug 22 01:13:52.093280 2026] [authz_core:debug] [pid 642860:tid 642860] mod_authz_core.c(815): [client 38.154.15.27:36538] AH01626: authorization result of : granted
[Sat Aug 22 01:13:52.095172 2026] [ssl:debug] [pid 642838:tid 642838] ssl_engine_kernel.c(254): [client 240e:971:12::232:11458] AH02034: Subsequent (No.4) HTTPS request received for child 6 (server www.iedu.ilc.edu.tw:443), referer: https://www.iedu.ilc.edu.tw/page/5/
[Sat Aug 22 01:13:52.095497 2026] [authz_core:debug] [pid 642838:tid 642838] mod_authz_core.c(815): [client 240e:971:12::232:11458] AH01626: authorization result of Require all granted: granted, referer: https://www.iedu.ilc.edu.tw/page/5/
[Sat Aug 22 01:13:52.095516 2026] [authz_core:debug] [pid 642838:tid 642838] mod_authz_core.c(815): [client 240e:971:12::232:11458] AH01626: authorization result of : granted, referer: https://www.iedu.ilc.edu.tw/page/5/
[Sat Aug 22 01:13:52.095928 2026] [deflate:debug] [pid 642838:tid 642838] mod_deflate.c(909): [client 240e:971:12::232:11458] AH01384: Zlib: Compressed 7540 to 2070 : URL /wp-content/themes/oceanwp/assets/js/drop-down-search.min.js, referer: https://www.iedu.ilc.edu.tw/page/5/
[Sat Aug 22 01:13:52.096921 2026] [ssl:debug] [pid 642864:tid 642864] ssl_engine_kernel.c(2082): [client 142.147.161.147:34560] AH02041: Protocol: TLSv1.3, Cipher: TLS_AES_256_GCM_SHA384 (256/256 bits)
[Sat Aug 22 01:13:52.097027 2026] [socache_shmcb:debug] [pid 642864:tid 642864] mod_socache_shmcb.c(508): AH00831: socache_shmcb_store (0x16 -> subcache 22)
[Sat Aug 22 01:13:52.097042 2026] [socache_shmcb:debug] [pid 642864:tid 642864] mod_socache_shmcb.c(860): AH00847: insert happened at idx=71, data=(2807:2839)
[Sat Aug 22 01:13:52.097044 2026] [socache_shmcb:debug] [pid 642864:tid 642864] mod_socache_shmcb.c(863): AH00848: finished insert, subcache: idx_pos/idx_used=36/36, data_pos/data_used=8877/8019
[Sat Aug 22 01:13:52.097046 2026] [socache_shmcb:debug] [pid 642864:tid 642864] mod_socache_shmcb.c(530): AH00834: leaving socache_shmcb_store successfully
[Sat Aug 22 01:13:52.097096 2026] [socache_shmcb:debug] [pid 642864:tid 642864] mod_socache_shmcb.c(508): AH00831: socache_shmcb_store (0x0c -> subcache 12)
[Sat Aug 22 01:13:52.097106 2026] [socache_shmcb:debug] [pid 642864:tid 642864] mod_socache_shmcb.c(745): AH00842: expiring 1 and reclaiming 0 removed socache entries
[Sat Aug 22 01:13:52.097109 2026] [socache_shmcb:debug] [pid 642864:tid 642864] mod_socache_shmcb.c(765): AH00843: we now have 36 socache entries
[Sat Aug 22 01:13:52.097112 2026] [socache_shmcb:debug] [pid 642864:tid 642864] mod_socache_shmcb.c(860): AH00847: insert happened at idx=13, data=(9399:9431)
[Sat Aug 22 01:13:52.097115 2026] [socache_shmcb:debug] [pid 642864:tid 642864] mod_socache_shmcb.c(863): AH00848: finished insert, subcache: idx_pos/idx_used=65/37, data_pos/data_used=1348/8277
[Sat Aug 22 01:13:52.097118 2026] [socache_shmcb:debug] [pid 642864:tid 642864] mod_socache_shmcb.c(530): AH00834: leaving socache_shmcb_store successfully
[Sat Aug 22 01:13:52.100053 2026] [ssl:debug] [pid 642866:tid 642866] ssl_engine_kernel.c(2082): [client 213.201.148.162:55090] AH02041: Protocol: TLSv1.3, Cipher: TLS_AES_256_GCM_SHA384 (256/256 bits)
[Sat Aug 22 01:13:52.100197 2026] [socache_shmcb:debug] [pid 642866:tid 642866] mod_socache_shmcb.c(508): AH00831: socache_shmcb_store (0xaf -> subcache 15)
[Sat Aug 22 01:13:52.100254 2026] [socache_shmcb:debug] [pid 642866:tid 642866] mod_socache_shmcb.c(745): AH00842: expiring 1 and reclaiming 0 removed socache entries
[Sat Aug 22 01:13:52.100259 2026] [socache_shmcb:debug] [pid 642866:tid 642866] mod_socache_shmcb.c(765): AH00843: we now have 53 socache entries
[Sat Aug 22 01:13:52.100262 2026] [socache_shmcb:debug] [pid 642866:tid 642866] mod_socache_shmcb.c(860): AH00847: insert happened at idx=74, data=(9277:9309)
[Sat Aug 22 01:13:52.100265 2026] [socache_shmcb:debug] [pid 642866:tid 642866] mod_socache_shmcb.c(863): AH00848: finished insert, subcache: idx_pos/idx_used=21/54, data_pos/data_used=11322/12045
[Sat Aug 22 01:13:52.100268 2026] [socache_shmcb:debug] [pid 642866:tid 642866] mod_socache_shmcb.c(530): AH00834: leaving socache_shmcb_store successfully
[Sat Aug 22 01:13:52.100335 2026] [socache_shmcb:debug] [pid 642866:tid 642866] mod_socache_shmcb.c(508): AH00831: socache_shmcb_store (0x4a -> subcache 10)
[Sat Aug 22 01:13:52.100345 2026] [socache_shmcb:debug] [pid 642866:tid 642866] mod_socache_shmcb.c(745): AH00842: expiring 1 and reclaiming 0 removed socache entries
[Sat Aug 22 01:13:52.100348 2026] [socache_shmcb:debug] [pid 642866:tid 642866] mod_socache_shmcb.c(765): AH00843: we now have 45 socache entries
[Sat Aug 22 01:13:52.100360 2026] [socache_shmcb:debug] [pid 642866:tid 642866] mod_socache_shmcb.c(860): AH00847: insert happened at idx=52, data=(4171:4203)
[Sat Aug 22 01:13:52.100408 2026] [socache_shmcb:debug] [pid 642866:tid 642866] mod_socache_shmcb.c(863): AH00848: finished insert, subcache: idx_pos/idx_used=7/46, data_pos/data_used=7966/10295
[Sat Aug 22 01:13:52.100417 2026] [socache_shmcb:debug] [pid 642866:tid 642866] mod_socache_shmcb.c(530): AH00834: leaving socache_shmcb_store successfully
[Sat Aug 22 01:13:52.104090 2026] [deflate:debug] [pid 642808:tid 642808] mod_deflate.c(909): [client 135.196.204.164:22542] AH01384: Zlib: Compressed 61884 to 14446 : URL /index.php
[Sat Aug 22 01:13:52.110711 2026] [deflate:debug] [pid 642860:tid 642860] mod_deflate.c(909): [client 38.154.15.27:36538] AH01384: Zlib: Compressed 73733 to 16245 : URL /index.php
[Sat Aug 22 01:13:52.131250 2026] [ssl:debug] [pid 642866:tid 642866] ssl_engine_kernel.c(254): [client 213.201.148.162:55090] AH02034: Initial (No.1) HTTPS request received for child 20 (server 2blog.ilc.edu.tw:443)
[Sat Aug 22 01:13:52.131622 2026] [authz_core:debug] [pid 642866:tid 642866] mod_authz_core.c(815): [client 213.201.148.162:55090] AH01626: authorization result of Require all granted: granted
[Sat Aug 22 01:13:52.131632 2026] [authz_core:debug] [pid 642866:tid 642866] mod_authz_core.c(815): [client 213.201.148.162:55090] AH01626: authorization result of : granted
[Sat Aug 22 01:13:52.132247 2026] [authz_core:debug] [pid 642866:tid 642866] mod_authz_core.c(815): [client 213.201.148.162:55090] AH01626: authorization result of Require all granted: granted
[Sat Aug 22 01:13:52.132255 2026] [authz_core:debug] [pid 642866:tid 642866] mod_authz_core.c(815): [client 213.201.148.162:55090] AH01626: authorization result of : granted
[Sat Aug 22 01:13:52.136868 2026] [ssl:debug] [pid 642864:tid 642864] ssl_engine_kernel.c(254): [client 142.147.161.147:34560] AH02034: Initial (No.1) HTTPS request received for child 17 (server 2blog.ilc.edu.tw:443)
[Sat Aug 22 01:13:52.137178 2026] [authz_core:debug] [pid 642864:tid 642864] mod_authz_core.c(815): [client 142.147.161.147:34560] AH01626: authorization result of Require all granted: granted
[Sat Aug 22 01:13:52.137186 2026] [authz_core:debug] [pid 642864:tid 642864] mod_authz_core.c(815): [client 142.147.161.147:34560] AH01626: authorization result of : granted
[Sat Aug 22 01:13:52.138280 2026] [authz_core:debug] [pid 642864:tid 642864] mod_authz_core.c(815): [client 142.147.161.147:34560] AH01626: authorization result of Require all granted: granted
[Sat Aug 22 01:13:52.138339 2026] [authz_core:debug] [pid 642864:tid 642864] mod_authz_core.c(815): [client 142.147.161.147:34560] AH01626: authorization result of : granted
[Sat Aug 22 01:13:52.163889 2026] [deflate:debug] [pid 642866:tid 642866] mod_deflate.c(909): [client 213.201.148.162:55090] AH01384: Zlib: Compressed 61084 to 14435 : URL /index.php
[Sat Aug 22 01:13:52.172266 2026] [ssl:debug] [pid 642863:tid 642863] ssl_engine_kernel.c(254): [client 213.201.242.31:18034] AH02034: Initial (No.1) HTTPS request received for child 13 (server 2blog.ilc.edu.tw:443)
[Sat Aug 22 01:13:52.172570 2026] [authz_core:debug] [pid 642863:tid 642863] mod_authz_core.c(815): [client 213.201.242.31:18034] AH01626: authorization result of Require all granted: granted
[Sat Aug 22 01:13:52.172578 2026] [authz_core:debug] [pid 642863:tid 642863] mod_authz_core.c(815): [client 213.201.242.31:18034] AH01626: authorization result of : granted
[Sat Aug 22 01:13:52.173148 2026] [authz_core:debug] [pid 642863:tid 642863] mod_authz_core.c(815): [client 213.201.242.31:18034] AH01626: authorization result of Require all granted: granted
[Sat Aug 22 01:13:52.173154 2026] [authz_core:debug] [pid 642863:tid 642863] mod_authz_core.c(815): [client 213.201.242.31:18034] AH01626: authorization result of : granted
[Sat Aug 22 01:13:52.176010 2026] [ssl:debug] [pid 642862:tid 642862] ssl_engine_kernel.c(2082): [client 185.211.98.9:15330] AH02041: Protocol: TLSv1.3, Cipher: TLS_AES_256_GCM_SHA384 (256/256 bits)
[Sat Aug 22 01:13:52.176097 2026] [socache_shmcb:debug] [pid 642862:tid 642862] mod_socache_shmcb.c(508): AH00831: socache_shmcb_store (0x1c -> subcache 28)
[Sat Aug 22 01:13:52.176112 2026] [socache_shmcb:debug] [pid 642862:tid 642862] mod_socache_shmcb.c(860): AH00847: insert happened at idx=7, data=(8205:8237)
[Sat Aug 22 01:13:52.176114 2026] [socache_shmcb:debug] [pid 642862:tid 642862] mod_socache_shmcb.c(863): AH00848: finished insert, subcache: idx_pos/idx_used=59/37, data_pos/data_used=157/8274
[Sat Aug 22 01:13:52.176117 2026] [socache_shmcb:debug] [pid 642862:tid 642862] mod_socache_shmcb.c(530): AH00834: leaving socache_shmcb_store successfully
[Sat Aug 22 01:13:52.176168 2026] [socache_shmcb:debug] [pid 642862:tid 642862] mod_socache_shmcb.c(508): AH00831: socache_shmcb_store (0xfa -> subcache 26)
[Sat Aug 22 01:13:52.176172 2026] [socache_shmcb:debug] [pid 642862:tid 642862] mod_socache_shmcb.c(860): AH00847: insert happened at idx=21, data=(10977:11009)
[Sat Aug 22 01:13:52.176174 2026] [socache_shmcb:debug] [pid 642862:tid 642862] mod_socache_shmcb.c(863): AH00848: finished insert, subcache: idx_pos/idx_used=72/38, data_pos/data_used=2727/8476
[Sat Aug 22 01:13:52.176176 2026] [socache_shmcb:debug] [pid 642862:tid 642862] mod_socache_shmcb.c(530): AH00834: leaving socache_shmcb_store successfully
[Sat Aug 22 01:13:52.196360 2026] [deflate:debug] [pid 642863:tid 642863] mod_deflate.c(909): [client 213.201.242.31:18034] AH01384: Zlib: Compressed 62660 to 14427 : URL /index.php
[Sat Aug 22 01:13:52.249563 2026] [ssl:debug] [pid 642865:tid 642865] ssl_engine_kernel.c(2082): [client 170.23.13.56:46884] AH02041: Protocol: TLSv1.3, Cipher: TLS_AES_256_GCM_SHA384 (256/256 bits)
[Sat Aug 22 01:13:52.249641 2026] [socache_shmcb:debug] [pid 642865:tid 642865] mod_socache_shmcb.c(508): AH00831: socache_shmcb_store (0x18 -> subcache 24)
[Sat Aug 22 01:13:52.249656 2026] [socache_shmcb:debug] [pid 642865:tid 642865] mod_socache_shmcb.c(860): AH00847: insert happened at idx=14, data=(9840:9872)
[Sat Aug 22 01:13:52.249659 2026] [socache_shmcb:debug] [pid 642865:tid 642865] mod_socache_shmcb.c(863): AH00848: finished insert, subcache: idx_pos/idx_used=58/45, data_pos/data_used=13/10052
[Sat Aug 22 01:13:52.249661 2026] [socache_shmcb:debug] [pid 642865:tid 642865] mod_socache_shmcb.c(530): AH00834: leaving socache_shmcb_store successfully
[Sat Aug 22 01:13:52.249711 2026] [socache_shmcb:debug] [pid 642865:tid 642865] mod_socache_shmcb.c(508): AH00831: socache_shmcb_store (0xa1 -> subcache 1)
[Sat Aug 22 01:13:52.249716 2026] [socache_shmcb:debug] [pid 642865:tid 642865] mod_socache_shmcb.c(860): AH00847: insert happened at idx=72, data=(2942:2974)
[Sat Aug 22 01:13:52.249718 2026] [socache_shmcb:debug] [pid 642865:tid 642865] mod_socache_shmcb.c(863): AH00848: finished insert, subcache: idx_pos/idx_used=41/32, data_pos/data_used=9868/7163
[Sat Aug 22 01:13:52.249720 2026] [socache_shmcb:debug] [pid 642865:tid 642865] mod_socache_shmcb.c(530): AH00834: leaving socache_shmcb_store successfully
[Sat Aug 22 01:13:52.265235 2026] [ssl:debug] [pid 642862:tid 642862] ssl_engine_kernel.c(254): [client 185.211.98.9:15330] AH02034: Initial (No.1) HTTPS request received for child 12 (server 2blog.ilc.edu.tw:443)
[Sat Aug 22 01:13:52.265581 2026] [authz_core:debug] [pid 642862:tid 642862] mod_authz_core.c(815): [client 185.211.98.9:15330] AH01626: authorization result of Require all granted: granted
[Sat Aug 22 01:13:52.265591 2026] [authz_core:debug] [pid 642862:tid 642862] mod_authz_core.c(815): [client 185.211.98.9:15330] AH01626: authorization result of : granted
[Sat Aug 22 01:13:52.266225 2026] [authz_core:debug] [pid 642862:tid 642862] mod_authz_core.c(815): [client 185.211.98.9:15330] AH01626: authorization result of Require all granted: granted
[Sat Aug 22 01:13:52.266234 2026] [authz_core:debug] [pid 642862:tid 642862] mod_authz_core.c(815): [client 185.211.98.9:15330] AH01626: authorization result of : granted
[Sat Aug 22 01:13:52.285807 2026] [deflate:debug] [pid 642862:tid 642862] mod_deflate.c(909): [client 185.211.98.9:15330] AH01384: Zlib: Compressed 66868 to 16052 : URL /index.php
[Sat Aug 22 01:13:52.286279 2026] [ssl:debug] [pid 642839:tid 642839] ssl_engine_kernel.c(254): [client 240e:971:12::232:11454] AH02034: Subsequent (No.5) HTTPS request received for child 7 (server www.iedu.ilc.edu.tw:443), referer: https://www.iedu.ilc.edu.tw/page/5/
[Sat Aug 22 01:13:52.286484 2026] [authz_core:debug] [pid 642839:tid 642839] mod_authz_core.c(815): [client 240e:971:12::232:11454] AH01626: authorization result of Require all granted: granted, referer: https://www.iedu.ilc.edu.tw/page/5/
[Sat Aug 22 01:13:52.286491 2026] [authz_core:debug] [pid 642839:tid 642839] mod_authz_core.c(815): [client 240e:971:12::232:11454] AH01626: authorization result of : granted, referer: https://www.iedu.ilc.edu.tw/page/5/
[Sat Aug 22 01:13:52.287313 2026] [deflate:debug] [pid 642839:tid 642839] mod_deflate.c(909): [client 240e:971:12::232:11454] AH01384: Zlib: Compressed 20216 to 7328 : URL /wp-content/themes/oceanwp/assets/js/vendors/magnific-popup.min.js, referer: https://www.iedu.ilc.edu.tw/page/5/
[Sat Aug 22 01:13:52.300686 2026] [ssl:info] [pid 642868:tid 642868] [client 2001:b400:e2d7:3e70:d856:6eef:caca:cb5a:58398] AH01964: Connection to child 23 established (server 2blog.ilc.edu.tw:443)
[Sat Aug 22 01:13:52.301211 2026] [ssl:debug] [pid 642868:tid 642868] ssl_engine_kernel.c(2222): [client 2001:b400:e2d7:3e70:d856:6eef:caca:cb5a:58398] AH02043: SSL virtual host for servername www.ilc.edu.tw found
[Sat Aug 22 01:13:52.301324 2026] [core:debug] [pid 642868:tid 642868] protocol.c(2460): [client 2001:b400:e2d7:3e70:d856:6eef:caca:cb5a:58398] AH03155: select protocol from , choices=h2,http/1.1 for server www.ilc.edu.tw
[Sat Aug 22 01:13:52.301415 2026] [ssl:debug] [pid 642868:tid 642868] ssl_util_stapling.c(819): AH01951: stapling_cb: OCSP Stapling callback called
[Sat Aug 22 01:13:52.301425 2026] [ssl:info] [pid 642868:tid 642868] AH01926: stapling_get_certinfo: stapling not supported for certificate
[Sat Aug 22 01:13:52.322862 2026] [ssl:info] [pid 642869:tid 642869] [client 142.147.188.9:8800] AH01964: Connection to child 24 established (server 2blog.ilc.edu.tw:443)
[Sat Aug 22 01:13:52.323222 2026] [ssl:debug] [pid 642869:tid 642869] ssl_engine_kernel.c(2222): [client 142.147.188.9:8800] AH02043: SSL virtual host for servername 2blog.ilc.edu.tw found
[Sat Aug 22 01:13:52.323330 2026] [core:debug] [pid 642869:tid 642869] protocol.c(2460): [client 142.147.188.9:8800] AH03155: select protocol from , choices=h2,http/1.1 for server 2blog.ilc.edu.tw
[Sat Aug 22 01:13:52.323441 2026] [ssl:debug] [pid 642869:tid 642869] ssl_util_stapling.c(819): AH01951: stapling_cb: OCSP Stapling callback called
[Sat Aug 22 01:13:52.323450 2026] [ssl:info] [pid 642869:tid 642869] AH01926: stapling_get_certinfo: stapling not supported for certificate
[Sat Aug 22 01:13:52.325255 2026] [ssl:debug] [pid 642868:tid 642868] ssl_engine_kernel.c(2082): [client 2001:b400:e2d7:3e70:d856:6eef:caca:cb5a:58398] AH02041: Protocol: TLSv1.3, Cipher: TLS_AES_256_GCM_SHA384 (256/256 bits)
[Sat Aug 22 01:13:52.325333 2026] [socache_shmcb:debug] [pid 642868:tid 642868] mod_socache_shmcb.c(508): AH00831: socache_shmcb_store (0xd9 -> subcache 25)
[Sat Aug 22 01:13:52.325348 2026] [socache_shmcb:debug] [pid 642868:tid 642868] mod_socache_shmcb.c(745): AH00842: expiring 1 and reclaiming 0 removed socache entries
[Sat Aug 22 01:13:52.325352 2026] [socache_shmcb:debug] [pid 642868:tid 642868] mod_socache_shmcb.c(765): AH00843: we now have 26 socache entries
[Sat Aug 22 01:13:52.325355 2026] [socache_shmcb:debug] [pid 642868:tid 642868] mod_socache_shmcb.c(860): AH00847: insert happened at idx=86, data=(6153:6185)
[Sat Aug 22 01:13:52.325358 2026] [socache_shmcb:debug] [pid 642868:tid 642868] mod_socache_shmcb.c(863): AH00848: finished insert, subcache: idx_pos/idx_used=60/27, data_pos/data_used=307/6069
[Sat Aug 22 01:13:52.325371 2026] [socache_shmcb:debug] [pid 642868:tid 642868] mod_socache_shmcb.c(530): AH00834: leaving socache_shmcb_store successfully
[Sat Aug 22 01:13:52.325438 2026] [socache_shmcb:debug] [pid 642868:tid 642868] mod_socache_shmcb.c(508): AH00831: socache_shmcb_store (0xa0 -> subcache 0)
[Sat Aug 22 01:13:52.325445 2026] [socache_shmcb:debug] [pid 642868:tid 642868] mod_socache_shmcb.c(860): AH00847: insert happened at idx=23, data=(11758:11790)
[Sat Aug 22 01:13:52.325448 2026] [socache_shmcb:debug] [pid 642868:tid 642868] mod_socache_shmcb.c(863): AH00848: finished insert, subcache: idx_pos/idx_used=76/36, data_pos/data_used=3944/8037
[Sat Aug 22 01:13:52.325451 2026] [socache_shmcb:debug] [pid 642868:tid 642868] mod_socache_shmcb.c(530): AH00834: leaving socache_shmcb_store successfully
[Sat Aug 22 01:13:52.390667 2026] [ssl:debug] [pid 642867:tid 642867] ssl_engine_kernel.c(2082): [client 138.226.97.53:47840] AH02041: Protocol: TLSv1.3, Cipher: TLS_AES_256_GCM_SHA384 (256/256 bits)
[Sat Aug 22 01:13:52.390736 2026] [socache_shmcb:debug] [pid 642867:tid 642867] mod_socache_shmcb.c(508): AH00831: socache_shmcb_store (0xfc -> subcache 28)
[Sat Aug 22 01:13:52.390751 2026] [socache_shmcb:debug] [pid 642867:tid 642867] mod_socache_shmcb.c(860): AH00847: insert happened at idx=8, data=(8431:8463)
[Sat Aug 22 01:13:52.390753 2026] [socache_shmcb:debug] [pid 642867:tid 642867] mod_socache_shmcb.c(863): AH00848: finished insert, subcache: idx_pos/idx_used=59/38, data_pos/data_used=157/8500
[Sat Aug 22 01:13:52.390755 2026] [socache_shmcb:debug] [pid 642867:tid 642867] mod_socache_shmcb.c(530): AH00834: leaving socache_shmcb_store successfully
[Sat Aug 22 01:13:52.390809 2026] [socache_shmcb:debug] [pid 642867:tid 642867] mod_socache_shmcb.c(508): AH00831: socache_shmcb_store (0xc1 -> subcache 1)
[Sat Aug 22 01:13:52.390814 2026] [socache_shmcb:debug] [pid 642867:tid 642867] mod_socache_shmcb.c(860): AH00847: insert happened at idx=73, data=(3167:3199)
[Sat Aug 22 01:13:52.390816 2026] [socache_shmcb:debug] [pid 642867:tid 642867] mod_socache_shmcb.c(863): AH00848: finished insert, subcache: idx_pos/idx_used=41/33, data_pos/data_used=9868/7389
[Sat Aug 22 01:13:52.390818 2026] [socache_shmcb:debug] [pid 642867:tid 642867] mod_socache_shmcb.c(530): AH00834: leaving socache_shmcb_store successfully
[Sat Aug 22 01:13:52.414009 2026] [authz_core:debug] [pid 642861:tid 642861] mod_authz_core.c(815): [client 2400:e920:0:2:f45d:ddff:fe00:7a:52440] AH01626: authorization result of Require all granted: granted, referer: http://ilta.ilc.edu.tw
[Sat Aug 22 01:13:52.414030 2026] [authz_core:debug] [pid 642861:tid 642861] mod_authz_core.c(815): [client 2400:e920:0:2:f45d:ddff:fe00:7a:52440] AH01626: authorization result of : granted, referer: http://ilta.ilc.edu.tw
[Sat Aug 22 01:13:52.417719 2026] [ssl:debug] [pid 642838:tid 642838] ssl_engine_kernel.c(254): [client 240e:971:12::232:11458] AH02034: Subsequent (No.5) HTTPS request received for child 6 (server www.iedu.ilc.edu.tw:443), referer: https://www.iedu.ilc.edu.tw/page/5/
[Sat Aug 22 01:13:52.417919 2026] [authz_core:debug] [pid 642838:tid 642838] mod_authz_core.c(815): [client 240e:971:12::232:11458] AH01626: authorization result of Require all granted: granted, referer: https://www.iedu.ilc.edu.tw/page/5/
[Sat Aug 22 01:13:52.417925 2026] [authz_core:debug] [pid 642838:tid 642838] mod_authz_core.c(815): [client 240e:971:12::232:11458] AH01626: authorization result of : granted, referer: https://www.iedu.ilc.edu.tw/page/5/
[Sat Aug 22 01:13:52.418152 2026] [deflate:debug] [pid 642838:tid 642838] mod_deflate.c(909): [client 240e:971:12::232:11458] AH01384: Zlib: Compressed 4111 to 1423 : URL /wp-content/themes/oceanwp/assets/js/ow-lightbox.min.js, referer: https://www.iedu.ilc.edu.tw/page/5/
[Sat Aug 22 01:13:52.494286 2026] [ssl:debug] [pid 642863:tid 642863] ssl_engine_io.c(1150): [client 213.201.242.31:18034] AH02001: Connection closed to child 13 with standard shutdown (server 2blog.ilc.edu.tw:443)
[Sat Aug 22 01:13:52.495444 2026] [ssl:debug] [pid 642866:tid 642866] ssl_engine_io.c(1150): [client 213.201.148.162:55090] AH02001: Connection closed to child 20 with standard shutdown (server 2blog.ilc.edu.tw:443)
[Sat Aug 22 01:13:52.508103 2026] [ssl:debug] [pid 642808:tid 642808] ssl_engine_io.c(1150): [client 135.196.204.164:22542] AH02001: Connection closed to child 22 with standard shutdown (server 2blog.ilc.edu.tw:443)
[Sat Aug 22 01:13:52.547852 2026] [ssl:debug] [pid 642865:tid 642865] ssl_engine_kernel.c(254): [client 170.23.13.56:46884] AH02034: Initial (No.1) HTTPS request received for child 19 (server 2blog.ilc.edu.tw:443)
[Sat Aug 22 01:13:52.548195 2026] [authz_core:debug] [pid 642865:tid 642865] mod_authz_core.c(815): [client 170.23.13.56:46884] AH01626: authorization result of Require all granted: granted
[Sat Aug 22 01:13:52.548204 2026] [authz_core:debug] [pid 642865:tid 642865] mod_authz_core.c(815): [client 170.23.13.56:46884] AH01626: authorization result of : granted
[Sat Aug 22 01:13:52.548839 2026] [authz_core:debug] [pid 642865:tid 642865] mod_authz_core.c(815): [client 170.23.13.56:46884] AH01626: authorization result of Require all granted: granted
[Sat Aug 22 01:13:52.548850 2026] [authz_core:debug] [pid 642865:tid 642865] mod_authz_core.c(815): [client 170.23.13.56:46884] AH01626: authorization result of : granted
[Sat Aug 22 01:13:52.558619 2026] [ssl:debug] [pid 642869:tid 642869] ssl_engine_kernel.c(2082): [client 142.147.188.9:8800] AH02041: Protocol: TLSv1.3, Cipher: TLS_AES_256_GCM_SHA384 (256/256 bits)
[Sat Aug 22 01:13:52.558690 2026] [socache_shmcb:debug] [pid 642869:tid 642869] mod_socache_shmcb.c(508): AH00831: socache_shmcb_store (0x9d -> subcache 29)
[Sat Aug 22 01:13:52.558703 2026] [socache_shmcb:debug] [pid 642869:tid 642869] mod_socache_shmcb.c(860): AH00847: insert happened at idx=10, data=(8731:8763)
[Sat Aug 22 01:13:52.558706 2026] [socache_shmcb:debug] [pid 642869:tid 642869] mod_socache_shmcb.c(863): AH00848: finished insert, subcache: idx_pos/idx_used=48/51, data_pos/data_used=11374/11447
[Sat Aug 22 01:13:52.558708 2026] [socache_shmcb:debug] [pid 642869:tid 642869] mod_socache_shmcb.c(530): AH00834: leaving socache_shmcb_store successfully
[Sat Aug 22 01:13:52.558837 2026] [socache_shmcb:debug] [pid 642869:tid 642869] mod_socache_shmcb.c(508): AH00831: socache_shmcb_store (0xbd -> subcache 29)
[Sat Aug 22 01:13:52.558842 2026] [socache_shmcb:debug] [pid 642869:tid 642869] mod_socache_shmcb.c(860): AH00847: insert happened at idx=11, data=(8957:8989)
[Sat Aug 22 01:13:52.558844 2026] [socache_shmcb:debug] [pid 642869:tid 642869] mod_socache_shmcb.c(863): AH00848: finished insert, subcache: idx_pos/idx_used=48/52, data_pos/data_used=11374/11672
[Sat Aug 22 01:13:52.558846 2026] [socache_shmcb:debug] [pid 642869:tid 642869] mod_socache_shmcb.c(530): AH00834: leaving socache_shmcb_store successfully
[Sat Aug 22 01:13:52.567962 2026] [ssl:debug] [pid 642867:tid 642867] ssl_engine_kernel.c(254): [client 138.226.97.53:47840] AH02034: Initial (No.1) HTTPS request received for child 21 (server 2blog.ilc.edu.tw:443)
[Sat Aug 22 01:13:52.568281 2026] [authz_core:debug] [pid 642867:tid 642867] mod_authz_core.c(815): [client 138.226.97.53:47840] AH01626: authorization result of Require all granted: granted
[Sat Aug 22 01:13:52.568290 2026] [authz_core:debug] [pid 642867:tid 642867] mod_authz_core.c(815): [client 138.226.97.53:47840] AH01626: authorization result of : granted
[Sat Aug 22 01:13:52.568887 2026] [authz_core:debug] [pid 642867:tid 642867] mod_authz_core.c(815): [client 138.226.97.53:47840] AH01626: authorization result of Require all granted: granted
[Sat Aug 22 01:13:52.568895 2026] [authz_core:debug] [pid 642867:tid 642867] mod_authz_core.c(815): [client 138.226.97.53:47840] AH01626: authorization result of : granted
[Sat Aug 22 01:13:52.576532 2026] [deflate:debug] [pid 642865:tid 642865] mod_deflate.c(909): [client 170.23.13.56:46884] AH01384: Zlib: Compressed 101959 to 21751 : URL /index.php
[Sat Aug 22 01:13:52.592885 2026] [deflate:debug] [pid 642867:tid 642867] mod_deflate.c(909): [client 138.226.97.53:47840] AH01384: Zlib: Compressed 59070 to 13527 : URL /index.php
[Sat Aug 22 01:13:52.611629 2026] [ssl:debug] [pid 642869:tid 642869] ssl_engine_kernel.c(254): [client 142.147.188.9:8800] AH02034: Initial (No.1) HTTPS request received for child 24 (server 2blog.ilc.edu.tw:443)
[Sat Aug 22 01:13:52.611936 2026] [authz_core:debug] [pid 642869:tid 642869] mod_authz_core.c(815): [client 142.147.188.9:8800] AH01626: authorization result of Require all granted: granted
[Sat Aug 22 01:13:52.611945 2026] [authz_core:debug] [pid 642869:tid 642869] mod_authz_core.c(815): [client 142.147.188.9:8800] AH01626: authorization result of : granted
[Sat Aug 22 01:13:52.612532 2026] [authz_core:debug] [pid 642869:tid 642869] mod_authz_core.c(815): [client 142.147.188.9:8800] AH01626: authorization result of Require all granted: granted
[Sat Aug 22 01:13:52.612539 2026] [authz_core:debug] [pid 642869:tid 642869] mod_authz_core.c(815): [client 142.147.188.9:8800] AH01626: authorization result of : granted
[Sat Aug 22 01:13:52.621825 2026] [ssl:debug] [pid 642860:tid 642860] ssl_engine_io.c(1150): [client 38.154.15.27:36538] AH02001: Connection closed to child 9 with standard shutdown (server 2blog.ilc.edu.tw:443)
[Sat Aug 22 01:13:52.624050 2026] [deflate:debug] [pid 642864:tid 642864] mod_deflate.c(909): [client 142.147.161.147:34560] AH01384: Zlib: Compressed 62718 to 14440 : URL /index.php
[Sat Aug 22 01:13:52.638543 2026] [deflate:debug] [pid 642869:tid 642869] mod_deflate.c(909): [client 142.147.188.9:8800] AH01384: Zlib: Compressed 73681 to 16789 : URL /index.php
[Sat Aug 22 01:13:52.645917 2026] [ssl:debug] [pid 642862:tid 642862] ssl_engine_io.c(1150): [client 185.211.98.9:15330] AH02001: Connection closed to child 12 with standard shutdown (server 2blog.ilc.edu.tw:443)
[Sat Aug 22 01:13:52.732270 2026] [ssl:info] [pid 642845:tid 642845] [client 2400:e920:0:2:f45d:ddff:fe00:7a:52464] AH01964: Connection to child 16 established (server 2blog.ilc.edu.tw:443)
[Sat Aug 22 01:13:52.732381 2026] [ssl:debug] [pid 642838:tid 642838] ssl_engine_kernel.c(254): [client 240e:971:12::232:11458] AH02034: Subsequent (No.6) HTTPS request received for child 6 (server www.iedu.ilc.edu.tw:443), referer: https://www.iedu.ilc.edu.tw/page/5/
[Sat Aug 22 01:13:52.732401 2026] [ssl:debug] [pid 642857:tid 642857] ssl_engine_kernel.c(254): [client 240e:971:12::232:11452] AH02034: Subsequent (No.3) HTTPS request received for child 3 (server www.iedu.ilc.edu.tw:443), referer: https://www.iedu.ilc.edu.tw/page/5/
[Sat Aug 22 01:13:52.732404 2026] [ssl:debug] [pid 642804:tid 642804] ssl_engine_kernel.c(254): [client 240e:971:12::232:11460] AH02034: Subsequent (No.2) HTTPS request received for child 15 (server www.iedu.ilc.edu.tw:443), referer: https://www.iedu.ilc.edu.tw/page/5/
[Sat Aug 22 01:13:52.732429 2026] [ssl:debug] [pid 642845:tid 642845] ssl_engine_kernel.c(2222): [client 2400:e920:0:2:f45d:ddff:fe00:7a:52464] AH02043: SSL virtual host for servername ilta.ilc.edu.tw found
[Sat Aug 22 01:13:52.732479 2026] [core:debug] [pid 642845:tid 642845] protocol.c(2460): [client 2400:e920:0:2:f45d:ddff:fe00:7a:52464] AH03155: select protocol from , choices=http/1.1 for server ilta.ilc.edu.tw
[Sat Aug 22 01:13:52.732597 2026] [authz_core:debug] [pid 642857:tid 642857] mod_authz_core.c(815): [client 240e:971:12::232:11452] AH01626: authorization result of Require all granted: granted, referer: https://www.iedu.ilc.edu.tw/page/5/
[Sat Aug 22 01:13:52.732604 2026] [authz_core:debug] [pid 642857:tid 642857] mod_authz_core.c(815): [client 240e:971:12::232:11452] AH01626: authorization result of : granted, referer: https://www.iedu.ilc.edu.tw/page/5/
[Sat Aug 22 01:13:52.732618 2026] [authz_core:debug] [pid 642804:tid 642804] mod_authz_core.c(815): [client 240e:971:12::232:11460] AH01626: authorization result of Require all granted: granted, referer: https://www.iedu.ilc.edu.tw/page/5/
[Sat Aug 22 01:13:52.732622 2026] [authz_core:debug] [pid 642838:tid 642838] mod_authz_core.c(815): [client 240e:971:12::232:11458] AH01626: authorization result of Require all granted: granted, referer: https://www.iedu.ilc.edu.tw/page/5/
[Sat Aug 22 01:13:52.732625 2026] [authz_core:debug] [pid 642804:tid 642804] mod_authz_core.c(815): [client 240e:971:12::232:11460] AH01626: authorization result of : granted, referer: https://www.iedu.ilc.edu.tw/page/5/
[Sat Aug 22 01:13:52.732637 2026] [authz_core:debug] [pid 642838:tid 642838] mod_authz_core.c(815): [client 240e:971:12::232:11458] AH01626: authorization result of : granted, referer: https://www.iedu.ilc.edu.tw/page/5/
[Sat Aug 22 01:13:52.732877 2026] [deflate:debug] [pid 642804:tid 642804] mod_deflate.c(909): [client 240e:971:12::232:11460] AH01384: Zlib: Compressed 2002 to 864 : URL /wp-content/themes/oceanwp/assets/js/ow-slider.min.js, referer: https://www.iedu.ilc.edu.tw/page/5/
[Sat Aug 22 01:13:52.732919 2026] [deflate:debug] [pid 642857:tid 642857] mod_deflate.c(909): [client 240e:971:12::232:11452] AH01384: Zlib: Compressed 8989 to 2304 : URL /wp-content/themes/oceanwp/assets/js/scroll-top.min.js, referer: https://www.iedu.ilc.edu.tw/page/5/
[Sat Aug 22 01:13:52.734686 2026] [deflate:debug] [pid 642838:tid 642838] mod_deflate.c(909): [client 240e:971:12::232:11458] AH01384: Zlib: Compressed 57513 to 14083 : URL /wp-content/themes/oceanwp/assets/js/vendors/flickity.pkgd.min.js, referer: https://www.iedu.ilc.edu.tw/page/5/
[Sat Aug 22 01:13:52.735002 2026] [ssl:debug] [pid 642844:tid 642844] ssl_engine_kernel.c(254): [client 240e:971:12::232:11122] AH02034: Subsequent (No.4) HTTPS request received for child 14 (server www.iedu.ilc.edu.tw:443), referer: https://www.iedu.ilc.edu.tw/page/5/
[Sat Aug 22 01:13:52.735203 2026] [authz_core:debug] [pid 642844:tid 642844] mod_authz_core.c(815): [client 240e:971:12::232:11122] AH01626: authorization result of Require all granted: granted, referer: https://www.iedu.ilc.edu.tw/page/5/
[Sat Aug 22 01:13:52.735209 2026] [authz_core:debug] [pid 642844:tid 642844] mod_authz_core.c(815): [client 240e:971:12::232:11122] AH01626: authorization result of : granted, referer: https://www.iedu.ilc.edu.tw/page/5/
[Sat Aug 22 01:13:52.735609 2026] [deflate:debug] [pid 642844:tid 642844] mod_deflate.c(909): [client 240e:971:12::232:11122] AH01384: Zlib: Compressed 12402 to 3229 : URL /wp-content/themes/oceanwp/assets/js/scroll-effect.min.js, referer: https://www.iedu.ilc.edu.tw/page/5/
[Sat Aug 22 01:13:52.741090 2026] [ssl:debug] [pid 642858:tid 642858] ssl_engine_kernel.c(254): [client 240e:971:12::232:11456] AH02034: Initial (No.1) HTTPS request received for child 4 (server www.iedu.ilc.edu.tw:443), referer: https://www.iedu.ilc.edu.tw/page/5/
[Sat Aug 22 01:13:52.741415 2026] [authz_core:debug] [pid 642858:tid 642858] mod_authz_core.c(815): [client 240e:971:12::232:11456] AH01626: authorization result of Require all granted: granted, referer: https://www.iedu.ilc.edu.tw/page/5/
[Sat Aug 22 01:13:52.741422 2026] [authz_core:debug] [pid 642858:tid 642858] mod_authz_core.c(815): [client 240e:971:12::232:11456] AH01626: authorization result of : granted, referer: https://www.iedu.ilc.edu.tw/page/5/
[Sat Aug 22 01:13:52.742174 2026] [deflate:debug] [pid 642858:tid 642858] mod_deflate.c(909): [client 240e:971:12::232:11456] AH01384: Zlib: Compressed 5181 to 1510 : URL /wp-content/themes/oceanwp/assets/js/select.min.js, referer: https://www.iedu.ilc.edu.tw/page/5/
[Sat Aug 22 01:13:52.800723 2026] [ssl:debug] [pid 642807:tid 642807] ssl_engine_io.c(1150): [client 17.246.15.140:38904] AH02001: Connection closed to child 18 with standard shutdown (server www.waldorf.ilc.edu.tw:443)
[Sat Aug 22 01:13:52.844226 2026] [ssl:debug] [pid 642845:tid 642845] ssl_engine_kernel.c(2082): [client 2400:e920:0:2:f45d:ddff:fe00:7a:52464] AH02041: Protocol: TLSv1.3, Cipher: TLS_AES_256_GCM_SHA384 (256/256 bits)
[Sat Aug 22 01:13:52.844296 2026] [socache_shmcb:debug] [pid 642845:tid 642845] mod_socache_shmcb.c(508): AH00831: socache_shmcb_store (0x81 -> subcache 1)
[Sat Aug 22 01:13:52.844305 2026] [socache_shmcb:debug] [pid 642845:tid 642845] mod_socache_shmcb.c(860): AH00847: insert happened at idx=74, data=(3393:3425)
[Sat Aug 22 01:13:52.844319 2026] [socache_shmcb:debug] [pid 642845:tid 642845] mod_socache_shmcb.c(863): AH00848: finished insert, subcache: idx_pos/idx_used=41/34, data_pos/data_used=9868/7613
[Sat Aug 22 01:13:52.844322 2026] [socache_shmcb:debug] [pid 642845:tid 642845] mod_socache_shmcb.c(530): AH00834: leaving socache_shmcb_store successfully
